2024-12-11 19:35:26.062 66583 INFO tempest.lib.common.dynamic_creds [-] Acquired dynamic creds: credentials: Credentials: {'domain_id': 'default', 'domain_name': 'Default', 'username': 'tempest-AttachVolumeShelveTestJSON-1484778233-project-member', 'project_domain_id': 'default', 'project_domain_name': 'Default', 'project_id': '3109fa7889c64dfda2117d4cd58aa528', 'project_name': 'tempest-AttachVolumeShelveTestJSON-1484778233', 'tenant_id': '3109fa7889c64dfda2117d4cd58aa528', 'tenant_name': 'tempest-AttachVolumeShelveTestJSON-1484778233', 'user_domain_id': 'default', 'user_domain_name': 'Default', 'user_id': '4cc966cb72fa41108733a0e93d79c410', 'system': None}, Network: None, Subnet: None, Router: None
2024-12-11 19:35:26.134 66529 INFO tempest.lib.common.rest_client [req-f0262803-ca6d-423c-8df2-0ac15b831e6c req-f0262803-ca6d-423c-8df2-0ac15b831e6c ] Request (ServersAdminNegativeTestJSON:test_migrate_server_invalid_state): 201 POST http://10.180.1.21/identity/v3/auth/tokens 0.078s
2024-12-11 19:35:26.135 66529 INFO tempest.lib.common.fixed_network [-] (ServersAdminNegativeTestJSON:test_migrate_server_invalid_state) Found network None available for tenant
2024-12-11 19:35:26.154 66543 INFO tempest.lib.common.rest_client [req-7c7ef9a1-7ff6-4981-82ba-d3474a07c271 req-7c7ef9a1-7ff6-4981-82ba-d3474a07c271 ] Request (ServerDiagnosticsTest:tearDownClass): 200 GET http://10.180.1.21/compute/v2.1/servers/585784c5-b56a-435d-8b22-53bc5cb39b25 1.889s
2024-12-11 19:35:26.196 66583 INFO tempest.lib.common.rest_client [req-ed364ada-c1ef-42a3-aa52-eb1ca7a295ad req-ed364ada-c1ef-42a3-aa52-eb1ca7a295ad ] Request (AttachVolumeShelveTestJSON:setUpClass): 201 POST http://10.180.1.21/identity/v3/auth/tokens 0.133s
2024-12-11 19:35:26.340 66521 INFO tempest.lib.common.rest_client [req-644d547e-b800-48f2-89e9-076c24318a0e req-644d547e-b800-48f2-89e9-076c24318a0e ] Request (QuotasAdminTestJSON:_run_cleanups): 200 PUT http://10.180.1.21/compute/v2.1/os-quota-sets/6aed7618f0f443c68a37bd546b8081ae 2.135s
2024-12-11 19:35:26.414 66549 INFO tempest.lib.common.rest_client [req-9d5dd59a-ef93-4c8d-aab8-defd5d6069e9 req-9d5dd59a-ef93-4c8d-aab8-defd5d6069e9 ] Request (InstanceActionsTestJSON:setUpClass): 200 GET http://10.180.1.21/compute/v2.1/servers/0a940fd0-73cc-403d-9afc-a989c67dfdef 2.021s
2024-12-11 19:35:26.419 66521 INFO tempest.lib.common.rest_client [req-38202d62-7c27-4b8b-951e-62f5c4b12267 req-38202d62-7c27-4b8b-951e-62f5c4b12267 ] Request (QuotasAdminTestJSON:tearDownClass): 204 DELETE http://10.180.1.21/identity/v3/users/e2d4a07b459c4fe1b68446d650fa9820 0.075s
2024-12-11 19:35:26.423 66549 INFO tempest.common.waiters [-] State transition "BUILD/scheduling" ==> "BUILD/None" after 15 second wait
2024-12-11 19:35:26.461 66561 INFO tempest.lib.common.rest_client [req-9d4a3d78-89ed-45ee-b519-776e6cfe988f req-9d4a3d78-89ed-45ee-b519-776e6cfe988f ] Request (VolumesAdminNegativeTest:setUpClass): 200 PUT http://10.180.1.21:9696/networking/v2.0/routers/b9d235d9-546c-4cf5-8b77-136715d051a3/add_router_interface 2.315s
2024-12-11 19:35:26.461 66561 INFO tempest.lib.common.dynamic_creds [-] Created isolated network resources for: credentials: Credentials: {'domain_id': 'default', 'domain_name': 'Default', 'username': 'tempest-VolumesAdminNegativeTest-1758238122-project-admin', 'project_domain_id': 'default', 'project_domain_name': 'Default', 'project_id': '040f9ecc53da4c9e831211ee77a649dc', 'project_name': 'tempest-VolumesAdminNegativeTest-1758238122', 'tenant_id': '040f9ecc53da4c9e831211ee77a649dc', 'tenant_name': 'tempest-VolumesAdminNegativeTest-1758238122', 'user_domain_id': 'default', 'user_domain_name': 'Default', 'user_id': 'c4d5d1790912433f92ad33182bc1a4e6', 'system': None}, Network: {'id': 'd57487ca-3a38-48a1-89e1-e253367da7b7', 'name': 'tempest-VolumesAdminNegativeTest-1193034166-network', 'tenant_id': '040f9ecc53da4c9e831211ee77a649dc', 'admin_state_up': True, 'mtu': 8950, 'status': 'ACTIVE', 'subnets': [], 'shared': False, 'project_id': '040f9ecc53da4c9e831211ee77a649dc', 'port_security_enabled': True, 'router:external': False, 'provider:network_type': 'vlan', 'provider:physical_network': 'default', 'provider:segmentation_id': 346, 'availability_zone_hints': [], 'availability_zones': [], 'ipv4_address_scope': None, 'ipv6_address_scope': None, 'description': '', 'tags': [], 'created_at': '2024-12-11T19:35:21Z', 'updated_at': '2024-12-11T19:35:21Z', 'revision_number': 1}, Subnet: {'id': '3d815a18-9df8-434a-ae97-a32cb4dfba48', 'name': 'tempest-VolumesAdminNegativeTest-1193034166-subnet', 'tenant_id': '040f9ecc53da4c9e831211ee77a649dc', 'network_id': 'd57487ca-3a38-48a1-89e1-e253367da7b7', 'ip_version': 4, 'subnetpool_id': None, 'enable_dhcp': True, 'ipv6_ra_mode': None, 'ipv6_address_mode': None, 'gateway_ip': '192.168.128.1', 'cidr': '192.168.128.0/28', 'allocation_pools': [{'start': '192.168.128.2', 'end': '192.168.128.14'}], 'host_routes': [], 'dns_nameservers': [], 'description': '', 'router:external': False, 'service_types': [], 'tags': [], 'created_at': '2024-12-11T19:35:22Z', 'updated_at': '2024-12-11T19:35:22Z', 'revision_number': 0, 'project_id': '040f9ecc53da4c9e831211ee77a649dc'}, Router: {'id': 'b9d235d9-546c-4cf5-8b77-136715d051a3', 'name': 'tempest-VolumesAdminNegativeTest-1193034166-router', 'tenant_id': '040f9ecc53da4c9e831211ee77a649dc', 'admin_state_up': True, 'status': 'ACTIVE', 'external_gateway_info': {'network_id': 'd3c36903-9111-44b5-b1b0-04ff5a580603', 'external_fixed_ips': [{'subnet_id': '1b899ac9-fbdd-429b-bb59-b25e7c5b98bc', 'ip_address': '10.180.180.156'}], 'enable_snat': True}, 'description': '', 'availability_zones': [], 'distributed': False, 'ha': False, 'availability_zone_hints': [], 'routes': [], 'flavor_id': None, 'tags': [], 'created_at': '2024-12-11T19:35:22Z', 'updated_at': '2024-12-11T19:35:23Z', 'revision_number': 2, 'project_id': '040f9ecc53da4c9e831211ee77a649dc'}
2024-12-11 19:35:26.482 66552 INFO tempest.lib.common.rest_client [req-857ef926-3c67-42bb-8249-7caa6484e977 req-857ef926-3c67-42bb-8249-7caa6484e977 ] Request (ServerDiagnosticsNegativeTest:test_get_server_diagnostics_by_non_admin): 200 GET http://10.180.1.21/compute/v2.1/servers/a040671e-941d-4406-81af-f2f7a4b690e4 2.020s
2024-12-11 19:35:26.528 66521 INFO tempest.lib.common.rest_client [req-e01ceb88-def2-483e-8fed-11d483917ccc req-e01ceb88-def2-483e-8fed-11d483917ccc ] Request (QuotasAdminTestJSON:tearDownClass): 204 DELETE http://10.180.1.21/identity/v3/users/a74fe8675ccd4c65a37921e9103cea64 0.107s
2024-12-11 19:35:26.528 66521 INFO tempest.lib.common.dynamic_creds [-] Deleting project and security group for project: 6aed7618f0f443c68a37bd546b8081ae
2024-12-11 19:35:26.590 66561 INFO tempest.lib.common.rest_client [req-9e77ec55-b808-4b0b-a918-0740f75f8795 req-9e77ec55-b808-4b0b-a918-0740f75f8795 ] Request (VolumesAdminNegativeTest:setUpClass): 201 POST http://10.180.1.21/identity/v3/auth/tokens 0.124s
2024-12-11 19:35:26.611 66521 INFO tempest.lib.common.rest_client [req-90d58dc3-2652-4cf9-9b3e-b2b17db031e2 req-90d58dc3-2652-4cf9-9b3e-b2b17db031e2 ] Request (QuotasAdminTestJSON:tearDownClass): 201 POST http://10.180.1.21/identity/v3/auth/tokens 0.083s
2024-12-11 19:35:26.689 66583 INFO tempest.lib.common.rest_client [req-d8dab4ef-a213-4115-8320-87160daf261d req-d8dab4ef-a213-4115-8320-87160daf261d ] Request (AttachVolumeShelveTestJSON:setUpClass): 201 POST http://10.180.1.21:9696/networking/v2.0/networks 0.493s
2024-12-11 19:35:26.864 66521 INFO tempest.lib.common.rest_client [req-30333577-acbd-48e6-96c1-46e7f78392ae req-30333577-acbd-48e6-96c1-46e7f78392ae ] Request (QuotasAdminTestJSON:tearDownClass): 200 GET http://10.180.1.21:9696/networking/v2.0/security-groups?tenant_id=6aed7618f0f443c68a37bd546b8081ae&name=default 0.252s
2024-12-11 19:35:26.935 66583 INFO tempest.lib.common.rest_client [req-8a2b817c-f287-4af8-8b2e-6d73a9989b53 req-8a2b817c-f287-4af8-8b2e-6d73a9989b53 ] Request (AttachVolumeShelveTestJSON:setUpClass): 201 POST http://10.180.1.21:9696/networking/v2.0/subnets 0.245s
2024-12-11 19:35:26.961 66547 INFO tempest.lib.common.rest_client [req-83cd44f9-c11d-41e9-bcc7-3a588ce82276 req-83cd44f9-c11d-41e9-bcc7-3a588ce82276 ] Request (ListServerFiltersTestJSON:test_list_servers_detailed_filter_by_server_status): 200 GET http://10.180.1.21/compute/v2.1/servers/detail?status=active 2.308s
2024-12-11 19:35:26.989 66521 INFO tempest.lib.common.rest_client [req-838a94e4-c02e-441b-956f-6dbff4c371a7 req-838a94e4-c02e-441b-956f-6dbff4c371a7 ] Request (QuotasAdminTestJSON:tearDownClass): 204 DELETE http://10.180.1.21:9696/networking/v2.0/security-groups/129ff9c0-5745-4c55-b953-09626bdc3483 0.124s
2024-12-11 19:35:27.034 66525 INFO tempest.lib.common.rest_client [req-b2bf5326-6794-4f90-bb2d-06fd01a386a8 req-b2bf5326-6794-4f90-bb2d-06fd01a386a8 ] Request (VolumesAssistedSnapshotsTest:test_volume_assisted_snapshot_create_delete): 200 GET http://10.180.1.21/compute/v2.1/servers/8bbafd7f-cdd1-4246-a509-2f97a6f78497 2.229s
2024-12-11 19:35:27.035 66537 INFO tempest.lib.common.rest_client [req-d19cff2b-6f34-497a-bdad-6fbfc5598f2d req-d19cff2b-6f34-497a-bdad-6fbfc5598f2d ] Request (InstanceActionsNegativeTestJSON:setUpClass): 202 POST http://10.180.1.21/compute/v2.1/servers 2.768s
2024-12-11 19:35:27.043 66525 INFO tempest.common.waiters [-] State transition "BUILD/None" ==> "BUILD/networking" after 37 second wait
2024-12-11 19:35:27.061 66523 INFO tempest.lib.common.rest_client [req-e75ebd2a-bb3a-43b0-ae6b-9de88d7ec0de req-e75ebd2a-bb3a-43b0-ae6b-9de88d7ec0de ] Request (AggregatesAdminNegativeTestJSON:_run_cleanups): 200 DELETE http://10.180.1.21/compute/v2.1/os-aggregates/7 2.121s
2024-12-11 19:35:27.118 66521 INFO tempest.lib.common.rest_client [req-38bcc06b-bf1d-4128-b901-1736262068a5 req-38bcc06b-bf1d-4128-b901-1736262068a5 ] Request (QuotasAdminTestJSON:tearDownClass): 204 DELETE http://10.180.1.21/identity/v3/projects/6aed7618f0f443c68a37bd546b8081ae 0.129s
2024-12-11 19:35:27.118 66521 INFO tempest.lib.common.dynamic_creds [-] Deleting project and security group for project: 306547207bdf4004a486fc0126c395ac
2024-12-11 19:35:27.135 66560 INFO tempest.lib.common.rest_client [req-efcdcd0c-09db-4503-94b8-371be6e004f0 req-efcdcd0c-09db-4503-94b8-371be6e004f0 ] Request (ServersTestMultiNic:_run_cleanups): 200 GET http://10.180.1.21/compute/v2.1/servers/eb840df4-edc1-44cb-84c9-f31b7b56b6bd 2.240s
2024-12-11 19:35:27.287 66535 INFO tempest.lib.common.rest_client [req-3edcf6f6-a43c-43b0-8e97-470456e8fecd req-3edcf6f6-a43c-43b0-8e97-470456e8fecd ] Request (ServerDiagnosticsV248Test:tearDownClass): 200 GET http://10.180.1.21/compute/v2.1/servers/731e7110-9709-4c4e-96d2-00e21e67c6e3 2.115s
2024-12-11 19:35:27.376 66545 INFO tempest.lib.common.rest_client [req-e5b42337-4a2c-4f8d-b8f0-2fc214bab45b req-e5b42337-4a2c-4f8d-b8f0-2fc214bab45b ] Request (ServersWithSpecificFlavorTestJSON:test_verify_created_server_ephemeral_disk): 200 GET http://10.180.1.21/compute/v2.1/servers/cfe53f9c-d78b-4af7-b991-f3549c03f22d 2.135s
2024-12-11 19:35:27.427 66521 INFO tempest.lib.common.rest_client [req-082b8f66-25cc-43c8-b46e-a5c5f9f92e50 req-082b8f66-25cc-43c8-b46e-a5c5f9f92e50 ] Request (QuotasAdminTestJSON:tearDownClass): 200 GET http://10.180.1.21:9696/networking/v2.0/security-groups?tenant_id=306547207bdf4004a486fc0126c395ac&name=default 0.308s
2024-12-11 19:35:27.444 66553 INFO tempest.lib.common.rest_client [req-9bebf980-006a-429f-94e1-06eeda9e1812 req-9bebf980-006a-429f-94e1-06eeda9e1812 ] Request (ServersTestJSON:test_create_server_with_ipv6_addr_only): 200 GET http://10.180.1.21/compute/v2.1/servers/e9711202-67f3-4fe2-befb-f28722ddea33 1.743s
2024-12-11 19:35:27.507 66567 INFO tempest.lib.common.rest_client [req-132d0645-dfc3-4d1c-9d73-a401346848cb req-132d0645-dfc3-4d1c-9d73-a401346848cb ] Request (ServerExternalEventsTest:test_create_server_external_events): 200 GET http://10.180.1.21/compute/v2.1/servers/d42295c9-2b0e-471e-9a87-1d7367de9588 1.760s
2024-12-11 19:35:27.584 66571 INFO tempest.lib.common.rest_client [req-7e78dced-2a4a-41fb-8135-d26a3f531be6 req-7e78dced-2a4a-41fb-8135-d26a3f531be6 ] Request (AttachInterfacesTestJSON:test_create_list_show_delete_interfaces_by_fixed_ip): 200 GET http://10.180.1.21/compute/v2.1/servers/0029d975-bd48-4558-9f41-a0cf91336393 1.768s
2024-12-11 19:35:27.617 66575 INFO tempest.lib.common.rest_client [req-909facb3-8966-4c2b-8648-73687f72fd69 req-909facb3-8966-4c2b-8648-73687f72fd69 ] Request (ImagesNegativeTestJSON:test_create_image_from_deleted_server): 404 GET http://10.180.1.21/compute/v2.1/servers/3266d254-4a75-4fd3-b4e7-ebeb86467cbe 1.587s
2024-12-11 19:35:27.682 66521 INFO tempest.lib.common.rest_client [req-75e78e68-dafe-4cfa-a3a1-a0bed03e1a9e req-75e78e68-dafe-4cfa-a3a1-a0bed03e1a9e ] Request (QuotasAdminTestJSON:tearDownClass): 204 DELETE http://10.180.1.21:9696/networking/v2.0/security-groups/917fdc30-3051-4688-a57b-d4705f73e2a8 0.254s
2024-12-11 19:35:27.689 66555 INFO tempest.lib.common.rest_client [req-49f93053-16a6-47b9-b346-1f5d94ca8609 req-49f93053-16a6-47b9-b346-1f5d94ca8609 ] Request (ServersAdminTestJSON:setUpClass): 200 GET http://10.180.1.21/compute/v2.1/servers/7cc6d4a6-2765-44e7-b378-e213a562593d 1.602s
2024-12-11 19:35:27.792 66573 INFO tempest.lib.common.rest_client [req-ce0bcb20-06b3-4166-a40a-4e676d2a77cb req-ce0bcb20-06b3-4166-a40a-4e676d2a77cb ] Request (ImagesTestJSON:setUpClass): 200 PUT http://10.180.1.21:9696/networking/v2.0/routers/e93104ca-f404-49ba-81d5-52cf0e702546/add_router_interface 1.806s
2024-12-11 19:35:27.792 66573 INFO tempest.lib.common.dynamic_creds [-] Created isolated network resources for: credentials: Credentials: {'domain_id': 'default', 'domain_name': 'Default', 'username': 'tempest-ImagesTestJSON-1872682908-project-member', 'project_domain_id': 'default', 'project_domain_name': 'Default', 'project_id': 'd98518565b744451ba90ba301267213f', 'project_name': 'tempest-ImagesTestJSON-1872682908', 'tenant_id': 'd98518565b744451ba90ba301267213f', 'tenant_name': 'tempest-ImagesTestJSON-1872682908', 'user_domain_id': 'default', 'user_domain_name': 'Default', 'user_id': 'e0b465ab9caf4d989219f1fbbebd00ce', 'system': None}, Network: {'id': '925f8c0b-2409-4eca-9a68-c5b357835972', 'name': 'tempest-ImagesTestJSON-2008838096-network', 'tenant_id': 'd98518565b744451ba90ba301267213f', 'admin_state_up': True, 'mtu': 8950, 'status': 'ACTIVE', 'subnets': [], 'shared': False, 'project_id': 'd98518565b744451ba90ba301267213f', 'port_security_enabled': True, 'router:external': False, 'provider:network_type': 'vlan', 'provider:physical_network': 'default', 'provider:segmentation_id': 973, 'availability_zone_hints': [], 'availability_zones': [], 'ipv4_address_scope': None, 'ipv6_address_scope': None, 'description': '', 'tags': [], 'created_at': '2024-12-11T19:35:23Z', 'updated_at': '2024-12-11T19:35:23Z', 'revision_number': 1}, Subnet: {'id': '6ee11a06-d587-48df-a873-ed026e444edd', 'name': 'tempest-ImagesTestJSON-2008838096-subnet', 'tenant_id': 'd98518565b744451ba90ba301267213f', 'network_id': '925f8c0b-2409-4eca-9a68-c5b357835972', 'ip_version': 4, 'subnetpool_id': None, 'enable_dhcp': True, 'ipv6_ra_mode': None, 'ipv6_address_mode': None, 'gateway_ip': '192.168.128.1', 'cidr': '192.168.128.0/28', 'allocation_pools': [{'start': '192.168.128.2', 'end': '192.168.128.14'}], 'host_routes': [], 'dns_nameservers': [], 'description': '', 'router:external': False, 'service_types': [], 'tags': [], 'created_at': '2024-12-11T19:35:23Z', 'updated_at': '2024-12-11T19:35:23Z', 'revision_number': 0, 'project_id': 'd98518565b744451ba90ba301267213f'}, Router: {'id': 'e93104ca-f404-49ba-81d5-52cf0e702546', 'name': 'tempest-ImagesTestJSON-2008838096-router', 'tenant_id': 'd98518565b744451ba90ba301267213f', 'admin_state_up': True, 'status': 'ACTIVE', 'external_gateway_info': {'network_id': 'd3c36903-9111-44b5-b1b0-04ff5a580603', 'external_fixed_ips': [{'subnet_id': '1b899ac9-fbdd-429b-bb59-b25e7c5b98bc', 'ip_address': '10.180.180.163'}], 'enable_snat': True}, 'description': '', 'availability_zones': [], 'distributed': False, 'ha': False, 'availability_zone_hints': [], 'routes': [], 'flavor_id': None, 'tags': [], 'created_at': '2024-12-11T19:35:24Z', 'updated_at': '2024-12-11T19:35:25Z', 'revision_number': 2, 'project_id': 'd98518565b744451ba90ba301267213f'}
2024-12-11 19:35:27.822 66521 INFO tempest.lib.common.rest_client [req-6619165f-6d0e-4137-b9b9-0280b37762ce req-6619165f-6d0e-4137-b9b9-0280b37762ce ] Request (QuotasAdminTestJSON:tearDownClass): 204 DELETE http://10.180.1.21/identity/v3/projects/306547207bdf4004a486fc0126c395ac 0.140s
2024-12-11 19:35:27.838 66581 INFO tempest.lib.common.rest_client [req-705d8088-2c13-4577-bb7e-579225824084 req-705d8088-2c13-4577-bb7e-579225824084 ] Request (FloatingIPsTestJSON:test_delete_floating_ip): 202 DELETE http://10.180.1.21/compute/v2.1/os-floating-ips/3c07b9c3-081d-43c5-b81c-7c8dee4d20a7 2.729s
2024-12-11 19:35:27.869 66573 INFO tempest.lib.common.rest_client [req-2d62a863-013c-46bc-8c5f-330ca6c92ead req-2d62a863-013c-46bc-8c5f-330ca6c92ead ] Request (ImagesTestJSON:setUpClass): 201 POST http://10.180.1.21/identity/v3/auth/tokens 0.074s
2024-12-11 19:35:27.886 66521 INFO tempest.lib.common.rest_client [req-aaae8c5e-b469-40c4-bed2-c4a3eb62b6fb req-aaae8c5e-b469-40c4-bed2-c4a3eb62b6fb ] Request (ServersTestFqdnHostnames:setUpClass): 201 POST http://10.180.1.21/identity/v3/auth/tokens 0.062s
2024-12-11 19:35:27.903 66573 INFO tempest.lib.common.rest_client [req-228f86ed-53fc-4473-babf-619efb185595 req-228f86ed-53fc-4473-babf-619efb185595 ] Request (ImagesTestJSON:test_create_image_from_stopped_server): 201 POST http://10.180.1.21/identity/v3/auth/tokens 0.028s
2024-12-11 19:35:27.904 66573 INFO tempest.lib.common.fixed_network [-] (ImagesTestJSON:test_create_image_from_stopped_server) Found network {'id': '925f8c0b-2409-4eca-9a68-c5b357835972', 'name': 'tempest-ImagesTestJSON-2008838096-network', 'tenant_id': 'd98518565b744451ba90ba301267213f', 'admin_state_up': True, 'mtu': 8950, 'status': 'ACTIVE', 'subnets': [], 'shared': False, 'project_id': 'd98518565b744451ba90ba301267213f', 'port_security_enabled': True, 'router:external': False, 'provider:network_type': 'vlan', 'provider:physical_network': 'default', 'provider:segmentation_id': 973, 'availability_zone_hints': [], 'availability_zones': [], 'ipv4_address_scope': None, 'ipv6_address_scope': None, 'description': '', 'tags': [], 'created_at': '2024-12-11T19:35:23Z', 'updated_at': '2024-12-11T19:35:23Z', 'revision_number': 1} available for tenant
2024-12-11 19:35:27.908 66569 INFO tempest.lib.common.rest_client [req-445684ed-53a4-4a2c-a025-61ecf6c0f906 req-445684ed-53a4-4a2c-a025-61ecf6c0f906 ] Request (DeleteServersAdminTestJSON:test_delete_server_while_in_error_state): 200 GET http://10.180.1.21/compute/v2.1/servers/8e3cefa1-fab9-469e-8a32-31b4a8ecf4be 1.747s
2024-12-11 19:35:27.912 66521 INFO tempest.lib.common.rest_client [req-aaecbca2-4ef4-4d7a-96a2-f8c144405937 req-aaecbca2-4ef4-4d7a-96a2-f8c144405937 ] Request (ServersTestFqdnHostnames:setUpClass): 201 POST http://10.180.1.21/identity/v3/auth/tokens 0.024s
2024-12-11 19:35:27.944 66521 INFO tempest.lib.common.rest_client [req-619800fa-77ab-4629-9a41-f3355a933311 req-619800fa-77ab-4629-9a41-f3355a933311 ] Request (ServersTestFqdnHostnames:setUpClass): 200 GET http://10.180.1.21/identity/v3/domains?name=Default 0.031s
2024-12-11 19:35:27.965 66579 INFO tempest.lib.common.rest_client [req-2b2f282d-4713-4f21-8b78-9dfc3dd3d925 req-2b2f282d-4713-4f21-8b78-9dfc3dd3d925 ] Request (FloatingIPsAssociationTestJSON:setUpClass): 200 GET http://10.180.1.21/compute/v2.1/servers/b004fba7-13e0-40f0-827d-8d09b7717176 1.702s
2024-12-11 19:35:27.988 66529 INFO tempest.lib.common.rest_client [req-5c978b9f-58f3-40c6-82ee-4dd67254a7fb req-5c978b9f-58f3-40c6-82ee-4dd67254a7fb ] Request (ServersAdminNegativeTestJSON:test_migrate_server_invalid_state): 202 POST http://10.180.1.21/compute/v2.1/servers 1.852s
2024-12-11 19:35:27.989 66521 INFO tempest.lib.common.rest_client [req-ce42573b-d158-440c-ae41-daa5ce785bc8 req-ce42573b-d158-440c-ae41-daa5ce785bc8 ] Request (ServersTestFqdnHostnames:setUpClass): 201 POST http://10.180.1.21/identity/v3/projects 0.044s
2024-12-11 19:35:28.022 66539 INFO tempest.lib.common.rest_client [req-854486b1-6fbb-4634-8ce2-346affbd1777 req-854486b1-6fbb-4634-8ce2-346affbd1777 ] Request (ListServersNegativeTestJSON:setUpClass): 200 GET http://10.180.1.21/compute/v2.1/servers/26b283b0-98b4-4a15-abe0-fbf97e1f49eb 1.682s
2024-12-11 19:35:28.054 66521 INFO tempest.lib.common.rest_client [req-5fb4d1b7-1a97-4874-8c50-1b3672a2fbd5 req-5fb4d1b7-1a97-4874-8c50-1b3672a2fbd5 ] Request (ServersTestFqdnHostnames:setUpClass): 201 POST http://10.180.1.21/identity/v3/users 0.065s
2024-12-11 19:35:28.080 66521 INFO tempest.lib.common.rest_client [req-422aaeeb-020c-416d-a981-ee7d66240e23 req-422aaeeb-020c-416d-a981-ee7d66240e23 ] Request (ServersTestFqdnHostnames:setUpClass): 200 GET http://10.180.1.21/identity/v3/roles 0.024s
2024-12-11 19:35:28.110 66577 INFO tempest.lib.common.rest_client [req-12ab5f10-f084-444e-8ffa-34173af004f4 req-12ab5f10-f084-444e-8ffa-34173af004f4 ] Request (MigrationsAdminTest:test_list_migrations_in_flavor_resize_situation): 200 GET http://10.180.1.21/compute/v2.1/servers/12768001-6ed0-47be-8f20-c59ee82b842a 1.593s
2024-12-11 19:35:28.118 66577 INFO tempest.common.waiters [-] State transition "RESIZE/resize_prep" ==> "RESIZE/resize_migrating" after 28 second wait
2024-12-11 19:35:28.140 66521 INFO tempest.lib.common.rest_client [req-134e0eac-e553-4910-848d-ec8d02109763 req-134e0eac-e553-4910-848d-ec8d02109763 ] Request (ServersTestFqdnHostnames:setUpClass): 204 PUT http://10.180.1.21/identity/v3/projects/7658f50bda794df68c1e82f4978d787b/users/d27cdf97844a4d8384ff42ce1f148e3b/roles/1d8344260dd84194a291151faa5854f3 0.060s
2024-12-11 19:35:28.141 66521 INFO tempest.lib.common.dynamic_creds [-] Dynamic test user d27cdf97844a4d8384ff42ce1f148e3b is created with scope project and roles: ['member']
2024-12-11 19:35:28.141 66521 INFO tempest.lib.common.dynamic_creds [-] Acquired dynamic creds: credentials: Credentials: {'domain_id': 'default', 'domain_name': 'Default', 'username': 'tempest-ServersTestFqdnHostnames-879349947-project-member', 'project_domain_id': 'default', 'project_domain_name': 'Default', 'project_id': '7658f50bda794df68c1e82f4978d787b', 'project_name': 'tempest-ServersTestFqdnHostnames-879349947', 'tenant_id': '7658f50bda794df68c1e82f4978d787b', 'tenant_name': 'tempest-ServersTestFqdnHostnames-879349947', 'user_domain_id': 'default', 'user_domain_name': 'Default', 'user_id': 'd27cdf97844a4d8384ff42ce1f148e3b', 'system': None}, Network: None, Subnet: None, Router: None
2024-12-11 19:35:28.200 66527 INFO tempest.lib.common.rest_client [req-651857be-f8d2-43a7-96cc-2e6894aea6dc req-651857be-f8d2-43a7-96cc-2e6894aea6dc ] Request (ServersAdmin275Test:test_rebuild_update_server_275): 200 GET http://10.180.1.21/compute/v2.1/servers/7490c825-dfd5-409c-9fd6-0e78643338fb 1.360s
2024-12-11 19:35:28.248 66561 INFO tempest.lib.common.rest_client [req-0086184f-2976-4bbc-9f59-5f634ba7b13f req-0086184f-2976-4bbc-9f59-5f634ba7b13f ] Request (VolumesAdminNegativeTest:test_update_attached_volume_with_nonexistent_volume_in_body): 200 POST http://10.180.1.21/compute/v2.1/os-keypairs 1.654s
2024-12-11 19:35:28.253 66521 INFO tempest.lib.common.rest_client [req-74debfc5-f72b-4b1f-8c5f-7e3d7f3ad17f req-74debfc5-f72b-4b1f-8c5f-7e3d7f3ad17f ] Request (ServersTestFqdnHostnames:setUpClass): 201 POST http://10.180.1.21/identity/v3/auth/tokens 0.111s
2024-12-11 19:35:28.284 66565 INFO tempest.lib.common.rest_client [req-ea31ae76-8274-4e74-92d5-0f8c4d327b7c req-ea31ae76-8274-4e74-92d5-0f8c4d327b7c ] Request (ServerDiskConfigTestJSON:test_rebuild_server_with_manual_disk_config): 200 GET http://10.180.1.21/compute/v2.1/servers/0158d7af-d3bb-4d9c-a7c6-fbab943977e2 1.377s
2024-12-11 19:35:28.331 66531 INFO tempest.lib.common.rest_client [req-67b34f73-05ba-40fa-a0be-d4e57eecacab req-67b34f73-05ba-40fa-a0be-d4e57eecacab ] Request (ListImageFiltersTestJSON:setUpClass): 200 GET http://10.180.1.21/compute/v2.1/servers/4f9bfb02-8aea-45a9-85ea-97e70f0d41fb 1.388s
2024-12-11 19:35:28.419 66557 INFO tempest.lib.common.rest_client [req-13b18507-7401-4afa-8d50-1ae0edde3165 req-13b18507-7401-4afa-8d50-1ae0edde3165 ] Request (TenantUsagesTestJSON:setUpClass): 200 GET http://10.180.1.21/compute/v2.1/servers/aca56820-5a06-43dd-9d98-25421f7ef6a6 1.438s
2024-12-11 19:35:28.484 66537 INFO tempest.lib.common.rest_client [req-882296d5-d0ec-48b9-a2b2-dfc31b25b463 req-882296d5-d0ec-48b9-a2b2-dfc31b25b463 ] Request (InstanceActionsNegativeTestJSON:setUpClass): 200 GET http://10.180.1.21/compute/v2.1/servers/a09a34de-fe7c-414b-8a89-2e9271c72a5c 1.447s
2024-12-11 19:35:28.509 66523 INFO tempest.lib.common.rest_client [req-362b9506-8e50-44a0-8bb3-ff5931de5f47 req-362b9506-8e50-44a0-8bb3-ff5931de5f47 ] Request (AggregatesAdminNegativeTestJSON:test_aggregate_remove_nonexistent_host): 200 POST http://10.180.1.21/compute/v2.1/os-aggregates 1.445s
2024-12-11 19:35:28.521 66561 INFO tempest.lib.common.rest_client [req-06b0cbad-6b9f-4040-af82-c2c604acd1bf req-06b0cbad-6b9f-4040-af82-c2c604acd1bf ] Request (VolumesAdminNegativeTest:test_update_attached_volume_with_nonexistent_volume_in_body): 201 POST http://10.180.1.21:9696/networking/v2.0/security-groups 0.271s
2024-12-11 19:35:28.550 66547 INFO tempest.lib.common.rest_client [req-27622c14-2262-4a6b-b10b-fe505091be25 req-27622c14-2262-4a6b-b10b-fe505091be25 ] Request (ListServerFiltersTestJSON:test_list_servers_detailed_limit_results): 200 GET http://10.180.1.21/compute/v2.1/servers/detail?limit=1 1.579s
2024-12-11 19:35:28.582 66543 INFO tempest.lib.common.rest_client [req-3f996301-7dde-430f-bed3-87e477c8ce5e req-3f996301-7dde-430f-bed3-87e477c8ce5e ] Request (ServerDiagnosticsTest:tearDownClass): 200 GET http://10.180.1.21/compute/v2.1/servers/585784c5-b56a-435d-8b22-53bc5cb39b25 1.421s
2024-12-11 19:35:28.611 66549 INFO tempest.lib.common.rest_client [req-23d8d4d0-12b1-4455-a57c-b6bea8cdcb8a req-23d8d4d0-12b1-4455-a57c-b6bea8cdcb8a ] Request (InstanceActionsTestJSON:setUpClass): 200 GET http://10.180.1.21/compute/v2.1/servers/0a940fd0-73cc-403d-9afc-a989c67dfdef 1.186s
2024-12-11 19:35:28.633 66575 INFO tempest.lib.common.rest_client [req-964f56d9-185b-4f4e-a336-21a75be1f9c9 req-964f56d9-185b-4f4e-a336-21a75be1f9c9 ] Request (ImagesNegativeTestJSON:test_create_image_from_deleted_server): 404 POST http://10.180.1.21/compute/v2.1/servers/3266d254-4a75-4fd3-b4e7-ebeb86467cbe/action 1.016s
2024-12-11 19:35:28.645 66552 INFO tempest.lib.common.rest_client [req-3416a60e-8a4b-4168-8610-6f351c172677 req-3416a60e-8a4b-4168-8610-6f351c172677 ] Request (ServerDiagnosticsNegativeTest:test_get_server_diagnostics_by_non_admin): 200 GET http://10.180.1.21/compute/v2.1/servers/a040671e-941d-4406-81af-f2f7a4b690e4 1.153s
2024-12-11 19:35:28.653 66533 WARNING tempest.lib.common.ssh [-] Failed to establish authenticated ssh connection to cirros@10.180.180.145 ([Errno None] Unable to connect to port 22 on 10.180.180.145). Number attempts: 1. Retry after 2 seconds.: paramiko.ssh_exception.NoValidConnectionsError: [Errno None] Unable to connect to port 22 on 10.180.180.145
2024-12-11 19:35:28.676 66581 INFO tempest.lib.common.rest_client [req-3d897491-3a95-464c-93fb-e9bcd017d8f9 req-3d897491-3a95-464c-93fb-e9bcd017d8f9 ] Request (FloatingIPsTestJSON:test_delete_floating_ip): 404 GET http://10.180.1.21/compute/v2.1/os-floating-ips/3c07b9c3-081d-43c5-b81c-7c8dee4d20a7 0.837s
2024-12-11 19:35:28.678 66583 INFO tempest.lib.common.rest_client [req-14bd8f73-39e9-4468-ba70-2d961a46e364 req-14bd8f73-39e9-4468-ba70-2d961a46e364 ] Request (AttachVolumeShelveTestJSON:setUpClass): 201 POST http://10.180.1.21:9696/networking/v2.0/routers 1.743s
2024-12-11 19:35:28.706 66561 INFO tempest.lib.common.rest_client [req-0eb17171-4d94-4fa6-894d-2002fb0b7ffd req-0eb17171-4d94-4fa6-894d-2002fb0b7ffd ] Request (VolumesAdminNegativeTest:test_update_attached_volume_with_nonexistent_volume_in_body): 201 POST http://10.180.1.21:9696/networking/v2.0/security-group-rules 0.185s
2024-12-11 19:35:28.755 66529 INFO tempest.lib.common.rest_client [req-d6e2dfbd-c90b-4083-9152-f811f65e62b2 req-d6e2dfbd-c90b-4083-9152-f811f65e62b2 ] Request (ServersAdminNegativeTestJSON:test_migrate_server_invalid_state): 200 GET http://10.180.1.21/compute/v2.1/servers/2d2ab209-8072-4e64-8170-50d96d71bc54 0.764s
2024-12-11 19:35:28.869 66521 INFO tempest.lib.common.rest_client [req-8c1e9589-2b93-4ca8-9d49-7f7931d98b30 req-8c1e9589-2b93-4ca8-9d49-7f7931d98b30 ] Request (ServersTestFqdnHostnames:setUpClass): 201 POST http://10.180.1.21:9696/networking/v2.0/networks 0.616s
2024-12-11 19:35:28.872 66561 INFO tempest.lib.common.rest_client [req-4fbb21cb-6353-4b08-ab02-1140075580a3 req-4fbb21cb-6353-4b08-ab02-1140075580a3 ] Request (VolumesAdminNegativeTest:test_update_attached_volume_with_nonexistent_volume_in_body): 201 POST http://10.180.1.21:9696/networking/v2.0/security-group-rules 0.165s
2024-12-11 19:35:29.128 66525 INFO tempest.lib.common.rest_client [req-3d089d75-4361-4c2e-9723-18df1bbf3c9b req-3d089d75-4361-4c2e-9723-18df1bbf3c9b ] Request (VolumesAssistedSnapshotsTest:test_volume_assisted_snapshot_create_delete): 200 GET http://10.180.1.21/compute/v2.1/servers/8bbafd7f-cdd1-4246-a509-2f97a6f78497 1.084s
2024-12-11 19:35:29.136 66525 INFO tempest.common.waiters [-] State transition "BUILD/networking" ==> "BUILD/spawning" after 39 second wait
2024-12-11 19:35:29.226 66560 INFO tempest.lib.common.rest_client [req-f8d1c411-5b3e-4634-877e-962ad1109a4d req-f8d1c411-5b3e-4634-877e-962ad1109a4d ] Request (ServersTestMultiNic:_run_cleanups): 200 GET http://10.180.1.21/compute/v2.1/servers/eb840df4-edc1-44cb-84c9-f31b7b56b6bd 1.079s
2024-12-11 19:35:29.251 66561 INFO tempest.lib.common.rest_client [req-93f946cc-feb9-453a-82df-b1a7cc0c8d04 req-93f946cc-feb9-453a-82df-b1a7cc0c8d04 ] Request (VolumesAdminNegativeTest:test_update_attached_volume_with_nonexistent_volume_in_body): 201 POST http://10.180.1.21:9696/networking/v2.0/floatingips 0.378s
2024-12-11 19:35:29.318 66561 INFO tempest.lib.common.rest_client [req-0f13efe3-bf81-4f6f-8299-16f05ccea620 req-0f13efe3-bf81-4f6f-8299-16f05ccea620 ] Request (VolumesAdminNegativeTest:test_update_attached_volume_with_nonexistent_volume_in_body): 201 POST http://10.180.1.21/identity/v3/auth/tokens 0.065s
2024-12-11 19:35:29.319 66561 INFO tempest.lib.common.fixed_network [-] (VolumesAdminNegativeTest:test_update_attached_volume_with_nonexistent_volume_in_body) Found network {'id': '37039935-bfed-4317-b0bb-aa8df5f89dbd', 'name': 'tempest-VolumesAdminNegativeTest-1046853355-network', 'tenant_id': 'fc4a16c9d5d346489a9c8efec041df23', 'admin_state_up': True, 'mtu': 8950, 'status': 'ACTIVE', 'subnets': [], 'shared': False, 'project_id': 'fc4a16c9d5d346489a9c8efec041df23', 'port_security_enabled': True, 'router:external': False, 'provider:network_type': 'vlan', 'provider:physical_network': 'default', 'provider:segmentation_id': 719, 'availability_zone_hints': [], 'availability_zones': [], 'ipv4_address_scope': None, 'ipv6_address_scope': None, 'description': '', 'tags': [], 'created_at': '2024-12-11T19:35:18Z', 'updated_at': '2024-12-11T19:35:18Z', 'revision_number': 1} available for tenant
2024-12-11 19:35:29.328 66535 INFO tempest.lib.common.rest_client [req-73e38173-291b-4dcc-a065-36696eafdcbf req-73e38173-291b-4dcc-a065-36696eafdcbf ] Request (ServerDiagnosticsV248Test:tearDownClass): 200 GET http://10.180.1.21/compute/v2.1/servers/731e7110-9709-4c4e-96d2-00e21e67c6e3 1.030s
2024-12-11 19:35:29.387 66521 INFO tempest.lib.common.rest_client [req-4ce25ee0-4c48-465e-a3f8-dcf4d74eebfa req-4ce25ee0-4c48-465e-a3f8-dcf4d74eebfa ] Request (ServersTestFqdnHostnames:setUpClass): 201 POST http://10.180.1.21:9696/networking/v2.0/subnets 0.517s
2024-12-11 19:35:29.402 66545 INFO tempest.lib.common.rest_client [req-1c1f9730-08aa-4017-9c23-d599ada1377e req-1c1f9730-08aa-4017-9c23-d599ada1377e ] Request (ServersWithSpecificFlavorTestJSON:test_verify_created_server_ephemeral_disk): 200 GET http://10.180.1.21/compute/v2.1/servers/cfe53f9c-d78b-4af7-b991-f3549c03f22d 1.018s
2024-12-11 19:35:29.457 66573 INFO tempest.lib.common.rest_client [req-05f0c8e2-3fb9-43ca-86ad-09ff7f0b0ee5 req-05f0c8e2-3fb9-43ca-86ad-09ff7f0b0ee5 ] Request (ImagesTestJSON:test_create_image_from_stopped_server): 202 POST http://10.180.1.21/compute/v2.1/servers 1.553s
2024-12-11 19:35:29.481 66553 INFO tempest.lib.common.rest_client [req-936c1b62-e6d1-4a74-9f65-9bb4c4706b1d req-936c1b62-e6d1-4a74-9f65-9bb4c4706b1d ] Request (ServersTestJSON:test_create_server_with_ipv6_addr_only): 200 GET http://10.180.1.21/compute/v2.1/servers/e9711202-67f3-4fe2-befb-f28722ddea33 1.030s
2024-12-11 19:35:29.513 66523 INFO tempest.lib.common.rest_client [req-1fd4bf70-bf1e-452c-a0c7-e9a35d784bfb req-1fd4bf70-bf1e-452c-a0c7-e9a35d784bfb ] Request (AggregatesAdminNegativeTestJSON:test_aggregate_remove_nonexistent_host): 404 POST http://10.180.1.21/compute/v2.1/os-aggregates/8/action 1.002s
2024-12-11 19:35:29.537 66567 INFO tempest.lib.common.rest_client [req-bbb45a2b-f2b6-4f77-80e3-22c65c58e6ce req-bbb45a2b-f2b6-4f77-80e3-22c65c58e6ce ] Request (ServerExternalEventsTest:test_create_server_external_events): 200 GET http://10.180.1.21/compute/v2.1/servers/d42295c9-2b0e-471e-9a87-1d7367de9588 1.022s
2024-12-11 19:35:29.613 66571 INFO tempest.lib.common.rest_client [req-d7a4f693-b44e-4a01-8ef5-c8fa0a3f92a5 req-d7a4f693-b44e-4a01-8ef5-c8fa0a3f92a5 ] Request (AttachInterfacesTestJSON:test_create_list_show_delete_interfaces_by_fixed_ip): 200 GET http://10.180.1.21/compute/v2.1/servers/0029d975-bd48-4558-9f41-a0cf91336393 1.015s
2024-12-11 19:35:29.617 66575 INFO tempest.lib.common.rest_client [req-e3b528e3-a496-4982-ad0d-cc58593f370a req-e3b528e3-a496-4982-ad0d-cc58593f370a ] Request (ImagesNegativeTestJSON:test_create_image_from_invalid_server): 404 POST http://10.180.1.21/compute/v2.1/servers/tempest-invalid-1492647463/action 0.975s
2024-12-11 19:35:29.626 66547 INFO tempest.lib.common.rest_client [req-ad873f9c-98f5-4ba2-8382-8ead6d4a4e2f req-ad873f9c-98f5-4ba2-8382-8ead6d4a4e2f ] Request (ListServerFiltersTestJSON:test_list_servers_filter_by_active_status): 200 GET http://10.180.1.21/compute/v2.1/servers?status=active 1.063s
2024-12-11 19:35:29.666 66581 INFO tempest.lib.common.rest_client [req-d472cbdf-8dc9-4877-b15a-0d136410baf8 req-d472cbdf-8dc9-4877-b15a-0d136410baf8 ] Request (FloatingIPsTestJSON:_run_cleanups): 404 DELETE http://10.180.1.21/compute/v2.1/os-floating-ips/3c07b9c3-081d-43c5-b81c-7c8dee4d20a7 0.990s
2024-12-11 19:35:29.709 66555 INFO tempest.lib.common.rest_client [req-babbd556-56f7-4ca1-97ca-db332d3757ff req-babbd556-56f7-4ca1-97ca-db332d3757ff ] Request (ServersAdminTestJSON:setUpClass): 200 GET http://10.180.1.21/compute/v2.1/servers/7cc6d4a6-2765-44e7-b378-e213a562593d 1.001s
2024-12-11 19:35:29.747 66569 INFO tempest.lib.common.rest_client [req-da193bb9-ac50-46c8-a965-ff84e899fe47 req-da193bb9-ac50-46c8-a965-ff84e899fe47 ] Request (DeleteServersAdminTestJSON:test_delete_server_while_in_error_state): 200 GET http://10.180.1.21/compute/v2.1/servers/8e3cefa1-fab9-469e-8a32-31b4a8ecf4be 0.827s
2024-12-11 19:35:29.791 66579 INFO tempest.lib.common.rest_client [req-ca08c82d-bf23-40d9-8ae7-5a3c85107f4f req-ca08c82d-bf23-40d9-8ae7-5a3c85107f4f ] Request (FloatingIPsAssociationTestJSON:setUpClass): 200 GET http://10.180.1.21/compute/v2.1/servers/b004fba7-13e0-40f0-827d-8d09b7717176 0.818s
2024-12-11 19:35:29.835 66539 INFO tempest.lib.common.rest_client [req-2d1bebf2-b43f-4800-98a0-ac67c5bbce9b req-2d1bebf2-b43f-4800-98a0-ac67c5bbce9b ] Request (ListServersNegativeTestJSON:setUpClass): 200 GET http://10.180.1.21/compute/v2.1/servers/26b283b0-98b4-4a15-abe0-fbf97e1f49eb 0.800s
2024-12-11 19:35:29.956 66527 INFO tempest.lib.common.rest_client [req-3d933082-5d01-4387-90d9-862cc416c781 req-3d933082-5d01-4387-90d9-862cc416c781 ] Request (ServersAdmin275Test:test_rebuild_update_server_275): 200 GET http://10.180.1.21/compute/v2.1/servers/7490c825-dfd5-409c-9fd6-0e78643338fb 0.740s
2024-12-11 19:35:29.995 66563 WARNING tempest.lib.common.ssh [-] Failed to establish authenticated ssh connection to cirros@10.180.180.187 ([Errno None] Unable to connect to port 22 on 10.180.180.187). Number attempts: 3. Retry after 4 seconds.: paramiko.ssh_exception.NoValidConnectionsError: [Errno None] Unable to connect to port 22 on 10.180.180.187
2024-12-11 19:35:30.044 66565 INFO tempest.lib.common.rest_client [req-61f2c534-b5d4-4081-a7f1-fcf3c97e926a req-61f2c534-b5d4-4081-a7f1-fcf3c97e926a ] Request (ServerDiskConfigTestJSON:test_rebuild_server_with_manual_disk_config): 200 GET http://10.180.1.21/compute/v2.1/servers/0158d7af-d3bb-4d9c-a7c6-fbab943977e2 0.745s
2024-12-11 19:35:30.207 66577 INFO tempest.lib.common.rest_client [req-f8d702d9-2f2e-46b4-a7d0-4c2e5bea2ce3 req-f8d702d9-2f2e-46b4-a7d0-4c2e5bea2ce3 ] Request (MigrationsAdminTest:test_list_migrations_in_flavor_resize_situation): 200 GET http://10.180.1.21/compute/v2.1/servers/12768001-6ed0-47be-8f20-c59ee82b842a 1.087s
2024-12-11 19:35:30.328 66531 INFO tempest.lib.common.rest_client [req-b14ca7ec-2dcf-49e8-b1fc-c15a2b0758f2 req-b14ca7ec-2dcf-49e8-b1fc-c15a2b0758f2 ] Request (ListImageFiltersTestJSON:setUpClass): 200 GET http://10.180.1.21/compute/v2.1/servers/4f9bfb02-8aea-45a9-85ea-97e70f0d41fb 0.986s
2024-12-11 19:35:30.430 66557 INFO tempest.lib.common.rest_client [req-6ddaa4fb-91a6-415b-a446-afcb61a14e63 req-6ddaa4fb-91a6-415b-a446-afcb61a14e63 ] Request (TenantUsagesTestJSON:setUpClass): 200 GET http://10.180.1.21/compute/v2.1/servers/aca56820-5a06-43dd-9d98-25421f7ef6a6 1.003s
2024-12-11 19:35:30.544 66573 INFO tempest.lib.common.rest_client [req-223243be-808d-4c4c-813e-4b78b5a2118a req-223243be-808d-4c4c-813e-4b78b5a2118a ] Request (ImagesTestJSON:test_create_image_from_stopped_server): 200 GET http://10.180.1.21/compute/v2.1/servers/58e71d67-aed2-4329-ab60-4dfacff1d0a2 1.084s
2024-12-11 19:35:30.623 66537 INFO tempest.lib.common.rest_client [req-a19390b5-f992-4049-bc6f-7da4b20ad1a3 req-a19390b5-f992-4049-bc6f-7da4b20ad1a3 ] Request (InstanceActionsNegativeTestJSON:setUpClass): 200 GET http://10.180.1.21/compute/v2.1/servers/a09a34de-fe7c-414b-8a89-2e9271c72a5c 1.129s
2024-12-11 19:35:30.646 66523 INFO tempest.lib.common.rest_client [req-0993b863-9b51-4465-8a79-bb60503fbf6e req-0993b863-9b51-4465-8a79-bb60503fbf6e ] Request (AggregatesAdminNegativeTestJSON:_run_cleanups): 200 DELETE http://10.180.1.21/compute/v2.1/os-aggregates/8 1.133s
2024-12-11 19:35:30.724 66581 INFO tempest.lib.common.rest_client [req-595dc736-9253-4169-8ccf-7e5a228f574a req-595dc736-9253-4169-8ccf-7e5a228f574a ] Request (FloatingIPsTestJSON:tearDownClass): 200 PUT http://10.180.1.21:9696/networking/v2.0/routers/1f82b3d5-6092-45e6-b66c-b3c39c9d123a/remove_router_interface 1.052s
2024-12-11 19:35:30.736 66523 INFO tempest.lib.common.rest_client [req-30beab27-8428-4aac-ba22-3b7a2338a28d req-30beab27-8428-4aac-ba22-3b7a2338a28d ] Request (AggregatesAdminNegativeTestJSON:tearDownClass): 204 DELETE http://10.180.1.21/identity/v3/users/cb97ba56ff8643c59cc3cd5179905eb8 0.088s
2024-12-11 19:35:30.740 66543 INFO tempest.lib.common.rest_client [req-00a41252-a9eb-4e0c-8f5d-6730de53ea75 req-00a41252-a9eb-4e0c-8f5d-6730de53ea75 ] Request (ServerDiagnosticsTest:tearDownClass): 200 GET http://10.180.1.21/compute/v2.1/servers/585784c5-b56a-435d-8b22-53bc5cb39b25 1.151s
2024-12-11 19:35:30.747 66575 INFO tempest.lib.common.rest_client [req-e963e3b4-5e01-4c14-9093-1eb6ce8aca91 req-e963e3b4-5e01-4c14-9093-1eb6ce8aca91 ] Request (ImagesNegativeTestJSON:test_create_image_specify_uuid_35_characters_or_less): 404 POST http://10.180.1.21/compute/v2.1/servers/aaaaaaaaaaaaaaaaaaaaaaaaaaaaaaaaaaa/action 1.127s
2024-12-11 19:35:30.848 66523 INFO tempest.lib.common.rest_client [req-e9928821-1c5b-47b8-b965-1497f83a957d req-e9928821-1c5b-47b8-b965-1497f83a957d ] Request (AggregatesAdminNegativeTestJSON:tearDownClass): 204 DELETE http://10.180.1.21/identity/v3/users/caa83a57530d4b76835f1577215b4eaa 0.111s
2024-12-11 19:35:30.848 66523 INFO tempest.lib.common.dynamic_creds [-] Deleting project and security group for project: 761457c76a1944cb93a683824c6e6851
2024-12-11 19:35:30.851 66549 INFO tempest.lib.common.rest_client [req-2b47f1a0-158b-4a5f-bf41-8fb77cc19b54 req-2b47f1a0-158b-4a5f-bf41-8fb77cc19b54 ] Request (InstanceActionsTestJSON:setUpClass): 200 GET http://10.180.1.21/compute/v2.1/servers/0a940fd0-73cc-403d-9afc-a989c67dfdef 1.227s
2024-12-11 19:35:30.933 66547 INFO tempest.lib.common.rest_client [req-0f7af89c-0f26-43aa-b7bc-9e208eec5089 req-0f7af89c-0f26-43aa-b7bc-9e208eec5089 ] Request (ListServerFiltersTestJSON:test_list_servers_filter_by_exceed_limit): 200 GET http://10.180.1.21/compute/v2.1/servers?limit=100000 1.304s
2024-12-11 19:35:30.940 66523 INFO tempest.lib.common.rest_client [req-9fdc0d00-b8ac-48de-b4f6-dcc4831036a3 req-9fdc0d00-b8ac-48de-b4f6-dcc4831036a3 ] Request (AggregatesAdminNegativeTestJSON:tearDownClass): 201 POST http://10.180.1.21/identity/v3/auth/tokens 0.092s
2024-12-11 19:35:31.015 66552 INFO tempest.lib.common.rest_client [req-b4f0b951-bd0f-48e3-b7c8-6f58eac5791c req-b4f0b951-bd0f-48e3-b7c8-6f58eac5791c ] Request (ServerDiagnosticsNegativeTest:test_get_server_diagnostics_by_non_admin): 200 GET http://10.180.1.21/compute/v2.1/servers/a040671e-941d-4406-81af-f2f7a4b690e4 1.356s
2024-12-11 19:35:31.046 66561 INFO tempest.lib.common.rest_client [req-15893d1f-80fc-42fd-9bbf-ad62fe8e3f3b req-15893d1f-80fc-42fd-9bbf-ad62fe8e3f3b ] Request (VolumesAdminNegativeTest:test_update_attached_volume_with_nonexistent_volume_in_body): 202 POST http://10.180.1.21/compute/v2.1/servers 1.726s
2024-12-11 19:35:31.272 66529 INFO tempest.lib.common.rest_client [req-be6aa6a1-444d-4478-a089-f0f40638bed1 req-be6aa6a1-444d-4478-a089-f0f40638bed1 ] Request (ServersAdminNegativeTestJSON:test_migrate_server_invalid_state): 200 GET http://10.180.1.21/compute/v2.1/servers/2d2ab209-8072-4e64-8170-50d96d71bc54 1.507s
2024-12-11 19:35:31.294 66581 INFO tempest.lib.common.rest_client [req-8d6d7d37-fd10-4fef-b317-dab596a73284 req-8d6d7d37-fd10-4fef-b317-dab596a73284 ] Request (FloatingIPsTestJSON:tearDownClass): 204 DELETE http://10.180.1.21:9696/networking/v2.0/routers/1f82b3d5-6092-45e6-b66c-b3c39c9d123a 0.569s
2024-12-11 19:35:31.394 66560 INFO tempest.lib.common.rest_client [req-65f56ea6-6b26-4b82-9c39-3a59477b03c4 req-65f56ea6-6b26-4b82-9c39-3a59477b03c4 ] Request (ServersTestMultiNic:_run_cleanups): 200 GET http://10.180.1.21/compute/v2.1/servers/eb840df4-edc1-44cb-84c9-f31b7b56b6bd 1.161s
2024-12-11 19:35:31.415 66581 INFO tempest.lib.common.rest_client [req-b14e3540-e44d-481b-be69-cd7c38331eab req-b14e3540-e44d-481b-be69-cd7c38331eab ] Request (FloatingIPsTestJSON:tearDownClass): 204 DELETE http://10.180.1.21:9696/networking/v2.0/subnets/4419532a-d2f9-4058-bc90-972ebbc2c023 0.120s
2024-12-11 19:35:31.521 66525 INFO tempest.lib.common.rest_client [req-f768a7b0-43b6-4daf-974e-ae69ab94df3e req-f768a7b0-43b6-4daf-974e-ae69ab94df3e ] Request (VolumesAssistedSnapshotsTest:test_volume_assisted_snapshot_create_delete): 200 GET http://10.180.1.21/compute/v2.1/servers/8bbafd7f-cdd1-4246-a509-2f97a6f78497 1.383s
2024-12-11 19:35:31.521 66535 INFO tempest.lib.common.rest_client [req-5363b338-42b2-4180-9e42-f15ea99b573c req-5363b338-42b2-4180-9e42-f15ea99b573c ] Request (ServerDiagnosticsV248Test:tearDownClass): 200 GET http://10.180.1.21/compute/v2.1/servers/731e7110-9709-4c4e-96d2-00e21e67c6e3 1.178s
2024-12-11 19:35:31.605 66553 INFO tempest.lib.common.rest_client [req-f8695b7c-84cc-4e20-91d8-4fdf427c80a3 req-f8695b7c-84cc-4e20-91d8-4fdf427c80a3 ] Request (ServersTestJSON:test_create_server_with_ipv6_addr_only): 200 GET http://10.180.1.21/compute/v2.1/servers/e9711202-67f3-4fe2-befb-f28722ddea33 1.111s
2024-12-11 19:35:31.614 66545 INFO tempest.lib.common.rest_client [req-9fbcae2f-1619-4dcb-b72f-3b36441fd007 req-9fbcae2f-1619-4dcb-b72f-3b36441fd007 ] Request (ServersWithSpecificFlavorTestJSON:test_verify_created_server_ephemeral_disk): 200 GET http://10.180.1.21/compute/v2.1/servers/cfe53f9c-d78b-4af7-b991-f3549c03f22d 1.203s
2024-12-11 19:35:31.685 66523 INFO tempest.lib.common.rest_client [req-ca283fe5-44f3-417b-8182-7802c58a2dba req-ca283fe5-44f3-417b-8182-7802c58a2dba ] Request (AggregatesAdminNegativeTestJSON:tearDownClass): 200 GET http://10.180.1.21:9696/networking/v2.0/security-groups?tenant_id=761457c76a1944cb93a683824c6e6851&name=default 0.745s
2024-12-11 19:35:31.703 66567 INFO tempest.lib.common.rest_client [req-bbe27073-4b78-423f-9466-2bcf38f0539a req-bbe27073-4b78-423f-9466-2bcf38f0539a ] Request (ServerExternalEventsTest:test_create_server_external_events): 200 GET http://10.180.1.21/compute/v2.1/servers/d42295c9-2b0e-471e-9a87-1d7367de9588 1.154s
2024-12-11 19:35:31.722 66571 INFO tempest.lib.common.rest_client [req-853b6fc1-b8bb-42fb-a9e9-77d813089fe8 req-853b6fc1-b8bb-42fb-a9e9-77d813089fe8 ] Request (AttachInterfacesTestJSON:test_create_list_show_delete_interfaces_by_fixed_ip): 200 GET http://10.180.1.21/compute/v2.1/servers/0029d975-bd48-4558-9f41-a0cf91336393 1.095s
2024-12-11 19:35:31.734 66575 INFO tempest.lib.common.rest_client [req-78bf8d2b-167b-4ede-9874-089f5159115d req-78bf8d2b-167b-4ede-9874-089f5159115d ] Request (ImagesNegativeTestJSON:test_create_image_specify_uuid_37_characters_or_more): 404 POST http://10.180.1.21/compute/v2.1/servers/aaaaaaaaaaaaaaaaaaaaaaaaaaaaaaaaaaaaa/action 0.986s
2024-12-11 19:35:31.752 66523 INFO tempest.lib.common.rest_client [req-fce1ee48-8382-430c-bfd6-60acda1921de req-fce1ee48-8382-430c-bfd6-60acda1921de ] Request (AggregatesAdminNegativeTestJSON:tearDownClass): 204 DELETE http://10.180.1.21:9696/networking/v2.0/security-groups/23bc7329-8985-4cbc-ab7f-f33acfb69076 0.067s
2024-12-11 19:35:31.782 66555 INFO tempest.lib.common.rest_client [req-0d83652b-6b35-4608-9898-b7485a8e4d76 req-0d83652b-6b35-4608-9898-b7485a8e4d76 ] Request (ServersAdminTestJSON:setUpClass): 200 GET http://10.180.1.21/compute/v2.1/servers/7cc6d4a6-2765-44e7-b378-e213a562593d 1.066s
2024-12-11 19:35:31.796 66583 INFO tempest.lib.common.rest_client [req-07ae4d64-22b3-4155-8e78-eba1a0a08d5f req-07ae4d64-22b3-4155-8e78-eba1a0a08d5f ] Request (AttachVolumeShelveTestJSON:setUpClass): 200 PUT http://10.180.1.21:9696/networking/v2.0/routers/9a84fc8d-c296-4d9e-a4f4-356ac2bcd2df/add_router_interface 3.118s
2024-12-11 19:35:31.797 66583 INFO tempest.lib.common.dynamic_creds [-] Created isolated network resources for: credentials: Credentials: {'domain_id': 'default', 'domain_name': 'Default', 'username': 'tempest-AttachVolumeShelveTestJSON-1484778233-project-member', 'project_domain_id': 'default', 'project_domain_name': 'Default', 'project_id': '3109fa7889c64dfda2117d4cd58aa528', 'project_name': 'tempest-AttachVolumeShelveTestJSON-1484778233', 'tenant_id': '3109fa7889c64dfda2117d4cd58aa528', 'tenant_name': 'tempest-AttachVolumeShelveTestJSON-1484778233', 'user_domain_id': 'default', 'user_domain_name': 'Default', 'user_id': '4cc966cb72fa41108733a0e93d79c410', 'system': None}, Network: {'id': '3958d418-1b64-4598-975c-02b13c976ce5', 'name': 'tempest-AttachVolumeShelveTestJSON-1692593298-network', 'tenant_id': '3109fa7889c64dfda2117d4cd58aa528', 'admin_state_up': True, 'mtu': 8950, 'status': 'ACTIVE', 'subnets': [], 'shared': False, 'project_id': '3109fa7889c64dfda2117d4cd58aa528', 'port_security_enabled': True, 'router:external': False, 'provider:network_type': 'vlan', 'provider:physical_network': 'default', 'provider:segmentation_id': 698, 'availability_zone_hints': [], 'availability_zones': [], 'ipv4_address_scope': None, 'ipv6_address_scope': None, 'description': '', 'tags': [], 'created_at': '2024-12-11T19:35:26Z', 'updated_at': '2024-12-11T19:35:26Z', 'revision_number': 1}, Subnet: {'id': 'bd15a748-f81b-4b4a-98ee-20d5a28aa812', 'name': 'tempest-AttachVolumeShelveTestJSON-1692593298-subnet', 'tenant_id': '3109fa7889c64dfda2117d4cd58aa528', 'network_id': '3958d418-1b64-4598-975c-02b13c976ce5', 'ip_version': 4, 'subnetpool_id': None, 'enable_dhcp': True, 'ipv6_ra_mode': None, 'ipv6_address_mode': None, 'gateway_ip': '192.168.128.1', 'cidr': '192.168.128.0/28', 'allocation_pools': [{'start': '192.168.128.2', 'end': '192.168.128.14'}], 'host_routes': [], 'dns_nameservers': [], 'description': '', 'router:external': False, 'service_types': [], 'tags': [], 'created_at': '2024-12-11T19:35:26Z', 'updated_at': '2024-12-11T19:35:26Z', 'revision_number': 0, 'project_id': '3109fa7889c64dfda2117d4cd58aa528'}, Router: {'id': '9a84fc8d-c296-4d9e-a4f4-356ac2bcd2df', 'name': 'tempest-AttachVolumeShelveTestJSON-1692593298-router', 'tenant_id': '3109fa7889c64dfda2117d4cd58aa528', 'admin_state_up': True, 'status': 'ACTIVE', 'external_gateway_info': {'network_id': 'd3c36903-9111-44b5-b1b0-04ff5a580603', 'external_fixed_ips': [{'subnet_id': '1b899ac9-fbdd-429b-bb59-b25e7c5b98bc', 'ip_address': '10.180.180.133'}], 'enable_snat': True}, 'description': '', 'availability_zones': [], 'distributed': False, 'ha': False, 'availability_zone_hints': [], 'routes': [], 'flavor_id': None, 'tags': [], 'created_at': '2024-12-11T19:35:26Z', 'updated_at': '2024-12-11T19:35:27Z', 'revision_number': 2, 'project_id': '3109fa7889c64dfda2117d4cd58aa528'}
2024-12-11 19:35:31.814 66569 INFO tempest.lib.common.rest_client [req-8bf86cef-c6b0-4521-b21a-8a0188f6efc7 req-8bf86cef-c6b0-4521-b21a-8a0188f6efc7 ] Request (DeleteServersAdminTestJSON:test_delete_server_while_in_error_state): 200 GET http://10.180.1.21/compute/v2.1/servers/8e3cefa1-fab9-469e-8a32-31b4a8ecf4be 1.060s
2024-12-11 19:35:31.845 66523 INFO tempest.lib.common.rest_client [req-394ffc48-1bbd-48ac-a6a8-6e093a48c0c5 req-394ffc48-1bbd-48ac-a6a8-6e093a48c0c5 ] Request (AggregatesAdminNegativeTestJSON:tearDownClass): 204 DELETE http://10.180.1.21/identity/v3/projects/761457c76a1944cb93a683824c6e6851 0.092s
