2024-12-11 19:35:15.106 66581 INFO tempest.lib.common.dynamic_creds [-] Created isolated network resources for: credentials: Credentials: {'domain_id': 'default', 'domain_name': 'Default', 'username': 'tempest-FloatingIPsTestJSON-681941168-project-member', 'project_domain_id': 'default', 'project_domain_name': 'Default', 'project_id': '2f4147ea381d42fe8297a84cdf8d0568', 'project_name': 'tempest-FloatingIPsTestJSON-681941168', 'tenant_id': '2f4147ea381d42fe8297a84cdf8d0568', 'tenant_name': 'tempest-FloatingIPsTestJSON-681941168', 'user_domain_id': 'default', 'user_domain_name': 'Default', 'user_id': '23d28dd91b76469c9beaf19cc9288468', 'system': None}, Network: {'id': '5a02a830-0fe4-4f23-b1aa-f699fb01bc05', 'name': 'tempest-FloatingIPsTestJSON-1662628665-network', 'tenant_id': '2f4147ea381d42fe8297a84cdf8d0568', 'admin_state_up': True, 'mtu': 8950, 'status': 'ACTIVE', 'subnets': [], 'shared': False, 'project_id': '2f4147ea381d42fe8297a84cdf8d0568', 'port_security_enabled': True, 'router:external': False, 'provider:network_type': 'vlan', 'provider:physical_network': 'default', 'provider:segmentation_id': 995, 'availability_zone_hints': [], 'availability_zones': [], 'ipv4_address_scope': None, 'ipv6_address_scope': None, 'description': '', 'tags': [], 'created_at': '2024-12-11T19:35:12Z', 'updated_at': '2024-12-11T19:35:12Z', 'revision_number': 1}, Subnet: {'id': '4419532a-d2f9-4058-bc90-972ebbc2c023', 'name': 'tempest-FloatingIPsTestJSON-1662628665-subnet', 'tenant_id': '2f4147ea381d42fe8297a84cdf8d0568', 'network_id': '5a02a830-0fe4-4f23-b1aa-f699fb01bc05', 'ip_version': 4, 'subnetpool_id': None, 'enable_dhcp': True, 'ipv6_ra_mode': None, 'ipv6_address_mode': None, 'gateway_ip': '192.168.128.1', 'cidr': '192.168.128.0/28', 'allocation_pools': [{'start': '192.168.128.2', 'end': '192.168.128.14'}], 'host_routes': [], 'dns_nameservers': [], 'description': '', 'router:external': False, 'service_types': [], 'tags': [], 'created_at': '2024-12-11T19:35:12Z', 'updated_at': '2024-12-11T19:35:12Z', 'revision_number': 0, 'project_id': '2f4147ea381d42fe8297a84cdf8d0568'}, Router: {'id': '1f82b3d5-6092-45e6-b66c-b3c39c9d123a', 'name': 'tempest-FloatingIPsTestJSON-1662628665-router', 'tenant_id': '2f4147ea381d42fe8297a84cdf8d0568', 'admin_state_up': True, 'status': 'ACTIVE', 'external_gateway_info': {'network_id': 'd3c36903-9111-44b5-b1b0-04ff5a580603', 'external_fixed_ips': [{'subnet_id': '1b899ac9-fbdd-429b-bb59-b25e7c5b98bc', 'ip_address': '10.180.180.142'}], 'enable_snat': True}, 'description': '', 'availability_zones': [], 'distributed': False, 'ha': False, 'availability_zone_hints': [], 'routes': [], 'flavor_id': None, 'tags': [], 'created_at': '2024-12-11T19:35:12Z', 'updated_at': '2024-12-11T19:35:13Z', 'revision_number': 2, 'project_id': '2f4147ea381d42fe8297a84cdf8d0568'}
2024-12-11 19:35:15.119 66527 INFO tempest.lib.common.rest_client [req-cd32bfb7-9f2c-4d69-9674-26dc4fc8103f req-cd32bfb7-9f2c-4d69-9674-26dc4fc8103f ] Request (ServersAdmin275Test:test_rebuild_update_server_275): 200 GET http://10.180.1.21/compute/v2.1/servers/7490c825-dfd5-409c-9fd6-0e78643338fb 1.307s
2024-12-11 19:35:15.124 66579 INFO tempest.lib.common.rest_client [req-761747b5-90e6-448d-a5fc-7902ad70ec60 req-761747b5-90e6-448d-a5fc-7902ad70ec60 ] Request (QuotaClassesAdminTestJSON:tearDownClass): 200 GET http://10.180.1.21:9696/networking/v2.0/security-groups?tenant_id=888aec68c9a842c19ce7724a41bc65c5&name=default 0.504s
2024-12-11 19:35:15.190 66535 INFO tempest.lib.common.rest_client [req-2a23db72-f5bd-4457-b7f5-db3925b8fa29 req-2a23db72-f5bd-4457-b7f5-db3925b8fa29 ] Request (ServerDiagnosticsV248Test:tearDownClass): 204 DELETE http://10.180.1.21/compute/v2.1/servers/731e7110-9709-4c4e-96d2-00e21e67c6e3 1.380s
2024-12-11 19:35:15.257 66581 INFO tempest.lib.common.rest_client [req-44ebe197-aa0e-45fb-9e72-059bd5720904 req-44ebe197-aa0e-45fb-9e72-059bd5720904 ] Request (FloatingIPsTestJSON:setUpClass): 201 POST http://10.180.1.21/identity/v3/auth/tokens 0.148s
2024-12-11 19:35:15.275 66579 INFO tempest.lib.common.rest_client [req-f0b2d981-ee2c-4761-99dc-fb0953412aed req-f0b2d981-ee2c-4761-99dc-fb0953412aed ] Request (QuotaClassesAdminTestJSON:tearDownClass): 204 DELETE http://10.180.1.21:9696/networking/v2.0/security-groups/098a69f1-0e93-4af3-9440-72e0bbd24f92 0.150s
2024-12-11 19:35:15.341 66537 INFO tempest.lib.common.rest_client [req-fb3695a6-d5e1-4632-8772-9d00f78cd463 req-fb3695a6-d5e1-4632-8772-9d00f78cd463 ] Request (SecurityGroupRulesNegativeTestJSON:tearDownClass): 202 DELETE http://10.180.1.21/compute/v2.1/os-security-groups/2cced949-9ff7-4d9a-9837-154142263682 1.528s
2024-12-11 19:35:15.367 66541 INFO tempest.lib.common.rest_client [req-1697c409-b77d-4223-b8ce-9b45e103ca54 req-1697c409-b77d-4223-b8ce-9b45e103ca54 ] Request (ImagesMetadataNegativeTestJSON:test_get_nonexistent_image_metadata_item): 404 GET http://10.180.1.21/compute/v2.1/images/67f99348-b2cb-42d0-a222-dda44ffc8a93/metadata/os_version 1.355s
2024-12-11 19:35:15.384 66553 INFO tempest.lib.common.rest_client [req-fc60cbaa-9af5-4a84-9f34-5c28ac6f35a3 req-fc60cbaa-9af5-4a84-9f34-5c28ac6f35a3 ] Request (ServersTestJSON:test_create_server_specify_multibyte_character_name): 200 GET http://10.180.1.21/compute/v2.1/servers/8ffa27e9-6a3b-48d1-aed4-c808089788d9 1.413s
2024-12-11 19:35:15.427 66583 INFO tempest.lib.common.rest_client [req-3dda079a-a315-4af8-b75c-fb2354d2b829 req-3dda079a-a315-4af8-b75c-fb2354d2b829 ] Request (KeyPairsNegativeTestJSON:test_create_keypair_with_duplicate_name): 409 POST http://10.180.1.21/compute/v2.1/os-keypairs 1.364s
2024-12-11 19:35:15.437 66579 INFO tempest.lib.common.rest_client [req-4fe9b011-ced7-4409-9a36-afa56382aa49 req-4fe9b011-ced7-4409-9a36-afa56382aa49 ] Request (QuotaClassesAdminTestJSON:tearDownClass): 204 DELETE http://10.180.1.21/identity/v3/projects/888aec68c9a842c19ce7724a41bc65c5 0.161s
2024-12-11 19:35:15.437 66579 INFO tempest.lib.common.dynamic_creds [-] Deleting project and security group for project: 537bb869e31245df84bc72e98e707a07
2024-12-11 19:35:15.465 66563 INFO tempest.lib.common.rest_client [req-e298fd9d-bd00-43b4-a2e4-8d972664f734 req-e298fd9d-bd00-43b4-a2e4-8d972664f734 ] Request (ServersTestManualDisk:setUpClass): 200 PUT http://10.180.1.21:9696/networking/v2.0/floatingips/624546f6-a690-4719-b71b-9e33fbb55ceb 1.174s
2024-12-11 19:35:15.538 66547 INFO tempest.lib.common.rest_client [req-259b769b-32e7-4556-9523-2c0c0a34c6a0 req-259b769b-32e7-4556-9523-2c0c0a34c6a0 ] Request (ListServerFiltersTestJSON:setUpClass): 200 GET http://10.180.1.21/compute/v2.1/servers/35a98028-0fc6-4e13-b50d-5dacf205dbe5 1.427s
2024-12-11 19:35:15.567 66533 INFO tempest.lib.common.rest_client [req-324e33cf-a0a9-4f3c-aae2-18e4eea86585 req-324e33cf-a0a9-4f3c-aae2-18e4eea86585 ] Request (ServerActionsTestOtherA:setUpClass): 200 GET http://10.180.1.21/compute/v2.1/servers/4e735bb6-f167-4c2b-b44e-d2dd3040603d 1.370s
2024-12-11 19:35:15.591 66531 INFO tempest.lib.common.rest_client [req-e66f8efd-135e-4669-991e-a2715ddc3a14 req-e66f8efd-135e-4669-991e-a2715ddc3a14 ] Request (ListImageFiltersTestJSON:setUpClass): 200 GET http://10.180.1.21/compute/v2.1/servers/4f9bfb02-8aea-45a9-85ea-97e70f0d41fb 1.356s
2024-12-11 19:35:15.613 66523 INFO tempest.lib.common.rest_client [req-304b1b4a-83ad-4b29-9844-bd74d2f9acb9 req-304b1b4a-83ad-4b29-9844-bd74d2f9acb9 ] Request (AggregatesAdminNegativeTestJSON:_run_cleanups): 200 DELETE http://10.180.1.21/compute/v2.1/os-aggregates/6 1.336s
2024-12-11 19:35:15.646 66543 INFO tempest.lib.common.rest_client [req-f07d6a72-e294-4817-b151-2bd1df5a1da8 req-f07d6a72-e294-4817-b151-2bd1df5a1da8 ] Request (ServerDiagnosticsTest:tearDownClass): 200 GET http://10.180.1.21/compute/v2.1/servers/585784c5-b56a-435d-8b22-53bc5cb39b25 1.370s
2024-12-11 19:35:15.678 66549 INFO tempest.lib.common.rest_client [req-7e7a87a1-c8a5-4c1e-a469-42de2381206d req-7e7a87a1-c8a5-4c1e-a469-42de2381206d ] Request (InstanceActionsTestJSON:setUpClass): 200 GET http://10.180.1.21/compute/v2.1/servers/0a940fd0-73cc-403d-9afc-a989c67dfdef 1.207s
2024-12-11 19:35:15.801 66579 INFO tempest.lib.common.rest_client [req-600decc9-3000-447a-b23c-3ddbc8502ec0 req-600decc9-3000-447a-b23c-3ddbc8502ec0 ] Request (QuotaClassesAdminTestJSON:tearDownClass): 200 GET http://10.180.1.21:9696/networking/v2.0/security-groups?tenant_id=537bb869e31245df84bc72e98e707a07&name=default 0.360s
2024-12-11 19:35:15.805 66529 INFO tempest.lib.common.rest_client [req-99bf1921-9fbc-4226-afdc-3cb671ad08a5 req-99bf1921-9fbc-4226-afdc-3cb671ad08a5 ] Request (ServersAdminNegativeTestJSON:setUpClass): 200 GET http://10.180.1.21/compute/v2.1/servers/34a464e2-d38e-4c24-a487-c62a4f484667 1.077s
2024-12-11 19:35:15.869 66552 INFO tempest.lib.common.rest_client [req-e1539c5e-d296-4c1a-8021-30d119534b53 req-e1539c5e-d296-4c1a-8021-30d119534b53 ] Request (ServerDiagnosticsNegativeTest:test_get_server_diagnostics_by_non_admin): 200 GET http://10.180.1.21/compute/v2.1/servers/a040671e-941d-4406-81af-f2f7a4b690e4 1.050s
2024-12-11 19:35:15.909 66573 INFO tempest.lib.common.rest_client [req-606a5b1f-b516-4ea9-aee7-55a9be385e70 req-606a5b1f-b516-4ea9-aee7-55a9be385e70 ] Request (QuotasAdminTestV257:test_get_updated_quotas): 200 PUT http://10.180.1.21/compute/v2.1/os-quota-sets/3f313f7c28464b37a23b277f2fbad240 1.227s
2024-12-11 19:35:15.952 66579 INFO tempest.lib.common.rest_client [req-78ad267e-b9cf-4bc8-bc77-a9369f845198 req-78ad267e-b9cf-4bc8-bc77-a9369f845198 ] Request (QuotaClassesAdminTestJSON:tearDownClass): 204 DELETE http://10.180.1.21:9696/networking/v2.0/security-groups/e999d40a-2177-482e-b863-f5e235e2dfcb 0.150s
2024-12-11 19:35:15.978 66525 INFO tempest.lib.common.rest_client [req-c0f9968b-50dc-49c8-abc2-b660bc9c46dd req-c0f9968b-50dc-49c8-abc2-b660bc9c46dd ] Request (VolumesAssistedSnapshotsTest:test_volume_assisted_snapshot_create_delete): 200 GET http://10.180.1.21/compute/v2.1/servers/8bbafd7f-cdd1-4246-a509-2f97a6f78497 1.088s
2024-12-11 19:35:16.021 66561 INFO tempest.lib.common.rest_client [req-8480ed64-07fd-4bbc-902b-4327f703cf51 req-8480ed64-07fd-4bbc-902b-4327f703cf51 ] Request (SecurityGroupsTestAdminJSON:_run_cleanups): 202 DELETE http://10.180.1.21/compute/v2.1/os-security-groups/210cb8f3-5d90-4787-96db-f75d0a28a6c3 1.145s
2024-12-11 19:35:16.069 66579 INFO tempest.lib.common.rest_client [req-5a282d4e-11c6-4dc3-a566-dcf28b855701 req-5a282d4e-11c6-4dc3-a566-dcf28b855701 ] Request (QuotaClassesAdminTestJSON:tearDownClass): 204 DELETE http://10.180.1.21/identity/v3/projects/537bb869e31245df84bc72e98e707a07 0.117s
2024-12-11 19:35:16.111 66565 INFO tempest.lib.common.rest_client [req-d8b38ec1-c26c-483f-b95b-5870214c212d req-d8b38ec1-c26c-483f-b95b-5870214c212d ] Request (ServerDiskConfigTestJSON:test_rebuild_server_with_auto_disk_config): 200 GET http://10.180.1.21/compute/v2.1/servers/5588650b-c450-489a-a456-3b580a5b9114 1.166s
2024-12-11 19:35:16.131 66561 INFO tempest.lib.common.rest_client [req-bf3eb3ab-0494-4000-a77d-fa86cb2999bc req-bf3eb3ab-0494-4000-a77d-fa86cb2999bc ] Request (SecurityGroupsTestAdminJSON:tearDownClass): 204 DELETE http://10.180.1.21/identity/v3/users/cfeffe08988145cdb041a455b9322e70 0.108s
2024-12-11 19:35:16.211 66579 INFO tempest.lib.common.rest_client [req-19be00db-6aa6-44f2-a1ad-97612845433a req-19be00db-6aa6-44f2-a1ad-97612845433a ] Request (FloatingIPsAssociationTestJSON:setUpClass): 201 POST http://10.180.1.21/identity/v3/auth/tokens 0.138s
2024-12-11 19:35:16.285 66561 INFO tempest.lib.common.rest_client [req-b65accb4-68d4-45a9-a540-9aa45c67d995 req-b65accb4-68d4-45a9-a540-9aa45c67d995 ] Request (SecurityGroupsTestAdminJSON:tearDownClass): 204 DELETE http://10.180.1.21/identity/v3/users/cc85e16e2aa343a2a38492ab6177300c 0.154s
2024-12-11 19:35:16.285 66561 INFO tempest.lib.common.dynamic_creds [-] Deleting project and security group for project: fffc35fa9ddd4ea88ef6049e616ea505
2024-12-11 19:35:16.294 66560 INFO tempest.lib.common.rest_client [req-ff47767f-c360-4d40-b77e-8584c966d6e1 req-ff47767f-c360-4d40-b77e-8584c966d6e1 ] Request (ServersTestMultiNic:_run_cleanups): 200 GET http://10.180.1.21/compute/v2.1/servers/eb840df4-edc1-44cb-84c9-f31b7b56b6bd 1.185s
2024-12-11 19:35:16.305 66579 INFO tempest.lib.common.rest_client [req-4768eb15-65aa-486f-81a2-ae52352e1908 req-4768eb15-65aa-486f-81a2-ae52352e1908 ] Request (FloatingIPsAssociationTestJSON:setUpClass): 201 POST http://10.180.1.21/identity/v3/auth/tokens 0.092s
2024-12-11 19:35:16.362 66535 INFO tempest.lib.common.rest_client [req-9544b6aa-6d74-4197-95e6-74ef38a3f5e8 req-9544b6aa-6d74-4197-95e6-74ef38a3f5e8 ] Request (ServerDiagnosticsV248Test:tearDownClass): 200 GET http://10.180.1.21/compute/v2.1/servers/731e7110-9709-4c4e-96d2-00e21e67c6e3 1.171s
2024-12-11 19:35:16.384 66561 INFO tempest.lib.common.rest_client [req-95657c24-7074-4999-afd6-96c44942506b req-95657c24-7074-4999-afd6-96c44942506b ] Request (SecurityGroupsTestAdminJSON:tearDownClass): 201 POST http://10.180.1.21/identity/v3/auth/tokens 0.099s
2024-12-11 19:35:16.395 66579 INFO tempest.lib.common.rest_client [req-2b6ec8b6-427e-4ffa-9373-4dac234f2e81 req-2b6ec8b6-427e-4ffa-9373-4dac234f2e81 ] Request (FloatingIPsAssociationTestJSON:setUpClass): 200 GET http://10.180.1.21/identity/v3/domains?name=Default 0.089s
2024-12-11 19:35:16.429 66545 INFO tempest.lib.common.rest_client [req-2521ce12-f6f8-40b0-abeb-59ddfdf9fff4 req-2521ce12-f6f8-40b0-abeb-59ddfdf9fff4 ] Request (ServersWithSpecificFlavorTestJSON:test_verify_created_server_ephemeral_disk): 200 GET http://10.180.1.21/compute/v2.1/servers/cfe53f9c-d78b-4af7-b991-f3549c03f22d 1.230s
2024-12-11 19:35:16.433 66579 INFO tempest.lib.common.rest_client [req-6f7840ca-cb99-430e-b966-3693778b712b req-6f7840ca-cb99-430e-b966-3693778b712b ] Request (FloatingIPsAssociationTestJSON:setUpClass): 201 POST http://10.180.1.21/identity/v3/projects 0.037s
2024-12-11 19:35:16.439 66545 INFO tempest.common.waiters [-] State transition "BUILD/scheduling" ==> "BUILD/None" after 17 second wait
2024-12-11 19:35:16.495 66567 INFO tempest.lib.common.rest_client [req-5474bd0a-df22-4ae1-875f-a8f3f15f1cd8 req-5474bd0a-df22-4ae1-875f-a8f3f15f1cd8 ] Request (ServerExternalEventsTest:test_create_server_external_events): 200 GET http://10.180.1.21/compute/v2.1/servers/d42295c9-2b0e-471e-9a87-1d7367de9588 1.269s
2024-12-11 19:35:16.499 66579 INFO tempest.lib.common.rest_client [req-ce93a852-e23d-4a52-a1a4-b46a1a1bad7c req-ce93a852-e23d-4a52-a1a4-b46a1a1bad7c ] Request (FloatingIPsAssociationTestJSON:setUpClass): 201 POST http://10.180.1.21/identity/v3/users 0.066s
2024-12-11 19:35:16.537 66579 INFO tempest.lib.common.rest_client [req-f8957d50-b67b-4282-baee-d0f7ba51c59e req-f8957d50-b67b-4282-baee-d0f7ba51c59e ] Request (FloatingIPsAssociationTestJSON:setUpClass): 200 GET http://10.180.1.21/identity/v3/roles 0.037s
2024-12-11 19:35:16.547 66557 INFO tempest.lib.common.rest_client [req-5694e3ad-a69d-4721-8d52-7505a24eee44 req-5694e3ad-a69d-4721-8d52-7505a24eee44 ] Request (TenantUsagesTestJSON:setUpClass): 202 POST http://10.180.1.21/compute/v2.1/servers 1.558s
2024-12-11 19:35:16.561 66561 INFO tempest.lib.common.rest_client [req-f39ee223-1e16-4630-b816-4f6609f515b1 req-f39ee223-1e16-4630-b816-4f6609f515b1 ] Request (SecurityGroupsTestAdminJSON:tearDownClass): 200 GET http://10.180.1.21:9696/networking/v2.0/security-groups?tenant_id=fffc35fa9ddd4ea88ef6049e616ea505&name=default 0.176s
2024-12-11 19:35:16.571 66579 INFO tempest.lib.common.rest_client [req-1a550cd7-42bd-48c5-b562-75c307f4c5ce req-1a550cd7-42bd-48c5-b562-75c307f4c5ce ] Request (FloatingIPsAssociationTestJSON:setUpClass): 204 PUT http://10.180.1.21/identity/v3/projects/1c995c2427bd4f7da644d0a8df7d69da/users/da50a3ca3cd14a109573a5f5da2ceef0/roles/1d8344260dd84194a291151faa5854f3 0.033s
2024-12-11 19:35:16.572 66579 INFO tempest.lib.common.dynamic_creds [-] Dynamic test user da50a3ca3cd14a109573a5f5da2ceef0 is created with scope project and roles: ['member']
2024-12-11 19:35:16.572 66579 INFO tempest.lib.common.dynamic_creds [-] Acquired dynamic creds: credentials: Credentials: {'domain_id': 'default', 'domain_name': 'Default', 'username': 'tempest-FloatingIPsAssociationTestJSON-1796888155-project-member', 'project_domain_id': 'default', 'project_domain_name': 'Default', 'project_id': '1c995c2427bd4f7da644d0a8df7d69da', 'project_name': 'tempest-FloatingIPsAssociationTestJSON-1796888155', 'tenant_id': '1c995c2427bd4f7da644d0a8df7d69da', 'tenant_name': 'tempest-FloatingIPsAssociationTestJSON-1796888155', 'user_domain_id': 'default', 'user_domain_name': 'Default', 'user_id': 'da50a3ca3cd14a109573a5f5da2ceef0', 'system': None}, Network: None, Subnet: None, Router: None
2024-12-11 19:35:16.621 66569 INFO tempest.lib.common.rest_client [req-42f6ebb6-18d5-44af-8f1d-d4e416860839 req-42f6ebb6-18d5-44af-8f1d-d4e416860839 ] Request (DeleteServersAdminTestJSON:test_admin_delete_servers_of_others): 200 GET http://10.180.1.21/compute/v2.1/servers/0604d37b-38c5-4510-894e-b26fd44e17c5 1.341s
2024-12-11 19:35:16.643 66579 INFO tempest.lib.common.rest_client [req-5f4b33a0-873e-47aa-9d0e-8ef6aafc60c9 req-5f4b33a0-873e-47aa-9d0e-8ef6aafc60c9 ] Request (FloatingIPsAssociationTestJSON:setUpClass): 201 POST http://10.180.1.21/identity/v3/auth/tokens 0.071s
2024-12-11 19:35:16.705 66571 INFO tempest.lib.common.rest_client [req-29c751c4-09bf-4df4-bb31-5d0f706f5eee req-29c751c4-09bf-4df4-bb31-5d0f706f5eee ] Request (AttachInterfacesTestJSON:test_create_list_show_delete_interfaces_by_fixed_ip): 200 GET http://10.180.1.21/compute/v2.1/servers/0029d975-bd48-4558-9f41-a0cf91336393 1.341s
2024-12-11 19:35:16.729 66541 INFO tempest.lib.common.rest_client [req-9c88f678-5f3f-4154-8954-f687cfde5cd7 req-9c88f678-5f3f-4154-8954-f687cfde5cd7 ] Request (ImagesMetadataNegativeTestJSON:test_list_nonexistent_image_metadata): 404 GET http://10.180.1.21/compute/v2.1/images/f9753e20-73c0-4f74-a498-a3f226a86a2e/metadata 1.360s
2024-12-11 19:35:16.749 66583 INFO tempest.lib.common.rest_client [req-a75dc0de-a00c-4ffe-9481-51303649b456 req-a75dc0de-a00c-4ffe-9481-51303649b456 ] Request (KeyPairsNegativeTestJSON:test_create_keypair_with_duplicate_name): 202 DELETE http://10.180.1.21/compute/v2.1/os-keypairs/tempest-keypair-1010859617 1.321s
2024-12-11 19:35:16.947 66561 INFO tempest.lib.common.rest_client [req-c0d810b0-3b80-422f-a3c4-2270270e8e9c req-c0d810b0-3b80-422f-a3c4-2270270e8e9c ] Request (SecurityGroupsTestAdminJSON:tearDownClass): 204 DELETE http://10.180.1.21:9696/networking/v2.0/security-groups/fbba4d7c-71a8-4300-a595-c832a914899f 0.385s
2024-12-11 19:35:17.022 66561 INFO tempest.lib.common.rest_client [req-c79fd66f-a46f-4aed-ab30-f9871a03396f req-c79fd66f-a46f-4aed-ab30-f9871a03396f ] Request (SecurityGroupsTestAdminJSON:tearDownClass): 204 DELETE http://10.180.1.21/identity/v3/projects/fffc35fa9ddd4ea88ef6049e616ea505 0.075s
2024-12-11 19:35:17.022 66561 INFO tempest.lib.common.dynamic_creds [-] Deleting project and security group for project: 454119c01e7b48d8acabb2077370e790
2024-12-11 19:35:17.095 66537 INFO tempest.lib.common.rest_client [req-e79bfc71-758a-484d-8e1e-00fb2986152a req-e79bfc71-758a-484d-8e1e-00fb2986152a ] Request (SecurityGroupRulesNegativeTestJSON:tearDownClass): 200 PUT http://10.180.1.21:9696/networking/v2.0/routers/c539134a-ec06-4852-bef8-236b771708c9/remove_router_interface 1.754s
2024-12-11 19:35:17.127 66561 INFO tempest.lib.common.rest_client [req-34f4d3f8-2fb4-446d-bc49-9420d7e5b243 req-34f4d3f8-2fb4-446d-bc49-9420d7e5b243 ] Request (SecurityGroupsTestAdminJSON:tearDownClass): 200 GET http://10.180.1.21:9696/networking/v2.0/security-groups?tenant_id=454119c01e7b48d8acabb2077370e790&name=default 0.104s
2024-12-11 19:35:17.242 66563 INFO tempest.lib.common.rest_client [req-b724f7a5-5bef-4b17-8cb2-62a36697480f req-b724f7a5-5bef-4b17-8cb2-62a36697480f ] Request (ServersTestManualDisk:setUpClass): 200 GET http://10.180.1.21/compute/v2.1/servers/612e95d6-28ef-4c9a-b5d9-fd83122bfa44 1.776s
2024-12-11 19:35:17.253 66563 INFO tempest.lib.common.ssh [-] Creating ssh connection to '10.180.180.187:22' as 'cirros' with public key authentication
2024-12-11 19:35:17.362 66575 INFO tempest.lib.common.rest_client [req-0d06a1af-df1d-4fe2-8e67-fa5f124f4e0a req-0d06a1af-df1d-4fe2-8e67-fa5f124f4e0a ] Request (ImagesNegativeTestJSON:test_create_image_from_deleted_server): 200 GET http://10.180.1.21/compute/v2.1/servers/3266d254-4a75-4fd3-b4e7-ebeb86467cbe 1.761s
2024-12-11 19:35:17.373 66523 INFO tempest.lib.common.rest_client [req-b0d1be03-4761-4b52-bf7a-df5ad0cd270b req-b0d1be03-4761-4b52-bf7a-df5ad0cd270b ] Request (AggregatesAdminNegativeTestJSON:test_aggregate_get_details_with_invalid_id): 404 GET http://10.180.1.21/compute/v2.1/os-aggregates/-1 1.758s
2024-12-11 19:35:17.401 66561 INFO tempest.lib.common.rest_client [req-baa6bd97-9ce6-4005-b9a2-da97a41be83c req-baa6bd97-9ce6-4005-b9a2-da97a41be83c ] Request (SecurityGroupsTestAdminJSON:tearDownClass): 204 DELETE http://10.180.1.21:9696/networking/v2.0/security-groups/3f6a2dc6-ad03-4194-8689-ad15cf193319 0.274s
2024-12-11 19:35:17.466 66579 INFO tempest.lib.common.rest_client [req-6c9e0074-2fe0-4a9c-a7bb-69cd07bfd4c2 req-6c9e0074-2fe0-4a9c-a7bb-69cd07bfd4c2 ] Request (FloatingIPsAssociationTestJSON:setUpClass): 201 POST http://10.180.1.21:9696/networking/v2.0/networks 0.822s
2024-12-11 19:35:17.548 66573 INFO tempest.lib.common.rest_client [req-ebb2d120-4553-4ea3-9a7d-7717178094d1 req-ebb2d120-4553-4ea3-9a7d-7717178094d1 ] Request (QuotasAdminTestV257:test_get_updated_quotas): 200 GET http://10.180.1.21/compute/v2.1/os-quota-sets/3f313f7c28464b37a23b277f2fbad240/detail 1.637s
2024-12-11 19:35:17.560 66561 INFO tempest.lib.common.rest_client [req-8655a44f-f358-4cbf-887a-a40af5b8ad6f req-8655a44f-f358-4cbf-887a-a40af5b8ad6f ] Request (SecurityGroupsTestAdminJSON:tearDownClass): 204 DELETE http://10.180.1.21/identity/v3/projects/454119c01e7b48d8acabb2077370e790 0.158s
2024-12-11 19:35:17.625 66555 INFO tempest.lib.common.rest_client [req-d5cc5462-7a7f-4ea6-a3b3-d71a7281e277 req-d5cc5462-7a7f-4ea6-a3b3-d71a7281e277 ] Request (ServersAdminTestJSON:setUpClass): 200 GET http://10.180.1.21/compute/v2.1/servers/7cc6d4a6-2765-44e7-b378-e213a562593d 1.639s
2024-12-11 19:35:17.637 66561 INFO tempest.lib.common.rest_client [req-15e5dba7-42aa-4751-aa8e-a34fabd9df29 req-15e5dba7-42aa-4751-aa8e-a34fabd9df29 ] Request (VolumesAdminNegativeTest:setUpClass): 201 POST http://10.180.1.21/identity/v3/auth/tokens 0.075s
2024-12-11 19:35:17.662 66573 INFO tempest.lib.common.rest_client [req-1e035e01-e2e2-4584-bbe5-6ba5295db4b7 req-1e035e01-e2e2-4584-bbe5-6ba5295db4b7 ] Request (QuotasAdminTestV257:test_get_updated_quotas): 200 GET http://10.180.1.21/identity/v3/domains?name=Default 0.111s
2024-12-11 19:35:17.673 66561 INFO tempest.lib.common.rest_client [req-9ca985fb-dff9-4980-8d77-93d9862f7615 req-9ca985fb-dff9-4980-8d77-93d9862f7615 ] Request (VolumesAdminNegativeTest:setUpClass): 201 POST http://10.180.1.21/identity/v3/auth/tokens 0.032s
2024-12-11 19:35:17.695 66537 INFO tempest.lib.common.rest_client [req-30cae943-942d-42eb-adbb-163d2f63e48e req-30cae943-942d-42eb-adbb-163d2f63e48e ] Request (SecurityGroupRulesNegativeTestJSON:tearDownClass): 204 DELETE http://10.180.1.21:9696/networking/v2.0/routers/c539134a-ec06-4852-bef8-236b771708c9 0.599s
2024-12-11 19:35:17.702 66561 INFO tempest.lib.common.rest_client [req-8eb91d7b-40ec-4272-b6ca-161e2780e2a1 req-8eb91d7b-40ec-4272-b6ca-161e2780e2a1 ] Request (VolumesAdminNegativeTest:setUpClass): 200 GET http://10.180.1.21/identity/v3/domains?name=Default 0.029s
2024-12-11 19:35:17.707 66573 INFO tempest.lib.common.rest_client [req-9e93ead1-bf66-4c64-82aa-d754c6625849 req-9e93ead1-bf66-4c64-82aa-d754c6625849 ] Request (QuotasAdminTestV257:test_get_updated_quotas): 201 POST http://10.180.1.21/identity/v3/users 0.044s
2024-12-11 19:35:17.730 66573 INFO tempest.lib.common.rest_client [req-76aa022f-00e7-43ae-9879-a6547d1c69b2 req-76aa022f-00e7-43ae-9879-a6547d1c69b2 ] Request (QuotasAdminTestV257:test_get_updated_quotas): 200 GET http://10.180.1.21/identity/v3/domains?name=Default 0.023s
2024-12-11 19:35:17.734 66561 INFO tempest.lib.common.rest_client [req-bc94c048-1669-4d85-9202-97ccc8df722b req-bc94c048-1669-4d85-9202-97ccc8df722b ] Request (VolumesAdminNegativeTest:setUpClass): 201 POST http://10.180.1.21/identity/v3/projects 0.030s
2024-12-11 19:35:17.795 66561 INFO tempest.lib.common.rest_client [req-cd95f565-ee1a-483b-94bd-9f134264a0a8 req-cd95f565-ee1a-483b-94bd-9f134264a0a8 ] Request (VolumesAdminNegativeTest:setUpClass): 201 POST http://10.180.1.21/identity/v3/users 0.060s
2024-12-11 19:35:17.814 66561 INFO tempest.lib.common.rest_client [req-869b7406-776f-4c32-ac7a-cd0cc03fcaf6 req-869b7406-776f-4c32-ac7a-cd0cc03fcaf6 ] Request (VolumesAdminNegativeTest:setUpClass): 200 GET http://10.180.1.21/identity/v3/roles 0.019s
2024-12-11 19:35:17.832 66577 INFO tempest.lib.common.rest_client [req-08c2a7bc-73f7-43f5-b5a4-c5d1966fb4af req-08c2a7bc-73f7-43f5-b5a4-c5d1966fb4af ] Request (MigrationsAdminTest:test_list_migrations_in_flavor_resize_situation): 200 GET http://10.180.1.21/compute/v2.1/servers/12768001-6ed0-47be-8f20-c59ee82b842a 1.803s
2024-12-11 19:35:17.851 66561 INFO tempest.lib.common.rest_client [req-6bf467f0-0232-461e-94f5-2d07eeb7333e req-6bf467f0-0232-461e-94f5-2d07eeb7333e ] Request (VolumesAdminNegativeTest:setUpClass): 204 PUT http://10.180.1.21/identity/v3/projects/fc4a16c9d5d346489a9c8efec041df23/users/f8223ce0f63d477ba38653abf5992eb2/roles/1d8344260dd84194a291151faa5854f3 0.036s
2024-12-11 19:35:17.851 66561 INFO tempest.lib.common.dynamic_creds [-] Dynamic test user f8223ce0f63d477ba38653abf5992eb2 is created with scope project and roles: ['member']
2024-12-11 19:35:17.851 66561 INFO tempest.lib.common.dynamic_creds [-] Acquired dynamic creds: credentials: Credentials: {'domain_id': 'default', 'domain_name': 'Default', 'username': 'tempest-VolumesAdminNegativeTest-1464576921-project-member', 'project_domain_id': 'default', 'project_domain_name': 'Default', 'project_id': 'fc4a16c9d5d346489a9c8efec041df23', 'project_name': 'tempest-VolumesAdminNegativeTest-1464576921', 'tenant_id': 'fc4a16c9d5d346489a9c8efec041df23', 'tenant_name': 'tempest-VolumesAdminNegativeTest-1464576921', 'user_domain_id': 'default', 'user_domain_name': 'Default', 'user_id': 'f8223ce0f63d477ba38653abf5992eb2', 'system': None}, Network: None, Subnet: None, Router: None
2024-12-11 19:35:17.890 66579 INFO tempest.lib.common.rest_client [req-6a832ca9-a62e-4b06-98eb-b6e30b848bff req-6a832ca9-a62e-4b06-98eb-b6e30b848bff ] Request (FloatingIPsAssociationTestJSON:setUpClass): 201 POST http://10.180.1.21:9696/networking/v2.0/subnets 0.424s
2024-12-11 19:35:17.917 66561 INFO tempest.lib.common.rest_client [req-c4ef5047-6299-4e44-970c-5e6a6736394a req-c4ef5047-6299-4e44-970c-5e6a6736394a ] Request (VolumesAdminNegativeTest:setUpClass): 201 POST http://10.180.1.21/identity/v3/auth/tokens 0.065s
2024-12-11 19:35:17.921 66539 INFO tempest.lib.common.rest_client [req-91bc6276-f257-40ef-bbef-b4223dcd75a0 req-91bc6276-f257-40ef-bbef-b4223dcd75a0 ] Request (ListServersNegativeTestJSON:setUpClass): 200 GET http://10.180.1.21/compute/v2.1/servers/26b283b0-98b4-4a15-abe0-fbf97e1f49eb 1.862s
2024-12-11 19:35:17.964 66581 INFO tempest.lib.common.rest_client [req-2ef42dc2-308a-4423-8f9a-c1a4d6b467be req-2ef42dc2-308a-4423-8f9a-c1a4d6b467be ] Request (FloatingIPsTestJSON:test_allocate_floating_ip): 200 POST http://10.180.1.21/compute/v2.1/os-floating-ips 2.705s
2024-12-11 19:35:18.002 66537 INFO tempest.lib.common.rest_client [req-b83a7d74-8927-45d9-91a5-64dd9a41a5fd req-b83a7d74-8927-45d9-91a5-64dd9a41a5fd ] Request (SecurityGroupRulesNegativeTestJSON:tearDownClass): 204 DELETE http://10.180.1.21:9696/networking/v2.0/subnets/fab31e57-3f38-4eb7-a357-740f32b14f49 0.306s
2024-12-11 19:35:18.002 66527 INFO tempest.lib.common.rest_client [req-c48d681f-3bcc-44b9-ab59-9b6ce2ce8484 req-c48d681f-3bcc-44b9-ab59-9b6ce2ce8484 ] Request (ServersAdmin275Test:test_rebuild_update_server_275): 200 GET http://10.180.1.21/compute/v2.1/servers/7490c825-dfd5-409c-9fd6-0e78643338fb 1.869s
2024-12-11 19:35:18.319 66553 INFO tempest.lib.common.rest_client [req-5529e799-14b9-480b-a62d-5b52edc2d1ff req-5529e799-14b9-480b-a62d-5b52edc2d1ff ] Request (ServersTestJSON:test_create_server_specify_multibyte_character_name): 200 GET http://10.180.1.21/compute/v2.1/servers/8ffa27e9-6a3b-48d1-aed4-c808089788d9 1.926s
2024-12-11 19:35:18.328 66553 INFO tempest.common.waiters [-] State transition "BUILD/spawning" ==> "ACTIVE/None" after 36 second wait
2024-12-11 19:35:18.341 66547 INFO tempest.lib.common.rest_client [req-9e3366a2-de15-4a5c-ae01-8a6c85a80714 req-9e3366a2-de15-4a5c-ae01-8a6c85a80714 ] Request (ListServerFiltersTestJSON:setUpClass): 200 GET http://10.180.1.21/compute/v2.1/servers/35a98028-0fc6-4e13-b50d-5dacf205dbe5 1.794s
2024-12-11 19:35:18.351 66547 INFO tempest.common.waiters [-] State transition "BUILD/spawning" ==> "ACTIVE/None" after 35 second wait
2024-12-11 19:35:18.401 66557 INFO tempest.lib.common.rest_client [req-39b072bd-0139-4d93-abd9-0ebfe1bf8239 req-39b072bd-0139-4d93-abd9-0ebfe1bf8239 ] Request (TenantUsagesTestJSON:setUpClass): 200 GET http://10.180.1.21/compute/v2.1/servers/aca56820-5a06-43dd-9d98-25421f7ef6a6 1.853s
2024-12-11 19:35:18.409 66537 INFO tempest.lib.common.rest_client [req-c89096a7-f1ca-42ad-8611-76b6d8c49fdd req-c89096a7-f1ca-42ad-8611-76b6d8c49fdd ] Request (SecurityGroupRulesNegativeTestJSON:tearDownClass): 204 DELETE http://10.180.1.21:9696/networking/v2.0/networks/3bc21383-379b-48c8-8d74-94d4000edb0c 0.407s
2024-12-11 19:35:18.430 66553 INFO tempest.lib.common.rest_client [req-ed65b326-ebb7-4dfa-97fc-b705e5eda2a8 req-ed65b326-ebb7-4dfa-97fc-b705e5eda2a8 ] Request (ServersTestJSON:test_create_server_with_admin_password): 201 POST http://10.180.1.21/identity/v3/auth/tokens 0.095s
2024-12-11 19:35:18.431 66553 INFO tempest.lib.common.fixed_network [-] (ServersTestJSON:test_create_server_with_admin_password) Found network {'id': '22bd7136-e6e5-445f-8cd0-6cfe0341410c', 'name': 'tempest-ServersTestJSON-2034430291-network', 'tenant_id': '94a46473611d4b22be7c66c909d1b348', 'admin_state_up': True, 'mtu': 8950, 'status': 'ACTIVE', 'subnets': [], 'shared': False, 'project_id': '94a46473611d4b22be7c66c909d1b348', 'port_security_enabled': True, 'router:external': False, 'provider:network_type': 'vlan', 'provider:physical_network': 'default', 'provider:segmentation_id': 313, 'availability_zone_hints': [], 'availability_zones': [], 'ipv4_address_scope': None, 'ipv6_address_scope': None, 'description': '', 'tags': [], 'created_at': '2024-12-11T19:34:32Z', 'updated_at': '2024-12-11T19:34:32Z', 'revision_number': 1} available for tenant
2024-12-11 19:35:18.491 66531 INFO tempest.lib.common.rest_client [req-737a0687-0c51-4e4b-ba15-0d7aab41eeb0 req-737a0687-0c51-4e4b-ba15-0d7aab41eeb0 ] Request (ListImageFiltersTestJSON:setUpClass): 200 GET http://10.180.1.21/compute/v2.1/servers/4f9bfb02-8aea-45a9-85ea-97e70f0d41fb 1.892s
2024-12-11 19:35:18.515 66537 INFO tempest.lib.common.rest_client [req-17a4b515-a986-49fb-9543-50e8f5f67bab req-17a4b515-a986-49fb-9543-50e8f5f67bab ] Request (SecurityGroupRulesNegativeTestJSON:tearDownClass): 204 DELETE http://10.180.1.21/identity/v3/users/514c70ff58044de5a34e51b0ca143123 0.105s
2024-12-11 19:35:18.515 66537 INFO tempest.lib.common.dynamic_creds [-] Deleting project and security group for project: fa39ca8315f94752b0ab380315979616
2024-12-11 19:35:18.552 66537 INFO tempest.lib.common.rest_client [req-0937227e-781b-4c4c-a461-a19bc34a8ee7 req-0937227e-781b-4c4c-a461-a19bc34a8ee7 ] Request (SecurityGroupRulesNegativeTestJSON:tearDownClass): 200 GET http://10.180.1.21:9696/networking/v2.0/security-groups?tenant_id=fa39ca8315f94752b0ab380315979616&name=default 0.037s
2024-12-11 19:35:18.583 66543 INFO tempest.lib.common.rest_client [req-2b015ae2-8255-4c94-b74f-da8c295ff97d req-2b015ae2-8255-4c94-b74f-da8c295ff97d ] Request (ServerDiagnosticsTest:tearDownClass): 200 GET http://10.180.1.21/compute/v2.1/servers/585784c5-b56a-435d-8b22-53bc5cb39b25 1.931s
2024-12-11 19:35:18.621 66561 INFO tempest.lib.common.rest_client [req-e4d19195-da86-4b5a-8af3-89c86a0d00cc req-e4d19195-da86-4b5a-8af3-89c86a0d00cc ] Request (VolumesAdminNegativeTest:setUpClass): 201 POST http://10.180.1.21:9696/networking/v2.0/networks 0.699s
2024-12-11 19:35:18.654 66549 INFO tempest.lib.common.rest_client [req-27731041-0b97-48f0-996a-bb54cf609fd7 req-27731041-0b97-48f0-996a-bb54cf609fd7 ] Request (InstanceActionsTestJSON:setUpClass): 200 GET http://10.180.1.21/compute/v2.1/servers/0a940fd0-73cc-403d-9afc-a989c67dfdef 1.969s
2024-12-11 19:35:18.661 66537 INFO tempest.lib.common.rest_client [req-0151986c-07de-49ab-9d3d-fd5c6c8643da req-0151986c-07de-49ab-9d3d-fd5c6c8643da ] Request (SecurityGroupRulesNegativeTestJSON:tearDownClass): 204 DELETE http://10.180.1.21:9696/networking/v2.0/security-groups/8912675d-44f8-4553-95f7-672a78a62804 0.108s
2024-12-11 19:35:18.673 66533 INFO tempest.lib.common.rest_client [req-f2be2dcf-3357-4ce5-bc50-5e75056a27db req-f2be2dcf-3357-4ce5-bc50-5e75056a27db ] Request (ServerActionsTestOtherA:setUpClass): 200 GET http://10.180.1.21/compute/v2.1/servers/4e735bb6-f167-4c2b-b44e-d2dd3040603d 2.099s
2024-12-11 19:35:18.681 66583 INFO tempest.lib.common.rest_client [req-6d3aa84a-355c-418b-8e95-3f9e35b62311 req-6d3aa84a-355c-418b-8e95-3f9e35b62311 ] Request (KeyPairsNegativeTestJSON:test_create_keypair_with_empty_name_string): 400 POST http://10.180.1.21/compute/v2.1/os-keypairs 1.931s
2024-12-11 19:35:18.687 66541 INFO tempest.lib.common.rest_client [req-d8f423f6-2dcd-4c73-ac8a-5691b5bde1a6 req-d8f423f6-2dcd-4c73-ac8a-5691b5bde1a6 ] Request (ImagesMetadataNegativeTestJSON:test_set_nonexistent_image_metadata): 404 PUT http://10.180.1.21/compute/v2.1/images/07960a42-31a2-4655-b586-3c29615a414e/metadata 1.957s
2024-12-11 19:35:18.755 66552 INFO tempest.lib.common.rest_client [req-18242ddf-f590-4172-8d71-9a0f37d8a298 req-18242ddf-f590-4172-8d71-9a0f37d8a298 ] Request (ServerDiagnosticsNegativeTest:test_get_server_diagnostics_by_non_admin): 200 GET http://10.180.1.21/compute/v2.1/servers/a040671e-941d-4406-81af-f2f7a4b690e4 1.873s
2024-12-11 19:35:18.766 66537 INFO tempest.lib.common.rest_client [req-aad9de1e-125f-4af2-ab22-b5021eed13ea req-aad9de1e-125f-4af2-ab22-b5021eed13ea ] Request (SecurityGroupRulesNegativeTestJSON:tearDownClass): 204 DELETE http://10.180.1.21/identity/v3/projects/fa39ca8315f94752b0ab380315979616 0.104s
2024-12-11 19:35:18.807 66561 INFO tempest.lib.common.rest_client [req-9b16f110-2b89-4870-a30a-bd0a5cf610b7 req-9b16f110-2b89-4870-a30a-bd0a5cf610b7 ] Request (VolumesAdminNegativeTest:setUpClass): 201 POST http://10.180.1.21:9696/networking/v2.0/subnets 0.185s
2024-12-11 19:35:18.829 66525 INFO tempest.lib.common.rest_client [req-71956dc9-44b6-481a-9b0e-6cb0eafc3a71 req-71956dc9-44b6-481a-9b0e-6cb0eafc3a71 ] Request (VolumesAssistedSnapshotsTest:test_volume_assisted_snapshot_create_delete): 200 GET http://10.180.1.21/compute/v2.1/servers/8bbafd7f-cdd1-4246-a509-2f97a6f78497 1.838s
2024-12-11 19:35:18.852 66529 INFO tempest.lib.common.rest_client [req-87f9eb07-1852-44d5-bb6d-2622ccba62a6 req-87f9eb07-1852-44d5-bb6d-2622ccba62a6 ] Request (ServersAdminNegativeTestJSON:setUpClass): 200 GET http://10.180.1.21/compute/v2.1/servers/34a464e2-d38e-4c24-a487-c62a4f484667 2.036s
2024-12-11 19:35:18.853 66537 INFO tempest.lib.common.rest_client [req-4dc4b44b-8018-43c5-9c16-681cd0ce70ed req-4dc4b44b-8018-43c5-9c16-681cd0ce70ed ] Request (InstanceActionsNegativeTestJSON:setUpClass): 201 POST http://10.180.1.21/identity/v3/auth/tokens 0.085s
2024-12-11 19:35:18.902 66537 INFO tempest.lib.common.rest_client [req-2f6df7ed-4e37-4a83-a88b-50a1ec38b390 req-2f6df7ed-4e37-4a83-a88b-50a1ec38b390 ] Request (InstanceActionsNegativeTestJSON:setUpClass): 201 POST http://10.180.1.21/identity/v3/auth/tokens 0.040s
2024-12-11 19:35:18.938 66560 INFO tempest.lib.common.rest_client [req-eca233d1-90cc-4bd5-a7cf-53ab1b16fc36 req-eca233d1-90cc-4bd5-a7cf-53ab1b16fc36 ] Request (ServersTestMultiNic:_run_cleanups): 200 GET http://10.180.1.21/compute/v2.1/servers/eb840df4-edc1-44cb-84c9-f31b7b56b6bd 1.632s
2024-12-11 19:35:18.945 66523 INFO tempest.lib.common.rest_client [req-604294db-8ced-45f6-a8e6-a6fd71cee1be req-604294db-8ced-45f6-a8e6-a6fd71cee1be ] Request (AggregatesAdminNegativeTestJSON:test_aggregate_list_as_user): 403 GET http://10.180.1.21/compute/v2.1/os-aggregates 1.570s
2024-12-11 19:35:18.945 66560 INFO tempest.common.waiters [-] State transition "ACTIVE/deleting" ==> "DELETED/None" after 4 second wait
2024-12-11 19:35:18.953 66537 INFO tempest.lib.common.rest_client [req-a9ac798a-4d85-4f99-8af3-2be99390921e req-a9ac798a-4d85-4f99-8af3-2be99390921e ] Request (InstanceActionsNegativeTestJSON:setUpClass): 200 GET http://10.180.1.21/identity/v3/domains?name=Default 0.050s
2024-12-11 19:35:18.992 66537 INFO tempest.lib.common.rest_client [req-5d1fbb84-8dee-44c3-b1dd-67fe41dca00a req-5d1fbb84-8dee-44c3-b1dd-67fe41dca00a ] Request (InstanceActionsNegativeTestJSON:setUpClass): 201 POST http://10.180.1.21/identity/v3/projects 0.039s
2024-12-11 19:35:19.011 66535 INFO tempest.lib.common.rest_client [req-52c4160c-a1ac-4a89-b717-1b0e4080816e req-52c4160c-a1ac-4a89-b717-1b0e4080816e ] Request (ServerDiagnosticsV248Test:tearDownClass): 200 GET http://10.180.1.21/compute/v2.1/servers/731e7110-9709-4c4e-96d2-00e21e67c6e3 1.634s
2024-12-11 19:35:19.070 66537 INFO tempest.lib.common.rest_client [req-cacfcb7d-bbdf-4ba7-bff6-1181a577e9d4 req-cacfcb7d-bbdf-4ba7-bff6-1181a577e9d4 ] Request (InstanceActionsNegativeTestJSON:setUpClass): 201 POST http://10.180.1.21/identity/v3/users 0.077s
2024-12-11 19:35:19.071 66565 INFO tempest.lib.common.rest_client [req-428a5c34-3263-4a03-8d1b-d8639f03d9ae req-428a5c34-3263-4a03-8d1b-d8639f03d9ae ] Request (ServerDiskConfigTestJSON:test_rebuild_server_with_auto_disk_config): 200 GET http://10.180.1.21/compute/v2.1/servers/5588650b-c450-489a-a456-3b580a5b9114 1.952s
2024-12-11 19:35:19.074 66545 INFO tempest.lib.common.rest_client [req-f476a5f7-c176-490b-af01-f7b3a67a527a req-f476a5f7-c176-490b-af01-f7b3a67a527a ] Request (ServersWithSpecificFlavorTestJSON:test_verify_created_server_ephemeral_disk): 200 GET http://10.180.1.21/compute/v2.1/servers/cfe53f9c-d78b-4af7-b991-f3549c03f22d 1.633s
2024-12-11 19:35:19.079 66565 INFO tempest.common.waiters [-] State transition "REBUILD/rebuild_spawning" ==> "ACTIVE/None" after 14 second wait
2024-12-11 19:35:19.102 66537 INFO tempest.lib.common.rest_client [req-da1918fc-660b-477c-b082-73e8488dc3e0 req-da1918fc-660b-477c-b082-73e8488dc3e0 ] Request (InstanceActionsNegativeTestJSON:setUpClass): 200 GET http://10.180.1.21/identity/v3/roles 0.031s
2024-12-11 19:35:19.141 66567 INFO tempest.lib.common.rest_client [req-3ef6b9da-fa65-4be6-94cc-c0230ab024c7 req-3ef6b9da-fa65-4be6-94cc-c0230ab024c7 ] Request (ServerExternalEventsTest:test_create_server_external_events): 200 GET http://10.180.1.21/compute/v2.1/servers/d42295c9-2b0e-471e-9a87-1d7367de9588 1.635s
2024-12-11 19:35:19.143 66569 INFO tempest.lib.common.rest_client [req-3318fb72-be5c-4d05-9669-2a0f59d9e188 req-3318fb72-be5c-4d05-9669-2a0f59d9e188 ] Request (DeleteServersAdminTestJSON:test_admin_delete_servers_of_others): 200 GET http://10.180.1.21/compute/v2.1/servers/0604d37b-38c5-4510-894e-b26fd44e17c5 1.510s
2024-12-11 19:35:19.149 66537 INFO tempest.lib.common.rest_client [req-3251805f-07ee-41fb-9de3-3af60be0fea9 req-3251805f-07ee-41fb-9de3-3af60be0fea9 ] Request (InstanceActionsNegativeTestJSON:setUpClass): 204 PUT http://10.180.1.21/identity/v3/projects/5f069093317e433cb38a868215dbf03d/users/8cdbd43af76041c3a16e24bc5e8cb4a3/roles/1d8344260dd84194a291151faa5854f3 0.046s
2024-12-11 19:35:19.149 66537 INFO tempest.lib.common.dynamic_creds [-] Dynamic test user 8cdbd43af76041c3a16e24bc5e8cb4a3 is created with scope project and roles: ['member']
2024-12-11 19:35:19.150 66537 INFO tempest.lib.common.dynamic_creds [-] Acquired dynamic creds: credentials: Credentials: {'domain_id': 'default', 'domain_name': 'Default', 'username': 'tempest-InstanceActionsNegativeTestJSON-635844065-project-member', 'project_domain_id': 'default', 'project_domain_name': 'Default', 'project_id': '5f069093317e433cb38a868215dbf03d', 'project_name': 'tempest-InstanceActionsNegativeTestJSON-635844065', 'tenant_id': '5f069093317e433cb38a868215dbf03d', 'tenant_name': 'tempest-InstanceActionsNegativeTestJSON-635844065', 'user_domain_id': 'default', 'user_domain_name': 'Default', 'user_id': '8cdbd43af76041c3a16e24bc5e8cb4a3', 'system': None}, Network: None, Subnet: None, Router: None
2024-12-11 19:35:19.217 66571 INFO tempest.lib.common.rest_client [req-a5c77103-4e2d-4a24-ae65-2bd6e94c520c req-a5c77103-4e2d-4a24-ae65-2bd6e94c520c ] Request (AttachInterfacesTestJSON:test_create_list_show_delete_interfaces_by_fixed_ip): 200 GET http://10.180.1.21/compute/v2.1/servers/0029d975-bd48-4558-9f41-a0cf91336393 1.500s
2024-12-11 19:35:19.217 66537 INFO tempest.lib.common.rest_client [req-a1b6004f-73b0-44f3-ada6-dbfa100b24c4 req-a1b6004f-73b0-44f3-ada6-dbfa100b24c4 ] Request (InstanceActionsNegativeTestJSON:setUpClass): 201 POST http://10.180.1.21/identity/v3/auth/tokens 0.067s
2024-12-11 19:35:19.360 66581 INFO tempest.lib.common.rest_client [req-97a0c5b0-5c30-436b-9679-943b16294339 req-97a0c5b0-5c30-436b-9679-943b16294339 ] Request (FloatingIPsTestJSON:test_allocate_floating_ip): 200 GET http://10.180.1.21/compute/v2.1/os-floating-ips/df23327c-8a35-4f62-9ed8-f982fedb2e5f 1.393s
2024-12-11 19:35:19.361 66573 INFO tempest.lib.common.rest_client [req-fdd853b9-4020-4337-b381-dd69c70283fb req-fdd853b9-4020-4337-b381-dd69c70283fb ] Request (QuotasAdminTestV257:test_get_updated_quotas): 200 PUT http://10.180.1.21/compute/v2.1/os-quota-sets/3f313f7c28464b37a23b277f2fbad240?user_id=7bba57f786b3405eb29f793314b6cc27 1.630s
2024-12-11 19:35:19.364 66579 INFO tempest.lib.common.rest_client [req-699787a8-57b3-4dec-ba74-0d48ea46b8a5 req-699787a8-57b3-4dec-ba74-0d48ea46b8a5 ] Request (FloatingIPsAssociationTestJSON:setUpClass): 201 POST http://10.180.1.21:9696/networking/v2.0/routers 1.474s
2024-12-11 19:35:19.486 66575 INFO tempest.lib.common.rest_client [req-bc640a28-4cd5-4764-b17f-3a0034e4791d req-bc640a28-4cd5-4764-b17f-3a0034e4791d ] Request (ImagesNegativeTestJSON:test_create_image_from_deleted_server): 200 GET http://10.180.1.21/compute/v2.1/servers/3266d254-4a75-4fd3-b4e7-ebeb86467cbe 1.113s
2024-12-11 19:35:19.608 66561 INFO tempest.lib.common.rest_client [req-9cbf2532-8781-480b-b68d-ded2f3c92f40 req-9cbf2532-8781-480b-b68d-ded2f3c92f40 ] Request (VolumesAdminNegativeTest:setUpClass): 201 POST http://10.180.1.21:9696/networking/v2.0/routers 0.800s
2024-12-11 19:35:19.656 66547 INFO tempest.lib.common.rest_client [req-99b7b72f-4958-4708-aae0-9c08c63fec80 req-99b7b72f-4958-4708-aae0-9c08c63fec80 ] Request (ListServerFiltersTestJSON:setUpClass): 200 GET http://10.180.1.21/compute/v2.1/servers/c7d875ee-2b9c-48e4-9bf9-f7602e75ec62 1.303s
2024-12-11 19:35:19.758 66555 INFO tempest.lib.common.rest_client [req-f72a30cb-f1e7-425c-8662-01c65e870eb7 req-f72a30cb-f1e7-425c-8662-01c65e870eb7 ] Request (ServersAdminTestJSON:setUpClass): 200 GET http://10.180.1.21/compute/v2.1/servers/7cc6d4a6-2765-44e7-b378-e213a562593d 1.121s
2024-12-11 19:35:19.770 66555 INFO tempest.common.waiters [-] State transition "BUILD/scheduling" ==> "BUILD/None" after 12 second wait
2024-12-11 19:35:19.799 66583 INFO tempest.lib.common.rest_client [req-62486172-9347-48ef-b8fe-615e2a4c5ed7 req-62486172-9347-48ef-b8fe-615e2a4c5ed7 ] Request (KeyPairsNegativeTestJSON:test_create_keypair_with_empty_public_key): 400 POST http://10.180.1.21/compute/v2.1/os-keypairs 1.116s
2024-12-11 19:35:19.820 66541 INFO tempest.lib.common.rest_client [req-c49a13f8-6d50-45d5-a2b0-ff0959d55e4c req-c49a13f8-6d50-45d5-a2b0-ff0959d55e4c ] Request (ImagesMetadataNegativeTestJSON:test_set_nonexistent_image_metadata_item): 404 PUT http://10.180.1.21/compute/v2.1/images/cc0c3b48-62c5-4815-91e9-778aed0ff7ee/metadata/os_distro 1.130s
2024-12-11 19:35:19.822 66537 INFO tempest.lib.common.rest_client [req-39767dfd-c263-4786-9854-4298082b989c req-39767dfd-c263-4786-9854-4298082b989c ] Request (InstanceActionsNegativeTestJSON:setUpClass): 201 POST http://10.180.1.21:9696/networking/v2.0/networks 0.605s
2024-12-11 19:35:20.042 66577 INFO tempest.lib.common.rest_client [req-fc559d24-4ec7-48d5-bd8c-a9be73d85460 req-fc559d24-4ec7-48d5-bd8c-a9be73d85460 ] Request (MigrationsAdminTest:test_list_migrations_in_flavor_resize_situation): 200 GET http://10.180.1.21/compute/v2.1/servers/12768001-6ed0-47be-8f20-c59ee82b842a 1.200s
2024-12-11 19:35:20.117 66553 INFO tempest.lib.common.rest_client [req-e13b2b75-f901-45b9-9182-0913b2474a10 req-e13b2b75-f901-45b9-9182-0913b2474a10 ] Request (ServersTestJSON:test_create_server_with_admin_password): 202 POST http://10.180.1.21/compute/v2.1/servers 1.685s
2024-12-11 19:35:20.117 66539 INFO tempest.lib.common.rest_client [req-f633eba7-62c5-4093-9b04-2bf0acdba393 req-f633eba7-62c5-4093-9b04-2bf0acdba393 ] Request (ListServersNegativeTestJSON:setUpClass): 200 GET http://10.180.1.21/compute/v2.1/servers/26b283b0-98b4-4a15-abe0-fbf97e1f49eb 1.183s
2024-12-11 19:35:20.149 66523 INFO tempest.lib.common.rest_client [req-3b8afc8b-932c-4ea3-a3b7-3790b581fc25 req-3b8afc8b-932c-4ea3-a3b7-3790b581fc25 ] Request (AggregatesAdminNegativeTestJSON:test_aggregate_remove_host_as_user): 200 POST http://10.180.1.21/compute/v2.1/os-aggregates 1.202s
2024-12-11 19:35:20.233 66527 INFO tempest.lib.common.rest_client [req-6fc9d4d7-6373-442c-be0f-d96ae121ef0e req-6fc9d4d7-6373-442c-be0f-d96ae121ef0e ] Request (ServersAdmin275Test:test_rebuild_update_server_275): 200 GET http://10.180.1.21/compute/v2.1/servers/7490c825-dfd5-409c-9fd6-0e78643338fb 1.220s
2024-12-11 19:35:20.335 66563 WARNING tempest.lib.common.ssh [-] Failed to establish authenticated ssh connection to cirros@10.180.180.187 ([Errno None] Unable to connect to port 22 on 10.180.180.187). Number attempts: 1. Retry after 2 seconds.: paramiko.ssh_exception.NoValidConnectionsError: [Errno None] Unable to connect to port 22 on 10.180.180.187
2024-12-11 19:35:20.484 66561 INFO tempest.lib.common.rest_client [req-e87c4b5f-41e1-4cf5-be3f-47fa4721f82d req-e87c4b5f-41e1-4cf5-be3f-47fa4721f82d ] Request (VolumesAdminNegativeTest:setUpClass): 200 PUT http://10.180.1.21:9696/networking/v2.0/routers/43a4c936-713d-4788-877a-b56aa7f115c7/add_router_interface 0.875s
2024-12-11 19:35:20.484 66561 INFO tempest.lib.common.dynamic_creds [-] Created isolated network resources for: credentials: Credentials: {'domain_id': 'default', 'domain_name': 'Default', 'username': 'tempest-VolumesAdminNegativeTest-1464576921-project-member', 'project_domain_id': 'default', 'project_domain_name': 'Default', 'project_id': 'fc4a16c9d5d346489a9c8efec041df23', 'project_name': 'tempest-VolumesAdminNegativeTest-1464576921', 'tenant_id': 'fc4a16c9d5d346489a9c8efec041df23', 'tenant_name': 'tempest-VolumesAdminNegativeTest-1464576921', 'user_domain_id': 'default', 'user_domain_name': 'Default', 'user_id': 'f8223ce0f63d477ba38653abf5992eb2', 'system': None}, Network: {'id': '37039935-bfed-4317-b0bb-aa8df5f89dbd', 'name': 'tempest-VolumesAdminNegativeTest-1046853355-network', 'tenant_id': 'fc4a16c9d5d346489a9c8efec041df23', 'admin_state_up': True, 'mtu': 8950, 'status': 'ACTIVE', 'subnets': [], 'shared': False, 'project_id': 'fc4a16c9d5d346489a9c8efec041df23', 'port_security_enabled': True, 'router:external': False, 'provider:network_type': 'vlan', 'provider:physical_network': 'default', 'provider:segmentation_id': 719, 'availability_zone_hints': [], 'availability_zones': [], 'ipv4_address_scope': None, 'ipv6_address_scope': None, 'description': '', 'tags': [], 'created_at': '2024-12-11T19:35:18Z', 'updated_at': '2024-12-11T19:35:18Z', 'revision_number': 1}, Subnet: {'id': '7ab254ce-741c-47d9-89d5-d37216e6be42', 'name': 'tempest-VolumesAdminNegativeTest-1046853355-subnet', 'tenant_id': 'fc4a16c9d5d346489a9c8efec041df23', 'network_id': '37039935-bfed-4317-b0bb-aa8df5f89dbd', 'ip_version': 4, 'subnetpool_id': None, 'enable_dhcp': True, 'ipv6_ra_mode': None, 'ipv6_address_mode': None, 'gateway_ip': '192.168.128.1', 'cidr': '192.168.128.0/28', 'allocation_pools': [{'start': '192.168.128.2', 'end': '192.168.128.14'}], 'host_routes': [], 'dns_nameservers': [], 'description': '', 'router:external': False, 'service_types': [], 'tags': [], 'created_at': '2024-12-11T19:35:18Z', 'updated_at': '2024-12-11T19:35:18Z', 'revision_number': 0, 'project_id': 'fc4a16c9d5d346489a9c8efec041df23'}, Router: {'id': '43a4c936-713d-4788-877a-b56aa7f115c7', 'name': 'tempest-VolumesAdminNegativeTest-1046853355-router', 'tenant_id': 'fc4a16c9d5d346489a9c8efec041df23', 'admin_state_up': True, 'status': 'ACTIVE', 'external_gateway_info': {'network_id': 'd3c36903-9111-44b5-b1b0-04ff5a580603', 'external_fixed_ips': [{'subnet_id': '1b899ac9-fbdd-429b-bb59-b25e7c5b98bc', 'ip_address': '10.180.180.152'}], 'enable_snat': True}, 'description': '', 'availability_zones': [], 'distributed': False, 'ha': False, 'availability_zone_hints': [], 'routes': [], 'flavor_id': None, 'tags': [], 'created_at': '2024-12-11T19:35:18Z', 'updated_at': '2024-12-11T19:35:19Z', 'revision_number': 2, 'project_id': 'fc4a16c9d5d346489a9c8efec041df23'}
2024-12-11 19:35:20.504 66537 INFO tempest.lib.common.rest_client [req-c4ace821-877b-49ad-92d9-a143adb7f63c req-c4ace821-877b-49ad-92d9-a143adb7f63c ] Request (InstanceActionsNegativeTestJSON:setUpClass): 201 POST http://10.180.1.21:9696/networking/v2.0/subnets 0.678s
2024-12-11 19:35:20.526 66565 INFO tempest.lib.common.rest_client [req-e10025f9-870b-4581-bf9b-8bda010c4aa5 req-e10025f9-870b-4581-bf9b-8bda010c4aa5 ] Request (ServerDiskConfigTestJSON:test_rebuild_server_with_auto_disk_config): 200 GET http://10.180.1.21/compute/v2.1/servers/5588650b-c450-489a-a456-3b580a5b9114 1.447s
