2024-12-11 19:36:41.139 66531 INFO tempest.lib.common.rest_client [req-f4bb319d-bd5b-4f90-b9bc-867c37608768 req-f4bb319d-bd5b-4f90-b9bc-867c37608768 ] Request (ListImageFiltersTestJSON:setUpClass): 200 GET http://10.180.1.21/compute/v2.1/servers/b7c2c768-573b-4c1c-ade7-45fb87b95d41 0.751s
2024-12-11 19:36:41.150 66531 INFO tempest.common.waiters [-] State transition "ACTIVE/image_uploading" ==> "ACTIVE/None" after 2 second wait
2024-12-11 19:36:41.206 66543 INFO tempest.lib.common.rest_client [req-8a8b7ac8-183d-4490-9db6-6f367cbd01d2 req-8a8b7ac8-183d-4490-9db6-6f367cbd01d2 ] Request (AttachInterfacesV270Test:test_create_get_list_interfaces): 200 GET http://10.180.1.21/compute/v2.1/servers/2c5d137d-4fd5-4035-a04f-bdb76e90edd7 0.761s
2024-12-11 19:36:41.260 66529 INFO tempest.lib.common.rest_client [req-7dc6e97d-a4bb-4aab-b387-ce1c377babc1 req-7dc6e97d-a4bb-4aab-b387-ce1c377babc1 ] Request (ServersAdminNegativeTestJSON:test_migrate_server_invalid_state): 200 GET http://10.180.1.21/compute/v2.1/servers/2d2ab209-8072-4e64-8170-50d96d71bc54 0.751s
2024-12-11 19:36:41.323 66561 INFO tempest.lib.common.rest_client [req-7cda4562-95ee-4d93-9d26-e30145920aa6 req-7cda4562-95ee-4d93-9d26-e30145920aa6 ] Request (VolumesAdminNegativeTest:test_update_attached_volume_with_nonexistent_volume_in_body): 200 GET http://10.180.1.21/compute/v2.1/servers/3533a113-6f46-4b18-872d-9bc1b0481969 0.761s
2024-12-11 19:36:41.355 66533 WARNING tempest.lib.common.ssh [-] Failed to establish authenticated ssh connection to cirros@10.180.180.145 ([Errno None] Unable to connect to port 22 on 10.180.180.145). Number attempts: 9. Retry after 10 seconds.: paramiko.ssh_exception.NoValidConnectionsError: [Errno None] Unable to connect to port 22 on 10.180.180.145
2024-12-11 19:36:41.376 66521 INFO tempest.lib.common.rest_client [req-323e55d2-066a-4697-8c71-5fa2c38073d7 req-323e55d2-066a-4697-8c71-5fa2c38073d7 ] Request (ServersTestFqdnHostnames:test_create_server_with_fqdn_name): 200 GET http://10.180.1.21/compute/v2.1/servers/2c5c38c1-511f-4aae-969a-eb6de128fae7 0.764s
2024-12-11 19:36:41.393 66579 INFO tempest.lib.common.rest_client [req-0ec28869-cceb-4adc-bc2c-022076446009 req-0ec28869-cceb-4adc-bc2c-022076446009 ] Request (FloatingIPsAssociationTestJSON:setUpClass): 200 POST http://10.180.1.21/compute/v2.1/os-floating-ips 1.357s
2024-12-11 19:36:41.449 66549 INFO tempest.lib.common.rest_client [req-c9f1707e-c680-4eeb-9df7-62bc3c6e4e9d req-c9f1707e-c680-4eeb-9df7-62bc3c6e4e9d ] Request (InstanceActionsTestJSON:tearDownClass): 200 GET http://10.180.1.21/compute/v2.1/servers/0a940fd0-73cc-403d-9afc-a989c67dfdef 0.773s
2024-12-11 19:36:41.459 66579 INFO tempest.lib.common.rest_client [req-081ab32e-d1b5-40a4-ba9c-d924e9827cb4 req-081ab32e-d1b5-40a4-ba9c-d924e9827cb4 ] Request (FloatingIPsAssociationTestJSON:test_associate_already_associated_floating_ip): 201 POST http://10.180.1.21/identity/v3/auth/tokens 0.059s
2024-12-11 19:36:41.460 66579 INFO tempest.lib.common.fixed_network [-] (FloatingIPsAssociationTestJSON:test_associate_already_associated_floating_ip) Found network {'id': '457a7f06-5f1c-485e-8589-43d0e40d3fc5', 'name': 'tempest-FloatingIPsAssociationTestJSON-2119303260-network', 'tenant_id': '1c995c2427bd4f7da644d0a8df7d69da', 'admin_state_up': True, 'mtu': 8950, 'status': 'ACTIVE', 'subnets': [], 'shared': False, 'project_id': '1c995c2427bd4f7da644d0a8df7d69da', 'port_security_enabled': True, 'router:external': False, 'provider:network_type': 'vlan', 'provider:physical_network': 'default', 'provider:segmentation_id': 532, 'availability_zone_hints': [], 'availability_zones': [], 'ipv4_address_scope': None, 'ipv6_address_scope': None, 'description': '', 'tags': [], 'created_at': '2024-12-11T19:35:17Z', 'updated_at': '2024-12-11T19:35:17Z', 'revision_number': 1} available for tenant
2024-12-11 19:36:41.480 66557 INFO tempest.lib.common.rest_client [req-97d93c77-91f1-4583-976a-1b63b7b91cc7 req-97d93c77-91f1-4583-976a-1b63b7b91cc7 ] Request (TenantUsagesTestJSON:tearDownClass): 200 GET http://10.180.1.21/compute/v2.1/servers/aca56820-5a06-43dd-9d98-25421f7ef6a6 0.555s
2024-12-11 19:36:41.507 66577 INFO tempest.lib.common.rest_client [req-754e2976-4c6a-4d9f-abde-576793d3e417 req-754e2976-4c6a-4d9f-abde-576793d3e417 ] Request (MigrationsAdminTest:test_resize_server_revert_deleted_flavor): 200 GET http://10.180.1.21/compute/v2.1/servers/fae7e580-ab09-4fda-9cbe-0e066ddcb85c 0.517s
2024-12-11 19:36:41.540 66527 INFO tempest.lib.common.rest_client [req-afbf0216-d073-4dff-b1e5-bb8dfd85264e req-afbf0216-d073-4dff-b1e5-bb8dfd85264e ] Request (SecurityGroupsTestJSON:test_list_security_groups_by_server): 200 GET http://10.180.1.21/compute/v2.1/servers/e3850272-9dae-4164-8f0e-f5513af23f49 0.494s
2024-12-11 19:36:41.568 66560 INFO tempest.lib.common.rest_client [req-fd4ba6cb-c44c-41c5-8fbd-91a9cb210893 req-fd4ba6cb-c44c-41c5-8fbd-91a9cb210893 ] Request (ServersTestMultiNic:test_verify_multiple_nics_order): 200 GET http://10.180.1.21/compute/v2.1/servers/87d1d75e-41c4-42e6-bf58-deabb71400e1 0.456s
2024-12-11 19:36:41.620 66523 INFO tempest.lib.common.rest_client [req-53404790-5449-44de-ac9c-539d01f1c766 req-53404790-5449-44de-ac9c-539d01f1c766 ] Request (ServersTestJSON:setUpClass): 200 GET http://10.180.1.21/compute/v2.1/servers/9d5d29ea-be92-4881-9fc8-fea3f2f442d0 0.435s
2024-12-11 19:36:41.743 66553 INFO tempest.lib.common.rest_client [req-9ae085e5-6993-4ab4-b0fa-9938b1943320 req-9ae085e5-6993-4ab4-b0fa-9938b1943320 ] Request (ServersTestJSON:test_create_server_with_ipv6_addr_only): 200 GET http://10.180.1.21/compute/v2.1/servers/e9711202-67f3-4fe2-befb-f28722ddea33 0.528s
2024-12-11 19:36:41.787 66555 INFO tempest.lib.common.rest_client [req-28164c95-51d7-4883-9a63-00e4d6fc2835 req-28164c95-51d7-4883-9a63-00e4d6fc2835 ] Request (ServersAdminTestJSON:test_create_server_with_scheduling_hint): 200 GET http://10.180.1.21/compute/v2.1/servers/ff261d7d-40c4-4db2-8ce3-3aaf28b48ad3 0.542s
2024-12-11 19:36:41.830 66583 INFO tempest.lib.common.rest_client [req-cd2f457f-70e3-4dcf-8b60-9b22abb024c5 req-cd2f457f-70e3-4dcf-8b60-9b22abb024c5 ] Request (AttachVolumeShelveTestJSON:test_attach_volume_shelved_or_offload_server): 200 GET http://10.180.1.21/compute/v2.1/servers/83fa0d32-18ee-401d-af0b-a0adb538e5f4 0.557s
2024-12-11 19:36:41.882 66539 INFO tempest.lib.common.rest_client [req-5f3d8547-d80a-4657-ab7e-5d0c532f250d req-5f3d8547-d80a-4657-ab7e-5d0c532f250d ] Request (ListServersNegativeTestJSON:tearDownClass): 200 GET http://10.180.1.21/compute/v2.1/servers/9a1a0428-8ccd-4614-8853-ef3eeec23d55 0.573s
2024-12-11 19:36:41.899 66531 INFO tempest.lib.common.rest_client [req-203ebdd3-1191-4685-a4e8-e44e66fba96b req-203ebdd3-1191-4685-a4e8-e44e66fba96b ] Request (ListImageFiltersTestJSON:setUpClass): 202 POST http://10.180.1.21/compute/v2.1/servers/4f9bfb02-8aea-45a9-85ea-97e70f0d41fb/action 0.747s
2024-12-11 19:36:41.927 66573 INFO tempest.lib.common.rest_client [req-0d369ffa-e1ac-44da-97da-4de407a0678d req-0d369ffa-e1ac-44da-97da-4de407a0678d ] Request (ImagesTestJSON:test_create_image_from_stopped_server): 200 GET http://10.180.1.21/compute/v2.1/servers/58e71d67-aed2-4329-ab60-4dfacff1d0a2 0.595s
2024-12-11 19:36:41.932 66571 WARNING tempest.lib.common.ssh [-] Failed to establish authenticated ssh connection to cirros@10.180.180.139 ([Errno None] Unable to connect to port 22 on 10.180.180.139). Number attempts: 4. Retry after 5 seconds.: paramiko.ssh_exception.NoValidConnectionsError: [Errno None] Unable to connect to port 22 on 10.180.180.139
2024-12-11 19:36:41.951 66567 INFO tempest.lib.common.rest_client [req-ca5417da-6217-4735-bc9b-361458a20753 req-ca5417da-6217-4735-bc9b-361458a20753 ] Request (ServerExternalEventsTest:tearDownClass): 200 GET http://10.180.1.21/compute/v2.1/servers/d42295c9-2b0e-471e-9a87-1d7367de9588 0.572s
2024-12-11 19:36:41.971 66535 INFO tempest.lib.common.rest_client [req-b5ab5412-5dda-4446-9431-b7cbe6953680 req-b5ab5412-5dda-4446-9431-b7cbe6953680 ] Request (ServersTestBootFromVolume:setUpClass): 200 GET http://10.180.1.21/compute/v2.1/servers/568ce58c-9ce5-4b40-988f-f31d8e0c376d 0.587s
2024-12-11 19:36:42.007 66547 INFO tempest.lib.common.rest_client [req-adb997e8-9e31-42df-899f-758e87d6a012 req-adb997e8-9e31-42df-899f-758e87d6a012 ] Request (ListServerFiltersTestJSON:tearDownClass): 200 GET http://10.180.1.21/compute/v2.1/servers/75e06a24-b96c-4a42-bc2d-b0b960e3301a 0.554s
2024-12-11 19:36:42.062 66552 INFO tempest.lib.common.rest_client [req-568da4cd-5bfe-47f7-a40a-e21a16f8fe09 req-568da4cd-5bfe-47f7-a40a-e21a16f8fe09 ] Request (ServerDiagnosticsNegativeTest:tearDownClass): 200 GET http://10.180.1.21/compute/v2.1/servers/a040671e-941d-4406-81af-f2f7a4b690e4 0.535s
2024-12-11 19:36:42.178 66565 INFO tempest.lib.common.rest_client [req-a9820214-b0a2-44e4-8bc2-fc878d620870 req-a9820214-b0a2-44e4-8bc2-fc878d620870 ] Request (ServerDiskConfigTestJSON:test_rebuild_server_with_manual_disk_config): 200 GET http://10.180.1.21/compute/v2.1/servers/0158d7af-d3bb-4d9c-a7c6-fbab943977e2 0.394s
2024-12-11 19:36:42.274 66545 WARNING tempest.lib.common.ssh [-] Failed to establish authenticated ssh connection to cirros@10.180.180.185 ([Errno None] Unable to connect to port 22 on 10.180.180.185). Number attempts: 7. Retry after 8 seconds.: paramiko.ssh_exception.NoValidConnectionsError: [Errno None] Unable to connect to port 22 on 10.180.180.185
2024-12-11 19:36:42.310 66537 INFO tempest.lib.common.rest_client [req-57221b69-48f5-4be7-8c1d-2c6539fba7d9 req-57221b69-48f5-4be7-8c1d-2c6539fba7d9 ] Request (InstanceActionsNegativeTestJSON:setUpClass): 200 GET http://10.180.1.21/compute/v2.1/servers/a09a34de-fe7c-414b-8a89-2e9271c72a5c 0.462s
2024-12-11 19:36:42.312 66579 INFO tempest.lib.common.rest_client [req-55e72727-cc8c-4ae6-b8f6-cd16f5f6db3d req-55e72727-cc8c-4ae6-b8f6-cd16f5f6db3d ] Request (FloatingIPsAssociationTestJSON:test_associate_already_associated_floating_ip): 202 POST http://10.180.1.21/compute/v2.1/servers 0.852s
2024-12-11 19:36:42.317 66537 INFO tempest.common.waiters [-] State transition "BUILD/networking" ==> "BUILD/spawning" after 74 second wait
2024-12-11 19:36:42.345 66531 INFO tempest.lib.common.rest_client [req-50bbf91d-07d9-4969-995a-7389064d1f5d req-50bbf91d-07d9-4969-995a-7389064d1f5d ] Request (ListImageFiltersTestJSON:setUpClass): 200 GET http://10.180.1.21/compute/v2.1/images/8fef84d7-72c6-43e1-819e-80c97d1b7e1b 0.445s
2024-12-11 19:36:42.374 66569 INFO tempest.lib.common.rest_client [req-ec558312-e4e7-4289-882c-c581adbeb4bb req-ec558312-e4e7-4289-882c-c581adbeb4bb ] Request (DeleteServersAdminTestJSON:test_delete_server_while_in_error_state): 200 GET http://10.180.1.21/compute/v2.1/servers/8e3cefa1-fab9-469e-8a32-31b4a8ecf4be 0.463s
2024-12-11 19:36:42.400 66575 INFO tempest.lib.common.rest_client [req-34caff0f-95a3-4b0a-a405-913914285d5b req-34caff0f-95a3-4b0a-a405-913914285d5b ] Request (ServerTagsTestJSON:setUpClass): 200 GET http://10.180.1.21/compute/v2.1/servers/f9eb5110-28ec-474e-b80e-0bfcee51483d 0.408s
2024-12-11 19:36:42.426 66543 INFO tempest.lib.common.rest_client [req-8664d3c4-c51d-41d9-9791-3bffcd4cefcc req-8664d3c4-c51d-41d9-9791-3bffcd4cefcc ] Request (AttachInterfacesV270Test:test_create_get_list_interfaces): 200 GET http://10.180.1.21/compute/v2.1/servers/2c5d137d-4fd5-4035-a04f-bdb76e90edd7 0.207s
2024-12-11 19:36:42.453 66529 INFO tempest.lib.common.rest_client [req-8657d0d0-4e5a-4c80-90c0-637bfb413147 req-8657d0d0-4e5a-4c80-90c0-637bfb413147 ] Request (ServersAdminNegativeTestJSON:test_migrate_server_invalid_state): 200 GET http://10.180.1.21/compute/v2.1/servers/2d2ab209-8072-4e64-8170-50d96d71bc54 0.187s
2024-12-11 19:36:42.463 66579 INFO tempest.lib.common.rest_client [req-fb4a5496-4c48-4bd0-a8ca-427073bbf300 req-fb4a5496-4c48-4bd0-a8ca-427073bbf300 ] Request (FloatingIPsAssociationTestJSON:test_associate_already_associated_floating_ip): 200 GET http://10.180.1.21/compute/v2.1/servers/bd21dd81-c0d9-4ff1-9183-0b4622dc5afb 0.149s
2024-12-11 19:36:42.498 66561 INFO tempest.lib.common.rest_client [req-e26f7818-764d-4063-b437-8873af7ddec9 req-e26f7818-764d-4063-b437-8873af7ddec9 ] Request (VolumesAdminNegativeTest:test_update_attached_volume_with_nonexistent_volume_in_body): 200 GET http://10.180.1.21/compute/v2.1/servers/3533a113-6f46-4b18-872d-9bc1b0481969 0.167s
2024-12-11 19:36:42.509 66521 INFO tempest.lib.common.rest_client [req-0cfc8297-e3f1-4253-826c-0e63a37c8d04 req-0cfc8297-e3f1-4253-826c-0e63a37c8d04 ] Request (ServersTestFqdnHostnames:test_create_server_with_fqdn_name): 200 GET http://10.180.1.21/compute/v2.1/servers/2c5c38c1-511f-4aae-969a-eb6de128fae7 0.127s
2024-12-11 19:36:42.551 66549 INFO tempest.lib.common.rest_client [req-54ffeffb-6853-4261-8218-9d31cfff2552 req-54ffeffb-6853-4261-8218-9d31cfff2552 ] Request (InstanceActionsTestJSON:tearDownClass): 200 GET http://10.180.1.21/compute/v2.1/servers/0a940fd0-73cc-403d-9afc-a989c67dfdef 0.092s
2024-12-11 19:36:42.563 66557 INFO tempest.lib.common.rest_client [req-0e893904-f951-41bc-9044-43b12c0af4a6 req-0e893904-f951-41bc-9044-43b12c0af4a6 ] Request (TenantUsagesTestJSON:tearDownClass): 200 GET http://10.180.1.21/compute/v2.1/servers/aca56820-5a06-43dd-9d98-25421f7ef6a6 0.075s
2024-12-11 19:36:42.598 66577 INFO tempest.lib.common.rest_client [req-8d13f84e-f535-467d-b200-d71d512739a3 req-8d13f84e-f535-467d-b200-d71d512739a3 ] Request (MigrationsAdminTest:test_resize_server_revert_deleted_flavor): 200 GET http://10.180.1.21/compute/v2.1/servers/fae7e580-ab09-4fda-9cbe-0e066ddcb85c 0.083s
2024-12-11 19:36:42.610 66527 INFO tempest.lib.common.rest_client [req-c4a78b85-89a1-4921-a69b-b2becaea40a8 req-c4a78b85-89a1-4921-a69b-b2becaea40a8 ] Request (SecurityGroupsTestJSON:test_list_security_groups_by_server): 200 GET http://10.180.1.21/compute/v2.1/servers/e3850272-9dae-4164-8f0e-f5513af23f49 0.062s
2024-12-11 19:36:42.646 66560 INFO tempest.lib.common.rest_client [req-e50868fa-1b00-4384-a9d6-a83cbe0a7844 req-e50868fa-1b00-4384-a9d6-a83cbe0a7844 ] Request (ServersTestMultiNic:test_verify_multiple_nics_order): 200 GET http://10.180.1.21/compute/v2.1/servers/87d1d75e-41c4-42e6-bf58-deabb71400e1 0.069s
2024-12-11 19:36:42.677 66523 INFO tempest.lib.common.rest_client [req-1011157e-5706-4312-891c-b742e3516934 req-1011157e-5706-4312-891c-b742e3516934 ] Request (ServersTestJSON:setUpClass): 200 GET http://10.180.1.21/compute/v2.1/servers/9d5d29ea-be92-4881-9fc8-fea3f2f442d0 0.047s
2024-12-11 19:36:42.877 66555 INFO tempest.lib.common.rest_client [req-795b634a-6709-4c3c-a355-d20f23d8e75e req-795b634a-6709-4c3c-a355-d20f23d8e75e ] Request (ServersAdminTestJSON:test_create_server_with_scheduling_hint): 200 GET http://10.180.1.21/compute/v2.1/servers/ff261d7d-40c4-4db2-8ce3-3aaf28b48ad3 0.082s
2024-12-11 19:36:42.926 66553 INFO tempest.lib.common.rest_client [req-829990fe-4f93-4eee-be92-83e0d6ed3522 req-829990fe-4f93-4eee-be92-83e0d6ed3522 ] Request (ServersTestJSON:test_create_server_with_ipv6_addr_only): 200 GET http://10.180.1.21/compute/v2.1/servers/e9711202-67f3-4fe2-befb-f28722ddea33 0.175s
2024-12-11 19:36:42.948 66583 INFO tempest.lib.common.rest_client [req-3dbe7dd8-5af4-4d12-9446-3b7bfc9ff042 req-3dbe7dd8-5af4-4d12-9446-3b7bfc9ff042 ] Request (AttachVolumeShelveTestJSON:test_attach_volume_shelved_or_offload_server): 200 GET http://10.180.1.21/compute/v2.1/servers/83fa0d32-18ee-401d-af0b-a0adb538e5f4 0.110s
2024-12-11 19:36:42.986 66539 INFO tempest.lib.common.rest_client [req-ad66e119-ff6e-49e9-84f9-898664e6c1af req-ad66e119-ff6e-49e9-84f9-898664e6c1af ] Request (ListServersNegativeTestJSON:tearDownClass): 200 GET http://10.180.1.21/compute/v2.1/servers/9a1a0428-8ccd-4614-8853-ef3eeec23d55 0.098s
2024-12-11 19:36:43.007 66567 INFO tempest.lib.common.rest_client [req-79dbd0f5-3d81-49fe-bbab-56aab12f7e07 req-79dbd0f5-3d81-49fe-bbab-56aab12f7e07 ] Request (ServerExternalEventsTest:tearDownClass): 404 GET http://10.180.1.21/compute/v2.1/servers/d42295c9-2b0e-471e-9a87-1d7367de9588 0.048s
2024-12-11 19:36:43.019 66573 INFO tempest.lib.common.rest_client [req-73c09bb0-dc1a-4e59-a552-83c7364b2bfa req-73c09bb0-dc1a-4e59-a552-83c7364b2bfa ] Request (ImagesTestJSON:test_create_image_from_stopped_server): 200 GET http://10.180.1.21/compute/v2.1/servers/58e71d67-aed2-4329-ab60-4dfacff1d0a2 0.084s
2024-12-11 19:36:43.068 66535 INFO tempest.lib.common.rest_client [req-b4999510-50ac-4a08-a5d7-f3c0211f098c req-b4999510-50ac-4a08-a5d7-f3c0211f098c ] Request (ServersTestBootFromVolume:setUpClass): 200 GET http://10.180.1.21/compute/v2.1/servers/568ce58c-9ce5-4b40-988f-f31d8e0c376d 0.087s
2024-12-11 19:36:43.085 66547 INFO tempest.lib.common.rest_client [req-69964efb-11b5-48a5-b366-bf4df13b5ebb req-69964efb-11b5-48a5-b366-bf4df13b5ebb ] Request (ListServerFiltersTestJSON:tearDownClass): 200 GET http://10.180.1.21/compute/v2.1/servers/75e06a24-b96c-4a42-bc2d-b0b960e3301a 0.072s
2024-12-11 19:36:43.098 66567 INFO tempest.lib.common.rest_client [req-934cb311-e800-4d89-9d91-bdedc4c3204a req-934cb311-e800-4d89-9d91-bdedc4c3204a ] Request (ServerExternalEventsTest:tearDownClass): 204 DELETE http://10.180.1.21/identity/v3/users/f149624c585d4349b4947c11cfd396fc 0.091s
2024-12-11 19:36:43.131 66552 INFO tempest.lib.common.rest_client [req-aa379d9e-fe56-46c3-b055-5a46fb4552f5 req-aa379d9e-fe56-46c3-b055-5a46fb4552f5 ] Request (ServerDiagnosticsNegativeTest:tearDownClass): 200 GET http://10.180.1.21/compute/v2.1/servers/a040671e-941d-4406-81af-f2f7a4b690e4 0.062s
2024-12-11 19:36:43.233 66567 INFO tempest.lib.common.rest_client [req-2b6fe731-2dd6-4da4-a0fe-b3c00a4ab2dd req-2b6fe731-2dd6-4da4-a0fe-b3c00a4ab2dd ] Request (ServerExternalEventsTest:tearDownClass): 204 DELETE http://10.180.1.21/identity/v3/users/0d215ec27b224909b1737f65a01ad647 0.134s
2024-12-11 19:36:43.316 66565 INFO tempest.lib.common.rest_client [req-5f749292-edb2-4a23-80d3-ecace51d0ea0 req-5f749292-edb2-4a23-80d3-ecace51d0ea0 ] Request (ServerDiskConfigTestJSON:test_rebuild_server_with_manual_disk_config): 200 GET http://10.180.1.21/compute/v2.1/servers/0158d7af-d3bb-4d9c-a7c6-fbab943977e2 0.130s
2024-12-11 19:36:43.322 66565 INFO tempest.common.waiters [-] State transition "BUILD/spawning" ==> "ACTIVE/None" after 78 second wait
2024-12-11 19:36:43.329 66567 INFO tempest.lib.common.rest_client [req-36a8dea2-a671-469c-b350-e69b7a386a51 req-36a8dea2-a671-469c-b350-e69b7a386a51 ] Request (ServerExternalEventsTest:tearDownClass): 204 DELETE http://10.180.1.21/identity/v3/users/3665fe64c6ad4bd299c6e50c7faaceb0 0.095s
2024-12-11 19:36:43.329 66567 INFO tempest.lib.common.dynamic_creds [-] Deleting project and security group for project: ed6c1bc3c82d48938b88d98c181f9200
2024-12-11 19:36:43.387 66567 INFO tempest.lib.common.rest_client [req-b5023dca-c491-4e0c-9f43-929dc9474bb1 req-b5023dca-c491-4e0c-9f43-929dc9474bb1 ] Request (ServerExternalEventsTest:tearDownClass): 201 POST http://10.180.1.21/identity/v3/auth/tokens 0.058s
2024-12-11 19:36:43.451 66537 INFO tempest.lib.common.rest_client [req-a3b01302-98bb-47ab-8b34-9d063e0aef84 req-a3b01302-98bb-47ab-8b34-9d063e0aef84 ] Request (InstanceActionsNegativeTestJSON:setUpClass): 200 GET http://10.180.1.21/compute/v2.1/servers/a09a34de-fe7c-414b-8a89-2e9271c72a5c 0.134s
2024-12-11 19:36:43.460 66565 INFO tempest.lib.common.rest_client [req-4686aacd-ee13-4475-b0d8-365ca9494a99 req-4686aacd-ee13-4475-b0d8-365ca9494a99 ] Request (ServerDiskConfigTestJSON:test_rebuild_server_with_manual_disk_config): 200 GET http://10.180.1.21/compute/v2.1/servers/0158d7af-d3bb-4d9c-a7c6-fbab943977e2 0.138s
2024-12-11 19:36:43.473 66567 INFO tempest.lib.common.rest_client [req-c5d954a4-c6f6-49ad-aff5-6f639172d697 req-c5d954a4-c6f6-49ad-aff5-6f639172d697 ] Request (ServerExternalEventsTest:tearDownClass): 200 GET http://10.180.1.21:9696/networking/v2.0/security-groups?tenant_id=ed6c1bc3c82d48938b88d98c181f9200&name=default 0.085s
2024-12-11 19:36:43.495 66531 INFO tempest.lib.common.rest_client [req-d3bc7f3d-e8ee-4fe5-8164-2c3b56fab040 req-d3bc7f3d-e8ee-4fe5-8164-2c3b56fab040 ] Request (ListImageFiltersTestJSON:setUpClass): 200 GET http://10.180.1.21/compute/v2.1/images/8fef84d7-72c6-43e1-819e-80c97d1b7e1b 0.145s
2024-12-11 19:36:43.517 66569 INFO tempest.lib.common.rest_client [req-c5b35ac5-2b3c-42d7-8289-5a87d7a174a8 req-c5b35ac5-2b3c-42d7-8289-5a87d7a174a8 ] Request (DeleteServersAdminTestJSON:test_delete_server_while_in_error_state): 200 GET http://10.180.1.21/compute/v2.1/servers/8e3cefa1-fab9-469e-8a32-31b4a8ecf4be 0.135s
2024-12-11 19:36:43.549 66575 INFO tempest.lib.common.rest_client [req-d119af70-90d8-454a-8fcf-4e0d30aa8e38 req-d119af70-90d8-454a-8fcf-4e0d30aa8e38 ] Request (ServerTagsTestJSON:setUpClass): 200 GET http://10.180.1.21/compute/v2.1/servers/f9eb5110-28ec-474e-b80e-0bfcee51483d 0.140s
2024-12-11 19:36:43.574 66567 INFO tempest.lib.common.rest_client [req-3c4e6b8b-1db5-40ef-8f4b-eaa2f8ee42cb req-3c4e6b8b-1db5-40ef-8f4b-eaa2f8ee42cb ] Request (ServerExternalEventsTest:tearDownClass): 204 DELETE http://10.180.1.21:9696/networking/v2.0/security-groups/60b55229-a857-4276-95f7-71736b7cb437 0.101s
2024-12-11 19:36:43.588 66543 INFO tempest.lib.common.rest_client [req-5a9408c6-741d-499a-af90-d8fae47be63e req-5a9408c6-741d-499a-af90-d8fae47be63e ] Request (AttachInterfacesV270Test:test_create_get_list_interfaces): 200 GET http://10.180.1.21/compute/v2.1/servers/2c5d137d-4fd5-4035-a04f-bdb76e90edd7 0.153s
2024-12-11 19:36:43.600 66529 INFO tempest.lib.common.rest_client [req-31babc33-cb91-4d23-afe3-a1d4ddea370d req-31babc33-cb91-4d23-afe3-a1d4ddea370d ] Request (ServersAdminNegativeTestJSON:test_migrate_server_invalid_state): 200 GET http://10.180.1.21/compute/v2.1/servers/2d2ab209-8072-4e64-8170-50d96d71bc54 0.139s
2024-12-11 19:36:43.635 66567 INFO tempest.lib.common.rest_client [req-594ca322-44ed-4851-890e-4651f04e2034 req-594ca322-44ed-4851-890e-4651f04e2034 ] Request (ServerExternalEventsTest:tearDownClass): 204 DELETE http://10.180.1.21/identity/v3/projects/ed6c1bc3c82d48938b88d98c181f9200 0.060s
2024-12-11 19:36:43.635 66567 INFO tempest.lib.common.dynamic_creds [-] Deleting project and security group for project: 296a7ae7920b4790ad3948f68fb14971
2024-12-11 19:36:43.642 66565 INFO tempest.lib.common.rest_client [req-50b07c35-493e-42a8-b29d-6f5065f1db92 req-50b07c35-493e-42a8-b29d-6f5065f1db92 ] Request (ServerDiskConfigTestJSON:test_rebuild_server_with_manual_disk_config): 200 PUT http://10.180.1.21/compute/v2.1/servers/0158d7af-d3bb-4d9c-a7c6-fbab943977e2 0.175s
2024-12-11 19:36:43.650 66579 INFO tempest.lib.common.rest_client [req-089d507c-7d0c-4001-9c99-c2b4a1d9d6ed req-089d507c-7d0c-4001-9c99-c2b4a1d9d6ed ] Request (FloatingIPsAssociationTestJSON:test_associate_already_associated_floating_ip): 200 GET http://10.180.1.21/compute/v2.1/servers/bd21dd81-c0d9-4ff1-9183-0b4622dc5afb 0.180s
2024-12-11 19:36:43.690 66561 INFO tempest.lib.common.rest_client [req-e0da28e9-f71b-4bee-ae9c-8377f11643eb req-e0da28e9-f71b-4bee-ae9c-8377f11643eb ] Request (VolumesAdminNegativeTest:test_update_attached_volume_with_nonexistent_volume_in_body): 200 GET http://10.180.1.21/compute/v2.1/servers/3533a113-6f46-4b18-872d-9bc1b0481969 0.184s
2024-12-11 19:36:43.696 66521 INFO tempest.lib.common.rest_client [req-3bc926ac-5a41-4705-98d8-3f8b6acf9481 req-3bc926ac-5a41-4705-98d8-3f8b6acf9481 ] Request (ServersTestFqdnHostnames:test_create_server_with_fqdn_name): 200 GET http://10.180.1.21/compute/v2.1/servers/2c5c38c1-511f-4aae-969a-eb6de128fae7 0.178s
2024-12-11 19:36:43.735 66567 INFO tempest.lib.common.rest_client [req-e1816db1-e2c6-4f0c-9125-570202aa63f2 req-e1816db1-e2c6-4f0c-9125-570202aa63f2 ] Request (ServerExternalEventsTest:tearDownClass): 200 GET http://10.180.1.21:9696/networking/v2.0/security-groups?tenant_id=296a7ae7920b4790ad3948f68fb14971&name=default 0.099s
2024-12-11 19:36:43.744 66549 INFO tempest.lib.common.rest_client [req-ae41029e-249b-473e-88d3-9dda6e8eb389 req-ae41029e-249b-473e-88d3-9dda6e8eb389 ] Request (InstanceActionsTestJSON:tearDownClass): 200 GET http://10.180.1.21/compute/v2.1/servers/0a940fd0-73cc-403d-9afc-a989c67dfdef 0.185s
2024-12-11 19:36:43.754 66557 INFO tempest.lib.common.rest_client [req-2bc7217e-00f5-4d7b-9134-90eaf4083223 req-2bc7217e-00f5-4d7b-9134-90eaf4083223 ] Request (TenantUsagesTestJSON:tearDownClass): 200 GET http://10.180.1.21/compute/v2.1/servers/aca56820-5a06-43dd-9d98-25421f7ef6a6 0.182s
2024-12-11 19:36:43.787 66525 WARNING tempest.lib.common.ssh [-] Failed to establish authenticated ssh connection to cirros@10.180.180.241 ([Errno None] Unable to connect to port 22 on 10.180.180.241). Number attempts: 8. Retry after 9 seconds.: paramiko.ssh_exception.NoValidConnectionsError: [Errno None] Unable to connect to port 22 on 10.180.180.241
2024-12-11 19:36:43.805 66577 INFO tempest.lib.common.rest_client [req-45a13b86-268f-472a-92f7-8b032ec88536 req-45a13b86-268f-472a-92f7-8b032ec88536 ] Request (MigrationsAdminTest:test_resize_server_revert_deleted_flavor): 200 GET http://10.180.1.21/compute/v2.1/servers/fae7e580-ab09-4fda-9cbe-0e066ddcb85c 0.200s
2024-12-11 19:36:43.806 66527 INFO tempest.lib.common.rest_client [req-45f03066-a998-4079-9823-dfd6fd3814e5 req-45f03066-a998-4079-9823-dfd6fd3814e5 ] Request (SecurityGroupsTestJSON:test_list_security_groups_by_server): 200 GET http://10.180.1.21/compute/v2.1/servers/e3850272-9dae-4164-8f0e-f5513af23f49 0.190s
2024-12-11 19:36:43.813 66567 INFO tempest.lib.common.rest_client [req-cb5fa00f-2b36-470f-baa7-6d79c31acc5d req-cb5fa00f-2b36-470f-baa7-6d79c31acc5d ] Request (ServerExternalEventsTest:tearDownClass): 204 DELETE http://10.180.1.21:9696/networking/v2.0/security-groups/ec9b2306-b3f8-4bf4-a8e4-20b2211fa888 0.077s
2024-12-11 19:36:43.862 66560 INFO tempest.lib.common.rest_client [req-285ee943-b854-4f41-9927-6b65745831a3 req-285ee943-b854-4f41-9927-6b65745831a3 ] Request (ServersTestMultiNic:test_verify_multiple_nics_order): 200 GET http://10.180.1.21/compute/v2.1/servers/87d1d75e-41c4-42e6-bf58-deabb71400e1 0.208s
2024-12-11 19:36:43.901 66567 INFO tempest.lib.common.rest_client [req-bc20684c-197a-4402-9e41-87a5f0725b19 req-bc20684c-197a-4402-9e41-87a5f0725b19 ] Request (ServerExternalEventsTest:tearDownClass): 204 DELETE http://10.180.1.21/identity/v3/projects/296a7ae7920b4790ad3948f68fb14971 0.088s
2024-12-11 19:36:43.902 66567 INFO tempest.lib.common.dynamic_creds [-] Deleting project and security group for project: 85ddc233d0624e94af4c2baab808e531
2024-12-11 19:36:43.914 66565 INFO tempest.lib.common.rest_client [req-851b35c7-821e-48ec-96bd-27af34d897de req-851b35c7-821e-48ec-96bd-27af34d897de ] Request (ServerDiskConfigTestJSON:test_rebuild_server_with_manual_disk_config): 200 GET http://10.180.1.21/compute/v2.1/servers/0158d7af-d3bb-4d9c-a7c6-fbab943977e2 0.267s
2024-12-11 19:36:43.914 66523 INFO tempest.lib.common.rest_client [req-0eb25d78-486c-476f-949f-4b856f7e3478 req-0eb25d78-486c-476f-949f-4b856f7e3478 ] Request (ServersTestJSON:setUpClass): 200 GET http://10.180.1.21/compute/v2.1/servers/9d5d29ea-be92-4881-9fc8-fea3f2f442d0 0.228s
2024-12-11 19:36:43.965 66555 INFO tempest.lib.common.rest_client [req-bcd727a0-3417-4871-a629-5c5eff35ded9 req-bcd727a0-3417-4871-a629-5c5eff35ded9 ] Request (ServersAdminTestJSON:test_create_server_with_scheduling_hint): 200 GET http://10.180.1.21/compute/v2.1/servers/ff261d7d-40c4-4db2-8ce3-3aaf28b48ad3 0.079s
2024-12-11 19:36:43.991 66567 INFO tempest.lib.common.rest_client [req-a483be2e-6b4f-4cb4-b485-723bae386dbb req-a483be2e-6b4f-4cb4-b485-723bae386dbb ] Request (ServerExternalEventsTest:tearDownClass): 200 GET http://10.180.1.21:9696/networking/v2.0/security-groups?tenant_id=85ddc233d0624e94af4c2baab808e531&name=default 0.089s
2024-12-11 19:36:44.036 66565 INFO tempest.lib.common.rest_client [req-096b1df5-f070-4ca6-870c-9e4da529fa3d req-096b1df5-f070-4ca6-870c-9e4da529fa3d ] Request (ServerDiskConfigTestJSON:test_rebuild_server_with_manual_disk_config): 200 GET http://10.180.1.21/compute/v2.1/servers/0158d7af-d3bb-4d9c-a7c6-fbab943977e2 0.115s
2024-12-11 19:36:44.065 66567 INFO tempest.lib.common.rest_client [req-662b5f43-3aa3-4fd8-ba41-0bd675473750 req-662b5f43-3aa3-4fd8-ba41-0bd675473750 ] Request (ServerExternalEventsTest:tearDownClass): 204 DELETE http://10.180.1.21:9696/networking/v2.0/security-groups/4a1bd42d-3525-4470-b056-96ccb76f4c93 0.074s
2024-12-11 19:36:44.098 66583 INFO tempest.lib.common.rest_client [req-cd060439-6826-4fbb-b992-c19b84529594 req-cd060439-6826-4fbb-b992-c19b84529594 ] Request (AttachVolumeShelveTestJSON:test_attach_volume_shelved_or_offload_server): 200 GET http://10.180.1.21/compute/v2.1/servers/83fa0d32-18ee-401d-af0b-a0adb538e5f4 0.136s
2024-12-11 19:36:44.107 66563 WARNING tempest.lib.common.ssh [-] Failed to establish authenticated ssh connection to cirros@10.180.180.187 ([Errno None] Unable to connect to port 22 on 10.180.180.187). Number attempts: 10. Retry after 11 seconds.: paramiko.ssh_exception.NoValidConnectionsError: [Errno None] Unable to connect to port 22 on 10.180.180.187
2024-12-11 19:36:44.165 66567 INFO tempest.lib.common.rest_client [req-5cd2afd3-1bb1-4e63-9b9c-243a4948bf4f req-5cd2afd3-1bb1-4e63-9b9c-243a4948bf4f ] Request (ServerExternalEventsTest:tearDownClass): 204 DELETE http://10.180.1.21/identity/v3/projects/85ddc233d0624e94af4c2baab808e531 0.099s
2024-12-11 19:36:44.168 66539 INFO tempest.lib.common.rest_client [req-b0ad91d5-e837-45d1-84f3-dfba46dc1414 req-b0ad91d5-e837-45d1-84f3-dfba46dc1414 ] Request (ListServersNegativeTestJSON:tearDownClass): 200 GET http://10.180.1.21/compute/v2.1/servers/9a1a0428-8ccd-4614-8853-ef3eeec23d55 0.174s
2024-12-11 19:36:44.189 66553 INFO tempest.lib.common.rest_client [req-faa9ab89-32c4-4e5c-877d-5ab5074cee54 req-faa9ab89-32c4-4e5c-877d-5ab5074cee54 ] Request (ServersTestJSON:test_create_server_with_ipv6_addr_only): 200 GET http://10.180.1.21/compute/v2.1/servers/e9711202-67f3-4fe2-befb-f28722ddea33 0.255s
2024-12-11 19:36:44.237 66573 INFO tempest.lib.common.rest_client [req-11eacfc1-d18d-4423-8c00-ea09cdc839ff req-11eacfc1-d18d-4423-8c00-ea09cdc839ff ] Request (ImagesTestJSON:test_create_image_from_stopped_server): 200 GET http://10.180.1.21/compute/v2.1/servers/58e71d67-aed2-4329-ab60-4dfacff1d0a2 0.210s
2024-12-11 19:36:44.244 66567 INFO tempest.lib.common.rest_client [req-8a6599d1-2020-4ff5-94d0-1aee0beb0dd2 req-8a6599d1-2020-4ff5-94d0-1aee0beb0dd2 ] Request (TestVersions:setUpClass): 201 POST http://10.180.1.21/identity/v3/auth/tokens 0.078s
2024-12-11 19:36:44.278 66567 INFO tempest.lib.common.rest_client [req-7bcedeac-f69c-4144-861b-2566ef001ed2 req-7bcedeac-f69c-4144-861b-2566ef001ed2 ] Request (TestVersions:setUpClass): 201 POST http://10.180.1.21/identity/v3/auth/tokens 0.031s
2024-12-11 19:36:44.286 66535 INFO tempest.lib.common.rest_client [req-7ac43d12-4b60-455f-ac25-18d5cf10a4e1 req-7ac43d12-4b60-455f-ac25-18d5cf10a4e1 ] Request (ServersTestBootFromVolume:setUpClass): 200 GET http://10.180.1.21/compute/v2.1/servers/568ce58c-9ce5-4b40-988f-f31d8e0c376d 0.206s
2024-12-11 19:36:44.306 66567 INFO tempest.lib.common.rest_client [req-1155a470-571d-4d31-aa20-cab5d759553b req-1155a470-571d-4d31-aa20-cab5d759553b ] Request (TestVersions:setUpClass): 200 GET http://10.180.1.21/identity/v3/domains?name=Default 0.027s
2024-12-11 19:36:44.333 66565 INFO tempest.lib.common.rest_client [req-52ca6e9a-f7ac-4bb2-ab02-fc7855af3a80 req-52ca6e9a-f7ac-4bb2-ab02-fc7855af3a80 ] Request (ServerDiskConfigTestJSON:test_rebuild_server_with_manual_disk_config): 202 POST http://10.180.1.21/compute/v2.1/servers/0158d7af-d3bb-4d9c-a7c6-fbab943977e2/action 0.290s
2024-12-11 19:36:44.335 66567 INFO tempest.lib.common.rest_client [req-f2a66bf2-3d08-4fea-a2dd-e1735acbc78d req-f2a66bf2-3d08-4fea-a2dd-e1735acbc78d ] Request (TestVersions:setUpClass): 201 POST http://10.180.1.21/identity/v3/projects 0.029s
2024-12-11 19:36:44.343 66547 INFO tempest.lib.common.rest_client [req-e4940fab-2352-49a6-8746-9823fe696fa3 req-e4940fab-2352-49a6-8746-9823fe696fa3 ] Request (ListServerFiltersTestJSON:tearDownClass): 200 GET http://10.180.1.21/compute/v2.1/servers/75e06a24-b96c-4a42-bc2d-b0b960e3301a 0.249s
2024-12-11 19:36:44.393 66552 INFO tempest.lib.common.rest_client [req-87cd7716-3169-47d0-b4cd-feb88310732b req-87cd7716-3169-47d0-b4cd-feb88310732b ] Request (ServerDiagnosticsNegativeTest:tearDownClass): 200 GET http://10.180.1.21/compute/v2.1/servers/a040671e-941d-4406-81af-f2f7a4b690e4 0.254s
2024-12-11 19:36:44.416 66567 INFO tempest.lib.common.rest_client [req-cfd4e766-13a9-4ee4-97e2-e281683f1178 req-cfd4e766-13a9-4ee4-97e2-e281683f1178 ] Request (TestVersions:setUpClass): 201 POST http://10.180.1.21/identity/v3/users 0.080s
2024-12-11 19:36:44.432 66567 INFO tempest.lib.common.rest_client [req-05c305ea-ef9e-407a-adcd-e488e0d79d50 req-05c305ea-ef9e-407a-adcd-e488e0d79d50 ] Request (TestVersions:setUpClass): 200 GET http://10.180.1.21/identity/v3/roles 0.015s
2024-12-11 19:36:44.444 66565 INFO tempest.lib.common.rest_client [req-b8c89a18-67f5-428a-b91f-9ba1e4a14d8e req-b8c89a18-67f5-428a-b91f-9ba1e4a14d8e ] Request (ServerDiskConfigTestJSON:test_rebuild_server_with_manual_disk_config): 200 GET http://10.180.1.21/compute/v2.1/servers/0158d7af-d3bb-4d9c-a7c6-fbab943977e2 0.103s
2024-12-11 19:36:44.457 66567 INFO tempest.lib.common.rest_client [req-e0e80e2e-7e7d-4559-9258-d8bd1e95b287 req-e0e80e2e-7e7d-4559-9258-d8bd1e95b287 ] Request (TestVersions:setUpClass): 204 PUT http://10.180.1.21/identity/v3/projects/5505728b0f6f47c6a600a569fea08227/users/abe458bbfc824d6ba8580b36abdd8f3a/roles/1d8344260dd84194a291151faa5854f3 0.024s
2024-12-11 19:36:44.457 66567 INFO tempest.lib.common.dynamic_creds [-] Dynamic test user abe458bbfc824d6ba8580b36abdd8f3a is created with scope project and roles: ['member']
2024-12-11 19:36:44.457 66567 INFO tempest.lib.common.dynamic_creds [-] Acquired dynamic creds: credentials: Credentials: {'domain_id': 'default', 'domain_name': 'Default', 'username': 'tempest-TestVersions-1635937206-project-member', 'project_domain_id': 'default', 'project_domain_name': 'Default', 'project_id': '5505728b0f6f47c6a600a569fea08227', 'project_name': 'tempest-TestVersions-1635937206', 'tenant_id': '5505728b0f6f47c6a600a569fea08227', 'tenant_name': 'tempest-TestVersions-1635937206', 'user_domain_id': 'default', 'user_domain_name': 'Default', 'user_id': 'abe458bbfc824d6ba8580b36abdd8f3a', 'system': None}, Network: None, Subnet: None, Router: None
2024-12-11 19:36:44.457 66567 INFO tempest.lib.common.dynamic_creds [-] Created isolated network resources for: credentials: Credentials: {'domain_id': 'default', 'domain_name': 'Default', 'username': 'tempest-TestVersions-1635937206-project-member', 'project_domain_id': 'default', 'project_domain_name': 'Default', 'project_id': '5505728b0f6f47c6a600a569fea08227', 'project_name': 'tempest-TestVersions-1635937206', 'tenant_id': '5505728b0f6f47c6a600a569fea08227', 'tenant_name': 'tempest-TestVersions-1635937206', 'user_domain_id': 'default', 'user_domain_name': 'Default', 'user_id': 'abe458bbfc824d6ba8580b36abdd8f3a', 'system': None}, Network: None, Subnet: None, Router: None
2024-12-11 19:36:44.522 66567 INFO tempest.lib.common.rest_client [req-2ea7cf25-3f54-4aa2-ae67-23c8272ab7bf req-2ea7cf25-3f54-4aa2-ae67-23c8272ab7bf ] Request (TestVersions:setUpClass): 201 POST http://10.180.1.21/identity/v3/auth/tokens 0.062s
2024-12-11 19:36:44.529 66531 INFO tempest.lib.common.rest_client [req-ecd69d53-139d-40bf-ac89-ccb0c35064fa req-ecd69d53-139d-40bf-ac89-ccb0c35064fa ] Request (ListImageFiltersTestJSON:setUpClass): 200 GET http://10.180.1.21/compute/v2.1/images/8fef84d7-72c6-43e1-819e-80c97d1b7e1b 0.031s
2024-12-11 19:36:44.532 66567 INFO tempest.lib.common.rest_client [-] Request (TestVersions:test_get_version_details): 200 GET http://10.180.1.21/compute/ 0.008s
2024-12-11 19:36:44.551 66537 INFO tempest.lib.common.rest_client [req-c220832b-ef51-43a4-94ed-e5d2db8f034c req-c220832b-ef51-43a4-94ed-e5d2db8f034c ] Request (InstanceActionsNegativeTestJSON:setUpClass): 200 GET http://10.180.1.21/compute/v2.1/servers/a09a34de-fe7c-414b-8a89-2e9271c72a5c 0.092s
2024-12-11 19:36:44.554 66567 INFO tempest.lib.common.rest_client [req-82fef7c0-ca9c-4ffb-ae19-694f38d5375e req-82fef7c0-ca9c-4ffb-ae19-694f38d5375e ] Request (TestVersions:test_get_version_details): 200 GET http://10.180.1.21/compute/v2/ 0.020s
2024-12-11 19:36:44.559 66567 INFO tempest.lib.common.rest_client [req-6d0d0746-9d6c-4f7b-b9b9-002101aed786 req-6d0d0746-9d6c-4f7b-b9b9-002101aed786 ] Request (TestVersions:test_get_version_details): 200 GET http://10.180.1.21/compute/v2.1/ 0.004s
2024-12-11 19:36:44.582 66569 INFO tempest.lib.common.rest_client [req-bbcf7bb8-5999-4dce-88eb-e260ff71fb1e req-bbcf7bb8-5999-4dce-88eb-e260ff71fb1e ] Request (DeleteServersAdminTestJSON:test_delete_server_while_in_error_state): 200 GET http://10.180.1.21/compute/v2.1/servers/8e3cefa1-fab9-469e-8a32-31b4a8ecf4be 0.058s
2024-12-11 19:36:44.585 66567 INFO tempest.lib.common.rest_client [-] Request (TestVersions:test_list_api_versions): 200 GET http://10.180.1.21/compute/ 0.022s
2024-12-11 19:36:44.603 66575 INFO tempest.lib.common.rest_client [req-d7be79b4-2ebf-4f15-971b-b842a73be023 req-d7be79b4-2ebf-4f15-971b-b842a73be023 ] Request (ServerTagsTestJSON:setUpClass): 200 GET http://10.180.1.21/compute/v2.1/servers/f9eb5110-28ec-474e-b80e-0bfcee51483d 0.046s
2024-12-11 19:36:44.610 66575 INFO tempest.common.waiters [-] State transition "BUILD/scheduling" ==> "BUILD/None" after 51 second wait
2024-12-11 19:36:44.648 66543 INFO tempest.lib.common.rest_client [req-9c58ec6b-0460-4a6c-b5c2-203597152b40 req-9c58ec6b-0460-4a6c-b5c2-203597152b40 ] Request (AttachInterfacesV270Test:test_create_get_list_interfaces): 200 GET http://10.180.1.21/compute/v2.1/servers/2c5d137d-4fd5-4035-a04f-bdb76e90edd7 0.050s
2024-12-11 19:36:44.653 66529 INFO tempest.lib.common.rest_client [req-5a7f54cc-e60b-49e6-bfe2-8e4a130f5858 req-5a7f54cc-e60b-49e6-bfe2-8e4a130f5858 ] Request (ServersAdminNegativeTestJSON:test_migrate_server_invalid_state): 200 GET http://10.180.1.21/compute/v2.1/servers/2d2ab209-8072-4e64-8170-50d96d71bc54 0.046s
2024-12-11 19:36:44.667 66567 INFO tempest.lib.common.rest_client [req-9eb11800-f510-491e-8634-4e5157492d4e req-9eb11800-f510-491e-8634-4e5157492d4e ] Request (TestVersions:tearDownClass): 204 DELETE http://10.180.1.21/identity/v3/users/abe458bbfc824d6ba8580b36abdd8f3a 0.078s
2024-12-11 19:36:44.667 66567 INFO tempest.lib.common.dynamic_creds [-] Deleting project and security group for project: 5505728b0f6f47c6a600a569fea08227
2024-12-11 19:36:44.703 66579 INFO tempest.lib.common.rest_client [req-1de3aa4f-60eb-4bb4-ab40-baed3cb67f31 req-1de3aa4f-60eb-4bb4-ab40-baed3cb67f31 ] Request (FloatingIPsAssociationTestJSON:test_associate_already_associated_floating_ip): 200 GET http://10.180.1.21/compute/v2.1/servers/bd21dd81-c0d9-4ff1-9183-0b4622dc5afb 0.044s
2024-12-11 19:36:44.720 66567 INFO tempest.lib.common.rest_client [req-8e7f797a-0743-4080-be34-1977b5374142 req-8e7f797a-0743-4080-be34-1977b5374142 ] Request (TestVersions:tearDownClass): 201 POST http://10.180.1.21/identity/v3/auth/tokens 0.053s
2024-12-11 19:36:44.754 66561 INFO tempest.lib.common.rest_client [req-032d72dd-5211-448f-8acc-3ae1c5e0ea0f req-032d72dd-5211-448f-8acc-3ae1c5e0ea0f ] Request (VolumesAdminNegativeTest:test_update_attached_volume_with_nonexistent_volume_in_body): 200 GET http://10.180.1.21/compute/v2.1/servers/3533a113-6f46-4b18-872d-9bc1b0481969 0.058s
2024-12-11 19:36:44.756 66521 INFO tempest.lib.common.rest_client [req-8931abd1-8710-406c-89bd-82a6a090c242 req-8931abd1-8710-406c-89bd-82a6a090c242 ] Request (ServersTestFqdnHostnames:test_create_server_with_fqdn_name): 200 GET http://10.180.1.21/compute/v2.1/servers/2c5c38c1-511f-4aae-969a-eb6de128fae7 0.053s
2024-12-11 19:36:44.821 66549 INFO tempest.lib.common.rest_client [req-478d1fac-9e57-467b-b2f3-ea9aaf78ce9b req-478d1fac-9e57-467b-b2f3-ea9aaf78ce9b ] Request (InstanceActionsTestJSON:tearDownClass): 200 GET http://10.180.1.21/compute/v2.1/servers/0a940fd0-73cc-403d-9afc-a989c67dfdef 0.071s
2024-12-11 19:36:44.829 66557 INFO tempest.lib.common.rest_client [req-56cf5397-e074-4cdc-be06-c86b2efb2cb0 req-56cf5397-e074-4cdc-be06-c86b2efb2cb0 ] Request (TenantUsagesTestJSON:tearDownClass): 200 GET http://10.180.1.21/compute/v2.1/servers/aca56820-5a06-43dd-9d98-25421f7ef6a6 0.067s
2024-12-11 19:36:44.883 66577 INFO tempest.lib.common.rest_client [req-a8ea16ff-08b4-4f95-882f-0996e435a6e6 req-a8ea16ff-08b4-4f95-882f-0996e435a6e6 ] Request (MigrationsAdminTest:test_resize_server_revert_deleted_flavor): 200 GET http://10.180.1.21/compute/v2.1/servers/fae7e580-ab09-4fda-9cbe-0e066ddcb85c 0.071s
2024-12-11 19:36:44.886 66527 INFO tempest.lib.common.rest_client [req-b5561cec-bed0-472f-aa71-ea24dbcd0295 req-b5561cec-bed0-472f-aa71-ea24dbcd0295 ] Request (SecurityGroupsTestJSON:test_list_security_groups_by_server): 200 GET http://10.180.1.21/compute/v2.1/servers/e3850272-9dae-4164-8f0e-f5513af23f49 0.073s
2024-12-11 19:36:44.908 66567 INFO tempest.lib.common.rest_client [req-0db89b93-f75b-473d-8b85-51ea76cf12e1 req-0db89b93-f75b-473d-8b85-51ea76cf12e1 ] Request (TestVersions:tearDownClass): 200 GET http://10.180.1.21:9696/networking/v2.0/security-groups?tenant_id=5505728b0f6f47c6a600a569fea08227&name=default 0.188s
2024-12-11 19:36:44.940 66560 INFO tempest.lib.common.rest_client [req-4e9187fa-143b-4059-a0e8-0ccd2d174e55 req-4e9187fa-143b-4059-a0e8-0ccd2d174e55 ] Request (ServersTestMultiNic:test_verify_multiple_nics_order): 200 GET http://10.180.1.21/compute/v2.1/servers/87d1d75e-41c4-42e6-bf58-deabb71400e1 0.070s
2024-12-11 19:36:44.973 66523 INFO tempest.lib.common.rest_client [req-1b12cd05-9840-444b-950f-f8aa5e2a17d5 req-1b12cd05-9840-444b-950f-f8aa5e2a17d5 ] Request (ServersTestJSON:setUpClass): 200 GET http://10.180.1.21/compute/v2.1/servers/9d5d29ea-be92-4881-9fc8-fea3f2f442d0 0.052s
2024-12-11 19:36:45.018 66567 INFO tempest.lib.common.rest_client [req-3c10ceec-0eb9-4a1d-8cc0-11dfd3b58669 req-3c10ceec-0eb9-4a1d-8cc0-11dfd3b58669 ] Request (TestVersions:tearDownClass): 204 DELETE http://10.180.1.21:9696/networking/v2.0/security-groups/363dcfb9-05d8-4655-996d-e500da1e01a3 0.109s
2024-12-11 19:36:45.026 66555 INFO tempest.lib.common.rest_client [req-bd2a1775-29f9-411a-adf1-808a1a01ec7b req-bd2a1775-29f9-411a-adf1-808a1a01ec7b ] Request (ServersAdminTestJSON:test_create_server_with_scheduling_hint): 200 GET http://10.180.1.21/compute/v2.1/servers/ff261d7d-40c4-4db2-8ce3-3aaf28b48ad3 0.054s
2024-12-11 19:36:45.069 66567 INFO tempest.lib.common.rest_client [req-1ea4ab9d-fd36-4313-85d7-5d2fdff25b5e req-1ea4ab9d-fd36-4313-85d7-5d2fdff25b5e ] Request (TestVersions:tearDownClass): 204 DELETE http://10.180.1.21/identity/v3/projects/5505728b0f6f47c6a600a569fea08227 0.051s
2024-12-11 19:36:45.119 66567 INFO tempest.lib.common.rest_client [req-a57c1b48-73b3-44ba-b6a7-04e3bd1e9615 req-a57c1b48-73b3-44ba-b6a7-04e3bd1e9615 ] Request (VolumesTestJSON:setUpClass): 201 POST http://10.180.1.21/identity/v3/auth/tokens 0.048s
2024-12-11 19:36:45.148 66567 INFO tempest.lib.common.rest_client [req-71f2f09d-f002-4928-80aa-d3805ddeda2c req-71f2f09d-f002-4928-80aa-d3805ddeda2c ] Request (VolumesTestJSON:setUpClass): 201 POST http://10.180.1.21/identity/v3/auth/tokens 0.026s
2024-12-11 19:36:45.159 66583 INFO tempest.lib.common.rest_client [req-701b5288-eb75-4679-9152-a03492d0dc8a req-701b5288-eb75-4679-9152-a03492d0dc8a ] Request (AttachVolumeShelveTestJSON:test_attach_volume_shelved_or_offload_server): 200 GET http://10.180.1.21/compute/v2.1/servers/83fa0d32-18ee-401d-af0b-a0adb538e5f4 0.052s
2024-12-11 19:36:45.170 66567 INFO tempest.lib.common.rest_client [req-7dbf96fb-a1a9-4dbe-b0e4-4a8c628ce91c req-7dbf96fb-a1a9-4dbe-b0e4-4a8c628ce91c ] Request (VolumesTestJSON:setUpClass): 200 GET http://10.180.1.21/identity/v3/domains?name=Default 0.022s
2024-12-11 19:36:45.199 66567 INFO tempest.lib.common.rest_client [req-9f585bdd-afbb-4fc2-b16f-c4207fa29a52 req-9f585bdd-afbb-4fc2-b16f-c4207fa29a52 ] Request (VolumesTestJSON:setUpClass): 201 POST http://10.180.1.21/identity/v3/projects 0.028s
2024-12-11 19:36:45.241 66539 INFO tempest.lib.common.rest_client [req-6e41c9bf-5589-4b3c-a104-6be6cd2e8a13 req-6e41c9bf-5589-4b3c-a104-6be6cd2e8a13 ] Request (ListServersNegativeTestJSON:tearDownClass): 200 GET http://10.180.1.21/compute/v2.1/servers/9a1a0428-8ccd-4614-8853-ef3eeec23d55 0.065s
2024-12-11 19:36:45.264 66567 INFO tempest.lib.common.rest_client [req-3f87bbd0-ba49-44f5-a23b-7d60ce29dc71 req-3f87bbd0-ba49-44f5-a23b-7d60ce29dc71 ] Request (VolumesTestJSON:setUpClass): 201 POST http://10.180.1.21/identity/v3/users 0.064s
2024-12-11 19:36:45.281 66567 INFO tempest.lib.common.rest_client [req-1b2febe8-f343-4786-8ba7-3e53b1770dfa req-1b2febe8-f343-4786-8ba7-3e53b1770dfa ] Request (VolumesTestJSON:setUpClass): 200 GET http://10.180.1.21/identity/v3/roles 0.017s
2024-12-11 19:36:45.306 66567 INFO tempest.lib.common.rest_client [req-fa045ad9-960c-4ba9-b739-2a58cdf16ac1 req-fa045ad9-960c-4ba9-b739-2a58cdf16ac1 ] Request (VolumesTestJSON:setUpClass): 204 PUT http://10.180.1.21/identity/v3/projects/13466fbd42d342c2a5535003c72a13c3/users/819f60e7e7bf4e379b8d75fab68addb0/roles/1d8344260dd84194a291151faa5854f3 0.024s
2024-12-11 19:36:45.306 66567 INFO tempest.lib.common.dynamic_creds [-] Dynamic test user 819f60e7e7bf4e379b8d75fab68addb0 is created with scope project and roles: ['member']
2024-12-11 19:36:45.306 66567 INFO tempest.lib.common.dynamic_creds [-] Acquired dynamic creds: credentials: Credentials: {'domain_id': 'default', 'domain_name': 'Default', 'username': 'tempest-VolumesTestJSON-1910904947-project-member', 'project_domain_id': 'default', 'project_domain_name': 'Default', 'project_id': '13466fbd42d342c2a5535003c72a13c3', 'project_name': 'tempest-VolumesTestJSON-1910904947', 'tenant_id': '13466fbd42d342c2a5535003c72a13c3', 'tenant_name': 'tempest-VolumesTestJSON-1910904947', 'user_domain_id': 'default', 'user_domain_name': 'Default', 'user_id': '819f60e7e7bf4e379b8d75fab68addb0', 'system': None}, Network: None, Subnet: None, Router: None
2024-12-11 19:36:45.306 66567 INFO tempest.lib.common.dynamic_creds [-] Created isolated network resources for: credentials: Credentials: {'domain_id': 'default', 'domain_name': 'Default', 'username': 'tempest-VolumesTestJSON-1910904947-project-member', 'project_domain_id': 'default', 'project_domain_name': 'Default', 'project_id': '13466fbd42d342c2a5535003c72a13c3', 'project_name': 'tempest-VolumesTestJSON-1910904947', 'tenant_id': '13466fbd42d342c2a5535003c72a13c3', 'tenant_name': 'tempest-VolumesTestJSON-1910904947', 'user_domain_id': 'default', 'user_domain_name': 'Default', 'user_id': '819f60e7e7bf4e379b8d75fab68addb0', 'system': None}, Network: None, Subnet: None, Router: None
2024-12-11 19:36:45.370 66567 INFO tempest.lib.common.rest_client [req-fc60d0b8-ce8d-48a6-9d51-18d0de8b0396 req-fc60d0b8-ce8d-48a6-9d51-18d0de8b0396 ] Request (VolumesTestJSON:setUpClass): 201 POST http://10.180.1.21/identity/v3/auth/tokens 0.061s
2024-12-11 19:36:45.508 66573 INFO tempest.lib.common.rest_client [req-0a5b4165-811b-473e-bbf9-ca786d036c0e req-0a5b4165-811b-473e-bbf9-ca786d036c0e ] Request (ImagesTestJSON:test_create_image_from_stopped_server): 200 GET http://10.180.1.21/compute/v2.1/servers/58e71d67-aed2-4329-ab60-4dfacff1d0a2 0.263s
2024-12-11 19:36:45.568 66567 INFO tempest.lib.common.rest_client [req-c584cba9-2ce4-4741-a3e7-27c08f09a47e req-c584cba9-2ce4-4741-a3e7-27c08f09a47e ] Request (VolumesTestJSON:setUpClass): 202 POST http://10.180.1.21/volume/v3/volumes 0.197s
2024-12-11 19:36:45.576 66535 INFO tempest.lib.common.rest_client [req-54ecfbdb-2e14-4087-a4ed-83e236db452a req-54ecfbdb-2e14-4087-a4ed-83e236db452a ] Request (ServersTestBootFromVolume:setUpClass): 200 GET http://10.180.1.21/compute/v2.1/servers/568ce58c-9ce5-4b40-988f-f31d8e0c376d 0.282s
2024-12-11 19:36:45.599 66553 INFO tempest.lib.common.rest_client [req-42168650-ca24-4617-b3f1-3272c1f29981 req-42168650-ca24-4617-b3f1-3272c1f29981 ] Request (ServersTestJSON:test_create_server_with_ipv6_addr_only): 200 GET http://10.180.1.21/compute/v2.1/servers/e9711202-67f3-4fe2-befb-f28722ddea33 0.404s
2024-12-11 19:36:45.615 66567 INFO tempest.lib.common.rest_client [req-94c8664a-e3d1-4537-94a5-5f117d08f28d req-94c8664a-e3d1-4537-94a5-5f117d08f28d ] Request (VolumesTestJSON:setUpClass): 200 GET http://10.180.1.21/volume/v3/volumes/70c6b27c-0f10-4d0e-bde0-aec7f4747a98 0.041s
2024-12-11 19:36:45.658 66547 INFO tempest.lib.common.rest_client [req-2d9ad13a-9957-4df5-ab17-666ddf452a77 req-2d9ad13a-9957-4df5-ab17-666ddf452a77 ] Request (ListServerFiltersTestJSON:tearDownClass): 200 GET http://10.180.1.21/compute/v2.1/servers/75e06a24-b96c-4a42-bc2d-b0b960e3301a 0.307s
2024-12-11 19:36:45.678 66552 INFO tempest.lib.common.rest_client [req-f3952fb3-6b81-403c-880a-430cec244cc7 req-f3952fb3-6b81-403c-880a-430cec244cc7 ] Request (ServerDiagnosticsNegativeTest:tearDownClass): 200 GET http://10.180.1.21/compute/v2.1/servers/a040671e-941d-4406-81af-f2f7a4b690e4 0.277s
2024-12-11 19:36:45.721 66531 INFO tempest.lib.common.rest_client [req-de38472c-402c-4f20-afe6-f657fcdc4692 req-de38472c-402c-4f20-afe6-f657fcdc4692 ] Request (ListImageFiltersTestJSON:setUpClass): 200 GET http://10.180.1.21/compute/v2.1/images/8fef84d7-72c6-43e1-819e-80c97d1b7e1b 0.188s
2024-12-11 19:36:45.921 66537 INFO tempest.lib.common.rest_client [req-5beed97c-fb15-4215-b1d5-38e2166eba1f req-5beed97c-fb15-4215-b1d5-38e2166eba1f ] Request (InstanceActionsNegativeTestJSON:setUpClass): 200 GET http://10.180.1.21/compute/v2.1/servers/a09a34de-fe7c-414b-8a89-2e9271c72a5c 0.363s
2024-12-11 19:36:45.941 66565 INFO tempest.lib.common.rest_client [req-472749e2-d467-4e52-a228-b1ce83aceec6 req-472749e2-d467-4e52-a228-b1ce83aceec6 ] Request (ServerDiskConfigTestJSON:test_rebuild_server_with_manual_disk_config): 200 GET http://10.180.1.21/compute/v2.1/servers/0158d7af-d3bb-4d9c-a7c6-fbab943977e2 0.489s
