2024-12-16 19:53:20.893 67548 INFO tempest.lib.common.rest_client [req-b1aff5e2-1343-4373-80ce-fdb5c62f846e req-b1aff5e2-1343-4373-80ce-fdb5c62f846e ] Request (ServerActionsV293TestJSON:setUpClass): 200 GET http://10.180.1.21/compute/v2.1/servers/7703addf-fe6d-40f7-bb52-47fa36c14a50 0.433s
2024-12-16 19:53:20.970 67553 INFO tempest.lib.common.rest_client [req-c7a48710-66b3-4f4a-862c-0cfc005e322b req-c7a48710-66b3-4f4a-862c-0cfc005e322b ] Request (ServerDiskConfigTestJSON:test_rebuild_server_with_auto_disk_config): 200 GET http://10.180.1.21/compute/v2.1/servers/769d673a-b23e-4995-a6d9-2d2d53a6b469 0.652s
2024-12-16 19:53:20.977 67553 INFO tempest.common.waiters [-] State transition "BUILD/networking" ==> "BUILD/spawning" after 71 second wait
2024-12-16 19:53:21.031 67543 INFO tempest.lib.common.rest_client [req-91dcdb4c-906e-4194-bef7-47374c68bb94 req-91dcdb4c-906e-4194-bef7-47374c68bb94 ] Request (ListServerFiltersTestJSON:tearDownClass): 200 GET http://10.180.1.21/compute/v2.1/servers/e1900551-fbeb-4ac9-b570-acefcdb408ad 0.519s
2024-12-16 19:53:21.042 67514 INFO tempest.lib.common.rest_client [req-b0ccd298-90c1-4191-aa15-beab7a7ecd73 req-b0ccd298-90c1-4191-aa15-beab7a7ecd73 ] Request (AttachInterfacesTestJSON:test_create_list_show_delete_interfaces_by_fixed_ip): 200 GET http://10.180.1.21/compute/v2.1/servers/8c888cd9-be84-4190-847b-96491a3dd73f 0.574s
2024-12-16 19:53:21.087 67510 INFO tempest.lib.common.rest_client [req-2db3083e-3a60-4891-abbb-e146c05d668b req-2db3083e-3a60-4891-abbb-e146c05d668b ] Request (ServersTestJSON:setUpClass): 200 GET http://10.180.1.21/compute/v2.1/servers/831ad7b6-6521-4cc0-b56a-9ce6c48a582c/os-interface 0.563s
2024-12-16 19:53:21.107 67541 INFO tempest.lib.common.rest_client [req-42c552f0-2cc0-4279-9460-d930398dc372 req-42c552f0-2cc0-4279-9460-d930398dc372 ] Request (AttachVolumeShelveTestJSON:test_attach_volume_shelved_or_offload_server): 200 GET http://10.180.1.21/compute/v2.1/servers/3f45007f-d699-43f9-a2fd-84565bd1930c 0.567s
2024-12-16 19:53:21.137 67537 INFO tempest.lib.common.rest_client [req-5f765317-4c25-4379-85fd-cf110e3bd6f6 req-5f765317-4c25-4379-85fd-cf110e3bd6f6 ] Request (SecurityGroupsTestJSON:test_server_security_groups): 200 GET http://10.180.1.21/compute/v2.1/servers/cc545355-26ef-45fd-bacb-2515f52b84bb 0.561s
2024-12-16 19:53:21.182 67498 INFO tempest.lib.common.rest_client [req-9580c22d-1d28-40ef-af46-21995c8dcc88 req-9580c22d-1d28-40ef-af46-21995c8dcc88 ] Request (ImagesTestJSON:test_create_image_from_stopped_server): 200 GET http://10.180.1.21/compute/v2.1/servers/d12cfef2-7912-4cca-bfd4-714b61f62444 0.316s
2024-12-16 19:53:21.206 67557 INFO tempest.lib.common.rest_client [req-ad72b376-9ede-4737-a2d4-8ac86a431573 req-ad72b376-9ede-4737-a2d4-8ac86a431573 ] Request (MigrationsAdminTest:test_list_migrations_in_flavor_resize_situation): 200 GET http://10.180.1.21/compute/v2.1/servers/6321e4cd-2f34-4dca-b144-2c5eadcbf8fc 0.504s
2024-12-16 19:53:21.264 67529 INFO tempest.lib.common.rest_client [req-d3d7b08e-fa50-446f-8197-cf50aca0d5ac req-d3d7b08e-fa50-446f-8197-cf50aca0d5ac ] Request (DeleteServersAdminTestJSON:test_delete_server_while_in_error_state): 200 GET http://10.180.1.21/compute/v2.1/servers/0b9be8e5-f5b1-4206-8001-58e40e6d45a7 0.269s
2024-12-16 19:53:21.284 67549 INFO tempest.lib.common.rest_client [req-bc6d9212-dc63-4d9f-a753-c0f292dec997 req-bc6d9212-dc63-4d9f-a753-c0f292dec997 ] Request (ServersAdminNegativeTestJSON:test_migrate_server_invalid_state): 200 GET http://10.180.1.21/compute/v2.1/servers/ac96cdc3-e0ea-478a-8ed4-72c264eea1f4 0.346s
2024-12-16 19:53:21.307 67522 INFO tempest.lib.common.rest_client [req-fb060c13-8307-472c-90a7-86a5dc24c5d5 req-fb060c13-8307-472c-90a7-86a5dc24c5d5 ] Request (ServersAdminTestJSON:test_inject_network_info): 200 GET http://10.180.1.21/compute/v2.1/servers/bc1cf61d-aae7-4fa4-9d42-ce49120dd7c1 0.257s
2024-12-16 19:53:21.328 67545 INFO tempest.lib.common.rest_client [req-e0963fac-95f3-453b-a932-968be5997085 req-e0963fac-95f3-453b-a932-968be5997085 ] Request (AttachInterfacesUnderV243Test:test_add_remove_fixed_ip): 200 GET http://10.180.1.21/compute/v2.1/servers/90ce8db7-eedc-48b3-b579-efc2ad00ed6f 0.218s
2024-12-16 19:53:21.427 67512 INFO tempest.lib.common.rest_client [req-634cbca6-f6af-48c7-864e-af0e432087af req-634cbca6-f6af-48c7-864e-af0e432087af ] Request (ImagesOneServerNegativeTestJSON:_run_cleanups): 200 GET http://10.180.1.21/compute/v2.1/servers/cf0628fc-d8f4-4b6a-90c9-3392462f3b00 0.047s
2024-12-16 19:53:21.505 67524 INFO tempest.lib.common.rest_client [req-d964c719-8d0f-45e9-a41a-c8ff455d3345 req-d964c719-8d0f-45e9-a41a-c8ff455d3345 ] Request (ServerRescueTestJSON:setUpClass): 200 GET http://10.180.1.21/compute/v2.1/servers/f07729fe-f159-4ff5-90e0-33f7696a22c6 0.051s
2024-12-16 19:53:21.528 67502 WARNING tempest.lib.common.ssh [-] Failed to establish authenticated ssh connection to cirros@10.180.180.150 ([Errno None] Unable to connect to port 22 on 10.180.180.150). Number attempts: 5. Retry after 6 seconds.: paramiko.ssh_exception.NoValidConnectionsError: [Errno None] Unable to connect to port 22 on 10.180.180.150
2024-12-16 19:53:21.544 67510 INFO tempest.lib.common.rest_client [req-4213625e-a203-4764-8ff3-a8aa7f06c813 req-4213625e-a203-4764-8ff3-a8aa7f06c813 ] Request (ServersTestJSON:setUpClass): 200 PUT http://10.180.1.21:9696/networking/v2.0/floatingips/63198ae3-ac27-408d-9d36-8465afe7ca7a 0.455s
2024-12-16 19:53:21.616 67508 INFO tempest.lib.common.rest_client [req-1c9726db-b2e8-411f-ae4c-2ea44df8a1ed req-1c9726db-b2e8-411f-ae4c-2ea44df8a1ed ] Request (ImagesNegativeTestJSON:test_create_image_from_deleted_server): 200 GET http://10.180.1.21/compute/v2.1/servers/970178a8-93cc-40b8-b323-46ae49afe82d 0.074s
2024-12-16 19:53:21.701 67506 INFO tempest.lib.common.rest_client [req-6a8e060f-2541-4383-bcd6-6ccde27c74e4 req-6a8e060f-2541-4383-bcd6-6ccde27c74e4 ] Request (ServerGroupTestJSON:test_create_server_with_scheduler_hint_group): 200 GET http://10.180.1.21/compute/v2.1/servers/677bd1fb-54e0-4cd7-b28b-0f60575ff6b0 0.102s
2024-12-16 19:53:21.719 67510 INFO tempest.lib.common.rest_client [req-355857e3-7d73-4520-a520-b1b5eb578208 req-355857e3-7d73-4520-a520-b1b5eb578208 ] Request (ServersTestJSON:setUpClass): 200 GET http://10.180.1.21/compute/v2.1/servers/831ad7b6-6521-4cc0-b56a-9ce6c48a582c 0.174s
2024-12-16 19:53:21.729 67510 INFO tempest.lib.common.ssh [-] Creating ssh connection to '10.180.180.207:22' as 'cirros' with public key authentication
2024-12-16 19:53:21.774 67532 INFO tempest.lib.common.rest_client [req-e69a4ee5-3c49-4450-b69d-0512a9fc2818 req-e69a4ee5-3c49-4450-b69d-0512a9fc2818 ] Request (ServersTestJSON:test_create_server_with_ipv6_addr_only): 200 GET http://10.180.1.21/compute/v2.1/servers/49e13667-875d-4566-9bca-6a4d45dd7770 0.117s
2024-12-16 19:53:21.784 67551 INFO tempest.lib.common.rest_client [req-6b54126a-1ca6-4cd1-a7a9-0b561f4a6ed2 req-6b54126a-1ca6-4cd1-a7a9-0b561f4a6ed2 ] Request (AttachInterfacesV270Test:tearDownClass): 200 GET http://10.180.1.21/compute/v2.1/servers/e0f71229-23d6-4647-9a81-da15dd0d337c 0.148s
2024-12-16 19:53:21.833 67526 INFO tempest.lib.common.rest_client [req-b4795b25-07e0-4298-8737-6a5e9efa78b2 req-b4795b25-07e0-4298-8737-6a5e9efa78b2 ] Request (ServerActionsTestOtherA:setUpClass): 200 GET http://10.180.1.21/compute/v2.1/servers/09219395-79b1-4a17-8357-12266d342eb4 0.121s
2024-12-16 19:53:21.851 67520 INFO tempest.lib.common.rest_client [req-e68035a3-e949-486c-afa5-60b01379cc97 req-e68035a3-e949-486c-afa5-60b01379cc97 ] Request (InstanceActionsNegativeTestJSON:tearDownClass): 200 GET http://10.180.1.21/compute/v2.1/servers/cea78468-f692-4634-8508-3886bccfb8bf 0.171s
2024-12-16 19:53:21.871 67555 INFO tempest.lib.common.rest_client [req-ca378cd6-5da9-4e5c-935d-364eccfcd664 req-ca378cd6-5da9-4e5c-935d-364eccfcd664 ] Request (ServerPasswordTestJSON:tearDownClass): 404 GET http://10.180.1.21/compute/v2.1/servers/ff676f80-9e5b-4c8e-92f4-657591750c2f 0.096s
2024-12-16 19:53:21.891 67534 INFO tempest.lib.common.rest_client [req-2daecfda-a293-4f63-86be-bf3411f6f01b req-2daecfda-a293-4f63-86be-bf3411f6f01b ] Request (MultipleCreateTestJSON:test_multiple_create_with_reservation_return): 200 GET http://10.180.1.21/compute/v2.1/servers/4ac3f891-119a-4f8c-bea7-516476f92767 0.147s
2024-12-16 19:53:21.928 67500 INFO tempest.lib.common.rest_client [req-1e6e175c-3458-40ee-a0d7-2d6c3563fd7a req-1e6e175c-3458-40ee-a0d7-2d6c3563fd7a ] Request (FloatingIPsAssociationNegativeTestJSON:setUpClass): 200 GET http://10.180.1.21/compute/v2.1/servers/7d5a350c-8215-4ec0-8cf4-c33b0f8bbd02 0.086s
2024-12-16 19:53:21.964 67548 INFO tempest.lib.common.rest_client [req-03a173eb-7a7b-4ecc-a879-9a4bdf69f00f req-03a173eb-7a7b-4ecc-a879-9a4bdf69f00f ] Request (ServerActionsV293TestJSON:setUpClass): 200 GET http://10.180.1.21/compute/v2.1/servers/7703addf-fe6d-40f7-bb52-47fa36c14a50 0.062s
2024-12-16 19:53:22.116 67543 INFO tempest.lib.common.rest_client [req-78a9da4f-4f22-4112-a13f-bbab17e2a419 req-78a9da4f-4f22-4112-a13f-bbab17e2a419 ] Request (ListServerFiltersTestJSON:tearDownClass): 200 GET http://10.180.1.21/compute/v2.1/servers/e1900551-fbeb-4ac9-b570-acefcdb408ad 0.078s
2024-12-16 19:53:22.160 67553 INFO tempest.lib.common.rest_client [req-7bdb888f-b02c-489a-b66a-801fc14f149a req-7bdb888f-b02c-489a-b66a-801fc14f149a ] Request (ServerDiskConfigTestJSON:test_rebuild_server_with_auto_disk_config): 200 GET http://10.180.1.21/compute/v2.1/servers/769d673a-b23e-4995-a6d9-2d2d53a6b469 0.182s
2024-12-16 19:53:22.256 67541 INFO tempest.lib.common.rest_client [req-6368780e-a540-43c6-b42e-6757421f4dd6 req-6368780e-a540-43c6-b42e-6757421f4dd6 ] Request (AttachVolumeShelveTestJSON:test_attach_volume_shelved_or_offload_server): 200 GET http://10.180.1.21/compute/v2.1/servers/3f45007f-d699-43f9-a2fd-84565bd1930c 0.141s
2024-12-16 19:53:22.338 67537 INFO tempest.lib.common.rest_client [req-69f2628c-5044-4f56-b193-dcf499b1d65c req-69f2628c-5044-4f56-b193-dcf499b1d65c ] Request (SecurityGroupsTestJSON:test_server_security_groups): 200 GET http://10.180.1.21/compute/v2.1/servers/cc545355-26ef-45fd-bacb-2515f52b84bb 0.194s
2024-12-16 19:53:22.383 67514 INFO tempest.lib.common.rest_client [req-dd9d3e4a-00e4-4aea-8745-661a06bf5bea req-dd9d3e4a-00e4-4aea-8745-661a06bf5bea ] Request (AttachInterfacesTestJSON:test_create_list_show_delete_interfaces_by_fixed_ip): 200 GET http://10.180.1.21/compute/v2.1/servers/8c888cd9-be84-4190-847b-96491a3dd73f 0.333s
2024-12-16 19:53:22.420 67498 INFO tempest.lib.common.rest_client [req-aa167159-b1b4-4d31-b2bd-e6411e754023 req-aa167159-b1b4-4d31-b2bd-e6411e754023 ] Request (ImagesTestJSON:test_create_image_from_stopped_server): 200 GET http://10.180.1.21/compute/v2.1/servers/d12cfef2-7912-4cca-bfd4-714b61f62444 0.230s
2024-12-16 19:53:22.503 67529 INFO tempest.lib.common.rest_client [req-d22d7414-5a97-467b-ab20-95f35e3ff411 req-d22d7414-5a97-467b-ab20-95f35e3ff411 ] Request (DeleteServersAdminTestJSON:test_delete_server_while_in_error_state): 200 GET http://10.180.1.21/compute/v2.1/servers/0b9be8e5-f5b1-4206-8001-58e40e6d45a7 0.233s
2024-12-16 19:53:22.603 67555 INFO tempest.lib.common.rest_client [req-beb22665-551f-46cc-a676-9d9e5b2b0039 req-beb22665-551f-46cc-a676-9d9e5b2b0039 ] Request (ServerPasswordTestJSON:tearDownClass): 200 PUT http://10.180.1.21:9696/networking/v2.0/routers/fab40738-873f-4faa-8dea-8843260a8628/remove_router_interface 0.731s
2024-12-16 19:53:22.632 67557 INFO tempest.lib.common.rest_client [req-7b640de2-f7a0-4ef2-8b4f-cb2f7c11b429 req-7b640de2-f7a0-4ef2-8b4f-cb2f7c11b429 ] Request (MigrationsAdminTest:test_list_migrations_in_flavor_resize_situation): 200 GET http://10.180.1.21/compute/v2.1/servers/6321e4cd-2f34-4dca-b144-2c5eadcbf8fc 0.415s
2024-12-16 19:53:22.710 67549 INFO tempest.lib.common.rest_client [req-1f2b372e-bda7-4fe9-abe0-a8c4eccd4f84 req-1f2b372e-bda7-4fe9-abe0-a8c4eccd4f84 ] Request (ServersAdminNegativeTestJSON:test_migrate_server_invalid_state): 200 GET http://10.180.1.21/compute/v2.1/servers/ac96cdc3-e0ea-478a-8ed4-72c264eea1f4 0.420s
2024-12-16 19:53:22.714 67522 INFO tempest.lib.common.rest_client [req-7ac9b00d-b257-49de-aeff-427b5ce86df5 req-7ac9b00d-b257-49de-aeff-427b5ce86df5 ] Request (ServersAdminTestJSON:test_inject_network_info): 200 GET http://10.180.1.21/compute/v2.1/servers/bc1cf61d-aae7-4fa4-9d42-ce49120dd7c1 0.399s
2024-12-16 19:53:22.788 67512 INFO tempest.lib.common.rest_client [req-f8aa2508-5e15-497a-b57f-6970b79e4420 req-f8aa2508-5e15-497a-b57f-6970b79e4420 ] Request (ImagesOneServerNegativeTestJSON:_run_cleanups): 200 GET http://10.180.1.21/compute/v2.1/servers/cf0628fc-d8f4-4b6a-90c9-3392462f3b00 0.354s
2024-12-16 19:53:22.795 67545 INFO tempest.lib.common.rest_client [req-7e993fb4-58c2-40ef-835a-51336bf0f874 req-7e993fb4-58c2-40ef-835a-51336bf0f874 ] Request (AttachInterfacesUnderV243Test:test_add_remove_fixed_ip): 200 GET http://10.180.1.21/compute/v2.1/servers/90ce8db7-eedc-48b3-b579-efc2ad00ed6f 0.461s
2024-12-16 19:53:22.802 67545 INFO tempest.common.waiters [-] State transition "BUILD/scheduling" ==> "BUILD/None" after 39 second wait
2024-12-16 19:53:22.845 67524 INFO tempest.lib.common.rest_client [req-20248f95-705a-4ebe-8f6f-642168e9565a req-20248f95-705a-4ebe-8f6f-642168e9565a ] Request (ServerRescueTestJSON:setUpClass): 200 GET http://10.180.1.21/compute/v2.1/servers/f07729fe-f159-4ff5-90e0-33f7696a22c6 0.332s
2024-12-16 19:53:22.866 67508 INFO tempest.lib.common.rest_client [req-96241899-1046-4b86-8d63-cb43e3028bdd req-96241899-1046-4b86-8d63-cb43e3028bdd ] Request (ImagesNegativeTestJSON:test_create_image_from_deleted_server): 200 GET http://10.180.1.21/compute/v2.1/servers/970178a8-93cc-40b8-b323-46ae49afe82d 0.240s
2024-12-16 19:53:22.899 67506 INFO tempest.lib.common.rest_client [req-3d707882-8599-46fd-943e-a9171157d90b req-3d707882-8599-46fd-943e-a9171157d90b ] Request (ServerGroupTestJSON:test_create_server_with_scheduler_hint_group): 200 GET http://10.180.1.21/compute/v2.1/servers/677bd1fb-54e0-4cd7-b28b-0f60575ff6b0 0.190s
2024-12-16 19:53:22.915 67532 INFO tempest.lib.common.rest_client [req-4e31d944-73b2-4c87-8ab7-71b48bd22fd8 req-4e31d944-73b2-4c87-8ab7-71b48bd22fd8 ] Request (ServersTestJSON:test_create_server_with_ipv6_addr_only): 200 GET http://10.180.1.21/compute/v2.1/servers/49e13667-875d-4566-9bca-6a4d45dd7770 0.133s
2024-12-16 19:53:22.967 67551 INFO tempest.lib.common.rest_client [req-19b5ca47-586a-4a6c-9646-8223130399f3 req-19b5ca47-586a-4a6c-9646-8223130399f3 ] Request (AttachInterfacesV270Test:tearDownClass): 200 GET http://10.180.1.21/compute/v2.1/servers/e0f71229-23d6-4647-9a81-da15dd0d337c 0.170s
2024-12-16 19:53:22.979 67526 INFO tempest.lib.common.rest_client [req-bc087478-6e50-423d-a1e8-181ded86b66a req-bc087478-6e50-423d-a1e8-181ded86b66a ] Request (ServerActionsTestOtherA:setUpClass): 200 GET http://10.180.1.21/compute/v2.1/servers/09219395-79b1-4a17-8357-12266d342eb4 0.139s
2024-12-16 19:53:22.993 67555 INFO tempest.lib.common.rest_client [req-f7fae4ce-07e2-4632-972a-f8619c61a0ed req-f7fae4ce-07e2-4632-972a-f8619c61a0ed ] Request (ServerPasswordTestJSON:tearDownClass): 204 DELETE http://10.180.1.21:9696/networking/v2.0/routers/fab40738-873f-4faa-8dea-8843260a8628 0.389s
2024-12-16 19:53:23.033 67520 INFO tempest.lib.common.rest_client [req-ca24767a-6bb2-450c-b6c3-13e17d0f4304 req-ca24767a-6bb2-450c-b6c3-13e17d0f4304 ] Request (InstanceActionsNegativeTestJSON:tearDownClass): 200 GET http://10.180.1.21/compute/v2.1/servers/cea78468-f692-4634-8508-3886bccfb8bf 0.174s
2024-12-16 19:53:23.040 67534 INFO tempest.lib.common.rest_client [req-8daa3f28-9ce7-41f2-90a7-03547c0a1dc4 req-8daa3f28-9ce7-41f2-90a7-03547c0a1dc4 ] Request (MultipleCreateTestJSON:test_multiple_create_with_reservation_return): 200 GET http://10.180.1.21/compute/v2.1/servers/4ac3f891-119a-4f8c-bea7-516476f92767 0.141s
2024-12-16 19:53:23.091 67500 INFO tempest.lib.common.rest_client [req-68850683-a061-40d9-b06d-834994aaae4f req-68850683-a061-40d9-b06d-834994aaae4f ] Request (FloatingIPsAssociationNegativeTestJSON:setUpClass): 200 GET http://10.180.1.21/compute/v2.1/servers/7d5a350c-8215-4ec0-8cf4-c33b0f8bbd02 0.154s
2024-12-16 19:53:23.102 67548 INFO tempest.lib.common.rest_client [req-679349f6-f007-4457-b9e1-6e9165af77f3 req-679349f6-f007-4457-b9e1-6e9165af77f3 ] Request (ServerActionsV293TestJSON:setUpClass): 200 GET http://10.180.1.21/compute/v2.1/servers/7703addf-fe6d-40f7-bb52-47fa36c14a50 0.129s
2024-12-16 19:53:23.117 67555 INFO tempest.lib.common.rest_client [req-041c5909-d6d3-4b98-abd5-d2a95c3e264b req-041c5909-d6d3-4b98-abd5-d2a95c3e264b ] Request (ServerPasswordTestJSON:tearDownClass): 204 DELETE http://10.180.1.21:9696/networking/v2.0/subnets/8be79054-c018-4da8-ae29-1f0e3b17ee94 0.124s
2024-12-16 19:53:23.204 67543 INFO tempest.lib.common.rest_client [req-e0603761-d39c-42ca-8f07-ab6b1e3a7a67 req-e0603761-d39c-42ca-8f07-ab6b1e3a7a67 ] Request (ListServerFiltersTestJSON:tearDownClass): 200 GET http://10.180.1.21/compute/v2.1/servers/e1900551-fbeb-4ac9-b570-acefcdb408ad 0.076s
2024-12-16 19:53:23.307 67553 INFO tempest.lib.common.rest_client [req-f468c65e-af55-4d58-80bf-6911dc32235b req-f468c65e-af55-4d58-80bf-6911dc32235b ] Request (ServerDiskConfigTestJSON:test_rebuild_server_with_auto_disk_config): 200 GET http://10.180.1.21/compute/v2.1/servers/769d673a-b23e-4995-a6d9-2d2d53a6b469 0.140s
2024-12-16 19:53:23.328 67541 INFO tempest.lib.common.rest_client [req-d149a99e-cb29-41c6-8e08-d5e64bd66a62 req-d149a99e-cb29-41c6-8e08-d5e64bd66a62 ] Request (AttachVolumeShelveTestJSON:test_attach_volume_shelved_or_offload_server): 200 GET http://10.180.1.21/compute/v2.1/servers/3f45007f-d699-43f9-a2fd-84565bd1930c 0.060s
2024-12-16 19:53:23.373 67555 INFO tempest.lib.common.rest_client [req-27df3187-f323-417e-8a74-69c41c85a01c req-27df3187-f323-417e-8a74-69c41c85a01c ] Request (ServerPasswordTestJSON:tearDownClass): 204 DELETE http://10.180.1.21:9696/networking/v2.0/networks/203f16cc-c4af-4895-95fe-2d182152f956 0.255s
2024-12-16 19:53:23.412 67537 INFO tempest.lib.common.rest_client [req-d65b43ac-744b-4d27-be13-8f339f3a0ff0 req-d65b43ac-744b-4d27-be13-8f339f3a0ff0 ] Request (SecurityGroupsTestJSON:test_server_security_groups): 200 GET http://10.180.1.21/compute/v2.1/servers/cc545355-26ef-45fd-bacb-2515f52b84bb 0.059s
2024-12-16 19:53:23.461 67555 INFO tempest.lib.common.rest_client [req-ea0b353f-c1e3-4f9b-b120-9454ae3905c4 req-ea0b353f-c1e3-4f9b-b120-9454ae3905c4 ] Request (ServerPasswordTestJSON:tearDownClass): 204 DELETE http://10.180.1.21/identity/v3/users/d14cf4f82d264b2a88618911c98f690f 0.087s
2024-12-16 19:53:23.461 67555 INFO tempest.lib.common.dynamic_creds [-] Deleting project and security group for project: 1fb024649dd048f0bb5bfd610cd6f894
2024-12-16 19:53:23.493 67498 INFO tempest.lib.common.rest_client [req-fbb7a794-cdec-47dc-9920-993641e0ef41 req-fbb7a794-cdec-47dc-9920-993641e0ef41 ] Request (ImagesTestJSON:test_create_image_from_stopped_server): 200 GET http://10.180.1.21/compute/v2.1/servers/d12cfef2-7912-4cca-bfd4-714b61f62444 0.065s
2024-12-16 19:53:23.506 67555 INFO tempest.lib.common.rest_client [req-0e1048d5-b7ee-4d7d-b003-a84a9b5868e0 req-0e1048d5-b7ee-4d7d-b003-a84a9b5868e0 ] Request (ServerPasswordTestJSON:tearDownClass): 200 GET http://10.180.1.21:9696/networking/v2.0/security-groups?tenant_id=1fb024649dd048f0bb5bfd610cd6f894&name=default 0.044s
2024-12-16 19:53:23.512 67559 WARNING tempest.lib.common.ssh [-] Failed to establish authenticated ssh connection to cirros@10.180.180.168 ([Errno None] Unable to connect to port 22 on 10.180.180.168). Number attempts: 4. Retry after 5 seconds.: paramiko.ssh_exception.NoValidConnectionsError: [Errno None] Unable to connect to port 22 on 10.180.180.168
2024-12-16 19:53:23.591 67529 INFO tempest.lib.common.rest_client [req-9652c5a3-c46a-40c7-8be0-d4cdd2dab359 req-9652c5a3-c46a-40c7-8be0-d4cdd2dab359 ] Request (DeleteServersAdminTestJSON:test_delete_server_while_in_error_state): 200 GET http://10.180.1.21/compute/v2.1/servers/0b9be8e5-f5b1-4206-8001-58e40e6d45a7 0.077s
2024-12-16 19:53:23.594 67514 INFO tempest.lib.common.rest_client [req-7c8b8224-9253-4427-bf43-2bd35ddc60aa req-7c8b8224-9253-4427-bf43-2bd35ddc60aa ] Request (AttachInterfacesTestJSON:test_create_list_show_delete_interfaces_by_fixed_ip): 200 GET http://10.180.1.21/compute/v2.1/servers/8c888cd9-be84-4190-847b-96491a3dd73f 0.204s
2024-12-16 19:53:23.604 67555 INFO tempest.lib.common.rest_client [req-e2b45963-0e91-46e1-9135-c0f3d8000532 req-e2b45963-0e91-46e1-9135-c0f3d8000532 ] Request (ServerPasswordTestJSON:tearDownClass): 204 DELETE http://10.180.1.21:9696/networking/v2.0/security-groups/1961f19c-e8fc-47d1-b1a6-b3fdf4c1cd2b 0.097s
2024-12-16 19:53:23.618 67504 WARNING tempest.lib.common.ssh [-] Failed to establish authenticated ssh connection to cirros@10.180.180.209 ([Errno None] Unable to connect to port 22 on 10.180.180.209). Number attempts: 9. Retry after 10 seconds.: paramiko.ssh_exception.NoValidConnectionsError: [Errno None] Unable to connect to port 22 on 10.180.180.209
2024-12-16 19:53:23.695 67555 INFO tempest.lib.common.rest_client [req-6cdfc60e-123b-4959-94f4-47c948a89dd4 req-6cdfc60e-123b-4959-94f4-47c948a89dd4 ] Request (ServerPasswordTestJSON:tearDownClass): 204 DELETE http://10.180.1.21/identity/v3/projects/1fb024649dd048f0bb5bfd610cd6f894 0.091s
2024-12-16 19:53:23.763 67555 INFO tempest.lib.common.rest_client [req-c26eee4e-8e17-4689-a5b3-df7f2ab25bc4 req-c26eee4e-8e17-4689-a5b3-df7f2ab25bc4 ] Request (ServersNegativeTestMultiTenantJSON:setUpClass): 201 POST http://10.180.1.21/identity/v3/auth/tokens 0.065s
2024-12-16 19:53:23.797 67522 INFO tempest.lib.common.rest_client [req-40577cc3-6a69-451c-8e01-77e23672cb17 req-40577cc3-6a69-451c-8e01-77e23672cb17 ] Request (ServersAdminTestJSON:test_inject_network_info): 200 GET http://10.180.1.21/compute/v2.1/servers/bc1cf61d-aae7-4fa4-9d42-ce49120dd7c1 0.075s
2024-12-16 19:53:23.802 67555 INFO tempest.lib.common.rest_client [req-a68c1f71-f5e6-47f3-ad12-f94657fe5cba req-a68c1f71-f5e6-47f3-ad12-f94657fe5cba ] Request (ServersNegativeTestMultiTenantJSON:setUpClass): 201 POST http://10.180.1.21/identity/v3/auth/tokens 0.037s
2024-12-16 19:53:23.814 67557 INFO tempest.lib.common.rest_client [req-59d26864-aeff-41a3-a25d-4b4dca9517b1 req-59d26864-aeff-41a3-a25d-4b4dca9517b1 ] Request (MigrationsAdminTest:test_list_migrations_in_flavor_resize_situation): 200 GET http://10.180.1.21/compute/v2.1/servers/6321e4cd-2f34-4dca-b144-2c5eadcbf8fc 0.175s
2024-12-16 19:53:23.844 67555 INFO tempest.lib.common.rest_client [req-02f20614-0160-4035-a37e-0969bf8e7822 req-02f20614-0160-4035-a37e-0969bf8e7822 ] Request (ServersNegativeTestMultiTenantJSON:setUpClass): 200 GET http://10.180.1.21/identity/v3/domains?name=Default 0.041s
2024-12-16 19:53:23.871 67512 INFO tempest.lib.common.rest_client [req-bc39c072-fac5-4246-a9eb-1fd9fdd7625c req-bc39c072-fac5-4246-a9eb-1fd9fdd7625c ] Request (ImagesOneServerNegativeTestJSON:_run_cleanups): 200 GET http://10.180.1.21/compute/v2.1/servers/cf0628fc-d8f4-4b6a-90c9-3392462f3b00 0.072s
2024-12-16 19:53:23.873 67555 INFO tempest.lib.common.rest_client [req-03ce9695-ea55-4c7f-8b2e-104274558bbc req-03ce9695-ea55-4c7f-8b2e-104274558bbc ] Request (ServersNegativeTestMultiTenantJSON:setUpClass): 201 POST http://10.180.1.21/identity/v3/projects 0.028s
2024-12-16 19:53:23.910 67549 INFO tempest.lib.common.rest_client [req-b648c751-d5ae-4fbc-9524-e19d648fb99c req-b648c751-d5ae-4fbc-9524-e19d648fb99c ] Request (ServersAdminNegativeTestJSON:test_migrate_server_invalid_state): 200 GET http://10.180.1.21/compute/v2.1/servers/ac96cdc3-e0ea-478a-8ed4-72c264eea1f4 0.188s
2024-12-16 19:53:23.921 67545 INFO tempest.lib.common.rest_client [req-6dfb5bbf-26b4-4ece-a1b9-5ac477040c18 req-6dfb5bbf-26b4-4ece-a1b9-5ac477040c18 ] Request (AttachInterfacesUnderV243Test:test_add_remove_fixed_ip): 200 GET http://10.180.1.21/compute/v2.1/servers/90ce8db7-eedc-48b3-b579-efc2ad00ed6f 0.116s
2024-12-16 19:53:23.927 67555 INFO tempest.lib.common.rest_client [req-2a480b08-46f8-4675-a91f-2f060560320b req-2a480b08-46f8-4675-a91f-2f060560320b ] Request (ServersNegativeTestMultiTenantJSON:setUpClass): 201 POST http://10.180.1.21/identity/v3/users 0.054s
2024-12-16 19:53:23.950 67555 INFO tempest.lib.common.rest_client [req-ee1eac90-526a-48e5-b0ab-c2f4f7b05e66 req-ee1eac90-526a-48e5-b0ab-c2f4f7b05e66 ] Request (ServersNegativeTestMultiTenantJSON:setUpClass): 200 GET http://10.180.1.21/identity/v3/roles 0.022s
2024-12-16 19:53:23.966 67524 INFO tempest.lib.common.rest_client [req-ee12353c-4379-4034-b279-2422ccbef13a req-ee12353c-4379-4034-b279-2422ccbef13a ] Request (ServerRescueTestJSON:setUpClass): 200 GET http://10.180.1.21/compute/v2.1/servers/f07729fe-f159-4ff5-90e0-33f7696a22c6 0.111s
2024-12-16 19:53:23.976 67555 INFO tempest.lib.common.rest_client [req-736ad044-bd5f-4a0f-b918-52e788d1b430 req-736ad044-bd5f-4a0f-b918-52e788d1b430 ] Request (ServersNegativeTestMultiTenantJSON:setUpClass): 204 PUT http://10.180.1.21/identity/v3/projects/5ce47bfcbaf34fd8b5dfb08b38437042/users/9a0d1647a993405ab262c02c30636b1f/roles/8dd32a0a999e4f32b8d859c2247edb94 0.025s
2024-12-16 19:53:23.976 67555 INFO tempest.lib.common.dynamic_creds [-] Dynamic test user 9a0d1647a993405ab262c02c30636b1f is created with scope project and roles: ['member']
2024-12-16 19:53:23.976 67555 INFO tempest.lib.common.dynamic_creds [-] Acquired dynamic creds: credentials: Credentials: {'domain_id': 'default', 'domain_name': 'Default', 'username': 'tempest-ServersNegativeTestMultiTenantJSON-1190124648-project-member', 'project_domain_id': 'default', 'project_domain_name': 'Default', 'project_id': '5ce47bfcbaf34fd8b5dfb08b38437042', 'project_name': 'tempest-ServersNegativeTestMultiTenantJSON-1190124648', 'tenant_id': '5ce47bfcbaf34fd8b5dfb08b38437042', 'tenant_name': 'tempest-ServersNegativeTestMultiTenantJSON-1190124648', 'user_domain_id': 'default', 'user_domain_name': 'Default', 'user_id': '9a0d1647a993405ab262c02c30636b1f', 'system': None}, Network: None, Subnet: None, Router: None
2024-12-16 19:53:23.981 67508 INFO tempest.lib.common.rest_client [req-f877d982-fc77-40be-bf7e-3bdd7cebb85d req-f877d982-fc77-40be-bf7e-3bdd7cebb85d ] Request (ImagesNegativeTestJSON:test_create_image_from_deleted_server): 200 GET http://10.180.1.21/compute/v2.1/servers/970178a8-93cc-40b8-b323-46ae49afe82d 0.106s
2024-12-16 19:53:24.014 67506 INFO tempest.lib.common.rest_client [req-e0fb523b-9178-4842-9e08-bba2c7fb4849 req-e0fb523b-9178-4842-9e08-bba2c7fb4849 ] Request (ServerGroupTestJSON:test_create_server_with_scheduler_hint_group): 200 GET http://10.180.1.21/compute/v2.1/servers/677bd1fb-54e0-4cd7-b28b-0f60575ff6b0 0.104s
2024-12-16 19:53:24.027 67532 INFO tempest.lib.common.rest_client [req-cf6ba9bd-7cf8-44f5-a405-8ce1dd45b875 req-cf6ba9bd-7cf8-44f5-a405-8ce1dd45b875 ] Request (ServersTestJSON:test_create_server_with_ipv6_addr_only): 200 GET http://10.180.1.21/compute/v2.1/servers/49e13667-875d-4566-9bca-6a4d45dd7770 0.104s
2024-12-16 19:53:24.040 67555 INFO tempest.lib.common.rest_client [req-51c172e4-2e72-4864-8c7e-c2b2eb92104b req-51c172e4-2e72-4864-8c7e-c2b2eb92104b ] Request (ServersNegativeTestMultiTenantJSON:setUpClass): 201 POST http://10.180.1.21/identity/v3/auth/tokens 0.063s
2024-12-16 19:53:24.079 67551 INFO tempest.lib.common.rest_client [req-73e40585-e330-49da-ae01-47ed0e006cc9 req-73e40585-e330-49da-ae01-47ed0e006cc9 ] Request (AttachInterfacesV270Test:tearDownClass): 200 GET http://10.180.1.21/compute/v2.1/servers/e0f71229-23d6-4647-9a81-da15dd0d337c 0.101s
2024-12-16 19:53:24.081 67526 INFO tempest.lib.common.rest_client [req-08d96dea-6d8a-41f0-9dd3-971d56d04d33 req-08d96dea-6d8a-41f0-9dd3-971d56d04d33 ] Request (ServerActionsTestOtherA:setUpClass): 200 GET http://10.180.1.21/compute/v2.1/servers/09219395-79b1-4a17-8357-12266d342eb4 0.095s
2024-12-16 19:53:24.132 67534 INFO tempest.lib.common.rest_client [req-4000c127-2861-43b7-b387-dc746ae4cd32 req-4000c127-2861-43b7-b387-dc746ae4cd32 ] Request (MultipleCreateTestJSON:test_multiple_create_with_reservation_return): 200 GET http://10.180.1.21/compute/v2.1/servers/4ac3f891-119a-4f8c-bea7-516476f92767 0.084s
2024-12-16 19:53:24.138 67520 INFO tempest.lib.common.rest_client [req-77441174-6a74-4d92-9a23-abab4c483d7d req-77441174-6a74-4d92-9a23-abab4c483d7d ] Request (InstanceActionsNegativeTestJSON:tearDownClass): 200 GET http://10.180.1.21/compute/v2.1/servers/cea78468-f692-4634-8508-3886bccfb8bf 0.096s
2024-12-16 19:53:24.184 67500 INFO tempest.lib.common.rest_client [req-5132654a-1656-4a6f-a61d-e779651fcbea req-5132654a-1656-4a6f-a61d-e779651fcbea ] Request (FloatingIPsAssociationNegativeTestJSON:setUpClass): 200 GET http://10.180.1.21/compute/v2.1/servers/7d5a350c-8215-4ec0-8cf4-c33b0f8bbd02 0.086s
2024-12-16 19:53:24.192 67548 INFO tempest.lib.common.rest_client [req-0db2e205-29d0-4ffd-bec7-9ef5f76cc27e req-0db2e205-29d0-4ffd-bec7-9ef5f76cc27e ] Request (ServerActionsV293TestJSON:setUpClass): 200 GET http://10.180.1.21/compute/v2.1/servers/7703addf-fe6d-40f7-bb52-47fa36c14a50 0.080s
2024-12-16 19:53:24.266 67555 INFO tempest.lib.common.rest_client [req-2084c7eb-6c04-4ec8-bf1b-37128d24ea4e req-2084c7eb-6c04-4ec8-bf1b-37128d24ea4e ] Request (ServersNegativeTestMultiTenantJSON:setUpClass): 201 POST http://10.180.1.21:9696/networking/v2.0/networks 0.225s
2024-12-16 19:53:24.309 67543 INFO tempest.lib.common.rest_client [req-a47788b7-b36f-4801-b1c8-8253b5a9de0d req-a47788b7-b36f-4801-b1c8-8253b5a9de0d ] Request (ListServerFiltersTestJSON:tearDownClass): 200 GET http://10.180.1.21/compute/v2.1/servers/e1900551-fbeb-4ac9-b570-acefcdb408ad 0.080s
2024-12-16 19:53:24.424 67541 INFO tempest.lib.common.rest_client [req-beb67422-9d24-4563-861d-581b79ccb9d0 req-beb67422-9d24-4563-861d-581b79ccb9d0 ] Request (AttachVolumeShelveTestJSON:test_attach_volume_shelved_or_offload_server): 200 GET http://10.180.1.21/compute/v2.1/servers/3f45007f-d699-43f9-a2fd-84565bd1930c 0.089s
2024-12-16 19:53:24.472 67555 INFO tempest.lib.common.rest_client [req-675aca41-f8e4-4808-a975-6d564e1f4fcd req-675aca41-f8e4-4808-a975-6d564e1f4fcd ] Request (ServersNegativeTestMultiTenantJSON:setUpClass): 201 POST http://10.180.1.21:9696/networking/v2.0/subnets 0.206s
2024-12-16 19:53:24.498 67537 INFO tempest.lib.common.rest_client [req-068e47d8-d657-44a2-b2dc-44956de285f1 req-068e47d8-d657-44a2-b2dc-44956de285f1 ] Request (SecurityGroupsTestJSON:test_server_security_groups): 200 GET http://10.180.1.21/compute/v2.1/servers/cc545355-26ef-45fd-bacb-2515f52b84bb 0.078s
2024-12-16 19:53:24.529 67553 INFO tempest.lib.common.rest_client [req-0b961eef-2c9b-4fab-a5f7-ab2afa41587a req-0b961eef-2c9b-4fab-a5f7-ab2afa41587a ] Request (ServerDiskConfigTestJSON:test_rebuild_server_with_auto_disk_config): 200 GET http://10.180.1.21/compute/v2.1/servers/769d673a-b23e-4995-a6d9-2d2d53a6b469 0.213s
2024-12-16 19:53:24.562 67498 INFO tempest.lib.common.rest_client [req-3a1b2b66-69b9-4f75-9fb5-cf133355cf6c req-3a1b2b66-69b9-4f75-9fb5-cf133355cf6c ] Request (ImagesTestJSON:test_create_image_from_stopped_server): 200 GET http://10.180.1.21/compute/v2.1/servers/d12cfef2-7912-4cca-bfd4-714b61f62444 0.062s
2024-12-16 19:53:24.683 67529 INFO tempest.lib.common.rest_client [req-795d2bd7-57a9-4a6f-8a5d-e4b523e9a6fd req-795d2bd7-57a9-4a6f-8a5d-e4b523e9a6fd ] Request (DeleteServersAdminTestJSON:test_delete_server_while_in_error_state): 200 GET http://10.180.1.21/compute/v2.1/servers/0b9be8e5-f5b1-4206-8001-58e40e6d45a7 0.085s
2024-12-16 19:53:24.691 67529 INFO tempest.common.waiters [-] State transition "BUILD/None" ==> "BUILD/networking" after 72 second wait
2024-12-16 19:53:24.958 67522 INFO tempest.lib.common.rest_client [req-eaffe1c5-ce6f-4106-870f-23472915a7ca req-eaffe1c5-ce6f-4106-870f-23472915a7ca ] Request (ServersAdminTestJSON:test_inject_network_info): 200 GET http://10.180.1.21/compute/v2.1/servers/bc1cf61d-aae7-4fa4-9d42-ce49120dd7c1 0.150s
2024-12-16 19:53:24.982 67514 INFO tempest.lib.common.rest_client [req-b3fae00a-83af-4baa-8db3-a649979d66cb req-b3fae00a-83af-4baa-8db3-a649979d66cb ] Request (AttachInterfacesTestJSON:test_create_list_show_delete_interfaces_by_fixed_ip): 200 GET http://10.180.1.21/compute/v2.1/servers/8c888cd9-be84-4190-847b-96491a3dd73f 0.381s
2024-12-16 19:53:25.049 67512 INFO tempest.lib.common.rest_client [req-e0288311-6ed1-45c2-a98a-5dececc1b743 req-e0288311-6ed1-45c2-a98a-5dececc1b743 ] Request (ImagesOneServerNegativeTestJSON:_run_cleanups): 200 GET http://10.180.1.21/compute/v2.1/servers/cf0628fc-d8f4-4b6a-90c9-3392462f3b00 0.168s
2024-12-16 19:53:25.083 67557 INFO tempest.lib.common.rest_client [req-6ffc485d-b1ce-4bb1-8c29-088148eeb8aa req-6ffc485d-b1ce-4bb1-8c29-088148eeb8aa ] Request (MigrationsAdminTest:test_list_migrations_in_flavor_resize_situation): 200 GET http://10.180.1.21/compute/v2.1/servers/6321e4cd-2f34-4dca-b144-2c5eadcbf8fc 0.260s
2024-12-16 19:53:25.146 67545 INFO tempest.lib.common.rest_client [req-fbd1cb59-87aa-4df1-8fd4-05628e7be371 req-fbd1cb59-87aa-4df1-8fd4-05628e7be371 ] Request (AttachInterfacesUnderV243Test:test_add_remove_fixed_ip): 200 GET http://10.180.1.21/compute/v2.1/servers/90ce8db7-eedc-48b3-b579-efc2ad00ed6f 0.212s
2024-12-16 19:53:25.149 67555 INFO tempest.lib.common.rest_client [req-a304aa01-e806-417e-8c9f-6908cf46cfc1 req-a304aa01-e806-417e-8c9f-6908cf46cfc1 ] Request (ServersNegativeTestMultiTenantJSON:setUpClass): 201 POST http://10.180.1.21:9696/networking/v2.0/routers 0.677s
2024-12-16 19:53:25.174 67549 INFO tempest.lib.common.rest_client [req-98370172-6722-4b67-b6fb-056661cec374 req-98370172-6722-4b67-b6fb-056661cec374 ] Request (ServersAdminNegativeTestJSON:test_migrate_server_invalid_state): 200 GET http://10.180.1.21/compute/v2.1/servers/ac96cdc3-e0ea-478a-8ed4-72c264eea1f4 0.257s
2024-12-16 19:53:25.216 67524 INFO tempest.lib.common.rest_client [req-7b5ae51a-d8a3-47e8-abe2-d09c0ccef499 req-7b5ae51a-d8a3-47e8-abe2-d09c0ccef499 ] Request (ServerRescueTestJSON:setUpClass): 200 GET http://10.180.1.21/compute/v2.1/servers/f07729fe-f159-4ff5-90e0-33f7696a22c6 0.240s
2024-12-16 19:53:25.257 67508 INFO tempest.lib.common.rest_client [req-0560ed23-fc31-44e3-b28e-bd474de08fbc req-0560ed23-fc31-44e3-b28e-bd474de08fbc ] Request (ImagesNegativeTestJSON:test_create_image_from_deleted_server): 200 GET http://10.180.1.21/compute/v2.1/servers/970178a8-93cc-40b8-b323-46ae49afe82d 0.264s
2024-12-16 19:53:25.306 67506 INFO tempest.lib.common.rest_client [req-dc07fa8c-0b56-4246-b4f4-9d2cab6d5074 req-dc07fa8c-0b56-4246-b4f4-9d2cab6d5074 ] Request (ServerGroupTestJSON:test_create_server_with_scheduler_hint_group): 200 GET http://10.180.1.21/compute/v2.1/servers/677bd1fb-54e0-4cd7-b28b-0f60575ff6b0 0.285s
2024-12-16 19:53:25.316 67532 INFO tempest.lib.common.rest_client [req-3124ccc0-89a3-45e8-bf5d-d41bd72c2ce1 req-3124ccc0-89a3-45e8-bf5d-d41bd72c2ce1 ] Request (ServersTestJSON:test_create_server_with_ipv6_addr_only): 200 GET http://10.180.1.21/compute/v2.1/servers/49e13667-875d-4566-9bca-6a4d45dd7770 0.282s
2024-12-16 19:53:25.372 67526 INFO tempest.lib.common.rest_client [req-f18ffb84-9a12-4cd4-9833-6de3799a8aa2 req-f18ffb84-9a12-4cd4-9833-6de3799a8aa2 ] Request (ServerActionsTestOtherA:setUpClass): 200 GET http://10.180.1.21/compute/v2.1/servers/09219395-79b1-4a17-8357-12266d342eb4 0.283s
2024-12-16 19:53:25.383 67551 INFO tempest.lib.common.rest_client [req-f2eecf79-5726-4eed-bb0f-c6e7225cfa00 req-f2eecf79-5726-4eed-bb0f-c6e7225cfa00 ] Request (AttachInterfacesV270Test:tearDownClass): 200 GET http://10.180.1.21/compute/v2.1/servers/e0f71229-23d6-4647-9a81-da15dd0d337c 0.296s
2024-12-16 19:53:25.428 67534 INFO tempest.lib.common.rest_client [req-625ccafc-68ba-4b52-8b2b-98046252d3d0 req-625ccafc-68ba-4b52-8b2b-98046252d3d0 ] Request (MultipleCreateTestJSON:test_multiple_create_with_reservation_return): 200 GET http://10.180.1.21/compute/v2.1/servers/4ac3f891-119a-4f8c-bea7-516476f92767 0.288s
2024-12-16 19:53:25.446 67520 INFO tempest.lib.common.rest_client [req-f47010c2-d1b9-4860-b7a8-97634d0a74fd req-f47010c2-d1b9-4860-b7a8-97634d0a74fd ] Request (InstanceActionsNegativeTestJSON:tearDownClass): 200 GET http://10.180.1.21/compute/v2.1/servers/cea78468-f692-4634-8508-3886bccfb8bf 0.302s
2024-12-16 19:53:25.491 67500 INFO tempest.lib.common.rest_client [req-33e4db33-f10f-44c4-bfea-10b3cd19f8b7 req-33e4db33-f10f-44c4-bfea-10b3cd19f8b7 ] Request (FloatingIPsAssociationNegativeTestJSON:setUpClass): 200 GET http://10.180.1.21/compute/v2.1/servers/7d5a350c-8215-4ec0-8cf4-c33b0f8bbd02 0.299s
2024-12-16 19:53:25.515 67548 INFO tempest.lib.common.rest_client [req-22c28422-8dde-45b2-a8b3-3417a4c43a89 req-22c28422-8dde-45b2-a8b3-3417a4c43a89 ] Request (ServerActionsV293TestJSON:setUpClass): 200 GET http://10.180.1.21/compute/v2.1/servers/7703addf-fe6d-40f7-bb52-47fa36c14a50 0.309s
2024-12-16 19:53:25.558 67543 INFO tempest.lib.common.rest_client [req-d16ed189-1a33-417f-bcde-b3a4191abefd req-d16ed189-1a33-417f-bcde-b3a4191abefd ] Request (ListServerFiltersTestJSON:tearDownClass): 200 GET http://10.180.1.21/compute/v2.1/servers/e1900551-fbeb-4ac9-b570-acefcdb408ad 0.242s
2024-12-16 19:53:25.577 67541 INFO tempest.lib.common.rest_client [req-d4ace943-8703-4653-b9d1-59c11c8c94c8 req-d4ace943-8703-4653-b9d1-59c11c8c94c8 ] Request (AttachVolumeShelveTestJSON:test_attach_volume_shelved_or_offload_server): 200 GET http://10.180.1.21/compute/v2.1/servers/3f45007f-d699-43f9-a2fd-84565bd1930c 0.144s
2024-12-16 19:53:25.609 67537 INFO tempest.lib.common.rest_client [req-74ea1ead-886a-40e5-b1f0-b76f47e419e2 req-74ea1ead-886a-40e5-b1f0-b76f47e419e2 ] Request (SecurityGroupsTestJSON:test_server_security_groups): 200 GET http://10.180.1.21/compute/v2.1/servers/cc545355-26ef-45fd-bacb-2515f52b84bb 0.103s
2024-12-16 19:53:25.672 67498 INFO tempest.lib.common.rest_client [req-da43c073-e2b2-4381-90a5-5790c2b4779e req-da43c073-e2b2-4381-90a5-5790c2b4779e ] Request (ImagesTestJSON:test_create_image_from_stopped_server): 200 GET http://10.180.1.21/compute/v2.1/servers/d12cfef2-7912-4cca-bfd4-714b61f62444 0.103s
2024-12-16 19:53:25.727 67553 INFO tempest.lib.common.rest_client [req-6713f926-0841-4afb-8043-69ad5cbb87c3 req-6713f926-0841-4afb-8043-69ad5cbb87c3 ] Request (ServerDiskConfigTestJSON:test_rebuild_server_with_auto_disk_config): 200 GET http://10.180.1.21/compute/v2.1/servers/769d673a-b23e-4995-a6d9-2d2d53a6b469 0.190s
2024-12-16 19:53:25.798 67529 INFO tempest.lib.common.rest_client [req-4526f414-fca4-4e68-8485-89b5cb6bfb96 req-4526f414-fca4-4e68-8485-89b5cb6bfb96 ] Request (DeleteServersAdminTestJSON:test_delete_server_while_in_error_state): 200 GET http://10.180.1.21/compute/v2.1/servers/0b9be8e5-f5b1-4206-8001-58e40e6d45a7 0.105s
2024-12-16 19:53:25.804 67529 INFO tempest.common.waiters [-] State transition "BUILD/networking" ==> "BUILD/spawning" after 73 second wait
2024-12-16 19:53:25.817 67510 WARNING tempest.lib.common.ssh [-] Failed to establish authenticated ssh connection to cirros@10.180.180.207 ([Errno None] Unable to connect to port 22 on 10.180.180.207). Number attempts: 1. Retry after 2 seconds.: paramiko.ssh_exception.NoValidConnectionsError: [Errno None] Unable to connect to port 22 on 10.180.180.207
2024-12-16 19:53:26.022 67522 INFO tempest.lib.common.rest_client [req-9ad36f16-4fc3-4557-aab1-58a5bd4b853d req-9ad36f16-4fc3-4557-aab1-58a5bd4b853d ] Request (ServersAdminTestJSON:test_inject_network_info): 200 GET http://10.180.1.21/compute/v2.1/servers/bc1cf61d-aae7-4fa4-9d42-ce49120dd7c1 0.055s
2024-12-16 19:53:26.096 67514 INFO tempest.lib.common.rest_client [req-1150ba36-72cd-4050-914c-48931360194e req-1150ba36-72cd-4050-914c-48931360194e ] Request (AttachInterfacesTestJSON:test_create_list_show_delete_interfaces_by_fixed_ip): 200 GET http://10.180.1.21/compute/v2.1/servers/8c888cd9-be84-4190-847b-96491a3dd73f 0.101s
2024-12-16 19:53:26.108 67512 INFO tempest.lib.common.rest_client [req-15b84cd2-fd39-425b-a4de-bc495b397b3b req-15b84cd2-fd39-425b-a4de-bc495b397b3b ] Request (ImagesOneServerNegativeTestJSON:_run_cleanups): 200 GET http://10.180.1.21/compute/v2.1/servers/cf0628fc-d8f4-4b6a-90c9-3392462f3b00 0.052s
2024-12-16 19:53:26.126 67555 INFO tempest.lib.common.rest_client [req-d05625ca-0188-496a-9c71-4d5a1993beaf req-d05625ca-0188-496a-9c71-4d5a1993beaf ] Request (ServersNegativeTestMultiTenantJSON:setUpClass): 200 PUT http://10.180.1.21:9696/networking/v2.0/routers/b07b3a8f-fcb4-43d4-a05e-54bfc2dc3b62/add_router_interface 0.976s
2024-12-16 19:53:26.126 67555 INFO tempest.lib.common.dynamic_creds [-] Created isolated network resources for: credentials: Credentials: {'domain_id': 'default', 'domain_name': 'Default', 'username': 'tempest-ServersNegativeTestMultiTenantJSON-1190124648-project-member', 'project_domain_id': 'default', 'project_domain_name': 'Default', 'project_id': '5ce47bfcbaf34fd8b5dfb08b38437042', 'project_name': 'tempest-ServersNegativeTestMultiTenantJSON-1190124648', 'tenant_id': '5ce47bfcbaf34fd8b5dfb08b38437042', 'tenant_name': 'tempest-ServersNegativeTestMultiTenantJSON-1190124648', 'user_domain_id': 'default', 'user_domain_name': 'Default', 'user_id': '9a0d1647a993405ab262c02c30636b1f', 'system': None}, Network: {'id': 'dfc80afb-8465-44cf-a6ff-78af042734ff', 'name': 'tempest-ServersNegativeTestMultiTenantJSON-215164276-network', 'tenant_id': '5ce47bfcbaf34fd8b5dfb08b38437042', 'admin_state_up': True, 'mtu': 8950, 'status': 'ACTIVE', 'subnets': [], 'shared': False, 'project_id': '5ce47bfcbaf34fd8b5dfb08b38437042', 'port_security_enabled': True, 'router:external': False, 'provider:network_type': 'vlan', 'provider:physical_network': 'default', 'provider:segmentation_id': 728, 'availability_zone_hints': [], 'availability_zones': [], 'ipv4_address_scope': None, 'ipv6_address_scope': None, 'description': '', 'tags': [], 'created_at': '2024-12-16T19:53:24Z', 'updated_at': '2024-12-16T19:53:24Z', 'revision_number': 1}, Subnet: {'id': 'd1badfe2-89ac-4d41-86f3-f57506e2dc0c', 'name': 'tempest-ServersNegativeTestMultiTenantJSON-215164276-subnet', 'tenant_id': '5ce47bfcbaf34fd8b5dfb08b38437042', 'network_id': 'dfc80afb-8465-44cf-a6ff-78af042734ff', 'ip_version': 4, 'subnetpool_id': None, 'enable_dhcp': True, 'ipv6_ra_mode': None, 'ipv6_address_mode': None, 'gateway_ip': '192.168.128.1', 'cidr': '192.168.128.0/28', 'allocation_pools': [{'start': '192.168.128.2', 'end': '192.168.128.14'}], 'host_routes': [], 'dns_nameservers': [], 'description': '', 'router:external': False, 'service_types': [], 'tags': [], 'created_at': '2024-12-16T19:53:24Z', 'updated_at': '2024-12-16T19:53:24Z', 'revision_number': 0, 'project_id': '5ce47bfcbaf34fd8b5dfb08b38437042'}, Router: {'id': 'b07b3a8f-fcb4-43d4-a05e-54bfc2dc3b62', 'name': 'tempest-ServersNegativeTestMultiTenantJSON-215164276-router', 'tenant_id': '5ce47bfcbaf34fd8b5dfb08b38437042', 'admin_state_up': True, 'status': 'ACTIVE', 'external_gateway_info': {'network_id': 'dafceb22-5be6-4099-863f-4dffce09e0d7', 'external_fixed_ips': [{'subnet_id': '19d9213f-36ce-4dc8-b474-b2c0e692a6f3', 'ip_address': '10.180.180.160'}], 'enable_snat': True}, 'description': '', 'availability_zones': [], 'distributed': False, 'ha': False, 'availability_zone_hints': [], 'routes': [], 'flavor_id': None, 'tags': [], 'created_at': '2024-12-16T19:53:24Z', 'updated_at': '2024-12-16T19:53:24Z', 'revision_number': 2, 'project_id': '5ce47bfcbaf34fd8b5dfb08b38437042'}
2024-12-16 19:53:26.193 67557 INFO tempest.lib.common.rest_client [req-632ecae2-484b-4b1a-9d91-5114b2bf8271 req-632ecae2-484b-4b1a-9d91-5114b2bf8271 ] Request (MigrationsAdminTest:test_list_migrations_in_flavor_resize_situation): 200 GET http://10.180.1.21/compute/v2.1/servers/6321e4cd-2f34-4dca-b144-2c5eadcbf8fc 0.101s
2024-12-16 19:53:26.205 67555 INFO tempest.lib.common.rest_client [req-e2e7e2af-5df1-4a6a-9369-4a0fc9ff8694 req-e2e7e2af-5df1-4a6a-9369-4a0fc9ff8694 ] Request (ServersNegativeTestMultiTenantJSON:setUpClass): 201 POST http://10.180.1.21/identity/v3/auth/tokens 0.076s
2024-12-16 19:53:26.207 67545 INFO tempest.lib.common.rest_client [req-958c6b74-8106-4214-a5ff-d64683bdd8f3 req-958c6b74-8106-4214-a5ff-d64683bdd8f3 ] Request (AttachInterfacesUnderV243Test:test_add_remove_fixed_ip): 200 GET http://10.180.1.21/compute/v2.1/servers/90ce8db7-eedc-48b3-b579-efc2ad00ed6f 0.052s
2024-12-16 19:53:26.249 67555 INFO tempest.lib.common.rest_client [req-69fb026f-167b-4859-bef8-e8e345cf3f6b req-69fb026f-167b-4859-bef8-e8e345cf3f6b ] Request (ServersNegativeTestMultiTenantJSON:setUpClass): 201 POST http://10.180.1.21/identity/v3/projects 0.044s
2024-12-16 19:53:26.296 67524 INFO tempest.lib.common.rest_client [req-20764c19-5382-4dd4-9b82-b5653f73c459 req-20764c19-5382-4dd4-9b82-b5653f73c459 ] Request (ServerRescueTestJSON:setUpClass): 200 GET http://10.180.1.21/compute/v2.1/servers/f07729fe-f159-4ff5-90e0-33f7696a22c6 0.059s
2024-12-16 19:53:26.311 67549 INFO tempest.lib.common.rest_client [req-109c90d5-4d88-4f34-80c7-90a39e933b15 req-109c90d5-4d88-4f34-80c7-90a39e933b15 ] Request (ServersAdminNegativeTestJSON:test_migrate_server_invalid_state): 200 GET http://10.180.1.21/compute/v2.1/servers/ac96cdc3-e0ea-478a-8ed4-72c264eea1f4 0.126s
2024-12-16 19:53:26.317 67508 INFO tempest.lib.common.rest_client [req-5f8d9c18-71b4-452b-9314-6eaa1ea1ebf5 req-5f8d9c18-71b4-452b-9314-6eaa1ea1ebf5 ] Request (ImagesNegativeTestJSON:test_create_image_from_deleted_server): 404 GET http://10.180.1.21/compute/v2.1/servers/970178a8-93cc-40b8-b323-46ae49afe82d 0.047s
2024-12-16 19:53:26.319 67549 INFO tempest.common.waiters [-] State transition "BUILD/spawning" ==> "ACTIVE/None" after 78 second wait
2024-12-16 19:53:26.320 67555 INFO tempest.lib.common.rest_client [req-00297ccf-e69b-48c4-a681-85e0f57eb1bb req-00297ccf-e69b-48c4-a681-85e0f57eb1bb ] Request (ServersNegativeTestMultiTenantJSON:setUpClass): 201 POST http://10.180.1.21/identity/v3/users 0.070s
2024-12-16 19:53:26.340 67555 INFO tempest.lib.common.rest_client [req-e6d182d0-f625-47b6-82cb-0274fef2f743 req-e6d182d0-f625-47b6-82cb-0274fef2f743 ] Request (ServersNegativeTestMultiTenantJSON:setUpClass): 200 GET http://10.180.1.21/identity/v3/roles 0.020s
2024-12-16 19:53:26.344 67508 INFO tempest.lib.common.rest_client [req-ba7011b6-a42f-4fb1-a143-c7edf6a14936 req-ba7011b6-a42f-4fb1-a143-c7edf6a14936 ] Request (ImagesNegativeTestJSON:test_create_image_from_deleted_server): 404 POST http://10.180.1.21/compute/v2.1/servers/970178a8-93cc-40b8-b323-46ae49afe82d/action 0.027s
2024-12-16 19:53:26.369 67555 INFO tempest.lib.common.rest_client [req-fb9bf549-e685-43c6-943f-2957d151359b req-fb9bf549-e685-43c6-943f-2957d151359b ] Request (ServersNegativeTestMultiTenantJSON:setUpClass): 204 PUT http://10.180.1.21/identity/v3/projects/ab0d2057ad984409a2792808dc20c596/users/ed9c2b6d7c244c198091416756b98651/roles/8dd32a0a999e4f32b8d859c2247edb94 0.028s
2024-12-16 19:53:26.369 67555 INFO tempest.lib.common.dynamic_creds [-] Dynamic test user ed9c2b6d7c244c198091416756b98651 is created with scope project and roles: ['member']
2024-12-16 19:53:26.369 67555 INFO tempest.lib.common.dynamic_creds [-] Acquired dynamic creds: credentials: Credentials: {'domain_id': 'default', 'domain_name': 'Default', 'username': 'tempest-ServersNegativeTestMultiTenantJSON-1710255120-project-member', 'project_domain_id': 'default', 'project_domain_name': 'Default', 'project_id': 'ab0d2057ad984409a2792808dc20c596', 'project_name': 'tempest-ServersNegativeTestMultiTenantJSON-1710255120', 'tenant_id': 'ab0d2057ad984409a2792808dc20c596', 'tenant_name': 'tempest-ServersNegativeTestMultiTenantJSON-1710255120', 'user_domain_id': 'default', 'user_domain_name': 'Default', 'user_id': 'ed9c2b6d7c244c198091416756b98651', 'system': None}, Network: None, Subnet: None, Router: None
2024-12-16 19:53:26.374 67506 INFO tempest.lib.common.rest_client [req-e1d93240-cac2-4bc3-8b21-f5305034e8d8 req-e1d93240-cac2-4bc3-8b21-f5305034e8d8 ] Request (ServerGroupTestJSON:test_create_server_with_scheduler_hint_group): 200 GET http://10.180.1.21/compute/v2.1/servers/677bd1fb-54e0-4cd7-b28b-0f60575ff6b0 0.056s
2024-12-16 19:53:26.439 67532 INFO tempest.lib.common.rest_client [req-e6018c18-c476-4544-9513-b23298ef0fae req-e6018c18-c476-4544-9513-b23298ef0fae ] Request (ServersTestJSON:test_create_server_with_ipv6_addr_only): 200 GET http://10.180.1.21/compute/v2.1/servers/49e13667-875d-4566-9bca-6a4d45dd7770 0.095s
2024-12-16 19:53:26.443 67549 INFO tempest.lib.common.rest_client [req-c9209f63-8ef5-4f5d-a1f7-514017b56896 req-c9209f63-8ef5-4f5d-a1f7-514017b56896 ] Request (ServersAdminNegativeTestJSON:test_migrate_server_invalid_state): 202 POST http://10.180.1.21/compute/v2.1/servers/ac96cdc3-e0ea-478a-8ed4-72c264eea1f4/action 0.123s
2024-12-16 19:53:26.449 67508 INFO tempest.lib.common.rest_client [req-59cda093-e24e-49bd-b1b8-111eb686fa79 req-59cda093-e24e-49bd-b1b8-111eb686fa79 ] Request (ImagesNegativeTestJSON:test_create_image_from_invalid_server): 404 POST http://10.180.1.21/compute/v2.1/servers/tempest-invalid-104878991/action 0.103s
2024-12-16 19:53:26.524 67526 INFO tempest.lib.common.rest_client [req-02c0994c-75b4-4067-8ffe-51465a35333b req-02c0994c-75b4-4067-8ffe-51465a35333b ] Request (ServerActionsTestOtherA:setUpClass): 200 GET http://10.180.1.21/compute/v2.1/servers/09219395-79b1-4a17-8357-12266d342eb4 0.143s
2024-12-16 19:53:26.534 67551 INFO tempest.lib.common.rest_client [req-dcce9255-f343-4e26-9642-58c04c097355 req-dcce9255-f343-4e26-9642-58c04c097355 ] Request (AttachInterfacesV270Test:tearDownClass): 200 GET http://10.180.1.21/compute/v2.1/servers/e0f71229-23d6-4647-9a81-da15dd0d337c 0.140s
2024-12-16 19:53:26.585 67534 INFO tempest.lib.common.rest_client [req-3e366ee0-3d9c-4b7e-ba17-1c68f435cde5 req-3e366ee0-3d9c-4b7e-ba17-1c68f435cde5 ] Request (MultipleCreateTestJSON:test_multiple_create_with_reservation_return): 200 GET http://10.180.1.21/compute/v2.1/servers/4ac3f891-119a-4f8c-bea7-516476f92767 0.151s
