2024-12-16 19:53:13.068 67555 INFO tempest.lib.common.rest_client [req-3130a42f-2449-4f4d-be12-a4b7a65b9b6e req-3130a42f-2449-4f4d-be12-a4b7a65b9b6e ] Request (ServerPasswordTestJSON:tearDownClass): 200 GET http://10.180.1.21/compute/v2.1/servers/ff676f80-9e5b-4c8e-92f4-657591750c2f 0.079s
2024-12-16 19:53:13.082 67514 INFO tempest.lib.common.rest_client [req-ea7bb016-7f89-42bf-87f2-0a7ed505d71f req-ea7bb016-7f89-42bf-87f2-0a7ed505d71f ] Request (AttachInterfacesTestJSON:test_create_list_show_delete_interfaces_by_fixed_ip): 200 GET http://10.180.1.21/compute/v2.1/servers/8c888cd9-be84-4190-847b-96491a3dd73f 0.091s
2024-12-16 19:53:13.134 67553 INFO tempest.lib.common.rest_client [req-7e6f4b60-6ae5-44ed-928b-d761cd5efd77 req-7e6f4b60-6ae5-44ed-928b-d761cd5efd77 ] Request (ServerDiskConfigTestJSON:test_rebuild_server_with_auto_disk_config): 200 GET http://10.180.1.21/compute/v2.1/servers/769d673a-b23e-4995-a6d9-2d2d53a6b469 0.068s
2024-12-16 19:53:13.210 67500 INFO tempest.lib.common.rest_client [req-891925ed-eed4-44b4-aafa-d74713662d4b req-891925ed-eed4-44b4-aafa-d74713662d4b ] Request (FloatingIPsAssociationNegativeTestJSON:setUpClass): 200 GET http://10.180.1.21/compute/v2.1/servers/7d5a350c-8215-4ec0-8cf4-c33b0f8bbd02 0.079s
2024-12-16 19:53:13.237 67557 INFO tempest.lib.common.rest_client [req-34ef3075-1ba1-4874-8f95-0819d7ffee59 req-34ef3075-1ba1-4874-8f95-0819d7ffee59 ] Request (MigrationsAdminTest:test_list_migrations_in_flavor_resize_situation): 200 GET http://10.180.1.21/compute/v2.1/servers/6321e4cd-2f34-4dca-b144-2c5eadcbf8fc 0.173s
2024-12-16 19:53:13.243 67557 INFO tempest.common.waiters [-] State transition "BUILD/block_device_mapping" ==> "BUILD/spawning" after 68 second wait
2024-12-16 19:53:13.276 67548 INFO tempest.lib.common.rest_client [req-e07a7426-9c19-4b20-8bf7-1788a3dffbef req-e07a7426-9c19-4b20-8bf7-1788a3dffbef ] Request (ServerActionsV293TestJSON:setUpClass): 200 GET http://10.180.1.21/compute/v2.1/servers/7703addf-fe6d-40f7-bb52-47fa36c14a50 0.059s
2024-12-16 19:53:13.380 67541 INFO tempest.lib.common.rest_client [req-2465ce28-76a0-4ab3-bef7-5f112467d725 req-2465ce28-76a0-4ab3-bef7-5f112467d725 ] Request (AttachVolumeShelveTestJSON:test_attach_volume_shelved_or_offload_server): 200 GET http://10.180.1.21/compute/v2.1/servers/3f45007f-d699-43f9-a2fd-84565bd1930c 0.061s
2024-12-16 19:53:13.436 67537 INFO tempest.lib.common.rest_client [req-2ca352a5-41ad-4f56-b861-e933a0ab0e69 req-2ca352a5-41ad-4f56-b861-e933a0ab0e69 ] Request (SecurityGroupsTestJSON:test_server_security_groups): 200 GET http://10.180.1.21/compute/v2.1/servers/cc545355-26ef-45fd-bacb-2515f52b84bb 0.067s
2024-12-16 19:53:13.461 67510 INFO tempest.lib.common.rest_client [req-fddc9e74-13c9-4607-aa8c-1ed2a273ec8e req-fddc9e74-13c9-4607-aa8c-1ed2a273ec8e ] Request (ServersTestJSON:setUpClass): 200 GET http://10.180.1.21/compute/v2.1/servers/831ad7b6-6521-4cc0-b56a-9ce6c48a582c 0.168s
2024-12-16 19:53:13.492 67549 INFO tempest.lib.common.rest_client [req-de8733e0-9eeb-4adf-95d6-0f644d1251b8 req-de8733e0-9eeb-4adf-95d6-0f644d1251b8 ] Request (ServersAdminNegativeTestJSON:test_migrate_server_invalid_state): 200 GET http://10.180.1.21/compute/v2.1/servers/ac96cdc3-e0ea-478a-8ed4-72c264eea1f4 0.096s
2024-12-16 19:53:13.521 67498 INFO tempest.lib.common.rest_client [req-5a981810-e4ce-48fe-9591-c012c6f08e94 req-5a981810-e4ce-48fe-9591-c012c6f08e94 ] Request (ImagesTestJSON:test_create_image_from_stopped_server): 200 GET http://10.180.1.21/compute/v2.1/servers/d12cfef2-7912-4cca-bfd4-714b61f62444 0.083s
2024-12-16 19:53:13.545 67512 INFO tempest.lib.common.rest_client [req-d6893b76-2a75-41a9-a096-212047b8fea0 req-d6893b76-2a75-41a9-a096-212047b8fea0 ] Request (ImagesOneServerNegativeTestJSON:_run_cleanups): 200 GET http://10.180.1.21/compute/v2.1/servers/cf0628fc-d8f4-4b6a-90c9-3392462f3b00 0.081s
2024-12-16 19:53:13.568 67529 INFO tempest.lib.common.rest_client [req-a246c613-8b29-420e-9a84-519f55327966 req-a246c613-8b29-420e-9a84-519f55327966 ] Request (DeleteServersAdminTestJSON:test_delete_server_while_in_error_state): 200 GET http://10.180.1.21/compute/v2.1/servers/0b9be8e5-f5b1-4206-8001-58e40e6d45a7 0.068s
2024-12-16 19:53:13.586 67522 INFO tempest.lib.common.rest_client [req-31c0da36-9f4a-41ec-a57f-589fcd718b2e req-31c0da36-9f4a-41ec-a57f-589fcd718b2e ] Request (ServersAdminTestJSON:test_inject_network_info): 200 GET http://10.180.1.21/compute/v2.1/servers/bc1cf61d-aae7-4fa4-9d42-ce49120dd7c1 0.063s
2024-12-16 19:53:13.659 67545 INFO tempest.lib.common.rest_client [req-667db7cb-0942-409d-84db-88b569df39ec req-667db7cb-0942-409d-84db-88b569df39ec ] Request (AttachInterfacesUnderV243Test:test_add_remove_fixed_ip): 200 GET http://10.180.1.21/compute/v2.1/servers/90ce8db7-eedc-48b3-b579-efc2ad00ed6f 0.053s
2024-12-16 19:53:13.659 67508 INFO tempest.lib.common.rest_client [req-737d4892-747e-461f-ba3b-991339d8fbd0 req-737d4892-747e-461f-ba3b-991339d8fbd0 ] Request (ImagesNegativeTestJSON:test_create_image_from_deleted_server): 200 GET http://10.180.1.21/compute/v2.1/servers/970178a8-93cc-40b8-b323-46ae49afe82d 0.062s
2024-12-16 19:53:13.766 67551 INFO tempest.lib.common.rest_client [req-c589524b-3666-4341-b626-05cbe611e3fd req-c589524b-3666-4341-b626-05cbe611e3fd ] Request (AttachInterfacesV270Test:tearDownClass): 200 GET http://10.180.1.21/compute/v2.1/servers/e0f71229-23d6-4647-9a81-da15dd0d337c 0.065s
2024-12-16 19:53:13.805 67506 INFO tempest.lib.common.rest_client [req-f076987f-f63f-475d-a168-746c4827a83e req-f076987f-f63f-475d-a168-746c4827a83e ] Request (ServerGroupTestJSON:test_create_server_with_scheduler_hint_group): 200 GET http://10.180.1.21/compute/v2.1/servers/677bd1fb-54e0-4cd7-b28b-0f60575ff6b0 0.050s
2024-12-16 19:53:13.941 67524 INFO tempest.lib.common.rest_client [req-75ae8aec-35d2-40f4-82c0-8d7b6ab6ed8f req-75ae8aec-35d2-40f4-82c0-8d7b6ab6ed8f ] Request (ServerRescueTestJSON:setUpClass): 200 GET http://10.180.1.21/compute/v2.1/servers/f07729fe-f159-4ff5-90e0-33f7696a22c6 0.072s
2024-12-16 19:53:13.956 67520 INFO tempest.lib.common.rest_client [req-2bf98524-5676-4e39-b039-976fd3acc628 req-2bf98524-5676-4e39-b039-976fd3acc628 ] Request (InstanceActionsNegativeTestJSON:tearDownClass): 200 GET http://10.180.1.21/compute/v2.1/servers/cea78468-f692-4634-8508-3886bccfb8bf 0.138s
2024-12-16 19:53:14.002 67534 INFO tempest.lib.common.rest_client [req-ae270d45-790d-4716-b455-6eab133ddde8 req-ae270d45-790d-4716-b455-6eab133ddde8 ] Request (MultipleCreateTestJSON:test_multiple_create_with_reservation_return): 200 GET http://10.180.1.21/compute/v2.1/servers/4ac3f891-119a-4f8c-bea7-516476f92767 0.083s
2024-12-16 19:53:14.058 67526 INFO tempest.lib.common.rest_client [req-e5e9fe73-9f8f-45e3-b24a-42bd89d66719 req-e5e9fe73-9f8f-45e3-b24a-42bd89d66719 ] Request (ServerActionsTestOtherA:setUpClass): 200 GET http://10.180.1.21/compute/v2.1/servers/09219395-79b1-4a17-8357-12266d342eb4 0.092s
2024-12-16 19:53:14.089 67532 INFO tempest.lib.common.rest_client [req-e70b315f-86e3-4bdc-97fe-d68e3f206c26 req-e70b315f-86e3-4bdc-97fe-d68e3f206c26 ] Request (ServersTestJSON:test_create_server_specify_multibyte_character_name): 200 GET http://10.180.1.21/compute/v2.1/servers/91df9ad8-2c37-4eda-a0b1-e851fef3e30c 0.151s
2024-12-16 19:53:14.104 67504 WARNING tempest.lib.common.ssh [-] Failed to establish authenticated ssh connection to cirros@10.180.180.209 ([Errno None] Unable to connect to port 22 on 10.180.180.209). Number attempts: 8. Retry after 9 seconds.: paramiko.ssh_exception.NoValidConnectionsError: [Errno None] Unable to connect to port 22 on 10.180.180.209
2024-12-16 19:53:14.161 67555 INFO tempest.lib.common.rest_client [req-4975c384-711a-499b-b442-725132b49ac1 req-4975c384-711a-499b-b442-725132b49ac1 ] Request (ServerPasswordTestJSON:tearDownClass): 200 GET http://10.180.1.21/compute/v2.1/servers/ff676f80-9e5b-4c8e-92f4-657591750c2f 0.085s
2024-12-16 19:53:14.236 67514 INFO tempest.lib.common.rest_client [req-5e6ca8e9-f865-4889-8664-a88afb79d60a req-5e6ca8e9-f865-4889-8664-a88afb79d60a ] Request (AttachInterfacesTestJSON:test_create_list_show_delete_interfaces_by_fixed_ip): 200 GET http://10.180.1.21/compute/v2.1/servers/8c888cd9-be84-4190-847b-96491a3dd73f 0.147s
2024-12-16 19:53:14.275 67543 INFO tempest.lib.common.rest_client [req-dd008a39-f804-490c-8d69-5c26bc1909e2 req-dd008a39-f804-490c-8d69-5c26bc1909e2 ] Request (ListServerFiltersTestJSON:tearDownClass): 200 GET http://10.180.1.21/compute/v2.1/servers/e1900551-fbeb-4ac9-b570-acefcdb408ad 0.245s
2024-12-16 19:53:14.298 67553 INFO tempest.lib.common.rest_client [req-63a7981d-e5a2-448a-90c4-8f3ee522c3c0 req-63a7981d-e5a2-448a-90c4-8f3ee522c3c0 ] Request (ServerDiskConfigTestJSON:test_rebuild_server_with_auto_disk_config): 200 GET http://10.180.1.21/compute/v2.1/servers/769d673a-b23e-4995-a6d9-2d2d53a6b469 0.157s
2024-12-16 19:53:14.345 67500 INFO tempest.lib.common.rest_client [req-ac8b1926-639b-4c07-a775-6dcdaf17bcee req-ac8b1926-639b-4c07-a775-6dcdaf17bcee ] Request (FloatingIPsAssociationNegativeTestJSON:setUpClass): 200 GET http://10.180.1.21/compute/v2.1/servers/7d5a350c-8215-4ec0-8cf4-c33b0f8bbd02 0.124s
2024-12-16 19:53:14.416 67548 INFO tempest.lib.common.rest_client [req-667d13e4-bab1-4fd5-b692-8163a0e27483 req-667d13e4-bab1-4fd5-b692-8163a0e27483 ] Request (ServerActionsV293TestJSON:setUpClass): 200 GET http://10.180.1.21/compute/v2.1/servers/7703addf-fe6d-40f7-bb52-47fa36c14a50 0.131s
2024-12-16 19:53:14.488 67541 INFO tempest.lib.common.rest_client [req-cb01c2b4-36a9-4c65-be58-c473497d59c8 req-cb01c2b4-36a9-4c65-be58-c473497d59c8 ] Request (AttachVolumeShelveTestJSON:test_attach_volume_shelved_or_offload_server): 200 GET http://10.180.1.21/compute/v2.1/servers/3f45007f-d699-43f9-a2fd-84565bd1930c 0.100s
2024-12-16 19:53:14.501 67557 INFO tempest.lib.common.rest_client [req-e25a645a-ea64-49b5-9d1a-b79cbbadf3ae req-e25a645a-ea64-49b5-9d1a-b79cbbadf3ae ] Request (MigrationsAdminTest:test_list_migrations_in_flavor_resize_situation): 200 GET http://10.180.1.21/compute/v2.1/servers/6321e4cd-2f34-4dca-b144-2c5eadcbf8fc 0.256s
2024-12-16 19:53:14.568 67537 INFO tempest.lib.common.rest_client [req-0ab22b2a-5f0c-4be6-b609-4b12ea21db07 req-0ab22b2a-5f0c-4be6-b609-4b12ea21db07 ] Request (SecurityGroupsTestJSON:test_server_security_groups): 200 GET http://10.180.1.21/compute/v2.1/servers/cc545355-26ef-45fd-bacb-2515f52b84bb 0.125s
2024-12-16 19:53:14.647 67549 INFO tempest.lib.common.rest_client [req-a4ea0d5f-7baa-4fa3-a615-3a19b01154dc req-a4ea0d5f-7baa-4fa3-a615-3a19b01154dc ] Request (ServersAdminNegativeTestJSON:test_migrate_server_invalid_state): 200 GET http://10.180.1.21/compute/v2.1/servers/ac96cdc3-e0ea-478a-8ed4-72c264eea1f4 0.147s
2024-12-16 19:53:14.654 67549 INFO tempest.common.waiters [-] State transition "BUILD/None" ==> "BUILD/networking" after 66 second wait
2024-12-16 19:53:14.719 67510 INFO tempest.lib.common.rest_client [req-dcd4fa5b-6235-4744-bd4d-858125ba7589 req-dcd4fa5b-6235-4744-bd4d-858125ba7589 ] Request (ServersTestJSON:setUpClass): 200 GET http://10.180.1.21/compute/v2.1/servers/831ad7b6-6521-4cc0-b56a-9ce6c48a582c 0.250s
2024-12-16 19:53:14.736 67498 INFO tempest.lib.common.rest_client [req-d20bbd58-9f29-455d-a6f4-056a1a80311b req-d20bbd58-9f29-455d-a6f4-056a1a80311b ] Request (ImagesTestJSON:test_create_image_from_stopped_server): 200 GET http://10.180.1.21/compute/v2.1/servers/d12cfef2-7912-4cca-bfd4-714b61f62444 0.202s
2024-12-16 19:53:14.838 67512 INFO tempest.lib.common.rest_client [req-0e71a528-1aad-46a4-8ac5-e413caab5068 req-0e71a528-1aad-46a4-8ac5-e413caab5068 ] Request (ImagesOneServerNegativeTestJSON:_run_cleanups): 200 GET http://10.180.1.21/compute/v2.1/servers/cf0628fc-d8f4-4b6a-90c9-3392462f3b00 0.283s
2024-12-16 19:53:14.843 67529 INFO tempest.lib.common.rest_client [req-bb0bbdb4-6b08-4964-921d-41b42d00651c req-bb0bbdb4-6b08-4964-921d-41b42d00651c ] Request (DeleteServersAdminTestJSON:test_delete_server_while_in_error_state): 200 GET http://10.180.1.21/compute/v2.1/servers/0b9be8e5-f5b1-4206-8001-58e40e6d45a7 0.268s
2024-12-16 19:53:14.914 67522 INFO tempest.lib.common.rest_client [req-01c95441-8460-4c16-baa1-73fa18b2fa13 req-01c95441-8460-4c16-baa1-73fa18b2fa13 ] Request (ServersAdminTestJSON:test_inject_network_info): 200 GET http://10.180.1.21/compute/v2.1/servers/bc1cf61d-aae7-4fa4-9d42-ce49120dd7c1 0.322s
2024-12-16 19:53:14.921 67545 INFO tempest.lib.common.rest_client [req-fc23af10-9227-4c01-9154-2f91da48a7e3 req-fc23af10-9227-4c01-9154-2f91da48a7e3 ] Request (AttachInterfacesUnderV243Test:test_add_remove_fixed_ip): 200 GET http://10.180.1.21/compute/v2.1/servers/90ce8db7-eedc-48b3-b579-efc2ad00ed6f 0.254s
2024-12-16 19:53:14.991 67508 INFO tempest.lib.common.rest_client [req-b991af72-c5a1-4dc4-9fc7-e8820b3fff9d req-b991af72-c5a1-4dc4-9fc7-e8820b3fff9d ] Request (ImagesNegativeTestJSON:test_create_image_from_deleted_server): 200 GET http://10.180.1.21/compute/v2.1/servers/970178a8-93cc-40b8-b323-46ae49afe82d 0.324s
2024-12-16 19:53:15.003 67551 INFO tempest.lib.common.rest_client [req-7c295a67-ed51-40f9-9569-4ec4eaa8fb5c req-7c295a67-ed51-40f9-9569-4ec4eaa8fb5c ] Request (AttachInterfacesV270Test:tearDownClass): 200 GET http://10.180.1.21/compute/v2.1/servers/e0f71229-23d6-4647-9a81-da15dd0d337c 0.228s
2024-12-16 19:53:15.069 67524 INFO tempest.lib.common.rest_client [req-77f19f48-b9f7-4031-b896-7211372ee8a5 req-77f19f48-b9f7-4031-b896-7211372ee8a5 ] Request (ServerRescueTestJSON:setUpClass): 200 GET http://10.180.1.21/compute/v2.1/servers/f07729fe-f159-4ff5-90e0-33f7696a22c6 0.122s
2024-12-16 19:53:15.069 67506 INFO tempest.lib.common.rest_client [req-89e0428c-041b-43c2-bd66-fa5b431d531f req-89e0428c-041b-43c2-bd66-fa5b431d531f ] Request (ServerGroupTestJSON:test_create_server_with_scheduler_hint_group): 200 GET http://10.180.1.21/compute/v2.1/servers/677bd1fb-54e0-4cd7-b28b-0f60575ff6b0 0.257s
2024-12-16 19:53:15.126 67520 INFO tempest.lib.common.rest_client [req-15bd5f49-64f4-4e72-a744-78c46d0b08da req-15bd5f49-64f4-4e72-a744-78c46d0b08da ] Request (InstanceActionsNegativeTestJSON:tearDownClass): 200 GET http://10.180.1.21/compute/v2.1/servers/cea78468-f692-4634-8508-3886bccfb8bf 0.160s
2024-12-16 19:53:15.144 67534 INFO tempest.lib.common.rest_client [req-0dcf0729-77e0-4e94-b9c6-4b3a042e2126 req-0dcf0729-77e0-4e94-b9c6-4b3a042e2126 ] Request (MultipleCreateTestJSON:test_multiple_create_with_reservation_return): 200 GET http://10.180.1.21/compute/v2.1/servers/4ac3f891-119a-4f8c-bea7-516476f92767 0.130s
2024-12-16 19:53:15.190 67526 INFO tempest.lib.common.rest_client [req-6ef98418-ceab-4568-a83a-0a8f189dab36 req-6ef98418-ceab-4568-a83a-0a8f189dab36 ] Request (ServerActionsTestOtherA:setUpClass): 200 GET http://10.180.1.21/compute/v2.1/servers/09219395-79b1-4a17-8357-12266d342eb4 0.124s
2024-12-16 19:53:15.279 67555 INFO tempest.lib.common.rest_client [req-85f79df3-da48-44a0-b990-64f83bce2df6 req-85f79df3-da48-44a0-b990-64f83bce2df6 ] Request (ServerPasswordTestJSON:tearDownClass): 200 GET http://10.180.1.21/compute/v2.1/servers/ff676f80-9e5b-4c8e-92f4-657591750c2f 0.110s
2024-12-16 19:53:15.337 67514 INFO tempest.lib.common.rest_client [req-e6238250-940a-4055-9a4a-2d440f053eda req-e6238250-940a-4055-9a4a-2d440f053eda ] Request (AttachInterfacesTestJSON:test_create_list_show_delete_interfaces_by_fixed_ip): 200 GET http://10.180.1.21/compute/v2.1/servers/8c888cd9-be84-4190-847b-96491a3dd73f 0.094s
2024-12-16 19:53:15.358 67532 INFO tempest.lib.common.rest_client [req-23eb684a-2a96-4a83-8767-f8757cf2733a req-23eb684a-2a96-4a83-8767-f8757cf2733a ] Request (ServersTestJSON:test_create_server_specify_multibyte_character_name): 200 GET http://10.180.1.21/compute/v2.1/servers/91df9ad8-2c37-4eda-a0b1-e851fef3e30c 0.262s
2024-12-16 19:53:15.366 67532 INFO tempest.common.waiters [-] State transition "BUILD/spawning" ==> "ACTIVE/None" after 71 second wait
2024-12-16 19:53:15.433 67553 INFO tempest.lib.common.rest_client [req-1100801a-265f-4b42-953f-efc8488955a7 req-1100801a-265f-4b42-953f-efc8488955a7 ] Request (ServerDiskConfigTestJSON:test_rebuild_server_with_auto_disk_config): 200 GET http://10.180.1.21/compute/v2.1/servers/769d673a-b23e-4995-a6d9-2d2d53a6b469 0.127s
2024-12-16 19:53:15.443 67532 INFO tempest.lib.common.rest_client [req-cf285aa7-6084-42c2-918a-064b33678e4e req-cf285aa7-6084-42c2-918a-064b33678e4e ] Request (ServersTestJSON:test_create_server_with_admin_password): 201 POST http://10.180.1.21/identity/v3/auth/tokens 0.072s
2024-12-16 19:53:15.443 67532 INFO tempest.lib.common.fixed_network [-] (ServersTestJSON:test_create_server_with_admin_password) Found network {'id': '8b3d4c23-731d-4fef-8723-d3260ab588ed', 'name': 'tempest-ServersTestJSON-186016855-network', 'tenant_id': '5accc7a22deb4afeb300bab2cdcf4b8b', 'admin_state_up': True, 'mtu': 8950, 'status': 'ACTIVE', 'subnets': [], 'shared': False, 'project_id': '5accc7a22deb4afeb300bab2cdcf4b8b', 'port_security_enabled': True, 'router:external': False, 'provider:network_type': 'vlan', 'provider:physical_network': 'default', 'provider:segmentation_id': 611, 'availability_zone_hints': [], 'availability_zones': [], 'ipv4_address_scope': None, 'ipv6_address_scope': None, 'description': '', 'tags': [], 'created_at': '2024-12-16T19:51:50Z', 'updated_at': '2024-12-16T19:51:50Z', 'revision_number': 1} available for tenant
2024-12-16 19:53:15.501 67500 INFO tempest.lib.common.rest_client [req-6676b5b0-8413-4fef-897e-03f34cd436ec req-6676b5b0-8413-4fef-897e-03f34cd436ec ] Request (FloatingIPsAssociationNegativeTestJSON:setUpClass): 200 GET http://10.180.1.21/compute/v2.1/servers/7d5a350c-8215-4ec0-8cf4-c33b0f8bbd02 0.148s
2024-12-16 19:53:15.532 67543 INFO tempest.lib.common.rest_client [req-2772faef-43bc-47dc-9ac7-4bc8c2f51259 req-2772faef-43bc-47dc-9ac7-4bc8c2f51259 ] Request (ListServerFiltersTestJSON:tearDownClass): 200 GET http://10.180.1.21/compute/v2.1/servers/e1900551-fbeb-4ac9-b570-acefcdb408ad 0.249s
2024-12-16 19:53:15.571 67548 INFO tempest.lib.common.rest_client [req-092d8bca-8588-4f12-9269-2c3885f913b8 req-092d8bca-8588-4f12-9269-2c3885f913b8 ] Request (ServerActionsV293TestJSON:setUpClass): 200 GET http://10.180.1.21/compute/v2.1/servers/7703addf-fe6d-40f7-bb52-47fa36c14a50 0.143s
2024-12-16 19:53:15.653 67541 INFO tempest.lib.common.rest_client [req-c792c101-36b7-4a20-8463-2f27213ae8a8 req-c792c101-36b7-4a20-8463-2f27213ae8a8 ] Request (AttachVolumeShelveTestJSON:test_attach_volume_shelved_or_offload_server): 200 GET http://10.180.1.21/compute/v2.1/servers/3f45007f-d699-43f9-a2fd-84565bd1930c 0.156s
2024-12-16 19:53:15.896 67559 WARNING tempest.lib.common.ssh [-] Failed to establish authenticated ssh connection to cirros@10.180.180.168 ([Errno None] Unable to connect to port 22 on 10.180.180.168). Number attempts: 3. Retry after 4 seconds.: paramiko.ssh_exception.NoValidConnectionsError: [Errno None] Unable to connect to port 22 on 10.180.180.168
2024-12-16 19:53:16.030 67557 INFO tempest.lib.common.rest_client [req-c23e2220-a232-4318-9d4a-5dcdb6e885a7 req-c23e2220-a232-4318-9d4a-5dcdb6e885a7 ] Request (MigrationsAdminTest:test_list_migrations_in_flavor_resize_situation): 200 GET http://10.180.1.21/compute/v2.1/servers/6321e4cd-2f34-4dca-b144-2c5eadcbf8fc 0.519s
2024-12-16 19:53:16.087 67537 INFO tempest.lib.common.rest_client [req-610000da-23a2-4265-8c31-2a0b226d9f6e req-610000da-23a2-4265-8c31-2a0b226d9f6e ] Request (SecurityGroupsTestJSON:test_server_security_groups): 200 GET http://10.180.1.21/compute/v2.1/servers/cc545355-26ef-45fd-bacb-2515f52b84bb 0.511s
2024-12-16 19:53:16.190 67532 INFO tempest.lib.common.rest_client [req-3e35061b-d0e6-4226-bd8e-845d08043e6c req-3e35061b-d0e6-4226-bd8e-845d08043e6c ] Request (ServersTestJSON:test_create_server_with_admin_password): 202 POST http://10.180.1.21/compute/v2.1/servers 0.746s
2024-12-16 19:53:16.225 67549 INFO tempest.lib.common.rest_client [req-be4a8a67-b13b-4ff3-a7c0-045382424b9d req-be4a8a67-b13b-4ff3-a7c0-045382424b9d ] Request (ServersAdminNegativeTestJSON:test_migrate_server_invalid_state): 200 GET http://10.180.1.21/compute/v2.1/servers/ac96cdc3-e0ea-478a-8ed4-72c264eea1f4 0.569s
2024-12-16 19:53:16.233 67549 INFO tempest.common.waiters [-] State transition "BUILD/networking" ==> "BUILD/spawning" after 68 second wait
2024-12-16 19:53:16.285 67498 INFO tempest.lib.common.rest_client [req-0e7ed2ed-7687-490b-8806-4ab664907528 req-0e7ed2ed-7687-490b-8806-4ab664907528 ] Request (ImagesTestJSON:test_create_image_from_stopped_server): 200 GET http://10.180.1.21/compute/v2.1/servers/d12cfef2-7912-4cca-bfd4-714b61f62444 0.541s
2024-12-16 19:53:16.291 67498 INFO tempest.common.waiters [-] State transition "BUILD/scheduling" ==> "BUILD/None" after 46 second wait
2024-12-16 19:53:16.341 67512 INFO tempest.lib.common.rest_client [req-c9866fda-c1b3-4c98-9c0a-2c74d34614f5 req-c9866fda-c1b3-4c98-9c0a-2c74d34614f5 ] Request (ImagesOneServerNegativeTestJSON:_run_cleanups): 200 GET http://10.180.1.21/compute/v2.1/servers/cf0628fc-d8f4-4b6a-90c9-3392462f3b00 0.491s
2024-12-16 19:53:16.349 67510 INFO tempest.lib.common.rest_client [req-1bc7dade-418f-4e93-bed3-52516de4ef6a req-1bc7dade-418f-4e93-bed3-52516de4ef6a ] Request (ServersTestJSON:setUpClass): 200 GET http://10.180.1.21/compute/v2.1/servers/831ad7b6-6521-4cc0-b56a-9ce6c48a582c 0.618s
2024-12-16 19:53:16.399 67529 INFO tempest.lib.common.rest_client [req-441df890-284d-4243-be0d-290ab0b11272 req-441df890-284d-4243-be0d-290ab0b11272 ] Request (DeleteServersAdminTestJSON:test_delete_server_while_in_error_state): 200 GET http://10.180.1.21/compute/v2.1/servers/0b9be8e5-f5b1-4206-8001-58e40e6d45a7 0.545s
2024-12-16 19:53:16.403 67522 INFO tempest.lib.common.rest_client [req-263eb21f-2e82-426d-a699-7afa2659f6d3 req-263eb21f-2e82-426d-a699-7afa2659f6d3 ] Request (ServersAdminTestJSON:test_inject_network_info): 200 GET http://10.180.1.21/compute/v2.1/servers/bc1cf61d-aae7-4fa4-9d42-ce49120dd7c1 0.477s
2024-12-16 19:53:16.465 67545 INFO tempest.lib.common.rest_client [req-5d3e91cd-266b-4846-ae48-1bf88e686551 req-5d3e91cd-266b-4846-ae48-1bf88e686551 ] Request (AttachInterfacesUnderV243Test:test_add_remove_fixed_ip): 200 GET http://10.180.1.21/compute/v2.1/servers/90ce8db7-eedc-48b3-b579-efc2ad00ed6f 0.536s
2024-12-16 19:53:16.472 67508 INFO tempest.lib.common.rest_client [req-95e7cf98-977f-4a76-8b8d-13175fb8b38f req-95e7cf98-977f-4a76-8b8d-13175fb8b38f ] Request (ImagesNegativeTestJSON:test_create_image_from_deleted_server): 200 GET http://10.180.1.21/compute/v2.1/servers/970178a8-93cc-40b8-b323-46ae49afe82d 0.470s
2024-12-16 19:53:16.535 67524 INFO tempest.lib.common.rest_client [req-69863b9a-4db0-4e68-a6e4-bb471c0a643e req-69863b9a-4db0-4e68-a6e4-bb471c0a643e ] Request (ServerRescueTestJSON:setUpClass): 200 GET http://10.180.1.21/compute/v2.1/servers/f07729fe-f159-4ff5-90e0-33f7696a22c6 0.458s
2024-12-16 19:53:16.539 67551 INFO tempest.lib.common.rest_client [req-7cbb6ba1-563c-43f9-89e1-f3f08d12ee30 req-7cbb6ba1-563c-43f9-89e1-f3f08d12ee30 ] Request (AttachInterfacesV270Test:tearDownClass): 200 GET http://10.180.1.21/compute/v2.1/servers/e0f71229-23d6-4647-9a81-da15dd0d337c 0.523s
2024-12-16 19:53:16.584 67506 INFO tempest.lib.common.rest_client [req-9d33ecd2-8d4d-4c88-8c6e-4692337db68c req-9d33ecd2-8d4d-4c88-8c6e-4692337db68c ] Request (ServerGroupTestJSON:test_create_server_with_scheduler_hint_group): 200 GET http://10.180.1.21/compute/v2.1/servers/677bd1fb-54e0-4cd7-b28b-0f60575ff6b0 0.494s
2024-12-16 19:53:16.590 67520 INFO tempest.lib.common.rest_client [req-30450d82-0e9d-49b2-a115-0cbccec546d7 req-30450d82-0e9d-49b2-a115-0cbccec546d7 ] Request (InstanceActionsNegativeTestJSON:tearDownClass): 200 GET http://10.180.1.21/compute/v2.1/servers/cea78468-f692-4634-8508-3886bccfb8bf 0.456s
2024-12-16 19:53:16.597 67520 INFO tempest.common.waiters [-] State transition "ACTIVE/deleting" ==> "DELETED/None" after 4 second wait
2024-12-16 19:53:16.636 67534 INFO tempest.lib.common.rest_client [req-cfa8b651-6ff9-4726-ac1e-82526fdb6f0b req-cfa8b651-6ff9-4726-ac1e-82526fdb6f0b ] Request (MultipleCreateTestJSON:test_multiple_create_with_reservation_return): 200 GET http://10.180.1.21/compute/v2.1/servers/4ac3f891-119a-4f8c-bea7-516476f92767 0.484s
2024-12-16 19:53:16.676 67532 INFO tempest.lib.common.rest_client [req-0c0d36b4-a886-4e78-92ab-c242855d6fbf req-0c0d36b4-a886-4e78-92ab-c242855d6fbf ] Request (ServersTestJSON:_run_cleanups): 204 DELETE http://10.180.1.21/compute/v2.1/servers/184c8e89-95f7-4635-9528-e302ff84d77d 0.483s
2024-12-16 19:53:16.703 67526 INFO tempest.lib.common.rest_client [req-3b89ed58-51ea-480c-8ae8-b3d299ecf26f req-3b89ed58-51ea-480c-8ae8-b3d299ecf26f ] Request (ServerActionsTestOtherA:setUpClass): 200 GET http://10.180.1.21/compute/v2.1/servers/09219395-79b1-4a17-8357-12266d342eb4 0.506s
2024-12-16 19:53:16.743 67555 INFO tempest.lib.common.rest_client [req-6fc4d265-1dbc-4fe4-ba34-7012bb0a58ff req-6fc4d265-1dbc-4fe4-ba34-7012bb0a58ff ] Request (ServerPasswordTestJSON:tearDownClass): 200 GET http://10.180.1.21/compute/v2.1/servers/ff676f80-9e5b-4c8e-92f4-657591750c2f 0.456s
2024-12-16 19:53:16.762 67514 INFO tempest.lib.common.rest_client [req-e34e946d-9ce3-4064-a52a-13f1fd342a15 req-e34e946d-9ce3-4064-a52a-13f1fd342a15 ] Request (AttachInterfacesTestJSON:test_create_list_show_delete_interfaces_by_fixed_ip): 200 GET http://10.180.1.21/compute/v2.1/servers/8c888cd9-be84-4190-847b-96491a3dd73f 0.417s
2024-12-16 19:53:16.769 67514 INFO tempest.common.waiters [-] State transition "BUILD/None" ==> "BUILD/networking" after 67 second wait
2024-12-16 19:53:16.804 67553 INFO tempest.lib.common.rest_client [req-e291aa50-7816-49ae-b0ba-f64e19bb12c1 req-e291aa50-7816-49ae-b0ba-f64e19bb12c1 ] Request (ServerDiskConfigTestJSON:test_rebuild_server_with_auto_disk_config): 200 GET http://10.180.1.21/compute/v2.1/servers/769d673a-b23e-4995-a6d9-2d2d53a6b469 0.358s
2024-12-16 19:53:16.826 67500 INFO tempest.lib.common.rest_client [req-db99db37-e8cd-4b8f-95c4-1d3fb0ea7715 req-db99db37-e8cd-4b8f-95c4-1d3fb0ea7715 ] Request (FloatingIPsAssociationNegativeTestJSON:setUpClass): 200 GET http://10.180.1.21/compute/v2.1/servers/7d5a350c-8215-4ec0-8cf4-c33b0f8bbd02 0.316s
2024-12-16 19:53:16.867 67543 INFO tempest.lib.common.rest_client [req-b724512a-2074-49fa-a56d-5ab214f708f3 req-b724512a-2074-49fa-a56d-5ab214f708f3 ] Request (ListServerFiltersTestJSON:tearDownClass): 200 GET http://10.180.1.21/compute/v2.1/servers/e1900551-fbeb-4ac9-b570-acefcdb408ad 0.329s
2024-12-16 19:53:16.901 67548 INFO tempest.lib.common.rest_client [req-e26b4703-edee-4a91-a169-596218ad17da req-e26b4703-edee-4a91-a169-596218ad17da ] Request (ServerActionsV293TestJSON:setUpClass): 200 GET http://10.180.1.21/compute/v2.1/servers/7703addf-fe6d-40f7-bb52-47fa36c14a50 0.315s
2024-12-16 19:53:16.909 67532 INFO tempest.lib.common.rest_client [req-ab23e14e-3a9d-4841-913d-9db4493b0ea3 req-ab23e14e-3a9d-4841-913d-9db4493b0ea3 ] Request (ServersTestJSON:_run_cleanups): 404 GET http://10.180.1.21/compute/v2.1/servers/184c8e89-95f7-4635-9528-e302ff84d77d 0.233s
2024-12-16 19:53:16.923 67541 INFO tempest.lib.common.rest_client [req-87415cde-0cb3-4e09-999c-5c7bf2ae9c54 req-87415cde-0cb3-4e09-999c-5c7bf2ae9c54 ] Request (AttachVolumeShelveTestJSON:test_attach_volume_shelved_or_offload_server): 200 GET http://10.180.1.21/compute/v2.1/servers/3f45007f-d699-43f9-a2fd-84565bd1930c 0.261s
2024-12-16 19:53:16.939 67532 INFO tempest.lib.common.rest_client [req-f06158b4-5bb5-4953-a29c-16b43cf91d64 req-f06158b4-5bb5-4953-a29c-16b43cf91d64 ] Request (ServersTestJSON:test_create_server_with_ipv6_addr_only): 201 POST http://10.180.1.21/identity/v3/auth/tokens 0.026s
2024-12-16 19:53:16.939 67532 INFO tempest.lib.common.fixed_network [-] (ServersTestJSON:test_create_server_with_ipv6_addr_only) Found network {'id': '8b3d4c23-731d-4fef-8723-d3260ab588ed', 'name': 'tempest-ServersTestJSON-186016855-network', 'tenant_id': '5accc7a22deb4afeb300bab2cdcf4b8b', 'admin_state_up': True, 'mtu': 8950, 'status': 'ACTIVE', 'subnets': [], 'shared': False, 'project_id': '5accc7a22deb4afeb300bab2cdcf4b8b', 'port_security_enabled': True, 'router:external': False, 'provider:network_type': 'vlan', 'provider:physical_network': 'default', 'provider:segmentation_id': 611, 'availability_zone_hints': [], 'availability_zones': [], 'ipv4_address_scope': None, 'ipv6_address_scope': None, 'description': '', 'tags': [], 'created_at': '2024-12-16T19:51:50Z', 'updated_at': '2024-12-16T19:51:50Z', 'revision_number': 1} available for tenant
2024-12-16 19:53:17.310 67557 INFO tempest.lib.common.rest_client [req-ce40c62d-fe56-49d3-b461-e87d4e431375 req-ce40c62d-fe56-49d3-b461-e87d4e431375 ] Request (MigrationsAdminTest:test_list_migrations_in_flavor_resize_situation): 200 GET http://10.180.1.21/compute/v2.1/servers/6321e4cd-2f34-4dca-b144-2c5eadcbf8fc 0.273s
2024-12-16 19:53:17.391 67537 INFO tempest.lib.common.rest_client [req-d9d19d85-c859-43ac-bb70-cbedaadc8fb8 req-d9d19d85-c859-43ac-bb70-cbedaadc8fb8 ] Request (SecurityGroupsTestJSON:test_server_security_groups): 200 GET http://10.180.1.21/compute/v2.1/servers/cc545355-26ef-45fd-bacb-2515f52b84bb 0.296s
2024-12-16 19:53:17.635 67532 INFO tempest.lib.common.rest_client [req-dfcae893-b690-4a64-bae8-6c56c30ad58c req-dfcae893-b690-4a64-bae8-6c56c30ad58c ] Request (ServersTestJSON:test_create_server_with_ipv6_addr_only): 202 POST http://10.180.1.21/compute/v2.1/servers 0.695s
2024-12-16 19:53:17.639 67549 INFO tempest.lib.common.rest_client [req-46ceae4c-b85f-415b-b418-c9f47948d96c req-46ceae4c-b85f-415b-b418-c9f47948d96c ] Request (ServersAdminNegativeTestJSON:test_migrate_server_invalid_state): 200 GET http://10.180.1.21/compute/v2.1/servers/ac96cdc3-e0ea-478a-8ed4-72c264eea1f4 0.405s
2024-12-16 19:53:17.691 67498 INFO tempest.lib.common.rest_client [req-e97b5415-7351-4e49-9a9e-9d97b28ff20d req-e97b5415-7351-4e49-9a9e-9d97b28ff20d ] Request (ImagesTestJSON:test_create_image_from_stopped_server): 200 GET http://10.180.1.21/compute/v2.1/servers/d12cfef2-7912-4cca-bfd4-714b61f62444 0.398s
2024-12-16 19:53:17.710 67512 INFO tempest.lib.common.rest_client [req-d7ec8109-4f5d-4f96-82f4-2b7a39c65e28 req-d7ec8109-4f5d-4f96-82f4-2b7a39c65e28 ] Request (ImagesOneServerNegativeTestJSON:_run_cleanups): 200 GET http://10.180.1.21/compute/v2.1/servers/cf0628fc-d8f4-4b6a-90c9-3392462f3b00 0.360s
2024-12-16 19:53:17.768 67529 INFO tempest.lib.common.rest_client [req-e5a361fe-7429-40fa-a151-daf07d39336e req-e5a361fe-7429-40fa-a151-daf07d39336e ] Request (DeleteServersAdminTestJSON:test_delete_server_while_in_error_state): 200 GET http://10.180.1.21/compute/v2.1/servers/0b9be8e5-f5b1-4206-8001-58e40e6d45a7 0.361s
2024-12-16 19:53:17.831 67522 INFO tempest.lib.common.rest_client [req-6f2744ce-03f0-4b75-b2f9-7d39edca267e req-6f2744ce-03f0-4b75-b2f9-7d39edca267e ] Request (ServersAdminTestJSON:test_inject_network_info): 200 GET http://10.180.1.21/compute/v2.1/servers/bc1cf61d-aae7-4fa4-9d42-ce49120dd7c1 0.420s
2024-12-16 19:53:17.886 67545 INFO tempest.lib.common.rest_client [req-ad63c443-a351-4cf0-a929-f9e47c6e1764 req-ad63c443-a351-4cf0-a929-f9e47c6e1764 ] Request (AttachInterfacesUnderV243Test:test_add_remove_fixed_ip): 200 GET http://10.180.1.21/compute/v2.1/servers/90ce8db7-eedc-48b3-b579-efc2ad00ed6f 0.411s
2024-12-16 19:53:17.894 67510 INFO tempest.lib.common.rest_client [req-14f3cd73-a166-4a44-98a2-4632803f2acc req-14f3cd73-a166-4a44-98a2-4632803f2acc ] Request (ServersTestJSON:setUpClass): 200 GET http://10.180.1.21/compute/v2.1/servers/831ad7b6-6521-4cc0-b56a-9ce6c48a582c 0.537s
2024-12-16 19:53:17.951 67524 INFO tempest.lib.common.rest_client [req-74d10dc8-71dd-47ee-bbbb-edaa2cde7be5 req-74d10dc8-71dd-47ee-bbbb-edaa2cde7be5 ] Request (ServerRescueTestJSON:setUpClass): 200 GET http://10.180.1.21/compute/v2.1/servers/f07729fe-f159-4ff5-90e0-33f7696a22c6 0.410s
2024-12-16 19:53:17.960 67508 INFO tempest.lib.common.rest_client [req-4a26a528-329d-49d5-b8d2-0a2672dd8af1 req-4a26a528-329d-49d5-b8d2-0a2672dd8af1 ] Request (ImagesNegativeTestJSON:test_create_image_from_deleted_server): 200 GET http://10.180.1.21/compute/v2.1/servers/970178a8-93cc-40b8-b323-46ae49afe82d 0.480s
2024-12-16 19:53:18.012 67551 INFO tempest.lib.common.rest_client [req-6c4d3a0c-5191-42fb-8353-d8572562bd4f req-6c4d3a0c-5191-42fb-8353-d8572562bd4f ] Request (AttachInterfacesV270Test:tearDownClass): 200 GET http://10.180.1.21/compute/v2.1/servers/e0f71229-23d6-4647-9a81-da15dd0d337c 0.464s
2024-12-16 19:53:18.020 67506 INFO tempest.lib.common.rest_client [req-7831cb6a-9254-4fde-ab78-62ca0ee3b86e req-7831cb6a-9254-4fde-ab78-62ca0ee3b86e ] Request (ServerGroupTestJSON:test_create_server_with_scheduler_hint_group): 200 GET http://10.180.1.21/compute/v2.1/servers/677bd1fb-54e0-4cd7-b28b-0f60575ff6b0 0.430s
2024-12-16 19:53:18.066 67532 INFO tempest.lib.common.rest_client [req-80563110-6c2d-4981-b279-0b81726e6235 req-80563110-6c2d-4981-b279-0b81726e6235 ] Request (ServersTestJSON:test_create_server_with_ipv6_addr_only): 200 GET http://10.180.1.21/compute/v2.1/servers/49e13667-875d-4566-9bca-6a4d45dd7770 0.430s
2024-12-16 19:53:18.073 67520 INFO tempest.lib.common.rest_client [req-97bb6f20-6b77-46f4-85fe-c6bbbc1af7bd req-97bb6f20-6b77-46f4-85fe-c6bbbc1af7bd ] Request (InstanceActionsNegativeTestJSON:tearDownClass): 200 GET http://10.180.1.21/compute/v2.1/servers/cea78468-f692-4634-8508-3886bccfb8bf 0.474s
2024-12-16 19:53:18.130 67526 INFO tempest.lib.common.rest_client [req-a28c94ba-629d-46d1-b173-39c7e618ce3f req-a28c94ba-629d-46d1-b173-39c7e618ce3f ] Request (ServerActionsTestOtherA:setUpClass): 200 GET http://10.180.1.21/compute/v2.1/servers/09219395-79b1-4a17-8357-12266d342eb4 0.421s
2024-12-16 19:53:18.131 67534 INFO tempest.lib.common.rest_client [req-39bda7aa-e2f8-41df-8cfc-3eea5754b865 req-39bda7aa-e2f8-41df-8cfc-3eea5754b865 ] Request (MultipleCreateTestJSON:test_multiple_create_with_reservation_return): 200 GET http://10.180.1.21/compute/v2.1/servers/4ac3f891-119a-4f8c-bea7-516476f92767 0.485s
2024-12-16 19:53:18.198 67555 INFO tempest.lib.common.rest_client [req-75267744-ef34-476e-be53-769453263224 req-75267744-ef34-476e-be53-769453263224 ] Request (ServerPasswordTestJSON:tearDownClass): 200 GET http://10.180.1.21/compute/v2.1/servers/ff676f80-9e5b-4c8e-92f4-657591750c2f 0.448s
2024-12-16 19:53:18.250 67553 INFO tempest.lib.common.rest_client [req-0c08cbd5-70b9-47c5-8caa-379ed197d3c0 req-0c08cbd5-70b9-47c5-8caa-379ed197d3c0 ] Request (ServerDiskConfigTestJSON:test_rebuild_server_with_auto_disk_config): 200 GET http://10.180.1.21/compute/v2.1/servers/769d673a-b23e-4995-a6d9-2d2d53a6b469 0.432s
2024-12-16 19:53:18.299 67514 INFO tempest.lib.common.rest_client [req-20b67ca7-44ac-4c83-bead-0aff1ed923cb req-20b67ca7-44ac-4c83-bead-0aff1ed923cb ] Request (AttachInterfacesTestJSON:test_create_list_show_delete_interfaces_by_fixed_ip): 200 GET http://10.180.1.21/compute/v2.1/servers/8c888cd9-be84-4190-847b-96491a3dd73f 0.529s
2024-12-16 19:53:18.300 67500 INFO tempest.lib.common.rest_client [req-189ece7a-0566-4d91-ab0a-69e6997ab8c3 req-189ece7a-0566-4d91-ab0a-69e6997ab8c3 ] Request (FloatingIPsAssociationNegativeTestJSON:setUpClass): 200 GET http://10.180.1.21/compute/v2.1/servers/7d5a350c-8215-4ec0-8cf4-c33b0f8bbd02 0.463s
2024-12-16 19:53:18.306 67514 INFO tempest.common.waiters [-] State transition "BUILD/networking" ==> "BUILD/spawning" after 69 second wait
2024-12-16 19:53:18.356 67548 INFO tempest.lib.common.rest_client [req-b6ded1bf-4398-4d17-91f6-5737ffa49ade req-b6ded1bf-4398-4d17-91f6-5737ffa49ade ] Request (ServerActionsV293TestJSON:setUpClass): 200 GET http://10.180.1.21/compute/v2.1/servers/7703addf-fe6d-40f7-bb52-47fa36c14a50 0.443s
2024-12-16 19:53:18.359 67543 INFO tempest.lib.common.rest_client [req-ca09f995-35e5-4df1-8f90-26b15ad5ca84 req-ca09f995-35e5-4df1-8f90-26b15ad5ca84 ] Request (ListServerFiltersTestJSON:tearDownClass): 200 GET http://10.180.1.21/compute/v2.1/servers/e1900551-fbeb-4ac9-b570-acefcdb408ad 0.484s
2024-12-16 19:53:18.369 67543 INFO tempest.common.waiters [-] State transition "ACTIVE/deleting" ==> "DELETED/None" after 5 second wait
2024-12-16 19:53:18.408 67541 INFO tempest.lib.common.rest_client [req-843ca116-fd1e-415c-bbb2-5dd25a3de413 req-843ca116-fd1e-415c-bbb2-5dd25a3de413 ] Request (AttachVolumeShelveTestJSON:test_attach_volume_shelved_or_offload_server): 200 GET http://10.180.1.21/compute/v2.1/servers/3f45007f-d699-43f9-a2fd-84565bd1930c 0.478s
2024-12-16 19:53:18.457 67537 INFO tempest.lib.common.rest_client [req-5ea2c80c-5919-4c66-b53e-e20bfc5e3dab req-5ea2c80c-5919-4c66-b53e-e20bfc5e3dab ] Request (SecurityGroupsTestJSON:test_server_security_groups): 200 GET http://10.180.1.21/compute/v2.1/servers/cc545355-26ef-45fd-bacb-2515f52b84bb 0.057s
2024-12-16 19:53:18.489 67557 INFO tempest.lib.common.rest_client [req-3f1770af-ca51-4c34-ad14-c42359004209 req-3f1770af-ca51-4c34-ad14-c42359004209 ] Request (MigrationsAdminTest:test_list_migrations_in_flavor_resize_situation): 200 GET http://10.180.1.21/compute/v2.1/servers/6321e4cd-2f34-4dca-b144-2c5eadcbf8fc 0.170s
2024-12-16 19:53:18.763 67498 INFO tempest.lib.common.rest_client [req-9dc37d6c-cc67-4df6-9ec6-e72065a63775 req-9dc37d6c-cc67-4df6-9ec6-e72065a63775 ] Request (ImagesTestJSON:test_create_image_from_stopped_server): 200 GET http://10.180.1.21/compute/v2.1/servers/d12cfef2-7912-4cca-bfd4-714b61f62444 0.066s
2024-12-16 19:53:18.774 67549 INFO tempest.lib.common.rest_client [req-4e17f2e8-20af-415e-9ccc-4496a5c45ef3 req-4e17f2e8-20af-415e-9ccc-4496a5c45ef3 ] Request (ServersAdminNegativeTestJSON:test_migrate_server_invalid_state): 200 GET http://10.180.1.21/compute/v2.1/servers/ac96cdc3-e0ea-478a-8ed4-72c264eea1f4 0.124s
2024-12-16 19:53:18.811 67512 INFO tempest.lib.common.rest_client [req-dfb03a67-27f7-44ee-8d3e-23d8b3cc63b3 req-dfb03a67-27f7-44ee-8d3e-23d8b3cc63b3 ] Request (ImagesOneServerNegativeTestJSON:_run_cleanups): 200 GET http://10.180.1.21/compute/v2.1/servers/cf0628fc-d8f4-4b6a-90c9-3392462f3b00 0.094s
2024-12-16 19:53:18.824 67529 INFO tempest.lib.common.rest_client [req-9dfea619-6128-484a-a925-20ef7c5397ff req-9dfea619-6128-484a-a925-20ef7c5397ff ] Request (DeleteServersAdminTestJSON:test_delete_server_while_in_error_state): 200 GET http://10.180.1.21/compute/v2.1/servers/0b9be8e5-f5b1-4206-8001-58e40e6d45a7 0.048s
2024-12-16 19:53:18.892 67522 INFO tempest.lib.common.rest_client [req-e8eaed0e-a442-4f1b-b93d-9c0d44cef4a9 req-e8eaed0e-a442-4f1b-b93d-9c0d44cef4a9 ] Request (ServersAdminTestJSON:test_inject_network_info): 200 GET http://10.180.1.21/compute/v2.1/servers/bc1cf61d-aae7-4fa4-9d42-ce49120dd7c1 0.049s
2024-12-16 19:53:18.952 67545 INFO tempest.lib.common.rest_client [req-5b0f47b3-cbf0-4be2-9ed4-46ac16a9eeb1 req-5b0f47b3-cbf0-4be2-9ed4-46ac16a9eeb1 ] Request (AttachInterfacesUnderV243Test:test_add_remove_fixed_ip): 200 GET http://10.180.1.21/compute/v2.1/servers/90ce8db7-eedc-48b3-b579-efc2ad00ed6f 0.058s
2024-12-16 19:53:19.009 67510 INFO tempest.lib.common.rest_client [req-1fdc6cd2-d531-452f-9999-869b4e059fd5 req-1fdc6cd2-d531-452f-9999-869b4e059fd5 ] Request (ServersTestJSON:setUpClass): 200 GET http://10.180.1.21/compute/v2.1/servers/831ad7b6-6521-4cc0-b56a-9ce6c48a582c 0.108s
2024-12-16 19:53:19.010 67524 INFO tempest.lib.common.rest_client [req-c1b3e827-b65b-43c8-81f1-803da475dfde req-c1b3e827-b65b-43c8-81f1-803da475dfde ] Request (ServerRescueTestJSON:setUpClass): 200 GET http://10.180.1.21/compute/v2.1/servers/f07729fe-f159-4ff5-90e0-33f7696a22c6 0.049s
2024-12-16 19:53:19.071 67508 INFO tempest.lib.common.rest_client [req-0d66d10a-0f90-4c08-8c5e-5191168e2b7f req-0d66d10a-0f90-4c08-8c5e-5191168e2b7f ] Request (ImagesNegativeTestJSON:test_create_image_from_deleted_server): 200 GET http://10.180.1.21/compute/v2.1/servers/970178a8-93cc-40b8-b323-46ae49afe82d 0.105s
2024-12-16 19:53:19.081 67551 INFO tempest.lib.common.rest_client [req-b0d39835-c48e-4ad6-b2c1-d9390cfd73a9 req-b0d39835-c48e-4ad6-b2c1-d9390cfd73a9 ] Request (AttachInterfacesV270Test:tearDownClass): 200 GET http://10.180.1.21/compute/v2.1/servers/e0f71229-23d6-4647-9a81-da15dd0d337c 0.060s
2024-12-16 19:53:19.119 67506 INFO tempest.lib.common.rest_client [req-d846cf01-02ce-445e-9360-a30e63384123 req-d846cf01-02ce-445e-9360-a30e63384123 ] Request (ServerGroupTestJSON:test_create_server_with_scheduler_hint_group): 200 GET http://10.180.1.21/compute/v2.1/servers/677bd1fb-54e0-4cd7-b28b-0f60575ff6b0 0.089s
2024-12-16 19:53:19.125 67532 INFO tempest.lib.common.rest_client [req-541d4b61-4782-4462-b398-ed4556fda241 req-541d4b61-4782-4462-b398-ed4556fda241 ] Request (ServersTestJSON:test_create_server_with_ipv6_addr_only): 200 GET http://10.180.1.21/compute/v2.1/servers/49e13667-875d-4566-9bca-6a4d45dd7770 0.052s
2024-12-16 19:53:19.170 67520 INFO tempest.lib.common.rest_client [req-533c1093-34c0-4051-a9f6-647103f87931 req-533c1093-34c0-4051-a9f6-647103f87931 ] Request (InstanceActionsNegativeTestJSON:tearDownClass): 200 GET http://10.180.1.21/compute/v2.1/servers/cea78468-f692-4634-8508-3886bccfb8bf 0.089s
2024-12-16 19:53:19.185 67526 INFO tempest.lib.common.rest_client [req-d1f8d3f3-315d-4e90-8d51-29dac2ac8649 req-d1f8d3f3-315d-4e90-8d51-29dac2ac8649 ] Request (ServerActionsTestOtherA:setUpClass): 200 GET http://10.180.1.21/compute/v2.1/servers/09219395-79b1-4a17-8357-12266d342eb4 0.047s
2024-12-16 19:53:19.212 67534 INFO tempest.lib.common.rest_client [req-cb214e5b-eaaa-41c8-88eb-3397e0352039 req-cb214e5b-eaaa-41c8-88eb-3397e0352039 ] Request (MultipleCreateTestJSON:test_multiple_create_with_reservation_return): 200 GET http://10.180.1.21/compute/v2.1/servers/4ac3f891-119a-4f8c-bea7-516476f92767 0.073s
2024-12-16 19:53:19.269 67555 INFO tempest.lib.common.rest_client [req-86b08077-4106-4691-a9a1-4a30933df3ad req-86b08077-4106-4691-a9a1-4a30933df3ad ] Request (ServerPasswordTestJSON:tearDownClass): 200 GET http://10.180.1.21/compute/v2.1/servers/ff676f80-9e5b-4c8e-92f4-657591750c2f 0.061s
2024-12-16 19:53:19.311 67553 INFO tempest.lib.common.rest_client [req-7831dba0-8318-4434-9b18-c69baaa45ae9 req-7831dba0-8318-4434-9b18-c69baaa45ae9 ] Request (ServerDiskConfigTestJSON:test_rebuild_server_with_auto_disk_config): 200 GET http://10.180.1.21/compute/v2.1/servers/769d673a-b23e-4995-a6d9-2d2d53a6b469 0.051s
2024-12-16 19:53:19.317 67553 INFO tempest.common.waiters [-] State transition "BUILD/None" ==> "BUILD/networking" after 70 second wait
2024-12-16 19:53:19.368 67500 INFO tempest.lib.common.rest_client [req-6bc70a81-d97c-4cc7-a7d1-f579a51bf48a req-6bc70a81-d97c-4cc7-a7d1-f579a51bf48a ] Request (FloatingIPsAssociationNegativeTestJSON:setUpClass): 200 GET http://10.180.1.21/compute/v2.1/servers/7d5a350c-8215-4ec0-8cf4-c33b0f8bbd02 0.062s
2024-12-16 19:53:19.435 67548 INFO tempest.lib.common.rest_client [req-e2fdb5ea-412e-44e7-9e0a-c6acfd538345 req-e2fdb5ea-412e-44e7-9e0a-c6acfd538345 ] Request (ServerActionsV293TestJSON:setUpClass): 200 GET http://10.180.1.21/compute/v2.1/servers/7703addf-fe6d-40f7-bb52-47fa36c14a50 0.068s
2024-12-16 19:53:19.460 67514 INFO tempest.lib.common.rest_client [req-938e341f-2912-4d7d-b9ff-083120035524 req-938e341f-2912-4d7d-b9ff-083120035524 ] Request (AttachInterfacesTestJSON:test_create_list_show_delete_interfaces_by_fixed_ip): 200 GET http://10.180.1.21/compute/v2.1/servers/8c888cd9-be84-4190-847b-96491a3dd73f 0.153s
2024-12-16 19:53:19.494 67543 INFO tempest.lib.common.rest_client [req-af6e6442-eb84-4d2f-a3f9-6eb17922e0a9 req-af6e6442-eb84-4d2f-a3f9-6eb17922e0a9 ] Request (ListServerFiltersTestJSON:tearDownClass): 200 GET http://10.180.1.21/compute/v2.1/servers/e1900551-fbeb-4ac9-b570-acefcdb408ad 0.125s
2024-12-16 19:53:19.530 67541 INFO tempest.lib.common.rest_client [req-e9cc6223-dca6-431c-b363-15ddc4905981 req-e9cc6223-dca6-431c-b363-15ddc4905981 ] Request (AttachVolumeShelveTestJSON:test_attach_volume_shelved_or_offload_server): 200 GET http://10.180.1.21/compute/v2.1/servers/3f45007f-d699-43f9-a2fd-84565bd1930c 0.113s
2024-12-16 19:53:19.568 67537 INFO tempest.lib.common.rest_client [req-7798501b-90ca-4892-8ecf-ca0ab2cb09ee req-7798501b-90ca-4892-8ecf-ca0ab2cb09ee ] Request (SecurityGroupsTestJSON:test_server_security_groups): 200 GET http://10.180.1.21/compute/v2.1/servers/cc545355-26ef-45fd-bacb-2515f52b84bb 0.105s
2024-12-16 19:53:19.696 67557 INFO tempest.lib.common.rest_client [req-aadc9f42-35a6-433d-b033-eb1ff338b086 req-aadc9f42-35a6-433d-b033-eb1ff338b086 ] Request (MigrationsAdminTest:test_list_migrations_in_flavor_resize_situation): 200 GET http://10.180.1.21/compute/v2.1/servers/6321e4cd-2f34-4dca-b144-2c5eadcbf8fc 0.199s
2024-12-16 19:53:19.858 67498 INFO tempest.lib.common.rest_client [req-c63f1cfe-4e66-488e-a4d6-5ed7abda7c29 req-c63f1cfe-4e66-488e-a4d6-5ed7abda7c29 ] Request (ImagesTestJSON:test_create_image_from_stopped_server): 200 GET http://10.180.1.21/compute/v2.1/servers/d12cfef2-7912-4cca-bfd4-714b61f62444 0.087s
2024-12-16 19:53:19.930 67549 INFO tempest.lib.common.rest_client [req-0bd68194-1a7c-4a45-a9e0-40f9e451a5fc req-0bd68194-1a7c-4a45-a9e0-40f9e451a5fc ] Request (ServersAdminNegativeTestJSON:test_migrate_server_invalid_state): 200 GET http://10.180.1.21/compute/v2.1/servers/ac96cdc3-e0ea-478a-8ed4-72c264eea1f4 0.150s
2024-12-16 19:53:19.985 67529 INFO tempest.lib.common.rest_client [req-d227d2eb-f2f3-4240-87d3-cb342a8e706a req-d227d2eb-f2f3-4240-87d3-cb342a8e706a ] Request (DeleteServersAdminTestJSON:test_delete_server_while_in_error_state): 200 GET http://10.180.1.21/compute/v2.1/servers/0b9be8e5-f5b1-4206-8001-58e40e6d45a7 0.153s
2024-12-16 19:53:20.044 67522 INFO tempest.lib.common.rest_client [req-b8a0cec7-6f40-4afa-8cdb-bd8e6c75b9ed req-b8a0cec7-6f40-4afa-8cdb-bd8e6c75b9ed ] Request (ServersAdminTestJSON:test_inject_network_info): 200 GET http://10.180.1.21/compute/v2.1/servers/bc1cf61d-aae7-4fa4-9d42-ce49120dd7c1 0.144s
2024-12-16 19:53:20.099 67545 INFO tempest.lib.common.rest_client [req-4430c1e4-95c3-45c2-90f5-15e5e01b1cbc req-4430c1e4-95c3-45c2-90f5-15e5e01b1cbc ] Request (AttachInterfacesUnderV243Test:test_add_remove_fixed_ip): 200 GET http://10.180.1.21/compute/v2.1/servers/90ce8db7-eedc-48b3-b579-efc2ad00ed6f 0.140s
2024-12-16 19:53:20.369 67512 INFO tempest.lib.common.rest_client [req-3fa428f3-98e8-46c3-97b3-ae118904465e req-3fa428f3-98e8-46c3-97b3-ae118904465e ] Request (ImagesOneServerNegativeTestJSON:_run_cleanups): 200 GET http://10.180.1.21/compute/v2.1/servers/cf0628fc-d8f4-4b6a-90c9-3392462f3b00 0.550s
2024-12-16 19:53:20.448 67524 INFO tempest.lib.common.rest_client [req-ba0dd546-f4e9-4d7b-b10c-14ab6b634a58 req-ba0dd546-f4e9-4d7b-b10c-14ab6b634a58 ] Request (ServerRescueTestJSON:setUpClass): 200 GET http://10.180.1.21/compute/v2.1/servers/f07729fe-f159-4ff5-90e0-33f7696a22c6 0.426s
2024-12-16 19:53:20.505 67510 INFO tempest.lib.common.rest_client [req-f98607c0-21a4-4409-873e-7a93198429ca req-f98607c0-21a4-4409-873e-7a93198429ca ] Request (ServersTestJSON:setUpClass): 200 GET http://10.180.1.21/compute/v2.1/servers/831ad7b6-6521-4cc0-b56a-9ce6c48a582c 0.489s
2024-12-16 19:53:20.523 67510 INFO tempest.common.waiters [-] State transition "BUILD/spawning" ==> "ACTIVE/None" after 75 second wait
2024-12-16 19:53:20.533 67508 INFO tempest.lib.common.rest_client [req-643d67bb-0e59-47d4-89ad-170ad1ec4657 req-643d67bb-0e59-47d4-89ad-170ad1ec4657 ] Request (ImagesNegativeTestJSON:test_create_image_from_deleted_server): 200 GET http://10.180.1.21/compute/v2.1/servers/970178a8-93cc-40b8-b323-46ae49afe82d 0.453s
2024-12-16 19:53:20.592 67506 INFO tempest.lib.common.rest_client [req-15f7a297-da91-40a3-a608-fa6120cd4c14 req-15f7a297-da91-40a3-a608-fa6120cd4c14 ] Request (ServerGroupTestJSON:test_create_server_with_scheduler_hint_group): 200 GET http://10.180.1.21/compute/v2.1/servers/677bd1fb-54e0-4cd7-b28b-0f60575ff6b0 0.466s
2024-12-16 19:53:20.616 67551 INFO tempest.lib.common.rest_client [req-2abc60e5-ec6e-4953-afa1-83e2a53b78d1 req-2abc60e5-ec6e-4953-afa1-83e2a53b78d1 ] Request (AttachInterfacesV270Test:tearDownClass): 200 GET http://10.180.1.21/compute/v2.1/servers/e0f71229-23d6-4647-9a81-da15dd0d337c 0.526s
2024-12-16 19:53:20.649 67532 INFO tempest.lib.common.rest_client [req-86a699de-261e-4eac-90de-adda163f32b8 req-86a699de-261e-4eac-90de-adda163f32b8 ] Request (ServersTestJSON:test_create_server_with_ipv6_addr_only): 200 GET http://10.180.1.21/compute/v2.1/servers/49e13667-875d-4566-9bca-6a4d45dd7770 0.517s
2024-12-16 19:53:20.674 67520 INFO tempest.lib.common.rest_client [req-d6db0a7f-4ffe-4a42-a098-ab2a53c3ee78 req-d6db0a7f-4ffe-4a42-a098-ab2a53c3ee78 ] Request (InstanceActionsNegativeTestJSON:tearDownClass): 200 GET http://10.180.1.21/compute/v2.1/servers/cea78468-f692-4634-8508-3886bccfb8bf 0.497s
2024-12-16 19:53:20.704 67526 INFO tempest.lib.common.rest_client [req-af10cafe-79a1-440d-b9e3-ac257e133c16 req-af10cafe-79a1-440d-b9e3-ac257e133c16 ] Request (ServerActionsTestOtherA:setUpClass): 200 GET http://10.180.1.21/compute/v2.1/servers/09219395-79b1-4a17-8357-12266d342eb4 0.512s
2024-12-16 19:53:20.734 67534 INFO tempest.lib.common.rest_client [req-677e83cf-1442-415a-9a3d-1fb1ed12bc5b req-677e83cf-1442-415a-9a3d-1fb1ed12bc5b ] Request (MultipleCreateTestJSON:test_multiple_create_with_reservation_return): 200 GET http://10.180.1.21/compute/v2.1/servers/4ac3f891-119a-4f8c-bea7-516476f92767 0.516s
2024-12-16 19:53:20.767 67555 INFO tempest.lib.common.rest_client [req-436b71e1-1c1c-4292-aab4-2f829200d6e9 req-436b71e1-1c1c-4292-aab4-2f829200d6e9 ] Request (ServerPasswordTestJSON:tearDownClass): 200 GET http://10.180.1.21/compute/v2.1/servers/ff676f80-9e5b-4c8e-92f4-657591750c2f 0.491s
2024-12-16 19:53:20.831 67500 INFO tempest.lib.common.rest_client [req-d2d0c005-ef27-4baa-9e40-2de4b0179fbd req-d2d0c005-ef27-4baa-9e40-2de4b0179fbd ] Request (FloatingIPsAssociationNegativeTestJSON:setUpClass): 200 GET http://10.180.1.21/compute/v2.1/servers/7d5a350c-8215-4ec0-8cf4-c33b0f8bbd02 0.456s
