2024-12-16 19:51:34.866 67543 INFO tempest.lib.common.rest_client [req-ac324b7a-b34e-4939-8d2a-e094245b4c0c req-ac324b7a-b34e-4939-8d2a-e094245b4c0c ] Request (ListServerFiltersTestJSON:setUpClass): 201 POST http://10.180.1.21:9696/networking/v2.0/networks 0.970s
2024-12-16 19:51:34.929 67532 INFO tempest.lib.common.rest_client [req-6ba008fb-67cf-4e75-a00e-bebbea29ad75 req-6ba008fb-67cf-4e75-a00e-bebbea29ad75 ] Request (HypervisorAdminNegativeUnderV252Test:setUpClass): 200 GET http://10.180.1.21/identity/v3/roles 0.350s
2024-12-16 19:51:34.951 67553 INFO tempest.lib.common.rest_client [req-dfae250c-134d-4439-880d-ec9895d606c7 req-dfae250c-134d-4439-880d-ec9895d606c7 ] Request (QuotasAdminTestJSON:test_get_updated_quotas): 201 POST http://10.180.1.21/identity/v3/projects 0.403s
2024-12-16 19:51:34.963 67522 INFO tempest.lib.common.rest_client [req-0753f6dd-0f2c-4fdc-95b5-c7f8e276a057 req-0753f6dd-0f2c-4fdc-95b5-c7f8e276a057 ] Request (ServersAdminTestJSON:setUpClass): 200 GET http://10.180.1.21/compute/v2.1/servers/c9f6175c-4f97-4ace-9eb2-17693dc1c2e5 1.230s
2024-12-16 19:51:34.986 67541 INFO tempest.lib.common.rest_client [req-5beb7792-22b9-4160-9ffc-5ddf9288e8fb req-5beb7792-22b9-4160-9ffc-5ddf9288e8fb ] Request (ServersAdmin275Test:setUpClass): 201 POST http://10.180.1.21/identity/v3/users 0.372s
2024-12-16 19:51:35.029 67551 INFO tempest.lib.common.rest_client [req-64be2a74-2753-4904-bd69-5bac1adbc3c2 req-64be2a74-2753-4904-bd69-5bac1adbc3c2 ] Request (FlavorsV2TestJSON:tearDownClass): 201 POST http://10.180.1.21/identity/v3/auth/tokens 0.210s
2024-12-16 19:51:35.075 67532 INFO tempest.lib.common.rest_client [req-5ac98358-adce-466d-bfc7-a903871c6870 req-5ac98358-adce-466d-bfc7-a903871c6870 ] Request (HypervisorAdminNegativeUnderV252Test:setUpClass): 204 PUT http://10.180.1.21/identity/v3/projects/199035e5bde046aeafa786ae6c97935f/users/ed5a9e921b7a460f9c2bf3cb070854d1/roles/8dd32a0a999e4f32b8d859c2247edb94 0.144s
2024-12-16 19:51:35.075 67532 INFO tempest.lib.common.dynamic_creds [-] Dynamic test user ed5a9e921b7a460f9c2bf3cb070854d1 is created with scope project and roles: ['member']
2024-12-16 19:51:35.075 67532 INFO tempest.lib.common.dynamic_creds [-] Acquired dynamic creds: credentials: Credentials: {'domain_id': 'default', 'domain_name': 'Default', 'username': 'tempest-HypervisorAdminNegativeUnderV252Test-600674725-project-member', 'project_domain_id': 'default', 'project_domain_name': 'Default', 'project_id': '199035e5bde046aeafa786ae6c97935f', 'project_name': 'tempest-HypervisorAdminNegativeUnderV252Test-600674725', 'tenant_id': '199035e5bde046aeafa786ae6c97935f', 'tenant_name': 'tempest-HypervisorAdminNegativeUnderV252Test-600674725', 'user_domain_id': 'default', 'user_domain_name': 'Default', 'user_id': 'ed5a9e921b7a460f9c2bf3cb070854d1', 'system': None}, Network: None, Subnet: None, Router: None
2024-12-16 19:51:35.075 67532 INFO tempest.lib.common.dynamic_creds [-] Created isolated network resources for: credentials: Credentials: {'domain_id': 'default', 'domain_name': 'Default', 'username': 'tempest-HypervisorAdminNegativeUnderV252Test-600674725-project-member', 'project_domain_id': 'default', 'project_domain_name': 'Default', 'project_id': '199035e5bde046aeafa786ae6c97935f', 'project_name': 'tempest-HypervisorAdminNegativeUnderV252Test-600674725', 'tenant_id': '199035e5bde046aeafa786ae6c97935f', 'tenant_name': 'tempest-HypervisorAdminNegativeUnderV252Test-600674725', 'user_domain_id': 'default', 'user_domain_name': 'Default', 'user_id': 'ed5a9e921b7a460f9c2bf3cb070854d1', 'system': None}, Network: None, Subnet: None, Router: None
2024-12-16 19:51:35.139 67553 INFO tempest.lib.common.rest_client [req-89e6cd66-d36b-4caa-815e-f43b1b11c2b5 req-89e6cd66-d36b-4caa-815e-f43b1b11c2b5 ] Request (QuotasAdminTestJSON:test_get_updated_quotas): 200 GET http://10.180.1.21/identity/v3/domains?name=Default 0.188s
2024-12-16 19:51:35.226 67541 INFO tempest.lib.common.rest_client [req-4e9ef068-c9a8-4cb7-9b19-4d73a8f8c7cd req-4e9ef068-c9a8-4cb7-9b19-4d73a8f8c7cd ] Request (ServersAdmin275Test:setUpClass): 200 GET http://10.180.1.21/identity/v3/roles 0.239s
2024-12-16 19:51:35.264 67541 INFO tempest.lib.common.rest_client [req-7b30b1a7-d00f-4b78-96a3-d77379a01e61 req-7b30b1a7-d00f-4b78-96a3-d77379a01e61 ] Request (ServersAdmin275Test:setUpClass): 204 PUT http://10.180.1.21/identity/v3/projects/f532f04787c24b39ba62d0b406414e23/users/356cde5d0f274698acabe978dccc4678/roles/8dd32a0a999e4f32b8d859c2247edb94 0.037s
2024-12-16 19:51:35.264 67541 INFO tempest.lib.common.dynamic_creds [-] Dynamic test user 356cde5d0f274698acabe978dccc4678 is created with scope project and roles: ['member']
2024-12-16 19:51:35.264 67541 INFO tempest.lib.common.dynamic_creds [-] Acquired dynamic creds: credentials: Credentials: {'domain_id': 'default', 'domain_name': 'Default', 'username': 'tempest-ServersAdmin275Test-1682752691-project-member', 'project_domain_id': 'default', 'project_domain_name': 'Default', 'project_id': 'f532f04787c24b39ba62d0b406414e23', 'project_name': 'tempest-ServersAdmin275Test-1682752691', 'tenant_id': 'f532f04787c24b39ba62d0b406414e23', 'tenant_name': 'tempest-ServersAdmin275Test-1682752691', 'user_domain_id': 'default', 'user_domain_name': 'Default', 'user_id': '356cde5d0f274698acabe978dccc4678', 'system': None}, Network: None, Subnet: None, Router: None
2024-12-16 19:51:35.264 67541 INFO tempest.lib.common.dynamic_creds [-] Created isolated network resources for: credentials: Credentials: {'domain_id': 'default', 'domain_name': 'Default', 'username': 'tempest-ServersAdmin275Test-1682752691-project-member', 'project_domain_id': 'default', 'project_domain_name': 'Default', 'project_id': 'f532f04787c24b39ba62d0b406414e23', 'project_name': 'tempest-ServersAdmin275Test-1682752691', 'tenant_id': 'f532f04787c24b39ba62d0b406414e23', 'tenant_name': 'tempest-ServersAdmin275Test-1682752691', 'user_domain_id': 'default', 'user_domain_name': 'Default', 'user_id': '356cde5d0f274698acabe978dccc4678', 'system': None}, Network: None, Subnet: None, Router: None
2024-12-16 19:51:35.326 67532 INFO tempest.lib.common.rest_client [req-38226a18-f8b1-4350-99c4-2ed0580e81e0 req-38226a18-f8b1-4350-99c4-2ed0580e81e0 ] Request (HypervisorAdminNegativeUnderV252Test:setUpClass): 201 POST http://10.180.1.21/identity/v3/auth/tokens 0.246s
2024-12-16 19:51:35.355 67520 INFO tempest.lib.common.rest_client [req-02e43f4f-d127-458a-b0a3-3c70f9a79d4c req-02e43f4f-d127-458a-b0a3-3c70f9a79d4c ] Request (SecurityGroupsNegativeTestJSON:test_delete_nonexistent_security_group): 404 DELETE http://10.180.1.21/compute/v2.1/os-security-groups/179f657d-f8c0-4e11-a325-4a8ba28dae8d 1.568s
2024-12-16 19:51:35.368 67541 INFO tempest.lib.common.rest_client [req-e788cb20-d990-4756-a628-0b7d920b937d req-e788cb20-d990-4756-a628-0b7d920b937d ] Request (ServersAdmin275Test:setUpClass): 201 POST http://10.180.1.21/identity/v3/auth/tokens 0.100s
2024-12-16 19:51:35.409 67532 INFO tempest.lib.common.rest_client [req-b8e2f15e-552a-4bfa-842c-6fd9a8079966 req-b8e2f15e-552a-4bfa-842c-6fd9a8079966 ] Request (HypervisorAdminNegativeUnderV252Test:setUpClass): 201 POST http://10.180.1.21/identity/v3/projects 0.083s
2024-12-16 19:51:35.418 67500 INFO tempest.lib.common.rest_client [req-3fa844fc-43b3-48cf-916e-439d8f085c90 req-3fa844fc-43b3-48cf-916e-439d8f085c90 ] Request (ServerDiagnosticsV248Test:test_get_server_diagnostics): 200 GET http://10.180.1.21/compute/v2.1/servers/47226e9d-c8d7-4e63-91ed-12cc91d2bf00/diagnostics 1.891s
2024-12-16 19:51:35.427 67555 INFO tempest.lib.common.rest_client [req-c4a76c61-9493-41c6-a01d-a8a048f98bc6 req-c4a76c61-9493-41c6-a01d-a8a048f98bc6 ] Request (FloatingIPsNegativeTestJSON:tearDownClass): 200 PUT http://10.180.1.21:9696/networking/v2.0/routers/4895d961-c16c-47e9-8d28-9eed5454c72f/remove_router_interface 2.310s
2024-12-16 19:51:35.479 67532 INFO tempest.lib.common.rest_client [req-6ded8ee1-da4a-44e0-a26a-d14e366ba62a req-6ded8ee1-da4a-44e0-a26a-d14e366ba62a ] Request (HypervisorAdminNegativeUnderV252Test:setUpClass): 201 POST http://10.180.1.21/identity/v3/users 0.069s
2024-12-16 19:51:35.481 67541 INFO tempest.lib.common.rest_client [req-db33442b-5544-4cdb-9e7c-5303789f49c7 req-db33442b-5544-4cdb-9e7c-5303789f49c7 ] Request (ServersAdmin275Test:setUpClass): 201 POST http://10.180.1.21/identity/v3/projects 0.112s
2024-12-16 19:51:35.496 67504 INFO tempest.lib.common.rest_client [req-396e6ac3-2df3-44e7-a29b-54cf13d2a983 req-396e6ac3-2df3-44e7-a29b-54cf13d2a983 ] Request (VolumesAssistedSnapshotsTest:test_volume_assisted_snapshot_create_delete): 200 GET http://10.180.1.21/compute/v2.1/servers/3623083d-0bf5-4947-9191-298ad2de4e13 1.678s
2024-12-16 19:51:35.526 67537 INFO tempest.lib.common.rest_client [req-1132af89-40c4-41a2-be9e-a55957eaffb6 req-1132af89-40c4-41a2-be9e-a55957eaffb6 ] Request (SecurityGroupsTestJSON:setUpClass): 201 POST http://10.180.1.21:9696/networking/v2.0/routers 2.606s
2024-12-16 19:51:35.534 67541 INFO tempest.lib.common.rest_client [req-1fa287fd-3f68-48cf-99be-34f381875ed5 req-1fa287fd-3f68-48cf-99be-34f381875ed5 ] Request (ServersAdmin275Test:setUpClass): 201 POST http://10.180.1.21/identity/v3/users 0.052s
2024-12-16 19:51:35.534 67532 INFO tempest.lib.common.rest_client [req-9a52a63e-3ccb-45b1-a63a-60a08dd8a85d req-9a52a63e-3ccb-45b1-a63a-60a08dd8a85d ] Request (HypervisorAdminNegativeUnderV252Test:setUpClass): 200 GET http://10.180.1.21/identity/v3/roles 0.054s
2024-12-16 19:51:35.554 67541 INFO tempest.lib.common.rest_client [req-9c529601-333c-4984-8e05-79b6c40a5c3a req-9c529601-333c-4984-8e05-79b6c40a5c3a ] Request (ServersAdmin275Test:setUpClass): 200 GET http://10.180.1.21/identity/v3/roles 0.020s
2024-12-16 19:51:35.558 67532 INFO tempest.lib.common.rest_client [req-8c80181e-3e52-490b-8a23-74f5c97367e9 req-8c80181e-3e52-490b-8a23-74f5c97367e9 ] Request (HypervisorAdminNegativeUnderV252Test:setUpClass): 204 PUT http://10.180.1.21/identity/v3/projects/a949e16b57f846ff8f840d7d726cfe9a/users/ebb8d9f0f4db4659996e7e82633a2ad9/roles/87d2020097d3494b9812f827e3137d02 0.023s
2024-12-16 19:51:35.601 67534 INFO tempest.lib.common.rest_client [req-51a55a69-96b2-421b-92b0-3ae68ab8d80e req-51a55a69-96b2-421b-92b0-3ae68ab8d80e ] Request (MultipleCreateTestJSON:test_multiple_create): 200 GET http://10.180.1.21/compute/v2.1/servers/3c72e1b6-ff20-4349-b464-a5d7205687dd 1.690s
2024-12-16 19:51:35.622 67532 INFO tempest.lib.common.rest_client [req-69321819-73f4-4062-b4fe-1531281cbefa req-69321819-73f4-4062-b4fe-1531281cbefa ] Request (HypervisorAdminNegativeUnderV252Test:setUpClass): 200 GET http://10.180.1.21/identity/v3/roles 0.063s
2024-12-16 19:51:35.625 67541 INFO tempest.lib.common.rest_client [req-69902ee2-6d98-4f33-8bb8-06f6c6298d33 req-69902ee2-6d98-4f33-8bb8-06f6c6298d33 ] Request (ServersAdmin275Test:setUpClass): 204 PUT http://10.180.1.21/identity/v3/projects/0971f7f0cdca43c8982670cd3e46e606/users/58baf7853d0a47c6997ff5e62aa01c15/roles/87d2020097d3494b9812f827e3137d02 0.071s
2024-12-16 19:51:35.650 67551 INFO tempest.lib.common.rest_client [req-6b0dba85-aa70-418e-86c9-cc000f532f96 req-6b0dba85-aa70-418e-86c9-cc000f532f96 ] Request (FlavorsV2TestJSON:tearDownClass): 200 GET http://10.180.1.21:9696/networking/v2.0/security-groups?tenant_id=839a70a3f201474483afdba6e0bef08b&name=default 0.620s
2024-12-16 19:51:35.688 67532 INFO tempest.lib.common.rest_client [req-77656b38-4b81-4af6-a43d-cb0b007d3d79 req-77656b38-4b81-4af6-a43d-cb0b007d3d79 ] Request (HypervisorAdminNegativeUnderV252Test:setUpClass): 204 PUT http://10.180.1.21/identity/v3/projects/a949e16b57f846ff8f840d7d726cfe9a/users/ebb8d9f0f4db4659996e7e82633a2ad9/roles/87d2020097d3494b9812f827e3137d02 0.065s
2024-12-16 19:51:35.688 67532 INFO tempest.lib.common.dynamic_creds [-] Dynamic test user ebb8d9f0f4db4659996e7e82633a2ad9 is created with scope project and roles: ['admin']
2024-12-16 19:51:35.689 67532 INFO tempest.lib.common.dynamic_creds [-] Acquired dynamic creds: credentials: Credentials: {'domain_id': 'default', 'domain_name': 'Default', 'username': 'tempest-HypervisorAdminNegativeUnderV252Test-1658566998-project-admin', 'project_domain_id': 'default', 'project_domain_name': 'Default', 'project_id': 'a949e16b57f846ff8f840d7d726cfe9a', 'project_name': 'tempest-HypervisorAdminNegativeUnderV252Test-1658566998', 'tenant_id': 'a949e16b57f846ff8f840d7d726cfe9a', 'tenant_name': 'tempest-HypervisorAdminNegativeUnderV252Test-1658566998', 'user_domain_id': 'default', 'user_domain_name': 'Default', 'user_id': 'ebb8d9f0f4db4659996e7e82633a2ad9', 'system': None}, Network: None, Subnet: None, Router: None
2024-12-16 19:51:35.690 67532 INFO tempest.lib.common.dynamic_creds [-] Created isolated network resources for: credentials: Credentials: {'domain_id': 'default', 'domain_name': 'Default', 'username': 'tempest-HypervisorAdminNegativeUnderV252Test-1658566998-project-admin', 'project_domain_id': 'default', 'project_domain_name': 'Default', 'project_id': 'a949e16b57f846ff8f840d7d726cfe9a', 'project_name': 'tempest-HypervisorAdminNegativeUnderV252Test-1658566998', 'tenant_id': 'a949e16b57f846ff8f840d7d726cfe9a', 'tenant_name': 'tempest-HypervisorAdminNegativeUnderV252Test-1658566998', 'user_domain_id': 'default', 'user_domain_name': 'Default', 'user_id': 'ebb8d9f0f4db4659996e7e82633a2ad9', 'system': None}, Network: None, Subnet: None, Router: None
2024-12-16 19:51:35.726 67524 INFO tempest.lib.common.rest_client [req-bfa90f0e-74a7-482c-82c5-ebf55ff571c8 req-bfa90f0e-74a7-482c-82c5-ebf55ff571c8 ] Request (ServerDiagnosticsNegativeTest:test_get_server_diagnostics_by_non_admin): 200 GET http://10.180.1.21/compute/v2.1/servers/7b6f9454-dce4-4a4d-91e2-2bbea6187441 1.932s
2024-12-16 19:51:35.744 67541 INFO tempest.lib.common.rest_client [req-214f858e-d0b1-4c6b-99d2-e1c3597f4963 req-214f858e-d0b1-4c6b-99d2-e1c3597f4963 ] Request (ServersAdmin275Test:setUpClass): 200 GET http://10.180.1.21/identity/v3/roles 0.118s
2024-12-16 19:51:35.764 67496 INFO tempest.lib.common.rest_client [req-0160b4fe-22a3-4a8a-9928-37aeee02d3cf req-0160b4fe-22a3-4a8a-9928-37aeee02d3cf ] Request (AggregatesAdminNegativeTestJSON:test_aggregate_create_with_existent_aggregate_name): 200 POST http://10.180.1.21/compute/v2.1/os-aggregates 1.696s
2024-12-16 19:51:35.788 67510 INFO tempest.lib.common.rest_client [req-c349a5bc-31c9-40a8-9e0f-05ea6bcc7997 req-c349a5bc-31c9-40a8-9e0f-05ea6bcc7997 ] Request (ServicesAdminNegativeV253TestJSON:test_get_service_by_invalid_params): 200 GET http://10.180.1.21/compute/v2.1/os-services 1.397s
2024-12-16 19:51:35.803 67548 INFO tempest.lib.common.rest_client [req-13b3ab6d-e086-4d32-a2a3-82ff6cf47c20 req-13b3ab6d-e086-4d32-a2a3-82ff6cf47c20 ] Request (KeyPairsNegativeTestJSON:test_keypair_delete_nonexistent_key): 404 DELETE http://10.180.1.21/compute/v2.1/os-keypairs/tempest-keypair-non-existent-259502601 1.382s
2024-12-16 19:51:35.823 67498 INFO tempest.lib.common.rest_client [req-c4b77bfb-002a-4517-a637-c56cc14fca2e req-c4b77bfb-002a-4517-a637-c56cc14fca2e ] Request (FlavorsAdminTestJSON:_run_cleanups): 202 DELETE http://10.180.1.21/compute/v2.1/flavors/9ceae0a1-1751-4599-af2c-3f07a92c61ba 1.387s
2024-12-16 19:51:35.825 67532 INFO tempest.lib.common.rest_client [req-7ee8b677-c214-4557-949b-ab295db0f3cb req-7ee8b677-c214-4557-949b-ab295db0f3cb ] Request (HypervisorAdminNegativeUnderV252Test:setUpClass): 201 POST http://10.180.1.21/identity/v3/auth/tokens 0.131s
2024-12-16 19:51:35.830 67541 INFO tempest.lib.common.rest_client [req-ffde3613-5b50-498b-ac55-b5e0e94d6101 req-ffde3613-5b50-498b-ac55-b5e0e94d6101 ] Request (ServersAdmin275Test:setUpClass): 204 PUT http://10.180.1.21/identity/v3/projects/0971f7f0cdca43c8982670cd3e46e606/users/58baf7853d0a47c6997ff5e62aa01c15/roles/87d2020097d3494b9812f827e3137d02 0.085s
2024-12-16 19:51:35.830 67541 INFO tempest.lib.common.dynamic_creds [-] Dynamic test user 58baf7853d0a47c6997ff5e62aa01c15 is created with scope project and roles: ['admin']
2024-12-16 19:51:35.830 67541 INFO tempest.lib.common.dynamic_creds [-] Acquired dynamic creds: credentials: Credentials: {'domain_id': 'default', 'domain_name': 'Default', 'username': 'tempest-ServersAdmin275Test-10316543-project-admin', 'project_domain_id': 'default', 'project_domain_name': 'Default', 'project_id': '0971f7f0cdca43c8982670cd3e46e606', 'project_name': 'tempest-ServersAdmin275Test-10316543', 'tenant_id': '0971f7f0cdca43c8982670cd3e46e606', 'tenant_name': 'tempest-ServersAdmin275Test-10316543', 'user_domain_id': 'default', 'user_domain_name': 'Default', 'user_id': '58baf7853d0a47c6997ff5e62aa01c15', 'system': None}, Network: None, Subnet: None, Router: None
2024-12-16 19:51:35.831 67541 INFO tempest.lib.common.dynamic_creds [-] Created isolated network resources for: credentials: Credentials: {'domain_id': 'default', 'domain_name': 'Default', 'username': 'tempest-ServersAdmin275Test-10316543-project-admin', 'project_domain_id': 'default', 'project_domain_name': 'Default', 'project_id': '0971f7f0cdca43c8982670cd3e46e606', 'project_name': 'tempest-ServersAdmin275Test-10316543', 'tenant_id': '0971f7f0cdca43c8982670cd3e46e606', 'tenant_name': 'tempest-ServersAdmin275Test-10316543', 'user_domain_id': 'default', 'user_domain_name': 'Default', 'user_id': '58baf7853d0a47c6997ff5e62aa01c15', 'system': None}, Network: None, Subnet: None, Router: None
2024-12-16 19:51:35.844 67557 INFO tempest.lib.common.rest_client [req-1724a858-754a-48e3-80c9-5f993388a819 req-1724a858-754a-48e3-80c9-5f993388a819 ] Request (FlavorsAccessNegativeTestJSON:_run_cleanups): 200 GET http://10.180.1.21/compute/v2.1/flavors/detail 1.354s
2024-12-16 19:51:35.858 67514 INFO tempest.lib.common.rest_client [req-dfb63013-7d0d-40a4-b7a9-6b1a2bad1952 req-dfb63013-7d0d-40a4-b7a9-6b1a2bad1952 ] Request (HostsAdminNegativeTestJSON:test_update_nonexistent_host): 404 PUT http://10.180.1.21/compute/v2.1/os-hosts/nonexistent_hostname 1.355s
2024-12-16 19:51:35.874 67506 INFO tempest.lib.common.rest_client [req-1be05d4b-da18-4ff4-9f2a-622445884729 req-1be05d4b-da18-4ff4-9f2a-622445884729 ] Request (QuotasAdminNegativeTest:_run_cleanups): 200 PUT http://10.180.1.21/compute/v2.1/os-quota-sets/18f6cd0d0bac4260919191c1896ced55 1.866s
2024-12-16 19:51:35.882 67508 INFO tempest.lib.common.rest_client [req-7881e2cf-c72f-4b08-8a8d-c0b435daead1 req-7881e2cf-c72f-4b08-8a8d-c0b435daead1 ] Request (ServicesAdminTestJSON:test_list_services): 200 GET http://10.180.1.21/compute/v2.1/os-services 1.354s
2024-12-16 19:51:35.912 67541 INFO tempest.lib.common.rest_client [req-f88be6d6-e088-406d-bbfc-6f943373b835 req-f88be6d6-e088-406d-bbfc-6f943373b835 ] Request (ServersAdmin275Test:setUpClass): 201 POST http://10.180.1.21/identity/v3/auth/tokens 0.076s
2024-12-16 19:51:35.943 67548 INFO tempest.lib.common.rest_client [req-603d4df0-effe-4ec7-9dfc-d5dae432feae req-603d4df0-effe-4ec7-9dfc-d5dae432feae ] Request (KeyPairsNegativeTestJSON:tearDownClass): 204 DELETE http://10.180.1.21/identity/v3/users/f4d73e7eddb34f6c89b0f24e331739fc 0.137s
2024-12-16 19:51:35.943 67548 INFO tempest.lib.common.dynamic_creds [-] Deleting project and security group for project: 4630eaaf507b4c8692f544b1020d3ddf
2024-12-16 19:51:35.975 67543 INFO tempest.lib.common.rest_client [req-be79db9e-d5c8-4deb-96c4-619bee57174d req-be79db9e-d5c8-4deb-96c4-619bee57174d ] Request (ListServerFiltersTestJSON:setUpClass): 201 POST http://10.180.1.21:9696/networking/v2.0/subnets 1.108s
2024-12-16 19:51:35.975 67543 INFO tempest.lib.common.dynamic_creds [-] Created isolated network resources for: credentials: Credentials: {'domain_id': 'default', 'domain_name': 'Default', 'username': 'tempest-ListServerFiltersTestJSON-530592441-project-member', 'project_domain_id': 'default', 'project_domain_name': 'Default', 'project_id': '543c661e7e4a4518a656a2e9aad45e86', 'project_name': 'tempest-ListServerFiltersTestJSON-530592441', 'tenant_id': '543c661e7e4a4518a656a2e9aad45e86', 'tenant_name': 'tempest-ListServerFiltersTestJSON-530592441', 'user_domain_id': 'default', 'user_domain_name': 'Default', 'user_id': 'da1f4aa2c5bf4a3584ee943d5de9b109', 'system': None}, Network: {'id': 'f69b8fe2-f84b-41c0-b097-82138772d266', 'name': 'tempest-ListServerFiltersTestJSON-2071213827-network', 'tenant_id': '543c661e7e4a4518a656a2e9aad45e86', 'admin_state_up': True, 'mtu': 8950, 'status': 'ACTIVE', 'subnets': [], 'shared': False, 'project_id': '543c661e7e4a4518a656a2e9aad45e86', 'port_security_enabled': True, 'router:external': False, 'provider:network_type': 'vlan', 'provider:physical_network': 'default', 'provider:segmentation_id': 955, 'availability_zone_hints': [], 'availability_zones': [], 'ipv4_address_scope': None, 'ipv6_address_scope': None, 'description': '', 'tags': [], 'created_at': '2024-12-16T19:51:34Z', 'updated_at': '2024-12-16T19:51:34Z', 'revision_number': 1}, Subnet: {'id': 'de2787aa-e109-4de0-8052-ecab8bd662eb', 'name': 'tempest-ListServerFiltersTestJSON-2071213827-subnet', 'tenant_id': '543c661e7e4a4518a656a2e9aad45e86', 'network_id': 'f69b8fe2-f84b-41c0-b097-82138772d266', 'ip_version': 4, 'subnetpool_id': None, 'enable_dhcp': True, 'ipv6_ra_mode': None, 'ipv6_address_mode': None, 'gateway_ip': '192.168.128.1', 'cidr': '192.168.128.0/28', 'allocation_pools': [{'start': '192.168.128.2', 'end': '192.168.128.14'}], 'host_routes': [], 'dns_nameservers': [], 'description': '', 'router:external': False, 'service_types': [], 'tags': [], 'created_at': '2024-12-16T19:51:35Z', 'updated_at': '2024-12-16T19:51:35Z', 'revision_number': 0, 'project_id': '543c661e7e4a4518a656a2e9aad45e86'}, Router: None
2024-12-16 19:51:36.005 67539 INFO tempest.lib.common.rest_client [req-d68b8d77-61d1-4f07-8f25-0abfef97332d req-d68b8d77-61d1-4f07-8f25-0abfef97332d ] Request (ServersAaction247Test:tearDownClass): 200 GET http://10.180.1.21/compute/v2.1/servers/87e77bf5-a916-41ce-b0a5-929b7398f4b5 1.195s
2024-12-16 19:51:36.013 67514 INFO tempest.lib.common.rest_client [req-e58b998b-6496-4c72-90f8-e43d0f5c3128 req-e58b998b-6496-4c72-90f8-e43d0f5c3128 ] Request (HostsAdminNegativeTestJSON:tearDownClass): 204 DELETE http://10.180.1.21/identity/v3/users/49cc5ea7d9c148e3a0bdca6856b00344 0.147s
2024-12-16 19:51:36.066 67541 INFO tempest.lib.common.rest_client [req-907305ca-9403-470b-bf50-8b707f331e76 req-907305ca-9403-470b-bf50-8b707f331e76 ] Request (ServersAdmin275Test:test_rebuild_update_server_275): 201 POST http://10.180.1.21/identity/v3/auth/tokens 0.146s
2024-12-16 19:51:36.066 67541 INFO tempest.lib.common.fixed_network [-] (ServersAdmin275Test:test_rebuild_update_server_275) Found network None available for tenant
2024-12-16 19:51:36.087 67516 INFO tempest.lib.common.rest_client [req-c7ceff47-cb38-4708-a61e-fb5a225fbf70 req-c7ceff47-cb38-4708-a61e-fb5a225fbf70 ] Request (ServersWithSpecificFlavorTestJSON:test_verify_created_server_ephemeral_disk): 200 GET http://10.180.1.21/compute/v2.1/servers/6e8fec3b-8872-4581-bb3f-d48aa9c7c727 0.998s
2024-12-16 19:51:36.089 67508 INFO tempest.lib.common.rest_client [req-1a726da0-eeb6-475d-a102-8187755c2aae req-1a726da0-eeb6-475d-a102-8187755c2aae ] Request (ServicesAdminTestJSON:tearDownClass): 204 DELETE http://10.180.1.21/identity/v3/users/94e5ca5779c54c8186def5f9c0822ed7 0.204s
2024-12-16 19:51:36.103 67551 INFO tempest.lib.common.rest_client [req-efd78fc9-6d5f-4f00-9e11-f9563b319ad7 req-efd78fc9-6d5f-4f00-9e11-f9563b319ad7 ] Request (FlavorsV2TestJSON:tearDownClass): 204 DELETE http://10.180.1.21:9696/networking/v2.0/security-groups/bafbaba6-2954-4fe0-b707-59a35fada4b7 0.452s
2024-12-16 19:51:36.131 67548 INFO tempest.lib.common.rest_client [req-6af18fcc-ad81-4c9d-a8bf-b93df69dc36e req-6af18fcc-ad81-4c9d-a8bf-b93df69dc36e ] Request (KeyPairsNegativeTestJSON:tearDownClass): 201 POST http://10.180.1.21/identity/v3/auth/tokens 0.187s
2024-12-16 19:51:36.132 67502 INFO tempest.lib.common.rest_client [req-36c6d530-1051-4aa3-b912-448e8633c631 req-36c6d530-1051-4aa3-b912-448e8633c631 ] Request (ServersTestManualDisk:setUpClass): 200 PUT http://10.180.1.21:9696/networking/v2.0/routers/b6daa606-7f87-48cc-87aa-4ca5eb52bbf8/add_router_interface 3.416s
2024-12-16 19:51:36.132 67502 INFO tempest.lib.common.dynamic_creds [-] Created isolated network resources for: credentials: Credentials: {'domain_id': 'default', 'domain_name': 'Default', 'username': 'tempest-ServersTestManualDisk-176779472-project-member', 'project_domain_id': 'default', 'project_domain_name': 'Default', 'project_id': 'fb5a544de4e44f6b88404fbab4825b77', 'project_name': 'tempest-ServersTestManualDisk-176779472', 'tenant_id': 'fb5a544de4e44f6b88404fbab4825b77', 'tenant_name': 'tempest-ServersTestManualDisk-176779472', 'user_domain_id': 'default', 'user_domain_name': 'Default', 'user_id': '7777a2daa8bd4326bb7c9b9abbf6f0a1', 'system': None}, Network: {'id': '44de6b9d-a5ed-4c06-94e5-f4ad7e198d94', 'name': 'tempest-ServersTestManualDisk-82893762-network', 'tenant_id': 'fb5a544de4e44f6b88404fbab4825b77', 'admin_state_up': True, 'mtu': 8950, 'status': 'ACTIVE', 'subnets': [], 'shared': False, 'project_id': 'fb5a544de4e44f6b88404fbab4825b77', 'port_security_enabled': True, 'router:external': False, 'provider:network_type': 'vlan', 'provider:physical_network': 'default', 'provider:segmentation_id': 406, 'availability_zone_hints': [], 'availability_zones': [], 'ipv4_address_scope': None, 'ipv6_address_scope': None, 'description': '', 'tags': [], 'created_at': '2024-12-16T19:51:30Z', 'updated_at': '2024-12-16T19:51:30Z', 'revision_number': 1}, Subnet: {'id': '7f26f282-cadb-476d-ac01-d53066589c60', 'name': 'tempest-ServersTestManualDisk-82893762-subnet', 'tenant_id': 'fb5a544de4e44f6b88404fbab4825b77', 'network_id': '44de6b9d-a5ed-4c06-94e5-f4ad7e198d94', 'ip_version': 4, 'subnetpool_id': None, 'enable_dhcp': True, 'ipv6_ra_mode': None, 'ipv6_address_mode': None, 'gateway_ip': '192.168.128.1', 'cidr': '192.168.128.0/28', 'allocation_pools': [{'start': '192.168.128.2', 'end': '192.168.128.14'}], 'host_routes': [], 'dns_nameservers': [], 'description': '', 'router:external': False, 'service_types': [], 'tags': [], 'created_at': '2024-12-16T19:51:30Z', 'updated_at': '2024-12-16T19:51:30Z', 'revision_number': 0, 'project_id': 'fb5a544de4e44f6b88404fbab4825b77'}, Router: {'id': 'b6daa606-7f87-48cc-87aa-4ca5eb52bbf8', 'name': 'tempest-ServersTestManualDisk-82893762-router', 'tenant_id': 'fb5a544de4e44f6b88404fbab4825b77', 'admin_state_up': True, 'status': 'ACTIVE', 'external_gateway_info': {'network_id': 'dafceb22-5be6-4099-863f-4dffce09e0d7', 'external_fixed_ips': [{'subnet_id': '19d9213f-36ce-4dc8-b474-b2c0e692a6f3', 'ip_address': '10.180.180.231'}], 'enable_snat': True}, 'description': '', 'availability_zones': [], 'distributed': False, 'ha': False, 'availability_zone_hints': [], 'routes': [], 'flavor_id': None, 'tags': [], 'created_at': '2024-12-16T19:51:31Z', 'updated_at': '2024-12-16T19:51:31Z', 'revision_number': 2, 'project_id': 'fb5a544de4e44f6b88404fbab4825b77'}
2024-12-16 19:51:36.155 67545 INFO tempest.lib.common.rest_client [req-c959f370-d3e9-4ca4-9740-867da01033dc req-c959f370-d3e9-4ca4-9740-867da01033dc ] Request (ServerDiagnosticsTest:test_get_server_diagnostics): 200 GET http://10.180.1.21/compute/v2.1/servers/4238f1d5-d1c0-471e-acc4-6bff80297c2f 1.086s
2024-12-16 19:51:36.198 67543 INFO tempest.lib.common.rest_client [req-d95d6157-731c-4564-ae78-d3a044fa7c55 req-d95d6157-731c-4564-ae78-d3a044fa7c55 ] Request (ListServerFiltersTestJSON:setUpClass): 201 POST http://10.180.1.21/identity/v3/auth/tokens 0.217s
2024-12-16 19:51:36.255 67514 INFO tempest.lib.common.rest_client [req-7cc91799-75bd-4010-9c79-57800512c4d2 req-7cc91799-75bd-4010-9c79-57800512c4d2 ] Request (HostsAdminNegativeTestJSON:tearDownClass): 204 DELETE http://10.180.1.21/identity/v3/users/0e4d2a27325d4f29a5f0ba6e0c561dd9 0.241s
2024-12-16 19:51:36.255 67514 INFO tempest.lib.common.dynamic_creds [-] Deleting project and security group for project: c72b40b7b979442db3eb3d146340e484
2024-12-16 19:51:36.266 67508 INFO tempest.lib.common.rest_client [req-844964f1-5649-48e6-9c81-a341922639a6 req-844964f1-5649-48e6-9c81-a341922639a6 ] Request (ServicesAdminTestJSON:tearDownClass): 204 DELETE http://10.180.1.21/identity/v3/users/c6b44552b1ca4128876d8577bc304b18 0.176s
2024-12-16 19:51:36.267 67508 INFO tempest.lib.common.dynamic_creds [-] Deleting project and security group for project: 2070d9c0226941e2806c07e93b04547d
2024-12-16 19:51:36.325 67502 INFO tempest.lib.common.rest_client [req-ed73f08c-eb45-4c5a-b1fd-540bcd8b073d req-ed73f08c-eb45-4c5a-b1fd-540bcd8b073d ] Request (ServersTestManualDisk:setUpClass): 201 POST http://10.180.1.21/identity/v3/auth/tokens 0.188s
2024-12-16 19:51:36.360 67530 INFO tempest.lib.common.rest_client [req-83109513-b942-4bcf-b89a-dedee568a454 req-83109513-b942-4bcf-b89a-dedee568a454 ] Request (TenantUsagesTestJSON:setUpClass): 200 GET http://10.180.1.21/compute/v2.1/servers/5607dc27-d9d6-4fc2-a210-f893a704cca3 1.161s
2024-12-16 19:51:36.367 67530 INFO tempest.common.waiters [-] State transition "BUILD/networking" ==> "BUILD/spawning" after 17 second wait
2024-12-16 19:51:36.387 67551 INFO tempest.lib.common.rest_client [req-75256b31-bbf7-4661-a215-a60be320c0c9 req-75256b31-bbf7-4661-a215-a60be320c0c9 ] Request (FlavorsV2TestJSON:tearDownClass): 204 DELETE http://10.180.1.21/identity/v3/projects/839a70a3f201474483afdba6e0bef08b 0.284s
2024-12-16 19:51:36.439 67543 INFO tempest.lib.common.rest_client [req-57899f0e-96d7-473d-8c60-c156959ac565 req-57899f0e-96d7-473d-8c60-c156959ac565 ] Request (ListServerFiltersTestJSON:setUpClass): 201 POST http://10.180.1.21/identity/v3/auth/tokens 0.236s
2024-12-16 19:51:36.440 67543 INFO tempest.lib.common.fixed_network [-] (ListServerFiltersTestJSON:setUpClass) Found network {'id': 'f69b8fe2-f84b-41c0-b097-82138772d266', 'name': 'tempest-ListServerFiltersTestJSON-2071213827-network', 'tenant_id': '543c661e7e4a4518a656a2e9aad45e86', 'admin_state_up': True, 'mtu': 8950, 'status': 'ACTIVE', 'subnets': [], 'shared': False, 'project_id': '543c661e7e4a4518a656a2e9aad45e86', 'port_security_enabled': True, 'router:external': False, 'provider:network_type': 'vlan', 'provider:physical_network': 'default', 'provider:segmentation_id': 955, 'availability_zone_hints': [], 'availability_zones': [], 'ipv4_address_scope': None, 'ipv6_address_scope': None, 'description': '', 'tags': [], 'created_at': '2024-12-16T19:51:34Z', 'updated_at': '2024-12-16T19:51:34Z', 'revision_number': 1} available for tenant
2024-12-16 19:51:36.443 67514 INFO tempest.lib.common.rest_client [req-8621153b-7fcd-4207-b06c-27342261299d req-8621153b-7fcd-4207-b06c-27342261299d ] Request (HostsAdminNegativeTestJSON:tearDownClass): 201 POST http://10.180.1.21/identity/v3/auth/tokens 0.187s
2024-12-16 19:51:36.445 67512 INFO tempest.lib.common.rest_client [req-9df5525a-b2ae-49d6-9f0a-eb3a27d07b40 req-9df5525a-b2ae-49d6-9f0a-eb3a27d07b40 ] Request (ImagesOneServerNegativeTestJSON:setUpClass): 200 GET http://10.180.1.21/compute/v2.1/servers/159dec6d-8c2e-46c6-9411-1f2a23cecd9f 1.133s
2024-12-16 19:51:36.448 67520 INFO tempest.lib.common.rest_client [req-8b8bc97d-4907-4a7f-8928-49f2edef1af5 req-8b8bc97d-4907-4a7f-8928-49f2edef1af5 ] Request (SecurityGroupsNegativeTestJSON:test_delete_security_group_without_passing_id): 404 DELETE http://10.180.1.21/compute/v2.1/os-security-groups/ 1.092s
2024-12-16 19:51:36.454 67512 INFO tempest.common.waiters [-] State transition "BUILD/None" ==> "BUILD/networking" after 14 second wait
2024-12-16 19:51:36.477 67508 INFO tempest.lib.common.rest_client [req-dfa444d3-f2eb-4ca5-bfd7-8b6af7045ad2 req-dfa444d3-f2eb-4ca5-bfd7-8b6af7045ad2 ] Request (ServicesAdminTestJSON:tearDownClass): 201 POST http://10.180.1.21/identity/v3/auth/tokens 0.210s
2024-12-16 19:51:36.499 67551 INFO tempest.lib.common.rest_client [req-83717179-b173-403b-8c66-ec7a17b2b403 req-83717179-b173-403b-8c66-ec7a17b2b403 ] Request (ListImagesTestJSON:setUpClass): 201 POST http://10.180.1.21/identity/v3/auth/tokens 0.110s
2024-12-16 19:51:36.522 67543 INFO tempest.lib.common.rest_client [req-4de0f2a2-50c6-4f36-b4d0-31de97d85688 req-4de0f2a2-50c6-4f36-b4d0-31de97d85688 ] Request (ListServerFiltersTestJSON:setUpClass): 201 POST http://10.180.1.21/identity/v3/auth/tokens 0.076s
2024-12-16 19:51:36.524 67543 INFO tempest.lib.common.fixed_network [-] (ListServerFiltersTestJSON:setUpClass) Found network {'id': 'f69b8fe2-f84b-41c0-b097-82138772d266', 'name': 'tempest-ListServerFiltersTestJSON-2071213827-network', 'tenant_id': '543c661e7e4a4518a656a2e9aad45e86', 'admin_state_up': True, 'mtu': 8950, 'status': 'ACTIVE', 'subnets': [], 'shared': False, 'project_id': '543c661e7e4a4518a656a2e9aad45e86', 'port_security_enabled': True, 'router:external': False, 'provider:network_type': 'vlan', 'provider:physical_network': 'default', 'provider:segmentation_id': 955, 'availability_zone_hints': [], 'availability_zones': [], 'ipv4_address_scope': None, 'ipv6_address_scope': None, 'description': '', 'tags': [], 'created_at': '2024-12-16T19:51:34Z', 'updated_at': '2024-12-16T19:51:34Z', 'revision_number': 1} available for tenant
2024-12-16 19:51:36.606 67553 INFO tempest.lib.common.rest_client [req-40ad02bb-1c76-426a-b062-6507edb2f04d req-40ad02bb-1c76-426a-b062-6507edb2f04d ] Request (QuotasAdminTestJSON:test_get_updated_quotas): 200 PUT http://10.180.1.21/compute/v2.1/os-quota-sets/3f8c45cfd89e4fa98ebf960b3dec7055 1.467s
2024-12-16 19:51:36.628 67551 INFO tempest.lib.common.rest_client [req-f25e3c9b-c61a-4b39-8257-420ba64fe28f req-f25e3c9b-c61a-4b39-8257-420ba64fe28f ] Request (ListImagesTestJSON:setUpClass): 201 POST http://10.180.1.21/identity/v3/auth/tokens 0.069s
2024-12-16 19:51:36.661 67529 INFO tempest.lib.common.rest_client [req-7275c2ab-7e96-4cce-9fd0-19bd95f6183a req-7275c2ab-7e96-4cce-9fd0-19bd95f6183a ] Request (DeleteServersAdminTestJSON:test_admin_delete_servers_of_others): 200 GET http://10.180.1.21/compute/v2.1/servers/1252f513-6deb-44c8-a919-548eb2a4f14a 1.293s
2024-12-16 19:51:36.669 67551 INFO tempest.lib.common.rest_client [req-f70d411d-4390-41e9-8b05-60ada79ec834 req-f70d411d-4390-41e9-8b05-60ada79ec834 ] Request (ListImagesTestJSON:setUpClass): 200 GET http://10.180.1.21/identity/v3/domains?name=Default 0.041s
2024-12-16 19:51:36.706 67551 INFO tempest.lib.common.rest_client [req-49288e12-edf4-452f-a250-1aad2167b86d req-49288e12-edf4-452f-a250-1aad2167b86d ] Request (ListImagesTestJSON:setUpClass): 201 POST http://10.180.1.21/identity/v3/projects 0.036s
2024-12-16 19:51:36.757 67526 INFO tempest.lib.common.rest_client [req-6060df69-b09d-4ec5-bd1d-b8b5d44b718c req-6060df69-b09d-4ec5-bd1d-b8b5d44b718c ] Request (ServerExternalEventsTest:test_create_server_external_events): 200 GET http://10.180.1.21/compute/v2.1/servers/195235fb-e1ff-4811-82c1-f30a833f6a82 1.225s
2024-12-16 19:51:36.767 67549 INFO tempest.lib.common.rest_client [req-150e3e3a-ee02-4915-9f38-51435faf3ff9 req-150e3e3a-ee02-4915-9f38-51435faf3ff9 ] Request (ServersAdminNegativeTestJSON:setUpClass): 200 GET http://10.180.1.21/compute/v2.1/servers/a6aff05d-d56c-41bc-9a91-2fe2f4afe03c 1.148s
2024-12-16 19:51:36.767 67548 INFO tempest.lib.common.rest_client [req-811fc815-44ec-48fe-876a-486c3cd54ef4 req-811fc815-44ec-48fe-876a-486c3cd54ef4 ] Request (KeyPairsNegativeTestJSON:tearDownClass): 200 GET http://10.180.1.21:9696/networking/v2.0/security-groups?tenant_id=4630eaaf507b4c8692f544b1020d3ddf&name=default 0.636s
2024-12-16 19:51:36.776 67496 INFO tempest.lib.common.rest_client [req-ae78e362-1db9-400c-8f9f-b48387fbc32e req-ae78e362-1db9-400c-8f9f-b48387fbc32e ] Request (AggregatesAdminNegativeTestJSON:test_aggregate_create_with_existent_aggregate_name): 409 POST http://10.180.1.21/compute/v2.1/os-aggregates 1.011s
2024-12-16 19:51:36.792 67551 INFO tempest.lib.common.rest_client [req-8a3cff7b-1e79-4a0f-bc96-2030ae0c449e req-8a3cff7b-1e79-4a0f-bc96-2030ae0c449e ] Request (ListImagesTestJSON:setUpClass): 201 POST http://10.180.1.21/identity/v3/users 0.085s
2024-12-16 19:51:36.797 67510 INFO tempest.lib.common.rest_client [req-dbf7ddb5-84aa-4a57-8b15-ef3bdb080cb5 req-dbf7ddb5-84aa-4a57-8b15-ef3bdb080cb5 ] Request (ServicesAdminNegativeV253TestJSON:test_get_service_by_invalid_params): 200 GET http://10.180.1.21/compute/v2.1/os-services?xxx=nova-compute 1.005s
2024-12-16 19:51:36.838 67551 INFO tempest.lib.common.rest_client [req-7f72502c-397a-4e7c-b46f-f0b9d26242fa req-7f72502c-397a-4e7c-b46f-f0b9d26242fa ] Request (ListImagesTestJSON:setUpClass): 200 GET http://10.180.1.21/identity/v3/roles 0.045s
2024-12-16 19:51:36.880 67555 INFO tempest.lib.common.rest_client [req-b0e01b08-04c3-4f71-a671-808a5720d4c6 req-b0e01b08-04c3-4f71-a671-808a5720d4c6 ] Request (FloatingIPsNegativeTestJSON:tearDownClass): 204 DELETE http://10.180.1.21:9696/networking/v2.0/routers/4895d961-c16c-47e9-8d28-9eed5454c72f 1.452s
2024-12-16 19:51:36.887 67551 INFO tempest.lib.common.rest_client [req-72737ad3-b746-454b-a039-3ef81ac55250 req-72737ad3-b746-454b-a039-3ef81ac55250 ] Request (ListImagesTestJSON:setUpClass): 204 PUT http://10.180.1.21/identity/v3/projects/b214b71a12f849ddbc36ed241a328f45/users/ec4209764be7426ea61612918910bf63/roles/8dd32a0a999e4f32b8d859c2247edb94 0.048s
2024-12-16 19:51:36.887 67551 INFO tempest.lib.common.dynamic_creds [-] Dynamic test user ec4209764be7426ea61612918910bf63 is created with scope project and roles: ['member']
2024-12-16 19:51:36.887 67551 INFO tempest.lib.common.dynamic_creds [-] Acquired dynamic creds: credentials: Credentials: {'domain_id': 'default', 'domain_name': 'Default', 'username': 'tempest-ListImagesTestJSON-789359241-project-member', 'project_domain_id': 'default', 'project_domain_name': 'Default', 'project_id': 'b214b71a12f849ddbc36ed241a328f45', 'project_name': 'tempest-ListImagesTestJSON-789359241', 'tenant_id': 'b214b71a12f849ddbc36ed241a328f45', 'tenant_name': 'tempest-ListImagesTestJSON-789359241', 'user_domain_id': 'default', 'user_domain_name': 'Default', 'user_id': 'ec4209764be7426ea61612918910bf63', 'system': None}, Network: None, Subnet: None, Router: None
2024-12-16 19:51:36.887 67551 INFO tempest.lib.common.dynamic_creds [-] Created isolated network resources for: credentials: Credentials: {'domain_id': 'default', 'domain_name': 'Default', 'username': 'tempest-ListImagesTestJSON-789359241-project-member', 'project_domain_id': 'default', 'project_domain_name': 'Default', 'project_id': 'b214b71a12f849ddbc36ed241a328f45', 'project_name': 'tempest-ListImagesTestJSON-789359241', 'tenant_id': 'b214b71a12f849ddbc36ed241a328f45', 'tenant_name': 'tempest-ListImagesTestJSON-789359241', 'user_domain_id': 'default', 'user_domain_name': 'Default', 'user_id': 'ec4209764be7426ea61612918910bf63', 'system': None}, Network: None, Subnet: None, Router: None
2024-12-16 19:51:36.935 67532 INFO tempest.lib.common.rest_client [req-3515530c-22b9-4dc2-af7a-438b8f491e0f req-3515530c-22b9-4dc2-af7a-438b8f491e0f ] Request (HypervisorAdminNegativeUnderV252Test:test_search_hypervisor_with_non_admin_user): 200 GET http://10.180.1.21/compute/v2.1/os-hypervisors 1.107s
2024-12-16 19:51:36.991 67557 INFO tempest.lib.common.rest_client [req-4db40574-583e-4878-8624-d61ac41b6fb2 req-4db40574-583e-4878-8624-d61ac41b6fb2 ] Request (FlavorsAccessNegativeTestJSON:test_flavor_non_admin_remove): 200 POST http://10.180.1.21/compute/v2.1/flavors 1.137s
2024-12-16 19:51:37.000 67506 INFO tempest.lib.common.rest_client [req-8179e61a-17fe-4fb4-a2e5-b212daecfc4d req-8179e61a-17fe-4fb4-a2e5-b212daecfc4d ] Request (QuotasAdminNegativeTest:test_update_quota_normal_user): 403 PUT http://10.180.1.21/compute/v2.1/os-quota-sets/18f6cd0d0bac4260919191c1896ced55 1.119s
2024-12-16 19:51:37.009 67551 INFO tempest.lib.common.rest_client [req-32781525-1e65-4d3d-adf4-dc472fbf28c8 req-32781525-1e65-4d3d-adf4-dc472fbf28c8 ] Request (ListImagesTestJSON:setUpClass): 201 POST http://10.180.1.21/identity/v3/auth/tokens 0.116s
2024-12-16 19:51:37.014 67498 INFO tempest.lib.common.rest_client [req-1be57f11-9b63-4bdf-bccf-72d5b1f12aed req-1be57f11-9b63-4bdf-bccf-72d5b1f12aed ] Request (FlavorsAdminTestJSON:_run_cleanups): 200 GET http://10.180.1.21/compute/v2.1/flavors/detail 1.190s
2024-12-16 19:51:37.060 67514 INFO tempest.lib.common.rest_client [req-5376f397-07fc-461c-bac4-ea29ae0d3202 req-5376f397-07fc-461c-bac4-ea29ae0d3202 ] Request (HostsAdminNegativeTestJSON:tearDownClass): 200 GET http://10.180.1.21:9696/networking/v2.0/security-groups?tenant_id=c72b40b7b979442db3eb3d146340e484&name=default 0.616s
2024-12-16 19:51:37.106 67522 INFO tempest.lib.common.rest_client [req-eccd61c8-c295-4fad-aca2-d99544159e9e req-eccd61c8-c295-4fad-aca2-d99544159e9e ] Request (ServersAdminTestJSON:setUpClass): 200 GET http://10.180.1.21/compute/v2.1/servers/c9f6175c-4f97-4ace-9eb2-17693dc1c2e5 1.135s
2024-12-16 19:51:37.117 67506 INFO tempest.lib.common.rest_client [req-a8c7e1a5-d6f6-4f2d-b4eb-3e39be43d5f5 req-a8c7e1a5-d6f6-4f2d-b4eb-3e39be43d5f5 ] Request (QuotasAdminNegativeTest:tearDownClass): 204 DELETE http://10.180.1.21/identity/v3/users/851dad8aa9de4240bc3118622273ede8 0.115s
2024-12-16 19:51:37.202 67508 INFO tempest.lib.common.rest_client [req-69b4bede-c666-4131-a20b-c7fd22d6926b req-69b4bede-c666-4131-a20b-c7fd22d6926b ] Request (ServicesAdminTestJSON:tearDownClass): 200 GET http://10.180.1.21:9696/networking/v2.0/security-groups?tenant_id=2070d9c0226941e2806c07e93b04547d&name=default 0.725s
2024-12-16 19:51:37.221 67548 INFO tempest.lib.common.rest_client [req-1cc0b32e-7ddf-4026-a4f1-360a6d75bccc req-1cc0b32e-7ddf-4026-a4f1-360a6d75bccc ] Request (KeyPairsNegativeTestJSON:tearDownClass): 204 DELETE http://10.180.1.21:9696/networking/v2.0/security-groups/5f1c00a0-ac47-4e1f-a3a9-afc463383aa2 0.453s
2024-12-16 19:51:37.256 67506 INFO tempest.lib.common.rest_client [req-6a47c6a8-c5da-4759-83f3-54763831f8ba req-6a47c6a8-c5da-4759-83f3-54763831f8ba ] Request (QuotasAdminNegativeTest:tearDownClass): 204 DELETE http://10.180.1.21/identity/v3/users/1ebcce00c3e6449697d78e18e010c2a1 0.138s
2024-12-16 19:51:37.257 67506 INFO tempest.lib.common.dynamic_creds [-] Deleting project and security group for project: 18f6cd0d0bac4260919191c1896ced55
2024-12-16 19:51:37.292 67541 INFO tempest.lib.common.rest_client [req-c8005e7c-b9e8-4920-9093-3804ddb6030a req-c8005e7c-b9e8-4920-9093-3804ddb6030a ] Request (ServersAdmin275Test:test_rebuild_update_server_275): 202 POST http://10.180.1.21/compute/v2.1/servers 1.224s
2024-12-16 19:51:37.315 67502 INFO tempest.lib.common.rest_client [req-f206e45c-3107-465c-bf25-c3ef268b78f8 req-f206e45c-3107-465c-bf25-c3ef268b78f8 ] Request (ServersTestManualDisk:setUpClass): 200 POST http://10.180.1.21/compute/v2.1/os-keypairs 0.987s
2024-12-16 19:51:37.357 67506 INFO tempest.lib.common.rest_client [req-f9994c12-4697-4a41-b324-261e5c30b1b8 req-f9994c12-4697-4a41-b324-261e5c30b1b8 ] Request (QuotasAdminNegativeTest:tearDownClass): 201 POST http://10.180.1.21/identity/v3/auth/tokens 0.099s
2024-12-16 19:51:37.368 67548 INFO tempest.lib.common.rest_client [req-5ea00de2-addc-4ad0-8eec-75f1a4879c10 req-5ea00de2-addc-4ad0-8eec-75f1a4879c10 ] Request (KeyPairsNegativeTestJSON:tearDownClass): 204 DELETE http://10.180.1.21/identity/v3/projects/4630eaaf507b4c8692f544b1020d3ddf 0.147s
2024-12-16 19:51:37.393 67555 INFO tempest.lib.common.rest_client [req-f974c34e-fb77-476c-b57c-e8e1ebf2431b req-f974c34e-fb77-476c-b57c-e8e1ebf2431b ] Request (FloatingIPsNegativeTestJSON:tearDownClass): 204 DELETE http://10.180.1.21:9696/networking/v2.0/subnets/e760319c-7a90-4938-8b93-602dbe60de17 0.513s
2024-12-16 19:51:37.421 67504 INFO tempest.lib.common.rest_client [req-114ceccc-48b1-4075-a228-bc605e46dce3 req-114ceccc-48b1-4075-a228-bc605e46dce3 ] Request (VolumesAssistedSnapshotsTest:test_volume_assisted_snapshot_create_delete): 200 GET http://10.180.1.21/compute/v2.1/servers/3623083d-0bf5-4947-9191-298ad2de4e13 0.915s
2024-12-16 19:51:37.481 67548 INFO tempest.lib.common.rest_client [req-ba8ece0b-6fa3-4dbe-840d-eb5cce41fa71 req-ba8ece0b-6fa3-4dbe-840d-eb5cce41fa71 ] Request (ServerActionsV293TestJSON:setUpClass): 201 POST http://10.180.1.21/identity/v3/auth/tokens 0.110s
2024-12-16 19:51:37.530 67548 INFO tempest.lib.common.rest_client [req-ae2ae89a-e8e0-4c4c-a811-f99a5f4f9ea9 req-ae2ae89a-e8e0-4c4c-a811-f99a5f4f9ea9 ] Request (ServerActionsV293TestJSON:setUpClass): 201 POST http://10.180.1.21/identity/v3/auth/tokens 0.043s
2024-12-16 19:51:37.562 67548 INFO tempest.lib.common.rest_client [req-2ed44c21-4a09-4b31-8e1c-5ff56f14507d req-2ed44c21-4a09-4b31-8e1c-5ff56f14507d ] Request (ServerActionsV293TestJSON:setUpClass): 200 GET http://10.180.1.21/identity/v3/domains?name=Default 0.031s
2024-12-16 19:51:37.607 67548 INFO tempest.lib.common.rest_client [req-e9ade4dc-60b5-4481-a37e-66c33c088ebf req-e9ade4dc-60b5-4481-a37e-66c33c088ebf ] Request (ServerActionsV293TestJSON:setUpClass): 201 POST http://10.180.1.21/identity/v3/projects 0.044s
2024-12-16 19:51:37.610 67514 INFO tempest.lib.common.rest_client [req-2cfc2745-e5a3-42ba-91aa-209db677eb80 req-2cfc2745-e5a3-42ba-91aa-209db677eb80 ] Request (HostsAdminNegativeTestJSON:tearDownClass): 204 DELETE http://10.180.1.21:9696/networking/v2.0/security-groups/393d81a0-7eaf-446f-a495-f9271965a610 0.549s
2024-12-16 19:51:37.657 67520 INFO tempest.lib.common.rest_client [req-665c21c6-05f8-4987-abfc-cfb84f480905 req-665c21c6-05f8-4987-abfc-cfb84f480905 ] Request (SecurityGroupsNegativeTestJSON:test_delete_the_default_security_group): 200 GET http://10.180.1.21/compute/v2.1/os-security-groups 1.207s
2024-12-16 19:51:37.682 67548 INFO tempest.lib.common.rest_client [req-7d81402a-be74-4a5f-862e-86dd84ad3f8e req-7d81402a-be74-4a5f-862e-86dd84ad3f8e ] Request (ServerActionsV293TestJSON:setUpClass): 201 POST http://10.180.1.21/identity/v3/users 0.075s
2024-12-16 19:51:37.710 67548 INFO tempest.lib.common.rest_client [req-652f3ecf-3a92-4049-ba1a-31f785157ffc req-652f3ecf-3a92-4049-ba1a-31f785157ffc ] Request (ServerActionsV293TestJSON:setUpClass): 200 GET http://10.180.1.21/identity/v3/roles 0.028s
2024-12-16 19:51:37.758 67514 INFO tempest.lib.common.rest_client [req-546d639d-7954-49d8-aa17-d2f932a144c1 req-546d639d-7954-49d8-aa17-d2f932a144c1 ] Request (HostsAdminNegativeTestJSON:tearDownClass): 204 DELETE http://10.180.1.21/identity/v3/projects/c72b40b7b979442db3eb3d146340e484 0.147s
2024-12-16 19:51:37.758 67514 INFO tempest.lib.common.dynamic_creds [-] Deleting project and security group for project: b7056a1a9928455aa087b6a312bd8c45
2024-12-16 19:51:37.807 67502 INFO tempest.lib.common.rest_client [req-7696ec7b-f415-48ac-924b-5b3b424df2f2 req-7696ec7b-f415-48ac-924b-5b3b424df2f2 ] Request (ServersTestManualDisk:setUpClass): 201 POST http://10.180.1.21:9696/networking/v2.0/security-groups 0.490s
2024-12-16 19:51:37.861 67548 INFO tempest.lib.common.rest_client [req-1297b16a-bf48-4936-8f57-cb0a1e355f25 req-1297b16a-bf48-4936-8f57-cb0a1e355f25 ] Request (ServerActionsV293TestJSON:setUpClass): 204 PUT http://10.180.1.21/identity/v3/projects/988022c45cea452b9448440933c65bd8/users/14ac5552a4404799914f9c95b7d95923/roles/8dd32a0a999e4f32b8d859c2247edb94 0.150s
2024-12-16 19:51:37.861 67548 INFO tempest.lib.common.dynamic_creds [-] Dynamic test user 14ac5552a4404799914f9c95b7d95923 is created with scope project and roles: ['member']
2024-12-16 19:51:37.861 67548 INFO tempest.lib.common.dynamic_creds [-] Acquired dynamic creds: credentials: Credentials: {'domain_id': 'default', 'domain_name': 'Default', 'username': 'tempest-ServerActionsV293TestJSON-1777802046-project-member', 'project_domain_id': 'default', 'project_domain_name': 'Default', 'project_id': '988022c45cea452b9448440933c65bd8', 'project_name': 'tempest-ServerActionsV293TestJSON-1777802046', 'tenant_id': '988022c45cea452b9448440933c65bd8', 'tenant_name': 'tempest-ServerActionsV293TestJSON-1777802046', 'user_domain_id': 'default', 'user_domain_name': 'Default', 'user_id': '14ac5552a4404799914f9c95b7d95923', 'system': None}, Network: None, Subnet: None, Router: None
2024-12-16 19:51:37.886 67508 INFO tempest.lib.common.rest_client [req-542b8779-54b9-418d-9358-27b922d57646 req-542b8779-54b9-418d-9358-27b922d57646 ] Request (ServicesAdminTestJSON:tearDownClass): 204 DELETE http://10.180.1.21:9696/networking/v2.0/security-groups/8d3ea276-4feb-4756-ab6b-3edbaee88fea 0.684s
2024-12-16 19:51:37.893 67553 INFO tempest.lib.common.rest_client [req-3bc92e1a-c716-4aee-b764-1a6f16a73aea req-3bc92e1a-c716-4aee-b764-1a6f16a73aea ] Request (QuotasAdminTestJSON:test_get_updated_quotas): 200 GET http://10.180.1.21/compute/v2.1/os-quota-sets/3f8c45cfd89e4fa98ebf960b3dec7055/detail 1.285s
2024-12-16 19:51:37.945 67548 INFO tempest.lib.common.rest_client [req-dff3603f-8085-4bc2-8e31-bd6ddd1cd7d5 req-dff3603f-8085-4bc2-8e31-bd6ddd1cd7d5 ] Request (ServerActionsV293TestJSON:setUpClass): 201 POST http://10.180.1.21/identity/v3/auth/tokens 0.083s
2024-12-16 19:51:38.015 67508 INFO tempest.lib.common.rest_client [req-1c2120fe-5cd9-442e-bade-3b2694be23a2 req-1c2120fe-5cd9-442e-bade-3b2694be23a2 ] Request (ServicesAdminTestJSON:tearDownClass): 204 DELETE http://10.180.1.21/identity/v3/projects/2070d9c0226941e2806c07e93b04547d 0.128s
2024-12-16 19:51:38.015 67508 INFO tempest.lib.common.dynamic_creds [-] Deleting project and security group for project: 3fd456d24f71458da5acf029f06ae557
2024-12-16 19:51:38.029 67555 INFO tempest.lib.common.rest_client [req-c7c04c37-51c2-41cc-a132-c2583855bb03 req-c7c04c37-51c2-41cc-a132-c2583855bb03 ] Request (FloatingIPsNegativeTestJSON:tearDownClass): 204 DELETE http://10.180.1.21:9696/networking/v2.0/networks/29cf4ddd-57fd-49ce-b03d-905078eb454e 0.636s
2024-12-16 19:51:38.043 67553 INFO tempest.lib.common.rest_client [req-7d40e65d-2c5d-43d5-b83a-ce7cdf63d3be req-7d40e65d-2c5d-43d5-b83a-ce7cdf63d3be ] Request (QuotasAdminTestJSON:test_get_updated_quotas): 200 GET http://10.180.1.21/identity/v3/domains?name=Default 0.139s
