2024-12-16 19:53:33.175 67512 INFO tempest.lib.common.rest_client [req-2c44d5da-81cd-4930-a758-d4dce3e2f4fc req-2c44d5da-81cd-4930-a758-d4dce3e2f4fc ] Request (ImagesOneServerNegativeTestJSON:_run_cleanups): 200 GET http://10.180.1.21/compute/v2.1/servers/cf0628fc-d8f4-4b6a-90c9-3392462f3b00 0.186s
2024-12-16 19:53:33.233 67545 INFO tempest.lib.common.rest_client [req-d8a8ce80-4fea-48ec-98f4-623d14f7f451 req-d8a8ce80-4fea-48ec-98f4-623d14f7f451 ] Request (AttachInterfacesUnderV243Test:test_add_remove_fixed_ip): 200 GET http://10.180.1.21/compute/v2.1/servers/90ce8db7-eedc-48b3-b579-efc2ad00ed6f 0.171s
2024-12-16 19:53:33.291 67524 INFO tempest.lib.common.rest_client [req-5dfb9130-fc42-4daf-859f-f86a68039bb0 req-5dfb9130-fc42-4daf-859f-f86a68039bb0 ] Request (ServerRescueTestJSON:setUpClass): 200 GET http://10.180.1.21/compute/v2.1/servers/f07729fe-f159-4ff5-90e0-33f7696a22c6 0.124s
2024-12-16 19:53:33.311 67553 INFO tempest.lib.common.rest_client [req-04613199-3967-4c19-b4c5-a6182377f0e2 req-04613199-3967-4c19-b4c5-a6182377f0e2 ] Request (ServerDiskConfigTestJSON:test_rebuild_server_with_auto_disk_config): 200 GET http://10.180.1.21/compute/v2.1/servers/769d673a-b23e-4995-a6d9-2d2d53a6b469 0.355s
2024-12-16 19:53:33.354 67506 INFO tempest.lib.common.rest_client [req-8b640559-e55e-4b54-812f-dd24c57b58ab req-8b640559-e55e-4b54-812f-dd24c57b58ab ] Request (ServerGroupTestJSON:test_create_server_with_scheduler_hint_group): 200 GET http://10.180.1.21/compute/v2.1/servers/677bd1fb-54e0-4cd7-b28b-0f60575ff6b0 0.111s
2024-12-16 19:53:33.425 67532 INFO tempest.lib.common.rest_client [req-67340176-7719-4560-9df7-457d7ae0b980 req-67340176-7719-4560-9df7-457d7ae0b980 ] Request (ServersTestJSON:test_create_server_with_ipv6_addr_only): 200 GET http://10.180.1.21/compute/v2.1/servers/49e13667-875d-4566-9bca-6a4d45dd7770 0.114s
2024-12-16 19:53:33.499 67526 INFO tempest.lib.common.rest_client [req-c6cf123b-9151-4026-88e1-9109eb712c2a req-c6cf123b-9151-4026-88e1-9109eb712c2a ] Request (ServerActionsTestOtherA:setUpClass): 200 GET http://10.180.1.21/compute/v2.1/servers/09219395-79b1-4a17-8357-12266d342eb4 0.171s
2024-12-16 19:53:33.506 67529 INFO tempest.lib.common.rest_client [req-374ad2ec-5070-4978-a673-691b91c06444 req-374ad2ec-5070-4978-a673-691b91c06444 ] Request (DeleteServersAdminTestJSON:test_delete_server_while_in_error_state): 200 GET http://10.180.1.21/compute/v2.1/servers/0b9be8e5-f5b1-4206-8001-58e40e6d45a7 0.249s
2024-12-16 19:53:33.589 67520 INFO tempest.lib.common.rest_client [req-755a44fe-00ea-4b48-aebd-7262b8d941db req-755a44fe-00ea-4b48-aebd-7262b8d941db ] Request (InstanceActionsNegativeTestJSON:tearDownClass): 200 GET http://10.180.1.21/compute/v2.1/servers/cea78468-f692-4634-8508-3886bccfb8bf 0.194s
2024-12-16 19:53:33.595 67551 INFO tempest.lib.common.rest_client [req-4aa6b2fb-b542-4bab-b100-a8333df610e7 req-4aa6b2fb-b542-4bab-b100-a8333df610e7 ] Request (AttachInterfacesV270Test:tearDownClass): 200 GET http://10.180.1.21/compute/v2.1/servers/e0f71229-23d6-4647-9a81-da15dd0d337c 0.212s
2024-12-16 19:53:33.662 67534 INFO tempest.lib.common.rest_client [req-01bb9046-246f-4af4-b0f0-314598759499 req-01bb9046-246f-4af4-b0f0-314598759499 ] Request (MultipleCreateTestJSON:test_multiple_create_with_reservation_return): 200 GET http://10.180.1.21/compute/v2.1/servers/4ac3f891-119a-4f8c-bea7-516476f92767 0.223s
2024-12-16 19:53:33.666 67500 INFO tempest.lib.common.rest_client [req-5bfcecac-23f6-4c84-bd3b-140bfd0b7cda req-5bfcecac-23f6-4c84-bd3b-140bfd0b7cda ] Request (FloatingIPsAssociationNegativeTestJSON:setUpClass): 200 GET http://10.180.1.21/compute/v2.1/servers/7d5a350c-8215-4ec0-8cf4-c33b0f8bbd02 0.183s
2024-12-16 19:53:34.033 67548 INFO tempest.lib.common.rest_client [req-5172089b-2dc9-430e-ab50-fd8a1a4f817f req-5172089b-2dc9-430e-ab50-fd8a1a4f817f ] Request (ServerActionsV293TestJSON:setUpClass): 200 GET http://10.180.1.21/compute/v2.1/servers/7703addf-fe6d-40f7-bb52-47fa36c14a50 0.181s
2024-12-16 19:53:34.056 67557 INFO tempest.lib.common.rest_client [req-31b7073a-4be3-4daf-9c60-4c281ea447f7 req-31b7073a-4be3-4daf-9c60-4c281ea447f7 ] Request (MigrationsAdminTest:test_list_migrations_in_flavor_resize_situation): 200 GET http://10.180.1.21/compute/v2.1/servers/6321e4cd-2f34-4dca-b144-2c5eadcbf8fc 0.167s
2024-12-16 19:53:34.109 67541 INFO tempest.lib.common.rest_client [req-eca73e0d-5fd9-4152-b120-64e74c0d92e2 req-eca73e0d-5fd9-4152-b120-64e74c0d92e2 ] Request (AttachVolumeShelveTestJSON:test_attach_volume_shelved_or_offload_server): 200 GET http://10.180.1.21/compute/v2.1/servers/3f45007f-d699-43f9-a2fd-84565bd1930c 0.144s
2024-12-16 19:53:34.131 67504 WARNING tempest.lib.common.ssh [-] Failed to establish authenticated ssh connection to cirros@10.180.180.209 ([Errno None] Unable to connect to port 22 on 10.180.180.209). Number attempts: 10. Retry after 11 seconds.: paramiko.ssh_exception.NoValidConnectionsError: [Errno None] Unable to connect to port 22 on 10.180.180.209
2024-12-16 19:53:34.174 67537 INFO tempest.lib.common.rest_client [req-c6a8fc2b-0621-478c-892e-aa5277ef1db5 req-c6a8fc2b-0621-478c-892e-aa5277ef1db5 ] Request (SecurityGroupsTestJSON:test_server_security_groups): 200 GET http://10.180.1.21/compute/v2.1/servers/cc545355-26ef-45fd-bacb-2515f52b84bb 0.163s
2024-12-16 19:53:34.265 67498 INFO tempest.lib.common.rest_client [req-9f339106-9752-4db9-b260-d089be7eb4fb req-9f339106-9752-4db9-b260-d089be7eb4fb ] Request (ImagesTestJSON:test_create_image_from_stopped_server): 200 GET http://10.180.1.21/compute/v2.1/servers/d12cfef2-7912-4cca-bfd4-714b61f62444 0.222s
2024-12-16 19:53:34.266 67514 WARNING tempest.lib.common.ssh [-] Failed to establish authenticated ssh connection to cirros@10.180.180.191 ([Errno None] Unable to connect to port 22 on 10.180.180.191). Number attempts: 1. Retry after 2 seconds.: paramiko.ssh_exception.NoValidConnectionsError: [Errno None] Unable to connect to port 22 on 10.180.180.191
2024-12-16 19:53:34.319 67549 INFO tempest.lib.common.rest_client [req-de049717-250e-462e-a18a-3c017f3470ae req-de049717-250e-462e-a18a-3c017f3470ae ] Request (ServersAdminNegativeTestJSON:tearDownClass): 200 GET http://10.180.1.21/compute/v2.1/servers/ac96cdc3-e0ea-478a-8ed4-72c264eea1f4 0.325s
2024-12-16 19:53:34.360 67543 INFO tempest.lib.common.rest_client [req-7e889fb0-45a7-4d66-8164-30ae0546d47c req-7e889fb0-45a7-4d66-8164-30ae0546d47c ] Request (ListServerFiltersTestJSON:tearDownClass): 200 GET http://10.180.1.21/compute/v2.1/servers/e1900551-fbeb-4ac9-b570-acefcdb408ad 0.285s
2024-12-16 19:53:34.368 67508 INFO tempest.lib.common.rest_client [req-9b4a6ddd-c66f-48a8-a87f-55d45dafd747 req-9b4a6ddd-c66f-48a8-a87f-55d45dafd747 ] Request (ImagesOneServerTestJSON:setUpClass): 200 PUT http://10.180.1.21:9696/networking/v2.0/routers/603f7412-ea68-4533-ac4d-d50bfd68df69/add_router_interface 1.874s
2024-12-16 19:53:34.368 67508 INFO tempest.lib.common.dynamic_creds [-] Created isolated network resources for: credentials: Credentials: {'domain_id': 'default', 'domain_name': 'Default', 'username': 'tempest-ImagesOneServerTestJSON-518088065-project-member', 'project_domain_id': 'default', 'project_domain_name': 'Default', 'project_id': '3a3bf3189df644bdb588a186ae031d07', 'project_name': 'tempest-ImagesOneServerTestJSON-518088065', 'tenant_id': '3a3bf3189df644bdb588a186ae031d07', 'tenant_name': 'tempest-ImagesOneServerTestJSON-518088065', 'user_domain_id': 'default', 'user_domain_name': 'Default', 'user_id': 'b28297405fa046f582dc55bfd45bd5f6', 'system': None}, Network: {'id': '19558840-725d-408d-a66f-6dc4023f8342', 'name': 'tempest-ImagesOneServerTestJSON-394259549-network', 'tenant_id': '3a3bf3189df644bdb588a186ae031d07', 'admin_state_up': True, 'mtu': 8950, 'status': 'ACTIVE', 'subnets': [], 'shared': False, 'project_id': '3a3bf3189df644bdb588a186ae031d07', 'port_security_enabled': True, 'router:external': False, 'provider:network_type': 'vlan', 'provider:physical_network': 'default', 'provider:segmentation_id': 246, 'availability_zone_hints': [], 'availability_zones': [], 'ipv4_address_scope': None, 'ipv6_address_scope': None, 'description': '', 'tags': [], 'created_at': '2024-12-16T19:53:31Z', 'updated_at': '2024-12-16T19:53:31Z', 'revision_number': 1}, Subnet: {'id': '063563bd-a4c3-48cd-bc9c-1a0ef8d932db', 'name': 'tempest-ImagesOneServerTestJSON-394259549-subnet', 'tenant_id': '3a3bf3189df644bdb588a186ae031d07', 'network_id': '19558840-725d-408d-a66f-6dc4023f8342', 'ip_version': 4, 'subnetpool_id': None, 'enable_dhcp': True, 'ipv6_ra_mode': None, 'ipv6_address_mode': None, 'gateway_ip': '192.168.128.1', 'cidr': '192.168.128.0/28', 'allocation_pools': [{'start': '192.168.128.2', 'end': '192.168.128.14'}], 'host_routes': [], 'dns_nameservers': [], 'description': '', 'router:external': False, 'service_types': [], 'tags': [], 'created_at': '2024-12-16T19:53:31Z', 'updated_at': '2024-12-16T19:53:31Z', 'revision_number': 0, 'project_id': '3a3bf3189df644bdb588a186ae031d07'}, Router: {'id': '603f7412-ea68-4533-ac4d-d50bfd68df69', 'name': 'tempest-ImagesOneServerTestJSON-394259549-router', 'tenant_id': '3a3bf3189df644bdb588a186ae031d07', 'admin_state_up': True, 'status': 'ACTIVE', 'external_gateway_info': {'network_id': 'dafceb22-5be6-4099-863f-4dffce09e0d7', 'external_fixed_ips': [{'subnet_id': '19d9213f-36ce-4dc8-b474-b2c0e692a6f3', 'ip_address': '10.180.180.188'}], 'enable_snat': True}, 'description': '', 'availability_zones': [], 'distributed': False, 'ha': False, 'availability_zone_hints': [], 'routes': [], 'flavor_id': None, 'tags': [], 'created_at': '2024-12-16T19:53:31Z', 'updated_at': '2024-12-16T19:53:32Z', 'revision_number': 2, 'project_id': '3a3bf3189df644bdb588a186ae031d07'}
2024-12-16 19:53:34.398 67555 INFO tempest.lib.common.rest_client [req-119df641-6552-4664-accb-9b4e5c00d3e1 req-119df641-6552-4664-accb-9b4e5c00d3e1 ] Request (ServersNegativeTestMultiTenantJSON:setUpClass): 200 GET http://10.180.1.21/compute/v2.1/servers/fa18a3fc-87f6-44e9-9ffc-f570460aefb1 0.297s
2024-12-16 19:53:34.427 67522 INFO tempest.lib.common.rest_client [req-8dc224bc-4a30-4a5d-b720-b43e4ed0bc66 req-8dc224bc-4a30-4a5d-b720-b43e4ed0bc66 ] Request (ServersAdminTestJSON:test_inject_network_info): 200 GET http://10.180.1.21/compute/v2.1/servers/bc1cf61d-aae7-4fa4-9d42-ce49120dd7c1 0.292s
2024-12-16 19:53:34.457 67512 INFO tempest.lib.common.rest_client [req-eefdfd71-e862-4b23-82ad-ca55f054e376 req-eefdfd71-e862-4b23-82ad-ca55f054e376 ] Request (ImagesOneServerNegativeTestJSON:_run_cleanups): 200 GET http://10.180.1.21/compute/v2.1/servers/cf0628fc-d8f4-4b6a-90c9-3392462f3b00 0.273s
2024-12-16 19:53:34.476 67508 INFO tempest.lib.common.rest_client [req-d98101ad-6c96-436c-b961-248efa8aca5f req-d98101ad-6c96-436c-b961-248efa8aca5f ] Request (ImagesOneServerTestJSON:setUpClass): 201 POST http://10.180.1.21/identity/v3/auth/tokens 0.104s
2024-12-16 19:53:34.491 67545 INFO tempest.lib.common.rest_client [req-f9cfc4bd-6bf9-4d90-95a6-d53dc7cede94 req-f9cfc4bd-6bf9-4d90-95a6-d53dc7cede94 ] Request (AttachInterfacesUnderV243Test:test_add_remove_fixed_ip): 200 GET http://10.180.1.21/compute/v2.1/servers/90ce8db7-eedc-48b3-b579-efc2ad00ed6f 0.250s
2024-12-16 19:53:34.521 67524 INFO tempest.lib.common.rest_client [req-8692d257-f00b-4436-a754-5df6507730dd req-8692d257-f00b-4436-a754-5df6507730dd ] Request (ServerRescueTestJSON:setUpClass): 200 GET http://10.180.1.21/compute/v2.1/servers/f07729fe-f159-4ff5-90e0-33f7696a22c6 0.222s
2024-12-16 19:53:34.524 67508 INFO tempest.lib.common.rest_client [req-1faaf83a-77c4-4e4e-9013-aee6e387edf9 req-1faaf83a-77c4-4e4e-9013-aee6e387edf9 ] Request (ImagesOneServerTestJSON:setUpClass): 201 POST http://10.180.1.21/identity/v3/auth/tokens 0.041s
2024-12-16 19:53:34.524 67508 INFO tempest.lib.common.fixed_network [-] (ImagesOneServerTestJSON:setUpClass) Found network {'id': '19558840-725d-408d-a66f-6dc4023f8342', 'name': 'tempest-ImagesOneServerTestJSON-394259549-network', 'tenant_id': '3a3bf3189df644bdb588a186ae031d07', 'admin_state_up': True, 'mtu': 8950, 'status': 'ACTIVE', 'subnets': [], 'shared': False, 'project_id': '3a3bf3189df644bdb588a186ae031d07', 'port_security_enabled': True, 'router:external': False, 'provider:network_type': 'vlan', 'provider:physical_network': 'default', 'provider:segmentation_id': 246, 'availability_zone_hints': [], 'availability_zones': [], 'ipv4_address_scope': None, 'ipv6_address_scope': None, 'description': '', 'tags': [], 'created_at': '2024-12-16T19:53:31Z', 'updated_at': '2024-12-16T19:53:31Z', 'revision_number': 1} available for tenant
2024-12-16 19:53:34.593 67506 INFO tempest.lib.common.rest_client [req-210c23d2-b34e-4bff-9b50-1f137f0fabd4 req-210c23d2-b34e-4bff-9b50-1f137f0fabd4 ] Request (ServerGroupTestJSON:test_create_server_with_scheduler_hint_group): 200 GET http://10.180.1.21/compute/v2.1/servers/677bd1fb-54e0-4cd7-b28b-0f60575ff6b0 0.228s
2024-12-16 19:53:34.605 67506 INFO tempest.common.waiters [-] State transition "BUILD/None" ==> "BUILD/networking" after 78 second wait
2024-12-16 19:53:34.686 67532 INFO tempest.lib.common.rest_client [req-1ac1e0f9-c07e-4697-b54c-464119a43e54 req-1ac1e0f9-c07e-4697-b54c-464119a43e54 ] Request (ServersTestJSON:test_create_server_with_ipv6_addr_only): 200 GET http://10.180.1.21/compute/v2.1/servers/49e13667-875d-4566-9bca-6a4d45dd7770 0.247s
2024-12-16 19:53:34.692 67553 INFO tempest.lib.common.rest_client [req-1217697a-7411-45a7-b5bf-6bbc00f5ddd2 req-1217697a-7411-45a7-b5bf-6bbc00f5ddd2 ] Request (ServerDiskConfigTestJSON:test_rebuild_server_with_auto_disk_config): 200 GET http://10.180.1.21/compute/v2.1/servers/769d673a-b23e-4995-a6d9-2d2d53a6b469 0.375s
2024-12-16 19:53:34.706 67553 INFO tempest.common.waiters [-] State transition "BUILD/spawning" ==> "ACTIVE/None" after 85 second wait
2024-12-16 19:53:34.772 67526 INFO tempest.lib.common.rest_client [req-df57011f-c2c6-4d0e-aa3b-fc96eac45fa9 req-df57011f-c2c6-4d0e-aa3b-fc96eac45fa9 ] Request (ServerActionsTestOtherA:setUpClass): 200 GET http://10.180.1.21/compute/v2.1/servers/09219395-79b1-4a17-8357-12266d342eb4 0.265s
2024-12-16 19:53:34.779 67526 INFO tempest.common.waiters [-] State transition "BUILD/scheduling" ==> "BUILD/None" after 39 second wait
2024-12-16 19:53:34.880 67529 INFO tempest.lib.common.rest_client [req-8e0683da-6add-4313-8179-396bbe67f49a req-8e0683da-6add-4313-8179-396bbe67f49a ] Request (DeleteServersAdminTestJSON:test_delete_server_while_in_error_state): 200 GET http://10.180.1.21/compute/v2.1/servers/0b9be8e5-f5b1-4206-8001-58e40e6d45a7 0.368s
2024-12-16 19:53:34.947 67520 INFO tempest.lib.common.rest_client [req-b7000426-715b-4c07-b111-ca8a1ff2bf54 req-b7000426-715b-4c07-b111-ca8a1ff2bf54 ] Request (InstanceActionsNegativeTestJSON:tearDownClass): 200 GET http://10.180.1.21/compute/v2.1/servers/cea78468-f692-4634-8508-3886bccfb8bf 0.348s
2024-12-16 19:53:35.025 67551 INFO tempest.lib.common.rest_client [req-847718bb-d960-4c62-872c-7ee7b2159d9c req-847718bb-d960-4c62-872c-7ee7b2159d9c ] Request (AttachInterfacesV270Test:tearDownClass): 200 GET http://10.180.1.21/compute/v2.1/servers/e0f71229-23d6-4647-9a81-da15dd0d337c 0.418s
2024-12-16 19:53:35.098 67534 INFO tempest.lib.common.rest_client [req-0f716f96-e278-455f-be3f-0ff876b0340d req-0f716f96-e278-455f-be3f-0ff876b0340d ] Request (MultipleCreateTestJSON:test_multiple_create_with_reservation_return): 200 GET http://10.180.1.21/compute/v2.1/servers/4ac3f891-119a-4f8c-bea7-516476f92767 0.426s
2024-12-16 19:53:35.176 67500 INFO tempest.lib.common.rest_client [req-f65c9ad2-cfcd-4136-9e71-5526046bafd5 req-f65c9ad2-cfcd-4136-9e71-5526046bafd5 ] Request (FloatingIPsAssociationNegativeTestJSON:setUpClass): 200 GET http://10.180.1.21/compute/v2.1/servers/7d5a350c-8215-4ec0-8cf4-c33b0f8bbd02 0.498s
2024-12-16 19:53:35.364 67508 INFO tempest.lib.common.rest_client [req-fde77770-f361-4a38-b70b-02a2d624ae1d req-fde77770-f361-4a38-b70b-02a2d624ae1d ] Request (ImagesOneServerTestJSON:setUpClass): 202 POST http://10.180.1.21/compute/v2.1/servers 0.839s
2024-12-16 19:53:35.408 67553 INFO tempest.lib.common.rest_client [req-43376306-f492-4dc3-8d32-7e8209d9a6ab req-43376306-f492-4dc3-8d32-7e8209d9a6ab ] Request (ServerDiskConfigTestJSON:test_rebuild_server_with_auto_disk_config): 200 GET http://10.180.1.21/compute/v2.1/servers/769d673a-b23e-4995-a6d9-2d2d53a6b469 0.702s
2024-12-16 19:53:35.480 67510 WARNING tempest.lib.common.ssh [-] Failed to establish authenticated ssh connection to cirros@10.180.180.207 ([Errno None] Unable to connect to port 22 on 10.180.180.207). Number attempts: 3. Retry after 4 seconds.: paramiko.ssh_exception.NoValidConnectionsError: [Errno None] Unable to connect to port 22 on 10.180.180.207
2024-12-16 19:53:35.533 67559 WARNING tempest.lib.common.ssh [-] Failed to establish authenticated ssh connection to cirros@10.180.180.168 ([Errno None] Unable to connect to port 22 on 10.180.180.168). Number attempts: 6. Retry after 7 seconds.: paramiko.ssh_exception.NoValidConnectionsError: [Errno None] Unable to connect to port 22 on 10.180.180.168
2024-12-16 19:53:35.816 67548 INFO tempest.lib.common.rest_client [req-a797ae9a-f8f4-4dc7-926f-cbb737f49c3a req-a797ae9a-f8f4-4dc7-926f-cbb737f49c3a ] Request (ServerActionsV293TestJSON:setUpClass): 200 GET http://10.180.1.21/compute/v2.1/servers/7703addf-fe6d-40f7-bb52-47fa36c14a50 0.770s
2024-12-16 19:53:35.827 67557 INFO tempest.lib.common.rest_client [req-0b7c5293-ba5d-4fe3-8939-c39d6f721ea9 req-0b7c5293-ba5d-4fe3-8939-c39d6f721ea9 ] Request (MigrationsAdminTest:test_list_migrations_in_flavor_resize_situation): 200 GET http://10.180.1.21/compute/v2.1/servers/6321e4cd-2f34-4dca-b144-2c5eadcbf8fc 0.762s
2024-12-16 19:53:35.888 67541 INFO tempest.lib.common.rest_client [req-87350526-7385-49f0-aa38-3874a97d2743 req-87350526-7385-49f0-aa38-3874a97d2743 ] Request (AttachVolumeShelveTestJSON:test_attach_volume_shelved_or_offload_server): 200 GET http://10.180.1.21/compute/v2.1/servers/3f45007f-d699-43f9-a2fd-84565bd1930c 0.767s
2024-12-16 19:53:35.905 67537 INFO tempest.lib.common.rest_client [req-80ee6581-268f-4318-863a-27690424ed30 req-80ee6581-268f-4318-863a-27690424ed30 ] Request (SecurityGroupsTestJSON:test_server_security_groups): 200 GET http://10.180.1.21/compute/v2.1/servers/cc545355-26ef-45fd-bacb-2515f52b84bb 0.724s
2024-12-16 19:53:35.957 67498 INFO tempest.lib.common.rest_client [req-74e29b1b-31c2-48e0-937d-d763d7727203 req-74e29b1b-31c2-48e0-937d-d763d7727203 ] Request (ImagesTestJSON:test_create_image_from_stopped_server): 200 GET http://10.180.1.21/compute/v2.1/servers/d12cfef2-7912-4cca-bfd4-714b61f62444 0.684s
2024-12-16 19:53:35.975 67549 INFO tempest.lib.common.rest_client [req-65bdbd2e-19ac-4871-9d54-8ce74bf2631f req-65bdbd2e-19ac-4871-9d54-8ce74bf2631f ] Request (ServersAdminNegativeTestJSON:tearDownClass): 200 GET http://10.180.1.21/compute/v2.1/servers/ac96cdc3-e0ea-478a-8ed4-72c264eea1f4 0.646s
2024-12-16 19:53:35.983 67549 INFO tempest.common.waiters [-] State transition "SUSPENDED/deleting" ==> "DELETED/None" after 3 second wait
2024-12-16 19:53:36.016 67508 INFO tempest.lib.common.rest_client [req-bd1795a1-e1b6-47a0-80d2-aaa5b9a3f6f5 req-bd1795a1-e1b6-47a0-80d2-aaa5b9a3f6f5 ] Request (ImagesOneServerTestJSON:setUpClass): 200 GET http://10.180.1.21/compute/v2.1/servers/815360f4-e271-4210-b6b9-9866db7cf536 0.650s
2024-12-16 19:53:36.044 67543 INFO tempest.lib.common.rest_client [req-636bb20b-d520-467f-b3cb-aa4d6b55a9e8 req-636bb20b-d520-467f-b3cb-aa4d6b55a9e8 ] Request (ListServerFiltersTestJSON:tearDownClass): 200 GET http://10.180.1.21/compute/v2.1/servers/e1900551-fbeb-4ac9-b570-acefcdb408ad 0.672s
2024-12-16 19:53:36.075 67555 INFO tempest.lib.common.rest_client [req-6c3f547b-ba49-47fa-9ffe-eebc0ca55bb4 req-6c3f547b-ba49-47fa-9ffe-eebc0ca55bb4 ] Request (ServersNegativeTestMultiTenantJSON:setUpClass): 200 GET http://10.180.1.21/compute/v2.1/servers/fa18a3fc-87f6-44e9-9ffc-f570460aefb1 0.663s
2024-12-16 19:53:36.132 67522 INFO tempest.lib.common.rest_client [req-05bcdc61-0d44-4699-93f8-2549707d6d75 req-05bcdc61-0d44-4699-93f8-2549707d6d75 ] Request (ServersAdminTestJSON:test_inject_network_info): 200 GET http://10.180.1.21/compute/v2.1/servers/bc1cf61d-aae7-4fa4-9d42-ce49120dd7c1 0.696s
2024-12-16 19:53:36.192 67512 INFO tempest.lib.common.rest_client [req-aa0e481a-7405-4a75-ab8f-0225ac865092 req-aa0e481a-7405-4a75-ab8f-0225ac865092 ] Request (ImagesOneServerNegativeTestJSON:_run_cleanups): 200 GET http://10.180.1.21/compute/v2.1/servers/cf0628fc-d8f4-4b6a-90c9-3392462f3b00 0.726s
2024-12-16 19:53:36.208 67553 INFO tempest.lib.common.rest_client [req-36ea519b-5a73-4488-89bf-b8a068168c0f req-36ea519b-5a73-4488-89bf-b8a068168c0f ] Request (ServerDiskConfigTestJSON:test_rebuild_server_with_auto_disk_config): 202 POST http://10.180.1.21/compute/v2.1/servers/769d673a-b23e-4995-a6d9-2d2d53a6b469/action 0.791s
2024-12-16 19:53:36.254 67545 INFO tempest.lib.common.rest_client [req-35ef38b3-91f8-4998-a40d-f10020d42f31 req-35ef38b3-91f8-4998-a40d-f10020d42f31 ] Request (AttachInterfacesUnderV243Test:test_add_remove_fixed_ip): 200 GET http://10.180.1.21/compute/v2.1/servers/90ce8db7-eedc-48b3-b579-efc2ad00ed6f 0.752s
2024-12-16 19:53:36.263 67524 INFO tempest.lib.common.rest_client [req-9bb8a566-00dc-4030-866b-e35526d82de2 req-9bb8a566-00dc-4030-866b-e35526d82de2 ] Request (ServerRescueTestJSON:setUpClass): 200 GET http://10.180.1.21/compute/v2.1/servers/f07729fe-f159-4ff5-90e0-33f7696a22c6 0.734s
2024-12-16 19:53:36.321 67532 INFO tempest.lib.common.rest_client [req-ea59ce23-40b7-431e-8060-b87d7ad2cbc7 req-ea59ce23-40b7-431e-8060-b87d7ad2cbc7 ] Request (ServersTestJSON:test_create_server_with_ipv6_addr_only): 200 GET http://10.180.1.21/compute/v2.1/servers/49e13667-875d-4566-9bca-6a4d45dd7770 0.627s
2024-12-16 19:53:36.380 67526 INFO tempest.lib.common.rest_client [req-98439a5f-106e-4609-930d-39f2b480ef69 req-98439a5f-106e-4609-930d-39f2b480ef69 ] Request (ServerActionsTestOtherA:setUpClass): 200 GET http://10.180.1.21/compute/v2.1/servers/09219395-79b1-4a17-8357-12266d342eb4 0.599s
2024-12-16 19:53:36.496 67506 INFO tempest.lib.common.rest_client [req-4c05c057-c139-41f8-a336-cb506a4e0583 req-4c05c057-c139-41f8-a336-cb506a4e0583 ] Request (ServerGroupTestJSON:test_create_server_with_scheduler_hint_group): 200 GET http://10.180.1.21/compute/v2.1/servers/677bd1fb-54e0-4cd7-b28b-0f60575ff6b0 0.889s
2024-12-16 19:53:36.502 67506 INFO tempest.common.waiters [-] State transition "BUILD/networking" ==> "BUILD/spawning" after 80 second wait
2024-12-16 19:53:36.526 67529 INFO tempest.lib.common.rest_client [req-824dc78e-ca5c-44a0-89ae-793ca32ed65f req-824dc78e-ca5c-44a0-89ae-793ca32ed65f ] Request (DeleteServersAdminTestJSON:test_delete_server_while_in_error_state): 200 GET http://10.180.1.21/compute/v2.1/servers/0b9be8e5-f5b1-4206-8001-58e40e6d45a7 0.634s
2024-12-16 19:53:36.535 67529 INFO tempest.common.waiters [-] State transition "BUILD/spawning" ==> "ACTIVE/None" after 84 second wait
2024-12-16 19:53:36.570 67520 INFO tempest.lib.common.rest_client [req-f2680bc5-c9ed-4c6e-b7dd-05acb962769b req-f2680bc5-c9ed-4c6e-b7dd-05acb962769b ] Request (InstanceActionsNegativeTestJSON:tearDownClass): 200 GET http://10.180.1.21/compute/v2.1/servers/cea78468-f692-4634-8508-3886bccfb8bf 0.616s
2024-12-16 19:53:36.591 67502 WARNING tempest.lib.common.ssh [-] Failed to establish authenticated ssh connection to cirros@10.180.180.150 ([Errno None] Unable to connect to port 22 on 10.180.180.150). Number attempts: 7. Retry after 8 seconds.: paramiko.ssh_exception.NoValidConnectionsError: [Errno None] Unable to connect to port 22 on 10.180.180.150
2024-12-16 19:53:36.599 67551 INFO tempest.lib.common.rest_client [req-3c840d9e-d39f-48fb-bafa-7ca84088da48 req-3c840d9e-d39f-48fb-bafa-7ca84088da48 ] Request (AttachInterfacesV270Test:tearDownClass): 200 GET http://10.180.1.21/compute/v2.1/servers/e0f71229-23d6-4647-9a81-da15dd0d337c 0.561s
2024-12-16 19:53:36.632 67534 INFO tempest.lib.common.rest_client [req-936ec7f4-3c8f-48c9-aa5c-61b24d463a26 req-936ec7f4-3c8f-48c9-aa5c-61b24d463a26 ] Request (MultipleCreateTestJSON:test_multiple_create_with_reservation_return): 200 GET http://10.180.1.21/compute/v2.1/servers/4ac3f891-119a-4f8c-bea7-516476f92767 0.527s
2024-12-16 19:53:36.815 67553 INFO tempest.lib.common.rest_client [req-ecde8715-44a2-49ff-a948-7c5b6ab401f8 req-ecde8715-44a2-49ff-a948-7c5b6ab401f8 ] Request (ServerDiskConfigTestJSON:test_rebuild_server_with_auto_disk_config): 200 GET http://10.180.1.21/compute/v2.1/servers/769d673a-b23e-4995-a6d9-2d2d53a6b469 0.603s
2024-12-16 19:53:36.823 67500 INFO tempest.lib.common.rest_client [req-c9b4ff02-4902-4185-b4aa-da26178227c9 req-c9b4ff02-4902-4185-b4aa-da26178227c9 ] Request (FloatingIPsAssociationNegativeTestJSON:setUpClass): 200 GET http://10.180.1.21/compute/v2.1/servers/7d5a350c-8215-4ec0-8cf4-c33b0f8bbd02 0.639s
2024-12-16 19:53:36.829 67500 INFO tempest.common.waiters [-] State transition "BUILD/None" ==> "BUILD/block_device_mapping" after 70 second wait
2024-12-16 19:53:36.891 67529 INFO tempest.lib.common.rest_client [req-4f76999e-f7f5-46d9-9210-148f76d1cb6e req-4f76999e-f7f5-46d9-9210-148f76d1cb6e ] Request (DeleteServersAdminTestJSON:test_delete_server_while_in_error_state): 202 POST http://10.180.1.21/compute/v2.1/servers/0b9be8e5-f5b1-4206-8001-58e40e6d45a7/action 0.356s
2024-12-16 19:53:37.106 67557 INFO tempest.lib.common.rest_client [req-4a606cd3-2e1d-4a45-a558-440b62457f0e req-4a606cd3-2e1d-4a45-a558-440b62457f0e ] Request (MigrationsAdminTest:test_list_migrations_in_flavor_resize_situation): 200 GET http://10.180.1.21/compute/v2.1/servers/6321e4cd-2f34-4dca-b144-2c5eadcbf8fc 0.269s
2024-12-16 19:53:37.149 67548 INFO tempest.lib.common.rest_client [req-b9e73255-aab2-4395-8550-b2665fc70801 req-b9e73255-aab2-4395-8550-b2665fc70801 ] Request (ServerActionsV293TestJSON:setUpClass): 200 GET http://10.180.1.21/compute/v2.1/servers/7703addf-fe6d-40f7-bb52-47fa36c14a50 0.320s
2024-12-16 19:53:37.223 67541 INFO tempest.lib.common.rest_client [req-3a23c392-44c0-48a1-ab61-3ddc96565058 req-3a23c392-44c0-48a1-ab61-3ddc96565058 ] Request (AttachVolumeShelveTestJSON:test_attach_volume_shelved_or_offload_server): 200 GET http://10.180.1.21/compute/v2.1/servers/3f45007f-d699-43f9-a2fd-84565bd1930c 0.326s
2024-12-16 19:53:37.265 67529 INFO tempest.lib.common.rest_client [req-3c1f8788-5402-4eb9-a6dd-d4588f43ad34 req-3c1f8788-5402-4eb9-a6dd-d4588f43ad34 ] Request (DeleteServersAdminTestJSON:test_delete_server_while_in_error_state): 200 GET http://10.180.1.21/compute/v2.1/servers/0b9be8e5-f5b1-4206-8001-58e40e6d45a7 0.373s
2024-12-16 19:53:37.288 67537 INFO tempest.lib.common.rest_client [req-7dc27776-b357-4367-bf80-307f680cc263 req-7dc27776-b357-4367-bf80-307f680cc263 ] Request (SecurityGroupsTestJSON:test_server_security_groups): 200 GET http://10.180.1.21/compute/v2.1/servers/cc545355-26ef-45fd-bacb-2515f52b84bb 0.373s
2024-12-16 19:53:37.315 67498 INFO tempest.lib.common.rest_client [req-53ce21e1-258f-4dfc-a7ed-84f9e4b4c454 req-53ce21e1-258f-4dfc-a7ed-84f9e4b4c454 ] Request (ImagesTestJSON:test_create_image_from_stopped_server): 200 GET http://10.180.1.21/compute/v2.1/servers/d12cfef2-7912-4cca-bfd4-714b61f62444 0.350s
2024-12-16 19:53:37.336 67514 WARNING tempest.lib.common.ssh [-] Failed to establish authenticated ssh connection to cirros@10.180.180.191 ([Errno None] Unable to connect to port 22 on 10.180.180.191). Number attempts: 2. Retry after 3 seconds.: paramiko.ssh_exception.NoValidConnectionsError: [Errno None] Unable to connect to port 22 on 10.180.180.191
2024-12-16 19:53:37.347 67549 INFO tempest.lib.common.rest_client [req-6c431af5-ac9c-4a37-8b4c-b743eb6ca7d8 req-6c431af5-ac9c-4a37-8b4c-b743eb6ca7d8 ] Request (ServersAdminNegativeTestJSON:tearDownClass): 200 GET http://10.180.1.21/compute/v2.1/servers/ac96cdc3-e0ea-478a-8ed4-72c264eea1f4 0.362s
2024-12-16 19:53:37.362 67508 INFO tempest.lib.common.rest_client [req-64a2cf40-60ca-4b07-b3db-9d6b447c9ceb req-64a2cf40-60ca-4b07-b3db-9d6b447c9ceb ] Request (ImagesOneServerTestJSON:setUpClass): 200 GET http://10.180.1.21/compute/v2.1/servers/815360f4-e271-4210-b6b9-9866db7cf536 0.338s
2024-12-16 19:53:37.419 67543 INFO tempest.lib.common.rest_client [req-5a209f38-de7a-45f2-903d-48dc9e2db618 req-5a209f38-de7a-45f2-903d-48dc9e2db618 ] Request (ListServerFiltersTestJSON:tearDownClass): 200 GET http://10.180.1.21/compute/v2.1/servers/e1900551-fbeb-4ac9-b570-acefcdb408ad 0.368s
2024-12-16 19:53:37.426 67555 INFO tempest.lib.common.rest_client [req-767f9fff-9aaa-48e5-b030-f7b61c2d1646 req-767f9fff-9aaa-48e5-b030-f7b61c2d1646 ] Request (ServersNegativeTestMultiTenantJSON:setUpClass): 200 GET http://10.180.1.21/compute/v2.1/servers/fa18a3fc-87f6-44e9-9ffc-f570460aefb1 0.344s
2024-12-16 19:53:37.497 67522 INFO tempest.lib.common.rest_client [req-cb6b0b8a-473a-4ff1-893c-11e296d09dfd req-cb6b0b8a-473a-4ff1-893c-11e296d09dfd ] Request (ServersAdminTestJSON:test_inject_network_info): 200 GET http://10.180.1.21/compute/v2.1/servers/bc1cf61d-aae7-4fa4-9d42-ce49120dd7c1 0.359s
2024-12-16 19:53:37.504 67512 INFO tempest.lib.common.rest_client [req-8e6771e0-4fd5-4f7a-8f63-29b5544524e9 req-8e6771e0-4fd5-4f7a-8f63-29b5544524e9 ] Request (ImagesOneServerNegativeTestJSON:_run_cleanups): 200 GET http://10.180.1.21/compute/v2.1/servers/cf0628fc-d8f4-4b6a-90c9-3392462f3b00 0.301s
2024-12-16 19:53:37.567 67545 INFO tempest.lib.common.rest_client [req-cab2e58a-b33e-465e-916b-7072fc7e0bf7 req-cab2e58a-b33e-465e-916b-7072fc7e0bf7 ] Request (AttachInterfacesUnderV243Test:test_add_remove_fixed_ip): 200 GET http://10.180.1.21/compute/v2.1/servers/90ce8db7-eedc-48b3-b579-efc2ad00ed6f 0.306s
2024-12-16 19:53:37.568 67524 INFO tempest.lib.common.rest_client [req-5f945457-d3b3-4e3e-8057-5afea65d5d02 req-5f945457-d3b3-4e3e-8057-5afea65d5d02 ] Request (ServerRescueTestJSON:setUpClass): 200 GET http://10.180.1.21/compute/v2.1/servers/f07729fe-f159-4ff5-90e0-33f7696a22c6 0.297s
2024-12-16 19:53:37.622 67532 INFO tempest.lib.common.rest_client [req-a925c351-763b-4488-bfc3-689881fd3b38 req-a925c351-763b-4488-bfc3-689881fd3b38 ] Request (ServersTestJSON:test_create_server_with_ipv6_addr_only): 200 GET http://10.180.1.21/compute/v2.1/servers/49e13667-875d-4566-9bca-6a4d45dd7770 0.293s
2024-12-16 19:53:37.640 67529 INFO tempest.lib.common.rest_client [req-f2c7f078-69ae-48b3-aa02-05831b982f16 req-f2c7f078-69ae-48b3-aa02-05831b982f16 ] Request (DeleteServersAdminTestJSON:test_delete_server_while_in_error_state): 204 DELETE http://10.180.1.21/compute/v2.1/servers/0b9be8e5-f5b1-4206-8001-58e40e6d45a7 0.368s
2024-12-16 19:53:37.671 67526 INFO tempest.lib.common.rest_client [req-d4416ab7-c2ce-45c5-a2f9-8363b95e5853 req-d4416ab7-c2ce-45c5-a2f9-8363b95e5853 ] Request (ServerActionsTestOtherA:setUpClass): 200 GET http://10.180.1.21/compute/v2.1/servers/09219395-79b1-4a17-8357-12266d342eb4 0.282s
2024-12-16 19:53:37.738 67520 INFO tempest.lib.common.rest_client [req-b3099968-451d-4e72-afb6-c2017c622c9c req-b3099968-451d-4e72-afb6-c2017c622c9c ] Request (InstanceActionsNegativeTestJSON:tearDownClass): 200 GET http://10.180.1.21/compute/v2.1/servers/cea78468-f692-4634-8508-3886bccfb8bf 0.158s
2024-12-16 19:53:37.744 67506 INFO tempest.lib.common.rest_client [req-42a1e084-bfe7-45bd-b190-d931fdb02dbc req-42a1e084-bfe7-45bd-b190-d931fdb02dbc ] Request (ServerGroupTestJSON:test_create_server_with_scheduler_hint_group): 200 GET http://10.180.1.21/compute/v2.1/servers/677bd1fb-54e0-4cd7-b28b-0f60575ff6b0 0.242s
2024-12-16 19:53:37.755 67551 INFO tempest.lib.common.rest_client [req-dbfc7088-4808-42d5-b31b-df005ede4a08 req-dbfc7088-4808-42d5-b31b-df005ede4a08 ] Request (AttachInterfacesV270Test:tearDownClass): 404 GET http://10.180.1.21/compute/v2.1/servers/e0f71229-23d6-4647-9a81-da15dd0d337c 0.148s
2024-12-16 19:53:37.790 67534 INFO tempest.lib.common.rest_client [req-5acfabb2-141a-4bd1-aeef-287911506b4a req-5acfabb2-141a-4bd1-aeef-287911506b4a ] Request (MultipleCreateTestJSON:test_multiple_create_with_reservation_return): 200 GET http://10.180.1.21/compute/v2.1/servers/4ac3f891-119a-4f8c-bea7-516476f92767 0.150s
2024-12-16 19:53:37.858 67529 INFO tempest.lib.common.rest_client [req-e449c047-320b-42b2-bd1e-ca111bad551b req-e449c047-320b-42b2-bd1e-ca111bad551b ] Request (DeleteServersAdminTestJSON:test_delete_server_while_in_error_state): 200 GET http://10.180.1.21/compute/v2.1/servers/0b9be8e5-f5b1-4206-8001-58e40e6d45a7 0.218s
2024-12-16 19:53:37.940 67553 INFO tempest.lib.common.rest_client [req-0a7a6b38-ed99-4a47-9b09-c8cacf2867ea req-0a7a6b38-ed99-4a47-9b09-c8cacf2867ea ] Request (ServerDiskConfigTestJSON:test_rebuild_server_with_auto_disk_config): 200 GET http://10.180.1.21/compute/v2.1/servers/769d673a-b23e-4995-a6d9-2d2d53a6b469 0.118s
2024-12-16 19:53:37.964 67500 INFO tempest.lib.common.rest_client [req-50df9374-f696-47e0-a033-86f2fe2e423b req-50df9374-f696-47e0-a033-86f2fe2e423b ] Request (FloatingIPsAssociationNegativeTestJSON:setUpClass): 200 GET http://10.180.1.21/compute/v2.1/servers/7d5a350c-8215-4ec0-8cf4-c33b0f8bbd02 0.133s
2024-12-16 19:53:37.970 67500 INFO tempest.common.waiters [-] State transition "BUILD/block_device_mapping" ==> "BUILD/spawning" after 71 second wait
2024-12-16 19:53:38.234 67557 INFO tempest.lib.common.rest_client [req-34c96e33-010d-47a2-a723-7d5b4cd226e9 req-34c96e33-010d-47a2-a723-7d5b4cd226e9 ] Request (MigrationsAdminTest:test_list_migrations_in_flavor_resize_situation): 200 GET http://10.180.1.21/compute/v2.1/servers/6321e4cd-2f34-4dca-b144-2c5eadcbf8fc 0.121s
2024-12-16 19:53:38.307 67541 INFO tempest.lib.common.rest_client [req-cc7de730-b78b-4fdd-9ce2-558f795778a0 req-cc7de730-b78b-4fdd-9ce2-558f795778a0 ] Request (AttachVolumeShelveTestJSON:test_attach_volume_shelved_or_offload_server): 200 GET http://10.180.1.21/compute/v2.1/servers/3f45007f-d699-43f9-a2fd-84565bd1930c 0.070s
2024-12-16 19:53:38.327 67548 INFO tempest.lib.common.rest_client [req-baf513d9-8925-45d9-bef2-ff412f3e9ddd req-baf513d9-8925-45d9-bef2-ff412f3e9ddd ] Request (ServerActionsV293TestJSON:setUpClass): 200 GET http://10.180.1.21/compute/v2.1/servers/7703addf-fe6d-40f7-bb52-47fa36c14a50 0.162s
2024-12-16 19:53:38.358 67537 INFO tempest.lib.common.rest_client [req-c2e4a211-d7b1-4237-b0bc-d2278a3bad5a req-c2e4a211-d7b1-4237-b0bc-d2278a3bad5a ] Request (SecurityGroupsTestJSON:test_server_security_groups): 200 GET http://10.180.1.21/compute/v2.1/servers/cc545355-26ef-45fd-bacb-2515f52b84bb 0.064s
2024-12-16 19:53:38.386 67498 INFO tempest.lib.common.rest_client [req-2b57832a-fe25-45e1-a523-12c78d4ce709 req-2b57832a-fe25-45e1-a523-12c78d4ce709 ] Request (ImagesTestJSON:test_create_image_from_stopped_server): 200 GET http://10.180.1.21/compute/v2.1/servers/d12cfef2-7912-4cca-bfd4-714b61f62444 0.063s
2024-12-16 19:53:38.420 67549 INFO tempest.lib.common.rest_client [req-d60c1b55-6528-424b-86d8-84ac67ac1688 req-d60c1b55-6528-424b-86d8-84ac67ac1688 ] Request (ServersAdminNegativeTestJSON:tearDownClass): 200 GET http://10.180.1.21/compute/v2.1/servers/ac96cdc3-e0ea-478a-8ed4-72c264eea1f4 0.067s
2024-12-16 19:53:38.448 67508 INFO tempest.lib.common.rest_client [req-27aa5ce8-4d9c-4b8e-8e96-cca16b7c847e req-27aa5ce8-4d9c-4b8e-8e96-cca16b7c847e ] Request (ImagesOneServerTestJSON:setUpClass): 200 GET http://10.180.1.21/compute/v2.1/servers/815360f4-e271-4210-b6b9-9866db7cf536 0.077s
2024-12-16 19:53:38.502 67543 INFO tempest.lib.common.rest_client [req-a382fe22-b37a-4910-a14d-b22f24ccb282 req-a382fe22-b37a-4910-a14d-b22f24ccb282 ] Request (ListServerFiltersTestJSON:tearDownClass): 200 GET http://10.180.1.21/compute/v2.1/servers/e1900551-fbeb-4ac9-b570-acefcdb408ad 0.075s
2024-12-16 19:53:38.506 67555 INFO tempest.lib.common.rest_client [req-93d815f2-b99b-47c9-b4c5-d77426401805 req-93d815f2-b99b-47c9-b4c5-d77426401805 ] Request (ServersNegativeTestMultiTenantJSON:setUpClass): 200 GET http://10.180.1.21/compute/v2.1/servers/fa18a3fc-87f6-44e9-9ffc-f570460aefb1 0.065s
2024-12-16 19:53:38.579 67551 INFO tempest.lib.common.rest_client [req-c55657d7-c611-416f-8efb-26192089467e req-c55657d7-c611-416f-8efb-26192089467e ] Request (AttachInterfacesV270Test:tearDownClass): 200 PUT http://10.180.1.21:9696/networking/v2.0/routers/cc186ee8-cb7c-4658-8db1-80be2fb18357/remove_router_interface 0.823s
2024-12-16 19:53:38.584 67522 INFO tempest.lib.common.rest_client [req-af889f96-f1d5-477d-a25f-3d27dfeaf42f req-af889f96-f1d5-477d-a25f-3d27dfeaf42f ] Request (ServersAdminTestJSON:test_inject_network_info): 200 GET http://10.180.1.21/compute/v2.1/servers/bc1cf61d-aae7-4fa4-9d42-ce49120dd7c1 0.076s
2024-12-16 19:53:38.591 67512 INFO tempest.lib.common.rest_client [req-c8cdcad3-84ef-4a65-bca3-fd8d59a20398 req-c8cdcad3-84ef-4a65-bca3-fd8d59a20398 ] Request (ImagesOneServerNegativeTestJSON:_run_cleanups): 200 GET http://10.180.1.21/compute/v2.1/servers/cf0628fc-d8f4-4b6a-90c9-3392462f3b00 0.079s
2024-12-16 19:53:38.597 67512 INFO tempest.common.waiters [-] State transition "BUILD/scheduling" ==> "BUILD/None" after 38 second wait
2024-12-16 19:53:38.701 67524 INFO tempest.lib.common.rest_client [req-aa4c9bab-e3e3-46ee-b4f8-0910d229fe39 req-aa4c9bab-e3e3-46ee-b4f8-0910d229fe39 ] Request (ServerRescueTestJSON:setUpClass): 200 GET http://10.180.1.21/compute/v2.1/servers/f07729fe-f159-4ff5-90e0-33f7696a22c6 0.120s
2024-12-16 19:53:38.724 67545 INFO tempest.lib.common.rest_client [req-4e84ffb8-2c94-4449-bbec-3fa1457af631 req-4e84ffb8-2c94-4449-bbec-3fa1457af631 ] Request (AttachInterfacesUnderV243Test:test_add_remove_fixed_ip): 200 GET http://10.180.1.21/compute/v2.1/servers/90ce8db7-eedc-48b3-b579-efc2ad00ed6f 0.142s
2024-12-16 19:53:38.797 67532 INFO tempest.lib.common.rest_client [req-dc30cf32-3a9e-483a-905d-5a1b858eabd0 req-dc30cf32-3a9e-483a-905d-5a1b858eabd0 ] Request (ServersTestJSON:test_create_server_with_ipv6_addr_only): 200 GET http://10.180.1.21/compute/v2.1/servers/49e13667-875d-4566-9bca-6a4d45dd7770 0.167s
2024-12-16 19:53:38.813 67526 INFO tempest.lib.common.rest_client [req-28c2537f-8d58-4ccd-b1df-98586ab96fe2 req-28c2537f-8d58-4ccd-b1df-98586ab96fe2 ] Request (ServerActionsTestOtherA:setUpClass): 200 GET http://10.180.1.21/compute/v2.1/servers/09219395-79b1-4a17-8357-12266d342eb4 0.130s
2024-12-16 19:53:38.894 67520 INFO tempest.lib.common.rest_client [req-a8f50411-f82e-4996-81a6-15c8fcdbdb56 req-a8f50411-f82e-4996-81a6-15c8fcdbdb56 ] Request (InstanceActionsNegativeTestJSON:tearDownClass): 200 GET http://10.180.1.21/compute/v2.1/servers/cea78468-f692-4634-8508-3886bccfb8bf 0.149s
2024-12-16 19:53:38.958 67551 INFO tempest.lib.common.rest_client [req-58e2bd9d-be68-463a-8e0e-4361558abbea req-58e2bd9d-be68-463a-8e0e-4361558abbea ] Request (AttachInterfacesV270Test:tearDownClass): 204 DELETE http://10.180.1.21:9696/networking/v2.0/routers/cc186ee8-cb7c-4658-8db1-80be2fb18357 0.378s
2024-12-16 19:53:38.959 67534 INFO tempest.lib.common.rest_client [req-12f3b3cd-4f33-4619-8664-471ff704367d req-12f3b3cd-4f33-4619-8664-471ff704367d ] Request (MultipleCreateTestJSON:test_multiple_create_with_reservation_return): 200 GET http://10.180.1.21/compute/v2.1/servers/4ac3f891-119a-4f8c-bea7-516476f92767 0.163s
2024-12-16 19:53:38.988 67506 INFO tempest.lib.common.rest_client [req-ca73ddcb-6257-4bb6-a42e-60efff4dcb48 req-ca73ddcb-6257-4bb6-a42e-60efff4dcb48 ] Request (ServerGroupTestJSON:test_create_server_with_scheduler_hint_group): 200 GET http://10.180.1.21/compute/v2.1/servers/677bd1fb-54e0-4cd7-b28b-0f60575ff6b0 0.237s
2024-12-16 19:53:39.189 67529 INFO tempest.lib.common.rest_client [req-174cb050-e20c-43d0-92d7-b32fe42b73f6 req-174cb050-e20c-43d0-92d7-b32fe42b73f6 ] Request (DeleteServersAdminTestJSON:test_delete_server_while_in_error_state): 200 GET http://10.180.1.21/compute/v2.1/servers/0b9be8e5-f5b1-4206-8001-58e40e6d45a7 0.322s
2024-12-16 19:53:39.206 67551 INFO tempest.lib.common.rest_client [req-d00f77ad-effe-481e-8b36-bbdfd56c3b12 req-d00f77ad-effe-481e-8b36-bbdfd56c3b12 ] Request (AttachInterfacesV270Test:tearDownClass): 204 DELETE http://10.180.1.21:9696/networking/v2.0/subnets/5476528e-d0c3-450a-860e-7112986bfae7 0.247s
2024-12-16 19:53:39.249 67553 INFO tempest.lib.common.rest_client [req-e57621ba-fb25-461d-9379-e0a8c885010a req-e57621ba-fb25-461d-9379-e0a8c885010a ] Request (ServerDiskConfigTestJSON:test_rebuild_server_with_auto_disk_config): 200 GET http://10.180.1.21/compute/v2.1/servers/769d673a-b23e-4995-a6d9-2d2d53a6b469 0.301s
2024-12-16 19:53:39.347 67500 INFO tempest.lib.common.rest_client [req-a0e5d233-1324-43f1-8d0d-4faacaa44cae req-a0e5d233-1324-43f1-8d0d-4faacaa44cae ] Request (FloatingIPsAssociationNegativeTestJSON:setUpClass): 200 GET http://10.180.1.21/compute/v2.1/servers/7d5a350c-8215-4ec0-8cf4-c33b0f8bbd02 0.373s
2024-12-16 19:53:39.409 67541 INFO tempest.lib.common.rest_client [req-662b4921-25e3-4716-8b0c-f1d9dea2665f req-662b4921-25e3-4716-8b0c-f1d9dea2665f ] Request (AttachVolumeShelveTestJSON:test_attach_volume_shelved_or_offload_server): 200 GET http://10.180.1.21/compute/v2.1/servers/3f45007f-d699-43f9-a2fd-84565bd1930c 0.091s
2024-12-16 19:53:39.452 67557 INFO tempest.lib.common.rest_client [req-9bfa9129-7aa0-4bcd-82ec-96c795ce1c26 req-9bfa9129-7aa0-4bcd-82ec-96c795ce1c26 ] Request (MigrationsAdminTest:test_list_migrations_in_flavor_resize_situation): 200 GET http://10.180.1.21/compute/v2.1/servers/6321e4cd-2f34-4dca-b144-2c5eadcbf8fc 0.211s
2024-12-16 19:53:39.531 67537 INFO tempest.lib.common.rest_client [req-b4170473-2947-4b81-b8ab-d03731337022 req-b4170473-2947-4b81-b8ab-d03731337022 ] Request (SecurityGroupsTestJSON:test_server_security_groups): 200 GET http://10.180.1.21/compute/v2.1/servers/cc545355-26ef-45fd-bacb-2515f52b84bb 0.164s
2024-12-16 19:53:39.608 67498 INFO tempest.lib.common.rest_client [req-4cc16da7-4242-4d35-a853-d858c458f769 req-4cc16da7-4242-4d35-a853-d858c458f769 ] Request (ImagesTestJSON:test_create_image_from_stopped_server): 200 GET http://10.180.1.21/compute/v2.1/servers/d12cfef2-7912-4cca-bfd4-714b61f62444 0.212s
2024-12-16 19:53:39.624 67548 INFO tempest.lib.common.rest_client [req-8fc6bf34-b82f-4186-9c37-c2d0b19a53fd req-8fc6bf34-b82f-4186-9c37-c2d0b19a53fd ] Request (ServerActionsV293TestJSON:setUpClass): 200 GET http://10.180.1.21/compute/v2.1/servers/7703addf-fe6d-40f7-bb52-47fa36c14a50 0.286s
2024-12-16 19:53:39.691 67549 INFO tempest.lib.common.rest_client [req-ff61ea24-aac1-44a5-bcde-64371e409e83 req-ff61ea24-aac1-44a5-bcde-64371e409e83 ] Request (ServersAdminNegativeTestJSON:tearDownClass): 200 GET http://10.180.1.21/compute/v2.1/servers/ac96cdc3-e0ea-478a-8ed4-72c264eea1f4 0.264s
2024-12-16 19:53:39.696 67508 INFO tempest.lib.common.rest_client [req-9ab1972d-1790-4e96-9725-45d5f1557393 req-9ab1972d-1790-4e96-9725-45d5f1557393 ] Request (ImagesOneServerTestJSON:setUpClass): 200 GET http://10.180.1.21/compute/v2.1/servers/815360f4-e271-4210-b6b9-9866db7cf536 0.241s
2024-12-16 19:53:39.716 67551 INFO tempest.lib.common.rest_client [req-ff5da626-283a-4dcb-b6cc-fb3bda5ac777 req-ff5da626-283a-4dcb-b6cc-fb3bda5ac777 ] Request (AttachInterfacesV270Test:tearDownClass): 204 DELETE http://10.180.1.21:9696/networking/v2.0/networks/11b65b8c-e12e-4c13-9cd1-96c40cd5d7f4 0.510s
2024-12-16 19:53:39.810 67551 INFO tempest.lib.common.rest_client [req-f180e436-7e5a-4c9f-a4ab-39435e6ad18d req-f180e436-7e5a-4c9f-a4ab-39435e6ad18d ] Request (AttachInterfacesV270Test:tearDownClass): 204 DELETE http://10.180.1.21/identity/v3/users/184e6da7b4e540bf81badbb6ce2b0a90 0.092s
2024-12-16 19:53:39.810 67551 INFO tempest.lib.common.dynamic_creds [-] Deleting project and security group for project: 11534f5304eb4f4b92e001ec08b291a6
2024-12-16 19:53:39.847 67551 INFO tempest.lib.common.rest_client [req-4576c3c1-634a-4182-8cba-e4b6f8010b9f req-4576c3c1-634a-4182-8cba-e4b6f8010b9f ] Request (AttachInterfacesV270Test:tearDownClass): 200 GET http://10.180.1.21:9696/networking/v2.0/security-groups?tenant_id=11534f5304eb4f4b92e001ec08b291a6&name=default 0.036s
2024-12-16 19:53:39.930 67551 INFO tempest.lib.common.rest_client [req-6e188da1-d2ab-4a67-b6a4-72c267a0a2a9 req-6e188da1-d2ab-4a67-b6a4-72c267a0a2a9 ] Request (AttachInterfacesV270Test:tearDownClass): 204 DELETE http://10.180.1.21:9696/networking/v2.0/security-groups/8912094e-0eae-4bf8-a972-4d25082a7441 0.083s
2024-12-16 19:53:39.973 67555 INFO tempest.lib.common.rest_client [req-6a7cc7b6-c020-4f26-b9be-646c27e05e86 req-6a7cc7b6-c020-4f26-b9be-646c27e05e86 ] Request (ServersNegativeTestMultiTenantJSON:setUpClass): 200 GET http://10.180.1.21/compute/v2.1/servers/fa18a3fc-87f6-44e9-9ffc-f570460aefb1 0.455s
2024-12-16 19:53:39.980 67543 INFO tempest.lib.common.rest_client [req-c0bcbc7b-904e-4df2-9e7b-3c82c0752c60 req-c0bcbc7b-904e-4df2-9e7b-3c82c0752c60 ] Request (ListServerFiltersTestJSON:tearDownClass): 200 GET http://10.180.1.21/compute/v2.1/servers/e1900551-fbeb-4ac9-b570-acefcdb408ad 0.471s
2024-12-16 19:53:40.043 67551 INFO tempest.lib.common.rest_client [req-5e2780ee-be95-40b1-ad35-fa34e5f156d6 req-5e2780ee-be95-40b1-ad35-fa34e5f156d6 ] Request (AttachInterfacesV270Test:tearDownClass): 204 DELETE http://10.180.1.21/identity/v3/projects/11534f5304eb4f4b92e001ec08b291a6 0.113s
2024-12-16 19:53:40.061 67512 INFO tempest.lib.common.rest_client [req-a302a941-03d4-4544-8578-f324650db377 req-a302a941-03d4-4544-8578-f324650db377 ] Request (ImagesOneServerNegativeTestJSON:_run_cleanups): 200 GET http://10.180.1.21/compute/v2.1/servers/cf0628fc-d8f4-4b6a-90c9-3392462f3b00 0.462s
2024-12-16 19:53:40.077 67522 INFO tempest.lib.common.rest_client [req-4c528a06-833d-4591-b8b0-bc6d28f5dc94 req-4c528a06-833d-4591-b8b0-bc6d28f5dc94 ] Request (ServersAdminTestJSON:test_inject_network_info): 200 GET http://10.180.1.21/compute/v2.1/servers/bc1cf61d-aae7-4fa4-9d42-ce49120dd7c1 0.482s
2024-12-16 19:53:40.116 67524 INFO tempest.lib.common.rest_client [req-16f2a640-8ae4-47ca-b61a-222877d42d23 req-16f2a640-8ae4-47ca-b61a-222877d42d23 ] Request (ServerRescueTestJSON:setUpClass): 200 GET http://10.180.1.21/compute/v2.1/servers/f07729fe-f159-4ff5-90e0-33f7696a22c6 0.405s
2024-12-16 19:53:40.125 67551 INFO tempest.lib.common.rest_client [req-64de86ec-ebc8-4de2-b72c-d651d0a40785 req-64de86ec-ebc8-4de2-b72c-d651d0a40785 ] Request (ComputeTenantNetworksTest:setUpClass): 201 POST http://10.180.1.21/identity/v3/auth/tokens 0.080s
2024-12-16 19:53:40.153 67551 INFO tempest.lib.common.rest_client [req-90900b07-7a52-41f3-bc9d-8e9d38cdd94a req-90900b07-7a52-41f3-bc9d-8e9d38cdd94a ] Request (ComputeTenantNetworksTest:setUpClass): 201 POST http://10.180.1.21/identity/v3/auth/tokens 0.026s
2024-12-16 19:53:40.170 67545 INFO tempest.lib.common.rest_client [req-610a4681-8a54-4449-b7d4-019eab075553 req-610a4681-8a54-4449-b7d4-019eab075553 ] Request (AttachInterfacesUnderV243Test:test_add_remove_fixed_ip): 200 GET http://10.180.1.21/compute/v2.1/servers/90ce8db7-eedc-48b3-b579-efc2ad00ed6f 0.437s
2024-12-16 19:53:40.182 67551 INFO tempest.lib.common.rest_client [req-f8ce5723-3913-4e32-8d46-863303014db4 req-f8ce5723-3913-4e32-8d46-863303014db4 ] Request (ComputeTenantNetworksTest:setUpClass): 200 GET http://10.180.1.21/identity/v3/domains?name=Default 0.028s
2024-12-16 19:53:40.189 67532 INFO tempest.lib.common.rest_client [req-41ed45f8-f0ff-44cb-b737-00eabf2c812d req-41ed45f8-f0ff-44cb-b737-00eabf2c812d ] Request (ServersTestJSON:test_create_server_with_ipv6_addr_only): 200 GET http://10.180.1.21/compute/v2.1/servers/49e13667-875d-4566-9bca-6a4d45dd7770 0.378s
2024-12-16 19:53:40.209 67520 INFO tempest.lib.common.rest_client [req-2d76137f-7fdd-4495-aee4-ec114e79780f req-2d76137f-7fdd-4495-aee4-ec114e79780f ] Request (InstanceActionsNegativeTestJSON:tearDownClass): 404 GET http://10.180.1.21/compute/v2.1/servers/cea78468-f692-4634-8508-3886bccfb8bf 0.304s
2024-12-16 19:53:40.220 67551 INFO tempest.lib.common.rest_client [req-579007c8-a466-429e-9cbf-9bbeae6100ec req-579007c8-a466-429e-9cbf-9bbeae6100ec ] Request (ComputeTenantNetworksTest:setUpClass): 201 POST http://10.180.1.21/identity/v3/projects 0.038s
2024-12-16 19:53:40.254 67526 INFO tempest.lib.common.rest_client [req-3dbce675-ad78-40da-9b33-fafac9a7f640 req-3dbce675-ad78-40da-9b33-fafac9a7f640 ] Request (ServerActionsTestOtherA:setUpClass): 200 GET http://10.180.1.21/compute/v2.1/servers/09219395-79b1-4a17-8357-12266d342eb4 0.430s
2024-12-16 19:53:40.277 67534 INFO tempest.lib.common.rest_client [req-17bdbf67-0129-4f8f-bcfd-ded61ef7ea03 req-17bdbf67-0129-4f8f-bcfd-ded61ef7ea03 ] Request (MultipleCreateTestJSON:test_multiple_create_with_reservation_return): 200 GET http://10.180.1.21/compute/v2.1/servers/4ac3f891-119a-4f8c-bea7-516476f92767 0.311s
2024-12-16 19:53:40.288 67551 INFO tempest.lib.common.rest_client [req-e816686e-d637-492b-b695-da6d78d74c87 req-e816686e-d637-492b-b695-da6d78d74c87 ] Request (ComputeTenantNetworksTest:setUpClass): 201 POST http://10.180.1.21/identity/v3/users 0.067s
2024-12-16 19:53:40.312 67551 INFO tempest.lib.common.rest_client [req-382b42fc-7f90-4f6e-b869-1779353856e3 req-382b42fc-7f90-4f6e-b869-1779353856e3 ] Request (ComputeTenantNetworksTest:setUpClass): 200 GET http://10.180.1.21/identity/v3/roles 0.023s
2024-12-16 19:53:40.345 67551 INFO tempest.lib.common.rest_client [req-6fc9f52f-f4b9-48ea-acef-8e655c5aea70 req-6fc9f52f-f4b9-48ea-acef-8e655c5aea70 ] Request (ComputeTenantNetworksTest:setUpClass): 204 PUT http://10.180.1.21/identity/v3/projects/d5a98bd62d3a4f53832207356c9f0e5f/users/13c728d5996f4824bc5c0107332d2a7e/roles/8dd32a0a999e4f32b8d859c2247edb94 0.033s
2024-12-16 19:53:40.346 67551 INFO tempest.lib.common.dynamic_creds [-] Dynamic test user 13c728d5996f4824bc5c0107332d2a7e is created with scope project and roles: ['member']
