2024-12-16 19:51:15.284 67530 INFO tempest.lib.common.dynamic_creds [-] Created isolated network resources for: credentials: Credentials: {'domain_id': 'default', 'domain_name': 'Default', 'username': 'tempest-TenantUsagesTestJSON-1567126079-project-admin', 'project_domain_id': 'default', 'project_domain_name': 'Default', 'project_id': 'feb4ca4fa92e493eb0339f42621cafa0', 'project_name': 'tempest-TenantUsagesTestJSON-1567126079', 'tenant_id': 'feb4ca4fa92e493eb0339f42621cafa0', 'tenant_name': 'tempest-TenantUsagesTestJSON-1567126079', 'user_domain_id': 'default', 'user_domain_name': 'Default', 'user_id': '820866cbefd84e52b2db93fa0c7ddb9c', 'system': None}, Network: None, Subnet: None, Router: None
2024-12-16 19:51:15.295 67496 INFO tempest.lib.common.rest_client [req-1b0c2eee-78f6-4fbc-9d12-c316ca19289f req-1b0c2eee-78f6-4fbc-9d12-c316ca19289f ] Request (AggregatesAdminNegativeTestJSON:test_aggregate_add_existent_host): 200 POST http://10.180.1.21/compute/v2.1/os-aggregates 2.754s
2024-12-16 19:51:15.314 67551 INFO tempest.lib.common.rest_client [req-c849d871-1d51-4591-843c-45317c7ec138 req-c849d871-1d51-4591-843c-45317c7ec138 ] Request (FlavorsV2TestJSON:test_list_flavors_detailed_filter_by_min_disk): 200 GET http://10.180.1.21/compute/v2.1/flavors/detail?minDisk=2 2.763s
2024-12-16 19:51:15.316 67512 INFO tempest.lib.common.rest_client [req-11d66aa9-f1f5-4d6a-99e3-9fdab1dd264a req-11d66aa9-f1f5-4d6a-99e3-9fdab1dd264a ] Request (InstanceUsageAuditLogTestJSON:tearDownClass): 204 DELETE http://10.180.1.21/identity/v3/projects/e6a6f0c54bf74abc954e299bfa6e2ffb 0.463s
2024-12-16 19:51:15.316 67512 INFO tempest.lib.common.dynamic_creds [-] Deleting project and security group for project: 7caa6971385c4b1b99c6c7bf3dee8409
2024-12-16 19:51:15.334 67529 INFO tempest.lib.common.rest_client [req-726a1083-d252-46b1-82d5-a652e158d2a9 req-726a1083-d252-46b1-82d5-a652e158d2a9 ] Request (DeleteServersAdminTestJSON:test_admin_delete_servers_of_others): 201 POST http://10.180.1.21/identity/v3/auth/tokens 0.338s
2024-12-16 19:51:15.334 67529 INFO tempest.lib.common.fixed_network [-] (DeleteServersAdminTestJSON:test_admin_delete_servers_of_others) Found network None available for tenant
2024-12-16 19:51:15.366 67545 INFO tempest.lib.common.rest_client [req-48e98ec6-8f50-405e-aa1d-e9dc7c6a7489 req-48e98ec6-8f50-405e-aa1d-e9dc7c6a7489 ] Request (ServerDiagnosticsTest:test_get_server_diagnostics): 201 POST http://10.180.1.21/identity/v3/auth/tokens 0.348s
2024-12-16 19:51:15.366 67545 INFO tempest.lib.common.fixed_network [-] (ServerDiagnosticsTest:test_get_server_diagnostics) Found network None available for tenant
2024-12-16 19:51:15.381 67522 INFO tempest.lib.common.rest_client [req-4da7ecd4-8544-4b1b-a406-24570c724f61 req-4da7ecd4-8544-4b1b-a406-24570c724f61 ] Request (ServersAdminTestJSON:setUpClass): 200 GET http://10.180.1.21/identity/v3/roles 0.278s
2024-12-16 19:51:15.391 67510 INFO tempest.lib.common.rest_client [req-5b391ba5-478b-45ec-8727-c296d50351d9 req-5b391ba5-478b-45ec-8727-c296d50351d9 ] Request (AZAdminV2TestJSON:tearDownClass): 200 GET http://10.180.1.21:9696/networking/v2.0/security-groups?tenant_id=b8e268d8729242f090cde80840278839&name=default 0.706s
2024-12-16 19:51:15.410 67557 INFO tempest.lib.common.rest_client [req-4f0f1e7b-ac2f-4886-b060-f0f6ed193720 req-4f0f1e7b-ac2f-4886-b060-f0f6ed193720 ] Request (FlavorsAccessNegativeTestJSON:setUpClass): 204 PUT http://10.180.1.21/identity/v3/projects/81d1bec921424dc2ab7c69610a81284b/users/925244f456b34ed9b31d0b0d81a12462/roles/8dd32a0a999e4f32b8d859c2247edb94 0.140s
2024-12-16 19:51:15.410 67557 INFO tempest.lib.common.dynamic_creds [-] Dynamic test user 925244f456b34ed9b31d0b0d81a12462 is created with scope project and roles: ['member']
2024-12-16 19:51:15.410 67557 INFO tempest.lib.common.dynamic_creds [-] Acquired dynamic creds: credentials: Credentials: {'domain_id': 'default', 'domain_name': 'Default', 'username': 'tempest-FlavorsAccessNegativeTestJSON-1794513919-project-member', 'project_domain_id': 'default', 'project_domain_name': 'Default', 'project_id': '81d1bec921424dc2ab7c69610a81284b', 'project_name': 'tempest-FlavorsAccessNegativeTestJSON-1794513919', 'tenant_id': '81d1bec921424dc2ab7c69610a81284b', 'tenant_name': 'tempest-FlavorsAccessNegativeTestJSON-1794513919', 'user_domain_id': 'default', 'user_domain_name': 'Default', 'user_id': '925244f456b34ed9b31d0b0d81a12462', 'system': None}, Network: None, Subnet: None, Router: None
2024-12-16 19:51:15.410 67557 INFO tempest.lib.common.dynamic_creds [-] Created isolated network resources for: credentials: Credentials: {'domain_id': 'default', 'domain_name': 'Default', 'username': 'tempest-FlavorsAccessNegativeTestJSON-1794513919-project-member', 'project_domain_id': 'default', 'project_domain_name': 'Default', 'project_id': '81d1bec921424dc2ab7c69610a81284b', 'project_name': 'tempest-FlavorsAccessNegativeTestJSON-1794513919', 'tenant_id': '81d1bec921424dc2ab7c69610a81284b', 'tenant_name': 'tempest-FlavorsAccessNegativeTestJSON-1794513919', 'user_domain_id': 'default', 'user_domain_name': 'Default', 'user_id': '925244f456b34ed9b31d0b0d81a12462', 'system': None}, Network: None, Subnet: None, Router: None
2024-12-16 19:51:15.481 67530 INFO tempest.lib.common.rest_client [req-2dbd71cd-dd38-40f7-bc91-97534236f22a req-2dbd71cd-dd38-40f7-bc91-97534236f22a ] Request (TenantUsagesTestJSON:setUpClass): 201 POST http://10.180.1.21/identity/v3/auth/tokens 0.192s
2024-12-16 19:51:15.541 67522 INFO tempest.lib.common.rest_client [req-bbda3ee7-28fd-4ec8-9c35-44ac0ab66df8 req-bbda3ee7-28fd-4ec8-9c35-44ac0ab66df8 ] Request (ServersAdminTestJSON:setUpClass): 204 PUT http://10.180.1.21/identity/v3/projects/11e901669fa64d2f9631f4fde528e143/users/bbc09f193cbc46dc9a73d3f7715138be/roles/87d2020097d3494b9812f827e3137d02 0.160s
2024-12-16 19:51:15.552 67512 INFO tempest.lib.common.rest_client [req-c8b58a50-5d9f-45cd-86ef-e056e9b64f37 req-c8b58a50-5d9f-45cd-86ef-e056e9b64f37 ] Request (InstanceUsageAuditLogTestJSON:tearDownClass): 200 GET http://10.180.1.21:9696/networking/v2.0/security-groups?tenant_id=7caa6971385c4b1b99c6c7bf3dee8409&name=default 0.236s
2024-12-16 19:51:15.576 67504 INFO tempest.lib.common.rest_client [req-89d0a33c-7bcf-4647-945b-220b4ea3e736 req-89d0a33c-7bcf-4647-945b-220b4ea3e736 ] Request (VolumesAssistedSnapshotsTest:setUpClass): 201 POST http://10.180.1.21:9696/networking/v2.0/networks 0.360s
2024-12-16 19:51:15.576 67510 INFO tempest.lib.common.rest_client [req-5bc55440-ba2c-4f71-8059-40a0b2d82a60 req-5bc55440-ba2c-4f71-8059-40a0b2d82a60 ] Request (AZAdminV2TestJSON:tearDownClass): 204 DELETE http://10.180.1.21:9696/networking/v2.0/security-groups/e4f8494e-6e95-4535-91c5-d3fb23d21ca4 0.184s
2024-12-16 19:51:15.584 67541 INFO tempest.lib.common.rest_client [req-8992bb59-2c50-4312-a590-5edfff706f7c req-8992bb59-2c50-4312-a590-5edfff706f7c ] Request (FlavorsExtraSpecsNegativeTestJSON:setUpClass): 200 POST http://10.180.1.21/compute/v2.1/flavors 2.845s
2024-12-16 19:51:15.601 67530 INFO tempest.lib.common.rest_client [req-04a10a1c-0737-4992-aef6-86c42f8ef712 req-04a10a1c-0737-4992-aef6-86c42f8ef712 ] Request (TenantUsagesTestJSON:setUpClass): 201 POST http://10.180.1.21/identity/v3/auth/tokens 0.111s
2024-12-16 19:51:15.601 67530 INFO tempest.lib.common.fixed_network [-] (TenantUsagesTestJSON:setUpClass) Found network None available for tenant
2024-12-16 19:51:15.615 67557 INFO tempest.lib.common.rest_client [req-d5f185b7-840f-441e-9443-40c7fe1d3941 req-d5f185b7-840f-441e-9443-40c7fe1d3941 ] Request (FlavorsAccessNegativeTestJSON:setUpClass): 201 POST http://10.180.1.21/identity/v3/auth/tokens 0.161s
2024-12-16 19:51:15.616 67557 WARNING tempest.lib.common.rest_client [-] Deprecated: "tenant_id" property is deprecated for removal, use "project_id" instead
2024-12-16 19:51:15.654 67522 INFO tempest.lib.common.rest_client [req-ed7bedf7-1fdc-4379-b4ee-773ba5fb0a90 req-ed7bedf7-1fdc-4379-b4ee-773ba5fb0a90 ] Request (ServersAdminTestJSON:setUpClass): 200 GET http://10.180.1.21/identity/v3/roles 0.112s
2024-12-16 19:51:15.701 67543 INFO tempest.lib.common.rest_client [req-dc3af918-a6b8-403e-bee9-0cf5f1b01bdc req-dc3af918-a6b8-403e-bee9-0cf5f1b01bdc ] Request (SecurityGroupsTestAdminJSON:test_list_security_groups_list_all_tenants_filter): 200 POST http://10.180.1.21/compute/v2.1/os-security-groups 3.542s
2024-12-16 19:51:15.706 67512 INFO tempest.lib.common.rest_client [req-165c9ce6-af9e-4c36-8fee-424e6440fe61 req-165c9ce6-af9e-4c36-8fee-424e6440fe61 ] Request (InstanceUsageAuditLogTestJSON:tearDownClass): 204 DELETE http://10.180.1.21:9696/networking/v2.0/security-groups/7515134a-14f9-47bb-91e0-d34b4bd95702 0.153s
2024-12-16 19:51:15.743 67510 INFO tempest.lib.common.rest_client [req-98e0dacf-ed8d-4a8a-ade0-643fa71e05dc req-98e0dacf-ed8d-4a8a-ade0-643fa71e05dc ] Request (AZAdminV2TestJSON:tearDownClass): 204 DELETE http://10.180.1.21/identity/v3/projects/b8e268d8729242f090cde80840278839 0.165s
2024-12-16 19:51:15.744 67510 INFO tempest.lib.common.dynamic_creds [-] Deleting project and security group for project: 3a589f5e53a84bbea3de1d232d3fa3f0
2024-12-16 19:51:15.800 67522 INFO tempest.lib.common.rest_client [req-cc662f53-4e16-4a9e-9a9c-6ebeccb84302 req-cc662f53-4e16-4a9e-9a9c-6ebeccb84302 ] Request (ServersAdminTestJSON:setUpClass): 204 PUT http://10.180.1.21/identity/v3/projects/11e901669fa64d2f9631f4fde528e143/users/bbc09f193cbc46dc9a73d3f7715138be/roles/87d2020097d3494b9812f827e3137d02 0.145s
2024-12-16 19:51:15.800 67522 INFO tempest.lib.common.dynamic_creds [-] Dynamic test user bbc09f193cbc46dc9a73d3f7715138be is created with scope project and roles: ['admin']
2024-12-16 19:51:15.800 67522 INFO tempest.lib.common.dynamic_creds [-] Acquired dynamic creds: credentials: Credentials: {'domain_id': 'default', 'domain_name': 'Default', 'username': 'tempest-ServersAdminTestJSON-1091432098-project-admin', 'project_domain_id': 'default', 'project_domain_name': 'Default', 'project_id': '11e901669fa64d2f9631f4fde528e143', 'project_name': 'tempest-ServersAdminTestJSON-1091432098', 'tenant_id': '11e901669fa64d2f9631f4fde528e143', 'tenant_name': 'tempest-ServersAdminTestJSON-1091432098', 'user_domain_id': 'default', 'user_domain_name': 'Default', 'user_id': 'bbc09f193cbc46dc9a73d3f7715138be', 'system': None}, Network: None, Subnet: None, Router: None
2024-12-16 19:51:15.807 67504 INFO tempest.lib.common.rest_client [req-880b0d4a-a2b8-49d0-97be-927f84430fa9 req-880b0d4a-a2b8-49d0-97be-927f84430fa9 ] Request (VolumesAssistedSnapshotsTest:setUpClass): 201 POST http://10.180.1.21:9696/networking/v2.0/subnets 0.231s
2024-12-16 19:51:15.841 67516 INFO tempest.lib.common.rest_client [req-6887c98c-bac8-4db0-a1eb-f6e22bf0c310 req-6887c98c-bac8-4db0-a1eb-f6e22bf0c310 ] Request (ServersWithSpecificFlavorTestJSON:test_verify_created_server_ephemeral_disk): 200 GET http://10.180.1.21/compute/v2.1/flavors/42 2.643s
2024-12-16 19:51:15.854 67537 INFO tempest.lib.common.rest_client [req-4f886dfe-8c56-4bb6-b559-b5264b17b273 req-4f886dfe-8c56-4bb6-b559-b5264b17b273 ] Request (TenantUsagesNegativeTestJSON:test_get_usage_tenant_with_invalid_date): 400 GET http://10.180.1.21/compute/v2.1/os-simple-tenant-usage/1ce389d9eefb4ae5980eb2c02ed9ee7c?start=2024-12-17T19%3A51%3A12.059862&end=2024-12-15T19%3A51%3A12.059862 2.476s
2024-12-16 19:51:15.855 67510 INFO tempest.lib.common.rest_client [req-d6286881-4eaa-4b2e-ad7d-b8133f7415f6 req-d6286881-4eaa-4b2e-ad7d-b8133f7415f6 ] Request (AZAdminV2TestJSON:tearDownClass): 200 GET http://10.180.1.21:9696/networking/v2.0/security-groups?tenant_id=3a589f5e53a84bbea3de1d232d3fa3f0&name=default 0.111s
2024-12-16 19:51:15.898 67512 INFO tempest.lib.common.rest_client [req-0305881e-9ad6-4015-9c90-26d34d8a326d req-0305881e-9ad6-4015-9c90-26d34d8a326d ] Request (InstanceUsageAuditLogTestJSON:tearDownClass): 204 DELETE http://10.180.1.21/identity/v3/projects/7caa6971385c4b1b99c6c7bf3dee8409 0.192s
2024-12-16 19:51:15.928 67510 INFO tempest.lib.common.rest_client [req-95a38de3-4948-4e98-9090-725c750ade5a req-95a38de3-4948-4e98-9090-725c750ade5a ] Request (AZAdminV2TestJSON:tearDownClass): 204 DELETE http://10.180.1.21:9696/networking/v2.0/security-groups/5eb8be07-48ec-4319-9b65-6a1c2946e0c4 0.073s
2024-12-16 19:51:15.953 67512 INFO tempest.lib.common.rest_client [req-f47f0317-f73e-4b88-bcca-ce1bfa3b12cc req-f47f0317-f73e-4b88-bcca-ce1bfa3b12cc ] Request (ImagesOneServerNegativeTestJSON:setUpClass): 201 POST http://10.180.1.21/identity/v3/auth/tokens 0.053s
2024-12-16 19:51:15.995 67510 INFO tempest.lib.common.rest_client [req-da9ff5d3-9292-4e53-9915-f346445777b7 req-da9ff5d3-9292-4e53-9915-f346445777b7 ] Request (AZAdminV2TestJSON:tearDownClass): 204 DELETE http://10.180.1.21/identity/v3/projects/3a589f5e53a84bbea3de1d232d3fa3f0 0.066s
2024-12-16 19:51:16.005 67512 INFO tempest.lib.common.rest_client [req-77662afb-6393-4337-847a-b8d7721b8439 req-77662afb-6393-4337-847a-b8d7721b8439 ] Request (ImagesOneServerNegativeTestJSON:setUpClass): 201 POST http://10.180.1.21/identity/v3/auth/tokens 0.048s
2024-12-16 19:51:16.021 67510 INFO tempest.lib.common.rest_client [req-804869c2-edd6-4570-a2ab-21708188c928 req-804869c2-edd6-4570-a2ab-21708188c928 ] Request (FlavorsV255TestJSON:setUpClass): 201 POST http://10.180.1.21/identity/v3/auth/tokens 0.023s
2024-12-16 19:51:16.026 67512 INFO tempest.lib.common.rest_client [req-fa174a52-c2bf-4714-a8a5-b907d3887cb8 req-fa174a52-c2bf-4714-a8a5-b907d3887cb8 ] Request (ImagesOneServerNegativeTestJSON:setUpClass): 200 GET http://10.180.1.21/identity/v3/domains?name=Default 0.021s
2024-12-16 19:51:16.047 67510 INFO tempest.lib.common.rest_client [req-0552d372-e651-4646-b1e3-93fdae4c0426 req-0552d372-e651-4646-b1e3-93fdae4c0426 ] Request (FlavorsV255TestJSON:setUpClass): 201 POST http://10.180.1.21/identity/v3/auth/tokens 0.023s
2024-12-16 19:51:16.048 67512 INFO tempest.lib.common.rest_client [req-b4587977-ed7a-48a6-b494-a91fabdcff19 req-b4587977-ed7a-48a6-b494-a91fabdcff19 ] Request (ImagesOneServerNegativeTestJSON:setUpClass): 201 POST http://10.180.1.21/identity/v3/projects 0.022s
2024-12-16 19:51:16.095 67510 INFO tempest.lib.common.rest_client [req-d754da98-2e78-4fbc-834a-3c4c4169bd79 req-d754da98-2e78-4fbc-834a-3c4c4169bd79 ] Request (FlavorsV255TestJSON:setUpClass): 200 GET http://10.180.1.21/identity/v3/domains?name=Default 0.048s
2024-12-16 19:51:16.100 67512 INFO tempest.lib.common.rest_client [req-1b037413-dd54-43ed-be92-f367f727fa4a req-1b037413-dd54-43ed-be92-f367f727fa4a ] Request (ImagesOneServerNegativeTestJSON:setUpClass): 201 POST http://10.180.1.21/identity/v3/users 0.051s
2024-12-16 19:51:16.117 67512 INFO tempest.lib.common.rest_client [req-8d482909-1865-4e5b-8b58-38575496535b req-8d482909-1865-4e5b-8b58-38575496535b ] Request (ImagesOneServerNegativeTestJSON:setUpClass): 200 GET http://10.180.1.21/identity/v3/roles 0.017s
2024-12-16 19:51:16.120 67510 INFO tempest.lib.common.rest_client [req-06b1c2e1-e096-4598-ac67-6131a5b9a3f6 req-06b1c2e1-e096-4598-ac67-6131a5b9a3f6 ] Request (FlavorsV255TestJSON:setUpClass): 201 POST http://10.180.1.21/identity/v3/projects 0.024s
2024-12-16 19:51:16.163 67512 INFO tempest.lib.common.rest_client [req-7606908c-13f4-4119-8e56-2404c972890d req-7606908c-13f4-4119-8e56-2404c972890d ] Request (ImagesOneServerNegativeTestJSON:setUpClass): 204 PUT http://10.180.1.21/identity/v3/projects/5527e2895f394031b7676b414e9916e3/users/0c1e0d0a2427455a8a2d74fad4174c94/roles/8dd32a0a999e4f32b8d859c2247edb94 0.045s
2024-12-16 19:51:16.164 67512 INFO tempest.lib.common.dynamic_creds [-] Dynamic test user 0c1e0d0a2427455a8a2d74fad4174c94 is created with scope project and roles: ['member']
2024-12-16 19:51:16.164 67512 INFO tempest.lib.common.dynamic_creds [-] Acquired dynamic creds: credentials: Credentials: {'domain_id': 'default', 'domain_name': 'Default', 'username': 'tempest-ImagesOneServerNegativeTestJSON-1766601779-project-member', 'project_domain_id': 'default', 'project_domain_name': 'Default', 'project_id': '5527e2895f394031b7676b414e9916e3', 'project_name': 'tempest-ImagesOneServerNegativeTestJSON-1766601779', 'tenant_id': '5527e2895f394031b7676b414e9916e3', 'tenant_name': 'tempest-ImagesOneServerNegativeTestJSON-1766601779', 'user_domain_id': 'default', 'user_domain_name': 'Default', 'user_id': '0c1e0d0a2427455a8a2d74fad4174c94', 'system': None}, Network: None, Subnet: None, Router: None
2024-12-16 19:51:16.166 67510 INFO tempest.lib.common.rest_client [req-0ad4179f-bb36-4720-a718-9d80b7287ec7 req-0ad4179f-bb36-4720-a718-9d80b7287ec7 ] Request (FlavorsV255TestJSON:setUpClass): 201 POST http://10.180.1.21/identity/v3/users 0.046s
2024-12-16 19:51:16.214 67548 INFO tempest.lib.common.rest_client [req-db748d8b-4a5a-4be0-a3a2-556a8fc2e549 req-db748d8b-4a5a-4be0-a3a2-556a8fc2e549 ] Request (NetworksTest:test_get_network): 200 GET http://10.180.1.21/compute/v2.1/os-networks 2.522s
2024-12-16 19:51:16.215 67512 INFO tempest.lib.common.rest_client [req-ab4e58c0-0eda-44e2-8ef0-821fa01e5e43 req-ab4e58c0-0eda-44e2-8ef0-821fa01e5e43 ] Request (ImagesOneServerNegativeTestJSON:setUpClass): 201 POST http://10.180.1.21/identity/v3/auth/tokens 0.051s
2024-12-16 19:51:16.219 67510 INFO tempest.lib.common.rest_client [req-8fe77751-d5fb-4dae-8646-18a7051ac78d req-8fe77751-d5fb-4dae-8646-18a7051ac78d ] Request (FlavorsV255TestJSON:setUpClass): 200 GET http://10.180.1.21/identity/v3/roles 0.052s
2024-12-16 19:51:16.243 67510 INFO tempest.lib.common.rest_client [req-d41c16a7-0e2d-468e-9c4b-0bda22d85187 req-d41c16a7-0e2d-468e-9c4b-0bda22d85187 ] Request (FlavorsV255TestJSON:setUpClass): 204 PUT http://10.180.1.21/identity/v3/projects/0713f3364c074e6fb017bd5967bb9d0a/users/3212da87810e47b29f2e047f3d30dd2f/roles/8dd32a0a999e4f32b8d859c2247edb94 0.023s
2024-12-16 19:51:16.243 67510 INFO tempest.lib.common.dynamic_creds [-] Dynamic test user 3212da87810e47b29f2e047f3d30dd2f is created with scope project and roles: ['member']
2024-12-16 19:51:16.243 67510 INFO tempest.lib.common.dynamic_creds [-] Acquired dynamic creds: credentials: Credentials: {'domain_id': 'default', 'domain_name': 'Default', 'username': 'tempest-FlavorsV255TestJSON-1792305696-project-member', 'project_domain_id': 'default', 'project_domain_name': 'Default', 'project_id': '0713f3364c074e6fb017bd5967bb9d0a', 'project_name': 'tempest-FlavorsV255TestJSON-1792305696', 'tenant_id': '0713f3364c074e6fb017bd5967bb9d0a', 'tenant_name': 'tempest-FlavorsV255TestJSON-1792305696', 'user_domain_id': 'default', 'user_domain_name': 'Default', 'user_id': '3212da87810e47b29f2e047f3d30dd2f', 'system': None}, Network: None, Subnet: None, Router: None
2024-12-16 19:51:16.243 67510 INFO tempest.lib.common.dynamic_creds [-] Created isolated network resources for: credentials: Credentials: {'domain_id': 'default', 'domain_name': 'Default', 'username': 'tempest-FlavorsV255TestJSON-1792305696-project-member', 'project_domain_id': 'default', 'project_domain_name': 'Default', 'project_id': '0713f3364c074e6fb017bd5967bb9d0a', 'project_name': 'tempest-FlavorsV255TestJSON-1792305696', 'tenant_id': '0713f3364c074e6fb017bd5967bb9d0a', 'tenant_name': 'tempest-FlavorsV255TestJSON-1792305696', 'user_domain_id': 'default', 'user_domain_name': 'Default', 'user_id': '3212da87810e47b29f2e047f3d30dd2f', 'system': None}, Network: None, Subnet: None, Router: None
2024-12-16 19:51:16.246 67524 INFO tempest.lib.common.rest_client [req-6e395c86-7f90-4f24-b61a-c044ede4323b req-6e395c86-7f90-4f24-b61a-c044ede4323b ] Request (ServerDiagnosticsNegativeTest:test_get_server_diagnostics_by_non_admin): 202 POST http://10.180.1.21/compute/v2.1/servers 3.457s
2024-12-16 19:51:16.350 67522 INFO tempest.lib.common.rest_client [req-6414f089-4a7e-44ef-a828-d21fc671e740 req-6414f089-4a7e-44ef-a828-d21fc671e740 ] Request (ServersAdminTestJSON:setUpClass): 201 POST http://10.180.1.21:9696/networking/v2.0/networks 0.549s
2024-12-16 19:51:16.375 67549 INFO tempest.lib.common.rest_client [req-94943964-aa31-48eb-b391-314b40542419 req-94943964-aa31-48eb-b391-314b40542419 ] Request (QuotaClassesAdminTestJSON:test_update_default_quotas): 200 GET http://10.180.1.21/compute/v2.1/os-quota-class-sets/default 2.226s
2024-12-16 19:51:16.408 67510 INFO tempest.lib.common.rest_client [req-741bee78-291a-49ed-a297-8ea6d84cf0c3 req-741bee78-291a-49ed-a297-8ea6d84cf0c3 ] Request (FlavorsV255TestJSON:setUpClass): 201 POST http://10.180.1.21/identity/v3/auth/tokens 0.161s
2024-12-16 19:51:16.431 67498 INFO tempest.lib.common.rest_client [req-b26f74c4-e25d-4975-a48e-36eb8147c26a req-b26f74c4-e25d-4975-a48e-36eb8147c26a ] Request (FlavorsAdminTestJSON:test_create_flavor_using_string_ram): 200 POST http://10.180.1.21/compute/v2.1/flavors 2.223s
2024-12-16 19:51:16.443 67510 INFO tempest.lib.common.rest_client [req-ca43ba85-5341-4a17-a0e1-3d65bc39300e req-ca43ba85-5341-4a17-a0e1-3d65bc39300e ] Request (FlavorsV255TestJSON:setUpClass): 201 POST http://10.180.1.21/identity/v3/projects 0.032s
2024-12-16 19:51:16.495 67510 INFO tempest.lib.common.rest_client [req-ab97ce3e-7721-4e18-85a7-c6f4e4ce5559 req-ab97ce3e-7721-4e18-85a7-c6f4e4ce5559 ] Request (FlavorsV255TestJSON:setUpClass): 201 POST http://10.180.1.21/identity/v3/users 0.051s
2024-12-16 19:51:16.506 67555 INFO tempest.lib.common.rest_client [req-5f903cb0-f532-458d-97e0-b24489fcb2ce req-5f903cb0-f532-458d-97e0-b24489fcb2ce ] Request (FlavorMetadataValidation:test_flavor_update_with_custom_namespace): 200 POST http://10.180.1.21/compute/v2.1/flavors 1.946s
2024-12-16 19:51:16.514 67510 INFO tempest.lib.common.rest_client [req-9c5353f9-5acb-4b94-b892-724db535b7e7 req-9c5353f9-5acb-4b94-b892-724db535b7e7 ] Request (FlavorsV255TestJSON:setUpClass): 200 GET http://10.180.1.21/identity/v3/roles 0.018s
2024-12-16 19:51:16.543 67510 INFO tempest.lib.common.rest_client [req-209470aa-3937-4a11-97f9-f131be9a0a9b req-209470aa-3937-4a11-97f9-f131be9a0a9b ] Request (FlavorsV255TestJSON:setUpClass): 204 PUT http://10.180.1.21/identity/v3/projects/e6480b6d591041749ad197cb10bdaa3e/users/4668784b82304e3e8b2fc81931bdbf74/roles/87d2020097d3494b9812f827e3137d02 0.028s
2024-12-16 19:51:16.590 67510 INFO tempest.lib.common.rest_client [req-24b7056b-f4dd-4a4d-98fe-b6819b202807 req-24b7056b-f4dd-4a4d-98fe-b6819b202807 ] Request (FlavorsV255TestJSON:setUpClass): 200 GET http://10.180.1.21/identity/v3/roles 0.046s
2024-12-16 19:51:16.610 67510 INFO tempest.lib.common.rest_client [req-7495cd6a-8419-479d-baa9-78171351c9d5 req-7495cd6a-8419-479d-baa9-78171351c9d5 ] Request (FlavorsV255TestJSON:setUpClass): 204 PUT http://10.180.1.21/identity/v3/projects/e6480b6d591041749ad197cb10bdaa3e/users/4668784b82304e3e8b2fc81931bdbf74/roles/87d2020097d3494b9812f827e3137d02 0.020s
2024-12-16 19:51:16.611 67510 INFO tempest.lib.common.dynamic_creds [-] Dynamic test user 4668784b82304e3e8b2fc81931bdbf74 is created with scope project and roles: ['admin']
2024-12-16 19:51:16.611 67510 INFO tempest.lib.common.dynamic_creds [-] Acquired dynamic creds: credentials: Credentials: {'domain_id': 'default', 'domain_name': 'Default', 'username': 'tempest-FlavorsV255TestJSON-1089770982-project-admin', 'project_domain_id': 'default', 'project_domain_name': 'Default', 'project_id': 'e6480b6d591041749ad197cb10bdaa3e', 'project_name': 'tempest-FlavorsV255TestJSON-1089770982', 'tenant_id': 'e6480b6d591041749ad197cb10bdaa3e', 'tenant_name': 'tempest-FlavorsV255TestJSON-1089770982', 'user_domain_id': 'default', 'user_domain_name': 'Default', 'user_id': '4668784b82304e3e8b2fc81931bdbf74', 'system': None}, Network: None, Subnet: None, Router: None
2024-12-16 19:51:16.611 67510 INFO tempest.lib.common.dynamic_creds [-] Created isolated network resources for: credentials: Credentials: {'domain_id': 'default', 'domain_name': 'Default', 'username': 'tempest-FlavorsV255TestJSON-1089770982-project-admin', 'project_domain_id': 'default', 'project_domain_name': 'Default', 'project_id': 'e6480b6d591041749ad197cb10bdaa3e', 'project_name': 'tempest-FlavorsV255TestJSON-1089770982', 'tenant_id': 'e6480b6d591041749ad197cb10bdaa3e', 'tenant_name': 'tempest-FlavorsV255TestJSON-1089770982', 'user_domain_id': 'default', 'user_domain_name': 'Default', 'user_id': '4668784b82304e3e8b2fc81931bdbf74', 'system': None}, Network: None, Subnet: None, Router: None
2024-12-16 19:51:16.653 67532 INFO tempest.lib.common.rest_client [req-bf1df094-645e-4533-84ee-8369140c0f25 req-bf1df094-645e-4533-84ee-8369140c0f25 ] Request (FlavorsAccessTestJSON:test_flavor_access_add_remove): 200 POST http://10.180.1.21/compute/v2.1/flavors 2.011s
2024-12-16 19:51:16.687 67510 INFO tempest.lib.common.rest_client [req-24d0af02-83a0-48f3-aa56-aa5e8f2bc51c req-24d0af02-83a0-48f3-aa56-aa5e8f2bc51c ] Request (FlavorsV255TestJSON:setUpClass): 201 POST http://10.180.1.21/identity/v3/auth/tokens 0.070s
2024-12-16 19:51:16.692 67539 INFO tempest.lib.common.rest_client [req-938c9494-0f28-493a-b902-514600a96c08 req-938c9494-0f28-493a-b902-514600a96c08 ] Request (ServersAaction247Test:test_create_backup): 200 GET http://10.180.1.21/compute/v2.1/servers/87e77bf5-a916-41ce-b0a5-929b7398f4b5 2.234s
2024-12-16 19:51:16.746 67559 INFO tempest.lib.common.rest_client [req-3948fd01-3b1a-419f-8c27-a05609b1b9f9 req-3948fd01-3b1a-419f-8c27-a05609b1b9f9 ] Request (HypervisorAdminNegativeTestJSON:test_get_hypervisor_list_details_with_non_admin_user): 403 GET http://10.180.1.21/compute/v2.1/os-hypervisors/detail 2.001s
2024-12-16 19:51:16.767 67522 INFO tempest.lib.common.rest_client [req-ccd9d546-15ad-41a9-8374-a278f87845b0 req-ccd9d546-15ad-41a9-8374-a278f87845b0 ] Request (ServersAdminTestJSON:setUpClass): 201 POST http://10.180.1.21:9696/networking/v2.0/subnets 0.416s
2024-12-16 19:51:16.792 67512 INFO tempest.lib.common.rest_client [req-bd391a83-825a-4404-83c0-44d817a54a9f req-bd391a83-825a-4404-83c0-44d817a54a9f ] Request (ImagesOneServerNegativeTestJSON:setUpClass): 201 POST http://10.180.1.21:9696/networking/v2.0/networks 0.575s
2024-12-16 19:51:16.847 67508 INFO tempest.lib.common.rest_client [req-b039cfc7-46a1-4138-8034-1c47ba944463 req-b039cfc7-46a1-4138-8034-1c47ba944463 ] Request (HostsAdminTestJSON:test_list_hosts): 200 GET http://10.180.1.21/compute/v2.1/os-hosts 2.022s
2024-12-16 19:51:16.886 67500 INFO tempest.lib.common.rest_client [req-8ebd922d-6183-45ff-8378-0bfeae0e1f83 req-8ebd922d-6183-45ff-8378-0bfeae0e1f83 ] Request (ServerDiagnosticsV248Test:test_get_server_diagnostics): 202 POST http://10.180.1.21/compute/v2.1/servers 2.198s
2024-12-16 19:51:16.947 67518 INFO tempest.lib.common.rest_client [req-9a91295f-293b-4998-842f-b18c46aea0be req-9a91295f-293b-4998-842f-b18c46aea0be ] Request (HypervisorAdminUnderV252Test:test_get_hypervisor_show_servers): 200 GET http://10.180.1.21/compute/v2.1/os-hypervisors 2.122s
2024-12-16 19:51:17.002 67506 INFO tempest.lib.common.rest_client [req-14505db3-2175-461e-a780-938ad4337f6a req-14505db3-2175-461e-a780-938ad4337f6a ] Request (QuotasAdminNegativeTest:test_create_server_when_cpu_quota_is_full): 200 GET http://10.180.1.21/compute/v2.1/os-quota-sets/18f6cd0d0bac4260919191c1896ced55 2.110s
2024-12-16 19:51:17.037 67520 INFO tempest.lib.common.rest_client [req-b3cbf211-578b-4f7a-bb76-d504714b6623 req-b3cbf211-578b-4f7a-bb76-d504714b6623 ] Request (KeyPairsV210TestJSON:test_admin_manage_keypairs_for_other_users): 201 POST http://10.180.1.21/compute/v2.1/os-keypairs 1.943s
2024-12-16 19:51:17.058 67534 INFO tempest.lib.common.rest_client [req-d4ff94ab-6523-4108-995f-3fc8494bed4d req-d4ff94ab-6523-4108-995f-3fc8494bed4d ] Request (HypervisorAdminV253TestBase:test_list_show_detail_hypervisors): 200 GET http://10.180.1.21/compute/v2.1/os-hypervisors/detail?with_servers=True 2.039s
2024-12-16 19:51:17.092 67512 INFO tempest.lib.common.rest_client [req-9b3c04d1-7426-4f55-80e4-c3979f622d6b req-9b3c04d1-7426-4f55-80e4-c3979f622d6b ] Request (ImagesOneServerNegativeTestJSON:setUpClass): 201 POST http://10.180.1.21:9696/networking/v2.0/subnets 0.299s
2024-12-16 19:51:17.130 67553 INFO tempest.lib.common.rest_client [req-4b9ed7c0-8b3d-4cf4-814d-b0364b51bc66 req-4b9ed7c0-8b3d-4cf4-814d-b0364b51bc66 ] Request (HypervisorAdminTestJSON:test_get_hypervisor_list): 200 GET http://10.180.1.21/compute/v2.1/os-hypervisors 2.000s
2024-12-16 19:51:17.134 67504 INFO tempest.lib.common.rest_client [req-ab4a9a2a-8c24-4814-b364-dbe7dca9704c req-ab4a9a2a-8c24-4814-b364-dbe7dca9704c ] Request (VolumesAssistedSnapshotsTest:setUpClass): 201 POST http://10.180.1.21:9696/networking/v2.0/routers 1.325s
2024-12-16 19:51:17.141 67514 INFO tempest.lib.common.rest_client [req-1d591818-6b8e-49b5-9037-9798a2f86857 req-1d591818-6b8e-49b5-9037-9798a2f86857 ] Request (HostsAdminNegativeTestJSON:setUpClass): 200 GET http://10.180.1.21/compute/v2.1/os-hosts 1.964s
2024-12-16 19:51:17.210 67526 INFO tempest.lib.common.rest_client [req-810f8e99-de66-4618-a647-163ba6a7b1a1 req-810f8e99-de66-4618-a647-163ba6a7b1a1 ] Request (InstanceUsageAuditLogNegativeTestJSON:test_get_instance_usage_audit_logs_with_invalid_time): 400 GET http://10.180.1.21/compute/v2.1/os-instance_usage_audit_log/invalid_time 1.962s
2024-12-16 19:51:17.230 67551 INFO tempest.lib.common.rest_client [req-75b68cc5-529e-4fda-a4c8-ae56cd9a9181 req-75b68cc5-529e-4fda-a4c8-ae56cd9a9181 ] Request (FlavorsV2TestJSON:test_list_flavors_detailed_filter_by_min_ram): 200 GET http://10.180.1.21/compute/v2.1/flavors/42 1.911s
2024-12-16 19:51:17.457 67496 INFO tempest.lib.common.rest_client [req-2fdf9560-6042-4b21-95cc-cb55f2c48f8c req-2fdf9560-6042-4b21-95cc-cb55f2c48f8c ] Request (AggregatesAdminNegativeTestJSON:test_aggregate_add_existent_host): 200 POST http://10.180.1.21/compute/v2.1/os-aggregates/1/action 2.159s
2024-12-16 19:51:17.531 67529 INFO tempest.lib.common.rest_client [req-70abf9d8-a8c8-49bf-bdd7-ef756258de03 req-70abf9d8-a8c8-49bf-bdd7-ef756258de03 ] Request (DeleteServersAdminTestJSON:test_admin_delete_servers_of_others): 202 POST http://10.180.1.21/compute/v2.1/servers 2.196s
2024-12-16 19:51:17.633 67541 INFO tempest.lib.common.rest_client [req-c073bcc0-238b-4c4c-b2ec-f90d5610d174 req-c073bcc0-238b-4c4c-b2ec-f90d5610d174 ] Request (FlavorsExtraSpecsNegativeTestJSON:test_flavor_get_nonexistent_key): 404 GET http://10.180.1.21/compute/v2.1/flavors/1917602602/os-extra_specs/hw:cpu_thread_policy 2.045s
2024-12-16 19:51:17.763 67522 INFO tempest.lib.common.rest_client [req-080390d9-859e-4f04-bd68-573715770168 req-080390d9-859e-4f04-bd68-573715770168 ] Request (ServersAdminTestJSON:setUpClass): 201 POST http://10.180.1.21:9696/networking/v2.0/routers 0.995s
2024-12-16 19:51:17.814 67545 INFO tempest.lib.common.rest_client [req-6c84ca03-c9fa-433d-bf97-1608be3e9c13 req-6c84ca03-c9fa-433d-bf97-1608be3e9c13 ] Request (ServerDiagnosticsTest:test_get_server_diagnostics): 202 POST http://10.180.1.21/compute/v2.1/servers 2.447s
2024-12-16 19:51:17.920 67557 INFO tempest.lib.common.rest_client [req-905b6804-e040-4373-aa7f-aab37c70cd7b req-905b6804-e040-4373-aa7f-aab37c70cd7b ] Request (FlavorsAccessNegativeTestJSON:test_add_flavor_access_duplicate): 200 POST http://10.180.1.21/compute/v2.1/flavors 2.303s
2024-12-16 19:51:18.024 67512 INFO tempest.lib.common.rest_client [req-553ee626-c9c9-40eb-853b-75db7ee4f6f4 req-553ee626-c9c9-40eb-853b-75db7ee4f6f4 ] Request (ImagesOneServerNegativeTestJSON:setUpClass): 201 POST http://10.180.1.21:9696/networking/v2.0/routers 0.932s
2024-12-16 19:51:18.184 67530 INFO tempest.lib.common.rest_client [req-71d45fe3-7114-4e54-9add-8a9b595459fb req-71d45fe3-7114-4e54-9add-8a9b595459fb ] Request (TenantUsagesTestJSON:setUpClass): 202 POST http://10.180.1.21/compute/v2.1/servers 2.582s
2024-12-16 19:51:18.244 67543 INFO tempest.lib.common.rest_client [req-dbd4fd07-9a60-40ac-b6bd-22263ce43ada req-dbd4fd07-9a60-40ac-b6bd-22263ce43ada ] Request (SecurityGroupsTestAdminJSON:test_list_security_groups_list_all_tenants_filter): 200 POST http://10.180.1.21/compute/v2.1/os-security-groups 2.539s
2024-12-16 19:51:18.299 67537 INFO tempest.lib.common.rest_client [req-fd41e322-ba47-4e8d-8639-ad378fd0d389 req-fd41e322-ba47-4e8d-8639-ad378fd0d389 ] Request (TenantUsagesNegativeTestJSON:test_list_usage_all_tenants_with_non_admin_user): 403 GET http://10.180.1.21/compute/v2.1/os-simple-tenant-usage?start=2024-12-15T19%3A51%3A12.059862&end=2024-12-17T19%3A51%3A12.059862&detailed=1 2.443s
2024-12-16 19:51:18.331 67516 INFO tempest.lib.common.rest_client [req-27c4c495-3ccc-426e-9e5c-eca84b1c73df req-27c4c495-3ccc-426e-9e5c-eca84b1c73df ] Request (ServersWithSpecificFlavorTestJSON:test_verify_created_server_ephemeral_disk): 200 POST http://10.180.1.21/compute/v2.1/flavors 2.437s
2024-12-16 19:51:18.431 67537 INFO tempest.lib.common.rest_client [req-893ac373-1298-4154-a0ec-a56bdf096457 req-893ac373-1298-4154-a0ec-a56bdf096457 ] Request (TenantUsagesNegativeTestJSON:tearDownClass): 204 DELETE http://10.180.1.21/identity/v3/users/045ee05893d041c4bf075d75afcd30e5 0.126s
2024-12-16 19:51:18.437 67524 INFO tempest.lib.common.rest_client [req-98178220-8b52-4830-8e4a-54b027340908 req-98178220-8b52-4830-8e4a-54b027340908 ] Request (ServerDiagnosticsNegativeTest:test_get_server_diagnostics_by_non_admin): 200 GET http://10.180.1.21/compute/v2.1/servers/7b6f9454-dce4-4a4d-91e2-2bbea6187441 2.189s
2024-12-16 19:51:18.492 67548 INFO tempest.lib.common.rest_client [req-a3c9bab5-409c-45d7-a14c-04818f24d798 req-a3c9bab5-409c-45d7-a14c-04818f24d798 ] Request (NetworksTest:test_get_network): 200 GET http://10.180.1.21/compute/v2.1/os-networks/dafceb22-5be6-4099-863f-4dffce09e0d7 2.277s
2024-12-16 19:51:18.519 67498 INFO tempest.lib.common.rest_client [req-7fde4df1-4078-4a19-bd6f-240ba7a4c551 req-7fde4df1-4078-4a19-bd6f-240ba7a4c551 ] Request (FlavorsAdminTestJSON:_run_cleanups): 202 DELETE http://10.180.1.21/compute/v2.1/flavors/750267079 2.083s
2024-12-16 19:51:18.573 67537 INFO tempest.lib.common.rest_client [req-1c71c916-e89f-486f-a511-096811b434d7 req-1c71c916-e89f-486f-a511-096811b434d7 ] Request (TenantUsagesNegativeTestJSON:tearDownClass): 204 DELETE http://10.180.1.21/identity/v3/users/f1b2497c8ca94624973dedee96553394 0.142s
2024-12-16 19:51:18.574 67537 INFO tempest.lib.common.dynamic_creds [-] Deleting project and security group for project: b0b974c58918445b8e1c6c967a992bc0
2024-12-16 19:51:18.629 67555 INFO tempest.lib.common.rest_client [req-2428f8e2-0211-48c8-95e2-b8418e264b0f req-2428f8e2-0211-48c8-95e2-b8418e264b0f ] Request (FlavorMetadataValidation:test_flavor_update_with_custom_namespace): 200 POST http://10.180.1.21/compute/v2.1/flavors/2262659/os-extra_specs 2.121s
2024-12-16 19:51:18.632 67549 INFO tempest.lib.common.rest_client [req-d61a248c-c155-40da-afc7-65cac00fe22d req-d61a248c-c155-40da-afc7-65cac00fe22d ] Request (QuotaClassesAdminTestJSON:test_update_default_quotas): 200 PUT http://10.180.1.21/compute/v2.1/os-quota-class-sets/default 2.254s
2024-12-16 19:51:18.635 67504 INFO tempest.lib.common.rest_client [req-a95f137e-8529-4dcc-8419-7d5e9db7dc50 req-a95f137e-8529-4dcc-8419-7d5e9db7dc50 ] Request (VolumesAssistedSnapshotsTest:setUpClass): 200 PUT http://10.180.1.21:9696/networking/v2.0/routers/f4843fb0-261e-472d-8c60-111cac73d40d/add_router_interface 1.500s
2024-12-16 19:51:18.635 67504 INFO tempest.lib.common.dynamic_creds [-] Created isolated network resources for: credentials: Credentials: {'domain_id': 'default', 'domain_name': 'Default', 'username': 'tempest-VolumesAssistedSnapshotsTest-1719204799-project-admin', 'project_domain_id': 'default', 'project_domain_name': 'Default', 'project_id': '2951c770c71c47b880dad0497ff97333', 'project_name': 'tempest-VolumesAssistedSnapshotsTest-1719204799', 'tenant_id': '2951c770c71c47b880dad0497ff97333', 'tenant_name': 'tempest-VolumesAssistedSnapshotsTest-1719204799', 'user_domain_id': 'default', 'user_domain_name': 'Default', 'user_id': '3a18f8f5a6d547d0a3422afc49aa4830', 'system': None}, Network: {'id': '7819e686-b71d-4177-a9b4-61cfe11a464c', 'name': 'tempest-VolumesAssistedSnapshotsTest-1979950816-network', 'tenant_id': '2951c770c71c47b880dad0497ff97333', 'admin_state_up': True, 'mtu': 8950, 'status': 'ACTIVE', 'subnets': [], 'shared': False, 'project_id': '2951c770c71c47b880dad0497ff97333', 'port_security_enabled': True, 'router:external': False, 'provider:network_type': 'vlan', 'provider:physical_network': 'default', 'provider:segmentation_id': 986, 'availability_zone_hints': [], 'availability_zones': [], 'ipv4_address_scope': None, 'ipv6_address_scope': None, 'description': '', 'tags': [], 'created_at': '2024-12-16T19:51:15Z', 'updated_at': '2024-12-16T19:51:15Z', 'revision_number': 1}, Subnet: {'id': 'ccb4f10a-9eab-4368-8282-21f8759fbe52', 'name': 'tempest-VolumesAssistedSnapshotsTest-1979950816-subnet', 'tenant_id': '2951c770c71c47b880dad0497ff97333', 'network_id': '7819e686-b71d-4177-a9b4-61cfe11a464c', 'ip_version': 4, 'subnetpool_id': None, 'enable_dhcp': True, 'ipv6_ra_mode': None, 'ipv6_address_mode': None, 'gateway_ip': '192.168.128.1', 'cidr': '192.168.128.0/28', 'allocation_pools': [{'start': '192.168.128.2', 'end': '192.168.128.14'}], 'host_routes': [], 'dns_nameservers': [], 'description': '', 'router:external': False, 'service_types': [], 'tags': [], 'created_at': '2024-12-16T19:51:15Z', 'updated_at': '2024-12-16T19:51:15Z', 'revision_number': 0, 'project_id': '2951c770c71c47b880dad0497ff97333'}, Router: {'id': 'f4843fb0-261e-472d-8c60-111cac73d40d', 'name': 'tempest-VolumesAssistedSnapshotsTest-1979950816-router', 'tenant_id': '2951c770c71c47b880dad0497ff97333', 'admin_state_up': True, 'status': 'ACTIVE', 'external_gateway_info': {'network_id': 'dafceb22-5be6-4099-863f-4dffce09e0d7', 'external_fixed_ips': [{'subnet_id': '19d9213f-36ce-4dc8-b474-b2c0e692a6f3', 'ip_address': '10.180.180.246'}], 'enable_snat': True}, 'description': '', 'availability_zones': [], 'distributed': False, 'ha': False, 'availability_zone_hints': [], 'routes': [], 'flavor_id': None, 'tags': [], 'created_at': '2024-12-16T19:51:15Z', 'updated_at': '2024-12-16T19:51:16Z', 'revision_number': 2, 'project_id': '2951c770c71c47b880dad0497ff97333'}
2024-12-16 19:51:18.644 67537 INFO tempest.lib.common.rest_client [req-4a414d5d-1bd5-4b81-b163-c62126d4fd8d req-4a414d5d-1bd5-4b81-b163-c62126d4fd8d ] Request (TenantUsagesNegativeTestJSON:tearDownClass): 201 POST http://10.180.1.21/identity/v3/auth/tokens 0.070s
2024-12-16 19:51:18.725 67504 INFO tempest.lib.common.rest_client [req-cf82750b-b38a-4811-9120-8bd7e8e87e66 req-cf82750b-b38a-4811-9120-8bd7e8e87e66 ] Request (VolumesAssistedSnapshotsTest:setUpClass): 201 POST http://10.180.1.21/identity/v3/auth/tokens 0.085s
2024-12-16 19:51:18.763 67510 INFO tempest.lib.common.rest_client [req-2547985a-db30-42f4-96a8-af182def1634 req-2547985a-db30-42f4-96a8-af182def1634 ] Request (FlavorsV255TestJSON:test_crud_flavor): 200 POST http://10.180.1.21/compute/v2.1/flavors 2.074s
2024-12-16 19:51:18.768 67559 INFO tempest.lib.common.rest_client [req-38898d0f-15a5-400f-bd7d-44155512e943 req-38898d0f-15a5-400f-bd7d-44155512e943 ] Request (HypervisorAdminNegativeTestJSON:test_get_hypervisor_list_with_non_admin_user): 403 GET http://10.180.1.21/compute/v2.1/os-hypervisors 1.961s
2024-12-16 19:51:18.834 67532 INFO tempest.lib.common.rest_client [req-2f68a903-f419-4bcd-919e-4ff5022fddc4 req-2f68a903-f419-4bcd-919e-4ff5022fddc4 ] Request (FlavorsAccessTestJSON:test_flavor_access_add_remove): 200 POST http://10.180.1.21/compute/v2.1/flavors/596801193/action 2.178s
2024-12-16 19:51:18.855 67500 INFO tempest.lib.common.rest_client [req-654b9262-abe2-4180-833c-d5cd02a9eccb req-654b9262-abe2-4180-833c-d5cd02a9eccb ] Request (ServerDiagnosticsV248Test:test_get_server_diagnostics): 200 GET http://10.180.1.21/compute/v2.1/servers/47226e9d-c8d7-4e63-91ed-12cc91d2bf00 1.967s
2024-12-16 19:51:18.874 67504 INFO tempest.lib.common.rest_client [req-7bd70704-6b3c-4ee0-845f-1b294b097efe req-7bd70704-6b3c-4ee0-845f-1b294b097efe ] Request (VolumesAssistedSnapshotsTest:setUpClass): 201 POST http://10.180.1.21/identity/v3/projects 0.149s
2024-12-16 19:51:18.895 67508 INFO tempest.lib.common.rest_client [req-5beeb169-468c-4c7d-9786-ad61733fc64b req-5beeb169-468c-4c7d-9786-ad61733fc64b ] Request (HostsAdminTestJSON:test_list_hosts_with_a_blank_zone): 200 GET http://10.180.1.21/compute/v2.1/os-hosts?zone= 2.000s
2024-12-16 19:51:18.901 67518 INFO tempest.lib.common.rest_client [req-998c00f9-4908-422a-8a31-aa84c22fedce req-998c00f9-4908-422a-8a31-aa84c22fedce ] Request (HypervisorAdminUnderV252Test:test_get_hypervisor_show_servers): 200 GET http://10.180.1.21/compute/v2.1/os-hypervisors/domain-c8.fc996f14-c53b-4953-92e3-bdfa48f5cc28/servers 1.951s
2024-12-16 19:51:18.934 67520 INFO tempest.lib.common.rest_client [req-11891a09-24c0-47c6-a4cb-d7120bde5533 req-11891a09-24c0-47c6-a4cb-d7120bde5533 ] Request (KeyPairsV210TestJSON:test_admin_manage_keypairs_for_other_users): 200 GET http://10.180.1.21/compute/v2.1/os-keypairs/tempest-keypair-2044148133?user_id=f5c6dba4a5384962b1ffdb51a2892478 1.895s
2024-12-16 19:51:18.986 67534 INFO tempest.lib.common.rest_client [req-5744fcc5-48c4-45cf-8df1-9cef1a666f1f req-5744fcc5-48c4-45cf-8df1-9cef1a666f1f ] Request (HypervisorAdminV253TestBase:test_list_show_detail_hypervisors): 200 GET http://10.180.1.21/compute/v2.1/os-hypervisors?with_servers=True 1.921s
2024-12-16 19:51:18.999 67504 INFO tempest.lib.common.rest_client [req-d9c914de-ef79-481c-9c6c-322836acb98a req-d9c914de-ef79-481c-9c6c-322836acb98a ] Request (VolumesAssistedSnapshotsTest:setUpClass): 201 POST http://10.180.1.21/identity/v3/users 0.124s
2024-12-16 19:51:19.032 67512 INFO tempest.lib.common.rest_client [req-7e3718e3-0d42-4cb1-8665-a896034ff9ba req-7e3718e3-0d42-4cb1-8665-a896034ff9ba ] Request (ImagesOneServerNegativeTestJSON:setUpClass): 200 PUT http://10.180.1.21:9696/networking/v2.0/routers/1a3a6f25-5ff5-4f5d-84ec-fdb99bc22f4c/add_router_interface 1.007s
2024-12-16 19:51:19.032 67512 INFO tempest.lib.common.dynamic_creds [-] Created isolated network resources for: credentials: Credentials: {'domain_id': 'default', 'domain_name': 'Default', 'username': 'tempest-ImagesOneServerNegativeTestJSON-1766601779-project-member', 'project_domain_id': 'default', 'project_domain_name': 'Default', 'project_id': '5527e2895f394031b7676b414e9916e3', 'project_name': 'tempest-ImagesOneServerNegativeTestJSON-1766601779', 'tenant_id': '5527e2895f394031b7676b414e9916e3', 'tenant_name': 'tempest-ImagesOneServerNegativeTestJSON-1766601779', 'user_domain_id': 'default', 'user_domain_name': 'Default', 'user_id': '0c1e0d0a2427455a8a2d74fad4174c94', 'system': None}, Network: {'id': 'c3194bae-cdc8-472b-a50f-ccb5f9b70928', 'name': 'tempest-ImagesOneServerNegativeTestJSON-1050816381-network', 'tenant_id': '5527e2895f394031b7676b414e9916e3', 'admin_state_up': True, 'mtu': 8950, 'status': 'ACTIVE', 'subnets': [], 'shared': False, 'project_id': '5527e2895f394031b7676b414e9916e3', 'port_security_enabled': True, 'router:external': False, 'provider:network_type': 'vlan', 'provider:physical_network': 'default', 'provider:segmentation_id': 798, 'availability_zone_hints': [], 'availability_zones': [], 'ipv4_address_scope': None, 'ipv6_address_scope': None, 'description': '', 'tags': [], 'created_at': '2024-12-16T19:51:16Z', 'updated_at': '2024-12-16T19:51:16Z', 'revision_number': 1}, Subnet: {'id': 'a3769dd0-745b-4bf6-b446-ac81dc5bfcde', 'name': 'tempest-ImagesOneServerNegativeTestJSON-1050816381-subnet', 'tenant_id': '5527e2895f394031b7676b414e9916e3', 'network_id': 'c3194bae-cdc8-472b-a50f-ccb5f9b70928', 'ip_version': 4, 'subnetpool_id': None, 'enable_dhcp': True, 'ipv6_ra_mode': None, 'ipv6_address_mode': None, 'gateway_ip': '192.168.128.1', 'cidr': '192.168.128.0/28', 'allocation_pools': [{'start': '192.168.128.2', 'end': '192.168.128.14'}], 'host_routes': [], 'dns_nameservers': [], 'description': '', 'router:external': False, 'service_types': [], 'tags': [], 'created_at': '2024-12-16T19:51:16Z', 'updated_at': '2024-12-16T19:51:16Z', 'revision_number': 0, 'project_id': '5527e2895f394031b7676b414e9916e3'}, Router: {'id': '1a3a6f25-5ff5-4f5d-84ec-fdb99bc22f4c', 'name': 'tempest-ImagesOneServerNegativeTestJSON-1050816381-router', 'tenant_id': '5527e2895f394031b7676b414e9916e3', 'admin_state_up': True, 'status': 'ACTIVE', 'external_gateway_info': {'network_id': 'dafceb22-5be6-4099-863f-4dffce09e0d7', 'external_fixed_ips': [{'subnet_id': '19d9213f-36ce-4dc8-b474-b2c0e692a6f3', 'ip_address': '10.180.180.181'}], 'enable_snat': True}, 'description': '', 'availability_zones': [], 'distributed': False, 'ha': False, 'availability_zone_hints': [], 'routes': [], 'flavor_id': None, 'tags': [], 'created_at': '2024-12-16T19:51:17Z', 'updated_at': '2024-12-16T19:51:17Z', 'revision_number': 2, 'project_id': '5527e2895f394031b7676b414e9916e3'}
2024-12-16 19:51:19.089 67537 INFO tempest.lib.common.rest_client [req-649d7433-b3b7-4a8d-af0e-3d140c744518 req-649d7433-b3b7-4a8d-af0e-3d140c744518 ] Request (TenantUsagesNegativeTestJSON:tearDownClass): 200 GET http://10.180.1.21:9696/networking/v2.0/security-groups?tenant_id=b0b974c58918445b8e1c6c967a992bc0&name=default 0.444s
2024-12-16 19:51:19.093 67514 INFO tempest.lib.common.rest_client [req-a6327323-fa61-49a5-97eb-9dfea1e940e9 req-a6327323-fa61-49a5-97eb-9dfea1e940e9 ] Request (HostsAdminNegativeTestJSON:test_list_hosts_with_non_admin_user): 403 GET http://10.180.1.21/compute/v2.1/os-hosts 1.950s
2024-12-16 19:51:19.106 67504 INFO tempest.lib.common.rest_client [req-c5f285b4-b573-438a-a370-bced7e346c50 req-c5f285b4-b573-438a-a370-bced7e346c50 ] Request (VolumesAssistedSnapshotsTest:setUpClass): 200 GET http://10.180.1.21/identity/v3/roles 0.106s
2024-12-16 19:51:19.119 67553 INFO tempest.lib.common.rest_client [req-a9496804-a324-4d79-90b8-fea2ce6a3abe req-a9496804-a324-4d79-90b8-fea2ce6a3abe ] Request (HypervisorAdminTestJSON:test_get_hypervisor_list_details): 200 GET http://10.180.1.21/compute/v2.1/os-hypervisors/detail 1.934s
2024-12-16 19:51:19.136 67506 INFO tempest.lib.common.rest_client [req-3595d7b7-e1d5-45e3-9b00-976c9a3ab044 req-3595d7b7-e1d5-45e3-9b00-976c9a3ab044 ] Request (QuotasAdminNegativeTest:test_create_server_when_cpu_quota_is_full): 200 PUT http://10.180.1.21/compute/v2.1/os-quota-sets/18f6cd0d0bac4260919191c1896ced55 2.132s
2024-12-16 19:51:19.145 67504 INFO tempest.lib.common.rest_client [req-2e29b3e0-4213-4b1f-9089-6a2d1879b684 req-2e29b3e0-4213-4b1f-9089-6a2d1879b684 ] Request (VolumesAssistedSnapshotsTest:setUpClass): 204 PUT http://10.180.1.21/identity/v3/projects/a93c398953f5452ea72a19a392226ec6/users/dda1e70ce0b54cb4be8622445a4beb86/roles/5bf9f91d90664dbd8684d99f01cf60df 0.038s
2024-12-16 19:51:19.148 67551 INFO tempest.lib.common.rest_client [req-90dcbbfe-6ae6-4b9d-ba94-9bb5d27a7aa0 req-90dcbbfe-6ae6-4b9d-ba94-9bb5d27a7aa0 ] Request (FlavorsV2TestJSON:test_list_flavors_detailed_filter_by_min_ram): 200 GET http://10.180.1.21/compute/v2.1/flavors/detail?minRam=193 1.916s
2024-12-16 19:51:19.167 67512 INFO tempest.lib.common.rest_client [req-cd009f60-a73a-4c52-8121-15ae7850c587 req-cd009f60-a73a-4c52-8121-15ae7850c587 ] Request (ImagesOneServerNegativeTestJSON:setUpClass): 201 POST http://10.180.1.21/identity/v3/auth/tokens 0.132s
2024-12-16 19:51:19.191 67496 INFO tempest.lib.common.rest_client [req-3e52f1e9-10f0-4461-9a0a-e08701ad1741 req-3e52f1e9-10f0-4461-9a0a-e08701ad1741 ] Request (AggregatesAdminNegativeTestJSON:test_aggregate_add_existent_host): 409 POST http://10.180.1.21/compute/v2.1/os-aggregates/1/action 1.731s
2024-12-16 19:51:19.230 67504 INFO tempest.lib.common.rest_client [req-f49e23e4-d696-468e-a050-5368372da534 req-f49e23e4-d696-468e-a050-5368372da534 ] Request (VolumesAssistedSnapshotsTest:setUpClass): 200 GET http://10.180.1.21/identity/v3/roles 0.085s
2024-12-16 19:51:19.233 67526 INFO tempest.lib.common.rest_client [req-1baa363e-46b1-427e-b8e2-64580cbdf155 req-1baa363e-46b1-427e-b8e2-64580cbdf155 ] Request (InstanceUsageAuditLogNegativeTestJSON:test_instance_usage_audit_logs_with_nonadmin_user): 403 GET http://10.180.1.21/compute/v2.1/os-instance_usage_audit_log 1.981s
2024-12-16 19:51:19.248 67541 INFO tempest.lib.common.rest_client [req-cf156489-b6bb-426a-b53a-07eb436cb0af req-cf156489-b6bb-426a-b53a-07eb436cb0af ] Request (FlavorsExtraSpecsNegativeTestJSON:test_flavor_non_admin_set_keys): 403 POST http://10.180.1.21/compute/v2.1/flavors/1917602602/os-extra_specs 1.559s
2024-12-16 19:51:19.251 67529 INFO tempest.lib.common.rest_client [req-837c72f9-1a8e-46be-8f85-95966a81724d req-837c72f9-1a8e-46be-8f85-95966a81724d ] Request (DeleteServersAdminTestJSON:test_admin_delete_servers_of_others): 200 GET http://10.180.1.21/compute/v2.1/servers/1252f513-6deb-44c8-a919-548eb2a4f14a 1.716s
2024-12-16 19:51:19.259 67537 INFO tempest.lib.common.rest_client [req-feaa1a93-b34e-49de-8e39-97c17286ed4d req-feaa1a93-b34e-49de-8e39-97c17286ed4d ] Request (TenantUsagesNegativeTestJSON:tearDownClass): 204 DELETE http://10.180.1.21:9696/networking/v2.0/security-groups/b363ac46-c4fe-4e8b-8812-8ee494945be8 0.170s
2024-12-16 19:51:19.274 67506 INFO tempest.lib.common.rest_client [req-71198a3c-acd1-4f47-9f16-ee527a888d9b req-71198a3c-acd1-4f47-9f16-ee527a888d9b ] Request (QuotasAdminNegativeTest:test_create_server_when_cpu_quota_is_full): 201 POST http://10.180.1.21/identity/v3/auth/tokens 0.122s
2024-12-16 19:51:19.274 67506 INFO tempest.lib.common.fixed_network [-] (QuotasAdminNegativeTest:test_create_server_when_cpu_quota_is_full) Found network None available for tenant
2024-12-16 19:51:19.289 67512 INFO tempest.lib.common.rest_client [req-5f448885-66d7-4587-ac59-47b98e237020 req-5f448885-66d7-4587-ac59-47b98e237020 ] Request (ImagesOneServerNegativeTestJSON:setUpClass): 201 POST http://10.180.1.21/identity/v3/auth/tokens 0.117s
