2024-12-16 19:53:40.347 67551 INFO tempest.lib.common.dynamic_creds [-] Acquired dynamic creds: credentials: Credentials: {'domain_id': 'default', 'domain_name': 'Default', 'username': 'tempest-ComputeTenantNetworksTest-847349494-project-member', 'project_domain_id': 'default', 'project_domain_name': 'Default', 'project_id': 'd5a98bd62d3a4f53832207356c9f0e5f', 'project_name': 'tempest-ComputeTenantNetworksTest-847349494', 'tenant_id': 'd5a98bd62d3a4f53832207356c9f0e5f', 'tenant_name': 'tempest-ComputeTenantNetworksTest-847349494', 'user_domain_id': 'default', 'user_domain_name': 'Default', 'user_id': '13c728d5996f4824bc5c0107332d2a7e', 'system': None}, Network: None, Subnet: None, Router: None
2024-12-16 19:53:40.412 67551 INFO tempest.lib.common.rest_client [req-2ed1bbe8-d21d-47cc-a3b5-c9ad40c429f5 req-2ed1bbe8-d21d-47cc-a3b5-c9ad40c429f5 ] Request (ComputeTenantNetworksTest:setUpClass): 201 POST http://10.180.1.21/identity/v3/auth/tokens 0.065s
2024-12-16 19:53:40.462 67506 INFO tempest.lib.common.rest_client [req-b7b92e70-3775-43cd-93c7-3212af30400c req-b7b92e70-3775-43cd-93c7-3212af30400c ] Request (ServerGroupTestJSON:test_create_server_with_scheduler_hint_group): 200 GET http://10.180.1.21/compute/v2.1/servers/677bd1fb-54e0-4cd7-b28b-0f60575ff6b0 0.462s
2024-12-16 19:53:40.492 67529 INFO tempest.lib.common.rest_client [req-b7cd6a7c-7a18-4e9f-96b6-9b868507dedd req-b7cd6a7c-7a18-4e9f-96b6-9b868507dedd ] Request (DeleteServersAdminTestJSON:test_delete_server_while_in_error_state): 200 GET http://10.180.1.21/compute/v2.1/servers/0b9be8e5-f5b1-4206-8001-58e40e6d45a7 0.290s
2024-12-16 19:53:40.644 67553 INFO tempest.lib.common.rest_client [req-a413f659-90c5-41fa-bd93-61cd340d1b1a req-a413f659-90c5-41fa-bd93-61cd340d1b1a ] Request (ServerDiskConfigTestJSON:test_rebuild_server_with_auto_disk_config): 200 GET http://10.180.1.21/compute/v2.1/servers/769d673a-b23e-4995-a6d9-2d2d53a6b469 0.385s
2024-12-16 19:53:40.651 67500 INFO tempest.lib.common.rest_client [req-b15178f2-5829-481e-9f95-f35b98a793e9 req-b15178f2-5829-481e-9f95-f35b98a793e9 ] Request (FloatingIPsAssociationNegativeTestJSON:setUpClass): 200 GET http://10.180.1.21/compute/v2.1/servers/7d5a350c-8215-4ec0-8cf4-c33b0f8bbd02 0.296s
2024-12-16 19:53:40.654 67553 INFO tempest.common.waiters [-] State transition "REBUILD/rebuilding" ==> "REBUILD/rebuild_block_device_mapping" after 4 second wait
2024-12-16 19:53:40.706 67541 INFO tempest.lib.common.rest_client [req-1a959e2a-4251-4a9a-b66d-d5a0c0984960 req-1a959e2a-4251-4a9a-b66d-d5a0c0984960 ] Request (AttachVolumeShelveTestJSON:test_attach_volume_shelved_or_offload_server): 200 GET http://10.180.1.21/compute/v2.1/servers/3f45007f-d699-43f9-a2fd-84565bd1930c 0.289s
2024-12-16 19:53:40.772 67537 INFO tempest.lib.common.rest_client [req-e5d910de-3b4b-4a75-847e-75bbbb6dc797 req-e5d910de-3b4b-4a75-847e-75bbbb6dc797 ] Request (SecurityGroupsTestJSON:test_server_security_groups): 200 GET http://10.180.1.21/compute/v2.1/servers/cc545355-26ef-45fd-bacb-2515f52b84bb 0.234s
2024-12-16 19:53:40.784 67557 INFO tempest.lib.common.rest_client [req-18b3e214-f532-490a-9c9b-71351cd1acea req-18b3e214-f532-490a-9c9b-71351cd1acea ] Request (MigrationsAdminTest:test_list_migrations_in_flavor_resize_situation): 200 GET http://10.180.1.21/compute/v2.1/servers/6321e4cd-2f34-4dca-b144-2c5eadcbf8fc 0.318s
2024-12-16 19:53:40.793 67551 INFO tempest.lib.common.rest_client [req-2da3209c-6a8e-4810-8c0c-a8fbf7ea00e2 req-2da3209c-6a8e-4810-8c0c-a8fbf7ea00e2 ] Request (ComputeTenantNetworksTest:setUpClass): 201 POST http://10.180.1.21:9696/networking/v2.0/networks 0.381s
2024-12-16 19:53:40.793 67551 INFO tempest.lib.common.dynamic_creds [-] Created isolated network resources for: credentials: Credentials: {'domain_id': 'default', 'domain_name': 'Default', 'username': 'tempest-ComputeTenantNetworksTest-847349494-project-member', 'project_domain_id': 'default', 'project_domain_name': 'Default', 'project_id': 'd5a98bd62d3a4f53832207356c9f0e5f', 'project_name': 'tempest-ComputeTenantNetworksTest-847349494', 'tenant_id': 'd5a98bd62d3a4f53832207356c9f0e5f', 'tenant_name': 'tempest-ComputeTenantNetworksTest-847349494', 'user_domain_id': 'default', 'user_domain_name': 'Default', 'user_id': '13c728d5996f4824bc5c0107332d2a7e', 'system': None}, Network: {'id': '52bbaa22-d706-48e5-9707-b493a84c421e', 'name': 'tempest-ComputeTenantNetworksTest-1551997724-network', 'tenant_id': 'd5a98bd62d3a4f53832207356c9f0e5f', 'admin_state_up': True, 'mtu': 8950, 'status': 'ACTIVE', 'subnets': [], 'shared': False, 'project_id': 'd5a98bd62d3a4f53832207356c9f0e5f', 'port_security_enabled': True, 'router:external': False, 'provider:network_type': 'vlan', 'provider:physical_network': 'default', 'provider:segmentation_id': 708, 'availability_zone_hints': [], 'availability_zones': [], 'ipv4_address_scope': None, 'ipv6_address_scope': None, 'description': '', 'tags': [], 'created_at': '2024-12-16T19:53:40Z', 'updated_at': '2024-12-16T19:53:40Z', 'revision_number': 1}, Subnet: None, Router: None
2024-12-16 19:53:40.838 67498 INFO tempest.lib.common.rest_client [req-78a28823-5b82-47bf-82f0-323038cc0c6f req-78a28823-5b82-47bf-82f0-323038cc0c6f ] Request (ImagesTestJSON:test_create_image_from_stopped_server): 200 GET http://10.180.1.21/compute/v2.1/servers/d12cfef2-7912-4cca-bfd4-714b61f62444 0.218s
2024-12-16 19:53:40.887 67551 INFO tempest.lib.common.rest_client [req-3f85ac54-bad1-463f-b676-b8c19a2c299a req-3f85ac54-bad1-463f-b676-b8c19a2c299a ] Request (ComputeTenantNetworksTest:setUpClass): 201 POST http://10.180.1.21/identity/v3/auth/tokens 0.090s
2024-12-16 19:53:40.900 67549 INFO tempest.lib.common.rest_client [req-cc7e19ce-2f1b-42c0-a9ba-ab3b426b9a33 req-cc7e19ce-2f1b-42c0-a9ba-ab3b426b9a33 ] Request (ServersAdminNegativeTestJSON:tearDownClass): 200 GET http://10.180.1.21/compute/v2.1/servers/ac96cdc3-e0ea-478a-8ed4-72c264eea1f4 0.199s
2024-12-16 19:53:40.916 67548 INFO tempest.lib.common.rest_client [req-cea7f8c1-07ff-4fcc-83a0-c3480ab2b17b req-cea7f8c1-07ff-4fcc-83a0-c3480ab2b17b ] Request (ServerActionsV293TestJSON:setUpClass): 200 GET http://10.180.1.21/compute/v2.1/servers/7703addf-fe6d-40f7-bb52-47fa36c14a50 0.281s
2024-12-16 19:53:40.928 67551 INFO tempest.lib.common.rest_client [req-9f6b5ed9-c3c8-42fc-89e7-eb0347f89a65 req-9f6b5ed9-c3c8-42fc-89e7-eb0347f89a65 ] Request (ComputeTenantNetworksTest:setUpClass): 201 POST http://10.180.1.21/identity/v3/auth/tokens 0.036s
2024-12-16 19:53:40.928 67551 INFO tempest.lib.common.fixed_network [-] (ComputeTenantNetworksTest:setUpClass) Found network {'id': '52bbaa22-d706-48e5-9707-b493a84c421e', 'name': 'tempest-ComputeTenantNetworksTest-1551997724-network', 'tenant_id': 'd5a98bd62d3a4f53832207356c9f0e5f', 'admin_state_up': True, 'mtu': 8950, 'status': 'ACTIVE', 'subnets': [], 'shared': False, 'project_id': 'd5a98bd62d3a4f53832207356c9f0e5f', 'port_security_enabled': True, 'router:external': False, 'provider:network_type': 'vlan', 'provider:physical_network': 'default', 'provider:segmentation_id': 708, 'availability_zone_hints': [], 'availability_zones': [], 'ipv4_address_scope': None, 'ipv6_address_scope': None, 'description': '', 'tags': [], 'created_at': '2024-12-16T19:53:40Z', 'updated_at': '2024-12-16T19:53:40Z', 'revision_number': 1} available for tenant
2024-12-16 19:53:40.930 67548 INFO tempest.common.waiters [-] State transition "BUILD/spawning" ==> "ACTIVE/None" after 85 second wait
2024-12-16 19:53:40.955 67508 INFO tempest.lib.common.rest_client [req-6d798860-f0aa-4090-9d21-68cfd3bac861 req-6d798860-f0aa-4090-9d21-68cfd3bac861 ] Request (ImagesOneServerTestJSON:setUpClass): 200 GET http://10.180.1.21/compute/v2.1/servers/815360f4-e271-4210-b6b9-9866db7cf536 0.251s
2024-12-16 19:53:41.027 67548 INFO tempest.lib.common.rest_client [req-1c46f3a5-be54-4d28-b0a7-f06fa00f64a1 req-1c46f3a5-be54-4d28-b0a7-f06fa00f64a1 ] Request (ServerActionsV293TestJSON:setUpClass): 200 GET http://10.180.1.21/compute/v2.1/servers/7703addf-fe6d-40f7-bb52-47fa36c14a50/os-interface 0.096s
2024-12-16 19:53:41.048 67520 INFO tempest.lib.common.rest_client [req-86edcd98-fb39-4905-9aea-047607de46c6 req-86edcd98-fb39-4905-9aea-047607de46c6 ] Request (InstanceActionsNegativeTestJSON:tearDownClass): 200 PUT http://10.180.1.21:9696/networking/v2.0/routers/52644a17-fb17-43dd-b9ee-ba0294a4d1b9/remove_router_interface 0.838s
2024-12-16 19:53:41.108 67555 INFO tempest.lib.common.rest_client [req-ea567310-ad1c-42cc-8364-9228e59baa58 req-ea567310-ad1c-42cc-8364-9228e59baa58 ] Request (ServersNegativeTestMultiTenantJSON:setUpClass): 200 GET http://10.180.1.21/compute/v2.1/servers/fa18a3fc-87f6-44e9-9ffc-f570460aefb1 0.123s
2024-12-16 19:53:41.142 67551 INFO tempest.lib.common.rest_client [req-80b86011-b048-452a-8056-58c7b5249ac1 req-80b86011-b048-452a-8056-58c7b5249ac1 ] Request (ComputeTenantNetworksTest:test_list_show_tenant_networks): 200 GET http://10.180.1.21/compute/v2.1/os-tenant-networks 0.213s
2024-12-16 19:53:41.188 67543 INFO tempest.lib.common.rest_client [req-c2f2ffc5-b3b1-4ca5-bb89-09f77f5fff02 req-c2f2ffc5-b3b1-4ca5-bb89-09f77f5fff02 ] Request (ListServerFiltersTestJSON:tearDownClass): 200 GET http://10.180.1.21/compute/v2.1/servers/e1900551-fbeb-4ac9-b570-acefcdb408ad 0.201s
2024-12-16 19:53:41.250 67512 INFO tempest.lib.common.rest_client [req-6908f83c-05a5-4e8b-897c-77c032f8291e req-6908f83c-05a5-4e8b-897c-77c032f8291e ] Request (ImagesOneServerNegativeTestJSON:_run_cleanups): 200 GET http://10.180.1.21/compute/v2.1/servers/cf0628fc-d8f4-4b6a-90c9-3392462f3b00 0.178s
2024-12-16 19:53:41.251 67522 INFO tempest.lib.common.rest_client [req-d3384f22-b38e-48d0-a606-27b1705496a7 req-d3384f22-b38e-48d0-a606-27b1705496a7 ] Request (ServersAdminTestJSON:test_inject_network_info): 200 GET http://10.180.1.21/compute/v2.1/servers/bc1cf61d-aae7-4fa4-9d42-ce49120dd7c1 0.162s
2024-12-16 19:53:41.310 67551 INFO tempest.lib.common.rest_client [req-c16ebfdf-512e-4877-a1d3-8a43509cca07 req-c16ebfdf-512e-4877-a1d3-8a43509cca07 ] Request (ComputeTenantNetworksTest:test_list_show_tenant_networks): 200 GET http://10.180.1.21/compute/v2.1/os-tenant-networks/52bbaa22-d706-48e5-9707-b493a84c421e 0.166s
2024-12-16 19:53:41.329 67524 INFO tempest.lib.common.rest_client [req-6b78f216-a9f7-4b2d-957f-c709126acaed req-6b78f216-a9f7-4b2d-957f-c709126acaed ] Request (ServerRescueTestJSON:setUpClass): 200 GET http://10.180.1.21/compute/v2.1/servers/f07729fe-f159-4ff5-90e0-33f7696a22c6 0.207s
2024-12-16 19:53:41.398 67545 INFO tempest.lib.common.rest_client [req-06d3eee9-c315-4f60-8c9d-31379e413bb2 req-06d3eee9-c315-4f60-8c9d-31379e413bb2 ] Request (AttachInterfacesUnderV243Test:test_add_remove_fixed_ip): 200 GET http://10.180.1.21/compute/v2.1/servers/90ce8db7-eedc-48b3-b579-efc2ad00ed6f 0.212s
2024-12-16 19:53:41.420 67532 INFO tempest.lib.common.rest_client [req-cc527ddd-2203-4e50-9adb-b17028e1b217 req-cc527ddd-2203-4e50-9adb-b17028e1b217 ] Request (ServersTestJSON:test_create_server_with_ipv6_addr_only): 200 GET http://10.180.1.21/compute/v2.1/servers/49e13667-875d-4566-9bca-6a4d45dd7770 0.223s
2024-12-16 19:53:41.498 67526 INFO tempest.lib.common.rest_client [req-cd49d310-ae65-4e03-a1fe-744bd3064e33 req-cd49d310-ae65-4e03-a1fe-744bd3064e33 ] Request (ServerActionsTestOtherA:setUpClass): 200 GET http://10.180.1.21/compute/v2.1/servers/09219395-79b1-4a17-8357-12266d342eb4 0.229s
2024-12-16 19:53:41.518 67534 INFO tempest.lib.common.rest_client [req-9c37a7b1-d44c-4834-8577-302d78ac893c req-9c37a7b1-d44c-4834-8577-302d78ac893c ] Request (MultipleCreateTestJSON:test_multiple_create_with_reservation_return): 200 GET http://10.180.1.21/compute/v2.1/servers/4ac3f891-119a-4f8c-bea7-516476f92767 0.229s
2024-12-16 19:53:41.564 67551 INFO tempest.lib.common.rest_client [req-86ac79c1-224c-4309-b989-9e1707a45f9b req-86ac79c1-224c-4309-b989-9e1707a45f9b ] Request (ComputeTenantNetworksTest:tearDownClass): 204 DELETE http://10.180.1.21:9696/networking/v2.0/networks/52bbaa22-d706-48e5-9707-b493a84c421e 0.245s
2024-12-16 19:53:41.638 67529 INFO tempest.lib.common.rest_client [req-8eef7c4a-65dd-407b-b0ae-3c97439ac12e req-8eef7c4a-65dd-407b-b0ae-3c97439ac12e ] Request (DeleteServersAdminTestJSON:test_delete_server_while_in_error_state): 200 GET http://10.180.1.21/compute/v2.1/servers/0b9be8e5-f5b1-4206-8001-58e40e6d45a7 0.136s
2024-12-16 19:53:41.650 67548 INFO tempest.lib.common.rest_client [req-0b2159ce-1bfb-48d5-82e7-538b6939bd10 req-0b2159ce-1bfb-48d5-82e7-538b6939bd10 ] Request (ServerActionsV293TestJSON:setUpClass): 200 PUT http://10.180.1.21:9696/networking/v2.0/floatingips/62ebc8e0-d789-4b56-b950-df6936582db9 0.621s
2024-12-16 19:53:41.699 67551 INFO tempest.lib.common.rest_client [req-2d00f933-b569-4488-b521-47c4ecf4889a req-2d00f933-b569-4488-b521-47c4ecf4889a ] Request (ComputeTenantNetworksTest:tearDownClass): 204 DELETE http://10.180.1.21/identity/v3/users/13c728d5996f4824bc5c0107332d2a7e 0.135s
2024-12-16 19:53:41.699 67551 INFO tempest.lib.common.dynamic_creds [-] Deleting project and security group for project: d5a98bd62d3a4f53832207356c9f0e5f
2024-12-16 19:53:41.744 67551 INFO tempest.lib.common.rest_client [req-168c3463-092a-4398-a881-a1f5e9a4abaf req-168c3463-092a-4398-a881-a1f5e9a4abaf ] Request (ComputeTenantNetworksTest:tearDownClass): 200 GET http://10.180.1.21:9696/networking/v2.0/security-groups?tenant_id=d5a98bd62d3a4f53832207356c9f0e5f&name=default 0.044s
2024-12-16 19:53:41.837 67551 INFO tempest.lib.common.rest_client [req-5344655e-3871-4ec3-8030-65e274aa70b3 req-5344655e-3871-4ec3-8030-65e274aa70b3 ] Request (ComputeTenantNetworksTest:tearDownClass): 204 DELETE http://10.180.1.21:9696/networking/v2.0/security-groups/b39fc384-eda7-4c11-8db1-14f45bf70e3a 0.092s
2024-12-16 19:53:41.962 67506 INFO tempest.lib.common.rest_client [req-937fde9b-cda8-4322-af32-30ac5b93d7af req-937fde9b-cda8-4322-af32-30ac5b93d7af ] Request (ServerGroupTestJSON:test_create_server_with_scheduler_hint_group): 200 GET http://10.180.1.21/compute/v2.1/servers/677bd1fb-54e0-4cd7-b28b-0f60575ff6b0 0.490s
2024-12-16 19:53:41.984 67551 INFO tempest.lib.common.rest_client [req-76a9c4d1-4a1d-4aa2-90fa-86287bc9b0fd req-76a9c4d1-4a1d-4aa2-90fa-86287bc9b0fd ] Request (ComputeTenantNetworksTest:tearDownClass): 204 DELETE http://10.180.1.21/identity/v3/projects/d5a98bd62d3a4f53832207356c9f0e5f 0.147s
2024-12-16 19:53:41.996 67548 INFO tempest.lib.common.rest_client [req-c2149c01-cfae-4804-a369-671b596010b3 req-c2149c01-cfae-4804-a369-671b596010b3 ] Request (ServerActionsV293TestJSON:test_rebuild_volume_backed_server): 200 GET http://10.180.1.21/compute/v2.1/servers/7703addf-fe6d-40f7-bb52-47fa36c14a50 0.345s
2024-12-16 19:53:42.022 67520 INFO tempest.lib.common.rest_client [req-be1610a1-2854-459b-a301-ed81661d42cd req-be1610a1-2854-459b-a301-ed81661d42cd ] Request (InstanceActionsNegativeTestJSON:tearDownClass): 204 DELETE http://10.180.1.21:9696/networking/v2.0/routers/52644a17-fb17-43dd-b9ee-ba0294a4d1b9 0.972s
2024-12-16 19:53:42.059 67548 INFO tempest.lib.common.rest_client [req-29113fa6-f65e-4ece-a469-beb127d7402a req-29113fa6-f65e-4ece-a469-beb127d7402a ] Request (ServerActionsV293TestJSON:test_rebuild_volume_backed_server): 200 GET http://10.180.1.21/volume/v3/volumes/8000f7b1-5da8-4a4d-bff1-a17dd6665284 0.048s
2024-12-16 19:53:42.067 67548 INFO tempest.lib.common.ssh [-] Creating ssh connection to '10.180.180.136:22' as 'cirros' with public key authentication
2024-12-16 19:53:42.201 67520 INFO tempest.lib.common.rest_client [req-bfed08fd-dc65-41e7-b7e3-5cde4931712f req-bfed08fd-dc65-41e7-b7e3-5cde4931712f ] Request (InstanceActionsNegativeTestJSON:tearDownClass): 204 DELETE http://10.180.1.21:9696/networking/v2.0/subnets/faf7db14-7a50-4ee4-a835-738af31beff7 0.176s
2024-12-16 19:53:42.238 67553 INFO tempest.lib.common.rest_client [req-75ae839e-4832-494a-b622-224e40703437 req-75ae839e-4832-494a-b622-224e40703437 ] Request (ServerDiskConfigTestJSON:test_rebuild_server_with_auto_disk_config): 200 GET http://10.180.1.21/compute/v2.1/servers/769d673a-b23e-4995-a6d9-2d2d53a6b469 0.582s
2024-12-16 19:53:42.244 67553 INFO tempest.common.waiters [-] State transition "REBUILD/rebuild_block_device_mapping" ==> "REBUILD/rebuild_spawning" after 6 second wait
2024-12-16 19:53:42.263 67500 INFO tempest.lib.common.rest_client [req-00250e62-2e48-4281-bffc-d897756df3ec req-00250e62-2e48-4281-bffc-d897756df3ec ] Request (FloatingIPsAssociationNegativeTestJSON:setUpClass): 200 GET http://10.180.1.21/compute/v2.1/servers/7d5a350c-8215-4ec0-8cf4-c33b0f8bbd02 0.603s
2024-12-16 19:53:42.298 67541 INFO tempest.lib.common.rest_client [req-56c64791-34d7-47f6-9780-cfe38d5f7f19 req-56c64791-34d7-47f6-9780-cfe38d5f7f19 ] Request (AttachVolumeShelveTestJSON:test_attach_volume_shelved_or_offload_server): 200 GET http://10.180.1.21/compute/v2.1/servers/3f45007f-d699-43f9-a2fd-84565bd1930c 0.584s
2024-12-16 19:53:42.322 67537 INFO tempest.lib.common.rest_client [req-f5384778-e66f-4137-95ce-a93d6db432d2 req-f5384778-e66f-4137-95ce-a93d6db432d2 ] Request (SecurityGroupsTestJSON:test_server_security_groups): 200 GET http://10.180.1.21/compute/v2.1/servers/cc545355-26ef-45fd-bacb-2515f52b84bb 0.541s
2024-12-16 19:53:42.333 67537 INFO tempest.common.waiters [-] State transition "BUILD/scheduling" ==> "BUILD/None" after 38 second wait
2024-12-16 19:53:42.387 67498 INFO tempest.lib.common.rest_client [req-29cd6b13-4a89-45e8-9cb7-9acbb665f2ed req-29cd6b13-4a89-45e8-9cb7-9acbb665f2ed ] Request (ImagesTestJSON:test_create_image_from_stopped_server): 200 GET http://10.180.1.21/compute/v2.1/servers/d12cfef2-7912-4cca-bfd4-714b61f62444 0.540s
2024-12-16 19:53:42.424 67557 INFO tempest.lib.common.rest_client [req-c40f6db6-ab10-4961-9cfd-b9a33a4b8bc4 req-c40f6db6-ab10-4961-9cfd-b9a33a4b8bc4 ] Request (MigrationsAdminTest:test_list_migrations_in_flavor_resize_situation): 200 GET http://10.180.1.21/compute/v2.1/servers/6321e4cd-2f34-4dca-b144-2c5eadcbf8fc 0.630s
2024-12-16 19:53:42.453 67549 INFO tempest.lib.common.rest_client [req-23cef170-f98f-41a7-8c38-3b0b4bac4c32 req-23cef170-f98f-41a7-8c38-3b0b4bac4c32 ] Request (ServersAdminNegativeTestJSON:tearDownClass): 200 GET http://10.180.1.21/compute/v2.1/servers/ac96cdc3-e0ea-478a-8ed4-72c264eea1f4 0.543s
2024-12-16 19:53:42.458 67520 INFO tempest.lib.common.rest_client [req-b279146e-d7d9-4e53-8591-7c11c868c3bd req-b279146e-d7d9-4e53-8591-7c11c868c3bd ] Request (InstanceActionsNegativeTestJSON:tearDownClass): 204 DELETE http://10.180.1.21:9696/networking/v2.0/networks/d3874b90-d4dd-46aa-ba7c-60b8c31eacdf 0.257s
2024-12-16 19:53:42.500 67508 INFO tempest.lib.common.rest_client [req-a58d7e01-d128-4d6a-94c5-d06920f4d77f req-a58d7e01-d128-4d6a-94c5-d06920f4d77f ] Request (ImagesOneServerTestJSON:setUpClass): 200 GET http://10.180.1.21/compute/v2.1/servers/815360f4-e271-4210-b6b9-9866db7cf536 0.535s
2024-12-16 19:53:42.510 67555 INFO tempest.lib.common.rest_client [req-8ed6a1d0-de4b-42fe-9e93-1ecf49f338ae req-8ed6a1d0-de4b-42fe-9e93-1ecf49f338ae ] Request (ServersNegativeTestMultiTenantJSON:setUpClass): 200 GET http://10.180.1.21/compute/v2.1/servers/fa18a3fc-87f6-44e9-9ffc-f570460aefb1 0.391s
2024-12-16 19:53:42.588 67512 INFO tempest.lib.common.rest_client [req-45895212-105a-45a0-a739-2c4ef14f117f req-45895212-105a-45a0-a739-2c4ef14f117f ] Request (ImagesOneServerNegativeTestJSON:_run_cleanups): 200 GET http://10.180.1.21/compute/v2.1/servers/cf0628fc-d8f4-4b6a-90c9-3392462f3b00 0.329s
2024-12-16 19:53:42.592 67543 INFO tempest.lib.common.rest_client [req-b0bd1c6f-b817-4c11-8d48-270fd92e67ec req-b0bd1c6f-b817-4c11-8d48-270fd92e67ec ] Request (ListServerFiltersTestJSON:tearDownClass): 200 GET http://10.180.1.21/compute/v2.1/servers/e1900551-fbeb-4ac9-b570-acefcdb408ad 0.396s
2024-12-16 19:53:42.627 67520 INFO tempest.lib.common.rest_client [req-edeb59c8-b04b-41f4-833e-96a5d72bd9bf req-edeb59c8-b04b-41f4-833e-96a5d72bd9bf ] Request (InstanceActionsNegativeTestJSON:tearDownClass): 204 DELETE http://10.180.1.21/identity/v3/users/f9a4ac03eb0a4b6994c24f200347c199 0.169s
2024-12-16 19:53:42.627 67520 INFO tempest.lib.common.dynamic_creds [-] Deleting project and security group for project: bd3c393ab9ee43d68929222103b12701
2024-12-16 19:53:42.662 67520 INFO tempest.lib.common.rest_client [req-19f7addf-a9db-4cd0-91c4-2304e2cbcb1e req-19f7addf-a9db-4cd0-91c4-2304e2cbcb1e ] Request (InstanceActionsNegativeTestJSON:tearDownClass): 200 GET http://10.180.1.21:9696/networking/v2.0/security-groups?tenant_id=bd3c393ab9ee43d68929222103b12701&name=default 0.034s
2024-12-16 19:53:42.680 67524 INFO tempest.lib.common.rest_client [req-c24ca2fc-a87c-406e-af08-44ccf0194c42 req-c24ca2fc-a87c-406e-af08-44ccf0194c42 ] Request (ServerRescueTestJSON:setUpClass): 200 GET http://10.180.1.21/compute/v2.1/servers/f07729fe-f159-4ff5-90e0-33f7696a22c6 0.339s
2024-12-16 19:53:42.680 67522 INFO tempest.lib.common.rest_client [req-3885d061-2503-4f59-bb22-e3e30904887e req-3885d061-2503-4f59-bb22-e3e30904887e ] Request (ServersAdminTestJSON:test_inject_network_info): 200 GET http://10.180.1.21/compute/v2.1/servers/bc1cf61d-aae7-4fa4-9d42-ce49120dd7c1 0.419s
2024-12-16 19:53:42.752 67532 INFO tempest.lib.common.rest_client [req-e4b07987-ccec-4850-b7d1-1b72a6569559 req-e4b07987-ccec-4850-b7d1-1b72a6569559 ] Request (ServersTestJSON:test_create_server_with_ipv6_addr_only): 200 GET http://10.180.1.21/compute/v2.1/servers/49e13667-875d-4566-9bca-6a4d45dd7770 0.321s
2024-12-16 19:53:42.753 67545 INFO tempest.lib.common.rest_client [req-019345e8-d331-439e-b60d-acb4b21d3d51 req-019345e8-d331-439e-b60d-acb4b21d3d51 ] Request (AttachInterfacesUnderV243Test:test_add_remove_fixed_ip): 200 GET http://10.180.1.21/compute/v2.1/servers/90ce8db7-eedc-48b3-b579-efc2ad00ed6f 0.345s
2024-12-16 19:53:42.772 67520 INFO tempest.lib.common.rest_client [req-08bb30f6-918c-4b1b-bb62-61274c303430 req-08bb30f6-918c-4b1b-bb62-61274c303430 ] Request (InstanceActionsNegativeTestJSON:tearDownClass): 204 DELETE http://10.180.1.21:9696/networking/v2.0/security-groups/198cc49f-dd6b-4559-9131-d98142b0c3eb 0.110s
2024-12-16 19:53:42.839 67526 INFO tempest.lib.common.rest_client [req-bcf268f5-1ba0-405e-be65-f3469d9bab25 req-bcf268f5-1ba0-405e-be65-f3469d9bab25 ] Request (ServerActionsTestOtherA:setUpClass): 200 GET http://10.180.1.21/compute/v2.1/servers/09219395-79b1-4a17-8357-12266d342eb4 0.331s
2024-12-16 19:53:42.844 67534 INFO tempest.lib.common.rest_client [req-6003a9cc-a77d-42a5-8700-f4c4cdbd0984 req-6003a9cc-a77d-42a5-8700-f4c4cdbd0984 ] Request (MultipleCreateTestJSON:test_multiple_create_with_reservation_return): 200 GET http://10.180.1.21/compute/v2.1/servers/4ac3f891-119a-4f8c-bea7-516476f92767 0.316s
2024-12-16 19:53:42.912 67529 INFO tempest.lib.common.rest_client [req-3ca5e75b-81b7-4c7e-9f4b-7c351290b362 req-3ca5e75b-81b7-4c7e-9f4b-7c351290b362 ] Request (DeleteServersAdminTestJSON:test_delete_server_while_in_error_state): 200 GET http://10.180.1.21/compute/v2.1/servers/0b9be8e5-f5b1-4206-8001-58e40e6d45a7 0.260s
2024-12-16 19:53:42.913 67520 INFO tempest.lib.common.rest_client [req-91c5cb88-14ed-4b83-9f25-aab809b46b6f req-91c5cb88-14ed-4b83-9f25-aab809b46b6f ] Request (InstanceActionsNegativeTestJSON:tearDownClass): 204 DELETE http://10.180.1.21/identity/v3/projects/bd3c393ab9ee43d68929222103b12701 0.138s
2024-12-16 19:53:42.920 67529 INFO tempest.common.waiters [-] State transition "ERROR/deleting" ==> "DELETED/None" after 5 second wait
2024-12-16 19:53:42.985 67520 INFO tempest.lib.common.rest_client [req-62b3281e-133d-45da-9c20-42cfa3e0d7ea req-62b3281e-133d-45da-9c20-42cfa3e0d7ea ] Request (ListServersNegativeTestJSON:setUpClass): 201 POST http://10.180.1.21/identity/v3/auth/tokens 0.069s
2024-12-16 19:53:43.020 67520 INFO tempest.lib.common.rest_client [req-4c98755c-fa22-43f6-aa18-e6783051bd78 req-4c98755c-fa22-43f6-aa18-e6783051bd78 ] Request (ListServersNegativeTestJSON:setUpClass): 201 POST http://10.180.1.21/identity/v3/auth/tokens 0.033s
2024-12-16 19:53:43.043 67559 WARNING tempest.lib.common.ssh [-] Failed to establish authenticated ssh connection to cirros@10.180.180.168 ([Errno None] Unable to connect to port 22 on 10.180.180.168). Number attempts: 7. Retry after 8 seconds.: paramiko.ssh_exception.NoValidConnectionsError: [Errno None] Unable to connect to port 22 on 10.180.180.168
2024-12-16 19:53:43.046 67520 INFO tempest.lib.common.rest_client [req-1602466b-a988-4a2a-8b6b-754439821126 req-1602466b-a988-4a2a-8b6b-754439821126 ] Request (ListServersNegativeTestJSON:setUpClass): 200 GET http://10.180.1.21/identity/v3/domains?name=Default 0.025s
2024-12-16 19:53:43.067 67506 INFO tempest.lib.common.rest_client [req-e0f12b81-54c4-4038-b65b-cb86cc160a32 req-e0f12b81-54c4-4038-b65b-cb86cc160a32 ] Request (ServerGroupTestJSON:test_create_server_with_scheduler_hint_group): 200 GET http://10.180.1.21/compute/v2.1/servers/677bd1fb-54e0-4cd7-b28b-0f60575ff6b0 0.090s
2024-12-16 19:53:43.077 67520 INFO tempest.lib.common.rest_client [req-f37c74d5-a87f-47ae-8e62-9aa0bf279ace req-f37c74d5-a87f-47ae-8e62-9aa0bf279ace ] Request (ListServersNegativeTestJSON:setUpClass): 201 POST http://10.180.1.21/identity/v3/projects 0.031s
2024-12-16 19:53:43.095 67510 WARNING tempest.lib.common.ssh [-] Failed to establish authenticated ssh connection to cirros@10.180.180.207 ([Errno None] Unable to connect to port 22 on 10.180.180.207). Number attempts: 4. Retry after 5 seconds.: paramiko.ssh_exception.NoValidConnectionsError: [Errno None] Unable to connect to port 22 on 10.180.180.207
2024-12-16 19:53:43.130 67520 INFO tempest.lib.common.rest_client [req-d418ecfc-84d9-4eb9-8425-001fd6294f8c req-d418ecfc-84d9-4eb9-8425-001fd6294f8c ] Request (ListServersNegativeTestJSON:setUpClass): 201 POST http://10.180.1.21/identity/v3/users 0.052s
2024-12-16 19:53:43.150 67520 INFO tempest.lib.common.rest_client [req-29605584-56ad-40ab-aedc-f346b33402f3 req-29605584-56ad-40ab-aedc-f346b33402f3 ] Request (ListServersNegativeTestJSON:setUpClass): 200 GET http://10.180.1.21/identity/v3/roles 0.019s
2024-12-16 19:53:43.172 67520 INFO tempest.lib.common.rest_client [req-3716a577-74a4-445f-9ffb-44f291d5b7ff req-3716a577-74a4-445f-9ffb-44f291d5b7ff ] Request (ListServersNegativeTestJSON:setUpClass): 204 PUT http://10.180.1.21/identity/v3/projects/911e01b989d5485f9ed29e5ff1c2381b/users/99fe2a8df15945e4ab35cb363daec3a2/roles/8dd32a0a999e4f32b8d859c2247edb94 0.022s
2024-12-16 19:53:43.173 67520 INFO tempest.lib.common.dynamic_creds [-] Dynamic test user 99fe2a8df15945e4ab35cb363daec3a2 is created with scope project and roles: ['member']
2024-12-16 19:53:43.173 67520 INFO tempest.lib.common.dynamic_creds [-] Acquired dynamic creds: credentials: Credentials: {'domain_id': 'default', 'domain_name': 'Default', 'username': 'tempest-ListServersNegativeTestJSON-1799996438-project-member', 'project_domain_id': 'default', 'project_domain_name': 'Default', 'project_id': '911e01b989d5485f9ed29e5ff1c2381b', 'project_name': 'tempest-ListServersNegativeTestJSON-1799996438', 'tenant_id': '911e01b989d5485f9ed29e5ff1c2381b', 'tenant_name': 'tempest-ListServersNegativeTestJSON-1799996438', 'user_domain_id': 'default', 'user_domain_name': 'Default', 'user_id': '99fe2a8df15945e4ab35cb363daec3a2', 'system': None}, Network: None, Subnet: None, Router: None
2024-12-16 19:53:43.221 67520 INFO tempest.lib.common.rest_client [req-93955890-42f3-4156-97ac-3d02ed3f3380 req-93955890-42f3-4156-97ac-3d02ed3f3380 ] Request (ListServersNegativeTestJSON:setUpClass): 201 POST http://10.180.1.21/identity/v3/auth/tokens 0.048s
2024-12-16 19:53:43.409 67553 INFO tempest.lib.common.rest_client [req-6cd420c0-0ce3-4e42-b1d7-11774f9fe244 req-6cd420c0-0ce3-4e42-b1d7-11774f9fe244 ] Request (ServerDiskConfigTestJSON:test_rebuild_server_with_auto_disk_config): 200 GET http://10.180.1.21/compute/v2.1/servers/769d673a-b23e-4995-a6d9-2d2d53a6b469 0.164s
2024-12-16 19:53:43.442 67500 INFO tempest.lib.common.rest_client [req-0c320f19-28fd-4990-85dd-3b51946d542e req-0c320f19-28fd-4990-85dd-3b51946d542e ] Request (FloatingIPsAssociationNegativeTestJSON:setUpClass): 200 GET http://10.180.1.21/compute/v2.1/servers/7d5a350c-8215-4ec0-8cf4-c33b0f8bbd02 0.169s
2024-12-16 19:53:43.470 67541 INFO tempest.lib.common.rest_client [req-27e6cb82-ce42-4540-9f14-ea1416271ceb req-27e6cb82-ce42-4540-9f14-ea1416271ceb ] Request (AttachVolumeShelveTestJSON:test_attach_volume_shelved_or_offload_server): 200 GET http://10.180.1.21/compute/v2.1/servers/3f45007f-d699-43f9-a2fd-84565bd1930c 0.156s
2024-12-16 19:53:43.510 67537 INFO tempest.lib.common.rest_client [req-a935ef93-d0ae-40b8-9db2-e137374140a1 req-a935ef93-d0ae-40b8-9db2-e137374140a1 ] Request (SecurityGroupsTestJSON:test_server_security_groups): 200 GET http://10.180.1.21/compute/v2.1/servers/cc545355-26ef-45fd-bacb-2515f52b84bb 0.176s
2024-12-16 19:53:43.531 67498 INFO tempest.lib.common.rest_client [req-73dc2714-16ef-45d0-a6de-009c89814997 req-73dc2714-16ef-45d0-a6de-009c89814997 ] Request (ImagesTestJSON:test_create_image_from_stopped_server): 200 GET http://10.180.1.21/compute/v2.1/servers/d12cfef2-7912-4cca-bfd4-714b61f62444 0.135s
2024-12-16 19:53:43.614 67549 INFO tempest.lib.common.rest_client [req-aa3e483b-d97a-407b-aff4-5b5e1653499f req-aa3e483b-d97a-407b-aff4-5b5e1653499f ] Request (ServersAdminNegativeTestJSON:tearDownClass): 200 GET http://10.180.1.21/compute/v2.1/servers/ac96cdc3-e0ea-478a-8ed4-72c264eea1f4 0.150s
2024-12-16 19:53:43.634 67520 INFO tempest.lib.common.rest_client [req-421377bf-3800-4c51-8ff7-cd3a8344c05b req-421377bf-3800-4c51-8ff7-cd3a8344c05b ] Request (ListServersNegativeTestJSON:setUpClass): 201 POST http://10.180.1.21:9696/networking/v2.0/networks 0.412s
2024-12-16 19:53:43.671 67508 INFO tempest.lib.common.rest_client [req-e3135749-1519-40f2-930f-5f436eb0a48d req-e3135749-1519-40f2-930f-5f436eb0a48d ] Request (ImagesOneServerTestJSON:setUpClass): 200 GET http://10.180.1.21/compute/v2.1/servers/815360f4-e271-4210-b6b9-9866db7cf536 0.163s
2024-12-16 19:53:43.678 67557 INFO tempest.lib.common.rest_client [req-d4333237-5f1a-4c3b-b9fb-7bc1171e97be req-d4333237-5f1a-4c3b-b9fb-7bc1171e97be ] Request (MigrationsAdminTest:test_list_migrations_in_flavor_resize_situation): 200 GET http://10.180.1.21/compute/v2.1/servers/6321e4cd-2f34-4dca-b144-2c5eadcbf8fc 0.243s
2024-12-16 19:53:43.739 67555 INFO tempest.lib.common.rest_client [req-a1bcdbd3-960d-414b-a34c-1ba5ac98c2f0 req-a1bcdbd3-960d-414b-a34c-1ba5ac98c2f0 ] Request (ServersNegativeTestMultiTenantJSON:setUpClass): 200 GET http://10.180.1.21/compute/v2.1/servers/fa18a3fc-87f6-44e9-9ffc-f570460aefb1 0.218s
2024-12-16 19:53:43.752 67512 INFO tempest.lib.common.rest_client [req-12075c29-0f02-42d7-84eb-d865b59e06d5 req-12075c29-0f02-42d7-84eb-d865b59e06d5 ] Request (ImagesOneServerNegativeTestJSON:_run_cleanups): 200 GET http://10.180.1.21/compute/v2.1/servers/cf0628fc-d8f4-4b6a-90c9-3392462f3b00 0.149s
2024-12-16 19:53:43.817 67524 INFO tempest.lib.common.rest_client [req-47fc7474-18b9-4192-929a-709b66100817 req-47fc7474-18b9-4192-929a-709b66100817 ] Request (ServerRescueTestJSON:setUpClass): 200 GET http://10.180.1.21/compute/v2.1/servers/f07729fe-f159-4ff5-90e0-33f7696a22c6 0.128s
2024-12-16 19:53:43.827 67543 INFO tempest.lib.common.rest_client [req-a98b6407-e7fa-4f18-b000-81f228963e55 req-a98b6407-e7fa-4f18-b000-81f228963e55 ] Request (ListServerFiltersTestJSON:tearDownClass): 200 GET http://10.180.1.21/compute/v2.1/servers/e1900551-fbeb-4ac9-b570-acefcdb408ad 0.221s
2024-12-16 19:53:43.880 67522 INFO tempest.lib.common.rest_client [req-a278f949-c0d7-4817-8a39-40e1ecbe6d90 req-a278f949-c0d7-4817-8a39-40e1ecbe6d90 ] Request (ServersAdminTestJSON:test_inject_network_info): 200 GET http://10.180.1.21/compute/v2.1/servers/bc1cf61d-aae7-4fa4-9d42-ce49120dd7c1 0.189s
2024-12-16 19:53:43.886 67532 INFO tempest.lib.common.rest_client [req-3f4a66c4-6960-48f4-99d7-7da0fa8b21ab req-3f4a66c4-6960-48f4-99d7-7da0fa8b21ab ] Request (ServersTestJSON:test_create_server_with_ipv6_addr_only): 200 GET http://10.180.1.21/compute/v2.1/servers/49e13667-875d-4566-9bca-6a4d45dd7770 0.126s
2024-12-16 19:53:43.888 67520 INFO tempest.lib.common.rest_client [req-e2f3b85b-bf86-4209-a5d7-4185076fcd2c req-e2f3b85b-bf86-4209-a5d7-4185076fcd2c ] Request (ListServersNegativeTestJSON:setUpClass): 201 POST http://10.180.1.21:9696/networking/v2.0/subnets 0.254s
2024-12-16 19:53:43.927 67514 WARNING tempest.lib.common.ssh [-] Failed to establish authenticated ssh connection to cirros@10.180.180.191 ([Errno None] Unable to connect to port 22 on 10.180.180.191). Number attempts: 3. Retry after 4 seconds.: paramiko.ssh_exception.NoValidConnectionsError: [Errno None] Unable to connect to port 22 on 10.180.180.191
2024-12-16 19:53:43.938 67545 INFO tempest.lib.common.rest_client [req-381ed6f9-9dbd-4f46-9645-d2e852a29ba7 req-381ed6f9-9dbd-4f46-9645-d2e852a29ba7 ] Request (AttachInterfacesUnderV243Test:test_add_remove_fixed_ip): 200 GET http://10.180.1.21/compute/v2.1/servers/90ce8db7-eedc-48b3-b579-efc2ad00ed6f 0.172s
2024-12-16 19:53:43.942 67526 INFO tempest.lib.common.rest_client [req-7806af0d-079f-459d-aafc-842778ec8c30 req-7806af0d-079f-459d-aafc-842778ec8c30 ] Request (ServerActionsTestOtherA:setUpClass): 200 GET http://10.180.1.21/compute/v2.1/servers/09219395-79b1-4a17-8357-12266d342eb4 0.091s
2024-12-16 19:53:44.000 67534 INFO tempest.lib.common.rest_client [req-08f69468-7962-479b-974c-c9e19d2662b7 req-08f69468-7962-479b-974c-c9e19d2662b7 ] Request (MultipleCreateTestJSON:test_multiple_create_with_reservation_return): 200 GET http://10.180.1.21/compute/v2.1/servers/4ac3f891-119a-4f8c-bea7-516476f92767 0.142s
2024-12-16 19:53:44.006 67529 INFO tempest.lib.common.rest_client [req-6511d5be-be0f-487b-9acc-2f3b50dea1cc req-6511d5be-be0f-487b-9acc-2f3b50dea1cc ] Request (DeleteServersAdminTestJSON:test_delete_server_while_in_error_state): 200 GET http://10.180.1.21/compute/v2.1/servers/0b9be8e5-f5b1-4206-8001-58e40e6d45a7 0.085s
2024-12-16 19:53:44.170 67506 INFO tempest.lib.common.rest_client [req-1800b5f6-5ee4-42e1-9350-d50e822db053 req-1800b5f6-5ee4-42e1-9350-d50e822db053 ] Request (ServerGroupTestJSON:test_create_server_with_scheduler_hint_group): 200 GET http://10.180.1.21/compute/v2.1/servers/677bd1fb-54e0-4cd7-b28b-0f60575ff6b0 0.095s
2024-12-16 19:53:44.470 67520 INFO tempest.lib.common.rest_client [req-bb35a428-b211-40d0-9027-d2296e21d7e0 req-bb35a428-b211-40d0-9027-d2296e21d7e0 ] Request (ListServersNegativeTestJSON:setUpClass): 201 POST http://10.180.1.21:9696/networking/v2.0/routers 0.581s
2024-12-16 19:53:44.606 67500 INFO tempest.lib.common.rest_client [req-ea195fa1-3263-45e8-8c47-f86ee0eded56 req-ea195fa1-3263-45e8-8c47-f86ee0eded56 ] Request (FloatingIPsAssociationNegativeTestJSON:setUpClass): 200 GET http://10.180.1.21/compute/v2.1/servers/7d5a350c-8215-4ec0-8cf4-c33b0f8bbd02 0.153s
2024-12-16 19:53:44.664 67553 INFO tempest.lib.common.rest_client [req-3a335e61-559b-488d-87f9-f81c1380cd64 req-3a335e61-559b-488d-87f9-f81c1380cd64 ] Request (ServerDiskConfigTestJSON:test_rebuild_server_with_auto_disk_config): 200 GET http://10.180.1.21/compute/v2.1/servers/769d673a-b23e-4995-a6d9-2d2d53a6b469 0.245s
2024-12-16 19:53:44.670 67541 INFO tempest.lib.common.rest_client [req-8f2dde05-9818-4791-9d70-b7beae96ce86 req-8f2dde05-9818-4791-9d70-b7beae96ce86 ] Request (AttachVolumeShelveTestJSON:test_attach_volume_shelved_or_offload_server): 200 GET http://10.180.1.21/compute/v2.1/servers/3f45007f-d699-43f9-a2fd-84565bd1930c 0.190s
2024-12-16 19:53:44.743 67498 INFO tempest.lib.common.rest_client [req-4adb1444-21bf-4234-8f70-e081996cb77a req-4adb1444-21bf-4234-8f70-e081996cb77a ] Request (ImagesTestJSON:test_create_image_from_stopped_server): 200 GET http://10.180.1.21/compute/v2.1/servers/d12cfef2-7912-4cca-bfd4-714b61f62444 0.205s
2024-12-16 19:53:44.745 67537 INFO tempest.lib.common.rest_client [req-f6756423-79e7-4763-9edb-a159ea104a18 req-f6756423-79e7-4763-9edb-a159ea104a18 ] Request (SecurityGroupsTestJSON:test_server_security_groups): 200 GET http://10.180.1.21/compute/v2.1/servers/cc545355-26ef-45fd-bacb-2515f52b84bb 0.225s
2024-12-16 19:53:44.751 67498 INFO tempest.common.waiters [-] State transition "BUILD/None" ==> "BUILD/networking" after 74 second wait
2024-12-16 19:53:44.820 67508 INFO tempest.lib.common.rest_client [req-9e247167-b1c0-4dab-ae2b-2a8f2e149108 req-9e247167-b1c0-4dab-ae2b-2a8f2e149108 ] Request (ImagesOneServerTestJSON:setUpClass): 200 GET http://10.180.1.21/compute/v2.1/servers/815360f4-e271-4210-b6b9-9866db7cf536 0.142s
2024-12-16 19:53:44.827 67549 INFO tempest.lib.common.rest_client [req-5eb47c47-1ea8-40b0-9f67-52b0320007e0 req-5eb47c47-1ea8-40b0-9f67-52b0320007e0 ] Request (ServersAdminNegativeTestJSON:tearDownClass): 200 GET http://10.180.1.21/compute/v2.1/servers/ac96cdc3-e0ea-478a-8ed4-72c264eea1f4 0.201s
2024-12-16 19:53:44.895 67555 INFO tempest.lib.common.rest_client [req-3c57f1a1-2da3-4a7e-8f73-b3ff59fba773 req-3c57f1a1-2da3-4a7e-8f73-b3ff59fba773 ] Request (ServersNegativeTestMultiTenantJSON:setUpClass): 200 GET http://10.180.1.21/compute/v2.1/servers/fa18a3fc-87f6-44e9-9ffc-f570460aefb1 0.146s
2024-12-16 19:53:44.964 67512 INFO tempest.lib.common.rest_client [req-a3bb86c7-3b82-4778-91aa-921eb3be755c req-a3bb86c7-3b82-4778-91aa-921eb3be755c ] Request (ImagesOneServerNegativeTestJSON:_run_cleanups): 200 GET http://10.180.1.21/compute/v2.1/servers/cf0628fc-d8f4-4b6a-90c9-3392462f3b00 0.204s
2024-12-16 19:53:45.033 67524 INFO tempest.lib.common.rest_client [req-30b04a52-af82-4ce3-a93a-0311fe35e225 req-30b04a52-af82-4ce3-a93a-0311fe35e225 ] Request (ServerRescueTestJSON:setUpClass): 200 GET http://10.180.1.21/compute/v2.1/servers/f07729fe-f159-4ff5-90e0-33f7696a22c6 0.208s
2024-12-16 19:53:45.045 67557 INFO tempest.lib.common.rest_client [req-a3dbd112-dd95-48af-b14e-2c58902174be req-a3dbd112-dd95-48af-b14e-2c58902174be ] Request (MigrationsAdminTest:test_list_migrations_in_flavor_resize_situation): 200 GET http://10.180.1.21/compute/v2.1/servers/6321e4cd-2f34-4dca-b144-2c5eadcbf8fc 0.357s
2024-12-16 19:53:45.098 67543 INFO tempest.lib.common.rest_client [req-65835dec-de80-42b0-acbc-7622b4f74429 req-65835dec-de80-42b0-acbc-7622b4f74429 ] Request (ListServerFiltersTestJSON:tearDownClass): 200 GET http://10.180.1.21/compute/v2.1/servers/e1900551-fbeb-4ac9-b570-acefcdb408ad 0.264s
2024-12-16 19:53:45.107 67502 WARNING tempest.lib.common.ssh [-] Failed to establish authenticated ssh connection to cirros@10.180.180.150 ([Errno None] Unable to connect to port 22 on 10.180.180.150). Number attempts: 8. Retry after 9 seconds.: paramiko.ssh_exception.NoValidConnectionsError: [Errno None] Unable to connect to port 22 on 10.180.180.150
2024-12-16 19:53:45.121 67522 INFO tempest.lib.common.rest_client [req-04f7b137-bd53-42a1-a693-922c22718b40 req-04f7b137-bd53-42a1-a693-922c22718b40 ] Request (ServersAdminTestJSON:test_inject_network_info): 200 GET http://10.180.1.21/compute/v2.1/servers/bc1cf61d-aae7-4fa4-9d42-ce49120dd7c1 0.232s
2024-12-16 19:53:45.148 67532 INFO tempest.lib.common.rest_client [req-c02b1a6b-d4ea-42da-b972-fd9f4bc381c1 req-c02b1a6b-d4ea-42da-b972-fd9f4bc381c1 ] Request (ServersTestJSON:test_create_server_with_ipv6_addr_only): 200 GET http://10.180.1.21/compute/v2.1/servers/49e13667-875d-4566-9bca-6a4d45dd7770 0.255s
2024-12-16 19:53:45.175 67545 INFO tempest.lib.common.rest_client [req-ca1ad537-186f-4948-a176-5a146f1487fe req-ca1ad537-186f-4948-a176-5a146f1487fe ] Request (AttachInterfacesUnderV243Test:test_add_remove_fixed_ip): 200 GET http://10.180.1.21/compute/v2.1/servers/90ce8db7-eedc-48b3-b579-efc2ad00ed6f 0.231s
2024-12-16 19:53:45.205 67526 INFO tempest.lib.common.rest_client [req-517cf7e5-178a-4384-9472-4e3e3734f229 req-517cf7e5-178a-4384-9472-4e3e3734f229 ] Request (ServerActionsTestOtherA:setUpClass): 200 GET http://10.180.1.21/compute/v2.1/servers/09219395-79b1-4a17-8357-12266d342eb4 0.255s
2024-12-16 19:53:45.235 67534 INFO tempest.lib.common.rest_client [req-78524962-51de-4d77-9b9b-e561ac3ecba8 req-78524962-51de-4d77-9b9b-e561ac3ecba8 ] Request (MultipleCreateTestJSON:test_multiple_create_with_reservation_return): 200 GET http://10.180.1.21/compute/v2.1/servers/4ac3f891-119a-4f8c-bea7-516476f92767 0.226s
2024-12-16 19:53:45.277 67529 INFO tempest.lib.common.rest_client [req-ef20ad08-b421-4b49-986a-0768fde3125f req-ef20ad08-b421-4b49-986a-0768fde3125f ] Request (DeleteServersAdminTestJSON:test_delete_server_while_in_error_state): 200 GET http://10.180.1.21/compute/v2.1/servers/0b9be8e5-f5b1-4206-8001-58e40e6d45a7 0.263s
2024-12-16 19:53:45.517 67520 INFO tempest.lib.common.rest_client [req-e591110d-16db-4183-8be6-7c6284b90d45 req-e591110d-16db-4183-8be6-7c6284b90d45 ] Request (ListServersNegativeTestJSON:setUpClass): 200 PUT http://10.180.1.21:9696/networking/v2.0/routers/8c7f50a3-a6ef-46a7-a15c-43960ea661dc/add_router_interface 1.046s
2024-12-16 19:53:45.517 67520 INFO tempest.lib.common.dynamic_creds [-] Created isolated network resources for: credentials: Credentials: {'domain_id': 'default', 'domain_name': 'Default', 'username': 'tempest-ListServersNegativeTestJSON-1799996438-project-member', 'project_domain_id': 'default', 'project_domain_name': 'Default', 'project_id': '911e01b989d5485f9ed29e5ff1c2381b', 'project_name': 'tempest-ListServersNegativeTestJSON-1799996438', 'tenant_id': '911e01b989d5485f9ed29e5ff1c2381b', 'tenant_name': 'tempest-ListServersNegativeTestJSON-1799996438', 'user_domain_id': 'default', 'user_domain_name': 'Default', 'user_id': '99fe2a8df15945e4ab35cb363daec3a2', 'system': None}, Network: {'id': '5ceea015-3713-4ee2-a001-e70228ed71cd', 'name': 'tempest-ListServersNegativeTestJSON-196113793-network', 'tenant_id': '911e01b989d5485f9ed29e5ff1c2381b', 'admin_state_up': True, 'mtu': 8950, 'status': 'ACTIVE', 'subnets': [], 'shared': False, 'project_id': '911e01b989d5485f9ed29e5ff1c2381b', 'port_security_enabled': True, 'router:external': False, 'provider:network_type': 'vlan', 'provider:physical_network': 'default', 'provider:segmentation_id': 998, 'availability_zone_hints': [], 'availability_zones': [], 'ipv4_address_scope': None, 'ipv6_address_scope': None, 'description': '', 'tags': [], 'created_at': '2024-12-16T19:53:43Z', 'updated_at': '2024-12-16T19:53:43Z', 'revision_number': 1}, Subnet: {'id': '69750000-1fe6-4f4a-bc9d-8dc60e92992f', 'name': 'tempest-ListServersNegativeTestJSON-196113793-subnet', 'tenant_id': '911e01b989d5485f9ed29e5ff1c2381b', 'network_id': '5ceea015-3713-4ee2-a001-e70228ed71cd', 'ip_version': 4, 'subnetpool_id': None, 'enable_dhcp': True, 'ipv6_ra_mode': None, 'ipv6_address_mode': None, 'gateway_ip': '192.168.128.1', 'cidr': '192.168.128.0/28', 'allocation_pools': [{'start': '192.168.128.2', 'end': '192.168.128.14'}], 'host_routes': [], 'dns_nameservers': [], 'description': '', 'router:external': False, 'service_types': [], 'tags': [], 'created_at': '2024-12-16T19:53:43Z', 'updated_at': '2024-12-16T19:53:43Z', 'revision_number': 0, 'project_id': '911e01b989d5485f9ed29e5ff1c2381b'}, Router: {'id': '8c7f50a3-a6ef-46a7-a15c-43960ea661dc', 'name': 'tempest-ListServersNegativeTestJSON-196113793-router', 'tenant_id': '911e01b989d5485f9ed29e5ff1c2381b', 'admin_state_up': True, 'status': 'ACTIVE', 'external_gateway_info': {'network_id': 'dafceb22-5be6-4099-863f-4dffce09e0d7', 'external_fixed_ips': [{'subnet_id': '19d9213f-36ce-4dc8-b474-b2c0e692a6f3', 'ip_address': '10.180.180.138'}], 'enable_snat': True}, 'description': '', 'availability_zones': [], 'distributed': False, 'ha': False, 'availability_zone_hints': [], 'routes': [], 'flavor_id': None, 'tags': [], 'created_at': '2024-12-16T19:53:43Z', 'updated_at': '2024-12-16T19:53:44Z', 'revision_number': 2, 'project_id': '911e01b989d5485f9ed29e5ff1c2381b'}
2024-12-16 19:53:45.577 67506 INFO tempest.lib.common.rest_client [req-669d1ac2-b902-4521-8c25-3b12359a9c4d req-669d1ac2-b902-4521-8c25-3b12359a9c4d ] Request (ServerGroupTestJSON:test_create_server_with_scheduler_hint_group): 200 GET http://10.180.1.21/compute/v2.1/servers/677bd1fb-54e0-4cd7-b28b-0f60575ff6b0 0.399s
2024-12-16 19:53:45.606 67520 INFO tempest.lib.common.rest_client [req-baf35d4b-fbbd-492a-a6c3-4b7907a858ad req-baf35d4b-fbbd-492a-a6c3-4b7907a858ad ] Request (ListServersNegativeTestJSON:setUpClass): 201 POST http://10.180.1.21/identity/v3/auth/tokens 0.086s
2024-12-16 19:53:45.644 67504 WARNING tempest.lib.common.ssh [-] Failed to establish authenticated ssh connection to cirros@10.180.180.209 ([Errno None] Unable to connect to port 22 on 10.180.180.209). Number attempts: 11. Retry after 12 seconds.: paramiko.ssh_exception.NoValidConnectionsError: [Errno None] Unable to connect to port 22 on 10.180.180.209
2024-12-16 19:53:45.645 67520 INFO tempest.lib.common.rest_client [req-bc6b03f6-68ca-43df-a47e-3ecfb8c9e68a req-bc6b03f6-68ca-43df-a47e-3ecfb8c9e68a ] Request (ListServersNegativeTestJSON:setUpClass): 201 POST http://10.180.1.21/identity/v3/auth/tokens 0.034s
2024-12-16 19:53:45.645 67520 INFO tempest.lib.common.fixed_network [-] (ListServersNegativeTestJSON:setUpClass) Found network {'id': '5ceea015-3713-4ee2-a001-e70228ed71cd', 'name': 'tempest-ListServersNegativeTestJSON-196113793-network', 'tenant_id': '911e01b989d5485f9ed29e5ff1c2381b', 'admin_state_up': True, 'mtu': 8950, 'status': 'ACTIVE', 'subnets': [], 'shared': False, 'project_id': '911e01b989d5485f9ed29e5ff1c2381b', 'port_security_enabled': True, 'router:external': False, 'provider:network_type': 'vlan', 'provider:physical_network': 'default', 'provider:segmentation_id': 998, 'availability_zone_hints': [], 'availability_zones': [], 'ipv4_address_scope': None, 'ipv6_address_scope': None, 'description': '', 'tags': [], 'created_at': '2024-12-16T19:53:43Z', 'updated_at': '2024-12-16T19:53:43Z', 'revision_number': 1} available for tenant
2024-12-16 19:53:45.735 67500 INFO tempest.lib.common.rest_client [req-e05cacbb-acaf-46d2-9087-4c13929e6347 req-e05cacbb-acaf-46d2-9087-4c13929e6347 ] Request (FloatingIPsAssociationNegativeTestJSON:setUpClass): 200 GET http://10.180.1.21/compute/v2.1/servers/7d5a350c-8215-4ec0-8cf4-c33b0f8bbd02 0.122s
2024-12-16 19:53:45.884 67553 INFO tempest.lib.common.rest_client [req-d0e1d5d0-ab05-4e63-8b9e-344cbed5a3c0 req-d0e1d5d0-ab05-4e63-8b9e-344cbed5a3c0 ] Request (ServerDiskConfigTestJSON:test_rebuild_server_with_auto_disk_config): 200 GET http://10.180.1.21/compute/v2.1/servers/769d673a-b23e-4995-a6d9-2d2d53a6b469 0.212s
2024-12-16 19:53:45.939 67541 INFO tempest.lib.common.rest_client [req-6d693130-d866-4f6f-a5e0-1f7041e5e9a1 req-6d693130-d866-4f6f-a5e0-1f7041e5e9a1 ] Request (AttachVolumeShelveTestJSON:test_attach_volume_shelved_or_offload_server): 200 GET http://10.180.1.21/compute/v2.1/servers/3f45007f-d699-43f9-a2fd-84565bd1930c 0.255s
2024-12-16 19:53:46.135 67498 INFO tempest.lib.common.rest_client [req-440f50cd-8559-4fdd-82fd-dbf7fdb7e2fc req-440f50cd-8559-4fdd-82fd-dbf7fdb7e2fc ] Request (ImagesTestJSON:test_create_image_from_stopped_server): 200 GET http://10.180.1.21/compute/v2.1/servers/d12cfef2-7912-4cca-bfd4-714b61f62444 0.382s
2024-12-16 19:53:46.145 67498 INFO tempest.common.waiters [-] State transition "BUILD/networking" ==> "BUILD/spawning" after 76 second wait
2024-12-16 19:53:46.168 67548 WARNING tempest.lib.common.ssh [-] Failed to establish authenticated ssh connection to cirros@10.180.180.136 ([Errno None] Unable to connect to port 22 on 10.180.180.136). Number attempts: 1. Retry after 2 seconds.: paramiko.ssh_exception.NoValidConnectionsError: [Errno None] Unable to connect to port 22 on 10.180.180.136
2024-12-16 19:53:46.204 67537 INFO tempest.lib.common.rest_client [req-a68770b8-e439-49de-bd09-1ee5b80de74a req-a68770b8-e439-49de-bd09-1ee5b80de74a ] Request (SecurityGroupsTestJSON:test_server_security_groups): 200 GET http://10.180.1.21/compute/v2.1/servers/cc545355-26ef-45fd-bacb-2515f52b84bb 0.450s
2024-12-16 19:53:46.256 67508 INFO tempest.lib.common.rest_client [req-4514c0a4-807b-4777-8a0e-dab9c89d1b2f req-4514c0a4-807b-4777-8a0e-dab9c89d1b2f ] Request (ImagesOneServerTestJSON:setUpClass): 200 GET http://10.180.1.21/compute/v2.1/servers/815360f4-e271-4210-b6b9-9866db7cf536 0.424s
2024-12-16 19:53:46.285 67520 INFO tempest.lib.common.rest_client [req-f0ec0de2-a03a-4b47-8086-8b6170406151 req-f0ec0de2-a03a-4b47-8086-8b6170406151 ] Request (ListServersNegativeTestJSON:setUpClass): 202 POST http://10.180.1.21/compute/v2.1/servers 0.639s
2024-12-16 19:53:46.316 67549 INFO tempest.lib.common.rest_client [req-ed6dd946-2ac9-43bd-9e13-e823af508d31 req-ed6dd946-2ac9-43bd-9e13-e823af508d31 ] Request (ServersAdminNegativeTestJSON:tearDownClass): 200 GET http://10.180.1.21/compute/v2.1/servers/ac96cdc3-e0ea-478a-8ed4-72c264eea1f4 0.482s
2024-12-16 19:53:46.337 67555 INFO tempest.lib.common.rest_client [req-cea333c9-0f26-4b65-8f3d-c64be3d613ac req-cea333c9-0f26-4b65-8f3d-c64be3d613ac ] Request (ServersNegativeTestMultiTenantJSON:setUpClass): 200 GET http://10.180.1.21/compute/v2.1/servers/fa18a3fc-87f6-44e9-9ffc-f570460aefb1 0.434s
2024-12-16 19:53:46.372 67512 INFO tempest.lib.common.rest_client [req-62e4dc9e-5c39-405d-aeb1-d64d668bec80 req-62e4dc9e-5c39-405d-aeb1-d64d668bec80 ] Request (ImagesOneServerNegativeTestJSON:_run_cleanups): 200 GET http://10.180.1.21/compute/v2.1/servers/cf0628fc-d8f4-4b6a-90c9-3392462f3b00 0.399s
2024-12-16 19:53:46.394 67524 INFO tempest.lib.common.rest_client [req-31beac36-090e-4d02-94d7-9c7b20f4bb0f req-31beac36-090e-4d02-94d7-9c7b20f4bb0f ] Request (ServerRescueTestJSON:setUpClass): 200 GET http://10.180.1.21/compute/v2.1/servers/f07729fe-f159-4ff5-90e0-33f7696a22c6 0.354s
2024-12-16 19:53:46.416 67543 INFO tempest.lib.common.rest_client [req-a60e513e-b15d-44bf-85d0-f65df1862d64 req-a60e513e-b15d-44bf-85d0-f65df1862d64 ] Request (ListServerFiltersTestJSON:tearDownClass): 404 GET http://10.180.1.21/compute/v2.1/servers/e1900551-fbeb-4ac9-b570-acefcdb408ad 0.306s
