2024-12-16 19:52:31.669 67498 INFO tempest.lib.common.rest_client [req-4c777bcd-44dd-4464-95a7-5f5072d9b3cf req-4c777bcd-44dd-4464-95a7-5f5072d9b3cf ] Request (ImagesTestJSON:test_create_image_from_stopped_server): 200 GET http://10.180.1.21/compute/v2.1/servers/d12cfef2-7912-4cca-bfd4-714b61f62444 0.407s
2024-12-16 19:52:31.699 67496 INFO tempest.lib.common.rest_client [req-b346d665-9ba4-4441-b37d-6eb8b7b29d2c req-b346d665-9ba4-4441-b37d-6eb8b7b29d2c ] Request (ImagesMetadataTestJSON:test_set_image_metadata): 200 GET http://10.180.1.21/compute/v2.1/images/ddee518f-be41-4f42-a8e9-e1b2c93d3253/metadata 0.409s
2024-12-16 19:52:31.717 67541 INFO tempest.lib.common.rest_client [req-44eb0570-8235-454f-a46c-2fca6cb63d7e req-44eb0570-8235-454f-a46c-2fca6cb63d7e ] Request (ServersAdmin275Test:_run_cleanups): 200 GET http://10.180.1.21/compute/v2.1/servers/e0e6b00e-63b9-458d-ad31-3fa6d175cd04 0.446s
2024-12-16 19:52:31.743 67537 INFO tempest.lib.common.rest_client [req-bb46dd15-969f-47c0-ad49-bba79ae3ff1a req-bb46dd15-969f-47c0-ad49-bba79ae3ff1a ] Request (SecurityGroupsTestJSON:test_list_security_groups_by_server): 200 GET http://10.180.1.21/compute/v2.1/servers/201a9dea-67af-4250-a839-6c1d9a882533 0.434s
2024-12-16 19:52:31.768 67545 INFO tempest.lib.common.rest_client [req-b9b0447d-ae7f-49ea-9ad0-22c7628a4979 req-b9b0447d-ae7f-49ea-9ad0-22c7628a4979 ] Request (ServerDiagnosticsTest:tearDownClass): 200 GET http://10.180.1.21/compute/v2.1/servers/4238f1d5-d1c0-471e-acc4-6bff80297c2f 0.397s
2024-12-16 19:52:31.790 67551 INFO tempest.lib.common.rest_client [req-e90b40e0-13ca-47db-b743-801a8ccaf7ab req-e90b40e0-13ca-47db-b743-801a8ccaf7ab ] Request (AttachInterfacesV270Test:test_create_get_list_interfaces): 200 GET http://10.180.1.21/compute/v2.1/servers/e0f71229-23d6-4647-9a81-da15dd0d337c 0.364s
2024-12-16 19:52:31.846 67555 INFO tempest.lib.common.rest_client [req-926b4b27-a868-43c3-9017-9545543deb8b req-926b4b27-a868-43c3-9017-9545543deb8b ] Request (ServerPasswordTestJSON:setUpClass): 200 GET http://10.180.1.21/compute/v2.1/servers/ff676f80-9e5b-4c8e-92f4-657591750c2f 0.387s
2024-12-16 19:52:31.911 67512 INFO tempest.lib.common.rest_client [req-ac45a7a7-91b9-4dd1-ac57-0fc04cea37d7 req-ac45a7a7-91b9-4dd1-ac57-0fc04cea37d7 ] Request (ImagesOneServerNegativeTestJSON:_run_cleanups): 200 GET http://10.180.1.21/compute/v2.1/servers/159dec6d-8c2e-46c6-9411-1f2a23cecd9f 0.434s
2024-12-16 19:52:31.939 67516 INFO tempest.lib.common.rest_client [req-855080a6-f43e-47b3-970a-5d3c985bfc07 req-855080a6-f43e-47b3-970a-5d3c985bfc07 ] Request (SecurityGroupRulesTestJSON:test_security_group_rules_create_with_optional_group_id): 200 POST http://10.180.1.21/compute/v2.1/os-security-group-rules 0.509s
2024-12-16 19:52:31.941 67516 WARNING tempest.lib.common.rest_client [-] Deprecated: "tenant_id" property is deprecated for removal, use "project_id" instead
2024-12-16 19:52:31.981 67530 INFO tempest.lib.common.rest_client [req-fb0550d8-1785-4dd6-8fc9-ed2130776c22 req-fb0550d8-1785-4dd6-8fc9-ed2130776c22 ] Request (TenantUsagesTestJSON:tearDownClass): 200 GET http://10.180.1.21/compute/v2.1/servers/5607dc27-d9d6-4fc2-a210-f893a704cca3 0.459s
2024-12-16 19:52:32.029 67543 INFO tempest.lib.common.rest_client [req-01b9ba39-58c0-41c4-9455-141d8b114da7 req-01b9ba39-58c0-41c4-9455-141d8b114da7 ] Request (ListServerFiltersTestJSON:setUpClass): 200 GET http://10.180.1.21/compute/v2.1/servers/e1900551-fbeb-4ac9-b570-acefcdb408ad 0.372s
2024-12-16 19:52:32.249 67496 INFO tempest.lib.common.rest_client [req-74fe37a6-21b1-467e-ad35-2c5416329eed req-74fe37a6-21b1-467e-ad35-2c5416329eed ] Request (ImagesMetadataTestJSON:setUp): 200 PUT http://10.180.1.21/compute/v2.1/images/ddee518f-be41-4f42-a8e9-e1b2c93d3253/metadata 0.548s
2024-12-16 19:52:32.296 67524 INFO tempest.lib.common.rest_client [req-2136b80e-214a-42ae-bf56-99ce7683e405 req-2136b80e-214a-42ae-bf56-99ce7683e405 ] Request (FloatingIPDetailsTestJSON:_run_cleanups): 202 DELETE http://10.180.1.21/compute/v2.1/os-floating-ips/1c80f6f2-19d7-4e68-8ecc-d64361050dd3 0.751s
2024-12-16 19:52:32.301 67529 INFO tempest.lib.common.rest_client [req-5f812e17-5cc5-47d0-ac72-16db6395c50d req-5f812e17-5cc5-47d0-ac72-16db6395c50d ] Request (DeleteServersAdminTestJSON:test_delete_server_while_in_error_state): 200 GET http://10.180.1.21/compute/v2.1/servers/0b9be8e5-f5b1-4206-8001-58e40e6d45a7 0.591s
2024-12-16 19:52:32.340 67520 INFO tempest.lib.common.rest_client [req-c5b93915-0dc8-4ae0-aa97-3751d68b22dd req-c5b93915-0dc8-4ae0-aa97-3751d68b22dd ] Request (InstanceActionsNegativeTestJSON:setUpClass): 200 GET http://10.180.1.21/compute/v2.1/servers/cea78468-f692-4634-8508-3886bccfb8bf 0.580s
2024-12-16 19:52:32.388 67506 INFO tempest.lib.common.rest_client [req-5b0b46f6-b555-4c0d-bb34-1f733fa7e35e req-5b0b46f6-b555-4c0d-bb34-1f733fa7e35e ] Request (ServerGroupTestJSON:test_create_server_with_scheduler_hint_group): 200 GET http://10.180.1.21/compute/v2.1/servers/677bd1fb-54e0-4cd7-b28b-0f60575ff6b0 0.410s
2024-12-16 19:52:32.415 67516 INFO tempest.lib.common.rest_client [req-67f40efc-edae-44b8-a31f-47e77aa8ec49 req-67f40efc-edae-44b8-a31f-47e77aa8ec49 ] Request (SecurityGroupRulesTestJSON:test_security_group_rules_delete_when_peer_group_deleted): 200 POST http://10.180.1.21/compute/v2.1/os-security-groups 0.472s
2024-12-16 19:52:32.433 67508 INFO tempest.lib.common.rest_client [req-a08f260d-33ec-4092-bac1-9e91717dff93 req-a08f260d-33ec-4092-bac1-9e91717dff93 ] Request (ImagesNegativeTestJSON:test_create_image_from_deleted_server): 200 GET http://10.180.1.21/compute/v2.1/servers/970178a8-93cc-40b8-b323-46ae49afe82d 0.402s
2024-12-16 19:52:32.459 67532 INFO tempest.lib.common.rest_client [req-34c76648-7fcd-4f78-9fcd-2d32a211c855 req-34c76648-7fcd-4f78-9fcd-2d32a211c855 ] Request (ServersTestJSON:test_create_server_specify_multibyte_character_name): 200 GET http://10.180.1.21/compute/v2.1/servers/91df9ad8-2c37-4eda-a0b1-e851fef3e30c 0.380s
2024-12-16 19:52:32.487 67526 INFO tempest.lib.common.rest_client [req-779e063f-482d-44b5-8e9b-92708701650c req-779e063f-482d-44b5-8e9b-92708701650c ] Request (ServerExternalEventsTest:tearDownClass): 200 GET http://10.180.1.21/compute/v2.1/servers/195235fb-e1ff-4811-82c1-f30a833f6a82 0.338s
2024-12-16 19:52:32.512 67522 INFO tempest.lib.common.rest_client [req-9f5b07b5-b43f-4354-92d5-062727ffd7e3 req-9f5b07b5-b43f-4354-92d5-062727ffd7e3 ] Request (ServersAdminTestJSON:test_create_server_with_scheduling_hint): 200 GET http://10.180.1.21/compute/v2.1/servers/ec1f0ba5-254e-4ad1-9b44-9bb0f1006d6f 0.321s
2024-12-16 19:52:32.533 67510 INFO tempest.lib.common.rest_client [req-c79897a7-ec7d-4d3a-8f53-d0782da0c249 req-c79897a7-ec7d-4d3a-8f53-d0782da0c249 ] Request (ServersTestJSON:setUpClass): 200 GET http://10.180.1.21/compute/v2.1/servers/831ad7b6-6521-4cc0-b56a-9ce6c48a582c 0.293s
2024-12-16 19:52:32.575 67514 INFO tempest.lib.common.rest_client [req-caf87712-befa-4d36-a9f6-e66f50b63d54 req-caf87712-befa-4d36-a9f6-e66f50b63d54 ] Request (AttachInterfacesTestJSON:test_create_list_show_delete_interfaces_by_fixed_ip): 200 GET http://10.180.1.21/compute/v2.1/servers/8c888cd9-be84-4190-847b-96491a3dd73f 0.289s
2024-12-16 19:52:32.642 67524 INFO tempest.lib.common.rest_client [req-4c7b8179-47e6-4422-b5ff-0b589552ce5e req-4c7b8179-47e6-4422-b5ff-0b589552ce5e ] Request (FloatingIPDetailsTestJSON:test_list_floating_ips): 200 GET http://10.180.1.21/compute/v2.1/os-floating-ips 0.345s
2024-12-16 19:52:32.674 67496 INFO tempest.lib.common.rest_client [req-ccc116a9-d40e-4e14-9c1e-0eff15df00a7 req-ccc116a9-d40e-4e14-9c1e-0eff15df00a7 ] Request (ImagesMetadataTestJSON:test_set_image_metadata_item): 200 PUT http://10.180.1.21/compute/v2.1/images/ddee518f-be41-4f42-a8e9-e1b2c93d3253/metadata/os_version 0.424s
2024-12-16 19:52:32.687 67559 INFO tempest.lib.common.rest_client [req-492004f6-d7d8-48e5-856c-3aee726d70bc req-492004f6-d7d8-48e5-856c-3aee726d70bc ] Request (VolumesAdminNegativeTest:test_update_attached_volume_with_nonexistent_volume_in_body): 200 GET http://10.180.1.21/compute/v2.1/servers/1dfbf63e-5519-4b03-a3aa-d9c5e08087d4 0.340s
2024-12-16 19:52:32.723 67502 INFO tempest.lib.common.rest_client [req-f1f504c7-d5d1-49c0-a9f1-17e33c58b2b8 req-f1f504c7-d5d1-49c0-a9f1-17e33c58b2b8 ] Request (ServersTestManualDisk:setUpClass): 200 GET http://10.180.1.21/compute/v2.1/servers/7145ada3-e1fc-4651-a10d-22ca2f5df942 0.316s
2024-12-16 19:52:32.767 67553 INFO tempest.lib.common.rest_client [req-f9f176ea-f57d-46f9-8e42-b1328309bd21 req-f9f176ea-f57d-46f9-8e42-b1328309bd21 ] Request (ServerDiskConfigTestJSON:test_rebuild_server_with_auto_disk_config): 200 GET http://10.180.1.21/compute/v2.1/servers/769d673a-b23e-4995-a6d9-2d2d53a6b469 0.310s
2024-12-16 19:52:32.806 67516 INFO tempest.lib.common.rest_client [req-55666f10-0435-4477-8ad3-9bdf82ad5ba1 req-55666f10-0435-4477-8ad3-9bdf82ad5ba1 ] Request (SecurityGroupRulesTestJSON:test_security_group_rules_delete_when_peer_group_deleted): 200 POST http://10.180.1.21/compute/v2.1/os-security-groups 0.388s
2024-12-16 19:52:32.810 67557 INFO tempest.lib.common.rest_client [req-baf914d0-b556-4108-8c9c-dddbf6031497 req-baf914d0-b556-4108-8c9c-dddbf6031497 ] Request (MigrationsAdminTest:test_list_migrations_in_flavor_resize_situation): 200 GET http://10.180.1.21/compute/v2.1/servers/6321e4cd-2f34-4dca-b144-2c5eadcbf8fc 0.310s
2024-12-16 19:52:32.861 67500 INFO tempest.lib.common.rest_client [req-a4c72831-86cc-4a92-88e7-39097120317a req-a4c72831-86cc-4a92-88e7-39097120317a ] Request (FloatingIPsAssociationNegativeTestJSON:setUpClass): 200 GET http://10.180.1.21/compute/v2.1/servers/7d5a350c-8215-4ec0-8cf4-c33b0f8bbd02 0.255s
2024-12-16 19:52:32.866 67548 INFO tempest.lib.common.rest_client [req-697be337-e100-4c4d-ad50-6787f15218c2 req-697be337-e100-4c4d-ad50-6787f15218c2 ] Request (ServerActionsV293TestJSON:setUpClass): 200 GET http://10.180.1.21/compute/v2.1/servers/7703addf-fe6d-40f7-bb52-47fa36c14a50 0.295s
2024-12-16 19:52:32.917 67534 INFO tempest.lib.common.rest_client [req-f5ff6e8f-efb9-4d6c-b4ab-375cbd30b4b0 req-f5ff6e8f-efb9-4d6c-b4ab-375cbd30b4b0 ] Request (MultipleCreateTestJSON:_run_cleanups): 200 GET http://10.180.1.21/compute/v2.1/servers/d10f2dca-6d26-4c7e-8683-8da43221cce3 0.287s
2024-12-16 19:52:32.973 67549 INFO tempest.lib.common.rest_client [req-95daf31a-e152-4f19-a594-360dbe01f7b6 req-95daf31a-e152-4f19-a594-360dbe01f7b6 ] Request (ServersAdminNegativeTestJSON:test_migrate_server_invalid_state): 200 GET http://10.180.1.21/compute/v2.1/servers/ac96cdc3-e0ea-478a-8ed4-72c264eea1f4 0.308s
2024-12-16 19:52:33.000 67496 INFO tempest.lib.common.rest_client [req-3343b31e-4feb-4b57-84bd-b912892f21cc req-3343b31e-4feb-4b57-84bd-b912892f21cc ] Request (ImagesMetadataTestJSON:test_set_image_metadata_item): 200 GET http://10.180.1.21/compute/v2.1/images/ddee518f-be41-4f42-a8e9-e1b2c93d3253/metadata 0.325s
2024-12-16 19:52:33.052 67498 INFO tempest.lib.common.rest_client [req-88848776-7f15-4bd5-ba05-8112cac22f67 req-88848776-7f15-4bd5-ba05-8112cac22f67 ] Request (ImagesTestJSON:test_create_image_from_stopped_server): 200 GET http://10.180.1.21/compute/v2.1/servers/d12cfef2-7912-4cca-bfd4-714b61f62444 0.376s
2024-12-16 19:52:33.137 67541 INFO tempest.lib.common.rest_client [req-58e0e8f8-46f0-4c17-acf9-59535bf8d50f req-58e0e8f8-46f0-4c17-acf9-59535bf8d50f ] Request (ServersAdmin275Test:_run_cleanups): 200 GET http://10.180.1.21/compute/v2.1/servers/e0e6b00e-63b9-458d-ad31-3fa6d175cd04 0.411s
2024-12-16 19:52:33.145 67541 INFO tempest.common.waiters [-] State transition "REBUILD/rebuilding" ==> "REBUILD/rebuild_spawning" after 3 second wait
2024-12-16 19:52:33.192 67537 INFO tempest.lib.common.rest_client [req-cf5cc772-8796-4506-8219-a83e58399b61 req-cf5cc772-8796-4506-8219-a83e58399b61 ] Request (SecurityGroupsTestJSON:test_list_security_groups_by_server): 200 GET http://10.180.1.21/compute/v2.1/servers/201a9dea-67af-4250-a839-6c1d9a882533 0.442s
2024-12-16 19:52:33.223 67524 INFO tempest.lib.common.rest_client [req-520640e9-295d-4df5-885b-dc20d0ab02a7 req-520640e9-295d-4df5-885b-dc20d0ab02a7 ] Request (FloatingIPDetailsTestJSON:tearDownClass): 202 DELETE http://10.180.1.21/compute/v2.1/os-floating-ips/deab6677-5ebb-4bd8-aca6-2971a231db35 0.577s
2024-12-16 19:52:33.280 67551 INFO tempest.lib.common.rest_client [req-2de8f4c6-187a-403f-8d7c-4eae03d978bb req-2de8f4c6-187a-403f-8d7c-4eae03d978bb ] Request (AttachInterfacesV270Test:test_create_get_list_interfaces): 200 GET http://10.180.1.21/compute/v2.1/servers/e0f71229-23d6-4647-9a81-da15dd0d337c 0.482s
2024-12-16 19:52:33.443 67516 INFO tempest.lib.common.rest_client [req-0ef8a7b4-cb09-4dee-ac7a-c92fe4426d51 req-0ef8a7b4-cb09-4dee-ac7a-c92fe4426d51 ] Request (SecurityGroupRulesTestJSON:test_security_group_rules_delete_when_peer_group_deleted): 200 POST http://10.180.1.21/compute/v2.1/os-security-group-rules 0.634s
2024-12-16 19:52:33.455 67545 INFO tempest.lib.common.rest_client [req-c0ad8a14-8569-41b1-8d60-88f908775ac6 req-c0ad8a14-8569-41b1-8d60-88f908775ac6 ] Request (ServerDiagnosticsTest:tearDownClass): 200 GET http://10.180.1.21/compute/v2.1/servers/4238f1d5-d1c0-471e-acc4-6bff80297c2f 0.681s
2024-12-16 19:52:33.492 67555 INFO tempest.lib.common.rest_client [req-368a18da-4a08-4ead-9194-b53de93077e6 req-368a18da-4a08-4ead-9194-b53de93077e6 ] Request (ServerPasswordTestJSON:setUpClass): 200 GET http://10.180.1.21/compute/v2.1/servers/ff676f80-9e5b-4c8e-92f4-657591750c2f 0.639s
2024-12-16 19:52:33.515 67512 INFO tempest.lib.common.rest_client [req-05a78261-2fbb-4c0a-a76f-f7cd4182473f req-05a78261-2fbb-4c0a-a76f-f7cd4182473f ] Request (ImagesOneServerNegativeTestJSON:_run_cleanups): 200 GET http://10.180.1.21/compute/v2.1/servers/159dec6d-8c2e-46c6-9411-1f2a23cecd9f 0.597s
2024-12-16 19:52:33.548 67530 INFO tempest.lib.common.rest_client [req-8571dd9a-7433-4a86-8992-44859e94b5ae req-8571dd9a-7433-4a86-8992-44859e94b5ae ] Request (TenantUsagesTestJSON:tearDownClass): 200 GET http://10.180.1.21/compute/v2.1/servers/5607dc27-d9d6-4fc2-a210-f893a704cca3 0.560s
2024-12-16 19:52:33.600 67543 INFO tempest.lib.common.rest_client [req-5436caad-b158-462e-bf25-66e88d6df674 req-5436caad-b158-462e-bf25-66e88d6df674 ] Request (ListServerFiltersTestJSON:setUpClass): 200 GET http://10.180.1.21/compute/v2.1/servers/e1900551-fbeb-4ac9-b570-acefcdb408ad 0.564s
2024-12-16 19:52:33.730 67496 INFO tempest.lib.common.rest_client [req-fbf41a39-ab21-4c51-a910-96df877d43bf req-fbf41a39-ab21-4c51-a910-96df877d43bf ] Request (ImagesMetadataTestJSON:setUp): 200 PUT http://10.180.1.21/compute/v2.1/images/ddee518f-be41-4f42-a8e9-e1b2c93d3253/metadata 0.729s
2024-12-16 19:52:33.783 67504 WARNING tempest.lib.common.ssh [-] Failed to establish authenticated ssh connection to cirros@10.180.180.209 ([Errno None] Unable to connect to port 22 on 10.180.180.209). Number attempts: 4. Retry after 5 seconds.: paramiko.ssh_exception.NoValidConnectionsError: [Errno None] Unable to connect to port 22 on 10.180.180.209
2024-12-16 19:52:33.788 67529 INFO tempest.lib.common.rest_client [req-d2f64f21-fa8a-4054-9154-2b4fb415eb67 req-d2f64f21-fa8a-4054-9154-2b4fb415eb67 ] Request (DeleteServersAdminTestJSON:test_delete_server_while_in_error_state): 200 GET http://10.180.1.21/compute/v2.1/servers/0b9be8e5-f5b1-4206-8001-58e40e6d45a7 0.480s
2024-12-16 19:52:33.837 67520 INFO tempest.lib.common.rest_client [req-291b4fbd-9882-49b8-9312-1c6a3dd5727c req-291b4fbd-9882-49b8-9312-1c6a3dd5727c ] Request (InstanceActionsNegativeTestJSON:setUpClass): 200 GET http://10.180.1.21/compute/v2.1/servers/cea78468-f692-4634-8508-3886bccfb8bf 0.488s
2024-12-16 19:52:33.886 67506 INFO tempest.lib.common.rest_client [req-2a5afbb4-57e9-4388-8e7e-e57117e4f14f req-2a5afbb4-57e9-4388-8e7e-e57117e4f14f ] Request (ServerGroupTestJSON:test_create_server_with_scheduler_hint_group): 200 GET http://10.180.1.21/compute/v2.1/servers/677bd1fb-54e0-4cd7-b28b-0f60575ff6b0 0.491s
2024-12-16 19:52:33.935 67508 INFO tempest.lib.common.rest_client [req-8982643b-f838-467b-a8d3-4cd66fb85068 req-8982643b-f838-467b-a8d3-4cd66fb85068 ] Request (ImagesNegativeTestJSON:test_create_image_from_deleted_server): 200 GET http://10.180.1.21/compute/v2.1/servers/970178a8-93cc-40b8-b323-46ae49afe82d 0.495s
2024-12-16 19:52:33.950 67524 INFO tempest.lib.common.rest_client [req-fec2eb94-b93a-4dbf-9098-b550ceece53c req-fec2eb94-b93a-4dbf-9098-b550ceece53c ] Request (FloatingIPDetailsTestJSON:tearDownClass): 202 DELETE http://10.180.1.21/compute/v2.1/os-floating-ips/780c7998-c41d-4aa0-b0bb-1497509f6cc0 0.726s
2024-12-16 19:52:34.001 67532 INFO tempest.lib.common.rest_client [req-96e7d380-e22b-42e3-ade1-7c6878201676 req-96e7d380-e22b-42e3-ade1-7c6878201676 ] Request (ServersTestJSON:test_create_server_specify_multibyte_character_name): 200 GET http://10.180.1.21/compute/v2.1/servers/91df9ad8-2c37-4eda-a0b1-e851fef3e30c 0.535s
2024-12-16 19:52:34.011 67532 INFO tempest.common.waiters [-] State transition "BUILD/scheduling" ==> "BUILD/None" after 30 second wait
2024-12-16 19:52:34.061 67526 INFO tempest.lib.common.rest_client [req-b4fcfc04-9894-4e49-9ed4-5e5531ef6365 req-b4fcfc04-9894-4e49-9ed4-5e5531ef6365 ] Request (ServerExternalEventsTest:tearDownClass): 200 GET http://10.180.1.21/compute/v2.1/servers/195235fb-e1ff-4811-82c1-f30a833f6a82 0.566s
2024-12-16 19:52:34.074 67516 INFO tempest.lib.common.rest_client [req-ff62ca31-acdc-4a6a-8359-fe33f915706c req-ff62ca31-acdc-4a6a-8359-fe33f915706c ] Request (SecurityGroupRulesTestJSON:test_security_group_rules_delete_when_peer_group_deleted): 202 DELETE http://10.180.1.21/compute/v2.1/os-security-groups/2c933943-30f2-4604-85d3-bc332744561d 0.629s
2024-12-16 19:52:34.104 67522 INFO tempest.lib.common.rest_client [req-d955da33-cc74-4944-9d2b-344a87e66fcc req-d955da33-cc74-4944-9d2b-344a87e66fcc ] Request (ServersAdminTestJSON:test_create_server_with_scheduling_hint): 200 GET http://10.180.1.21/compute/v2.1/servers/ec1f0ba5-254e-4ad1-9b44-9bb0f1006d6f 0.584s
2024-12-16 19:52:34.116 67510 INFO tempest.lib.common.rest_client [req-26582747-f8a4-47cd-8d04-f6f4ef64a3ea req-26582747-f8a4-47cd-8d04-f6f4ef64a3ea ] Request (ServersTestJSON:setUpClass): 200 GET http://10.180.1.21/compute/v2.1/servers/831ad7b6-6521-4cc0-b56a-9ce6c48a582c 0.576s
2024-12-16 19:52:34.145 67514 INFO tempest.lib.common.rest_client [req-3a32ea2e-8b67-4585-878a-bca3c753b389 req-3a32ea2e-8b67-4585-878a-bca3c753b389 ] Request (AttachInterfacesTestJSON:test_create_list_show_delete_interfaces_by_fixed_ip): 200 GET http://10.180.1.21/compute/v2.1/servers/8c888cd9-be84-4190-847b-96491a3dd73f 0.563s
2024-12-16 19:52:34.156 67559 INFO tempest.lib.common.rest_client [req-16467263-76f9-45e7-ba88-0eb2eb54d923 req-16467263-76f9-45e7-ba88-0eb2eb54d923 ] Request (VolumesAdminNegativeTest:test_update_attached_volume_with_nonexistent_volume_in_body): 200 GET http://10.180.1.21/compute/v2.1/servers/1dfbf63e-5519-4b03-a3aa-d9c5e08087d4 0.462s
2024-12-16 19:52:34.188 67502 INFO tempest.lib.common.rest_client [req-b2e89702-f323-4c74-981d-2737f41ef6cf req-b2e89702-f323-4c74-981d-2737f41ef6cf ] Request (ServersTestManualDisk:setUpClass): 200 GET http://10.180.1.21/compute/v2.1/servers/7145ada3-e1fc-4651-a10d-22ca2f5df942 0.457s
2024-12-16 19:52:34.230 67553 INFO tempest.lib.common.rest_client [req-73ca78a1-e425-4864-9a53-4c3c46a9f76e req-73ca78a1-e425-4864-9a53-4c3c46a9f76e ] Request (ServerDiskConfigTestJSON:test_rebuild_server_with_auto_disk_config): 200 GET http://10.180.1.21/compute/v2.1/servers/769d673a-b23e-4995-a6d9-2d2d53a6b469 0.456s
2024-12-16 19:52:34.337 67496 INFO tempest.lib.common.rest_client [req-cfa945c4-dc55-4d00-94ee-2a6289fc1ba5 req-cfa945c4-dc55-4d00-94ee-2a6289fc1ba5 ] Request (ImagesMetadataTestJSON:test_update_image_metadata): 200 POST http://10.180.1.21/compute/v2.1/images/ddee518f-be41-4f42-a8e9-e1b2c93d3253/metadata 0.605s
2024-12-16 19:52:34.419 67557 INFO tempest.lib.common.rest_client [req-bab8c812-78bd-4ee8-b389-6913098c8e0f req-bab8c812-78bd-4ee8-b389-6913098c8e0f ] Request (MigrationsAdminTest:test_list_migrations_in_flavor_resize_situation): 200 GET http://10.180.1.21/compute/v2.1/servers/6321e4cd-2f34-4dca-b144-2c5eadcbf8fc 0.601s
2024-12-16 19:52:34.428 67500 INFO tempest.lib.common.rest_client [req-6da1aaec-2ca6-4176-a19b-fe7b133c4bac req-6da1aaec-2ca6-4176-a19b-fe7b133c4bac ] Request (FloatingIPsAssociationNegativeTestJSON:setUpClass): 200 GET http://10.180.1.21/compute/v2.1/servers/7d5a350c-8215-4ec0-8cf4-c33b0f8bbd02 0.559s
2024-12-16 19:52:34.466 67548 INFO tempest.lib.common.rest_client [req-54d9aef3-149a-46bb-9b7f-bef584762735 req-54d9aef3-149a-46bb-9b7f-bef584762735 ] Request (ServerActionsV293TestJSON:setUpClass): 200 GET http://10.180.1.21/compute/v2.1/servers/7703addf-fe6d-40f7-bb52-47fa36c14a50 0.591s
2024-12-16 19:52:34.475 67534 INFO tempest.lib.common.rest_client [req-d66f6590-1de5-4c96-9cec-01c1d6a6ad01 req-d66f6590-1de5-4c96-9cec-01c1d6a6ad01 ] Request (MultipleCreateTestJSON:_run_cleanups): 200 GET http://10.180.1.21/compute/v2.1/servers/d10f2dca-6d26-4c7e-8683-8da43221cce3 0.551s
2024-12-16 19:52:34.520 67549 INFO tempest.lib.common.rest_client [req-b2d506f0-fd82-49f0-978c-2696c923c51f req-b2d506f0-fd82-49f0-978c-2696c923c51f ] Request (ServersAdminNegativeTestJSON:test_migrate_server_invalid_state): 200 GET http://10.180.1.21/compute/v2.1/servers/ac96cdc3-e0ea-478a-8ed4-72c264eea1f4 0.540s
2024-12-16 19:52:34.582 67498 INFO tempest.lib.common.rest_client [req-6d4049ff-3846-4f21-87a2-b7d0d2edc3b1 req-6d4049ff-3846-4f21-87a2-b7d0d2edc3b1 ] Request (ImagesTestJSON:test_create_image_from_stopped_server): 200 GET http://10.180.1.21/compute/v2.1/servers/d12cfef2-7912-4cca-bfd4-714b61f62444 0.523s
2024-12-16 19:52:34.631 67516 INFO tempest.lib.common.rest_client [req-a3e87183-310a-44eb-ab1d-f524b9edbd21 req-a3e87183-310a-44eb-ab1d-f524b9edbd21 ] Request (SecurityGroupRulesTestJSON:test_security_group_rules_delete_when_peer_group_deleted): 200 GET http://10.180.1.21/compute/v2.1/os-security-groups/64d49ba3-c1cd-4198-bbfd-f35d44f5e27f 0.556s
2024-12-16 19:52:34.689 67541 INFO tempest.lib.common.rest_client [req-59854d7e-f6d2-48a8-a8ff-e16c489eb694 req-59854d7e-f6d2-48a8-a8ff-e16c489eb694 ] Request (ServersAdmin275Test:_run_cleanups): 200 GET http://10.180.1.21/compute/v2.1/servers/e0e6b00e-63b9-458d-ad31-3fa6d175cd04 0.543s
2024-12-16 19:52:34.734 67537 INFO tempest.lib.common.rest_client [req-a8c48176-604c-4c2d-8530-7f0d21c3e962 req-a8c48176-604c-4c2d-8530-7f0d21c3e962 ] Request (SecurityGroupsTestJSON:test_list_security_groups_by_server): 200 GET http://10.180.1.21/compute/v2.1/servers/201a9dea-67af-4250-a839-6c1d9a882533 0.534s
2024-12-16 19:52:34.776 67551 INFO tempest.lib.common.rest_client [req-109474d0-918a-4f8b-abe9-5061b401cb5f req-109474d0-918a-4f8b-abe9-5061b401cb5f ] Request (AttachInterfacesV270Test:test_create_get_list_interfaces): 200 GET http://10.180.1.21/compute/v2.1/servers/e0f71229-23d6-4647-9a81-da15dd0d337c 0.485s
2024-12-16 19:52:34.803 67496 INFO tempest.lib.common.rest_client [req-a42f618f-e854-40a6-803f-0e7519510ade req-a42f618f-e854-40a6-803f-0e7519510ade ] Request (ImagesMetadataTestJSON:test_update_image_metadata): 200 GET http://10.180.1.21/compute/v2.1/images/ddee518f-be41-4f42-a8e9-e1b2c93d3253/metadata 0.466s
2024-12-16 19:52:34.823 67545 INFO tempest.lib.common.rest_client [req-5f434db5-cdd5-4c53-a6da-2d8e1dfffb8f req-5f434db5-cdd5-4c53-a6da-2d8e1dfffb8f ] Request (ServerDiagnosticsTest:tearDownClass): 404 GET http://10.180.1.21/compute/v2.1/servers/4238f1d5-d1c0-471e-acc4-6bff80297c2f 0.359s
2024-12-16 19:52:34.830 67524 INFO tempest.lib.common.rest_client [req-7e9d3772-1cf1-40be-9574-6243704eb204 req-7e9d3772-1cf1-40be-9574-6243704eb204 ] Request (FloatingIPDetailsTestJSON:tearDownClass): 202 DELETE http://10.180.1.21/compute/v2.1/os-floating-ips/e70fc974-f9e5-4f04-8a89-e82e07cd2121 0.879s
2024-12-16 19:52:34.860 67496 INFO tempest.lib.common.rest_client [req-409410bd-df8f-42e1-aaff-62199041da70 req-409410bd-df8f-42e1-aaff-62199041da70 ] Request (ImagesMetadataTestJSON:tearDownClass): 204 DELETE http://10.180.1.21/image/v2/images/ddee518f-be41-4f42-a8e9-e1b2c93d3253 0.054s
2024-12-16 19:52:34.875 67555 INFO tempest.lib.common.rest_client [req-1a136a64-b895-483e-89fa-64e8bb3dbaf2 req-1a136a64-b895-483e-89fa-64e8bb3dbaf2 ] Request (ServerPasswordTestJSON:setUpClass): 200 GET http://10.180.1.21/compute/v2.1/servers/ff676f80-9e5b-4c8e-92f4-657591750c2f 0.375s
2024-12-16 19:52:34.895 67512 INFO tempest.lib.common.rest_client [req-492c49d0-4c6f-42df-9063-714c781bc8e9 req-492c49d0-4c6f-42df-9063-714c781bc8e9 ] Request (ImagesOneServerNegativeTestJSON:_run_cleanups): 200 GET http://10.180.1.21/compute/v2.1/servers/159dec6d-8c2e-46c6-9411-1f2a23cecd9f 0.372s
2024-12-16 19:52:34.947 67530 INFO tempest.lib.common.rest_client [req-c718560f-2d18-47ef-b804-ef10e599da92 req-c718560f-2d18-47ef-b804-ef10e599da92 ] Request (TenantUsagesTestJSON:tearDownClass): 200 GET http://10.180.1.21/compute/v2.1/servers/5607dc27-d9d6-4fc2-a210-f893a704cca3 0.393s
2024-12-16 19:52:34.948 67543 INFO tempest.lib.common.rest_client [req-71dabcb6-c20b-4bb5-88c4-c2dcd7271c51 req-71dabcb6-c20b-4bb5-88c4-c2dcd7271c51 ] Request (ListServerFiltersTestJSON:setUpClass): 200 GET http://10.180.1.21/compute/v2.1/servers/e1900551-fbeb-4ac9-b570-acefcdb408ad 0.340s
2024-12-16 19:52:34.971 67545 INFO tempest.lib.common.rest_client [req-cac3ec35-b412-4fc6-85e8-4185ca2849b5 req-cac3ec35-b412-4fc6-85e8-4185ca2849b5 ] Request (ServerDiagnosticsTest:tearDownClass): 204 DELETE http://10.180.1.21/identity/v3/users/d54c5b2fa068445aaa375bc8f825579f 0.147s
2024-12-16 19:52:34.974 67496 INFO tempest.lib.common.rest_client [req-48a04d96-ecca-4a05-aa63-8a0110b57dc1 req-48a04d96-ecca-4a05-aa63-8a0110b57dc1 ] Request (ImagesMetadataTestJSON:tearDownClass): 204 DELETE http://10.180.1.21/identity/v3/users/94ab4ba2323f4100ba10adb8c6d9acbc 0.114s
2024-12-16 19:52:34.975 67496 INFO tempest.lib.common.dynamic_creds [-] Deleting project and security group for project: ac096206a7c14e22a696e67d904c5df2
2024-12-16 19:52:35.002 67529 INFO tempest.lib.common.rest_client [req-aec6bbe8-d85f-4e00-b9f6-785c246b595f req-aec6bbe8-d85f-4e00-b9f6-785c246b595f ] Request (DeleteServersAdminTestJSON:test_delete_server_while_in_error_state): 200 GET http://10.180.1.21/compute/v2.1/servers/0b9be8e5-f5b1-4206-8001-58e40e6d45a7 0.206s
2024-12-16 19:52:35.028 67496 INFO tempest.lib.common.rest_client [req-c4ffaac0-f9a4-4aaa-8c44-d415b4142c56 req-c4ffaac0-f9a4-4aaa-8c44-d415b4142c56 ] Request (ImagesMetadataTestJSON:tearDownClass): 201 POST http://10.180.1.21/identity/v3/auth/tokens 0.053s
2024-12-16 19:52:35.074 67520 INFO tempest.lib.common.rest_client [req-42710c76-52bb-4f69-8c00-94623f73f77d req-42710c76-52bb-4f69-8c00-94623f73f77d ] Request (InstanceActionsNegativeTestJSON:setUpClass): 200 GET http://10.180.1.21/compute/v2.1/servers/cea78468-f692-4634-8508-3886bccfb8bf 0.226s
2024-12-16 19:52:35.084 67545 INFO tempest.lib.common.rest_client [req-f5dce5b9-2f8f-4f9b-8e63-390901c88666 req-f5dce5b9-2f8f-4f9b-8e63-390901c88666 ] Request (ServerDiagnosticsTest:tearDownClass): 204 DELETE http://10.180.1.21/identity/v3/users/f06216be70244ea5af0ed077c664a4a3 0.112s
2024-12-16 19:52:35.085 67545 INFO tempest.lib.common.dynamic_creds [-] Deleting project and security group for project: 9a183f7233a543ddaa87a6a2fe395e70
2024-12-16 19:52:35.145 67545 INFO tempest.lib.common.rest_client [req-81868418-0b91-489e-881c-cc3937013173 req-81868418-0b91-489e-881c-cc3937013173 ] Request (ServerDiagnosticsTest:tearDownClass): 201 POST http://10.180.1.21/identity/v3/auth/tokens 0.060s
2024-12-16 19:52:35.154 67506 INFO tempest.lib.common.rest_client [req-b84fac51-a9b1-444f-ae2d-de33fe842588 req-b84fac51-a9b1-444f-ae2d-de33fe842588 ] Request (ServerGroupTestJSON:test_create_server_with_scheduler_hint_group): 200 GET http://10.180.1.21/compute/v2.1/servers/677bd1fb-54e0-4cd7-b28b-0f60575ff6b0 0.261s
2024-12-16 19:52:35.203 67545 INFO tempest.lib.common.rest_client [req-cd41454f-29e8-4c5a-8b4a-eda76e4687e8 req-cd41454f-29e8-4c5a-8b4a-eda76e4687e8 ] Request (ServerDiagnosticsTest:tearDownClass): 200 GET http://10.180.1.21:9696/networking/v2.0/security-groups?tenant_id=9a183f7233a543ddaa87a6a2fe395e70&name=default 0.057s
2024-12-16 19:52:35.228 67508 INFO tempest.lib.common.rest_client [req-36661ebf-9677-4af9-83a5-9bf57d0cae44 req-36661ebf-9677-4af9-83a5-9bf57d0cae44 ] Request (ImagesNegativeTestJSON:test_create_image_from_deleted_server): 200 GET http://10.180.1.21/compute/v2.1/servers/970178a8-93cc-40b8-b323-46ae49afe82d 0.287s
2024-12-16 19:52:35.270 67516 INFO tempest.lib.common.rest_client [req-2f53c31a-bd76-4929-8f2c-5325a1430e7c req-2f53c31a-bd76-4929-8f2c-5325a1430e7c ] Request (SecurityGroupRulesTestJSON:test_security_group_rules_list): 200 POST http://10.180.1.21/compute/v2.1/os-security-groups 0.635s
2024-12-16 19:52:35.286 67545 INFO tempest.lib.common.rest_client [req-36276ae1-40d2-420f-afad-0e2fad4f553a req-36276ae1-40d2-420f-afad-0e2fad4f553a ] Request (ServerDiagnosticsTest:tearDownClass): 204 DELETE http://10.180.1.21:9696/networking/v2.0/security-groups/4d18dad7-f227-4853-8395-99b4e7192460 0.082s
2024-12-16 19:52:35.305 67532 INFO tempest.lib.common.rest_client [req-66edd277-fa03-4ca5-ade3-21790a44e43e req-66edd277-fa03-4ca5-ade3-21790a44e43e ] Request (ServersTestJSON:test_create_server_specify_multibyte_character_name): 200 GET http://10.180.1.21/compute/v2.1/servers/91df9ad8-2c37-4eda-a0b1-e851fef3e30c 0.293s
2024-12-16 19:52:35.343 67545 INFO tempest.lib.common.rest_client [req-7588d2fc-443e-44cc-87d6-3b9afc9214a6 req-7588d2fc-443e-44cc-87d6-3b9afc9214a6 ] Request (ServerDiagnosticsTest:tearDownClass): 204 DELETE http://10.180.1.21/identity/v3/projects/9a183f7233a543ddaa87a6a2fe395e70 0.056s
2024-12-16 19:52:35.343 67545 INFO tempest.lib.common.dynamic_creds [-] Deleting project and security group for project: 19bc8e1191dc436d852deb1324d3e0e9
2024-12-16 19:52:35.350 67526 INFO tempest.lib.common.rest_client [req-220ed6fa-6f46-47b5-9598-3cda1690f71e req-220ed6fa-6f46-47b5-9598-3cda1690f71e ] Request (ServerExternalEventsTest:tearDownClass): 200 GET http://10.180.1.21/compute/v2.1/servers/195235fb-e1ff-4811-82c1-f30a833f6a82 0.280s
2024-12-16 19:52:35.379 67522 INFO tempest.lib.common.rest_client [req-53a88629-b859-4fb4-88df-d2f68c424427 req-53a88629-b859-4fb4-88df-d2f68c424427 ] Request (ServersAdminTestJSON:test_create_server_with_scheduling_hint): 200 GET http://10.180.1.21/compute/v2.1/servers/ec1f0ba5-254e-4ad1-9b44-9bb0f1006d6f 0.269s
2024-12-16 19:52:35.430 67510 INFO tempest.lib.common.rest_client [req-6ea01795-62bd-428f-9f61-a9451c95c91d req-6ea01795-62bd-428f-9f61-a9451c95c91d ] Request (ServersTestJSON:setUpClass): 200 GET http://10.180.1.21/compute/v2.1/servers/831ad7b6-6521-4cc0-b56a-9ce6c48a582c 0.306s
2024-12-16 19:52:35.447 67545 INFO tempest.lib.common.rest_client [req-10180d36-12c9-48d5-9c54-495be2f6ba86 req-10180d36-12c9-48d5-9c54-495be2f6ba86 ] Request (ServerDiagnosticsTest:tearDownClass): 200 GET http://10.180.1.21:9696/networking/v2.0/security-groups?tenant_id=19bc8e1191dc436d852deb1324d3e0e9&name=default 0.103s
2024-12-16 19:52:35.454 67514 INFO tempest.lib.common.rest_client [req-04244deb-364e-4f04-9d9a-18b2d13a6716 req-04244deb-364e-4f04-9d9a-18b2d13a6716 ] Request (AttachInterfacesTestJSON:test_create_list_show_delete_interfaces_by_fixed_ip): 200 GET http://10.180.1.21/compute/v2.1/servers/8c888cd9-be84-4190-847b-96491a3dd73f 0.299s
2024-12-16 19:52:35.465 67496 INFO tempest.lib.common.rest_client [req-6ee93205-3b76-4427-9c9d-a83b5c1c596d req-6ee93205-3b76-4427-9c9d-a83b5c1c596d ] Request (ImagesMetadataTestJSON:tearDownClass): 200 GET http://10.180.1.21:9696/networking/v2.0/security-groups?tenant_id=ac096206a7c14e22a696e67d904c5df2&name=default 0.437s
2024-12-16 19:52:35.494 67559 INFO tempest.lib.common.rest_client [req-d4e491f5-38f5-4c20-b8bf-9dcbbab5d44f req-d4e491f5-38f5-4c20-b8bf-9dcbbab5d44f ] Request (VolumesAdminNegativeTest:test_update_attached_volume_with_nonexistent_volume_in_body): 200 GET http://10.180.1.21/compute/v2.1/servers/1dfbf63e-5519-4b03-a3aa-d9c5e08087d4 0.330s
2024-12-16 19:52:35.517 67502 INFO tempest.lib.common.rest_client [req-7d43e598-676c-4f6e-ab3a-274248f1ab5b req-7d43e598-676c-4f6e-ab3a-274248f1ab5b ] Request (ServersTestManualDisk:setUpClass): 200 GET http://10.180.1.21/compute/v2.1/servers/7145ada3-e1fc-4651-a10d-22ca2f5df942 0.322s
2024-12-16 19:52:35.525 67502 INFO tempest.common.waiters [-] State transition "BUILD/None" ==> "BUILD/networking" after 51 second wait
2024-12-16 19:52:35.575 67545 INFO tempest.lib.common.rest_client [req-b75669bc-0449-48bb-8999-85cdaec0ce0b req-b75669bc-0449-48bb-8999-85cdaec0ce0b ] Request (ServerDiagnosticsTest:tearDownClass): 204 DELETE http://10.180.1.21:9696/networking/v2.0/security-groups/778a1404-a9cc-4a66-a11b-f58ac6fed152 0.127s
2024-12-16 19:52:35.582 67553 INFO tempest.lib.common.rest_client [req-0a50aa0d-1a24-4e27-8ee1-53a84efd9541 req-0a50aa0d-1a24-4e27-8ee1-53a84efd9541 ] Request (ServerDiskConfigTestJSON:test_rebuild_server_with_auto_disk_config): 200 GET http://10.180.1.21/compute/v2.1/servers/769d673a-b23e-4995-a6d9-2d2d53a6b469 0.346s
2024-12-16 19:52:35.596 67496 INFO tempest.lib.common.rest_client [req-8fac619c-e2a4-40e6-b190-8b8438e3cdb9 req-8fac619c-e2a4-40e6-b190-8b8438e3cdb9 ] Request (ImagesMetadataTestJSON:tearDownClass): 204 DELETE http://10.180.1.21:9696/networking/v2.0/security-groups/638667c7-470e-45a2-befd-d9056c7bd977 0.130s
2024-12-16 19:52:35.666 67557 INFO tempest.lib.common.rest_client [req-f91e9f8a-c56a-40f4-8eaa-a6b1666bda1f req-f91e9f8a-c56a-40f4-8eaa-a6b1666bda1f ] Request (MigrationsAdminTest:test_list_migrations_in_flavor_resize_situation): 200 GET http://10.180.1.21/compute/v2.1/servers/6321e4cd-2f34-4dca-b144-2c5eadcbf8fc 0.240s
2024-12-16 19:52:35.713 67545 INFO tempest.lib.common.rest_client [req-077b087c-e6dc-4448-abe3-3820ad4c6ae5 req-077b087c-e6dc-4448-abe3-3820ad4c6ae5 ] Request (ServerDiagnosticsTest:tearDownClass): 204 DELETE http://10.180.1.21/identity/v3/projects/19bc8e1191dc436d852deb1324d3e0e9 0.138s
2024-12-16 19:52:35.724 67496 INFO tempest.lib.common.rest_client [req-6ea57384-4542-4834-bc77-6060364b8492 req-6ea57384-4542-4834-bc77-6060364b8492 ] Request (ImagesMetadataTestJSON:tearDownClass): 204 DELETE http://10.180.1.21/identity/v3/projects/ac096206a7c14e22a696e67d904c5df2 0.127s
2024-12-16 19:52:35.770 67500 INFO tempest.lib.common.rest_client [req-b31a0fb0-f30f-44c4-94e1-7d5df09e3955 req-b31a0fb0-f30f-44c4-94e1-7d5df09e3955 ] Request (FloatingIPsAssociationNegativeTestJSON:setUpClass): 200 GET http://10.180.1.21/compute/v2.1/servers/7d5a350c-8215-4ec0-8cf4-c33b0f8bbd02 0.333s
2024-12-16 19:52:35.806 67545 INFO tempest.lib.common.rest_client [req-d1715039-ac33-4655-be0e-e66a7e59cb2d req-d1715039-ac33-4655-be0e-e66a7e59cb2d ] Request (AttachInterfacesUnderV243Test:setUpClass): 201 POST http://10.180.1.21/identity/v3/auth/tokens 0.091s
2024-12-16 19:52:35.810 67496 INFO tempest.lib.common.rest_client [req-f77f9171-05b1-427e-ac4d-03be01e43186 req-f77f9171-05b1-427e-ac4d-03be01e43186 ] Request (VolumesNegativeTest:setUpClass): 201 POST http://10.180.1.21/identity/v3/auth/tokens 0.084s
2024-12-16 19:52:35.842 67496 INFO tempest.lib.common.rest_client [req-1a9d0d65-d41e-49d8-b1b1-5068e1afecb3 req-1a9d0d65-d41e-49d8-b1b1-5068e1afecb3 ] Request (VolumesNegativeTest:setUpClass): 201 POST http://10.180.1.21/identity/v3/auth/tokens 0.029s
2024-12-16 19:52:35.845 67516 INFO tempest.lib.common.rest_client [req-8351bc3c-576f-4d0c-9f03-25e336d93b41 req-8351bc3c-576f-4d0c-9f03-25e336d93b41 ] Request (SecurityGroupRulesTestJSON:test_security_group_rules_list): 200 POST http://10.180.1.21/compute/v2.1/os-security-group-rules 0.573s
2024-12-16 19:52:35.852 67548 INFO tempest.lib.common.rest_client [req-48020ea7-3c60-4fca-b143-a00e3a610c18 req-48020ea7-3c60-4fca-b143-a00e3a610c18 ] Request (ServerActionsV293TestJSON:setUpClass): 200 GET http://10.180.1.21/compute/v2.1/servers/7703addf-fe6d-40f7-bb52-47fa36c14a50 0.377s
2024-12-16 19:52:35.853 67545 INFO tempest.lib.common.rest_client [req-d75bb9d2-bb7f-4335-9a7e-d98aea467cee req-d75bb9d2-bb7f-4335-9a7e-d98aea467cee ] Request (AttachInterfacesUnderV243Test:setUpClass): 201 POST http://10.180.1.21/identity/v3/auth/tokens 0.043s
2024-12-16 19:52:35.873 67496 INFO tempest.lib.common.rest_client [req-c8b580fb-caf8-4a71-b2da-7f2356b1b550 req-c8b580fb-caf8-4a71-b2da-7f2356b1b550 ] Request (VolumesNegativeTest:setUpClass): 200 GET http://10.180.1.21/identity/v3/domains?name=Default 0.031s
2024-12-16 19:52:35.883 67545 INFO tempest.lib.common.rest_client [req-4846c598-9cab-432c-99a8-0253dc59bf1e req-4846c598-9cab-432c-99a8-0253dc59bf1e ] Request (AttachInterfacesUnderV243Test:setUpClass): 200 GET http://10.180.1.21/identity/v3/domains?name=Default 0.030s
2024-12-16 19:52:35.906 67496 INFO tempest.lib.common.rest_client [req-62bda92a-5018-414c-9abb-622674aacef5 req-62bda92a-5018-414c-9abb-622674aacef5 ] Request (VolumesNegativeTest:setUpClass): 201 POST http://10.180.1.21/identity/v3/projects 0.032s
2024-12-16 19:52:35.918 67545 INFO tempest.lib.common.rest_client [req-94615e2d-6dd6-4894-845e-59815e405447 req-94615e2d-6dd6-4894-845e-59815e405447 ] Request (AttachInterfacesUnderV243Test:setUpClass): 201 POST http://10.180.1.21/identity/v3/projects 0.034s
2024-12-16 19:52:35.932 67549 INFO tempest.lib.common.rest_client [req-0c26ea17-d389-4cee-bab1-54b197de3e86 req-0c26ea17-d389-4cee-bab1-54b197de3e86 ] Request (ServersAdminNegativeTestJSON:test_migrate_server_invalid_state): 200 GET http://10.180.1.21/compute/v2.1/servers/ac96cdc3-e0ea-478a-8ed4-72c264eea1f4 0.404s
2024-12-16 19:52:35.945 67534 INFO tempest.lib.common.rest_client [req-b9a98298-dc94-42eb-b850-a300c73aad76 req-b9a98298-dc94-42eb-b850-a300c73aad76 ] Request (MultipleCreateTestJSON:_run_cleanups): 200 GET http://10.180.1.21/compute/v2.1/servers/d10f2dca-6d26-4c7e-8683-8da43221cce3 0.463s
2024-12-16 19:52:36.002 67545 INFO tempest.lib.common.rest_client [req-e2849074-5a1b-4a34-941c-033bbe693010 req-e2849074-5a1b-4a34-941c-033bbe693010 ] Request (AttachInterfacesUnderV243Test:setUpClass): 201 POST http://10.180.1.21/identity/v3/users 0.083s
2024-12-16 19:52:36.005 67498 INFO tempest.lib.common.rest_client [req-f64e5576-db0e-4ed7-b7d7-6ff45195b62a req-f64e5576-db0e-4ed7-b7d7-6ff45195b62a ] Request (ImagesTestJSON:test_create_image_from_stopped_server): 200 GET http://10.180.1.21/compute/v2.1/servers/d12cfef2-7912-4cca-bfd4-714b61f62444 0.411s
2024-12-16 19:52:36.025 67496 INFO tempest.lib.common.rest_client [req-61364700-202f-4876-9a9c-b0cba60c620d req-61364700-202f-4876-9a9c-b0cba60c620d ] Request (VolumesNegativeTest:setUpClass): 201 POST http://10.180.1.21/identity/v3/users 0.118s
2024-12-16 19:52:36.030 67545 INFO tempest.lib.common.rest_client [req-b9e33379-835e-41f1-9ef1-3321c01a4e01 req-b9e33379-835e-41f1-9ef1-3321c01a4e01 ] Request (AttachInterfacesUnderV243Test:setUpClass): 200 GET http://10.180.1.21/identity/v3/roles 0.027s
2024-12-16 19:52:36.036 67541 INFO tempest.lib.common.rest_client [req-13b2b47a-10d3-4d8a-bf90-75a3caea576c req-13b2b47a-10d3-4d8a-bf90-75a3caea576c ] Request (ServersAdmin275Test:_run_cleanups): 200 GET http://10.180.1.21/compute/v2.1/servers/e0e6b00e-63b9-458d-ad31-3fa6d175cd04 0.338s
2024-12-16 19:52:36.048 67496 INFO tempest.lib.common.rest_client [req-c66cbd70-13e4-43a6-a6c6-95160f011e44 req-c66cbd70-13e4-43a6-a6c6-95160f011e44 ] Request (VolumesNegativeTest:setUpClass): 200 GET http://10.180.1.21/identity/v3/roles 0.022s
2024-12-16 19:52:36.062 67545 INFO tempest.lib.common.rest_client [req-15a15cea-0ec8-4a5f-870b-6c454174032c req-15a15cea-0ec8-4a5f-870b-6c454174032c ] Request (AttachInterfacesUnderV243Test:setUpClass): 204 PUT http://10.180.1.21/identity/v3/projects/ad98c38c62f448a59813d41a674c9b53/users/7bf30ac49d84438c9322f4e7001cd389/roles/8dd32a0a999e4f32b8d859c2247edb94 0.032s
2024-12-16 19:52:36.063 67545 INFO tempest.lib.common.dynamic_creds [-] Dynamic test user 7bf30ac49d84438c9322f4e7001cd389 is created with scope project and roles: ['member']
2024-12-16 19:52:36.063 67545 INFO tempest.lib.common.dynamic_creds [-] Acquired dynamic creds: credentials: Credentials: {'domain_id': 'default', 'domain_name': 'Default', 'username': 'tempest-AttachInterfacesUnderV243Test-857561212-project-member', 'project_domain_id': 'default', 'project_domain_name': 'Default', 'project_id': 'ad98c38c62f448a59813d41a674c9b53', 'project_name': 'tempest-AttachInterfacesUnderV243Test-857561212', 'tenant_id': 'ad98c38c62f448a59813d41a674c9b53', 'tenant_name': 'tempest-AttachInterfacesUnderV243Test-857561212', 'user_domain_id': 'default', 'user_domain_name': 'Default', 'user_id': '7bf30ac49d84438c9322f4e7001cd389', 'system': None}, Network: None, Subnet: None, Router: None
2024-12-16 19:52:36.073 67537 INFO tempest.lib.common.rest_client [req-49ceb956-4fec-4fbf-b051-34be592ef43c req-49ceb956-4fec-4fbf-b051-34be592ef43c ] Request (SecurityGroupsTestJSON:test_list_security_groups_by_server): 200 GET http://10.180.1.21/compute/v2.1/servers/201a9dea-67af-4250-a839-6c1d9a882533 0.330s
2024-12-16 19:52:36.086 67496 INFO tempest.lib.common.rest_client [req-7f2a36ab-54be-49ba-b7e5-70d4950fb1e7 req-7f2a36ab-54be-49ba-b7e5-70d4950fb1e7 ] Request (VolumesNegativeTest:setUpClass): 204 PUT http://10.180.1.21/identity/v3/projects/4ee8fcd3baa04a70acf55e883ee510f3/users/750515fc6138484ebece22b8b4da6c88/roles/8dd32a0a999e4f32b8d859c2247edb94 0.037s
2024-12-16 19:52:36.086 67496 INFO tempest.lib.common.dynamic_creds [-] Dynamic test user 750515fc6138484ebece22b8b4da6c88 is created with scope project and roles: ['member']
2024-12-16 19:52:36.086 67496 INFO tempest.lib.common.dynamic_creds [-] Acquired dynamic creds: credentials: Credentials: {'domain_id': 'default', 'domain_name': 'Default', 'username': 'tempest-VolumesNegativeTest-2019477784-project-member', 'project_domain_id': 'default', 'project_domain_name': 'Default', 'project_id': '4ee8fcd3baa04a70acf55e883ee510f3', 'project_name': 'tempest-VolumesNegativeTest-2019477784', 'tenant_id': '4ee8fcd3baa04a70acf55e883ee510f3', 'tenant_name': 'tempest-VolumesNegativeTest-2019477784', 'user_domain_id': 'default', 'user_domain_name': 'Default', 'user_id': '750515fc6138484ebece22b8b4da6c88', 'system': None}, Network: None, Subnet: None, Router: None
2024-12-16 19:52:36.087 67496 INFO tempest.lib.common.dynamic_creds [-] Created isolated network resources for: credentials: Credentials: {'domain_id': 'default', 'domain_name': 'Default', 'username': 'tempest-VolumesNegativeTest-2019477784-project-member', 'project_domain_id': 'default', 'project_domain_name': 'Default', 'project_id': '4ee8fcd3baa04a70acf55e883ee510f3', 'project_name': 'tempest-VolumesNegativeTest-2019477784', 'tenant_id': '4ee8fcd3baa04a70acf55e883ee510f3', 'tenant_name': 'tempest-VolumesNegativeTest-2019477784', 'user_domain_id': 'default', 'user_domain_name': 'Default', 'user_id': '750515fc6138484ebece22b8b4da6c88', 'system': None}, Network: None, Subnet: None, Router: None
2024-12-16 19:52:36.111 67551 INFO tempest.lib.common.rest_client [req-9e6bb4e3-fdf7-48ff-b330-4d8d978780f4 req-9e6bb4e3-fdf7-48ff-b330-4d8d978780f4 ] Request (AttachInterfacesV270Test:test_create_get_list_interfaces): 200 GET http://10.180.1.21/compute/v2.1/servers/e0f71229-23d6-4647-9a81-da15dd0d337c 0.326s
2024-12-16 19:52:36.132 67545 INFO tempest.lib.common.rest_client [req-1a7e9d57-bd58-4e91-a9b9-d2b1c217f9fa req-1a7e9d57-bd58-4e91-a9b9-d2b1c217f9fa ] Request (AttachInterfacesUnderV243Test:setUpClass): 201 POST http://10.180.1.21/identity/v3/auth/tokens 0.069s
2024-12-16 19:52:36.164 67496 INFO tempest.lib.common.rest_client [req-179c2166-3c3e-4611-a62e-65c032cf6f95 req-179c2166-3c3e-4611-a62e-65c032cf6f95 ] Request (VolumesNegativeTest:setUpClass): 201 POST http://10.180.1.21/identity/v3/auth/tokens 0.074s
2024-12-16 19:52:36.196 67555 INFO tempest.lib.common.rest_client [req-d9f4ea06-ef3d-41fc-a81a-c13a399e8894 req-d9f4ea06-ef3d-41fc-a81a-c13a399e8894 ] Request (ServerPasswordTestJSON:setUpClass): 200 GET http://10.180.1.21/compute/v2.1/servers/ff676f80-9e5b-4c8e-92f4-657591750c2f 0.312s
2024-12-16 19:52:36.268 67512 INFO tempest.lib.common.rest_client [req-08d21669-ed46-423e-8304-b9b08d427d6d req-08d21669-ed46-423e-8304-b9b08d427d6d ] Request (ImagesOneServerNegativeTestJSON:_run_cleanups): 200 GET http://10.180.1.21/compute/v2.1/servers/159dec6d-8c2e-46c6-9411-1f2a23cecd9f 0.366s
2024-12-16 19:52:36.344 67545 INFO tempest.lib.common.rest_client [req-b1a04676-8a5c-42d2-bcb5-61625c4887db req-b1a04676-8a5c-42d2-bcb5-61625c4887db ] Request (AttachInterfacesUnderV243Test:setUpClass): 201 POST http://10.180.1.21:9696/networking/v2.0/networks 0.211s
2024-12-16 19:52:36.350 67530 INFO tempest.lib.common.rest_client [req-48d7a5e1-f7b1-4cc5-90de-c957ceaf7404 req-48d7a5e1-f7b1-4cc5-90de-c957ceaf7404 ] Request (TenantUsagesTestJSON:tearDownClass): 200 GET http://10.180.1.21/compute/v2.1/servers/5607dc27-d9d6-4fc2-a210-f893a704cca3 0.394s
2024-12-16 19:52:36.417 67543 INFO tempest.lib.common.rest_client [req-1e59e5af-1667-4128-8bd5-6803105cd7cb req-1e59e5af-1667-4128-8bd5-6803105cd7cb ] Request (ListServerFiltersTestJSON:setUpClass): 200 GET http://10.180.1.21/compute/v2.1/servers/e1900551-fbeb-4ac9-b570-acefcdb408ad 0.457s
2024-12-16 19:52:36.419 67516 INFO tempest.lib.common.rest_client [req-6076ed60-5db4-4262-8ebb-8b4d2cf8b803 req-6076ed60-5db4-4262-8ebb-8b4d2cf8b803 ] Request (SecurityGroupRulesTestJSON:test_security_group_rules_list): 200 POST http://10.180.1.21/compute/v2.1/os-security-group-rules 0.571s
2024-12-16 19:52:36.484 67545 INFO tempest.lib.common.rest_client [req-ad36a663-4d72-40bb-b2eb-d92b29945eae req-ad36a663-4d72-40bb-b2eb-d92b29945eae ] Request (AttachInterfacesUnderV243Test:setUpClass): 201 POST http://10.180.1.21:9696/networking/v2.0/subnets 0.139s
2024-12-16 19:52:36.485 67520 INFO tempest.lib.common.rest_client [req-c11d648a-6d52-4b6f-bc61-dbe0e1d77e04 req-c11d648a-6d52-4b6f-bc61-dbe0e1d77e04 ] Request (InstanceActionsNegativeTestJSON:setUpClass): 200 GET http://10.180.1.21/compute/v2.1/servers/cea78468-f692-4634-8508-3886bccfb8bf 0.401s
2024-12-16 19:52:36.495 67524 INFO tempest.lib.common.rest_client [req-6ec5b440-637f-4a7c-a334-0b8da3e68b9a req-6ec5b440-637f-4a7c-a334-0b8da3e68b9a ] Request (FloatingIPDetailsTestJSON:tearDownClass): 200 PUT http://10.180.1.21:9696/networking/v2.0/routers/60d62586-4247-4c4b-88e8-2bc120880bcf/remove_router_interface 1.664s
2024-12-16 19:52:36.500 67529 INFO tempest.lib.common.rest_client [req-ceee2059-91d0-49dc-8eb3-6d5f4987525c req-ceee2059-91d0-49dc-8eb3-6d5f4987525c ] Request (DeleteServersAdminTestJSON:test_delete_server_while_in_error_state): 200 GET http://10.180.1.21/compute/v2.1/servers/0b9be8e5-f5b1-4206-8001-58e40e6d45a7 0.489s
2024-12-16 19:52:36.550 67506 INFO tempest.lib.common.rest_client [req-44cd5b89-7973-4bc2-a12c-146f7b0b190f req-44cd5b89-7973-4bc2-a12c-146f7b0b190f ] Request (ServerGroupTestJSON:test_create_server_with_scheduler_hint_group): 200 GET http://10.180.1.21/compute/v2.1/servers/677bd1fb-54e0-4cd7-b28b-0f60575ff6b0 0.386s
2024-12-16 19:52:36.567 67496 INFO tempest.lib.common.rest_client [req-d32a9ebc-63fd-40e4-b816-450f21d370f9 req-d32a9ebc-63fd-40e4-b816-450f21d370f9 ] Request (VolumesNegativeTest:test_create_volume_with_invalid_size): 400 POST http://10.180.1.21/compute/v2.1/os-volumes 0.402s
2024-12-16 19:52:36.614 67508 INFO tempest.lib.common.rest_client [req-f7349e4f-8107-4159-b858-92c54e053bdd req-f7349e4f-8107-4159-b858-92c54e053bdd ] Request (ImagesNegativeTestJSON:test_create_image_from_deleted_server): 200 GET http://10.180.1.21/compute/v2.1/servers/970178a8-93cc-40b8-b323-46ae49afe82d 0.378s
2024-12-16 19:52:36.627 67532 INFO tempest.lib.common.rest_client [req-c462d89e-1150-48fe-af2c-ebebf3e32649 req-c462d89e-1150-48fe-af2c-ebebf3e32649 ] Request (ServersTestJSON:test_create_server_specify_multibyte_character_name): 200 GET http://10.180.1.21/compute/v2.1/servers/91df9ad8-2c37-4eda-a0b1-e851fef3e30c 0.313s
2024-12-16 19:52:36.688 67522 INFO tempest.lib.common.rest_client [req-5e84b549-151e-494e-806a-f77e7641a036 req-5e84b549-151e-494e-806a-f77e7641a036 ] Request (ServersAdminTestJSON:test_create_server_with_scheduling_hint): 200 GET http://10.180.1.21/compute/v2.1/servers/ec1f0ba5-254e-4ad1-9b44-9bb0f1006d6f 0.293s
2024-12-16 19:52:36.689 67526 INFO tempest.lib.common.rest_client [req-ab39d136-6682-41d6-be41-3bd492519742 req-ab39d136-6682-41d6-be41-3bd492519742 ] Request (ServerExternalEventsTest:tearDownClass): 200 GET http://10.180.1.21/compute/v2.1/servers/195235fb-e1ff-4811-82c1-f30a833f6a82 0.332s
2024-12-16 19:52:36.726 67516 INFO tempest.lib.common.rest_client [req-98209d25-1440-4f35-a108-1edfb8142a3d req-98209d25-1440-4f35-a108-1edfb8142a3d ] Request (SecurityGroupRulesTestJSON:test_security_group_rules_list): 200 GET http://10.180.1.21/compute/v2.1/os-security-groups/c67da09a-3f90-4683-aedc-e6b762c114a4 0.305s
2024-12-16 19:52:36.745 67510 INFO tempest.lib.common.rest_client [req-f140a6ea-6c78-4ee9-a571-b88f11a5b9d7 req-f140a6ea-6c78-4ee9-a571-b88f11a5b9d7 ] Request (ServersTestJSON:setUpClass): 200 GET http://10.180.1.21/compute/v2.1/servers/831ad7b6-6521-4cc0-b56a-9ce6c48a582c 0.305s
2024-12-16 19:52:36.778 67514 INFO tempest.lib.common.rest_client [req-ab79ab6d-d215-48d4-92ec-19f3a7214c3b req-ab79ab6d-d215-48d4-92ec-19f3a7214c3b ] Request (AttachInterfacesTestJSON:test_create_list_show_delete_interfaces_by_fixed_ip): 200 GET http://10.180.1.21/compute/v2.1/servers/8c888cd9-be84-4190-847b-96491a3dd73f 0.312s
2024-12-16 19:52:36.800 67559 INFO tempest.lib.common.rest_client [req-ab49ed32-bfc3-45f4-bc7d-a1f6bdd9ea1d req-ab49ed32-bfc3-45f4-bc7d-a1f6bdd9ea1d ] Request (VolumesAdminNegativeTest:test_update_attached_volume_with_nonexistent_volume_in_body): 200 GET http://10.180.1.21/compute/v2.1/servers/1dfbf63e-5519-4b03-a3aa-d9c5e08087d4 0.299s
