2024-10-29 20:11:55.113 62174 INFO tempest.lib.common.rest_client [req-698efe0f-a12a-4268-8084-1346ad0dd46e req-698efe0f-a12a-4268-8084-1346ad0dd46e ] Request (ServerDiagnosticsV248Test:test_get_server_diagnostics): 201 POST http://10.180.1.21/identity/v3/auth/tokens 0.047s
2024-10-29 20:11:55.114 62174 INFO tempest.lib.common.fixed_network [-] (ServerDiagnosticsV248Test:test_get_server_diagnostics) Found network None available for tenant
2024-10-29 20:11:55.134 62172 INFO tempest.lib.common.rest_client [req-1315d495-67e6-477a-9e22-315fe7b7bf37 req-1315d495-67e6-477a-9e22-315fe7b7bf37 ] Request (ServerRescueNegativeTestJSON:setUpClass): 200 GET http://10.180.1.21/compute/v2.1/servers/4f5348ec-f0b6-45e2-be04-31dbf1d49a3a 0.048s
2024-10-29 20:11:55.177 62178 INFO tempest.lib.common.rest_client [req-1a36539f-fe67-4621-9106-7c22e93f3d3c req-1a36539f-fe67-4621-9106-7c22e93f3d3c ] Request (InstanceActionsNegativeTestJSON:setUpClass): 200 GET http://10.180.1.21/compute/v2.1/servers/64584976-b3f3-4da5-a76b-a05cf2ed6aa4 0.042s
2024-10-29 20:11:55.219 62196 INFO tempest.lib.common.rest_client [req-5358455e-fc0e-4d84-b0d1-9a2623a1f7ab req-5358455e-fc0e-4d84-b0d1-9a2623a1f7ab ] Request (ServersTestJSON:test_create_server_with_ipv6_addr_only): 200 GET http://10.180.1.21/compute/v2.1/servers/15eaaa7c-77be-4b8b-89d0-0b2b11a0c49e 0.076s
2024-10-29 20:11:55.262 62166 INFO tempest.lib.common.rest_client [req-1ebaabb8-5faa-4393-b1bc-eb3cf1590c34 req-1ebaabb8-5faa-4393-b1bc-eb3cf1590c34 ] Request (SecurityGroupsTestJSON:test_server_security_groups): 200 GET http://10.180.1.21/compute/v2.1/servers/2939d1e5-07fe-48b3-bc87-5f67fa1a7ae4 0.069s
2024-10-29 20:11:55.270 62174 INFO tempest.lib.common.rest_client [req-f1ee1de3-0f72-403f-9698-da4536b6f37f req-f1ee1de3-0f72-403f-9698-da4536b6f37f ] Request (ServerDiagnosticsV248Test:test_get_server_diagnostics): 202 POST http://10.180.1.21/compute/v2.1/servers 0.156s
2024-10-29 20:11:55.306 62180 INFO tempest.lib.common.rest_client [req-c4931c17-daac-4d55-8329-9c0c0056149f req-c4931c17-daac-4d55-8329-9c0c0056149f ] Request (ServersTestBootFromVolume:setUpClass): 200 GET http://10.180.1.21/compute/v2.1/servers/fb548893-2df5-4629-bf3a-3b0f807f6357 0.109s
2024-10-29 20:11:55.315 62164 INFO tempest.lib.common.rest_client [req-0e8745ba-1aee-44cb-8dec-67e9b96c2293 req-0e8745ba-1aee-44cb-8dec-67e9b96c2293 ] Request (ServerActionsTestOtherB:setUpClass): 200 GET http://10.180.1.21/compute/v2.1/servers/b0bc08c1-38d5-45ee-b521-1cffda41c77c 0.079s
2024-10-29 20:11:55.348 62174 INFO tempest.lib.common.rest_client [req-7618e577-2ca9-4f81-9eb8-f0c021316c7c req-7618e577-2ca9-4f81-9eb8-f0c021316c7c ] Request (ServerDiagnosticsV248Test:test_get_server_diagnostics): 200 GET http://10.180.1.21/compute/v2.1/servers/655b01ae-76a5-4c09-9245-e629fec8fd4b 0.076s
2024-10-29 20:11:55.359 62190 INFO tempest.lib.common.rest_client [req-60b40aad-5139-49f6-bd5e-51fa80c5a27f req-60b40aad-5139-49f6-bd5e-51fa80c5a27f ] Request (ServerMetadataNegativeTestJSON:setUpClass): 200 GET http://10.180.1.21/compute/v2.1/servers/25b62db6-6e64-4e38-bfd3-82a2e9a4883a 0.074s
2024-10-29 20:11:55.392 62186 INFO tempest.lib.common.rest_client [req-773081a0-816d-48c6-b55c-09f15a004f26 req-773081a0-816d-48c6-b55c-09f15a004f26 ] Request (AttachVolumeShelveTestJSON:test_attach_volume_shelved_or_offload_server): 200 GET http://10.180.1.21/compute/v2.1/servers/60ffc8b0-4a7b-4e2a-8774-d16e502d8a06 0.074s
2024-10-29 20:11:55.414 62223 INFO tempest.lib.common.rest_client [req-10dad3a8-e644-4b5b-abe5-2f81c66d615d req-10dad3a8-e644-4b5b-abe5-2f81c66d615d ] Request (ServerExternalEventsTest:test_create_server_external_events): 200 GET http://10.180.1.21/compute/v2.1/servers/c0f87aa5-447b-4920-8251-354d89a14fbb 0.046s
2024-10-29 20:11:55.433 62204 INFO tempest.lib.common.rest_client [req-af29097f-02d4-488e-8df1-aaefedb71f8a req-af29097f-02d4-488e-8df1-aaefedb71f8a ] Request (VolumesAdminNegativeTest:test_update_attached_volume_with_nonexistent_volume_in_body): 200 GET http://10.180.1.21/compute/v2.1/servers/590907a7-b6cc-48fc-a4bf-e4a2e48b05b8 0.055s
2024-10-29 20:11:55.472 62188 INFO tempest.lib.common.rest_client [req-0ced4f8e-542e-4231-ad33-770b2f411539 req-0ced4f8e-542e-4231-ad33-770b2f411539 ] Request (AttachVolumeNegativeTest:test_attach_attached_volume_to_different_server): 200 GET http://10.180.1.21/compute/v2.1/servers/03100310-86ce-4739-8636-cd2aa1b542ff 0.044s
2024-10-29 20:11:55.588 62212 INFO tempest.lib.common.rest_client [req-b9112fbf-6189-4be9-b214-babfe10a09af req-b9112fbf-6189-4be9-b214-babfe10a09af ] Request (ServerActionsV293TestJSON:setUpClass): 200 GET http://10.180.1.21/compute/v2.1/servers/62144317-0354-4751-8f2b-4eae588c9da7 0.048s
2024-10-29 20:11:55.632 62210 INFO tempest.lib.common.rest_client [req-b4f75456-4ddf-4eb7-88de-ecaa11fb2091 req-b4f75456-4ddf-4eb7-88de-ecaa11fb2091 ] Request (ServerPasswordTestJSON:setUpClass): 200 GET http://10.180.1.21/compute/v2.1/servers/7c0341f9-7401-42ee-9512-afd832c76940 0.047s
2024-10-29 20:11:55.684 62218 INFO tempest.lib.common.rest_client [req-ea15a81e-6886-471f-8e33-3ace0e57cedb req-ea15a81e-6886-471f-8e33-3ace0e57cedb ] Request (ServerRescueTestJSON:setUpClass): 200 GET http://10.180.1.21/compute/v2.1/servers/74b32299-983f-41f7-b3f4-3a12815a83e6 0.043s
2024-10-29 20:11:55.747 62168 INFO tempest.lib.common.rest_client [req-be6e88c0-c33f-4e91-8d65-aef34a431247 req-be6e88c0-c33f-4e91-8d65-aef34a431247 ] Request (AttachInterfacesUnderV243Test:test_add_remove_fixed_ip): 200 GET http://10.180.1.21/compute/v2.1/servers/0eab2200-2528-4a89-821a-cdd6a3c99297 0.050s
2024-10-29 20:11:55.751 62176 INFO tempest.lib.common.rest_client [req-5729e73e-1174-4e23-882a-82351d0d9495 req-5729e73e-1174-4e23-882a-82351d0d9495 ] Request (ImagesTestJSON:test_create_image_from_suspended_server): 200 GET http://10.180.1.21/compute/v2.1/servers/62d8a170-e7ad-4d14-90d8-6f6ce32b7cf8 0.044s
2024-10-29 20:11:55.815 62221 INFO tempest.lib.common.rest_client [req-36ba49dd-323c-4f2f-9fd6-e897f2b9ab5e req-36ba49dd-323c-4f2f-9fd6-e897f2b9ab5e ] Request (InstanceActionsV221TestJSON:test_get_list_deleted_instance_actions): 200 GET http://10.180.1.21/compute/v2.1/servers/dc8cc22d-aba9-4dba-b456-1b323013d234 0.058s
2024-10-29 20:11:55.821 62194 INFO tempest.lib.common.rest_client [req-4ed55fd9-ffee-43ed-960f-bc61c4b63602 req-4ed55fd9-ffee-43ed-960f-bc61c4b63602 ] Request (AttachInterfacesTestJSON:test_create_list_show_delete_interfaces_by_network_port): 200 GET http://10.180.1.21/compute/v2.1/servers/22d1e8ed-75c5-42e9-ae55-12d59e565914 0.051s
2024-10-29 20:11:55.822 62221 INFO tempest.common.waiters [-] State transition "BUILD/scheduling" ==> "ERROR/None" after 110 second wait
2024-10-29 20:11:55.860 62208 INFO tempest.lib.common.rest_client [req-f4fa6dc7-0581-41c9-86c3-89d3333db298 req-f4fa6dc7-0581-41c9-86c3-89d3333db298 ] Request (FloatingIPsAssociationTestJSON:setUpClass): 200 GET http://10.180.1.21/compute/v2.1/servers/aeca6a94-478d-435a-9d93-59936f26654e 0.059s
2024-10-29 20:11:55.909 62162 INFO tempest.lib.common.rest_client [req-d851d522-696d-4a81-999c-a3e371936855 req-d851d522-696d-4a81-999c-a3e371936855 ] Request (ImagesNegativeTestJSON:test_create_image_from_deleted_server): 200 GET http://10.180.1.21/compute/v2.1/servers/f7e1d517-3e39-4381-83be-0152368b8120 0.073s
2024-10-29 20:11:55.952 62170 INFO tempest.lib.common.rest_client [req-976f8d93-eb1b-4547-a663-572692f05ea7 req-976f8d93-eb1b-4547-a663-572692f05ea7 ] Request (ServersTestFqdnHostnames:test_create_server_with_fqdn_name): 200 GET http://10.180.1.21/compute/v2.1/servers/c94e8e46-7697-426c-ae2f-aece493fa8f4 0.086s
2024-10-29 20:11:55.990 62221 INFO tempest.lib.common.rest_client [req-0ff2a449-7f80-4de8-b720-3d920796eb02 req-0ff2a449-7f80-4de8-b720-3d920796eb02 ] Request (InstanceActionsV221TestJSON:test_get_list_deleted_instance_actions): 204 DELETE http://10.180.1.21/compute/v2.1/servers/dc8cc22d-aba9-4dba-b456-1b323013d234 0.168s
2024-10-29 20:11:56.010 62221 INFO tempest.lib.common.rest_client [req-f0e0d820-a682-44a9-99ab-9ba01cd86af3 req-f0e0d820-a682-44a9-99ab-9ba01cd86af3 ] Request (InstanceActionsV221TestJSON:test_get_list_deleted_instance_actions): 404 GET http://10.180.1.21/compute/v2.1/servers/dc8cc22d-aba9-4dba-b456-1b323013d234 0.020s
2024-10-29 20:11:56.040 62199 INFO tempest.lib.common.rest_client [req-06a9a6bb-666d-499c-81b1-55804281f460 req-06a9a6bb-666d-499c-81b1-55804281f460 ] Request (TenantUsagesTestJSON:setUpClass): 200 GET http://10.180.1.21/compute/v2.1/servers/b6712878-3270-43f4-9518-d41eb77124b7 0.054s
2024-10-29 20:11:56.129 62202 INFO tempest.lib.common.rest_client [req-f8b6d477-7fb2-4fe1-b2db-5e11ef743f52 req-f8b6d477-7fb2-4fe1-b2db-5e11ef743f52 ] Request (ServersTestJSON:setUpClass): 200 GET http://10.180.1.21/compute/v2.1/servers/55b60fc2-6484-4fad-aa40-3e73e020841a 0.069s
2024-10-29 20:11:56.165 62214 INFO tempest.lib.common.rest_client [req-2af8b515-5238-4c99-a2f0-ce4be4facdbf req-2af8b515-5238-4c99-a2f0-ce4be4facdbf ] Request (AttachInterfacesV270Test:test_create_get_list_interfaces): 200 GET http://10.180.1.21/compute/v2.1/servers/525f37d5-2262-40c8-a339-fc262c53ce6e 0.053s
2024-10-29 20:11:56.191 62172 INFO tempest.lib.common.rest_client [req-e3a970a0-e270-4fe5-ab0c-b56aaac8a59c req-e3a970a0-e270-4fe5-ab0c-b56aaac8a59c ] Request (ServerRescueNegativeTestJSON:setUpClass): 200 GET http://10.180.1.21/compute/v2.1/servers/4f5348ec-f0b6-45e2-be04-31dbf1d49a3a 0.049s
2024-10-29 20:11:56.231 62178 INFO tempest.lib.common.rest_client [req-c1981ae4-e0f1-476d-872c-5415cf16fad9 req-c1981ae4-e0f1-476d-872c-5415cf16fad9 ] Request (InstanceActionsNegativeTestJSON:setUpClass): 200 GET http://10.180.1.21/compute/v2.1/servers/64584976-b3f3-4da5-a76b-a05cf2ed6aa4 0.047s
2024-10-29 20:11:56.282 62196 INFO tempest.lib.common.rest_client [req-453845cd-583b-4df1-8efb-09dfe67bb603 req-453845cd-583b-4df1-8efb-09dfe67bb603 ] Request (ServersTestJSON:test_create_server_with_ipv6_addr_only): 200 GET http://10.180.1.21/compute/v2.1/servers/15eaaa7c-77be-4b8b-89d0-0b2b11a0c49e 0.056s
2024-10-29 20:11:56.325 62166 INFO tempest.lib.common.rest_client [req-99191261-46ea-4e5f-b592-9a9a5873095c req-99191261-46ea-4e5f-b592-9a9a5873095c ] Request (SecurityGroupsTestJSON:test_server_security_groups): 200 GET http://10.180.1.21/compute/v2.1/servers/2939d1e5-07fe-48b3-bc87-5f67fa1a7ae4 0.056s
2024-10-29 20:11:56.376 62180 INFO tempest.lib.common.rest_client [req-fd1dfac8-b3af-4f58-a2ad-1327cdf60677 req-fd1dfac8-b3af-4f58-a2ad-1327cdf60677 ] Request (ServersTestBootFromVolume:setUpClass): 200 GET http://10.180.1.21/compute/v2.1/servers/fb548893-2df5-4629-bf3a-3b0f807f6357 0.063s
2024-10-29 20:11:56.388 62164 INFO tempest.lib.common.rest_client [req-a653d631-4795-4b0f-86a5-04ba47f1889e req-a653d631-4795-4b0f-86a5-04ba47f1889e ] Request (ServerActionsTestOtherB:setUpClass): 200 GET http://10.180.1.21/compute/v2.1/servers/b0bc08c1-38d5-45ee-b521-1cffda41c77c 0.063s
2024-10-29 20:11:56.444 62190 INFO tempest.lib.common.rest_client [req-f09a0f1c-90ca-4d84-85e0-fedf116bdfbb req-f09a0f1c-90ca-4d84-85e0-fedf116bdfbb ] Request (ServerMetadataNegativeTestJSON:setUpClass): 200 GET http://10.180.1.21/compute/v2.1/servers/25b62db6-6e64-4e38-bfd3-82a2e9a4883a 0.079s
2024-10-29 20:11:56.454 62174 INFO tempest.lib.common.rest_client [req-b25e97ce-f7ef-4a97-829d-5b76787aa681 req-b25e97ce-f7ef-4a97-829d-5b76787aa681 ] Request (ServerDiagnosticsV248Test:test_get_server_diagnostics): 200 GET http://10.180.1.21/compute/v2.1/servers/655b01ae-76a5-4c09-9245-e629fec8fd4b 0.096s
2024-10-29 20:11:56.501 62186 INFO tempest.lib.common.rest_client [req-c91936ea-41dd-45da-906d-ee9349314326 req-c91936ea-41dd-45da-906d-ee9349314326 ] Request (AttachVolumeShelveTestJSON:test_attach_volume_shelved_or_offload_server): 200 GET http://10.180.1.21/compute/v2.1/servers/60ffc8b0-4a7b-4e2a-8774-d16e502d8a06 0.101s
2024-10-29 20:11:56.513 62186 INFO tempest.common.waiters [-] State transition "BUILD/scheduling" ==> "BUILD/None" after 81 second wait
2024-10-29 20:11:56.514 62223 INFO tempest.lib.common.rest_client [req-e4711ea6-8c86-4abd-809c-36a620f953f1 req-e4711ea6-8c86-4abd-809c-36a620f953f1 ] Request (ServerExternalEventsTest:test_create_server_external_events): 200 GET http://10.180.1.21/compute/v2.1/servers/c0f87aa5-447b-4920-8251-354d89a14fbb 0.093s
2024-10-29 20:11:56.563 62204 INFO tempest.lib.common.rest_client [req-34b9ae88-37f2-491f-b10f-d56be604bb0c req-34b9ae88-37f2-491f-b10f-d56be604bb0c ] Request (VolumesAdminNegativeTest:test_update_attached_volume_with_nonexistent_volume_in_body): 200 GET http://10.180.1.21/compute/v2.1/servers/590907a7-b6cc-48fc-a4bf-e4a2e48b05b8 0.123s
2024-10-29 20:11:56.570 62188 INFO tempest.lib.common.rest_client [req-3b6a2a4c-2b8a-4148-909f-3d5743120269 req-3b6a2a4c-2b8a-4148-909f-3d5743120269 ] Request (AttachVolumeNegativeTest:test_attach_attached_volume_to_different_server): 200 GET http://10.180.1.21/compute/v2.1/servers/03100310-86ce-4739-8636-cd2aa1b542ff 0.091s
2024-10-29 20:11:56.576 62188 INFO tempest.common.waiters [-] State transition "BUILD/spawning" ==> "BUILD/scheduling" after 111 second wait
2024-10-29 20:11:56.666 62212 INFO tempest.lib.common.rest_client [req-4dc83272-be52-4af7-9577-c76b1f5a00dd req-4dc83272-be52-4af7-9577-c76b1f5a00dd ] Request (ServerActionsV293TestJSON:setUpClass): 200 GET http://10.180.1.21/compute/v2.1/servers/62144317-0354-4751-8f2b-4eae588c9da7 0.069s
2024-10-29 20:11:56.679 62221 INFO tempest.lib.common.rest_client [req-3af263bd-2d79-4bf0-8f1b-536e4c05cbeb req-3af263bd-2d79-4bf0-8f1b-536e4c05cbeb ] Request (InstanceActionsV221TestJSON:tearDownClass): 200 PUT http://10.180.1.21:9696/networking/v2.0/routers/1262afd8-6f78-463d-ab7c-4aebca0ae47b/remove_router_interface 0.665s
2024-10-29 20:11:56.704 62210 INFO tempest.lib.common.rest_client [req-07febdb8-bb74-4892-b794-df8a6f70a23f req-07febdb8-bb74-4892-b794-df8a6f70a23f ] Request (ServerPasswordTestJSON:setUpClass): 200 GET http://10.180.1.21/compute/v2.1/servers/7c0341f9-7401-42ee-9512-afd832c76940 0.064s
2024-10-29 20:11:56.746 62218 INFO tempest.lib.common.rest_client [req-60f584bd-6b01-4934-a5fd-14510e28f95e req-60f584bd-6b01-4934-a5fd-14510e28f95e ] Request (ServerRescueTestJSON:setUpClass): 200 GET http://10.180.1.21/compute/v2.1/servers/74b32299-983f-41f7-b3f4-3a12815a83e6 0.055s
2024-10-29 20:11:56.830 62168 INFO tempest.lib.common.rest_client [req-ed63a4c4-da4a-4a82-90b6-6f3c7a60ca48 req-ed63a4c4-da4a-4a82-90b6-6f3c7a60ca48 ] Request (AttachInterfacesUnderV243Test:test_add_remove_fixed_ip): 200 GET http://10.180.1.21/compute/v2.1/servers/0eab2200-2528-4a89-821a-cdd6a3c99297 0.075s
2024-10-29 20:11:56.839 62176 INFO tempest.lib.common.rest_client [req-53693a06-faa1-4675-8811-075cc806cf02 req-53693a06-faa1-4675-8811-075cc806cf02 ] Request (ImagesTestJSON:test_create_image_from_suspended_server): 200 GET http://10.180.1.21/compute/v2.1/servers/62d8a170-e7ad-4d14-90d8-6f6ce32b7cf8 0.080s
2024-10-29 20:11:57.026 62221 INFO tempest.lib.common.rest_client [req-bb815c24-79b2-43cb-b8cf-9654f362cd1a req-bb815c24-79b2-43cb-b8cf-9654f362cd1a ] Request (InstanceActionsV221TestJSON:tearDownClass): 204 DELETE http://10.180.1.21:9696/networking/v2.0/routers/1262afd8-6f78-463d-ab7c-4aebca0ae47b 0.346s
2024-10-29 20:11:57.105 62194 INFO tempest.lib.common.rest_client [req-8f07e6ec-d61d-4845-9ebe-ddbaf2dcc8e0 req-8f07e6ec-d61d-4845-9ebe-ddbaf2dcc8e0 ] Request (AttachInterfacesTestJSON:test_create_list_show_delete_interfaces_by_network_port): 200 GET http://10.180.1.21/compute/v2.1/servers/22d1e8ed-75c5-42e9-ae55-12d59e565914 0.276s
2024-10-29 20:11:57.158 62221 INFO tempest.lib.common.rest_client [req-a986e1d6-6ac7-43af-8a0c-f0b3387a4b67 req-a986e1d6-6ac7-43af-8a0c-f0b3387a4b67 ] Request (InstanceActionsV221TestJSON:tearDownClass): 204 DELETE http://10.180.1.21:9696/networking/v2.0/subnets/16ca5347-d2bb-4ba4-9ff7-daded0a7c2b2 0.131s
2024-10-29 20:11:57.163 62162 INFO tempest.lib.common.rest_client [req-f316da21-c772-4759-b3c7-25a6524a9109 req-f316da21-c772-4759-b3c7-25a6524a9109 ] Request (ImagesNegativeTestJSON:test_create_image_from_deleted_server): 200 GET http://10.180.1.21/compute/v2.1/servers/f7e1d517-3e39-4381-83be-0152368b8120 0.247s
2024-10-29 20:11:57.170 62208 INFO tempest.lib.common.rest_client [req-29458ac6-83a5-43ec-a479-ac92d2bd6942 req-29458ac6-83a5-43ec-a479-ac92d2bd6942 ] Request (FloatingIPsAssociationTestJSON:setUpClass): 200 GET http://10.180.1.21/compute/v2.1/servers/aeca6a94-478d-435a-9d93-59936f26654e 0.303s
2024-10-29 20:11:57.229 62170 INFO tempest.lib.common.rest_client [req-0b65a913-618f-4e54-a602-b2a8ccbc1832 req-0b65a913-618f-4e54-a602-b2a8ccbc1832 ] Request (ServersTestFqdnHostnames:test_create_server_with_fqdn_name): 200 GET http://10.180.1.21/compute/v2.1/servers/c94e8e46-7697-426c-ae2f-aece493fa8f4 0.270s
2024-10-29 20:11:57.237 62199 INFO tempest.lib.common.rest_client [req-20f39af3-2240-49be-8281-2f37a27ae557 req-20f39af3-2240-49be-8281-2f37a27ae557 ] Request (TenantUsagesTestJSON:setUpClass): 200 GET http://10.180.1.21/compute/v2.1/servers/b6712878-3270-43f4-9518-d41eb77124b7 0.185s
2024-10-29 20:11:57.305 62202 INFO tempest.lib.common.rest_client [req-310b60be-f470-43cd-bc87-c4f12e65fb26 req-310b60be-f470-43cd-bc87-c4f12e65fb26 ] Request (ServersTestJSON:setUpClass): 200 GET http://10.180.1.21/compute/v2.1/servers/55b60fc2-6484-4fad-aa40-3e73e020841a 0.168s
2024-10-29 20:11:57.310 62214 INFO tempest.lib.common.rest_client [req-77b29cc3-9df9-4b90-96b1-17ab51ea730d req-77b29cc3-9df9-4b90-96b1-17ab51ea730d ] Request (AttachInterfacesV270Test:test_create_get_list_interfaces): 200 GET http://10.180.1.21/compute/v2.1/servers/525f37d5-2262-40c8-a339-fc262c53ce6e 0.134s
2024-10-29 20:11:57.366 62172 INFO tempest.lib.common.rest_client [req-36fa51c9-9813-4e43-80e2-fb183730ad8d req-36fa51c9-9813-4e43-80e2-fb183730ad8d ] Request (ServerRescueNegativeTestJSON:setUpClass): 200 GET http://10.180.1.21/compute/v2.1/servers/4f5348ec-f0b6-45e2-be04-31dbf1d49a3a 0.167s
2024-10-29 20:11:57.368 62178 INFO tempest.lib.common.rest_client [req-b5263a13-640d-4472-bcdb-f18d5c795b3a req-b5263a13-640d-4472-bcdb-f18d5c795b3a ] Request (InstanceActionsNegativeTestJSON:setUpClass): 200 GET http://10.180.1.21/compute/v2.1/servers/64584976-b3f3-4da5-a76b-a05cf2ed6aa4 0.126s
2024-10-29 20:11:57.423 62166 INFO tempest.lib.common.rest_client [req-9c4cc983-f853-4a4d-8216-bcf96558cac4 req-9c4cc983-f853-4a4d-8216-bcf96558cac4 ] Request (SecurityGroupsTestJSON:test_server_security_groups): 200 GET http://10.180.1.21/compute/v2.1/servers/2939d1e5-07fe-48b3-bc87-5f67fa1a7ae4 0.089s
2024-10-29 20:11:57.423 62221 INFO tempest.lib.common.rest_client [req-d69f6b11-d156-4c71-8911-109dbd8d32bf req-d69f6b11-d156-4c71-8911-109dbd8d32bf ] Request (InstanceActionsV221TestJSON:tearDownClass): 204 DELETE http://10.180.1.21:9696/networking/v2.0/networks/8d7696f6-a2f8-4e1d-8905-ffc128d91bd3 0.264s
2024-10-29 20:11:57.438 62196 INFO tempest.lib.common.rest_client [req-236f96e3-552a-4828-9225-af19dae1056d req-236f96e3-552a-4828-9225-af19dae1056d ] Request (ServersTestJSON:test_create_server_with_ipv6_addr_only): 200 GET http://10.180.1.21/compute/v2.1/servers/15eaaa7c-77be-4b8b-89d0-0b2b11a0c49e 0.148s
2024-10-29 20:11:57.486 62180 INFO tempest.lib.common.rest_client [req-8d1ffaed-fb7e-4ff5-a18c-724166d4ab4f req-8d1ffaed-fb7e-4ff5-a18c-724166d4ab4f ] Request (ServersTestBootFromVolume:setUpClass): 200 GET http://10.180.1.21/compute/v2.1/servers/fb548893-2df5-4629-bf3a-3b0f807f6357 0.103s
2024-10-29 20:11:57.502 62164 INFO tempest.lib.common.rest_client [req-625d7b1f-c570-4d56-83f1-14e2046f3712 req-625d7b1f-c570-4d56-83f1-14e2046f3712 ] Request (ServerActionsTestOtherB:setUpClass): 200 GET http://10.180.1.21/compute/v2.1/servers/b0bc08c1-38d5-45ee-b521-1cffda41c77c 0.105s
2024-10-29 20:11:57.556 62190 INFO tempest.lib.common.rest_client [req-f42fa722-8989-428d-a357-12e922680565 req-f42fa722-8989-428d-a357-12e922680565 ] Request (ServerMetadataNegativeTestJSON:setUpClass): 200 GET http://10.180.1.21/compute/v2.1/servers/25b62db6-6e64-4e38-bfd3-82a2e9a4883a 0.104s
2024-10-29 20:11:57.562 62221 INFO tempest.lib.common.rest_client [req-233f195f-f76c-4cb1-9f4a-82830e39b844 req-233f195f-f76c-4cb1-9f4a-82830e39b844 ] Request (InstanceActionsV221TestJSON:tearDownClass): 204 DELETE http://10.180.1.21/identity/v3/users/0b89a8db1d9b42d0aa498f10d3093e1f 0.139s
2024-10-29 20:11:57.562 62221 INFO tempest.lib.common.dynamic_creds [-] Deleting project and security group for project: 74e4387c2bcb488885143a50a4c79cb9
2024-10-29 20:11:57.568 62174 INFO tempest.lib.common.rest_client [req-a94a7b2d-5b19-4186-b026-f6b0f65baea1 req-a94a7b2d-5b19-4186-b026-f6b0f65baea1 ] Request (ServerDiagnosticsV248Test:test_get_server_diagnostics): 200 GET http://10.180.1.21/compute/v2.1/servers/655b01ae-76a5-4c09-9245-e629fec8fd4b 0.105s
2024-10-29 20:11:57.599 62221 INFO tempest.lib.common.rest_client [req-4901b024-eb36-4e16-8412-106244dd8268 req-4901b024-eb36-4e16-8412-106244dd8268 ] Request (InstanceActionsV221TestJSON:tearDownClass): 200 GET http://10.180.1.21:9696/networking/v2.0/security-groups?tenant_id=74e4387c2bcb488885143a50a4c79cb9&name=default 0.036s
2024-10-29 20:11:57.620 62186 INFO tempest.lib.common.rest_client [req-036066c7-d696-416f-94b5-79b77f55d2da req-036066c7-d696-416f-94b5-79b77f55d2da ] Request (AttachVolumeShelveTestJSON:test_attach_volume_shelved_or_offload_server): 200 GET http://10.180.1.21/compute/v2.1/servers/60ffc8b0-4a7b-4e2a-8774-d16e502d8a06 0.106s
2024-10-29 20:11:57.628 62223 INFO tempest.lib.common.rest_client [req-d8c7e4f8-1474-4874-816e-eae3bc2a86bc req-d8c7e4f8-1474-4874-816e-eae3bc2a86bc ] Request (ServerExternalEventsTest:test_create_server_external_events): 200 GET http://10.180.1.21/compute/v2.1/servers/c0f87aa5-447b-4920-8251-354d89a14fbb 0.106s
2024-10-29 20:11:57.668 62204 INFO tempest.lib.common.rest_client [req-24ab1215-dc31-4378-9271-7144d614d949 req-24ab1215-dc31-4378-9271-7144d614d949 ] Request (VolumesAdminNegativeTest:test_update_attached_volume_with_nonexistent_volume_in_body): 200 GET http://10.180.1.21/compute/v2.1/servers/590907a7-b6cc-48fc-a4bf-e4a2e48b05b8 0.098s
2024-10-29 20:11:57.687 62221 INFO tempest.lib.common.rest_client [req-d7a84643-6d82-4cb2-881f-7f72e2654032 req-d7a84643-6d82-4cb2-881f-7f72e2654032 ] Request (InstanceActionsV221TestJSON:tearDownClass): 204 DELETE http://10.180.1.21:9696/networking/v2.0/security-groups/cc5c5d10-d763-493a-98db-a9893030576b 0.087s
2024-10-29 20:11:57.688 62188 INFO tempest.lib.common.rest_client [req-c9058cb2-b758-4e84-a863-1a885aad057f req-c9058cb2-b758-4e84-a863-1a885aad057f ] Request (AttachVolumeNegativeTest:test_attach_attached_volume_to_different_server): 200 GET http://10.180.1.21/compute/v2.1/servers/03100310-86ce-4739-8636-cd2aa1b542ff 0.110s
2024-10-29 20:11:57.693 62188 INFO tempest.common.waiters [-] State transition "BUILD/scheduling" ==> "ERROR/None" after 112 second wait
2024-10-29 20:11:57.741 62212 INFO tempest.lib.common.rest_client [req-e0e2569d-68a8-4d20-b14d-c83fe138251d req-e0e2569d-68a8-4d20-b14d-c83fe138251d ] Request (ServerActionsV293TestJSON:setUpClass): 200 GET http://10.180.1.21/compute/v2.1/servers/62144317-0354-4751-8f2b-4eae588c9da7 0.065s
2024-10-29 20:11:57.777 62221 INFO tempest.lib.common.rest_client [req-215bb96c-bd4e-4e46-a4c8-a4455a7b8ae4 req-215bb96c-bd4e-4e46-a4c8-a4455a7b8ae4 ] Request (InstanceActionsV221TestJSON:tearDownClass): 204 DELETE http://10.180.1.21/identity/v3/projects/74e4387c2bcb488885143a50a4c79cb9 0.090s
2024-10-29 20:11:57.834 62221 INFO tempest.lib.common.rest_client [req-c3df4539-c1a6-4ce1-ae43-c38a7e6979ad req-c3df4539-c1a6-4ce1-ae43-c38a7e6979ad ] Request (ServerShowV254Test:setUpClass): 201 POST http://10.180.1.21/identity/v3/auth/tokens 0.055s
2024-10-29 20:11:57.869 62221 INFO tempest.lib.common.rest_client [req-ccf6186c-1b7b-464e-a554-98750171bfbd req-ccf6186c-1b7b-464e-a554-98750171bfbd ] Request (ServerShowV254Test:setUpClass): 201 POST http://10.180.1.21/identity/v3/auth/tokens 0.030s
2024-10-29 20:11:57.892 62221 INFO tempest.lib.common.rest_client [req-81aaf491-9272-4034-b283-205f483b7a8c req-81aaf491-9272-4034-b283-205f483b7a8c ] Request (ServerShowV254Test:setUpClass): 200 GET http://10.180.1.21/identity/v3/domains?name=Default 0.022s
2024-10-29 20:11:57.918 62221 INFO tempest.lib.common.rest_client [req-d38efbe5-7b37-4a6c-9add-9045b11edb84 req-d38efbe5-7b37-4a6c-9add-9045b11edb84 ] Request (ServerShowV254Test:setUpClass): 201 POST http://10.180.1.21/identity/v3/projects 0.025s
2024-10-29 20:11:57.943 62210 INFO tempest.lib.common.rest_client [req-e63d5783-14a5-4c37-a475-1d13e45a2af1 req-e63d5783-14a5-4c37-a475-1d13e45a2af1 ] Request (ServerPasswordTestJSON:setUpClass): 200 GET http://10.180.1.21/compute/v2.1/servers/7c0341f9-7401-42ee-9512-afd832c76940 0.232s
2024-10-29 20:11:57.984 62221 INFO tempest.lib.common.rest_client [req-0c2d835d-dcb8-44bf-a4c1-59a7e8283a29 req-0c2d835d-dcb8-44bf-a4c1-59a7e8283a29 ] Request (ServerShowV254Test:setUpClass): 201 POST http://10.180.1.21/identity/v3/users 0.066s
2024-10-29 20:11:58.005 62218 INFO tempest.lib.common.rest_client [req-e0d150cd-f4eb-455e-9bb6-9e149fbe56cc req-e0d150cd-f4eb-455e-9bb6-9e149fbe56cc ] Request (ServerRescueTestJSON:setUpClass): 200 GET http://10.180.1.21/compute/v2.1/servers/74b32299-983f-41f7-b3f4-3a12815a83e6 0.251s
2024-10-29 20:11:58.005 62221 INFO tempest.lib.common.rest_client [req-64d66cde-afdc-4a0c-9ea7-17ff3742b0b8 req-64d66cde-afdc-4a0c-9ea7-17ff3742b0b8 ] Request (ServerShowV254Test:setUpClass): 200 GET http://10.180.1.21/identity/v3/roles 0.020s
2024-10-29 20:11:58.039 62221 INFO tempest.lib.common.rest_client [req-e713dc90-58ba-49dd-82e7-989f6f3a6279 req-e713dc90-58ba-49dd-82e7-989f6f3a6279 ] Request (ServerShowV254Test:setUpClass): 204 PUT http://10.180.1.21/identity/v3/projects/c29fb0e5a3f14691a41e6bdb1b3a1899/users/966b00e5a4f543ffb56c7f552f3c458b/roles/6146070f6bb44c8ca0d0e17252d2bb66 0.033s
2024-10-29 20:11:58.039 62221 INFO tempest.lib.common.dynamic_creds [-] Dynamic test user 966b00e5a4f543ffb56c7f552f3c458b is created with scope project and roles: ['member']
2024-10-29 20:11:58.039 62221 INFO tempest.lib.common.dynamic_creds [-] Acquired dynamic creds: credentials: Credentials: {'domain_id': 'default', 'domain_name': 'Default', 'username': 'tempest-ServerShowV254Test-921228709-project-member', 'project_domain_id': 'default', 'project_domain_name': 'Default', 'project_id': 'c29fb0e5a3f14691a41e6bdb1b3a1899', 'project_name': 'tempest-ServerShowV254Test-921228709', 'tenant_id': 'c29fb0e5a3f14691a41e6bdb1b3a1899', 'tenant_name': 'tempest-ServerShowV254Test-921228709', 'user_domain_id': 'default', 'user_domain_name': 'Default', 'user_id': '966b00e5a4f543ffb56c7f552f3c458b', 'system': None}, Network: None, Subnet: None, Router: None
2024-10-29 20:11:58.040 62221 INFO tempest.lib.common.dynamic_creds [-] Created isolated network resources for: credentials: Credentials: {'domain_id': 'default', 'domain_name': 'Default', 'username': 'tempest-ServerShowV254Test-921228709-project-member', 'project_domain_id': 'default', 'project_domain_name': 'Default', 'project_id': 'c29fb0e5a3f14691a41e6bdb1b3a1899', 'project_name': 'tempest-ServerShowV254Test-921228709', 'tenant_id': 'c29fb0e5a3f14691a41e6bdb1b3a1899', 'tenant_name': 'tempest-ServerShowV254Test-921228709', 'user_domain_id': 'default', 'user_domain_name': 'Default', 'user_id': '966b00e5a4f543ffb56c7f552f3c458b', 'system': None}, Network: None, Subnet: None, Router: None
2024-10-29 20:11:58.052 62188 INFO tempest.lib.common.rest_client [req-5e4ebdcf-35d1-46f4-a254-9c4c3ddb3bea req-5e4ebdcf-35d1-46f4-a254-9c4c3ddb3bea ] Request (AttachVolumeNegativeTest:test_attach_attached_volume_to_different_server): 204 DELETE http://10.180.1.21/compute/v2.1/servers/03100310-86ce-4739-8636-cd2aa1b542ff 0.358s
2024-10-29 20:11:58.063 62168 INFO tempest.lib.common.rest_client [req-2caaffce-db5a-4ce2-acdb-58ac77e89ede req-2caaffce-db5a-4ce2-acdb-58ac77e89ede ] Request (AttachInterfacesUnderV243Test:test_add_remove_fixed_ip): 200 GET http://10.180.1.21/compute/v2.1/servers/0eab2200-2528-4a89-821a-cdd6a3c99297 0.221s
2024-10-29 20:11:58.084 62188 INFO tempest.lib.common.rest_client [req-e84a07d9-7731-4f9d-aca9-efa2f1a4cc26 req-e84a07d9-7731-4f9d-aca9-efa2f1a4cc26 ] Request (AttachVolumeNegativeTest:test_attach_attached_volume_to_different_server): 404 GET http://10.180.1.21/compute/v2.1/servers/03100310-86ce-4739-8636-cd2aa1b542ff 0.032s
2024-10-29 20:11:58.120 62188 INFO tempest.lib.common.rest_client [req-655a1757-f4ba-444f-99af-a50006ff2b8d req-655a1757-f4ba-444f-99af-a50006ff2b8d ] Request (AttachVolumeNegativeTest:_run_cleanups): 202 DELETE http://10.180.1.21/compute/v2.1/os-keypairs/tempest-keypair-1146032911 0.034s
2024-10-29 20:11:58.123 62176 INFO tempest.lib.common.rest_client [req-bd6f813b-7ec6-4a8b-8c0b-c6b078796adc req-bd6f813b-7ec6-4a8b-8c0b-c6b078796adc ] Request (ImagesTestJSON:test_create_image_from_suspended_server): 200 GET http://10.180.1.21/compute/v2.1/servers/62d8a170-e7ad-4d14-90d8-6f6ce32b7cf8 0.277s
2024-10-29 20:11:58.154 62221 INFO tempest.lib.common.rest_client [req-1f537613-40bd-4c4c-971b-12cd66646f36 req-1f537613-40bd-4c4c-971b-12cd66646f36 ] Request (ServerShowV254Test:setUpClass): 201 POST http://10.180.1.21/identity/v3/auth/tokens 0.109s
2024-10-29 20:11:58.180 62194 INFO tempest.lib.common.rest_client [req-5a97521a-4086-4923-bda7-ea970390c48b req-5a97521a-4086-4923-bda7-ea970390c48b ] Request (AttachInterfacesTestJSON:test_create_list_show_delete_interfaces_by_network_port): 200 GET http://10.180.1.21/compute/v2.1/servers/22d1e8ed-75c5-42e9-ae55-12d59e565914 0.068s
2024-10-29 20:11:58.188 62221 INFO tempest.lib.common.rest_client [req-b37fb64c-101e-46de-9d57-23feab8d5ca8 req-b37fb64c-101e-46de-9d57-23feab8d5ca8 ] Request (ServerShowV254Test:test_rebuild_server): 201 POST http://10.180.1.21/identity/v3/auth/tokens 0.029s
2024-10-29 20:11:58.189 62221 INFO tempest.lib.common.fixed_network [-] (ServerShowV254Test:test_rebuild_server) Found network None available for tenant
2024-10-29 20:11:58.230 62162 INFO tempest.lib.common.rest_client [req-74b1c69c-e4fd-4ceb-8c06-ed40ab2797d7 req-74b1c69c-e4fd-4ceb-8c06-ed40ab2797d7 ] Request (ImagesNegativeTestJSON:test_create_image_from_deleted_server): 200 GET http://10.180.1.21/compute/v2.1/servers/f7e1d517-3e39-4381-83be-0152368b8120 0.058s
2024-10-29 20:11:58.238 62188 INFO tempest.lib.common.rest_client [req-8d00fa47-8515-4217-b4fa-22b56db457ba req-8d00fa47-8515-4217-b4fa-22b56db457ba ] Request (AttachVolumeNegativeTest:_run_cleanups): 204 DELETE http://10.180.1.21:9696/networking/v2.0/security-groups/10b56d2c-341f-4a61-a424-96c6ef3b0473 0.117s
2024-10-29 20:11:58.244 62208 INFO tempest.lib.common.rest_client [req-daf8a4d9-1d41-42d0-94a1-25b286bd9c3d req-daf8a4d9-1d41-42d0-94a1-25b286bd9c3d ] Request (FloatingIPsAssociationTestJSON:setUpClass): 200 GET http://10.180.1.21/compute/v2.1/servers/aeca6a94-478d-435a-9d93-59936f26654e 0.065s
2024-10-29 20:11:58.250 62188 INFO tempest.lib.common.rest_client [req-fe815a3f-4f92-41f3-bf87-8d0196db8679 req-fe815a3f-4f92-41f3-bf87-8d0196db8679 ] Request (AttachVolumeNegativeTest:_run_cleanups): 404 GET http://10.180.1.21:9696/networking/v2.0/security-groups/10b56d2c-341f-4a61-a424-96c6ef3b0473 0.012s
2024-10-29 20:11:58.299 62170 INFO tempest.lib.common.rest_client [req-8e85bc84-149a-4efd-856e-f0e138f6308a req-8e85bc84-149a-4efd-856e-f0e138f6308a ] Request (ServersTestFqdnHostnames:test_create_server_with_fqdn_name): 200 GET http://10.180.1.21/compute/v2.1/servers/c94e8e46-7697-426c-ae2f-aece493fa8f4 0.058s
2024-10-29 20:11:58.358 62199 INFO tempest.lib.common.rest_client [req-de97412b-1639-4aa3-835b-7dcc296a799a req-de97412b-1639-4aa3-835b-7dcc296a799a ] Request (TenantUsagesTestJSON:setUpClass): 200 GET http://10.180.1.21/compute/v2.1/servers/b6712878-3270-43f4-9518-d41eb77124b7 0.101s
2024-10-29 20:11:58.411 62202 INFO tempest.lib.common.rest_client [req-73c3d146-93d8-4963-ae9c-cca1313291d0 req-73c3d146-93d8-4963-ae9c-cca1313291d0 ] Request (ServersTestJSON:setUpClass): 200 GET http://10.180.1.21/compute/v2.1/servers/55b60fc2-6484-4fad-aa40-3e73e020841a 0.097s
2024-10-29 20:11:58.414 62221 INFO tempest.lib.common.rest_client [req-347b83bf-b4ed-4904-9bd3-d6021183ae1c req-347b83bf-b4ed-4904-9bd3-d6021183ae1c ] Request (ServerShowV254Test:test_rebuild_server): 202 POST http://10.180.1.21/compute/v2.1/servers 0.224s
2024-10-29 20:11:58.450 62188 INFO tempest.lib.common.rest_client [req-a0e6673f-1978-4b0d-a4bb-c60e03b94138 req-a0e6673f-1978-4b0d-a4bb-c60e03b94138 ] Request (AttachVolumeNegativeTest:_run_cleanups): 204 DELETE http://10.180.1.21:9696/networking/v2.0/floatingips/6392e82d-779e-4f30-b45b-c911ff036692 0.199s
2024-10-29 20:11:58.471 62172 INFO tempest.lib.common.rest_client [req-0a876770-9427-4232-b1c7-fd927ef86049 req-0a876770-9427-4232-b1c7-fd927ef86049 ] Request (ServerRescueNegativeTestJSON:setUpClass): 200 GET http://10.180.1.21/compute/v2.1/servers/4f5348ec-f0b6-45e2-be04-31dbf1d49a3a 0.097s
2024-10-29 20:11:58.474 62214 INFO tempest.lib.common.rest_client [req-ffad568c-4cee-48bb-a80c-ebf4f22bc6a9 req-ffad568c-4cee-48bb-a80c-ebf4f22bc6a9 ] Request (AttachInterfacesV270Test:test_create_get_list_interfaces): 200 GET http://10.180.1.21/compute/v2.1/servers/525f37d5-2262-40c8-a339-fc262c53ce6e 0.150s
2024-10-29 20:11:58.477 62172 INFO tempest.common.waiters [-] State transition "BUILD/scheduling" ==> "BUILD/None" after 82 second wait
2024-10-29 20:11:58.513 62221 INFO tempest.lib.common.rest_client [req-c1d7a32a-1081-4a9d-a11a-73104301dfae req-c1d7a32a-1081-4a9d-a11a-73104301dfae ] Request (ServerShowV254Test:test_rebuild_server): 200 GET http://10.180.1.21/compute/v2.1/servers/ecedb77f-4a2a-4047-964f-80796954d847 0.098s
2024-10-29 20:11:58.520 62178 INFO tempest.lib.common.rest_client [req-feda0784-b0e5-4131-adc3-aeec5ab71787 req-feda0784-b0e5-4131-adc3-aeec5ab71787 ] Request (InstanceActionsNegativeTestJSON:setUpClass): 200 GET http://10.180.1.21/compute/v2.1/servers/64584976-b3f3-4da5-a76b-a05cf2ed6aa4 0.144s
2024-10-29 20:11:58.561 62166 INFO tempest.lib.common.rest_client [req-b5e240ce-f711-48e6-92a7-50bcac454c68 req-b5e240ce-f711-48e6-92a7-50bcac454c68 ] Request (SecurityGroupsTestJSON:test_server_security_groups): 200 GET http://10.180.1.21/compute/v2.1/servers/2939d1e5-07fe-48b3-bc87-5f67fa1a7ae4 0.131s
2024-10-29 20:11:58.567 62196 INFO tempest.lib.common.rest_client [req-20748be9-05ab-4c54-8f38-79a009901a84 req-20748be9-05ab-4c54-8f38-79a009901a84 ] Request (ServersTestJSON:test_create_server_with_ipv6_addr_only): 200 GET http://10.180.1.21/compute/v2.1/servers/15eaaa7c-77be-4b8b-89d0-0b2b11a0c49e 0.121s
2024-10-29 20:11:58.589 62188 INFO tempest.lib.common.rest_client [req-a6483c50-dfd9-42e6-8d2e-ff38bef72193 req-a6483c50-dfd9-42e6-8d2e-ff38bef72193 ] Request (ValidationResourcesFixture:setUp): 200 POST http://10.180.1.21/compute/v2.1/os-keypairs 0.137s
2024-10-29 20:11:58.612 62180 INFO tempest.lib.common.rest_client [req-9e6c19d3-544a-4f8d-8d4b-156001fba66f req-9e6c19d3-544a-4f8d-8d4b-156001fba66f ] Request (ServersTestBootFromVolume:setUpClass): 200 GET http://10.180.1.21/compute/v2.1/servers/fb548893-2df5-4629-bf3a-3b0f807f6357 0.114s
2024-10-29 20:11:58.641 62164 INFO tempest.lib.common.rest_client [req-4b8cf3b8-2812-4873-b7c0-32a374fbc5f0 req-4b8cf3b8-2812-4873-b7c0-32a374fbc5f0 ] Request (ServerActionsTestOtherB:setUpClass): 200 GET http://10.180.1.21/compute/v2.1/servers/b0bc08c1-38d5-45ee-b521-1cffda41c77c 0.127s
2024-10-29 20:11:58.661 62190 INFO tempest.lib.common.rest_client [req-03cef82b-3514-4282-8caf-bace2e1477b8 req-03cef82b-3514-4282-8caf-bace2e1477b8 ] Request (ServerMetadataNegativeTestJSON:setUpClass): 200 GET http://10.180.1.21/compute/v2.1/servers/25b62db6-6e64-4e38-bfd3-82a2e9a4883a 0.095s
2024-10-29 20:11:58.694 62188 INFO tempest.lib.common.rest_client [req-e5c38d53-c21a-4b85-b66d-9792eb869f02 req-e5c38d53-c21a-4b85-b66d-9792eb869f02 ] Request (ValidationResourcesFixture:setUp): 201 POST http://10.180.1.21:9696/networking/v2.0/security-groups 0.102s
2024-10-29 20:11:58.723 62186 INFO tempest.lib.common.rest_client [req-12c180fe-f445-424f-8f44-37a1f74cb6ec req-12c180fe-f445-424f-8f44-37a1f74cb6ec ] Request (AttachVolumeShelveTestJSON:test_attach_volume_shelved_or_offload_server): 200 GET http://10.180.1.21/compute/v2.1/servers/60ffc8b0-4a7b-4e2a-8774-d16e502d8a06 0.095s
2024-10-29 20:11:58.736 62174 INFO tempest.lib.common.rest_client [req-ec2a8113-7f82-405d-bfe8-1c9908a66e13 req-ec2a8113-7f82-405d-bfe8-1c9908a66e13 ] Request (ServerDiagnosticsV248Test:test_get_server_diagnostics): 200 GET http://10.180.1.21/compute/v2.1/servers/655b01ae-76a5-4c09-9245-e629fec8fd4b 0.157s
2024-10-29 20:11:58.775 62223 INFO tempest.lib.common.rest_client [req-778f9bb1-0f5a-4a30-98da-a39fc6c0c0ce req-778f9bb1-0f5a-4a30-98da-a39fc6c0c0ce ] Request (ServerExternalEventsTest:test_create_server_external_events): 200 GET http://10.180.1.21/compute/v2.1/servers/c0f87aa5-447b-4920-8251-354d89a14fbb 0.136s
2024-10-29 20:11:58.779 62188 INFO tempest.lib.common.rest_client [req-b2fc814d-2695-47da-9a03-9f6e541d07a8 req-b2fc814d-2695-47da-9a03-9f6e541d07a8 ] Request (ValidationResourcesFixture:setUp): 201 POST http://10.180.1.21:9696/networking/v2.0/security-group-rules 0.085s
2024-10-29 20:11:58.787 62204 INFO tempest.lib.common.rest_client [req-a0bf854d-2fdb-445b-8de8-80c9e36df196 req-a0bf854d-2fdb-445b-8de8-80c9e36df196 ] Request (VolumesAdminNegativeTest:test_update_attached_volume_with_nonexistent_volume_in_body): 200 GET http://10.180.1.21/compute/v2.1/servers/590907a7-b6cc-48fc-a4bf-e4a2e48b05b8 0.112s
2024-10-29 20:11:58.822 62212 INFO tempest.lib.common.rest_client [req-beb36404-68fb-462c-b7b0-76386e0735c3 req-beb36404-68fb-462c-b7b0-76386e0735c3 ] Request (ServerActionsV293TestJSON:setUpClass): 200 GET http://10.180.1.21/compute/v2.1/servers/62144317-0354-4751-8f2b-4eae588c9da7 0.071s
2024-10-29 20:11:58.853 62188 INFO tempest.lib.common.rest_client [req-cc429765-3ded-492a-b99d-1630f3575d91 req-cc429765-3ded-492a-b99d-1630f3575d91 ] Request (ValidationResourcesFixture:setUp): 201 POST http://10.180.1.21:9696/networking/v2.0/security-group-rules 0.073s
2024-10-29 20:11:59.001 62210 INFO tempest.lib.common.rest_client [req-a85d1829-dc6a-4806-b669-141dd1f3d5a4 req-a85d1829-dc6a-4806-b669-141dd1f3d5a4 ] Request (ServerPasswordTestJSON:setUpClass): 200 GET http://10.180.1.21/compute/v2.1/servers/7c0341f9-7401-42ee-9512-afd832c76940 0.050s
2024-10-29 20:11:59.070 62218 INFO tempest.lib.common.rest_client [req-7c2b1ee1-33d6-49f5-a533-5ec79db0824a req-7c2b1ee1-33d6-49f5-a533-5ec79db0824a ] Request (ServerRescueTestJSON:setUpClass): 200 GET http://10.180.1.21/compute/v2.1/servers/74b32299-983f-41f7-b3f4-3a12815a83e6 0.055s
2024-10-29 20:11:59.118 62168 INFO tempest.lib.common.rest_client [req-da49530a-0482-483f-9398-098fba91d8a6 req-da49530a-0482-483f-9398-098fba91d8a6 ] Request (AttachInterfacesUnderV243Test:test_add_remove_fixed_ip): 200 GET http://10.180.1.21/compute/v2.1/servers/0eab2200-2528-4a89-821a-cdd6a3c99297 0.047s
2024-10-29 20:11:59.177 62176 INFO tempest.lib.common.rest_client [req-1240e8eb-b732-4f5e-97ce-6479c35ca6c4 req-1240e8eb-b732-4f5e-97ce-6479c35ca6c4 ] Request (ImagesTestJSON:test_create_image_from_suspended_server): 200 GET http://10.180.1.21/compute/v2.1/servers/62d8a170-e7ad-4d14-90d8-6f6ce32b7cf8 0.045s
2024-10-29 20:11:59.201 62188 INFO tempest.lib.common.rest_client [req-bbf84cd3-f6bc-44a5-8d30-6f608ac9709e req-bbf84cd3-f6bc-44a5-8d30-6f608ac9709e ] Request (ValidationResourcesFixture:setUp): 201 POST http://10.180.1.21:9696/networking/v2.0/floatingips 0.348s
2024-10-29 20:11:59.238 62194 INFO tempest.lib.common.rest_client [req-01e5d2bc-3e31-4fb7-b5dc-4c81a6d818ad req-01e5d2bc-3e31-4fb7-b5dc-4c81a6d818ad ] Request (AttachInterfacesTestJSON:test_create_list_show_delete_interfaces_by_network_port): 200 GET http://10.180.1.21/compute/v2.1/servers/22d1e8ed-75c5-42e9-ae55-12d59e565914 0.048s
2024-10-29 20:11:59.259 62188 INFO tempest.lib.common.rest_client [req-5c14d073-6de9-42a8-b941-daf6be958dfc req-5c14d073-6de9-42a8-b941-daf6be958dfc ] Request (AttachVolumeNegativeTest:test_attach_attached_volume_to_same_server): 201 POST http://10.180.1.21/identity/v3/auth/tokens 0.054s
2024-10-29 20:11:59.259 62188 INFO tempest.lib.common.fixed_network [-] (AttachVolumeNegativeTest:test_attach_attached_volume_to_same_server) Found network {'id': '22a2f26f-6020-43a0-9e3e-32d28145dd2b', 'name': 'tempest-AttachVolumeNegativeTest-1080215875-network', 'tenant_id': '87f548d252244b759e3f157af9ab875d', 'admin_state_up': True, 'mtu': 8950, 'status': 'ACTIVE', 'subnets': [], 'shared': False, 'project_id': '87f548d252244b759e3f157af9ab875d', 'port_security_enabled': True, 'router:external': False, 'provider:network_type': 'vlan', 'provider:physical_network': 'default', 'provider:segmentation_id': 571, 'availability_zone_hints': [], 'availability_zones': [], 'ipv4_address_scope': None, 'ipv6_address_scope': None, 'description': '', 'tags': [], 'created_at': '2024-10-29T20:09:56Z', 'updated_at': '2024-10-29T20:09:56Z', 'revision_number': 1} available for tenant
2024-10-29 20:11:59.294 62162 INFO tempest.lib.common.rest_client [req-9a0624e9-21da-448c-9e63-66f37972c4e2 req-9a0624e9-21da-448c-9e63-66f37972c4e2 ] Request (ImagesNegativeTestJSON:test_create_image_from_deleted_server): 200 GET http://10.180.1.21/compute/v2.1/servers/f7e1d517-3e39-4381-83be-0152368b8120 0.053s
2024-10-29 20:11:59.306 62208 INFO tempest.lib.common.rest_client [req-deac14ab-b5ef-4e9e-a4f8-6fd164922cbf req-deac14ab-b5ef-4e9e-a4f8-6fd164922cbf ] Request (FloatingIPsAssociationTestJSON:setUpClass): 200 GET http://10.180.1.21/compute/v2.1/servers/aeca6a94-478d-435a-9d93-59936f26654e 0.056s
2024-10-29 20:11:59.354 62170 INFO tempest.lib.common.rest_client [req-33806ca8-c800-4dcf-b0c8-aa1e25017385 req-33806ca8-c800-4dcf-b0c8-aa1e25017385 ] Request (ServersTestFqdnHostnames:test_create_server_with_fqdn_name): 200 GET http://10.180.1.21/compute/v2.1/servers/c94e8e46-7697-426c-ae2f-aece493fa8f4 0.048s
2024-10-29 20:11:59.414 62199 INFO tempest.lib.common.rest_client [req-27bbeffd-caea-4539-ba79-f5530ebe8a37 req-27bbeffd-caea-4539-ba79-f5530ebe8a37 ] Request (TenantUsagesTestJSON:setUpClass): 200 GET http://10.180.1.21/compute/v2.1/servers/b6712878-3270-43f4-9518-d41eb77124b7 0.048s
2024-10-29 20:11:59.466 62202 INFO tempest.lib.common.rest_client [req-c3ae12e3-9f4f-41c0-bbf5-5ffe9d5c400e req-c3ae12e3-9f4f-41c0-bbf5-5ffe9d5c400e ] Request (ServersTestJSON:setUpClass): 200 GET http://10.180.1.21/compute/v2.1/servers/55b60fc2-6484-4fad-aa40-3e73e020841a 0.045s
2024-10-29 20:11:59.533 62172 INFO tempest.lib.common.rest_client [req-566758a6-957d-4e53-a029-30e18cf7347f req-566758a6-957d-4e53-a029-30e18cf7347f ] Request (ServerRescueNegativeTestJSON:setUpClass): 200 GET http://10.180.1.21/compute/v2.1/servers/4f5348ec-f0b6-45e2-be04-31dbf1d49a3a 0.055s
2024-10-29 20:11:59.581 62214 INFO tempest.lib.common.rest_client [req-3f619869-2902-4609-ac17-d3ae099f6ffd req-3f619869-2902-4609-ac17-d3ae099f6ffd ] Request (AttachInterfacesV270Test:test_create_get_list_interfaces): 200 GET http://10.180.1.21/compute/v2.1/servers/525f37d5-2262-40c8-a339-fc262c53ce6e 0.098s
2024-10-29 20:11:59.629 62221 INFO tempest.lib.common.rest_client [req-da9ca1a4-3b80-4675-b1d5-20a6c132199e req-da9ca1a4-3b80-4675-b1d5-20a6c132199e ] Request (ServerShowV254Test:test_rebuild_server): 200 GET http://10.180.1.21/compute/v2.1/servers/ecedb77f-4a2a-4047-964f-80796954d847 0.108s
2024-10-29 20:11:59.651 62188 INFO tempest.lib.common.rest_client [req-d3d04fc8-2bde-4c80-b2d6-dd8057edd757 req-d3d04fc8-2bde-4c80-b2d6-dd8057edd757 ] Request (AttachVolumeNegativeTest:test_attach_attached_volume_to_same_server): 202 POST http://10.180.1.21/compute/v2.1/servers 0.391s
2024-10-29 20:11:59.675 62178 INFO tempest.lib.common.rest_client [req-d5727493-8425-4d78-b7f9-63886c754bef req-d5727493-8425-4d78-b7f9-63886c754bef ] Request (InstanceActionsNegativeTestJSON:setUpClass): 200 GET http://10.180.1.21/compute/v2.1/servers/64584976-b3f3-4da5-a76b-a05cf2ed6aa4 0.148s
2024-10-29 20:11:59.696 62166 INFO tempest.lib.common.rest_client [req-14f8f549-af9c-496d-9ba7-957c1374d88b req-14f8f549-af9c-496d-9ba7-957c1374d88b ] Request (SecurityGroupsTestJSON:test_server_security_groups): 200 GET http://10.180.1.21/compute/v2.1/servers/2939d1e5-07fe-48b3-bc87-5f67fa1a7ae4 0.127s
2024-10-29 20:11:59.719 62196 INFO tempest.lib.common.rest_client [req-d8a78587-d7f3-44f3-8ef9-f01a61b9cdb8 req-d8a78587-d7f3-44f3-8ef9-f01a61b9cdb8 ] Request (ServersTestJSON:test_create_server_with_ipv6_addr_only): 200 GET http://10.180.1.21/compute/v2.1/servers/15eaaa7c-77be-4b8b-89d0-0b2b11a0c49e 0.145s
2024-10-29 20:11:59.741 62180 INFO tempest.lib.common.rest_client [req-1f12002b-5f8d-4538-b56b-eea6b578e402 req-1f12002b-5f8d-4538-b56b-eea6b578e402 ] Request (ServersTestBootFromVolume:setUpClass): 200 GET http://10.180.1.21/compute/v2.1/servers/fb548893-2df5-4629-bf3a-3b0f807f6357 0.122s
2024-10-29 20:11:59.771 62164 INFO tempest.lib.common.rest_client [req-cd614cec-eb2e-4361-8f52-62a723a7c579 req-cd614cec-eb2e-4361-8f52-62a723a7c579 ] Request (ServerActionsTestOtherB:setUpClass): 200 GET http://10.180.1.21/compute/v2.1/servers/b0bc08c1-38d5-45ee-b521-1cffda41c77c 0.123s
2024-10-29 20:11:59.785 62188 INFO tempest.lib.common.rest_client [req-6d00c013-6876-47ed-9575-e8928923215c req-6d00c013-6876-47ed-9575-e8928923215c ] Request (AttachVolumeNegativeTest:test_attach_attached_volume_to_same_server): 200 GET http://10.180.1.21/compute/v2.1/servers/b497f3f3-001f-4e5e-b6b7-8e2006116856 0.132s
2024-10-29 20:11:59.818 62190 INFO tempest.lib.common.rest_client [req-b29e5956-13d4-4564-b07e-2e4bd81bfc2a req-b29e5956-13d4-4564-b07e-2e4bd81bfc2a ] Request (ServerMetadataNegativeTestJSON:setUpClass): 200 GET http://10.180.1.21/compute/v2.1/servers/25b62db6-6e64-4e38-bfd3-82a2e9a4883a 0.150s
2024-10-29 20:11:59.837 62186 INFO tempest.lib.common.rest_client [req-f1e8e688-409f-49a8-b72c-e24da0e33d47 req-f1e8e688-409f-49a8-b72c-e24da0e33d47 ] Request (AttachVolumeShelveTestJSON:test_attach_volume_shelved_or_offload_server): 200 GET http://10.180.1.21/compute/v2.1/servers/60ffc8b0-4a7b-4e2a-8774-d16e502d8a06 0.101s
2024-10-29 20:11:59.868 62174 INFO tempest.lib.common.rest_client [req-24235731-e4bd-40c3-8ce6-4954276015c1 req-24235731-e4bd-40c3-8ce6-4954276015c1 ] Request (ServerDiagnosticsV248Test:test_get_server_diagnostics): 200 GET http://10.180.1.21/compute/v2.1/servers/655b01ae-76a5-4c09-9245-e629fec8fd4b 0.124s
2024-10-29 20:11:59.881 62223 INFO tempest.lib.common.rest_client [req-b72931d1-9b15-41a8-9aa1-17eb47815c9c req-b72931d1-9b15-41a8-9aa1-17eb47815c9c ] Request (ServerExternalEventsTest:test_create_server_external_events): 200 GET http://10.180.1.21/compute/v2.1/servers/c0f87aa5-447b-4920-8251-354d89a14fbb 0.098s
2024-10-29 20:11:59.912 62204 INFO tempest.lib.common.rest_client [req-10989ad4-6505-438a-a733-89bac6da9c9d req-10989ad4-6505-438a-a733-89bac6da9c9d ] Request (VolumesAdminNegativeTest:test_update_attached_volume_with_nonexistent_volume_in_body): 200 GET http://10.180.1.21/compute/v2.1/servers/590907a7-b6cc-48fc-a4bf-e4a2e48b05b8 0.118s
2024-10-29 20:11:59.928 62212 INFO tempest.lib.common.rest_client [req-7489ba97-b2db-4080-9382-5dce4f1dcb1b req-7489ba97-b2db-4080-9382-5dce4f1dcb1b ] Request (ServerActionsV293TestJSON:setUpClass): 200 GET http://10.180.1.21/compute/v2.1/servers/62144317-0354-4751-8f2b-4eae588c9da7 0.097s
2024-10-29 20:12:00.073 62210 INFO tempest.lib.common.rest_client [req-631900e7-aef0-41f4-a7f3-d0c079c4e4ba req-631900e7-aef0-41f4-a7f3-d0c079c4e4ba ] Request (ServerPasswordTestJSON:setUpClass): 200 GET http://10.180.1.21/compute/v2.1/servers/7c0341f9-7401-42ee-9512-afd832c76940 0.065s
2024-10-29 20:12:00.123 62218 INFO tempest.lib.common.rest_client [req-4e8dba08-96ea-47bf-bddb-c0b0cffe9707 req-4e8dba08-96ea-47bf-bddb-c0b0cffe9707 ] Request (ServerRescueTestJSON:setUpClass): 200 GET http://10.180.1.21/compute/v2.1/servers/74b32299-983f-41f7-b3f4-3a12815a83e6 0.045s
2024-10-29 20:12:00.166 62168 INFO tempest.lib.common.rest_client [req-154eb2f5-159e-49e8-96b9-e9b28758b447 req-154eb2f5-159e-49e8-96b9-e9b28758b447 ] Request (AttachInterfacesUnderV243Test:test_add_remove_fixed_ip): 200 GET http://10.180.1.21/compute/v2.1/servers/0eab2200-2528-4a89-821a-cdd6a3c99297 0.041s
2024-10-29 20:12:00.231 62176 INFO tempest.lib.common.rest_client [req-30ddc0d5-6bb1-45c0-98a4-8b2bb5cac5b2 req-30ddc0d5-6bb1-45c0-98a4-8b2bb5cac5b2 ] Request (ImagesTestJSON:test_create_image_from_suspended_server): 200 GET http://10.180.1.21/compute/v2.1/servers/62d8a170-e7ad-4d14-90d8-6f6ce32b7cf8 0.047s
2024-10-29 20:12:00.291 62194 INFO tempest.lib.common.rest_client [req-5899c210-729f-4899-96fd-37bdd54ddf87 req-5899c210-729f-4899-96fd-37bdd54ddf87 ] Request (AttachInterfacesTestJSON:test_create_list_show_delete_interfaces_by_network_port): 200 GET http://10.180.1.21/compute/v2.1/servers/22d1e8ed-75c5-42e9-ae55-12d59e565914 0.045s
2024-10-29 20:12:00.349 62162 INFO tempest.lib.common.rest_client [req-e7e3bdf8-b2e0-42b4-98fc-8db564ec06b1 req-e7e3bdf8-b2e0-42b4-98fc-8db564ec06b1 ] Request (ImagesNegativeTestJSON:test_create_image_from_deleted_server): 200 GET http://10.180.1.21/compute/v2.1/servers/f7e1d517-3e39-4381-83be-0152368b8120 0.047s
2024-10-29 20:12:00.358 62208 INFO tempest.lib.common.rest_client [req-ae144345-8e15-4825-bf9f-15dae3f8aaad req-ae144345-8e15-4825-bf9f-15dae3f8aaad ] Request (FloatingIPsAssociationTestJSON:setUpClass): 200 GET http://10.180.1.21/compute/v2.1/servers/aeca6a94-478d-435a-9d93-59936f26654e 0.045s
2024-10-29 20:12:00.404 62170 INFO tempest.lib.common.rest_client [req-dd0279e1-a81d-4376-8bf4-8997b9f14c99 req-dd0279e1-a81d-4376-8bf4-8997b9f14c99 ] Request (ServersTestFqdnHostnames:test_create_server_with_fqdn_name): 200 GET http://10.180.1.21/compute/v2.1/servers/c94e8e46-7697-426c-ae2f-aece493fa8f4 0.043s
