2024-09-09 15:39:50.340 62802 INFO tempest.lib.common.rest_client [req-5178d0b9-0837-46d9-ae5c-8d4ba4eded63 req-5178d0b9-0837-46d9-ae5c-8d4ba4eded63 ] Request (ServersWithSpecificFlavorTestJSON:test_verify_created_server_ephemeral_disk): 200 GET http://10.180.1.21/compute/v2.1/servers/7486baa6-20db-447e-83fc-4e66cc2627b9 0.601s
2024-09-09 15:39:50.484 62782 INFO tempest.lib.common.rest_client [req-942c8dfc-3c40-4d54-b1c0-f01cca29d89b req-942c8dfc-3c40-4d54-b1c0-f01cca29d89b ] Request (ImagesOneServerTestJSON:setUpClass): 200 GET http://10.180.1.21/compute/v2.1/servers/99b634da-52a2-48f6-8fae-b77e6b0f6b36 0.540s
2024-09-09 15:39:50.485 62770 INFO tempest.lib.common.rest_client [req-a67173c5-f3fd-4cdd-9f76-ca3dd0bd8c43 req-a67173c5-f3fd-4cdd-9f76-ca3dd0bd8c43 ] Request (QuotaClassesAdminTestJSON:tearDownClass): 200 GET http://10.180.1.21:9696/networking/v2.0/security-groups?tenant_id=24191ef69f4848d98bbc8edde554f1ee&name=default 0.272s
2024-09-09 15:39:50.516 62790 INFO tempest.lib.common.rest_client [req-8a41606e-88c6-41e7-820b-7f0f20e83ae0 req-8a41606e-88c6-41e7-820b-7f0f20e83ae0 ] Request (ServersTestManualDisk:setUpClass): 200 GET http://10.180.1.21/compute/v2.1/servers/8b7d9321-71b7-4eff-a0be-3923730e1658 0.628s
2024-09-09 15:39:50.561 62772 INFO tempest.lib.common.rest_client [req-43d0f531-15ae-467a-8554-fa49313aa89e req-43d0f531-15ae-467a-8554-fa49313aa89e ] Request (ListServerFiltersTestJSON:setUpClass): 200 GET http://10.180.1.21/compute/v2.1/servers/3eb341b6-0d96-4996-876e-dd8935b83900 0.364s
2024-09-09 15:39:50.607 62776 INFO tempest.lib.common.rest_client [req-3133bf95-5cf6-4247-b9c8-5ac0964afa30 req-3133bf95-5cf6-4247-b9c8-5ac0964afa30 ] Request (InstanceActionsNegativeTestJSON:setUpClass): 200 GET http://10.180.1.21/compute/v2.1/servers/42c28258-226c-4c8b-8a06-f0b5f45db9fa 0.349s
2024-09-09 15:39:50.635 62768 INFO tempest.lib.common.rest_client [req-dbf93fbd-4d1b-4c9a-ac9d-67d11c34b2db req-dbf93fbd-4d1b-4c9a-ac9d-67d11c34b2db ] Request (MigrationsAdminTest:test_resize_server_revert_deleted_flavor): 200 GET http://10.180.1.21/compute/v2.1/servers/c537a88e-d49b-4a6b-aa8c-350481ae18e5 0.593s
2024-09-09 15:39:50.647 62770 INFO tempest.lib.common.rest_client [req-019ff99a-b03a-403f-8737-8a04d66361cb req-019ff99a-b03a-403f-8737-8a04d66361cb ] Request (QuotaClassesAdminTestJSON:tearDownClass): 204 DELETE http://10.180.1.21:9696/networking/v2.0/security-groups/aa697ea5-9755-4671-b997-e9ac6ac73e9c 0.162s
2024-09-09 15:39:50.687 62750 INFO tempest.lib.common.rest_client [req-befac0df-1b52-4c85-9bef-cbe2ffaf482c req-befac0df-1b52-4c85-9bef-cbe2ffaf482c ] Request (ServersV294TestFqdnHostnames:setUpClass): 200 GET http://10.180.1.21/compute/v2.1/servers/15752b44-2f93-4458-89e9-b2e6f7587319 0.373s
2024-09-09 15:39:50.717 62770 INFO tempest.lib.common.rest_client [req-a0088677-fb47-44f9-afae-902ea9b86045 req-a0088677-fb47-44f9-afae-902ea9b86045 ] Request (QuotaClassesAdminTestJSON:tearDownClass): 204 DELETE http://10.180.1.21/identity/v3/projects/24191ef69f4848d98bbc8edde554f1ee 0.069s
2024-09-09 15:39:50.717 62770 INFO tempest.lib.common.dynamic_creds [-] Deleting project and security group for project: 555ecad0547a4bb690ea35935d4ba3cc
2024-09-09 15:39:50.724 62796 INFO tempest.lib.common.rest_client [req-10137c70-392f-47d4-90bb-22f6e2d7d6d1 req-10137c70-392f-47d4-90bb-22f6e2d7d6d1 ] Request (ServersTestMultiNic:test_verify_multiple_nics_order): 200 GET http://10.180.1.21/compute/v2.1/servers/e28d6414-9c12-4c6b-a2a0-e48299c3d6c4 0.454s
2024-09-09 15:39:50.770 62780 INFO tempest.lib.common.rest_client [req-a2d1a4e7-08d3-4b94-b925-d21dcb205021 req-a2d1a4e7-08d3-4b94-b925-d21dcb205021 ] Request (ServerActionsTestOtherA:setUpClass): 200 GET http://10.180.1.21/compute/v2.1/servers/70b14ffe-104d-4367-b4ac-98443e681d62 0.446s
2024-09-09 15:39:50.830 62792 INFO tempest.lib.common.rest_client [req-2500cb3f-6dab-4bbf-baa8-e2f1419da528 req-2500cb3f-6dab-4bbf-baa8-e2f1419da528 ] Request (ServerActionsTestJSON:setUpClass): 200 GET http://10.180.1.21/compute/v2.1/servers/e4056e4e-288b-4509-90ed-ca0aae46eeec 0.465s
2024-09-09 15:39:50.853 62770 INFO tempest.lib.common.rest_client [req-e66746c1-4862-44a2-8529-2cb2d6f55125 req-e66746c1-4862-44a2-8529-2cb2d6f55125 ] Request (QuotaClassesAdminTestJSON:tearDownClass): 200 GET http://10.180.1.21:9696/networking/v2.0/security-groups?tenant_id=555ecad0547a4bb690ea35935d4ba3cc&name=default 0.135s
2024-09-09 15:39:50.881 62804 INFO tempest.lib.common.rest_client [req-87d4f0fe-6a61-470d-86e5-d6b1d148fcb6 req-87d4f0fe-6a61-470d-86e5-d6b1d148fcb6 ] Request (AttachVolumeTestJSON:test_list_get_volume_attachments): 200 GET http://10.180.1.21/compute/v2.1/servers/476acb60-28c9-41ba-98da-26fe8e82f0ee 0.508s
2024-09-09 15:39:50.933 62754 INFO tempest.lib.common.rest_client [req-955c7526-69b6-4799-b08b-8909929b9944 req-955c7526-69b6-4799-b08b-8909929b9944 ] Request (ServersAaction247Test:test_create_backup): 200 GET http://10.180.1.21/compute/v2.1/servers/68ac66c8-48f9-4d33-8a5f-39c44577eada 0.505s
2024-09-09 15:39:50.982 62798 INFO tempest.lib.common.rest_client [req-f19af34b-0cd9-4df3-8977-a486cffc54fd req-f19af34b-0cd9-4df3-8977-a486cffc54fd ] Request (ServersTestJSON:setUpClass): 200 GET http://10.180.1.21/compute/v2.1/servers/70e2cf14-b7fb-40f4-8cda-6210353deac0 0.508s
2024-09-09 15:39:50.995 62770 INFO tempest.lib.common.rest_client [req-21c3e95a-dec2-4ab9-94b0-0954899f6f42 req-21c3e95a-dec2-4ab9-94b0-0954899f6f42 ] Request (QuotaClassesAdminTestJSON:tearDownClass): 204 DELETE http://10.180.1.21:9696/networking/v2.0/security-groups/5e493633-515a-417f-b67e-46aae54c433c 0.142s
2024-09-09 15:39:51.035 62774 INFO tempest.lib.common.rest_client [req-528f9128-5328-4857-beaa-2005ac58fb0a req-528f9128-5328-4857-beaa-2005ac58fb0a ] Request (InstanceActionsV221TestJSON:test_get_list_deleted_instance_actions): 200 GET http://10.180.1.21/compute/v2.1/servers/34f53bc2-247b-4c67-a34a-cc41f77968ee 0.495s
2024-09-09 15:39:51.094 62770 INFO tempest.lib.common.rest_client [req-449d5c87-1e06-4bec-99d0-54e2b4b2e8ea req-449d5c87-1e06-4bec-99d0-54e2b4b2e8ea ] Request (QuotaClassesAdminTestJSON:tearDownClass): 204 DELETE http://10.180.1.21/identity/v3/projects/555ecad0547a4bb690ea35935d4ba3cc 0.098s
2024-09-09 15:39:51.114 62762 INFO tempest.lib.common.rest_client [req-72a33a13-ae66-4d01-a287-330dbda39837 req-72a33a13-ae66-4d01-a287-330dbda39837 ] Request (VolumesAdminNegativeTest:test_update_attached_volume_with_nonexistent_volume_in_body): 202 POST http://10.180.1.21/compute/v2.1/servers 0.797s
2024-09-09 15:39:51.162 62770 INFO tempest.lib.common.rest_client [req-af83cdd8-014b-47c7-b9b5-4932ec189a31 req-af83cdd8-014b-47c7-b9b5-4932ec189a31 ] Request (ServerDiagnosticsNegativeTest:setUpClass): 201 POST http://10.180.1.21/identity/v3/auth/tokens 0.067s
2024-09-09 15:39:51.172 62812 INFO tempest.lib.common.rest_client [req-540d6890-7ebc-442d-905c-2d54e78f17e0 req-540d6890-7ebc-442d-905c-2d54e78f17e0 ] Request (ServerShowV257Test:test_rebuild_server): 200 GET http://10.180.1.21/compute/v2.1/servers/f5758341-e3f9-4900-a4c7-03843f22e808 0.439s
2024-09-09 15:39:51.174 62784 INFO tempest.lib.common.rest_client [req-3810c182-3da2-438c-ac49-dabd318b0238 req-3810c182-3da2-438c-ac49-dabd318b0238 ] Request (AttachInterfacesUnderV243Test:test_add_remove_fixed_ip): 200 GET http://10.180.1.21/compute/v2.1/servers/5e976393-27c3-4896-8e40-26b3a7750acc 0.494s
2024-09-09 15:39:51.195 62770 INFO tempest.lib.common.rest_client [req-dde17647-0722-4ed5-8351-8dad50b99521 req-dde17647-0722-4ed5-8351-8dad50b99521 ] Request (ServerDiagnosticsNegativeTest:setUpClass): 201 POST http://10.180.1.21/identity/v3/auth/tokens 0.029s
2024-09-09 15:39:51.217 62770 INFO tempest.lib.common.rest_client [req-207afb9d-8233-4940-8fdf-6e78305e205c req-207afb9d-8233-4940-8fdf-6e78305e205c ] Request (ServerDiagnosticsNegativeTest:setUpClass): 200 GET http://10.180.1.21/identity/v3/domains?name=Default 0.021s
2024-09-09 15:39:51.225 62800 INFO tempest.lib.common.rest_client [req-aaf6d772-f979-424b-a8d8-c0ccaf4ffa31 req-aaf6d772-f979-424b-a8d8-c0ccaf4ffa31 ] Request (ServerRescueNegativeTestJSON:setUpClass): 200 GET http://10.180.1.21/compute/v2.1/servers/d1163ad2-40a0-4b96-8c5e-2c1c17be0de6 0.447s
2024-09-09 15:39:51.247 62770 INFO tempest.lib.common.rest_client [req-0250694a-716f-4cfe-9c0e-c605c67c5f62 req-0250694a-716f-4cfe-9c0e-c605c67c5f62 ] Request (ServerDiagnosticsNegativeTest:setUpClass): 201 POST http://10.180.1.21/identity/v3/projects 0.029s
2024-09-09 15:39:51.275 62806 INFO tempest.lib.common.rest_client [req-d27048a2-e45e-487e-81f4-4689074e31b5 req-d27048a2-e45e-487e-81f4-4689074e31b5 ] Request (ServerActionsTestOtherB:setUpClass): 200 GET http://10.180.1.21/compute/v2.1/servers/b907b656-3290-4077-8390-54a085c1a8a8 0.482s
2024-09-09 15:39:51.288 62779 INFO tempest.lib.common.rest_client [req-eb312145-c176-452d-8e8d-3e1865f95fe6 req-eb312145-c176-452d-8e8d-3e1865f95fe6 ] Request (TenantUsagesTestJSON:setUpClass): 200 GET http://10.180.1.21/compute/v2.1/servers/a307cea0-932d-4b5c-b7f3-6d58097e4960 0.549s
2024-09-09 15:39:51.307 62770 INFO tempest.lib.common.rest_client [req-68365911-116f-4602-af72-754226e76d45 req-68365911-116f-4602-af72-754226e76d45 ] Request (ServerDiagnosticsNegativeTest:setUpClass): 201 POST http://10.180.1.21/identity/v3/users 0.060s
2024-09-09 15:39:51.328 62770 INFO tempest.lib.common.rest_client [req-d29620cc-6e5b-4985-8ec9-14a08acdaf57 req-d29620cc-6e5b-4985-8ec9-14a08acdaf57 ] Request (ServerDiagnosticsNegativeTest:setUpClass): 200 GET http://10.180.1.21/identity/v3/roles 0.020s
2024-09-09 15:39:51.334 62760 INFO tempest.lib.common.rest_client [req-918a2ffc-7b63-4670-81f7-d45d6c77f217 req-918a2ffc-7b63-4670-81f7-d45d6c77f217 ] Request (ServerActionsV293TestJSON:setUpClass): 200 GET http://10.180.1.21/compute/v2.1/servers/c6a702ec-5d23-4260-909e-5351b4b82139 0.477s
2024-09-09 15:39:51.356 62770 INFO tempest.lib.common.rest_client [req-b25cbc41-17ac-4f78-b27b-131ff00cbf0e req-b25cbc41-17ac-4f78-b27b-131ff00cbf0e ] Request (ServerDiagnosticsNegativeTest:setUpClass): 204 PUT http://10.180.1.21/identity/v3/projects/7fb16b0e3a3c43acaac5cb5052e945c0/users/c7896b75e6544975b4b5e1a6f8d38769/roles/249ba3c167b142e69924b880679e7c7b 0.027s
2024-09-09 15:39:51.356 62770 INFO tempest.lib.common.dynamic_creds [-] Dynamic test user c7896b75e6544975b4b5e1a6f8d38769 is created with scope project and roles: ['member']
2024-09-09 15:39:51.356 62770 INFO tempest.lib.common.dynamic_creds [-] Acquired dynamic creds: credentials: Credentials: {'domain_id': 'default', 'domain_name': 'Default', 'username': 'tempest-ServerDiagnosticsNegativeTest-1417396101-project-member', 'project_domain_id': 'default', 'project_domain_name': 'Default', 'project_id': '7fb16b0e3a3c43acaac5cb5052e945c0', 'project_name': 'tempest-ServerDiagnosticsNegativeTest-1417396101', 'tenant_id': '7fb16b0e3a3c43acaac5cb5052e945c0', 'tenant_name': 'tempest-ServerDiagnosticsNegativeTest-1417396101', 'user_domain_id': 'default', 'user_domain_name': 'Default', 'user_id': 'c7896b75e6544975b4b5e1a6f8d38769', 'system': None}, Network: None, Subnet: None, Router: None
2024-09-09 15:39:51.356 62770 INFO tempest.lib.common.dynamic_creds [-] Created isolated network resources for: credentials: Credentials: {'domain_id': 'default', 'domain_name': 'Default', 'username': 'tempest-ServerDiagnosticsNegativeTest-1417396101-project-member', 'project_domain_id': 'default', 'project_domain_name': 'Default', 'project_id': '7fb16b0e3a3c43acaac5cb5052e945c0', 'project_name': 'tempest-ServerDiagnosticsNegativeTest-1417396101', 'tenant_id': '7fb16b0e3a3c43acaac5cb5052e945c0', 'tenant_name': 'tempest-ServerDiagnosticsNegativeTest-1417396101', 'user_domain_id': 'default', 'user_domain_name': 'Default', 'user_id': 'c7896b75e6544975b4b5e1a6f8d38769', 'system': None}, Network: None, Subnet: None, Router: None
2024-09-09 15:39:51.388 62766 INFO tempest.lib.common.rest_client [req-14260835-4b81-47a1-9758-4226c6204575 req-14260835-4b81-47a1-9758-4226c6204575 ] Request (ServerMetadataNegativeTestJSON:setUpClass): 200 GET http://10.180.1.21/compute/v2.1/servers/46b9a8b2-e41a-4a17-9b0d-54814438cea9 0.385s
2024-09-09 15:39:51.400 62764 INFO tempest.lib.common.rest_client [req-1da0d988-7b83-418b-820c-85e865c722fe req-1da0d988-7b83-418b-820c-85e865c722fe ] Request (ImagesTestJSON:test_create_server_from_snapshot): 200 GET http://10.180.1.21/compute/v2.1/servers/2d1f8d98-524c-41a2-9aaa-495c8d101a60 0.455s
2024-09-09 15:39:51.427 62770 INFO tempest.lib.common.rest_client [req-4cdee32f-6011-4b0c-a4b7-f7596663c2fd req-4cdee32f-6011-4b0c-a4b7-f7596663c2fd ] Request (ServerDiagnosticsNegativeTest:setUpClass): 201 POST http://10.180.1.21/identity/v3/auth/tokens 0.067s
2024-09-09 15:39:51.438 62810 INFO tempest.lib.common.rest_client [req-daf0cb6f-5fb8-4153-afde-f7295aba511e req-daf0cb6f-5fb8-4153-afde-f7295aba511e ] Request (AttachVolumeShelveTestJSON:test_attach_volume_shelved_or_offload_server): 200 GET http://10.180.1.21/compute/v2.1/servers/acb28053-f7c0-428a-9f8c-a49f0addc471 0.374s
2024-09-09 15:39:51.448 62762 INFO tempest.lib.common.rest_client [req-95c22a05-d870-4ffd-835c-bf5dc57d3da1 req-95c22a05-d870-4ffd-835c-bf5dc57d3da1 ] Request (VolumesAdminNegativeTest:test_update_attached_volume_with_nonexistent_volume_in_body): 200 GET http://10.180.1.21/compute/v2.1/servers/74a74268-d8a5-48a2-b004-828321a428e9 0.332s
2024-09-09 15:39:51.483 62770 INFO tempest.lib.common.rest_client [req-dba10027-5518-4435-b0b8-d1010e297e10 req-dba10027-5518-4435-b0b8-d1010e297e10 ] Request (ServerDiagnosticsNegativeTest:setUpClass): 201 POST http://10.180.1.21/identity/v3/projects 0.055s
2024-09-09 15:39:51.485 62786 INFO tempest.lib.common.rest_client [req-0e148161-c9a0-4462-a56f-6746c0af7b3a req-0e148161-c9a0-4462-a56f-6746c0af7b3a ] Request (ServersTestFqdnHostnames:test_create_server_with_fqdn_name): 200 GET http://10.180.1.21/compute/v2.1/servers/f529a423-dbfb-4f4d-bcd6-bac00762eb6c 0.360s
2024-09-09 15:39:51.531 62808 INFO tempest.lib.common.rest_client [req-8f0f6eb9-ffd3-467f-8c0f-410f0fd797a8 req-8f0f6eb9-ffd3-467f-8c0f-410f0fd797a8 ] Request (MultipleCreateTestJSON:test_multiple_create): 200 GET http://10.180.1.21/compute/v2.1/servers/2acd5b82-342b-4588-86e6-90ac9da29fd9 0.353s
2024-09-09 15:39:51.535 62770 INFO tempest.lib.common.rest_client [req-10e7cc6f-f621-4da4-9a0e-5a7be7d7f025 req-10e7cc6f-f621-4da4-9a0e-5a7be7d7f025 ] Request (ServerDiagnosticsNegativeTest:setUpClass): 201 POST http://10.180.1.21/identity/v3/users 0.052s
2024-09-09 15:39:51.550 62770 INFO tempest.lib.common.rest_client [req-61c80b9c-d68a-45a9-a7fa-fc73d50d4947 req-61c80b9c-d68a-45a9-a7fa-fc73d50d4947 ] Request (ServerDiagnosticsNegativeTest:setUpClass): 200 GET http://10.180.1.21/identity/v3/roles 0.014s
2024-09-09 15:39:51.554 62752 INFO tempest.lib.common.rest_client [req-008dd7d7-f242-4413-939f-342bbfa48889 req-008dd7d7-f242-4413-939f-342bbfa48889 ] Request (SecurityGroupsTestJSON:test_list_security_groups_by_server): 200 GET http://10.180.1.21/compute/v2.1/servers/f3c0d093-e3f8-4a94-a952-4331bc971173 0.388s
2024-09-09 15:39:51.577 62770 INFO tempest.lib.common.rest_client [req-30e1aca9-71ff-4be0-92a5-703b7e6b4980 req-30e1aca9-71ff-4be0-92a5-703b7e6b4980 ] Request (ServerDiagnosticsNegativeTest:setUpClass): 204 PUT http://10.180.1.21/identity/v3/projects/9bfd6756101040419fd9fafea228c25a/users/9440b46d9fc64c419e1382a14f36e210/roles/632d2aac574f411d85a1546fa38a93ac 0.026s
2024-09-09 15:39:51.580 62794 INFO tempest.lib.common.rest_client [req-3c6fcd80-25aa-4fc0-8c50-7ce678a4da62 req-3c6fcd80-25aa-4fc0-8c50-7ce678a4da62 ] Request (AttachInterfacesV270Test:test_create_get_list_interfaces): 200 GET http://10.180.1.21/compute/v2.1/servers/d512c6e8-b5c4-44f9-8bda-f5e2ddbe80f6 0.341s
2024-09-09 15:39:51.604 62756 INFO tempest.lib.common.rest_client [req-8a42a11e-ad76-42ec-83f2-11806c15d956 req-8a42a11e-ad76-42ec-83f2-11806c15d956 ] Request (ServerDiskConfigTestJSON:test_rebuild_server_with_auto_disk_config): 200 GET http://10.180.1.21/compute/v2.1/servers/ccb806bc-77af-4b73-9a60-206b036d25b5 0.322s
2024-09-09 15:39:51.619 62770 INFO tempest.lib.common.rest_client [req-c08fb398-a57d-4dfd-94e3-085dbc786656 req-c08fb398-a57d-4dfd-94e3-085dbc786656 ] Request (ServerDiagnosticsNegativeTest:setUpClass): 200 GET http://10.180.1.21/identity/v3/roles 0.041s
2024-09-09 15:39:51.637 62770 INFO tempest.lib.common.rest_client [req-8590d164-8020-42ce-9f37-c8a554aa4dff req-8590d164-8020-42ce-9f37-c8a554aa4dff ] Request (ServerDiagnosticsNegativeTest:setUpClass): 204 PUT http://10.180.1.21/identity/v3/projects/9bfd6756101040419fd9fafea228c25a/users/9440b46d9fc64c419e1382a14f36e210/roles/632d2aac574f411d85a1546fa38a93ac 0.018s
2024-09-09 15:39:51.638 62770 INFO tempest.lib.common.dynamic_creds [-] Dynamic test user 9440b46d9fc64c419e1382a14f36e210 is created with scope project and roles: ['admin']
2024-09-09 15:39:51.638 62770 INFO tempest.lib.common.dynamic_creds [-] Acquired dynamic creds: credentials: Credentials: {'domain_id': 'default', 'domain_name': 'Default', 'username': 'tempest-ServerDiagnosticsNegativeTest-1338243613-project-admin', 'project_domain_id': 'default', 'project_domain_name': 'Default', 'project_id': '9bfd6756101040419fd9fafea228c25a', 'project_name': 'tempest-ServerDiagnosticsNegativeTest-1338243613', 'tenant_id': '9bfd6756101040419fd9fafea228c25a', 'tenant_name': 'tempest-ServerDiagnosticsNegativeTest-1338243613', 'user_domain_id': 'default', 'user_domain_name': 'Default', 'user_id': '9440b46d9fc64c419e1382a14f36e210', 'system': None}, Network: None, Subnet: None, Router: None
2024-09-09 15:39:51.638 62770 INFO tempest.lib.common.dynamic_creds [-] Created isolated network resources for: credentials: Credentials: {'domain_id': 'default', 'domain_name': 'Default', 'username': 'tempest-ServerDiagnosticsNegativeTest-1338243613-project-admin', 'project_domain_id': 'default', 'project_domain_name': 'Default', 'project_id': '9bfd6756101040419fd9fafea228c25a', 'project_name': 'tempest-ServerDiagnosticsNegativeTest-1338243613', 'tenant_id': '9bfd6756101040419fd9fafea228c25a', 'tenant_name': 'tempest-ServerDiagnosticsNegativeTest-1338243613', 'user_domain_id': 'default', 'user_domain_name': 'Default', 'user_id': '9440b46d9fc64c419e1382a14f36e210', 'system': None}, Network: None, Subnet: None, Router: None
2024-09-09 15:39:51.690 62802 INFO tempest.lib.common.rest_client [req-bee04eef-e642-4906-b7e4-898a0340e957 req-bee04eef-e642-4906-b7e4-898a0340e957 ] Request (ServersWithSpecificFlavorTestJSON:test_verify_created_server_ephemeral_disk): 200 GET http://10.180.1.21/compute/v2.1/servers/7486baa6-20db-447e-83fc-4e66cc2627b9 0.342s
2024-09-09 15:39:51.703 62770 INFO tempest.lib.common.rest_client [req-ac9ea9de-4184-4fcc-9b2a-4c3bd8a4e909 req-ac9ea9de-4184-4fcc-9b2a-4c3bd8a4e909 ] Request (ServerDiagnosticsNegativeTest:setUpClass): 201 POST http://10.180.1.21/identity/v3/auth/tokens 0.062s
2024-09-09 15:39:51.705 62782 INFO tempest.lib.common.rest_client [req-23b1d885-81b2-4b0d-a251-bc302be4e9b8 req-23b1d885-81b2-4b0d-a251-bc302be4e9b8 ] Request (ImagesOneServerTestJSON:setUpClass): 200 GET http://10.180.1.21/compute/v2.1/servers/99b634da-52a2-48f6-8fae-b77e6b0f6b36 0.213s
2024-09-09 15:39:51.747 62772 INFO tempest.lib.common.rest_client [req-d9882581-fe42-40d2-97f7-bd2d9532183a req-d9882581-fe42-40d2-97f7-bd2d9532183a ] Request (ListServerFiltersTestJSON:setUpClass): 200 GET http://10.180.1.21/compute/v2.1/servers/3eb341b6-0d96-4996-876e-dd8935b83900 0.179s
2024-09-09 15:39:51.756 62770 INFO tempest.lib.common.rest_client [req-491c5931-be9c-426c-962c-eb9cf370871f req-491c5931-be9c-426c-962c-eb9cf370871f ] Request (ServerDiagnosticsNegativeTest:test_get_server_diagnostics_by_non_admin): 201 POST http://10.180.1.21/identity/v3/auth/tokens 0.050s
2024-09-09 15:39:51.757 62770 INFO tempest.lib.common.fixed_network [-] (ServerDiagnosticsNegativeTest:test_get_server_diagnostics_by_non_admin) Found network None available for tenant
2024-09-09 15:39:51.786 62790 INFO tempest.lib.common.rest_client [req-6ab3851c-37a3-4072-8c08-11a9bc81f319 req-6ab3851c-37a3-4072-8c08-11a9bc81f319 ] Request (ServersTestManualDisk:setUpClass): 200 GET http://10.180.1.21/compute/v2.1/servers/8b7d9321-71b7-4eff-a0be-3923730e1658 0.264s
2024-09-09 15:39:51.790 62776 INFO tempest.lib.common.rest_client [req-d9768b18-2a5e-4f19-960e-d0d925f36d0a req-d9768b18-2a5e-4f19-960e-d0d925f36d0a ] Request (InstanceActionsNegativeTestJSON:setUpClass): 200 GET http://10.180.1.21/compute/v2.1/servers/42c28258-226c-4c8b-8a06-f0b5f45db9fa 0.171s
2024-09-09 15:39:51.840 62750 INFO tempest.lib.common.rest_client [req-fd75446e-d0b0-416b-ab28-21ccef23a8ed req-fd75446e-d0b0-416b-ab28-21ccef23a8ed ] Request (ServersV294TestFqdnHostnames:setUpClass): 200 GET http://10.180.1.21/compute/v2.1/servers/15752b44-2f93-4458-89e9-b2e6f7587319 0.140s
2024-09-09 15:39:51.939 62768 INFO tempest.lib.common.rest_client [req-9e5466a8-3fa1-496f-ad01-e199ff0aa87c req-9e5466a8-3fa1-496f-ad01-e199ff0aa87c ] Request (MigrationsAdminTest:test_resize_server_revert_deleted_flavor): 200 GET http://10.180.1.21/compute/v2.1/servers/c537a88e-d49b-4a6b-aa8c-350481ae18e5 0.297s
2024-09-09 15:39:52.021 62796 INFO tempest.lib.common.rest_client [req-90ea6f29-9b88-4484-848e-6be154f73e53 req-90ea6f29-9b88-4484-848e-6be154f73e53 ] Request (ServersTestMultiNic:test_verify_multiple_nics_order): 200 GET http://10.180.1.21/compute/v2.1/servers/e28d6414-9c12-4c6b-a2a0-e48299c3d6c4 0.290s
2024-09-09 15:39:52.077 62780 INFO tempest.lib.common.rest_client [req-ad575b8b-16e0-4f3f-91ed-696282e7c388 req-ad575b8b-16e0-4f3f-91ed-696282e7c388 ] Request (ServerActionsTestOtherA:setUpClass): 200 GET http://10.180.1.21/compute/v2.1/servers/70b14ffe-104d-4367-b4ac-98443e681d62 0.297s
2024-09-09 15:39:52.118 62792 INFO tempest.lib.common.rest_client [req-e7f59fb1-8ed0-4076-9ed0-36a1f4894d72 req-e7f59fb1-8ed0-4076-9ed0-36a1f4894d72 ] Request (ServerActionsTestJSON:setUpClass): 200 GET http://10.180.1.21/compute/v2.1/servers/e4056e4e-288b-4509-90ed-ca0aae46eeec 0.278s
2024-09-09 15:39:52.162 62804 INFO tempest.lib.common.rest_client [req-557ba578-e06f-4fce-b0b9-1ccae5e7bf1d req-557ba578-e06f-4fce-b0b9-1ccae5e7bf1d ] Request (AttachVolumeTestJSON:test_list_get_volume_attachments): 200 GET http://10.180.1.21/compute/v2.1/servers/476acb60-28c9-41ba-98da-26fe8e82f0ee 0.273s
2024-09-09 15:39:52.194 62770 INFO tempest.lib.common.rest_client [req-094191da-5a6e-45a9-a509-40403788844e req-094191da-5a6e-45a9-a509-40403788844e ] Request (ServerDiagnosticsNegativeTest:test_get_server_diagnostics_by_non_admin): 202 POST http://10.180.1.21/compute/v2.1/servers 0.437s
2024-09-09 15:39:52.210 62754 INFO tempest.lib.common.rest_client [req-cd2c3c7a-c3c7-4a75-88e7-71d41c155aa0 req-cd2c3c7a-c3c7-4a75-88e7-71d41c155aa0 ] Request (ServersAaction247Test:test_create_backup): 200 GET http://10.180.1.21/compute/v2.1/servers/68ac66c8-48f9-4d33-8a5f-39c44577eada 0.269s
2024-09-09 15:39:52.243 62798 INFO tempest.lib.common.rest_client [req-689bd610-8332-40ba-85a3-3f5dbfb03966 req-689bd610-8332-40ba-85a3-3f5dbfb03966 ] Request (ServersTestJSON:setUpClass): 200 GET http://10.180.1.21/compute/v2.1/servers/70e2cf14-b7fb-40f4-8cda-6210353deac0 0.252s
2024-09-09 15:39:52.258 62774 INFO tempest.lib.common.rest_client [req-8258c4fd-6fbf-446b-ae24-4a9caedbafca req-8258c4fd-6fbf-446b-ae24-4a9caedbafca ] Request (InstanceActionsV221TestJSON:test_get_list_deleted_instance_actions): 200 GET http://10.180.1.21/compute/v2.1/servers/34f53bc2-247b-4c67-a34a-cc41f77968ee 0.215s
2024-09-09 15:39:52.308 62812 INFO tempest.lib.common.rest_client [req-3e41430f-43f0-45c4-b043-a873bfa085c6 req-3e41430f-43f0-45c4-b043-a873bfa085c6 ] Request (ServerShowV257Test:test_rebuild_server): 200 GET http://10.180.1.21/compute/v2.1/servers/f5758341-e3f9-4900-a4c7-03843f22e808 0.126s
2024-09-09 15:39:52.346 62770 INFO tempest.lib.common.rest_client [req-c8dd0942-793d-4891-9750-d6712a89e6aa req-c8dd0942-793d-4891-9750-d6712a89e6aa ] Request (ServerDiagnosticsNegativeTest:test_get_server_diagnostics_by_non_admin): 200 GET http://10.180.1.21/compute/v2.1/servers/99f2f6e9-bb2c-4723-8116-6ac885fb4d57 0.150s
2024-09-09 15:39:52.368 62784 INFO tempest.lib.common.rest_client [req-07e2cfb2-d900-4ea1-b1c0-7dc870f07f79 req-07e2cfb2-d900-4ea1-b1c0-7dc870f07f79 ] Request (AttachInterfacesUnderV243Test:test_add_remove_fixed_ip): 200 GET http://10.180.1.21/compute/v2.1/servers/5e976393-27c3-4896-8e40-26b3a7750acc 0.186s
2024-09-09 15:39:52.391 62800 INFO tempest.lib.common.rest_client [req-93ca97ab-86bf-479d-a6a7-66fad62883d4 req-93ca97ab-86bf-479d-a6a7-66fad62883d4 ] Request (ServerRescueNegativeTestJSON:setUpClass): 200 GET http://10.180.1.21/compute/v2.1/servers/d1163ad2-40a0-4b96-8c5e-2c1c17be0de6 0.158s
2024-09-09 15:39:52.417 62806 INFO tempest.lib.common.rest_client [req-11c17ea2-3273-436a-8676-155bc71e672d req-11c17ea2-3273-436a-8676-155bc71e672d ] Request (ServerActionsTestOtherB:setUpClass): 200 GET http://10.180.1.21/compute/v2.1/servers/b907b656-3290-4077-8390-54a085c1a8a8 0.135s
2024-09-09 15:39:52.468 62760 INFO tempest.lib.common.rest_client [req-3eabef21-9257-4861-9ede-25f61c6c6d3d req-3eabef21-9257-4861-9ede-25f61c6c6d3d ] Request (ServerActionsV293TestJSON:setUpClass): 200 GET http://10.180.1.21/compute/v2.1/servers/c6a702ec-5d23-4260-909e-5351b4b82139 0.125s
2024-09-09 15:39:52.498 62779 INFO tempest.lib.common.rest_client [req-50e2e83c-c9f8-470a-aa8f-99d6c91c662e req-50e2e83c-c9f8-470a-aa8f-99d6c91c662e ] Request (TenantUsagesTestJSON:setUpClass): 200 GET http://10.180.1.21/compute/v2.1/servers/a307cea0-932d-4b5c-b7f3-6d58097e4960 0.203s
2024-09-09 15:39:52.514 62766 INFO tempest.lib.common.rest_client [req-0abf3ca6-4bb7-4ae1-b52c-e630f907acbe req-0abf3ca6-4bb7-4ae1-b52c-e630f907acbe ] Request (ServerMetadataNegativeTestJSON:setUpClass): 200 GET http://10.180.1.21/compute/v2.1/servers/46b9a8b2-e41a-4a17-9b0d-54814438cea9 0.118s
2024-09-09 15:39:52.589 62810 INFO tempest.lib.common.rest_client [req-7522ed76-206a-46cf-ac39-c6c8b34b8e60 req-7522ed76-206a-46cf-ac39-c6c8b34b8e60 ] Request (AttachVolumeShelveTestJSON:test_attach_volume_shelved_or_offload_server): 200 GET http://10.180.1.21/compute/v2.1/servers/acb28053-f7c0-428a-9f8c-a49f0addc471 0.142s
2024-09-09 15:39:52.610 62764 INFO tempest.lib.common.rest_client [req-2adc6bf3-f1e3-4d3e-8fa4-addf0081b037 req-2adc6bf3-f1e3-4d3e-8fa4-addf0081b037 ] Request (ImagesTestJSON:test_create_server_from_snapshot): 200 GET http://10.180.1.21/compute/v2.1/servers/2d1f8d98-524c-41a2-9aaa-495c8d101a60 0.202s
2024-09-09 15:39:52.636 62762 INFO tempest.lib.common.rest_client [req-69196c0f-7c0f-4f3f-95a5-bce224a4ee15 req-69196c0f-7c0f-4f3f-95a5-bce224a4ee15 ] Request (VolumesAdminNegativeTest:test_update_attached_volume_with_nonexistent_volume_in_body): 200 GET http://10.180.1.21/compute/v2.1/servers/74a74268-d8a5-48a2-b004-828321a428e9 0.179s
2024-09-09 15:39:52.652 62786 INFO tempest.lib.common.rest_client [req-a98c4440-0cb5-4cbc-ae52-b2396096383c req-a98c4440-0cb5-4cbc-ae52-b2396096383c ] Request (ServersTestFqdnHostnames:test_create_server_with_fqdn_name): 200 GET http://10.180.1.21/compute/v2.1/servers/f529a423-dbfb-4f4d-bcd6-bac00762eb6c 0.160s
2024-09-09 15:39:52.678 62808 INFO tempest.lib.common.rest_client [req-3b4ce059-b117-4dfd-945d-291bc000082a req-3b4ce059-b117-4dfd-945d-291bc000082a ] Request (MultipleCreateTestJSON:test_multiple_create): 200 GET http://10.180.1.21/compute/v2.1/servers/2acd5b82-342b-4588-86e6-90ac9da29fd9 0.139s
2024-09-09 15:39:52.722 62794 INFO tempest.lib.common.rest_client [req-b899a86d-7ffb-4d2e-a7f2-dd30772c0db3 req-b899a86d-7ffb-4d2e-a7f2-dd30772c0db3 ] Request (AttachInterfacesV270Test:test_create_get_list_interfaces): 200 GET http://10.180.1.21/compute/v2.1/servers/d512c6e8-b5c4-44f9-8bda-f5e2ddbe80f6 0.131s
2024-09-09 15:39:52.749 62752 INFO tempest.lib.common.rest_client [req-d1e74553-3535-4bf2-8a2a-493e55b1846f req-d1e74553-3535-4bf2-8a2a-493e55b1846f ] Request (SecurityGroupsTestJSON:test_list_security_groups_by_server): 200 GET http://10.180.1.21/compute/v2.1/servers/f3c0d093-e3f8-4a94-a952-4331bc971173 0.187s
2024-09-09 15:39:52.763 62756 INFO tempest.lib.common.rest_client [req-1a01bfb9-ea73-4e8a-8b38-8451f1116e50 req-1a01bfb9-ea73-4e8a-8b38-8451f1116e50 ] Request (ServerDiskConfigTestJSON:test_rebuild_server_with_auto_disk_config): 200 GET http://10.180.1.21/compute/v2.1/servers/ccb806bc-77af-4b73-9a60-206b036d25b5 0.152s
2024-09-09 15:39:52.846 62802 INFO tempest.lib.common.rest_client [req-a26aa628-fea8-43c7-ab96-21f29e89abba req-a26aa628-fea8-43c7-ab96-21f29e89abba ] Request (ServersWithSpecificFlavorTestJSON:test_verify_created_server_ephemeral_disk): 200 GET http://10.180.1.21/compute/v2.1/servers/7486baa6-20db-447e-83fc-4e66cc2627b9 0.148s
2024-09-09 15:39:52.888 62772 INFO tempest.lib.common.rest_client [req-975066df-acd0-470b-9c48-d15082a35ab3 req-975066df-acd0-470b-9c48-d15082a35ab3 ] Request (ListServerFiltersTestJSON:setUpClass): 200 GET http://10.180.1.21/compute/v2.1/servers/3eb341b6-0d96-4996-876e-dd8935b83900 0.134s
2024-09-09 15:39:52.901 62782 INFO tempest.lib.common.rest_client [req-691c89ee-fad7-4cae-a8f0-92d8a0e7086b req-691c89ee-fad7-4cae-a8f0-92d8a0e7086b ] Request (ImagesOneServerTestJSON:setUpClass): 200 GET http://10.180.1.21/compute/v2.1/servers/99b634da-52a2-48f6-8fae-b77e6b0f6b36 0.189s
2024-09-09 15:39:52.942 62776 INFO tempest.lib.common.rest_client [req-d3b3f3fe-2c4f-4625-acb0-8c11da179523 req-d3b3f3fe-2c4f-4625-acb0-8c11da179523 ] Request (InstanceActionsNegativeTestJSON:setUpClass): 200 GET http://10.180.1.21/compute/v2.1/servers/42c28258-226c-4c8b-8a06-f0b5f45db9fa 0.144s
2024-09-09 15:39:52.980 62790 INFO tempest.lib.common.rest_client [req-b5019fa7-b4c6-43e2-9508-70db81074a53 req-b5019fa7-b4c6-43e2-9508-70db81074a53 ] Request (ServersTestManualDisk:setUpClass): 200 GET http://10.180.1.21/compute/v2.1/servers/8b7d9321-71b7-4eff-a0be-3923730e1658 0.187s
2024-09-09 15:39:52.988 62750 INFO tempest.lib.common.rest_client [req-d131112c-ea6b-4b9d-8fc6-dcd7d0381eaf req-d131112c-ea6b-4b9d-8fc6-dcd7d0381eaf ] Request (ServersV294TestFqdnHostnames:setUpClass): 200 GET http://10.180.1.21/compute/v2.1/servers/15752b44-2f93-4458-89e9-b2e6f7587319 0.138s
2024-09-09 15:39:53.085 62768 INFO tempest.lib.common.rest_client [req-9b6029b3-232c-4d5e-a197-91a4a06d250d req-9b6029b3-232c-4d5e-a197-91a4a06d250d ] Request (MigrationsAdminTest:test_resize_server_revert_deleted_flavor): 200 GET http://10.180.1.21/compute/v2.1/servers/c537a88e-d49b-4a6b-aa8c-350481ae18e5 0.139s
2024-09-09 15:39:53.128 62780 INFO tempest.lib.common.rest_client [req-542b6860-b5cc-46a3-a136-a42ebc6e783d req-542b6860-b5cc-46a3-a136-a42ebc6e783d ] Request (ServerActionsTestOtherA:setUpClass): 200 GET http://10.180.1.21/compute/v2.1/servers/70b14ffe-104d-4367-b4ac-98443e681d62 0.044s
2024-09-09 15:39:53.140 62796 INFO tempest.lib.common.rest_client [req-760b63e0-d789-4670-b99c-da49f7c8450f req-760b63e0-d789-4670-b99c-da49f7c8450f ] Request (ServersTestMultiNic:test_verify_multiple_nics_order): 200 GET http://10.180.1.21/compute/v2.1/servers/e28d6414-9c12-4c6b-a2a0-e48299c3d6c4 0.112s
2024-09-09 15:39:53.169 62792 INFO tempest.lib.common.rest_client [req-c406aac7-3e6c-4e7f-b865-2625e08d3da2 req-c406aac7-3e6c-4e7f-b865-2625e08d3da2 ] Request (ServerActionsTestJSON:setUpClass): 200 GET http://10.180.1.21/compute/v2.1/servers/e4056e4e-288b-4509-90ed-ca0aae46eeec 0.044s
2024-09-09 15:39:53.214 62804 INFO tempest.lib.common.rest_client [req-63dd1ffa-f8e5-4f2c-a3fe-d0875f6f330d req-63dd1ffa-f8e5-4f2c-a3fe-d0875f6f330d ] Request (AttachVolumeTestJSON:test_list_get_volume_attachments): 200 GET http://10.180.1.21/compute/v2.1/servers/476acb60-28c9-41ba-98da-26fe8e82f0ee 0.045s
2024-09-09 15:39:53.271 62754 INFO tempest.lib.common.rest_client [req-cd427847-3b5b-4ec3-8e87-5c6bce66ed1e req-cd427847-3b5b-4ec3-8e87-5c6bce66ed1e ] Request (ServersAaction247Test:test_create_backup): 200 GET http://10.180.1.21/compute/v2.1/servers/68ac66c8-48f9-4d33-8a5f-39c44577eada 0.053s
2024-09-09 15:39:53.296 62798 INFO tempest.lib.common.rest_client [req-c2b6361b-d2ed-4f1e-bf85-4dcce37f8155 req-c2b6361b-d2ed-4f1e-bf85-4dcce37f8155 ] Request (ServersTestJSON:setUpClass): 200 GET http://10.180.1.21/compute/v2.1/servers/70e2cf14-b7fb-40f4-8cda-6210353deac0 0.047s
2024-09-09 15:39:53.318 62774 INFO tempest.lib.common.rest_client [req-9ef4de17-28e1-4531-9b0d-027d0806df3a req-9ef4de17-28e1-4531-9b0d-027d0806df3a ] Request (InstanceActionsV221TestJSON:test_get_list_deleted_instance_actions): 200 GET http://10.180.1.21/compute/v2.1/servers/34f53bc2-247b-4c67-a34a-cc41f77968ee 0.052s
2024-09-09 15:39:53.363 62812 INFO tempest.lib.common.rest_client [req-685166b3-6158-473d-a68e-d8b80cd30a8f req-685166b3-6158-473d-a68e-d8b80cd30a8f ] Request (ServerShowV257Test:test_rebuild_server): 200 GET http://10.180.1.21/compute/v2.1/servers/f5758341-e3f9-4900-a4c7-03843f22e808 0.046s
2024-09-09 15:39:53.399 62770 INFO tempest.lib.common.rest_client [req-ff269fda-d99d-4721-b466-280a6ce3ab59 req-ff269fda-d99d-4721-b466-280a6ce3ab59 ] Request (ServerDiagnosticsNegativeTest:test_get_server_diagnostics_by_non_admin): 200 GET http://10.180.1.21/compute/v2.1/servers/99f2f6e9-bb2c-4723-8116-6ac885fb4d57 0.046s
2024-09-09 15:39:53.444 62800 INFO tempest.lib.common.rest_client [req-875ba9c5-4cc2-4928-ac11-73742aeef0d6 req-875ba9c5-4cc2-4928-ac11-73742aeef0d6 ] Request (ServerRescueNegativeTestJSON:setUpClass): 200 GET http://10.180.1.21/compute/v2.1/servers/d1163ad2-40a0-4b96-8c5e-2c1c17be0de6 0.046s
2024-09-09 15:39:53.475 62784 INFO tempest.lib.common.rest_client [req-477c4a78-49fc-4e3a-a88d-2e8869574912 req-477c4a78-49fc-4e3a-a88d-2e8869574912 ] Request (AttachInterfacesUnderV243Test:test_add_remove_fixed_ip): 200 GET http://10.180.1.21/compute/v2.1/servers/5e976393-27c3-4896-8e40-26b3a7750acc 0.101s
2024-09-09 15:39:53.488 62806 INFO tempest.lib.common.rest_client [req-d1d4ce2a-f490-4530-9b5d-0ed83a98b6f1 req-d1d4ce2a-f490-4530-9b5d-0ed83a98b6f1 ] Request (ServerActionsTestOtherB:setUpClass): 200 GET http://10.180.1.21/compute/v2.1/servers/b907b656-3290-4077-8390-54a085c1a8a8 0.064s
2024-09-09 15:39:53.530 62760 INFO tempest.lib.common.rest_client [req-600cefe3-bcc7-46e1-8b38-16939094ad18 req-600cefe3-bcc7-46e1-8b38-16939094ad18 ] Request (ServerActionsV293TestJSON:setUpClass): 200 GET http://10.180.1.21/compute/v2.1/servers/c6a702ec-5d23-4260-909e-5351b4b82139 0.052s
2024-09-09 15:39:53.572 62766 INFO tempest.lib.common.rest_client [req-0b1a1f32-16e5-45ea-b467-38134b5147cf req-0b1a1f32-16e5-45ea-b467-38134b5147cf ] Request (ServerMetadataNegativeTestJSON:setUpClass): 200 GET http://10.180.1.21/compute/v2.1/servers/46b9a8b2-e41a-4a17-9b0d-54814438cea9 0.051s
2024-09-09 15:39:53.609 62779 INFO tempest.lib.common.rest_client [req-9feef000-7ca3-4121-b657-bc36072792e1 req-9feef000-7ca3-4121-b657-bc36072792e1 ] Request (TenantUsagesTestJSON:setUpClass): 200 GET http://10.180.1.21/compute/v2.1/servers/a307cea0-932d-4b5c-b7f3-6d58097e4960 0.102s
2024-09-09 15:39:53.644 62810 INFO tempest.lib.common.rest_client [req-6d5d39ed-b0bf-4559-874d-19c5ab948208 req-6d5d39ed-b0bf-4559-874d-19c5ab948208 ] Request (AttachVolumeShelveTestJSON:test_attach_volume_shelved_or_offload_server): 200 GET http://10.180.1.21/compute/v2.1/servers/acb28053-f7c0-428a-9f8c-a49f0addc471 0.045s
2024-09-09 15:39:53.690 62762 INFO tempest.lib.common.rest_client [req-ecae9849-9ad5-410b-b3f3-446689f7f0ec req-ecae9849-9ad5-410b-b3f3-446689f7f0ec ] Request (VolumesAdminNegativeTest:test_update_attached_volume_with_nonexistent_volume_in_body): 200 GET http://10.180.1.21/compute/v2.1/servers/74a74268-d8a5-48a2-b004-828321a428e9 0.047s
2024-09-09 15:39:53.732 62786 INFO tempest.lib.common.rest_client [req-f6f99266-491c-4aa5-abf8-ea982ba7fbd6 req-f6f99266-491c-4aa5-abf8-ea982ba7fbd6 ] Request (ServersTestFqdnHostnames:test_create_server_with_fqdn_name): 200 GET http://10.180.1.21/compute/v2.1/servers/f529a423-dbfb-4f4d-bcd6-bac00762eb6c 0.072s
2024-09-09 15:39:53.766 62764 INFO tempest.lib.common.rest_client [req-a116a0d2-97d6-4678-b74c-6f4eb1cd56b0 req-a116a0d2-97d6-4678-b74c-6f4eb1cd56b0 ] Request (ImagesTestJSON:test_create_server_from_snapshot): 200 GET http://10.180.1.21/compute/v2.1/servers/2d1f8d98-524c-41a2-9aaa-495c8d101a60 0.149s
2024-09-09 15:39:53.776 62808 INFO tempest.lib.common.rest_client [req-3e9694de-e66e-4cf7-a949-7a63d80b3ea4 req-3e9694de-e66e-4cf7-a949-7a63d80b3ea4 ] Request (MultipleCreateTestJSON:test_multiple_create): 200 GET http://10.180.1.21/compute/v2.1/servers/2acd5b82-342b-4588-86e6-90ac9da29fd9 0.091s
2024-09-09 15:39:53.813 62794 INFO tempest.lib.common.rest_client [req-ab1d9440-71ae-4354-a8d4-80475b2b8f6c req-ab1d9440-71ae-4354-a8d4-80475b2b8f6c ] Request (AttachInterfacesV270Test:test_create_get_list_interfaces): 200 GET http://10.180.1.21/compute/v2.1/servers/d512c6e8-b5c4-44f9-8bda-f5e2ddbe80f6 0.082s
2024-09-09 15:39:53.856 62756 INFO tempest.lib.common.rest_client [req-23c7d991-ef5e-44c0-9b4b-da701c090d26 req-23c7d991-ef5e-44c0-9b4b-da701c090d26 ] Request (ServerDiskConfigTestJSON:test_rebuild_server_with_auto_disk_config): 200 GET http://10.180.1.21/compute/v2.1/servers/ccb806bc-77af-4b73-9a60-206b036d25b5 0.086s
2024-09-09 15:39:53.914 62752 INFO tempest.lib.common.rest_client [req-28e7eca3-3f38-44b2-b78e-e9ec36c4731f req-28e7eca3-3f38-44b2-b78e-e9ec36c4731f ] Request (SecurityGroupsTestJSON:test_list_security_groups_by_server): 200 GET http://10.180.1.21/compute/v2.1/servers/f3c0d093-e3f8-4a94-a952-4331bc971173 0.158s
2024-09-09 15:39:53.951 62802 INFO tempest.lib.common.rest_client [req-6f58b201-e27d-4d66-bd1d-7c0d0ac3b938 req-6f58b201-e27d-4d66-bd1d-7c0d0ac3b938 ] Request (ServersWithSpecificFlavorTestJSON:test_verify_created_server_ephemeral_disk): 200 GET http://10.180.1.21/compute/v2.1/servers/7486baa6-20db-447e-83fc-4e66cc2627b9 0.098s
2024-09-09 15:39:53.956 62772 INFO tempest.lib.common.rest_client [req-71c5e34c-d229-484c-aa4a-c99123c5c7c0 req-71c5e34c-d229-484c-aa4a-c99123c5c7c0 ] Request (ListServerFiltersTestJSON:setUpClass): 200 GET http://10.180.1.21/compute/v2.1/servers/3eb341b6-0d96-4996-876e-dd8935b83900 0.060s
2024-09-09 15:39:53.999 62776 INFO tempest.lib.common.rest_client [req-1759b695-1946-4fbb-874f-2d7f1194401a req-1759b695-1946-4fbb-874f-2d7f1194401a ] Request (InstanceActionsNegativeTestJSON:setUpClass): 200 GET http://10.180.1.21/compute/v2.1/servers/42c28258-226c-4c8b-8a06-f0b5f45db9fa 0.050s
2024-09-09 15:39:54.049 62782 INFO tempest.lib.common.rest_client [req-c24cdc28-72cd-4d91-a7fe-f8eb6c6f76c0 req-c24cdc28-72cd-4d91-a7fe-f8eb6c6f76c0 ] Request (ImagesOneServerTestJSON:setUpClass): 200 GET http://10.180.1.21/compute/v2.1/servers/99b634da-52a2-48f6-8fae-b77e6b0f6b36 0.142s
2024-09-09 15:39:54.093 62790 INFO tempest.lib.common.rest_client [req-ae094dc1-5c1f-4e57-a063-ea265ebb34f1 req-ae094dc1-5c1f-4e57-a063-ea265ebb34f1 ] Request (ServersTestManualDisk:setUpClass): 200 GET http://10.180.1.21/compute/v2.1/servers/8b7d9321-71b7-4eff-a0be-3923730e1658 0.106s
2024-09-09 15:39:54.095 62750 INFO tempest.lib.common.rest_client [req-fcacc5d9-7481-4d83-9db6-b88271787743 req-fcacc5d9-7481-4d83-9db6-b88271787743 ] Request (ServersV294TestFqdnHostnames:setUpClass): 200 GET http://10.180.1.21/compute/v2.1/servers/15752b44-2f93-4458-89e9-b2e6f7587319 0.098s
2024-09-09 15:39:54.181 62780 INFO tempest.lib.common.rest_client [req-0a440a10-2f7a-4fd5-9a42-4d7f8ca4cf2c req-0a440a10-2f7a-4fd5-9a42-4d7f8ca4cf2c ] Request (ServerActionsTestOtherA:setUpClass): 200 GET http://10.180.1.21/compute/v2.1/servers/70b14ffe-104d-4367-b4ac-98443e681d62 0.046s
2024-09-09 15:39:54.190 62768 INFO tempest.lib.common.rest_client [req-90e0d01a-2d1c-496c-9cf0-3297b28f55cc req-90e0d01a-2d1c-496c-9cf0-3297b28f55cc ] Request (MigrationsAdminTest:test_resize_server_revert_deleted_flavor): 200 GET http://10.180.1.21/compute/v2.1/servers/c537a88e-d49b-4a6b-aa8c-350481ae18e5 0.098s
2024-09-09 15:39:54.236 62792 INFO tempest.lib.common.rest_client [req-fe1f1325-cb5f-4c15-adaf-6c622bf90ba3 req-fe1f1325-cb5f-4c15-adaf-6c622bf90ba3 ] Request (ServerActionsTestJSON:setUpClass): 200 GET http://10.180.1.21/compute/v2.1/servers/e4056e4e-288b-4509-90ed-ca0aae46eeec 0.059s
2024-09-09 15:39:54.280 62804 INFO tempest.lib.common.rest_client [req-a82a0618-8450-460b-a323-4bbdf269b9c4 req-a82a0618-8450-460b-a323-4bbdf269b9c4 ] Request (AttachVolumeTestJSON:test_list_get_volume_attachments): 200 GET http://10.180.1.21/compute/v2.1/servers/476acb60-28c9-41ba-98da-26fe8e82f0ee 0.059s
2024-09-09 15:39:54.286 62796 INFO tempest.lib.common.rest_client [req-1f44ed9c-4448-47f3-b717-a8505b3c6e31 req-1f44ed9c-4448-47f3-b717-a8505b3c6e31 ] Request (ServersTestMultiNic:test_verify_multiple_nics_order): 200 GET http://10.180.1.21/compute/v2.1/servers/e28d6414-9c12-4c6b-a2a0-e48299c3d6c4 0.138s
2024-09-09 15:39:54.331 62754 INFO tempest.lib.common.rest_client [req-06b7727a-e4c2-4158-b609-6bc4f342c4d1 req-06b7727a-e4c2-4158-b609-6bc4f342c4d1 ] Request (ServersAaction247Test:test_create_backup): 200 GET http://10.180.1.21/compute/v2.1/servers/68ac66c8-48f9-4d33-8a5f-39c44577eada 0.051s
2024-09-09 15:39:54.348 62798 INFO tempest.lib.common.rest_client [req-22a2798a-7f10-4a08-a457-523155b871f2 req-22a2798a-7f10-4a08-a457-523155b871f2 ] Request (ServersTestJSON:setUpClass): 200 GET http://10.180.1.21/compute/v2.1/servers/70e2cf14-b7fb-40f4-8cda-6210353deac0 0.045s
2024-09-09 15:39:54.374 62774 INFO tempest.lib.common.rest_client [req-59b0b9ab-9610-4093-af5a-83b8dcccb407 req-59b0b9ab-9610-4093-af5a-83b8dcccb407 ] Request (InstanceActionsV221TestJSON:test_get_list_deleted_instance_actions): 200 GET http://10.180.1.21/compute/v2.1/servers/34f53bc2-247b-4c67-a34a-cc41f77968ee 0.048s
2024-09-09 15:39:54.419 62812 INFO tempest.lib.common.rest_client [req-b01f0e71-4317-4ed6-af0f-24eaaf4f45fb req-b01f0e71-4317-4ed6-af0f-24eaaf4f45fb ] Request (ServerShowV257Test:test_rebuild_server): 200 GET http://10.180.1.21/compute/v2.1/servers/f5758341-e3f9-4900-a4c7-03843f22e808 0.048s
2024-09-09 15:39:54.451 62770 INFO tempest.lib.common.rest_client [req-db3bb821-767d-4fbb-9365-56bece80a84c req-db3bb821-767d-4fbb-9365-56bece80a84c ] Request (ServerDiagnosticsNegativeTest:test_get_server_diagnostics_by_non_admin): 200 GET http://10.180.1.21/compute/v2.1/servers/99f2f6e9-bb2c-4723-8116-6ac885fb4d57 0.045s
2024-09-09 15:39:54.495 62800 INFO tempest.lib.common.rest_client [req-086ec499-ed7b-43af-8da5-a0d82ad07553 req-086ec499-ed7b-43af-8da5-a0d82ad07553 ] Request (ServerRescueNegativeTestJSON:setUpClass): 200 GET http://10.180.1.21/compute/v2.1/servers/d1163ad2-40a0-4b96-8c5e-2c1c17be0de6 0.044s
2024-09-09 15:39:54.539 62806 INFO tempest.lib.common.rest_client [req-2f01baa5-587c-46b1-8677-4f2c2349c720 req-2f01baa5-587c-46b1-8677-4f2c2349c720 ] Request (ServerActionsTestOtherB:setUpClass): 200 GET http://10.180.1.21/compute/v2.1/servers/b907b656-3290-4077-8390-54a085c1a8a8 0.044s
2024-09-09 15:39:54.583 62784 INFO tempest.lib.common.rest_client [req-f92c9051-3296-4ea3-8cf9-8a3bd0e6e78e req-f92c9051-3296-4ea3-8cf9-8a3bd0e6e78e ] Request (AttachInterfacesUnderV243Test:test_add_remove_fixed_ip): 200 GET http://10.180.1.21/compute/v2.1/servers/5e976393-27c3-4896-8e40-26b3a7750acc 0.098s
2024-09-09 15:39:54.589 62760 INFO tempest.lib.common.rest_client [req-10f95676-8142-46e6-bc59-561965946399 req-10f95676-8142-46e6-bc59-561965946399 ] Request (ServerActionsV293TestJSON:setUpClass): 200 GET http://10.180.1.21/compute/v2.1/servers/c6a702ec-5d23-4260-909e-5351b4b82139 0.050s
2024-09-09 15:39:54.626 62766 INFO tempest.lib.common.rest_client [req-e979dc19-8f8d-44be-b593-fa2613a32f28 req-e979dc19-8f8d-44be-b593-fa2613a32f28 ] Request (ServerMetadataNegativeTestJSON:setUpClass): 200 GET http://10.180.1.21/compute/v2.1/servers/46b9a8b2-e41a-4a17-9b0d-54814438cea9 0.046s
2024-09-09 15:39:54.698 62810 INFO tempest.lib.common.rest_client [req-6170b954-7bc5-4e27-91cf-b352d439c8c0 req-6170b954-7bc5-4e27-91cf-b352d439c8c0 ] Request (AttachVolumeShelveTestJSON:test_attach_volume_shelved_or_offload_server): 200 GET http://10.180.1.21/compute/v2.1/servers/acb28053-f7c0-428a-9f8c-a49f0addc471 0.046s
2024-09-09 15:39:54.739 62762 INFO tempest.lib.common.rest_client [req-011f44ac-1486-4b44-817d-1de273c425b8 req-011f44ac-1486-4b44-817d-1de273c425b8 ] Request (VolumesAdminNegativeTest:test_update_attached_volume_with_nonexistent_volume_in_body): 200 GET http://10.180.1.21/compute/v2.1/servers/74a74268-d8a5-48a2-b004-828321a428e9 0.043s
2024-09-09 15:39:54.754 62779 INFO tempest.lib.common.rest_client [req-d393238e-a7b3-4777-affa-277e58351104 req-d393238e-a7b3-4777-affa-277e58351104 ] Request (TenantUsagesTestJSON:setUpClass): 200 GET http://10.180.1.21/compute/v2.1/servers/a307cea0-932d-4b5c-b7f3-6d58097e4960 0.138s
2024-09-09 15:39:54.786 62786 INFO tempest.lib.common.rest_client [req-4b53cc8d-49dd-4c02-a92a-ab5b13af08f1 req-4b53cc8d-49dd-4c02-a92a-ab5b13af08f1 ] Request (ServersTestFqdnHostnames:test_create_server_with_fqdn_name): 200 GET http://10.180.1.21/compute/v2.1/servers/f529a423-dbfb-4f4d-bcd6-bac00762eb6c 0.045s
2024-09-09 15:39:54.826 62808 INFO tempest.lib.common.rest_client [req-a76383c1-ce1a-4309-8f0b-993b7f8d86ee req-a76383c1-ce1a-4309-8f0b-993b7f8d86ee ] Request (MultipleCreateTestJSON:test_multiple_create): 200 GET http://10.180.1.21/compute/v2.1/servers/2acd5b82-342b-4588-86e6-90ac9da29fd9 0.043s
2024-09-09 15:39:54.872 62794 INFO tempest.lib.common.rest_client [req-ae7e916b-cefa-4eef-903b-85cf78df8e7f req-ae7e916b-cefa-4eef-903b-85cf78df8e7f ] Request (AttachInterfacesV270Test:test_create_get_list_interfaces): 200 GET http://10.180.1.21/compute/v2.1/servers/d512c6e8-b5c4-44f9-8bda-f5e2ddbe80f6 0.051s
2024-09-09 15:39:54.874 62764 INFO tempest.lib.common.rest_client [req-7d0b1d7c-018d-4aca-8144-cfc5ff5b4f68 req-7d0b1d7c-018d-4aca-8144-cfc5ff5b4f68 ] Request (ImagesTestJSON:test_create_server_from_snapshot): 200 GET http://10.180.1.21/compute/v2.1/servers/2d1f8d98-524c-41a2-9aaa-495c8d101a60 0.100s
2024-09-09 15:39:54.916 62756 INFO tempest.lib.common.rest_client [req-ee645c0a-8273-40a8-a77e-9078b494dc40 req-ee645c0a-8273-40a8-a77e-9078b494dc40 ] Request (ServerDiskConfigTestJSON:test_rebuild_server_with_auto_disk_config): 200 GET http://10.180.1.21/compute/v2.1/servers/ccb806bc-77af-4b73-9a60-206b036d25b5 0.053s
2024-09-09 15:39:55.028 62752 INFO tempest.lib.common.rest_client [req-45c74990-6dd6-4c60-b7b2-09181f569734 req-45c74990-6dd6-4c60-b7b2-09181f569734 ] Request (SecurityGroupsTestJSON:test_list_security_groups_by_server): 200 GET http://10.180.1.21/compute/v2.1/servers/f3c0d093-e3f8-4a94-a952-4331bc971173 0.107s
2024-09-09 15:39:55.072 62772 INFO tempest.lib.common.rest_client [req-03135b25-2791-435f-a4a2-72ba0752d892 req-03135b25-2791-435f-a4a2-72ba0752d892 ] Request (ListServerFiltersTestJSON:setUpClass): 200 GET http://10.180.1.21/compute/v2.1/servers/3eb341b6-0d96-4996-876e-dd8935b83900 0.109s
2024-09-09 15:39:55.098 62802 INFO tempest.lib.common.rest_client [req-efae8739-66d3-4ad7-b1cc-809ddb751b00 req-efae8739-66d3-4ad7-b1cc-809ddb751b00 ] Request (ServersWithSpecificFlavorTestJSON:test_verify_created_server_ephemeral_disk): 200 GET http://10.180.1.21/compute/v2.1/servers/7486baa6-20db-447e-83fc-4e66cc2627b9 0.139s
2024-09-09 15:39:55.114 62776 INFO tempest.lib.common.rest_client [req-825f7746-9c09-4dea-a4e5-c45e66cce313 req-825f7746-9c09-4dea-a4e5-c45e66cce313 ] Request (InstanceActionsNegativeTestJSON:setUpClass): 200 GET http://10.180.1.21/compute/v2.1/servers/42c28258-226c-4c8b-8a06-f0b5f45db9fa 0.108s
2024-09-09 15:39:55.199 62782 INFO tempest.lib.common.rest_client [req-5b358869-80c3-4d39-81b6-b5dcaf822e9d req-5b358869-80c3-4d39-81b6-b5dcaf822e9d ] Request (ImagesOneServerTestJSON:setUpClass): 200 GET http://10.180.1.21/compute/v2.1/servers/99b634da-52a2-48f6-8fae-b77e6b0f6b36 0.143s
2024-09-09 15:39:55.246 62750 INFO tempest.lib.common.rest_client [req-d4e36649-7c79-4318-baa9-87ee3bfb8dba req-d4e36649-7c79-4318-baa9-87ee3bfb8dba ] Request (ServersV294TestFqdnHostnames:setUpClass): 200 GET http://10.180.1.21/compute/v2.1/servers/15752b44-2f93-4458-89e9-b2e6f7587319 0.142s
2024-09-09 15:39:55.248 62790 INFO tempest.lib.common.rest_client [req-5cdbd2f8-9ebe-47e7-8f56-b55d55d97fe5 req-5cdbd2f8-9ebe-47e7-8f56-b55d55d97fe5 ] Request (ServersTestManualDisk:setUpClass): 200 GET http://10.180.1.21/compute/v2.1/servers/8b7d9321-71b7-4eff-a0be-3923730e1658 0.148s
2024-09-09 15:39:55.289 62780 INFO tempest.lib.common.rest_client [req-cc8c7135-7973-4d63-9432-798047a9cb73 req-cc8c7135-7973-4d63-9432-798047a9cb73 ] Request (ServerActionsTestOtherA:setUpClass): 200 GET http://10.180.1.21/compute/v2.1/servers/70b14ffe-104d-4367-b4ac-98443e681d62 0.101s
2024-09-09 15:39:55.332 62792 INFO tempest.lib.common.rest_client [req-1f66904a-b9e6-4520-9625-bc5a74758c4b req-1f66904a-b9e6-4520-9625-bc5a74758c4b ] Request (ServerActionsTestJSON:setUpClass): 200 GET http://10.180.1.21/compute/v2.1/servers/e4056e4e-288b-4509-90ed-ca0aae46eeec 0.088s
2024-09-09 15:39:55.348 62768 INFO tempest.lib.common.rest_client [req-8e55300c-1956-4c4c-a222-78c74e186036 req-8e55300c-1956-4c4c-a222-78c74e186036 ] Request (MigrationsAdminTest:test_resize_server_revert_deleted_flavor): 200 GET http://10.180.1.21/compute/v2.1/servers/c537a88e-d49b-4a6b-aa8c-350481ae18e5 0.151s
2024-09-09 15:39:55.376 62804 INFO tempest.lib.common.rest_client [req-07657ba4-7d42-44ea-9b06-4dbe5063b51a req-07657ba4-7d42-44ea-9b06-4dbe5063b51a ] Request (AttachVolumeTestJSON:test_list_get_volume_attachments): 200 GET http://10.180.1.21/compute/v2.1/servers/476acb60-28c9-41ba-98da-26fe8e82f0ee 0.088s
2024-09-09 15:39:55.421 62754 INFO tempest.lib.common.rest_client [req-ad61e06b-12e4-4299-b8a4-56da7d77359e req-ad61e06b-12e4-4299-b8a4-56da7d77359e ] Request (ServersAaction247Test:test_create_backup): 200 GET http://10.180.1.21/compute/v2.1/servers/68ac66c8-48f9-4d33-8a5f-39c44577eada 0.082s
