2024-09-09 15:40:37.079 62806 INFO tempest.lib.common.rest_client [req-c445a829-5b17-4b51-b2df-61801224f8e7 req-c445a829-5b17-4b51-b2df-61801224f8e7 ] Request (ServerActionsTestOtherB:setUpClass): 200 GET http://10.180.1.21/compute/v2.1/servers/b907b656-3290-4077-8390-54a085c1a8a8 0.051s
2024-09-09 15:40:37.121 62766 INFO tempest.lib.common.rest_client [req-83ff2540-d5b5-4f9e-bab6-3abe2dd3bb8c req-83ff2540-d5b5-4f9e-bab6-3abe2dd3bb8c ] Request (ServerMetadataNegativeTestJSON:setUpClass): 200 GET http://10.180.1.21/compute/v2.1/servers/46b9a8b2-e41a-4a17-9b0d-54814438cea9 0.045s
2024-09-09 15:40:37.155 62764 INFO tempest.lib.common.rest_client [req-700ebcbd-3969-4d87-a2e8-6c704fa055e7 req-700ebcbd-3969-4d87-a2e8-6c704fa055e7 ] Request (ImagesTestJSON:test_create_server_from_snapshot): 200 GET http://10.180.1.21/compute/v2.1/servers/2d1f8d98-524c-41a2-9aaa-495c8d101a60 0.121s
2024-09-09 15:40:37.202 62760 INFO tempest.lib.common.rest_client [req-9f18427d-b374-4679-a657-6a73f5b576f1 req-9f18427d-b374-4679-a657-6a73f5b576f1 ] Request (ServerActionsV293TestJSON:setUpClass): 200 GET http://10.180.1.21/compute/v2.1/servers/c6a702ec-5d23-4260-909e-5351b4b82139 0.078s
2024-09-09 15:40:37.219 62790 INFO tempest.lib.common.rest_client [req-98807589-a4da-4c39-8142-05e997c7115e req-98807589-a4da-4c39-8142-05e997c7115e ] Request (ServersTestManualDisk:setUpClass): 200 GET http://10.180.1.21/compute/v2.1/servers/8b7d9321-71b7-4eff-a0be-3923730e1658 0.098s
2024-09-09 15:40:37.245 62808 INFO tempest.lib.common.rest_client [req-1c3571bc-280e-4d44-8898-248cf7e60539 req-1c3571bc-280e-4d44-8898-248cf7e60539 ] Request (MultipleCreateTestJSON:test_multiple_create): 200 GET http://10.180.1.21/compute/v2.1/servers/2acd5b82-342b-4588-86e6-90ac9da29fd9 0.081s
2024-09-09 15:40:37.264 62810 INFO tempest.lib.common.rest_client [req-fb579839-4575-455a-be90-6299733b38d5 req-fb579839-4575-455a-be90-6299733b38d5 ] Request (AttachVolumeShelveTestJSON:test_attach_volume_shelved_or_offload_server): 200 GET http://10.180.1.21/compute/v2.1/servers/acb28053-f7c0-428a-9f8c-a49f0addc471 0.095s
2024-09-09 15:40:37.397 62768 INFO tempest.lib.common.rest_client [req-4767f84d-5b83-421b-bc8c-362a02f8c145 req-4767f84d-5b83-421b-bc8c-362a02f8c145 ] Request (MigrationsAdminTest:test_resize_server_revert_deleted_flavor): 200 GET http://10.180.1.21/compute/v2.1/servers/c537a88e-d49b-4a6b-aa8c-350481ae18e5 0.100s
2024-09-09 15:40:37.454 62762 INFO tempest.lib.common.rest_client [req-5c4c2f06-020e-4fea-be32-bca4eabb2d65 req-5c4c2f06-020e-4fea-be32-bca4eabb2d65 ] Request (VolumesAdminNegativeTest:test_update_attached_volume_with_nonexistent_volume_in_body): 200 GET http://10.180.1.21/compute/v2.1/servers/74a74268-d8a5-48a2-b004-828321a428e9 0.046s
2024-09-09 15:40:37.540 62786 INFO tempest.lib.common.rest_client [req-4ee2ea5d-384c-4b04-b372-c0557101c203 req-4ee2ea5d-384c-4b04-b372-c0557101c203 ] Request (ServersTestFqdnHostnames:test_create_server_with_fqdn_name): 200 GET http://10.180.1.21/compute/v2.1/servers/f529a423-dbfb-4f4d-bcd6-bac00762eb6c 0.046s
2024-09-09 15:40:37.550 62784 INFO tempest.lib.common.rest_client [req-b55cfd6a-4ef5-4004-899c-b4bc971f6233 req-b55cfd6a-4ef5-4004-899c-b4bc971f6233 ] Request (AttachInterfacesUnderV243Test:test_add_remove_fixed_ip): 200 GET http://10.180.1.21/compute/v2.1/servers/5e976393-27c3-4896-8e40-26b3a7750acc 0.100s
2024-09-09 15:40:37.590 62772 INFO tempest.lib.common.rest_client [req-4a9952e7-c6d2-40ca-9fb0-eb64cea211e0 req-4a9952e7-c6d2-40ca-9fb0-eb64cea211e0 ] Request (ListServerFiltersTestJSON:setUpClass): 200 GET http://10.180.1.21/compute/v2.1/servers/3eb341b6-0d96-4996-876e-dd8935b83900 0.054s
2024-09-09 15:40:37.633 62756 INFO tempest.lib.common.rest_client [req-c9f0d513-4ea1-45a8-a874-c4a374addb9e req-c9f0d513-4ea1-45a8-a874-c4a374addb9e ] Request (ServerDiskConfigTestJSON:test_rebuild_server_with_auto_disk_config): 200 GET http://10.180.1.21/compute/v2.1/servers/ccb806bc-77af-4b73-9a60-206b036d25b5 0.084s
2024-09-09 15:40:37.639 62782 INFO tempest.lib.common.rest_client [req-1fd16d53-9ba0-4563-9c87-c611c9c35b4d req-1fd16d53-9ba0-4563-9c87-c611c9c35b4d ] Request (ImagesOneServerTestJSON:setUpClass): 200 GET http://10.180.1.21/compute/v2.1/servers/99b634da-52a2-48f6-8fae-b77e6b0f6b36 0.133s
2024-09-09 15:40:37.676 62776 INFO tempest.lib.common.rest_client [req-04c6c4f5-6053-4260-8ec6-b47af1c9e07b req-04c6c4f5-6053-4260-8ec6-b47af1c9e07b ] Request (InstanceActionsNegativeTestJSON:setUpClass): 200 GET http://10.180.1.21/compute/v2.1/servers/42c28258-226c-4c8b-8a06-f0b5f45db9fa 0.095s
2024-09-09 15:40:37.683 62794 INFO tempest.lib.common.rest_client [req-c9c55c26-8522-4102-9508-1265c8065fbc req-c9c55c26-8522-4102-9508-1265c8065fbc ] Request (AttachInterfacesV270Test:test_create_get_list_interfaces): 200 GET http://10.180.1.21/compute/v2.1/servers/d512c6e8-b5c4-44f9-8bda-f5e2ddbe80f6 0.087s
2024-09-09 15:40:37.749 62750 INFO tempest.lib.common.rest_client [req-ebfb9674-4e97-426a-add9-41530f25e7ed req-ebfb9674-4e97-426a-add9-41530f25e7ed ] Request (ServersV294TestFqdnHostnames:setUpClass): 200 GET http://10.180.1.21/compute/v2.1/servers/15752b44-2f93-4458-89e9-b2e6f7587319 0.050s
2024-09-09 15:40:37.813 62804 INFO tempest.lib.common.rest_client [req-a2f68efb-82e7-4777-9ca9-89182afdaefc req-a2f68efb-82e7-4777-9ca9-89182afdaefc ] Request (AttachVolumeTestJSON:test_list_get_volume_attachments): 200 GET http://10.180.1.21/compute/v2.1/servers/476acb60-28c9-41ba-98da-26fe8e82f0ee 0.042s
2024-09-09 15:40:37.816 62802 INFO tempest.lib.common.rest_client [req-1614ec82-9493-4350-a557-df3d056e9de2 req-1614ec82-9493-4350-a557-df3d056e9de2 ] Request (ServersWithSpecificFlavorTestJSON:test_verify_created_server_ephemeral_disk): 200 GET http://10.180.1.21/compute/v2.1/servers/7486baa6-20db-447e-83fc-4e66cc2627b9 0.135s
2024-09-09 15:40:37.853 62780 INFO tempest.lib.common.rest_client [req-7d77c7c1-9807-45c4-bfcd-4451a243dba2 req-7d77c7c1-9807-45c4-bfcd-4451a243dba2 ] Request (ServerActionsTestOtherA:setUpClass): 200 GET http://10.180.1.21/compute/v2.1/servers/70b14ffe-104d-4367-b4ac-98443e681d62 0.041s
2024-09-09 15:40:37.902 62798 INFO tempest.lib.common.rest_client [req-b48cd70b-c9a4-4c06-a1d9-3cbb1edfd9d0 req-b48cd70b-c9a4-4c06-a1d9-3cbb1edfd9d0 ] Request (ServersTestJSON:setUpClass): 200 GET http://10.180.1.21/compute/v2.1/servers/70e2cf14-b7fb-40f4-8cda-6210353deac0 0.043s
2024-09-09 15:40:37.941 62792 INFO tempest.lib.common.rest_client [req-caacc4c3-96aa-4ea5-9a59-5da759d7a5a9 req-caacc4c3-96aa-4ea5-9a59-5da759d7a5a9 ] Request (ServerActionsTestJSON:setUpClass): 200 GET http://10.180.1.21/compute/v2.1/servers/e4056e4e-288b-4509-90ed-ca0aae46eeec 0.044s
2024-09-09 15:40:37.983 62754 INFO tempest.lib.common.rest_client [req-0edf1d3f-39e3-49a8-905c-6bec1eb2e807 req-0edf1d3f-39e3-49a8-905c-6bec1eb2e807 ] Request (ServersAaction247Test:test_create_backup): 200 GET http://10.180.1.21/compute/v2.1/servers/68ac66c8-48f9-4d33-8a5f-39c44577eada 0.083s
2024-09-09 15:40:38.025 62774 INFO tempest.lib.common.rest_client [req-6b2fb8e4-4777-4bdc-a886-401c8bedc81b req-6b2fb8e4-4777-4bdc-a886-401c8bedc81b ] Request (InstanceActionsV221TestJSON:test_get_list_deleted_instance_actions): 200 GET http://10.180.1.21/compute/v2.1/servers/34f53bc2-247b-4c67-a34a-cc41f77968ee 0.084s
2024-09-09 15:40:38.030 62796 INFO tempest.lib.common.rest_client [req-b67b5efc-b239-4ad6-966b-ffa1bac1efed req-b67b5efc-b239-4ad6-966b-ffa1bac1efed ] Request (ServersTestMultiNic:test_verify_multiple_nics_order): 200 GET http://10.180.1.21/compute/v2.1/servers/e28d6414-9c12-4c6b-a2a0-e48299c3d6c4 0.181s
2024-09-09 15:40:38.069 62812 INFO tempest.lib.common.rest_client [req-c570670a-8068-41b8-bd1c-279ba3975f2d req-c570670a-8068-41b8-bd1c-279ba3975f2d ] Request (ServerShowV257Test:test_rebuild_server): 200 GET http://10.180.1.21/compute/v2.1/servers/f5758341-e3f9-4900-a4c7-03843f22e808 0.083s
2024-09-09 15:40:38.076 62770 INFO tempest.lib.common.rest_client [req-668a0861-5462-44f5-9870-c9f408c0ce7c req-668a0861-5462-44f5-9870-c9f408c0ce7c ] Request (ServerDiagnosticsNegativeTest:test_get_server_diagnostics_by_non_admin): 200 GET http://10.180.1.21/compute/v2.1/servers/99f2f6e9-bb2c-4723-8116-6ac885fb4d57 0.051s
2024-09-09 15:40:38.121 62800 INFO tempest.lib.common.rest_client [req-2bfd7f62-0aa8-4668-b41d-76d804368ab6 req-2bfd7f62-0aa8-4668-b41d-76d804368ab6 ] Request (ServerRescueNegativeTestJSON:setUpClass): 200 GET http://10.180.1.21/compute/v2.1/servers/d1163ad2-40a0-4b96-8c5e-2c1c17be0de6 0.056s
2024-09-09 15:40:38.163 62806 INFO tempest.lib.common.rest_client [req-a16c4478-873c-4f60-b9aa-3b3016816d6f req-a16c4478-873c-4f60-b9aa-3b3016816d6f ] Request (ServerActionsTestOtherB:setUpClass): 200 GET http://10.180.1.21/compute/v2.1/servers/b907b656-3290-4077-8390-54a085c1a8a8 0.078s
2024-09-09 15:40:38.166 62752 INFO tempest.lib.common.rest_client [req-e29cb338-8d4b-40ae-95e8-87371dce8336 req-e29cb338-8d4b-40ae-95e8-87371dce8336 ] Request (SecurityGroupsTestJSON:test_list_security_groups_by_server): 200 GET http://10.180.1.21/compute/v2.1/servers/f3c0d093-e3f8-4a94-a952-4331bc971173 0.123s
2024-09-09 15:40:38.207 62766 INFO tempest.lib.common.rest_client [req-c29bdbaa-35eb-438d-b772-cb7176fe634e req-c29bdbaa-35eb-438d-b772-cb7176fe634e ] Request (ServerMetadataNegativeTestJSON:setUpClass): 200 GET http://10.180.1.21/compute/v2.1/servers/46b9a8b2-e41a-4a17-9b0d-54814438cea9 0.078s
2024-09-09 15:40:38.260 62760 INFO tempest.lib.common.rest_client [req-85b08a4b-efaf-4d03-905b-a1c692e4a1fa req-85b08a4b-efaf-4d03-905b-a1c692e4a1fa ] Request (ServerActionsV293TestJSON:setUpClass): 200 GET http://10.180.1.21/compute/v2.1/servers/c6a702ec-5d23-4260-909e-5351b4b82139 0.049s
2024-09-09 15:40:38.306 62764 INFO tempest.lib.common.rest_client [req-7bda650d-7a7e-487e-8149-d70181a44245 req-7bda650d-7a7e-487e-8149-d70181a44245 ] Request (ImagesTestJSON:test_create_server_from_snapshot): 200 GET http://10.180.1.21/compute/v2.1/servers/2d1f8d98-524c-41a2-9aaa-495c8d101a60 0.143s
2024-09-09 15:40:38.349 62808 INFO tempest.lib.common.rest_client [req-a0d3dacc-e3bf-4c1c-b1ba-6cb88a22e0f9 req-a0d3dacc-e3bf-4c1c-b1ba-6cb88a22e0f9 ] Request (MultipleCreateTestJSON:test_multiple_create): 200 GET http://10.180.1.21/compute/v2.1/servers/2acd5b82-342b-4588-86e6-90ac9da29fd9 0.096s
2024-09-09 15:40:38.390 62810 INFO tempest.lib.common.rest_client [req-ffd192cb-60c6-4cd2-9206-0f81359fb19b req-ffd192cb-60c6-4cd2-9206-0f81359fb19b ] Request (AttachVolumeShelveTestJSON:test_attach_volume_shelved_or_offload_server): 200 GET http://10.180.1.21/compute/v2.1/servers/acb28053-f7c0-428a-9f8c-a49f0addc471 0.119s
2024-09-09 15:40:38.392 62790 INFO tempest.lib.common.rest_client [req-43309a0c-b9f7-40ac-8c28-b3489a78b893 req-43309a0c-b9f7-40ac-8c28-b3489a78b893 ] Request (ServersTestManualDisk:setUpClass): 200 GET http://10.180.1.21/compute/v2.1/servers/8b7d9321-71b7-4eff-a0be-3923730e1658 0.166s
2024-09-09 15:40:38.503 62768 INFO tempest.lib.common.rest_client [req-af1921d5-fbaf-45b0-9dc2-1717b86be8d6 req-af1921d5-fbaf-45b0-9dc2-1717b86be8d6 ] Request (MigrationsAdminTest:test_resize_server_revert_deleted_flavor): 200 GET http://10.180.1.21/compute/v2.1/servers/c537a88e-d49b-4a6b-aa8c-350481ae18e5 0.099s
2024-09-09 15:40:38.507 62762 INFO tempest.lib.common.rest_client [req-da8e4141-4a3e-4990-8f6d-d1f5a95deaa5 req-da8e4141-4a3e-4990-8f6d-d1f5a95deaa5 ] Request (VolumesAdminNegativeTest:test_update_attached_volume_with_nonexistent_volume_in_body): 200 GET http://10.180.1.21/compute/v2.1/servers/74a74268-d8a5-48a2-b004-828321a428e9 0.046s
2024-09-09 15:40:38.592 62786 INFO tempest.lib.common.rest_client [req-a19600de-9a07-4af0-a252-ad076a710910 req-a19600de-9a07-4af0-a252-ad076a710910 ] Request (ServersTestFqdnHostnames:test_create_server_with_fqdn_name): 200 GET http://10.180.1.21/compute/v2.1/servers/f529a423-dbfb-4f4d-bcd6-bac00762eb6c 0.045s
2024-09-09 15:40:38.640 62772 INFO tempest.lib.common.rest_client [req-d0799dae-c6b4-469b-abfa-e8afc61f98ca req-d0799dae-c6b4-469b-abfa-e8afc61f98ca ] Request (ListServerFiltersTestJSON:setUpClass): 200 GET http://10.180.1.21/compute/v2.1/servers/3eb341b6-0d96-4996-876e-dd8935b83900 0.043s
2024-09-09 15:40:38.683 62756 INFO tempest.lib.common.rest_client [req-aa72ae45-4f4e-4acc-b2d5-c8f2fac946f7 req-aa72ae45-4f4e-4acc-b2d5-c8f2fac946f7 ] Request (ServerDiskConfigTestJSON:test_rebuild_server_with_auto_disk_config): 200 GET http://10.180.1.21/compute/v2.1/servers/ccb806bc-77af-4b73-9a60-206b036d25b5 0.043s
2024-09-09 15:40:38.689 62784 INFO tempest.lib.common.rest_client [req-9ccc8511-819b-4754-9ee9-4b0819c95c88 req-9ccc8511-819b-4754-9ee9-4b0819c95c88 ] Request (AttachInterfacesUnderV243Test:test_add_remove_fixed_ip): 200 GET http://10.180.1.21/compute/v2.1/servers/5e976393-27c3-4896-8e40-26b3a7750acc 0.133s
2024-09-09 15:40:38.732 62776 INFO tempest.lib.common.rest_client [req-0aa9f1b2-2f01-443a-8ef4-b204c99a93a8 req-0aa9f1b2-2f01-443a-8ef4-b204c99a93a8 ] Request (InstanceActionsNegativeTestJSON:setUpClass): 200 GET http://10.180.1.21/compute/v2.1/servers/42c28258-226c-4c8b-8a06-f0b5f45db9fa 0.049s
2024-09-09 15:40:38.777 62794 INFO tempest.lib.common.rest_client [req-0b9b5844-d482-4c67-ac30-6e8806a5d277 req-0b9b5844-d482-4c67-ac30-6e8806a5d277 ] Request (AttachInterfacesV270Test:test_create_get_list_interfaces): 200 GET http://10.180.1.21/compute/v2.1/servers/d512c6e8-b5c4-44f9-8bda-f5e2ddbe80f6 0.084s
2024-09-09 15:40:38.780 62782 INFO tempest.lib.common.rest_client [req-4170f783-cb60-4cc5-915f-f9b2a127f316 req-4170f783-cb60-4cc5-915f-f9b2a127f316 ] Request (ImagesOneServerTestJSON:setUpClass): 200 GET http://10.180.1.21/compute/v2.1/servers/99b634da-52a2-48f6-8fae-b77e6b0f6b36 0.133s
2024-09-09 15:40:38.822 62750 INFO tempest.lib.common.rest_client [req-d6cf60f2-8369-448c-ab11-b2c62b5172ef req-d6cf60f2-8369-448c-ab11-b2c62b5172ef ] Request (ServersV294TestFqdnHostnames:setUpClass): 200 GET http://10.180.1.21/compute/v2.1/servers/15752b44-2f93-4458-89e9-b2e6f7587319 0.064s
2024-09-09 15:40:38.866 62804 INFO tempest.lib.common.rest_client [req-7b850fba-0bff-439f-9c64-e7929d18efe1 req-7b850fba-0bff-439f-9c64-e7929d18efe1 ] Request (AttachVolumeTestJSON:test_list_get_volume_attachments): 200 GET http://10.180.1.21/compute/v2.1/servers/476acb60-28c9-41ba-98da-26fe8e82f0ee 0.046s
2024-09-09 15:40:38.907 62780 INFO tempest.lib.common.rest_client [req-d916f736-2ee0-4c54-936b-d2663aac3065 req-d916f736-2ee0-4c54-936b-d2663aac3065 ] Request (ServerActionsTestOtherA:setUpClass): 200 GET http://10.180.1.21/compute/v2.1/servers/70b14ffe-104d-4367-b4ac-98443e681d62 0.047s
2024-09-09 15:40:38.916 62802 INFO tempest.lib.common.rest_client [req-5b555dc9-95bb-4caa-bd4c-c7a9d2ce62ac req-5b555dc9-95bb-4caa-bd4c-c7a9d2ce62ac ] Request (ServersWithSpecificFlavorTestJSON:test_verify_created_server_ephemeral_disk): 200 GET http://10.180.1.21/compute/v2.1/servers/7486baa6-20db-447e-83fc-4e66cc2627b9 0.093s
2024-09-09 15:40:38.951 62798 INFO tempest.lib.common.rest_client [req-cecb3b39-3b3c-4a26-9918-0501d456e783 req-cecb3b39-3b3c-4a26-9918-0501d456e783 ] Request (ServersTestJSON:setUpClass): 200 GET http://10.180.1.21/compute/v2.1/servers/70e2cf14-b7fb-40f4-8cda-6210353deac0 0.043s
2024-09-09 15:40:38.993 62792 INFO tempest.lib.common.rest_client [req-83082f50-94b6-4e90-a873-308144828935 req-83082f50-94b6-4e90-a873-308144828935 ] Request (ServerActionsTestJSON:setUpClass): 200 GET http://10.180.1.21/compute/v2.1/servers/e4056e4e-288b-4509-90ed-ca0aae46eeec 0.045s
2024-09-09 15:40:39.039 62754 INFO tempest.lib.common.rest_client [req-9956f480-75b7-4596-8e5e-575bd0c7b5ec req-9956f480-75b7-4596-8e5e-575bd0c7b5ec ] Request (ServersAaction247Test:test_create_backup): 200 GET http://10.180.1.21/compute/v2.1/servers/68ac66c8-48f9-4d33-8a5f-39c44577eada 0.047s
2024-09-09 15:40:39.080 62774 INFO tempest.lib.common.rest_client [req-51478597-5181-4c54-aa55-af18af612317 req-51478597-5181-4c54-aa55-af18af612317 ] Request (InstanceActionsV221TestJSON:test_get_list_deleted_instance_actions): 200 GET http://10.180.1.21/compute/v2.1/servers/34f53bc2-247b-4c67-a34a-cc41f77968ee 0.046s
2024-09-09 15:40:39.124 62812 INFO tempest.lib.common.rest_client [req-20488f9e-3072-47ee-9cee-41de45c76418 req-20488f9e-3072-47ee-9cee-41de45c76418 ] Request (ServerShowV257Test:test_rebuild_server): 200 GET http://10.180.1.21/compute/v2.1/servers/f5758341-e3f9-4900-a4c7-03843f22e808 0.047s
2024-09-09 15:40:39.166 62770 INFO tempest.lib.common.rest_client [req-4de15626-2bff-45f8-95a0-689791612613 req-4de15626-2bff-45f8-95a0-689791612613 ] Request (ServerDiagnosticsNegativeTest:test_get_server_diagnostics_by_non_admin): 200 GET http://10.180.1.21/compute/v2.1/servers/99f2f6e9-bb2c-4723-8116-6ac885fb4d57 0.078s
2024-09-09 15:40:39.207 62800 INFO tempest.lib.common.rest_client [req-7034fa16-9138-4a02-8523-70af473a67ce req-7034fa16-9138-4a02-8523-70af473a67ce ] Request (ServerRescueNegativeTestJSON:setUpClass): 200 GET http://10.180.1.21/compute/v2.1/servers/d1163ad2-40a0-4b96-8c5e-2c1c17be0de6 0.079s
2024-09-09 15:40:39.217 62796 INFO tempest.lib.common.rest_client [req-0734697a-3ab0-4d92-874c-d0789acb58bc req-0734697a-3ab0-4d92-874c-d0789acb58bc ] Request (ServersTestMultiNic:test_verify_multiple_nics_order): 200 GET http://10.180.1.21/compute/v2.1/servers/e28d6414-9c12-4c6b-a2a0-e48299c3d6c4 0.179s
2024-09-09 15:40:39.249 62806 INFO tempest.lib.common.rest_client [req-b2331eaf-fe0b-45db-8dd1-026bc017bb33 req-b2331eaf-fe0b-45db-8dd1-026bc017bb33 ] Request (ServerActionsTestOtherB:setUpClass): 200 GET http://10.180.1.21/compute/v2.1/servers/b907b656-3290-4077-8390-54a085c1a8a8 0.079s
2024-09-09 15:40:39.291 62766 INFO tempest.lib.common.rest_client [req-0cac0f67-6196-4ec7-b5b2-123ceb8e20da req-0cac0f67-6196-4ec7-b5b2-123ceb8e20da ] Request (ServerMetadataNegativeTestJSON:setUpClass): 200 GET http://10.180.1.21/compute/v2.1/servers/46b9a8b2-e41a-4a17-9b0d-54814438cea9 0.076s
2024-09-09 15:40:39.312 62752 INFO tempest.lib.common.rest_client [req-7d6fa90a-8adc-40d2-bee8-eccb6cb283f0 req-7d6fa90a-8adc-40d2-bee8-eccb6cb283f0 ] Request (SecurityGroupsTestJSON:test_list_security_groups_by_server): 200 GET http://10.180.1.21/compute/v2.1/servers/f3c0d093-e3f8-4a94-a952-4331bc971173 0.138s
2024-09-09 15:40:39.336 62760 INFO tempest.lib.common.rest_client [req-3f52dfa9-2aef-473e-8e83-21267d76f187 req-3f52dfa9-2aef-473e-8e83-21267d76f187 ] Request (ServerActionsV293TestJSON:setUpClass): 200 GET http://10.180.1.21/compute/v2.1/servers/c6a702ec-5d23-4260-909e-5351b4b82139 0.066s
2024-09-09 15:40:39.402 62808 INFO tempest.lib.common.rest_client [req-e6599f70-7904-465e-be2c-f640d68c8c17 req-e6599f70-7904-465e-be2c-f640d68c8c17 ] Request (MultipleCreateTestJSON:test_multiple_create): 200 GET http://10.180.1.21/compute/v2.1/servers/2acd5b82-342b-4588-86e6-90ac9da29fd9 0.047s
2024-09-09 15:40:39.415 62764 INFO tempest.lib.common.rest_client [req-08018381-fc8a-4538-9a66-aded34fcbdd9 req-08018381-fc8a-4538-9a66-aded34fcbdd9 ] Request (ImagesTestJSON:test_create_server_from_snapshot): 200 GET http://10.180.1.21/compute/v2.1/servers/2d1f8d98-524c-41a2-9aaa-495c8d101a60 0.102s
2024-09-09 15:40:39.448 62810 INFO tempest.lib.common.rest_client [req-a3f32840-abae-4fad-98a4-cbdc5a5cae9e req-a3f32840-abae-4fad-98a4-cbdc5a5cae9e ] Request (AttachVolumeShelveTestJSON:test_attach_volume_shelved_or_offload_server): 200 GET http://10.180.1.21/compute/v2.1/servers/acb28053-f7c0-428a-9f8c-a49f0addc471 0.050s
2024-09-09 15:40:39.508 62790 INFO tempest.lib.common.rest_client [req-cac44f75-f08a-4e55-a1ea-03b31bf4d2b3 req-cac44f75-f08a-4e55-a1ea-03b31bf4d2b3 ] Request (ServersTestManualDisk:setUpClass): 200 GET http://10.180.1.21/compute/v2.1/servers/8b7d9321-71b7-4eff-a0be-3923730e1658 0.110s
2024-09-09 15:40:39.562 62762 INFO tempest.lib.common.rest_client [req-7969afad-bdb8-488d-864a-bfefd0cce29d req-7969afad-bdb8-488d-864a-bfefd0cce29d ] Request (VolumesAdminNegativeTest:test_update_attached_volume_with_nonexistent_volume_in_body): 200 GET http://10.180.1.21/compute/v2.1/servers/74a74268-d8a5-48a2-b004-828321a428e9 0.044s
2024-09-09 15:40:39.612 62768 INFO tempest.lib.common.rest_client [req-65eda4bf-f0b4-496e-ae26-9edc6274e896 req-65eda4bf-f0b4-496e-ae26-9edc6274e896 ] Request (MigrationsAdminTest:test_resize_server_revert_deleted_flavor): 200 GET http://10.180.1.21/compute/v2.1/servers/c537a88e-d49b-4a6b-aa8c-350481ae18e5 0.101s
2024-09-09 15:40:39.644 62786 INFO tempest.lib.common.rest_client [req-0c0d76b4-0554-473c-8ff6-629a18e2ce37 req-0c0d76b4-0554-473c-8ff6-629a18e2ce37 ] Request (ServersTestFqdnHostnames:test_create_server_with_fqdn_name): 200 GET http://10.180.1.21/compute/v2.1/servers/f529a423-dbfb-4f4d-bcd6-bac00762eb6c 0.045s
2024-09-09 15:40:39.694 62772 INFO tempest.lib.common.rest_client [req-57b53429-dba9-4ca5-a4ca-30828476695e req-57b53429-dba9-4ca5-a4ca-30828476695e ] Request (ListServerFiltersTestJSON:setUpClass): 200 GET http://10.180.1.21/compute/v2.1/servers/3eb341b6-0d96-4996-876e-dd8935b83900 0.047s
2024-09-09 15:40:39.740 62756 INFO tempest.lib.common.rest_client [req-b871d07c-73d4-41a9-9f56-d63b2222e425 req-b871d07c-73d4-41a9-9f56-d63b2222e425 ] Request (ServerDiskConfigTestJSON:test_rebuild_server_with_auto_disk_config): 200 GET http://10.180.1.21/compute/v2.1/servers/ccb806bc-77af-4b73-9a60-206b036d25b5 0.049s
2024-09-09 15:40:39.786 62776 INFO tempest.lib.common.rest_client [req-a68d28ae-526f-4ded-a70c-75e67465bfb9 req-a68d28ae-526f-4ded-a70c-75e67465bfb9 ] Request (InstanceActionsNegativeTestJSON:setUpClass): 200 GET http://10.180.1.21/compute/v2.1/servers/42c28258-226c-4c8b-8a06-f0b5f45db9fa 0.048s
2024-09-09 15:40:39.799 62784 INFO tempest.lib.common.rest_client [req-d6869726-99bf-4339-bcb4-aa997c1aec8b req-d6869726-99bf-4339-bcb4-aa997c1aec8b ] Request (AttachInterfacesUnderV243Test:test_add_remove_fixed_ip): 200 GET http://10.180.1.21/compute/v2.1/servers/5e976393-27c3-4896-8e40-26b3a7750acc 0.102s
2024-09-09 15:40:39.836 62794 INFO tempest.lib.common.rest_client [req-3e4756ac-090b-43e2-a9fd-52119496defa req-3e4756ac-090b-43e2-a9fd-52119496defa ] Request (AttachInterfacesV270Test:test_create_get_list_interfaces): 200 GET http://10.180.1.21/compute/v2.1/servers/d512c6e8-b5c4-44f9-8bda-f5e2ddbe80f6 0.050s
2024-09-09 15:40:39.884 62750 INFO tempest.lib.common.rest_client [req-4e1bb85f-bd6d-4b0b-8f3b-b1808e760ae3 req-4e1bb85f-bd6d-4b0b-8f3b-b1808e760ae3 ] Request (ServersV294TestFqdnHostnames:setUpClass): 200 GET http://10.180.1.21/compute/v2.1/servers/15752b44-2f93-4458-89e9-b2e6f7587319 0.051s
2024-09-09 15:40:39.924 62804 INFO tempest.lib.common.rest_client [req-5fb27fa2-e0f4-4c83-9b4b-5d5db9970eb6 req-5fb27fa2-e0f4-4c83-9b4b-5d5db9970eb6 ] Request (AttachVolumeTestJSON:test_list_get_volume_attachments): 200 GET http://10.180.1.21/compute/v2.1/servers/476acb60-28c9-41ba-98da-26fe8e82f0ee 0.051s
2024-09-09 15:40:39.948 62782 INFO tempest.lib.common.rest_client [req-be095777-a8da-4346-9cd8-d12827e4987c req-be095777-a8da-4346-9cd8-d12827e4987c ] Request (ImagesOneServerTestJSON:setUpClass): 200 GET http://10.180.1.21/compute/v2.1/servers/99b634da-52a2-48f6-8fae-b77e6b0f6b36 0.160s
2024-09-09 15:40:39.965 62780 INFO tempest.lib.common.rest_client [req-0c15cd51-3b12-4f3b-a036-a4c7b3a288a7 req-0c15cd51-3b12-4f3b-a036-a4c7b3a288a7 ] Request (ServerActionsTestOtherA:setUpClass): 200 GET http://10.180.1.21/compute/v2.1/servers/70b14ffe-104d-4367-b4ac-98443e681d62 0.051s
2024-09-09 15:40:40.009 62798 INFO tempest.lib.common.rest_client [req-201f1675-9de4-4bbe-b570-193dbce8120e req-201f1675-9de4-4bbe-b570-193dbce8120e ] Request (ServersTestJSON:setUpClass): 200 GET http://10.180.1.21/compute/v2.1/servers/70e2cf14-b7fb-40f4-8cda-6210353deac0 0.051s
2024-09-09 15:40:40.049 62802 INFO tempest.lib.common.rest_client [req-7691bcfd-fd78-4767-980c-f761b20ad6a8 req-7691bcfd-fd78-4767-980c-f761b20ad6a8 ] Request (ServersWithSpecificFlavorTestJSON:test_verify_created_server_ephemeral_disk): 200 GET http://10.180.1.21/compute/v2.1/servers/7486baa6-20db-447e-83fc-4e66cc2627b9 0.126s
2024-09-09 15:40:40.056 62792 INFO tempest.lib.common.rest_client [req-81e4074a-b52c-4911-86d6-1c9eba9b876f req-81e4074a-b52c-4911-86d6-1c9eba9b876f ] Request (ServerActionsTestJSON:setUpClass): 200 GET http://10.180.1.21/compute/v2.1/servers/e4056e4e-288b-4509-90ed-ca0aae46eeec 0.056s
2024-09-09 15:40:40.096 62754 INFO tempest.lib.common.rest_client [req-f3b1a307-1081-4440-8048-27549a808852 req-f3b1a307-1081-4440-8048-27549a808852 ] Request (ServersAaction247Test:test_create_backup): 200 GET http://10.180.1.21/compute/v2.1/servers/68ac66c8-48f9-4d33-8a5f-39c44577eada 0.049s
2024-09-09 15:40:40.135 62774 INFO tempest.lib.common.rest_client [req-20a87a83-f093-48b7-b2ba-026a8ffbc388 req-20a87a83-f093-48b7-b2ba-026a8ffbc388 ] Request (InstanceActionsV221TestJSON:test_get_list_deleted_instance_actions): 200 GET http://10.180.1.21/compute/v2.1/servers/34f53bc2-247b-4c67-a34a-cc41f77968ee 0.047s
2024-09-09 15:40:40.218 62770 INFO tempest.lib.common.rest_client [req-b637555b-d853-4623-a727-d58b62b96052 req-b637555b-d853-4623-a727-d58b62b96052 ] Request (ServerDiagnosticsNegativeTest:test_get_server_diagnostics_by_non_admin): 200 GET http://10.180.1.21/compute/v2.1/servers/99f2f6e9-bb2c-4723-8116-6ac885fb4d57 0.046s
2024-09-09 15:40:40.270 62800 INFO tempest.lib.common.rest_client [req-9eee8a7f-cd1f-4c43-91ef-8376c7cd8f6f req-9eee8a7f-cd1f-4c43-91ef-8376c7cd8f6f ] Request (ServerRescueNegativeTestJSON:setUpClass): 200 GET http://10.180.1.21/compute/v2.1/servers/d1163ad2-40a0-4b96-8c5e-2c1c17be0de6 0.056s
2024-09-09 15:40:40.348 62812 INFO tempest.lib.common.rest_client [req-dc08556f-80a8-4d8c-b0fa-2074e3de1731 req-dc08556f-80a8-4d8c-b0fa-2074e3de1731 ] Request (ServerShowV257Test:test_rebuild_server): 200 GET http://10.180.1.21/compute/v2.1/servers/f5758341-e3f9-4900-a4c7-03843f22e808 0.214s
2024-09-09 15:40:40.375 62796 INFO tempest.lib.common.rest_client [req-39ccc47c-d11d-4bcc-9f6d-eaf74f74d3fe req-39ccc47c-d11d-4bcc-9f6d-eaf74f74d3fe ] Request (ServersTestMultiNic:test_verify_multiple_nics_order): 200 GET http://10.180.1.21/compute/v2.1/servers/e28d6414-9c12-4c6b-a2a0-e48299c3d6c4 0.152s
2024-09-09 15:40:40.392 62806 INFO tempest.lib.common.rest_client [req-09fece4c-6eb3-4763-83c9-807fe9184874 req-09fece4c-6eb3-4763-83c9-807fe9184874 ] Request (ServerActionsTestOtherB:setUpClass): 200 GET http://10.180.1.21/compute/v2.1/servers/b907b656-3290-4077-8390-54a085c1a8a8 0.136s
2024-09-09 15:40:40.419 62766 INFO tempest.lib.common.rest_client [req-8949f57b-cc30-4e30-b9a1-3d3a86012c10 req-8949f57b-cc30-4e30-b9a1-3d3a86012c10 ] Request (ServerMetadataNegativeTestJSON:setUpClass): 200 GET http://10.180.1.21/compute/v2.1/servers/46b9a8b2-e41a-4a17-9b0d-54814438cea9 0.120s
2024-09-09 15:40:40.464 62760 INFO tempest.lib.common.rest_client [req-b1a7fb01-d0a6-4beb-8a9e-ce69cbf65c89 req-b1a7fb01-d0a6-4beb-8a9e-ce69cbf65c89 ] Request (ServerActionsV293TestJSON:setUpClass): 200 GET http://10.180.1.21/compute/v2.1/servers/c6a702ec-5d23-4260-909e-5351b4b82139 0.119s
2024-09-09 15:40:40.506 62808 INFO tempest.lib.common.rest_client [req-51670975-111a-4d52-bceb-144bd0f27ff1 req-51670975-111a-4d52-bceb-144bd0f27ff1 ] Request (MultipleCreateTestJSON:test_multiple_create): 200 GET http://10.180.1.21/compute/v2.1/servers/2acd5b82-342b-4588-86e6-90ac9da29fd9 0.098s
2024-09-09 15:40:40.527 62752 INFO tempest.lib.common.rest_client [req-5289a80e-caec-4621-9a55-0de121a2e105 req-5289a80e-caec-4621-9a55-0de121a2e105 ] Request (SecurityGroupsTestJSON:test_list_security_groups_by_server): 200 GET http://10.180.1.21/compute/v2.1/servers/f3c0d093-e3f8-4a94-a952-4331bc971173 0.207s
2024-09-09 15:40:40.573 62810 INFO tempest.lib.common.rest_client [req-d670f4bb-5d6e-43b8-8c67-710638719fce req-d670f4bb-5d6e-43b8-8c67-710638719fce ] Request (AttachVolumeShelveTestJSON:test_attach_volume_shelved_or_offload_server): 200 GET http://10.180.1.21/compute/v2.1/servers/acb28053-f7c0-428a-9f8c-a49f0addc471 0.117s
2024-09-09 15:40:40.608 62764 INFO tempest.lib.common.rest_client [req-e5a279f1-4872-47af-be35-784a2b21e2a1 req-e5a279f1-4872-47af-be35-784a2b21e2a1 ] Request (ImagesTestJSON:test_create_server_from_snapshot): 200 GET http://10.180.1.21/compute/v2.1/servers/2d1f8d98-524c-41a2-9aaa-495c8d101a60 0.185s
2024-09-09 15:40:40.661 62762 INFO tempest.lib.common.rest_client [req-c3c8c200-e749-40ba-bd28-a2cbb213da62 req-c3c8c200-e749-40ba-bd28-a2cbb213da62 ] Request (VolumesAdminNegativeTest:test_update_attached_volume_with_nonexistent_volume_in_body): 200 GET http://10.180.1.21/compute/v2.1/servers/74a74268-d8a5-48a2-b004-828321a428e9 0.092s
2024-09-09 15:40:40.666 62790 INFO tempest.lib.common.rest_client [req-757e014a-16ea-4ccc-a88b-272821e46304 req-757e014a-16ea-4ccc-a88b-272821e46304 ] Request (ServersTestManualDisk:setUpClass): 200 GET http://10.180.1.21/compute/v2.1/servers/8b7d9321-71b7-4eff-a0be-3923730e1658 0.151s
2024-09-09 15:40:40.709 62786 INFO tempest.lib.common.rest_client [req-ed6b6c84-0518-4ba1-b80a-e3059233a05c req-ed6b6c84-0518-4ba1-b80a-e3059233a05c ] Request (ServersTestFqdnHostnames:test_create_server_with_fqdn_name): 200 GET http://10.180.1.21/compute/v2.1/servers/f529a423-dbfb-4f4d-bcd6-bac00762eb6c 0.057s
2024-09-09 15:40:40.751 62772 INFO tempest.lib.common.rest_client [req-8bd1546a-fd5f-474e-bfd3-ebb73af46597 req-8bd1546a-fd5f-474e-bfd3-ebb73af46597 ] Request (ListServerFiltersTestJSON:setUpClass): 200 GET http://10.180.1.21/compute/v2.1/servers/3eb341b6-0d96-4996-876e-dd8935b83900 0.050s
2024-09-09 15:40:40.793 62756 INFO tempest.lib.common.rest_client [req-9ce8a5a3-3c96-4215-be1d-e622893e20f5 req-9ce8a5a3-3c96-4215-be1d-e622893e20f5 ] Request (ServerDiskConfigTestJSON:test_rebuild_server_with_auto_disk_config): 200 GET http://10.180.1.21/compute/v2.1/servers/ccb806bc-77af-4b73-9a60-206b036d25b5 0.046s
2024-09-09 15:40:40.796 62768 INFO tempest.lib.common.rest_client [req-68c7a8cf-f20b-4207-8305-288ed062b629 req-68c7a8cf-f20b-4207-8305-288ed062b629 ] Request (MigrationsAdminTest:test_resize_server_revert_deleted_flavor): 200 GET http://10.180.1.21/compute/v2.1/servers/c537a88e-d49b-4a6b-aa8c-350481ae18e5 0.177s
2024-09-09 15:40:40.840 62776 INFO tempest.lib.common.rest_client [req-eaf431fd-fdb3-4002-ae07-9ab324f6797a req-eaf431fd-fdb3-4002-ae07-9ab324f6797a ] Request (InstanceActionsNegativeTestJSON:setUpClass): 200 GET http://10.180.1.21/compute/v2.1/servers/42c28258-226c-4c8b-8a06-f0b5f45db9fa 0.044s
2024-09-09 15:40:40.890 62794 INFO tempest.lib.common.rest_client [req-4101d3c5-403f-4957-bda2-02f41b908f2d req-4101d3c5-403f-4957-bda2-02f41b908f2d ] Request (AttachInterfacesV270Test:test_create_get_list_interfaces): 200 GET http://10.180.1.21/compute/v2.1/servers/d512c6e8-b5c4-44f9-8bda-f5e2ddbe80f6 0.045s
2024-09-09 15:40:40.904 62784 INFO tempest.lib.common.rest_client [req-0acc98fd-d9d0-4b3b-b7a0-5e116412f189 req-0acc98fd-d9d0-4b3b-b7a0-5e116412f189 ] Request (AttachInterfacesUnderV243Test:test_add_remove_fixed_ip): 200 GET http://10.180.1.21/compute/v2.1/servers/5e976393-27c3-4896-8e40-26b3a7750acc 0.099s
2024-09-09 15:40:40.942 62750 INFO tempest.lib.common.rest_client [req-4258080f-d5fa-4522-8415-e07d16387ded req-4258080f-d5fa-4522-8415-e07d16387ded ] Request (ServersV294TestFqdnHostnames:setUpClass): 200 GET http://10.180.1.21/compute/v2.1/servers/15752b44-2f93-4458-89e9-b2e6f7587319 0.048s
2024-09-09 15:40:40.979 62804 INFO tempest.lib.common.rest_client [req-f752c1aa-3d79-46d0-9019-f313ad8c002a req-f752c1aa-3d79-46d0-9019-f313ad8c002a ] Request (AttachVolumeTestJSON:test_list_get_volume_attachments): 200 GET http://10.180.1.21/compute/v2.1/servers/476acb60-28c9-41ba-98da-26fe8e82f0ee 0.047s
2024-09-09 15:40:41.021 62780 INFO tempest.lib.common.rest_client [req-822b1335-398d-48f0-aea1-b295038f70b7 req-822b1335-398d-48f0-aea1-b295038f70b7 ] Request (ServerActionsTestOtherA:setUpClass): 200 GET http://10.180.1.21/compute/v2.1/servers/70b14ffe-104d-4367-b4ac-98443e681d62 0.046s
2024-09-09 15:40:41.054 62782 INFO tempest.lib.common.rest_client [req-fd9a819a-048b-4bd4-bd37-1fc12f01e58f req-fd9a819a-048b-4bd4-bd37-1fc12f01e58f ] Request (ImagesOneServerTestJSON:setUpClass): 200 GET http://10.180.1.21/compute/v2.1/servers/99b634da-52a2-48f6-8fae-b77e6b0f6b36 0.100s
2024-09-09 15:40:41.063 62798 INFO tempest.lib.common.rest_client [req-2ff8c8a6-758c-43a1-b0bc-a2cc508b2de6 req-2ff8c8a6-758c-43a1-b0bc-a2cc508b2de6 ] Request (ServersTestJSON:setUpClass): 200 GET http://10.180.1.21/compute/v2.1/servers/70e2cf14-b7fb-40f4-8cda-6210353deac0 0.047s
2024-09-09 15:40:41.107 62792 INFO tempest.lib.common.rest_client [req-3bb37d44-5c6c-4cf6-9819-e30c3dadd331 req-3bb37d44-5c6c-4cf6-9819-e30c3dadd331 ] Request (ServerActionsTestJSON:setUpClass): 200 GET http://10.180.1.21/compute/v2.1/servers/e4056e4e-288b-4509-90ed-ca0aae46eeec 0.043s
2024-09-09 15:40:41.152 62754 INFO tempest.lib.common.rest_client [req-162816e3-48fa-4c88-a9c9-79388695ed9f req-162816e3-48fa-4c88-a9c9-79388695ed9f ] Request (ServersAaction247Test:test_create_backup): 200 GET http://10.180.1.21/compute/v2.1/servers/68ac66c8-48f9-4d33-8a5f-39c44577eada 0.045s
2024-09-09 15:40:41.153 62802 INFO tempest.lib.common.rest_client [req-25637a2a-3b70-4da0-83b0-e68fbc1051d8 req-25637a2a-3b70-4da0-83b0-e68fbc1051d8 ] Request (ServersWithSpecificFlavorTestJSON:test_verify_created_server_ephemeral_disk): 200 GET http://10.180.1.21/compute/v2.1/servers/7486baa6-20db-447e-83fc-4e66cc2627b9 0.097s
2024-09-09 15:40:41.196 62774 INFO tempest.lib.common.rest_client [req-68f9b767-6989-41f0-ad64-f3ca9ab833e1 req-68f9b767-6989-41f0-ad64-f3ca9ab833e1 ] Request (InstanceActionsV221TestJSON:test_get_list_deleted_instance_actions): 200 GET http://10.180.1.21/compute/v2.1/servers/34f53bc2-247b-4c67-a34a-cc41f77968ee 0.052s
2024-09-09 15:40:41.273 62770 INFO tempest.lib.common.rest_client [req-7d136cd7-b5d5-4a43-947d-697ca626e539 req-7d136cd7-b5d5-4a43-947d-697ca626e539 ] Request (ServerDiagnosticsNegativeTest:test_get_server_diagnostics_by_non_admin): 200 GET http://10.180.1.21/compute/v2.1/servers/99f2f6e9-bb2c-4723-8116-6ac885fb4d57 0.047s
2024-09-09 15:40:41.329 62800 INFO tempest.lib.common.rest_client [req-4072cb61-23d5-4acc-b72a-ed846d669e63 req-4072cb61-23d5-4acc-b72a-ed846d669e63 ] Request (ServerRescueNegativeTestJSON:setUpClass): 200 GET http://10.180.1.21/compute/v2.1/servers/d1163ad2-40a0-4b96-8c5e-2c1c17be0de6 0.050s
2024-09-09 15:40:41.404 62812 INFO tempest.lib.common.rest_client [req-af8ea44a-fbea-4c01-b48f-e02ad4ef4cc5 req-af8ea44a-fbea-4c01-b48f-e02ad4ef4cc5 ] Request (ServerShowV257Test:test_rebuild_server): 200 GET http://10.180.1.21/compute/v2.1/servers/f5758341-e3f9-4900-a4c7-03843f22e808 0.048s
2024-09-09 15:40:41.447 62806 INFO tempest.lib.common.rest_client [req-0ffdb1e7-c683-4496-9c36-9b113325cd88 req-0ffdb1e7-c683-4496-9c36-9b113325cd88 ] Request (ServerActionsTestOtherB:setUpClass): 200 GET http://10.180.1.21/compute/v2.1/servers/b907b656-3290-4077-8390-54a085c1a8a8 0.047s
2024-09-09 15:40:41.487 62796 INFO tempest.lib.common.rest_client [req-1e737a82-1ba4-4b4d-a00b-9466aa51ab34 req-1e737a82-1ba4-4b4d-a00b-9466aa51ab34 ] Request (ServersTestMultiNic:test_verify_multiple_nics_order): 200 GET http://10.180.1.21/compute/v2.1/servers/e28d6414-9c12-4c6b-a2a0-e48299c3d6c4 0.104s
2024-09-09 15:40:41.487 62766 INFO tempest.lib.common.rest_client [req-fb541d89-f1e2-465b-9f67-cb801d113c19 req-fb541d89-f1e2-465b-9f67-cb801d113c19 ] Request (ServerMetadataNegativeTestJSON:setUpClass): 200 GET http://10.180.1.21/compute/v2.1/servers/46b9a8b2-e41a-4a17-9b0d-54814438cea9 0.061s
2024-09-09 15:40:41.534 62760 INFO tempest.lib.common.rest_client [req-47616adf-85a7-466a-97ae-c9d1eea4ca82 req-47616adf-85a7-466a-97ae-c9d1eea4ca82 ] Request (ServerActionsV293TestJSON:setUpClass): 200 GET http://10.180.1.21/compute/v2.1/servers/c6a702ec-5d23-4260-909e-5351b4b82139 0.061s
2024-09-09 15:40:41.561 62808 INFO tempest.lib.common.rest_client [req-76725194-263e-4b23-9e09-62f6c466b1d8 req-76725194-263e-4b23-9e09-62f6c466b1d8 ] Request (MultipleCreateTestJSON:test_multiple_create): 200 GET http://10.180.1.21/compute/v2.1/servers/2acd5b82-342b-4588-86e6-90ac9da29fd9 0.048s
2024-09-09 15:40:41.629 62810 INFO tempest.lib.common.rest_client [req-24f00f96-b9f3-4358-a5a2-ab6ecbeac59a req-24f00f96-b9f3-4358-a5a2-ab6ecbeac59a ] Request (AttachVolumeShelveTestJSON:test_attach_volume_shelved_or_offload_server): 200 GET http://10.180.1.21/compute/v2.1/servers/acb28053-f7c0-428a-9f8c-a49f0addc471 0.047s
2024-09-09 15:40:41.635 62752 INFO tempest.lib.common.rest_client [req-4f0e7123-db02-4ce3-b701-5bd57a564909 req-4f0e7123-db02-4ce3-b701-5bd57a564909 ] Request (SecurityGroupsTestJSON:test_list_security_groups_by_server): 200 GET http://10.180.1.21/compute/v2.1/servers/f3c0d093-e3f8-4a94-a952-4331bc971173 0.101s
2024-09-09 15:40:41.713 62762 INFO tempest.lib.common.rest_client [req-a6b51e8c-1367-4a07-bdfd-4c688931f368 req-a6b51e8c-1367-4a07-bdfd-4c688931f368 ] Request (VolumesAdminNegativeTest:test_update_attached_volume_with_nonexistent_volume_in_body): 200 GET http://10.180.1.21/compute/v2.1/servers/74a74268-d8a5-48a2-b004-828321a428e9 0.045s
2024-09-09 15:40:41.764 62764 INFO tempest.lib.common.rest_client [req-9d485290-0a56-480c-b8b5-0333fd3810a8 req-9d485290-0a56-480c-b8b5-0333fd3810a8 ] Request (ImagesTestJSON:test_create_server_from_snapshot): 200 GET http://10.180.1.21/compute/v2.1/servers/2d1f8d98-524c-41a2-9aaa-495c8d101a60 0.149s
2024-09-09 15:40:41.807 62786 INFO tempest.lib.common.rest_client [req-4e5d1ca7-df9d-4bea-bf23-ed5de60b39f6 req-4e5d1ca7-df9d-4bea-bf23-ed5de60b39f6 ] Request (ServersTestFqdnHostnames:test_create_server_with_fqdn_name): 200 GET http://10.180.1.21/compute/v2.1/servers/f529a423-dbfb-4f4d-bcd6-bac00762eb6c 0.091s
2024-09-09 15:40:41.848 62790 INFO tempest.lib.common.rest_client [req-79e1f9db-da66-4d55-82f3-ff7ee5aba267 req-79e1f9db-da66-4d55-82f3-ff7ee5aba267 ] Request (ServersTestManualDisk:setUpClass): 200 GET http://10.180.1.21/compute/v2.1/servers/8b7d9321-71b7-4eff-a0be-3923730e1658 0.174s
2024-09-09 15:40:41.855 62772 INFO tempest.lib.common.rest_client [req-d97444d6-f97e-4c3d-b240-64b4b131f697 req-d97444d6-f97e-4c3d-b240-64b4b131f697 ] Request (ListServerFiltersTestJSON:setUpClass): 200 GET http://10.180.1.21/compute/v2.1/servers/3eb341b6-0d96-4996-876e-dd8935b83900 0.097s
2024-09-09 15:40:41.891 62756 INFO tempest.lib.common.rest_client [req-fda390ff-f3d9-4c11-92b5-a655d9c4adf0 req-fda390ff-f3d9-4c11-92b5-a655d9c4adf0 ] Request (ServerDiskConfigTestJSON:test_rebuild_server_with_auto_disk_config): 200 GET http://10.180.1.21/compute/v2.1/servers/ccb806bc-77af-4b73-9a60-206b036d25b5 0.091s
2024-09-09 15:40:41.933 62776 INFO tempest.lib.common.rest_client [req-c16e0c97-47b8-49e2-8a17-e24cd7915622 req-c16e0c97-47b8-49e2-8a17-e24cd7915622 ] Request (InstanceActionsNegativeTestJSON:setUpClass): 200 GET http://10.180.1.21/compute/v2.1/servers/42c28258-226c-4c8b-8a06-f0b5f45db9fa 0.087s
2024-09-09 15:40:41.974 62794 INFO tempest.lib.common.rest_client [req-81290a48-620e-4555-a513-6ee5f3adc9be req-81290a48-620e-4555-a513-6ee5f3adc9be ] Request (AttachInterfacesV270Test:test_create_get_list_interfaces): 200 GET http://10.180.1.21/compute/v2.1/servers/d512c6e8-b5c4-44f9-8bda-f5e2ddbe80f6 0.074s
2024-09-09 15:40:41.990 62768 INFO tempest.lib.common.rest_client [req-dfd85465-3108-45f2-bf05-277917aff9e6 req-dfd85465-3108-45f2-bf05-277917aff9e6 ] Request (MigrationsAdminTest:test_resize_server_revert_deleted_flavor): 200 GET http://10.180.1.21/compute/v2.1/servers/c537a88e-d49b-4a6b-aa8c-350481ae18e5 0.187s
2024-09-09 15:40:42.037 62750 INFO tempest.lib.common.rest_client [req-8f735451-0665-4596-b509-cbc941d7caf4 req-8f735451-0665-4596-b509-cbc941d7caf4 ] Request (ServersV294TestFqdnHostnames:setUpClass): 200 GET http://10.180.1.21/compute/v2.1/servers/15752b44-2f93-4458-89e9-b2e6f7587319 0.085s
2024-09-09 15:40:42.081 62804 INFO tempest.lib.common.rest_client [req-38ea712e-3e7f-47f7-8e2f-291b470d2a15 req-38ea712e-3e7f-47f7-8e2f-291b470d2a15 ] Request (AttachVolumeTestJSON:test_list_get_volume_attachments): 200 GET http://10.180.1.21/compute/v2.1/servers/476acb60-28c9-41ba-98da-26fe8e82f0ee 0.095s
2024-09-09 15:40:42.106 62784 INFO tempest.lib.common.rest_client [req-5908f721-4dce-4b99-bbf9-c634ccd2b056 req-5908f721-4dce-4b99-bbf9-c634ccd2b056 ] Request (AttachInterfacesUnderV243Test:test_add_remove_fixed_ip): 200 GET http://10.180.1.21/compute/v2.1/servers/5e976393-27c3-4896-8e40-26b3a7750acc 0.194s
2024-09-09 15:40:42.126 62780 INFO tempest.lib.common.rest_client [req-218cf171-429d-4ef5-a1a8-2c3f4d96d17a req-218cf171-429d-4ef5-a1a8-2c3f4d96d17a ] Request (ServerActionsTestOtherA:setUpClass): 200 GET http://10.180.1.21/compute/v2.1/servers/70b14ffe-104d-4367-b4ac-98443e681d62 0.098s
2024-09-09 15:40:42.170 62798 INFO tempest.lib.common.rest_client [req-9afe5cd1-804c-43c1-9a94-f719a83f07b5 req-9afe5cd1-804c-43c1-9a94-f719a83f07b5 ] Request (ServersTestJSON:setUpClass): 200 GET http://10.180.1.21/compute/v2.1/servers/70e2cf14-b7fb-40f4-8cda-6210353deac0 0.101s
2024-09-09 15:40:42.211 62792 INFO tempest.lib.common.rest_client [req-36b5e7c3-8825-4843-baf9-c1e61b1c8fbb req-36b5e7c3-8825-4843-baf9-c1e61b1c8fbb ] Request (ServerActionsTestJSON:setUpClass): 200 GET http://10.180.1.21/compute/v2.1/servers/e4056e4e-288b-4509-90ed-ca0aae46eeec 0.096s
2024-09-09 15:40:42.247 62782 INFO tempest.lib.common.rest_client [req-feb922ea-c908-4a42-8b67-38f39a40934d req-feb922ea-c908-4a42-8b67-38f39a40934d ] Request (ImagesOneServerTestJSON:setUpClass): 200 GET http://10.180.1.21/compute/v2.1/servers/99b634da-52a2-48f6-8fae-b77e6b0f6b36 0.187s
2024-09-09 15:40:42.255 62754 INFO tempest.lib.common.rest_client [req-78d10c53-bc51-41e0-833a-5ccbadf6dacf req-78d10c53-bc51-41e0-833a-5ccbadf6dacf ] Request (ServersAaction247Test:test_create_backup): 200 GET http://10.180.1.21/compute/v2.1/servers/68ac66c8-48f9-4d33-8a5f-39c44577eada 0.095s
2024-09-09 15:40:42.298 62774 INFO tempest.lib.common.rest_client [req-24bf9cdc-5ce6-47d4-b0b7-f9bb3a13c1eb req-24bf9cdc-5ce6-47d4-b0b7-f9bb3a13c1eb ] Request (InstanceActionsV221TestJSON:test_get_list_deleted_instance_actions): 200 GET http://10.180.1.21/compute/v2.1/servers/34f53bc2-247b-4c67-a34a-cc41f77968ee 0.094s
2024-09-09 15:40:42.341 62770 INFO tempest.lib.common.rest_client [req-29a73b93-e30b-4bef-acbd-9325de14cd4c req-29a73b93-e30b-4bef-acbd-9325de14cd4c ] Request (ServerDiagnosticsNegativeTest:test_get_server_diagnostics_by_non_admin): 200 GET http://10.180.1.21/compute/v2.1/servers/99f2f6e9-bb2c-4723-8116-6ac885fb4d57 0.061s
2024-09-09 15:40:42.380 62802 INFO tempest.lib.common.rest_client [req-0b2ea97f-4e6a-44fe-a593-55acf0ba39eb req-0b2ea97f-4e6a-44fe-a593-55acf0ba39eb ] Request (ServersWithSpecificFlavorTestJSON:test_verify_created_server_ephemeral_disk): 200 GET http://10.180.1.21/compute/v2.1/servers/7486baa6-20db-447e-83fc-4e66cc2627b9 0.219s
2024-09-09 15:40:42.382 62800 INFO tempest.lib.common.rest_client [req-355d7e59-16f1-4e30-96f6-774646646298 req-355d7e59-16f1-4e30-96f6-774646646298 ] Request (ServerRescueNegativeTestJSON:setUpClass): 200 GET http://10.180.1.21/compute/v2.1/servers/d1163ad2-40a0-4b96-8c5e-2c1c17be0de6 0.046s
2024-09-09 15:40:42.460 62812 INFO tempest.lib.common.rest_client [req-b70fd3de-5f8c-4359-835d-a96a40d7dfde req-b70fd3de-5f8c-4359-835d-a96a40d7dfde ] Request (ServerShowV257Test:test_rebuild_server): 200 GET http://10.180.1.21/compute/v2.1/servers/f5758341-e3f9-4900-a4c7-03843f22e808 0.047s
2024-09-09 15:40:42.500 62806 INFO tempest.lib.common.rest_client [req-b991a5ed-7f3f-406e-9c61-5aa5bd1cf170 req-b991a5ed-7f3f-406e-9c61-5aa5bd1cf170 ] Request (ServerActionsTestOtherB:setUpClass): 200 GET http://10.180.1.21/compute/v2.1/servers/b907b656-3290-4077-8390-54a085c1a8a8 0.046s
2024-09-09 15:40:42.542 62766 INFO tempest.lib.common.rest_client [req-6ba5450b-bfbc-43d0-9ab6-c230f8dbfef9 req-6ba5450b-bfbc-43d0-9ab6-c230f8dbfef9 ] Request (ServerMetadataNegativeTestJSON:setUpClass): 200 GET http://10.180.1.21/compute/v2.1/servers/46b9a8b2-e41a-4a17-9b0d-54814438cea9 0.048s
2024-09-09 15:40:42.591 62760 INFO tempest.lib.common.rest_client [req-e0acc805-57f5-41b1-b626-43aa8653e730 req-e0acc805-57f5-41b1-b626-43aa8653e730 ] Request (ServerActionsV293TestJSON:setUpClass): 200 GET http://10.180.1.21/compute/v2.1/servers/c6a702ec-5d23-4260-909e-5351b4b82139 0.049s
2024-09-09 15:40:42.599 62796 INFO tempest.lib.common.rest_client [req-ce50990c-c0eb-46fd-8ec9-8a9c243ef36e req-ce50990c-c0eb-46fd-8ec9-8a9c243ef36e ] Request (ServersTestMultiNic:test_verify_multiple_nics_order): 200 GET http://10.180.1.21/compute/v2.1/servers/e28d6414-9c12-4c6b-a2a0-e48299c3d6c4 0.105s
2024-09-09 15:40:42.632 62808 INFO tempest.lib.common.rest_client [req-7c393f1f-f614-45cd-92dc-03d34557c8e3 req-7c393f1f-f614-45cd-92dc-03d34557c8e3 ] Request (MultipleCreateTestJSON:test_multiple_create): 200 GET http://10.180.1.21/compute/v2.1/servers/2acd5b82-342b-4588-86e6-90ac9da29fd9 0.064s
2024-09-09 15:40:42.687 62810 INFO tempest.lib.common.rest_client [req-b8123f7e-1798-4e45-ada0-17e7e7b774d1 req-b8123f7e-1798-4e45-ada0-17e7e7b774d1 ] Request (AttachVolumeShelveTestJSON:test_attach_volume_shelved_or_offload_server): 200 GET http://10.180.1.21/compute/v2.1/servers/acb28053-f7c0-428a-9f8c-a49f0addc471 0.048s
2024-09-09 15:40:42.744 62752 INFO tempest.lib.common.rest_client [req-f697e975-c226-4e56-8e6d-4fd6847dbaee req-f697e975-c226-4e56-8e6d-4fd6847dbaee ] Request (SecurityGroupsTestJSON:test_list_security_groups_by_server): 200 GET http://10.180.1.21/compute/v2.1/servers/f3c0d093-e3f8-4a94-a952-4331bc971173 0.102s
2024-09-09 15:40:42.770 62762 INFO tempest.lib.common.rest_client [req-235dbeee-72d6-4b31-9b08-a0aaa8066d55 req-235dbeee-72d6-4b31-9b08-a0aaa8066d55 ] Request (VolumesAdminNegativeTest:test_update_attached_volume_with_nonexistent_volume_in_body): 200 GET http://10.180.1.21/compute/v2.1/servers/74a74268-d8a5-48a2-b004-828321a428e9 0.048s
2024-09-09 15:40:42.861 62786 INFO tempest.lib.common.rest_client [req-86e45604-cedc-4b97-ab20-0c7e21c7913b req-86e45604-cedc-4b97-ab20-0c7e21c7913b ] Request (ServersTestFqdnHostnames:test_create_server_with_fqdn_name): 200 GET http://10.180.1.21/compute/v2.1/servers/f529a423-dbfb-4f4d-bcd6-bac00762eb6c 0.047s
2024-09-09 15:40:42.876 62764 INFO tempest.lib.common.rest_client [req-857c1034-dcf0-40b1-a36d-d8a28433df4d req-857c1034-dcf0-40b1-a36d-d8a28433df4d ] Request (ImagesTestJSON:test_create_server_from_snapshot): 200 GET http://10.180.1.21/compute/v2.1/servers/2d1f8d98-524c-41a2-9aaa-495c8d101a60 0.105s
2024-09-09 15:40:42.921 62772 INFO tempest.lib.common.rest_client [req-f1e6e17a-91a2-4ec9-9f24-e50af061e73e req-f1e6e17a-91a2-4ec9-9f24-e50af061e73e ] Request (ListServerFiltersTestJSON:setUpClass): 200 GET http://10.180.1.21/compute/v2.1/servers/3eb341b6-0d96-4996-876e-dd8935b83900 0.058s
2024-09-09 15:40:42.957 62790 INFO tempest.lib.common.rest_client [req-2a6ae013-4d67-4f05-9535-4f52759b7471 req-2a6ae013-4d67-4f05-9535-4f52759b7471 ] Request (ServersTestManualDisk:setUpClass): 200 GET http://10.180.1.21/compute/v2.1/servers/8b7d9321-71b7-4eff-a0be-3923730e1658 0.098s
2024-09-09 15:40:42.963 62756 INFO tempest.lib.common.rest_client [req-0edb8869-a9f4-4a5f-8c30-f10f4ff15b45 req-0edb8869-a9f4-4a5f-8c30-f10f4ff15b45 ] Request (ServerDiskConfigTestJSON:test_rebuild_server_with_auto_disk_config): 200 GET http://10.180.1.21/compute/v2.1/servers/ccb806bc-77af-4b73-9a60-206b036d25b5 0.066s
2024-09-09 15:40:43.000 62776 INFO tempest.lib.common.rest_client [req-b3399c12-0cee-4428-a46f-5b4e2bdfbae0 req-b3399c12-0cee-4428-a46f-5b4e2bdfbae0 ] Request (InstanceActionsNegativeTestJSON:setUpClass): 200 GET http://10.180.1.21/compute/v2.1/servers/42c28258-226c-4c8b-8a06-f0b5f45db9fa 0.061s
2024-09-09 15:40:43.030 62794 INFO tempest.lib.common.rest_client [req-780cf9da-0603-41c2-9cbd-9e69288fe37d req-780cf9da-0603-41c2-9cbd-9e69288fe37d ] Request (AttachInterfacesV270Test:test_create_get_list_interfaces): 200 GET http://10.180.1.21/compute/v2.1/servers/d512c6e8-b5c4-44f9-8bda-f5e2ddbe80f6 0.046s
2024-09-09 15:40:43.097 62768 INFO tempest.lib.common.rest_client [req-fb2aba08-12c7-400f-b2ee-b52f5d82ed82 req-fb2aba08-12c7-400f-b2ee-b52f5d82ed82 ] Request (MigrationsAdminTest:test_resize_server_revert_deleted_flavor): 200 GET http://10.180.1.21/compute/v2.1/servers/c537a88e-d49b-4a6b-aa8c-350481ae18e5 0.100s
2024-09-09 15:40:43.098 62750 INFO tempest.lib.common.rest_client [req-efc2c04c-5b4f-46bb-826c-5b3b1cbda809 req-efc2c04c-5b4f-46bb-826c-5b3b1cbda809 ] Request (ServersV294TestFqdnHostnames:setUpClass): 200 GET http://10.180.1.21/compute/v2.1/servers/15752b44-2f93-4458-89e9-b2e6f7587319 0.049s
2024-09-09 15:40:43.142 62804 INFO tempest.lib.common.rest_client [req-bac76d1a-ed8b-4026-a934-b72e2d3f241c req-bac76d1a-ed8b-4026-a934-b72e2d3f241c ] Request (AttachVolumeTestJSON:test_list_get_volume_attachments): 200 GET http://10.180.1.21/compute/v2.1/servers/476acb60-28c9-41ba-98da-26fe8e82f0ee 0.055s
2024-09-09 15:40:43.185 62780 INFO tempest.lib.common.rest_client [req-45157fe1-3e26-4c0a-b6f6-9a5feb4ced5d req-45157fe1-3e26-4c0a-b6f6-9a5feb4ced5d ] Request (ServerActionsTestOtherA:setUpClass): 200 GET http://10.180.1.21/compute/v2.1/servers/70b14ffe-104d-4367-b4ac-98443e681d62 0.051s
2024-09-09 15:40:43.213 62784 INFO tempest.lib.common.rest_client [req-c112ce6d-22e0-4f45-86ac-e91a1efe8bbb req-c112ce6d-22e0-4f45-86ac-e91a1efe8bbb ] Request (AttachInterfacesUnderV243Test:test_add_remove_fixed_ip): 200 GET http://10.180.1.21/compute/v2.1/servers/5e976393-27c3-4896-8e40-26b3a7750acc 0.100s
2024-09-09 15:40:43.229 62798 INFO tempest.lib.common.rest_client [req-6c5c77cb-af86-4f12-aea2-4d4da5a60175 req-6c5c77cb-af86-4f12-aea2-4d4da5a60175 ] Request (ServersTestJSON:setUpClass): 200 GET http://10.180.1.21/compute/v2.1/servers/70e2cf14-b7fb-40f4-8cda-6210353deac0 0.052s
