2024-09-09 15:38:51.413 62788 INFO tempest.lib.common.rest_client [req-00466112-64d4-4762-a766-a26c0c539206 req-00466112-64d4-4762-a766-a26c0c539206 ] Request (VolumesAssistedSnapshotsTest:tearDownClass): 204 DELETE http://10.180.1.21:9696/networking/v2.0/floatingips/49215212-5ce8-4a8d-b35c-d78f0bac10ca 1.341s
2024-09-09 15:38:51.429 62788 INFO tempest.lib.common.rest_client [req-bbe2bdc1-e1b9-435a-8506-0e1066a8d17c req-bbe2bdc1-e1b9-435a-8506-0e1066a8d17c ] Request (VolumesAssistedSnapshotsTest:tearDownClass): 404 DELETE http://10.180.1.21/volume/v3/a7ce818cc17447fc944a1d4fcf233535/volumes/f9fffe7a-cf87-43a7-8f8e-5758f83d314f 0.015s
2024-09-09 15:38:51.450 62788 INFO tempest.lib.common.rest_client [req-3b5e14df-04bb-4809-a20e-2857a64a6294 req-3b5e14df-04bb-4809-a20e-2857a64a6294 ] Request (VolumesAssistedSnapshotsTest:tearDownClass): 404 GET http://10.180.1.21/volume/v3/a7ce818cc17447fc944a1d4fcf233535/volumes/f9fffe7a-cf87-43a7-8f8e-5758f83d314f 0.021s
2024-09-09 15:38:51.473 62776 INFO tempest.lib.common.rest_client [req-16ce1095-5016-49db-840f-e0545172fe21 req-16ce1095-5016-49db-840f-e0545172fe21 ] Request (ServicesAdminNegativeV253TestJSON:setUpClass): 201 POST http://10.180.1.21/identity/v3/projects 0.070s
2024-09-09 15:38:51.516 62806 INFO tempest.lib.common.rest_client [req-e9b47d09-0892-4916-935d-68bb0ca9b71e req-e9b47d09-0892-4916-935d-68bb0ca9b71e ] Request (FloatingIPsTestJSON:tearDownClass): 200 PUT http://10.180.1.21:9696/networking/v2.0/routers/e108f3e0-a2f3-4640-b3ba-5262e2230c9e/remove_router_interface 4.451s
2024-09-09 15:38:51.525 62802 INFO tempest.lib.common.rest_client [req-a6da609d-db5e-459d-877b-538979ad5d4f req-a6da609d-db5e-459d-877b-538979ad5d4f ] Request (ServersWithSpecificFlavorTestJSON:test_verify_created_server_ephemeral_disk): 200 GET http://10.180.1.21/compute/v2.1/servers/7486baa6-20db-447e-83fc-4e66cc2627b9 4.490s
2024-09-09 15:38:51.525 62776 INFO tempest.lib.common.rest_client [req-8cd31022-0326-46c2-b0a5-cbc27493a6eb req-8cd31022-0326-46c2-b0a5-cbc27493a6eb ] Request (ServicesAdminNegativeV253TestJSON:setUpClass): 201 POST http://10.180.1.21/identity/v3/users 0.052s
2024-09-09 15:38:51.545 62776 INFO tempest.lib.common.rest_client [req-4a16b5c5-c27b-4bc5-b4f8-fad6752df02d req-4a16b5c5-c27b-4bc5-b4f8-fad6752df02d ] Request (ServicesAdminNegativeV253TestJSON:setUpClass): 200 GET http://10.180.1.21/identity/v3/roles 0.019s
2024-09-09 15:38:51.569 62776 INFO tempest.lib.common.rest_client [req-1857cc85-603e-413b-a367-20bf2ce81636 req-1857cc85-603e-413b-a367-20bf2ce81636 ] Request (ServicesAdminNegativeV253TestJSON:setUpClass): 204 PUT http://10.180.1.21/identity/v3/projects/530c254339db45a9a8b6f5906b0be108/users/06c0cbb90bb4470fae52db50aba5d490/roles/632d2aac574f411d85a1546fa38a93ac 0.023s
2024-09-09 15:38:51.569 62792 INFO tempest.lib.common.rest_client [req-ad44aff0-2343-4999-988b-0e7a9fabd282 req-ad44aff0-2343-4999-988b-0e7a9fabd282 ] Request (ListImageFiltersTestJSON:tearDownClass): 204 DELETE http://10.180.1.21:9696/networking/v2.0/security-groups/fd75f02c-df8d-4c99-aeef-4c80d7aba328 0.664s
2024-09-09 15:38:51.639 62776 INFO tempest.lib.common.rest_client [req-0f426e13-23cc-4fbd-823e-892392576817 req-0f426e13-23cc-4fbd-823e-892392576817 ] Request (ServicesAdminNegativeV253TestJSON:setUpClass): 200 GET http://10.180.1.21/identity/v3/roles 0.070s
2024-09-09 15:38:51.656 62776 INFO tempest.lib.common.rest_client [req-c49bf74e-37d5-49c7-9f4f-c2bc0798a1ef req-c49bf74e-37d5-49c7-9f4f-c2bc0798a1ef ] Request (ServicesAdminNegativeV253TestJSON:setUpClass): 204 PUT http://10.180.1.21/identity/v3/projects/530c254339db45a9a8b6f5906b0be108/users/06c0cbb90bb4470fae52db50aba5d490/roles/632d2aac574f411d85a1546fa38a93ac 0.016s
2024-09-09 15:38:51.656 62776 INFO tempest.lib.common.dynamic_creds [-] Dynamic test user 06c0cbb90bb4470fae52db50aba5d490 is created with scope project and roles: ['admin']
2024-09-09 15:38:51.656 62776 INFO tempest.lib.common.dynamic_creds [-] Acquired dynamic creds: credentials: Credentials: {'domain_id': 'default', 'domain_name': 'Default', 'username': 'tempest-ServicesAdminNegativeV253TestJSON-1599260886-project-admin', 'project_domain_id': 'default', 'project_domain_name': 'Default', 'project_id': '530c254339db45a9a8b6f5906b0be108', 'project_name': 'tempest-ServicesAdminNegativeV253TestJSON-1599260886', 'tenant_id': '530c254339db45a9a8b6f5906b0be108', 'tenant_name': 'tempest-ServicesAdminNegativeV253TestJSON-1599260886', 'user_domain_id': 'default', 'user_domain_name': 'Default', 'user_id': '06c0cbb90bb4470fae52db50aba5d490', 'system': None}, Network: None, Subnet: None, Router: None
2024-09-09 15:38:51.656 62776 INFO tempest.lib.common.dynamic_creds [-] Created isolated network resources for: credentials: Credentials: {'domain_id': 'default', 'domain_name': 'Default', 'username': 'tempest-ServicesAdminNegativeV253TestJSON-1599260886-project-admin', 'project_domain_id': 'default', 'project_domain_name': 'Default', 'project_id': '530c254339db45a9a8b6f5906b0be108', 'project_name': 'tempest-ServicesAdminNegativeV253TestJSON-1599260886', 'tenant_id': '530c254339db45a9a8b6f5906b0be108', 'tenant_name': 'tempest-ServicesAdminNegativeV253TestJSON-1599260886', 'user_domain_id': 'default', 'user_domain_name': 'Default', 'user_id': '06c0cbb90bb4470fae52db50aba5d490', 'system': None}, Network: None, Subnet: None, Router: None
2024-09-09 15:38:51.682 62792 INFO tempest.lib.common.rest_client [req-2be77abf-307a-4f05-8358-7c0e86441c4b req-2be77abf-307a-4f05-8358-7c0e86441c4b ] Request (ListImageFiltersTestJSON:tearDownClass): 204 DELETE http://10.180.1.21/identity/v3/projects/7a364de0e90c46979560cb78e820671c 0.112s
2024-09-09 15:38:51.727 62776 INFO tempest.lib.common.rest_client [req-eed09b9b-0a5b-43d7-b6d2-6aade6966e76 req-eed09b9b-0a5b-43d7-b6d2-6aade6966e76 ] Request (ServicesAdminNegativeV253TestJSON:setUpClass): 201 POST http://10.180.1.21/identity/v3/auth/tokens 0.068s
2024-09-09 15:38:51.742 62792 INFO tempest.lib.common.rest_client [req-5a8cd4a5-36fe-4bd7-869e-50f4423a12a9 req-5a8cd4a5-36fe-4bd7-869e-50f4423a12a9 ] Request (ServerActionsTestJSON:setUpClass): 201 POST http://10.180.1.21/identity/v3/auth/tokens 0.056s
2024-09-09 15:38:51.757 62758 INFO tempest.lib.common.rest_client [req-80006743-ad77-4693-9a0f-b33f19ce7d95 req-80006743-ad77-4693-9a0f-b33f19ce7d95 ] Request (FloatingIPDetailsTestJSON:tearDownClass): 204 DELETE http://10.180.1.21:9696/networking/v2.0/networks/d9610fff-345d-4a2b-ab1f-1d3a35a07cc9 1.065s
2024-09-09 15:38:51.771 62792 INFO tempest.lib.common.rest_client [req-c99b8fec-efe3-44ef-b3a8-d21daf1b25ed req-c99b8fec-efe3-44ef-b3a8-d21daf1b25ed ] Request (ServerActionsTestJSON:setUpClass): 201 POST http://10.180.1.21/identity/v3/auth/tokens 0.027s
2024-09-09 15:38:51.792 62792 INFO tempest.lib.common.rest_client [req-d96e546e-f032-4b51-bbce-c392c4ed8885 req-d96e546e-f032-4b51-bbce-c392c4ed8885 ] Request (ServerActionsTestJSON:setUpClass): 200 GET http://10.180.1.21/identity/v3/domains?name=Default 0.020s
2024-09-09 15:38:51.822 62758 INFO tempest.lib.common.rest_client [req-78df7dc3-a7a0-48ca-b5d9-cad352019d53 req-78df7dc3-a7a0-48ca-b5d9-cad352019d53 ] Request (FloatingIPDetailsTestJSON:tearDownClass): 204 DELETE http://10.180.1.21/identity/v3/users/17d9336cff234b77ac93ffbadecba09a 0.064s
2024-09-09 15:38:51.822 62758 INFO tempest.lib.common.dynamic_creds [-] Deleting project and security group for project: 264b2e94eb45497aaeff9c961dee1eca
2024-09-09 15:38:51.853 62792 INFO tempest.lib.common.rest_client [req-e33c2ce4-6ec4-46b9-b3a0-56dfdfda05c4 req-e33c2ce4-6ec4-46b9-b3a0-56dfdfda05c4 ] Request (ServerActionsTestJSON:setUpClass): 201 POST http://10.180.1.21/identity/v3/projects 0.060s
2024-09-09 15:38:51.867 62804 INFO tempest.lib.common.rest_client [req-5b4f61b6-b8e2-4f17-ac54-c9b5a5acf48d req-5b4f61b6-b8e2-4f17-ac54-c9b5a5acf48d ] Request (ValidationResourcesFixture:setUp): 201 POST http://10.180.1.21:9696/networking/v2.0/security-group-rules 0.884s
2024-09-09 15:38:51.971 62792 INFO tempest.lib.common.rest_client [req-fcb6ea70-ce4e-4347-b7d7-67c3b5646fab req-fcb6ea70-ce4e-4347-b7d7-67c3b5646fab ] Request (ServerActionsTestJSON:setUpClass): 201 POST http://10.180.1.21/identity/v3/users 0.117s
2024-09-09 15:38:51.993 62792 INFO tempest.lib.common.rest_client [req-86460300-7750-4ddc-b1b5-b17f5ba1f5ca req-86460300-7750-4ddc-b1b5-b17f5ba1f5ca ] Request (ServerActionsTestJSON:setUpClass): 200 GET http://10.180.1.21/identity/v3/roles 0.021s
2024-09-09 15:38:52.025 62792 INFO tempest.lib.common.rest_client [req-6022f41b-fa18-49ba-a3d9-f422532ddc99 req-6022f41b-fa18-49ba-a3d9-f422532ddc99 ] Request (ServerActionsTestJSON:setUpClass): 204 PUT http://10.180.1.21/identity/v3/projects/95a189135ca441f78c0d691564b00486/users/f9192e61f8384c8f92f87b6f4260af66/roles/249ba3c167b142e69924b880679e7c7b 0.031s
2024-09-09 15:38:52.025 62792 INFO tempest.lib.common.dynamic_creds [-] Dynamic test user f9192e61f8384c8f92f87b6f4260af66 is created with scope project and roles: ['member']
2024-09-09 15:38:52.025 62792 INFO tempest.lib.common.dynamic_creds [-] Acquired dynamic creds: credentials: Credentials: {'domain_id': 'default', 'domain_name': 'Default', 'username': 'tempest-ServerActionsTestJSON-777311385-project-member', 'project_domain_id': 'default', 'project_domain_name': 'Default', 'project_id': '95a189135ca441f78c0d691564b00486', 'project_name': 'tempest-ServerActionsTestJSON-777311385', 'tenant_id': '95a189135ca441f78c0d691564b00486', 'tenant_name': 'tempest-ServerActionsTestJSON-777311385', 'user_domain_id': 'default', 'user_domain_name': 'Default', 'user_id': 'f9192e61f8384c8f92f87b6f4260af66', 'system': None}, Network: None, Subnet: None, Router: None
2024-09-09 15:38:52.054 62758 INFO tempest.lib.common.rest_client [req-d761dd9a-be7a-4ed5-b092-95973d901633 req-d761dd9a-be7a-4ed5-b092-95973d901633 ] Request (FloatingIPDetailsTestJSON:tearDownClass): 200 GET http://10.180.1.21:9696/networking/v2.0/security-groups?tenant_id=264b2e94eb45497aaeff9c961dee1eca&name=default 0.231s
2024-09-09 15:38:52.087 62792 INFO tempest.lib.common.rest_client [req-d410bb68-4230-4e88-9364-c5f2ef27cfb9 req-d410bb68-4230-4e88-9364-c5f2ef27cfb9 ] Request (ServerActionsTestJSON:setUpClass): 201 POST http://10.180.1.21/identity/v3/auth/tokens 0.061s
2024-09-09 15:38:52.150 62786 INFO tempest.lib.common.rest_client [req-cf7cf5d4-f8f3-46f1-8c92-6449dd6c4f0b req-cf7cf5d4-f8f3-46f1-8c92-6449dd6c4f0b ] Request (SecurityGroupRulesNegativeTestJSON:_run_cleanups): 202 DELETE http://10.180.1.21/compute/v2.1/os-security-group-rules/4d04dfbd-a3e7-4bc4-9f7d-7394e9b1c8be 4.612s
2024-09-09 15:38:52.253 62754 INFO tempest.lib.common.rest_client [req-ea23cbfa-bc75-4f16-b445-1462ac71a71e req-ea23cbfa-bc75-4f16-b445-1462ac71a71e ] Request (ServersAaction247Test:test_create_backup): 200 GET http://10.180.1.21/compute/v2.1/servers/68ac66c8-48f9-4d33-8a5f-39c44577eada 4.339s
2024-09-09 15:38:52.590 62758 INFO tempest.lib.common.rest_client [req-dc8268a6-32a3-4df5-933a-b472aab87aca req-dc8268a6-32a3-4df5-933a-b472aab87aca ] Request (FloatingIPDetailsTestJSON:tearDownClass): 204 DELETE http://10.180.1.21:9696/networking/v2.0/security-groups/42711923-ea6c-4cff-97dd-7ec198689980 0.536s
2024-09-09 15:38:52.650 62758 INFO tempest.lib.common.rest_client [req-2d89ec2f-77ba-4bd0-8fb8-0f4e3b4b8fda req-2d89ec2f-77ba-4bd0-8fb8-0f4e3b4b8fda ] Request (FloatingIPDetailsTestJSON:tearDownClass): 204 DELETE http://10.180.1.21/identity/v3/projects/264b2e94eb45497aaeff9c961dee1eca 0.060s
2024-09-09 15:38:52.712 62758 INFO tempest.lib.common.rest_client [req-bc24596e-efa2-4016-9c47-0935c3882a8e req-bc24596e-efa2-4016-9c47-0935c3882a8e ] Request (ListImageFiltersNegativeTestJSON:setUpClass): 201 POST http://10.180.1.21/identity/v3/auth/tokens 0.060s
2024-09-09 15:38:52.744 62758 INFO tempest.lib.common.rest_client [req-c1c47558-1f3d-404a-bf13-6fc0ea143580 req-c1c47558-1f3d-404a-bf13-6fc0ea143580 ] Request (ListImageFiltersNegativeTestJSON:setUpClass): 201 POST http://10.180.1.21/identity/v3/auth/tokens 0.027s
2024-09-09 15:38:52.763 62758 INFO tempest.lib.common.rest_client [req-36c79902-af62-46cc-9a50-17ed5ec9d1a5 req-36c79902-af62-46cc-9a50-17ed5ec9d1a5 ] Request (ListImageFiltersNegativeTestJSON:setUpClass): 200 GET http://10.180.1.21/identity/v3/domains?name=Default 0.019s
2024-09-09 15:38:52.795 62758 INFO tempest.lib.common.rest_client [req-0ae64360-9aec-4f36-b6e8-8578ff6fb24e req-0ae64360-9aec-4f36-b6e8-8578ff6fb24e ] Request (ListImageFiltersNegativeTestJSON:setUpClass): 201 POST http://10.180.1.21/identity/v3/projects 0.031s
2024-09-09 15:38:52.840 62780 INFO tempest.lib.common.rest_client [req-a10265b7-1a2b-4d2d-acaf-28241e10c20b req-a10265b7-1a2b-4d2d-acaf-28241e10c20b ] Request (ServerActionsTestOtherA:setUpClass): 201 POST http://10.180.1.21:9696/networking/v2.0/floatingips 2.663s
2024-09-09 15:38:52.851 62758 INFO tempest.lib.common.rest_client [req-1ae8e36a-67b1-4377-af22-b2231c305382 req-1ae8e36a-67b1-4377-af22-b2231c305382 ] Request (ListImageFiltersNegativeTestJSON:setUpClass): 201 POST http://10.180.1.21/identity/v3/users 0.056s
2024-09-09 15:38:52.867 62758 INFO tempest.lib.common.rest_client [req-4ab849cb-b29b-499c-9ae4-2829ffc37abe req-4ab849cb-b29b-499c-9ae4-2829ffc37abe ] Request (ListImageFiltersNegativeTestJSON:setUpClass): 200 GET http://10.180.1.21/identity/v3/roles 0.015s
2024-09-09 15:38:52.900 62758 INFO tempest.lib.common.rest_client [req-a375e786-43c3-459d-93d5-e9cbecb5e161 req-a375e786-43c3-459d-93d5-e9cbecb5e161 ] Request (ListImageFiltersNegativeTestJSON:setUpClass): 204 PUT http://10.180.1.21/identity/v3/projects/2141dee349a443ec8c1f9e219fe8634c/users/153b7806fc2a4d7fbcf9ff15a579b30e/roles/249ba3c167b142e69924b880679e7c7b 0.032s
2024-09-09 15:38:52.900 62758 INFO tempest.lib.common.dynamic_creds [-] Dynamic test user 153b7806fc2a4d7fbcf9ff15a579b30e is created with scope project and roles: ['member']
2024-09-09 15:38:52.900 62758 INFO tempest.lib.common.dynamic_creds [-] Acquired dynamic creds: credentials: Credentials: {'domain_id': 'default', 'domain_name': 'Default', 'username': 'tempest-ListImageFiltersNegativeTestJSON-340673064-project-member', 'project_domain_id': 'default', 'project_domain_name': 'Default', 'project_id': '2141dee349a443ec8c1f9e219fe8634c', 'project_name': 'tempest-ListImageFiltersNegativeTestJSON-340673064', 'tenant_id': '2141dee349a443ec8c1f9e219fe8634c', 'tenant_name': 'tempest-ListImageFiltersNegativeTestJSON-340673064', 'user_domain_id': 'default', 'user_domain_name': 'Default', 'user_id': '153b7806fc2a4d7fbcf9ff15a579b30e', 'system': None}, Network: None, Subnet: None, Router: None
2024-09-09 15:38:52.900 62758 INFO tempest.lib.common.dynamic_creds [-] Created isolated network resources for: credentials: Credentials: {'domain_id': 'default', 'domain_name': 'Default', 'username': 'tempest-ListImageFiltersNegativeTestJSON-340673064-project-member', 'project_domain_id': 'default', 'project_domain_name': 'Default', 'project_id': '2141dee349a443ec8c1f9e219fe8634c', 'project_name': 'tempest-ListImageFiltersNegativeTestJSON-340673064', 'tenant_id': '2141dee349a443ec8c1f9e219fe8634c', 'tenant_name': 'tempest-ListImageFiltersNegativeTestJSON-340673064', 'user_domain_id': 'default', 'user_domain_name': 'Default', 'user_id': '153b7806fc2a4d7fbcf9ff15a579b30e', 'system': None}, Network: None, Subnet: None, Router: None
2024-09-09 15:38:52.912 62780 INFO tempest.lib.common.rest_client [req-6c82aef5-8cd3-4eb7-829c-83d42cddb89c req-6c82aef5-8cd3-4eb7-829c-83d42cddb89c ] Request (ServerActionsTestOtherA:setUpClass): 201 POST http://10.180.1.21/identity/v3/auth/tokens 0.068s
2024-09-09 15:38:52.913 62780 INFO tempest.lib.common.fixed_network [-] (ServerActionsTestOtherA:setUpClass) Found network {'id': 'd8fc71df-87c2-4347-b1ca-90a1c32130d8', 'name': 'tempest-ServerActionsTestOtherA-1019430907-network', 'tenant_id': 'ef90ca303b264aaea3f07617731a417f', 'admin_state_up': True, 'mtu': 8950, 'status': 'ACTIVE', 'subnets': [], 'shared': False, 'project_id': 'ef90ca303b264aaea3f07617731a417f', 'port_security_enabled': True, 'router:external': False, 'provider:network_type': 'vlan', 'provider:physical_network': 'default', 'provider:segmentation_id': 224, 'is_default': False, 'availability_zone_hints': [], 'availability_zones': [], 'ipv4_address_scope': None, 'ipv6_address_scope': None, 'description': '', 'tags': [], 'created_at': '2024-09-09T15:38:34Z', 'updated_at': '2024-09-09T15:38:34Z', 'revision_number': 1} available for tenant
2024-09-09 15:38:52.975 62792 INFO tempest.lib.common.rest_client [req-aa12d38f-3009-48b8-9f8a-34c01bb33e32 req-aa12d38f-3009-48b8-9f8a-34c01bb33e32 ] Request (ServerActionsTestJSON:setUpClass): 201 POST http://10.180.1.21:9696/networking/v2.0/networks 0.887s
2024-09-09 15:38:52.986 62758 INFO tempest.lib.common.rest_client [req-c4576110-57e9-4655-afcd-cba124c46555 req-c4576110-57e9-4655-afcd-cba124c46555 ] Request (ListImageFiltersNegativeTestJSON:setUpClass): 201 POST http://10.180.1.21/identity/v3/auth/tokens 0.082s
2024-09-09 15:38:53.025 62768 INFO tempest.lib.common.rest_client [req-d77c6ab6-fb85-4e25-b364-518dab5b0edb req-d77c6ab6-fb85-4e25-b364-518dab5b0edb ] Request (MigrationsAdminTest:test_resize_server_revert_deleted_flavor): 200 GET http://10.180.1.21/compute/v2.1/servers/c537a88e-d49b-4a6b-aa8c-350481ae18e5 5.031s
2024-09-09 15:38:53.029 62796 INFO tempest.lib.common.rest_client [req-54fac156-a278-49ed-a828-640bd21ec321 req-54fac156-a278-49ed-a828-640bd21ec321 ] Request (ServersTestMultiNic:test_verify_multiple_nics_order): 202 POST http://10.180.1.21/compute/v2.1/servers 5.638s
2024-09-09 15:38:53.046 62770 INFO tempest.lib.common.rest_client [req-04c01d6f-1061-4d60-ad7f-42a2f13f7545 req-04c01d6f-1061-4d60-ad7f-42a2f13f7545 ] Request (FlavorsAdminTestJSON:_run_cleanups): 202 DELETE http://10.180.1.21/compute/v2.1/flavors/499212844 4.835s
2024-09-09 15:38:53.052 62794 INFO tempest.lib.common.rest_client [req-0eb311a9-eb19-4027-9b2c-ff1577fc2f6d req-0eb311a9-eb19-4027-9b2c-ff1577fc2f6d ] Request (ServersAdminTestJSON:tearDownClass): 404 GET http://10.180.1.21/compute/v2.1/servers/79223ec9-23a6-4770-bfdb-c5467fa57c72 4.931s
2024-09-09 15:38:53.063 62762 INFO tempest.lib.common.rest_client [req-4e5774f7-3e82-48ea-a5b3-e336c37aad46 req-4e5774f7-3e82-48ea-a5b3-e336c37aad46 ] Request (AggregatesAdminNegativeTestJSON:_run_cleanups): 200 DELETE http://10.180.1.21/compute/v2.1/os-aggregates/7 4.801s
2024-09-09 15:38:53.269 62810 INFO tempest.lib.common.rest_client [req-64176127-de94-4b2b-b05a-3d939e3d4a97 req-64176127-de94-4b2b-b05a-3d939e3d4a97 ] Request (ValidationResourcesFixture:setUp): 201 POST http://10.180.1.21/compute/v2.1/os-keypairs 4.746s
2024-09-09 15:38:53.397 62800 INFO tempest.lib.common.rest_client [req-a885f404-7ffa-426f-95f3-3e9462929d49 req-a885f404-7ffa-426f-95f3-3e9462929d49 ] Request (ServersAdmin275Test:test_rebuild_update_server_275): 200 GET http://10.180.1.21/compute/v2.1/servers/4127a3e8-27aa-4fe8-a703-cdde6aca7d94 4.724s
2024-09-09 15:38:53.451 62812 INFO tempest.lib.common.rest_client [req-4f93a64f-73f2-4e10-a642-7725f97fda23 req-4f93a64f-73f2-4e10-a642-7725f97fda23 ] Request (ServerShowV257Test:test_rebuild_server): 202 POST http://10.180.1.21/compute/v2.1/servers 4.580s
2024-09-09 15:38:53.455 62806 INFO tempest.lib.common.rest_client [req-dc0a84a7-6bc7-4c18-8a87-cd926703fd4e req-dc0a84a7-6bc7-4c18-8a87-cd926703fd4e ] Request (FloatingIPsTestJSON:tearDownClass): 204 DELETE http://10.180.1.21:9696/networking/v2.0/routers/e108f3e0-a2f3-4640-b3ba-5262e2230c9e 1.938s
2024-09-09 15:38:53.467 62756 INFO tempest.lib.common.rest_client [req-6bab2f85-dd63-464c-a829-d588bedfc72d req-6bab2f85-dd63-464c-a829-d588bedfc72d ] Request (HostsAdminNegativeTestJSON:test_update_nonexistent_host): 404 PUT http://10.180.1.21/compute/v2.1/os-hosts/nonexistent_hostname 4.007s
2024-09-09 15:38:53.486 62774 INFO tempest.lib.common.rest_client [req-5a50bf52-ce9c-419f-b621-e0fb7a8394fd req-5a50bf52-ce9c-419f-b621-e0fb7a8394fd ] Request (KeyPairsV22TestJSON:_run_cleanups): 204 DELETE http://10.180.1.21/compute/v2.1/os-keypairs/tempest-keypair-277864553 3.984s
2024-09-09 15:38:53.638 62756 INFO tempest.lib.common.rest_client [req-ba4ed629-2465-4d3d-a2b5-f24424536cc7 req-ba4ed629-2465-4d3d-a2b5-f24424536cc7 ] Request (HostsAdminNegativeTestJSON:tearDownClass): 204 DELETE http://10.180.1.21/identity/v3/users/225daa4a642543eb872c9e7e21aee69a 0.167s
2024-09-09 15:38:53.726 62756 INFO tempest.lib.common.rest_client [req-5efaeb8d-6aff-4aeb-a7b1-8ce1a524092d req-5efaeb8d-6aff-4aeb-a7b1-8ce1a524092d ] Request (HostsAdminNegativeTestJSON:tearDownClass): 204 DELETE http://10.180.1.21/identity/v3/users/ee0a477978f74358b3a1fa9907b73b58 0.087s
2024-09-09 15:38:53.726 62756 INFO tempest.lib.common.dynamic_creds [-] Deleting project and security group for project: 85c45235f7f8458cb60eb7f7d63ce8ed
2024-09-09 15:38:53.762 62810 INFO tempest.lib.common.rest_client [req-ab19b2fc-0cdb-499d-b528-8fce281ad863 req-ab19b2fc-0cdb-499d-b528-8fce281ad863 ] Request (ValidationResourcesFixture:setUp): 201 POST http://10.180.1.21:9696/networking/v2.0/security-groups 0.491s
2024-09-09 15:38:53.805 62756 INFO tempest.lib.common.rest_client [req-42d9d05b-adc7-44a0-a669-e4ee4eb63d64 req-42d9d05b-adc7-44a0-a669-e4ee4eb63d64 ] Request (HostsAdminNegativeTestJSON:tearDownClass): 201 POST http://10.180.1.21/identity/v3/auth/tokens 0.079s
2024-09-09 15:38:53.845 62779 INFO tempest.lib.common.rest_client [req-a9bee43c-3694-4b45-841e-8486f8e1689c req-a9bee43c-3694-4b45-841e-8486f8e1689c ] Request (TenantUsagesTestJSON:setUpClass): 200 GET http://10.180.1.21/compute/v2.1/servers/a307cea0-932d-4b5c-b7f3-6d58097e4960 4.195s
2024-09-09 15:38:53.912 62764 INFO tempest.lib.common.rest_client [req-afa26d89-b06f-4ccd-97ad-0d9e11cd643b req-afa26d89-b06f-4ccd-97ad-0d9e11cd643b ] Request (ImagesTestJSON:test_create_server_from_snapshot): 200 GET http://10.180.1.21/compute/v2.1/servers/2d1f8d98-524c-41a2-9aaa-495c8d101a60 4.904s
2024-09-09 15:38:53.914 62804 INFO tempest.lib.common.rest_client [req-47e907b5-6149-4cb7-9d54-74d886af442e req-47e907b5-6149-4cb7-9d54-74d886af442e ] Request (ValidationResourcesFixture:setUp): 201 POST http://10.180.1.21:9696/networking/v2.0/floatingips 2.047s
2024-09-09 15:38:53.956 62750 INFO tempest.lib.common.rest_client [req-0e8ceef9-acd2-4a21-b7ba-72ab4684b472 req-0e8ceef9-acd2-4a21-b7ba-72ab4684b472 ] Request (KeyPairsV2TestJSON:test_keypair_create_delete): 200 POST http://10.180.1.21/compute/v2.1/os-keypairs 4.048s
2024-09-09 15:38:53.972 62806 INFO tempest.lib.common.rest_client [req-1294c68e-4236-456e-a2de-a1f419265a63 req-1294c68e-4236-456e-a2de-a1f419265a63 ] Request (FloatingIPsTestJSON:tearDownClass): 204 DELETE http://10.180.1.21:9696/networking/v2.0/subnets/abfd1b0e-f83c-48d6-96b9-7a81fdc663c8 0.517s
2024-09-09 15:38:53.996 62804 INFO tempest.lib.common.rest_client [req-7ae862a5-0f95-4f55-81f6-600e9daf2b87 req-7ae862a5-0f95-4f55-81f6-600e9daf2b87 ] Request (AttachVolumeTestJSON:test_list_get_volume_attachments): 201 POST http://10.180.1.21/identity/v3/auth/tokens 0.079s
2024-09-09 15:38:53.997 62804 INFO tempest.lib.common.fixed_network [-] (AttachVolumeTestJSON:test_list_get_volume_attachments) Found network {'id': '8b2a47c4-1fe3-4513-a567-b8ca43d3646e', 'name': 'tempest-AttachVolumeTestJSON-2093934563-network', 'tenant_id': '81b2b6d0736645b6be9a139f79f81cc3', 'admin_state_up': True, 'mtu': 8950, 'status': 'ACTIVE', 'subnets': [], 'shared': False, 'project_id': '81b2b6d0736645b6be9a139f79f81cc3', 'port_security_enabled': True, 'router:external': False, 'provider:network_type': 'vlan', 'provider:physical_network': 'default', 'provider:segmentation_id': 695, 'is_default': False, 'availability_zone_hints': [], 'availability_zones': [], 'ipv4_address_scope': None, 'ipv6_address_scope': None, 'description': '', 'tags': [], 'created_at': '2024-09-09T15:37:44Z', 'updated_at': '2024-09-09T15:37:44Z', 'revision_number': 1} available for tenant
2024-09-09 15:38:54.012 62792 INFO tempest.lib.common.rest_client [req-b35f72d3-7111-4103-8a56-a2681689b91d req-b35f72d3-7111-4103-8a56-a2681689b91d ] Request (ServerActionsTestJSON:setUpClass): 201 POST http://10.180.1.21:9696/networking/v2.0/subnets 1.037s
2024-09-09 15:38:54.538 62810 INFO tempest.lib.common.rest_client [req-ace34203-6670-4672-b762-8605571a0d6b req-ace34203-6670-4672-b762-8605571a0d6b ] Request (ValidationResourcesFixture:setUp): 201 POST http://10.180.1.21:9696/networking/v2.0/security-group-rules 0.775s
2024-09-09 15:38:54.588 62798 INFO tempest.lib.common.rest_client [req-40fa597d-32f3-44bc-a459-72a3a853af2d req-40fa597d-32f3-44bc-a459-72a3a853af2d ] Request (FloatingIPsNegativeTestJSON:tearDownClass): 200 PUT http://10.180.1.21:9696/networking/v2.0/routers/d290e723-1786-42ec-b050-90c549a7bac5/remove_router_interface 3.870s
2024-09-09 15:38:54.691 62784 INFO tempest.lib.common.rest_client [req-713413f8-04ed-46ff-87ae-7f21a991cb93 req-713413f8-04ed-46ff-87ae-7f21a991cb93 ] Request (AttachInterfacesUnderV243Test:test_add_remove_fixed_ip): 200 GET http://10.180.1.21/compute/v2.1/servers/5e976393-27c3-4896-8e40-26b3a7750acc 4.808s
2024-09-09 15:38:54.703 62756 INFO tempest.lib.common.rest_client [req-e5c58059-1b5f-4664-b704-211551a12c3e req-e5c58059-1b5f-4664-b704-211551a12c3e ] Request (HostsAdminNegativeTestJSON:tearDownClass): 200 GET http://10.180.1.21:9696/networking/v2.0/security-groups?tenant_id=85c45235f7f8458cb60eb7f7d63ce8ed&name=default 0.898s
2024-09-09 15:38:55.057 62810 INFO tempest.lib.common.rest_client [req-cdf8aa33-c90e-4312-a3b2-671c6fa7b81a req-cdf8aa33-c90e-4312-a3b2-671c6fa7b81a ] Request (ValidationResourcesFixture:setUp): 201 POST http://10.180.1.21:9696/networking/v2.0/security-group-rules 0.518s
2024-09-09 15:38:55.196 62806 INFO tempest.lib.common.rest_client [req-c6b01125-645c-42de-91bb-22a4d484e129 req-c6b01125-645c-42de-91bb-22a4d484e129 ] Request (FloatingIPsTestJSON:tearDownClass): 204 DELETE http://10.180.1.21:9696/networking/v2.0/networks/f2bfd408-2d39-410d-870b-e21e4805a680 1.222s
2024-09-09 15:38:55.247 62756 INFO tempest.lib.common.rest_client [req-f7d120e0-c3c4-4f8b-831f-c51a7dcd8ef9 req-f7d120e0-c3c4-4f8b-831f-c51a7dcd8ef9 ] Request (HostsAdminNegativeTestJSON:tearDownClass): 204 DELETE http://10.180.1.21:9696/networking/v2.0/security-groups/fd64f228-4183-464e-a9c7-5da726045ecc 0.543s
2024-09-09 15:38:55.249 62752 INFO tempest.lib.common.rest_client [req-bcb82be0-9f85-4afa-b3ef-700086ae080e req-bcb82be0-9f85-4afa-b3ef-700086ae080e ] Request (SecurityGroupsTestJSON:test_list_security_groups_by_server): 200 GET http://10.180.1.21/compute/v2.1/servers/f3c0d093-e3f8-4a94-a952-4331bc971173 4.835s
2024-09-09 15:38:55.323 62806 INFO tempest.lib.common.rest_client [req-b658c05d-4a5a-4425-9e6c-067116f51062 req-b658c05d-4a5a-4425-9e6c-067116f51062 ] Request (FloatingIPsTestJSON:tearDownClass): 204 DELETE http://10.180.1.21/identity/v3/users/400b80dfb7ed4959ac9c803bfc0ae4a9 0.126s
2024-09-09 15:38:55.323 62806 INFO tempest.lib.common.dynamic_creds [-] Deleting project and security group for project: a4cbdfb42b8d4fc684cbe7bffabface5
2024-09-09 15:38:55.336 62788 INFO tempest.lib.common.rest_client [req-6120ca59-0fc5-4d0c-8d6f-3f6e2b8c85f7 req-6120ca59-0fc5-4d0c-8d6f-3f6e2b8c85f7 ] Request (VolumesAssistedSnapshotsTest:tearDownClass): 200 PUT http://10.180.1.21:9696/networking/v2.0/routers/2345357c-77fe-40d1-96f1-9bf6d8e654e0/remove_router_interface 3.885s
2024-09-09 15:38:55.342 62766 INFO tempest.lib.common.rest_client [req-a07e1a2e-4bbd-483e-89eb-7ee08c1c033d req-a07e1a2e-4bbd-483e-89eb-7ee08c1c033d ] Request (ServerMetadataNegativeTestJSON:setUpClass): 202 POST http://10.180.1.21/compute/v2.1/servers 5.368s
2024-09-09 15:38:55.368 62760 INFO tempest.lib.common.rest_client [req-48b33f4b-19d7-4bdf-860a-6522f91006b3 req-48b33f4b-19d7-4bdf-860a-6522f91006b3 ] Request (ImagesMetadataNegativeTestJSON:test_set_nonexistent_image_metadata): 404 PUT http://10.180.1.21/compute/v2.1/images/1565deaf-8a68-4ea3-a2d9-48f5b233252a/metadata 4.737s
2024-09-09 15:38:55.389 62756 INFO tempest.lib.common.rest_client [req-3bb9a584-e4c1-4691-87cd-13a80fc2776f req-3bb9a584-e4c1-4691-87cd-13a80fc2776f ] Request (HostsAdminNegativeTestJSON:tearDownClass): 204 DELETE http://10.180.1.21/identity/v3/projects/85c45235f7f8458cb60eb7f7d63ce8ed 0.141s
2024-09-09 15:38:55.389 62756 INFO tempest.lib.common.dynamic_creds [-] Deleting project and security group for project: 011fc2fdb67f4391b9451ba168f16bbc
2024-09-09 15:38:55.390 62808 INFO tempest.lib.common.rest_client [req-d9f4a880-7e79-4f1e-8f80-4eb5fe197871 req-d9f4a880-7e79-4f1e-8f80-4eb5fe197871 ] Request (HostsAdminTestJSON:test_list_hosts_with_nonexistent_zone): 200 GET http://10.180.1.21/compute/v2.1/os-hosts?zone=xxx 4.642s
2024-09-09 15:38:55.457 62806 INFO tempest.lib.common.rest_client [req-06541c8c-9656-4c08-978e-07e9c4ee2de0 req-06541c8c-9656-4c08-978e-07e9c4ee2de0 ] Request (FloatingIPsTestJSON:tearDownClass): 200 GET http://10.180.1.21:9696/networking/v2.0/security-groups?tenant_id=a4cbdfb42b8d4fc684cbe7bffabface5&name=default 0.133s
2024-09-09 15:38:55.556 62772 INFO tempest.lib.common.rest_client [req-a9f3b63c-bf3d-495a-ab27-e31961e14401 req-a9f3b63c-bf3d-495a-ab27-e31961e14401 ] Request (SecurityGroupRulesTestJSON:test_security_group_rules_delete_when_peer_group_deleted): 200 POST http://10.180.1.21/compute/v2.1/os-security-groups 4.942s
2024-09-09 15:38:56.232 62756 INFO tempest.lib.common.rest_client [req-acec198b-b514-47dd-be27-4fccffa02aa3 req-acec198b-b514-47dd-be27-4fccffa02aa3 ] Request (HostsAdminNegativeTestJSON:tearDownClass): 200 GET http://10.180.1.21:9696/networking/v2.0/security-groups?tenant_id=011fc2fdb67f4391b9451ba168f16bbc&name=default 0.842s
2024-09-09 15:38:56.289 62790 INFO tempest.lib.common.rest_client [req-c3913d4b-5422-404f-9efb-f60904c6e238 req-c3913d4b-5422-404f-9efb-f60904c6e238 ] Request (ServersTestManualDisk:setUpClass): 200 GET http://10.180.1.21/compute/v2.1/servers/8b7d9321-71b7-4eff-a0be-3923730e1658 5.403s
2024-09-09 15:38:56.323 62782 INFO tempest.lib.common.rest_client [req-ea970297-696e-4478-92bc-4d9e8b3290c4 req-ea970297-696e-4478-92bc-4d9e8b3290c4 ] Request (ImagesOneServerTestJSON:setUpClass): 200 GET http://10.180.1.21/compute/v2.1/servers/99b634da-52a2-48f6-8fae-b77e6b0f6b36 4.869s
2024-09-09 15:38:56.430 62806 INFO tempest.lib.common.rest_client [req-87a034b1-c0ff-4b22-affb-029d6a9e59e7 req-87a034b1-c0ff-4b22-affb-029d6a9e59e7 ] Request (FloatingIPsTestJSON:tearDownClass): 204 DELETE http://10.180.1.21:9696/networking/v2.0/security-groups/04d1864c-dd51-49b0-a9d8-8bec4b17aaaf 0.973s
2024-09-09 15:38:56.490 62776 INFO tempest.lib.common.rest_client [req-913a9c51-b367-418f-9b92-68006e632682 req-913a9c51-b367-418f-9b92-68006e632682 ] Request (ServicesAdminNegativeV253TestJSON:test_disable_log_reason_with_invalid_service_id): 404 PUT http://10.180.1.21/compute/v2.1/os-services/200dce21-8cb7-45af-8f89-4f81643d7901 4.759s
2024-09-09 15:38:56.525 62806 INFO tempest.lib.common.rest_client [req-f4d00975-9f51-494f-80d6-9a574d0bd236 req-f4d00975-9f51-494f-80d6-9a574d0bd236 ] Request (FloatingIPsTestJSON:tearDownClass): 204 DELETE http://10.180.1.21/identity/v3/projects/a4cbdfb42b8d4fc684cbe7bffabface5 0.094s
2024-09-09 15:38:56.536 62798 INFO tempest.lib.common.rest_client [req-be0fea2c-096b-4a70-b430-246c62ff6ed6 req-be0fea2c-096b-4a70-b430-246c62ff6ed6 ] Request (FloatingIPsNegativeTestJSON:tearDownClass): 204 DELETE http://10.180.1.21:9696/networking/v2.0/routers/d290e723-1786-42ec-b050-90c549a7bac5 1.948s
2024-09-09 15:38:56.612 62806 INFO tempest.lib.common.rest_client [req-ff734d68-75e7-4982-8939-d4a6e7a9ff15 req-ff734d68-75e7-4982-8939-d4a6e7a9ff15 ] Request (MultipleCreateNegativeTestJSON:setUpClass): 201 POST http://10.180.1.21/identity/v3/auth/tokens 0.086s
2024-09-09 15:38:56.653 62806 INFO tempest.lib.common.rest_client [req-960b4044-41fa-4c10-9ece-d0e2ae145b78 req-960b4044-41fa-4c10-9ece-d0e2ae145b78 ] Request (MultipleCreateNegativeTestJSON:setUpClass): 201 POST http://10.180.1.21/identity/v3/auth/tokens 0.036s
2024-09-09 15:38:56.678 62806 INFO tempest.lib.common.rest_client [req-f6c95d0f-86bc-4885-8677-da44be53e625 req-f6c95d0f-86bc-4885-8677-da44be53e625 ] Request (MultipleCreateNegativeTestJSON:setUpClass): 200 GET http://10.180.1.21/identity/v3/domains?name=Default 0.024s
2024-09-09 15:38:56.704 62806 INFO tempest.lib.common.rest_client [req-8a914345-a1a8-470a-81a9-52ccb224dcf8 req-8a914345-a1a8-470a-81a9-52ccb224dcf8 ] Request (MultipleCreateNegativeTestJSON:setUpClass): 201 POST http://10.180.1.21/identity/v3/projects 0.026s
2024-09-09 15:38:56.761 62756 INFO tempest.lib.common.rest_client [req-39616561-a471-4ceb-83f2-e509ed26d878 req-39616561-a471-4ceb-83f2-e509ed26d878 ] Request (HostsAdminNegativeTestJSON:tearDownClass): 204 DELETE http://10.180.1.21:9696/networking/v2.0/security-groups/dd0ae583-94a1-410b-b471-d0d6528b3c61 0.528s
2024-09-09 15:38:56.763 62794 INFO tempest.lib.common.rest_client [req-972b7b0d-f7d0-49f9-ac5b-9b282dacd1d8 req-972b7b0d-f7d0-49f9-ac5b-9b282dacd1d8 ] Request (ServersAdminTestJSON:tearDownClass): 200 PUT http://10.180.1.21:9696/networking/v2.0/routers/3b81b221-5029-43f1-ae3b-2224001946e4/remove_router_interface 3.707s
2024-09-09 15:38:56.769 62806 INFO tempest.lib.common.rest_client [req-094c3033-5262-4cf2-bf98-5724c0e19550 req-094c3033-5262-4cf2-bf98-5724c0e19550 ] Request (MultipleCreateNegativeTestJSON:setUpClass): 201 POST http://10.180.1.21/identity/v3/users 0.064s
2024-09-09 15:38:56.791 62806 INFO tempest.lib.common.rest_client [req-b60c3e33-76d2-4e4a-9f99-7fee22796ae1 req-b60c3e33-76d2-4e4a-9f99-7fee22796ae1 ] Request (MultipleCreateNegativeTestJSON:setUpClass): 200 GET http://10.180.1.21/identity/v3/roles 0.021s
2024-09-09 15:38:56.815 62786 INFO tempest.lib.common.rest_client [req-678873ee-b768-478d-9741-25be1459a219 req-678873ee-b768-478d-9741-25be1459a219 ] Request (SecurityGroupRulesNegativeTestJSON:test_create_security_group_rule_with_invalid_from_port): 200 POST http://10.180.1.21/compute/v2.1/os-security-groups 4.664s
2024-09-09 15:38:56.829 62806 INFO tempest.lib.common.rest_client [req-edf876f9-1e66-4867-bd55-904babd2031d req-edf876f9-1e66-4867-bd55-904babd2031d ] Request (MultipleCreateNegativeTestJSON:setUpClass): 204 PUT http://10.180.1.21/identity/v3/projects/75fb6d42d75c4790907613948ee43ba7/users/9588de7de8b841e8a942080e76624eda/roles/249ba3c167b142e69924b880679e7c7b 0.038s
2024-09-09 15:38:56.829 62806 INFO tempest.lib.common.dynamic_creds [-] Dynamic test user 9588de7de8b841e8a942080e76624eda is created with scope project and roles: ['member']
2024-09-09 15:38:56.829 62806 INFO tempest.lib.common.dynamic_creds [-] Acquired dynamic creds: credentials: Credentials: {'domain_id': 'default', 'domain_name': 'Default', 'username': 'tempest-MultipleCreateNegativeTestJSON-533035479-project-member', 'project_domain_id': 'default', 'project_domain_name': 'Default', 'project_id': '75fb6d42d75c4790907613948ee43ba7', 'project_name': 'tempest-MultipleCreateNegativeTestJSON-533035479', 'tenant_id': '75fb6d42d75c4790907613948ee43ba7', 'tenant_name': 'tempest-MultipleCreateNegativeTestJSON-533035479', 'user_domain_id': 'default', 'user_domain_name': 'Default', 'user_id': '9588de7de8b841e8a942080e76624eda', 'system': None}, Network: None, Subnet: None, Router: None
2024-09-09 15:38:56.830 62806 INFO tempest.lib.common.dynamic_creds [-] Created isolated network resources for: credentials: Credentials: {'domain_id': 'default', 'domain_name': 'Default', 'username': 'tempest-MultipleCreateNegativeTestJSON-533035479-project-member', 'project_domain_id': 'default', 'project_domain_name': 'Default', 'project_id': '75fb6d42d75c4790907613948ee43ba7', 'project_name': 'tempest-MultipleCreateNegativeTestJSON-533035479', 'tenant_id': '75fb6d42d75c4790907613948ee43ba7', 'tenant_name': 'tempest-MultipleCreateNegativeTestJSON-533035479', 'user_domain_id': 'default', 'user_domain_name': 'Default', 'user_id': '9588de7de8b841e8a942080e76624eda', 'system': None}, Network: None, Subnet: None, Router: None
2024-09-09 15:38:56.845 62756 INFO tempest.lib.common.rest_client [req-cc400662-a5ce-41a0-ad4e-fbc99603c583 req-cc400662-a5ce-41a0-ad4e-fbc99603c583 ] Request (HostsAdminNegativeTestJSON:tearDownClass): 204 DELETE http://10.180.1.21/identity/v3/projects/011fc2fdb67f4391b9451ba168f16bbc 0.084s
2024-09-09 15:38:56.923 62756 INFO tempest.lib.common.rest_client [req-9399b8dc-e49a-4c32-beb9-7a57afb04b6d req-9399b8dc-e49a-4c32-beb9-7a57afb04b6d ] Request (ServerDiskConfigTestJSON:setUpClass): 201 POST http://10.180.1.21/identity/v3/auth/tokens 0.076s
2024-09-09 15:38:56.927 62806 INFO tempest.lib.common.rest_client [req-a847548e-c2c7-4c8e-b850-511790cac697 req-a847548e-c2c7-4c8e-b850-511790cac697 ] Request (MultipleCreateNegativeTestJSON:setUpClass): 201 POST http://10.180.1.21/identity/v3/auth/tokens 0.093s
2024-09-09 15:38:56.964 62756 INFO tempest.lib.common.rest_client [req-41f00a95-2329-46ce-a593-a4c71617d604 req-41f00a95-2329-46ce-a593-a4c71617d604 ] Request (ServerDiskConfigTestJSON:setUpClass): 201 POST http://10.180.1.21/identity/v3/auth/tokens 0.037s
2024-09-09 15:38:56.976 62806 INFO tempest.lib.common.rest_client [req-2fc7cc70-62c7-4e6b-b6c1-77084b885f1c req-2fc7cc70-62c7-4e6b-b6c1-77084b885f1c ] Request (MultipleCreateNegativeTestJSON:test_max_count_less_than_min_count): 201 POST http://10.180.1.21/identity/v3/auth/tokens 0.042s
2024-09-09 15:38:56.984 62806 INFO tempest.lib.common.fixed_network [-] (MultipleCreateNegativeTestJSON:test_max_count_less_than_min_count) Found network None available for tenant
2024-09-09 15:38:57.000 62756 INFO tempest.lib.common.rest_client [req-5e43c9c5-fb31-45aa-a4ef-c30904fdbfb0 req-5e43c9c5-fb31-45aa-a4ef-c30904fdbfb0 ] Request (ServerDiskConfigTestJSON:setUpClass): 200 GET http://10.180.1.21/identity/v3/domains?name=Default 0.035s
2024-09-09 15:38:57.036 62756 INFO tempest.lib.common.rest_client [req-a0576620-34fb-446d-a14e-3ff8f5b06abf req-a0576620-34fb-446d-a14e-3ff8f5b06abf ] Request (ServerDiskConfigTestJSON:setUpClass): 201 POST http://10.180.1.21/identity/v3/projects 0.036s
2024-09-09 15:38:57.100 62798 INFO tempest.lib.common.rest_client [req-fbdf2295-978c-4615-952c-3b03a805669d req-fbdf2295-978c-4615-952c-3b03a805669d ] Request (FloatingIPsNegativeTestJSON:tearDownClass): 204 DELETE http://10.180.1.21:9696/networking/v2.0/subnets/c7b1790c-60c3-4098-8a6b-30e7f216e60d 0.564s
2024-09-09 15:38:57.108 62756 INFO tempest.lib.common.rest_client [req-820a721c-d39f-41d2-9577-7c94757c985b req-820a721c-d39f-41d2-9577-7c94757c985b ] Request (ServerDiskConfigTestJSON:setUpClass): 201 POST http://10.180.1.21/identity/v3/users 0.071s
2024-09-09 15:38:57.136 62756 INFO tempest.lib.common.rest_client [req-e7895657-07a8-4143-b960-e115ccb245e9 req-e7895657-07a8-4143-b960-e115ccb245e9 ] Request (ServerDiskConfigTestJSON:setUpClass): 200 GET http://10.180.1.21/identity/v3/roles 0.027s
2024-09-09 15:38:57.166 62756 INFO tempest.lib.common.rest_client [req-db4a7415-3bd8-491d-9bf4-3467cf12b3f6 req-db4a7415-3bd8-491d-9bf4-3467cf12b3f6 ] Request (ServerDiskConfigTestJSON:setUpClass): 204 PUT http://10.180.1.21/identity/v3/projects/31359f24a02b4897b29b5c111a848fcb/users/8f2003a9508e40d3b37aeb0af66870c4/roles/249ba3c167b142e69924b880679e7c7b 0.029s
2024-09-09 15:38:57.166 62756 INFO tempest.lib.common.dynamic_creds [-] Dynamic test user 8f2003a9508e40d3b37aeb0af66870c4 is created with scope project and roles: ['member']
2024-09-09 15:38:57.167 62756 INFO tempest.lib.common.dynamic_creds [-] Acquired dynamic creds: credentials: Credentials: {'domain_id': 'default', 'domain_name': 'Default', 'username': 'tempest-ServerDiskConfigTestJSON-648264141-project-member', 'project_domain_id': 'default', 'project_domain_name': 'Default', 'project_id': '31359f24a02b4897b29b5c111a848fcb', 'project_name': 'tempest-ServerDiskConfigTestJSON-648264141', 'tenant_id': '31359f24a02b4897b29b5c111a848fcb', 'tenant_name': 'tempest-ServerDiskConfigTestJSON-648264141', 'user_domain_id': 'default', 'user_domain_name': 'Default', 'user_id': '8f2003a9508e40d3b37aeb0af66870c4', 'system': None}, Network: None, Subnet: None, Router: None
2024-09-09 15:38:57.170 62802 INFO tempest.lib.common.rest_client [req-584313d9-62f1-438e-84f3-7dfd38c1ca3c req-584313d9-62f1-438e-84f3-7dfd38c1ca3c ] Request (ServersWithSpecificFlavorTestJSON:test_verify_created_server_ephemeral_disk): 200 GET http://10.180.1.21/compute/v2.1/servers/7486baa6-20db-447e-83fc-4e66cc2627b9 4.637s
2024-09-09 15:38:57.254 62756 INFO tempest.lib.common.rest_client [req-add2f200-a254-43a9-9bfd-2dad7bd51f55 req-add2f200-a254-43a9-9bfd-2dad7bd51f55 ] Request (ServerDiskConfigTestJSON:setUpClass): 201 POST http://10.180.1.21/identity/v3/auth/tokens 0.087s
2024-09-09 15:38:57.311 62758 INFO tempest.lib.common.rest_client [req-84449ed2-bce5-47b7-99d9-eff2c87b2038 req-84449ed2-bce5-47b7-99d9-eff2c87b2038 ] Request (ListImageFiltersNegativeTestJSON:test_get_nonexistent_image): 404 GET http://10.180.1.21/compute/v2.1/images/dcbb7da5-a999-4600-bed5-f20d6d6665af 4.324s
2024-09-09 15:38:57.433 62758 INFO tempest.lib.common.rest_client [req-2edfcd96-639b-4dfa-930f-af9c09e61945 req-2edfcd96-639b-4dfa-930f-af9c09e61945 ] Request (ListImageFiltersNegativeTestJSON:tearDownClass): 204 DELETE http://10.180.1.21/identity/v3/users/153b7806fc2a4d7fbcf9ff15a579b30e 0.117s
2024-09-09 15:38:57.434 62758 INFO tempest.lib.common.dynamic_creds [-] Deleting project and security group for project: 2141dee349a443ec8c1f9e219fe8634c
2024-09-09 15:38:57.439 62796 INFO tempest.lib.common.rest_client [req-e27f00e6-7da0-44b7-877f-681c909116f1 req-e27f00e6-7da0-44b7-877f-681c909116f1 ] Request (ServersTestMultiNic:test_verify_multiple_nics_order): 200 GET http://10.180.1.21/compute/v2.1/servers/e28d6414-9c12-4c6b-a2a0-e48299c3d6c4 4.408s
2024-09-09 15:38:57.470 62770 INFO tempest.lib.common.rest_client [req-242e41b9-b17e-4899-8c7f-08b2a4357505 req-242e41b9-b17e-4899-8c7f-08b2a4357505 ] Request (FlavorsAdminTestJSON:_run_cleanups): 200 GET http://10.180.1.21/compute/v2.1/flavors/detail 4.423s
2024-09-09 15:38:57.470 62810 INFO tempest.lib.common.rest_client [req-6cf2e7d1-53a0-460c-b551-eddb1d9ffe96 req-6cf2e7d1-53a0-460c-b551-eddb1d9ffe96 ] Request (ValidationResourcesFixture:setUp): 201 POST http://10.180.1.21:9696/networking/v2.0/floatingips 2.412s
2024-09-09 15:38:57.487 62792 INFO tempest.lib.common.rest_client [req-0a471535-c100-41c3-83ed-224e0d48f28e req-0a471535-c100-41c3-83ed-224e0d48f28e ] Request (ServerActionsTestJSON:setUpClass): 201 POST http://10.180.1.21:9696/networking/v2.0/routers 3.474s
2024-09-09 15:38:57.504 62788 INFO tempest.lib.common.rest_client [req-c3722fe6-cf67-4fc3-b5a4-b0eaeb332b20 req-c3722fe6-cf67-4fc3-b5a4-b0eaeb332b20 ] Request (VolumesAssistedSnapshotsTest:tearDownClass): 204 DELETE http://10.180.1.21:9696/networking/v2.0/routers/2345357c-77fe-40d1-96f1-9bf6d8e654e0 2.168s
2024-09-09 15:38:57.507 62762 INFO tempest.lib.common.rest_client [req-ab9b4e74-2b76-41fe-b791-7b6c938060ea req-ab9b4e74-2b76-41fe-b791-7b6c938060ea ] Request (AggregatesAdminNegativeTestJSON:test_aggregate_remove_nonexistent_host): 200 POST http://10.180.1.21/compute/v2.1/os-aggregates 4.442s
2024-09-09 15:38:57.523 62758 INFO tempest.lib.common.rest_client [req-e72d1eeb-fb41-4908-bb7a-873dde8cb89a req-e72d1eeb-fb41-4908-bb7a-873dde8cb89a ] Request (ListImageFiltersNegativeTestJSON:tearDownClass): 201 POST http://10.180.1.21/identity/v3/auth/tokens 0.089s
2024-09-09 15:38:57.548 62810 INFO tempest.lib.common.rest_client [req-ac24ee20-1334-4a96-a3f4-502a91ac6150 req-ac24ee20-1334-4a96-a3f4-502a91ac6150 ] Request (AttachVolumeShelveTestJSON:test_attach_volume_shelved_or_offload_server): 201 POST http://10.180.1.21/identity/v3/auth/tokens 0.073s
2024-09-09 15:38:57.549 62810 INFO tempest.lib.common.fixed_network [-] (AttachVolumeShelveTestJSON:test_attach_volume_shelved_or_offload_server) Found network {'id': '0d793fd1-277d-4e87-a52b-23ad4094892a', 'name': 'tempest-AttachVolumeShelveTestJSON-1050590142-network', 'tenant_id': '06a45ab0eb114b4bbfaaf0226929d760', 'admin_state_up': True, 'mtu': 8950, 'status': 'ACTIVE', 'subnets': [], 'shared': False, 'project_id': '06a45ab0eb114b4bbfaaf0226929d760', 'port_security_enabled': True, 'router:external': False, 'provider:network_type': 'vlan', 'provider:physical_network': 'default', 'provider:segmentation_id': 577, 'is_default': False, 'availability_zone_hints': [], 'availability_zones': [], 'ipv4_address_scope': None, 'ipv6_address_scope': None, 'description': '', 'tags': [], 'created_at': '2024-09-09T15:38:40Z', 'updated_at': '2024-09-09T15:38:40Z', 'revision_number': 1} available for tenant
2024-09-09 15:38:57.603 62754 INFO tempest.lib.common.rest_client [req-f2943228-2eaf-42ff-9e2f-cfbe9847218b req-f2943228-2eaf-42ff-9e2f-cfbe9847218b ] Request (ServersAaction247Test:test_create_backup): 200 GET http://10.180.1.21/compute/v2.1/servers/68ac66c8-48f9-4d33-8a5f-39c44577eada 4.339s
2024-09-09 15:38:57.695 62812 INFO tempest.lib.common.rest_client [req-155f439a-ebad-4ad7-a13e-95fd629cfbe8 req-155f439a-ebad-4ad7-a13e-95fd629cfbe8 ] Request (ServerShowV257Test:test_rebuild_server): 200 GET http://10.180.1.21/compute/v2.1/servers/f5758341-e3f9-4900-a4c7-03843f22e808 4.242s
2024-09-09 15:38:57.731 62774 INFO tempest.lib.common.rest_client [req-b8a080d0-97c8-4869-a6cd-ef0f2a5a8571 req-b8a080d0-97c8-4869-a6cd-ef0f2a5a8571 ] Request (KeyPairsV22TestJSON:test_keypair_create_with_pub_key): 201 POST http://10.180.1.21/compute/v2.1/os-keypairs 4.242s
2024-09-09 15:38:57.745 62750 INFO tempest.lib.common.rest_client [req-9222d9e6-7d36-4e11-8fad-547f93b41a44 req-9222d9e6-7d36-4e11-8fad-547f93b41a44 ] Request (KeyPairsV2TestJSON:_run_cleanups): 202 DELETE http://10.180.1.21/compute/v2.1/os-keypairs/tempest-keypair-1759328501 3.787s
2024-09-09 15:38:57.977 62758 INFO tempest.lib.common.rest_client [req-b99a34f1-13d3-4c61-b053-0dae19e09361 req-b99a34f1-13d3-4c61-b053-0dae19e09361 ] Request (ListImageFiltersNegativeTestJSON:tearDownClass): 200 GET http://10.180.1.21:9696/networking/v2.0/security-groups?tenant_id=2141dee349a443ec8c1f9e219fe8634c&name=default 0.453s
2024-09-09 15:38:58.053 62798 INFO tempest.lib.common.rest_client [req-c5c5782b-ae02-4805-93be-43c4019f6503 req-c5c5782b-ae02-4805-93be-43c4019f6503 ] Request (FloatingIPsNegativeTestJSON:tearDownClass): 204 DELETE http://10.180.1.21:9696/networking/v2.0/networks/c5d60ea8-23f0-44b1-b725-f84e7c2e3c08 0.952s
2024-09-09 15:38:58.073 62788 INFO tempest.lib.common.rest_client [req-3f734a27-13f3-462b-a277-ab10efc9ef71 req-3f734a27-13f3-462b-a277-ab10efc9ef71 ] Request (VolumesAssistedSnapshotsTest:tearDownClass): 204 DELETE http://10.180.1.21:9696/networking/v2.0/subnets/aa1f565c-c7db-4a90-b84c-5d9b06a57c41 0.568s
2024-09-09 15:38:58.122 62756 INFO tempest.lib.common.rest_client [req-00de492e-5cc1-45f1-afd2-09e65db24e75 req-00de492e-5cc1-45f1-afd2-09e65db24e75 ] Request (ServerDiskConfigTestJSON:setUpClass): 201 POST http://10.180.1.21:9696/networking/v2.0/networks 0.868s
2024-09-09 15:38:58.131 62780 INFO tempest.lib.common.rest_client [req-06d33be8-4f9b-43a3-95c7-b9fc6befcd78 req-06d33be8-4f9b-43a3-95c7-b9fc6befcd78 ] Request (ServerActionsTestOtherA:setUpClass): 202 POST http://10.180.1.21/compute/v2.1/servers 5.217s
2024-09-09 15:38:58.186 62798 INFO tempest.lib.common.rest_client [req-c09763d2-c794-492b-80b1-166630dab98c req-c09763d2-c794-492b-80b1-166630dab98c ] Request (FloatingIPsNegativeTestJSON:tearDownClass): 204 DELETE http://10.180.1.21/identity/v3/users/64f246b7b7ea4d778935e677b44add2f 0.132s
2024-09-09 15:38:58.186 62798 INFO tempest.lib.common.dynamic_creds [-] Deleting project and security group for project: 1a84d2702d194be2909af54abe59073c
2024-09-09 15:38:58.322 62758 INFO tempest.lib.common.rest_client [req-eebf1e67-27bb-4294-b976-a5313c958999 req-eebf1e67-27bb-4294-b976-a5313c958999 ] Request (ListImageFiltersNegativeTestJSON:tearDownClass): 204 DELETE http://10.180.1.21:9696/networking/v2.0/security-groups/d91ab415-580d-4349-a4e5-1df9d2e48f13 0.344s
2024-09-09 15:38:58.396 62798 INFO tempest.lib.common.rest_client [req-2e7b1d54-b13e-4fb4-abfa-1a372d64d518 req-2e7b1d54-b13e-4fb4-abfa-1a372d64d518 ] Request (FloatingIPsNegativeTestJSON:tearDownClass): 200 GET http://10.180.1.21:9696/networking/v2.0/security-groups?tenant_id=1a84d2702d194be2909af54abe59073c&name=default 0.210s
2024-09-09 15:38:58.465 62758 INFO tempest.lib.common.rest_client [req-e26d9611-0e88-44e3-9053-e919d65f4940 req-e26d9611-0e88-44e3-9053-e919d65f4940 ] Request (ListImageFiltersNegativeTestJSON:tearDownClass): 204 DELETE http://10.180.1.21/identity/v3/projects/2141dee349a443ec8c1f9e219fe8634c 0.142s
2024-09-09 15:38:58.481 62794 INFO tempest.lib.common.rest_client [req-ab4c32b6-4c96-4586-86c5-13be5e8ac142 req-ab4c32b6-4c96-4586-86c5-13be5e8ac142 ] Request (ServersAdminTestJSON:tearDownClass): 204 DELETE http://10.180.1.21:9696/networking/v2.0/routers/3b81b221-5029-43f1-ae3b-2224001946e4 1.717s
2024-09-09 15:38:58.659 62768 INFO tempest.lib.common.rest_client [req-28e30515-e03b-45df-a6fa-b16abbcd394f req-28e30515-e03b-45df-a6fa-b16abbcd394f ] Request (MigrationsAdminTest:test_resize_server_revert_deleted_flavor): 200 GET http://10.180.1.21/compute/v2.1/servers/c537a88e-d49b-4a6b-aa8c-350481ae18e5 4.626s
2024-09-09 15:38:58.666 62798 INFO tempest.lib.common.rest_client [req-f2ed2161-9c89-4deb-ac3d-2b90e8f232cc req-f2ed2161-9c89-4deb-ac3d-2b90e8f232cc ] Request (FloatingIPsNegativeTestJSON:tearDownClass): 204 DELETE http://10.180.1.21:9696/networking/v2.0/security-groups/eff11d57-2a7f-4cb2-81f4-dd200227d476 0.269s
2024-09-09 15:38:58.674 62804 INFO tempest.lib.common.rest_client [req-4a06be3e-4eb5-4fca-b268-852242bf0175 req-4a06be3e-4eb5-4fca-b268-852242bf0175 ] Request (AttachVolumeTestJSON:test_list_get_volume_attachments): 202 POST http://10.180.1.21/compute/v2.1/servers 4.676s
