2024-09-09 15:40:58.695 62764 INFO tempest.lib.common.rest_client [req-c12088ef-72c8-4b45-9388-7668ea7a5092 req-c12088ef-72c8-4b45-9388-7668ea7a5092 ] Request (ImagesTestJSON:test_create_server_from_snapshot): 200 GET http://10.180.1.21/compute/v2.1/servers/2d1f8d98-524c-41a2-9aaa-495c8d101a60 0.131s
2024-09-09 15:40:58.709 62802 INFO tempest.lib.common.rest_client [req-e8d975bb-9c3d-43e7-89b9-1416c2b5cac0 req-e8d975bb-9c3d-43e7-89b9-1416c2b5cac0 ] Request (FlavorsExtraSpecsTestJSON:tearDownClass): 202 DELETE http://10.180.1.21/compute/v2.1/flavors/373686457 0.020s
2024-09-09 15:40:58.723 62802 INFO tempest.lib.common.rest_client [req-c93ed628-c48d-4b81-9fdb-9ed4e0945a11 req-c93ed628-c48d-4b81-9fdb-9ed4e0945a11 ] Request (FlavorsExtraSpecsTestJSON:tearDownClass): 200 GET http://10.180.1.21/compute/v2.1/flavors/detail 0.014s
2024-09-09 15:40:58.768 62804 INFO tempest.lib.common.rest_client [req-d9613157-a34c-41e8-96a1-c2654fac93dc req-d9613157-a34c-41e8-96a1-c2654fac93dc ] Request (AttachVolumeTestJSON:test_list_get_volume_attachments): 200 GET http://10.180.1.21/compute/v2.1/servers/476acb60-28c9-41ba-98da-26fe8e82f0ee 0.049s
2024-09-09 15:40:58.784 62766 INFO tempest.lib.common.rest_client [req-093afb4a-552d-46ae-a89a-95541c8ea76f req-093afb4a-552d-46ae-a89a-95541c8ea76f ] Request (ServerMetadataNegativeTestJSON:setUpClass): 200 GET http://10.180.1.21/compute/v2.1/servers/46b9a8b2-e41a-4a17-9b0d-54814438cea9 0.111s
2024-09-09 15:40:58.825 62750 INFO tempest.lib.common.rest_client [req-d129133e-e2bf-47c0-a1a5-5ef94e4a6d52 req-d129133e-e2bf-47c0-a1a5-5ef94e4a6d52 ] Request (ServersV294TestFqdnHostnames:setUpClass): 200 GET http://10.180.1.21/compute/v2.1/servers/15752b44-2f93-4458-89e9-b2e6f7587319 0.051s
2024-09-09 15:40:58.832 62802 INFO tempest.lib.common.rest_client [req-a7ae28d9-3557-43e9-bd8c-0bd964d2cddb req-a7ae28d9-3557-43e9-bd8c-0bd964d2cddb ] Request (FlavorsExtraSpecsTestJSON:tearDownClass): 204 DELETE http://10.180.1.21/identity/v3/users/bb5792723387484498015bd91001cd5c 0.105s
2024-09-09 15:40:58.884 62792 INFO tempest.lib.common.rest_client [req-d9b454ca-6b9f-4b1f-8c88-b70ae23e0097 req-d9b454ca-6b9f-4b1f-8c88-b70ae23e0097 ] Request (ServerActionsTestJSON:setUpClass): 200 GET http://10.180.1.21/compute/v2.1/servers/e4056e4e-288b-4509-90ed-ca0aae46eeec 0.046s
2024-09-09 15:40:58.909 62802 INFO tempest.lib.common.rest_client [req-eedab802-adf7-4fa9-87fd-4588df20a40d req-eedab802-adf7-4fa9-87fd-4588df20a40d ] Request (FlavorsExtraSpecsTestJSON:tearDownClass): 204 DELETE http://10.180.1.21/identity/v3/users/70bb50cd9aa342fea0b3f7e64201461b 0.076s
2024-09-09 15:40:58.909 62802 INFO tempest.lib.common.dynamic_creds [-] Deleting project and security group for project: e3c2bfdba990458d9fcc641d451ccd70
2024-09-09 15:40:58.963 62802 INFO tempest.lib.common.rest_client [req-f85ae5bd-f641-41d3-8712-8e0be8e5b36d req-f85ae5bd-f641-41d3-8712-8e0be8e5b36d ] Request (FlavorsExtraSpecsTestJSON:tearDownClass): 201 POST http://10.180.1.21/identity/v3/auth/tokens 0.053s
2024-09-09 15:40:58.986 62798 INFO tempest.lib.common.rest_client [req-bf5ab9cd-0b7a-452f-a7a6-143a0ea567f5 req-bf5ab9cd-0b7a-452f-a7a6-143a0ea567f5 ] Request (ServersTestJSON:setUpClass): 200 GET http://10.180.1.21/compute/v2.1/servers/70e2cf14-b7fb-40f4-8cda-6210353deac0 0.050s
2024-09-09 15:40:59.034 62790 INFO tempest.lib.common.rest_client [req-e05d75d5-80d7-4053-affb-f4cdd5060b69 req-e05d75d5-80d7-4053-affb-f4cdd5060b69 ] Request (ServersTestManualDisk:setUpClass): 200 GET http://10.180.1.21/compute/v2.1/servers/8b7d9321-71b7-4eff-a0be-3923730e1658 0.139s
2024-09-09 15:40:59.095 62754 INFO tempest.lib.common.rest_client [req-80e78b33-ddef-40cb-9261-ddbd351e92ce req-80e78b33-ddef-40cb-9261-ddbd351e92ce ] Request (ServersAaction247Test:test_create_backup): 200 GET http://10.180.1.21/compute/v2.1/servers/68ac66c8-48f9-4d33-8a5f-39c44577eada 0.113s
2024-09-09 15:40:59.182 62770 INFO tempest.lib.common.rest_client [req-90a185d2-0edb-4c82-8a4d-dc2cc2d28f76 req-90a185d2-0edb-4c82-8a4d-dc2cc2d28f76 ] Request (ServerDiagnosticsNegativeTest:test_get_server_diagnostics_by_non_admin): 200 GET http://10.180.1.21/compute/v2.1/servers/99f2f6e9-bb2c-4723-8116-6ac885fb4d57 0.198s
2024-09-09 15:40:59.234 62812 INFO tempest.lib.common.rest_client [req-b86560c8-58d0-4ac9-a9ad-04bcb7c74253 req-b86560c8-58d0-4ac9-a9ad-04bcb7c74253 ] Request (ServerShowV257Test:test_rebuild_server): 200 GET http://10.180.1.21/compute/v2.1/servers/f5758341-e3f9-4900-a4c7-03843f22e808 0.201s
2024-09-09 15:40:59.255 62802 INFO tempest.lib.common.rest_client [req-bfea653d-6137-43b0-936f-9357d6252277 req-bfea653d-6137-43b0-936f-9357d6252277 ] Request (FlavorsExtraSpecsTestJSON:tearDownClass): 200 GET http://10.180.1.21:9696/networking/v2.0/security-groups?tenant_id=e3c2bfdba990458d9fcc641d451ccd70&name=default 0.292s
2024-09-09 15:40:59.289 62774 INFO tempest.lib.common.rest_client [req-82fa32b3-f94d-4099-b329-81b5f80ddced req-82fa32b3-f94d-4099-b329-81b5f80ddced ] Request (InstanceActionsV221TestJSON:test_get_list_deleted_instance_actions): 200 GET http://10.180.1.21/compute/v2.1/servers/34f53bc2-247b-4c67-a34a-cc41f77968ee 0.235s
2024-09-09 15:40:59.298 62796 INFO tempest.lib.common.rest_client [req-c933025d-40d6-451d-9f26-c509a79cfb27 req-c933025d-40d6-451d-9f26-c509a79cfb27 ] Request (ServersTestMultiNic:test_verify_multiple_nics_order): 200 GET http://10.180.1.21/compute/v2.1/servers/e28d6414-9c12-4c6b-a2a0-e48299c3d6c4 0.357s
2024-09-09 15:40:59.339 62800 INFO tempest.lib.common.rest_client [req-13e7c0b6-01e9-4292-b295-486ef8f34f71 req-13e7c0b6-01e9-4292-b295-486ef8f34f71 ] Request (ServerRescueNegativeTestJSON:setUpClass): 200 GET http://10.180.1.21/compute/v2.1/servers/d1163ad2-40a0-4b96-8c5e-2c1c17be0de6 0.262s
2024-09-09 15:40:59.349 62806 INFO tempest.lib.common.rest_client [req-6d1a3e3f-a351-4560-bab0-a93bd59331c0 req-6d1a3e3f-a351-4560-bab0-a93bd59331c0 ] Request (ServerActionsTestOtherB:setUpClass): 200 GET http://10.180.1.21/compute/v2.1/servers/b907b656-3290-4077-8390-54a085c1a8a8 0.228s
2024-09-09 15:40:59.395 62760 INFO tempest.lib.common.rest_client [req-22c2acf3-0c33-420a-aca3-a7463debf1d8 req-22c2acf3-0c33-420a-aca3-a7463debf1d8 ] Request (ServerActionsV293TestJSON:setUpClass): 200 GET http://10.180.1.21/compute/v2.1/servers/c6a702ec-5d23-4260-909e-5351b4b82139 0.221s
2024-09-09 15:40:59.398 62802 INFO tempest.lib.common.rest_client [req-9984010b-c901-4935-bba1-f3e0e057081d req-9984010b-c901-4935-bba1-f3e0e057081d ] Request (FlavorsExtraSpecsTestJSON:tearDownClass): 204 DELETE http://10.180.1.21:9696/networking/v2.0/security-groups/b2165b10-fba1-4e0c-ad78-ffa8ef7d2a27 0.142s
2024-09-09 15:40:59.438 62808 INFO tempest.lib.common.rest_client [req-afed4d0e-cb71-4359-be38-ae559c3dcade req-afed4d0e-cb71-4359-be38-ae559c3dcade ] Request (MultipleCreateTestJSON:test_multiple_create): 200 GET http://10.180.1.21/compute/v2.1/servers/2acd5b82-342b-4588-86e6-90ac9da29fd9 0.118s
2024-09-09 15:40:59.469 62802 INFO tempest.lib.common.rest_client [req-e29494d6-a495-4a17-bc59-fb681623cd36 req-e29494d6-a495-4a17-bc59-fb681623cd36 ] Request (FlavorsExtraSpecsTestJSON:tearDownClass): 204 DELETE http://10.180.1.21/identity/v3/projects/e3c2bfdba990458d9fcc641d451ccd70 0.070s
2024-09-09 15:40:59.469 62802 INFO tempest.lib.common.dynamic_creds [-] Deleting project and security group for project: de37f6bc9c10467081c82eaca82ec64b
2024-09-09 15:40:59.485 62810 INFO tempest.lib.common.rest_client [req-9f81c0b3-e533-46e2-859d-0d29a5a47664 req-9f81c0b3-e533-46e2-859d-0d29a5a47664 ] Request (AttachVolumeShelveTestJSON:test_attach_volume_shelved_or_offload_server): 200 GET http://10.180.1.21/compute/v2.1/servers/acb28053-f7c0-428a-9f8c-a49f0addc471 0.122s
2024-09-09 15:40:59.508 62784 INFO tempest.lib.common.rest_client [req-09675b1c-89d3-4aae-b2eb-aecb8915f932 req-09675b1c-89d3-4aae-b2eb-aecb8915f932 ] Request (AttachInterfacesUnderV243Test:test_add_remove_fixed_ip): 200 GET http://10.180.1.21/compute/v2.1/servers/5e976393-27c3-4896-8e40-26b3a7750acc 0.230s
2024-09-09 15:40:59.556 62762 INFO tempest.lib.common.rest_client [req-673dcadb-1581-408c-935f-54865e0f276b req-673dcadb-1581-408c-935f-54865e0f276b ] Request (VolumesAdminNegativeTest:test_update_attached_volume_with_nonexistent_volume_in_body): 200 GET http://10.180.1.21/compute/v2.1/servers/74a74268-d8a5-48a2-b004-828321a428e9 0.153s
2024-09-09 15:40:59.599 62752 INFO tempest.lib.common.rest_client [req-a825995e-b466-4e0c-9b64-c653045acc37 req-a825995e-b466-4e0c-9b64-c653045acc37 ] Request (SecurityGroupsTestJSON:test_list_security_groups_by_server): 200 GET http://10.180.1.21/compute/v2.1/servers/f3c0d093-e3f8-4a94-a952-4331bc971173 0.217s
2024-09-09 15:40:59.609 62802 INFO tempest.lib.common.rest_client [req-1b2ae119-e8ed-4ea2-bb4c-e13159c5fc98 req-1b2ae119-e8ed-4ea2-bb4c-e13159c5fc98 ] Request (FlavorsExtraSpecsTestJSON:tearDownClass): 200 GET http://10.180.1.21:9696/networking/v2.0/security-groups?tenant_id=de37f6bc9c10467081c82eaca82ec64b&name=default 0.140s
2024-09-09 15:40:59.612 62772 INFO tempest.lib.common.rest_client [req-bb223722-e6ea-4ac2-b5a8-c2e50abee566 req-bb223722-e6ea-4ac2-b5a8-c2e50abee566 ] Request (ListServerFiltersTestJSON:setUpClass): 200 GET http://10.180.1.21/compute/v2.1/servers/3eb341b6-0d96-4996-876e-dd8935b83900 0.169s
2024-09-09 15:40:59.649 62786 INFO tempest.lib.common.rest_client [req-07abb463-3110-475f-8446-074660604933 req-07abb463-3110-475f-8446-074660604933 ] Request (ServersTestFqdnHostnames:test_create_server_with_fqdn_name): 200 GET http://10.180.1.21/compute/v2.1/servers/f529a423-dbfb-4f4d-bcd6-bac00762eb6c 0.204s
2024-09-09 15:40:59.654 62756 INFO tempest.lib.common.rest_client [req-1e256aee-76a6-429a-a007-134cf38a4706 req-1e256aee-76a6-429a-a007-134cf38a4706 ] Request (ServerDiskConfigTestJSON:test_rebuild_server_with_auto_disk_config): 200 GET http://10.180.1.21/compute/v2.1/servers/ccb806bc-77af-4b73-9a60-206b036d25b5 0.167s
2024-09-09 15:40:59.692 62776 INFO tempest.lib.common.rest_client [req-1d4611f6-00af-401e-88a4-eef27fcdfaeb req-1d4611f6-00af-401e-88a4-eef27fcdfaeb ] Request (InstanceActionsNegativeTestJSON:setUpClass): 200 GET http://10.180.1.21/compute/v2.1/servers/42c28258-226c-4c8b-8a06-f0b5f45db9fa 0.156s
2024-09-09 15:40:59.742 62794 INFO tempest.lib.common.rest_client [req-a95dad0e-213a-41f1-a74c-9958095f8511 req-a95dad0e-213a-41f1-a74c-9958095f8511 ] Request (AttachInterfacesV270Test:test_create_get_list_interfaces): 200 GET http://10.180.1.21/compute/v2.1/servers/d512c6e8-b5c4-44f9-8bda-f5e2ddbe80f6 0.152s
2024-09-09 15:40:59.747 62802 INFO tempest.lib.common.rest_client [req-985a56b3-6ab0-49d5-8d12-88279dd3f82a req-985a56b3-6ab0-49d5-8d12-88279dd3f82a ] Request (FlavorsExtraSpecsTestJSON:tearDownClass): 204 DELETE http://10.180.1.21:9696/networking/v2.0/security-groups/7e76cdcb-7d7d-43cb-bc70-e6fc38b099d0 0.137s
2024-09-09 15:40:59.794 62768 INFO tempest.lib.common.rest_client [req-ca846d3d-4257-4b0a-9fea-b97493836860 req-ca846d3d-4257-4b0a-9fea-b97493836860 ] Request (MigrationsAdminTest:test_resize_server_revert_deleted_flavor): 200 GET http://10.180.1.21/compute/v2.1/servers/c537a88e-d49b-4a6b-aa8c-350481ae18e5 0.254s
2024-09-09 15:40:59.835 62802 INFO tempest.lib.common.rest_client [req-a9bf59c3-b12e-49be-8ea2-412643372317 req-a9bf59c3-b12e-49be-8ea2-412643372317 ] Request (FlavorsExtraSpecsTestJSON:tearDownClass): 204 DELETE http://10.180.1.21/identity/v3/projects/de37f6bc9c10467081c82eaca82ec64b 0.087s
2024-09-09 15:40:59.838 62780 INFO tempest.lib.common.rest_client [req-6ad0d0c4-b34c-4802-8579-b6fc8db84474 req-6ad0d0c4-b34c-4802-8579-b6fc8db84474 ] Request (ServerActionsTestOtherA:setUpClass): 200 GET http://10.180.1.21/compute/v2.1/servers/70b14ffe-104d-4367-b4ac-98443e681d62 0.152s
2024-09-09 15:40:59.882 62782 INFO tempest.lib.common.rest_client [req-dba9e165-dbd0-488e-81bc-13e4415d0c3c req-dba9e165-dbd0-488e-81bc-13e4415d0c3c ] Request (ImagesOneServerTestJSON:setUpClass): 200 GET http://10.180.1.21/compute/v2.1/servers/99b634da-52a2-48f6-8fae-b77e6b0f6b36 0.251s
2024-09-09 15:40:59.895 62802 INFO tempest.lib.common.rest_client [req-06d44f2b-47af-4217-8eb1-34c5090e1e8a req-06d44f2b-47af-4217-8eb1-34c5090e1e8a ] Request (QuotasAdminNegativeTest:setUpClass): 201 POST http://10.180.1.21/identity/v3/auth/tokens 0.059s
2024-09-09 15:40:59.922 62802 INFO tempest.lib.common.rest_client [req-2c2f4b7e-e698-43ad-90ba-c43234420ea0 req-2c2f4b7e-e698-43ad-90ba-c43234420ea0 ] Request (QuotasAdminNegativeTest:setUpClass): 201 POST http://10.180.1.21/identity/v3/auth/tokens 0.025s
2024-09-09 15:40:59.927 62804 INFO tempest.lib.common.rest_client [req-a0635cf6-c207-40da-bd97-41b4d91aa2f5 req-a0635cf6-c207-40da-bd97-41b4d91aa2f5 ] Request (AttachVolumeTestJSON:test_list_get_volume_attachments): 200 GET http://10.180.1.21/compute/v2.1/servers/476acb60-28c9-41ba-98da-26fe8e82f0ee 0.153s
2024-09-09 15:40:59.940 62764 INFO tempest.lib.common.rest_client [req-b135c605-5e0a-44de-9fc2-c156f3042d71 req-b135c605-5e0a-44de-9fc2-c156f3042d71 ] Request (ImagesTestJSON:test_create_server_from_snapshot): 200 GET http://10.180.1.21/compute/v2.1/servers/2d1f8d98-524c-41a2-9aaa-495c8d101a60 0.236s
2024-09-09 15:40:59.941 62802 INFO tempest.lib.common.rest_client [req-961cbed8-41b0-4a71-9a12-fda8cbe80530 req-961cbed8-41b0-4a71-9a12-fda8cbe80530 ] Request (QuotasAdminNegativeTest:setUpClass): 200 GET http://10.180.1.21/identity/v3/domains?name=Default 0.019s
2024-09-09 15:40:59.965 62802 INFO tempest.lib.common.rest_client [req-3c07578a-db65-43ff-b865-9fbbe3dd9d30 req-3c07578a-db65-43ff-b865-9fbbe3dd9d30 ] Request (QuotasAdminNegativeTest:setUpClass): 201 POST http://10.180.1.21/identity/v3/projects 0.023s
2024-09-09 15:40:59.990 62750 INFO tempest.lib.common.rest_client [req-365d96dc-29d1-4da9-b66e-581ce147f8af req-365d96dc-29d1-4da9-b66e-581ce147f8af ] Request (ServersV294TestFqdnHostnames:setUpClass): 200 GET http://10.180.1.21/compute/v2.1/servers/15752b44-2f93-4458-89e9-b2e6f7587319 0.156s
2024-09-09 15:41:00.017 62802 INFO tempest.lib.common.rest_client [req-c586bcd7-0057-4944-954e-bfc5da1a5f22 req-c586bcd7-0057-4944-954e-bfc5da1a5f22 ] Request (QuotasAdminNegativeTest:setUpClass): 201 POST http://10.180.1.21/identity/v3/users 0.052s
2024-09-09 15:41:00.031 62766 INFO tempest.lib.common.rest_client [req-ace6a66c-bfac-4ba0-a8b8-aed4c2470f52 req-ace6a66c-bfac-4ba0-a8b8-aed4c2470f52 ] Request (ServerMetadataNegativeTestJSON:setUpClass): 200 GET http://10.180.1.21/compute/v2.1/servers/46b9a8b2-e41a-4a17-9b0d-54814438cea9 0.240s
2024-09-09 15:41:00.035 62802 INFO tempest.lib.common.rest_client [req-9a97b909-7739-4d97-ae94-b1332e22f8d8 req-9a97b909-7739-4d97-ae94-b1332e22f8d8 ] Request (QuotasAdminNegativeTest:setUpClass): 200 GET http://10.180.1.21/identity/v3/roles 0.017s
2024-09-09 15:41:00.037 62792 INFO tempest.lib.common.rest_client [req-b97554fe-a622-4afd-992c-0e1566f282fb req-b97554fe-a622-4afd-992c-0e1566f282fb ] Request (ServerActionsTestJSON:setUpClass): 200 GET http://10.180.1.21/compute/v2.1/servers/e4056e4e-288b-4509-90ed-ca0aae46eeec 0.147s
2024-09-09 15:41:00.060 62802 INFO tempest.lib.common.rest_client [req-2dfb3433-932f-4628-83bb-0b18cbfbfb76 req-2dfb3433-932f-4628-83bb-0b18cbfbfb76 ] Request (QuotasAdminNegativeTest:setUpClass): 204 PUT http://10.180.1.21/identity/v3/projects/0550b92085674591a40c6124f2be04ab/users/59de0ebc04ad4099828992c3e0944760/roles/249ba3c167b142e69924b880679e7c7b 0.024s
2024-09-09 15:41:00.060 62802 INFO tempest.lib.common.dynamic_creds [-] Dynamic test user 59de0ebc04ad4099828992c3e0944760 is created with scope project and roles: ['member']
2024-09-09 15:41:00.060 62802 INFO tempest.lib.common.dynamic_creds [-] Acquired dynamic creds: credentials: Credentials: {'domain_id': 'default', 'domain_name': 'Default', 'username': 'tempest-QuotasAdminNegativeTest-832055506-project-member', 'project_domain_id': 'default', 'project_domain_name': 'Default', 'project_id': '0550b92085674591a40c6124f2be04ab', 'project_name': 'tempest-QuotasAdminNegativeTest-832055506', 'tenant_id': '0550b92085674591a40c6124f2be04ab', 'tenant_name': 'tempest-QuotasAdminNegativeTest-832055506', 'user_domain_id': 'default', 'user_domain_name': 'Default', 'user_id': '59de0ebc04ad4099828992c3e0944760', 'system': None}, Network: None, Subnet: None, Router: None
2024-09-09 15:41:00.060 62802 INFO tempest.lib.common.dynamic_creds [-] Created isolated network resources for: credentials: Credentials: {'domain_id': 'default', 'domain_name': 'Default', 'username': 'tempest-QuotasAdminNegativeTest-832055506-project-member', 'project_domain_id': 'default', 'project_domain_name': 'Default', 'project_id': '0550b92085674591a40c6124f2be04ab', 'project_name': 'tempest-QuotasAdminNegativeTest-832055506', 'tenant_id': '0550b92085674591a40c6124f2be04ab', 'tenant_name': 'tempest-QuotasAdminNegativeTest-832055506', 'user_domain_id': 'default', 'user_domain_name': 'Default', 'user_id': '59de0ebc04ad4099828992c3e0944760', 'system': None}, Network: None, Subnet: None, Router: None
2024-09-09 15:41:00.082 62798 INFO tempest.lib.common.rest_client [req-1836a14c-794f-48a3-be01-7fa1073e3ea6 req-1836a14c-794f-48a3-be01-7fa1073e3ea6 ] Request (ServersTestJSON:setUpClass): 200 GET http://10.180.1.21/compute/v2.1/servers/70e2cf14-b7fb-40f4-8cda-6210353deac0 0.088s
2024-09-09 15:41:00.125 62802 INFO tempest.lib.common.rest_client [req-f88e4c06-e951-4373-af28-8e9fc9731238 req-f88e4c06-e951-4373-af28-8e9fc9731238 ] Request (QuotasAdminNegativeTest:setUpClass): 201 POST http://10.180.1.21/identity/v3/auth/tokens 0.061s
2024-09-09 15:41:00.150 62790 INFO tempest.lib.common.rest_client [req-da12e381-dfb9-4568-badd-d9a3467dad02 req-da12e381-dfb9-4568-badd-d9a3467dad02 ] Request (ServersTestManualDisk:setUpClass): 200 GET http://10.180.1.21/compute/v2.1/servers/8b7d9321-71b7-4eff-a0be-3923730e1658 0.108s
2024-09-09 15:41:00.153 62754 INFO tempest.lib.common.rest_client [req-09488a24-ed14-4eeb-97e4-b8a04a299c57 req-09488a24-ed14-4eeb-97e4-b8a04a299c57 ] Request (ServersAaction247Test:test_create_backup): 200 GET http://10.180.1.21/compute/v2.1/servers/68ac66c8-48f9-4d33-8a5f-39c44577eada 0.049s
2024-09-09 15:41:00.176 62802 INFO tempest.lib.common.rest_client [req-0d3cb4bb-3aee-4ff5-ba97-d6bc201929df req-0d3cb4bb-3aee-4ff5-ba97-d6bc201929df ] Request (QuotasAdminNegativeTest:setUpClass): 201 POST http://10.180.1.21/identity/v3/projects 0.051s
2024-09-09 15:41:00.229 62802 INFO tempest.lib.common.rest_client [req-720c1e32-b910-47c8-92d5-48052f572574 req-720c1e32-b910-47c8-92d5-48052f572574 ] Request (QuotasAdminNegativeTest:setUpClass): 201 POST http://10.180.1.21/identity/v3/users 0.052s
2024-09-09 15:41:00.248 62770 INFO tempest.lib.common.rest_client [req-bb875b0f-fa1f-4271-adb9-99555dcb4eb2 req-bb875b0f-fa1f-4271-adb9-99555dcb4eb2 ] Request (ServerDiagnosticsNegativeTest:test_get_server_diagnostics_by_non_admin): 200 GET http://10.180.1.21/compute/v2.1/servers/99f2f6e9-bb2c-4723-8116-6ac885fb4d57 0.059s
2024-09-09 15:41:00.254 62802 INFO tempest.lib.common.rest_client [req-a214a17b-39a2-46e6-892f-f94882388090 req-a214a17b-39a2-46e6-892f-f94882388090 ] Request (QuotasAdminNegativeTest:setUpClass): 200 GET http://10.180.1.21/identity/v3/roles 0.025s
2024-09-09 15:41:00.279 62802 INFO tempest.lib.common.rest_client [req-cb6fe606-c7f3-4ec2-b61c-6fa16e2d160d req-cb6fe606-c7f3-4ec2-b61c-6fa16e2d160d ] Request (QuotasAdminNegativeTest:setUpClass): 204 PUT http://10.180.1.21/identity/v3/projects/696167403d18497eb625fcc56b7dab40/users/cdbee39a52b341ca8e6a0f0052076185/roles/632d2aac574f411d85a1546fa38a93ac 0.024s
2024-09-09 15:41:00.309 62812 INFO tempest.lib.common.rest_client [req-81e9c2de-6974-49fc-b7d6-ab6d11c59c82 req-81e9c2de-6974-49fc-b7d6-ab6d11c59c82 ] Request (ServerShowV257Test:test_rebuild_server): 200 GET http://10.180.1.21/compute/v2.1/servers/f5758341-e3f9-4900-a4c7-03843f22e808 0.062s
2024-09-09 15:41:00.325 62802 INFO tempest.lib.common.rest_client [req-d4ee980b-1c90-4ea3-811f-cb04c8488c98 req-d4ee980b-1c90-4ea3-811f-cb04c8488c98 ] Request (QuotasAdminNegativeTest:setUpClass): 200 GET http://10.180.1.21/identity/v3/roles 0.046s
2024-09-09 15:41:00.342 62802 INFO tempest.lib.common.rest_client [req-0377e515-390b-4da7-9ddf-2532613ad86c req-0377e515-390b-4da7-9ddf-2532613ad86c ] Request (QuotasAdminNegativeTest:setUpClass): 204 PUT http://10.180.1.21/identity/v3/projects/696167403d18497eb625fcc56b7dab40/users/cdbee39a52b341ca8e6a0f0052076185/roles/632d2aac574f411d85a1546fa38a93ac 0.017s
2024-09-09 15:41:00.342 62802 INFO tempest.lib.common.dynamic_creds [-] Dynamic test user cdbee39a52b341ca8e6a0f0052076185 is created with scope project and roles: ['admin']
2024-09-09 15:41:00.342 62802 INFO tempest.lib.common.dynamic_creds [-] Acquired dynamic creds: credentials: Credentials: {'domain_id': 'default', 'domain_name': 'Default', 'username': 'tempest-QuotasAdminNegativeTest-1130321062-project-admin', 'project_domain_id': 'default', 'project_domain_name': 'Default', 'project_id': '696167403d18497eb625fcc56b7dab40', 'project_name': 'tempest-QuotasAdminNegativeTest-1130321062', 'tenant_id': '696167403d18497eb625fcc56b7dab40', 'tenant_name': 'tempest-QuotasAdminNegativeTest-1130321062', 'user_domain_id': 'default', 'user_domain_name': 'Default', 'user_id': 'cdbee39a52b341ca8e6a0f0052076185', 'system': None}, Network: None, Subnet: None, Router: None
2024-09-09 15:41:00.343 62802 INFO tempest.lib.common.dynamic_creds [-] Created isolated network resources for: credentials: Credentials: {'domain_id': 'default', 'domain_name': 'Default', 'username': 'tempest-QuotasAdminNegativeTest-1130321062-project-admin', 'project_domain_id': 'default', 'project_domain_name': 'Default', 'project_id': '696167403d18497eb625fcc56b7dab40', 'project_name': 'tempest-QuotasAdminNegativeTest-1130321062', 'tenant_id': '696167403d18497eb625fcc56b7dab40', 'tenant_name': 'tempest-QuotasAdminNegativeTest-1130321062', 'user_domain_id': 'default', 'user_domain_name': 'Default', 'user_id': 'cdbee39a52b341ca8e6a0f0052076185', 'system': None}, Network: None, Subnet: None, Router: None
2024-09-09 15:41:00.347 62774 INFO tempest.lib.common.rest_client [req-a8dadbe0-92ed-4a0e-a0c9-3c294e2b5f66 req-a8dadbe0-92ed-4a0e-a0c9-3c294e2b5f66 ] Request (InstanceActionsV221TestJSON:test_get_list_deleted_instance_actions): 200 GET http://10.180.1.21/compute/v2.1/servers/34f53bc2-247b-4c67-a34a-cc41f77968ee 0.051s
2024-09-09 15:41:00.392 62800 INFO tempest.lib.common.rest_client [req-616f273c-a2d3-4f1b-87fe-a07495e5e738 req-616f273c-a2d3-4f1b-87fe-a07495e5e738 ] Request (ServerRescueNegativeTestJSON:setUpClass): 200 GET http://10.180.1.21/compute/v2.1/servers/d1163ad2-40a0-4b96-8c5e-2c1c17be0de6 0.045s
2024-09-09 15:41:00.410 62802 INFO tempest.lib.common.rest_client [req-10f8de0b-4f90-4023-87f8-cd137b4106f4 req-10f8de0b-4f90-4023-87f8-cd137b4106f4 ] Request (QuotasAdminNegativeTest:setUpClass): 201 POST http://10.180.1.21/identity/v3/auth/tokens 0.064s
2024-09-09 15:41:00.436 62806 INFO tempest.lib.common.rest_client [req-7096b8c1-219b-4e34-850f-671f3ae55c25 req-7096b8c1-219b-4e34-850f-671f3ae55c25 ] Request (ServerActionsTestOtherB:setUpClass): 200 GET http://10.180.1.21/compute/v2.1/servers/b907b656-3290-4077-8390-54a085c1a8a8 0.080s
2024-09-09 15:41:00.470 62796 INFO tempest.lib.common.rest_client [req-73e76597-2538-4e05-a8f4-be288431e7f2 req-73e76597-2538-4e05-a8f4-be288431e7f2 ] Request (ServersTestMultiNic:test_verify_multiple_nics_order): 200 GET http://10.180.1.21/compute/v2.1/servers/e28d6414-9c12-4c6b-a2a0-e48299c3d6c4 0.159s
2024-09-09 15:41:00.486 62760 INFO tempest.lib.common.rest_client [req-68a50dc2-5ebb-482c-b581-562e45a26284 req-68a50dc2-5ebb-482c-b581-562e45a26284 ] Request (ServerActionsV293TestJSON:setUpClass): 200 GET http://10.180.1.21/compute/v2.1/servers/c6a702ec-5d23-4260-909e-5351b4b82139 0.082s
2024-09-09 15:41:00.528 62808 INFO tempest.lib.common.rest_client [req-5c8472ee-23d5-4cfd-9989-5eb8cfd845a9 req-5c8472ee-23d5-4cfd-9989-5eb8cfd845a9 ] Request (MultipleCreateTestJSON:test_multiple_create): 200 GET http://10.180.1.21/compute/v2.1/servers/2acd5b82-342b-4588-86e6-90ac9da29fd9 0.083s
2024-09-09 15:41:00.561 62802 INFO tempest.lib.common.rest_client [req-95d2706c-9714-43ed-a974-4b75eeca461c req-95d2706c-9714-43ed-a974-4b75eeca461c ] Request (QuotasAdminNegativeTest:test_create_server_when_cpu_quota_is_full): 200 GET http://10.180.1.21/compute/v2.1/os-quota-sets/0550b92085674591a40c6124f2be04ab 0.149s
2024-09-09 15:41:00.574 62810 INFO tempest.lib.common.rest_client [req-e9872512-5743-4f80-a732-423e4d315eb5 req-e9872512-5743-4f80-a732-423e4d315eb5 ] Request (AttachVolumeShelveTestJSON:test_attach_volume_shelved_or_offload_server): 200 GET http://10.180.1.21/compute/v2.1/servers/acb28053-f7c0-428a-9f8c-a49f0addc471 0.074s
2024-09-09 15:41:00.641 62802 INFO tempest.lib.common.rest_client [req-41485b6e-6334-4874-963e-0fd7a2be2807 req-41485b6e-6334-4874-963e-0fd7a2be2807 ] Request (QuotasAdminNegativeTest:test_create_server_when_cpu_quota_is_full): 200 PUT http://10.180.1.21/compute/v2.1/os-quota-sets/0550b92085674591a40c6124f2be04ab 0.078s
2024-09-09 15:41:00.659 62784 INFO tempest.lib.common.rest_client [req-6e5cbfa5-719d-465a-84b4-c1164f07b24b req-6e5cbfa5-719d-465a-84b4-c1164f07b24b ] Request (AttachInterfacesUnderV243Test:test_add_remove_fixed_ip): 200 GET http://10.180.1.21/compute/v2.1/servers/5e976393-27c3-4896-8e40-26b3a7750acc 0.144s
2024-09-09 15:41:00.684 62762 INFO tempest.lib.common.rest_client [req-695b8d80-172a-4b31-85b1-7e3d40f795e5 req-695b8d80-172a-4b31-85b1-7e3d40f795e5 ] Request (VolumesAdminNegativeTest:test_update_attached_volume_with_nonexistent_volume_in_body): 200 GET http://10.180.1.21/compute/v2.1/servers/74a74268-d8a5-48a2-b004-828321a428e9 0.121s
2024-09-09 15:41:00.694 62802 INFO tempest.lib.common.rest_client [req-d8689b5f-90f3-427e-96ba-fd20f3111e78 req-d8689b5f-90f3-427e-96ba-fd20f3111e78 ] Request (QuotasAdminNegativeTest:test_create_server_when_cpu_quota_is_full): 201 POST http://10.180.1.21/identity/v3/auth/tokens 0.048s
2024-09-09 15:41:00.694 62802 INFO tempest.lib.common.fixed_network [-] (QuotasAdminNegativeTest:test_create_server_when_cpu_quota_is_full) Found network None available for tenant
2024-09-09 15:41:00.725 62772 INFO tempest.lib.common.rest_client [req-d53c7018-0c88-476a-b564-3368b27155c8 req-d53c7018-0c88-476a-b564-3368b27155c8 ] Request (ListServerFiltersTestJSON:setUpClass): 200 GET http://10.180.1.21/compute/v2.1/servers/3eb341b6-0d96-4996-876e-dd8935b83900 0.105s
2024-09-09 15:41:00.757 62752 INFO tempest.lib.common.rest_client [req-30fc6e67-dbdb-4219-b1b9-d7f1a127419a req-30fc6e67-dbdb-4219-b1b9-d7f1a127419a ] Request (SecurityGroupsTestJSON:test_list_security_groups_by_server): 200 GET http://10.180.1.21/compute/v2.1/servers/f3c0d093-e3f8-4a94-a952-4331bc971173 0.150s
2024-09-09 15:41:00.768 62786 INFO tempest.lib.common.rest_client [req-e3700f48-6489-4ca2-b5ab-342f8d5cf25f req-e3700f48-6489-4ca2-b5ab-342f8d5cf25f ] Request (ServersTestFqdnHostnames:test_create_server_with_fqdn_name): 200 GET http://10.180.1.21/compute/v2.1/servers/f529a423-dbfb-4f4d-bcd6-bac00762eb6c 0.112s
2024-09-09 15:41:00.799 62756 INFO tempest.lib.common.rest_client [req-d8e5b2da-b9ae-4b7b-843e-0ad65980f861 req-d8e5b2da-b9ae-4b7b-843e-0ad65980f861 ] Request (ServerDiskConfigTestJSON:test_rebuild_server_with_auto_disk_config): 200 GET http://10.180.1.21/compute/v2.1/servers/ccb806bc-77af-4b73-9a60-206b036d25b5 0.138s
2024-09-09 15:41:00.841 62776 INFO tempest.lib.common.rest_client [req-558eccc0-5cad-4beb-a34c-d679cbe989eb req-558eccc0-5cad-4beb-a34c-d679cbe989eb ] Request (InstanceActionsNegativeTestJSON:setUpClass): 200 GET http://10.180.1.21/compute/v2.1/servers/42c28258-226c-4c8b-8a06-f0b5f45db9fa 0.141s
2024-09-09 15:41:00.884 62794 INFO tempest.lib.common.rest_client [req-f007167d-141a-4a93-98e2-625ca95de5c3 req-f007167d-141a-4a93-98e2-625ca95de5c3 ] Request (AttachInterfacesV270Test:test_create_get_list_interfaces): 200 GET http://10.180.1.21/compute/v2.1/servers/d512c6e8-b5c4-44f9-8bda-f5e2ddbe80f6 0.132s
2024-09-09 15:41:00.949 62802 INFO tempest.lib.common.rest_client [req-8f3402d3-fc8d-4bec-9845-41cf96cb5d78 req-8f3402d3-fc8d-4bec-9845-41cf96cb5d78 ] Request (QuotasAdminNegativeTest:test_create_server_when_cpu_quota_is_full): 403 POST http://10.180.1.21/compute/v2.1/servers 0.253s
2024-09-09 15:41:00.982 62768 INFO tempest.lib.common.rest_client [req-c86471b9-5fd1-44e4-852f-c882b1a62858 req-c86471b9-5fd1-44e4-852f-c882b1a62858 ] Request (MigrationsAdminTest:test_resize_server_revert_deleted_flavor): 200 GET http://10.180.1.21/compute/v2.1/servers/c537a88e-d49b-4a6b-aa8c-350481ae18e5 0.181s
2024-09-09 15:41:00.993 62780 INFO tempest.lib.common.rest_client [req-ca9a2861-4d14-4d6d-bfd4-823bfb043d42 req-ca9a2861-4d14-4d6d-bfd4-823bfb043d42 ] Request (ServerActionsTestOtherA:setUpClass): 200 GET http://10.180.1.21/compute/v2.1/servers/70b14ffe-104d-4367-b4ac-98443e681d62 0.147s
2024-09-09 15:41:01.038 62804 INFO tempest.lib.common.rest_client [req-0fe1da47-bafb-421e-b460-8d6b1f847017 req-0fe1da47-bafb-421e-b460-8d6b1f847017 ] Request (AttachVolumeTestJSON:test_list_get_volume_attachments): 200 GET http://10.180.1.21/compute/v2.1/servers/476acb60-28c9-41ba-98da-26fe8e82f0ee 0.104s
2024-09-09 15:41:01.085 62782 INFO tempest.lib.common.rest_client [req-4cb44bdc-bed9-4077-92ab-e61926a9194f req-4cb44bdc-bed9-4077-92ab-e61926a9194f ] Request (ImagesOneServerTestJSON:setUpClass): 200 GET http://10.180.1.21/compute/v2.1/servers/99b634da-52a2-48f6-8fae-b77e6b0f6b36 0.197s
2024-09-09 15:41:01.147 62802 INFO tempest.lib.common.rest_client [req-404351ee-6a3b-4dee-a4d9-6c8399afc727 req-404351ee-6a3b-4dee-a4d9-6c8399afc727 ] Request (QuotasAdminNegativeTest:_run_cleanups): 200 PUT http://10.180.1.21/compute/v2.1/os-quota-sets/0550b92085674591a40c6124f2be04ab 0.198s
2024-09-09 15:41:01.196 62764 INFO tempest.lib.common.rest_client [req-b140f3df-4d1a-4259-a116-1dfc29d073bf req-b140f3df-4d1a-4259-a116-1dfc29d073bf ] Request (ImagesTestJSON:test_create_server_from_snapshot): 200 GET http://10.180.1.21/compute/v2.1/servers/2d1f8d98-524c-41a2-9aaa-495c8d101a60 0.247s
2024-09-09 15:41:01.197 62750 INFO tempest.lib.common.rest_client [req-66ea88ee-d20d-4178-bbbe-b6493bf01a4d req-66ea88ee-d20d-4178-bbbe-b6493bf01a4d ] Request (ServersV294TestFqdnHostnames:setUpClass): 200 GET http://10.180.1.21/compute/v2.1/servers/15752b44-2f93-4458-89e9-b2e6f7587319 0.197s
2024-09-09 15:41:01.241 62792 INFO tempest.lib.common.rest_client [req-ffa0bbf0-2658-4d51-a779-ee7ced53595f req-ffa0bbf0-2658-4d51-a779-ee7ced53595f ] Request (ServerActionsTestJSON:setUpClass): 200 GET http://10.180.1.21/compute/v2.1/servers/e4056e4e-288b-4509-90ed-ca0aae46eeec 0.196s
2024-09-09 15:41:01.286 62798 INFO tempest.lib.common.rest_client [req-4da3494f-e96c-455a-9fa7-b3c059ecc1c1 req-4da3494f-e96c-455a-9fa7-b3c059ecc1c1 ] Request (ServersTestJSON:setUpClass): 200 GET http://10.180.1.21/compute/v2.1/servers/70e2cf14-b7fb-40f4-8cda-6210353deac0 0.197s
2024-09-09 15:41:01.316 62802 INFO tempest.lib.common.rest_client [req-40807b57-aa1a-4c2b-bb85-a35db229f44c req-40807b57-aa1a-4c2b-bb85-a35db229f44c ] Request (QuotasAdminNegativeTest:test_create_server_when_instances_quota_is_full): 200 GET http://10.180.1.21/compute/v2.1/os-quota-sets/0550b92085674591a40c6124f2be04ab 0.167s
2024-09-09 15:41:01.335 62766 INFO tempest.lib.common.rest_client [req-e73a8232-2ed9-4773-842b-4d7c26de7d3a req-e73a8232-2ed9-4773-842b-4d7c26de7d3a ] Request (ServerMetadataNegativeTestJSON:setUpClass): 200 GET http://10.180.1.21/compute/v2.1/servers/46b9a8b2-e41a-4a17-9b0d-54814438cea9 0.297s
2024-09-09 15:41:01.380 62754 INFO tempest.lib.common.rest_client [req-6e8dadec-656f-48cb-9d16-560f5af7fac0 req-6e8dadec-656f-48cb-9d16-560f5af7fac0 ] Request (ServersAaction247Test:test_create_backup): 200 GET http://10.180.1.21/compute/v2.1/servers/68ac66c8-48f9-4d33-8a5f-39c44577eada 0.220s
2024-09-09 15:41:01.410 62790 INFO tempest.lib.common.rest_client [req-205352d3-0b2a-4c93-87eb-e98e957867fc req-205352d3-0b2a-4c93-87eb-e98e957867fc ] Request (ServersTestManualDisk:setUpClass): 200 GET http://10.180.1.21/compute/v2.1/servers/8b7d9321-71b7-4eff-a0be-3923730e1658 0.253s
2024-09-09 15:41:01.423 62770 INFO tempest.lib.common.rest_client [req-f41dcc58-2339-4437-bec5-a4277863bf8a req-f41dcc58-2339-4437-bec5-a4277863bf8a ] Request (ServerDiagnosticsNegativeTest:test_get_server_diagnostics_by_non_admin): 200 GET http://10.180.1.21/compute/v2.1/servers/99f2f6e9-bb2c-4723-8116-6ac885fb4d57 0.167s
2024-09-09 15:41:01.456 62812 INFO tempest.lib.common.rest_client [req-5b0384fe-c9bf-40d9-aaf0-bdc5c4f7531a req-5b0384fe-c9bf-40d9-aaf0-bdc5c4f7531a ] Request (ServerShowV257Test:test_rebuild_server): 200 GET http://10.180.1.21/compute/v2.1/servers/f5758341-e3f9-4900-a4c7-03843f22e808 0.139s
2024-09-09 15:41:01.477 62802 INFO tempest.lib.common.rest_client [req-01773965-b55f-4e4f-b6a9-325da4d69c44 req-01773965-b55f-4e4f-b6a9-325da4d69c44 ] Request (QuotasAdminNegativeTest:test_create_server_when_instances_quota_is_full): 200 PUT http://10.180.1.21/compute/v2.1/os-quota-sets/0550b92085674591a40c6124f2be04ab 0.158s
2024-09-09 15:41:01.501 62774 INFO tempest.lib.common.rest_client [req-e8e73ec4-417c-4488-b854-0409dd6bd1b4 req-e8e73ec4-417c-4488-b854-0409dd6bd1b4 ] Request (InstanceActionsV221TestJSON:test_get_list_deleted_instance_actions): 200 GET http://10.180.1.21/compute/v2.1/servers/34f53bc2-247b-4c67-a34a-cc41f77968ee 0.145s
2024-09-09 15:41:01.511 62802 INFO tempest.lib.common.rest_client [req-ec29a4f1-18d6-4c26-94dd-8dc18253f642 req-ec29a4f1-18d6-4c26-94dd-8dc18253f642 ] Request (QuotasAdminNegativeTest:test_create_server_when_instances_quota_is_full): 201 POST http://10.180.1.21/identity/v3/auth/tokens 0.031s
2024-09-09 15:41:01.512 62802 INFO tempest.lib.common.fixed_network [-] (QuotasAdminNegativeTest:test_create_server_when_instances_quota_is_full) Found network None available for tenant
2024-09-09 15:41:01.520 62800 INFO tempest.lib.common.rest_client [req-3fc11d01-8630-400b-927d-3e51578cb202 req-3fc11d01-8630-400b-927d-3e51578cb202 ] Request (ServerRescueNegativeTestJSON:setUpClass): 200 GET http://10.180.1.21/compute/v2.1/servers/d1163ad2-40a0-4b96-8c5e-2c1c17be0de6 0.121s
2024-09-09 15:41:01.543 62806 INFO tempest.lib.common.rest_client [req-80d935f6-46ae-4dc6-909a-fe1e4a8e4030 req-80d935f6-46ae-4dc6-909a-fe1e4a8e4030 ] Request (ServerActionsTestOtherB:setUpClass): 200 GET http://10.180.1.21/compute/v2.1/servers/b907b656-3290-4077-8390-54a085c1a8a8 0.100s
2024-09-09 15:41:01.589 62760 INFO tempest.lib.common.rest_client [req-c7677e8a-2ffa-464d-8fd2-38885aae6304 req-c7677e8a-2ffa-464d-8fd2-38885aae6304 ] Request (ServerActionsV293TestJSON:setUpClass): 200 GET http://10.180.1.21/compute/v2.1/servers/c6a702ec-5d23-4260-909e-5351b4b82139 0.094s
2024-09-09 15:41:01.624 62796 INFO tempest.lib.common.rest_client [req-a13fc3bc-8c89-4e64-b489-0a32e024418b req-a13fc3bc-8c89-4e64-b489-0a32e024418b ] Request (ServersTestMultiNic:test_verify_multiple_nics_order): 200 GET http://10.180.1.21/compute/v2.1/servers/e28d6414-9c12-4c6b-a2a0-e48299c3d6c4 0.146s
2024-09-09 15:41:01.669 62808 INFO tempest.lib.common.rest_client [req-97150ba2-0e00-4162-ae4d-bbe1f73053b5 req-97150ba2-0e00-4162-ae4d-bbe1f73053b5 ] Request (MultipleCreateTestJSON:test_multiple_create): 200 GET http://10.180.1.21/compute/v2.1/servers/2acd5b82-342b-4588-86e6-90ac9da29fd9 0.133s
2024-09-09 15:41:01.713 62810 INFO tempest.lib.common.rest_client [req-9691db86-d6fa-4035-9a13-32dc43a6e51f req-9691db86-d6fa-4035-9a13-32dc43a6e51f ] Request (AttachVolumeShelveTestJSON:test_attach_volume_shelved_or_offload_server): 200 GET http://10.180.1.21/compute/v2.1/servers/acb28053-f7c0-428a-9f8c-a49f0addc471 0.130s
2024-09-09 15:41:01.755 62802 INFO tempest.lib.common.rest_client [req-bb5f29c4-fb4d-4d1c-b123-1204596f486d req-bb5f29c4-fb4d-4d1c-b123-1204596f486d ] Request (QuotasAdminNegativeTest:test_create_server_when_instances_quota_is_full): 403 POST http://10.180.1.21/compute/v2.1/servers 0.243s
2024-09-09 15:41:01.802 62762 INFO tempest.lib.common.rest_client [req-d68b03ee-4e25-45b2-a1ee-3c0b9d905ed0 req-d68b03ee-4e25-45b2-a1ee-3c0b9d905ed0 ] Request (VolumesAdminNegativeTest:test_update_attached_volume_with_nonexistent_volume_in_body): 200 GET http://10.180.1.21/compute/v2.1/servers/74a74268-d8a5-48a2-b004-828321a428e9 0.112s
2024-09-09 15:41:01.814 62784 INFO tempest.lib.common.rest_client [req-a52b2452-f134-44cd-8ade-56cbdedabaa8 req-a52b2452-f134-44cd-8ade-56cbdedabaa8 ] Request (AttachInterfacesUnderV243Test:test_add_remove_fixed_ip): 200 GET http://10.180.1.21/compute/v2.1/servers/5e976393-27c3-4896-8e40-26b3a7750acc 0.148s
2024-09-09 15:41:01.847 62772 INFO tempest.lib.common.rest_client [req-b3e9a130-f547-4865-90c0-428205a481a9 req-b3e9a130-f547-4865-90c0-428205a481a9 ] Request (ListServerFiltersTestJSON:setUpClass): 200 GET http://10.180.1.21/compute/v2.1/servers/3eb341b6-0d96-4996-876e-dd8935b83900 0.115s
2024-09-09 15:41:01.872 62802 INFO tempest.lib.common.rest_client [req-3c0661c7-4d85-4ffb-8e24-17cfd9d400dc req-3c0661c7-4d85-4ffb-8e24-17cfd9d400dc ] Request (QuotasAdminNegativeTest:_run_cleanups): 200 PUT http://10.180.1.21/compute/v2.1/os-quota-sets/0550b92085674591a40c6124f2be04ab 0.116s
2024-09-09 15:41:01.916 62786 INFO tempest.lib.common.rest_client [req-3036976d-22d7-401c-9e84-4d29582d4052 req-3036976d-22d7-401c-9e84-4d29582d4052 ] Request (ServersTestFqdnHostnames:test_create_server_with_fqdn_name): 200 GET http://10.180.1.21/compute/v2.1/servers/f529a423-dbfb-4f4d-bcd6-bac00762eb6c 0.141s
2024-09-09 15:41:01.946 62752 INFO tempest.lib.common.rest_client [req-18bd7d2f-342f-4171-a454-6f0a9c5f680b req-18bd7d2f-342f-4171-a454-6f0a9c5f680b ] Request (SecurityGroupsTestJSON:test_list_security_groups_by_server): 200 GET http://10.180.1.21/compute/v2.1/servers/f3c0d093-e3f8-4a94-a952-4331bc971173 0.182s
2024-09-09 15:41:01.956 62756 INFO tempest.lib.common.rest_client [req-97737392-3a45-4839-825c-11353ee92ba5 req-97737392-3a45-4839-825c-11353ee92ba5 ] Request (ServerDiskConfigTestJSON:test_rebuild_server_with_auto_disk_config): 200 GET http://10.180.1.21/compute/v2.1/servers/ccb806bc-77af-4b73-9a60-206b036d25b5 0.150s
2024-09-09 15:41:01.988 62802 INFO tempest.lib.common.rest_client [req-b7249463-d4da-4c73-86cb-4a7aefd36d58 req-b7249463-d4da-4c73-86cb-4a7aefd36d58 ] Request (QuotasAdminNegativeTest:test_create_server_when_memory_quota_is_full): 200 GET http://10.180.1.21/compute/v2.1/os-quota-sets/0550b92085674591a40c6124f2be04ab 0.113s
2024-09-09 15:41:01.989 62776 INFO tempest.lib.common.rest_client [req-e5fca6d6-8bc3-4c1a-ae7d-80de9d52ede2 req-e5fca6d6-8bc3-4c1a-ae7d-80de9d52ede2 ] Request (InstanceActionsNegativeTestJSON:setUpClass): 200 GET http://10.180.1.21/compute/v2.1/servers/42c28258-226c-4c8b-8a06-f0b5f45db9fa 0.141s
2024-09-09 15:41:02.036 62794 INFO tempest.lib.common.rest_client [req-607e54b5-9a4d-4bec-8873-e5a5ca965496 req-607e54b5-9a4d-4bec-8873-e5a5ca965496 ] Request (AttachInterfacesV270Test:test_create_get_list_interfaces): 200 GET http://10.180.1.21/compute/v2.1/servers/d512c6e8-b5c4-44f9-8bda-f5e2ddbe80f6 0.142s
2024-09-09 15:41:02.090 62802 INFO tempest.lib.common.rest_client [req-ec8ef95f-8ffb-4afe-b4e5-1e4576d8e1d9 req-ec8ef95f-8ffb-4afe-b4e5-1e4576d8e1d9 ] Request (QuotasAdminNegativeTest:test_create_server_when_memory_quota_is_full): 200 PUT http://10.180.1.21/compute/v2.1/os-quota-sets/0550b92085674591a40c6124f2be04ab 0.100s
2024-09-09 15:41:02.103 62768 INFO tempest.lib.common.rest_client [req-3428e83f-0175-40cf-b694-e17a835e338a req-3428e83f-0175-40cf-b694-e17a835e338a ] Request (MigrationsAdminTest:test_resize_server_revert_deleted_flavor): 200 GET http://10.180.1.21/compute/v2.1/servers/c537a88e-d49b-4a6b-aa8c-350481ae18e5 0.114s
2024-09-09 15:41:02.121 62802 INFO tempest.lib.common.rest_client [req-062d7d8f-6c89-4431-ab3b-30c99c661769 req-062d7d8f-6c89-4431-ab3b-30c99c661769 ] Request (QuotasAdminNegativeTest:test_create_server_when_memory_quota_is_full): 201 POST http://10.180.1.21/identity/v3/auth/tokens 0.024s
2024-09-09 15:41:02.121 62802 INFO tempest.lib.common.fixed_network [-] (QuotasAdminNegativeTest:test_create_server_when_memory_quota_is_full) Found network None available for tenant
2024-09-09 15:41:02.143 62780 INFO tempest.lib.common.rest_client [req-1d80c4c9-7680-49ff-837b-4aed06699728 req-1d80c4c9-7680-49ff-837b-4aed06699728 ] Request (ServerActionsTestOtherA:setUpClass): 200 GET http://10.180.1.21/compute/v2.1/servers/70b14ffe-104d-4367-b4ac-98443e681d62 0.143s
2024-09-09 15:41:02.149 62804 INFO tempest.lib.common.rest_client [req-7c7e3826-0bac-4e73-b529-ee54852e5144 req-7c7e3826-0bac-4e73-b529-ee54852e5144 ] Request (AttachVolumeTestJSON:test_list_get_volume_attachments): 200 GET http://10.180.1.21/compute/v2.1/servers/476acb60-28c9-41ba-98da-26fe8e82f0ee 0.104s
2024-09-09 15:41:02.291 62782 INFO tempest.lib.common.rest_client [req-a6dccc13-f52c-4e67-8540-c76828df05fe req-a6dccc13-f52c-4e67-8540-c76828df05fe ] Request (ImagesOneServerTestJSON:setUpClass): 200 GET http://10.180.1.21/compute/v2.1/servers/99b634da-52a2-48f6-8fae-b77e6b0f6b36 0.198s
2024-09-09 15:41:02.303 62802 INFO tempest.lib.common.rest_client [req-0c7965a0-c86f-46e4-b571-d90d2d92c697 req-0c7965a0-c86f-46e4-b571-d90d2d92c697 ] Request (QuotasAdminNegativeTest:test_create_server_when_memory_quota_is_full): 403 POST http://10.180.1.21/compute/v2.1/servers 0.181s
2024-09-09 15:41:02.354 62750 INFO tempest.lib.common.rest_client [req-d5fefd24-5eb1-44bc-ae17-7454ffe05fc6 req-d5fefd24-5eb1-44bc-ae17-7454ffe05fc6 ] Request (ServersV294TestFqdnHostnames:setUpClass): 200 GET http://10.180.1.21/compute/v2.1/servers/15752b44-2f93-4458-89e9-b2e6f7587319 0.147s
2024-09-09 15:41:02.393 62764 INFO tempest.lib.common.rest_client [req-cc272f42-e59f-493a-a740-5d4a545d833c req-cc272f42-e59f-493a-a740-5d4a545d833c ] Request (ImagesTestJSON:test_create_server_from_snapshot): 200 GET http://10.180.1.21/compute/v2.1/servers/2d1f8d98-524c-41a2-9aaa-495c8d101a60 0.190s
2024-09-09 15:41:02.397 62792 INFO tempest.lib.common.rest_client [req-eab309a9-b6f4-4096-be05-f4ad9e7dbb33 req-eab309a9-b6f4-4096-be05-f4ad9e7dbb33 ] Request (ServerActionsTestJSON:setUpClass): 200 GET http://10.180.1.21/compute/v2.1/servers/e4056e4e-288b-4509-90ed-ca0aae46eeec 0.149s
2024-09-09 15:41:02.438 62798 INFO tempest.lib.common.rest_client [req-1addb680-fa78-448d-96ab-c0b6eb34404d req-1addb680-fa78-448d-96ab-c0b6eb34404d ] Request (ServersTestJSON:setUpClass): 200 GET http://10.180.1.21/compute/v2.1/servers/70e2cf14-b7fb-40f4-8cda-6210353deac0 0.144s
2024-09-09 15:41:02.454 62802 INFO tempest.lib.common.rest_client [req-edd8c060-441e-49a1-bc8e-debc7fbdda19 req-edd8c060-441e-49a1-bc8e-debc7fbdda19 ] Request (QuotasAdminNegativeTest:_run_cleanups): 200 PUT http://10.180.1.21/compute/v2.1/os-quota-sets/0550b92085674591a40c6124f2be04ab 0.151s
2024-09-09 15:41:02.502 62754 INFO tempest.lib.common.rest_client [req-e7213511-c7e0-4141-9dd6-383d77895ee0 req-e7213511-c7e0-4141-9dd6-383d77895ee0 ] Request (ServersAaction247Test:test_create_backup): 200 GET http://10.180.1.21/compute/v2.1/servers/68ac66c8-48f9-4d33-8a5f-39c44577eada 0.114s
2024-09-09 15:41:02.541 62766 INFO tempest.lib.common.rest_client [req-c54f48ba-40d7-442c-87ad-970d76c3f3f8 req-c54f48ba-40d7-442c-87ad-970d76c3f3f8 ] Request (ServerMetadataNegativeTestJSON:setUpClass): 200 GET http://10.180.1.21/compute/v2.1/servers/46b9a8b2-e41a-4a17-9b0d-54814438cea9 0.199s
2024-09-09 15:41:02.584 62770 INFO tempest.lib.common.rest_client [req-77997fc8-419d-4608-a67d-d74c60758667 req-77997fc8-419d-4608-a67d-d74c60758667 ] Request (ServerDiagnosticsNegativeTest:test_get_server_diagnostics_by_non_admin): 200 GET http://10.180.1.21/compute/v2.1/servers/99f2f6e9-bb2c-4723-8116-6ac885fb4d57 0.155s
2024-09-09 15:41:02.591 62802 INFO tempest.lib.common.rest_client [req-13bb74b8-d4d1-4449-93b3-f8c9f2e8a10e req-13bb74b8-d4d1-4449-93b3-f8c9f2e8a10e ] Request (QuotasAdminNegativeTest:test_update_quota_normal_user): 403 PUT http://10.180.1.21/compute/v2.1/os-quota-sets/0550b92085674591a40c6124f2be04ab 0.133s
2024-09-09 15:41:02.603 62790 INFO tempest.lib.common.rest_client [req-0947bd71-42a5-4dfc-bb3c-e84923f8ad27 req-0947bd71-42a5-4dfc-bb3c-e84923f8ad27 ] Request (ServersTestManualDisk:setUpClass): 200 GET http://10.180.1.21/compute/v2.1/servers/8b7d9321-71b7-4eff-a0be-3923730e1658 0.186s
2024-09-09 15:41:02.642 62812 INFO tempest.lib.common.rest_client [req-f9a8fb4f-253a-4e05-9e8c-dd6b6937dca2 req-f9a8fb4f-253a-4e05-9e8c-dd6b6937dca2 ] Request (ServerShowV257Test:test_rebuild_server): 200 GET http://10.180.1.21/compute/v2.1/servers/f5758341-e3f9-4900-a4c7-03843f22e808 0.177s
2024-09-09 15:41:02.651 62774 INFO tempest.lib.common.rest_client [req-2edf1adc-3fc1-4a70-8b5e-b87dc47180b0 req-2edf1adc-3fc1-4a70-8b5e-b87dc47180b0 ] Request (InstanceActionsV221TestJSON:test_get_list_deleted_instance_actions): 200 GET http://10.180.1.21/compute/v2.1/servers/34f53bc2-247b-4c67-a34a-cc41f77968ee 0.143s
2024-09-09 15:41:02.686 62800 INFO tempest.lib.common.rest_client [req-0a3c5d30-d92a-4ae6-bbe8-55321a863b78 req-0a3c5d30-d92a-4ae6-bbe8-55321a863b78 ] Request (ServerRescueNegativeTestJSON:setUpClass): 200 GET http://10.180.1.21/compute/v2.1/servers/d1163ad2-40a0-4b96-8c5e-2c1c17be0de6 0.159s
2024-09-09 15:41:02.693 62802 INFO tempest.lib.common.rest_client [req-52053b60-2418-4781-9bbb-a4089a8dc24b req-52053b60-2418-4781-9bbb-a4089a8dc24b ] Request (QuotasAdminNegativeTest:tearDownClass): 204 DELETE http://10.180.1.21/identity/v3/users/59de0ebc04ad4099828992c3e0944760 0.097s
2024-09-09 15:41:02.697 62806 INFO tempest.lib.common.rest_client [req-5840eab1-107b-47b1-984d-1c8764deb0e7 req-5840eab1-107b-47b1-984d-1c8764deb0e7 ] Request (ServerActionsTestOtherB:setUpClass): 200 GET http://10.180.1.21/compute/v2.1/servers/b907b656-3290-4077-8390-54a085c1a8a8 0.145s
2024-09-09 15:41:02.737 62760 INFO tempest.lib.common.rest_client [req-3a185d18-9e2a-4ef8-b277-7303336fcebb req-3a185d18-9e2a-4ef8-b277-7303336fcebb ] Request (ServerActionsV293TestJSON:setUpClass): 200 GET http://10.180.1.21/compute/v2.1/servers/c6a702ec-5d23-4260-909e-5351b4b82139 0.138s
2024-09-09 15:41:02.782 62808 INFO tempest.lib.common.rest_client [req-2816f638-449e-497d-9fe8-f6ee1ed81f27 req-2816f638-449e-497d-9fe8-f6ee1ed81f27 ] Request (MultipleCreateTestJSON:test_multiple_create): 200 GET http://10.180.1.21/compute/v2.1/servers/2acd5b82-342b-4588-86e6-90ac9da29fd9 0.107s
2024-09-09 15:41:02.790 62802 INFO tempest.lib.common.rest_client [req-bf8af973-1b17-4cb7-8c3b-f76da886ad78 req-bf8af973-1b17-4cb7-8c3b-f76da886ad78 ] Request (QuotasAdminNegativeTest:tearDownClass): 204 DELETE http://10.180.1.21/identity/v3/users/cdbee39a52b341ca8e6a0f0052076185 0.096s
2024-09-09 15:41:02.790 62802 INFO tempest.lib.common.dynamic_creds [-] Deleting project and security group for project: 696167403d18497eb625fcc56b7dab40
2024-09-09 15:41:02.827 62810 INFO tempest.lib.common.rest_client [req-63de94a1-f837-4280-92bd-35bcc4201fd3 req-63de94a1-f837-4280-92bd-35bcc4201fd3 ] Request (AttachVolumeShelveTestJSON:test_attach_volume_shelved_or_offload_server): 200 GET http://10.180.1.21/compute/v2.1/servers/acb28053-f7c0-428a-9f8c-a49f0addc471 0.106s
2024-09-09 15:41:02.841 62796 INFO tempest.lib.common.rest_client [req-f8bca829-87d4-4031-a660-1d9a872195bb req-f8bca829-87d4-4031-a660-1d9a872195bb ] Request (ServersTestMultiNic:test_verify_multiple_nics_order): 200 GET http://10.180.1.21/compute/v2.1/servers/e28d6414-9c12-4c6b-a2a0-e48299c3d6c4 0.210s
2024-09-09 15:41:02.844 62802 INFO tempest.lib.common.rest_client [req-8ceaa893-35f5-40fb-814f-ccc26065090c req-8ceaa893-35f5-40fb-814f-ccc26065090c ] Request (QuotasAdminNegativeTest:tearDownClass): 201 POST http://10.180.1.21/identity/v3/auth/tokens 0.054s
2024-09-09 15:41:02.875 62762 INFO tempest.lib.common.rest_client [req-45c11f7b-56e6-4e0f-bba0-a172abe77b9a req-45c11f7b-56e6-4e0f-bba0-a172abe77b9a ] Request (VolumesAdminNegativeTest:test_update_attached_volume_with_nonexistent_volume_in_body): 200 GET http://10.180.1.21/compute/v2.1/servers/74a74268-d8a5-48a2-b004-828321a428e9 0.066s
2024-09-09 15:41:02.919 62772 INFO tempest.lib.common.rest_client [req-064d2338-1595-4a55-ad8e-9397f05dce8c req-064d2338-1595-4a55-ad8e-9397f05dce8c ] Request (ListServerFiltersTestJSON:setUpClass): 200 GET http://10.180.1.21/compute/v2.1/servers/3eb341b6-0d96-4996-876e-dd8935b83900 0.064s
2024-09-09 15:41:02.969 62786 INFO tempest.lib.common.rest_client [req-160a6802-85ef-415e-beeb-59d2641744d3 req-160a6802-85ef-415e-beeb-59d2641744d3 ] Request (ServersTestFqdnHostnames:test_create_server_with_fqdn_name): 200 GET http://10.180.1.21/compute/v2.1/servers/f529a423-dbfb-4f4d-bcd6-bac00762eb6c 0.046s
2024-09-09 15:41:03.028 62784 INFO tempest.lib.common.rest_client [req-c5649909-86be-4ccf-bc38-b2166c018215 req-c5649909-86be-4ccf-bc38-b2166c018215 ] Request (AttachInterfacesUnderV243Test:test_add_remove_fixed_ip): 200 GET http://10.180.1.21/compute/v2.1/servers/5e976393-27c3-4896-8e40-26b3a7750acc 0.207s
2024-09-09 15:41:03.055 62802 INFO tempest.lib.common.rest_client [req-afb4490d-1e3b-40fb-a1be-dfe6be46df3a req-afb4490d-1e3b-40fb-a1be-dfe6be46df3a ] Request (QuotasAdminNegativeTest:tearDownClass): 200 GET http://10.180.1.21:9696/networking/v2.0/security-groups?tenant_id=696167403d18497eb625fcc56b7dab40&name=default 0.211s
2024-09-09 15:41:03.093 62756 INFO tempest.lib.common.rest_client [req-447ab895-6952-4617-9203-4f9d9e128f21 req-447ab895-6952-4617-9203-4f9d9e128f21 ] Request (ServerDiskConfigTestJSON:test_rebuild_server_with_auto_disk_config): 200 GET http://10.180.1.21/compute/v2.1/servers/ccb806bc-77af-4b73-9a60-206b036d25b5 0.130s
