2024-09-11 19:12:27.067 62422 INFO tempest.lib.common.rest_client [req-d8b8759a-c5f4-4c23-8847-cbcbd0aef078 req-d8b8759a-c5f4-4c23-8847-cbcbd0aef078 ] Request (VolumesAdminNegativeTest:test_update_attached_volume_with_nonexistent_volume_in_body): 200 POST http://10.180.1.21/compute/v2.1/os-keypairs 2.368s
2024-09-11 19:12:27.114 62394 INFO tempest.lib.common.rest_client [req-dcf323ce-dd55-4812-a874-48080005f951 req-dcf323ce-dd55-4812-a874-48080005f951 ] Request (QuotasAdminTestV257:test_get_updated_quotas): 200 GET http://10.180.1.21/identity/v3/domains?name=Default 0.277s
2024-09-11 19:12:27.175 62410 INFO tempest.lib.common.rest_client [req-fed2e7fa-608b-4ef8-8112-c672d143bfdc req-fed2e7fa-608b-4ef8-8112-c672d143bfdc ] Request (ServerDiskConfigTestJSON:test_rebuild_server_with_auto_disk_config): 200 GET http://10.180.1.21/compute/v2.1/servers/70edd0f9-b499-4868-99a8-c62c92a15292 1.751s
2024-09-11 19:12:27.240 62412 INFO tempest.lib.common.rest_client [req-ee3e5ded-eab8-4fc0-baa8-9ca0382936ee req-ee3e5ded-eab8-4fc0-baa8-9ca0382936ee ] Request (DeleteServersAdminTestJSON:test_delete_server_while_in_error_state): 200 GET http://10.180.1.21/compute/v2.1/servers/0d4b25da-dfdb-441b-bbc0-fc784669e07c 1.597s
2024-09-11 19:12:27.262 62378 INFO tempest.lib.common.rest_client [req-97b19a68-cfac-4ba3-8ae4-38735e335345 req-97b19a68-cfac-4ba3-8ae4-38735e335345 ] Request (MultipleCreateNegativeTestJSON:test_max_count_less_than_min_count): 400 POST http://10.180.1.21/compute/v2.1/servers 2.117s
2024-09-11 19:12:27.309 62382 INFO tempest.lib.common.rest_client [req-b83d8f3a-8fa5-49ea-91f3-4ce1b4ad5ee0 req-b83d8f3a-8fa5-49ea-91f3-4ce1b4ad5ee0 ] Request (QuotaClassesAdmin257Test:tearDownClass): 201 POST http://10.180.1.21/identity/v3/auth/tokens 0.439s
2024-09-11 19:12:27.332 62392 INFO tempest.lib.common.rest_client [req-df2817d5-3e4e-4921-a993-f922df74a3f5 req-df2817d5-3e4e-4921-a993-f922df74a3f5 ] Request (InstanceActionsV221TestJSON:setUpClass): 200 GET http://10.180.1.21/identity/v3/roles 0.376s
2024-09-11 19:12:27.343 62396 INFO tempest.lib.common.rest_client [req-cbe7fba8-9d15-4092-a2d1-7d7717315766 req-cbe7fba8-9d15-4092-a2d1-7d7717315766 ] Request (ServerActionsTestOtherA:setUpClass): 200 GET http://10.180.1.21/compute/v2.1/servers/fd069a41-3344-4ab7-9b0d-b5dff9520bc0 1.696s
2024-09-11 19:12:27.363 62414 INFO tempest.lib.common.rest_client [req-77604b6f-f00c-4b18-a31e-b5a8d900549d req-77604b6f-f00c-4b18-a31e-b5a8d900549d ] Request (ImagesDeleteNegativeTestJSON:setUpClass): 201 POST http://10.180.1.21/identity/v3/auth/tokens 0.320s
2024-09-11 19:12:27.398 62428 INFO tempest.lib.common.rest_client [req-5a7b5b79-5141-4645-bf6b-e53be3fa7bf3 req-5a7b5b79-5141-4645-bf6b-e53be3fa7bf3 ] Request (ImagesOneServerTestJSON:setUpClass): 200 GET http://10.180.1.21/compute/v2.1/servers/e9f6cbc1-b11a-4361-aa3b-ec5eef3d703e 1.496s
2024-09-11 19:12:27.408 62428 INFO tempest.common.waiters [-] State transition "BUILD/scheduling" ==> "BUILD/None" after 5 second wait
2024-09-11 19:12:27.436 62422 INFO tempest.lib.common.rest_client [req-0ddf8376-cee0-4dff-a2c0-b68b8c9f8c43 req-0ddf8376-cee0-4dff-a2c0-b68b8c9f8c43 ] Request (VolumesAdminNegativeTest:test_update_attached_volume_with_nonexistent_volume_in_body): 201 POST http://10.180.1.21:9696/networking/v2.0/security-groups 0.366s
2024-09-11 19:12:27.452 62418 INFO tempest.lib.common.rest_client [req-9ad6c86e-6eb2-4e5c-9020-264a83b3c8e3 req-9ad6c86e-6eb2-4e5c-9020-264a83b3c8e3 ] Request (AggregatesAdminNegativeTestJSON:_run_cleanups): 200 DELETE http://10.180.1.21/compute/v2.1/os-aggregates/7 1.568s
2024-09-11 19:12:27.469 62380 INFO tempest.lib.common.rest_client [req-bddfd205-5be2-4b17-bb9d-55efea1fdc13 req-bddfd205-5be2-4b17-bb9d-55efea1fdc13 ] Request (HypervisorAdminUnderV252Test:tearDownClass): 204 DELETE http://10.180.1.21/identity/v3/users/3b11048ba4a64eb9ab1a40445e71dc2e 0.705s
2024-09-11 19:12:27.469 62380 INFO tempest.lib.common.dynamic_creds [-] Deleting project and security group for project: 9e6720704466430490dd58f6626f553c
2024-09-11 19:12:27.476 62434 INFO tempest.lib.common.rest_client [req-e269aa7d-440b-4d39-9ae8-b01ed97c6c38 req-e269aa7d-440b-4d39-9ae8-b01ed97c6c38 ] Request (AttachInterfacesV270Test:test_create_get_list_interfaces): 200 GET http://10.180.1.21/compute/v2.1/servers/bc29ceaa-1fe9-492c-9c0a-1fbfc42f843b 1.570s
2024-09-11 19:12:27.489 62434 INFO tempest.common.waiters [-] State transition "BUILD/spawning" ==> "BUILD/scheduling" after 33 second wait
2024-09-11 19:12:27.549 62378 INFO tempest.lib.common.rest_client [req-15454039-6c4c-4f9d-97c5-171d03e415ee req-15454039-6c4c-4f9d-97c5-171d03e415ee ] Request (MultipleCreateNegativeTestJSON:test_max_count_less_than_one): 201 POST http://10.180.1.21/identity/v3/auth/tokens 0.280s
2024-09-11 19:12:27.550 62378 INFO tempest.lib.common.fixed_network [-] (MultipleCreateNegativeTestJSON:test_max_count_less_than_one) Found network None available for tenant
2024-09-11 19:12:27.571 62416 INFO tempest.lib.common.rest_client [req-2552fe88-89c8-4e60-87b7-8a779dbfe8bc req-2552fe88-89c8-4e60-87b7-8a779dbfe8bc ] Request (ServersTestMultiNic:test_verify_duplicate_network_nics): 200 GET http://10.180.1.21/compute/v2.1/servers/bebe84f3-f56d-4a81-9001-a041df442b56 1.602s
2024-09-11 19:12:27.595 62388 INFO tempest.lib.common.rest_client [req-338f557f-1b9d-470c-8ef7-27236162f4d7 req-338f557f-1b9d-470c-8ef7-27236162f4d7 ] Request (FlavorsAdminTestJSON:test_is_public_string_variations): 200 GET http://10.180.1.21/compute/v2.1/flavors/detail?is_public=true 1.539s
2024-09-11 19:12:27.615 62414 INFO tempest.lib.common.rest_client [req-482a1e31-8664-47b2-bd48-b43675315983 req-482a1e31-8664-47b2-bd48-b43675315983 ] Request (ImagesDeleteNegativeTestJSON:setUpClass): 201 POST http://10.180.1.21/identity/v3/auth/tokens 0.249s
2024-09-11 19:12:27.620 62406 INFO tempest.lib.common.rest_client [req-bef82c78-30db-4f08-a6ea-069043905da4 req-bef82c78-30db-4f08-a6ea-069043905da4 ] Request (ServerGroupTestJSON:test_create_delete_multiple_server_groups_with_same_name_policy): 200 GET http://10.180.1.21/compute/v2.1/os-server-groups 1.351s
2024-09-11 19:12:27.640 62380 INFO tempest.lib.common.rest_client [req-b5fbd9df-3656-4558-8c8c-3e0e23c46078 req-b5fbd9df-3656-4558-8c8c-3e0e23c46078 ] Request (HypervisorAdminUnderV252Test:tearDownClass): 201 POST http://10.180.1.21/identity/v3/auth/tokens 0.171s
2024-09-11 19:12:27.656 62392 INFO tempest.lib.common.rest_client [req-845cc2dd-62ce-4c56-8aaa-e2bb63f8c2ef req-845cc2dd-62ce-4c56-8aaa-e2bb63f8c2ef ] Request (InstanceActionsV221TestJSON:setUpClass): 204 PUT http://10.180.1.21/identity/v3/projects/759aa924d2f846448f3876e21df51e8c/users/63f95156379a4fd1a20a98d8acd49cd0/roles/299eb6915d7342b9906249c793ceac8c 0.323s
2024-09-11 19:12:27.656 62392 INFO tempest.lib.common.dynamic_creds [-] Dynamic test user 63f95156379a4fd1a20a98d8acd49cd0 is created with scope project and roles: ['member']
2024-09-11 19:12:27.656 62392 INFO tempest.lib.common.dynamic_creds [-] Acquired dynamic creds: credentials: Credentials: {'domain_id': 'default', 'domain_name': 'Default', 'username': 'tempest-InstanceActionsV221TestJSON-235237792-project-member', 'project_domain_id': 'default', 'project_domain_name': 'Default', 'project_id': '759aa924d2f846448f3876e21df51e8c', 'project_name': 'tempest-InstanceActionsV221TestJSON-235237792', 'tenant_id': '759aa924d2f846448f3876e21df51e8c', 'tenant_name': 'tempest-InstanceActionsV221TestJSON-235237792', 'user_domain_id': 'default', 'user_domain_name': 'Default', 'user_id': '63f95156379a4fd1a20a98d8acd49cd0', 'system': None}, Network: None, Subnet: None, Router: None
2024-09-11 19:12:27.702 62398 INFO tempest.lib.common.rest_client [req-492389b6-83f1-4554-b578-d500da262217 req-492389b6-83f1-4554-b578-d500da262217 ] Request (ServersAdmin275Test:_run_cleanups): 200 GET http://10.180.1.21/compute/v2.1/servers/6174840e-10a6-43ed-be9c-76602f91bf42 1.425s
2024-09-11 19:12:27.722 62414 INFO tempest.lib.common.rest_client [req-79f611b6-9174-4a4e-ae8b-c533d931303a req-79f611b6-9174-4a4e-ae8b-c533d931303a ] Request (ImagesDeleteNegativeTestJSON:setUpClass): 200 GET http://10.180.1.21/identity/v3/domains?name=Default 0.106s
2024-09-11 19:12:27.737 62402 INFO tempest.lib.common.rest_client [req-b18c3ff1-77dd-451b-9073-b6d14ed57edf req-b18c3ff1-77dd-451b-9073-b6d14ed57edf ] Request (MigrationsAdminTest:test_resize_server_revert_deleted_flavor): 200 POST http://10.180.1.21/compute/v2.1/flavors/2d10e977-cc15-4794-a55d-bf60ff971bc2/os-extra_specs 1.447s
2024-09-11 19:12:27.801 62392 INFO tempest.lib.common.rest_client [req-d77c5039-6750-4cbd-b475-8b365b775385 req-d77c5039-6750-4cbd-b475-8b365b775385 ] Request (InstanceActionsV221TestJSON:setUpClass): 201 POST http://10.180.1.21/identity/v3/auth/tokens 0.144s
2024-09-11 19:12:27.803 62390 INFO tempest.lib.common.rest_client [req-b155ab02-8158-4c6c-ac8a-808fd11ee5ec req-b155ab02-8158-4c6c-ac8a-808fd11ee5ec ] Request (SecurityGroupsTestAdminJSON:_run_cleanups): 202 DELETE http://10.180.1.21/compute/v2.1/os-security-groups/5d83a643-d607-4049-a848-35d9b4d005ae 1.853s
2024-09-11 19:12:27.858 62374 INFO tempest.lib.common.rest_client [req-47a99237-c250-48a9-af86-56e1a53fead5 req-47a99237-c250-48a9-af86-56e1a53fead5 ] Request (ServersAdminTestJSON:setUpClass): 200 GET http://10.180.1.21/compute/v2.1/servers/08ae027b-64b5-4d9d-a478-5d052d2cabf6 1.166s
2024-09-11 19:12:27.872 62414 INFO tempest.lib.common.rest_client [req-5b9e7190-0175-46d8-baf8-bd144c513589 req-5b9e7190-0175-46d8-baf8-bd144c513589 ] Request (ImagesDeleteNegativeTestJSON:setUpClass): 201 POST http://10.180.1.21/identity/v3/projects 0.147s
2024-09-11 19:12:27.876 62422 INFO tempest.lib.common.rest_client [req-e0f7af65-7bcc-4c54-ad1f-93f39984556d req-e0f7af65-7bcc-4c54-ad1f-93f39984556d ] Request (VolumesAdminNegativeTest:test_update_attached_volume_with_nonexistent_volume_in_body): 201 POST http://10.180.1.21:9696/networking/v2.0/security-group-rules 0.439s
2024-09-11 19:12:27.901 62402 INFO tempest.lib.common.rest_client [req-c8a7c865-c365-413e-a1b4-fef798f95cbd req-c8a7c865-c365-413e-a1b4-fef798f95cbd ] Request (MigrationsAdminTest:test_resize_server_revert_deleted_flavor): 201 POST http://10.180.1.21/identity/v3/auth/tokens 0.161s
2024-09-11 19:12:27.902 62402 INFO tempest.lib.common.fixed_network [-] (MigrationsAdminTest:test_resize_server_revert_deleted_flavor) Found network None available for tenant
2024-09-11 19:12:27.952 62376 INFO tempest.lib.common.rest_client [req-b3df0b93-90f9-41f9-bb55-8835a3e87001 req-b3df0b93-90f9-41f9-bb55-8835a3e87001 ] Request (ServerExternalEventsTest:test_create_server_external_events): 200 GET http://10.180.1.21/compute/v2.1/servers/f8330803-064a-4f31-b769-19b0ce281e07 0.924s
2024-09-11 19:12:28.007 62414 INFO tempest.lib.common.rest_client [req-f9851294-3531-43ff-bf9f-c6539f0d64de req-f9851294-3531-43ff-bf9f-c6539f0d64de ] Request (ImagesDeleteNegativeTestJSON:setUpClass): 201 POST http://10.180.1.21/identity/v3/users 0.135s
2024-09-11 19:12:28.034 62414 INFO tempest.lib.common.rest_client [req-ddfcbe5e-6478-4e01-906c-a18b19984b87 req-ddfcbe5e-6478-4e01-906c-a18b19984b87 ] Request (ImagesDeleteNegativeTestJSON:setUpClass): 200 GET http://10.180.1.21/identity/v3/roles 0.026s
2024-09-11 19:12:28.070 62384 INFO tempest.lib.common.rest_client [req-4537bb7e-6cdf-42bd-b3d0-74972d6671a8 req-4537bb7e-6cdf-42bd-b3d0-74972d6671a8 ] Request (ServerDiagnosticsNegativeTest:test_get_server_diagnostics_by_non_admin): 200 GET http://10.180.1.21/compute/v2.1/servers/f774f4eb-7329-4449-8567-b4c0dc8fd78a 1.001s
2024-09-11 19:12:28.089 62382 INFO tempest.lib.common.rest_client [req-b51bf8e4-0582-4034-95f5-22465a8cdf11 req-b51bf8e4-0582-4034-95f5-22465a8cdf11 ] Request (QuotaClassesAdmin257Test:tearDownClass): 200 GET http://10.180.1.21:9696/networking/v2.0/security-groups?tenant_id=504c3286251c453eaa259a281a636eef&name=default 0.779s
2024-09-11 19:12:28.118 62414 INFO tempest.lib.common.rest_client [req-e3efe761-9c1f-4061-bee3-aa9446f86847 req-e3efe761-9c1f-4061-bee3-aa9446f86847 ] Request (ImagesDeleteNegativeTestJSON:setUpClass): 204 PUT http://10.180.1.21/identity/v3/projects/37298bb1f3cd488fae5531a6ac3e95e0/users/58620d98606340adb83a0838f3c1957b/roles/299eb6915d7342b9906249c793ceac8c 0.080s
2024-09-11 19:12:28.118 62414 INFO tempest.lib.common.dynamic_creds [-] Dynamic test user 58620d98606340adb83a0838f3c1957b is created with scope project and roles: ['member']
2024-09-11 19:12:28.118 62414 INFO tempest.lib.common.dynamic_creds [-] Acquired dynamic creds: credentials: Credentials: {'domain_id': 'default', 'domain_name': 'Default', 'username': 'tempest-ImagesDeleteNegativeTestJSON-326038007-project-member', 'project_domain_id': 'default', 'project_domain_name': 'Default', 'project_id': '37298bb1f3cd488fae5531a6ac3e95e0', 'project_name': 'tempest-ImagesDeleteNegativeTestJSON-326038007', 'tenant_id': '37298bb1f3cd488fae5531a6ac3e95e0', 'tenant_name': 'tempest-ImagesDeleteNegativeTestJSON-326038007', 'user_domain_id': 'default', 'user_domain_name': 'Default', 'user_id': '58620d98606340adb83a0838f3c1957b', 'system': None}, Network: None, Subnet: None, Router: None
2024-09-11 19:12:28.119 62414 INFO tempest.lib.common.dynamic_creds [-] Created isolated network resources for: credentials: Credentials: {'domain_id': 'default', 'domain_name': 'Default', 'username': 'tempest-ImagesDeleteNegativeTestJSON-326038007-project-member', 'project_domain_id': 'default', 'project_domain_name': 'Default', 'project_id': '37298bb1f3cd488fae5531a6ac3e95e0', 'project_name': 'tempest-ImagesDeleteNegativeTestJSON-326038007', 'tenant_id': '37298bb1f3cd488fae5531a6ac3e95e0', 'tenant_name': 'tempest-ImagesDeleteNegativeTestJSON-326038007', 'user_domain_id': 'default', 'user_domain_name': 'Default', 'user_id': '58620d98606340adb83a0838f3c1957b', 'system': None}, Network: None, Subnet: None, Router: None
2024-09-11 19:12:28.172 62380 INFO tempest.lib.common.rest_client [req-36c9395a-2366-4edb-ad4d-d364bcb9268b req-36c9395a-2366-4edb-ad4d-d364bcb9268b ] Request (HypervisorAdminUnderV252Test:tearDownClass): 200 GET http://10.180.1.21:9696/networking/v2.0/security-groups?tenant_id=9e6720704466430490dd58f6626f553c&name=default 0.531s
2024-09-11 19:12:28.177 62422 INFO tempest.lib.common.rest_client [req-5a251389-5898-4f7c-9378-62c828400bf2 req-5a251389-5898-4f7c-9378-62c828400bf2 ] Request (VolumesAdminNegativeTest:test_update_attached_volume_with_nonexistent_volume_in_body): 201 POST http://10.180.1.21:9696/networking/v2.0/security-group-rules 0.300s
2024-09-11 19:12:28.296 62414 INFO tempest.lib.common.rest_client [req-348515ac-331c-4b3e-b7da-092a5a285922 req-348515ac-331c-4b3e-b7da-092a5a285922 ] Request (ImagesDeleteNegativeTestJSON:setUpClass): 201 POST http://10.180.1.21/identity/v3/auth/tokens 0.175s
2024-09-11 19:12:28.403 62394 INFO tempest.lib.common.rest_client [req-926cabc2-64c9-46c7-b110-8c1820a097f7 req-926cabc2-64c9-46c7-b110-8c1820a097f7 ] Request (QuotasAdminTestV257:test_get_updated_quotas): 200 PUT http://10.180.1.21/compute/v2.1/os-quota-sets/7dce74422f864c478bed4c65c061b09c 1.286s
2024-09-11 19:12:28.532 62382 INFO tempest.lib.common.rest_client [req-9e8b36b3-70d5-4c2d-acaf-324499ee2253 req-9e8b36b3-70d5-4c2d-acaf-324499ee2253 ] Request (QuotaClassesAdmin257Test:tearDownClass): 204 DELETE http://10.180.1.21:9696/networking/v2.0/security-groups/18ab6959-8ebe-4e4e-9c7c-d038b81b41e8 0.443s
2024-09-11 19:12:28.554 62372 INFO tempest.lib.common.rest_client [req-7afb69ad-e9dd-4f93-9a5e-8f977721822c req-7afb69ad-e9dd-4f93-9a5e-8f977721822c ] Request (ListImageFiltersTestJSON:setUpClass): 204 PUT http://10.180.1.21/image/v2/images/c3cbca42-55c6-4ec3-91b3-d8f17a14ff0b/file 2.418s
2024-09-11 19:12:28.594 62430 INFO tempest.lib.common.rest_client [req-a52593df-8687-4526-a29f-47882333e907 req-a52593df-8687-4526-a29f-47882333e907 ] Request (VolumesAssistedSnapshotsTest:test_volume_assisted_snapshot_create_delete): 200 GET http://10.180.1.21/compute/v2.1/servers/2fbc4d53-a000-4f14-a4b7-087aee2129bc 1.475s
2024-09-11 19:12:28.629 62380 INFO tempest.lib.common.rest_client [req-a61797bd-0596-44f6-b299-43735e3c0e4a req-a61797bd-0596-44f6-b299-43735e3c0e4a ] Request (HypervisorAdminUnderV252Test:tearDownClass): 204 DELETE http://10.180.1.21:9696/networking/v2.0/security-groups/1dfd0c42-ffd5-4b92-ae16-fe4e5030a43e 0.456s
2024-09-11 19:12:28.670 62386 INFO tempest.lib.common.rest_client [req-fb581dea-0300-4d3e-a947-5ac9e0aa8b3e req-fb581dea-0300-4d3e-a947-5ac9e0aa8b3e ] Request (ServerActionsTestOtherB:setUpClass): 200 GET http://10.180.1.21/compute/v2.1/servers/584b1af2-6903-4a08-8ed2-9cd21075f0de 1.499s
2024-09-11 19:12:28.768 62432 INFO tempest.lib.common.rest_client [req-d5262cda-92ed-40a8-9b52-130e62d812cb req-d5262cda-92ed-40a8-9b52-130e62d812cb ] Request (ServerDiagnosticsTest:test_get_server_diagnostics): 204 DELETE http://10.180.1.21/compute/v2.1/servers/0e5473a7-4356-4bc9-a1fd-83b0dfae3a30 1.947s
2024-09-11 19:12:28.792 62424 INFO tempest.lib.common.rest_client [req-f43f5001-167d-4297-b54c-1424b8939a3d req-f43f5001-167d-4297-b54c-1424b8939a3d ] Request (InstanceActionsTestJSON:setUpClass): 200 GET http://10.180.1.21/compute/v2.1/servers/f62a3436-a4a7-42a2-8023-913319df1d47 1.608s
2024-09-11 19:12:28.807 62378 INFO tempest.lib.common.rest_client [req-67baa6cb-dd77-4df0-9904-9f45db7c1f51 req-67baa6cb-dd77-4df0-9904-9f45db7c1f51 ] Request (MultipleCreateNegativeTestJSON:test_max_count_less_than_one): 400 POST http://10.180.1.21/compute/v2.1/servers 1.256s
2024-09-11 19:12:28.823 62392 INFO tempest.lib.common.rest_client [req-76c02c5f-6cb3-4097-86b5-c63a0b18a34f req-76c02c5f-6cb3-4097-86b5-c63a0b18a34f ] Request (InstanceActionsV221TestJSON:setUpClass): 201 POST http://10.180.1.21:9696/networking/v2.0/networks 1.022s
2024-09-11 19:12:28.824 62418 INFO tempest.lib.common.rest_client [req-6818e963-f1ef-4349-ad12-e677c15e3484 req-6818e963-f1ef-4349-ad12-e677c15e3484 ] Request (AggregatesAdminNegativeTestJSON:test_aggregate_remove_nonexistent_host): 200 POST http://10.180.1.21/compute/v2.1/os-aggregates 1.370s
2024-09-11 19:12:28.851 62388 INFO tempest.lib.common.rest_client [req-1511ab79-6ade-4c46-a7f9-d847639c14c1 req-1511ab79-6ade-4c46-a7f9-d847639c14c1 ] Request (FlavorsAdminTestJSON:test_is_public_string_variations): 200 GET http://10.180.1.21/compute/v2.1/flavors/detail?is_public=yes 1.252s
2024-09-11 19:12:28.928 62420 INFO tempest.lib.common.rest_client [req-bb1443c9-b0ae-4d23-a8ea-46af9ae15654 req-bb1443c9-b0ae-4d23-a8ea-46af9ae15654 ] Request (ServersWithSpecificFlavorTestJSON:test_verify_created_server_ephemeral_disk): 200 GET http://10.180.1.21/compute/v2.1/servers/c2c48d98-b791-42c9-8038-d969dda7573e 1.167s
2024-09-11 19:12:29.183 62406 INFO tempest.lib.common.rest_client [req-46e4cd58-00b3-4d9b-95d5-cf8297328b0c req-46e4cd58-00b3-4d9b-95d5-cf8297328b0c ] Request (ServerGroupTestJSON:test_create_delete_multiple_server_groups_with_same_name_policy): 204 DELETE http://10.180.1.21/compute/v2.1/os-server-groups/7491165d-6868-44f8-9a38-d4cbd1bc9a71 1.561s
2024-09-11 19:12:29.186 62380 INFO tempest.lib.common.rest_client [req-486cb757-981a-4bf6-a7f0-c338097c168d req-486cb757-981a-4bf6-a7f0-c338097c168d ] Request (HypervisorAdminUnderV252Test:tearDownClass): 204 DELETE http://10.180.1.21/identity/v3/projects/9e6720704466430490dd58f6626f553c 0.557s
2024-09-11 19:12:29.186 62382 INFO tempest.lib.common.rest_client [req-a251f4e4-b573-4e8f-8087-3ad99b674fba req-a251f4e4-b573-4e8f-8087-3ad99b674fba ] Request (QuotaClassesAdmin257Test:tearDownClass): 204 DELETE http://10.180.1.21/identity/v3/projects/504c3286251c453eaa259a281a636eef 0.653s
2024-09-11 19:12:29.187 62380 INFO tempest.lib.common.dynamic_creds [-] Deleting project and security group for project: 1d823aa67635402ea79e549fdc3c60f7
2024-09-11 19:12:29.187 62382 INFO tempest.lib.common.dynamic_creds [-] Deleting project and security group for project: bd4f387aa82645fbb2e1ab7b9a36f0fe
2024-09-11 19:12:29.315 62408 INFO tempest.lib.common.rest_client [req-f9a4a85e-1bcd-4a54-aa6d-74ef9f17ff0f req-f9a4a85e-1bcd-4a54-aa6d-74ef9f17ff0f ] Request (SecurityGroupsTestJSON:test_list_security_groups_by_server): 200 GET http://10.180.1.21/compute/v2.1/servers/0773334e-8541-439e-aa0c-83dacac16242 1.440s
2024-09-11 19:12:29.333 62378 INFO tempest.lib.common.rest_client [req-46fa1a45-369b-40e1-8d64-bf1575e1a6d1 req-46fa1a45-369b-40e1-8d64-bf1575e1a6d1 ] Request (MultipleCreateNegativeTestJSON:test_max_count_non_integer): 201 POST http://10.180.1.21/identity/v3/auth/tokens 0.521s
2024-09-11 19:12:29.333 62378 INFO tempest.lib.common.fixed_network [-] (MultipleCreateNegativeTestJSON:test_max_count_non_integer) Found network None available for tenant
2024-09-11 19:12:29.343 62390 INFO tempest.lib.common.rest_client [req-bd39f2ae-8359-41b8-9ee2-31eab777541a req-bd39f2ae-8359-41b8-9ee2-31eab777541a ] Request (SecurityGroupsTestAdminJSON:_run_cleanups): 202 DELETE http://10.180.1.21/compute/v2.1/os-security-groups/d93042de-09e7-4b2a-bc93-c5dd0ee6eb02 1.539s
2024-09-11 19:12:29.440 62410 INFO tempest.lib.common.rest_client [req-6dac56fa-4c0c-458d-b0af-acd8c3a8c510 req-6dac56fa-4c0c-458d-b0af-acd8c3a8c510 ] Request (ServerDiskConfigTestJSON:test_rebuild_server_with_auto_disk_config): 200 GET http://10.180.1.21/compute/v2.1/servers/70edd0f9-b499-4868-99a8-c62c92a15292 1.256s
2024-09-11 19:12:29.493 62422 INFO tempest.lib.common.rest_client [req-312cc671-1621-4913-8d41-2e92a79d0c42 req-312cc671-1621-4913-8d41-2e92a79d0c42 ] Request (VolumesAdminNegativeTest:test_update_attached_volume_with_nonexistent_volume_in_body): 201 POST http://10.180.1.21:9696/networking/v2.0/floatingips 1.316s
2024-09-11 19:12:29.545 62412 INFO tempest.lib.common.rest_client [req-4fac953f-1c3f-46f3-8a54-1c180d0cc269 req-4fac953f-1c3f-46f3-8a54-1c180d0cc269 ] Request (DeleteServersAdminTestJSON:test_delete_server_while_in_error_state): 200 GET http://10.180.1.21/compute/v2.1/servers/0d4b25da-dfdb-441b-bbc0-fc784669e07c 1.294s
2024-09-11 19:12:29.548 62380 INFO tempest.lib.common.rest_client [req-9701f345-a9f1-4339-a07a-13ffadad8d85 req-9701f345-a9f1-4339-a07a-13ffadad8d85 ] Request (HypervisorAdminUnderV252Test:tearDownClass): 200 GET http://10.180.1.21:9696/networking/v2.0/security-groups?tenant_id=1d823aa67635402ea79e549fdc3c60f7&name=default 0.357s
2024-09-11 19:12:29.601 62422 INFO tempest.lib.common.rest_client [req-a94df836-98c4-4ade-bd38-6dfe8d97b5e7 req-a94df836-98c4-4ade-bd38-6dfe8d97b5e7 ] Request (VolumesAdminNegativeTest:test_update_attached_volume_with_nonexistent_volume_in_body): 201 POST http://10.180.1.21/identity/v3/auth/tokens 0.104s
2024-09-11 19:12:29.602 62422 INFO tempest.lib.common.fixed_network [-] (VolumesAdminNegativeTest:test_update_attached_volume_with_nonexistent_volume_in_body) Found network {'id': '888b5e4c-0556-492e-81d9-a16e974d2092', 'name': 'tempest-VolumesAdminNegativeTest-1492770822-network', 'tenant_id': '9d47eb4020cd41be8fac1079d226736a', 'admin_state_up': True, 'mtu': 8950, 'status': 'ACTIVE', 'subnets': [], 'shared': False, 'project_id': '9d47eb4020cd41be8fac1079d226736a', 'port_security_enabled': True, 'router:external': False, 'provider:network_type': 'vlan', 'provider:physical_network': 'default', 'provider:segmentation_id': 534, 'is_default': False, 'availability_zone_hints': [], 'availability_zones': [], 'ipv4_address_scope': None, 'ipv6_address_scope': None, 'description': '', 'tags': [], 'created_at': '2024-09-11T19:12:12Z', 'updated_at': '2024-09-11T19:12:13Z', 'revision_number': 1} available for tenant
2024-09-11 19:12:29.648 62382 INFO tempest.lib.common.rest_client [req-138b3e11-f23c-4737-83d2-9c9a704efa24 req-138b3e11-f23c-4737-83d2-9c9a704efa24 ] Request (QuotaClassesAdmin257Test:tearDownClass): 200 GET http://10.180.1.21:9696/networking/v2.0/security-groups?tenant_id=bd4f387aa82645fbb2e1ab7b9a36f0fe&name=default 0.447s
2024-09-11 19:12:29.862 62402 INFO tempest.lib.common.rest_client [req-f9a4f701-fadd-484d-b2d6-e0dfc10bb65c req-f9a4f701-fadd-484d-b2d6-e0dfc10bb65c ] Request (MigrationsAdminTest:test_resize_server_revert_deleted_flavor): 202 POST http://10.180.1.21/compute/v2.1/servers 1.958s
2024-09-11 19:12:29.867 62390 INFO tempest.lib.common.rest_client [req-171b5fee-cfba-4630-927b-21d4790bc624 req-171b5fee-cfba-4630-927b-21d4790bc624 ] Request (SecurityGroupsTestAdminJSON:tearDownClass): 204 DELETE http://10.180.1.21/identity/v3/users/b9f7f3a71a37485d8469e6c51bbd9544 0.520s
2024-09-11 19:12:29.903 62382 INFO tempest.lib.common.rest_client [req-b419408c-90de-4212-b961-e6f892975908 req-b419408c-90de-4212-b961-e6f892975908 ] Request (QuotaClassesAdmin257Test:tearDownClass): 204 DELETE http://10.180.1.21:9696/networking/v2.0/security-groups/a4146801-fcad-4a7e-b349-c09afe96a989 0.254s
2024-09-11 19:12:29.904 62380 INFO tempest.lib.common.rest_client [req-e70259c8-6688-4a67-ace6-3a61cb40dfdd req-e70259c8-6688-4a67-ace6-3a61cb40dfdd ] Request (HypervisorAdminUnderV252Test:tearDownClass): 204 DELETE http://10.180.1.21:9696/networking/v2.0/security-groups/568f7579-5a35-4e4d-b79c-2a0066227180 0.355s
2024-09-11 19:12:29.923 62392 INFO tempest.lib.common.rest_client [req-e96e257b-a7e5-4959-9271-6271c2cfa495 req-e96e257b-a7e5-4959-9271-6271c2cfa495 ] Request (InstanceActionsV221TestJSON:setUpClass): 201 POST http://10.180.1.21:9696/networking/v2.0/subnets 1.099s
2024-09-11 19:12:29.933 62414 INFO tempest.lib.common.rest_client [req-b2a8ea25-c82f-4038-80b6-60698aa3d32d req-b2a8ea25-c82f-4038-80b6-60698aa3d32d ] Request (ImagesDeleteNegativeTestJSON:test_delete_image_blank_id): 404 DELETE http://10.180.1.21/compute/v2.1/images/ 1.634s
2024-09-11 19:12:29.939 62396 INFO tempest.lib.common.rest_client [req-843d9bff-7921-404f-a388-a1dc146b4300 req-843d9bff-7921-404f-a388-a1dc146b4300 ] Request (ServerActionsTestOtherA:setUpClass): 200 GET http://10.180.1.21/compute/v2.1/servers/fd069a41-3344-4ab7-9b0d-b5dff9520bc0 1.587s
2024-09-11 19:12:29.992 62428 INFO tempest.lib.common.rest_client [req-35c01b26-fbd7-4861-a285-97b22930347a req-35c01b26-fbd7-4861-a285-97b22930347a ] Request (ImagesOneServerTestJSON:setUpClass): 200 GET http://10.180.1.21/compute/v2.1/servers/e9f6cbc1-b11a-4361-aa3b-ec5eef3d703e 1.582s
2024-09-11 19:12:30.055 62390 INFO tempest.lib.common.rest_client [req-9a7601eb-cca8-4b5d-bfb8-c528cb5bbb92 req-9a7601eb-cca8-4b5d-bfb8-c528cb5bbb92 ] Request (SecurityGroupsTestAdminJSON:tearDownClass): 204 DELETE http://10.180.1.21/identity/v3/users/e074043feb6445caaacc5981ed9a1fac 0.187s
2024-09-11 19:12:30.055 62390 INFO tempest.lib.common.dynamic_creds [-] Deleting project and security group for project: 8560244d9b414337bb4ee63145e1405a
2024-09-11 19:12:30.075 62434 INFO tempest.lib.common.rest_client [req-15217edf-56c9-45e8-9317-38df8e4d903a req-15217edf-56c9-45e8-9317-38df8e4d903a ] Request (AttachInterfacesV270Test:test_create_get_list_interfaces): 200 GET http://10.180.1.21/compute/v2.1/servers/bc29ceaa-1fe9-492c-9c0a-1fbfc42f843b 1.572s
2024-09-11 19:12:30.085 62434 INFO tempest.common.waiters [-] State transition "BUILD/scheduling" ==> "ERROR/None" after 36 second wait
2024-09-11 19:12:30.088 62382 INFO tempest.lib.common.rest_client [req-a5df215b-c4a2-45d3-b770-4a385f8424e7 req-a5df215b-c4a2-45d3-b770-4a385f8424e7 ] Request (QuotaClassesAdmin257Test:tearDownClass): 204 DELETE http://10.180.1.21/identity/v3/projects/bd4f387aa82645fbb2e1ab7b9a36f0fe 0.185s
2024-09-11 19:12:30.116 62390 INFO tempest.lib.common.rest_client [req-1d35dc42-e2a0-4952-a8be-0775b5973b20 req-1d35dc42-e2a0-4952-a8be-0775b5973b20 ] Request (SecurityGroupsTestAdminJSON:tearDownClass): 201 POST http://10.180.1.21/identity/v3/auth/tokens 0.061s
2024-09-11 19:12:30.122 62372 INFO tempest.lib.common.rest_client [req-d8ee3d2d-a278-47d3-95f1-3636fd661d31 req-d8ee3d2d-a278-47d3-95f1-3636fd661d31 ] Request (ListImageFiltersTestJSON:setUpClass): 200 GET http://10.180.1.21/compute/v2.1/images/c3cbca42-55c6-4ec3-91b3-d8f17a14ff0b 1.568s
2024-09-11 19:12:30.182 62416 INFO tempest.lib.common.rest_client [req-58f1a1f1-e522-4502-bac6-f2257c048ccc req-58f1a1f1-e522-4502-bac6-f2257c048ccc ] Request (ServersTestMultiNic:test_verify_duplicate_network_nics): 200 GET http://10.180.1.21/compute/v2.1/servers/bebe84f3-f56d-4a81-9001-a041df442b56 1.599s
2024-09-11 19:12:30.192 62416 INFO tempest.common.waiters [-] State transition "BUILD/scheduling" ==> "BUILD/None" after 6 second wait
2024-09-11 19:12:30.193 62382 INFO tempest.lib.common.rest_client [req-b7fea29a-a719-4cb9-8222-37326326df61 req-b7fea29a-a719-4cb9-8222-37326326df61 ] Request (ServersAdminNegativeTestJSON:setUpClass): 201 POST http://10.180.1.21/identity/v3/auth/tokens 0.103s
2024-09-11 19:12:30.672 62380 INFO tempest.lib.common.rest_client [req-6ace908b-8991-4022-92f2-667c9b6a2ae9 req-6ace908b-8991-4022-92f2-667c9b6a2ae9 ] Request (HypervisorAdminUnderV252Test:tearDownClass): 204 DELETE http://10.180.1.21/identity/v3/projects/1d823aa67635402ea79e549fdc3c60f7 0.767s
2024-09-11 19:12:30.697 62398 INFO tempest.lib.common.rest_client [req-8965b56c-befd-440c-903f-2ffc16be18e3 req-8965b56c-befd-440c-903f-2ffc16be18e3 ] Request (ServersAdmin275Test:_run_cleanups): 200 GET http://10.180.1.21/compute/v2.1/servers/6174840e-10a6-43ed-be9c-76602f91bf42 1.983s
2024-09-11 19:12:30.730 62432 INFO tempest.lib.common.rest_client [req-65ea91a2-26b0-4e3f-8b3d-7d0e2388f66b req-65ea91a2-26b0-4e3f-8b3d-7d0e2388f66b ] Request (ServerDiagnosticsTest:test_get_server_diagnostics): 404 GET http://10.180.1.21/compute/v2.1/servers/0e5473a7-4356-4bc9-a1fd-83b0dfae3a30 1.961s
2024-09-11 19:12:30.734 62382 INFO tempest.lib.common.rest_client [req-bc9a94fd-949a-4bba-9b7e-e05be60b0f89 req-bc9a94fd-949a-4bba-9b7e-e05be60b0f89 ] Request (ServersAdminNegativeTestJSON:setUpClass): 201 POST http://10.180.1.21/identity/v3/auth/tokens 0.538s
2024-09-11 19:12:30.736 62394 INFO tempest.lib.common.rest_client [req-48ea7c53-5d48-444b-bc59-e8d3fb805e7c req-48ea7c53-5d48-444b-bc59-e8d3fb805e7c ] Request (QuotasAdminTestV257:test_get_updated_quotas): 200 GET http://10.180.1.21/compute/v2.1/os-quota-sets/7dce74422f864c478bed4c65c061b09c/detail 2.331s
2024-09-11 19:12:30.754 62380 INFO tempest.lib.common.rest_client [req-b2ef5a6d-750d-49f2-99cb-c2b16b2ac7af req-b2ef5a6d-750d-49f2-99cb-c2b16b2ac7af ] Request (QuotasAdminTestV236:setUpClass): 201 POST http://10.180.1.21/identity/v3/auth/tokens 0.080s
2024-09-11 19:12:30.764 62418 INFO tempest.lib.common.rest_client [req-058b9b09-c849-4b35-9889-510c50b1327f req-058b9b09-c849-4b35-9889-510c50b1327f ] Request (AggregatesAdminNegativeTestJSON:test_aggregate_remove_nonexistent_host): 404 POST http://10.180.1.21/compute/v2.1/os-aggregates/8/action 1.938s
2024-09-11 19:12:30.769 62382 INFO tempest.lib.common.rest_client [req-103b965d-d2d6-499d-9c75-0f7e470c94f5 req-103b965d-d2d6-499d-9c75-0f7e470c94f5 ] Request (ServersAdminNegativeTestJSON:setUpClass): 200 GET http://10.180.1.21/identity/v3/domains?name=Default 0.035s
2024-09-11 19:12:30.772 62388 INFO tempest.lib.common.rest_client [req-6f088cf2-0ab6-4192-884c-edfd862f28e3 req-6f088cf2-0ab6-4192-884c-edfd862f28e3 ] Request (FlavorsAdminTestJSON:test_is_public_string_variations): 200 GET http://10.180.1.21/compute/v2.1/flavors/detail?is_public=1 1.914s
2024-09-11 19:12:30.785 62390 INFO tempest.lib.common.rest_client [req-329d2f46-985e-4627-a3f1-f951be6912d0 req-329d2f46-985e-4627-a3f1-f951be6912d0 ] Request (SecurityGroupsTestAdminJSON:tearDownClass): 200 GET http://10.180.1.21:9696/networking/v2.0/security-groups?tenant_id=8560244d9b414337bb4ee63145e1405a&name=default 0.669s
2024-09-11 19:12:30.791 62394 INFO tempest.lib.common.rest_client [req-4fda2129-4096-468f-8fb0-30249c1cfbd7 req-4fda2129-4096-468f-8fb0-30249c1cfbd7 ] Request (QuotasAdminTestV257:test_get_updated_quotas): 200 GET http://10.180.1.21/identity/v3/domains?name=Default 0.052s
2024-09-11 19:12:30.832 62376 INFO tempest.lib.common.rest_client [req-6b08a9ac-8c73-428a-ba20-12f0c3cd7565 req-6b08a9ac-8c73-428a-ba20-12f0c3cd7565 ] Request (ServerExternalEventsTest:test_create_server_external_events): 200 GET http://10.180.1.21/compute/v2.1/servers/f8330803-064a-4f31-b769-19b0ce281e07 1.867s
2024-09-11 19:12:30.833 62374 INFO tempest.lib.common.rest_client [req-7e559f31-402f-433c-9317-bb7f77126e40 req-7e559f31-402f-433c-9317-bb7f77126e40 ] Request (ServersAdminTestJSON:setUpClass): 200 GET http://10.180.1.21/compute/v2.1/servers/08ae027b-64b5-4d9d-a478-5d052d2cabf6 1.963s
2024-09-11 19:12:30.840 62376 INFO tempest.common.waiters [-] State transition "BUILD/spawning" ==> "BUILD/scheduling" after 36 second wait
2024-09-11 19:12:30.846 62406 INFO tempest.lib.common.rest_client [req-102134c4-1360-4b3d-b16f-e1762081f673 req-102134c4-1360-4b3d-b16f-e1762081f673 ] Request (ServerGroupTestJSON:test_create_delete_multiple_server_groups_with_same_name_policy): 200 GET http://10.180.1.21/compute/v2.1/os-server-groups 1.662s
2024-09-11 19:12:30.853 62378 INFO tempest.lib.common.rest_client [req-f4847d1f-4d83-4ab1-9464-f6b109ba583b req-f4847d1f-4d83-4ab1-9464-f6b109ba583b ] Request (MultipleCreateNegativeTestJSON:test_max_count_non_integer): 400 POST http://10.180.1.21/compute/v2.1/servers 1.519s
2024-09-11 19:12:30.884 62384 INFO tempest.lib.common.rest_client [req-aa6f40a7-337a-496a-9b4e-ed7a0f07e17d req-aa6f40a7-337a-496a-9b4e-ed7a0f07e17d ] Request (ServerDiagnosticsNegativeTest:test_get_server_diagnostics_by_non_admin): 200 GET http://10.180.1.21/compute/v2.1/servers/f774f4eb-7329-4449-8567-b4c0dc8fd78a 1.800s
2024-09-11 19:12:30.902 62430 INFO tempest.lib.common.rest_client [req-29b9c835-9bef-44c9-a859-e4d1bbb497df req-29b9c835-9bef-44c9-a859-e4d1bbb497df ] Request (VolumesAssistedSnapshotsTest:test_volume_assisted_snapshot_create_delete): 200 GET http://10.180.1.21/compute/v2.1/servers/2fbc4d53-a000-4f14-a4b7-087aee2129bc 1.300s
2024-09-11 19:12:30.949 62386 INFO tempest.lib.common.rest_client [req-c05e0b35-3a6b-4b42-ab4c-7b8b12ff85a1 req-c05e0b35-3a6b-4b42-ab4c-7b8b12ff85a1 ] Request (ServerActionsTestOtherB:setUpClass): 200 GET http://10.180.1.21/compute/v2.1/servers/584b1af2-6903-4a08-8ed2-9cd21075f0de 1.271s
2024-09-11 19:12:30.994 62424 INFO tempest.lib.common.rest_client [req-57e4ffb5-7839-4e56-a6cd-5adeade03fa8 req-57e4ffb5-7839-4e56-a6cd-5adeade03fa8 ] Request (InstanceActionsTestJSON:setUpClass): 200 GET http://10.180.1.21/compute/v2.1/servers/f62a3436-a4a7-42a2-8023-913319df1d47 1.193s
2024-09-11 19:12:31.031 62402 INFO tempest.lib.common.rest_client [req-d355ebdb-4eb6-4909-a3d1-ba75543bfab8 req-d355ebdb-4eb6-4909-a3d1-ba75543bfab8 ] Request (MigrationsAdminTest:test_resize_server_revert_deleted_flavor): 200 GET http://10.180.1.21/compute/v2.1/servers/78cccd5a-2bfa-4daf-af4a-c339d03cd140 1.167s
2024-09-11 19:12:31.048 62414 INFO tempest.lib.common.rest_client [req-0be40bce-9f18-4873-bd5b-d4fdb686554b req-0be40bce-9f18-4873-bd5b-d4fdb686554b ] Request (ImagesDeleteNegativeTestJSON:test_delete_image_negative_image_id): 404 DELETE http://10.180.1.21/compute/v2.1/images/-1 1.113s
2024-09-11 19:12:31.080 62380 INFO tempest.lib.common.rest_client [req-cf527523-5642-4aa5-9151-120b27311a9f req-cf527523-5642-4aa5-9151-120b27311a9f ] Request (QuotasAdminTestV236:setUpClass): 201 POST http://10.180.1.21/identity/v3/auth/tokens 0.324s
2024-09-11 19:12:31.115 62420 INFO tempest.lib.common.rest_client [req-2d89a540-6d52-428b-83cf-35dc49517623 req-2d89a540-6d52-428b-83cf-35dc49517623 ] Request (ServersWithSpecificFlavorTestJSON:test_verify_created_server_ephemeral_disk): 200 GET http://10.180.1.21/compute/v2.1/servers/c2c48d98-b791-42c9-8038-d969dda7573e 1.179s
2024-09-11 19:12:31.191 62382 INFO tempest.lib.common.rest_client [req-a160c783-3178-46c7-b203-0afaf1658a4a req-a160c783-3178-46c7-b203-0afaf1658a4a ] Request (ServersAdminNegativeTestJSON:setUpClass): 201 POST http://10.180.1.21/identity/v3/projects 0.419s
2024-09-11 19:12:31.192 62390 INFO tempest.lib.common.rest_client [req-88c0b083-e73a-49b5-a077-a220da919aff req-88c0b083-e73a-49b5-a077-a220da919aff ] Request (SecurityGroupsTestAdminJSON:tearDownClass): 204 DELETE http://10.180.1.21:9696/networking/v2.0/security-groups/27eb70ba-5c27-44e2-9e79-40e24f9b0b46 0.405s
2024-09-11 19:12:31.582 62432 INFO tempest.lib.common.rest_client [req-f719451d-19b8-451c-b585-fbd7d1bd050c req-f719451d-19b8-451c-b585-fbd7d1bd050c ] Request (ServerDiagnosticsTest:tearDownClass): 204 DELETE http://10.180.1.21/identity/v3/users/4983ff5f7dec4ba6aa2200452d5b7c17 0.849s
2024-09-11 19:12:31.587 62394 INFO tempest.lib.common.rest_client [req-ff81dcae-0f65-44b3-9c53-e55ce04240d1 req-ff81dcae-0f65-44b3-9c53-e55ce04240d1 ] Request (QuotasAdminTestV257:test_get_updated_quotas): 201 POST http://10.180.1.21/identity/v3/users 0.795s
2024-09-11 19:12:31.644 62378 INFO tempest.lib.common.rest_client [req-1cdd7944-cffc-4363-ba71-25d373bb9960 req-1cdd7944-cffc-4363-ba71-25d373bb9960 ] Request (MultipleCreateNegativeTestJSON:test_min_count_less_than_one): 201 POST http://10.180.1.21/identity/v3/auth/tokens 0.786s
2024-09-11 19:12:31.645 62378 INFO tempest.lib.common.fixed_network [-] (MultipleCreateNegativeTestJSON:test_min_count_less_than_one) Found network None available for tenant
2024-09-11 19:12:31.705 62380 INFO tempest.lib.common.rest_client [req-0cc1470e-574d-42bb-9c4b-a454ce014190 req-0cc1470e-574d-42bb-9c4b-a454ce014190 ] Request (QuotasAdminTestV236:setUpClass): 200 GET http://10.180.1.21/identity/v3/domains?name=Default 0.624s
2024-09-11 19:12:31.738 62382 INFO tempest.lib.common.rest_client [req-5b7dd3e8-abab-4a84-a80d-d7078476d4f6 req-5b7dd3e8-abab-4a84-a80d-d7078476d4f6 ] Request (ServersAdminNegativeTestJSON:setUpClass): 201 POST http://10.180.1.21/identity/v3/users 0.547s
2024-09-11 19:12:31.784 62390 INFO tempest.lib.common.rest_client [req-d821300a-15c8-47b3-b3cb-4474d2f320cd req-d821300a-15c8-47b3-b3cb-4474d2f320cd ] Request (SecurityGroupsTestAdminJSON:tearDownClass): 204 DELETE http://10.180.1.21/identity/v3/projects/8560244d9b414337bb4ee63145e1405a 0.591s
2024-09-11 19:12:31.784 62390 INFO tempest.lib.common.dynamic_creds [-] Deleting project and security group for project: d7b11a5a985d4676b5173572abdfaa97
2024-09-11 19:12:31.858 62432 INFO tempest.lib.common.rest_client [req-022e138f-9d48-41f8-9472-33727bf63ac1 req-022e138f-9d48-41f8-9472-33727bf63ac1 ] Request (ServerDiagnosticsTest:tearDownClass): 204 DELETE http://10.180.1.21/identity/v3/users/a40fc8561f054803b32ff28bbee8766a 0.276s
2024-09-11 19:12:31.859 62432 INFO tempest.lib.common.dynamic_creds [-] Deleting project and security group for project: 5642301b047e405d935f37707b32a6d8
2024-09-11 19:12:31.866 62390 INFO tempest.lib.common.rest_client [req-1b96f385-a8c9-4c6d-8b2c-bb8955cee0ae req-1b96f385-a8c9-4c6d-8b2c-bb8955cee0ae ] Request (SecurityGroupsTestAdminJSON:tearDownClass): 200 GET http://10.180.1.21:9696/networking/v2.0/security-groups?tenant_id=d7b11a5a985d4676b5173572abdfaa97&name=default 0.081s
2024-09-11 19:12:31.891 62394 INFO tempest.lib.common.rest_client [req-880c5e6a-40d7-4671-b92b-cbffb5fa2ad2 req-880c5e6a-40d7-4671-b92b-cbffb5fa2ad2 ] Request (QuotasAdminTestV257:test_get_updated_quotas): 200 GET http://10.180.1.21/identity/v3/domains?name=Default 0.303s
2024-09-11 19:12:31.931 62380 INFO tempest.lib.common.rest_client [req-8918457e-4786-4c16-b0ce-799a0b0a7ead req-8918457e-4786-4c16-b0ce-799a0b0a7ead ] Request (QuotasAdminTestV236:setUpClass): 201 POST http://10.180.1.21/identity/v3/projects 0.225s
2024-09-11 19:12:31.955 62434 INFO tempest.lib.common.rest_client [req-735ac4a5-a22f-43db-8247-a6ff88d2f389 req-735ac4a5-a22f-43db-8247-a6ff88d2f389 ] Request (AttachInterfacesV270Test:test_create_get_list_interfaces): 204 DELETE http://10.180.1.21/compute/v2.1/servers/bc29ceaa-1fe9-492c-9c0a-1fbfc42f843b 1.869s
2024-09-11 19:12:31.976 62432 INFO tempest.lib.common.rest_client [req-15b472df-2182-4484-a562-45b3c735f5d8 req-15b472df-2182-4484-a562-45b3c735f5d8 ] Request (ServerDiagnosticsTest:tearDownClass): 201 POST http://10.180.1.21/identity/v3/auth/tokens 0.118s
2024-09-11 19:12:31.999 62382 INFO tempest.lib.common.rest_client [req-1f35867a-5359-4bed-8e5d-c0ae62c6823a req-1f35867a-5359-4bed-8e5d-c0ae62c6823a ] Request (ServersAdminNegativeTestJSON:setUpClass): 200 GET http://10.180.1.21/identity/v3/roles 0.259s
2024-09-11 19:12:32.016 62422 INFO tempest.lib.common.rest_client [req-189cae53-36f7-4574-b280-02bf1ce359d2 req-189cae53-36f7-4574-b280-02bf1ce359d2 ] Request (VolumesAdminNegativeTest:test_update_attached_volume_with_nonexistent_volume_in_body): 202 POST http://10.180.1.21/compute/v2.1/servers 2.412s
2024-09-11 19:12:32.025 62372 INFO tempest.lib.common.rest_client [req-74351b1d-127f-4e9a-8772-c355356714aa req-74351b1d-127f-4e9a-8772-c355356714aa ] Request (ListImageFiltersTestJSON:setUpClass): 200 GET http://10.180.1.21/compute/v2.1/images/c3cbca42-55c6-4ec3-91b3-d8f17a14ff0b 1.900s
2024-09-11 19:12:32.048 62380 INFO tempest.lib.common.rest_client [req-2559b339-1849-4aea-bf77-13644ea9079d req-2559b339-1849-4aea-bf77-13644ea9079d ] Request (QuotasAdminTestV236:setUpClass): 201 POST http://10.180.1.21/identity/v3/users 0.117s
2024-09-11 19:12:32.080 62392 INFO tempest.lib.common.rest_client [req-432f0c29-8b12-46d7-9c1f-af7d36a870bc req-432f0c29-8b12-46d7-9c1f-af7d36a870bc ] Request (InstanceActionsV221TestJSON:setUpClass): 201 POST http://10.180.1.21:9696/networking/v2.0/routers 2.156s
2024-09-11 19:12:32.105 62382 INFO tempest.lib.common.rest_client [req-c445e68e-cf0f-47b8-816e-b5c2dcaca443 req-c445e68e-cf0f-47b8-816e-b5c2dcaca443 ] Request (ServersAdminNegativeTestJSON:setUpClass): 204 PUT http://10.180.1.21/identity/v3/projects/f3b227ecfa12442f8b123904d63dbf50/users/4069946cff5245b9a5c2dc79c842bad6/roles/299eb6915d7342b9906249c793ceac8c 0.105s
2024-09-11 19:12:32.105 62382 INFO tempest.lib.common.dynamic_creds [-] Dynamic test user 4069946cff5245b9a5c2dc79c842bad6 is created with scope project and roles: ['member']
2024-09-11 19:12:32.106 62382 INFO tempest.lib.common.dynamic_creds [-] Acquired dynamic creds: credentials: Credentials: {'domain_id': 'default', 'domain_name': 'Default', 'username': 'tempest-ServersAdminNegativeTestJSON-1966730367-project-member', 'project_domain_id': 'default', 'project_domain_name': 'Default', 'project_id': 'f3b227ecfa12442f8b123904d63dbf50', 'project_name': 'tempest-ServersAdminNegativeTestJSON-1966730367', 'tenant_id': 'f3b227ecfa12442f8b123904d63dbf50', 'tenant_name': 'tempest-ServersAdminNegativeTestJSON-1966730367', 'user_domain_id': 'default', 'user_domain_name': 'Default', 'user_id': '4069946cff5245b9a5c2dc79c842bad6', 'system': None}, Network: None, Subnet: None, Router: None
2024-09-11 19:12:32.106 62382 INFO tempest.lib.common.dynamic_creds [-] Created isolated network resources for: credentials: Credentials: {'domain_id': 'default', 'domain_name': 'Default', 'username': 'tempest-ServersAdminNegativeTestJSON-1966730367-project-member', 'project_domain_id': 'default', 'project_domain_name': 'Default', 'project_id': 'f3b227ecfa12442f8b123904d63dbf50', 'project_name': 'tempest-ServersAdminNegativeTestJSON-1966730367', 'tenant_id': 'f3b227ecfa12442f8b123904d63dbf50', 'tenant_name': 'tempest-ServersAdminNegativeTestJSON-1966730367', 'user_domain_id': 'default', 'user_domain_name': 'Default', 'user_id': '4069946cff5245b9a5c2dc79c842bad6', 'system': None}, Network: None, Subnet: None, Router: None
2024-09-11 19:12:32.119 62372 INFO tempest.lib.common.rest_client [req-079bf849-d12a-4619-a4eb-c928a79c1c9f req-079bf849-d12a-4619-a4eb-c928a79c1c9f ] Request (ListImageFiltersTestJSON:setUpClass): 201 POST http://10.180.1.21/identity/v3/auth/tokens 0.084s
2024-09-11 19:12:32.119 62372 INFO tempest.lib.common.fixed_network [-] (ListImageFiltersTestJSON:setUpClass) Found network None available for tenant
2024-09-11 19:12:32.125 62390 INFO tempest.lib.common.rest_client [req-e0c61f58-730f-4ac0-b73e-f67726241828 req-e0c61f58-730f-4ac0-b73e-f67726241828 ] Request (SecurityGroupsTestAdminJSON:tearDownClass): 204 DELETE http://10.180.1.21:9696/networking/v2.0/security-groups/ce9bb9b1-6ae7-4aa8-97db-b4b8bf1d0f93 0.259s
2024-09-11 19:12:32.158 62410 INFO tempest.lib.common.rest_client [req-2a29be85-7fd8-49e2-b091-6f85b0c7a484 req-2a29be85-7fd8-49e2-b091-6f85b0c7a484 ] Request (ServerDiskConfigTestJSON:test_rebuild_server_with_auto_disk_config): 200 GET http://10.180.1.21/compute/v2.1/servers/70edd0f9-b499-4868-99a8-c62c92a15292 1.710s
2024-09-11 19:12:32.161 62408 INFO tempest.lib.common.rest_client [req-78b19ea8-b9d4-496e-aaa0-ef8f7087dc0b req-78b19ea8-b9d4-496e-aaa0-ef8f7087dc0b ] Request (SecurityGroupsTestJSON:test_list_security_groups_by_server): 200 GET http://10.180.1.21/compute/v2.1/servers/0773334e-8541-439e-aa0c-83dacac16242 1.838s
2024-09-11 19:12:32.170 62380 INFO tempest.lib.common.rest_client [req-9611e50a-701d-4a37-9e92-87e97ff02d83 req-9611e50a-701d-4a37-9e92-87e97ff02d83 ] Request (QuotasAdminTestV236:setUpClass): 200 GET http://10.180.1.21/identity/v3/roles 0.122s
2024-09-11 19:12:32.212 62418 INFO tempest.lib.common.rest_client [req-670bef29-0468-4f55-aed3-85e476b9f747 req-670bef29-0468-4f55-aed3-85e476b9f747 ] Request (AggregatesAdminNegativeTestJSON:_run_cleanups): 200 DELETE http://10.180.1.21/compute/v2.1/os-aggregates/8 1.446s
2024-09-11 19:12:32.236 62412 INFO tempest.lib.common.rest_client [req-06f4bc6d-cb80-4ed6-82eb-afefcee5ad3d req-06f4bc6d-cb80-4ed6-82eb-afefcee5ad3d ] Request (DeleteServersAdminTestJSON:test_delete_server_while_in_error_state): 200 GET http://10.180.1.21/compute/v2.1/servers/0d4b25da-dfdb-441b-bbc0-fc784669e07c 1.683s
2024-09-11 19:12:32.248 62382 INFO tempest.lib.common.rest_client [req-b220c345-0f7a-4d25-bf3f-c868b29c36b1 req-b220c345-0f7a-4d25-bf3f-c868b29c36b1 ] Request (ServersAdminNegativeTestJSON:setUpClass): 201 POST http://10.180.1.21/identity/v3/auth/tokens 0.138s
2024-09-11 19:12:32.256 62388 INFO tempest.lib.common.rest_client [req-1d02fa21-eb7e-4457-ad0a-c3394dc35163 req-1d02fa21-eb7e-4457-ad0a-c3394dc35163 ] Request (FlavorsAdminTestJSON:_run_cleanups): 202 DELETE http://10.180.1.21/compute/v2.1/flavors/20484516 1.476s
2024-09-11 19:12:32.304 62390 INFO tempest.lib.common.rest_client [req-308481dc-9d42-4f85-8cc0-8e29d55b433b req-308481dc-9d42-4f85-8cc0-8e29d55b433b ] Request (SecurityGroupsTestAdminJSON:tearDownClass): 204 DELETE http://10.180.1.21/identity/v3/projects/d7b11a5a985d4676b5173572abdfaa97 0.178s
2024-09-11 19:12:32.311 62380 INFO tempest.lib.common.rest_client [req-4464b9be-0ca2-414e-a9b3-5005ff251b4e req-4464b9be-0ca2-414e-a9b3-5005ff251b4e ] Request (QuotasAdminTestV236:setUpClass): 204 PUT http://10.180.1.21/identity/v3/projects/618343b823fd4bcdb2ff95ccb09ad7a9/users/e73ff900b2134d2bb3b4dd2b690c8232/roles/299eb6915d7342b9906249c793ceac8c 0.138s
2024-09-11 19:12:32.312 62380 INFO tempest.lib.common.dynamic_creds [-] Dynamic test user e73ff900b2134d2bb3b4dd2b690c8232 is created with scope project and roles: ['member']
2024-09-11 19:12:32.312 62380 INFO tempest.lib.common.dynamic_creds [-] Acquired dynamic creds: credentials: Credentials: {'domain_id': 'default', 'domain_name': 'Default', 'username': 'tempest-QuotasAdminTestV236-289196954-project-member', 'project_domain_id': 'default', 'project_domain_name': 'Default', 'project_id': '618343b823fd4bcdb2ff95ccb09ad7a9', 'project_name': 'tempest-QuotasAdminTestV236-289196954', 'tenant_id': '618343b823fd4bcdb2ff95ccb09ad7a9', 'tenant_name': 'tempest-QuotasAdminTestV236-289196954', 'user_domain_id': 'default', 'user_domain_name': 'Default', 'user_id': 'e73ff900b2134d2bb3b4dd2b690c8232', 'system': None}, Network: None, Subnet: None, Router: None
2024-09-11 19:12:32.312 62380 INFO tempest.lib.common.dynamic_creds [-] Created isolated network resources for: credentials: Credentials: {'domain_id': 'default', 'domain_name': 'Default', 'username': 'tempest-QuotasAdminTestV236-289196954-project-member', 'project_domain_id': 'default', 'project_domain_name': 'Default', 'project_id': '618343b823fd4bcdb2ff95ccb09ad7a9', 'project_name': 'tempest-QuotasAdminTestV236-289196954', 'tenant_id': '618343b823fd4bcdb2ff95ccb09ad7a9', 'tenant_name': 'tempest-QuotasAdminTestV236-289196954', 'user_domain_id': 'default', 'user_domain_name': 'Default', 'user_id': 'e73ff900b2134d2bb3b4dd2b690c8232', 'system': None}, Network: None, Subnet: None, Router: None
2024-09-11 19:12:32.336 62432 INFO tempest.lib.common.rest_client [req-4082014f-93cb-473f-963c-d0202719f094 req-4082014f-93cb-473f-963c-d0202719f094 ] Request (ServerDiagnosticsTest:tearDownClass): 200 GET http://10.180.1.21:9696/networking/v2.0/security-groups?tenant_id=5642301b047e405d935f37707b32a6d8&name=default 0.358s
2024-09-11 19:12:32.357 62406 INFO tempest.lib.common.rest_client [req-9e420c9a-c2b7-4f0f-a943-06d524d7addb req-9e420c9a-c2b7-4f0f-a943-06d524d7addb ] Request (ServerGroupTestJSON:test_create_delete_server_group_with_affinity_policy): 200 POST http://10.180.1.21/compute/v2.1/os-server-groups 1.508s
2024-09-11 19:12:32.409 62396 INFO tempest.lib.common.rest_client [req-fca8aad3-15ed-4c1e-84ee-46c52c129959 req-fca8aad3-15ed-4c1e-84ee-46c52c129959 ] Request (ServerActionsTestOtherA:setUpClass): 200 GET http://10.180.1.21/compute/v2.1/servers/fd069a41-3344-4ab7-9b0d-b5dff9520bc0 1.463s
2024-09-11 19:12:32.415 62428 INFO tempest.lib.common.rest_client [req-ee1fc9c3-f672-46fb-80ab-690fa94ca0cc req-ee1fc9c3-f672-46fb-80ab-690fa94ca0cc ] Request (ImagesOneServerTestJSON:setUpClass): 200 GET http://10.180.1.21/compute/v2.1/servers/e9f6cbc1-b11a-4361-aa3b-ec5eef3d703e 1.413s
2024-09-11 19:12:32.419 62382 INFO tempest.lib.common.rest_client [req-6a0f8429-62e3-44e2-914a-0b76c65d1b2c req-6a0f8429-62e3-44e2-914a-0b76c65d1b2c ] Request (ServersAdminNegativeTestJSON:setUpClass): 201 POST http://10.180.1.21/identity/v3/projects 0.170s
2024-09-11 19:12:32.441 62414 INFO tempest.lib.common.rest_client [req-008319c5-66d0-4e4b-866d-e1b507c7f4c2 req-008319c5-66d0-4e4b-866d-e1b507c7f4c2 ] Request (ImagesDeleteNegativeTestJSON:test_delete_image_non_hex_string_id): 404 DELETE http://10.180.1.21/compute/v2.1/images/55088bca-1664-48f2-be26-575afe3a623j 1.391s
