2024-09-11 19:12:32.449 62378 INFO tempest.lib.common.rest_client [req-deba58ea-a5a1-4121-a002-36d90909cb23 req-deba58ea-a5a1-4121-a002-36d90909cb23 ] Request (MultipleCreateNegativeTestJSON:test_min_count_less_than_one): 400 POST http://10.180.1.21/compute/v2.1/servers 0.803s
2024-09-11 19:12:32.487 62418 INFO tempest.lib.common.rest_client [req-3191a816-8920-48f4-a69b-3a4ac8a2a2fc req-3191a816-8920-48f4-a69b-3a4ac8a2a2fc ] Request (AggregatesAdminNegativeTestJSON:tearDownClass): 204 DELETE http://10.180.1.21/identity/v3/users/13f5433e6749483d99f37493ce934eb2 0.274s
2024-09-11 19:12:32.489 62416 INFO tempest.lib.common.rest_client [req-ee6e771b-e8f6-4d09-9033-65fbbc4ae596 req-ee6e771b-e8f6-4d09-9033-65fbbc4ae596 ] Request (ServersTestMultiNic:test_verify_duplicate_network_nics): 200 GET http://10.180.1.21/compute/v2.1/servers/bebe84f3-f56d-4a81-9001-a041df442b56 1.295s
2024-09-11 19:12:32.505 62390 INFO tempest.lib.common.rest_client [req-580c46ca-6220-4a31-a58e-f2edadb89617 req-580c46ca-6220-4a31-a58e-f2edadb89617 ] Request (KeyPairsNegativeTestJSON:setUpClass): 201 POST http://10.180.1.21/identity/v3/auth/tokens 0.199s
2024-09-11 19:12:32.537 62398 INFO tempest.lib.common.rest_client [req-7016134f-a4c0-492a-868a-8e1e03f2b13f req-7016134f-a4c0-492a-868a-8e1e03f2b13f ] Request (ServersAdmin275Test:_run_cleanups): 200 GET http://10.180.1.21/compute/v2.1/servers/6174840e-10a6-43ed-be9c-76602f91bf42 0.830s
2024-09-11 19:12:32.551 62398 INFO tempest.common.waiters [-] State transition "REBUILD/rebuild_spawning" ==> "ACTIVE/None" after 10 second wait
2024-09-11 19:12:32.596 62376 INFO tempest.lib.common.rest_client [req-75b4558d-03f8-4076-839a-897d28ce6e82 req-75b4558d-03f8-4076-839a-897d28ce6e82 ] Request (ServerExternalEventsTest:test_create_server_external_events): 200 GET http://10.180.1.21/compute/v2.1/servers/f8330803-064a-4f31-b769-19b0ce281e07 0.754s
2024-09-11 19:12:32.605 62376 INFO tempest.common.waiters [-] State transition "BUILD/scheduling" ==> "ERROR/None" after 38 second wait
2024-09-11 19:12:32.613 62374 INFO tempest.lib.common.rest_client [req-e0cfa540-c957-4057-b87f-46a09893da06 req-e0cfa540-c957-4057-b87f-46a09893da06 ] Request (ServersAdminTestJSON:setUpClass): 200 GET http://10.180.1.21/compute/v2.1/servers/08ae027b-64b5-4d9d-a478-5d052d2cabf6 0.770s
2024-09-11 19:12:32.617 62432 INFO tempest.lib.common.rest_client [req-d195ecb0-960a-421e-b8f9-1e8d8476157c req-d195ecb0-960a-421e-b8f9-1e8d8476157c ] Request (ServerDiagnosticsTest:tearDownClass): 204 DELETE http://10.180.1.21:9696/networking/v2.0/security-groups/cf79e7af-03d7-4504-82ce-4f8137023d61 0.280s
2024-09-11 19:12:32.619 62380 INFO tempest.lib.common.rest_client [req-c7e26c15-8336-41c0-8e3d-45706d341acd req-c7e26c15-8336-41c0-8e3d-45706d341acd ] Request (QuotasAdminTestV236:setUpClass): 201 POST http://10.180.1.21/identity/v3/auth/tokens 0.301s
2024-09-11 19:12:32.669 62382 INFO tempest.lib.common.rest_client [req-c5fc2dbe-8b2a-4c24-a0a7-4a0656d12680 req-c5fc2dbe-8b2a-4c24-a0a7-4a0656d12680 ] Request (ServersAdminNegativeTestJSON:setUpClass): 201 POST http://10.180.1.21/identity/v3/users 0.248s
2024-09-11 19:12:32.690 62378 INFO tempest.lib.common.rest_client [req-d3395df5-129f-4ecf-a6d6-002cecc364b7 req-d3395df5-129f-4ecf-a6d6-002cecc364b7 ] Request (MultipleCreateNegativeTestJSON:test_min_count_non_integer): 201 POST http://10.180.1.21/identity/v3/auth/tokens 0.232s
2024-09-11 19:12:32.691 62378 INFO tempest.lib.common.fixed_network [-] (MultipleCreateNegativeTestJSON:test_min_count_non_integer) Found network None available for tenant
2024-09-11 19:12:32.692 62384 INFO tempest.lib.common.rest_client [req-a975fc2e-4c28-4fd2-8c23-f86a5d8c2cb8 req-a975fc2e-4c28-4fd2-8c23-f86a5d8c2cb8 ] Request (ServerDiagnosticsNegativeTest:test_get_server_diagnostics_by_non_admin): 200 GET http://10.180.1.21/compute/v2.1/servers/f774f4eb-7329-4449-8567-b4c0dc8fd78a 0.798s
2024-09-11 19:12:32.721 62390 INFO tempest.lib.common.rest_client [req-f9a971e9-78f1-4260-ab76-11a4d395beaa req-f9a971e9-78f1-4260-ab76-11a4d395beaa ] Request (KeyPairsNegativeTestJSON:setUpClass): 201 POST http://10.180.1.21/identity/v3/auth/tokens 0.213s
2024-09-11 19:12:32.820 62418 INFO tempest.lib.common.rest_client [req-3b12e1ad-533b-4e0d-b52b-e67fa6b29c66 req-3b12e1ad-533b-4e0d-b52b-e67fa6b29c66 ] Request (AggregatesAdminNegativeTestJSON:tearDownClass): 204 DELETE http://10.180.1.21/identity/v3/users/db536ae79a1a4e5c8207f540eb6ca936 0.332s
2024-09-11 19:12:32.820 62418 INFO tempest.lib.common.dynamic_creds [-] Deleting project and security group for project: 9f8054b534c44804b097b2ac4a7bc6f5
2024-09-11 19:12:32.851 62432 INFO tempest.lib.common.rest_client [req-e99561e5-d684-4b9e-bb32-b84a7274d301 req-e99561e5-d684-4b9e-bb32-b84a7274d301 ] Request (ServerDiagnosticsTest:tearDownClass): 204 DELETE http://10.180.1.21/identity/v3/projects/5642301b047e405d935f37707b32a6d8 0.234s
2024-09-11 19:12:32.852 62432 INFO tempest.lib.common.dynamic_creds [-] Deleting project and security group for project: e40d89d6857b4e978fd79199ecb7a8e1
2024-09-11 19:12:32.947 62382 INFO tempest.lib.common.rest_client [req-5c4f2046-39c3-4c09-9698-31f5c187800e req-5c4f2046-39c3-4c09-9698-31f5c187800e ] Request (ServersAdminNegativeTestJSON:setUpClass): 200 GET http://10.180.1.21/identity/v3/roles 0.277s
2024-09-11 19:12:32.950 62432 INFO tempest.lib.common.rest_client [req-0c5ae04f-354d-48dd-90bf-52945a4e2fe2 req-0c5ae04f-354d-48dd-90bf-52945a4e2fe2 ] Request (ServerDiagnosticsTest:tearDownClass): 200 GET http://10.180.1.21:9696/networking/v2.0/security-groups?tenant_id=e40d89d6857b4e978fd79199ecb7a8e1&name=default 0.098s
2024-09-11 19:12:32.987 62430 INFO tempest.lib.common.rest_client [req-29c9d10c-664d-44e1-98b8-45bc8394068a req-29c9d10c-664d-44e1-98b8-45bc8394068a ] Request (VolumesAssistedSnapshotsTest:test_volume_assisted_snapshot_create_delete): 200 GET http://10.180.1.21/compute/v2.1/servers/2fbc4d53-a000-4f14-a4b7-087aee2129bc 1.078s
2024-09-11 19:12:32.994 62430 INFO tempest.common.waiters [-] State transition "BUILD/None" ==> "BUILD/networking" after 16 second wait
2024-09-11 19:12:33.014 62434 INFO tempest.lib.common.rest_client [req-6e654767-7a00-4f8a-9c91-b4dd1bc22174 req-6e654767-7a00-4f8a-9c91-b4dd1bc22174 ] Request (AttachInterfacesV270Test:test_create_get_list_interfaces): 404 GET http://10.180.1.21/compute/v2.1/servers/bc29ceaa-1fe9-492c-9c0a-1fbfc42f843b 1.059s
2024-09-11 19:12:33.104 62386 INFO tempest.lib.common.rest_client [req-8234593a-b4b1-4546-9e16-29077df7f31d req-8234593a-b4b1-4546-9e16-29077df7f31d ] Request (ServerActionsTestOtherB:setUpClass): 200 GET http://10.180.1.21/compute/v2.1/servers/584b1af2-6903-4a08-8ed2-9cd21075f0de 1.148s
2024-09-11 19:12:33.159 62424 INFO tempest.lib.common.rest_client [req-12e6d6f7-ff77-4386-9f5d-f567e37a94e8 req-12e6d6f7-ff77-4386-9f5d-f567e37a94e8 ] Request (InstanceActionsTestJSON:setUpClass): 200 GET http://10.180.1.21/compute/v2.1/servers/f62a3436-a4a7-42a2-8023-913319df1d47 1.158s
2024-09-11 19:12:33.218 62422 INFO tempest.lib.common.rest_client [req-ce64c8f0-199d-45e9-8291-c0b5363d16f3 req-ce64c8f0-199d-45e9-8291-c0b5363d16f3 ] Request (VolumesAdminNegativeTest:test_update_attached_volume_with_nonexistent_volume_in_body): 200 GET http://10.180.1.21/compute/v2.1/servers/bf6a17ce-a959-4ee4-9ecd-2e299f11048b 1.200s
2024-09-11 19:12:33.267 62402 INFO tempest.lib.common.rest_client [req-8d1de2e5-d5b4-4ea2-b0e2-2a76287aebd1 req-8d1de2e5-d5b4-4ea2-b0e2-2a76287aebd1 ] Request (MigrationsAdminTest:test_resize_server_revert_deleted_flavor): 200 GET http://10.180.1.21/compute/v2.1/servers/78cccd5a-2bfa-4daf-af4a-c339d03cd140 1.229s
2024-09-11 19:12:33.327 62390 INFO tempest.lib.common.rest_client [req-946754dd-ef19-4258-b1fa-c7d7df5aab68 req-946754dd-ef19-4258-b1fa-c7d7df5aab68 ] Request (KeyPairsNegativeTestJSON:setUpClass): 200 GET http://10.180.1.21/identity/v3/domains?name=Default 0.604s
2024-09-11 19:12:33.348 62380 INFO tempest.lib.common.rest_client [req-bfdc89e4-398e-4586-a4eb-04f7508f6a3e req-bfdc89e4-398e-4586-a4eb-04f7508f6a3e ] Request (QuotasAdminTestV236:setUpClass): 201 POST http://10.180.1.21/identity/v3/projects 0.729s
2024-09-11 19:12:33.430 62418 INFO tempest.lib.common.rest_client [req-ae5ef0e5-8e31-432a-bbb0-9f2356753ad7 req-ae5ef0e5-8e31-432a-bbb0-9f2356753ad7 ] Request (AggregatesAdminNegativeTestJSON:tearDownClass): 201 POST http://10.180.1.21/identity/v3/auth/tokens 0.610s
2024-09-11 19:12:33.477 62382 INFO tempest.lib.common.rest_client [req-3172cf69-02fe-4f5d-b099-60046dbeab6d req-3172cf69-02fe-4f5d-b099-60046dbeab6d ] Request (ServersAdminNegativeTestJSON:setUpClass): 204 PUT http://10.180.1.21/identity/v3/projects/b8eb6af291d04827b7e335b5bf335cc8/users/4b713cf6fd6a4ceba2b14635dd0a7859/roles/e71ed82d456f4ee2989d0ea77c085dd7 0.529s
2024-09-11 19:12:33.565 62390 INFO tempest.lib.common.rest_client [req-8346b70e-67c9-4b13-91c1-53445cc4173a req-8346b70e-67c9-4b13-91c1-53445cc4173a ] Request (KeyPairsNegativeTestJSON:setUpClass): 201 POST http://10.180.1.21/identity/v3/projects 0.237s
2024-09-11 19:12:33.631 62380 INFO tempest.lib.common.rest_client [req-478bb340-865d-4027-8a80-7939f40f15d1 req-478bb340-865d-4027-8a80-7939f40f15d1 ] Request (QuotasAdminTestV236:setUpClass): 201 POST http://10.180.1.21/identity/v3/users 0.282s
2024-09-11 19:12:33.651 62394 INFO tempest.lib.common.rest_client [req-4d00ca35-461c-4e1f-ab3a-554c0df0236a req-4d00ca35-461c-4e1f-ab3a-554c0df0236a ] Request (QuotasAdminTestV257:test_get_updated_quotas): 200 PUT http://10.180.1.21/compute/v2.1/os-quota-sets/7dce74422f864c478bed4c65c061b09c?user_id=977977ae2abf4799b913316a7f1848f3 1.760s
2024-09-11 19:12:33.661 62432 INFO tempest.lib.common.rest_client [req-8c9c845c-068a-4fb5-9268-68c25a14d179 req-8c9c845c-068a-4fb5-9268-68c25a14d179 ] Request (ServerDiagnosticsTest:tearDownClass): 204 DELETE http://10.180.1.21:9696/networking/v2.0/security-groups/e7e0760b-1381-4bf6-8ffe-eba89a1cf7c1 0.711s
2024-09-11 19:12:33.688 62382 INFO tempest.lib.common.rest_client [req-4b345335-5eca-4890-9197-b008ccf096a5 req-4b345335-5eca-4890-9197-b008ccf096a5 ] Request (ServersAdminNegativeTestJSON:setUpClass): 200 GET http://10.180.1.21/identity/v3/roles 0.209s
2024-09-11 19:12:33.724 62390 INFO tempest.lib.common.rest_client [req-1e2c762e-61de-4951-b880-4f75f97e274f req-1e2c762e-61de-4951-b880-4f75f97e274f ] Request (KeyPairsNegativeTestJSON:setUpClass): 201 POST http://10.180.1.21/identity/v3/users 0.159s
2024-09-11 19:12:33.726 62372 INFO tempest.lib.common.rest_client [req-543dc76c-539e-4737-bbfb-e08a9b206be1 req-543dc76c-539e-4737-bbfb-e08a9b206be1 ] Request (ListImageFiltersTestJSON:setUpClass): 202 POST http://10.180.1.21/compute/v2.1/servers 1.606s
2024-09-11 19:12:33.735 62380 INFO tempest.lib.common.rest_client [req-3d4ed3af-5a33-4962-963d-979a502f2d7d req-3d4ed3af-5a33-4962-963d-979a502f2d7d ] Request (QuotasAdminTestV236:setUpClass): 200 GET http://10.180.1.21/identity/v3/roles 0.104s
2024-09-11 19:12:33.762 62392 INFO tempest.lib.common.rest_client [req-af4d9dd6-4a81-4ff6-88a8-b4f08f15d5a0 req-af4d9dd6-4a81-4ff6-88a8-b4f08f15d5a0 ] Request (InstanceActionsV221TestJSON:setUpClass): 200 PUT http://10.180.1.21:9696/networking/v2.0/routers/5e13ff87-3835-40a7-b5bd-4d293df033d1/add_router_interface 1.681s
2024-09-11 19:12:33.762 62392 INFO tempest.lib.common.dynamic_creds [-] Created isolated network resources for: credentials: Credentials: {'domain_id': 'default', 'domain_name': 'Default', 'username': 'tempest-InstanceActionsV221TestJSON-235237792-project-member', 'project_domain_id': 'default', 'project_domain_name': 'Default', 'project_id': '759aa924d2f846448f3876e21df51e8c', 'project_name': 'tempest-InstanceActionsV221TestJSON-235237792', 'tenant_id': '759aa924d2f846448f3876e21df51e8c', 'tenant_name': 'tempest-InstanceActionsV221TestJSON-235237792', 'user_domain_id': 'default', 'user_domain_name': 'Default', 'user_id': '63f95156379a4fd1a20a98d8acd49cd0', 'system': None}, Network: {'id': '7c0443a6-be88-429a-bc7b-aa32bf189e95', 'name': 'tempest-InstanceActionsV221TestJSON-369391346-network', 'tenant_id': '759aa924d2f846448f3876e21df51e8c', 'admin_state_up': True, 'mtu': 8950, 'status': 'ACTIVE', 'subnets': [], 'shared': False, 'project_id': '759aa924d2f846448f3876e21df51e8c', 'port_security_enabled': True, 'router:external': False, 'provider:network_type': 'vlan', 'provider:physical_network': 'default', 'provider:segmentation_id': 567, 'is_default': False, 'availability_zone_hints': [], 'availability_zones': [], 'ipv4_address_scope': None, 'ipv6_address_scope': None, 'description': '', 'tags': [], 'created_at': '2024-09-11T19:12:28Z', 'updated_at': '2024-09-11T19:12:28Z', 'revision_number': 1}, Subnet: {'id': 'c7e877fc-0800-4461-9341-5c69ff574dab', 'name': 'tempest-InstanceActionsV221TestJSON-369391346-subnet', 'tenant_id': '759aa924d2f846448f3876e21df51e8c', 'network_id': '7c0443a6-be88-429a-bc7b-aa32bf189e95', 'ip_version': 4, 'subnetpool_id': None, 'enable_dhcp': True, 'ipv6_ra_mode': None, 'ipv6_address_mode': None, 'gateway_ip': '192.168.128.1', 'cidr': '192.168.128.0/28', 'allocation_pools': [{'start': '192.168.128.2', 'end': '192.168.128.14'}], 'host_routes': [], 'dns_nameservers': [], 'description': '', 'router:external': False, 'service_types': [], 'tags': [], 'created_at': '2024-09-11T19:12:29Z', 'updated_at': '2024-09-11T19:12:29Z', 'revision_number': 0, 'project_id': '759aa924d2f846448f3876e21df51e8c'}, Router: {'id': '5e13ff87-3835-40a7-b5bd-4d293df033d1', 'name': 'tempest-InstanceActionsV221TestJSON-369391346-router', 'tenant_id': '759aa924d2f846448f3876e21df51e8c', 'admin_state_up': True, 'status': 'ACTIVE', 'external_gateway_info': {'network_id': '41c9b5d5-f263-41ce-bb15-bd68966a0a1c', 'external_fixed_ips': [{'subnet_id': '8c559e25-1540-4131-a151-ac4017fe2991', 'ip_address': '10.180.180.144'}], 'enable_snat': True}, 'description': '', 'availability_zones': [], 'distributed': False, 'ha': False, 'availability_zone_hints': [], 'routes': [], 'flavor_id': None, 'tags': [], 'created_at': '2024-09-11T19:12:29Z', 'updated_at': '2024-09-11T19:12:31Z', 'revision_number': 2, 'project_id': '759aa924d2f846448f3876e21df51e8c'}
2024-09-11 19:12:33.773 62388 INFO tempest.lib.common.rest_client [req-363bf48c-d298-426b-a572-988b02b583d0 req-363bf48c-d298-426b-a572-988b02b583d0 ] Request (FlavorsAdminTestJSON:_run_cleanups): 200 GET http://10.180.1.21/compute/v2.1/flavors/detail 1.515s
2024-09-11 19:12:33.776 62382 INFO tempest.lib.common.rest_client [req-c80e87b5-c65d-4c30-8bb4-c37de2de8ac4 req-c80e87b5-c65d-4c30-8bb4-c37de2de8ac4 ] Request (ServersAdminNegativeTestJSON:setUpClass): 204 PUT http://10.180.1.21/identity/v3/projects/b8eb6af291d04827b7e335b5bf335cc8/users/4b713cf6fd6a4ceba2b14635dd0a7859/roles/e71ed82d456f4ee2989d0ea77c085dd7 0.087s
2024-09-11 19:12:33.776 62382 INFO tempest.lib.common.dynamic_creds [-] Dynamic test user 4b713cf6fd6a4ceba2b14635dd0a7859 is created with scope project and roles: ['admin']
2024-09-11 19:12:33.776 62382 INFO tempest.lib.common.dynamic_creds [-] Acquired dynamic creds: credentials: Credentials: {'domain_id': 'default', 'domain_name': 'Default', 'username': 'tempest-ServersAdminNegativeTestJSON-1994001270-project-admin', 'project_domain_id': 'default', 'project_domain_name': 'Default', 'project_id': 'b8eb6af291d04827b7e335b5bf335cc8', 'project_name': 'tempest-ServersAdminNegativeTestJSON-1994001270', 'tenant_id': 'b8eb6af291d04827b7e335b5bf335cc8', 'tenant_name': 'tempest-ServersAdminNegativeTestJSON-1994001270', 'user_domain_id': 'default', 'user_domain_name': 'Default', 'user_id': '4b713cf6fd6a4ceba2b14635dd0a7859', 'system': None}, Network: None, Subnet: None, Router: None
2024-09-11 19:12:33.776 62382 INFO tempest.lib.common.dynamic_creds [-] Created isolated network resources for: credentials: Credentials: {'domain_id': 'default', 'domain_name': 'Default', 'username': 'tempest-ServersAdminNegativeTestJSON-1994001270-project-admin', 'project_domain_id': 'default', 'project_domain_name': 'Default', 'project_id': 'b8eb6af291d04827b7e335b5bf335cc8', 'project_name': 'tempest-ServersAdminNegativeTestJSON-1994001270', 'tenant_id': 'b8eb6af291d04827b7e335b5bf335cc8', 'tenant_name': 'tempest-ServersAdminNegativeTestJSON-1994001270', 'user_domain_id': 'default', 'user_domain_name': 'Default', 'user_id': '4b713cf6fd6a4ceba2b14635dd0a7859', 'system': None}, Network: None, Subnet: None, Router: None
2024-09-11 19:12:33.816 62406 INFO tempest.lib.common.rest_client [req-51590f09-ee77-4cc0-be75-680dedb25d6c req-51590f09-ee77-4cc0-be75-680dedb25d6c ] Request (ServerGroupTestJSON:test_create_delete_server_group_with_affinity_policy): 204 DELETE http://10.180.1.21/compute/v2.1/os-server-groups/99d774aa-396b-424b-bfbd-1c7a1315f219 1.458s
2024-09-11 19:12:33.825 62420 INFO tempest.lib.common.rest_client [req-8fe477b6-38d4-4485-a402-16e1f1e2cf6f req-8fe477b6-38d4-4485-a402-16e1f1e2cf6f ] Request (ServersWithSpecificFlavorTestJSON:test_verify_created_server_ephemeral_disk): 200 GET http://10.180.1.21/compute/v2.1/servers/c2c48d98-b791-42c9-8038-d969dda7573e 1.702s
2024-09-11 19:12:33.836 62414 INFO tempest.lib.common.rest_client [req-9e6ed8a6-c220-4d9a-ba7d-4f9afb1745b4 req-9e6ed8a6-c220-4d9a-ba7d-4f9afb1745b4 ] Request (ImagesDeleteNegativeTestJSON:test_delete_image_with_id_over_character_limit): 404 DELETE http://10.180.1.21/compute/v2.1/images/a71d4a4b-f4bb-41b7-9a86-b9dfbf813fc81 1.393s
2024-09-11 19:12:33.857 62432 INFO tempest.lib.common.rest_client [req-cba649b4-6a78-4481-b9e2-92e466dfec8d req-cba649b4-6a78-4481-b9e2-92e466dfec8d ] Request (ServerDiagnosticsTest:tearDownClass): 204 DELETE http://10.180.1.21/identity/v3/projects/e40d89d6857b4e978fd79199ecb7a8e1 0.196s
2024-09-11 19:12:33.912 62390 INFO tempest.lib.common.rest_client [req-92291b96-35a0-4c1f-a46c-42091def43c4 req-92291b96-35a0-4c1f-a46c-42091def43c4 ] Request (KeyPairsNegativeTestJSON:setUpClass): 200 GET http://10.180.1.21/identity/v3/roles 0.187s
2024-09-11 19:12:33.960 62418 INFO tempest.lib.common.rest_client [req-fc2214b5-0177-4f09-b442-7ae506f0dff9 req-fc2214b5-0177-4f09-b442-7ae506f0dff9 ] Request (AggregatesAdminNegativeTestJSON:tearDownClass): 200 GET http://10.180.1.21:9696/networking/v2.0/security-groups?tenant_id=9f8054b534c44804b097b2ac4a7bc6f5&name=default 0.529s
2024-09-11 19:12:33.963 62372 INFO tempest.lib.common.rest_client [req-66d192d7-4d2d-4f0a-9dbd-82cbcb62326c req-66d192d7-4d2d-4f0a-9dbd-82cbcb62326c ] Request (ListImageFiltersTestJSON:setUpClass): 201 POST http://10.180.1.21/identity/v3/auth/tokens 0.228s
2024-09-11 19:12:33.963 62372 INFO tempest.lib.common.fixed_network [-] (ListImageFiltersTestJSON:setUpClass) Found network None available for tenant
2024-09-11 19:12:33.988 62380 INFO tempest.lib.common.rest_client [req-2f5977c5-9065-404a-8c9c-b5ac0a411c48 req-2f5977c5-9065-404a-8c9c-b5ac0a411c48 ] Request (QuotasAdminTestV236:setUpClass): 204 PUT http://10.180.1.21/identity/v3/projects/4cb157dc0e044eb6847f4cae8fd73c9d/users/3b82f6d319a14a9b855fdb20d04d75d3/roles/e71ed82d456f4ee2989d0ea77c085dd7 0.253s
2024-09-11 19:12:34.031 62398 INFO tempest.lib.common.rest_client [req-77eaf446-ee68-4d44-915a-751275788f25 req-77eaf446-ee68-4d44-915a-751275788f25 ] Request (ServersAdmin275Test:tearDownClass): 204 DELETE http://10.180.1.21/compute/v2.1/servers/6174840e-10a6-43ed-be9c-76602f91bf42 1.474s
2024-09-11 19:12:34.039 62378 INFO tempest.lib.common.rest_client [req-a069dc8f-38bb-4e59-82d5-c5af52a28349 req-a069dc8f-38bb-4e59-82d5-c5af52a28349 ] Request (MultipleCreateNegativeTestJSON:test_min_count_non_integer): 400 POST http://10.180.1.21/compute/v2.1/servers 1.347s
2024-09-11 19:12:34.101 62392 INFO tempest.lib.common.rest_client [req-0bc095c0-f060-4fef-8013-803a2eb7bd8b req-0bc095c0-f060-4fef-8013-803a2eb7bd8b ] Request (InstanceActionsV221TestJSON:setUpClass): 201 POST http://10.180.1.21/identity/v3/auth/tokens 0.333s
2024-09-11 19:12:34.109 62382 INFO tempest.lib.common.rest_client [req-9d262db2-3ab6-4d1f-b8f6-156ff5a1b297 req-9d262db2-3ab6-4d1f-b8f6-156ff5a1b297 ] Request (ServersAdminNegativeTestJSON:setUpClass): 201 POST http://10.180.1.21/identity/v3/auth/tokens 0.324s
2024-09-11 19:12:34.110 62382 WARNING tempest.lib.common.rest_client [-] Deprecated: "tenant_id" property is deprecated for removal, use "project_id" instead
2024-09-11 19:12:34.178 62432 INFO tempest.lib.common.rest_client [req-473417e6-30f2-4242-a9bd-462f1c7742c7 req-473417e6-30f2-4242-a9bd-462f1c7742c7 ] Request (ImagesNegativeTestJSON:setUpClass): 201 POST http://10.180.1.21/identity/v3/auth/tokens 0.319s
2024-09-11 19:12:34.207 62380 INFO tempest.lib.common.rest_client [req-c9958cd8-e00f-4276-83d1-a79c5245f999 req-c9958cd8-e00f-4276-83d1-a79c5245f999 ] Request (QuotasAdminTestV236:setUpClass): 200 GET http://10.180.1.21/identity/v3/roles 0.218s
2024-09-11 19:12:34.223 62390 INFO tempest.lib.common.rest_client [req-5b5121b6-fe69-4db1-bd7f-fd4db035fb28 req-5b5121b6-fe69-4db1-bd7f-fd4db035fb28 ] Request (KeyPairsNegativeTestJSON:setUpClass): 204 PUT http://10.180.1.21/identity/v3/projects/9acf7f450e9846aba8f222efeea17882/users/9577e9aef109443292d1556844390ca0/roles/299eb6915d7342b9906249c793ceac8c 0.311s
2024-09-11 19:12:34.223 62390 INFO tempest.lib.common.dynamic_creds [-] Dynamic test user 9577e9aef109443292d1556844390ca0 is created with scope project and roles: ['member']
2024-09-11 19:12:34.223 62390 INFO tempest.lib.common.dynamic_creds [-] Acquired dynamic creds: credentials: Credentials: {'domain_id': 'default', 'domain_name': 'Default', 'username': 'tempest-KeyPairsNegativeTestJSON-1065746902-project-member', 'project_domain_id': 'default', 'project_domain_name': 'Default', 'project_id': '9acf7f450e9846aba8f222efeea17882', 'project_name': 'tempest-KeyPairsNegativeTestJSON-1065746902', 'tenant_id': '9acf7f450e9846aba8f222efeea17882', 'tenant_name': 'tempest-KeyPairsNegativeTestJSON-1065746902', 'user_domain_id': 'default', 'user_domain_name': 'Default', 'user_id': '9577e9aef109443292d1556844390ca0', 'system': None}, Network: None, Subnet: None, Router: None
2024-09-11 19:12:34.223 62390 INFO tempest.lib.common.dynamic_creds [-] Created isolated network resources for: credentials: Credentials: {'domain_id': 'default', 'domain_name': 'Default', 'username': 'tempest-KeyPairsNegativeTestJSON-1065746902-project-member', 'project_domain_id': 'default', 'project_domain_name': 'Default', 'project_id': '9acf7f450e9846aba8f222efeea17882', 'project_name': 'tempest-KeyPairsNegativeTestJSON-1065746902', 'tenant_id': '9acf7f450e9846aba8f222efeea17882', 'tenant_name': 'tempest-KeyPairsNegativeTestJSON-1065746902', 'user_domain_id': 'default', 'user_domain_name': 'Default', 'user_id': '9577e9aef109443292d1556844390ca0', 'system': None}, Network: None, Subnet: None, Router: None
2024-09-11 19:12:34.232 62376 INFO tempest.lib.common.rest_client [req-21ca4c48-3c59-4712-b60f-7442784885e7 req-21ca4c48-3c59-4712-b60f-7442784885e7 ] Request (ServerExternalEventsTest:test_create_server_external_events): 204 DELETE http://10.180.1.21/compute/v2.1/servers/f8330803-064a-4f31-b769-19b0ce281e07 1.626s
2024-09-11 19:12:34.236 62410 INFO tempest.lib.common.rest_client [req-3caf295e-d18b-445c-8aca-18f81ba74df1 req-3caf295e-d18b-445c-8aca-18f81ba74df1 ] Request (ServerDiskConfigTestJSON:test_rebuild_server_with_auto_disk_config): 200 GET http://10.180.1.21/compute/v2.1/servers/70edd0f9-b499-4868-99a8-c62c92a15292 1.067s
2024-09-11 19:12:34.295 62392 INFO tempest.lib.common.rest_client [req-b6e98e2f-cf5d-4e3e-a48c-f4062f9ad24c req-b6e98e2f-cf5d-4e3e-a48c-f4062f9ad24c ] Request (InstanceActionsV221TestJSON:test_get_list_deleted_instance_actions): 201 POST http://10.180.1.21/identity/v3/auth/tokens 0.189s
2024-09-11 19:12:34.295 62392 INFO tempest.lib.common.fixed_network [-] (InstanceActionsV221TestJSON:test_get_list_deleted_instance_actions) Found network {'id': '7c0443a6-be88-429a-bc7b-aa32bf189e95', 'name': 'tempest-InstanceActionsV221TestJSON-369391346-network', 'tenant_id': '759aa924d2f846448f3876e21df51e8c', 'admin_state_up': True, 'mtu': 8950, 'status': 'ACTIVE', 'subnets': [], 'shared': False, 'project_id': '759aa924d2f846448f3876e21df51e8c', 'port_security_enabled': True, 'router:external': False, 'provider:network_type': 'vlan', 'provider:physical_network': 'default', 'provider:segmentation_id': 567, 'is_default': False, 'availability_zone_hints': [], 'availability_zones': [], 'ipv4_address_scope': None, 'ipv6_address_scope': None, 'description': '', 'tags': [], 'created_at': '2024-09-11T19:12:28Z', 'updated_at': '2024-09-11T19:12:28Z', 'revision_number': 1} available for tenant
2024-09-11 19:12:34.303 62412 INFO tempest.lib.common.rest_client [req-18c66a93-b5d6-4b38-a340-8d5f524fccdb req-18c66a93-b5d6-4b38-a340-8d5f524fccdb ] Request (DeleteServersAdminTestJSON:test_delete_server_while_in_error_state): 200 GET http://10.180.1.21/compute/v2.1/servers/0d4b25da-dfdb-441b-bbc0-fc784669e07c 1.057s
2024-09-11 19:12:34.322 62408 INFO tempest.lib.common.rest_client [req-049f61bd-3817-4384-bacf-0faf5f41f196 req-049f61bd-3817-4384-bacf-0faf5f41f196 ] Request (SecurityGroupsTestJSON:test_list_security_groups_by_server): 200 GET http://10.180.1.21/compute/v2.1/servers/0773334e-8541-439e-aa0c-83dacac16242 1.151s
2024-09-11 19:12:34.331 62408 INFO tempest.common.waiters [-] State transition "BUILD/None" ==> "BUILD/networking" after 17 second wait
2024-09-11 19:12:34.362 62396 INFO tempest.lib.common.rest_client [req-e3e58534-7970-49c9-b2d9-bb621a7d2b72 req-e3e58534-7970-49c9-b2d9-bb621a7d2b72 ] Request (ServerActionsTestOtherA:setUpClass): 200 GET http://10.180.1.21/compute/v2.1/servers/fd069a41-3344-4ab7-9b0d-b5dff9520bc0 0.945s
2024-09-11 19:12:34.366 62382 INFO tempest.lib.common.rest_client [req-c7d22049-3bac-45f3-aac6-a8caf63707c0 req-c7d22049-3bac-45f3-aac6-a8caf63707c0 ] Request (ServersAdminNegativeTestJSON:setUpClass): 201 POST http://10.180.1.21/identity/v3/auth/tokens 0.251s
2024-09-11 19:12:34.367 62382 INFO tempest.lib.common.fixed_network [-] (ServersAdminNegativeTestJSON:setUpClass) Found network None available for tenant
2024-09-11 19:12:34.372 62418 INFO tempest.lib.common.rest_client [req-a106bc2f-adae-4bbb-97f8-a43be17aa35e req-a106bc2f-adae-4bbb-97f8-a43be17aa35e ] Request (AggregatesAdminNegativeTestJSON:tearDownClass): 204 DELETE http://10.180.1.21:9696/networking/v2.0/security-groups/5a28a1d5-f5c8-4160-aaac-5a981c0ee94c 0.411s
2024-09-11 19:12:34.385 62428 INFO tempest.lib.common.rest_client [req-3b4c59ed-2df8-48ca-baad-1fde8054aaaf req-3b4c59ed-2df8-48ca-baad-1fde8054aaaf ] Request (ImagesOneServerTestJSON:setUpClass): 200 GET http://10.180.1.21/compute/v2.1/servers/e9f6cbc1-b11a-4361-aa3b-ec5eef3d703e 0.958s
2024-09-11 19:12:34.422 62432 INFO tempest.lib.common.rest_client [req-ed5927ca-028b-4b2c-a7a5-a4749b2e5875 req-ed5927ca-028b-4b2c-a7a5-a4749b2e5875 ] Request (ImagesNegativeTestJSON:setUpClass): 201 POST http://10.180.1.21/identity/v3/auth/tokens 0.240s
2024-09-11 19:12:34.433 62378 INFO tempest.lib.common.rest_client [req-f1e09e25-5f8e-49f9-9237-dec36be0c9eb req-f1e09e25-5f8e-49f9-9237-dec36be0c9eb ] Request (MultipleCreateNegativeTestJSON:tearDownClass): 204 DELETE http://10.180.1.21/identity/v3/users/fb0f60808cc746f88b6f5772b9624114 0.392s
2024-09-11 19:12:34.433 62378 INFO tempest.lib.common.dynamic_creds [-] Deleting project and security group for project: 14479bee929b411a884eaf6c9b3d8117
2024-09-11 19:12:34.438 62380 INFO tempest.lib.common.rest_client [req-c7b28f7d-24a2-43ae-b536-f6849f751a22 req-c7b28f7d-24a2-43ae-b536-f6849f751a22 ] Request (QuotasAdminTestV236:setUpClass): 204 PUT http://10.180.1.21/identity/v3/projects/4cb157dc0e044eb6847f4cae8fd73c9d/users/3b82f6d319a14a9b855fdb20d04d75d3/roles/e71ed82d456f4ee2989d0ea77c085dd7 0.229s
2024-09-11 19:12:34.438 62380 INFO tempest.lib.common.dynamic_creds [-] Dynamic test user 3b82f6d319a14a9b855fdb20d04d75d3 is created with scope project and roles: ['admin']
2024-09-11 19:12:34.438 62380 INFO tempest.lib.common.dynamic_creds [-] Acquired dynamic creds: credentials: Credentials: {'domain_id': 'default', 'domain_name': 'Default', 'username': 'tempest-QuotasAdminTestV236-569110826-project-admin', 'project_domain_id': 'default', 'project_domain_name': 'Default', 'project_id': '4cb157dc0e044eb6847f4cae8fd73c9d', 'project_name': 'tempest-QuotasAdminTestV236-569110826', 'tenant_id': '4cb157dc0e044eb6847f4cae8fd73c9d', 'tenant_name': 'tempest-QuotasAdminTestV236-569110826', 'user_domain_id': 'default', 'user_domain_name': 'Default', 'user_id': '3b82f6d319a14a9b855fdb20d04d75d3', 'system': None}, Network: None, Subnet: None, Router: None
2024-09-11 19:12:34.438 62380 INFO tempest.lib.common.dynamic_creds [-] Created isolated network resources for: credentials: Credentials: {'domain_id': 'default', 'domain_name': 'Default', 'username': 'tempest-QuotasAdminTestV236-569110826-project-admin', 'project_domain_id': 'default', 'project_domain_name': 'Default', 'project_id': '4cb157dc0e044eb6847f4cae8fd73c9d', 'project_name': 'tempest-QuotasAdminTestV236-569110826', 'tenant_id': '4cb157dc0e044eb6847f4cae8fd73c9d', 'tenant_name': 'tempest-QuotasAdminTestV236-569110826', 'user_domain_id': 'default', 'user_domain_name': 'Default', 'user_id': '3b82f6d319a14a9b855fdb20d04d75d3', 'system': None}, Network: None, Subnet: None, Router: None
2024-09-11 19:12:34.439 62374 INFO tempest.lib.common.rest_client [req-00f916cb-a963-4982-afe8-2667385d6e0a req-00f916cb-a963-4982-afe8-2667385d6e0a ] Request (ServersAdminTestJSON:setUpClass): 200 GET http://10.180.1.21/compute/v2.1/servers/08ae027b-64b5-4d9d-a478-5d052d2cabf6 0.814s
2024-09-11 19:12:34.439 62416 INFO tempest.lib.common.rest_client [req-a5151651-1bbb-484a-8c98-7ac75811c3a8 req-a5151651-1bbb-484a-8c98-7ac75811c3a8 ] Request (ServersTestMultiNic:test_verify_duplicate_network_nics): 200 GET http://10.180.1.21/compute/v2.1/servers/bebe84f3-f56d-4a81-9001-a041df442b56 0.938s
2024-09-11 19:12:34.461 62434 INFO tempest.lib.common.rest_client [req-ca4f14d5-7af7-466d-b88c-6b92490d1296 req-ca4f14d5-7af7-466d-b88c-6b92490d1296 ] Request (AttachInterfacesV270Test:tearDownClass): 200 PUT http://10.180.1.21:9696/networking/v2.0/routers/3cc89009-d13f-4c1f-a75a-99232c574abb/remove_router_interface 1.404s
2024-09-11 19:12:34.528 62390 INFO tempest.lib.common.rest_client [req-0d5dc844-7341-4a84-af08-da7a5eeafcbd req-0d5dc844-7341-4a84-af08-da7a5eeafcbd ] Request (KeyPairsNegativeTestJSON:setUpClass): 201 POST http://10.180.1.21/identity/v3/auth/tokens 0.298s
2024-09-11 19:12:34.680 62432 INFO tempest.lib.common.rest_client [req-86847d3c-34e9-4cac-8e49-07c4ec00cf8f req-86847d3c-34e9-4cac-8e49-07c4ec00cf8f ] Request (ImagesNegativeTestJSON:setUpClass): 200 GET http://10.180.1.21/identity/v3/domains?name=Default 0.258s
2024-09-11 19:12:34.698 62384 INFO tempest.lib.common.rest_client [req-17c75fd7-b487-49fe-85ce-e5e710ed8bdd req-17c75fd7-b487-49fe-85ce-e5e710ed8bdd ] Request (ServerDiagnosticsNegativeTest:test_get_server_diagnostics_by_non_admin): 200 GET http://10.180.1.21/compute/v2.1/servers/f774f4eb-7329-4449-8567-b4c0dc8fd78a 0.991s
2024-09-11 19:12:34.740 62418 INFO tempest.lib.common.rest_client [req-cce5d914-0516-4f02-b8ec-57c3ba08ddd5 req-cce5d914-0516-4f02-b8ec-57c3ba08ddd5 ] Request (AggregatesAdminNegativeTestJSON:tearDownClass): 204 DELETE http://10.180.1.21/identity/v3/projects/9f8054b534c44804b097b2ac4a7bc6f5 0.363s
2024-09-11 19:12:34.740 62418 INFO tempest.lib.common.dynamic_creds [-] Deleting project and security group for project: 0eca0065ba574845bd889b62e416dbf0
2024-09-11 19:12:34.742 62388 INFO tempest.lib.common.rest_client [req-06909f3e-4ba6-404f-abc7-016e59deabde req-06909f3e-4ba6-404f-abc7-016e59deabde ] Request (FlavorsAdminTestJSON:_run_cleanups): 202 DELETE http://10.180.1.21/compute/v2.1/flavors/236569495 0.962s
2024-09-11 19:12:34.773 62406 INFO tempest.lib.common.rest_client [req-3ea2c9f4-e4b6-4269-922e-9cef873e4fe0 req-3ea2c9f4-e4b6-4269-922e-9cef873e4fe0 ] Request (ServerGroupTestJSON:test_create_delete_server_group_with_affinity_policy): 200 GET http://10.180.1.21/compute/v2.1/os-server-groups 0.955s
2024-09-11 19:12:34.792 62378 INFO tempest.lib.common.rest_client [req-df0e564b-1f83-4b6f-8fd1-713d7e94c7c2 req-df0e564b-1f83-4b6f-8fd1-713d7e94c7c2 ] Request (MultipleCreateNegativeTestJSON:tearDownClass): 201 POST http://10.180.1.21/identity/v3/auth/tokens 0.358s
2024-09-11 19:12:34.807 62414 INFO tempest.lib.common.rest_client [req-6ea6c808-3fcb-4cfb-85b9-39d886ffe772 req-6ea6c808-3fcb-4cfb-85b9-39d886ffe772 ] Request (ImagesDeleteNegativeTestJSON:test_delete_image_with_invalid_image_id): 404 DELETE http://10.180.1.21/compute/v2.1/images/tempest-invalid-539812027 0.969s
2024-09-11 19:12:34.856 62432 INFO tempest.lib.common.rest_client [req-e844f6a6-20ac-4767-a4d9-50ba1b55d222 req-e844f6a6-20ac-4767-a4d9-50ba1b55d222 ] Request (ImagesNegativeTestJSON:setUpClass): 201 POST http://10.180.1.21/identity/v3/projects 0.176s
2024-09-11 19:12:34.869 62380 INFO tempest.lib.common.rest_client [req-96b0b4b0-80c9-4a9c-8f5b-529677472a4b req-96b0b4b0-80c9-4a9c-8f5b-529677472a4b ] Request (QuotasAdminTestV236:setUpClass): 201 POST http://10.180.1.21/identity/v3/auth/tokens 0.427s
2024-09-11 19:12:34.981 62418 INFO tempest.lib.common.rest_client [req-9233b578-4b8b-483f-b0d6-b9d4945d4709 req-9233b578-4b8b-483f-b0d6-b9d4945d4709 ] Request (AggregatesAdminNegativeTestJSON:tearDownClass): 200 GET http://10.180.1.21:9696/networking/v2.0/security-groups?tenant_id=0eca0065ba574845bd889b62e416dbf0&name=default 0.241s
2024-09-11 19:12:35.027 62394 INFO tempest.lib.common.rest_client [req-a9258d24-a14b-49b4-b551-6f2c57a2a271 req-a9258d24-a14b-49b4-b551-6f2c57a2a271 ] Request (QuotasAdminTestV257:test_get_updated_quotas): 200 GET http://10.180.1.21/compute/v2.1/os-quota-sets/7dce74422f864c478bed4c65c061b09c?user_id=977977ae2abf4799b913316a7f1848f3 1.374s
2024-09-11 19:12:35.073 62432 INFO tempest.lib.common.rest_client [req-2bffeb19-21b4-4e2d-a925-0983bb8aa143 req-2bffeb19-21b4-4e2d-a925-0983bb8aa143 ] Request (ImagesNegativeTestJSON:setUpClass): 201 POST http://10.180.1.21/identity/v3/users 0.216s
2024-09-11 19:12:35.107 62432 INFO tempest.lib.common.rest_client [req-67ac7fb6-0c9b-43ae-881a-dd2bd339b60b req-67ac7fb6-0c9b-43ae-881a-dd2bd339b60b ] Request (ImagesNegativeTestJSON:setUpClass): 200 GET http://10.180.1.21/identity/v3/roles 0.033s
2024-09-11 19:12:35.158 62432 INFO tempest.lib.common.rest_client [req-426cb9cb-ad14-4570-a441-50f8fe3feb55 req-426cb9cb-ad14-4570-a441-50f8fe3feb55 ] Request (ImagesNegativeTestJSON:setUpClass): 204 PUT http://10.180.1.21/identity/v3/projects/ee2b20497f174bb6919561774226a926/users/9acefcaf2d75485caaea50f7297f2184/roles/299eb6915d7342b9906249c793ceac8c 0.050s
2024-09-11 19:12:35.158 62432 INFO tempest.lib.common.dynamic_creds [-] Dynamic test user 9acefcaf2d75485caaea50f7297f2184 is created with scope project and roles: ['member']
2024-09-11 19:12:35.159 62432 INFO tempest.lib.common.dynamic_creds [-] Acquired dynamic creds: credentials: Credentials: {'domain_id': 'default', 'domain_name': 'Default', 'username': 'tempest-ImagesNegativeTestJSON-1070172744-project-member', 'project_domain_id': 'default', 'project_domain_name': 'Default', 'project_id': 'ee2b20497f174bb6919561774226a926', 'project_name': 'tempest-ImagesNegativeTestJSON-1070172744', 'tenant_id': 'ee2b20497f174bb6919561774226a926', 'tenant_name': 'tempest-ImagesNegativeTestJSON-1070172744', 'user_domain_id': 'default', 'user_domain_name': 'Default', 'user_id': '9acefcaf2d75485caaea50f7297f2184', 'system': None}, Network: None, Subnet: None, Router: None
2024-09-11 19:12:35.227 62394 INFO tempest.lib.common.rest_client [req-d7578aa1-1c4e-4810-ad34-b815aa9ca35e req-d7578aa1-1c4e-4810-ad34-b815aa9ca35e ] Request (QuotasAdminTestV257:_run_cleanups): 204 DELETE http://10.180.1.21/identity/v3/users/977977ae2abf4799b913316a7f1848f3 0.197s
2024-09-11 19:12:35.242 62432 INFO tempest.lib.common.rest_client [req-3af19766-b197-48b6-b5ba-eae623ec9ed5 req-3af19766-b197-48b6-b5ba-eae623ec9ed5 ] Request (ImagesNegativeTestJSON:setUpClass): 201 POST http://10.180.1.21/identity/v3/auth/tokens 0.082s
2024-09-11 19:12:35.290 62372 INFO tempest.lib.common.rest_client [req-7f22a2e8-c663-4beb-8c48-c25c901fbe96 req-7f22a2e8-c663-4beb-8c48-c25c901fbe96 ] Request (ListImageFiltersTestJSON:setUpClass): 202 POST http://10.180.1.21/compute/v2.1/servers 1.326s
2024-09-11 19:12:35.378 62394 INFO tempest.lib.common.rest_client [req-5968c425-6291-4730-a846-699bad0f5777 req-5968c425-6291-4730-a846-699bad0f5777 ] Request (QuotasAdminTestV257:_run_cleanups): 204 DELETE http://10.180.1.21/identity/v3/projects/7dce74422f864c478bed4c65c061b09c 0.151s
2024-09-11 19:12:35.424 62418 INFO tempest.lib.common.rest_client [req-63e69105-e617-4a90-9383-9088383ea9d2 req-63e69105-e617-4a90-9383-9088383ea9d2 ] Request (AggregatesAdminNegativeTestJSON:tearDownClass): 204 DELETE http://10.180.1.21:9696/networking/v2.0/security-groups/904d3d59-9d67-40bd-b197-cf4955e9746a 0.442s
2024-09-11 19:12:35.440 62430 INFO tempest.lib.common.rest_client [req-c4d9f380-e316-4019-8d4d-bc220374f56b req-c4d9f380-e316-4019-8d4d-bc220374f56b ] Request (VolumesAssistedSnapshotsTest:test_volume_assisted_snapshot_create_delete): 200 GET http://10.180.1.21/compute/v2.1/servers/2fbc4d53-a000-4f14-a4b7-087aee2129bc 1.445s
2024-09-11 19:12:35.446 62398 INFO tempest.lib.common.rest_client [req-590dda80-7fc8-45a1-ade5-32f44b2beb79 req-590dda80-7fc8-45a1-ade5-32f44b2beb79 ] Request (ServersAdmin275Test:tearDownClass): 200 GET http://10.180.1.21/compute/v2.1/servers/6174840e-10a6-43ed-be9c-76602f91bf42 1.414s
2024-09-11 19:12:35.453 62430 INFO tempest.common.waiters [-] State transition "BUILD/networking" ==> "BUILD/spawning" after 19 second wait
2024-09-11 19:12:35.470 62378 INFO tempest.lib.common.rest_client [req-a414a308-90fa-4876-b175-c6a0163ec11a req-a414a308-90fa-4876-b175-c6a0163ec11a ] Request (MultipleCreateNegativeTestJSON:tearDownClass): 200 GET http://10.180.1.21:9696/networking/v2.0/security-groups?tenant_id=14479bee929b411a884eaf6c9b3d8117&name=default 0.678s
2024-09-11 19:12:35.522 62386 INFO tempest.lib.common.rest_client [req-68ccc816-1d06-4e6d-9e6b-e489569020d1 req-68ccc816-1d06-4e6d-9e6b-e489569020d1 ] Request (ServerActionsTestOtherB:setUpClass): 200 GET http://10.180.1.21/compute/v2.1/servers/584b1af2-6903-4a08-8ed2-9cd21075f0de 1.407s
2024-09-11 19:12:35.561 62418 INFO tempest.lib.common.rest_client [req-86cac764-a1ab-4d86-ae37-0fd70d3e9461 req-86cac764-a1ab-4d86-ae37-0fd70d3e9461 ] Request (AggregatesAdminNegativeTestJSON:tearDownClass): 204 DELETE http://10.180.1.21/identity/v3/projects/0eca0065ba574845bd889b62e416dbf0 0.136s
2024-09-11 19:12:35.575 62394 INFO tempest.lib.common.rest_client [req-570a0dd5-7ca0-4101-a1a5-7586f157d47d req-570a0dd5-7ca0-4101-a1a5-7586f157d47d ] Request (QuotasAdminTestV257:tearDownClass): 204 DELETE http://10.180.1.21/identity/v3/users/431913c002a04bffbd40b1bc3fdafad1 0.195s
2024-09-11 19:12:35.587 62424 INFO tempest.lib.common.rest_client [req-781a3e7a-f70b-4d7c-932c-27f711ea7687 req-781a3e7a-f70b-4d7c-932c-27f711ea7687 ] Request (InstanceActionsTestJSON:setUpClass): 200 GET http://10.180.1.21/compute/v2.1/servers/f62a3436-a4a7-42a2-8023-913319df1d47 1.416s
2024-09-11 19:12:35.594 62422 INFO tempest.lib.common.rest_client [req-489fb5a0-2871-44c9-8735-44c169fd9b95 req-489fb5a0-2871-44c9-8735-44c169fd9b95 ] Request (VolumesAdminNegativeTest:test_update_attached_volume_with_nonexistent_volume_in_body): 200 GET http://10.180.1.21/compute/v2.1/servers/bf6a17ce-a959-4ee4-9ecd-2e299f11048b 1.367s
2024-09-11 19:12:35.623 62376 INFO tempest.lib.common.rest_client [req-91fa3e45-284f-40bd-ab71-ea36e9954e81 req-91fa3e45-284f-40bd-ab71-ea36e9954e81 ] Request (ServerExternalEventsTest:test_create_server_external_events): 404 GET http://10.180.1.21/compute/v2.1/servers/f8330803-064a-4f31-b769-19b0ce281e07 1.390s
2024-09-11 19:12:35.662 62418 INFO tempest.lib.common.rest_client [req-05429937-dd84-47d7-93c1-abd6c682d7be req-05429937-dd84-47d7-93c1-abd6c682d7be ] Request (FlavorsExtraSpecsNegativeTestJSON:setUpClass): 201 POST http://10.180.1.21/identity/v3/auth/tokens 0.100s
2024-09-11 19:12:35.690 62402 INFO tempest.lib.common.rest_client [req-62a1a17c-76c0-4ebc-b191-b9da4f345454 req-62a1a17c-76c0-4ebc-b191-b9da4f345454 ] Request (MigrationsAdminTest:test_resize_server_revert_deleted_flavor): 200 GET http://10.180.1.21/compute/v2.1/servers/78cccd5a-2bfa-4daf-af4a-c339d03cd140 1.416s
2024-09-11 19:12:35.849 62434 INFO tempest.lib.common.rest_client [req-0b1d53d9-613f-4eb9-97b5-85d3ac643cb2 req-0b1d53d9-613f-4eb9-97b5-85d3ac643cb2 ] Request (AttachInterfacesV270Test:tearDownClass): 204 DELETE http://10.180.1.21:9696/networking/v2.0/routers/3cc89009-d13f-4c1f-a75a-99232c574abb 1.388s
2024-09-11 19:12:36.044 62378 INFO tempest.lib.common.rest_client [req-527876f2-a95d-42f5-b76c-509fc1ad95b6 req-527876f2-a95d-42f5-b76c-509fc1ad95b6 ] Request (MultipleCreateNegativeTestJSON:tearDownClass): 204 DELETE http://10.180.1.21:9696/networking/v2.0/security-groups/1774da54-8f04-4ea9-963c-8fafe81904f1 0.572s
2024-09-11 19:12:36.047 62394 INFO tempest.lib.common.rest_client [req-82ae5ae4-b6bb-491d-8cd8-559d55a0f947 req-82ae5ae4-b6bb-491d-8cd8-559d55a0f947 ] Request (QuotasAdminTestV257:tearDownClass): 204 DELETE http://10.180.1.21/identity/v3/users/f7ff9bae2efd45b3b67ab86f2d183aad 0.472s
2024-09-11 19:12:36.048 62394 INFO tempest.lib.common.dynamic_creds [-] Deleting project and security group for project: cba318cdd99340929c1fde0a5c8b03ad
2024-09-11 19:12:36.051 62376 INFO tempest.lib.common.rest_client [req-9d8f17af-c253-4b08-b886-06926f909d5a req-9d8f17af-c253-4b08-b886-06926f909d5a ] Request (ServerExternalEventsTest:tearDownClass): 204 DELETE http://10.180.1.21/identity/v3/users/659bffb6933b4605a85c319065b7bf0c 0.417s
2024-09-11 19:12:36.129 62418 INFO tempest.lib.common.rest_client [req-7e40e5a7-e084-4b39-991e-db9e1e16a706 req-7e40e5a7-e084-4b39-991e-db9e1e16a706 ] Request (FlavorsExtraSpecsNegativeTestJSON:setUpClass): 201 POST http://10.180.1.21/identity/v3/auth/tokens 0.464s
2024-09-11 19:12:36.203 62394 INFO tempest.lib.common.rest_client [req-e612369e-a494-46dd-b26a-781409ae516d req-e612369e-a494-46dd-b26a-781409ae516d ] Request (QuotasAdminTestV257:tearDownClass): 201 POST http://10.180.1.21/identity/v3/auth/tokens 0.155s
2024-09-11 19:12:36.341 62434 INFO tempest.lib.common.rest_client [req-196c8a3a-762b-4db4-9449-80bce6a5eee0 req-196c8a3a-762b-4db4-9449-80bce6a5eee0 ] Request (AttachInterfacesV270Test:tearDownClass): 204 DELETE http://10.180.1.21:9696/networking/v2.0/subnets/67513b83-9da8-4297-8360-82c26e84e21d 0.491s
2024-09-11 19:12:36.408 62378 INFO tempest.lib.common.rest_client [req-a2a3e271-278f-4f65-983e-ddd7bbadd6f8 req-a2a3e271-278f-4f65-983e-ddd7bbadd6f8 ] Request (MultipleCreateNegativeTestJSON:tearDownClass): 204 DELETE http://10.180.1.21/identity/v3/projects/14479bee929b411a884eaf6c9b3d8117 0.363s
2024-09-11 19:12:36.431 62432 INFO tempest.lib.common.rest_client [req-87fb9699-db36-40cd-a314-5f4851fa0550 req-87fb9699-db36-40cd-a314-5f4851fa0550 ] Request (ImagesNegativeTestJSON:setUpClass): 201 POST http://10.180.1.21:9696/networking/v2.0/networks 1.189s
2024-09-11 19:12:36.436 62376 INFO tempest.lib.common.rest_client [req-47db6232-b2c0-44ce-8160-b7819a18b4a2 req-47db6232-b2c0-44ce-8160-b7819a18b4a2 ] Request (ServerExternalEventsTest:tearDownClass): 204 DELETE http://10.180.1.21/identity/v3/users/164cc444e4fc4f90a2435aecbf2ea4f0 0.385s
2024-09-11 19:12:36.530 62418 INFO tempest.lib.common.rest_client [req-dde03259-9e52-46df-a759-12e0bc097cb1 req-dde03259-9e52-46df-a759-12e0bc097cb1 ] Request (FlavorsExtraSpecsNegativeTestJSON:setUpClass): 200 GET http://10.180.1.21/identity/v3/domains?name=Default 0.401s
2024-09-11 19:12:36.549 62378 INFO tempest.lib.common.rest_client [req-51e89493-8611-45f2-a3bb-77cd0e77a9a7 req-51e89493-8611-45f2-a3bb-77cd0e77a9a7 ] Request (ServerGroup264TestJSON:setUpClass): 201 POST http://10.180.1.21/identity/v3/auth/tokens 0.139s
2024-09-11 19:12:36.629 62418 INFO tempest.lib.common.rest_client [req-e0aaf372-a920-48ae-a9fc-0013dcc1938e req-e0aaf372-a920-48ae-a9fc-0013dcc1938e ] Request (FlavorsExtraSpecsNegativeTestJSON:setUpClass): 201 POST http://10.180.1.21/identity/v3/projects 0.098s
2024-09-11 19:12:36.712 62382 INFO tempest.lib.common.rest_client [req-338c834a-20c1-4d56-849e-333f9dd5e8ac req-338c834a-20c1-4d56-849e-333f9dd5e8ac ] Request (ServersAdminNegativeTestJSON:setUpClass): 202 POST http://10.180.1.21/compute/v2.1/servers 2.345s
2024-09-11 19:12:36.715 62392 INFO tempest.lib.common.rest_client [req-5d2bee26-6777-4132-90a8-74167f6be660 req-5d2bee26-6777-4132-90a8-74167f6be660 ] Request (InstanceActionsV221TestJSON:test_get_list_deleted_instance_actions): 202 POST http://10.180.1.21/compute/v2.1/servers 2.419s
2024-09-11 19:12:36.730 62378 INFO tempest.lib.common.rest_client [req-aefef673-c5c0-48c2-9965-fb453bea9b88 req-aefef673-c5c0-48c2-9965-fb453bea9b88 ] Request (ServerGroup264TestJSON:setUpClass): 201 POST http://10.180.1.21/identity/v3/auth/tokens 0.179s
2024-09-11 19:12:36.753 62388 INFO tempest.lib.common.rest_client [req-552e3292-9a2a-43f6-afdc-521fd9d77db4 req-552e3292-9a2a-43f6-afdc-521fd9d77db4 ] Request (FlavorsAdminTestJSON:_run_cleanups): 200 GET http://10.180.1.21/compute/v2.1/flavors/detail 2.011s
2024-09-11 19:12:36.778 62376 INFO tempest.lib.common.rest_client [req-d8db13da-876b-47d8-9dd8-971d956c3279 req-d8db13da-876b-47d8-9dd8-971d956c3279 ] Request (ServerExternalEventsTest:tearDownClass): 204 DELETE http://10.180.1.21/identity/v3/users/82c3e5c245c54e06929d36e2185f9143 0.341s
2024-09-11 19:12:36.778 62376 INFO tempest.lib.common.dynamic_creds [-] Deleting project and security group for project: 705be02d4721479a86d8359f862a1ab9
2024-09-11 19:12:36.823 62418 INFO tempest.lib.common.rest_client [req-0e032e67-5bec-4101-8375-95502db745de req-0e032e67-5bec-4101-8375-95502db745de ] Request (FlavorsExtraSpecsNegativeTestJSON:setUpClass): 201 POST http://10.180.1.21/identity/v3/users 0.193s
2024-09-11 19:12:36.834 62394 INFO tempest.lib.common.rest_client [req-904cf235-8996-473f-b8f4-e8e9c667a5e5 req-904cf235-8996-473f-b8f4-e8e9c667a5e5 ] Request (QuotasAdminTestV257:tearDownClass): 200 GET http://10.180.1.21:9696/networking/v2.0/security-groups?tenant_id=cba318cdd99340929c1fde0a5c8b03ad&name=default 0.631s
2024-09-11 19:12:36.874 62406 INFO tempest.lib.common.rest_client [req-7fe4a70a-6478-4f14-b3bc-b4920eb30fb5 req-7fe4a70a-6478-4f14-b3bc-b4920eb30fb5 ] Request (ServerGroupTestJSON:test_create_delete_server_group_with_anti_affinity_policy): 200 POST http://10.180.1.21/compute/v2.1/os-server-groups 2.099s
2024-09-11 19:12:36.893 62378 INFO tempest.lib.common.rest_client [req-c8782350-7c5c-4358-8d9d-0a17ec17a9b9 req-c8782350-7c5c-4358-8d9d-0a17ec17a9b9 ] Request (ServerGroup264TestJSON:setUpClass): 200 GET http://10.180.1.21/identity/v3/domains?name=Default 0.162s
2024-09-11 19:12:36.898 62390 INFO tempest.lib.common.rest_client [req-cafc6a9b-54a9-48fc-9bdd-c9da8686816a req-cafc6a9b-54a9-48fc-9bdd-c9da8686816a ] Request (KeyPairsNegativeTestJSON:test_create_keypair_invalid_name): 400 POST http://10.180.1.21/compute/v2.1/os-keypairs 2.368s
2024-09-11 19:12:36.923 62376 INFO tempest.lib.common.rest_client [req-a91467df-8161-4314-a2ac-c6a65fe0e372 req-a91467df-8161-4314-a2ac-c6a65fe0e372 ] Request (ServerExternalEventsTest:tearDownClass): 201 POST http://10.180.1.21/identity/v3/auth/tokens 0.145s
2024-09-11 19:12:36.926 62414 INFO tempest.lib.common.rest_client [req-a8557566-9266-429a-9536-c25dbe3cac39 req-a8557566-9266-429a-9536-c25dbe3cac39 ] Request (ImagesDeleteNegativeTestJSON:test_delete_non_existent_image): 404 DELETE http://10.180.1.21/compute/v2.1/images/c2c545ea-bb6d-49d2-be23-934f65142a8d 2.118s
2024-09-11 19:12:36.936 62418 INFO tempest.lib.common.rest_client [req-69855e4b-2dc9-4d32-94c1-86411197ace6 req-69855e4b-2dc9-4d32-94c1-86411197ace6 ] Request (FlavorsExtraSpecsNegativeTestJSON:setUpClass): 200 GET http://10.180.1.21/identity/v3/roles 0.113s
2024-09-11 19:12:36.980 62378 INFO tempest.lib.common.rest_client [req-2594e234-19f4-42f0-af7c-e0eaa11a4639 req-2594e234-19f4-42f0-af7c-e0eaa11a4639 ] Request (ServerGroup264TestJSON:setUpClass): 201 POST http://10.180.1.21/identity/v3/projects 0.087s
2024-09-11 19:12:36.999 62432 INFO tempest.lib.common.rest_client [req-2177bc90-6109-40e5-be54-7e86acd8eb45 req-2177bc90-6109-40e5-be54-7e86acd8eb45 ] Request (ImagesNegativeTestJSON:setUpClass): 201 POST http://10.180.1.21:9696/networking/v2.0/subnets 0.567s
2024-09-11 19:12:37.036 62434 INFO tempest.lib.common.rest_client [req-658bee57-2cca-411b-a926-dc719c2b792b req-658bee57-2cca-411b-a926-dc719c2b792b ] Request (AttachInterfacesV270Test:tearDownClass): 204 DELETE http://10.180.1.21:9696/networking/v2.0/networks/e4fd76ad-924e-4c65-b803-d127cc232e84 0.694s
2024-09-11 19:12:37.044 62394 INFO tempest.lib.common.rest_client [req-31c48816-93d7-4acb-b60c-ed3b9ec4c440 req-31c48816-93d7-4acb-b60c-ed3b9ec4c440 ] Request (QuotasAdminTestV257:tearDownClass): 204 DELETE http://10.180.1.21:9696/networking/v2.0/security-groups/8bde111d-bbad-438b-985f-588b6db46c7c 0.209s
2024-09-11 19:12:37.045 62420 INFO tempest.lib.common.rest_client [req-96569629-5094-4a07-b528-6e19ad551993 req-96569629-5094-4a07-b528-6e19ad551993 ] Request (ServersWithSpecificFlavorTestJSON:test_verify_created_server_ephemeral_disk): 200 GET http://10.180.1.21/compute/v2.1/servers/c2c48d98-b791-42c9-8038-d969dda7573e 2.210s
2024-09-11 19:12:37.093 62418 INFO tempest.lib.common.rest_client [req-b33865e4-c06c-48ca-948d-f06c5a0d7a57 req-b33865e4-c06c-48ca-948d-f06c5a0d7a57 ] Request (FlavorsExtraSpecsNegativeTestJSON:setUpClass): 204 PUT http://10.180.1.21/identity/v3/projects/2b4488e5f2eb4fbb93f3ad204b31e804/users/d33030fb113a44a99eb847ca5abe35dd/roles/299eb6915d7342b9906249c793ceac8c 0.156s
