2024-09-11 19:12:05.741 62406 INFO tempest.lib.common.dynamic_creds [-] Created isolated network resources for: credentials: Credentials: {'domain_id': 'default', 'domain_name': 'Default', 'username': 'tempest-QuotasSecurityGroupAdminNegativeTest-1984378670-project-member', 'project_domain_id': 'default', 'project_domain_name': 'Default', 'project_id': '5e2219669016400197555f34b0d39d8d', 'project_name': 'tempest-QuotasSecurityGroupAdminNegativeTest-1984378670', 'tenant_id': '5e2219669016400197555f34b0d39d8d', 'tenant_name': 'tempest-QuotasSecurityGroupAdminNegativeTest-1984378670', 'user_domain_id': 'default', 'user_domain_name': 'Default', 'user_id': 'd481c81d8dde4d5fbca5aadf9faba17e', 'system': None}, Network: None, Subnet: None, Router: None
2024-09-11 19:12:05.775 62392 INFO tempest.lib.common.rest_client [req-ac2d0059-5586-4a1b-a243-0ce48f7b47e6 req-ac2d0059-5586-4a1b-a243-0ce48f7b47e6 ] Request (ServicesAdminNegativeV253TestJSON:setUpClass): 201 POST http://10.180.1.21/identity/v3/auth/tokens 0.115s
2024-09-11 19:12:05.826 62406 INFO tempest.lib.common.rest_client [req-eba8bbb0-97b2-4287-ade0-c91c07bd1692 req-eba8bbb0-97b2-4287-ade0-c91c07bd1692 ] Request (QuotasSecurityGroupAdminNegativeTest:setUpClass): 201 POST http://10.180.1.21/identity/v3/auth/tokens 0.081s
2024-09-11 19:12:05.846 62392 INFO tempest.lib.common.rest_client [req-a1af92b9-41d0-4910-aa23-79573c0d625d req-a1af92b9-41d0-4910-aa23-79573c0d625d ] Request (ServicesAdminNegativeV253TestJSON:setUpClass): 201 POST http://10.180.1.21/identity/v3/projects 0.071s
2024-09-11 19:12:05.870 62406 INFO tempest.lib.common.rest_client [req-f79df409-3934-4369-9a67-b9fe09e8ea9e req-f79df409-3934-4369-9a67-b9fe09e8ea9e ] Request (QuotasSecurityGroupAdminNegativeTest:setUpClass): 201 POST http://10.180.1.21/identity/v3/projects 0.043s
2024-09-11 19:12:05.918 62428 INFO tempest.lib.common.rest_client [req-7d453f21-ab64-4281-aa8e-0f2c5aaa588f req-7d453f21-ab64-4281-aa8e-0f2c5aaa588f ] Request (ImagesOneServerTestJSON:setUpClass): 201 POST http://10.180.1.21:9696/networking/v2.0/networks 0.963s
2024-09-11 19:12:05.931 62406 INFO tempest.lib.common.rest_client [req-9c6022cb-d06f-4c3a-bcf5-a2a8f3ec517c req-9c6022cb-d06f-4c3a-bcf5-a2a8f3ec517c ] Request (QuotasSecurityGroupAdminNegativeTest:setUpClass): 201 POST http://10.180.1.21/identity/v3/users 0.061s
2024-09-11 19:12:05.942 62392 INFO tempest.lib.common.rest_client [req-7888995a-e8f0-402b-bc44-37d27b7d1524 req-7888995a-e8f0-402b-bc44-37d27b7d1524 ] Request (ServicesAdminNegativeV253TestJSON:setUpClass): 201 POST http://10.180.1.21/identity/v3/users 0.095s
2024-09-11 19:12:05.959 62406 INFO tempest.lib.common.rest_client [req-21d1d12d-8921-4383-80a4-a1793538ea95 req-21d1d12d-8921-4383-80a4-a1793538ea95 ] Request (QuotasSecurityGroupAdminNegativeTest:setUpClass): 200 GET http://10.180.1.21/identity/v3/roles 0.027s
2024-09-11 19:12:05.964 62392 INFO tempest.lib.common.rest_client [req-82390ccc-daf4-4450-ab7d-eb48fb58f42b req-82390ccc-daf4-4450-ab7d-eb48fb58f42b ] Request (ServicesAdminNegativeV253TestJSON:setUpClass): 200 GET http://10.180.1.21/identity/v3/roles 0.021s
2024-09-11 19:12:06.001 62406 INFO tempest.lib.common.rest_client [req-6d7ee598-3d31-4fa5-818b-6b3ab68fdbcb req-6d7ee598-3d31-4fa5-818b-6b3ab68fdbcb ] Request (QuotasSecurityGroupAdminNegativeTest:setUpClass): 204 PUT http://10.180.1.21/identity/v3/projects/30f85f8c105849358ca1c680526a8679/users/ea573e8db79145f4a12558b7d80a2046/roles/e71ed82d456f4ee2989d0ea77c085dd7 0.041s
2024-09-11 19:12:06.007 62392 INFO tempest.lib.common.rest_client [req-d44837ee-cdbd-4e0f-82ef-4c2e89f13ce5 req-d44837ee-cdbd-4e0f-82ef-4c2e89f13ce5 ] Request (ServicesAdminNegativeV253TestJSON:setUpClass): 204 PUT http://10.180.1.21/identity/v3/projects/1f0206adbfb049a990eca3d8e6a04b39/users/ec51a365185749cca4081e6e4e5ebeb9/roles/e71ed82d456f4ee2989d0ea77c085dd7 0.042s
2024-09-11 19:12:06.036 62386 INFO tempest.lib.common.rest_client [req-149ddd2c-aa0c-47f0-89cd-44dad721b10c req-149ddd2c-aa0c-47f0-89cd-44dad721b10c ] Request (ServerActionsTestOtherB:setUpClass): 202 POST http://10.180.1.21/compute/v2.1/servers 1.961s
2024-09-11 19:12:06.071 62392 INFO tempest.lib.common.rest_client [req-e118230e-7688-4eff-ba59-bf9a7afa9a62 req-e118230e-7688-4eff-ba59-bf9a7afa9a62 ] Request (ServicesAdminNegativeV253TestJSON:setUpClass): 200 GET http://10.180.1.21/identity/v3/roles 0.063s
2024-09-11 19:12:06.090 62410 INFO tempest.lib.common.rest_client [req-7451990c-3b5d-48d6-b310-b64642c766de req-7451990c-3b5d-48d6-b310-b64642c766de ] Request (HostsAdminNegativeTestJSON:tearDownClass): 204 DELETE http://10.180.1.21:9696/networking/v2.0/security-groups/c05c408e-738f-4f9e-8df4-c42271104c94 0.506s
2024-09-11 19:12:06.096 62392 INFO tempest.lib.common.rest_client [req-3ca8edce-6e54-461d-a58d-815e050ad342 req-3ca8edce-6e54-461d-a58d-815e050ad342 ] Request (ServicesAdminNegativeV253TestJSON:setUpClass): 204 PUT http://10.180.1.21/identity/v3/projects/1f0206adbfb049a990eca3d8e6a04b39/users/ec51a365185749cca4081e6e4e5ebeb9/roles/e71ed82d456f4ee2989d0ea77c085dd7 0.024s
2024-09-11 19:12:06.096 62392 INFO tempest.lib.common.dynamic_creds [-] Dynamic test user ec51a365185749cca4081e6e4e5ebeb9 is created with scope project and roles: ['admin']
2024-09-11 19:12:06.096 62392 INFO tempest.lib.common.dynamic_creds [-] Acquired dynamic creds: credentials: Credentials: {'domain_id': 'default', 'domain_name': 'Default', 'username': 'tempest-ServicesAdminNegativeV253TestJSON-2081246243-project-admin', 'project_domain_id': 'default', 'project_domain_name': 'Default', 'project_id': '1f0206adbfb049a990eca3d8e6a04b39', 'project_name': 'tempest-ServicesAdminNegativeV253TestJSON-2081246243', 'tenant_id': '1f0206adbfb049a990eca3d8e6a04b39', 'tenant_name': 'tempest-ServicesAdminNegativeV253TestJSON-2081246243', 'user_domain_id': 'default', 'user_domain_name': 'Default', 'user_id': 'ec51a365185749cca4081e6e4e5ebeb9', 'system': None}, Network: None, Subnet: None, Router: None
2024-09-11 19:12:06.096 62392 INFO tempest.lib.common.dynamic_creds [-] Created isolated network resources for: credentials: Credentials: {'domain_id': 'default', 'domain_name': 'Default', 'username': 'tempest-ServicesAdminNegativeV253TestJSON-2081246243-project-admin', 'project_domain_id': 'default', 'project_domain_name': 'Default', 'project_id': '1f0206adbfb049a990eca3d8e6a04b39', 'project_name': 'tempest-ServicesAdminNegativeV253TestJSON-2081246243', 'tenant_id': '1f0206adbfb049a990eca3d8e6a04b39', 'tenant_name': 'tempest-ServicesAdminNegativeV253TestJSON-2081246243', 'user_domain_id': 'default', 'user_domain_name': 'Default', 'user_id': 'ec51a365185749cca4081e6e4e5ebeb9', 'system': None}, Network: None, Subnet: None, Router: None
2024-09-11 19:12:06.113 62420 INFO tempest.lib.common.rest_client [req-38427b21-f27d-4ab3-b466-c826eaf09a70 req-38427b21-f27d-4ab3-b466-c826eaf09a70 ] Request (ServersWithSpecificFlavorTestJSON:test_verify_created_server_ephemeral_disk): 202 POST http://10.180.1.21/compute/v2.1/servers 1.682s
2024-09-11 19:12:06.194 62432 INFO tempest.lib.common.rest_client [req-31a02020-442c-4358-9443-77ab9cedb1eb req-31a02020-442c-4358-9443-77ab9cedb1eb ] Request (ServerDiagnosticsTest:test_get_server_diagnostics): 200 GET http://10.180.1.21/compute/v2.1/servers/0e5473a7-4356-4bc9-a1fd-83b0dfae3a30 1.404s
2024-09-11 19:12:06.200 62406 INFO tempest.lib.common.rest_client [req-2440d63f-ea2d-45b1-b8d3-b8b14a087188 req-2440d63f-ea2d-45b1-b8d3-b8b14a087188 ] Request (QuotasSecurityGroupAdminNegativeTest:setUpClass): 200 GET http://10.180.1.21/identity/v3/roles 0.199s
2024-09-11 19:12:06.228 62410 INFO tempest.lib.common.rest_client [req-abe59399-6cc7-4ffc-8697-36ed85e9c626 req-abe59399-6cc7-4ffc-8697-36ed85e9c626 ] Request (HostsAdminNegativeTestJSON:tearDownClass): 204 DELETE http://10.180.1.21/identity/v3/projects/7bc5a9e3bc95498880381ce6b1e3b0e2 0.137s
2024-09-11 19:12:06.229 62410 INFO tempest.test [-] raised in LiveAutoBlockMigrationV225Test.setUpClass. Invoking tearDownClass.
2024-09-11 19:12:06.231 62410 INFO tempest.test [-] raised in ServersOnMultiNodesTest.setUpClass. Invoking tearDownClass.
2024-09-11 19:12:06.307 62392 INFO tempest.lib.common.rest_client [req-98c7dc6c-cb93-40a7-a229-1e78fdf93390 req-98c7dc6c-cb93-40a7-a229-1e78fdf93390 ] Request (ServicesAdminNegativeV253TestJSON:setUpClass): 201 POST http://10.180.1.21/identity/v3/auth/tokens 0.206s
2024-09-11 19:12:06.379 62406 INFO tempest.lib.common.rest_client [req-948368fd-a950-4ba6-9f95-2f375444ca0e req-948368fd-a950-4ba6-9f95-2f375444ca0e ] Request (QuotasSecurityGroupAdminNegativeTest:setUpClass): 204 PUT http://10.180.1.21/identity/v3/projects/30f85f8c105849358ca1c680526a8679/users/ea573e8db79145f4a12558b7d80a2046/roles/e71ed82d456f4ee2989d0ea77c085dd7 0.178s
2024-09-11 19:12:06.380 62406 INFO tempest.lib.common.dynamic_creds [-] Dynamic test user ea573e8db79145f4a12558b7d80a2046 is created with scope project and roles: ['admin']
2024-09-11 19:12:06.380 62406 INFO tempest.lib.common.dynamic_creds [-] Acquired dynamic creds: credentials: Credentials: {'domain_id': 'default', 'domain_name': 'Default', 'username': 'tempest-QuotasSecurityGroupAdminNegativeTest-808242932-project-admin', 'project_domain_id': 'default', 'project_domain_name': 'Default', 'project_id': '30f85f8c105849358ca1c680526a8679', 'project_name': 'tempest-QuotasSecurityGroupAdminNegativeTest-808242932', 'tenant_id': '30f85f8c105849358ca1c680526a8679', 'tenant_name': 'tempest-QuotasSecurityGroupAdminNegativeTest-808242932', 'user_domain_id': 'default', 'user_domain_name': 'Default', 'user_id': 'ea573e8db79145f4a12558b7d80a2046', 'system': None}, Network: None, Subnet: None, Router: None
2024-09-11 19:12:06.380 62406 INFO tempest.lib.common.dynamic_creds [-] Created isolated network resources for: credentials: Credentials: {'domain_id': 'default', 'domain_name': 'Default', 'username': 'tempest-QuotasSecurityGroupAdminNegativeTest-808242932-project-admin', 'project_domain_id': 'default', 'project_domain_name': 'Default', 'project_id': '30f85f8c105849358ca1c680526a8679', 'project_name': 'tempest-QuotasSecurityGroupAdminNegativeTest-808242932', 'tenant_id': '30f85f8c105849358ca1c680526a8679', 'tenant_name': 'tempest-QuotasSecurityGroupAdminNegativeTest-808242932', 'user_domain_id': 'default', 'user_domain_name': 'Default', 'user_id': 'ea573e8db79145f4a12558b7d80a2046', 'system': None}, Network: None, Subnet: None, Router: None
2024-09-11 19:12:06.396 62380 INFO tempest.lib.common.rest_client [req-e17fd65a-0bfb-44ea-a5da-c4a2f320f255 req-e17fd65a-0bfb-44ea-a5da-c4a2f320f255 ] Request (FlavorsAccessNegativeTestJSON:_run_cleanups): 200 POST http://10.180.1.21/compute/v2.1/flavors/933696462/action 1.615s
2024-09-11 19:12:06.403 62418 INFO tempest.lib.common.rest_client [req-626784e6-3d35-46ec-a48f-6a59e09e64e8 req-626784e6-3d35-46ec-a48f-6a59e09e64e8 ] Request (AggregatesAdminNegativeTestJSON:test_aggregate_delete_as_user): 403 DELETE http://10.180.1.21/compute/v2.1/os-aggregates/5 1.436s
2024-09-11 19:12:06.438 62374 INFO tempest.lib.common.rest_client [req-a99e5a2b-3dbc-4645-aacf-c840ecf4b341 req-a99e5a2b-3dbc-4645-aacf-c840ecf4b341 ] Request (ServersAdminTestJSON:setUpClass): 201 POST http://10.180.1.21:9696/networking/v2.0/networks 0.905s
2024-09-11 19:12:06.444 62410 INFO tempest.lib.common.rest_client [req-4cb0e27d-7ce6-47b3-8257-52dd51da4999 req-4cb0e27d-7ce6-47b3-8257-52dd51da4999 ] Request (ServerDiskConfigTestJSON:setUpClass): 201 POST http://10.180.1.21/identity/v3/auth/tokens 0.208s
2024-09-11 19:12:06.452 62434 INFO tempest.lib.common.rest_client [req-dbc9afdb-07ff-4bce-b20f-e9be7b423d09 req-dbc9afdb-07ff-4bce-b20f-e9be7b423d09 ] Request (AttachInterfacesV270Test:test_create_get_list_interfaces): 200 GET http://10.180.1.21/compute/v2.1/servers/bc29ceaa-1fe9-492c-9c0a-1fbfc42f843b 1.510s
2024-09-11 19:12:06.471 62396 INFO tempest.lib.common.rest_client [req-30b5ee75-8368-40af-af7e-52bf90d9a038 req-30b5ee75-8368-40af-af7e-52bf90d9a038 ] Request (ServerActionsTestOtherA:setUpClass): 201 POST http://10.180.1.21:9696/networking/v2.0/networks 0.842s
2024-09-11 19:12:06.472 62428 INFO tempest.lib.common.rest_client [req-dcb2729a-c6ae-430e-b304-2f4cf50d18cd req-dcb2729a-c6ae-430e-b304-2f4cf50d18cd ] Request (ImagesOneServerTestJSON:setUpClass): 201 POST http://10.180.1.21:9696/networking/v2.0/subnets 0.553s
2024-09-11 19:12:06.498 62410 INFO tempest.lib.common.rest_client [req-278772e4-8ad2-4fa9-b29c-5ac74770d9e5 req-278772e4-8ad2-4fa9-b29c-5ac74770d9e5 ] Request (ServerDiskConfigTestJSON:setUpClass): 201 POST http://10.180.1.21/identity/v3/auth/tokens 0.052s
2024-09-11 19:12:06.557 62406 INFO tempest.lib.common.rest_client [req-1094794e-2104-45b2-a889-7957a0067568 req-1094794e-2104-45b2-a889-7957a0067568 ] Request (QuotasSecurityGroupAdminNegativeTest:setUpClass): 201 POST http://10.180.1.21/identity/v3/auth/tokens 0.172s
2024-09-11 19:12:06.558 62406 WARNING tempest.lib.common.rest_client [-] Deprecated: "tenant_id" property is deprecated for removal, use "project_id" instead
2024-09-11 19:12:06.586 62410 INFO tempest.lib.common.rest_client [req-c844632e-b8e8-4920-a1eb-694f63657131 req-c844632e-b8e8-4920-a1eb-694f63657131 ] Request (ServerDiskConfigTestJSON:setUpClass): 200 GET http://10.180.1.21/identity/v3/domains?name=Default 0.087s
2024-09-11 19:12:06.604 62422 INFO tempest.lib.common.rest_client [req-c009b6f4-1667-4f46-a50f-eb27f0f6da16 req-c009b6f4-1667-4f46-a50f-eb27f0f6da16 ] Request (QuotasAdminTestJSON:test_update_all_quota_resources_for_tenant): 200 GET http://10.180.1.21/compute/v2.1/os-quota-sets/c61d85e36a1b48ae9b8e19d15866301b/defaults 1.530s
2024-09-11 19:12:06.630 62388 INFO tempest.lib.common.rest_client [req-f39c6efa-48a4-488d-ad07-c91e261e4ed9 req-f39c6efa-48a4-488d-ad07-c91e261e4ed9 ] Request (FlavorsAdminTestJSON:_run_cleanups): 200 GET http://10.180.1.21/compute/v2.1/flavors/detail 1.500s
2024-09-11 19:12:06.644 62410 INFO tempest.lib.common.rest_client [req-07fb7c04-4cac-46bb-983a-60df4faf5b1f req-07fb7c04-4cac-46bb-983a-60df4faf5b1f ] Request (ServerDiskConfigTestJSON:setUpClass): 201 POST http://10.180.1.21/identity/v3/projects 0.058s
2024-09-11 19:12:06.698 62406 INFO tempest.lib.common.rest_client [req-1994ca95-e39d-46be-b6f3-dbcb8fc1cf47 req-1994ca95-e39d-46be-b6f3-dbcb8fc1cf47 ] Request (QuotasSecurityGroupAdminNegativeTest:tearDownClass): 204 DELETE http://10.180.1.21/identity/v3/users/d481c81d8dde4d5fbca5aadf9faba17e 0.135s
2024-09-11 19:12:06.767 62410 INFO tempest.lib.common.rest_client [req-3b00755c-72e0-41cc-a79b-759f614a4338 req-3b00755c-72e0-41cc-a79b-759f614a4338 ] Request (ServerDiskConfigTestJSON:setUpClass): 201 POST http://10.180.1.21/identity/v3/users 0.122s
2024-09-11 19:12:06.785 62400 INFO tempest.lib.common.rest_client [req-12cf3011-54a7-4e25-a3e5-3f13000fa7e8 req-12cf3011-54a7-4e25-a3e5-3f13000fa7e8 ] Request (ServerDiagnosticsV248Test:test_get_server_diagnostics): 200 GET http://10.180.1.21/compute/v2.1/servers/3410b0c4-da88-4146-bb50-9b5a9a5d0d87 1.381s
2024-09-11 19:12:06.801 62410 INFO tempest.lib.common.rest_client [req-2ce9c665-eb37-467c-8c23-4b962fc8367a req-2ce9c665-eb37-467c-8c23-4b962fc8367a ] Request (ServerDiskConfigTestJSON:setUpClass): 200 GET http://10.180.1.21/identity/v3/roles 0.034s
2024-09-11 19:12:06.818 62406 INFO tempest.lib.common.rest_client [req-e241c451-08e5-42e2-9e6b-884f87a3ddb3 req-e241c451-08e5-42e2-9e6b-884f87a3ddb3 ] Request (QuotasSecurityGroupAdminNegativeTest:tearDownClass): 204 DELETE http://10.180.1.21/identity/v3/users/ea573e8db79145f4a12558b7d80a2046 0.119s
2024-09-11 19:12:06.818 62406 INFO tempest.lib.common.dynamic_creds [-] Deleting project and security group for project: 5e2219669016400197555f34b0d39d8d
2024-09-11 19:12:06.894 62410 INFO tempest.lib.common.rest_client [req-9f012ac6-d3e4-45b2-bfd6-15323a6b19d5 req-9f012ac6-d3e4-45b2-bfd6-15323a6b19d5 ] Request (ServerDiskConfigTestJSON:setUpClass): 204 PUT http://10.180.1.21/identity/v3/projects/5b24b647286c4c86b15dd3ef3d2360f3/users/9988b2ba81354f3b8d3f6311c991fa0c/roles/299eb6915d7342b9906249c793ceac8c 0.092s
2024-09-11 19:12:06.894 62410 INFO tempest.lib.common.dynamic_creds [-] Dynamic test user 9988b2ba81354f3b8d3f6311c991fa0c is created with scope project and roles: ['member']
2024-09-11 19:12:06.895 62410 INFO tempest.lib.common.dynamic_creds [-] Acquired dynamic creds: credentials: Credentials: {'domain_id': 'default', 'domain_name': 'Default', 'username': 'tempest-ServerDiskConfigTestJSON-42107633-project-member', 'project_domain_id': 'default', 'project_domain_name': 'Default', 'project_id': '5b24b647286c4c86b15dd3ef3d2360f3', 'project_name': 'tempest-ServerDiskConfigTestJSON-42107633', 'tenant_id': '5b24b647286c4c86b15dd3ef3d2360f3', 'tenant_name': 'tempest-ServerDiskConfigTestJSON-42107633', 'user_domain_id': 'default', 'user_domain_name': 'Default', 'user_id': '9988b2ba81354f3b8d3f6311c991fa0c', 'system': None}, Network: None, Subnet: None, Router: None
2024-09-11 19:12:06.935 62372 INFO tempest.lib.common.rest_client [req-02eb95d9-38d7-4a7e-92ca-50fea8518ab1 req-02eb95d9-38d7-4a7e-92ca-50fea8518ab1 ] Request (FlavorsV2NegativeTest:test_boot_with_low_ram): 200 GET http://10.180.1.21/compute/v2.1/flavors/42 1.423s
2024-09-11 19:12:06.954 62406 INFO tempest.lib.common.rest_client [req-6434c16d-c8a2-44f3-b433-157c539a7460 req-6434c16d-c8a2-44f3-b433-157c539a7460 ] Request (QuotasSecurityGroupAdminNegativeTest:tearDownClass): 201 POST http://10.180.1.21/identity/v3/auth/tokens 0.135s
2024-09-11 19:12:06.979 62410 INFO tempest.lib.common.rest_client [req-68131240-c7f3-470a-b752-27d5a07ee30c req-68131240-c7f3-470a-b752-27d5a07ee30c ] Request (ServerDiskConfigTestJSON:setUpClass): 201 POST http://10.180.1.21/identity/v3/auth/tokens 0.082s
2024-09-11 19:12:07.030 62412 INFO tempest.lib.common.rest_client [req-53d9827c-e353-4749-afbf-509df8ab2481 req-53d9827c-e353-4749-afbf-509df8ab2481 ] Request (DeleteServersAdminTestJSON:test_admin_delete_servers_of_others): 200 GET http://10.180.1.21/compute/v2.1/servers/b0cf64fa-a7f8-40f5-af5e-c10c01dd4a12 1.511s
2024-09-11 19:12:07.059 62390 INFO tempest.lib.common.rest_client [req-22691710-5c82-4218-9677-1da6a85be8dd req-22691710-5c82-4218-9677-1da6a85be8dd ] Request (SecurityGroupsTestAdminJSON:test_list_security_groups_list_all_tenants_filter): 200 POST http://10.180.1.21/compute/v2.1/os-security-groups 1.943s
2024-09-11 19:12:07.211 62430 INFO tempest.lib.common.rest_client [req-e757f664-469b-42c6-bc66-7f14a07d5a6e req-e757f664-469b-42c6-bc66-7f14a07d5a6e ] Request (VolumesAssistedSnapshotsTest:test_volume_assisted_snapshot_create_delete): 200 POST http://10.180.1.21/compute/v2.1/os-keypairs 1.638s
2024-09-11 19:12:07.335 62416 INFO tempest.lib.common.rest_client [req-b775e595-a3e3-4749-a9e4-3558a029d6fa req-b775e595-a3e3-4749-a9e4-3558a029d6fa ] Request (AbsoluteLimitsTestJSON:test_absLimits_get): 200 GET http://10.180.1.21/compute/v2.1/limits 1.719s
2024-09-11 19:12:07.339 62374 INFO tempest.lib.common.rest_client [req-46025b24-8f08-49cf-8905-0f6d0140e674 req-46025b24-8f08-49cf-8905-0f6d0140e674 ] Request (ServersAdminTestJSON:setUpClass): 201 POST http://10.180.1.21:9696/networking/v2.0/subnets 0.900s
2024-09-11 19:12:07.390 62372 INFO tempest.lib.common.rest_client [req-39a02f3e-83ce-47fa-a5ec-1953803da460 req-39a02f3e-83ce-47fa-a5ec-1953803da460 ] Request (FlavorsV2NegativeTest:test_boot_with_low_ram): 201 POST http://10.180.1.21/image/v2/images 0.446s
2024-09-11 19:12:07.414 62396 INFO tempest.lib.common.rest_client [req-9449cee0-008d-48a8-9051-ce700d02a9b2 req-9449cee0-008d-48a8-9051-ce700d02a9b2 ] Request (ServerActionsTestOtherA:setUpClass): 201 POST http://10.180.1.21:9696/networking/v2.0/subnets 0.942s
2024-09-11 19:12:07.439 62416 INFO tempest.lib.common.rest_client [req-68086873-e976-425a-bbda-f9a31b209db1 req-68086873-e976-425a-bbda-f9a31b209db1 ] Request (AbsoluteLimitsTestJSON:tearDownClass): 204 DELETE http://10.180.1.21/identity/v3/users/174d66f4f7364743bfa90510145f54de 0.096s
2024-09-11 19:12:07.440 62416 INFO tempest.lib.common.dynamic_creds [-] Deleting project and security group for project: 49cf4ea33adf41b4a052806661fcabd2
2024-09-11 19:12:07.448 62402 INFO tempest.lib.common.rest_client [req-64b37c74-b09c-4639-ab3e-937c509bba3b req-64b37c74-b09c-4639-ab3e-937c509bba3b ] Request (MigrationsAdminTest:test_list_migrations_in_flavor_resize_situation): 200 GET http://10.180.1.21/compute/v2.1/servers/1225f605-2c40-4628-aefe-93359b077b89 1.748s
2024-09-11 19:12:07.485 62406 INFO tempest.lib.common.rest_client [req-8361150e-b194-445f-935c-cf02bc480366 req-8361150e-b194-445f-935c-cf02bc480366 ] Request (QuotasSecurityGroupAdminNegativeTest:tearDownClass): 200 GET http://10.180.1.21:9696/networking/v2.0/security-groups?tenant_id=5e2219669016400197555f34b0d39d8d&name=default 0.531s
2024-09-11 19:12:07.503 62416 INFO tempest.lib.common.rest_client [req-163866f8-360b-4c63-ad9a-72ea1b62f5bf req-163866f8-360b-4c63-ad9a-72ea1b62f5bf ] Request (AbsoluteLimitsTestJSON:tearDownClass): 201 POST http://10.180.1.21/identity/v3/auth/tokens 0.063s
2024-09-11 19:12:07.533 62384 INFO tempest.lib.common.rest_client [req-b2f556bb-d493-4a70-8f8e-328d3a8b5e88 req-b2f556bb-d493-4a70-8f8e-328d3a8b5e88 ] Request (ServerDiagnosticsNegativeTest:test_get_server_diagnostics_by_non_admin): 200 GET http://10.180.1.21/compute/v2.1/servers/f774f4eb-7329-4449-8567-b4c0dc8fd78a 1.754s
2024-09-11 19:12:07.542 62384 INFO tempest.common.waiters [-] State transition "BUILD/None" ==> "BUILD/block_device_mapping" after 12 second wait
2024-09-11 19:12:07.583 62376 INFO tempest.lib.common.rest_client [req-df9b09c3-ae51-41cf-9622-b82bbcfb41e9 req-df9b09c3-ae51-41cf-9622-b82bbcfb41e9 ] Request (ServerExternalEventsTest:test_create_server_external_events): 200 GET http://10.180.1.21/compute/v2.1/servers/f8330803-064a-4f31-b769-19b0ce281e07 1.986s
2024-09-11 19:12:07.590 62376 INFO tempest.common.waiters [-] State transition "BUILD/networking" ==> "BUILD/spawning" after 13 second wait
2024-09-11 19:12:07.612 62378 INFO tempest.lib.common.rest_client [req-2d9aab55-a606-4449-bcde-e22949a18121 req-2d9aab55-a606-4449-bcde-e22949a18121 ] Request (InstanceActionsNegativeTestJSON:setUpClass): 200 GET http://10.180.1.21/compute/v2.1/servers/801672ea-1218-4c0a-9aae-d94ff1344731 1.743s
2024-09-11 19:12:07.688 62386 INFO tempest.lib.common.rest_client [req-430409e8-8b8e-43ff-b6ab-d9dbf09f545b req-430409e8-8b8e-43ff-b6ab-d9dbf09f545b ] Request (ServerActionsTestOtherB:setUpClass): 200 GET http://10.180.1.21/compute/v2.1/servers/584b1af2-6903-4a08-8ed2-9cd21075f0de 1.649s
2024-09-11 19:12:07.769 62398 INFO tempest.lib.common.rest_client [req-54ae7f05-9dd9-43f3-b5f9-ea4513d86475 req-54ae7f05-9dd9-43f3-b5f9-ea4513d86475 ] Request (ServersAdmin275Test:test_rebuild_update_server_275): 200 GET http://10.180.1.21/compute/v2.1/servers/6174840e-10a6-43ed-be9c-76602f91bf42 1.812s
2024-09-11 19:12:07.776 62420 INFO tempest.lib.common.rest_client [req-b39dd469-c51c-4001-a2e4-6a5bc7504fcb req-b39dd469-c51c-4001-a2e4-6a5bc7504fcb ] Request (ServersWithSpecificFlavorTestJSON:test_verify_created_server_ephemeral_disk): 200 GET http://10.180.1.21/compute/v2.1/servers/c2c48d98-b791-42c9-8038-d969dda7573e 1.658s
2024-09-11 19:12:07.779 62410 INFO tempest.lib.common.rest_client [req-5cf2e07f-9c31-4ceb-a068-52abfb6393b1 req-5cf2e07f-9c31-4ceb-a068-52abfb6393b1 ] Request (ServerDiskConfigTestJSON:setUpClass): 201 POST http://10.180.1.21:9696/networking/v2.0/networks 0.799s
2024-09-11 19:12:07.804 62380 INFO tempest.lib.common.rest_client [req-888a6d96-39bd-4e69-a9fa-a5ddca263af1 req-888a6d96-39bd-4e69-a9fa-a5ddca263af1 ] Request (FlavorsAccessNegativeTestJSON:_run_cleanups): 202 DELETE http://10.180.1.21/compute/v2.1/flavors/933696462 1.407s
2024-09-11 19:12:07.827 62418 INFO tempest.lib.common.rest_client [req-5b8142c1-41fb-4308-a356-5b5025c73f14 req-5b8142c1-41fb-4308-a356-5b5025c73f14 ] Request (AggregatesAdminNegativeTestJSON:_run_cleanups): 200 DELETE http://10.180.1.21/compute/v2.1/os-aggregates/5 1.424s
2024-09-11 19:12:07.838 62406 INFO tempest.lib.common.rest_client [req-7e2fe445-0289-4bca-80b4-0e59bd166501 req-7e2fe445-0289-4bca-80b4-0e59bd166501 ] Request (QuotasSecurityGroupAdminNegativeTest:tearDownClass): 204 DELETE http://10.180.1.21:9696/networking/v2.0/security-groups/e7fe6be1-c318-48de-8ab1-c29bba464a2e 0.351s
2024-09-11 19:12:07.913 62392 INFO tempest.lib.common.rest_client [req-001e95c6-a47b-4aa1-9c01-a4d05fbad628 req-001e95c6-a47b-4aa1-9c01-a4d05fbad628 ] Request (ServicesAdminNegativeV253TestJSON:test_disable_log_reason_with_invalid_service_id): 404 PUT http://10.180.1.21/compute/v2.1/os-services/02b9b425-8753-4394-8180-d4a87fb1c7e5 1.603s
2024-09-11 19:12:07.925 62430 INFO tempest.lib.common.rest_client [req-c835f88d-7c35-4eef-b90b-6d1790b386bd req-c835f88d-7c35-4eef-b90b-6d1790b386bd ] Request (VolumesAssistedSnapshotsTest:test_volume_assisted_snapshot_create_delete): 201 POST http://10.180.1.21:9696/networking/v2.0/security-groups 0.713s
2024-09-11 19:12:07.928 62388 INFO tempest.lib.common.rest_client [req-a2562bcd-b45a-489b-abf8-7777a195ea95 req-a2562bcd-b45a-489b-abf8-7777a195ea95 ] Request (FlavorsAdminTestJSON:test_create_server_with_non_public_flavor): 200 POST http://10.180.1.21/compute/v2.1/flavors 1.289s
2024-09-11 19:12:07.938 62406 INFO tempest.lib.common.rest_client [req-5b90f9c1-7e03-44b2-8fa1-f6cf6bd89fcf req-5b90f9c1-7e03-44b2-8fa1-f6cf6bd89fcf ] Request (QuotasSecurityGroupAdminNegativeTest:tearDownClass): 204 DELETE http://10.180.1.21/identity/v3/projects/5e2219669016400197555f34b0d39d8d 0.100s
2024-09-11 19:12:07.939 62406 INFO tempest.lib.common.dynamic_creds [-] Deleting project and security group for project: 30f85f8c105849358ca1c680526a8679
2024-09-11 19:12:08.128 62372 INFO tempest.lib.common.rest_client [req-fba0991d-5879-44ca-a418-d8a73f62cecc req-fba0991d-5879-44ca-a418-d8a73f62cecc ] Request (FlavorsV2NegativeTest:test_boot_with_low_ram): 204 PUT http://10.180.1.21/image/v2/images/7be66bda-e06a-4fc7-a8b8-37a636fe8b2a/file 0.737s
2024-09-11 19:12:08.129 62422 INFO tempest.lib.common.rest_client [req-8f7df978-35ef-4b4b-97ce-cb4cd15c8440 req-8f7df978-35ef-4b4b-97ce-cb4cd15c8440 ] Request (QuotasAdminTestJSON:test_update_all_quota_resources_for_tenant): 200 PUT http://10.180.1.21/compute/v2.1/os-quota-sets/c61d85e36a1b48ae9b8e19d15866301b 1.522s
2024-09-11 19:12:08.198 62372 INFO tempest.lib.common.rest_client [req-da3fa5e8-efaf-4c31-8647-364331778590 req-da3fa5e8-efaf-4c31-8647-364331778590 ] Request (FlavorsV2NegativeTest:test_boot_with_low_ram): 201 POST http://10.180.1.21/identity/v3/auth/tokens 0.066s
2024-09-11 19:12:08.199 62372 INFO tempest.lib.common.fixed_network [-] (FlavorsV2NegativeTest:test_boot_with_low_ram) Found network None available for tenant
2024-09-11 19:12:08.224 62432 INFO tempest.lib.common.rest_client [req-64985948-5d83-4a30-96ee-7b19e67bf959 req-64985948-5d83-4a30-96ee-7b19e67bf959 ] Request (ServerDiagnosticsTest:test_get_server_diagnostics): 200 GET http://10.180.1.21/compute/v2.1/servers/0e5473a7-4356-4bc9-a1fd-83b0dfae3a30 1.017s
2024-09-11 19:12:08.282 62416 INFO tempest.lib.common.rest_client [req-ce045563-3fc8-4562-bff2-055ea369bfc2 req-ce045563-3fc8-4562-bff2-055ea369bfc2 ] Request (AbsoluteLimitsTestJSON:tearDownClass): 200 GET http://10.180.1.21:9696/networking/v2.0/security-groups?tenant_id=49cf4ea33adf41b4a052806661fcabd2&name=default 0.779s
2024-09-11 19:12:08.302 62410 INFO tempest.lib.common.rest_client [req-3c8c36a6-f2ec-461c-ba37-64fbf39a094a req-3c8c36a6-f2ec-461c-ba37-64fbf39a094a ] Request (ServerDiskConfigTestJSON:setUpClass): 201 POST http://10.180.1.21:9696/networking/v2.0/subnets 0.522s
2024-09-11 19:12:08.331 62434 INFO tempest.lib.common.rest_client [req-0d2820c7-bb33-4ac4-9fd9-9139fc58a4a6 req-0d2820c7-bb33-4ac4-9fd9-9139fc58a4a6 ] Request (AttachInterfacesV270Test:test_create_get_list_interfaces): 200 GET http://10.180.1.21/compute/v2.1/servers/bc29ceaa-1fe9-492c-9c0a-1fbfc42f843b 0.860s
2024-09-11 19:12:08.395 62430 INFO tempest.lib.common.rest_client [req-c0a077da-26e5-4739-a657-4bf4cc82e4a2 req-c0a077da-26e5-4739-a657-4bf4cc82e4a2 ] Request (VolumesAssistedSnapshotsTest:test_volume_assisted_snapshot_create_delete): 201 POST http://10.180.1.21:9696/networking/v2.0/security-group-rules 0.469s
2024-09-11 19:12:08.430 62406 INFO tempest.lib.common.rest_client [req-08c0d5d3-e3bb-4265-beb8-39269cc749ce req-08c0d5d3-e3bb-4265-beb8-39269cc749ce ] Request (QuotasSecurityGroupAdminNegativeTest:tearDownClass): 200 GET http://10.180.1.21:9696/networking/v2.0/security-groups?tenant_id=30f85f8c105849358ca1c680526a8679&name=default 0.491s
2024-09-11 19:12:08.443 62400 INFO tempest.lib.common.rest_client [req-474a8ffa-5430-4b5a-88b1-bc1329217e7d req-474a8ffa-5430-4b5a-88b1-bc1329217e7d ] Request (ServerDiagnosticsV248Test:test_get_server_diagnostics): 200 GET http://10.180.1.21/compute/v2.1/servers/3410b0c4-da88-4146-bb50-9b5a9a5d0d87 0.647s
2024-09-11 19:12:08.458 62380 INFO tempest.lib.common.rest_client [req-d14c57ba-46bb-4da4-803b-3fc1f9288349 req-d14c57ba-46bb-4da4-803b-3fc1f9288349 ] Request (FlavorsAccessNegativeTestJSON:_run_cleanups): 200 GET http://10.180.1.21/compute/v2.1/flavors/detail 0.653s
2024-09-11 19:12:08.469 62418 INFO tempest.lib.common.rest_client [req-912d6b62-17f3-435c-9240-d0ad696ce0c4 req-912d6b62-17f3-435c-9240-d0ad696ce0c4 ] Request (AggregatesAdminNegativeTestJSON:test_aggregate_delete_with_invalid_id): 404 DELETE http://10.180.1.21/compute/v2.1/os-aggregates/-1 0.640s
2024-09-11 19:12:08.480 62408 INFO tempest.lib.common.rest_client [req-6ccee8d6-371f-4e13-b538-55f14910cb1a req-6ccee8d6-371f-4e13-b538-55f14910cb1a ] Request (SecurityGroupsTestJSON:setUpClass): 200 PUT http://10.180.1.21:9696/networking/v2.0/routers/8bd4b26a-d7a2-41d9-b121-d2766cb8c1f5/add_router_interface 3.390s
2024-09-11 19:12:08.480 62408 INFO tempest.lib.common.dynamic_creds [-] Created isolated network resources for: credentials: Credentials: {'domain_id': 'default', 'domain_name': 'Default', 'username': 'tempest-SecurityGroupsTestJSON-424398262-project-member', 'project_domain_id': 'default', 'project_domain_name': 'Default', 'project_id': '190596354b3941f4911b5209df766130', 'project_name': 'tempest-SecurityGroupsTestJSON-424398262', 'tenant_id': '190596354b3941f4911b5209df766130', 'tenant_name': 'tempest-SecurityGroupsTestJSON-424398262', 'user_domain_id': 'default', 'user_domain_name': 'Default', 'user_id': 'fafd478340d1494e9e3e49c24cb1b124', 'system': None}, Network: {'id': 'c6d4c7e6-18f4-44cc-bb82-cae1b6e4caf5', 'name': 'tempest-SecurityGroupsTestJSON-1926531710-network', 'tenant_id': '190596354b3941f4911b5209df766130', 'admin_state_up': True, 'mtu': 8950, 'status': 'ACTIVE', 'subnets': [], 'shared': False, 'project_id': '190596354b3941f4911b5209df766130', 'port_security_enabled': True, 'router:external': False, 'provider:network_type': 'vlan', 'provider:physical_network': 'default', 'provider:segmentation_id': 570, 'is_default': False, 'availability_zone_hints': [], 'availability_zones': [], 'ipv4_address_scope': None, 'ipv6_address_scope': None, 'description': '', 'tags': [], 'created_at': '2024-09-11T19:12:02Z', 'updated_at': '2024-09-11T19:12:02Z', 'revision_number': 1}, Subnet: {'id': 'af5f670f-bfb8-4d48-a36b-b787963da96e', 'name': 'tempest-SecurityGroupsTestJSON-1926531710-subnet', 'tenant_id': '190596354b3941f4911b5209df766130', 'network_id': 'c6d4c7e6-18f4-44cc-bb82-cae1b6e4caf5', 'ip_version': 4, 'subnetpool_id': None, 'enable_dhcp': True, 'ipv6_ra_mode': None, 'ipv6_address_mode': None, 'gateway_ip': '192.168.128.1', 'cidr': '192.168.128.0/28', 'allocation_pools': [{'start': '192.168.128.2', 'end': '192.168.128.14'}], 'host_routes': [], 'dns_nameservers': [], 'description': '', 'router:external': False, 'service_types': [], 'tags': [], 'created_at': '2024-09-11T19:12:03Z', 'updated_at': '2024-09-11T19:12:03Z', 'revision_number': 0, 'project_id': '190596354b3941f4911b5209df766130'}, Router: {'id': '8bd4b26a-d7a2-41d9-b121-d2766cb8c1f5', 'name': 'tempest-SecurityGroupsTestJSON-1926531710-router', 'tenant_id': '190596354b3941f4911b5209df766130', 'admin_state_up': True, 'status': 'ACTIVE', 'external_gateway_info': {'network_id': '41c9b5d5-f263-41ce-bb15-bd68966a0a1c', 'external_fixed_ips': [{'subnet_id': '8c559e25-1540-4131-a151-ac4017fe2991', 'ip_address': '10.180.180.189'}], 'enable_snat': True}, 'description': '', 'availability_zones': [], 'distributed': False, 'ha': False, 'availability_zone_hints': [], 'routes': [], 'flavor_id': None, 'tags': [], 'created_at': '2024-09-11T19:12:03Z', 'updated_at': '2024-09-11T19:12:04Z', 'revision_number': 2, 'project_id': '190596354b3941f4911b5209df766130'}
2024-09-11 19:12:08.498 62392 INFO tempest.lib.common.rest_client [req-ae43e2c4-c113-443b-88a0-da23a123e5e8 req-ae43e2c4-c113-443b-88a0-da23a123e5e8 ] Request (ServicesAdminNegativeV253TestJSON:test_disable_service_with_invalid_service_id): 404 PUT http://10.180.1.21/compute/v2.1/os-services/02b9b425-8753-4394-8180-d4a87fb1c7e5 0.584s
2024-09-11 19:12:08.512 62388 INFO tempest.lib.common.rest_client [req-04d9ffc4-9a6a-4d3c-b1b7-216d70a089b0 req-04d9ffc4-9a6a-4d3c-b1b7-216d70a089b0 ] Request (FlavorsAdminTestJSON:test_create_server_with_non_public_flavor): 400 POST http://10.180.1.21/compute/v2.1/servers 0.579s
2024-09-11 19:12:08.575 62408 INFO tempest.lib.common.rest_client [req-efeb0332-bccf-4ab7-b07e-fffe6d4ef6f9 req-efeb0332-bccf-4ab7-b07e-fffe6d4ef6f9 ] Request (SecurityGroupsTestJSON:setUpClass): 201 POST http://10.180.1.21/identity/v3/auth/tokens 0.092s
2024-09-11 19:12:08.605 62412 INFO tempest.lib.common.rest_client [req-d1312041-eb1b-4746-8621-2849fcb1a400 req-d1312041-eb1b-4746-8621-2849fcb1a400 ] Request (DeleteServersAdminTestJSON:test_admin_delete_servers_of_others): 200 GET http://10.180.1.21/compute/v2.1/servers/b0cf64fa-a7f8-40f5-af5e-c10c01dd4a12 0.566s
2024-09-11 19:12:08.728 62424 INFO tempest.lib.common.rest_client [req-849d327f-d230-49c0-9e94-6e405345fd23 req-849d327f-d230-49c0-9e94-6e405345fd23 ] Request (InstanceActionsTestJSON:setUpClass): 201 POST http://10.180.1.21:9696/networking/v2.0/routers 3.256s
2024-09-11 19:12:08.810 62422 INFO tempest.lib.common.rest_client [req-b4079e48-97e7-47c3-90ae-21a35af014f5 req-b4079e48-97e7-47c3-90ae-21a35af014f5 ] Request (QuotasAdminTestJSON:_run_cleanups): 200 PUT http://10.180.1.21/compute/v2.1/os-quota-sets/c61d85e36a1b48ae9b8e19d15866301b 0.679s
2024-09-11 19:12:08.940 62422 INFO tempest.lib.common.rest_client [req-9d9312ed-9332-4578-b99b-51f1833859c2 req-9d9312ed-9332-4578-b99b-51f1833859c2 ] Request (QuotasAdminTestJSON:tearDownClass): 204 DELETE http://10.180.1.21/identity/v3/users/eeac2075f9134cf181b5f593b279f2cf 0.127s
2024-09-11 19:12:08.979 62416 INFO tempest.lib.common.rest_client [req-668566bf-c314-44ee-a11d-f0f354f3fcc9 req-668566bf-c314-44ee-a11d-f0f354f3fcc9 ] Request (AbsoluteLimitsTestJSON:tearDownClass): 204 DELETE http://10.180.1.21:9696/networking/v2.0/security-groups/970eb80c-6ab6-47de-8b7e-b5bb8218f6c4 0.697s
2024-09-11 19:12:09.034 62430 INFO tempest.lib.common.rest_client [req-06413b2e-23d5-4fcc-b2cc-4226badb77e5 req-06413b2e-23d5-4fcc-b2cc-4226badb77e5 ] Request (VolumesAssistedSnapshotsTest:test_volume_assisted_snapshot_create_delete): 201 POST http://10.180.1.21:9696/networking/v2.0/security-group-rules 0.638s
2024-09-11 19:12:09.045 62372 INFO tempest.lib.common.rest_client [req-a6255144-8a16-4151-86a1-dda8070e38e0 req-a6255144-8a16-4151-86a1-dda8070e38e0 ] Request (FlavorsV2NegativeTest:test_boot_with_low_ram): 400 POST http://10.180.1.21/compute/v2.1/servers 0.844s
2024-09-11 19:12:09.187 62372 INFO tempest.lib.common.rest_client [req-e2591c50-d439-4086-9d21-921ad8308395 req-e2591c50-d439-4086-9d21-921ad8308395 ] Request (FlavorsV2NegativeTest:_run_cleanups): 204 DELETE http://10.180.1.21/image/v2/images/7be66bda-e06a-4fc7-a8b8-37a636fe8b2a 0.140s
2024-09-11 19:12:09.190 62422 INFO tempest.lib.common.rest_client [req-1408ebba-0695-4383-a883-4f1c2f2cb5e9 req-1408ebba-0695-4383-a883-4f1c2f2cb5e9 ] Request (QuotasAdminTestJSON:tearDownClass): 204 DELETE http://10.180.1.21/identity/v3/users/9f662b44ab1643a6859f5fde9a69455b 0.249s
2024-09-11 19:12:09.191 62422 INFO tempest.lib.common.dynamic_creds [-] Deleting project and security group for project: c61d85e36a1b48ae9b8e19d15866301b
2024-09-11 19:12:09.219 62416 INFO tempest.lib.common.rest_client [req-cf6a358c-1b44-48e9-aa7d-7d6c7b61ffa1 req-cf6a358c-1b44-48e9-aa7d-7d6c7b61ffa1 ] Request (AbsoluteLimitsTestJSON:tearDownClass): 204 DELETE http://10.180.1.21/identity/v3/projects/49cf4ea33adf41b4a052806661fcabd2 0.239s
2024-09-11 19:12:09.220 62406 INFO tempest.lib.common.rest_client [req-98efe24b-5549-476c-982b-01f082be4777 req-98efe24b-5549-476c-982b-01f082be4777 ] Request (QuotasSecurityGroupAdminNegativeTest:tearDownClass): 204 DELETE http://10.180.1.21:9696/networking/v2.0/security-groups/4b30eab3-7421-43b3-8bae-567a29cd395e 0.790s
2024-09-11 19:12:09.221 62402 INFO tempest.lib.common.rest_client [req-be25ab7a-1bed-4e9f-9abe-995ba757e171 req-be25ab7a-1bed-4e9f-9abe-995ba757e171 ] Request (MigrationsAdminTest:test_list_migrations_in_flavor_resize_situation): 200 GET http://10.180.1.21/compute/v2.1/servers/1225f605-2c40-4628-aefe-93359b077b89 0.759s
2024-09-11 19:12:09.244 62380 INFO tempest.lib.common.rest_client [req-a3b82c56-fc0a-40c8-9b73-f5f44a3ebdad req-a3b82c56-fc0a-40c8-9b73-f5f44a3ebdad ] Request (FlavorsAccessNegativeTestJSON:test_remove_flavor_access_not_found): 200 POST http://10.180.1.21/compute/v2.1/flavors 0.781s
2024-09-11 19:12:09.257 62422 INFO tempest.lib.common.rest_client [req-f44b99ff-2b7d-4b50-95d1-702cb4e77d4c req-f44b99ff-2b7d-4b50-95d1-702cb4e77d4c ] Request (QuotasAdminTestJSON:tearDownClass): 201 POST http://10.180.1.21/identity/v3/auth/tokens 0.065s
2024-09-11 19:12:09.269 62418 INFO tempest.lib.common.rest_client [req-f48cef4c-2744-4521-84e5-f1ac071ff621 req-f48cef4c-2744-4521-84e5-f1ac071ff621 ] Request (AggregatesAdminNegativeTestJSON:test_aggregate_get_details_as_user): 200 POST http://10.180.1.21/compute/v2.1/os-aggregates 0.799s
2024-09-11 19:12:09.286 62392 INFO tempest.lib.common.rest_client [req-8547e70e-4449-4458-a8b1-0fec68823f05 req-8547e70e-4449-4458-a8b1-0fec68823f05 ] Request (ServicesAdminNegativeV253TestJSON:test_enable_service_with_invalid_service_id): 404 PUT http://10.180.1.21/compute/v2.1/os-services/02b9b425-8753-4394-8180-d4a87fb1c7e5 0.786s
2024-09-11 19:12:09.302 62388 INFO tempest.lib.common.rest_client [req-f04dcaae-34ee-4790-aff3-34cfe0d8f358 req-f04dcaae-34ee-4790-aff3-34cfe0d8f358 ] Request (FlavorsAdminTestJSON:_run_cleanups): 202 DELETE http://10.180.1.21/compute/v2.1/flavors/308375388 0.790s
2024-09-11 19:12:09.350 62406 INFO tempest.lib.common.rest_client [req-d4600dd4-8a19-4eb0-8aa8-a49b08d0f8fb req-d4600dd4-8a19-4eb0-8aa8-a49b08d0f8fb ] Request (QuotasSecurityGroupAdminNegativeTest:tearDownClass): 204 DELETE http://10.180.1.21/identity/v3/projects/30f85f8c105849358ca1c680526a8679 0.129s
2024-09-11 19:12:09.353 62372 INFO tempest.lib.common.rest_client [req-5fb87673-160e-4c80-b101-c8d029c8d709 req-5fb87673-160e-4c80-b101-c8d029c8d709 ] Request (FlavorsV2NegativeTest:tearDownClass): 204 DELETE http://10.180.1.21/identity/v3/users/fe795c42335343c2887e1e491e5ffc4c 0.165s
2024-09-11 19:12:09.353 62372 INFO tempest.lib.common.dynamic_creds [-] Deleting project and security group for project: 3783b9398efa4baa9c66aa404e2514f3
2024-09-11 19:12:09.429 62416 INFO tempest.lib.common.rest_client [req-64f8117e-ac9c-498b-8729-29f86af2e135 req-64f8117e-ac9c-498b-8729-29f86af2e135 ] Request (ServersTestMultiNic:setUpClass): 201 POST http://10.180.1.21/identity/v3/auth/tokens 0.205s
2024-09-11 19:12:09.469 62406 INFO tempest.lib.common.rest_client [req-c3e49310-3d46-4bde-be4b-9946c98549a9 req-c3e49310-3d46-4bde-be4b-9946c98549a9 ] Request (ServerGroupTestJSON:setUpClass): 201 POST http://10.180.1.21/identity/v3/auth/tokens 0.116s
2024-09-11 19:12:09.497 62372 INFO tempest.lib.common.rest_client [req-46f06279-3a1a-41e5-afb7-90175ccaf49a req-46f06279-3a1a-41e5-afb7-90175ccaf49a ] Request (FlavorsV2NegativeTest:tearDownClass): 201 POST http://10.180.1.21/identity/v3/auth/tokens 0.143s
2024-09-11 19:12:09.499 62416 INFO tempest.lib.common.rest_client [req-6bc83fe4-3655-4874-aba6-91653856d135 req-6bc83fe4-3655-4874-aba6-91653856d135 ] Request (ServersTestMultiNic:setUpClass): 201 POST http://10.180.1.21/identity/v3/auth/tokens 0.067s
2024-09-11 19:12:09.501 62390 INFO tempest.lib.common.rest_client [req-64c13e96-eec8-4909-a0c2-c32a52663873 req-64c13e96-eec8-4909-a0c2-c32a52663873 ] Request (SecurityGroupsTestAdminJSON:test_list_security_groups_list_all_tenants_filter): 200 POST http://10.180.1.21/compute/v2.1/os-security-groups 2.439s
2024-09-11 19:12:09.528 62406 INFO tempest.lib.common.rest_client [req-e0d71939-4ea2-4092-a742-6819296823fb req-e0d71939-4ea2-4092-a742-6819296823fb ] Request (ServerGroupTestJSON:setUpClass): 201 POST http://10.180.1.21/identity/v3/auth/tokens 0.056s
2024-09-11 19:12:09.531 62416 INFO tempest.lib.common.rest_client [req-81dbba1f-1579-4a2e-9ef7-53015b767386 req-81dbba1f-1579-4a2e-9ef7-53015b767386 ] Request (ServersTestMultiNic:setUpClass): 200 GET http://10.180.1.21/identity/v3/domains?name=Default 0.032s
2024-09-11 19:12:09.571 62406 INFO tempest.lib.common.rest_client [req-14e10f36-b076-45f9-b02a-2b15cc179021 req-14e10f36-b076-45f9-b02a-2b15cc179021 ] Request (ServerGroupTestJSON:setUpClass): 200 GET http://10.180.1.21/identity/v3/domains?name=Default 0.042s
2024-09-11 19:12:09.600 62416 INFO tempest.lib.common.rest_client [req-b2a4f22e-65d5-42cd-805f-c0af5b1d8fdc req-b2a4f22e-65d5-42cd-805f-c0af5b1d8fdc ] Request (ServersTestMultiNic:setUpClass): 201 POST http://10.180.1.21/identity/v3/projects 0.068s
2024-09-11 19:12:09.600 62384 INFO tempest.lib.common.rest_client [req-32aaf74b-e8b4-4e3f-8d19-b6143afda28e req-32aaf74b-e8b4-4e3f-8d19-b6143afda28e ] Request (ServerDiagnosticsNegativeTest:test_get_server_diagnostics_by_non_admin): 200 GET http://10.180.1.21/compute/v2.1/servers/f774f4eb-7329-4449-8567-b4c0dc8fd78a 1.057s
2024-09-11 19:12:09.607 62384 INFO tempest.common.waiters [-] State transition "BUILD/block_device_mapping" ==> "BUILD/spawning" after 14 second wait
2024-09-11 19:12:09.666 62406 INFO tempest.lib.common.rest_client [req-68a11cb8-42e8-4def-90be-e610ea4ecb83 req-68a11cb8-42e8-4def-90be-e610ea4ecb83 ] Request (ServerGroupTestJSON:setUpClass): 201 POST http://10.180.1.21/identity/v3/projects 0.094s
2024-09-11 19:12:09.687 62416 INFO tempest.lib.common.rest_client [req-acde4ee1-c696-4ff4-9dc6-26e0d82bed0e req-acde4ee1-c696-4ff4-9dc6-26e0d82bed0e ] Request (ServersTestMultiNic:setUpClass): 201 POST http://10.180.1.21/identity/v3/users 0.087s
2024-09-11 19:12:09.717 62406 INFO tempest.lib.common.rest_client [req-8400f858-f527-4d66-8df0-eaaf163cd702 req-8400f858-f527-4d66-8df0-eaaf163cd702 ] Request (ServerGroupTestJSON:setUpClass): 201 POST http://10.180.1.21/identity/v3/users 0.050s
2024-09-11 19:12:09.731 62406 INFO tempest.lib.common.rest_client [req-2506a538-42e3-480c-935f-761f280eca6e req-2506a538-42e3-480c-935f-761f280eca6e ] Request (ServerGroupTestJSON:setUpClass): 200 GET http://10.180.1.21/identity/v3/roles 0.013s
2024-09-11 19:12:09.731 62416 INFO tempest.lib.common.rest_client [req-b203632a-45b3-4a0d-95c8-ca59dabb29dd req-b203632a-45b3-4a0d-95c8-ca59dabb29dd ] Request (ServersTestMultiNic:setUpClass): 200 GET http://10.180.1.21/identity/v3/roles 0.043s
2024-09-11 19:12:09.758 62406 INFO tempest.lib.common.rest_client [req-1c3a6327-65bb-4191-a1b6-c5a8e9adb357 req-1c3a6327-65bb-4191-a1b6-c5a8e9adb357 ] Request (ServerGroupTestJSON:setUpClass): 204 PUT http://10.180.1.21/identity/v3/projects/4380d1b954d541d7b9ed88b4e1888a0f/users/306e6d0258ac482b91af49bdc4542296/roles/299eb6915d7342b9906249c793ceac8c 0.026s
2024-09-11 19:12:09.758 62406 INFO tempest.lib.common.dynamic_creds [-] Dynamic test user 306e6d0258ac482b91af49bdc4542296 is created with scope project and roles: ['member']
2024-09-11 19:12:09.759 62406 INFO tempest.lib.common.dynamic_creds [-] Acquired dynamic creds: credentials: Credentials: {'domain_id': 'default', 'domain_name': 'Default', 'username': 'tempest-ServerGroupTestJSON-138274019-project-member', 'project_domain_id': 'default', 'project_domain_name': 'Default', 'project_id': '4380d1b954d541d7b9ed88b4e1888a0f', 'project_name': 'tempest-ServerGroupTestJSON-138274019', 'tenant_id': '4380d1b954d541d7b9ed88b4e1888a0f', 'tenant_name': 'tempest-ServerGroupTestJSON-138274019', 'user_domain_id': 'default', 'user_domain_name': 'Default', 'user_id': '306e6d0258ac482b91af49bdc4542296', 'system': None}, Network: None, Subnet: None, Router: None
2024-09-11 19:12:09.759 62416 INFO tempest.lib.common.rest_client [req-b0d094ff-eeba-4496-9660-6aa139447bb9 req-b0d094ff-eeba-4496-9660-6aa139447bb9 ] Request (ServersTestMultiNic:setUpClass): 204 PUT http://10.180.1.21/identity/v3/projects/be72609a034b4d639e1d9a28226e2ef4/users/eff41c75dc844ff4840a648938eb255e/roles/299eb6915d7342b9906249c793ceac8c 0.027s
2024-09-11 19:12:09.759 62416 INFO tempest.lib.common.dynamic_creds [-] Dynamic test user eff41c75dc844ff4840a648938eb255e is created with scope project and roles: ['member']
2024-09-11 19:12:09.759 62416 INFO tempest.lib.common.dynamic_creds [-] Acquired dynamic creds: credentials: Credentials: {'domain_id': 'default', 'domain_name': 'Default', 'username': 'tempest-ServersTestMultiNic-119293823-project-member', 'project_domain_id': 'default', 'project_domain_name': 'Default', 'project_id': 'be72609a034b4d639e1d9a28226e2ef4', 'project_name': 'tempest-ServersTestMultiNic-119293823', 'tenant_id': 'be72609a034b4d639e1d9a28226e2ef4', 'tenant_name': 'tempest-ServersTestMultiNic-119293823', 'user_domain_id': 'default', 'user_domain_name': 'Default', 'user_id': 'eff41c75dc844ff4840a648938eb255e', 'system': None}, Network: None, Subnet: None, Router: None
2024-09-11 19:12:09.809 62372 INFO tempest.lib.common.rest_client [req-52a00909-f44c-4200-afef-16418b2386a0 req-52a00909-f44c-4200-afef-16418b2386a0 ] Request (FlavorsV2NegativeTest:tearDownClass): 200 GET http://10.180.1.21:9696/networking/v2.0/security-groups?tenant_id=3783b9398efa4baa9c66aa404e2514f3&name=default 0.311s
2024-09-11 19:12:09.814 62416 INFO tempest.lib.common.rest_client [req-8755d458-dbbc-4d86-87a1-30be2e392f22 req-8755d458-dbbc-4d86-87a1-30be2e392f22 ] Request (ServersTestMultiNic:setUpClass): 201 POST http://10.180.1.21/identity/v3/auth/tokens 0.054s
2024-09-11 19:12:09.816 62406 INFO tempest.lib.common.rest_client [req-36eda9c5-f7db-46c0-a4e9-92525e482002 req-36eda9c5-f7db-46c0-a4e9-92525e482002 ] Request (ServerGroupTestJSON:setUpClass): 201 POST http://10.180.1.21/identity/v3/auth/tokens 0.057s
2024-09-11 19:12:09.866 62376 INFO tempest.lib.common.rest_client [req-db933fb5-8b99-4700-ad54-5404b1027e0e req-db933fb5-8b99-4700-ad54-5404b1027e0e ] Request (ServerExternalEventsTest:test_create_server_external_events): 200 GET http://10.180.1.21/compute/v2.1/servers/f8330803-064a-4f31-b769-19b0ce281e07 1.274s
2024-09-11 19:12:09.967 62378 INFO tempest.lib.common.rest_client [req-2b180775-7bba-46e9-8076-d35e188bd685 req-2b180775-7bba-46e9-8076-d35e188bd685 ] Request (InstanceActionsNegativeTestJSON:setUpClass): 200 GET http://10.180.1.21/compute/v2.1/servers/801672ea-1218-4c0a-9aae-d94ff1344731 1.345s
2024-09-11 19:12:10.066 62386 INFO tempest.lib.common.rest_client [req-f4015fad-5aa6-46f8-93f4-d3f7553b5828 req-f4015fad-5aa6-46f8-93f4-d3f7553b5828 ] Request (ServerActionsTestOtherB:setUpClass): 200 GET http://10.180.1.21/compute/v2.1/servers/584b1af2-6903-4a08-8ed2-9cd21075f0de 1.365s
2024-09-11 19:12:10.168 62398 INFO tempest.lib.common.rest_client [req-59373d83-6f01-4012-85c5-88207477d042 req-59373d83-6f01-4012-85c5-88207477d042 ] Request (ServersAdmin275Test:test_rebuild_update_server_275): 200 GET http://10.180.1.21/compute/v2.1/servers/6174840e-10a6-43ed-be9c-76602f91bf42 1.381s
2024-09-11 19:12:10.255 62372 INFO tempest.lib.common.rest_client [req-69428225-488a-4605-a9ae-4d99998168a4 req-69428225-488a-4605-a9ae-4d99998168a4 ] Request (FlavorsV2NegativeTest:tearDownClass): 204 DELETE http://10.180.1.21:9696/networking/v2.0/security-groups/a656361d-3893-474a-85e1-529beac5782b 0.445s
2024-09-11 19:12:10.267 62420 INFO tempest.lib.common.rest_client [req-12393591-6b49-4748-bfd3-971c507e03c5 req-12393591-6b49-4748-bfd3-971c507e03c5 ] Request (ServersWithSpecificFlavorTestJSON:test_verify_created_server_ephemeral_disk): 200 GET http://10.180.1.21/compute/v2.1/servers/c2c48d98-b791-42c9-8038-d969dda7573e 1.476s
2024-09-11 19:12:10.288 62422 INFO tempest.lib.common.rest_client [req-c3ee5293-f1bf-448d-bfb1-677c4a827027 req-c3ee5293-f1bf-448d-bfb1-677c4a827027 ] Request (QuotasAdminTestJSON:tearDownClass): 200 GET http://10.180.1.21:9696/networking/v2.0/security-groups?tenant_id=c61d85e36a1b48ae9b8e19d15866301b&name=default 1.030s
2024-09-11 19:12:10.357 62372 INFO tempest.lib.common.rest_client [req-ee25335e-fbff-4bc6-9dee-a1b066cceb05 req-ee25335e-fbff-4bc6-9dee-a1b066cceb05 ] Request (FlavorsV2NegativeTest:tearDownClass): 204 DELETE http://10.180.1.21/identity/v3/projects/3783b9398efa4baa9c66aa404e2514f3 0.102s
2024-09-11 19:12:10.420 62372 INFO tempest.lib.common.rest_client [req-8679024e-9aa3-4172-8a5a-ee422e29f6df req-8679024e-9aa3-4172-8a5a-ee422e29f6df ] Request (ListImageFiltersTestJSON:setUpClass): 201 POST http://10.180.1.21/identity/v3/auth/tokens 0.060s
2024-09-11 19:12:10.457 62408 INFO tempest.lib.common.rest_client [req-59b32d71-9a11-4b4c-abfa-ea92a1a7caa3 req-59b32d71-9a11-4b4c-abfa-ea92a1a7caa3 ] Request (SecurityGroupsTestJSON:test_list_security_groups_by_server): 200 POST http://10.180.1.21/compute/v2.1/os-security-groups 1.881s
2024-09-11 19:12:10.460 62372 INFO tempest.lib.common.rest_client [req-2d94c451-942b-48cd-b570-d4506d3376f0 req-2d94c451-942b-48cd-b570-d4506d3376f0 ] Request (ListImageFiltersTestJSON:setUpClass): 201 POST http://10.180.1.21/identity/v3/auth/tokens 0.038s
