2024-09-11 19:12:03.196 62404 INFO tempest.lib.common.rest_client [req-6bdd5a2e-10c3-4bb3-a25e-0df365c20b8f req-6bdd5a2e-10c3-4bb3-a25e-0df365c20b8f ] Request (TestVersions:tearDownClass): 204 DELETE http://10.180.1.21/identity/v3/users/dd433889673343c7b760a28debbd7678 0.375s
2024-09-11 19:12:03.196 62404 INFO tempest.lib.common.dynamic_creds [-] Deleting project and security group for project: a4f1a740790f4d73abba04fa7a545646
2024-09-11 19:12:03.196 62430 INFO tempest.lib.common.dynamic_creds [-] Created isolated network resources for: credentials: Credentials: {'domain_id': 'default', 'domain_name': 'Default', 'username': 'tempest-VolumesAssistedSnapshotsTest-871492033-project', 'project_domain_id': 'default', 'project_domain_name': 'Default', 'project_id': 'b8ac4f4f5d0c4e368d3455cad31f3042', 'project_name': 'tempest-VolumesAssistedSnapshotsTest-871492033', 'tenant_id': 'b8ac4f4f5d0c4e368d3455cad31f3042', 'tenant_name': 'tempest-VolumesAssistedSnapshotsTest-871492033', 'user_domain_id': 'default', 'user_domain_name': 'Default', 'user_id': '6a72cfccd06b46409497b2e279f24333', 'system': None}, Network: {'id': 'eff7a1b7-b509-49ba-8bc0-b4b28cc91f7b', 'name': 'tempest-VolumesAssistedSnapshotsTest-564100997-network', 'tenant_id': 'b8ac4f4f5d0c4e368d3455cad31f3042', 'admin_state_up': True, 'mtu': 8950, 'status': 'ACTIVE', 'subnets': [], 'shared': False, 'project_id': 'b8ac4f4f5d0c4e368d3455cad31f3042', 'port_security_enabled': True, 'router:external': False, 'provider:network_type': 'vlan', 'provider:physical_network': 'default', 'provider:segmentation_id': 541, 'is_default': False, 'availability_zone_hints': [], 'availability_zones': [], 'ipv4_address_scope': None, 'ipv6_address_scope': None, 'description': '', 'tags': [], 'created_at': '2024-09-11T19:11:55Z', 'updated_at': '2024-09-11T19:11:55Z', 'revision_number': 1}, Subnet: {'id': '88d07bdb-94a9-463b-a71c-0f9cf7d19a51', 'name': 'tempest-VolumesAssistedSnapshotsTest-564100997-subnet', 'tenant_id': 'b8ac4f4f5d0c4e368d3455cad31f3042', 'network_id': 'eff7a1b7-b509-49ba-8bc0-b4b28cc91f7b', 'ip_version': 4, 'subnetpool_id': None, 'enable_dhcp': True, 'ipv6_ra_mode': None, 'ipv6_address_mode': None, 'gateway_ip': '192.168.128.1', 'cidr': '192.168.128.0/28', 'allocation_pools': [{'start': '192.168.128.2', 'end': '192.168.128.14'}], 'host_routes': [], 'dns_nameservers': [], 'description': '', 'router:external': False, 'service_types': [], 'tags': [], 'created_at': '2024-09-11T19:11:55Z', 'updated_at': '2024-09-11T19:11:55Z', 'revision_number': 0, 'project_id': 'b8ac4f4f5d0c4e368d3455cad31f3042'}, Router: {'id': 'fdaf408c-f09c-4520-b524-197ac6b1a367', 'name': 'tempest-VolumesAssistedSnapshotsTest-564100997-router', 'tenant_id': 'b8ac4f4f5d0c4e368d3455cad31f3042', 'admin_state_up': True, 'status': 'ACTIVE', 'external_gateway_info': {'network_id': '41c9b5d5-f263-41ce-bb15-bd68966a0a1c', 'external_fixed_ips': [{'subnet_id': '8c559e25-1540-4131-a151-ac4017fe2991', 'ip_address': '10.180.180.143'}], 'enable_snat': True}, 'description': '', 'availability_zones': [], 'distributed': False, 'ha': False, 'availability_zone_hints': [], 'routes': [], 'flavor_id': None, 'tags': [], 'created_at': '2024-09-11T19:11:56Z', 'updated_at': '2024-09-11T19:11:57Z', 'revision_number': 2, 'project_id': 'b8ac4f4f5d0c4e368d3455cad31f3042'}
2024-09-11 19:12:03.256 62374 INFO tempest.lib.common.rest_client [req-dcc7e4a0-ce38-4433-bf4c-7845017710c1 req-dcc7e4a0-ce38-4433-bf4c-7845017710c1 ] Request (FlavorsV255TestJSON:tearDownClass): 204 DELETE http://10.180.1.21/identity/v3/projects/8cc62fa5742e41a5afc8d9cbeacfd309 0.378s
2024-09-11 19:12:03.318 62408 INFO tempest.lib.common.rest_client [req-a1002210-efa2-4e1f-a879-d9eddada51f9 req-a1002210-efa2-4e1f-a879-d9eddada51f9 ] Request (SecurityGroupsTestJSON:setUpClass): 201 POST http://10.180.1.21:9696/networking/v2.0/subnets 0.221s
2024-09-11 19:12:03.331 62424 INFO tempest.lib.common.rest_client [req-a30f887f-815f-40c7-b708-8306ba27bf40 req-a30f887f-815f-40c7-b708-8306ba27bf40 ] Request (InstanceActionsTestJSON:setUpClass): 204 PUT http://10.180.1.21/identity/v3/projects/1e7abf774ce645d48db9aba70530adf7/users/7b0673beebfc4885a4e5c582e630a010/roles/299eb6915d7342b9906249c793ceac8c 0.451s
2024-09-11 19:12:03.331 62424 INFO tempest.lib.common.dynamic_creds [-] Dynamic test user 7b0673beebfc4885a4e5c582e630a010 is created with scope project and roles: ['member']
2024-09-11 19:12:03.332 62424 INFO tempest.lib.common.dynamic_creds [-] Acquired dynamic creds: credentials: Credentials: {'domain_id': 'default', 'domain_name': 'Default', 'username': 'tempest-InstanceActionsTestJSON-1669720906-project-member', 'project_domain_id': 'default', 'project_domain_name': 'Default', 'project_id': '1e7abf774ce645d48db9aba70530adf7', 'project_name': 'tempest-InstanceActionsTestJSON-1669720906', 'tenant_id': '1e7abf774ce645d48db9aba70530adf7', 'tenant_name': 'tempest-InstanceActionsTestJSON-1669720906', 'user_domain_id': 'default', 'user_domain_name': 'Default', 'user_id': '7b0673beebfc4885a4e5c582e630a010', 'system': None}, Network: None, Subnet: None, Router: None
2024-09-11 19:12:03.337 62390 INFO tempest.lib.common.rest_client [req-fcc63fbc-fa76-4ef5-841b-9590ec9e8cb8 req-fcc63fbc-fa76-4ef5-841b-9590ec9e8cb8 ] Request (SecurityGroupsTestAdminJSON:setUpClass): 201 POST http://10.180.1.21/identity/v3/auth/tokens 0.420s
2024-09-11 19:12:03.372 62396 INFO tempest.lib.common.rest_client [req-8cbbc250-9c89-4460-9f32-18c10ad2b1e2 req-8cbbc250-9c89-4460-9f32-18c10ad2b1e2 ] Request (HypervisorAdminNegativeTestJSON:tearDownClass): 204 DELETE http://10.180.1.21:9696/networking/v2.0/security-groups/9d4a5a55-6615-418d-8330-334c83318de8 0.698s
2024-09-11 19:12:03.435 62406 INFO tempest.lib.common.rest_client [req-5e8a32e4-8fb8-4c54-aeff-b9dffb02951b req-5e8a32e4-8fb8-4c54-aeff-b9dffb02951b ] Request (FlavorsExtraSpecsTestJSON:tearDownClass): 204 DELETE http://10.180.1.21/identity/v3/projects/c7a2b93e8067415a94a9ae5fe9d5a98b 0.513s
2024-09-11 19:12:03.436 62406 INFO tempest.lib.common.dynamic_creds [-] Deleting project and security group for project: e3e511da7f2145eb964a241372edbeec
2024-09-11 19:12:03.436 62416 INFO tempest.lib.common.rest_client [req-06fba06f-3ac4-4691-b424-034634af7d17 req-06fba06f-3ac4-4691-b424-034634af7d17 ] Request (ServicesAdminNegativeTestJSON:tearDownClass): 204 DELETE http://10.180.1.21/identity/v3/projects/7c21bcc141564ed38bc451c81913e930 0.498s
2024-09-11 19:12:03.487 62428 INFO tempest.lib.common.rest_client [req-066a8019-c736-4abc-b780-22269b16a25c req-066a8019-c736-4abc-b780-22269b16a25c ] Request (ImagesOneServerTestJSON:setUpClass): 200 GET http://10.180.1.21/identity/v3/domains?name=Default 0.446s
2024-09-11 19:12:03.505 62394 INFO tempest.lib.common.rest_client [req-d196a8a5-2d9e-4efe-bfa7-e1c2d86adbf4 req-d196a8a5-2d9e-4efe-bfa7-e1c2d86adbf4 ] Request (QuotasAdminTestV257:setUpClass): 200 GET http://10.180.1.21/identity/v3/roles 0.423s
2024-09-11 19:12:03.529 62410 INFO tempest.lib.common.rest_client [req-244e64f7-03ec-414b-a01f-ac0fad606e82 req-244e64f7-03ec-414b-a01f-ac0fad606e82 ] Request (HostsAdminNegativeTestJSON:tearDownClass): 204 DELETE http://10.180.1.21/identity/v3/users/cfa2391bc9ce42958481d90e43c64d4d 0.570s
2024-09-11 19:12:03.530 62410 INFO tempest.lib.common.dynamic_creds [-] Deleting project and security group for project: 8cd4a18ee65744bc915603776540d7d0
2024-09-11 19:12:03.535 62392 INFO tempest.lib.common.rest_client [req-d18efc79-fa1b-4a65-80e6-50fb13789e09 req-d18efc79-fa1b-4a65-80e6-50fb13789e09 ] Request (HostsAdminTestJSON:tearDownClass): 200 GET http://10.180.1.21:9696/networking/v2.0/security-groups?tenant_id=fc50dea40c204c84a5dcdb76cf45d44f&name=default 0.676s
2024-09-11 19:12:03.567 62372 INFO tempest.lib.common.rest_client [req-fddb5dce-0850-4e24-9015-d14b319db1c8 req-fddb5dce-0850-4e24-9015-d14b319db1c8 ] Request (FlavorsV2NegativeTest:setUpClass): 201 POST http://10.180.1.21/identity/v3/auth/tokens 0.449s
2024-09-11 19:12:03.628 62404 INFO tempest.lib.common.rest_client [req-54154eaa-909a-448b-8f1b-ef06546b4d0f req-54154eaa-909a-448b-8f1b-ef06546b4d0f ] Request (TestVersions:tearDownClass): 201 POST http://10.180.1.21/identity/v3/auth/tokens 0.431s
2024-09-11 19:12:03.653 62380 INFO tempest.lib.common.rest_client [req-85d7871b-a472-4b73-935b-a11a22c30518 req-85d7871b-a472-4b73-935b-a11a22c30518 ] Request (FlavorsAccessNegativeTestJSON:test_flavor_non_admin_remove): 200 POST http://10.180.1.21/compute/v2.1/flavors/933696462/action 0.837s
2024-09-11 19:12:03.658 62374 INFO tempest.lib.common.rest_client [req-1e84915f-ef17-46e6-83e4-4952e07a1651 req-1e84915f-ef17-46e6-83e4-4952e07a1651 ] Request (ServersAdminTestJSON:setUpClass): 201 POST http://10.180.1.21/identity/v3/auth/tokens 0.397s
2024-09-11 19:12:03.682 62424 INFO tempest.lib.common.rest_client [req-a627fbcb-fe54-4126-8904-3879acc46ba3 req-a627fbcb-fe54-4126-8904-3879acc46ba3 ] Request (InstanceActionsTestJSON:setUpClass): 201 POST http://10.180.1.21/identity/v3/auth/tokens 0.349s
2024-09-11 19:12:03.686 62406 INFO tempest.lib.common.rest_client [req-f61b8a86-9413-4d70-9089-2179d7214788 req-f61b8a86-9413-4d70-9089-2179d7214788 ] Request (FlavorsExtraSpecsTestJSON:tearDownClass): 200 GET http://10.180.1.21:9696/networking/v2.0/security-groups?tenant_id=e3e511da7f2145eb964a241372edbeec&name=default 0.250s
2024-09-11 19:12:03.698 62430 INFO tempest.lib.common.rest_client [req-c79fe25f-3cc5-4b39-8c46-c60d1a62959e req-c79fe25f-3cc5-4b39-8c46-c60d1a62959e ] Request (VolumesAssistedSnapshotsTest:setUpClass): 201 POST http://10.180.1.21/identity/v3/auth/tokens 0.451s
2024-09-11 19:12:03.725 62416 INFO tempest.lib.common.rest_client [req-bbdf763b-c3d6-4281-b874-5055abf68761 req-bbdf763b-c3d6-4281-b874-5055abf68761 ] Request (AbsoluteLimitsTestJSON:setUpClass): 201 POST http://10.180.1.21/identity/v3/auth/tokens 0.288s
2024-09-11 19:12:03.748 62396 INFO tempest.lib.common.rest_client [req-f8cff823-6678-4d1f-908d-34b9ab2ab407 req-f8cff823-6678-4d1f-908d-34b9ab2ab407 ] Request (HypervisorAdminNegativeTestJSON:tearDownClass): 204 DELETE http://10.180.1.21/identity/v3/projects/0c160c22f5ad4e6f85908650ddf47b16 0.375s
2024-09-11 19:12:03.778 62432 INFO tempest.lib.common.rest_client [req-46a35bbe-c742-4c1f-9d38-c6d1e4fd0973 req-46a35bbe-c742-4c1f-9d38-c6d1e4fd0973 ] Request (ServerDiagnosticsTest:test_get_server_diagnostics): 200 GET http://10.180.1.21/compute/v2.1/servers/0e5473a7-4356-4bc9-a1fd-83b0dfae3a30 0.869s
2024-09-11 19:12:03.786 62428 INFO tempest.lib.common.rest_client [req-2e4d76df-f345-40aa-bb15-deff092088ca req-2e4d76df-f345-40aa-bb15-deff092088ca ] Request (ImagesOneServerTestJSON:setUpClass): 201 POST http://10.180.1.21/identity/v3/projects 0.298s
2024-09-11 19:12:03.826 62392 INFO tempest.lib.common.rest_client [req-c603014f-a96d-473b-9585-f091c080df68 req-c603014f-a96d-473b-9585-f091c080df68 ] Request (HostsAdminTestJSON:tearDownClass): 204 DELETE http://10.180.1.21:9696/networking/v2.0/security-groups/fd5db4d1-b611-43cc-a736-e4bb6c7c53df 0.290s
2024-09-11 19:12:03.835 62410 INFO tempest.lib.common.rest_client [req-dfd07546-46e0-41b7-9245-7585972bf2b5 req-dfd07546-46e0-41b7-9245-7585972bf2b5 ] Request (HostsAdminNegativeTestJSON:tearDownClass): 201 POST http://10.180.1.21/identity/v3/auth/tokens 0.306s
2024-09-11 19:12:03.838 62386 INFO tempest.lib.common.rest_client [req-6afb304d-874b-4ef6-bf2d-bc9ff54ac96b req-6afb304d-874b-4ef6-bf2d-bc9ff54ac96b ] Request (ServerActionsTestOtherB:setUpClass): 201 POST http://10.180.1.21:9696/networking/v2.0/floatingips 2.304s
2024-09-11 19:12:03.844 62394 INFO tempest.lib.common.rest_client [req-2558786d-b120-4004-8aaf-c1a3da895062 req-2558786d-b120-4004-8aaf-c1a3da895062 ] Request (QuotasAdminTestV257:setUpClass): 204 PUT http://10.180.1.21/identity/v3/projects/cba318cdd99340929c1fde0a5c8b03ad/users/f7ff9bae2efd45b3b67ab86f2d183aad/roles/e71ed82d456f4ee2989d0ea77c085dd7 0.338s
2024-09-11 19:12:03.890 62372 INFO tempest.lib.common.rest_client [req-3a6d37c3-685f-4252-a322-a8cb9b68a49f req-3a6d37c3-685f-4252-a322-a8cb9b68a49f ] Request (FlavorsV2NegativeTest:setUpClass): 201 POST http://10.180.1.21/identity/v3/auth/tokens 0.320s
2024-09-11 19:12:03.915 62374 INFO tempest.lib.common.rest_client [req-1f0d8b19-13b7-496d-b927-e24da72d3bd1 req-1f0d8b19-13b7-496d-b927-e24da72d3bd1 ] Request (ServersAdminTestJSON:setUpClass): 201 POST http://10.180.1.21/identity/v3/auth/tokens 0.255s
2024-09-11 19:12:03.929 62434 INFO tempest.lib.common.rest_client [req-0201f9b4-2515-4960-95ff-5c84675183c1 req-0201f9b4-2515-4960-95ff-5c84675183c1 ] Request (AttachInterfacesV270Test:test_create_get_list_interfaces): 200 GET http://10.180.1.21/compute/v2.1/servers/bc29ceaa-1fe9-492c-9c0a-1fbfc42f843b 0.882s
2024-09-11 19:12:03.941 62434 INFO tempest.common.waiters [-] State transition "BUILD/networking" ==> "BUILD/spawning" after 9 second wait
2024-09-11 19:12:03.952 62418 INFO tempest.lib.common.rest_client [req-af01a47c-c103-4ddd-8111-ff0b5f0e0a86 req-af01a47c-c103-4ddd-8111-ff0b5f0e0a86 ] Request (AggregatesAdminNegativeTestJSON:_run_cleanups): 200 DELETE http://10.180.1.21/compute/v2.1/os-aggregates/4 0.833s
2024-09-11 19:12:03.969 62416 INFO tempest.lib.common.rest_client [req-cdc6ddda-e665-4e9c-83e0-b0f314fda2fd req-cdc6ddda-e665-4e9c-83e0-b0f314fda2fd ] Request (AbsoluteLimitsTestJSON:setUpClass): 201 POST http://10.180.1.21/identity/v3/auth/tokens 0.240s
2024-09-11 19:12:03.991 62396 INFO tempest.lib.common.rest_client [req-1aa1c313-a03d-49db-bb90-18c82b83eb4d req-1aa1c313-a03d-49db-bb90-18c82b83eb4d ] Request (ServerActionsTestOtherA:setUpClass): 201 POST http://10.180.1.21/identity/v3/auth/tokens 0.242s
2024-09-11 19:12:04.023 62428 INFO tempest.lib.common.rest_client [req-2e547664-85e6-4539-9d75-f1a5c3a19511 req-2e547664-85e6-4539-9d75-f1a5c3a19511 ] Request (ImagesOneServerTestJSON:setUpClass): 201 POST http://10.180.1.21/identity/v3/users 0.236s
2024-09-11 19:12:04.059 62392 INFO tempest.lib.common.rest_client [req-7baac3e7-d2f5-4a12-b38d-efa7fb0115cd req-7baac3e7-d2f5-4a12-b38d-efa7fb0115cd ] Request (HostsAdminTestJSON:tearDownClass): 204 DELETE http://10.180.1.21/identity/v3/projects/fc50dea40c204c84a5dcdb76cf45d44f 0.232s
2024-09-11 19:12:04.073 62386 INFO tempest.lib.common.rest_client [req-6ba8b325-33a7-4ea5-b378-3e39dda0ea30 req-6ba8b325-33a7-4ea5-b378-3e39dda0ea30 ] Request (ServerActionsTestOtherB:setUpClass): 201 POST http://10.180.1.21/identity/v3/auth/tokens 0.230s
2024-09-11 19:12:04.074 62386 INFO tempest.lib.common.fixed_network [-] (ServerActionsTestOtherB:setUpClass) Found network {'id': '4705972a-476b-4b5d-ae43-d6234dbeb23c', 'name': 'tempest-ServerActionsTestOtherB-1176109405-network', 'tenant_id': 'e0b45c111e114b2798640514bc58a9bd', 'admin_state_up': True, 'mtu': 8950, 'status': 'ACTIVE', 'subnets': [], 'shared': False, 'project_id': 'e0b45c111e114b2798640514bc58a9bd', 'port_security_enabled': True, 'router:external': False, 'provider:network_type': 'vlan', 'provider:physical_network': 'default', 'provider:segmentation_id': 604, 'is_default': False, 'availability_zone_hints': [], 'availability_zones': [], 'ipv4_address_scope': None, 'ipv6_address_scope': None, 'description': '', 'tags': [], 'created_at': '2024-09-11T19:11:52Z', 'updated_at': '2024-09-11T19:11:52Z', 'revision_number': 1} available for tenant
2024-09-11 19:12:04.089 62406 INFO tempest.lib.common.rest_client [req-e3132488-03a4-4e55-90b7-af20671b1ebd req-e3132488-03a4-4e55-90b7-af20671b1ebd ] Request (FlavorsExtraSpecsTestJSON:tearDownClass): 204 DELETE http://10.180.1.21:9696/networking/v2.0/security-groups/939244e4-538b-41b0-b180-5b7ab9580f6f 0.402s
2024-09-11 19:12:04.101 62420 INFO tempest.lib.common.rest_client [req-a39d128d-1417-4b97-ba29-2da40df6c89e req-a39d128d-1417-4b97-ba29-2da40df6c89e ] Request (ValidationResourcesFixture:setUp): 201 POST http://10.180.1.21:9696/networking/v2.0/floatingips 1.978s
2024-09-11 19:12:04.111 62394 INFO tempest.lib.common.rest_client [req-f91745ad-2ca4-430f-bb8a-55ae4fcbea75 req-f91745ad-2ca4-430f-bb8a-55ae4fcbea75 ] Request (QuotasAdminTestV257:setUpClass): 200 GET http://10.180.1.21/identity/v3/roles 0.267s
2024-09-11 19:12:04.131 62372 INFO tempest.lib.common.rest_client [req-1e9e21ea-3538-4926-a113-ea9ad24aca10 req-1e9e21ea-3538-4926-a113-ea9ad24aca10 ] Request (FlavorsV2NegativeTest:setUpClass): 200 GET http://10.180.1.21/identity/v3/domains?name=Default 0.240s
2024-09-11 19:12:04.149 62374 INFO tempest.lib.common.rest_client [req-8d7a328a-36eb-4cc3-9003-e81919a303c0 req-8d7a328a-36eb-4cc3-9003-e81919a303c0 ] Request (ServersAdminTestJSON:setUpClass): 200 GET http://10.180.1.21/identity/v3/domains?name=Default 0.233s
2024-09-11 19:12:04.171 62416 INFO tempest.lib.common.rest_client [req-9e9737be-4609-4609-bee3-2075e61a70ec req-9e9737be-4609-4609-bee3-2075e61a70ec ] Request (AbsoluteLimitsTestJSON:setUpClass): 200 GET http://10.180.1.21/identity/v3/domains?name=Default 0.201s
2024-09-11 19:12:04.225 62404 INFO tempest.lib.common.rest_client [req-9e50a11f-12f8-4a1f-b0ca-0919edb1584d req-9e50a11f-12f8-4a1f-b0ca-0919edb1584d ] Request (TestVersions:tearDownClass): 200 GET http://10.180.1.21:9696/networking/v2.0/security-groups?tenant_id=a4f1a740790f4d73abba04fa7a545646&name=default 0.597s
2024-09-11 19:12:04.246 62396 INFO tempest.lib.common.rest_client [req-879e7076-edcc-4913-9e67-24e45369b9d4 req-879e7076-edcc-4913-9e67-24e45369b9d4 ] Request (ServerActionsTestOtherA:setUpClass): 201 POST http://10.180.1.21/identity/v3/auth/tokens 0.252s
2024-09-11 19:12:04.248 62388 INFO tempest.lib.common.rest_client [req-358c37e5-c442-4ffa-bbbd-a72a2d00c965 req-358c37e5-c442-4ffa-bbbd-a72a2d00c965 ] Request (FlavorsAdminTestJSON:test_create_list_flavor_without_extra_data): 200 GET http://10.180.1.21/compute/v2.1/flavors/detail 1.115s
2024-09-11 19:12:04.269 62422 INFO tempest.lib.common.rest_client [req-134fa507-dcc8-4674-b4f4-5021e00f0a0e req-134fa507-dcc8-4674-b4f4-5021e00f0a0e ] Request (QuotasAdminTestJSON:test_get_updated_quotas): 200 GET http://10.180.1.21/compute/v2.1/os-quota-sets/a67322224a4c4fcea1bf65421c136a26?user_id=5f44c619ec764d69b1e5c17c1b43645b 1.163s
2024-09-11 19:12:04.278 62428 INFO tempest.lib.common.rest_client [req-e8771e21-ab28-4205-b2e0-a0ffa0084ef7 req-e8771e21-ab28-4205-b2e0-a0ffa0084ef7 ] Request (ImagesOneServerTestJSON:setUpClass): 200 GET http://10.180.1.21/identity/v3/roles 0.255s
2024-09-11 19:12:04.300 62392 INFO tempest.lib.common.rest_client [req-8a6ed3f5-f631-4f00-b6bf-b05522028c19 req-8a6ed3f5-f631-4f00-b6bf-b05522028c19 ] Request (ServicesAdminNegativeV253TestJSON:setUpClass): 201 POST http://10.180.1.21/identity/v3/auth/tokens 0.239s
2024-09-11 19:12:04.338 62394 INFO tempest.lib.common.rest_client [req-f3ac5df0-392e-4127-9029-f2ccd2444956 req-f3ac5df0-392e-4127-9029-f2ccd2444956 ] Request (QuotasAdminTestV257:setUpClass): 204 PUT http://10.180.1.21/identity/v3/projects/cba318cdd99340929c1fde0a5c8b03ad/users/f7ff9bae2efd45b3b67ab86f2d183aad/roles/e71ed82d456f4ee2989d0ea77c085dd7 0.226s
2024-09-11 19:12:04.338 62394 INFO tempest.lib.common.dynamic_creds [-] Dynamic test user f7ff9bae2efd45b3b67ab86f2d183aad is created with scope project and roles: ['admin']
2024-09-11 19:12:04.339 62394 INFO tempest.lib.common.dynamic_creds [-] Acquired dynamic creds: credentials: Credentials: {'domain_id': 'default', 'domain_name': 'Default', 'username': 'tempest-QuotasAdminTestV257-538594521-project-admin', 'project_domain_id': 'default', 'project_domain_name': 'Default', 'project_id': 'cba318cdd99340929c1fde0a5c8b03ad', 'project_name': 'tempest-QuotasAdminTestV257-538594521', 'tenant_id': 'cba318cdd99340929c1fde0a5c8b03ad', 'tenant_name': 'tempest-QuotasAdminTestV257-538594521', 'user_domain_id': 'default', 'user_domain_name': 'Default', 'user_id': 'f7ff9bae2efd45b3b67ab86f2d183aad', 'system': None}, Network: None, Subnet: None, Router: None
2024-09-11 19:12:04.339 62394 INFO tempest.lib.common.dynamic_creds [-] Created isolated network resources for: credentials: Credentials: {'domain_id': 'default', 'domain_name': 'Default', 'username': 'tempest-QuotasAdminTestV257-538594521-project-admin', 'project_domain_id': 'default', 'project_domain_name': 'Default', 'project_id': 'cba318cdd99340929c1fde0a5c8b03ad', 'project_name': 'tempest-QuotasAdminTestV257-538594521', 'tenant_id': 'cba318cdd99340929c1fde0a5c8b03ad', 'tenant_name': 'tempest-QuotasAdminTestV257-538594521', 'user_domain_id': 'default', 'user_domain_name': 'Default', 'user_id': 'f7ff9bae2efd45b3b67ab86f2d183aad', 'system': None}, Network: None, Subnet: None, Router: None
2024-09-11 19:12:04.373 62406 INFO tempest.lib.common.rest_client [req-c2e70f09-7744-4f35-8c31-4bb4001c0807 req-c2e70f09-7744-4f35-8c31-4bb4001c0807 ] Request (FlavorsExtraSpecsTestJSON:tearDownClass): 204 DELETE http://10.180.1.21/identity/v3/projects/e3e511da7f2145eb964a241372edbeec 0.284s
2024-09-11 19:12:04.374 62406 INFO tempest.test [-] raised in LiveMigrationNegativeTest.setUpClass. Invoking tearDownClass.
2024-09-11 19:12:04.393 62400 INFO tempest.lib.common.rest_client [req-2ba17d94-7c82-42f6-9dbe-01499f84f189 req-2ba17d94-7c82-42f6-9dbe-01499f84f189 ] Request (ServerDiagnosticsV248Test:test_get_server_diagnostics): 200 GET http://10.180.1.21/compute/v2.1/servers/3410b0c4-da88-4146-bb50-9b5a9a5d0d87 1.020s
2024-09-11 19:12:04.404 62400 INFO tempest.common.waiters [-] State transition "BUILD/scheduling" ==> "BUILD/None" after 2 second wait
2024-09-11 19:12:04.429 62420 INFO tempest.lib.common.rest_client [req-a1b440bd-0426-4d09-8d6b-66274813888d req-a1b440bd-0426-4d09-8d6b-66274813888d ] Request (ServersWithSpecificFlavorTestJSON:test_verify_created_server_ephemeral_disk): 201 POST http://10.180.1.21/identity/v3/auth/tokens 0.286s
2024-09-11 19:12:04.429 62420 INFO tempest.lib.common.fixed_network [-] (ServersWithSpecificFlavorTestJSON:test_verify_created_server_ephemeral_disk) Found network {'id': '040c7513-0e55-45a4-a8a4-5b41fb96fbdf', 'name': 'tempest-ServersWithSpecificFlavorTestJSON-784364984-network', 'tenant_id': 'e8453570b4054e0e86220327f0ae1865', 'admin_state_up': True, 'mtu': 8950, 'status': 'ACTIVE', 'subnets': [], 'shared': False, 'project_id': 'e8453570b4054e0e86220327f0ae1865', 'port_security_enabled': True, 'router:external': False, 'provider:network_type': 'vlan', 'provider:physical_network': 'default', 'provider:segmentation_id': 241, 'is_default': False, 'availability_zone_hints': [], 'availability_zones': [], 'ipv4_address_scope': None, 'ipv6_address_scope': None, 'description': '', 'tags': [], 'created_at': '2024-09-11T19:11:44Z', 'updated_at': '2024-09-11T19:11:44Z', 'revision_number': 1} available for tenant
2024-09-11 19:12:04.447 62430 INFO tempest.lib.common.rest_client [req-61770366-5a66-49f1-805a-df326e56849e req-61770366-5a66-49f1-805a-df326e56849e ] Request (VolumesAssistedSnapshotsTest:test_volume_assisted_snapshot_create_delete): 202 POST http://10.180.1.21/volume/v3/b901d93a04f2406fa1541c760f6003b1/volumes 0.747s
2024-09-11 19:12:04.472 62372 INFO tempest.lib.common.rest_client [req-3fcb81b0-219a-407d-b11e-c69c4d723298 req-3fcb81b0-219a-407d-b11e-c69c4d723298 ] Request (FlavorsV2NegativeTest:setUpClass): 201 POST http://10.180.1.21/identity/v3/projects 0.341s
2024-09-11 19:12:04.508 62412 INFO tempest.lib.common.rest_client [req-d8f4b7a9-d85f-4a25-b9d1-56daad8a0b36 req-d8f4b7a9-d85f-4a25-b9d1-56daad8a0b36 ] Request (DeleteServersAdminTestJSON:test_admin_delete_servers_of_others): 200 GET http://10.180.1.21/compute/v2.1/servers/b0cf64fa-a7f8-40f5-af5e-c10c01dd4a12 1.115s
2024-09-11 19:12:04.510 62430 INFO tempest.lib.common.rest_client [req-12564de6-8c90-40c5-a051-0253c1adf789 req-12564de6-8c90-40c5-a051-0253c1adf789 ] Request (VolumesAssistedSnapshotsTest:test_volume_assisted_snapshot_create_delete): 200 GET http://10.180.1.21/volume/v3/b901d93a04f2406fa1541c760f6003b1/volumes/d97c4bb7-0af7-4e6e-b421-105db9324f11 0.057s
2024-09-11 19:12:04.531 62374 INFO tempest.lib.common.rest_client [req-94b62560-4e46-483a-8879-fd538d40af6f req-94b62560-4e46-483a-8879-fd538d40af6f ] Request (ServersAdminTestJSON:setUpClass): 201 POST http://10.180.1.21/identity/v3/projects 0.382s
2024-09-11 19:12:04.532 62416 INFO tempest.lib.common.rest_client [req-6b834b4b-af3c-48a4-8efc-c0e3ba8b323b req-6b834b4b-af3c-48a4-8efc-c0e3ba8b323b ] Request (AbsoluteLimitsTestJSON:setUpClass): 201 POST http://10.180.1.21/identity/v3/projects 0.360s
2024-09-11 19:12:04.583 62396 INFO tempest.lib.common.rest_client [req-2a2c58e2-c5cd-469c-80ea-d5d32e95ac71 req-2a2c58e2-c5cd-469c-80ea-d5d32e95ac71 ] Request (ServerActionsTestOtherA:setUpClass): 200 GET http://10.180.1.21/identity/v3/domains?name=Default 0.337s
2024-09-11 19:12:04.584 62376 INFO tempest.lib.common.rest_client [req-315ac486-f491-43e8-a24e-56148daa45df req-315ac486-f491-43e8-a24e-56148daa45df ] Request (ServerExternalEventsTest:test_create_server_external_events): 200 GET http://10.180.1.21/compute/v2.1/servers/f8330803-064a-4f31-b769-19b0ce281e07 1.067s
2024-09-11 19:12:04.595 62376 INFO tempest.common.waiters [-] State transition "BUILD/None" ==> "BUILD/networking" after 10 second wait
2024-09-11 19:12:04.604 62404 INFO tempest.lib.common.rest_client [req-07b7d92e-2af1-4058-84a2-88bcaa964744 req-07b7d92e-2af1-4058-84a2-88bcaa964744 ] Request (TestVersions:tearDownClass): 204 DELETE http://10.180.1.21:9696/networking/v2.0/security-groups/e9b7a2aa-255c-4622-8890-436e75edbf53 0.378s
2024-09-11 19:12:04.616 62410 INFO tempest.lib.common.rest_client [req-4364fa18-8a93-4c08-86ea-8057c4d95b1f req-4364fa18-8a93-4c08-86ea-8057c4d95b1f ] Request (HostsAdminNegativeTestJSON:tearDownClass): 200 GET http://10.180.1.21:9696/networking/v2.0/security-groups?tenant_id=8cd4a18ee65744bc915603776540d7d0&name=default 0.780s
2024-09-11 19:12:04.678 62428 INFO tempest.lib.common.rest_client [req-ca3609bb-d913-4962-a500-fb81d41a0c85 req-ca3609bb-d913-4962-a500-fb81d41a0c85 ] Request (ImagesOneServerTestJSON:setUpClass): 204 PUT http://10.180.1.21/identity/v3/projects/4e17d1bc3e324f51bdd504e85938b8e3/users/9d17fa15157a4cfb9ae24bad57fe8662/roles/299eb6915d7342b9906249c793ceac8c 0.400s
2024-09-11 19:12:04.679 62428 INFO tempest.lib.common.dynamic_creds [-] Dynamic test user 9d17fa15157a4cfb9ae24bad57fe8662 is created with scope project and roles: ['member']
2024-09-11 19:12:04.679 62428 INFO tempest.lib.common.dynamic_creds [-] Acquired dynamic creds: credentials: Credentials: {'domain_id': 'default', 'domain_name': 'Default', 'username': 'tempest-ImagesOneServerTestJSON-1256341287-project-member', 'project_domain_id': 'default', 'project_domain_name': 'Default', 'project_id': '4e17d1bc3e324f51bdd504e85938b8e3', 'project_name': 'tempest-ImagesOneServerTestJSON-1256341287', 'tenant_id': '4e17d1bc3e324f51bdd504e85938b8e3', 'tenant_name': 'tempest-ImagesOneServerTestJSON-1256341287', 'user_domain_id': 'default', 'user_domain_name': 'Default', 'user_id': '9d17fa15157a4cfb9ae24bad57fe8662', 'system': None}, Network: None, Subnet: None, Router: None
2024-09-11 19:12:04.691 62402 INFO tempest.lib.common.rest_client [req-2c376c44-7ff2-4831-bc0c-ae567ca4ffc4 req-2c376c44-7ff2-4831-bc0c-ae567ca4ffc4 ] Request (MigrationsAdminTest:test_list_migrations_in_flavor_resize_situation): 200 GET http://10.180.1.21/compute/v2.1/servers/1225f605-2c40-4628-aefe-93359b077b89 1.152s
2024-09-11 19:12:04.711 62422 INFO tempest.lib.common.rest_client [req-ac56a390-d688-4120-a8a7-066d2d105b76 req-ac56a390-d688-4120-a8a7-066d2d105b76 ] Request (QuotasAdminTestJSON:_run_cleanups): 204 DELETE http://10.180.1.21/identity/v3/users/5f44c619ec764d69b1e5c17c1b43645b 0.439s
2024-09-11 19:12:04.740 62392 INFO tempest.lib.common.rest_client [req-a3bd57d1-a009-4d92-8f62-b1df135cc962 req-a3bd57d1-a009-4d92-8f62-b1df135cc962 ] Request (ServicesAdminNegativeV253TestJSON:setUpClass): 201 POST http://10.180.1.21/identity/v3/auth/tokens 0.437s
2024-09-11 19:12:04.760 62424 INFO tempest.lib.common.rest_client [req-78a9bbd1-ec30-48e3-ba54-5c786cb683e4 req-78a9bbd1-ec30-48e3-ba54-5c786cb683e4 ] Request (InstanceActionsTestJSON:setUpClass): 201 POST http://10.180.1.21:9696/networking/v2.0/networks 1.077s
2024-09-11 19:12:04.768 62384 INFO tempest.lib.common.rest_client [req-ee814115-9bdc-4288-8bd6-ea302b686a2c req-ee814115-9bdc-4288-8bd6-ea302b686a2c ] Request (ServerDiagnosticsNegativeTest:test_get_server_diagnostics_by_non_admin): 200 GET http://10.180.1.21/compute/v2.1/servers/f774f4eb-7329-4449-8567-b4c0dc8fd78a 1.144s
2024-09-11 19:12:04.781 62380 INFO tempest.lib.common.rest_client [req-5c24c646-69ad-4159-bea9-7c407563b09f req-5c24c646-69ad-4159-bea9-7c407563b09f ] Request (FlavorsAccessNegativeTestJSON:test_flavor_non_admin_remove): 403 POST http://10.180.1.21/compute/v2.1/flavors/933696462/action 1.126s
2024-09-11 19:12:04.805 62394 INFO tempest.lib.common.rest_client [req-d4643be2-1463-4105-98ea-320977f00eb8 req-d4643be2-1463-4105-98ea-320977f00eb8 ] Request (QuotasAdminTestV257:setUpClass): 201 POST http://10.180.1.21/identity/v3/auth/tokens 0.460s
2024-09-11 19:12:04.806 62394 WARNING tempest.lib.common.rest_client [-] Deprecated: "tenant_id" property is deprecated for removal, use "project_id" instead
2024-09-11 19:12:04.824 62406 INFO tempest.lib.common.rest_client [req-1c6bf851-e3b7-4faa-8eb6-c34a51241565 req-1c6bf851-e3b7-4faa-8eb6-c34a51241565 ] Request (QuotasSecurityGroupAdminNegativeTest:setUpClass): 201 POST http://10.180.1.21/identity/v3/auth/tokens 0.448s
2024-09-11 19:12:04.859 62372 INFO tempest.lib.common.rest_client [req-b5fccaad-f4f1-4aba-9841-7a079162852a req-b5fccaad-f4f1-4aba-9841-7a079162852a ] Request (FlavorsV2NegativeTest:setUpClass): 201 POST http://10.180.1.21/identity/v3/users 0.386s
2024-09-11 19:12:04.860 62378 INFO tempest.lib.common.rest_client [req-85baf3a5-db8f-40a9-a2a1-863e2217323c req-85baf3a5-db8f-40a9-a2a1-863e2217323c ] Request (InstanceActionsNegativeTestJSON:setUpClass): 200 GET http://10.180.1.21/compute/v2.1/servers/801672ea-1218-4c0a-9aae-d94ff1344731 1.160s
2024-09-11 19:12:04.865 62374 INFO tempest.lib.common.rest_client [req-f7305866-2f1e-405d-ba35-062fdb96237f req-f7305866-2f1e-405d-ba35-062fdb96237f ] Request (ServersAdminTestJSON:setUpClass): 201 POST http://10.180.1.21/identity/v3/users 0.333s
2024-09-11 19:12:04.884 62416 INFO tempest.lib.common.rest_client [req-3a044dd6-db77-47c7-8bbc-6a16117b6e2e req-3a044dd6-db77-47c7-8bbc-6a16117b6e2e ] Request (AbsoluteLimitsTestJSON:setUpClass): 201 POST http://10.180.1.21/identity/v3/users 0.351s
2024-09-11 19:12:04.899 62396 INFO tempest.lib.common.rest_client [req-4239bd93-caa0-4867-a6e6-6b3110ec6275 req-4239bd93-caa0-4867-a6e6-6b3110ec6275 ] Request (ServerActionsTestOtherA:setUpClass): 201 POST http://10.180.1.21/identity/v3/projects 0.315s
2024-09-11 19:12:04.943 62398 INFO tempest.lib.common.rest_client [req-f3da3e09-2a73-4c6b-bc0b-2603d0850efb req-f3da3e09-2a73-4c6b-bc0b-2603d0850efb ] Request (ServersAdmin275Test:test_rebuild_update_server_275): 200 GET http://10.180.1.21/compute/v2.1/servers/6174840e-10a6-43ed-be9c-76602f91bf42 1.208s
2024-09-11 19:12:04.955 62428 INFO tempest.lib.common.rest_client [req-09ef60aa-231d-4e95-a493-94b66f82981b req-09ef60aa-231d-4e95-a493-94b66f82981b ] Request (ImagesOneServerTestJSON:setUpClass): 201 POST http://10.180.1.21/identity/v3/auth/tokens 0.275s
2024-09-11 19:12:04.956 62398 INFO tempest.common.waiters [-] State transition "REBUILD/rebuild_block_device_mapping" ==> "REBUILD/rebuild_spawning" after 3 second wait
2024-09-11 19:12:04.957 62404 INFO tempest.lib.common.rest_client [req-416f837f-e6be-46c2-9f95-7c1c4fae574c req-416f837f-e6be-46c2-9f95-7c1c4fae574c ] Request (TestVersions:tearDownClass): 204 DELETE http://10.180.1.21/identity/v3/projects/a4f1a740790f4d73abba04fa7a545646 0.352s
2024-09-11 19:12:04.964 62418 INFO tempest.lib.common.rest_client [req-1a635f8e-dbba-4fee-bdce-7592c6cd2ba1 req-1a635f8e-dbba-4fee-bdce-7592c6cd2ba1 ] Request (AggregatesAdminNegativeTestJSON:test_aggregate_delete_as_user): 200 POST http://10.180.1.21/compute/v2.1/os-aggregates 1.010s
2024-09-11 19:12:04.971 62410 INFO tempest.lib.common.rest_client [req-6bb36aef-f52f-4f4f-a66e-70dedab3e63b req-6bb36aef-f52f-4f4f-a66e-70dedab3e63b ] Request (HostsAdminNegativeTestJSON:tearDownClass): 204 DELETE http://10.180.1.21:9696/networking/v2.0/security-groups/a4bbf0c2-f3f6-4550-a278-d71269df3033 0.354s
2024-09-11 19:12:05.006 62392 INFO tempest.lib.common.rest_client [req-a3b42b15-6802-4f49-a0e8-b35551b52aa1 req-a3b42b15-6802-4f49-a0e8-b35551b52aa1 ] Request (ServicesAdminNegativeV253TestJSON:setUpClass): 200 GET http://10.180.1.21/identity/v3/domains?name=Default 0.266s
2024-09-11 19:12:05.030 62406 INFO tempest.lib.common.rest_client [req-31325b40-e4e5-46a9-9356-3f1f90e7a05a req-31325b40-e4e5-46a9-9356-3f1f90e7a05a ] Request (QuotasSecurityGroupAdminNegativeTest:setUpClass): 201 POST http://10.180.1.21/identity/v3/auth/tokens 0.203s
2024-09-11 19:12:05.047 62372 INFO tempest.lib.common.rest_client [req-337b254d-3fec-4410-afdf-b64e0db32d9c req-337b254d-3fec-4410-afdf-b64e0db32d9c ] Request (FlavorsV2NegativeTest:setUpClass): 200 GET http://10.180.1.21/identity/v3/roles 0.187s
2024-09-11 19:12:05.071 62422 INFO tempest.lib.common.rest_client [req-b11c6602-1afb-4289-8afa-487134d04a27 req-b11c6602-1afb-4289-8afa-487134d04a27 ] Request (QuotasAdminTestJSON:_run_cleanups): 204 DELETE http://10.180.1.21/identity/v3/projects/a67322224a4c4fcea1bf65421c136a26 0.360s
2024-09-11 19:12:05.089 62408 INFO tempest.lib.common.rest_client [req-71b7ca83-ec73-403a-afeb-c607c77862a5 req-71b7ca83-ec73-403a-afeb-c607c77862a5 ] Request (SecurityGroupsTestJSON:setUpClass): 201 POST http://10.180.1.21:9696/networking/v2.0/routers 1.770s
2024-09-11 19:12:05.100 62374 INFO tempest.lib.common.rest_client [req-71f2f7f1-6b8e-422f-92fd-8fa8eb6b67ff req-71f2f7f1-6b8e-422f-92fd-8fa8eb6b67ff ] Request (ServersAdminTestJSON:setUpClass): 200 GET http://10.180.1.21/identity/v3/roles 0.234s
2024-09-11 19:12:05.113 62390 INFO tempest.lib.common.rest_client [req-042b6799-2485-4376-9a8e-371b50e4893e req-042b6799-2485-4376-9a8e-371b50e4893e ] Request (SecurityGroupsTestAdminJSON:test_list_security_groups_list_all_tenants_filter): 200 POST http://10.180.1.21/compute/v2.1/os-security-groups 1.775s
2024-09-11 19:12:05.129 62396 INFO tempest.lib.common.rest_client [req-f7022bd2-ce96-4bc3-a041-0defa611209d req-f7022bd2-ce96-4bc3-a041-0defa611209d ] Request (ServerActionsTestOtherA:setUpClass): 201 POST http://10.180.1.21/identity/v3/users 0.228s
2024-09-11 19:12:05.129 62388 INFO tempest.lib.common.rest_client [req-e16b7a47-58cb-44a4-85ec-996fc99d936b req-e16b7a47-58cb-44a4-85ec-996fc99d936b ] Request (FlavorsAdminTestJSON:_run_cleanups): 202 DELETE http://10.180.1.21/compute/v2.1/flavors/77709945 0.874s
2024-09-11 19:12:05.133 62416 INFO tempest.lib.common.rest_client [req-5ad6c753-7a45-4ae9-b2ab-ffaf086d03b5 req-5ad6c753-7a45-4ae9-b2ab-ffaf086d03b5 ] Request (AbsoluteLimitsTestJSON:setUpClass): 200 GET http://10.180.1.21/identity/v3/roles 0.249s
2024-09-11 19:12:05.196 62410 INFO tempest.lib.common.rest_client [req-60b0a5e6-9ab7-414a-b83a-096159b65d7c req-60b0a5e6-9ab7-414a-b83a-096159b65d7c ] Request (HostsAdminNegativeTestJSON:tearDownClass): 204 DELETE http://10.180.1.21/identity/v3/projects/8cd4a18ee65744bc915603776540d7d0 0.225s
2024-09-11 19:12:05.196 62410 INFO tempest.lib.common.dynamic_creds [-] Deleting project and security group for project: 7bc5a9e3bc95498880381ce6b1e3b0e2
2024-09-11 19:12:05.256 62392 INFO tempest.lib.common.rest_client [req-91971fa1-087f-4d05-b307-b80d99e16ea9 req-91971fa1-087f-4d05-b307-b80d99e16ea9 ] Request (ServicesAdminNegativeV253TestJSON:setUpClass): 201 POST http://10.180.1.21/identity/v3/projects 0.248s
2024-09-11 19:12:05.304 62406 INFO tempest.lib.common.rest_client [req-d57233ed-c18f-410b-b93d-e9c8b8073e42 req-d57233ed-c18f-410b-b93d-e9c8b8073e42 ] Request (QuotasSecurityGroupAdminNegativeTest:setUpClass): 200 GET http://10.180.1.21/identity/v3/domains?name=Default 0.274s
2024-09-11 19:12:05.315 62372 INFO tempest.lib.common.rest_client [req-490ce11c-8447-4b5e-a7a7-bcdaa914810b req-490ce11c-8447-4b5e-a7a7-bcdaa914810b ] Request (FlavorsV2NegativeTest:setUpClass): 204 PUT http://10.180.1.21/identity/v3/projects/3783b9398efa4baa9c66aa404e2514f3/users/fe795c42335343c2887e1e491e5ffc4c/roles/299eb6915d7342b9906249c793ceac8c 0.268s
2024-09-11 19:12:05.316 62372 INFO tempest.lib.common.dynamic_creds [-] Dynamic test user fe795c42335343c2887e1e491e5ffc4c is created with scope project and roles: ['member']
2024-09-11 19:12:05.316 62372 INFO tempest.lib.common.dynamic_creds [-] Acquired dynamic creds: credentials: Credentials: {'domain_id': 'default', 'domain_name': 'Default', 'username': 'tempest-FlavorsV2NegativeTest-774234427-project-member', 'project_domain_id': 'default', 'project_domain_name': 'Default', 'project_id': '3783b9398efa4baa9c66aa404e2514f3', 'project_name': 'tempest-FlavorsV2NegativeTest-774234427', 'tenant_id': '3783b9398efa4baa9c66aa404e2514f3', 'tenant_name': 'tempest-FlavorsV2NegativeTest-774234427', 'user_domain_id': 'default', 'user_domain_name': 'Default', 'user_id': 'fe795c42335343c2887e1e491e5ffc4c', 'system': None}, Network: None, Subnet: None, Router: None
2024-09-11 19:12:05.316 62372 INFO tempest.lib.common.dynamic_creds [-] Created isolated network resources for: credentials: Credentials: {'domain_id': 'default', 'domain_name': 'Default', 'username': 'tempest-FlavorsV2NegativeTest-774234427-project-member', 'project_domain_id': 'default', 'project_domain_name': 'Default', 'project_id': '3783b9398efa4baa9c66aa404e2514f3', 'project_name': 'tempest-FlavorsV2NegativeTest-774234427', 'tenant_id': '3783b9398efa4baa9c66aa404e2514f3', 'tenant_name': 'tempest-FlavorsV2NegativeTest-774234427', 'user_domain_id': 'default', 'user_domain_name': 'Default', 'user_id': 'fe795c42335343c2887e1e491e5ffc4c', 'system': None}, Network: None, Subnet: None, Router: None
2024-09-11 19:12:05.370 62396 INFO tempest.lib.common.rest_client [req-b17e6a6f-ef4c-44fe-818a-1eb449f32faa req-b17e6a6f-ef4c-44fe-818a-1eb449f32faa ] Request (ServerActionsTestOtherA:setUpClass): 200 GET http://10.180.1.21/identity/v3/roles 0.241s
2024-09-11 19:12:05.373 62374 INFO tempest.lib.common.rest_client [req-17e51ab1-9789-4620-8f0e-9b42fef7ca5e req-17e51ab1-9789-4620-8f0e-9b42fef7ca5e ] Request (ServersAdminTestJSON:setUpClass): 204 PUT http://10.180.1.21/identity/v3/projects/b7f91689be3c428cb949c3e8b0a26c7b/users/d4fce955372a4796acf41fb9d82a021e/roles/299eb6915d7342b9906249c793ceac8c 0.272s
2024-09-11 19:12:05.373 62374 INFO tempest.lib.common.dynamic_creds [-] Dynamic test user d4fce955372a4796acf41fb9d82a021e is created with scope project and roles: ['member']
2024-09-11 19:12:05.373 62374 INFO tempest.lib.common.dynamic_creds [-] Acquired dynamic creds: credentials: Credentials: {'domain_id': 'default', 'domain_name': 'Default', 'username': 'tempest-ServersAdminTestJSON-1897932561-project-member', 'project_domain_id': 'default', 'project_domain_name': 'Default', 'project_id': 'b7f91689be3c428cb949c3e8b0a26c7b', 'project_name': 'tempest-ServersAdminTestJSON-1897932561', 'tenant_id': 'b7f91689be3c428cb949c3e8b0a26c7b', 'tenant_name': 'tempest-ServersAdminTestJSON-1897932561', 'user_domain_id': 'default', 'user_domain_name': 'Default', 'user_id': 'd4fce955372a4796acf41fb9d82a021e', 'system': None}, Network: None, Subnet: None, Router: None
2024-09-11 19:12:05.432 62392 INFO tempest.lib.common.rest_client [req-45b3563b-b0b4-4e56-8ee4-dfa2593b4c47 req-45b3563b-b0b4-4e56-8ee4-dfa2593b4c47 ] Request (ServicesAdminNegativeV253TestJSON:setUpClass): 201 POST http://10.180.1.21/identity/v3/users 0.175s
2024-09-11 19:12:05.439 62416 INFO tempest.lib.common.rest_client [req-f5b6bd66-aaf1-4408-8f59-38504c5e111a req-f5b6bd66-aaf1-4408-8f59-38504c5e111a ] Request (AbsoluteLimitsTestJSON:setUpClass): 204 PUT http://10.180.1.21/identity/v3/projects/49cf4ea33adf41b4a052806661fcabd2/users/174d66f4f7364743bfa90510145f54de/roles/299eb6915d7342b9906249c793ceac8c 0.305s
2024-09-11 19:12:05.439 62416 INFO tempest.lib.common.dynamic_creds [-] Dynamic test user 174d66f4f7364743bfa90510145f54de is created with scope project and roles: ['member']
2024-09-11 19:12:05.439 62416 INFO tempest.lib.common.dynamic_creds [-] Acquired dynamic creds: credentials: Credentials: {'domain_id': 'default', 'domain_name': 'Default', 'username': 'tempest-AbsoluteLimitsTestJSON-418487235-project-member', 'project_domain_id': 'default', 'project_domain_name': 'Default', 'project_id': '49cf4ea33adf41b4a052806661fcabd2', 'project_name': 'tempest-AbsoluteLimitsTestJSON-418487235', 'tenant_id': '49cf4ea33adf41b4a052806661fcabd2', 'tenant_name': 'tempest-AbsoluteLimitsTestJSON-418487235', 'user_domain_id': 'default', 'user_domain_name': 'Default', 'user_id': '174d66f4f7364743bfa90510145f54de', 'system': None}, Network: None, Subnet: None, Router: None
2024-09-11 19:12:05.439 62416 INFO tempest.lib.common.dynamic_creds [-] Created isolated network resources for: credentials: Credentials: {'domain_id': 'default', 'domain_name': 'Default', 'username': 'tempest-AbsoluteLimitsTestJSON-418487235-project-member', 'project_domain_id': 'default', 'project_domain_name': 'Default', 'project_id': '49cf4ea33adf41b4a052806661fcabd2', 'project_name': 'tempest-AbsoluteLimitsTestJSON-418487235', 'tenant_id': '49cf4ea33adf41b4a052806661fcabd2', 'tenant_name': 'tempest-AbsoluteLimitsTestJSON-418487235', 'user_domain_id': 'default', 'user_domain_name': 'Default', 'user_id': '174d66f4f7364743bfa90510145f54de', 'system': None}, Network: None, Subnet: None, Router: None
2024-09-11 19:12:05.470 62424 INFO tempest.lib.common.rest_client [req-9cfcd488-6dcc-4aef-8790-07c48b546263 req-9cfcd488-6dcc-4aef-8790-07c48b546263 ] Request (InstanceActionsTestJSON:setUpClass): 201 POST http://10.180.1.21:9696/networking/v2.0/subnets 0.709s
2024-09-11 19:12:05.489 62406 INFO tempest.lib.common.rest_client [req-d11f67a8-93dc-4b40-88b3-06f765134979 req-d11f67a8-93dc-4b40-88b3-06f765134979 ] Request (QuotasSecurityGroupAdminNegativeTest:setUpClass): 201 POST http://10.180.1.21/identity/v3/projects 0.184s
2024-09-11 19:12:05.510 62372 INFO tempest.lib.common.rest_client [req-3da0eb93-062a-4543-b76c-7fcf053c79c2 req-3da0eb93-062a-4543-b76c-7fcf053c79c2 ] Request (FlavorsV2NegativeTest:setUpClass): 201 POST http://10.180.1.21/identity/v3/auth/tokens 0.191s
2024-09-11 19:12:05.533 62374 INFO tempest.lib.common.rest_client [req-2d7b35ba-4828-47f0-995a-72c3de8d784b req-2d7b35ba-4828-47f0-995a-72c3de8d784b ] Request (ServersAdminTestJSON:setUpClass): 201 POST http://10.180.1.21/identity/v3/auth/tokens 0.159s
2024-09-11 19:12:05.542 62396 INFO tempest.lib.common.rest_client [req-f5e42777-8bad-404b-ba58-23ad08f80a54 req-f5e42777-8bad-404b-ba58-23ad08f80a54 ] Request (ServerActionsTestOtherA:setUpClass): 204 PUT http://10.180.1.21/identity/v3/projects/11adeb461a2043ea9f704e925013f872/users/6aef25a15b00474c90c4e65fd8691203/roles/299eb6915d7342b9906249c793ceac8c 0.172s
2024-09-11 19:12:05.543 62396 INFO tempest.lib.common.dynamic_creds [-] Dynamic test user 6aef25a15b00474c90c4e65fd8691203 is created with scope project and roles: ['member']
2024-09-11 19:12:05.543 62396 INFO tempest.lib.common.dynamic_creds [-] Acquired dynamic creds: credentials: Credentials: {'domain_id': 'default', 'domain_name': 'Default', 'username': 'tempest-ServerActionsTestOtherA-1144559951-project-member', 'project_domain_id': 'default', 'project_domain_name': 'Default', 'project_id': '11adeb461a2043ea9f704e925013f872', 'project_name': 'tempest-ServerActionsTestOtherA-1144559951', 'tenant_id': '11adeb461a2043ea9f704e925013f872', 'tenant_name': 'tempest-ServerActionsTestOtherA-1144559951', 'user_domain_id': 'default', 'user_domain_name': 'Default', 'user_id': '6aef25a15b00474c90c4e65fd8691203', 'system': None}, Network: None, Subnet: None, Router: None
2024-09-11 19:12:05.548 62392 INFO tempest.lib.common.rest_client [req-30a6db40-2c24-4d46-885d-ea26cf86052b req-30a6db40-2c24-4d46-885d-ea26cf86052b ] Request (ServicesAdminNegativeV253TestJSON:setUpClass): 200 GET http://10.180.1.21/identity/v3/roles 0.116s
2024-09-11 19:12:05.562 62430 INFO tempest.lib.common.rest_client [req-4999a21e-731c-439d-bf34-d891ae1ee957 req-4999a21e-731c-439d-bf34-d891ae1ee957 ] Request (VolumesAssistedSnapshotsTest:test_volume_assisted_snapshot_create_delete): 200 GET http://10.180.1.21/volume/v3/b901d93a04f2406fa1541c760f6003b1/volumes/d97c4bb7-0af7-4e6e-b421-105db9324f11 0.038s
2024-09-11 19:12:05.571 62430 INFO tempest.common.waiters [-] volume d97c4bb7-0af7-4e6e-b421-105db9324f11 reached available after waiting for 1.571791 seconds
2024-09-11 19:12:05.584 62410 INFO tempest.lib.common.rest_client [req-ee0e23cc-d522-4911-9be2-ddeca24b5681 req-ee0e23cc-d522-4911-9be2-ddeca24b5681 ] Request (HostsAdminNegativeTestJSON:tearDownClass): 200 GET http://10.180.1.21:9696/networking/v2.0/security-groups?tenant_id=7bc5a9e3bc95498880381ce6b1e3b0e2&name=default 0.387s
2024-09-11 19:12:05.600 62406 INFO tempest.lib.common.rest_client [req-b373d12a-ccb8-4ffb-aeb2-b65dd5ea7cfd req-b373d12a-ccb8-4ffb-aeb2-b65dd5ea7cfd ] Request (QuotasSecurityGroupAdminNegativeTest:setUpClass): 201 POST http://10.180.1.21/identity/v3/users 0.111s
2024-09-11 19:12:05.614 62416 INFO tempest.lib.common.rest_client [req-7c44dfc1-efe0-4738-8d43-988aed99a67d req-7c44dfc1-efe0-4738-8d43-988aed99a67d ] Request (AbsoluteLimitsTestJSON:setUpClass): 201 POST http://10.180.1.21/identity/v3/auth/tokens 0.171s
2024-09-11 19:12:05.629 62396 INFO tempest.lib.common.rest_client [req-6f57f943-ed8a-44d7-9205-2065a12fb7b4 req-6f57f943-ed8a-44d7-9205-2065a12fb7b4 ] Request (ServerActionsTestOtherA:setUpClass): 201 POST http://10.180.1.21/identity/v3/auth/tokens 0.086s
2024-09-11 19:12:05.648 62392 INFO tempest.lib.common.rest_client [req-e7fe7faa-7e90-4248-8f16-ff161ab86918 req-e7fe7faa-7e90-4248-8f16-ff161ab86918 ] Request (ServicesAdminNegativeV253TestJSON:setUpClass): 204 PUT http://10.180.1.21/identity/v3/projects/9576f3eca7b7455ea22566e301977092/users/f03932e2d35f4abd9c1c6e435390017f/roles/299eb6915d7342b9906249c793ceac8c 0.099s
2024-09-11 19:12:05.648 62392 INFO tempest.lib.common.dynamic_creds [-] Dynamic test user f03932e2d35f4abd9c1c6e435390017f is created with scope project and roles: ['member']
2024-09-11 19:12:05.649 62392 INFO tempest.lib.common.dynamic_creds [-] Acquired dynamic creds: credentials: Credentials: {'domain_id': 'default', 'domain_name': 'Default', 'username': 'tempest-ServicesAdminNegativeV253TestJSON-1618494993-project-member', 'project_domain_id': 'default', 'project_domain_name': 'Default', 'project_id': '9576f3eca7b7455ea22566e301977092', 'project_name': 'tempest-ServicesAdminNegativeV253TestJSON-1618494993', 'tenant_id': '9576f3eca7b7455ea22566e301977092', 'tenant_name': 'tempest-ServicesAdminNegativeV253TestJSON-1618494993', 'user_domain_id': 'default', 'user_domain_name': 'Default', 'user_id': 'f03932e2d35f4abd9c1c6e435390017f', 'system': None}, Network: None, Subnet: None, Router: None
2024-09-11 19:12:05.649 62392 INFO tempest.lib.common.dynamic_creds [-] Created isolated network resources for: credentials: Credentials: {'domain_id': 'default', 'domain_name': 'Default', 'username': 'tempest-ServicesAdminNegativeV253TestJSON-1618494993-project-member', 'project_domain_id': 'default', 'project_domain_name': 'Default', 'project_id': '9576f3eca7b7455ea22566e301977092', 'project_name': 'tempest-ServicesAdminNegativeV253TestJSON-1618494993', 'tenant_id': '9576f3eca7b7455ea22566e301977092', 'tenant_name': 'tempest-ServicesAdminNegativeV253TestJSON-1618494993', 'user_domain_id': 'default', 'user_domain_name': 'Default', 'user_id': 'f03932e2d35f4abd9c1c6e435390017f', 'system': None}, Network: None, Subnet: None, Router: None
2024-09-11 19:12:05.695 62406 INFO tempest.lib.common.rest_client [req-5d2f6cca-41d1-40d6-a57c-c2ffcd275b67 req-5d2f6cca-41d1-40d6-a57c-c2ffcd275b67 ] Request (QuotasSecurityGroupAdminNegativeTest:setUpClass): 200 GET http://10.180.1.21/identity/v3/roles 0.094s
2024-09-11 19:12:05.741 62406 INFO tempest.lib.common.rest_client [req-78a11fff-671a-4030-ae1a-d67f885253ec req-78a11fff-671a-4030-ae1a-d67f885253ec ] Request (QuotasSecurityGroupAdminNegativeTest:setUpClass): 204 PUT http://10.180.1.21/identity/v3/projects/5e2219669016400197555f34b0d39d8d/users/d481c81d8dde4d5fbca5aadf9faba17e/roles/299eb6915d7342b9906249c793ceac8c 0.045s
2024-09-11 19:12:05.741 62406 INFO tempest.lib.common.dynamic_creds [-] Dynamic test user d481c81d8dde4d5fbca5aadf9faba17e is created with scope project and roles: ['member']
2024-09-11 19:12:05.741 62406 INFO tempest.lib.common.dynamic_creds [-] Acquired dynamic creds: credentials: Credentials: {'domain_id': 'default', 'domain_name': 'Default', 'username': 'tempest-QuotasSecurityGroupAdminNegativeTest-1984378670-project-member', 'project_domain_id': 'default', 'project_domain_name': 'Default', 'project_id': '5e2219669016400197555f34b0d39d8d', 'project_name': 'tempest-QuotasSecurityGroupAdminNegativeTest-1984378670', 'tenant_id': '5e2219669016400197555f34b0d39d8d', 'tenant_name': 'tempest-QuotasSecurityGroupAdminNegativeTest-1984378670', 'user_domain_id': 'default', 'user_domain_name': 'Default', 'user_id': 'd481c81d8dde4d5fbca5aadf9faba17e', 'system': None}, Network: None, Subnet: None, Router: None
