2024-09-04 08:28:18.549 62959 INFO tempest.lib.common.rest_client [req-76b6a905-7cfc-4df6-ac39-a9c6d5293927 req-76b6a905-7cfc-4df6-ac39-a9c6d5293927 ] Request (ServersTestManualDisk:setUpClass): 202 POST http://10.180.1.21/compute/v2.1/servers 1.119s
2024-09-04 08:28:18.563 62977 INFO tempest.lib.common.rest_client [req-85a5bd3c-a7dc-4e9b-acd5-e8d969e32795 req-85a5bd3c-a7dc-4e9b-acd5-e8d969e32795 ] Request (AggregatesAdminNegativeTestJSON:tearDownClass): 204 DELETE http://10.180.1.21/identity/v3/projects/f6b610d39dea44adbfcd758e8992e1fc 0.134s
2024-09-04 08:28:18.566 62955 INFO tempest.lib.common.rest_client [req-a7f8c656-b549-452b-82b0-62f59eb15c13 req-a7f8c656-b549-452b-82b0-62f59eb15c13 ] Request (FlavorsAdminTestJSON:_run_cleanups): 200 GET http://10.180.1.21/compute/v2.1/flavors/detail 0.929s
2024-09-04 08:28:18.602 62963 INFO tempest.lib.common.rest_client [req-edca3fc2-2b14-4139-aabc-b075a276ad4e req-edca3fc2-2b14-4139-aabc-b075a276ad4e ] Request (KeyPairsV22TestJSON:test_keypairs_create_list_delete): 201 POST http://10.180.1.21/compute/v2.1/os-keypairs 0.940s
2024-09-04 08:28:18.644 62981 INFO tempest.lib.common.rest_client [req-95318742-84af-4fb6-ad3f-3c5466ba567e req-95318742-84af-4fb6-ad3f-3c5466ba567e ] Request (TenantUsagesTestJSON:setUpClass): 202 POST http://10.180.1.21/compute/v2.1/servers 1.175s
2024-09-04 08:28:18.649 62977 INFO tempest.lib.common.rest_client [req-675abd5d-9e6a-491b-83cd-771e32e05389 req-675abd5d-9e6a-491b-83cd-771e32e05389 ] Request (HypervisorAdminV253TestBase:setUpClass): 201 POST http://10.180.1.21/identity/v3/auth/tokens 0.084s
2024-09-04 08:28:18.658 62965 INFO tempest.lib.common.rest_client [req-6cff9db6-3731-4d10-a7dd-9b6b83360545 req-6cff9db6-3731-4d10-a7dd-9b6b83360545 ] Request (MultipleCreateTestJSON:setUpClass): 200 PUT http://10.180.1.21:9696/networking/v2.0/routers/008221da-9231-44cc-89cd-acb963135052/add_router_interface 1.514s
2024-09-04 08:28:18.658 62965 INFO tempest.lib.common.dynamic_creds [-] Created isolated network resources for: credentials: Credentials: {'domain_id': 'default', 'domain_name': 'Default', 'username': 'tempest-MultipleCreateTestJSON-375945429-project-member', 'project_domain_id': 'default', 'project_domain_name': 'Default', 'project_id': '760915ed59e341998cdbc608427b4fda', 'project_name': 'tempest-MultipleCreateTestJSON-375945429', 'tenant_id': '760915ed59e341998cdbc608427b4fda', 'tenant_name': 'tempest-MultipleCreateTestJSON-375945429', 'user_domain_id': 'default', 'user_domain_name': 'Default', 'user_id': '06e0e6dd46b946488971055f4f118008', 'system': None}, Network: {'id': 'cafa13fd-ade9-4644-ba3f-4d0b744b216f', 'name': 'tempest-MultipleCreateTestJSON-294072248-network', 'tenant_id': '760915ed59e341998cdbc608427b4fda', 'admin_state_up': True, 'mtu': 8950, 'status': 'ACTIVE', 'subnets': [], 'shared': False, 'project_id': '760915ed59e341998cdbc608427b4fda', 'port_security_enabled': True, 'router:external': False, 'provider:network_type': 'vlan', 'provider:physical_network': 'default', 'provider:segmentation_id': 690, 'is_default': False, 'availability_zone_hints': [], 'availability_zones': [], 'ipv4_address_scope': None, 'ipv6_address_scope': None, 'description': '', 'tags': [], 'created_at': '2024-09-04T08:28:14Z', 'updated_at': '2024-09-04T08:28:14Z', 'revision_number': 1}, Subnet: {'id': 'c3937c2e-d5f2-4e53-ad56-ae1d56b2fd6d', 'name': 'tempest-MultipleCreateTestJSON-294072248-subnet', 'tenant_id': '760915ed59e341998cdbc608427b4fda', 'network_id': 'cafa13fd-ade9-4644-ba3f-4d0b744b216f', 'ip_version': 4, 'subnetpool_id': None, 'enable_dhcp': True, 'ipv6_ra_mode': None, 'ipv6_address_mode': None, 'gateway_ip': '192.168.128.1', 'cidr': '192.168.128.0/28', 'allocation_pools': [{'start': '192.168.128.2', 'end': '192.168.128.14'}], 'host_routes': [], 'dns_nameservers': [], 'description': '', 'service_types': [], 'tags': [], 'created_at': '2024-09-04T08:28:15Z', 'updated_at': '2024-09-04T08:28:15Z', 'revision_number': 0, 'project_id': '760915ed59e341998cdbc608427b4fda'}, Router: {'id': '008221da-9231-44cc-89cd-acb963135052', 'name': 'tempest-MultipleCreateTestJSON-294072248-router', 'tenant_id': '760915ed59e341998cdbc608427b4fda', 'admin_state_up': True, 'status': 'ACTIVE', 'external_gateway_info': {'network_id': '31cf2a80-3eaf-4eb0-a8d5-5a83670c6048', 'external_fixed_ips': [{'subnet_id': 'a8e6832c-9fa0-44f7-8de8-d83208cea2fe', 'ip_address': '10.180.180.196'}], 'enable_snat': True}, 'description': '', 'availability_zones': [], 'distributed': False, 'ha': False, 'availability_zone_hints': [], 'routes': [], 'flavor_id': None, 'tags': [], 'created_at': '2024-09-04T08:28:15Z', 'updated_at': '2024-09-04T08:28:16Z', 'revision_number': 2, 'project_id': '760915ed59e341998cdbc608427b4fda'}
2024-09-04 08:28:18.670 62989 INFO tempest.lib.common.rest_client [req-f2d4f7a5-2e22-4e02-b26f-035fc47fb6ea req-f2d4f7a5-2e22-4e02-b26f-035fc47fb6ea ] Request (ServerGroupTestJSON:test_create_server_with_scheduler_hint_group): 200 GET http://10.180.1.21/compute/v2.1/servers/d490ad64-a2fe-4c08-b0fc-56b2e00d9c98 0.954s
2024-09-04 08:28:18.725 62992 INFO tempest.lib.common.rest_client [req-f54a38bd-35d1-4c92-b51f-749600448cf5 req-f54a38bd-35d1-4c92-b51f-749600448cf5 ] Request (ImagesTestJSON:test_create_image_from_stopped_server): 200 GET http://10.180.1.21/compute/v2.1/servers/f7a74539-8a36-450f-aec4-d059670e8f38 0.906s
2024-09-04 08:28:18.735 62977 INFO tempest.lib.common.rest_client [req-7b57d1e7-3e76-4dec-a66d-62875e931e25 req-7b57d1e7-3e76-4dec-a66d-62875e931e25 ] Request (HypervisorAdminV253TestBase:setUpClass): 201 POST http://10.180.1.21/identity/v3/auth/tokens 0.035s
2024-09-04 08:28:18.746 62943 INFO tempest.lib.common.rest_client [req-c7e2c648-cfca-4d03-9a74-fae4643517e1 req-c7e2c648-cfca-4d03-9a74-fae4643517e1 ] Request (ImagesMetadataNegativeTestJSON:test_get_nonexistent_image_metadata_item): 404 GET http://10.180.1.21/compute/v2.1/images/498f7a2f-06ca-4442-926d-5476bd8154a1/metadata/os_version 0.824s
2024-09-04 08:28:18.759 62977 INFO tempest.lib.common.rest_client [req-4897257f-5cda-4fe8-8318-51745a07b3f8 req-4897257f-5cda-4fe8-8318-51745a07b3f8 ] Request (HypervisorAdminV253TestBase:setUpClass): 200 GET http://10.180.1.21/identity/v3/domains?name=Default 0.023s
2024-09-04 08:28:18.791 62987 INFO tempest.lib.common.rest_client [req-b534d8a4-d48d-4077-b36e-c476fa71274f req-b534d8a4-d48d-4077-b36e-c476fa71274f ] Request (ImagesNegativeTestJSON:test_create_image_from_deleted_server): 200 GET http://10.180.1.21/compute/v2.1/servers/3102cc87-df1a-4de8-bfdb-9b904f40ea2e 1.071s
2024-09-04 08:28:18.793 62965 INFO tempest.lib.common.rest_client [req-5fbd576e-8e96-4574-9114-9ec9af6652a0 req-5fbd576e-8e96-4574-9114-9ec9af6652a0 ] Request (MultipleCreateTestJSON:setUpClass): 201 POST http://10.180.1.21/identity/v3/auth/tokens 0.087s
2024-09-04 08:28:18.798 62977 INFO tempest.lib.common.rest_client [req-b88029fb-4a7b-4829-b068-ea1df5b7732b req-b88029fb-4a7b-4829-b068-ea1df5b7732b ] Request (HypervisorAdminV253TestBase:setUpClass): 201 POST http://10.180.1.21/identity/v3/projects 0.038s
2024-09-04 08:28:18.851 62979 INFO tempest.lib.common.rest_client [req-88153d8a-0d17-4f25-9db1-cde46a6e772c req-88153d8a-0d17-4f25-9db1-cde46a6e772c ] Request (ListImageFiltersTestJSON:setUpClass): 200 GET http://10.180.1.21/compute/v2.1/servers/fa5248d1-bddf-4244-a363-2113b0473980 0.841s
2024-09-04 08:28:18.872 62965 INFO tempest.lib.common.rest_client [req-7b693a5c-1425-42cd-8c96-5ce9c2480dbf req-7b693a5c-1425-42cd-8c96-5ce9c2480dbf ] Request (MultipleCreateTestJSON:test_multiple_create): 201 POST http://10.180.1.21/identity/v3/auth/tokens 0.072s
2024-09-04 08:28:18.872 62965 INFO tempest.lib.common.fixed_network [-] (MultipleCreateTestJSON:test_multiple_create) Found network {'id': 'cafa13fd-ade9-4644-ba3f-4d0b744b216f', 'name': 'tempest-MultipleCreateTestJSON-294072248-network', 'tenant_id': '760915ed59e341998cdbc608427b4fda', 'admin_state_up': True, 'mtu': 8950, 'status': 'ACTIVE', 'subnets': [], 'shared': False, 'project_id': '760915ed59e341998cdbc608427b4fda', 'port_security_enabled': True, 'router:external': False, 'provider:network_type': 'vlan', 'provider:physical_network': 'default', 'provider:segmentation_id': 690, 'is_default': False, 'availability_zone_hints': [], 'availability_zones': [], 'ipv4_address_scope': None, 'ipv6_address_scope': None, 'description': '', 'tags': [], 'created_at': '2024-09-04T08:28:14Z', 'updated_at': '2024-09-04T08:28:14Z', 'revision_number': 1} available for tenant
2024-09-04 08:28:18.875 62939 INFO tempest.lib.common.rest_client [req-3c11e19a-d2f0-46c6-b931-3dec08734684 req-3c11e19a-d2f0-46c6-b931-3dec08734684 ] Request (FlavorsV255TestJSON:_run_cleanups): 202 DELETE http://10.180.1.21/compute/v2.1/flavors/2000503306 0.796s
2024-09-04 08:28:18.875 62941 INFO tempest.lib.common.rest_client [req-69435fe7-05c5-4add-b2a5-2cf28284982c req-69435fe7-05c5-4add-b2a5-2cf28284982c ] Request (DeleteServersTestJSON:test_delete_active_server): 200 GET http://10.180.1.21/compute/v2.1/servers/8053d2ae-ca61-4282-aa89-83f3a2e107bc 0.930s
2024-09-04 08:28:18.888 62977 INFO tempest.lib.common.rest_client [req-1398f59a-0b19-45d3-ae59-9e95d2b45778 req-1398f59a-0b19-45d3-ae59-9e95d2b45778 ] Request (HypervisorAdminV253TestBase:setUpClass): 201 POST http://10.180.1.21/identity/v3/users 0.090s
2024-09-04 08:28:18.923 62977 INFO tempest.lib.common.rest_client [req-9b864b7b-91e6-41de-9646-33e4826e1478 req-9b864b7b-91e6-41de-9646-33e4826e1478 ] Request (HypervisorAdminV253TestBase:setUpClass): 200 GET http://10.180.1.21/identity/v3/roles 0.033s
2024-09-04 08:28:18.956 62961 INFO tempest.lib.common.rest_client [req-0eecac8f-091e-46c2-afcc-da80cd12ce1f req-0eecac8f-091e-46c2-afcc-da80cd12ce1f ] Request (ServersAdmin275Test:test_rebuild_update_server_275): 200 GET http://10.180.1.21/compute/v2.1/servers/b2ec3212-25e1-4027-801d-a23309a4d0e6 0.873s
2024-09-04 08:28:18.991 62977 INFO tempest.lib.common.rest_client [req-65754b51-9685-45e3-a1ab-63573a551af0 req-65754b51-9685-45e3-a1ab-63573a551af0 ] Request (HypervisorAdminV253TestBase:setUpClass): 204 PUT http://10.180.1.21/identity/v3/projects/14f86c23e5ac4389854904bb94458f63/users/81b369941573401b98a196488d7e38fa/roles/1f9233be99c1471d853731467dad3c7d 0.067s
2024-09-04 08:28:18.991 62977 INFO tempest.lib.common.dynamic_creds [-] Dynamic test user 81b369941573401b98a196488d7e38fa is created with scope project and roles: ['member']
2024-09-04 08:28:18.992 62977 INFO tempest.lib.common.dynamic_creds [-] Acquired dynamic creds: credentials: Credentials: {'domain_id': 'default', 'domain_name': 'Default', 'username': 'tempest-HypervisorAdminV253TestBase-1059826131-project-member', 'project_domain_id': 'default', 'project_domain_name': 'Default', 'project_id': '14f86c23e5ac4389854904bb94458f63', 'project_name': 'tempest-HypervisorAdminV253TestBase-1059826131', 'tenant_id': '14f86c23e5ac4389854904bb94458f63', 'tenant_name': 'tempest-HypervisorAdminV253TestBase-1059826131', 'user_domain_id': 'default', 'user_domain_name': 'Default', 'user_id': '81b369941573401b98a196488d7e38fa', 'system': None}, Network: None, Subnet: None, Router: None
2024-09-04 08:28:18.992 62977 INFO tempest.lib.common.dynamic_creds [-] Created isolated network resources for: credentials: Credentials: {'domain_id': 'default', 'domain_name': 'Default', 'username': 'tempest-HypervisorAdminV253TestBase-1059826131-project-member', 'project_domain_id': 'default', 'project_domain_name': 'Default', 'project_id': '14f86c23e5ac4389854904bb94458f63', 'project_name': 'tempest-HypervisorAdminV253TestBase-1059826131', 'tenant_id': '14f86c23e5ac4389854904bb94458f63', 'tenant_name': 'tempest-HypervisorAdminV253TestBase-1059826131', 'user_domain_id': 'default', 'user_domain_name': 'Default', 'user_id': '81b369941573401b98a196488d7e38fa', 'system': None}, Network: None, Subnet: None, Router: None
2024-09-04 08:28:19.092 62977 INFO tempest.lib.common.rest_client [req-f8030e9a-cc22-40ea-926e-0200a2c671e8 req-f8030e9a-cc22-40ea-926e-0200a2c671e8 ] Request (HypervisorAdminV253TestBase:setUpClass): 201 POST http://10.180.1.21/identity/v3/auth/tokens 0.094s
2024-09-04 08:28:19.097 62945 INFO tempest.lib.common.rest_client [req-fc511db9-f615-4820-90d8-ad7b0cb3c358 req-fc511db9-f615-4820-90d8-ad7b0cb3c358 ] Request (ImagesOneServerTestJSON:setUpClass): 200 GET http://10.180.1.21/compute/v2.1/servers/b326be2c-43f2-4f04-9652-cec7e017288e 0.968s
2024-09-04 08:28:19.158 62951 INFO tempest.lib.common.rest_client [req-9fb4b598-0f6a-45be-99f0-2ca91fb68abd req-9fb4b598-0f6a-45be-99f0-2ca91fb68abd ] Request (ServersV294TestFqdnHostnames:setUpClass): 200 GET http://10.180.1.21/compute/v2.1/servers/a24df1e4-2865-4ab3-beae-0892dca12bef 0.888s
2024-09-04 08:28:19.159 62977 INFO tempest.lib.common.rest_client [req-776d5a11-a2a6-44b9-9c18-856e732ab272 req-776d5a11-a2a6-44b9-9c18-856e732ab272 ] Request (HypervisorAdminV253TestBase:setUpClass): 201 POST http://10.180.1.21/identity/v3/projects 0.066s
2024-09-04 08:28:19.232 62977 INFO tempest.lib.common.rest_client [req-a61da4e5-2700-43d1-aa8b-d88fdcd69262 req-a61da4e5-2700-43d1-aa8b-d88fdcd69262 ] Request (HypervisorAdminV253TestBase:setUpClass): 201 POST http://10.180.1.21/identity/v3/users 0.072s
2024-09-04 08:28:19.250 62977 INFO tempest.lib.common.rest_client [req-a1114853-80a1-4c20-99f6-fa952d56df0f req-a1114853-80a1-4c20-99f6-fa952d56df0f ] Request (HypervisorAdminV253TestBase:setUpClass): 200 GET http://10.180.1.21/identity/v3/roles 0.017s
2024-09-04 08:28:19.276 62977 INFO tempest.lib.common.rest_client [req-5cb843bb-a7a4-46b6-95bf-9169ccd4af95 req-5cb843bb-a7a4-46b6-95bf-9169ccd4af95 ] Request (HypervisorAdminV253TestBase:setUpClass): 204 PUT http://10.180.1.21/identity/v3/projects/4784b39ca38b48f98eeb808a7e8c64b9/users/31f945b674f748ef957a9f2ac58e1ae4/roles/6656f822b0644d798fd417b096549499 0.025s
2024-09-04 08:28:19.283 62957 INFO tempest.lib.common.rest_client [req-ae07cc3d-d1c8-4d6d-bfef-9708ce7b4b06 req-ae07cc3d-d1c8-4d6d-bfef-9708ce7b4b06 ] Request (AttachInterfacesV270Test:test_create_get_list_interfaces): 200 GET http://10.180.1.21/compute/v2.1/servers/4f0d1356-bdfb-4cb2-979a-e28f9025b311 0.920s
2024-09-04 08:28:19.321 62977 INFO tempest.lib.common.rest_client [req-9089f548-b19d-4ab7-83f7-b0e4a61b67cb req-9089f548-b19d-4ab7-83f7-b0e4a61b67cb ] Request (HypervisorAdminV253TestBase:setUpClass): 200 GET http://10.180.1.21/identity/v3/roles 0.045s
2024-09-04 08:28:19.323 62975 INFO tempest.lib.common.rest_client [req-f8cfd935-be7b-450e-9e46-b5d4580aa853 req-f8cfd935-be7b-450e-9e46-b5d4580aa853 ] Request (FloatingIPsAssociationTestJSON:setUpClass): 200 GET http://10.180.1.21/compute/v2.1/servers/53f7fc38-a541-4843-883d-da7311445fe5 0.895s
2024-09-04 08:28:19.328 62931 INFO tempest.lib.common.rest_client [req-fdb931d6-9af8-4066-877b-b4a0443b9640 req-fdb931d6-9af8-4066-877b-b4a0443b9640 ] Request (ServerMetadataNegativeTestJSON:setUpClass): 200 GET http://10.180.1.21/compute/v2.1/servers/4f89b342-0375-48f5-b5cf-713a8d57a182 0.889s
2024-09-04 08:28:19.342 62977 INFO tempest.lib.common.rest_client [req-d8d690a2-758f-4901-adb0-724134ace922 req-d8d690a2-758f-4901-adb0-724134ace922 ] Request (HypervisorAdminV253TestBase:setUpClass): 204 PUT http://10.180.1.21/identity/v3/projects/4784b39ca38b48f98eeb808a7e8c64b9/users/31f945b674f748ef957a9f2ac58e1ae4/roles/6656f822b0644d798fd417b096549499 0.020s
2024-09-04 08:28:19.343 62977 INFO tempest.lib.common.dynamic_creds [-] Dynamic test user 31f945b674f748ef957a9f2ac58e1ae4 is created with scope project and roles: ['admin']
2024-09-04 08:28:19.343 62977 INFO tempest.lib.common.dynamic_creds [-] Acquired dynamic creds: credentials: Credentials: {'domain_id': 'default', 'domain_name': 'Default', 'username': 'tempest-HypervisorAdminV253TestBase-1909658307-project-admin', 'project_domain_id': 'default', 'project_domain_name': 'Default', 'project_id': '4784b39ca38b48f98eeb808a7e8c64b9', 'project_name': 'tempest-HypervisorAdminV253TestBase-1909658307', 'tenant_id': '4784b39ca38b48f98eeb808a7e8c64b9', 'tenant_name': 'tempest-HypervisorAdminV253TestBase-1909658307', 'user_domain_id': 'default', 'user_domain_name': 'Default', 'user_id': '31f945b674f748ef957a9f2ac58e1ae4', 'system': None}, Network: None, Subnet: None, Router: None
2024-09-04 08:28:19.343 62977 INFO tempest.lib.common.dynamic_creds [-] Created isolated network resources for: credentials: Credentials: {'domain_id': 'default', 'domain_name': 'Default', 'username': 'tempest-HypervisorAdminV253TestBase-1909658307-project-admin', 'project_domain_id': 'default', 'project_domain_name': 'Default', 'project_id': '4784b39ca38b48f98eeb808a7e8c64b9', 'project_name': 'tempest-HypervisorAdminV253TestBase-1909658307', 'tenant_id': '4784b39ca38b48f98eeb808a7e8c64b9', 'tenant_name': 'tempest-HypervisorAdminV253TestBase-1909658307', 'user_domain_id': 'default', 'user_domain_name': 'Default', 'user_id': '31f945b674f748ef957a9f2ac58e1ae4', 'system': None}, Network: None, Subnet: None, Router: None
2024-09-04 08:28:19.371 62947 INFO tempest.lib.common.rest_client [req-5be4fe56-2987-4e4d-a77c-688d30f5b65e req-5be4fe56-2987-4e4d-a77c-688d30f5b65e ] Request (ServersAdminTestJSON:setUpClass): 200 GET http://10.180.1.21/compute/v2.1/servers/ab15259f-6344-4ba0-9abd-8b0ee7df59fa 0.846s
2024-09-04 08:28:19.419 62977 INFO tempest.lib.common.rest_client [req-57bad892-3052-49ff-ab39-fc0ae006f936 req-57bad892-3052-49ff-ab39-fc0ae006f936 ] Request (HypervisorAdminV253TestBase:setUpClass): 201 POST http://10.180.1.21/identity/v3/auth/tokens 0.072s
2024-09-04 08:28:19.424 62959 INFO tempest.lib.common.rest_client [req-e5230865-f0b4-4c28-8ea5-8d30c2af93bf req-e5230865-f0b4-4c28-8ea5-8d30c2af93bf ] Request (ServersTestManualDisk:setUpClass): 200 GET http://10.180.1.21/compute/v2.1/servers/68aa9321-22ce-45a0-8323-fa8564dca46b 0.873s
2024-09-04 08:28:19.441 62955 INFO tempest.lib.common.rest_client [req-118860c6-58c0-42ab-92fa-5570bb25183d req-118860c6-58c0-42ab-92fa-5570bb25183d ] Request (FlavorsAdminTestJSON:_run_cleanups): 202 DELETE http://10.180.1.21/compute/v2.1/flavors/1689423208 0.867s
2024-09-04 08:28:19.477 62969 INFO tempest.lib.common.rest_client [req-d2f40bc7-0d7b-446d-aafc-9eaa69eef8cf req-d2f40bc7-0d7b-446d-aafc-9eaa69eef8cf ] Request (ServerExternalEventsTest:test_create_server_external_events): 200 GET http://10.180.1.21/compute/v2.1/servers/61b01264-eb0f-410c-8b39-971b95d16bb9 0.937s
2024-09-04 08:28:19.493 62933 INFO tempest.lib.common.rest_client [req-62bdedf7-dd1c-402a-82fa-92b0ba768d0b req-62bdedf7-dd1c-402a-82fa-92b0ba768d0b ] Request (AttachInterfacesTestJSON:test_create_list_show_delete_interfaces_by_fixed_ip): 200 GET http://10.180.1.21/compute/v2.1/servers/26712c18-d9f4-4d7d-80fb-4d527da9c1e3 0.914s
2024-09-04 08:28:19.518 62963 INFO tempest.lib.common.rest_client [req-efa96036-4684-4330-8b7b-d0228133bd2b req-efa96036-4684-4330-8b7b-d0228133bd2b ] Request (KeyPairsV22TestJSON:test_keypairs_create_list_delete): 201 POST http://10.180.1.21/compute/v2.1/os-keypairs 0.914s
2024-09-04 08:28:19.553 62983 INFO tempest.lib.common.rest_client [req-2c876e22-08bc-4f63-a192-078b6945a558 req-2c876e22-08bc-4f63-a192-078b6945a558 ] Request (ServerDiskConfigTestJSON:test_rebuild_server_with_auto_disk_config): 200 GET http://10.180.1.21/compute/v2.1/servers/e473e254-387f-4581-97bc-bdeab221b10f 0.920s
2024-09-04 08:28:19.573 62981 INFO tempest.lib.common.rest_client [req-371c4183-a64a-4ceb-899a-2d22cfe2717f req-371c4183-a64a-4ceb-899a-2d22cfe2717f ] Request (TenantUsagesTestJSON:setUpClass): 200 GET http://10.180.1.21/compute/v2.1/servers/4ec9a397-1e4b-4767-b926-ccc6f63a951c 0.927s
2024-09-04 08:28:19.624 62971 INFO tempest.lib.common.rest_client [req-adf1b085-ffd2-4ace-a3d7-b61bd973e6a5 req-adf1b085-ffd2-4ace-a3d7-b61bd973e6a5 ] Request (ServerAddressesTestJSON:setUpClass): 200 GET http://10.180.1.21/compute/v2.1/servers/f98589dc-ea7a-44c8-8cca-119d126ea0de 0.922s
2024-09-04 08:28:19.643 62943 INFO tempest.lib.common.rest_client [req-13720163-d572-4270-8144-7089883af3ff req-13720163-d572-4270-8144-7089883af3ff ] Request (ImagesMetadataNegativeTestJSON:test_list_nonexistent_image_metadata): 404 GET http://10.180.1.21/compute/v2.1/images/6e4ea3d7-a93f-4bf7-b99e-138a1707388c/metadata 0.895s
2024-09-04 08:28:19.691 62935 INFO tempest.lib.common.rest_client [req-364351cf-afe4-4319-9dec-9f4c4f95643e req-364351cf-afe4-4319-9dec-9f4c4f95643e ] Request (VolumesAssistedSnapshotsTest:test_volume_assisted_snapshot_create_delete): 200 GET http://10.180.1.21/compute/v2.1/servers/fedb62e0-2602-4772-9e5d-00645922d2a8 0.939s
2024-09-04 08:28:19.714 62967 INFO tempest.lib.common.rest_client [req-d96a76ae-91e8-4b12-b6d7-6f5793796433 req-d96a76ae-91e8-4b12-b6d7-6f5793796433 ] Request (ServerDiagnosticsNegativeTest:test_get_server_diagnostics_by_non_admin): 200 GET http://10.180.1.21/compute/v2.1/servers/75050b95-60c6-4e44-a1d5-0d47492dd739 1.066s
2024-09-04 08:28:19.739 62993 INFO tempest.lib.common.rest_client [req-411eb2f7-3830-444f-9a8a-f7a474d63989 req-411eb2f7-3830-444f-9a8a-f7a474d63989 ] Request (ServersTestBootFromVolume:setUpClass): 200 GET http://10.180.1.21/compute/v2.1/servers/1ae43e6d-c9ac-494d-a7a9-1f6ff538345a 0.926s
2024-09-04 08:28:19.826 62949 INFO tempest.lib.common.rest_client [req-bebac3ba-6ea4-48f3-ad9f-2d4c72d8fb16 req-bebac3ba-6ea4-48f3-ad9f-2d4c72d8fb16 ] Request (MigrationsAdminTest:test_list_migrations_in_flavor_resize_situation): 200 GET http://10.180.1.21/compute/v2.1/servers/fece072a-baac-4301-988c-0068d6e71cff 0.999s
2024-09-04 08:28:19.840 62939 INFO tempest.lib.common.rest_client [req-ebad10ac-17d6-435a-b484-5ae392d5ebb4 req-ebad10ac-17d6-435a-b484-5ae392d5ebb4 ] Request (FlavorsV255TestJSON:_run_cleanups): 200 GET http://10.180.1.21/compute/v2.1/flavors/detail 0.963s
2024-09-04 08:28:19.893 62937 INFO tempest.lib.common.rest_client [req-27efc988-a1c6-45b6-a407-912b1fdc2ad7 req-27efc988-a1c6-45b6-a407-912b1fdc2ad7 ] Request (ServersWithSpecificFlavorTestJSON:test_verify_created_server_ephemeral_disk): 200 GET http://10.180.1.21/compute/v2.1/servers/425930c0-b9f8-4966-ae9d-0687d0a07213 0.997s
2024-09-04 08:28:19.972 62939 INFO tempest.lib.common.rest_client [req-6fc91742-a4c5-47b9-af9a-b8963c04f5e1 req-6fc91742-a4c5-47b9-af9a-b8963c04f5e1 ] Request (FlavorsV255TestJSON:tearDownClass): 204 DELETE http://10.180.1.21/identity/v3/users/ced843b3840c4a6f9bda4541b9ddfc96 0.124s
2024-09-04 08:28:20.075 62973 INFO tempest.lib.common.rest_client [req-fbd2c26b-a492-4be7-b684-4437668b3b09 req-fbd2c26b-a492-4be7-b684-4437668b3b09 ] Request (ServerActionsTestOtherB:setUpClass): 200 GET http://10.180.1.21/compute/v2.1/servers/9d175573-2af2-4f66-98cd-411d10f749f0 1.012s
2024-09-04 08:28:20.082 62939 INFO tempest.lib.common.rest_client [req-f1ecd4d0-adbd-4fea-bd43-f9861e7422b9 req-f1ecd4d0-adbd-4fea-bd43-f9861e7422b9 ] Request (FlavorsV255TestJSON:tearDownClass): 204 DELETE http://10.180.1.21/identity/v3/users/f86216e736a94f4cac64b03e67617a2e 0.109s
2024-09-04 08:28:20.082 62939 INFO tempest.lib.common.dynamic_creds [-] Deleting project and security group for project: b94e8904d58c4f44a5c88bb48db4d636
2024-09-04 08:28:20.137 62939 INFO tempest.lib.common.rest_client [req-c0e19fcd-1dd2-4fa4-8873-ac6c508458b8 req-c0e19fcd-1dd2-4fa4-8873-ac6c508458b8 ] Request (FlavorsV255TestJSON:tearDownClass): 201 POST http://10.180.1.21/identity/v3/auth/tokens 0.054s
2024-09-04 08:28:20.263 62977 INFO tempest.lib.common.rest_client [req-b767958d-c6bb-4807-8202-cf85df0fc554 req-b767958d-c6bb-4807-8202-cf85df0fc554 ] Request (HypervisorAdminV253TestBase:test_list_show_detail_hypervisors): 200 GET http://10.180.1.21/compute/v2.1/os-hypervisors/detail?with_servers=True 0.843s
2024-09-04 08:28:20.278 62955 INFO tempest.lib.common.rest_client [req-30a49618-338e-490e-9a1a-5ac14bb11120 req-30a49618-338e-490e-9a1a-5ac14bb11120 ] Request (FlavorsAdminTestJSON:_run_cleanups): 200 GET http://10.180.1.21/compute/v2.1/flavors/detail 0.836s
2024-09-04 08:28:20.282 62965 INFO tempest.lib.common.rest_client [req-27895476-da6b-47f1-82c4-8733c058c222 req-27895476-da6b-47f1-82c4-8733c058c222 ] Request (MultipleCreateTestJSON:test_multiple_create): 202 POST http://10.180.1.21/compute/v2.1/servers 1.409s
2024-09-04 08:28:20.304 62943 INFO tempest.lib.common.rest_client [req-9e23a845-f7e8-4f36-9b92-682080296517 req-9e23a845-f7e8-4f36-9b92-682080296517 ] Request (ImagesMetadataNegativeTestJSON:test_set_nonexistent_image_metadata): 404 PUT http://10.180.1.21/compute/v2.1/images/d3b83bc3-42dd-44de-9b31-a3950bcd0cdd/metadata 0.659s
2024-09-04 08:28:20.313 62963 INFO tempest.lib.common.rest_client [req-72cb3913-7cf7-46f0-893b-d545f8a70c36 req-72cb3913-7cf7-46f0-893b-d545f8a70c36 ] Request (KeyPairsV22TestJSON:test_keypairs_create_list_delete): 201 POST http://10.180.1.21/compute/v2.1/os-keypairs 0.793s
2024-09-04 08:28:20.327 62939 INFO tempest.lib.common.rest_client [req-357a4ea4-6358-426e-9979-31ef74517a2a req-357a4ea4-6358-426e-9979-31ef74517a2a ] Request (FlavorsV255TestJSON:tearDownClass): 200 GET http://10.180.1.21:9696/networking/v2.0/security-groups?tenant_id=b94e8904d58c4f44a5c88bb48db4d636&name=default 0.190s
2024-09-04 08:28:20.365 62992 INFO tempest.lib.common.rest_client [req-e8c04753-9750-4187-a34a-1cdafa9d1182 req-e8c04753-9750-4187-a34a-1cdafa9d1182 ] Request (ImagesTestJSON:test_create_image_from_stopped_server): 200 GET http://10.180.1.21/compute/v2.1/servers/f7a74539-8a36-450f-aec4-d059670e8f38 0.630s
2024-09-04 08:28:20.372 62989 INFO tempest.lib.common.rest_client [req-809920ae-b37c-4352-b0d0-64e7feecf263 req-809920ae-b37c-4352-b0d0-64e7feecf263 ] Request (ServerGroupTestJSON:test_create_server_with_scheduler_hint_group): 200 GET http://10.180.1.21/compute/v2.1/servers/d490ad64-a2fe-4c08-b0fc-56b2e00d9c98 0.691s
2024-09-04 08:28:20.431 62979 INFO tempest.lib.common.rest_client [req-4badc987-f0a5-4d37-a5da-26a12104509e req-4badc987-f0a5-4d37-a5da-26a12104509e ] Request (ListImageFiltersTestJSON:setUpClass): 200 GET http://10.180.1.21/compute/v2.1/servers/fa5248d1-bddf-4244-a363-2113b0473980 0.572s
2024-09-04 08:28:20.576 62939 INFO tempest.lib.common.rest_client [req-d09d7003-322f-4556-9bb6-3f3294935c2f req-d09d7003-322f-4556-9bb6-3f3294935c2f ] Request (FlavorsV255TestJSON:tearDownClass): 204 DELETE http://10.180.1.21:9696/networking/v2.0/security-groups/4a4c6eff-77bc-4f26-b17f-d616368e0b1d 0.248s
2024-09-04 08:28:20.620 62941 INFO tempest.lib.common.rest_client [req-50616652-7307-483b-8506-22d95e41d089 req-50616652-7307-483b-8506-22d95e41d089 ] Request (DeleteServersTestJSON:test_delete_active_server): 200 GET http://10.180.1.21/compute/v2.1/servers/8053d2ae-ca61-4282-aa89-83f3a2e107bc 0.736s
2024-09-04 08:28:20.641 62987 INFO tempest.lib.common.rest_client [req-e7213b84-d5e5-40ec-9000-1fec82c2ffb5 req-e7213b84-d5e5-40ec-9000-1fec82c2ffb5 ] Request (ImagesNegativeTestJSON:test_create_image_from_deleted_server): 200 GET http://10.180.1.21/compute/v2.1/servers/3102cc87-df1a-4de8-bfdb-9b904f40ea2e 0.842s
2024-09-04 08:28:20.657 62939 INFO tempest.lib.common.rest_client [req-f9eb39c7-1286-4574-a08a-331e095f53ee req-f9eb39c7-1286-4574-a08a-331e095f53ee ] Request (FlavorsV255TestJSON:tearDownClass): 204 DELETE http://10.180.1.21/identity/v3/projects/b94e8904d58c4f44a5c88bb48db4d636 0.080s
2024-09-04 08:28:20.658 62939 INFO tempest.lib.common.dynamic_creds [-] Deleting project and security group for project: ae3a811e7f054c96890562ac1715e142
2024-09-04 08:28:20.686 62961 INFO tempest.lib.common.rest_client [req-5c29049b-cbe3-4502-b3c6-bed1e0568538 req-5c29049b-cbe3-4502-b3c6-bed1e0568538 ] Request (ServersAdmin275Test:test_rebuild_update_server_275): 200 GET http://10.180.1.21/compute/v2.1/servers/b2ec3212-25e1-4027-801d-a23309a4d0e6 0.714s
2024-09-04 08:28:20.792 62945 INFO tempest.lib.common.rest_client [req-8d9a5c85-a1fc-4062-b710-a5544abc1207 req-8d9a5c85-a1fc-4062-b710-a5544abc1207 ] Request (ImagesOneServerTestJSON:setUpClass): 200 GET http://10.180.1.21/compute/v2.1/servers/b326be2c-43f2-4f04-9652-cec7e017288e 0.685s
2024-09-04 08:28:20.831 62939 INFO tempest.lib.common.rest_client [req-0b814ccb-fffe-4316-b3e6-1486b03ac57f req-0b814ccb-fffe-4316-b3e6-1486b03ac57f ] Request (FlavorsV255TestJSON:tearDownClass): 200 GET http://10.180.1.21:9696/networking/v2.0/security-groups?tenant_id=ae3a811e7f054c96890562ac1715e142&name=default 0.173s
2024-09-04 08:28:20.837 62977 INFO tempest.lib.common.rest_client [req-6faca094-636e-4808-a98f-62d5c2287c8e req-6faca094-636e-4808-a98f-62d5c2287c8e ] Request (HypervisorAdminV253TestBase:test_list_show_detail_hypervisors): 200 GET http://10.180.1.21/compute/v2.1/os-hypervisors?with_servers=True 0.568s
2024-09-04 08:28:20.851 62955 INFO tempest.lib.common.rest_client [req-8ca3e9d8-09f6-48db-8969-c4e5f45831e9 req-8ca3e9d8-09f6-48db-8969-c4e5f45831e9 ] Request (FlavorsAdminTestJSON:test_list_non_public_flavor): 200 POST http://10.180.1.21/compute/v2.1/flavors 0.568s
2024-09-04 08:28:20.866 62951 INFO tempest.lib.common.rest_client [req-6cafc83d-007d-4c9f-a60a-e8f3a1fd82ef req-6cafc83d-007d-4c9f-a60a-e8f3a1fd82ef ] Request (ServersV294TestFqdnHostnames:setUpClass): 200 GET http://10.180.1.21/compute/v2.1/servers/a24df1e4-2865-4ab3-beae-0892dca12bef 0.699s
2024-09-04 08:28:20.959 62939 INFO tempest.lib.common.rest_client [req-76cc84c1-a69f-4a52-a9fb-3fca5e489511 req-76cc84c1-a69f-4a52-a9fb-3fca5e489511 ] Request (FlavorsV255TestJSON:tearDownClass): 204 DELETE http://10.180.1.21:9696/networking/v2.0/security-groups/e8eaf8e9-1271-4d05-9897-27f25e740ea7 0.127s
2024-09-04 08:28:20.963 62965 INFO tempest.lib.common.rest_client [req-d8d5df08-4ebd-40f4-81d4-5aa05338cf3b req-d8d5df08-4ebd-40f4-81d4-5aa05338cf3b ] Request (MultipleCreateTestJSON:test_multiple_create): 200 GET http://10.180.1.21/compute/v2.1/servers 0.679s
2024-09-04 08:28:20.982 62943 INFO tempest.lib.common.rest_client [req-6d33d38d-af61-46eb-84d5-ed0281d45bd7 req-6d33d38d-af61-46eb-84d5-ed0281d45bd7 ] Request (ImagesMetadataNegativeTestJSON:test_set_nonexistent_image_metadata_item): 404 PUT http://10.180.1.21/compute/v2.1/images/96a6c1ab-df54-4ede-9243-3096788be10e/metadata/os_distro 0.677s
2024-09-04 08:28:20.985 62957 INFO tempest.lib.common.rest_client [req-adf922b4-0f23-4818-b8cf-da7af5daef84 req-adf922b4-0f23-4818-b8cf-da7af5daef84 ] Request (AttachInterfacesV270Test:test_create_get_list_interfaces): 200 GET http://10.180.1.21/compute/v2.1/servers/4f0d1356-bdfb-4cb2-979a-e28f9025b311 0.690s
2024-09-04 08:28:20.991 62963 INFO tempest.lib.common.rest_client [req-1b545312-1bd4-468f-90db-5ab6fb847fc5 req-1b545312-1bd4-468f-90db-5ab6fb847fc5 ] Request (KeyPairsV22TestJSON:test_keypairs_create_list_delete): 200 GET http://10.180.1.21/compute/v2.1/os-keypairs 0.676s
2024-09-04 08:28:21.048 62931 INFO tempest.lib.common.rest_client [req-2b21937b-9e14-43af-9504-31aee0893c2c req-2b21937b-9e14-43af-9504-31aee0893c2c ] Request (ServerMetadataNegativeTestJSON:setUpClass): 200 GET http://10.180.1.21/compute/v2.1/servers/4f89b342-0375-48f5-b5cf-713a8d57a182 0.712s
2024-09-04 08:28:21.051 62975 INFO tempest.lib.common.rest_client [req-9730e50c-6160-4dd0-b54a-f8fed508fb83 req-9730e50c-6160-4dd0-b54a-f8fed508fb83 ] Request (FloatingIPsAssociationTestJSON:setUpClass): 200 GET http://10.180.1.21/compute/v2.1/servers/53f7fc38-a541-4843-883d-da7311445fe5 0.722s
2024-09-04 08:28:21.056 62931 INFO tempest.common.waiters [-] State transition "BUILD/scheduling" ==> "BUILD/None" after 25 second wait
2024-09-04 08:28:21.057 62975 INFO tempest.common.waiters [-] State transition "BUILD/spawning" ==> "ERROR/None" after 60 second wait
2024-09-04 08:28:21.068 62939 INFO tempest.lib.common.rest_client [req-5f6e7939-8346-425f-9c83-bdf15b3abc61 req-5f6e7939-8346-425f-9c83-bdf15b3abc61 ] Request (FlavorsV255TestJSON:tearDownClass): 204 DELETE http://10.180.1.21/identity/v3/projects/ae3a811e7f054c96890562ac1715e142 0.109s
2024-09-04 08:28:21.101 62947 INFO tempest.lib.common.rest_client [req-4c2d6026-573f-494c-a1dc-a9632998c1d3 req-4c2d6026-573f-494c-a1dc-a9632998c1d3 ] Request (ServersAdminTestJSON:setUpClass): 200 GET http://10.180.1.21/compute/v2.1/servers/ab15259f-6344-4ba0-9abd-8b0ee7df59fa 0.718s
2024-09-04 08:28:21.106 62959 INFO tempest.lib.common.rest_client [req-5b1c2500-7076-42bf-bbe1-34e4de3b0fa2 req-5b1c2500-7076-42bf-bbe1-34e4de3b0fa2 ] Request (ServersTestManualDisk:setUpClass): 200 GET http://10.180.1.21/compute/v2.1/servers/68aa9321-22ce-45a0-8323-fa8564dca46b 0.673s
2024-09-04 08:28:21.129 62939 INFO tempest.lib.common.rest_client [req-1aa0be9d-3372-4517-bc97-971a717ec87b req-1aa0be9d-3372-4517-bc97-971a717ec87b ] Request (ServerRescueNegativeTestJSON:setUpClass): 201 POST http://10.180.1.21/identity/v3/auth/tokens 0.059s
2024-09-04 08:28:21.160 62933 INFO tempest.lib.common.rest_client [req-be2bb1a9-9a92-4748-945e-f4ece7dcf58d req-be2bb1a9-9a92-4748-945e-f4ece7dcf58d ] Request (AttachInterfacesTestJSON:test_create_list_show_delete_interfaces_by_fixed_ip): 200 GET http://10.180.1.21/compute/v2.1/servers/26712c18-d9f4-4d7d-80fb-4d527da9c1e3 0.656s
2024-09-04 08:28:21.160 62939 INFO tempest.lib.common.rest_client [req-4f663898-a40a-440c-b545-4e076a88342c req-4f663898-a40a-440c-b545-4e076a88342c ] Request (ServerRescueNegativeTestJSON:setUpClass): 201 POST http://10.180.1.21/identity/v3/auth/tokens 0.029s
2024-09-04 08:28:21.185 62939 INFO tempest.lib.common.rest_client [req-c27aed7d-b5f2-4336-9504-5193b624fa07 req-c27aed7d-b5f2-4336-9504-5193b624fa07 ] Request (ServerRescueNegativeTestJSON:setUpClass): 200 GET http://10.180.1.21/identity/v3/domains?name=Default 0.024s
2024-09-04 08:28:21.209 62983 INFO tempest.lib.common.rest_client [req-93819c7a-7068-4a0f-8b44-405a6e5e067c req-93819c7a-7068-4a0f-8b44-405a6e5e067c ] Request (ServerDiskConfigTestJSON:test_rebuild_server_with_auto_disk_config): 200 GET http://10.180.1.21/compute/v2.1/servers/e473e254-387f-4581-97bc-bdeab221b10f 0.647s
2024-09-04 08:28:21.224 62939 INFO tempest.lib.common.rest_client [req-b15e4482-00ca-4a6a-903e-4a1ca31f3b87 req-b15e4482-00ca-4a6a-903e-4a1ca31f3b87 ] Request (ServerRescueNegativeTestJSON:setUpClass): 201 POST http://10.180.1.21/identity/v3/projects 0.038s
2024-09-04 08:28:21.236 62969 INFO tempest.lib.common.rest_client [req-fab5c37f-16de-47e3-b8e0-17a406d7aad3 req-fab5c37f-16de-47e3-b8e0-17a406d7aad3 ] Request (ServerExternalEventsTest:test_create_server_external_events): 200 GET http://10.180.1.21/compute/v2.1/servers/61b01264-eb0f-410c-8b39-971b95d16bb9 0.752s
2024-09-04 08:28:21.280 62981 INFO tempest.lib.common.rest_client [req-57cacbab-91be-4db2-b4b2-a92cb390148b req-57cacbab-91be-4db2-b4b2-a92cb390148b ] Request (TenantUsagesTestJSON:setUpClass): 200 GET http://10.180.1.21/compute/v2.1/servers/4ec9a397-1e4b-4767-b926-ccc6f63a951c 0.699s
2024-09-04 08:28:21.283 62939 INFO tempest.lib.common.rest_client [req-f99c532e-7213-42ff-a1bd-de055b2cc419 req-f99c532e-7213-42ff-a1bd-de055b2cc419 ] Request (ServerRescueNegativeTestJSON:setUpClass): 201 POST http://10.180.1.21/identity/v3/users 0.059s
2024-09-04 08:28:21.297 62971 INFO tempest.lib.common.rest_client [req-f7c5efef-422b-4312-95b1-2a7e4d20440a req-f7c5efef-422b-4312-95b1-2a7e4d20440a ] Request (ServerAddressesTestJSON:setUpClass): 200 GET http://10.180.1.21/compute/v2.1/servers/f98589dc-ea7a-44c8-8cca-119d126ea0de 0.666s
2024-09-04 08:28:21.305 62939 INFO tempest.lib.common.rest_client [req-921826d1-3cd3-4fbc-889b-a512f0e1eb00 req-921826d1-3cd3-4fbc-889b-a512f0e1eb00 ] Request (ServerRescueNegativeTestJSON:setUpClass): 200 GET http://10.180.1.21/identity/v3/roles 0.022s
2024-09-04 08:28:21.332 62935 INFO tempest.lib.common.rest_client [req-9451c277-7f18-4353-93ea-4ccdd55e98e3 req-9451c277-7f18-4353-93ea-4ccdd55e98e3 ] Request (VolumesAssistedSnapshotsTest:test_volume_assisted_snapshot_create_delete): 200 GET http://10.180.1.21/compute/v2.1/servers/fedb62e0-2602-4772-9e5d-00645922d2a8 0.633s
2024-09-04 08:28:21.333 62939 INFO tempest.lib.common.rest_client [req-80e84f43-f976-421f-86d8-babe975334b2 req-80e84f43-f976-421f-86d8-babe975334b2 ] Request (ServerRescueNegativeTestJSON:setUpClass): 204 PUT http://10.180.1.21/identity/v3/projects/ddec09b02bd1400cab6fa54711a6e26e/users/e552fb3d0907459aa1e99a5ec9e790ae/roles/1f9233be99c1471d853731467dad3c7d 0.027s
2024-09-04 08:28:21.333 62939 INFO tempest.lib.common.dynamic_creds [-] Dynamic test user e552fb3d0907459aa1e99a5ec9e790ae is created with scope project and roles: ['member']
2024-09-04 08:28:21.333 62939 INFO tempest.lib.common.dynamic_creds [-] Acquired dynamic creds: credentials: Credentials: {'domain_id': 'default', 'domain_name': 'Default', 'username': 'tempest-ServerRescueNegativeTestJSON-438793456-project-member', 'project_domain_id': 'default', 'project_domain_name': 'Default', 'project_id': 'ddec09b02bd1400cab6fa54711a6e26e', 'project_name': 'tempest-ServerRescueNegativeTestJSON-438793456', 'tenant_id': 'ddec09b02bd1400cab6fa54711a6e26e', 'tenant_name': 'tempest-ServerRescueNegativeTestJSON-438793456', 'user_domain_id': 'default', 'user_domain_name': 'Default', 'user_id': 'e552fb3d0907459aa1e99a5ec9e790ae', 'system': None}, Network: None, Subnet: None, Router: None
2024-09-04 08:28:21.390 62993 INFO tempest.lib.common.rest_client [req-9d95b705-dece-44af-affd-cb886849ac3a req-9d95b705-dece-44af-affd-cb886849ac3a ] Request (ServersTestBootFromVolume:setUpClass): 200 GET http://10.180.1.21/compute/v2.1/servers/1ae43e6d-c9ac-494d-a7a9-1f6ff538345a 0.644s
2024-09-04 08:28:21.399 62939 INFO tempest.lib.common.rest_client [req-37fdf4cd-881d-43c6-9e2a-b9eb2aaf4bf9 req-37fdf4cd-881d-43c6-9e2a-b9eb2aaf4bf9 ] Request (ServerRescueNegativeTestJSON:setUpClass): 201 POST http://10.180.1.21/identity/v3/auth/tokens 0.065s
2024-09-04 08:28:21.416 62977 INFO tempest.lib.common.rest_client [req-222d76be-79fc-41f7-ad40-ae372eedda47 req-222d76be-79fc-41f7-ad40-ae372eedda47 ] Request (HypervisorAdminV253TestBase:test_list_show_detail_hypervisors): 200 GET http://10.180.1.21/compute/v2.1/os-hypervisors/d02ecd59-4cb8-4d48-91cb-d1e1e7a00ab0 0.576s
2024-09-04 08:28:21.426 62967 INFO tempest.lib.common.rest_client [req-f0add3f1-8cae-4e47-9380-50cec2706755 req-f0add3f1-8cae-4e47-9380-50cec2706755 ] Request (ServerDiagnosticsNegativeTest:test_get_server_diagnostics_by_non_admin): 200 GET http://10.180.1.21/compute/v2.1/servers/75050b95-60c6-4e44-a1d5-0d47492dd739 0.698s
2024-09-04 08:28:21.443 62955 INFO tempest.lib.common.rest_client [req-fc771f95-51b8-46e6-92fe-90a6108f0c94 req-fc771f95-51b8-46e6-92fe-90a6108f0c94 ] Request (FlavorsAdminTestJSON:test_list_non_public_flavor): 200 GET http://10.180.1.21/compute/v2.1/flavors/detail 0.590s
2024-09-04 08:28:21.503 62937 INFO tempest.lib.common.rest_client [req-1d8fbf15-1db1-4992-ac1e-33a607804200 req-1d8fbf15-1db1-4992-ac1e-33a607804200 ] Request (ServersWithSpecificFlavorTestJSON:test_verify_created_server_ephemeral_disk): 200 GET http://10.180.1.21/compute/v2.1/servers/425930c0-b9f8-4966-ae9d-0687d0a07213 0.603s
2024-09-04 08:28:21.515 62977 INFO tempest.lib.common.rest_client [req-741c92bb-48f5-4464-b6c7-6d8a03279f0e req-741c92bb-48f5-4464-b6c7-6d8a03279f0e ] Request (HypervisorAdminV253TestBase:tearDownClass): 204 DELETE http://10.180.1.21/identity/v3/users/81b369941573401b98a196488d7e38fa 0.093s
2024-09-04 08:28:21.571 62965 INFO tempest.lib.common.rest_client [req-1ef61bc7-8f2a-41d7-8841-0555ddd36501 req-1ef61bc7-8f2a-41d7-8841-0555ddd36501 ] Request (MultipleCreateTestJSON:test_multiple_create): 200 GET http://10.180.1.21/compute/v2.1/servers/25cef75e-2176-4999-965b-155cd7f8d137 0.605s
2024-09-04 08:28:21.589 62949 INFO tempest.lib.common.rest_client [req-b2808bdd-af56-4f7f-9375-a30a94bc7cf5 req-b2808bdd-af56-4f7f-9375-a30a94bc7cf5 ] Request (MigrationsAdminTest:test_list_migrations_in_flavor_resize_situation): 200 GET http://10.180.1.21/compute/v2.1/servers/fece072a-baac-4301-988c-0068d6e71cff 0.751s
2024-09-04 08:28:21.596 62943 INFO tempest.lib.common.rest_client [req-a05e071c-c9c0-432c-ac81-befa7066b0e5 req-a05e071c-c9c0-432c-ac81-befa7066b0e5 ] Request (ImagesMetadataNegativeTestJSON:test_update_nonexistent_image_metadata): 404 POST http://10.180.1.21/compute/v2.1/images/ef91f0a9-4a72-447a-b28f-f569138d7727/metadata 0.610s
2024-09-04 08:28:21.623 62963 INFO tempest.lib.common.rest_client [req-bc0afbbd-93eb-462e-871d-9f66a2f1f625 req-bc0afbbd-93eb-462e-871d-9f66a2f1f625 ] Request (KeyPairsV22TestJSON:_run_cleanups): 204 DELETE http://10.180.1.21/compute/v2.1/os-keypairs/tempest-KeyPairsV22TestJSON-keypair-846436201 0.630s
2024-09-04 08:28:21.626 62977 INFO tempest.lib.common.rest_client [req-37fc1883-0d1a-42dc-9bf0-48d4d2ff1142 req-37fc1883-0d1a-42dc-9bf0-48d4d2ff1142 ] Request (HypervisorAdminV253TestBase:tearDownClass): 204 DELETE http://10.180.1.21/identity/v3/users/31f945b674f748ef957a9f2ac58e1ae4 0.111s
2024-09-04 08:28:21.626 62977 INFO tempest.lib.common.dynamic_creds [-] Deleting project and security group for project: 14f86c23e5ac4389854904bb94458f63
2024-09-04 08:28:21.697 62977 INFO tempest.lib.common.rest_client [req-c5a7a785-7215-46db-84ed-6111c043473e req-c5a7a785-7215-46db-84ed-6111c043473e ] Request (HypervisorAdminV253TestBase:tearDownClass): 201 POST http://10.180.1.21/identity/v3/auth/tokens 0.071s
2024-09-04 08:28:21.718 62939 INFO tempest.lib.common.rest_client [req-2fc4bbbb-d704-4354-b32b-6126fcbd2c0f req-2fc4bbbb-d704-4354-b32b-6126fcbd2c0f ] Request (ServerRescueNegativeTestJSON:setUpClass): 201 POST http://10.180.1.21:9696/networking/v2.0/networks 0.318s
2024-09-04 08:28:21.722 62943 INFO tempest.lib.common.rest_client [req-a1f78c20-9c81-493a-98c9-8ee99cb86c37 req-a1f78c20-9c81-493a-98c9-8ee99cb86c37 ] Request (ImagesMetadataNegativeTestJSON:tearDownClass): 204 DELETE http://10.180.1.21/identity/v3/users/7be5f6dca577477f8cdf69d8c9d5f01a 0.122s
2024-09-04 08:28:21.722 62943 INFO tempest.lib.common.dynamic_creds [-] Deleting project and security group for project: 3967bec609514668ac688b74eb5356c3
2024-09-04 08:28:21.789 62943 INFO tempest.lib.common.rest_client [req-4a876387-127d-47b3-82d8-8a34743d0f71 req-4a876387-127d-47b3-82d8-8a34743d0f71 ] Request (ImagesMetadataNegativeTestJSON:tearDownClass): 201 POST http://10.180.1.21/identity/v3/auth/tokens 0.066s
2024-09-04 08:28:21.856 62975 INFO tempest.lib.common.rest_client [req-5a9c5749-d877-4b6d-a159-fafb6f1aa7a9 req-5a9c5749-d877-4b6d-a159-fafb6f1aa7a9 ] Request (FloatingIPsAssociationTestJSON:setUpClass): 204 DELETE http://10.180.1.21/compute/v2.1/servers/53f7fc38-a541-4843-883d-da7311445fe5 0.798s
2024-09-04 08:28:21.925 62992 INFO tempest.lib.common.rest_client [req-29b61962-9ba1-4d90-9b2d-5fdc5a57c32c req-29b61962-9ba1-4d90-9b2d-5fdc5a57c32c ] Request (ImagesTestJSON:test_create_image_from_stopped_server): 200 GET http://10.180.1.21/compute/v2.1/servers/f7a74539-8a36-450f-aec4-d059670e8f38 0.548s
2024-09-04 08:28:22.013 62989 INFO tempest.lib.common.rest_client [req-9339a9b0-621e-47c7-9cb5-104452508053 req-9339a9b0-621e-47c7-9cb5-104452508053 ] Request (ServerGroupTestJSON:test_create_server_with_scheduler_hint_group): 200 GET http://10.180.1.21/compute/v2.1/servers/d490ad64-a2fe-4c08-b0fc-56b2e00d9c98 0.634s
2024-09-04 08:28:22.081 62973 INFO tempest.lib.common.rest_client [req-68a08301-2c7d-44aa-b5e9-365559c4ba56 req-68a08301-2c7d-44aa-b5e9-365559c4ba56 ] Request (ServerActionsTestOtherB:setUpClass): 200 GET http://10.180.1.21/compute/v2.1/servers/9d175573-2af2-4f66-98cd-411d10f749f0 0.998s
2024-09-04 08:28:22.099 62979 INFO tempest.lib.common.rest_client [req-34c3a90b-d70f-4399-ba97-b391929c369b req-34c3a90b-d70f-4399-ba97-b391929c369b ] Request (ListImageFiltersTestJSON:setUpClass): 200 GET http://10.180.1.21/compute/v2.1/servers/fa5248d1-bddf-4244-a363-2113b0473980 0.654s
2024-09-04 08:28:22.112 62963 INFO tempest.lib.common.rest_client [req-b752ab17-4934-42f2-881b-5320f828cb1b req-b752ab17-4934-42f2-881b-5320f828cb1b ] Request (KeyPairsV22TestJSON:_run_cleanups): 204 DELETE http://10.180.1.21/compute/v2.1/os-keypairs/tempest-KeyPairsV22TestJSON-keypair-134424609 0.488s
2024-09-04 08:28:22.113 62955 INFO tempest.lib.common.rest_client [req-e4541a28-af57-4972-89a1-8390cd76aeb0 req-e4541a28-af57-4972-89a1-8390cd76aeb0 ] Request (FlavorsAdminTestJSON:test_list_non_public_flavor): 200 GET http://10.180.1.21/compute/v2.1/flavors/detail 0.663s
2024-09-04 08:28:22.119 62943 INFO tempest.lib.common.rest_client [req-5e27f8f2-346d-4208-a7fc-10edaaca3f21 req-5e27f8f2-346d-4208-a7fc-10edaaca3f21 ] Request (ImagesMetadataNegativeTestJSON:tearDownClass): 200 GET http://10.180.1.21:9696/networking/v2.0/security-groups?tenant_id=3967bec609514668ac688b74eb5356c3&name=default 0.330s
2024-09-04 08:28:22.153 62977 INFO tempest.lib.common.rest_client [req-216fd7fa-a2d7-4f90-ad37-999d4bc624b0 req-216fd7fa-a2d7-4f90-ad37-999d4bc624b0 ] Request (HypervisorAdminV253TestBase:tearDownClass): 200 GET http://10.180.1.21:9696/networking/v2.0/security-groups?tenant_id=14f86c23e5ac4389854904bb94458f63&name=default 0.455s
2024-09-04 08:28:22.193 62939 INFO tempest.lib.common.rest_client [req-6660406f-c6fe-4454-9d9e-0f6ec0f2b94f req-6660406f-c6fe-4454-9d9e-0f6ec0f2b94f ] Request (ServerRescueNegativeTestJSON:setUpClass): 201 POST http://10.180.1.21:9696/networking/v2.0/subnets 0.475s
2024-09-04 08:28:22.400 62941 INFO tempest.lib.common.rest_client [req-455ce4e2-2152-49dc-bd9e-dbbd16e01c8d req-455ce4e2-2152-49dc-bd9e-dbbd16e01c8d ] Request (DeleteServersTestJSON:test_delete_active_server): 200 GET http://10.180.1.21/compute/v2.1/servers/8053d2ae-ca61-4282-aa89-83f3a2e107bc 0.768s
2024-09-04 08:28:22.487 62961 INFO tempest.lib.common.rest_client [req-bed65ded-921e-4d6e-ac3b-b202b2fc5b87 req-bed65ded-921e-4d6e-ac3b-b202b2fc5b87 ] Request (ServersAdmin275Test:test_rebuild_update_server_275): 200 GET http://10.180.1.21/compute/v2.1/servers/b2ec3212-25e1-4027-801d-a23309a4d0e6 0.788s
2024-09-04 08:28:22.492 62943 INFO tempest.lib.common.rest_client [req-d374ce38-ce04-4d2c-9cea-f24bf91875a7 req-d374ce38-ce04-4d2c-9cea-f24bf91875a7 ] Request (ImagesMetadataNegativeTestJSON:tearDownClass): 204 DELETE http://10.180.1.21:9696/networking/v2.0/security-groups/be029b53-d2bf-4622-8c4f-48625aa5f6e6 0.372s
2024-09-04 08:28:22.528 62987 INFO tempest.lib.common.rest_client [req-6ad5fda6-db67-40c2-89e7-0b4b025c7351 req-6ad5fda6-db67-40c2-89e7-0b4b025c7351 ] Request (ImagesNegativeTestJSON:test_create_image_from_deleted_server): 200 GET http://10.180.1.21/compute/v2.1/servers/3102cc87-df1a-4de8-bfdb-9b904f40ea2e 0.880s
2024-09-04 08:28:22.546 62977 INFO tempest.lib.common.rest_client [req-fa2411e4-e4ea-430e-9df3-e592c82cd897 req-fa2411e4-e4ea-430e-9df3-e592c82cd897 ] Request (HypervisorAdminV253TestBase:tearDownClass): 204 DELETE http://10.180.1.21:9696/networking/v2.0/security-groups/704cd973-cc09-414f-985e-fdaa7bb385c4 0.392s
2024-09-04 08:28:22.560 62975 INFO tempest.lib.common.rest_client [req-abc2d61f-6855-4e15-8f7b-4ac411e5f5fb req-abc2d61f-6855-4e15-8f7b-4ac411e5f5fb ] Request (FloatingIPsAssociationTestJSON:setUpClass): 404 GET http://10.180.1.21/compute/v2.1/servers/53f7fc38-a541-4843-883d-da7311445fe5 0.704s
2024-09-04 08:28:22.560 62975 INFO tempest.test [-] raised in FloatingIPsAssociationTestJSON.setUpClass. Invoking tearDownClass.
2024-09-04 08:28:22.589 62943 INFO tempest.lib.common.rest_client [req-2ca94d5c-01a3-4dff-9c71-8d37eb16cf9c req-2ca94d5c-01a3-4dff-9c71-8d37eb16cf9c ] Request (ImagesMetadataNegativeTestJSON:tearDownClass): 204 DELETE http://10.180.1.21/identity/v3/projects/3967bec609514668ac688b74eb5356c3 0.097s
2024-09-04 08:28:22.626 62943 INFO tempest.lib.common.rest_client [req-c9aad26c-0468-402b-901c-c8c90c38fd63 req-c9aad26c-0468-402b-901c-c8c90c38fd63 ] Request (ServerActionsTestOtherA:setUpClass): 201 POST http://10.180.1.21/identity/v3/auth/tokens 0.035s
2024-09-04 08:28:22.663 62977 INFO tempest.lib.common.rest_client [req-7f8e2767-5b59-49d3-bcc9-ec43ea97d957 req-7f8e2767-5b59-49d3-bcc9-ec43ea97d957 ] Request (HypervisorAdminV253TestBase:tearDownClass): 204 DELETE http://10.180.1.21/identity/v3/projects/14f86c23e5ac4389854904bb94458f63 0.116s
2024-09-04 08:28:22.663 62977 INFO tempest.lib.common.dynamic_creds [-] Deleting project and security group for project: 4784b39ca38b48f98eeb808a7e8c64b9
2024-09-04 08:28:22.686 62943 INFO tempest.lib.common.rest_client [req-2a336c56-400a-448e-8fad-43f4dfb13fb7 req-2a336c56-400a-448e-8fad-43f4dfb13fb7 ] Request (ServerActionsTestOtherA:setUpClass): 201 POST http://10.180.1.21/identity/v3/auth/tokens 0.058s
2024-09-04 08:28:22.706 62943 INFO tempest.lib.common.rest_client [req-33ddfb7a-dc6f-4f56-9054-3a540f198f13 req-33ddfb7a-dc6f-4f56-9054-3a540f198f13 ] Request (ServerActionsTestOtherA:setUpClass): 200 GET http://10.180.1.21/identity/v3/domains?name=Default 0.020s
2024-09-04 08:28:22.732 62943 INFO tempest.lib.common.rest_client [req-2eef5572-25b2-43b8-a85d-a65f5dcbdd13 req-2eef5572-25b2-43b8-a85d-a65f5dcbdd13 ] Request (ServerActionsTestOtherA:setUpClass): 201 POST http://10.180.1.21/identity/v3/projects 0.025s
2024-09-04 08:28:22.745 62945 INFO tempest.lib.common.rest_client [req-98e819f4-a759-4771-8db1-596943ef9ed9 req-98e819f4-a759-4771-8db1-596943ef9ed9 ] Request (ImagesOneServerTestJSON:setUpClass): 200 GET http://10.180.1.21/compute/v2.1/servers/b326be2c-43f2-4f04-9652-cec7e017288e 0.946s
2024-09-04 08:28:22.790 62943 INFO tempest.lib.common.rest_client [req-19e3b06d-4fa4-401c-9012-0e1d53afa48b req-19e3b06d-4fa4-401c-9012-0e1d53afa48b ] Request (ServerActionsTestOtherA:setUpClass): 201 POST http://10.180.1.21/identity/v3/users 0.057s
2024-09-04 08:28:22.806 62943 INFO tempest.lib.common.rest_client [req-2cd07e71-dbe5-4a0f-990f-516a387f64bd req-2cd07e71-dbe5-4a0f-990f-516a387f64bd ] Request (ServerActionsTestOtherA:setUpClass): 200 GET http://10.180.1.21/identity/v3/roles 0.016s
2024-09-04 08:28:22.823 62951 INFO tempest.lib.common.rest_client [req-d1a832f6-f80a-4dce-a5c8-b00839ea7abd req-d1a832f6-f80a-4dce-a5c8-b00839ea7abd ] Request (ServersV294TestFqdnHostnames:setUpClass): 200 GET http://10.180.1.21/compute/v2.1/servers/a24df1e4-2865-4ab3-beae-0892dca12bef 0.947s
