2024-09-04 08:30:02.264 62949 INFO tempest.lib.common.rest_client [req-7f665432-919a-4e51-81d6-b9f76bdc0946 req-7f665432-919a-4e51-81d6-b9f76bdc0946 ] Request (MigrationsAdminTest:test_list_migrations_in_flavor_resize_situation): 200 GET http://10.180.1.21/compute/v2.1/servers/fece072a-baac-4301-988c-0068d6e71cff 0.279s
2024-09-04 08:30:02.290 62987 INFO tempest.lib.common.rest_client [req-accb08f4-b15c-46cd-abf7-de9565ccfc45 req-accb08f4-b15c-46cd-abf7-de9565ccfc45 ] Request (ImagesNegativeTestJSON:test_create_image_from_deleted_server): 200 GET http://10.180.1.21/compute/v2.1/servers/3102cc87-df1a-4de8-bfdb-9b904f40ea2e 0.383s
2024-09-04 08:30:02.439 62945 INFO tempest.lib.common.rest_client [req-fd87d816-771e-4c74-b5ee-a30f7b1d503a req-fd87d816-771e-4c74-b5ee-a30f7b1d503a ] Request (ImagesOneServerTestJSON:setUpClass): 200 GET http://10.180.1.21/compute/v2.1/servers/b326be2c-43f2-4f04-9652-cec7e017288e 0.287s
2024-09-04 08:30:02.457 62973 INFO tempest.lib.common.rest_client [req-495c7cb6-07ce-4176-ba32-d8e34d109d55 req-495c7cb6-07ce-4176-ba32-d8e34d109d55 ] Request (ServerActionsTestOtherB:tearDownClass): 204 DELETE http://10.180.1.21:9696/networking/v2.0/subnets/8014ed62-739b-4a8e-8eb5-108077e7fde7 0.202s
2024-09-04 08:30:02.485 62941 INFO tempest.lib.common.rest_client [req-06afc461-dd8e-40ee-82e6-d0a1692ca60f req-06afc461-dd8e-40ee-82e6-d0a1692ca60f ] Request (DeleteServersTestJSON:test_delete_active_server): 200 GET http://10.180.1.21/compute/v2.1/servers/8053d2ae-ca61-4282-aa89-83f3a2e107bc 0.454s
2024-09-04 08:30:02.536 62943 INFO tempest.lib.common.rest_client [req-03c0f5a5-8bed-4aa2-9af0-77c687f5119f req-03c0f5a5-8bed-4aa2-9af0-77c687f5119f ] Request (ServerActionsTestOtherA:setUpClass): 200 GET http://10.180.1.21/compute/v2.1/servers/ec703551-5c8d-43bb-b727-709aeeeac9a4 0.283s
2024-09-04 08:30:02.583 62931 INFO tempest.lib.common.rest_client [req-f411c8ef-74bc-478c-9729-be2faca46141 req-f411c8ef-74bc-478c-9729-be2faca46141 ] Request (ServerRescueTestJSONUnderV235:setUpClass): 200 GET http://10.180.1.21/compute/v2.1/servers/697e3884-2ef4-423e-af81-e5d1e94f65a2 0.278s
2024-09-04 08:30:02.635 62955 INFO tempest.lib.common.rest_client [req-aa77924b-9aed-496a-b7b6-aab9de0c408b req-aa77924b-9aed-496a-b7b6-aab9de0c408b ] Request (ServerDiagnosticsV248Test:test_get_server_diagnostics): 200 GET http://10.180.1.21/compute/v2.1/servers/e5b0daa1-6745-48ad-8e69-6c7362bac085 0.279s
2024-09-04 08:30:02.692 62979 INFO tempest.lib.common.rest_client [req-57fccdb6-831e-4384-a9c7-5ddb77ed5733 req-57fccdb6-831e-4384-a9c7-5ddb77ed5733 ] Request (ListImageFiltersTestJSON:setUpClass): 200 GET http://10.180.1.21/compute/v2.1/servers/fa5248d1-bddf-4244-a363-2113b0473980 0.491s
2024-09-04 08:30:02.754 62961 INFO tempest.lib.common.rest_client [req-71993d23-4c21-42f9-9301-67a766f2ec6d req-71993d23-4c21-42f9-9301-67a766f2ec6d ] Request (ServersAdmin275Test:test_rebuild_update_server_275): 200 GET http://10.180.1.21/compute/v2.1/servers/b2ec3212-25e1-4027-801d-a23309a4d0e6 0.321s
2024-09-04 08:30:02.801 62957 INFO tempest.lib.common.rest_client [req-06111c13-8140-43af-bfb6-dedf77dabb5d req-06111c13-8140-43af-bfb6-dedf77dabb5d ] Request (AttachInterfacesV270Test:test_create_get_list_interfaces): 200 GET http://10.180.1.21/compute/v2.1/servers/4f0d1356-bdfb-4cb2-979a-e28f9025b311 0.429s
2024-09-04 08:30:02.815 62933 INFO tempest.lib.common.rest_client [req-f31386e0-656b-4653-89ea-409bfb0e3ba4 req-f31386e0-656b-4653-89ea-409bfb0e3ba4 ] Request (AttachInterfacesTestJSON:test_create_list_show_delete_interfaces_by_fixed_ip): 200 GET http://10.180.1.21/compute/v2.1/servers/26712c18-d9f4-4d7d-80fb-4d527da9c1e3 0.326s
2024-09-04 08:30:02.869 62983 INFO tempest.lib.common.rest_client [req-ea973c15-87de-4b2a-828b-2808c085c7e7 req-ea973c15-87de-4b2a-828b-2808c085c7e7 ] Request (ServerDiskConfigTestJSON:test_rebuild_server_with_auto_disk_config): 200 GET http://10.180.1.21/compute/v2.1/servers/e473e254-387f-4581-97bc-bdeab221b10f 0.313s
2024-09-04 08:30:02.901 62935 INFO tempest.lib.common.rest_client [req-24b77fdc-6b5d-4f11-bf74-178646a61d3b req-24b77fdc-6b5d-4f11-bf74-178646a61d3b ] Request (VolumesAssistedSnapshotsTest:test_volume_assisted_snapshot_create_delete): 200 GET http://10.180.1.21/compute/v2.1/servers/fedb62e0-2602-4772-9e5d-00645922d2a8 0.393s
2024-09-04 08:30:02.923 62963 INFO tempest.lib.common.rest_client [req-64c697cb-6659-4ca0-9181-6c9b57e4a2fa req-64c697cb-6659-4ca0-9181-6c9b57e4a2fa ] Request (InstanceActionsV221TestJSON:test_get_list_deleted_instance_actions): 200 GET http://10.180.1.21/compute/v2.1/servers/00085df9-ce61-4ccc-8ecf-16956109eb8f 0.355s
2024-09-04 08:30:02.946 62993 INFO tempest.lib.common.rest_client [req-d6f6deee-04a2-47d5-84a5-41f72b55602e req-d6f6deee-04a2-47d5-84a5-41f72b55602e ] Request (ServersTestBootFromVolume:setUpClass): 200 GET http://10.180.1.21/compute/v2.1/servers/1ae43e6d-c9ac-494d-a7a9-1f6ff538345a 0.336s
2024-09-04 08:30:02.981 62947 INFO tempest.lib.common.rest_client [req-8ee416b7-1ca1-464e-8032-a8fef0cffdc7 req-8ee416b7-1ca1-464e-8032-a8fef0cffdc7 ] Request (ServersAdminTestJSON:setUpClass): 200 GET http://10.180.1.21/compute/v2.1/servers/ab15259f-6344-4ba0-9abd-8b0ee7df59fa 0.314s
2024-09-04 08:30:02.986 62973 INFO tempest.lib.common.rest_client [req-d6c764a3-ac81-45f7-8945-d43700b8fac9 req-d6c764a3-ac81-45f7-8945-d43700b8fac9 ] Request (ServerActionsTestOtherB:tearDownClass): 204 DELETE http://10.180.1.21:9696/networking/v2.0/networks/c706a27c-b24b-4f31-9930-eff5254266f2 0.529s
2024-09-04 08:30:03.034 62937 INFO tempest.lib.common.rest_client [req-c0a84a0b-2a68-44c4-afd1-c324ad463359 req-c0a84a0b-2a68-44c4-afd1-c324ad463359 ] Request (ServersWithSpecificFlavorTestJSON:test_verify_created_server_ephemeral_disk): 200 GET http://10.180.1.21/compute/v2.1/servers/425930c0-b9f8-4966-ae9d-0687d0a07213 0.213s
2024-09-04 08:30:03.056 62967 INFO tempest.lib.common.rest_client [req-cce26ce9-45bd-4aa1-ac11-1d9a565e5d6f req-cce26ce9-45bd-4aa1-ac11-1d9a565e5d6f ] Request (ServerDiagnosticsNegativeTest:test_get_server_diagnostics_by_non_admin): 200 GET http://10.180.1.21/compute/v2.1/servers/75050b95-60c6-4e44-a1d5-0d47492dd739 0.283s
2024-09-04 08:30:03.068 62973 INFO tempest.lib.common.rest_client [req-ba97582c-137d-48af-892f-a950634297e9 req-ba97582c-137d-48af-892f-a950634297e9 ] Request (ServerActionsTestOtherB:tearDownClass): 204 DELETE http://10.180.1.21/identity/v3/users/250e3c5f6b9c46f3ac67461a35605ed3 0.082s
2024-09-04 08:30:03.069 62973 INFO tempest.lib.common.dynamic_creds [-] Deleting project and security group for project: 8f8758e87377404eb222264dba749e83
2024-09-04 08:30:03.108 62959 INFO tempest.lib.common.rest_client [req-0f347c67-c609-407b-8f55-5c4d3ffc43d8 req-0f347c67-c609-407b-8f55-5c4d3ffc43d8 ] Request (ServersTestManualDisk:setUpClass): 200 GET http://10.180.1.21/compute/v2.1/servers/68aa9321-22ce-45a0-8323-fa8564dca46b 0.220s
2024-09-04 08:30:03.124 62973 INFO tempest.lib.common.rest_client [req-bd3456bd-bd34-4590-8769-006331cf3fb5 req-bd3456bd-bd34-4590-8769-006331cf3fb5 ] Request (ServerActionsTestOtherB:tearDownClass): 200 GET http://10.180.1.21:9696/networking/v2.0/security-groups?tenant_id=8f8758e87377404eb222264dba749e83&name=default 0.055s
2024-09-04 08:30:03.153 62951 INFO tempest.lib.common.rest_client [req-9f5387a6-bfe5-49e6-ad8f-ee3d447d4a5a req-9f5387a6-bfe5-49e6-ad8f-ee3d447d4a5a ] Request (ServersV294TestFqdnHostnames:setUpClass): 200 GET http://10.180.1.21/compute/v2.1/servers/a24df1e4-2865-4ab3-beae-0892dca12bef 0.308s
2024-09-04 08:30:03.161 62992 INFO tempest.lib.common.rest_client [req-1c77e10e-4ed1-4805-a28e-fe463a56542c req-1c77e10e-4ed1-4805-a28e-fe463a56542c ] Request (ImagesTestJSON:test_create_image_from_stopped_server): 200 GET http://10.180.1.21/compute/v2.1/servers/f7a74539-8a36-450f-aec4-d059670e8f38 0.261s
2024-09-04 08:30:03.197 62981 INFO tempest.lib.common.rest_client [req-f8fe039c-6588-4926-a35b-a107c183fcc0 req-f8fe039c-6588-4926-a35b-a107c183fcc0 ] Request (TenantUsagesTestJSON:setUpClass): 200 GET http://10.180.1.21/compute/v2.1/servers/4ec9a397-1e4b-4767-b926-ccc6f63a951c 0.260s
2024-09-04 08:30:03.206 62989 INFO tempest.lib.common.rest_client [req-1dc76b38-b326-4457-a8ea-8198da19167a req-1dc76b38-b326-4457-a8ea-8198da19167a ] Request (ServerGroupTestJSON:test_create_server_with_scheduler_hint_group): 200 GET http://10.180.1.21/compute/v2.1/servers/d490ad64-a2fe-4c08-b0fc-56b2e00d9c98 0.217s
2024-09-04 08:30:03.243 62939 INFO tempest.lib.common.rest_client [req-da00e05b-98f7-437c-aaad-135d2b893296 req-da00e05b-98f7-437c-aaad-135d2b893296 ] Request (ServerRescueNegativeTestJSON:setUpClass): 200 GET http://10.180.1.21/compute/v2.1/servers/b9840eca-ec5f-4a8c-9bdf-1212e2640e5c 0.192s
2024-09-04 08:30:03.252 62965 INFO tempest.lib.common.rest_client [req-26f49660-07ab-4fbb-b8b1-3f1992532b63 req-26f49660-07ab-4fbb-b8b1-3f1992532b63 ] Request (MultipleCreateTestJSON:test_multiple_create): 200 GET http://10.180.1.21/compute/v2.1/servers/25cef75e-2176-4999-965b-155cd7f8d137 0.148s
2024-09-04 08:30:03.268 62973 INFO tempest.lib.common.rest_client [req-449e6e67-f5fa-4bfc-8988-1ce37d0de99a req-449e6e67-f5fa-4bfc-8988-1ce37d0de99a ] Request (ServerActionsTestOtherB:tearDownClass): 204 DELETE http://10.180.1.21:9696/networking/v2.0/security-groups/88cdc1aa-f2fa-41ee-b6d0-2c9d76ce679c 0.143s
2024-09-04 08:30:03.296 62975 INFO tempest.lib.common.rest_client [req-d25efaec-9b14-4c8c-b294-704ff04eafd4 req-d25efaec-9b14-4c8c-b294-704ff04eafd4 ] Request (ServersTestJSON:setUpClass): 200 GET http://10.180.1.21/compute/v2.1/servers/e8bb18d5-207c-48fb-b7e5-06b72ce61b4f 0.136s
2024-09-04 08:30:03.349 62971 INFO tempest.lib.common.rest_client [req-4e6d44a2-5903-47a1-aabc-713bcdf00559 req-4e6d44a2-5903-47a1-aabc-713bcdf00559 ] Request (ServerAddressesTestJSON:setUpClass): 200 GET http://10.180.1.21/compute/v2.1/servers/f98589dc-ea7a-44c8-8cca-119d126ea0de 0.199s
2024-09-04 08:30:03.352 62973 INFO tempest.lib.common.rest_client [req-9dcfdb37-a949-4bad-995e-679553314e48 req-9dcfdb37-a949-4bad-995e-679553314e48 ] Request (ServerActionsTestOtherB:tearDownClass): 204 DELETE http://10.180.1.21/identity/v3/projects/8f8758e87377404eb222264dba749e83 0.083s
2024-09-04 08:30:03.399 62949 INFO tempest.lib.common.rest_client [req-01f1fd83-b427-49b4-b82d-07fb1126d95d req-01f1fd83-b427-49b4-b82d-07fb1126d95d ] Request (MigrationsAdminTest:test_list_migrations_in_flavor_resize_situation): 200 GET http://10.180.1.21/compute/v2.1/servers/fece072a-baac-4301-988c-0068d6e71cff 0.127s
2024-09-04 08:30:03.408 62973 INFO tempest.lib.common.rest_client [req-8bed0b5b-50df-4cca-8828-8f021c6c850d req-8bed0b5b-50df-4cca-8828-8f021c6c850d ] Request (ServerRescueTestJSON:setUpClass): 201 POST http://10.180.1.21/identity/v3/auth/tokens 0.053s
2024-09-04 08:30:03.436 62973 INFO tempest.lib.common.rest_client [req-93b7c8bc-5efe-4a3a-a631-2ceb39e782ca req-93b7c8bc-5efe-4a3a-a631-2ceb39e782ca ] Request (ServerRescueTestJSON:setUpClass): 201 POST http://10.180.1.21/identity/v3/auth/tokens 0.025s
2024-09-04 08:30:03.449 62987 INFO tempest.lib.common.rest_client [req-5b86214f-d52b-4461-8f4e-d2a11dc6e9d4 req-5b86214f-d52b-4461-8f4e-d2a11dc6e9d4 ] Request (ImagesNegativeTestJSON:test_create_image_from_deleted_server): 200 GET http://10.180.1.21/compute/v2.1/servers/3102cc87-df1a-4de8-bfdb-9b904f40ea2e 0.152s
2024-09-04 08:30:03.455 62973 INFO tempest.lib.common.rest_client [req-e8434e2e-3951-4549-aa30-3a277ae1c0de req-e8434e2e-3951-4549-aa30-3a277ae1c0de ] Request (ServerRescueTestJSON:setUpClass): 200 GET http://10.180.1.21/identity/v3/domains?name=Default 0.018s
2024-09-04 08:30:03.476 62973 INFO tempest.lib.common.rest_client [req-76dfc325-452b-4f89-a920-12f4e297cee3 req-76dfc325-452b-4f89-a920-12f4e297cee3 ] Request (ServerRescueTestJSON:setUpClass): 201 POST http://10.180.1.21/identity/v3/projects 0.021s
2024-09-04 08:30:03.526 62973 INFO tempest.lib.common.rest_client [req-6c7a3f0e-362c-4dac-86c6-5c885e946c54 req-6c7a3f0e-362c-4dac-86c6-5c885e946c54 ] Request (ServerRescueTestJSON:setUpClass): 201 POST http://10.180.1.21/identity/v3/users 0.049s
2024-09-04 08:30:03.541 62973 INFO tempest.lib.common.rest_client [req-bf85b37b-dfbe-4b32-8af2-cfa4b8882f9e req-bf85b37b-dfbe-4b32-8af2-cfa4b8882f9e ] Request (ServerRescueTestJSON:setUpClass): 200 GET http://10.180.1.21/identity/v3/roles 0.014s
2024-09-04 08:30:03.564 62973 INFO tempest.lib.common.rest_client [req-91f6c11e-f787-40d7-93f4-02f9e05c4d74 req-91f6c11e-f787-40d7-93f4-02f9e05c4d74 ] Request (ServerRescueTestJSON:setUpClass): 204 PUT http://10.180.1.21/identity/v3/projects/c685a9b7969f494a9f1ea727bb2ff492/users/dddd74cb4b7d4711be29f9adb6b49d34/roles/1f9233be99c1471d853731467dad3c7d 0.022s
2024-09-04 08:30:03.564 62973 INFO tempest.lib.common.dynamic_creds [-] Dynamic test user dddd74cb4b7d4711be29f9adb6b49d34 is created with scope project and roles: ['member']
2024-09-04 08:30:03.564 62973 INFO tempest.lib.common.dynamic_creds [-] Acquired dynamic creds: credentials: Credentials: {'domain_id': 'default', 'domain_name': 'Default', 'username': 'tempest-ServerRescueTestJSON-1093684156-project-member', 'project_domain_id': 'default', 'project_domain_name': 'Default', 'project_id': 'c685a9b7969f494a9f1ea727bb2ff492', 'project_name': 'tempest-ServerRescueTestJSON-1093684156', 'tenant_id': 'c685a9b7969f494a9f1ea727bb2ff492', 'tenant_name': 'tempest-ServerRescueTestJSON-1093684156', 'user_domain_id': 'default', 'user_domain_name': 'Default', 'user_id': 'dddd74cb4b7d4711be29f9adb6b49d34', 'system': None}, Network: None, Subnet: None, Router: None
2024-09-04 08:30:03.598 62945 INFO tempest.lib.common.rest_client [req-4fc926db-1a1a-45f9-ab06-74cf78617110 req-4fc926db-1a1a-45f9-ab06-74cf78617110 ] Request (ImagesOneServerTestJSON:setUpClass): 200 GET http://10.180.1.21/compute/v2.1/servers/b326be2c-43f2-4f04-9652-cec7e017288e 0.152s
2024-09-04 08:30:03.615 62973 INFO tempest.lib.common.rest_client [req-da78815b-a97b-4971-b190-b8fedd208c90 req-da78815b-a97b-4971-b190-b8fedd208c90 ] Request (ServerRescueTestJSON:setUpClass): 201 POST http://10.180.1.21/identity/v3/auth/tokens 0.050s
2024-09-04 08:30:03.632 62941 INFO tempest.lib.common.rest_client [req-9804ca4e-1a5f-4098-b175-23a77945bec6 req-9804ca4e-1a5f-4098-b175-23a77945bec6 ] Request (DeleteServersTestJSON:test_delete_active_server): 200 GET http://10.180.1.21/compute/v2.1/servers/8053d2ae-ca61-4282-aa89-83f3a2e107bc 0.139s
2024-09-04 08:30:03.643 62943 INFO tempest.lib.common.rest_client [req-0fc014a7-2d75-411c-b3a4-4badbf121f0e req-0fc014a7-2d75-411c-b3a4-4badbf121f0e ] Request (ServerActionsTestOtherA:setUpClass): 200 GET http://10.180.1.21/compute/v2.1/servers/ec703551-5c8d-43bb-b727-709aeeeac9a4 0.099s
2024-09-04 08:30:03.677 62931 INFO tempest.lib.common.rest_client [req-2ad8b730-e6c0-450c-821c-7d40801c5236 req-2ad8b730-e6c0-450c-821c-7d40801c5236 ] Request (ServerRescueTestJSONUnderV235:setUpClass): 200 GET http://10.180.1.21/compute/v2.1/servers/697e3884-2ef4-423e-af81-e5d1e94f65a2 0.087s
2024-09-04 08:30:03.725 62955 INFO tempest.lib.common.rest_client [req-b3d0b407-3e2f-4e9e-9d1a-64c30513d9d3 req-b3d0b407-3e2f-4e9e-9d1a-64c30513d9d3 ] Request (ServerDiagnosticsV248Test:test_get_server_diagnostics): 200 GET http://10.180.1.21/compute/v2.1/servers/e5b0daa1-6745-48ad-8e69-6c7362bac085 0.080s
2024-09-04 08:30:03.745 62979 INFO tempest.lib.common.rest_client [req-f3026742-763c-4eca-bdd8-91cf30c06f65 req-f3026742-763c-4eca-bdd8-91cf30c06f65 ] Request (ListImageFiltersTestJSON:setUpClass): 200 GET http://10.180.1.21/compute/v2.1/servers/fa5248d1-bddf-4244-a363-2113b0473980 0.045s
2024-09-04 08:30:03.840 62961 INFO tempest.lib.common.rest_client [req-b5096e7e-76f7-4c06-ba9e-ee94c8ad1b0e req-b5096e7e-76f7-4c06-ba9e-ee94c8ad1b0e ] Request (ServersAdmin275Test:test_rebuild_update_server_275): 200 GET http://10.180.1.21/compute/v2.1/servers/b2ec3212-25e1-4027-801d-a23309a4d0e6 0.074s
2024-09-04 08:30:03.905 62933 INFO tempest.lib.common.rest_client [req-159ccba9-f04b-4ede-bb22-ec6c2a93fd8c req-159ccba9-f04b-4ede-bb22-ec6c2a93fd8c ] Request (AttachInterfacesTestJSON:test_create_list_show_delete_interfaces_by_fixed_ip): 200 GET http://10.180.1.21/compute/v2.1/servers/26712c18-d9f4-4d7d-80fb-4d527da9c1e3 0.081s
2024-09-04 08:30:03.973 62983 INFO tempest.lib.common.rest_client [req-c1481f7a-b068-4214-803d-60d75f893a33 req-c1481f7a-b068-4214-803d-60d75f893a33 ] Request (ServerDiskConfigTestJSON:test_rebuild_server_with_auto_disk_config): 200 GET http://10.180.1.21/compute/v2.1/servers/e473e254-387f-4581-97bc-bdeab221b10f 0.097s
2024-09-04 08:30:03.981 62957 INFO tempest.lib.common.rest_client [req-b0483d16-ed6c-48f2-9df0-8315dbc03a93 req-b0483d16-ed6c-48f2-9df0-8315dbc03a93 ] Request (AttachInterfacesV270Test:test_create_get_list_interfaces): 200 GET http://10.180.1.21/compute/v2.1/servers/4f0d1356-bdfb-4cb2-979a-e28f9025b311 0.170s
2024-09-04 08:30:04.044 62963 INFO tempest.lib.common.rest_client [req-a17bd7ff-cd3c-42f9-a89e-af518279f1fe req-a17bd7ff-cd3c-42f9-a89e-af518279f1fe ] Request (InstanceActionsV221TestJSON:test_get_list_deleted_instance_actions): 200 GET http://10.180.1.21/compute/v2.1/servers/00085df9-ce61-4ccc-8ecf-16956109eb8f 0.114s
2024-09-04 08:30:04.065 62973 INFO tempest.lib.common.rest_client [req-11c90979-e397-4635-ab4a-2190b2ac4cf4 req-11c90979-e397-4635-ab4a-2190b2ac4cf4 ] Request (ServerRescueTestJSON:setUpClass): 201 POST http://10.180.1.21:9696/networking/v2.0/networks 0.449s
2024-09-04 08:30:04.114 62993 INFO tempest.lib.common.rest_client [req-e2d028e2-88a7-462c-a6d4-86df2f49533c req-e2d028e2-88a7-462c-a6d4-86df2f49533c ] Request (ServersTestBootFromVolume:setUpClass): 200 GET http://10.180.1.21/compute/v2.1/servers/1ae43e6d-c9ac-494d-a7a9-1f6ff538345a 0.156s
2024-09-04 08:30:04.183 62947 INFO tempest.lib.common.rest_client [req-886f6e8b-8cc3-4be6-a4e3-8f3f6bc9b162 req-886f6e8b-8cc3-4be6-a4e3-8f3f6bc9b162 ] Request (ServersAdminTestJSON:setUpClass): 200 GET http://10.180.1.21/compute/v2.1/servers/ab15259f-6344-4ba0-9abd-8b0ee7df59fa 0.192s
2024-09-04 08:30:04.194 62935 INFO tempest.lib.common.rest_client [req-19cc9bc9-7f24-4672-b55f-715003c5cdca req-19cc9bc9-7f24-4672-b55f-715003c5cdca ] Request (VolumesAssistedSnapshotsTest:test_volume_assisted_snapshot_create_delete): 200 GET http://10.180.1.21/compute/v2.1/servers/fedb62e0-2602-4772-9e5d-00645922d2a8 0.285s
2024-09-04 08:30:04.240 62937 INFO tempest.lib.common.rest_client [req-1a8ee19e-955e-4103-857e-e2f3ace76fa4 req-1a8ee19e-955e-4103-857e-e2f3ace76fa4 ] Request (ServersWithSpecificFlavorTestJSON:test_verify_created_server_ephemeral_disk): 200 GET http://10.180.1.21/compute/v2.1/servers/425930c0-b9f8-4966-ae9d-0687d0a07213 0.198s
2024-09-04 08:30:04.294 62959 INFO tempest.lib.common.rest_client [req-ea7f7f6b-6ea8-4951-b0e9-6b9e358ae6aa req-ea7f7f6b-6ea8-4951-b0e9-6b9e358ae6aa ] Request (ServersTestManualDisk:setUpClass): 200 GET http://10.180.1.21/compute/v2.1/servers/68aa9321-22ce-45a0-8323-fa8564dca46b 0.174s
2024-09-04 08:30:04.303 62967 INFO tempest.lib.common.rest_client [req-ce70d034-1e8f-43e9-a9f2-6456c043e365 req-ce70d034-1e8f-43e9-a9f2-6456c043e365 ] Request (ServerDiagnosticsNegativeTest:test_get_server_diagnostics_by_non_admin): 200 GET http://10.180.1.21/compute/v2.1/servers/75050b95-60c6-4e44-a1d5-0d47492dd739 0.239s
2024-09-04 08:30:04.342 62973 INFO tempest.lib.common.rest_client [req-736566ee-df19-4ff8-ad64-92adf7d55290 req-736566ee-df19-4ff8-ad64-92adf7d55290 ] Request (ServerRescueTestJSON:setUpClass): 201 POST http://10.180.1.21:9696/networking/v2.0/subnets 0.276s
2024-09-04 08:30:04.354 62992 INFO tempest.lib.common.rest_client [req-a0570f8a-9d13-455d-888a-c06cce57f513 req-a0570f8a-9d13-455d-888a-c06cce57f513 ] Request (ImagesTestJSON:test_create_image_from_stopped_server): 200 GET http://10.180.1.21/compute/v2.1/servers/f7a74539-8a36-450f-aec4-d059670e8f38 0.186s
2024-09-04 08:30:04.400 62981 INFO tempest.lib.common.rest_client [req-3aa71a7d-51ff-428a-8b9e-6364a51793f8 req-3aa71a7d-51ff-428a-8b9e-6364a51793f8 ] Request (TenantUsagesTestJSON:setUpClass): 200 GET http://10.180.1.21/compute/v2.1/servers/4ec9a397-1e4b-4767-b926-ccc6f63a951c 0.196s
2024-09-04 08:30:04.440 62951 INFO tempest.lib.common.rest_client [req-b241f521-5ad7-47bf-9c4a-8d188a1a5adf req-b241f521-5ad7-47bf-9c4a-8d188a1a5adf ] Request (ServersV294TestFqdnHostnames:setUpClass): 200 GET http://10.180.1.21/compute/v2.1/servers/a24df1e4-2865-4ab3-beae-0892dca12bef 0.277s
2024-09-04 08:30:04.445 62989 INFO tempest.lib.common.rest_client [req-cfad1e9d-b8a4-48ad-9a6e-25418c3fb1ef req-cfad1e9d-b8a4-48ad-9a6e-25418c3fb1ef ] Request (ServerGroupTestJSON:test_create_server_with_scheduler_hint_group): 200 GET http://10.180.1.21/compute/v2.1/servers/d490ad64-a2fe-4c08-b0fc-56b2e00d9c98 0.232s
2024-09-04 08:30:04.486 62965 INFO tempest.lib.common.rest_client [req-6ffa38c6-aac7-4330-b955-978adde1cb52 req-6ffa38c6-aac7-4330-b955-978adde1cb52 ] Request (MultipleCreateTestJSON:test_multiple_create): 200 GET http://10.180.1.21/compute/v2.1/servers/25cef75e-2176-4999-965b-155cd7f8d137 0.227s
2024-09-04 08:30:04.487 62939 INFO tempest.lib.common.rest_client [req-327cc113-d03f-4436-8944-82d7678e4e43 req-327cc113-d03f-4436-8944-82d7678e4e43 ] Request (ServerRescueNegativeTestJSON:setUpClass): 200 GET http://10.180.1.21/compute/v2.1/servers/b9840eca-ec5f-4a8c-9bdf-1212e2640e5c 0.236s
2024-09-04 08:30:04.531 62975 INFO tempest.lib.common.rest_client [req-8e6b6154-43b8-4422-b26c-4e56523b417b req-8e6b6154-43b8-4422-b26c-4e56523b417b ] Request (ServersTestJSON:setUpClass): 200 GET http://10.180.1.21/compute/v2.1/servers/e8bb18d5-207c-48fb-b7e5-06b72ce61b4f 0.228s
2024-09-04 08:30:04.656 62971 INFO tempest.lib.common.rest_client [req-528c06aa-9b83-4ef5-b5a5-dddd2e75d96b req-528c06aa-9b83-4ef5-b5a5-dddd2e75d96b ] Request (ServerAddressesTestJSON:setUpClass): 200 GET http://10.180.1.21/compute/v2.1/servers/f98589dc-ea7a-44c8-8cca-119d126ea0de 0.296s
2024-09-04 08:30:04.666 62949 INFO tempest.lib.common.rest_client [req-a246d0df-adea-4e32-8770-3c5007979b5a req-a246d0df-adea-4e32-8770-3c5007979b5a ] Request (MigrationsAdminTest:test_list_migrations_in_flavor_resize_situation): 200 GET http://10.180.1.21/compute/v2.1/servers/fece072a-baac-4301-988c-0068d6e71cff 0.259s
2024-09-04 08:30:04.877 62987 INFO tempest.lib.common.rest_client [req-c29596df-9a57-442a-b4a2-e46a71e38659 req-c29596df-9a57-442a-b4a2-e46a71e38659 ] Request (ImagesNegativeTestJSON:test_create_image_from_deleted_server): 200 GET http://10.180.1.21/compute/v2.1/servers/3102cc87-df1a-4de8-bfdb-9b904f40ea2e 0.420s
2024-09-04 08:30:04.944 62945 INFO tempest.lib.common.rest_client [req-8c1641ed-5005-4bbe-a7e3-9850dbb2cf57 req-8c1641ed-5005-4bbe-a7e3-9850dbb2cf57 ] Request (ImagesOneServerTestJSON:setUpClass): 200 GET http://10.180.1.21/compute/v2.1/servers/b326be2c-43f2-4f04-9652-cec7e017288e 0.339s
2024-09-04 08:30:04.993 62943 INFO tempest.lib.common.rest_client [req-8e3fa2b6-9013-429a-928b-5c2ebb33fbaa req-8e3fa2b6-9013-429a-928b-5c2ebb33fbaa ] Request (ServerActionsTestOtherA:setUpClass): 200 GET http://10.180.1.21/compute/v2.1/servers/ec703551-5c8d-43bb-b727-709aeeeac9a4 0.343s
2024-09-04 08:30:05.038 62941 INFO tempest.lib.common.rest_client [req-66ccbf67-123f-4126-9542-4d539fc5c5a4 req-66ccbf67-123f-4126-9542-4d539fc5c5a4 ] Request (DeleteServersTestJSON:test_delete_active_server): 200 GET http://10.180.1.21/compute/v2.1/servers/8053d2ae-ca61-4282-aa89-83f3a2e107bc 0.398s
2024-09-04 08:30:05.045 62931 INFO tempest.lib.common.rest_client [req-7d943c93-f668-4b9e-8a57-e550a13fcb4d req-7d943c93-f668-4b9e-8a57-e550a13fcb4d ] Request (ServerRescueTestJSONUnderV235:setUpClass): 200 GET http://10.180.1.21/compute/v2.1/servers/697e3884-2ef4-423e-af81-e5d1e94f65a2 0.360s
2024-09-04 08:30:05.087 62979 INFO tempest.lib.common.rest_client [req-0e994d8d-a1b9-4f94-ae0f-b43da2001d57 req-0e994d8d-a1b9-4f94-ae0f-b43da2001d57 ] Request (ListImageFiltersTestJSON:setUpClass): 200 GET http://10.180.1.21/compute/v2.1/servers/fa5248d1-bddf-4244-a363-2113b0473980 0.335s
2024-09-04 08:30:05.094 62955 INFO tempest.lib.common.rest_client [req-b59dc4b9-bf48-4054-a4a3-84cd4742e082 req-b59dc4b9-bf48-4054-a4a3-84cd4742e082 ] Request (ServerDiagnosticsV248Test:test_get_server_diagnostics): 200 GET http://10.180.1.21/compute/v2.1/servers/e5b0daa1-6745-48ad-8e69-6c7362bac085 0.360s
2024-09-04 08:30:05.134 62961 INFO tempest.lib.common.rest_client [req-f9686ccf-0a11-47a4-a069-23805c608d0b req-f9686ccf-0a11-47a4-a069-23805c608d0b ] Request (ServersAdmin275Test:test_rebuild_update_server_275): 200 GET http://10.180.1.21/compute/v2.1/servers/b2ec3212-25e1-4027-801d-a23309a4d0e6 0.285s
2024-09-04 08:30:05.147 62933 INFO tempest.lib.common.rest_client [req-b8797dd5-7988-421b-aaba-4869fbea4169 req-b8797dd5-7988-421b-aaba-4869fbea4169 ] Request (AttachInterfacesTestJSON:test_create_list_show_delete_interfaces_by_fixed_ip): 200 GET http://10.180.1.21/compute/v2.1/servers/26712c18-d9f4-4d7d-80fb-4d527da9c1e3 0.234s
2024-09-04 08:30:05.181 62983 INFO tempest.lib.common.rest_client [req-75b3e2fa-3c02-40ca-b99e-5cb6438dd704 req-75b3e2fa-3c02-40ca-b99e-5cb6438dd704 ] Request (ServerDiskConfigTestJSON:test_rebuild_server_with_auto_disk_config): 200 GET http://10.180.1.21/compute/v2.1/servers/e473e254-387f-4581-97bc-bdeab221b10f 0.201s
2024-09-04 08:30:05.224 62963 INFO tempest.lib.common.rest_client [req-dbc08a03-60fd-4b22-b70e-9b11f4d8d6f4 req-dbc08a03-60fd-4b22-b70e-9b11f4d8d6f4 ] Request (InstanceActionsV221TestJSON:test_get_list_deleted_instance_actions): 200 GET http://10.180.1.21/compute/v2.1/servers/00085df9-ce61-4ccc-8ecf-16956109eb8f 0.172s
2024-09-04 08:30:05.265 62993 INFO tempest.lib.common.rest_client [req-d16b9bfc-d0d2-460d-83fa-3e3b4e635b7f req-d16b9bfc-d0d2-460d-83fa-3e3b4e635b7f ] Request (ServersTestBootFromVolume:setUpClass): 200 GET http://10.180.1.21/compute/v2.1/servers/1ae43e6d-c9ac-494d-a7a9-1f6ff538345a 0.140s
2024-09-04 08:30:05.305 62947 INFO tempest.lib.common.rest_client [req-11b683a9-7703-4506-8303-8634856560e8 req-11b683a9-7703-4506-8303-8634856560e8 ] Request (ServersAdminTestJSON:setUpClass): 200 GET http://10.180.1.21/compute/v2.1/servers/ab15259f-6344-4ba0-9abd-8b0ee7df59fa 0.110s
2024-09-04 08:30:05.310 62957 INFO tempest.lib.common.rest_client [req-d0cf3b0f-6141-49bb-935c-d76ede3bb07b req-d0cf3b0f-6141-49bb-935c-d76ede3bb07b ] Request (AttachInterfacesV270Test:test_create_get_list_interfaces): 200 GET http://10.180.1.21/compute/v2.1/servers/4f0d1356-bdfb-4cb2-979a-e28f9025b311 0.320s
2024-09-04 08:30:05.359 62937 INFO tempest.lib.common.rest_client [req-e6d0fde2-0e75-4071-ae6b-9bc48490788d req-e6d0fde2-0e75-4071-ae6b-9bc48490788d ] Request (ServersWithSpecificFlavorTestJSON:test_verify_created_server_ephemeral_disk): 200 GET http://10.180.1.21/compute/v2.1/servers/425930c0-b9f8-4966-ae9d-0687d0a07213 0.111s
2024-09-04 08:30:05.414 62959 INFO tempest.lib.common.rest_client [req-14818727-df0b-457a-8688-de7f920912d2 req-14818727-df0b-457a-8688-de7f920912d2 ] Request (ServersTestManualDisk:setUpClass): 200 GET http://10.180.1.21/compute/v2.1/servers/68aa9321-22ce-45a0-8323-fa8564dca46b 0.112s
2024-09-04 08:30:05.456 62935 INFO tempest.lib.common.rest_client [req-3693d4d2-db25-4969-b810-5af264cebdd3 req-3693d4d2-db25-4969-b810-5af264cebdd3 ] Request (VolumesAssistedSnapshotsTest:test_volume_assisted_snapshot_create_delete): 200 GET http://10.180.1.21/compute/v2.1/servers/fedb62e0-2602-4772-9e5d-00645922d2a8 0.255s
2024-09-04 08:30:05.474 62973 INFO tempest.lib.common.rest_client [req-8a0456dd-7fb1-4e28-b8a5-f8967c2b6078 req-8a0456dd-7fb1-4e28-b8a5-f8967c2b6078 ] Request (ServerRescueTestJSON:setUpClass): 201 POST http://10.180.1.21:9696/networking/v2.0/routers 1.132s
2024-09-04 08:30:05.500 62992 INFO tempest.lib.common.rest_client [req-76d27f65-7e6c-4443-9798-e176542a2b47 req-76d27f65-7e6c-4443-9798-e176542a2b47 ] Request (ImagesTestJSON:test_create_image_from_stopped_server): 200 GET http://10.180.1.21/compute/v2.1/servers/f7a74539-8a36-450f-aec4-d059670e8f38 0.132s
2024-09-04 08:30:05.546 62981 INFO tempest.lib.common.rest_client [req-14ad2495-5760-4af6-b7fe-d3d4c04f0b77 req-14ad2495-5760-4af6-b7fe-d3d4c04f0b77 ] Request (TenantUsagesTestJSON:setUpClass): 200 GET http://10.180.1.21/compute/v2.1/servers/4ec9a397-1e4b-4767-b926-ccc6f63a951c 0.139s
2024-09-04 08:30:05.689 62951 INFO tempest.lib.common.rest_client [req-677ad0a6-d063-450f-8a6a-d06060cb07df req-677ad0a6-d063-450f-8a6a-d06060cb07df ] Request (ServersV294TestFqdnHostnames:setUpClass): 200 GET http://10.180.1.21/compute/v2.1/servers/a24df1e4-2865-4ab3-beae-0892dca12bef 0.238s
2024-09-04 08:30:05.740 62989 INFO tempest.lib.common.rest_client [req-c53dd439-0e70-47ba-87e8-0af26b383329 req-c53dd439-0e70-47ba-87e8-0af26b383329 ] Request (ServerGroupTestJSON:test_create_server_with_scheduler_hint_group): 200 GET http://10.180.1.21/compute/v2.1/servers/d490ad64-a2fe-4c08-b0fc-56b2e00d9c98 0.288s
2024-09-04 08:30:05.786 62965 INFO tempest.lib.common.rest_client [req-67c939bd-6399-4f28-a25b-7f9ce46ac875 req-67c939bd-6399-4f28-a25b-7f9ce46ac875 ] Request (MultipleCreateTestJSON:test_multiple_create): 200 GET http://10.180.1.21/compute/v2.1/servers/25cef75e-2176-4999-965b-155cd7f8d137 0.292s
2024-09-04 08:30:05.832 62939 INFO tempest.lib.common.rest_client [req-9d8e6b97-51a9-4e85-9447-a30e690cb01d req-9d8e6b97-51a9-4e85-9447-a30e690cb01d ] Request (ServerRescueNegativeTestJSON:setUpClass): 200 GET http://10.180.1.21/compute/v2.1/servers/b9840eca-ec5f-4a8c-9bdf-1212e2640e5c 0.337s
2024-09-04 08:30:05.832 62967 INFO tempest.lib.common.rest_client [req-ef644bec-d5b4-4939-bd0a-9cad98eff699 req-ef644bec-d5b4-4939-bd0a-9cad98eff699 ] Request (ServerDiagnosticsNegativeTest:test_get_server_diagnostics_by_non_admin): 200 GET http://10.180.1.21/compute/v2.1/servers/75050b95-60c6-4e44-a1d5-0d47492dd739 0.519s
2024-09-04 08:30:05.883 62975 INFO tempest.lib.common.rest_client [req-fdd4822e-db6c-449f-877e-e84d3d064717 req-fdd4822e-db6c-449f-877e-e84d3d064717 ] Request (ServersTestJSON:setUpClass): 200 GET http://10.180.1.21/compute/v2.1/servers/e8bb18d5-207c-48fb-b7e5-06b72ce61b4f 0.346s
2024-09-04 08:30:05.980 62971 INFO tempest.lib.common.rest_client [req-579fece9-d689-4bc4-b8d8-8af4daf3a52c req-579fece9-d689-4bc4-b8d8-8af4daf3a52c ] Request (ServerAddressesTestJSON:setUpClass): 200 GET http://10.180.1.21/compute/v2.1/servers/f98589dc-ea7a-44c8-8cca-119d126ea0de 0.317s
2024-09-04 08:30:05.992 62949 INFO tempest.lib.common.rest_client [req-e62fde0f-00c8-4544-83b8-a8f1883c0f55 req-e62fde0f-00c8-4544-83b8-a8f1883c0f55 ] Request (MigrationsAdminTest:test_list_migrations_in_flavor_resize_situation): 200 GET http://10.180.1.21/compute/v2.1/servers/fece072a-baac-4301-988c-0068d6e71cff 0.318s
2024-09-04 08:30:06.105 62945 INFO tempest.lib.common.rest_client [req-9d8e7a5b-a1c8-4b94-8993-93b92fdf0c1a req-9d8e7a5b-a1c8-4b94-8993-93b92fdf0c1a ] Request (ImagesOneServerTestJSON:setUpClass): 200 GET http://10.180.1.21/compute/v2.1/servers/b326be2c-43f2-4f04-9652-cec7e017288e 0.154s
2024-09-04 08:30:06.137 62987 INFO tempest.lib.common.rest_client [req-94b9e386-064f-4175-87d1-b62218dc4d4c req-94b9e386-064f-4175-87d1-b62218dc4d4c ] Request (ImagesNegativeTestJSON:test_create_image_from_deleted_server): 200 GET http://10.180.1.21/compute/v2.1/servers/3102cc87-df1a-4de8-bfdb-9b904f40ea2e 0.250s
2024-09-04 08:30:06.160 62943 INFO tempest.lib.common.rest_client [req-5398448d-0e46-44a8-8c78-7d4e9996b7df req-5398448d-0e46-44a8-8c78-7d4e9996b7df ] Request (ServerActionsTestOtherA:setUpClass): 200 GET http://10.180.1.21/compute/v2.1/servers/ec703551-5c8d-43bb-b727-709aeeeac9a4 0.160s
2024-09-04 08:30:06.204 62931 INFO tempest.lib.common.rest_client [req-b18e1a68-98e2-4ed8-bc21-ebffb6e0b76a req-b18e1a68-98e2-4ed8-bc21-ebffb6e0b76a ] Request (ServerRescueTestJSONUnderV235:setUpClass): 200 GET http://10.180.1.21/compute/v2.1/servers/697e3884-2ef4-423e-af81-e5d1e94f65a2 0.153s
2024-09-04 08:30:06.251 62979 INFO tempest.lib.common.rest_client [req-6a65525b-27b6-42c3-96f5-93365574dfda req-6a65525b-27b6-42c3-96f5-93365574dfda ] Request (ListImageFiltersTestJSON:setUpClass): 200 GET http://10.180.1.21/compute/v2.1/servers/fa5248d1-bddf-4244-a363-2113b0473980 0.156s
2024-09-04 08:30:06.282 62941 INFO tempest.lib.common.rest_client [req-1c2626cd-1d95-4ef4-9d26-cfafa05141f3 req-1c2626cd-1d95-4ef4-9d26-cfafa05141f3 ] Request (DeleteServersTestJSON:test_delete_active_server): 200 GET http://10.180.1.21/compute/v2.1/servers/8053d2ae-ca61-4282-aa89-83f3a2e107bc 0.237s
2024-09-04 08:30:06.300 62955 INFO tempest.lib.common.rest_client [req-611f8c1b-e984-4cdc-9e15-48b29eb2dc4c req-611f8c1b-e984-4cdc-9e15-48b29eb2dc4c ] Request (ServerDiagnosticsV248Test:test_get_server_diagnostics): 200 GET http://10.180.1.21/compute/v2.1/servers/e5b0daa1-6745-48ad-8e69-6c7362bac085 0.199s
2024-09-04 08:30:06.350 62933 INFO tempest.lib.common.rest_client [req-494b0ebe-1aac-4753-a51c-eff55604b02e req-494b0ebe-1aac-4753-a51c-eff55604b02e ] Request (AttachInterfacesTestJSON:test_create_list_show_delete_interfaces_by_fixed_ip): 200 GET http://10.180.1.21/compute/v2.1/servers/26712c18-d9f4-4d7d-80fb-4d527da9c1e3 0.196s
2024-09-04 08:30:06.356 62961 INFO tempest.lib.common.rest_client [req-a6e722e8-93dd-4e24-b7ef-750677d42b9a req-a6e722e8-93dd-4e24-b7ef-750677d42b9a ] Request (ServersAdmin275Test:test_rebuild_update_server_275): 200 GET http://10.180.1.21/compute/v2.1/servers/b2ec3212-25e1-4027-801d-a23309a4d0e6 0.212s
2024-09-04 08:30:06.408 62983 INFO tempest.lib.common.rest_client [req-c6a73d61-888b-4fe3-afa0-412bcf222231 req-c6a73d61-888b-4fe3-afa0-412bcf222231 ] Request (ServerDiskConfigTestJSON:test_rebuild_server_with_auto_disk_config): 200 GET http://10.180.1.21/compute/v2.1/servers/e473e254-387f-4581-97bc-bdeab221b10f 0.221s
2024-09-04 08:30:06.418 62963 INFO tempest.lib.common.rest_client [req-0ffac59b-da09-46eb-876c-f15f5f215d6f req-0ffac59b-da09-46eb-876c-f15f5f215d6f ] Request (InstanceActionsV221TestJSON:test_get_list_deleted_instance_actions): 200 GET http://10.180.1.21/compute/v2.1/servers/00085df9-ce61-4ccc-8ecf-16956109eb8f 0.185s
2024-09-04 08:30:06.460 62993 INFO tempest.lib.common.rest_client [req-5a471b32-8987-4ea2-835e-e3a29c9adcd2 req-5a471b32-8987-4ea2-835e-e3a29c9adcd2 ] Request (ServersTestBootFromVolume:setUpClass): 200 GET http://10.180.1.21/compute/v2.1/servers/1ae43e6d-c9ac-494d-a7a9-1f6ff538345a 0.187s
2024-09-04 08:30:06.476 62947 INFO tempest.lib.common.rest_client [req-c7245b1f-6d7c-4482-953b-000b4bc4e5ea req-c7245b1f-6d7c-4482-953b-000b4bc4e5ea ] Request (ServersAdminTestJSON:setUpClass): 200 GET http://10.180.1.21/compute/v2.1/servers/ab15259f-6344-4ba0-9abd-8b0ee7df59fa 0.162s
2024-09-04 08:30:06.525 62937 INFO tempest.lib.common.rest_client [req-5bfbd259-5fc2-49c0-ade9-a7b3776f45b0 req-5bfbd259-5fc2-49c0-ade9-a7b3776f45b0 ] Request (ServersWithSpecificFlavorTestJSON:test_verify_created_server_ephemeral_disk): 200 GET http://10.180.1.21/compute/v2.1/servers/425930c0-b9f8-4966-ae9d-0687d0a07213 0.157s
2024-09-04 08:30:06.576 62957 INFO tempest.lib.common.rest_client [req-30888447-28be-4f10-ae16-8b7b495c9dbe req-30888447-28be-4f10-ae16-8b7b495c9dbe ] Request (AttachInterfacesV270Test:test_create_get_list_interfaces): 200 GET http://10.180.1.21/compute/v2.1/servers/4f0d1356-bdfb-4cb2-979a-e28f9025b311 0.253s
2024-09-04 08:30:06.581 62959 INFO tempest.lib.common.rest_client [req-e975b541-0f02-4a18-a42b-90932786c231 req-e975b541-0f02-4a18-a42b-90932786c231 ] Request (ServersTestManualDisk:setUpClass): 200 GET http://10.180.1.21/compute/v2.1/servers/68aa9321-22ce-45a0-8323-fa8564dca46b 0.157s
2024-09-04 08:30:06.634 62992 INFO tempest.lib.common.rest_client [req-b1273fbe-e93a-48dc-9b58-637cb36faa0d req-b1273fbe-e93a-48dc-9b58-637cb36faa0d ] Request (ImagesTestJSON:test_create_image_from_stopped_server): 200 GET http://10.180.1.21/compute/v2.1/servers/f7a74539-8a36-450f-aec4-d059670e8f38 0.127s
2024-09-04 08:30:06.681 62935 INFO tempest.lib.common.rest_client [req-c59f35b8-2861-43c3-976b-bab7323f213c req-c59f35b8-2861-43c3-976b-bab7323f213c ] Request (VolumesAssistedSnapshotsTest:test_volume_assisted_snapshot_create_delete): 200 GET http://10.180.1.21/compute/v2.1/servers/fedb62e0-2602-4772-9e5d-00645922d2a8 0.213s
2024-09-04 08:30:06.686 62981 INFO tempest.lib.common.rest_client [req-3a69c0d4-852c-4840-8653-0d45c0dfc2e0 req-3a69c0d4-852c-4840-8653-0d45c0dfc2e0 ] Request (TenantUsagesTestJSON:setUpClass): 200 GET http://10.180.1.21/compute/v2.1/servers/4ec9a397-1e4b-4767-b926-ccc6f63a951c 0.130s
2024-09-04 08:30:06.804 62989 INFO tempest.lib.common.rest_client [req-b3bd3216-8401-4863-b69c-2b8d399716e0 req-b3bd3216-8401-4863-b69c-2b8d399716e0 ] Request (ServerGroupTestJSON:test_create_server_with_scheduler_hint_group): 200 GET http://10.180.1.21/compute/v2.1/servers/d490ad64-a2fe-4c08-b0fc-56b2e00d9c98 0.056s
2024-09-04 08:30:06.821 62951 INFO tempest.lib.common.rest_client [req-df0b6880-dcf6-45aa-b0ce-76ccc745a5c0 req-df0b6880-dcf6-45aa-b0ce-76ccc745a5c0 ] Request (ServersV294TestFqdnHostnames:setUpClass): 200 GET http://10.180.1.21/compute/v2.1/servers/a24df1e4-2865-4ab3-beae-0892dca12bef 0.117s
2024-09-04 08:30:06.855 62965 INFO tempest.lib.common.rest_client [req-7230f61b-e108-46f6-abb8-ddcc40ed3e7b req-7230f61b-e108-46f6-abb8-ddcc40ed3e7b ] Request (MultipleCreateTestJSON:test_multiple_create): 200 GET http://10.180.1.21/compute/v2.1/servers/25cef75e-2176-4999-965b-155cd7f8d137 0.062s
2024-09-04 08:30:06.911 62939 INFO tempest.lib.common.rest_client [req-12b44d42-6ba5-426d-92b1-d10a3ad13f87 req-12b44d42-6ba5-426d-92b1-d10a3ad13f87 ] Request (ServerRescueNegativeTestJSON:setUpClass): 200 GET http://10.180.1.21/compute/v2.1/servers/b9840eca-ec5f-4a8c-9bdf-1212e2640e5c 0.072s
2024-09-04 08:30:06.951 62967 INFO tempest.lib.common.rest_client [req-58fafe5c-b29e-4c63-8164-c7f85f9e46f5 req-58fafe5c-b29e-4c63-8164-c7f85f9e46f5 ] Request (ServerDiagnosticsNegativeTest:test_get_server_diagnostics_by_non_admin): 200 GET http://10.180.1.21/compute/v2.1/servers/75050b95-60c6-4e44-a1d5-0d47492dd739 0.113s
2024-09-04 08:30:06.969 62975 INFO tempest.lib.common.rest_client [req-1440d3cb-bd93-4045-ba12-ec07f1012de9 req-1440d3cb-bd93-4045-ba12-ec07f1012de9 ] Request (ServersTestJSON:setUpClass): 200 GET http://10.180.1.21/compute/v2.1/servers/e8bb18d5-207c-48fb-b7e5-06b72ce61b4f 0.078s
2024-09-04 08:30:06.981 62973 INFO tempest.lib.common.rest_client [req-008b82aa-41a7-4cde-b67c-f3e47bba9abb req-008b82aa-41a7-4cde-b67c-f3e47bba9abb ] Request (ServerRescueTestJSON:setUpClass): 200 PUT http://10.180.1.21:9696/networking/v2.0/routers/1370f4c5-3162-441b-8808-f9b91c123c4b/add_router_interface 1.506s
2024-09-04 08:30:06.981 62973 INFO tempest.lib.common.dynamic_creds [-] Created isolated network resources for: credentials: Credentials: {'domain_id': 'default', 'domain_name': 'Default', 'username': 'tempest-ServerRescueTestJSON-1093684156-project-member', 'project_domain_id': 'default', 'project_domain_name': 'Default', 'project_id': 'c685a9b7969f494a9f1ea727bb2ff492', 'project_name': 'tempest-ServerRescueTestJSON-1093684156', 'tenant_id': 'c685a9b7969f494a9f1ea727bb2ff492', 'tenant_name': 'tempest-ServerRescueTestJSON-1093684156', 'user_domain_id': 'default', 'user_domain_name': 'Default', 'user_id': 'dddd74cb4b7d4711be29f9adb6b49d34', 'system': None}, Network: {'id': '970cd08f-3b66-450c-b224-58ccf47a76cc', 'name': 'tempest-ServerRescueTestJSON-1787034591-network', 'tenant_id': 'c685a9b7969f494a9f1ea727bb2ff492', 'admin_state_up': True, 'mtu': 8950, 'status': 'ACTIVE', 'subnets': [], 'shared': False, 'project_id': 'c685a9b7969f494a9f1ea727bb2ff492', 'port_security_enabled': True, 'router:external': False, 'provider:network_type': 'vlan', 'provider:physical_network': 'default', 'provider:segmentation_id': 585, 'is_default': False, 'availability_zone_hints': [], 'availability_zones': [], 'ipv4_address_scope': None, 'ipv6_address_scope': None, 'description': '', 'tags': [], 'created_at': '2024-09-04T08:30:03Z', 'updated_at': '2024-09-04T08:30:03Z', 'revision_number': 1}, Subnet: {'id': '8cad8fdb-cc81-46a8-baa9-0b0913b0193b', 'name': 'tempest-ServerRescueTestJSON-1787034591-subnet', 'tenant_id': 'c685a9b7969f494a9f1ea727bb2ff492', 'network_id': '970cd08f-3b66-450c-b224-58ccf47a76cc', 'ip_version': 4, 'subnetpool_id': None, 'enable_dhcp': False, 'ipv6_ra_mode': None, 'ipv6_address_mode': None, 'gateway_ip': '192.168.128.1', 'cidr': '192.168.128.0/28', 'allocation_pools': [{'start': '192.168.128.2', 'end': '192.168.128.14'}], 'host_routes': [], 'dns_nameservers': [], 'description': '', 'service_types': [], 'tags': [], 'created_at': '2024-09-04T08:30:04Z', 'updated_at': '2024-09-04T08:30:04Z', 'revision_number': 0, 'project_id': 'c685a9b7969f494a9f1ea727bb2ff492'}, Router: {'id': '1370f4c5-3162-441b-8808-f9b91c123c4b', 'name': 'tempest-ServerRescueTestJSON-1787034591-router', 'tenant_id': 'c685a9b7969f494a9f1ea727bb2ff492', 'admin_state_up': True, 'status': 'ACTIVE', 'external_gateway_info': {'network_id': '31cf2a80-3eaf-4eb0-a8d5-5a83670c6048', 'external_fixed_ips': [{'subnet_id': 'a8e6832c-9fa0-44f7-8de8-d83208cea2fe', 'ip_address': '10.180.180.233'}], 'enable_snat': True}, 'description': '', 'availability_zones': [], 'distributed': False, 'ha': False, 'availability_zone_hints': [], 'routes': [], 'flavor_id': None, 'tags': [], 'created_at': '2024-09-04T08:30:04Z', 'updated_at': '2024-09-04T08:30:05Z', 'revision_number': 2, 'project_id': 'c685a9b7969f494a9f1ea727bb2ff492'}
2024-09-04 08:30:07.062 62973 INFO tempest.lib.common.rest_client [req-a4db7fd1-60e6-4743-a290-e258c786c669 req-a4db7fd1-60e6-4743-a290-e258c786c669 ] Request (ServerRescueTestJSON:setUpClass): 201 POST http://10.180.1.21/identity/v3/auth/tokens 0.077s
2024-09-04 08:30:07.092 62973 INFO tempest.lib.common.rest_client [req-46dc44ca-4324-4710-bc08-08246fe324c3 req-46dc44ca-4324-4710-bc08-08246fe324c3 ] Request (ServerRescueTestJSON:setUpClass): 201 POST http://10.180.1.21/identity/v3/auth/tokens 0.025s
2024-09-04 08:30:07.092 62973 INFO tempest.lib.common.fixed_network [-] (ServerRescueTestJSON:setUpClass) Found network {'id': '970cd08f-3b66-450c-b224-58ccf47a76cc', 'name': 'tempest-ServerRescueTestJSON-1787034591-network', 'tenant_id': 'c685a9b7969f494a9f1ea727bb2ff492', 'admin_state_up': True, 'mtu': 8950, 'status': 'ACTIVE', 'subnets': [], 'shared': False, 'project_id': 'c685a9b7969f494a9f1ea727bb2ff492', 'port_security_enabled': True, 'router:external': False, 'provider:network_type': 'vlan', 'provider:physical_network': 'default', 'provider:segmentation_id': 585, 'is_default': False, 'availability_zone_hints': [], 'availability_zones': [], 'ipv4_address_scope': None, 'ipv6_address_scope': None, 'description': '', 'tags': [], 'created_at': '2024-09-04T08:30:03Z', 'updated_at': '2024-09-04T08:30:03Z', 'revision_number': 1} available for tenant
2024-09-04 08:30:07.118 62949 INFO tempest.lib.common.rest_client [req-4e0d2d9d-74fa-4fe1-975a-705f921e428c req-4e0d2d9d-74fa-4fe1-975a-705f921e428c ] Request (MigrationsAdminTest:test_list_migrations_in_flavor_resize_situation): 200 GET http://10.180.1.21/compute/v2.1/servers/fece072a-baac-4301-988c-0068d6e71cff 0.115s
2024-09-04 08:30:07.159 62971 INFO tempest.lib.common.rest_client [req-ceb50af2-318f-4a2d-a7b1-8cc9ff87402c req-ceb50af2-318f-4a2d-a7b1-8cc9ff87402c ] Request (ServerAddressesTestJSON:setUpClass): 200 GET http://10.180.1.21/compute/v2.1/servers/f98589dc-ea7a-44c8-8cca-119d126ea0de 0.169s
2024-09-04 08:30:07.271 62945 INFO tempest.lib.common.rest_client [req-717bd203-e67e-4949-a896-dafc5b1f01b2 req-717bd203-e67e-4949-a896-dafc5b1f01b2 ] Request (ImagesOneServerTestJSON:setUpClass): 200 GET http://10.180.1.21/compute/v2.1/servers/b326be2c-43f2-4f04-9652-cec7e017288e 0.156s
2024-09-04 08:30:07.416 62987 INFO tempest.lib.common.rest_client [req-2c602c71-93d8-4507-8819-65ba9d460152 req-2c602c71-93d8-4507-8819-65ba9d460152 ] Request (ImagesNegativeTestJSON:test_create_image_from_deleted_server): 200 GET http://10.180.1.21/compute/v2.1/servers/3102cc87-df1a-4de8-bfdb-9b904f40ea2e 0.270s
2024-09-04 08:30:07.473 62943 INFO tempest.lib.common.rest_client [req-07eacdff-6b6c-4fb6-b944-3ffcb65753a1 req-07eacdff-6b6c-4fb6-b944-3ffcb65753a1 ] Request (ServerActionsTestOtherA:setUpClass): 200 GET http://10.180.1.21/compute/v2.1/servers/ec703551-5c8d-43bb-b727-709aeeeac9a4 0.300s
2024-09-04 08:30:07.532 62931 INFO tempest.lib.common.rest_client [req-d5ee877f-dcf3-43b6-9ec9-0bb40f3dd258 req-d5ee877f-dcf3-43b6-9ec9-0bb40f3dd258 ] Request (ServerRescueTestJSONUnderV235:setUpClass): 200 GET http://10.180.1.21/compute/v2.1/servers/697e3884-2ef4-423e-af81-e5d1e94f65a2 0.321s
2024-09-04 08:30:07.550 62973 INFO tempest.lib.common.rest_client [req-249f2d23-d1be-4c08-89bf-9e66364628a8 req-249f2d23-d1be-4c08-89bf-9e66364628a8 ] Request (ServerRescueTestJSON:setUpClass): 202 POST http://10.180.1.21/compute/v2.1/servers 0.457s
2024-09-04 08:30:07.581 62979 INFO tempest.lib.common.rest_client [req-756ecabe-6eea-41d0-9a38-4f348f9af12d req-756ecabe-6eea-41d0-9a38-4f348f9af12d ] Request (ListImageFiltersTestJSON:setUpClass): 200 GET http://10.180.1.21/compute/v2.1/servers/fa5248d1-bddf-4244-a363-2113b0473980 0.320s
2024-09-04 08:30:07.636 62955 INFO tempest.lib.common.rest_client [req-a820ce2c-e1f6-4b51-92ae-3c50839044ee req-a820ce2c-e1f6-4b51-92ae-3c50839044ee ] Request (ServerDiagnosticsV248Test:test_get_server_diagnostics): 200 GET http://10.180.1.21/compute/v2.1/servers/e5b0daa1-6745-48ad-8e69-6c7362bac085 0.323s
2024-09-04 08:30:07.667 62941 INFO tempest.lib.common.rest_client [req-a6ee3324-2e85-442e-9c77-208a54975c43 req-a6ee3324-2e85-442e-9c77-208a54975c43 ] Request (DeleteServersTestJSON:test_delete_active_server): 200 GET http://10.180.1.21/compute/v2.1/servers/8053d2ae-ca61-4282-aa89-83f3a2e107bc 0.376s
2024-09-04 08:30:07.692 62933 INFO tempest.lib.common.rest_client [req-231fe218-8dfe-40f8-9c08-c47871471e48 req-231fe218-8dfe-40f8-9c08-c47871471e48 ] Request (AttachInterfacesTestJSON:test_create_list_show_delete_interfaces_by_fixed_ip): 200 GET http://10.180.1.21/compute/v2.1/servers/26712c18-d9f4-4d7d-80fb-4d527da9c1e3 0.323s
2024-09-04 08:30:07.728 62961 INFO tempest.lib.common.rest_client [req-ba0a287b-1cf2-46d3-853a-da525c34884e req-ba0a287b-1cf2-46d3-853a-da525c34884e ] Request (ServersAdmin275Test:test_rebuild_update_server_275): 200 GET http://10.180.1.21/compute/v2.1/servers/b2ec3212-25e1-4027-801d-a23309a4d0e6 0.359s
2024-09-04 08:30:07.739 62983 INFO tempest.lib.common.rest_client [req-6870b255-e81e-4073-bb83-59e5c21cb6dd req-6870b255-e81e-4073-bb83-59e5c21cb6dd ] Request (ServerDiskConfigTestJSON:test_rebuild_server_with_auto_disk_config): 200 GET http://10.180.1.21/compute/v2.1/servers/e473e254-387f-4581-97bc-bdeab221b10f 0.323s
2024-09-04 08:30:07.783 62963 INFO tempest.lib.common.rest_client [req-e52d1d47-296f-4499-abed-1542b73aa8c7 req-e52d1d47-296f-4499-abed-1542b73aa8c7 ] Request (InstanceActionsV221TestJSON:test_get_list_deleted_instance_actions): 200 GET http://10.180.1.21/compute/v2.1/servers/00085df9-ce61-4ccc-8ecf-16956109eb8f 0.352s
2024-09-04 08:30:07.791 62993 INFO tempest.lib.common.rest_client [req-e25b7e8f-3353-4b28-b715-5da0aef452e0 req-e25b7e8f-3353-4b28-b715-5da0aef452e0 ] Request (ServersTestBootFromVolume:setUpClass): 200 GET http://10.180.1.21/compute/v2.1/servers/1ae43e6d-c9ac-494d-a7a9-1f6ff538345a 0.324s
2024-09-04 08:30:07.833 62947 INFO tempest.lib.common.rest_client [req-89644dc5-cda0-41e1-9954-0fe330f32648 req-89644dc5-cda0-41e1-9954-0fe330f32648 ] Request (ServersAdminTestJSON:setUpClass): 200 GET http://10.180.1.21/compute/v2.1/servers/ab15259f-6344-4ba0-9abd-8b0ee7df59fa 0.348s
2024-09-04 08:30:07.851 62937 INFO tempest.lib.common.rest_client [req-7d0eb4bf-c450-411c-a4c5-6c54851e124b req-7d0eb4bf-c450-411c-a4c5-6c54851e124b ] Request (ServersWithSpecificFlavorTestJSON:test_verify_created_server_ephemeral_disk): 200 GET http://10.180.1.21/compute/v2.1/servers/425930c0-b9f8-4966-ae9d-0687d0a07213 0.315s
2024-09-04 08:30:07.878 62973 INFO tempest.lib.common.rest_client [req-b768fabd-6fa5-4b47-b1cb-f75be44cbfc5 req-b768fabd-6fa5-4b47-b1cb-f75be44cbfc5 ] Request (ServerRescueTestJSON:setUpClass): 200 GET http://10.180.1.21/compute/v2.1/servers/f22357ec-450c-4545-8822-74b83bfc5a35 0.326s
2024-09-04 08:30:07.926 62959 INFO tempest.lib.common.rest_client [req-2dd209e5-9fdb-4175-b6a3-4235827ef398 req-2dd209e5-9fdb-4175-b6a3-4235827ef398 ] Request (ServersTestManualDisk:setUpClass): 200 GET http://10.180.1.21/compute/v2.1/servers/68aa9321-22ce-45a0-8323-fa8564dca46b 0.338s
2024-09-04 08:30:07.974 62992 INFO tempest.lib.common.rest_client [req-952ffbc5-ba18-4e9c-916e-75e0d9179c2d req-952ffbc5-ba18-4e9c-916e-75e0d9179c2d ] Request (ImagesTestJSON:test_create_image_from_stopped_server): 200 GET http://10.180.1.21/compute/v2.1/servers/f7a74539-8a36-450f-aec4-d059670e8f38 0.331s
2024-09-04 08:30:08.030 62957 INFO tempest.lib.common.rest_client [req-e72722ab-02e6-48a6-bac7-84760669eab2 req-e72722ab-02e6-48a6-bac7-84760669eab2 ] Request (AttachInterfacesV270Test:test_create_get_list_interfaces): 200 GET http://10.180.1.21/compute/v2.1/servers/4f0d1356-bdfb-4cb2-979a-e28f9025b311 0.444s
2024-09-04 08:30:08.084 62981 INFO tempest.lib.common.rest_client [req-8042d393-115e-4aa7-92de-976e432a257d req-8042d393-115e-4aa7-92de-976e432a257d ] Request (TenantUsagesTestJSON:setUpClass): 200 GET http://10.180.1.21/compute/v2.1/servers/4ec9a397-1e4b-4767-b926-ccc6f63a951c 0.392s
2024-09-04 08:30:08.131 62989 INFO tempest.lib.common.rest_client [req-d72943d1-ca40-44de-8517-d576d91912b9 req-d72943d1-ca40-44de-8517-d576d91912b9 ] Request (ServerGroupTestJSON:test_create_server_with_scheduler_hint_group): 200 GET http://10.180.1.21/compute/v2.1/servers/d490ad64-a2fe-4c08-b0fc-56b2e00d9c98 0.319s
