2024-09-04 08:27:15.381 62975 INFO tempest.lib.common.dynamic_creds [-] Created isolated network resources for: credentials: Credentials: {'domain_id': 'default', 'domain_name': 'Default', 'username': 'tempest-FloatingIPsAssociationTestJSON-827292912-project-member', 'project_domain_id': 'default', 'project_domain_name': 'Default', 'project_id': '48004a3f53e4434a95b02779399fc7dc', 'project_name': 'tempest-FloatingIPsAssociationTestJSON-827292912', 'tenant_id': '48004a3f53e4434a95b02779399fc7dc', 'tenant_name': 'tempest-FloatingIPsAssociationTestJSON-827292912', 'user_domain_id': 'default', 'user_domain_name': 'Default', 'user_id': '4b94fe95dc67487c81decc5ca0a65db9', 'system': None}, Network: {'id': '71df833e-f099-40c7-9b1c-c96f8715ef40', 'name': 'tempest-FloatingIPsAssociationTestJSON-1619380618-network', 'tenant_id': '48004a3f53e4434a95b02779399fc7dc', 'admin_state_up': True, 'mtu': 8950, 'status': 'ACTIVE', 'subnets': [], 'shared': False, 'project_id': '48004a3f53e4434a95b02779399fc7dc', 'port_security_enabled': True, 'router:external': False, 'provider:network_type': 'vlan', 'provider:physical_network': 'default', 'provider:segmentation_id': 505, 'is_default': False, 'availability_zone_hints': [], 'availability_zones': [], 'ipv4_address_scope': None, 'ipv6_address_scope': None, 'description': '', 'tags': [], 'created_at': '2024-09-04T08:27:03Z', 'updated_at': '2024-09-04T08:27:04Z', 'revision_number': 1}, Subnet: {'id': '9888f364-aa9b-4383-bbed-275369227847', 'name': 'tempest-FloatingIPsAssociationTestJSON-1619380618-subnet', 'tenant_id': '48004a3f53e4434a95b02779399fc7dc', 'network_id': '71df833e-f099-40c7-9b1c-c96f8715ef40', 'ip_version': 4, 'subnetpool_id': None, 'enable_dhcp': True, 'ipv6_ra_mode': None, 'ipv6_address_mode': None, 'gateway_ip': '192.168.128.1', 'cidr': '192.168.128.0/28', 'allocation_pools': [{'start': '192.168.128.2', 'end': '192.168.128.14'}], 'host_routes': [], 'dns_nameservers': [], 'description': '', 'service_types': [], 'tags': [], 'created_at': '2024-09-04T08:27:04Z', 'updated_at': '2024-09-04T08:27:04Z', 'revision_number': 0, 'project_id': '48004a3f53e4434a95b02779399fc7dc'}, Router: {'id': 'b92630f5-3b8e-458c-ba2d-d0b0bef2fac7', 'name': 'tempest-FloatingIPsAssociationTestJSON-1619380618-router', 'tenant_id': '48004a3f53e4434a95b02779399fc7dc', 'admin_state_up': True, 'status': 'ACTIVE', 'external_gateway_info': {'network_id': '31cf2a80-3eaf-4eb0-a8d5-5a83670c6048', 'external_fixed_ips': [{'subnet_id': 'a8e6832c-9fa0-44f7-8de8-d83208cea2fe', 'ip_address': '10.180.180.249'}], 'enable_snat': True}, 'description': '', 'availability_zones': [], 'distributed': False, 'ha': False, 'availability_zone_hints': [], 'routes': [], 'flavor_id': None, 'tags': [], 'created_at': '2024-09-04T08:27:05Z', 'updated_at': '2024-09-04T08:27:06Z', 'revision_number': 2, 'project_id': '48004a3f53e4434a95b02779399fc7dc'}
2024-09-04 08:27:15.394 62943 INFO tempest.lib.common.rest_client [req-636eb87e-2c7e-44ba-96f1-9643dcb81463 req-636eb87e-2c7e-44ba-96f1-9643dcb81463 ] Request (FlavorsAccessTestJSON:setUpClass): 204 PUT http://10.180.1.21/identity/v3/projects/7ff70ddf3ddf48d4a8218615d52699eb/users/027963bb123249c68095e23fa858ac2f/roles/6656f822b0644d798fd417b096549499 0.365s
2024-09-04 08:27:15.417 62973 INFO tempest.lib.common.rest_client [req-2817f779-063d-4350-ac9a-c694842a6590 req-2817f779-063d-4350-ac9a-c694842a6590 ] Request (ServerActionsTestOtherB:setUpClass): 201 POST http://10.180.1.21/identity/v3/auth/tokens 0.411s
2024-09-04 08:27:15.442 62979 INFO tempest.lib.common.rest_client [req-77f1af7e-50f4-495c-91e1-b8d99c2e05ad req-77f1af7e-50f4-495c-91e1-b8d99c2e05ad ] Request (ListImageFiltersTestJSON:setUpClass): 201 POST http://10.180.1.21/identity/v3/auth/tokens 0.379s
2024-09-04 08:27:15.442 62967 INFO tempest.lib.common.rest_client [req-291f9b35-1f4f-49b4-bfeb-4ca40d118a74 req-291f9b35-1f4f-49b4-bfeb-4ca40d118a74 ] Request (ServerDiagnosticsTest:test_get_server_diagnostics): 200 GET http://10.180.1.21/compute/v2.1/servers/6b804847-a51d-4e01-90a9-bd3f8116f95f 2.061s
2024-09-04 08:27:15.452 62937 INFO tempest.lib.common.rest_client [req-6f1387bf-0ca2-4758-bea6-96438daf3a08 req-6f1387bf-0ca2-4758-bea6-96438daf3a08 ] Request (ServersWithSpecificFlavorTestJSON:setUpClass): 204 PUT http://10.180.1.21/identity/v3/projects/a6f099ac1f8542caa39ad212b3be9a6e/users/13b97cd45e56474b94950a0f6ac2e80f/roles/6656f822b0644d798fd417b096549499 0.406s
2024-09-04 08:27:15.497 62969 INFO tempest.lib.common.rest_client [req-059efa1b-aef3-4013-9047-38f7e9d676ad req-059efa1b-aef3-4013-9047-38f7e9d676ad ] Request (ServerExternalEventsTest:setUpClass): 201 POST http://10.180.1.21/identity/v3/auth/tokens 0.313s
2024-09-04 08:27:15.513 62935 INFO tempest.lib.common.rest_client [req-acce7bff-c193-4756-a929-dca0b61b28a1 req-acce7bff-c193-4756-a929-dca0b61b28a1 ] Request (VolumesAssistedSnapshotsTest:setUpClass): 204 PUT http://10.180.1.21/identity/v3/projects/4c78720a19e049fc81965e92bad77240/users/048934b3258d495a8a91025846cac79a/roles/6656f822b0644d798fd417b096549499 0.205s
2024-09-04 08:27:15.514 62935 INFO tempest.lib.common.dynamic_creds [-] Dynamic test user 048934b3258d495a8a91025846cac79a is created with scope project and roles: ['admin']
2024-09-04 08:27:15.514 62935 INFO tempest.lib.common.dynamic_creds [-] Acquired dynamic creds: credentials: Credentials: {'domain_id': 'default', 'domain_name': 'Default', 'username': 'tempest-VolumesAssistedSnapshotsTest-67587256-project-admin', 'project_domain_id': 'default', 'project_domain_name': 'Default', 'project_id': '4c78720a19e049fc81965e92bad77240', 'project_name': 'tempest-VolumesAssistedSnapshotsTest-67587256', 'tenant_id': '4c78720a19e049fc81965e92bad77240', 'tenant_name': 'tempest-VolumesAssistedSnapshotsTest-67587256', 'user_domain_id': 'default', 'user_domain_name': 'Default', 'user_id': '048934b3258d495a8a91025846cac79a', 'system': None}, Network: None, Subnet: None, Router: None
2024-09-04 08:27:15.545 62992 INFO tempest.lib.common.rest_client [req-85b763d7-d0ea-4880-8ad4-44078e38ce48 req-85b763d7-d0ea-4880-8ad4-44078e38ce48 ] Request (HypervisorAdminNegativeUnderV252Test:tearDownClass): 204 DELETE http://10.180.1.21/identity/v3/users/b66654dfac094c938f0183c9f342e300 0.295s
2024-09-04 08:27:15.546 62992 INFO tempest.lib.common.dynamic_creds [-] Deleting project and security group for project: 117c840538e543dbb478346b90aeac28
2024-09-04 08:27:15.592 62943 INFO tempest.lib.common.rest_client [req-b9a4df79-226d-469c-824c-72e917ffd495 req-b9a4df79-226d-469c-824c-72e917ffd495 ] Request (FlavorsAccessTestJSON:setUpClass): 200 GET http://10.180.1.21/identity/v3/roles 0.197s
2024-09-04 08:27:15.613 62979 INFO tempest.lib.common.rest_client [req-e74fe875-e5dc-4345-ac06-8f89d30a33df req-e74fe875-e5dc-4345-ac06-8f89d30a33df ] Request (ListImageFiltersTestJSON:setUpClass): 200 GET http://10.180.1.21/identity/v3/domains?name=Default 0.170s
2024-09-04 08:27:15.635 62937 INFO tempest.lib.common.rest_client [req-7e808f28-c2cc-4a98-9bef-1adda2f77925 req-7e808f28-c2cc-4a98-9bef-1adda2f77925 ] Request (ServersWithSpecificFlavorTestJSON:setUpClass): 200 GET http://10.180.1.21/identity/v3/roles 0.182s
2024-09-04 08:27:15.655 62969 INFO tempest.lib.common.rest_client [req-39e3bc7f-bee0-47ae-927e-94bbfda31271 req-39e3bc7f-bee0-47ae-927e-94bbfda31271 ] Request (ServerExternalEventsTest:setUpClass): 200 GET http://10.180.1.21/identity/v3/domains?name=Default 0.158s
2024-09-04 08:27:15.708 62975 INFO tempest.lib.common.rest_client [req-cc70900a-4402-4b63-854e-49c881b3a924 req-cc70900a-4402-4b63-854e-49c881b3a924 ] Request (FloatingIPsAssociationTestJSON:setUpClass): 201 POST http://10.180.1.21/identity/v3/auth/tokens 0.322s
2024-09-04 08:27:15.732 62992 INFO tempest.lib.common.rest_client [req-3aab7940-1e9d-4279-ab1d-7c3341b8a2b8 req-3aab7940-1e9d-4279-ab1d-7c3341b8a2b8 ] Request (HypervisorAdminNegativeUnderV252Test:tearDownClass): 201 POST http://10.180.1.21/identity/v3/auth/tokens 0.186s
2024-09-04 08:27:15.746 62943 INFO tempest.lib.common.rest_client [req-ce3409cc-9806-4946-808a-15d40cf99d0a req-ce3409cc-9806-4946-808a-15d40cf99d0a ] Request (FlavorsAccessTestJSON:setUpClass): 204 PUT http://10.180.1.21/identity/v3/projects/7ff70ddf3ddf48d4a8218615d52699eb/users/027963bb123249c68095e23fa858ac2f/roles/6656f822b0644d798fd417b096549499 0.154s
2024-09-04 08:27:15.747 62943 INFO tempest.lib.common.dynamic_creds [-] Dynamic test user 027963bb123249c68095e23fa858ac2f is created with scope project and roles: ['admin']
2024-09-04 08:27:15.747 62943 INFO tempest.lib.common.dynamic_creds [-] Acquired dynamic creds: credentials: Credentials: {'domain_id': 'default', 'domain_name': 'Default', 'username': 'tempest-FlavorsAccessTestJSON-1864810842-project-admin', 'project_domain_id': 'default', 'project_domain_name': 'Default', 'project_id': '7ff70ddf3ddf48d4a8218615d52699eb', 'project_name': 'tempest-FlavorsAccessTestJSON-1864810842', 'tenant_id': '7ff70ddf3ddf48d4a8218615d52699eb', 'tenant_name': 'tempest-FlavorsAccessTestJSON-1864810842', 'user_domain_id': 'default', 'user_domain_name': 'Default', 'user_id': '027963bb123249c68095e23fa858ac2f', 'system': None}, Network: None, Subnet: None, Router: None
2024-09-04 08:27:15.747 62943 INFO tempest.lib.common.dynamic_creds [-] Created isolated network resources for: credentials: Credentials: {'domain_id': 'default', 'domain_name': 'Default', 'username': 'tempest-FlavorsAccessTestJSON-1864810842-project-admin', 'project_domain_id': 'default', 'project_domain_name': 'Default', 'project_id': '7ff70ddf3ddf48d4a8218615d52699eb', 'project_name': 'tempest-FlavorsAccessTestJSON-1864810842', 'tenant_id': '7ff70ddf3ddf48d4a8218615d52699eb', 'tenant_name': 'tempest-FlavorsAccessTestJSON-1864810842', 'user_domain_id': 'default', 'user_domain_name': 'Default', 'user_id': '027963bb123249c68095e23fa858ac2f', 'system': None}, Network: None, Subnet: None, Router: None
2024-09-04 08:27:15.802 62979 INFO tempest.lib.common.rest_client [req-f3a5aab0-751f-441a-83e7-4344697ca50c req-f3a5aab0-751f-441a-83e7-4344697ca50c ] Request (ListImageFiltersTestJSON:setUpClass): 201 POST http://10.180.1.21/identity/v3/projects 0.189s
2024-09-04 08:27:15.804 62937 INFO tempest.lib.common.rest_client [req-7c68e870-ca90-4af1-94e0-45797a9736d6 req-7c68e870-ca90-4af1-94e0-45797a9736d6 ] Request (ServersWithSpecificFlavorTestJSON:setUpClass): 204 PUT http://10.180.1.21/identity/v3/projects/a6f099ac1f8542caa39ad212b3be9a6e/users/13b97cd45e56474b94950a0f6ac2e80f/roles/6656f822b0644d798fd417b096549499 0.169s
2024-09-04 08:27:15.804 62937 INFO tempest.lib.common.dynamic_creds [-] Dynamic test user 13b97cd45e56474b94950a0f6ac2e80f is created with scope project and roles: ['admin']
2024-09-04 08:27:15.804 62937 INFO tempest.lib.common.dynamic_creds [-] Acquired dynamic creds: credentials: Credentials: {'domain_id': 'default', 'domain_name': 'Default', 'username': 'tempest-ServersWithSpecificFlavorTestJSON-558180646-project-admin', 'project_domain_id': 'default', 'project_domain_name': 'Default', 'project_id': 'a6f099ac1f8542caa39ad212b3be9a6e', 'project_name': 'tempest-ServersWithSpecificFlavorTestJSON-558180646', 'tenant_id': 'a6f099ac1f8542caa39ad212b3be9a6e', 'tenant_name': 'tempest-ServersWithSpecificFlavorTestJSON-558180646', 'user_domain_id': 'default', 'user_domain_name': 'Default', 'user_id': '13b97cd45e56474b94950a0f6ac2e80f', 'system': None}, Network: None, Subnet: None, Router: None
2024-09-04 08:27:15.815 62993 INFO tempest.lib.common.rest_client [req-43356813-5527-47ac-a22d-01acbf9100f9 req-43356813-5527-47ac-a22d-01acbf9100f9 ] Request (QuotasAdminTestV236:test_get_updated_quotas): 200 PUT http://10.180.1.21/compute/v2.1/os-quota-sets/2f7246406b594769a6ab4249675cecdb 2.899s
2024-09-04 08:27:15.836 62949 INFO tempest.lib.common.rest_client [req-e3cf3b97-79a5-45f0-b314-738950791be9 req-e3cf3b97-79a5-45f0-b314-738950791be9 ] Request (HypervisorAdminNegativeTestJSON:test_show_hypervisor_with_non_admin_user): 200 GET http://10.180.1.21/compute/v2.1/os-hypervisors 2.055s
2024-09-04 08:27:15.838 62931 INFO tempest.lib.common.rest_client [req-4d23038e-1340-4fab-a6fb-c0c418046227 req-4d23038e-1340-4fab-a6fb-c0c418046227 ] Request (ServicesAdminTestJSON:tearDownClass): 200 GET http://10.180.1.21:9696/networking/v2.0/security-groups?tenant_id=00e812777982463884ae4ecf7e418615&name=default 0.728s
2024-09-04 08:27:15.844 62941 INFO tempest.lib.common.rest_client [req-c60e2203-62c8-4d20-a467-39b2462bdb1f req-c60e2203-62c8-4d20-a467-39b2462bdb1f ] Request (FlavorsExtraSpecsNegativeTestJSON:test_flavor_update_mismatch_key): 400 PUT http://10.180.1.21/compute/v2.1/flavors/393338189/os-extra_specs/hw:numa_nodes 2.026s
2024-09-04 08:27:15.846 62965 INFO tempest.lib.common.rest_client [req-0175ab01-05ed-42fb-9642-58f0c0ecc263 req-0175ab01-05ed-42fb-9642-58f0c0ecc263 ] Request (SecurityGroupRulesTestJSON:test_security_group_rules_create_with_optional_cidr): 200 POST http://10.180.1.21/compute/v2.1/os-security-groups 2.069s
2024-09-04 08:27:15.859 62969 INFO tempest.lib.common.rest_client [req-a9e4f1a6-81c1-4880-834c-f9faa03e2547 req-a9e4f1a6-81c1-4880-834c-f9faa03e2547 ] Request (ServerExternalEventsTest:setUpClass): 201 POST http://10.180.1.21/identity/v3/projects 0.203s
2024-09-04 08:27:15.863 62975 INFO tempest.lib.common.rest_client [req-c8e57a86-550d-4de8-bdab-313f06e88f37 req-c8e57a86-550d-4de8-bdab-313f06e88f37 ] Request (FloatingIPsAssociationTestJSON:setUpClass): 201 POST http://10.180.1.21/identity/v3/auth/tokens 0.151s
2024-09-04 08:27:15.865 62975 INFO tempest.lib.common.fixed_network [-] (FloatingIPsAssociationTestJSON:setUpClass) Found network {'id': '71df833e-f099-40c7-9b1c-c96f8715ef40', 'name': 'tempest-FloatingIPsAssociationTestJSON-1619380618-network', 'tenant_id': '48004a3f53e4434a95b02779399fc7dc', 'admin_state_up': True, 'mtu': 8950, 'status': 'ACTIVE', 'subnets': [], 'shared': False, 'project_id': '48004a3f53e4434a95b02779399fc7dc', 'port_security_enabled': True, 'router:external': False, 'provider:network_type': 'vlan', 'provider:physical_network': 'default', 'provider:segmentation_id': 505, 'is_default': False, 'availability_zone_hints': [], 'availability_zones': [], 'ipv4_address_scope': None, 'ipv6_address_scope': None, 'description': '', 'tags': [], 'created_at': '2024-09-04T08:27:03Z', 'updated_at': '2024-09-04T08:27:04Z', 'revision_number': 1} available for tenant
2024-09-04 08:27:15.882 62955 INFO tempest.lib.common.rest_client [req-d6505366-3621-4423-9ffd-5b8c748ddf52 req-d6505366-3621-4423-9ffd-5b8c748ddf52 ] Request (FlavorsAdminTestJSON:_run_cleanups): 202 DELETE http://10.180.1.21/compute/v2.1/flavors/889180718 1.864s
2024-09-04 08:27:15.901 62953 INFO tempest.lib.common.rest_client [req-ebab44e2-daf4-4bfd-a3a1-8f892018d0ea req-ebab44e2-daf4-4bfd-a3a1-8f892018d0ea ] Request (HypervisorAdminUnderV252Test:tearDownClass): 200 GET http://10.180.1.21:9696/networking/v2.0/security-groups?tenant_id=39e13da0fcd24d16aafe51854a2b1aaf&name=default 0.792s
2024-09-04 08:27:15.932 62943 INFO tempest.lib.common.rest_client [req-af71eb56-66cb-4f4f-a367-b625be663d5f req-af71eb56-66cb-4f4f-a367-b625be663d5f ] Request (FlavorsAccessTestJSON:setUpClass): 201 POST http://10.180.1.21/identity/v3/auth/tokens 0.179s
2024-09-04 08:27:15.933 62943 WARNING tempest.lib.common.rest_client [-] Deprecated: "tenant_id" property is deprecated for removal, use "project_id" instead
2024-09-04 08:27:15.956 62979 INFO tempest.lib.common.rest_client [req-dbc00898-ec81-46b7-a8b2-a89b6753d1a4 req-dbc00898-ec81-46b7-a8b2-a89b6753d1a4 ] Request (ListImageFiltersTestJSON:setUpClass): 201 POST http://10.180.1.21/identity/v3/users 0.153s
2024-09-04 08:27:15.959 62969 INFO tempest.lib.common.rest_client [req-8e0408b9-86d7-48b1-9f15-96481826ef93 req-8e0408b9-86d7-48b1-9f15-96481826ef93 ] Request (ServerExternalEventsTest:setUpClass): 201 POST http://10.180.1.21/identity/v3/users 0.099s
2024-09-04 08:27:16.030 62979 INFO tempest.lib.common.rest_client [req-8567fa91-d83d-444a-b906-03ce282d87d4 req-8567fa91-d83d-444a-b906-03ce282d87d4 ] Request (ListImageFiltersTestJSON:setUpClass): 200 GET http://10.180.1.21/identity/v3/roles 0.074s
2024-09-04 08:27:16.043 62969 INFO tempest.lib.common.rest_client [req-3cd469d0-54f5-426d-8690-2defae46059c req-3cd469d0-54f5-426d-8690-2defae46059c ] Request (ServerExternalEventsTest:setUpClass): 200 GET http://10.180.1.21/identity/v3/roles 0.084s
2024-09-04 08:27:16.067 62979 INFO tempest.lib.common.rest_client [req-4d0b7c78-1558-4f71-9b14-d5bbf66780ad req-4d0b7c78-1558-4f71-9b14-d5bbf66780ad ] Request (ListImageFiltersTestJSON:setUpClass): 204 PUT http://10.180.1.21/identity/v3/projects/f91cddc4ce184025b45b526c8bc56a5b/users/865d4b967faf4e28bcb9eca45175e5d8/roles/1f9233be99c1471d853731467dad3c7d 0.037s
2024-09-04 08:27:16.067 62979 INFO tempest.lib.common.dynamic_creds [-] Dynamic test user 865d4b967faf4e28bcb9eca45175e5d8 is created with scope project and roles: ['member']
2024-09-04 08:27:16.068 62979 INFO tempest.lib.common.dynamic_creds [-] Acquired dynamic creds: credentials: Credentials: {'domain_id': 'default', 'domain_name': 'Default', 'username': 'tempest-ListImageFiltersTestJSON-1031002993-project-member', 'project_domain_id': 'default', 'project_domain_name': 'Default', 'project_id': 'f91cddc4ce184025b45b526c8bc56a5b', 'project_name': 'tempest-ListImageFiltersTestJSON-1031002993', 'tenant_id': 'f91cddc4ce184025b45b526c8bc56a5b', 'tenant_name': 'tempest-ListImageFiltersTestJSON-1031002993', 'user_domain_id': 'default', 'user_domain_name': 'Default', 'user_id': '865d4b967faf4e28bcb9eca45175e5d8', 'system': None}, Network: None, Subnet: None, Router: None
2024-09-04 08:27:16.068 62979 INFO tempest.lib.common.dynamic_creds [-] Created isolated network resources for: credentials: Credentials: {'domain_id': 'default', 'domain_name': 'Default', 'username': 'tempest-ListImageFiltersTestJSON-1031002993-project-member', 'project_domain_id': 'default', 'project_domain_name': 'Default', 'project_id': 'f91cddc4ce184025b45b526c8bc56a5b', 'project_name': 'tempest-ListImageFiltersTestJSON-1031002993', 'tenant_id': 'f91cddc4ce184025b45b526c8bc56a5b', 'tenant_name': 'tempest-ListImageFiltersTestJSON-1031002993', 'user_domain_id': 'default', 'user_domain_name': 'Default', 'user_id': '865d4b967faf4e28bcb9eca45175e5d8', 'system': None}, Network: None, Subnet: None, Router: None
2024-09-04 08:27:16.073 62969 INFO tempest.lib.common.rest_client [req-5b8c718d-44a9-4ab1-b6cf-606741202bae req-5b8c718d-44a9-4ab1-b6cf-606741202bae ] Request (ServerExternalEventsTest:setUpClass): 204 PUT http://10.180.1.21/identity/v3/projects/68a2e576021a4834a3317105f2a30763/users/420e8baaf7c24571a3910e8636847f24/roles/1f9233be99c1471d853731467dad3c7d 0.029s
2024-09-04 08:27:16.073 62969 INFO tempest.lib.common.dynamic_creds [-] Dynamic test user 420e8baaf7c24571a3910e8636847f24 is created with scope project and roles: ['member']
2024-09-04 08:27:16.073 62969 INFO tempest.lib.common.dynamic_creds [-] Acquired dynamic creds: credentials: Credentials: {'domain_id': 'default', 'domain_name': 'Default', 'username': 'tempest-ServerExternalEventsTest-886346695-project-member', 'project_domain_id': 'default', 'project_domain_name': 'Default', 'project_id': '68a2e576021a4834a3317105f2a30763', 'project_name': 'tempest-ServerExternalEventsTest-886346695', 'tenant_id': '68a2e576021a4834a3317105f2a30763', 'tenant_name': 'tempest-ServerExternalEventsTest-886346695', 'user_domain_id': 'default', 'user_domain_name': 'Default', 'user_id': '420e8baaf7c24571a3910e8636847f24', 'system': None}, Network: None, Subnet: None, Router: None
2024-09-04 08:27:16.074 62939 INFO tempest.lib.common.rest_client [req-365fc359-bc1a-4942-8ab1-96c9c80d8fec req-365fc359-bc1a-4942-8ab1-96c9c80d8fec ] Request (FlavorsAccessNegativeTestJSON:test_add_flavor_access_duplicate): 200 POST http://10.180.1.21/compute/v2.1/flavors 1.553s
2024-09-04 08:27:16.073 62969 INFO tempest.lib.common.dynamic_creds [-] Created isolated network resources for: credentials: Credentials: {'domain_id': 'default', 'domain_name': 'Default', 'username': 'tempest-ServerExternalEventsTest-886346695-project-member', 'project_domain_id': 'default', 'project_domain_name': 'Default', 'project_id': '68a2e576021a4834a3317105f2a30763', 'project_name': 'tempest-ServerExternalEventsTest-886346695', 'tenant_id': '68a2e576021a4834a3317105f2a30763', 'tenant_name': 'tempest-ServerExternalEventsTest-886346695', 'user_domain_id': 'default', 'user_domain_name': 'Default', 'user_id': '420e8baaf7c24571a3910e8636847f24', 'system': None}, Network: None, Subnet: None, Router: None
2024-09-04 08:27:16.101 62951 INFO tempest.lib.common.rest_client [req-6b277336-db20-4d58-8aa5-fcfcee293c81 req-6b277336-db20-4d58-8aa5-fcfcee293c81 ] Request (ServersAdminNegativeTestJSON:setUpClass): 404 GET http://10.180.1.21/compute/v2.1/servers/8c8e4056-cc51-4aaf-81f7-55625bb2b186 1.268s
2024-09-04 08:27:16.101 62951 INFO tempest.test [-] raised in ServersAdminNegativeTestJSON.setUpClass. Invoking tearDownClass.
2024-09-04 08:27:16.111 62985 INFO tempest.lib.common.rest_client [req-f87f0e50-b7a8-46b6-bf5e-865e43553b85 req-f87f0e50-b7a8-46b6-bf5e-865e43553b85 ] Request (HostsAdminNegativeTestJSON:test_show_host_detail_with_nonexistent_hostname): 404 GET http://10.180.1.21/compute/v2.1/os-hosts/nonexistent_hostname 1.271s
2024-09-04 08:27:16.125 62933 INFO tempest.lib.common.rest_client [req-b9f97e71-265d-4be1-9214-6fca317c4ac8 req-b9f97e71-265d-4be1-9214-6fca317c4ac8 ] Request (FlavorsV261TestJSON:_run_cleanups): 202 DELETE http://10.180.1.21/compute/v2.1/flavors/1919309904 1.258s
2024-09-04 08:27:16.146 62977 INFO tempest.lib.common.rest_client [req-b2345910-779d-4d0b-8f9d-d84c73e2ef84 req-b2345910-779d-4d0b-8f9d-d84c73e2ef84 ] Request (AggregatesAdminNegativeTestJSON:_run_cleanups): 200 DELETE http://10.180.1.21/compute/v2.1/os-aggregates/1 1.163s
2024-09-04 08:27:16.151 62969 INFO tempest.lib.common.rest_client [req-406aa758-48df-4e0d-84fd-0322219c340e req-406aa758-48df-4e0d-84fd-0322219c340e ] Request (ServerExternalEventsTest:setUpClass): 201 POST http://10.180.1.21/identity/v3/auth/tokens 0.070s
2024-09-04 08:27:16.153 62979 INFO tempest.lib.common.rest_client [req-87df2524-a761-4737-805c-187ae613fee6 req-87df2524-a761-4737-805c-187ae613fee6 ] Request (ListImageFiltersTestJSON:setUpClass): 201 POST http://10.180.1.21/identity/v3/auth/tokens 0.077s
2024-09-04 08:27:16.195 62987 INFO tempest.lib.common.rest_client [req-8d4512d2-b7b4-4833-be42-ceb6d674a6ce req-8d4512d2-b7b4-4833-be42-ceb6d674a6ce ] Request (ImagesNegativeTestJSON:setUpClass): 201 POST http://10.180.1.21:9696/networking/v2.0/networks 1.257s
2024-09-04 08:27:16.220 62969 INFO tempest.lib.common.rest_client [req-c833645a-d00c-4ff9-9516-dcdcd2a49ee0 req-c833645a-d00c-4ff9-9516-dcdcd2a49ee0 ] Request (ServerExternalEventsTest:setUpClass): 201 POST http://10.180.1.21/identity/v3/projects 0.068s
2024-09-04 08:27:16.285 62951 INFO tempest.lib.common.rest_client [req-c1f1dd96-4c58-44a1-a1d3-45e7749ff871 req-c1f1dd96-4c58-44a1-a1d3-45e7749ff871 ] Request (ServersAdminNegativeTestJSON:tearDownClass): 204 DELETE http://10.180.1.21/identity/v3/users/69035e09a5ea49da89d16baac72be0cf 0.183s
2024-09-04 08:27:16.349 62969 INFO tempest.lib.common.rest_client [req-2962075b-90bb-4e0e-906a-0159e80357b3 req-2962075b-90bb-4e0e-906a-0159e80357b3 ] Request (ServerExternalEventsTest:setUpClass): 201 POST http://10.180.1.21/identity/v3/users 0.129s
2024-09-04 08:27:16.374 62969 INFO tempest.lib.common.rest_client [req-a1506fbf-46b6-44dd-99b5-feab13621a2a req-a1506fbf-46b6-44dd-99b5-feab13621a2a ] Request (ServerExternalEventsTest:setUpClass): 200 GET http://10.180.1.21/identity/v3/roles 0.021s
2024-09-04 08:27:16.376 62971 INFO tempest.lib.common.rest_client [req-121d27f6-12c6-4612-b7bb-5952db0d4cfa req-121d27f6-12c6-4612-b7bb-5952db0d4cfa ] Request (InstanceActionsNegativeTestJSON:setUpClass): 200 GET http://10.180.1.21/compute/v2.1/servers/36b25dfb-c0d3-4a98-9d63-9f7f4fcc193e 0.981s
2024-09-04 08:27:16.405 62969 INFO tempest.lib.common.rest_client [req-18e6dd58-8f71-423d-b19b-4e84a87b815a req-18e6dd58-8f71-423d-b19b-4e84a87b815a ] Request (ServerExternalEventsTest:setUpClass): 204 PUT http://10.180.1.21/identity/v3/projects/1828a93e3f5148a5ade868d5895e3d2d/users/d2acbc5424674104bdcc264d645d5ccd/roles/6656f822b0644d798fd417b096549499 0.031s
2024-09-04 08:27:16.409 62957 INFO tempest.lib.common.rest_client [req-e31f65ef-39e4-4fcb-9dea-465621a6ad63 req-e31f65ef-39e4-4fcb-9dea-465621a6ad63 ] Request (AttachInterfacesV270Test:setUpClass): 201 POST http://10.180.1.21:9696/networking/v2.0/networks 1.911s
2024-09-04 08:27:16.449 62931 INFO tempest.lib.common.rest_client [req-f0fdff7b-3c3f-4762-b508-97046f7ed7d8 req-f0fdff7b-3c3f-4762-b508-97046f7ed7d8 ] Request (ServicesAdminTestJSON:tearDownClass): 204 DELETE http://10.180.1.21:9696/networking/v2.0/security-groups/9ff65e50-88b5-4d4b-a63b-cc7acc7bd2b5 0.610s
2024-09-04 08:27:16.462 62951 INFO tempest.lib.common.rest_client [req-c874e756-28ca-4708-a32e-1ae5d0d70ab3 req-c874e756-28ca-4708-a32e-1ae5d0d70ab3 ] Request (ServersAdminNegativeTestJSON:tearDownClass): 204 DELETE http://10.180.1.21/identity/v3/users/3cc21f6c00094f8aa12e08011b78570a 0.176s
2024-09-04 08:27:16.463 62951 INFO tempest.lib.common.dynamic_creds [-] Deleting project and security group for project: 01f0fa372c1a4099972aed30a1203c84
2024-09-04 08:27:16.565 62935 INFO tempest.lib.common.rest_client [req-44b0ab34-482a-45bc-8d88-694cd0963e79 req-44b0ab34-482a-45bc-8d88-694cd0963e79 ] Request (VolumesAssistedSnapshotsTest:setUpClass): 201 POST http://10.180.1.21:9696/networking/v2.0/networks 1.051s
2024-09-04 08:27:16.592 62973 INFO tempest.lib.common.rest_client [req-a866e01d-02a4-4b6d-b473-ebf84df70f56 req-a866e01d-02a4-4b6d-b473-ebf84df70f56 ] Request (ServerActionsTestOtherB:setUpClass): 200 POST http://10.180.1.21/compute/v2.1/os-keypairs 1.173s
2024-09-04 08:27:16.620 62969 INFO tempest.lib.common.rest_client [req-e7c11f55-c422-4ec9-a3c0-0dfbcab9bf2a req-e7c11f55-c422-4ec9-a3c0-0dfbcab9bf2a ] Request (ServerExternalEventsTest:setUpClass): 200 GET http://10.180.1.21/identity/v3/roles 0.214s
2024-09-04 08:27:16.647 62951 INFO tempest.lib.common.rest_client [req-780f7bce-0a52-4bbb-bca0-fef8ae3edc89 req-780f7bce-0a52-4bbb-bca0-fef8ae3edc89 ] Request (ServersAdminNegativeTestJSON:tearDownClass): 201 POST http://10.180.1.21/identity/v3/auth/tokens 0.184s
2024-09-04 08:27:16.669 62931 INFO tempest.lib.common.rest_client [req-723ad5aa-f28a-4321-bcfc-37c0e9250109 req-723ad5aa-f28a-4321-bcfc-37c0e9250109 ] Request (ServicesAdminTestJSON:tearDownClass): 204 DELETE http://10.180.1.21/identity/v3/projects/00e812777982463884ae4ecf7e418615 0.220s
2024-09-04 08:27:16.675 62992 INFO tempest.lib.common.rest_client [req-606de835-0285-4ab9-b381-20c642f9bed5 req-606de835-0285-4ab9-b381-20c642f9bed5 ] Request (HypervisorAdminNegativeUnderV252Test:tearDownClass): 200 GET http://10.180.1.21:9696/networking/v2.0/security-groups?tenant_id=117c840538e543dbb478346b90aeac28&name=default 0.943s
2024-09-04 08:27:16.682 62937 INFO tempest.lib.common.rest_client [req-ca8fde3c-79d7-4438-930d-57abbb8b73fc req-ca8fde3c-79d7-4438-930d-57abbb8b73fc ] Request (ServersWithSpecificFlavorTestJSON:setUpClass): 201 POST http://10.180.1.21:9696/networking/v2.0/networks 0.877s
2024-09-04 08:27:16.738 62969 INFO tempest.lib.common.rest_client [req-5de7230d-06e8-4386-a870-96c3a33d528e req-5de7230d-06e8-4386-a870-96c3a33d528e ] Request (ServerExternalEventsTest:setUpClass): 204 PUT http://10.180.1.21/identity/v3/projects/1828a93e3f5148a5ade868d5895e3d2d/users/d2acbc5424674104bdcc264d645d5ccd/roles/6656f822b0644d798fd417b096549499 0.117s
2024-09-04 08:27:16.738 62969 INFO tempest.lib.common.dynamic_creds [-] Dynamic test user d2acbc5424674104bdcc264d645d5ccd is created with scope project and roles: ['admin']
2024-09-04 08:27:16.738 62969 INFO tempest.lib.common.dynamic_creds [-] Acquired dynamic creds: credentials: Credentials: {'domain_id': 'default', 'domain_name': 'Default', 'username': 'tempest-ServerExternalEventsTest-1421157412-project-admin', 'project_domain_id': 'default', 'project_domain_name': 'Default', 'project_id': '1828a93e3f5148a5ade868d5895e3d2d', 'project_name': 'tempest-ServerExternalEventsTest-1421157412', 'tenant_id': '1828a93e3f5148a5ade868d5895e3d2d', 'tenant_name': 'tempest-ServerExternalEventsTest-1421157412', 'user_domain_id': 'default', 'user_domain_name': 'Default', 'user_id': 'd2acbc5424674104bdcc264d645d5ccd', 'system': None}, Network: None, Subnet: None, Router: None
2024-09-04 08:27:16.738 62969 INFO tempest.lib.common.dynamic_creds [-] Created isolated network resources for: credentials: Credentials: {'domain_id': 'default', 'domain_name': 'Default', 'username': 'tempest-ServerExternalEventsTest-1421157412-project-admin', 'project_domain_id': 'default', 'project_domain_name': 'Default', 'project_id': '1828a93e3f5148a5ade868d5895e3d2d', 'project_name': 'tempest-ServerExternalEventsTest-1421157412', 'tenant_id': '1828a93e3f5148a5ade868d5895e3d2d', 'tenant_name': 'tempest-ServerExternalEventsTest-1421157412', 'user_domain_id': 'default', 'user_domain_name': 'Default', 'user_id': 'd2acbc5424674104bdcc264d645d5ccd', 'system': None}, Network: None, Subnet: None, Router: None
2024-09-04 08:27:16.744 62959 INFO tempest.lib.common.rest_client [req-a2597eba-c0f0-4e8a-b2d9-6955501f168f req-a2597eba-c0f0-4e8a-b2d9-6955501f168f ] Request (SecurityGroupsTestAdminJSON:test_list_security_groups_list_all_tenants_filter): 200 POST http://10.180.1.21/compute/v2.1/os-security-groups 2.750s
2024-09-04 08:27:16.785 62949 INFO tempest.lib.common.rest_client [req-848c0960-6f80-4b2f-9df8-2f9ecd4b518b req-848c0960-6f80-4b2f-9df8-2f9ecd4b518b ] Request (HypervisorAdminNegativeTestJSON:test_show_hypervisor_with_non_admin_user): 403 GET http://10.180.1.21/compute/v2.1/os-hypervisors/1 0.947s
2024-09-04 08:27:16.791 62941 INFO tempest.lib.common.rest_client [req-adc67a7e-bc56-4ed3-b1f1-41df289513bb req-adc67a7e-bc56-4ed3-b1f1-41df289513bb ] Request (FlavorsExtraSpecsNegativeTestJSON:test_flavor_update_more_key): 400 PUT http://10.180.1.21/compute/v2.1/flavors/393338189/os-extra_specs/hw:numa_nodes 0.945s
2024-09-04 08:27:16.791 62931 INFO tempest.lib.common.rest_client [req-d66e44e7-b7a3-401f-835c-3eace72744c3 req-d66e44e7-b7a3-401f-835c-3eace72744c3 ] Request (TenantUsagesNegativeTestJSON:setUpClass): 201 POST http://10.180.1.21/identity/v3/auth/tokens 0.120s
2024-09-04 08:27:16.847 62953 INFO tempest.lib.common.rest_client [req-80a7f7e0-3874-4d8c-bcdc-dd7ad51860f0 req-80a7f7e0-3874-4d8c-bcdc-dd7ad51860f0 ] Request (HypervisorAdminUnderV252Test:tearDownClass): 204 DELETE http://10.180.1.21:9696/networking/v2.0/security-groups/3268b1bd-1dc4-447c-83bd-909c2ac9bf90 0.945s
2024-09-04 08:27:16.881 62993 INFO tempest.lib.common.rest_client [req-2f19a013-52fb-4de0-a83e-59011ebb2661 req-2f19a013-52fb-4de0-a83e-59011ebb2661 ] Request (QuotasAdminTestV236:test_get_updated_quotas): 200 GET http://10.180.1.21/compute/v2.1/os-quota-sets/2f7246406b594769a6ab4249675cecdb/detail 1.064s
2024-09-04 08:27:16.946 62969 INFO tempest.lib.common.rest_client [req-f11f870c-a791-41d6-b73b-6b7e4811e0d3 req-f11f870c-a791-41d6-b73b-6b7e4811e0d3 ] Request (ServerExternalEventsTest:setUpClass): 201 POST http://10.180.1.21/identity/v3/auth/tokens 0.202s
2024-09-04 08:27:16.986 62931 INFO tempest.lib.common.rest_client [req-c07908d7-b016-45da-b5ce-4482a392aae2 req-c07908d7-b016-45da-b5ce-4482a392aae2 ] Request (TenantUsagesNegativeTestJSON:setUpClass): 201 POST http://10.180.1.21/identity/v3/auth/tokens 0.128s
2024-09-04 08:27:17.022 62953 INFO tempest.lib.common.rest_client [req-3b18d7ce-a302-4440-aa0c-219f4a0d78a5 req-3b18d7ce-a302-4440-aa0c-219f4a0d78a5 ] Request (HypervisorAdminUnderV252Test:tearDownClass): 204 DELETE http://10.180.1.21/identity/v3/projects/39e13da0fcd24d16aafe51854a2b1aaf 0.174s
2024-09-04 08:27:17.097 62993 INFO tempest.lib.common.rest_client [req-1f0622c3-3451-4abb-a0bd-11ab1cdf679e req-1f0622c3-3451-4abb-a0bd-11ab1cdf679e ] Request (QuotasAdminTestV236:test_get_updated_quotas): 200 GET http://10.180.1.21/identity/v3/domains?name=Default 0.208s
2024-09-04 08:27:17.176 62969 INFO tempest.lib.common.rest_client [req-c363b3ae-8bd3-40b6-a5e6-96de6c44d149 req-c363b3ae-8bd3-40b6-a5e6-96de6c44d149 ] Request (ServerExternalEventsTest:setUpClass): 201 POST http://10.180.1.21/identity/v3/projects 0.230s
2024-09-04 08:27:17.213 62963 INFO tempest.lib.common.rest_client [req-f227503b-2b04-4848-927f-d89d3bc2da2b req-f227503b-2b04-4848-927f-d89d3bc2da2b ] Request (FloatingIPsNegativeTestJSON:tearDownClass): 200 PUT http://10.180.1.21:9696/networking/v2.0/routers/7fcef489-de73-4494-8c50-0b6fa4a698a4/remove_router_interface 5.580s
2024-09-04 08:27:17.216 62979 INFO tempest.lib.common.rest_client [req-9092b6f1-4b8b-40c0-af38-9cf9fdfd071d req-9092b6f1-4b8b-40c0-af38-9cf9fdfd071d ] Request (ListImageFiltersTestJSON:setUpClass): 201 POST http://10.180.1.21/image/v2/images 1.062s
2024-09-04 08:27:17.247 62992 INFO tempest.lib.common.rest_client [req-0b9deee0-0491-44df-936f-3bd8393d046c req-0b9deee0-0491-44df-936f-3bd8393d046c ] Request (HypervisorAdminNegativeUnderV252Test:tearDownClass): 204 DELETE http://10.180.1.21:9696/networking/v2.0/security-groups/df6c1962-fe44-4c17-82ef-9e2b07cd2d49 0.571s
2024-09-04 08:27:17.252 62931 INFO tempest.lib.common.rest_client [req-b8c320ea-92d4-4c5b-a670-62f63e05e22c req-b8c320ea-92d4-4c5b-a670-62f63e05e22c ] Request (TenantUsagesNegativeTestJSON:setUpClass): 200 GET http://10.180.1.21/identity/v3/domains?name=Default 0.266s
2024-09-04 08:27:17.253 62987 INFO tempest.lib.common.rest_client [req-7f6efb12-13ed-421a-bfbe-b9012d459b2c req-7f6efb12-13ed-421a-bfbe-b9012d459b2c ] Request (ImagesNegativeTestJSON:setUpClass): 201 POST http://10.180.1.21:9696/networking/v2.0/subnets 1.057s
2024-09-04 08:27:17.284 62953 INFO tempest.lib.common.rest_client [req-daf2f700-a7bc-4ac5-b37a-c43df4ce7c05 req-daf2f700-a7bc-4ac5-b37a-c43df4ce7c05 ] Request (KeyPairsV210TestJSON:setUpClass): 201 POST http://10.180.1.21/identity/v3/auth/tokens 0.259s
2024-09-04 08:27:17.316 62969 INFO tempest.lib.common.rest_client [req-60885652-852a-4f15-b1a5-07c4662d6832 req-60885652-852a-4f15-b1a5-07c4662d6832 ] Request (ServerExternalEventsTest:setUpClass): 201 POST http://10.180.1.21/identity/v3/users 0.140s
2024-09-04 08:27:17.332 62993 INFO tempest.lib.common.rest_client [req-e9b5e4d3-2a04-4b50-bc5f-ee30432bf0f3 req-e9b5e4d3-2a04-4b50-bc5f-ee30432bf0f3 ] Request (QuotasAdminTestV236:test_get_updated_quotas): 201 POST http://10.180.1.21/identity/v3/users 0.234s
2024-09-04 08:27:17.357 62931 INFO tempest.lib.common.rest_client [req-afb5bee3-873f-49b3-ba88-dca8bc762731 req-afb5bee3-873f-49b3-ba88-dca8bc762731 ] Request (TenantUsagesNegativeTestJSON:setUpClass): 201 POST http://10.180.1.21/identity/v3/projects 0.104s
2024-09-04 08:27:17.387 62992 INFO tempest.lib.common.rest_client [req-05065e91-89d3-476e-8d9f-60d284f3d106 req-05065e91-89d3-476e-8d9f-60d284f3d106 ] Request (HypervisorAdminNegativeUnderV252Test:tearDownClass): 204 DELETE http://10.180.1.21/identity/v3/projects/117c840538e543dbb478346b90aeac28 0.139s
2024-09-04 08:27:17.388 62992 INFO tempest.lib.common.dynamic_creds [-] Deleting project and security group for project: aeb347fc585c4cba949e17f104cc3919
2024-09-04 08:27:17.430 62969 INFO tempest.lib.common.rest_client [req-5bf40215-7914-4b56-bc6a-3e5c92390cb0 req-5bf40215-7914-4b56-bc6a-3e5c92390cb0 ] Request (ServerExternalEventsTest:setUpClass): 200 GET http://10.180.1.21/identity/v3/roles 0.113s
2024-09-04 08:27:17.448 62993 INFO tempest.lib.common.rest_client [req-e41d94c3-d74d-45f8-8340-5713298ac140 req-e41d94c3-d74d-45f8-8340-5713298ac140 ] Request (QuotasAdminTestV236:test_get_updated_quotas): 200 GET http://10.180.1.21/identity/v3/domains?name=Default 0.115s
2024-09-04 08:27:17.458 62953 INFO tempest.lib.common.rest_client [req-3acbba56-7736-4bc7-b1ea-ff5b3c5f4d61 req-3acbba56-7736-4bc7-b1ea-ff5b3c5f4d61 ] Request (KeyPairsV210TestJSON:setUpClass): 201 POST http://10.180.1.21/identity/v3/auth/tokens 0.120s
2024-09-04 08:27:17.483 62931 INFO tempest.lib.common.rest_client [req-015504c3-a902-478f-93dc-b2bb9f0bf378 req-015504c3-a902-478f-93dc-b2bb9f0bf378 ] Request (TenantUsagesNegativeTestJSON:setUpClass): 201 POST http://10.180.1.21/identity/v3/users 0.125s
2024-09-04 08:27:17.491 62973 INFO tempest.lib.common.rest_client [req-68269d37-bcef-46a7-81ec-db711f9b41da req-68269d37-bcef-46a7-81ec-db711f9b41da ] Request (ServerActionsTestOtherB:setUpClass): 201 POST http://10.180.1.21:9696/networking/v2.0/security-groups 0.896s
2024-09-04 08:27:17.498 62969 INFO tempest.lib.common.rest_client [req-c236e387-45ee-466d-bef7-88be54fd8090 req-c236e387-45ee-466d-bef7-88be54fd8090 ] Request (ServerExternalEventsTest:setUpClass): 204 PUT http://10.180.1.21/identity/v3/projects/e6aeda4ee2f24fac98057f0c78866b45/users/abd948dd753b4bf08a83f686e33600d0/roles/716a1100c5444588bf2395f97bab1931 0.067s
2024-09-04 08:27:17.505 62953 INFO tempest.lib.common.rest_client [req-ea74a866-9008-4267-a545-f5978874f489 req-ea74a866-9008-4267-a545-f5978874f489 ] Request (KeyPairsV210TestJSON:setUpClass): 200 GET http://10.180.1.21/identity/v3/domains?name=Default 0.047s
2024-09-04 08:27:17.550 62931 INFO tempest.lib.common.rest_client [req-263f5803-07bf-4cbd-97a7-c1510e782b7f req-263f5803-07bf-4cbd-97a7-c1510e782b7f ] Request (TenantUsagesNegativeTestJSON:setUpClass): 200 GET http://10.180.1.21/identity/v3/roles 0.066s
2024-09-04 08:27:17.553 62969 INFO tempest.lib.common.rest_client [req-0ed5e172-338f-4050-bf49-84b4aaabd5b8 req-0ed5e172-338f-4050-bf49-84b4aaabd5b8 ] Request (ServerExternalEventsTest:setUpClass): 200 GET http://10.180.1.21/identity/v3/roles 0.054s
2024-09-04 08:27:17.577 62931 INFO tempest.lib.common.rest_client [req-bd92ae91-5f8e-48c1-b58e-1abdd0b152bd req-bd92ae91-5f8e-48c1-b58e-1abdd0b152bd ] Request (TenantUsagesNegativeTestJSON:setUpClass): 204 PUT http://10.180.1.21/identity/v3/projects/0e2ce52699aa45d9bb12cf3dcd3fda26/users/744aad931d5a412ea4f174cb2a6527dc/roles/1f9233be99c1471d853731467dad3c7d 0.027s
2024-09-04 08:27:17.577 62931 INFO tempest.lib.common.dynamic_creds [-] Dynamic test user 744aad931d5a412ea4f174cb2a6527dc is created with scope project and roles: ['member']
2024-09-04 08:27:17.578 62931 INFO tempest.lib.common.dynamic_creds [-] Acquired dynamic creds: credentials: Credentials: {'domain_id': 'default', 'domain_name': 'Default', 'username': 'tempest-TenantUsagesNegativeTestJSON-1855881758-project-member', 'project_domain_id': 'default', 'project_domain_name': 'Default', 'project_id': '0e2ce52699aa45d9bb12cf3dcd3fda26', 'project_name': 'tempest-TenantUsagesNegativeTestJSON-1855881758', 'tenant_id': '0e2ce52699aa45d9bb12cf3dcd3fda26', 'tenant_name': 'tempest-TenantUsagesNegativeTestJSON-1855881758', 'user_domain_id': 'default', 'user_domain_name': 'Default', 'user_id': '744aad931d5a412ea4f174cb2a6527dc', 'system': None}, Network: None, Subnet: None, Router: None
2024-09-04 08:27:17.578 62931 INFO tempest.lib.common.dynamic_creds [-] Created isolated network resources for: credentials: Credentials: {'domain_id': 'default', 'domain_name': 'Default', 'username': 'tempest-TenantUsagesNegativeTestJSON-1855881758-project-member', 'project_domain_id': 'default', 'project_domain_name': 'Default', 'project_id': '0e2ce52699aa45d9bb12cf3dcd3fda26', 'project_name': 'tempest-TenantUsagesNegativeTestJSON-1855881758', 'tenant_id': '0e2ce52699aa45d9bb12cf3dcd3fda26', 'tenant_name': 'tempest-TenantUsagesNegativeTestJSON-1855881758', 'user_domain_id': 'default', 'user_domain_name': 'Default', 'user_id': '744aad931d5a412ea4f174cb2a6527dc', 'system': None}, Network: None, Subnet: None, Router: None
2024-09-04 08:27:17.583 62953 INFO tempest.lib.common.rest_client [req-c1d1d226-5b34-4e0c-bff4-eced648b40b2 req-c1d1d226-5b34-4e0c-bff4-eced648b40b2 ] Request (KeyPairsV210TestJSON:setUpClass): 201 POST http://10.180.1.21/identity/v3/projects 0.077s
2024-09-04 08:27:17.651 62931 INFO tempest.lib.common.rest_client [req-e9aec09f-9938-4587-9b78-e97a8e73e8ed req-e9aec09f-9938-4587-9b78-e97a8e73e8ed ] Request (TenantUsagesNegativeTestJSON:setUpClass): 201 POST http://10.180.1.21/identity/v3/auth/tokens 0.069s
2024-09-04 08:27:17.662 62969 INFO tempest.lib.common.rest_client [req-32a01117-bfab-41e0-b05f-3e6e8a144694 req-32a01117-bfab-41e0-b05f-3e6e8a144694 ] Request (ServerExternalEventsTest:setUpClass): 204 PUT http://10.180.1.21/identity/v3/projects/e6aeda4ee2f24fac98057f0c78866b45/users/abd948dd753b4bf08a83f686e33600d0/roles/6656f822b0644d798fd417b096549499 0.108s
2024-09-04 08:27:17.662 62969 INFO tempest.lib.common.dynamic_creds [-] Dynamic test user abd948dd753b4bf08a83f686e33600d0 is created with scope project and roles: ['service', 'admin']
2024-09-04 08:27:17.662 62969 INFO tempest.lib.common.dynamic_creds [-] Acquired dynamic creds: credentials: Credentials: {'domain_id': 'default', 'domain_name': 'Default', 'username': 'tempest-ServerExternalEventsTest-616049127-project', 'project_domain_id': 'default', 'project_domain_name': 'Default', 'project_id': 'e6aeda4ee2f24fac98057f0c78866b45', 'project_name': 'tempest-ServerExternalEventsTest-616049127', 'tenant_id': 'e6aeda4ee2f24fac98057f0c78866b45', 'tenant_name': 'tempest-ServerExternalEventsTest-616049127', 'user_domain_id': 'default', 'user_domain_name': 'Default', 'user_id': 'abd948dd753b4bf08a83f686e33600d0', 'system': None}, Network: None, Subnet: None, Router: None
2024-09-04 08:27:17.662 62969 INFO tempest.lib.common.dynamic_creds [-] Created isolated network resources for: credentials: Credentials: {'domain_id': 'default', 'domain_name': 'Default', 'username': 'tempest-ServerExternalEventsTest-616049127-project', 'project_domain_id': 'default', 'project_domain_name': 'Default', 'project_id': 'e6aeda4ee2f24fac98057f0c78866b45', 'project_name': 'tempest-ServerExternalEventsTest-616049127', 'tenant_id': 'e6aeda4ee2f24fac98057f0c78866b45', 'tenant_name': 'tempest-ServerExternalEventsTest-616049127', 'user_domain_id': 'default', 'user_domain_name': 'Default', 'user_id': 'abd948dd753b4bf08a83f686e33600d0', 'system': None}, Network: None, Subnet: None, Router: None
2024-09-04 08:27:17.676 62953 INFO tempest.lib.common.rest_client [req-7f285914-92cf-4f5f-bb4e-ea6898e3b78f req-7f285914-92cf-4f5f-bb4e-ea6898e3b78f ] Request (KeyPairsV210TestJSON:setUpClass): 201 POST http://10.180.1.21/identity/v3/users 0.093s
2024-09-04 08:27:17.721 62931 INFO tempest.lib.common.rest_client [req-05beee77-8438-4329-b90e-b98b25683649 req-05beee77-8438-4329-b90e-b98b25683649 ] Request (TenantUsagesNegativeTestJSON:setUpClass): 201 POST http://10.180.1.21/identity/v3/projects 0.069s
2024-09-04 08:27:17.748 62951 INFO tempest.lib.common.rest_client [req-68ff8d8f-f2d2-4114-8532-2b325a3ea809 req-68ff8d8f-f2d2-4114-8532-2b325a3ea809 ] Request (ServersAdminNegativeTestJSON:tearDownClass): 200 GET http://10.180.1.21:9696/networking/v2.0/security-groups?tenant_id=01f0fa372c1a4099972aed30a1203c84&name=default 1.100s
2024-09-04 08:27:17.753 62969 INFO tempest.lib.common.rest_client [req-ff440991-7d97-4eac-ab30-fe3943af92bf req-ff440991-7d97-4eac-ab30-fe3943af92bf ] Request (ServerExternalEventsTest:setUpClass): 201 POST http://10.180.1.21/identity/v3/auth/tokens 0.085s
2024-09-04 08:27:17.772 62953 INFO tempest.lib.common.rest_client [req-3db7486b-47a8-4a09-982b-6d85b494720e req-3db7486b-47a8-4a09-982b-6d85b494720e ] Request (KeyPairsV210TestJSON:setUpClass): 200 GET http://10.180.1.21/identity/v3/roles 0.095s
2024-09-04 08:27:17.806 62931 INFO tempest.lib.common.rest_client [req-15f13e26-7ca7-40a1-bd64-8d43b4d6eda6 req-15f13e26-7ca7-40a1-bd64-8d43b4d6eda6 ] Request (TenantUsagesNegativeTestJSON:setUpClass): 201 POST http://10.180.1.21/identity/v3/users 0.084s
2024-09-04 08:27:17.816 62992 INFO tempest.lib.common.rest_client [req-fd4b23c8-6ed9-4686-b1e8-2f75c742e01b req-fd4b23c8-6ed9-4686-b1e8-2f75c742e01b ] Request (HypervisorAdminNegativeUnderV252Test:tearDownClass): 200 GET http://10.180.1.21:9696/networking/v2.0/security-groups?tenant_id=aeb347fc585c4cba949e17f104cc3919&name=default 0.428s
2024-09-04 08:27:17.853 62953 INFO tempest.lib.common.rest_client [req-ffde0a8d-2d16-4464-b096-c3ab3cc4e44d req-ffde0a8d-2d16-4464-b096-c3ab3cc4e44d ] Request (KeyPairsV210TestJSON:setUpClass): 204 PUT http://10.180.1.21/identity/v3/projects/f686b09ab4f94510b605f25a48d53a5e/users/b89c22c95c2e43e584c27e6bcca4465d/roles/1f9233be99c1471d853731467dad3c7d 0.080s
2024-09-04 08:27:17.853 62953 INFO tempest.lib.common.dynamic_creds [-] Dynamic test user b89c22c95c2e43e584c27e6bcca4465d is created with scope project and roles: ['member']
2024-09-04 08:27:17.854 62953 INFO tempest.lib.common.dynamic_creds [-] Acquired dynamic creds: credentials: Credentials: {'domain_id': 'default', 'domain_name': 'Default', 'username': 'tempest-KeyPairsV210TestJSON-236141861-project-member', 'project_domain_id': 'default', 'project_domain_name': 'Default', 'project_id': 'f686b09ab4f94510b605f25a48d53a5e', 'project_name': 'tempest-KeyPairsV210TestJSON-236141861', 'tenant_id': 'f686b09ab4f94510b605f25a48d53a5e', 'tenant_name': 'tempest-KeyPairsV210TestJSON-236141861', 'user_domain_id': 'default', 'user_domain_name': 'Default', 'user_id': 'b89c22c95c2e43e584c27e6bcca4465d', 'system': None}, Network: None, Subnet: None, Router: None
2024-09-04 08:27:17.854 62953 INFO tempest.lib.common.dynamic_creds [-] Created isolated network resources for: credentials: Credentials: {'domain_id': 'default', 'domain_name': 'Default', 'username': 'tempest-KeyPairsV210TestJSON-236141861-project-member', 'project_domain_id': 'default', 'project_domain_name': 'Default', 'project_id': 'f686b09ab4f94510b605f25a48d53a5e', 'project_name': 'tempest-KeyPairsV210TestJSON-236141861', 'tenant_id': 'f686b09ab4f94510b605f25a48d53a5e', 'tenant_name': 'tempest-KeyPairsV210TestJSON-236141861', 'user_domain_id': 'default', 'user_domain_name': 'Default', 'user_id': 'b89c22c95c2e43e584c27e6bcca4465d', 'system': None}, Network: None, Subnet: None, Router: None
2024-09-04 08:27:17.877 62969 INFO tempest.lib.common.rest_client [req-c610af11-1088-49ec-87fd-f231c12f810f req-c610af11-1088-49ec-87fd-f231c12f810f ] Request (ServerExternalEventsTest:test_create_server_external_events): 201 POST http://10.180.1.21/identity/v3/auth/tokens 0.119s
2024-09-04 08:27:17.877 62969 INFO tempest.lib.common.fixed_network [-] (ServerExternalEventsTest:test_create_server_external_events) Found network None available for tenant
2024-09-04 08:27:17.898 62931 INFO tempest.lib.common.rest_client [req-407958d9-38f0-4370-a8fd-db3cbe710698 req-407958d9-38f0-4370-a8fd-db3cbe710698 ] Request (TenantUsagesNegativeTestJSON:setUpClass): 200 GET http://10.180.1.21/identity/v3/roles 0.092s
2024-09-04 08:27:17.990 62973 INFO tempest.lib.common.rest_client [req-31aa553e-a39a-44d8-8c4b-b8608722ca9c req-31aa553e-a39a-44d8-8c4b-b8608722ca9c ] Request (ServerActionsTestOtherB:setUpClass): 201 POST http://10.180.1.21:9696/networking/v2.0/security-group-rules 0.498s
2024-09-04 08:27:17.990 62953 INFO tempest.lib.common.rest_client [req-5e8dd0b0-9bb9-4275-a5f6-8787d33f334d req-5e8dd0b0-9bb9-4275-a5f6-8787d33f334d ] Request (KeyPairsV210TestJSON:setUpClass): 201 POST http://10.180.1.21/identity/v3/auth/tokens 0.131s
2024-09-04 08:27:18.032 62931 INFO tempest.lib.common.rest_client [req-f0c4d4c6-ef02-456e-8f86-abcdde722aa2 req-f0c4d4c6-ef02-456e-8f86-abcdde722aa2 ] Request (TenantUsagesNegativeTestJSON:setUpClass): 204 PUT http://10.180.1.21/identity/v3/projects/baa2a9b71a1644cd9338afc6763ca256/users/87b4873185574939883276b7dc5f80e4/roles/6656f822b0644d798fd417b096549499 0.133s
2024-09-04 08:27:18.097 62953 INFO tempest.lib.common.rest_client [req-e7a6316f-d99e-4849-9c5d-94fd4ea1785b req-e7a6316f-d99e-4849-9c5d-94fd4ea1785b ] Request (KeyPairsV210TestJSON:setUpClass): 201 POST http://10.180.1.21/identity/v3/projects 0.106s
2024-09-04 08:27:18.105 62931 INFO tempest.lib.common.rest_client [req-df6b747f-933e-4065-8474-253084c96cb2 req-df6b747f-933e-4065-8474-253084c96cb2 ] Request (TenantUsagesNegativeTestJSON:setUpClass): 200 GET http://10.180.1.21/identity/v3/roles 0.072s
2024-09-04 08:27:18.151 62953 INFO tempest.lib.common.rest_client [req-92a00ada-00c2-48ac-af0b-c67dbb4b2723 req-92a00ada-00c2-48ac-af0b-c67dbb4b2723 ] Request (KeyPairsV210TestJSON:setUpClass): 201 POST http://10.180.1.21/identity/v3/users 0.053s
2024-09-04 08:27:18.153 62931 INFO tempest.lib.common.rest_client [req-6572f51e-9a28-4bb4-8084-06d692052999 req-6572f51e-9a28-4bb4-8084-06d692052999 ] Request (TenantUsagesNegativeTestJSON:setUpClass): 204 PUT http://10.180.1.21/identity/v3/projects/baa2a9b71a1644cd9338afc6763ca256/users/87b4873185574939883276b7dc5f80e4/roles/6656f822b0644d798fd417b096549499 0.048s
2024-09-04 08:27:18.153 62931 INFO tempest.lib.common.dynamic_creds [-] Dynamic test user 87b4873185574939883276b7dc5f80e4 is created with scope project and roles: ['admin']
2024-09-04 08:27:18.153 62931 INFO tempest.lib.common.dynamic_creds [-] Acquired dynamic creds: credentials: Credentials: {'domain_id': 'default', 'domain_name': 'Default', 'username': 'tempest-TenantUsagesNegativeTestJSON-641710066-project-admin', 'project_domain_id': 'default', 'project_domain_name': 'Default', 'project_id': 'baa2a9b71a1644cd9338afc6763ca256', 'project_name': 'tempest-TenantUsagesNegativeTestJSON-641710066', 'tenant_id': 'baa2a9b71a1644cd9338afc6763ca256', 'tenant_name': 'tempest-TenantUsagesNegativeTestJSON-641710066', 'user_domain_id': 'default', 'user_domain_name': 'Default', 'user_id': '87b4873185574939883276b7dc5f80e4', 'system': None}, Network: None, Subnet: None, Router: None
