2024-09-04 08:27:18.154 62931 INFO tempest.lib.common.dynamic_creds [-] Created isolated network resources for: credentials: Credentials: {'domain_id': 'default', 'domain_name': 'Default', 'username': 'tempest-TenantUsagesNegativeTestJSON-641710066-project-admin', 'project_domain_id': 'default', 'project_domain_name': 'Default', 'project_id': 'baa2a9b71a1644cd9338afc6763ca256', 'project_name': 'tempest-TenantUsagesNegativeTestJSON-641710066', 'tenant_id': 'baa2a9b71a1644cd9338afc6763ca256', 'tenant_name': 'tempest-TenantUsagesNegativeTestJSON-641710066', 'user_domain_id': 'default', 'user_domain_name': 'Default', 'user_id': '87b4873185574939883276b7dc5f80e4', 'system': None}, Network: None, Subnet: None, Router: None
2024-09-04 08:27:18.204 62953 INFO tempest.lib.common.rest_client [req-d437996f-7a32-4a81-9f5c-8fef03d70fee req-d437996f-7a32-4a81-9f5c-8fef03d70fee ] Request (KeyPairsV210TestJSON:setUpClass): 200 GET http://10.180.1.21/identity/v3/roles 0.053s
2024-09-04 08:27:18.241 62931 INFO tempest.lib.common.rest_client [req-83a99929-eff9-4b6e-beed-cdc99456bbfe req-83a99929-eff9-4b6e-beed-cdc99456bbfe ] Request (TenantUsagesNegativeTestJSON:setUpClass): 201 POST http://10.180.1.21/identity/v3/auth/tokens 0.085s
2024-09-04 08:27:18.248 62953 INFO tempest.lib.common.rest_client [req-2e671d9f-037d-4a12-a94f-24cb3317fa76 req-2e671d9f-037d-4a12-a94f-24cb3317fa76 ] Request (KeyPairsV210TestJSON:setUpClass): 204 PUT http://10.180.1.21/identity/v3/projects/788969ef0a1f45ac930193c76bb68abb/users/bf10ffddfb074ed6b46f891f02592bed/roles/6656f822b0644d798fd417b096549499 0.043s
2024-09-04 08:27:18.249 62965 INFO tempest.lib.common.rest_client [req-52b4eb10-e3d6-4d0a-bb2c-24e38ae680e5 req-52b4eb10-e3d6-4d0a-bb2c-24e38ae680e5 ] Request (SecurityGroupRulesTestJSON:test_security_group_rules_create_with_optional_cidr): 200 POST http://10.180.1.21/compute/v2.1/os-security-group-rules 2.396s
2024-09-04 08:27:18.272 62957 INFO tempest.lib.common.rest_client [req-5966df43-527d-4693-87f4-178407ac40f2 req-5966df43-527d-4693-87f4-178407ac40f2 ] Request (AttachInterfacesV270Test:setUpClass): 201 POST http://10.180.1.21:9696/networking/v2.0/subnets 1.863s
2024-09-04 08:27:18.277 62955 INFO tempest.lib.common.rest_client [req-26ddfbfc-2868-4877-b176-f46663947ee3 req-26ddfbfc-2868-4877-b176-f46663947ee3 ] Request (FlavorsAdminTestJSON:_run_cleanups): 200 GET http://10.180.1.21/compute/v2.1/flavors/detail 2.394s
2024-09-04 08:27:18.291 62975 INFO tempest.lib.common.rest_client [req-dfc153cf-6b43-410f-b5aa-fd688df2985a req-dfc153cf-6b43-410f-b5aa-fd688df2985a ] Request (FloatingIPsAssociationTestJSON:setUpClass): 202 POST http://10.180.1.21/compute/v2.1/servers 2.422s
2024-09-04 08:27:18.314 62953 INFO tempest.lib.common.rest_client [req-aeb67b45-0d9e-41bc-a3a9-eead6c4506c5 req-aeb67b45-0d9e-41bc-a3a9-eead6c4506c5 ] Request (KeyPairsV210TestJSON:setUpClass): 200 GET http://10.180.1.21/identity/v3/roles 0.066s
2024-09-04 08:27:18.363 62935 INFO tempest.lib.common.rest_client [req-f07ced7e-8252-4a50-ba30-097e86d91c06 req-f07ced7e-8252-4a50-ba30-097e86d91c06 ] Request (VolumesAssistedSnapshotsTest:setUpClass): 201 POST http://10.180.1.21:9696/networking/v2.0/subnets 1.797s
2024-09-04 08:27:18.406 62953 INFO tempest.lib.common.rest_client [req-a2b41398-e378-441b-a0cf-2adb6a5d4a68 req-a2b41398-e378-441b-a0cf-2adb6a5d4a68 ] Request (KeyPairsV210TestJSON:setUpClass): 204 PUT http://10.180.1.21/identity/v3/projects/788969ef0a1f45ac930193c76bb68abb/users/bf10ffddfb074ed6b46f891f02592bed/roles/6656f822b0644d798fd417b096549499 0.091s
2024-09-04 08:27:18.406 62953 INFO tempest.lib.common.dynamic_creds [-] Dynamic test user bf10ffddfb074ed6b46f891f02592bed is created with scope project and roles: ['admin']
2024-09-04 08:27:18.406 62953 INFO tempest.lib.common.dynamic_creds [-] Acquired dynamic creds: credentials: Credentials: {'domain_id': 'default', 'domain_name': 'Default', 'username': 'tempest-KeyPairsV210TestJSON-175855427-project-admin', 'project_domain_id': 'default', 'project_domain_name': 'Default', 'project_id': '788969ef0a1f45ac930193c76bb68abb', 'project_name': 'tempest-KeyPairsV210TestJSON-175855427', 'tenant_id': '788969ef0a1f45ac930193c76bb68abb', 'tenant_name': 'tempest-KeyPairsV210TestJSON-175855427', 'user_domain_id': 'default', 'user_domain_name': 'Default', 'user_id': 'bf10ffddfb074ed6b46f891f02592bed', 'system': None}, Network: None, Subnet: None, Router: None
2024-09-04 08:27:18.406 62953 INFO tempest.lib.common.dynamic_creds [-] Created isolated network resources for: credentials: Credentials: {'domain_id': 'default', 'domain_name': 'Default', 'username': 'tempest-KeyPairsV210TestJSON-175855427-project-admin', 'project_domain_id': 'default', 'project_domain_name': 'Default', 'project_id': '788969ef0a1f45ac930193c76bb68abb', 'project_name': 'tempest-KeyPairsV210TestJSON-175855427', 'tenant_id': '788969ef0a1f45ac930193c76bb68abb', 'tenant_name': 'tempest-KeyPairsV210TestJSON-175855427', 'user_domain_id': 'default', 'user_domain_name': 'Default', 'user_id': 'bf10ffddfb074ed6b46f891f02592bed', 'system': None}, Network: None, Subnet: None, Router: None
2024-09-04 08:27:18.433 62943 INFO tempest.lib.common.rest_client [req-d6eaefcf-ba3d-4b4c-a286-69f451cf884d req-d6eaefcf-ba3d-4b4c-a286-69f451cf884d ] Request (FlavorsAccessTestJSON:test_flavor_access_add_remove): 200 POST http://10.180.1.21/compute/v2.1/flavors 2.500s
2024-09-04 08:27:18.444 62985 INFO tempest.lib.common.rest_client [req-a0c9035f-c687-424f-bb74-60431fbb0823 req-a0c9035f-c687-424f-bb74-60431fbb0823 ] Request (HostsAdminNegativeTestJSON:test_shutdown_host_with_non_admin_user): 403 GET http://10.180.1.21/compute/v2.1/os-hosts/devstack/shutdown 2.331s
2024-09-04 08:27:18.461 62933 INFO tempest.lib.common.rest_client [req-9c54d103-2b59-4164-a94b-b5f2303d521f req-9c54d103-2b59-4164-a94b-b5f2303d521f ] Request (FlavorsV261TestJSON:_run_cleanups): 200 GET http://10.180.1.21/compute/v2.1/flavors/detail 2.335s
2024-09-04 08:27:18.487 62947 INFO tempest.lib.common.rest_client [req-98e0b0c5-3428-4fd0-ae94-aabc137508b2 req-98e0b0c5-3428-4fd0-ae94-aabc137508b2 ] Request (HostsAdminTestJSON:test_list_hosts_with_zone): 200 GET http://10.180.1.21/compute/v2.1/os-hosts 2.339s
2024-09-04 08:27:18.487 62937 INFO tempest.lib.common.rest_client [req-0d4fd44b-7e99-4d7b-9fc8-bdec75b14ecf req-0d4fd44b-7e99-4d7b-9fc8-bdec75b14ecf ] Request (ServersWithSpecificFlavorTestJSON:setUpClass): 201 POST http://10.180.1.21:9696/networking/v2.0/subnets 1.804s
2024-09-04 08:27:18.496 62953 INFO tempest.lib.common.rest_client [req-9dd769c0-5962-439a-b497-a999d455d897 req-9dd769c0-5962-439a-b497-a999d455d897 ] Request (KeyPairsV210TestJSON:setUpClass): 201 POST http://10.180.1.21/identity/v3/auth/tokens 0.087s
2024-09-04 08:27:18.507 62977 INFO tempest.lib.common.rest_client [req-7260a051-cfcf-40d7-bfa3-94f00c23124e req-7260a051-cfcf-40d7-bfa3-94f00c23124e ] Request (AggregatesAdminNegativeTestJSON:test_aggregate_add_host_as_user): 200 POST http://10.180.1.21/compute/v2.1/os-aggregates 2.354s
2024-09-04 08:27:18.523 62992 INFO tempest.lib.common.rest_client [req-edb1ce69-854a-4bc7-97ac-96d43233d841 req-edb1ce69-854a-4bc7-97ac-96d43233d841 ] Request (HypervisorAdminNegativeUnderV252Test:tearDownClass): 204 DELETE http://10.180.1.21:9696/networking/v2.0/security-groups/e75e2e71-e1ad-4f98-900f-b2019c676608 0.707s
2024-09-04 08:27:18.582 62939 INFO tempest.lib.common.rest_client [req-e0156b46-f7e0-4242-bdf3-f43a8f1509d0 req-e0156b46-f7e0-4242-bdf3-f43a8f1509d0 ] Request (FlavorsAccessNegativeTestJSON:test_add_flavor_access_duplicate): 200 POST http://10.180.1.21/compute/v2.1/flavors/798124849/action 2.505s
2024-09-04 08:27:18.591 62967 INFO tempest.lib.common.rest_client [req-8f6f0ab7-0637-4b76-8488-ba34909a917b req-8f6f0ab7-0637-4b76-8488-ba34909a917b ] Request (ServerDiagnosticsTest:test_get_server_diagnostics): 200 GET http://10.180.1.21/compute/v2.1/servers/6b804847-a51d-4e01-90a9-bd3f8116f95f 2.135s
2024-09-04 08:27:18.596 62949 INFO tempest.lib.common.rest_client [req-a3daa57f-7372-4ab0-b08f-b948354135fe req-a3daa57f-7372-4ab0-b08f-b948354135fe ] Request (HypervisorAdminNegativeTestJSON:test_show_nonexistent_hypervisor): 404 GET http://10.180.1.21/compute/v2.1/os-hypervisors/eb43e848-657e-4c4d-a2c9-cafc5b6a0ad5 1.809s
2024-09-04 08:27:18.613 62973 INFO tempest.lib.common.rest_client [req-2c1ff3da-7ef2-4435-8a59-32207e172c67 req-2c1ff3da-7ef2-4435-8a59-32207e172c67 ] Request (ServerActionsTestOtherB:setUpClass): 201 POST http://10.180.1.21:9696/networking/v2.0/security-group-rules 0.623s
2024-09-04 08:27:18.617 62941 INFO tempest.lib.common.rest_client [req-dffc52d6-597a-4a06-a33f-9cc0e2048ecd req-dffc52d6-597a-4a06-a33f-9cc0e2048ecd ] Request (FlavorsExtraSpecsNegativeTestJSON:tearDownClass): 202 DELETE http://10.180.1.21/compute/v2.1/flavors/393338189 1.824s
2024-09-04 08:27:18.643 62951 INFO tempest.lib.common.rest_client [req-bbf57c33-fcc6-4666-9752-e397b91a6214 req-bbf57c33-fcc6-4666-9752-e397b91a6214 ] Request (ServersAdminNegativeTestJSON:tearDownClass): 204 DELETE http://10.180.1.21:9696/networking/v2.0/security-groups/6c0c2206-0050-4cfb-8635-7593da032533 0.894s
2024-09-04 08:27:18.689 62992 INFO tempest.lib.common.rest_client [req-6b827cb2-8c84-4fe9-8259-632181b6a5da req-6b827cb2-8c84-4fe9-8259-632181b6a5da ] Request (HypervisorAdminNegativeUnderV252Test:tearDownClass): 204 DELETE http://10.180.1.21/identity/v3/projects/aeb347fc585c4cba949e17f104cc3919 0.166s
2024-09-04 08:27:18.690 62992 INFO tempest.test [-] raised in UpdateMultiattachVolumeNegativeTest.setUpClass. Invoking tearDownClass.
2024-09-04 08:27:18.718 62971 INFO tempest.lib.common.rest_client [req-90fa547c-4a51-4fc9-a2c1-7f47d372144e req-90fa547c-4a51-4fc9-a2c1-7f47d372144e ] Request (InstanceActionsNegativeTestJSON:setUpClass): 200 GET http://10.180.1.21/compute/v2.1/servers/36b25dfb-c0d3-4a98-9d63-9f7f4fcc193e 1.331s
2024-09-04 08:27:18.723 62933 INFO tempest.lib.common.rest_client [req-5d06a8f2-dca4-4125-b494-2fdb8397d927 req-5d06a8f2-dca4-4125-b494-2fdb8397d927 ] Request (FlavorsV261TestJSON:tearDownClass): 204 DELETE http://10.180.1.21/identity/v3/users/bf9ba9b58fdd424b90548176e98348dc 0.246s
2024-09-04 08:27:18.728 62971 INFO tempest.common.waiters [-] State transition "BUILD/spawning" ==> "ERROR/None" after 13 second wait
2024-09-04 08:27:18.820 62951 INFO tempest.lib.common.rest_client [req-4113e727-72e0-479f-a8ba-2442d3f703fc req-4113e727-72e0-479f-a8ba-2442d3f703fc ] Request (ServersAdminNegativeTestJSON:tearDownClass): 204 DELETE http://10.180.1.21/identity/v3/projects/01f0fa372c1a4099972aed30a1203c84 0.177s
2024-09-04 08:27:18.821 62951 INFO tempest.lib.common.dynamic_creds [-] Deleting project and security group for project: e49f04421e1d492181bc51feac771013
2024-09-04 08:27:18.830 62949 INFO tempest.lib.common.rest_client [req-fe2d682a-be0b-407d-8fa0-e9af7bb12144 req-fe2d682a-be0b-407d-8fa0-e9af7bb12144 ] Request (HypervisorAdminNegativeTestJSON:tearDownClass): 204 DELETE http://10.180.1.21/identity/v3/users/e435098702bd4af3afad926af89b91fb 0.232s
2024-09-04 08:27:18.879 62992 INFO tempest.lib.common.rest_client [req-8ddea8e5-9bbf-4312-91cb-35a9eb639267 req-8ddea8e5-9bbf-4312-91cb-35a9eb639267 ] Request (FloatingIPsTestJSON:setUpClass): 201 POST http://10.180.1.21/identity/v3/auth/tokens 0.186s
2024-09-04 08:27:18.946 62933 INFO tempest.lib.common.rest_client [req-70f25b58-a4e8-4663-bc68-5a0ecfdc670a req-70f25b58-a4e8-4663-bc68-5a0ecfdc670a ] Request (FlavorsV261TestJSON:tearDownClass): 204 DELETE http://10.180.1.21/identity/v3/users/bf5975160512434fa0a895cea68b34ab 0.222s
2024-09-04 08:27:18.946 62933 INFO tempest.lib.common.dynamic_creds [-] Deleting project and security group for project: c48c6e82bbab4e43bb8eddfd7a227342
2024-09-04 08:27:19.007 62963 INFO tempest.lib.common.rest_client [req-348a3a53-fd48-406b-9373-0e76fc638fae req-348a3a53-fd48-406b-9373-0e76fc638fae ] Request (FloatingIPsNegativeTestJSON:tearDownClass): 204 DELETE http://10.180.1.21:9696/networking/v2.0/routers/7fcef489-de73-4494-8c50-0b6fa4a698a4 1.792s
2024-09-04 08:27:19.009 62951 INFO tempest.lib.common.rest_client [req-abd019cd-b3e7-4fda-b0cc-00a84f4b7255 req-abd019cd-b3e7-4fda-b0cc-00a84f4b7255 ] Request (ServersAdminNegativeTestJSON:tearDownClass): 200 GET http://10.180.1.21:9696/networking/v2.0/security-groups?tenant_id=e49f04421e1d492181bc51feac771013&name=default 0.188s
2024-09-04 08:27:19.061 62949 INFO tempest.lib.common.rest_client [req-6bce3536-1b35-45f8-8412-002b40c105f9 req-6bce3536-1b35-45f8-8412-002b40c105f9 ] Request (HypervisorAdminNegativeTestJSON:tearDownClass): 204 DELETE http://10.180.1.21/identity/v3/users/a55bc7a5ff164f99bad3ae117b70501d 0.231s
2024-09-04 08:27:19.062 62949 INFO tempest.lib.common.dynamic_creds [-] Deleting project and security group for project: ea2787cc153840c08699afcd9788b536
2024-09-04 08:27:19.146 62992 INFO tempest.lib.common.rest_client [req-52218fb5-5a8a-4bb8-a699-8ae43d4bc64c req-52218fb5-5a8a-4bb8-a699-8ae43d4bc64c ] Request (FloatingIPsTestJSON:setUpClass): 201 POST http://10.180.1.21/identity/v3/auth/tokens 0.216s
2024-09-04 08:27:19.169 62933 INFO tempest.lib.common.rest_client [req-73b02f80-4a23-47b3-8b32-67695be86e39 req-73b02f80-4a23-47b3-8b32-67695be86e39 ] Request (FlavorsV261TestJSON:tearDownClass): 201 POST http://10.180.1.21/identity/v3/auth/tokens 0.222s
2024-09-04 08:27:19.202 62993 INFO tempest.lib.common.rest_client [req-a3ede67e-3b74-4a9a-83cf-f17bce95391b req-a3ede67e-3b74-4a9a-83cf-f17bce95391b ] Request (QuotasAdminTestV236:test_get_updated_quotas): 200 PUT http://10.180.1.21/compute/v2.1/os-quota-sets/2f7246406b594769a6ab4249675cecdb?user_id=a43ca34185ef4b06ba76c6986e0e006d 1.753s
2024-09-04 08:27:19.204 62949 INFO tempest.lib.common.rest_client [req-20b0f784-224e-4516-8e51-50a535a472e4 req-20b0f784-224e-4516-8e51-50a535a472e4 ] Request (HypervisorAdminNegativeTestJSON:tearDownClass): 201 POST http://10.180.1.21/identity/v3/auth/tokens 0.142s
2024-09-04 08:27:19.242 62992 INFO tempest.lib.common.rest_client [req-2d67eccc-6162-47bf-b377-41b4ba43350c req-2d67eccc-6162-47bf-b377-41b4ba43350c ] Request (FloatingIPsTestJSON:setUpClass): 200 GET http://10.180.1.21/identity/v3/domains?name=Default 0.095s
2024-09-04 08:27:19.359 62992 INFO tempest.lib.common.rest_client [req-e61a7524-d2b7-4c14-9e1e-8a9a46148111 req-e61a7524-d2b7-4c14-9e1e-8a9a46148111 ] Request (FloatingIPsTestJSON:setUpClass): 201 POST http://10.180.1.21/identity/v3/projects 0.116s
2024-09-04 08:27:19.432 62992 INFO tempest.lib.common.rest_client [req-34bc6f59-c082-4683-ae1e-44b019f7ca7e req-34bc6f59-c082-4683-ae1e-44b019f7ca7e ] Request (FloatingIPsTestJSON:setUpClass): 201 POST http://10.180.1.21/identity/v3/users 0.072s
2024-09-04 08:27:19.448 62992 INFO tempest.lib.common.rest_client [req-bb6549b8-2a03-40d2-bb5f-24b94b7e8403 req-bb6549b8-2a03-40d2-bb5f-24b94b7e8403 ] Request (FloatingIPsTestJSON:setUpClass): 200 GET http://10.180.1.21/identity/v3/roles 0.016s
2024-09-04 08:27:19.475 62992 INFO tempest.lib.common.rest_client [req-a556a8d0-df4a-494f-9d82-382647c03f57 req-a556a8d0-df4a-494f-9d82-382647c03f57 ] Request (FloatingIPsTestJSON:setUpClass): 204 PUT http://10.180.1.21/identity/v3/projects/c1c26f192c5f4faaa95779dc6884bed1/users/b09650eb65934bb7888e2bd039c49173/roles/1f9233be99c1471d853731467dad3c7d 0.026s
2024-09-04 08:27:19.475 62992 INFO tempest.lib.common.dynamic_creds [-] Dynamic test user b09650eb65934bb7888e2bd039c49173 is created with scope project and roles: ['member']
2024-09-04 08:27:19.476 62992 INFO tempest.lib.common.dynamic_creds [-] Acquired dynamic creds: credentials: Credentials: {'domain_id': 'default', 'domain_name': 'Default', 'username': 'tempest-FloatingIPsTestJSON-1863022533-project-member', 'project_domain_id': 'default', 'project_domain_name': 'Default', 'project_id': 'c1c26f192c5f4faaa95779dc6884bed1', 'project_name': 'tempest-FloatingIPsTestJSON-1863022533', 'tenant_id': 'c1c26f192c5f4faaa95779dc6884bed1', 'tenant_name': 'tempest-FloatingIPsTestJSON-1863022533', 'user_domain_id': 'default', 'user_domain_name': 'Default', 'user_id': 'b09650eb65934bb7888e2bd039c49173', 'system': None}, Network: None, Subnet: None, Router: None
2024-09-04 08:27:19.530 62992 INFO tempest.lib.common.rest_client [req-4d95d6d7-c17f-4728-ab1b-ebe89b71e554 req-4d95d6d7-c17f-4728-ab1b-ebe89b71e554 ] Request (FloatingIPsTestJSON:setUpClass): 201 POST http://10.180.1.21/identity/v3/auth/tokens 0.054s
2024-09-04 08:27:19.531 62979 INFO tempest.lib.common.rest_client [req-739adf1d-fc38-4e93-ab34-770d084d9459 req-739adf1d-fc38-4e93-ab34-770d084d9459 ] Request (ListImageFiltersTestJSON:setUpClass): 204 PUT http://10.180.1.21/image/v2/images/6d9ffb7e-b5a0-4266-a1ac-d912c2659dd9/file 1.314s
2024-09-04 08:27:19.738 62951 INFO tempest.lib.common.rest_client [req-f9001ba8-940f-4951-ad4f-1487b94b1d8b req-f9001ba8-940f-4951-ad4f-1487b94b1d8b ] Request (ServersAdminNegativeTestJSON:tearDownClass): 204 DELETE http://10.180.1.21:9696/networking/v2.0/security-groups/d26c18df-502d-477e-8a65-296c9e32cf33 0.729s
2024-09-04 08:27:19.795 62963 INFO tempest.lib.common.rest_client [req-b64da2f6-f21b-4945-a105-5abaafd81dc9 req-b64da2f6-f21b-4945-a105-5abaafd81dc9 ] Request (FloatingIPsNegativeTestJSON:tearDownClass): 204 DELETE http://10.180.1.21:9696/networking/v2.0/subnets/0bc80abe-783b-48a8-a7be-93f8d6e61cd1 0.788s
2024-09-04 08:27:19.797 62951 INFO tempest.lib.common.rest_client [req-152cce19-bc25-4116-b14c-c1019b43bf35 req-152cce19-bc25-4116-b14c-c1019b43bf35 ] Request (ServersAdminNegativeTestJSON:tearDownClass): 204 DELETE http://10.180.1.21/identity/v3/projects/e49f04421e1d492181bc51feac771013 0.058s
2024-09-04 08:27:19.912 62951 INFO tempest.lib.common.rest_client [req-c2738570-5606-42ff-8d2c-01b750ab5d66 req-c2738570-5606-42ff-8d2c-01b750ab5d66 ] Request (ServersV294TestFqdnHostnames:setUpClass): 201 POST http://10.180.1.21/identity/v3/auth/tokens 0.070s
2024-09-04 08:27:19.941 62951 INFO tempest.lib.common.rest_client [req-c1770123-666a-40e1-9cc1-16fbe1d7e2d0 req-c1770123-666a-40e1-9cc1-16fbe1d7e2d0 ] Request (ServersV294TestFqdnHostnames:setUpClass): 201 POST http://10.180.1.21/identity/v3/auth/tokens 0.027s
2024-09-04 08:27:19.975 62951 INFO tempest.lib.common.rest_client [req-b60add45-a2cb-495a-9ef5-78fc8475dd02 req-b60add45-a2cb-495a-9ef5-78fc8475dd02 ] Request (ServersV294TestFqdnHostnames:setUpClass): 200 GET http://10.180.1.21/identity/v3/domains?name=Default 0.034s
2024-09-04 08:27:20.004 62951 INFO tempest.lib.common.rest_client [req-5e50c157-d03e-4de6-b7d3-cc853f06e843 req-5e50c157-d03e-4de6-b7d3-cc853f06e843 ] Request (ServersV294TestFqdnHostnames:setUpClass): 201 POST http://10.180.1.21/identity/v3/projects 0.028s
2024-09-04 08:27:20.051 62949 INFO tempest.lib.common.rest_client [req-e564d908-d7d0-44c5-9fc0-34ad61b2d023 req-e564d908-d7d0-44c5-9fc0-34ad61b2d023 ] Request (HypervisorAdminNegativeTestJSON:tearDownClass): 200 GET http://10.180.1.21:9696/networking/v2.0/security-groups?tenant_id=ea2787cc153840c08699afcd9788b536&name=default 0.847s
2024-09-04 08:27:20.058 62933 INFO tempest.lib.common.rest_client [req-b9eb4968-5efe-4195-94c2-76f6c76ab6c5 req-b9eb4968-5efe-4195-94c2-76f6c76ab6c5 ] Request (FlavorsV261TestJSON:tearDownClass): 200 GET http://10.180.1.21:9696/networking/v2.0/security-groups?tenant_id=c48c6e82bbab4e43bb8eddfd7a227342&name=default 0.889s
2024-09-04 08:27:20.074 62951 INFO tempest.lib.common.rest_client [req-8787d5a2-0c05-4897-91f6-81e895ac3aef req-8787d5a2-0c05-4897-91f6-81e895ac3aef ] Request (ServersV294TestFqdnHostnames:setUpClass): 201 POST http://10.180.1.21/identity/v3/users 0.070s
2024-09-04 08:27:20.090 62951 INFO tempest.lib.common.rest_client [req-e1e6d2d2-f7ea-4f36-b08c-489f5ee829ba req-e1e6d2d2-f7ea-4f36-b08c-489f5ee829ba ] Request (ServersV294TestFqdnHostnames:setUpClass): 200 GET http://10.180.1.21/identity/v3/roles 0.015s
2024-09-04 08:27:20.119 62951 INFO tempest.lib.common.rest_client [req-86a78903-e3e4-4668-95bd-89dbf5c44b4d req-86a78903-e3e4-4668-95bd-89dbf5c44b4d ] Request (ServersV294TestFqdnHostnames:setUpClass): 204 PUT http://10.180.1.21/identity/v3/projects/f6ec2bd0781548ea9620d349be9b9ff2/users/64b87b891c004c21ae65a4e8f41c5d33/roles/1f9233be99c1471d853731467dad3c7d 0.029s
2024-09-04 08:27:20.120 62951 INFO tempest.lib.common.dynamic_creds [-] Dynamic test user 64b87b891c004c21ae65a4e8f41c5d33 is created with scope project and roles: ['member']
2024-09-04 08:27:20.120 62951 INFO tempest.lib.common.dynamic_creds [-] Acquired dynamic creds: credentials: Credentials: {'domain_id': 'default', 'domain_name': 'Default', 'username': 'tempest-ServersV294TestFqdnHostnames-1584391458-project-member', 'project_domain_id': 'default', 'project_domain_name': 'Default', 'project_id': 'f6ec2bd0781548ea9620d349be9b9ff2', 'project_name': 'tempest-ServersV294TestFqdnHostnames-1584391458', 'tenant_id': 'f6ec2bd0781548ea9620d349be9b9ff2', 'tenant_name': 'tempest-ServersV294TestFqdnHostnames-1584391458', 'user_domain_id': 'default', 'user_domain_name': 'Default', 'user_id': '64b87b891c004c21ae65a4e8f41c5d33', 'system': None}, Network: None, Subnet: None, Router: None
2024-09-04 08:27:20.181 62951 INFO tempest.lib.common.rest_client [req-54394370-26c9-48de-8275-419e4ee0303a req-54394370-26c9-48de-8275-419e4ee0303a ] Request (ServersV294TestFqdnHostnames:setUpClass): 201 POST http://10.180.1.21/identity/v3/auth/tokens 0.061s
2024-09-04 08:27:20.203 62969 INFO tempest.lib.common.rest_client [req-f4db0e51-01a3-428d-a9b5-3afbedc13f29 req-f4db0e51-01a3-428d-a9b5-3afbedc13f29 ] Request (ServerExternalEventsTest:test_create_server_external_events): 202 POST http://10.180.1.21/compute/v2.1/servers 2.324s
2024-09-04 08:27:20.310 62931 INFO tempest.lib.common.rest_client [req-02e07386-39ec-4bd7-bd2c-8fa646d9fe46 req-02e07386-39ec-4bd7-bd2c-8fa646d9fe46 ] Request (TenantUsagesNegativeTestJSON:test_get_usage_tenant_with_empty_tenant_id): 404 GET http://10.180.1.21/compute/v2.1/os-simple-tenant-usage/?start=2024-09-03T08%3A27%3A18.242689&end=2024-09-05T08%3A27%3A18.242689 2.067s
2024-09-04 08:27:20.312 62931 WARNING tempest.lib.common.rest_client [-] Deprecated: "tenant_id" property is deprecated for removal, use "project_id" instead
2024-09-04 08:27:20.679 62945 INFO tempest.lib.common.rest_client [req-f6df1acb-f4a3-41c3-9e0e-5193218206c2 req-f6df1acb-f4a3-41c3-9e0e-5193218206c2 ] Request (ImagesOneServerTestJSON:setUpClass): 201 POST http://10.180.1.21:9696/networking/v2.0/routers 5.810s
2024-09-04 08:27:20.707 62933 INFO tempest.lib.common.rest_client [req-b64563af-11d3-4265-a3a3-f5aed89dcd4e req-b64563af-11d3-4265-a3a3-f5aed89dcd4e ] Request (FlavorsV261TestJSON:tearDownClass): 204 DELETE http://10.180.1.21:9696/networking/v2.0/security-groups/67ad5e33-b0e8-4af5-bc97-4969789d1bfc 0.648s
2024-09-04 08:27:20.746 62949 INFO tempest.lib.common.rest_client [req-3867fd31-d8da-4477-9723-1b4cbaad15cd req-3867fd31-d8da-4477-9723-1b4cbaad15cd ] Request (HypervisorAdminNegativeTestJSON:tearDownClass): 204 DELETE http://10.180.1.21:9696/networking/v2.0/security-groups/5c1230c6-1006-45d1-97c5-51ceeab45d26 0.694s
2024-09-04 08:27:20.805 62933 INFO tempest.lib.common.rest_client [req-4d6b07f4-8ba5-4660-92de-4ae1ff286f2d req-4d6b07f4-8ba5-4660-92de-4ae1ff286f2d ] Request (FlavorsV261TestJSON:tearDownClass): 204 DELETE http://10.180.1.21/identity/v3/projects/c48c6e82bbab4e43bb8eddfd7a227342 0.098s
2024-09-04 08:27:20.806 62933 INFO tempest.lib.common.dynamic_creds [-] Deleting project and security group for project: cd9a901f76f04cca8de73c046a1b9ab8
2024-09-04 08:27:20.845 62949 INFO tempest.lib.common.rest_client [req-84c1d783-730f-468d-a07f-53a6c83ec704 req-84c1d783-730f-468d-a07f-53a6c83ec704 ] Request (HypervisorAdminNegativeTestJSON:tearDownClass): 204 DELETE http://10.180.1.21/identity/v3/projects/ea2787cc153840c08699afcd9788b536 0.098s
2024-09-04 08:27:20.845 62949 INFO tempest.lib.common.dynamic_creds [-] Deleting project and security group for project: f14a775825cb4fe7a2cbc7a774cadcfc
2024-09-04 08:27:21.080 62992 INFO tempest.lib.common.rest_client [req-f22ed668-65db-4001-ae70-5ba21fbb1b0c req-f22ed668-65db-4001-ae70-5ba21fbb1b0c ] Request (FloatingIPsTestJSON:setUpClass): 201 POST http://10.180.1.21:9696/networking/v2.0/networks 1.550s
2024-09-04 08:27:21.293 62965 INFO tempest.lib.common.rest_client [req-852cba69-5772-4fa6-9478-dba62e8783a4 req-852cba69-5772-4fa6-9478-dba62e8783a4 ] Request (SecurityGroupRulesTestJSON:test_security_group_rules_create_with_optional_group_id): 200 POST http://10.180.1.21/compute/v2.1/os-security-groups 3.039s
2024-09-04 08:27:21.330 62955 INFO tempest.lib.common.rest_client [req-fe5c950e-1358-440d-bac5-3733b1e0ac0d req-fe5c950e-1358-440d-bac5-3733b1e0ac0d ] Request (FlavorsAdminTestJSON:test_create_flavor_with_int_id): 200 POST http://10.180.1.21/compute/v2.1/flavors 3.044s
2024-09-04 08:27:21.437 62963 INFO tempest.lib.common.rest_client [req-f73a807d-a3a8-4c23-9a48-9b81119ddad8 req-f73a807d-a3a8-4c23-9a48-9b81119ddad8 ] Request (FloatingIPsNegativeTestJSON:tearDownClass): 204 DELETE http://10.180.1.21:9696/networking/v2.0/networks/a28df7fa-f36e-4979-9f76-b381c2abbdc9 1.641s
2024-09-04 08:27:21.582 62963 INFO tempest.lib.common.rest_client [req-bcbe4b82-a8bd-43bd-a7f7-e1c8f45aa752 req-bcbe4b82-a8bd-43bd-a7f7-e1c8f45aa752 ] Request (FloatingIPsNegativeTestJSON:tearDownClass): 204 DELETE http://10.180.1.21/identity/v3/users/5e3fc1974f1b427d974196bf9c350777 0.144s
2024-09-04 08:27:21.582 62963 INFO tempest.lib.common.dynamic_creds [-] Deleting project and security group for project: 786714d148524a9d8170a13febbfe90c
2024-09-04 08:27:21.727 62951 INFO tempest.lib.common.rest_client [req-4e54f906-8675-4db0-a19b-df1fdf1844fb req-4e54f906-8675-4db0-a19b-df1fdf1844fb ] Request (ServersV294TestFqdnHostnames:setUpClass): 201 POST http://10.180.1.21:9696/networking/v2.0/networks 1.545s
2024-09-04 08:27:21.921 62933 INFO tempest.lib.common.rest_client [req-65c6f8ed-0872-4df2-942b-bce8bc02cdd7 req-65c6f8ed-0872-4df2-942b-bce8bc02cdd7 ] Request (FlavorsV261TestJSON:tearDownClass): 200 GET http://10.180.1.21:9696/networking/v2.0/security-groups?tenant_id=cd9a901f76f04cca8de73c046a1b9ab8&name=default 1.115s
2024-09-04 08:27:21.939 62963 INFO tempest.lib.common.rest_client [req-f9ecc9be-82d9-427d-9a8e-eee36f6ad022 req-f9ecc9be-82d9-427d-9a8e-eee36f6ad022 ] Request (FloatingIPsNegativeTestJSON:tearDownClass): 200 GET http://10.180.1.21:9696/networking/v2.0/security-groups?tenant_id=786714d148524a9d8170a13febbfe90c&name=default 0.357s
2024-09-04 08:27:21.967 62975 INFO tempest.lib.common.rest_client [req-2c8d62e8-e9c5-4d78-aa74-f6ce4875a783 req-2c8d62e8-e9c5-4d78-aa74-f6ce4875a783 ] Request (FloatingIPsAssociationTestJSON:setUpClass): 200 GET http://10.180.1.21/compute/v2.1/servers/53f7fc38-a541-4843-883d-da7311445fe5 3.674s
2024-09-04 08:27:22.129 62949 INFO tempest.lib.common.rest_client [req-94ef0138-008f-408c-80c9-6216dc86cfb3 req-94ef0138-008f-408c-80c9-6216dc86cfb3 ] Request (HypervisorAdminNegativeTestJSON:tearDownClass): 200 GET http://10.180.1.21:9696/networking/v2.0/security-groups?tenant_id=f14a775825cb4fe7a2cbc7a774cadcfc&name=default 1.283s
2024-09-04 08:27:22.188 62943 INFO tempest.lib.common.rest_client [req-8a98d203-c6b2-4a7f-a5c7-b0eb6ca4c64c req-8a98d203-c6b2-4a7f-a5c7-b0eb6ca4c64c ] Request (FlavorsAccessTestJSON:test_flavor_access_add_remove): 200 POST http://10.180.1.21/compute/v2.1/flavors/974749501/action 3.753s
2024-09-04 08:27:22.220 62985 INFO tempest.lib.common.rest_client [req-3bc1726d-d775-40b3-856b-1598ea75109d req-3bc1726d-d775-40b3-856b-1598ea75109d ] Request (HostsAdminNegativeTestJSON:test_shutdown_nonexistent_host): 404 GET http://10.180.1.21/compute/v2.1/os-hosts/nonexistent_hostname/shutdown 3.769s
2024-09-04 08:27:22.237 62973 INFO tempest.lib.common.rest_client [req-dcfdc287-da97-4bed-971e-fe8a20d0d3c3 req-dcfdc287-da97-4bed-971e-fe8a20d0d3c3 ] Request (ServerActionsTestOtherB:setUpClass): 201 POST http://10.180.1.21:9696/networking/v2.0/floatingips 3.623s
2024-09-04 08:27:22.268 62947 INFO tempest.lib.common.rest_client [req-6ee2588f-99c5-4d8c-ac65-5d7c0b511af0 req-6ee2588f-99c5-4d8c-ac65-5d7c0b511af0 ] Request (HostsAdminTestJSON:test_list_hosts_with_zone): 200 GET http://10.180.1.21/compute/v2.1/os-hosts?zone=internal 3.780s
2024-09-04 08:27:22.321 62973 INFO tempest.lib.common.rest_client [req-6fc67498-5cca-44c8-b120-a717bbd47ed8 req-6fc67498-5cca-44c8-b120-a717bbd47ed8 ] Request (ServerActionsTestOtherB:setUpClass): 201 POST http://10.180.1.21/identity/v3/auth/tokens 0.077s
2024-09-04 08:27:22.322 62973 INFO tempest.lib.common.fixed_network [-] (ServerActionsTestOtherB:setUpClass) Found network {'id': 'c706a27c-b24b-4f31-9930-eff5254266f2', 'name': 'tempest-ServerActionsTestOtherB-41588659-network', 'tenant_id': '8f8758e87377404eb222264dba749e83', 'admin_state_up': True, 'mtu': 8950, 'status': 'ACTIVE', 'subnets': [], 'shared': False, 'project_id': '8f8758e87377404eb222264dba749e83', 'port_security_enabled': True, 'router:external': False, 'provider:network_type': 'vlan', 'provider:physical_network': 'default', 'provider:segmentation_id': 42, 'is_default': False, 'availability_zone_hints': [], 'availability_zones': [], 'ipv4_address_scope': None, 'ipv6_address_scope': None, 'description': '', 'tags': [], 'created_at': '2024-09-04T08:27:04Z', 'updated_at': '2024-09-04T08:27:04Z', 'revision_number': 1} available for tenant
2024-09-04 08:27:22.380 62953 INFO tempest.lib.common.rest_client [req-26cdca15-adea-426c-b9e3-a3abca0d6480 req-26cdca15-adea-426c-b9e3-a3abca0d6480 ] Request (KeyPairsV210TestJSON:test_admin_manage_keypairs_for_other_users): 201 POST http://10.180.1.21/compute/v2.1/os-keypairs 3.881s
2024-09-04 08:27:22.393 62963 INFO tempest.lib.common.rest_client [req-168565a8-c4ce-4140-9690-445cb377136f req-168565a8-c4ce-4140-9690-445cb377136f ] Request (FloatingIPsNegativeTestJSON:tearDownClass): 204 DELETE http://10.180.1.21:9696/networking/v2.0/security-groups/1a110ed6-ef22-4aae-8353-10c6558f4db9 0.454s
2024-09-04 08:27:22.462 62977 INFO tempest.lib.common.rest_client [req-e52281e6-573a-4fde-821d-025faa594f6d req-e52281e6-573a-4fde-821d-025faa594f6d ] Request (AggregatesAdminNegativeTestJSON:test_aggregate_add_host_as_user): 403 POST http://10.180.1.21/compute/v2.1/os-aggregates/2/action 3.953s
2024-09-04 08:27:22.466 62937 INFO tempest.lib.common.rest_client [req-16974252-284b-4d85-b521-9b84800ffebc req-16974252-284b-4d85-b521-9b84800ffebc ] Request (ServersWithSpecificFlavorTestJSON:setUpClass): 201 POST http://10.180.1.21:9696/networking/v2.0/routers 3.978s
2024-09-04 08:27:22.529 62963 INFO tempest.lib.common.rest_client [req-c51dc50b-3810-4ef8-b88a-d47ad9268eca req-c51dc50b-3810-4ef8-b88a-d47ad9268eca ] Request (FloatingIPsNegativeTestJSON:tearDownClass): 204 DELETE http://10.180.1.21/identity/v3/projects/786714d148524a9d8170a13febbfe90c 0.135s
2024-09-04 08:27:22.596 62963 INFO tempest.lib.common.rest_client [req-9ef3da56-5218-479a-997b-0d4b387435c8 req-9ef3da56-5218-479a-997b-0d4b387435c8 ] Request (ImagesMetadataTestJSON:setUpClass): 201 POST http://10.180.1.21/identity/v3/auth/tokens 0.065s
2024-09-04 08:27:22.597 62939 INFO tempest.lib.common.rest_client [req-4bbd4400-d46a-4731-a944-22a9320e5465 req-4bbd4400-d46a-4731-a944-22a9320e5465 ] Request (FlavorsAccessNegativeTestJSON:test_add_flavor_access_duplicate): 409 POST http://10.180.1.21/compute/v2.1/flavors/798124849/action 4.013s
2024-09-04 08:27:22.613 62941 INFO tempest.lib.common.rest_client [req-d686ccfa-42a5-462f-bfa9-754b79d5be46 req-d686ccfa-42a5-462f-bfa9-754b79d5be46 ] Request (FlavorsExtraSpecsNegativeTestJSON:tearDownClass): 200 GET http://10.180.1.21/compute/v2.1/flavors/detail 3.995s
2024-09-04 08:27:22.640 62963 INFO tempest.lib.common.rest_client [req-cac7099f-0788-4d11-a1c8-24a058c65b8b req-cac7099f-0788-4d11-a1c8-24a058c65b8b ] Request (ImagesMetadataTestJSON:setUpClass): 201 POST http://10.180.1.21/identity/v3/auth/tokens 0.041s
2024-09-04 08:27:22.670 62963 INFO tempest.lib.common.rest_client [req-7acfdd07-b3f9-49cd-bd37-3487d587a90c req-7acfdd07-b3f9-49cd-bd37-3487d587a90c ] Request (ImagesMetadataTestJSON:setUpClass): 200 GET http://10.180.1.21/identity/v3/domains?name=Default 0.029s
2024-09-04 08:27:22.707 62941 INFO tempest.lib.common.rest_client [req-3d54afc9-c2fb-4e4c-bc94-6aa58a73b1ca req-3d54afc9-c2fb-4e4c-bc94-6aa58a73b1ca ] Request (FlavorsExtraSpecsNegativeTestJSON:tearDownClass): 204 DELETE http://10.180.1.21/identity/v3/users/e11b2a4102ea46d7b604bf9a1a1e0d14 0.090s
2024-09-04 08:27:22.745 62963 INFO tempest.lib.common.rest_client [req-49ce088f-88b1-4578-b534-59ebc7ce70cf req-49ce088f-88b1-4578-b534-59ebc7ce70cf ] Request (ImagesMetadataTestJSON:setUpClass): 201 POST http://10.180.1.21/identity/v3/projects 0.074s
2024-09-04 08:27:22.814 62963 INFO tempest.lib.common.rest_client [req-020353a1-5952-4a91-a604-6550687dcfdb req-020353a1-5952-4a91-a604-6550687dcfdb ] Request (ImagesMetadataTestJSON:setUpClass): 201 POST http://10.180.1.21/identity/v3/users 0.069s
2024-09-04 08:27:22.835 62963 INFO tempest.lib.common.rest_client [req-9f923f82-5688-4948-b236-c5f37a1b54f9 req-9f923f82-5688-4948-b236-c5f37a1b54f9 ] Request (ImagesMetadataTestJSON:setUpClass): 200 GET http://10.180.1.21/identity/v3/roles 0.020s
2024-09-04 08:27:22.864 62941 INFO tempest.lib.common.rest_client [req-fe1bb768-b8b8-425c-9b75-055711c51051 req-fe1bb768-b8b8-425c-9b75-055711c51051 ] Request (FlavorsExtraSpecsNegativeTestJSON:tearDownClass): 204 DELETE http://10.180.1.21/identity/v3/users/d4dac42ddfb94319af62817d53960248 0.157s
2024-09-04 08:27:22.864 62941 INFO tempest.lib.common.dynamic_creds [-] Deleting project and security group for project: 0fc93a95f6a24965b9297458c9c4cf06
2024-09-04 08:27:22.914 62963 INFO tempest.lib.common.rest_client [req-0bab29c2-51ce-450d-91bd-34ac9930c0ef req-0bab29c2-51ce-450d-91bd-34ac9930c0ef ] Request (ImagesMetadataTestJSON:setUpClass): 204 PUT http://10.180.1.21/identity/v3/projects/596aae93d1274475b0a00b6340dd411a/users/26ddd95c0c4845d6abcf2a57f2b42537/roles/1f9233be99c1471d853731467dad3c7d 0.079s
2024-09-04 08:27:22.914 62963 INFO tempest.lib.common.dynamic_creds [-] Dynamic test user 26ddd95c0c4845d6abcf2a57f2b42537 is created with scope project and roles: ['member']
2024-09-04 08:27:22.914 62963 INFO tempest.lib.common.dynamic_creds [-] Acquired dynamic creds: credentials: Credentials: {'domain_id': 'default', 'domain_name': 'Default', 'username': 'tempest-ImagesMetadataTestJSON-779080760-project-member', 'project_domain_id': 'default', 'project_domain_name': 'Default', 'project_id': '596aae93d1274475b0a00b6340dd411a', 'project_name': 'tempest-ImagesMetadataTestJSON-779080760', 'tenant_id': '596aae93d1274475b0a00b6340dd411a', 'tenant_name': 'tempest-ImagesMetadataTestJSON-779080760', 'user_domain_id': 'default', 'user_domain_name': 'Default', 'user_id': '26ddd95c0c4845d6abcf2a57f2b42537', 'system': None}, Network: None, Subnet: None, Router: None
2024-09-04 08:27:22.915 62963 INFO tempest.lib.common.dynamic_creds [-] Created isolated network resources for: credentials: Credentials: {'domain_id': 'default', 'domain_name': 'Default', 'username': 'tempest-ImagesMetadataTestJSON-779080760-project-member', 'project_domain_id': 'default', 'project_domain_name': 'Default', 'project_id': '596aae93d1274475b0a00b6340dd411a', 'project_name': 'tempest-ImagesMetadataTestJSON-779080760', 'tenant_id': '596aae93d1274475b0a00b6340dd411a', 'tenant_name': 'tempest-ImagesMetadataTestJSON-779080760', 'user_domain_id': 'default', 'user_domain_name': 'Default', 'user_id': '26ddd95c0c4845d6abcf2a57f2b42537', 'system': None}, Network: None, Subnet: None, Router: None
2024-09-04 08:27:22.935 62941 INFO tempest.lib.common.rest_client [req-12aec124-a4d4-45a3-a9e4-dfb231fd11ca req-12aec124-a4d4-45a3-a9e4-dfb231fd11ca ] Request (FlavorsExtraSpecsNegativeTestJSON:tearDownClass): 201 POST http://10.180.1.21/identity/v3/auth/tokens 0.071s
2024-09-04 08:27:22.948 62971 INFO tempest.lib.common.rest_client [req-eee48195-e6df-4e77-874f-0609877a1917 req-eee48195-e6df-4e77-874f-0609877a1917 ] Request (InstanceActionsNegativeTestJSON:setUpClass): 204 DELETE http://10.180.1.21/compute/v2.1/servers/36b25dfb-c0d3-4a98-9d63-9f7f4fcc193e 4.220s
2024-09-04 08:27:23.047 62933 INFO tempest.lib.common.rest_client [req-b837f6ae-361b-4e87-a6e5-85543908ce40 req-b837f6ae-361b-4e87-a6e5-85543908ce40 ] Request (FlavorsV261TestJSON:tearDownClass): 204 DELETE http://10.180.1.21:9696/networking/v2.0/security-groups/6145da31-8b80-4c63-bb6c-e6604086df20 1.126s
2024-09-04 08:27:23.062 62963 INFO tempest.lib.common.rest_client [req-5c5d2789-125b-4f14-b016-a0cab008f435 req-5c5d2789-125b-4f14-b016-a0cab008f435 ] Request (ImagesMetadataTestJSON:setUpClass): 201 POST http://10.180.1.21/identity/v3/auth/tokens 0.095s
2024-09-04 08:27:23.148 62993 INFO tempest.lib.common.rest_client [req-45e76002-4b93-4d7d-980a-15f4aad82fc4 req-45e76002-4b93-4d7d-980a-15f4aad82fc4 ] Request (QuotasAdminTestV236:test_get_updated_quotas): 200 GET http://10.180.1.21/compute/v2.1/os-quota-sets/2f7246406b594769a6ab4249675cecdb?user_id=a43ca34185ef4b06ba76c6986e0e006d 3.944s
2024-09-04 08:27:23.190 62979 INFO tempest.lib.common.rest_client [req-fcbd96ea-a6dc-4466-afbd-8940383f64c3 req-fcbd96ea-a6dc-4466-afbd-8940383f64c3 ] Request (ListImageFiltersTestJSON:setUpClass): 200 GET http://10.180.1.21/compute/v2.1/images/6d9ffb7e-b5a0-4266-a1ac-d912c2659dd9 3.658s
2024-09-04 08:27:23.239 62933 INFO tempest.lib.common.rest_client [req-419362a0-13ef-4d4b-98c6-f725c7cf91c8 req-419362a0-13ef-4d4b-98c6-f725c7cf91c8 ] Request (FlavorsV261TestJSON:tearDownClass): 204 DELETE http://10.180.1.21/identity/v3/projects/cd9a901f76f04cca8de73c046a1b9ab8 0.191s
2024-09-04 08:27:23.300 62967 INFO tempest.lib.common.rest_client [req-b39383ce-c711-4f76-a2c7-5db6e0438f18 req-b39383ce-c711-4f76-a2c7-5db6e0438f18 ] Request (ServerDiagnosticsTest:test_get_server_diagnostics): 200 GET http://10.180.1.21/compute/v2.1/servers/6b804847-a51d-4e01-90a9-bd3f8116f95f 3.699s
2024-09-04 08:27:23.304 62933 INFO tempest.lib.common.rest_client [req-f91ffb09-91e4-4834-a3b6-82066b5b0e54 req-f91ffb09-91e4-4834-a3b6-82066b5b0e54 ] Request (ListImagesTestJSON:setUpClass): 201 POST http://10.180.1.21/identity/v3/auth/tokens 0.063s
2024-09-04 08:27:23.312 62967 INFO tempest.common.waiters [-] State transition "BUILD/spawning" ==> "ERROR/None" after 14 second wait
2024-09-04 08:27:23.352 62949 INFO tempest.lib.common.rest_client [req-2034f565-8d53-4f84-b88e-da2a0cc8b35d req-2034f565-8d53-4f84-b88e-da2a0cc8b35d ] Request (HypervisorAdminNegativeTestJSON:tearDownClass): 204 DELETE http://10.180.1.21:9696/networking/v2.0/security-groups/c41550f3-4c7a-4fcd-918c-3b600efdf513 1.222s
2024-09-04 08:27:23.376 62992 INFO tempest.lib.common.rest_client [req-d824ff8b-63bd-46f0-ab1f-b0abbfb0f646 req-d824ff8b-63bd-46f0-ab1f-b0abbfb0f646 ] Request (FloatingIPsTestJSON:setUpClass): 201 POST http://10.180.1.21:9696/networking/v2.0/subnets 2.295s
2024-09-04 08:27:23.400 62969 INFO tempest.lib.common.rest_client [req-5ad7dddd-c0af-4a5e-8cfc-8230ca8f5f56 req-5ad7dddd-c0af-4a5e-8cfc-8230ca8f5f56 ] Request (ServerExternalEventsTest:test_create_server_external_events): 200 GET http://10.180.1.21/compute/v2.1/servers/61b01264-eb0f-410c-8b39-971b95d16bb9 3.195s
2024-09-04 08:27:23.412 62931 INFO tempest.lib.common.rest_client [req-35d71d13-06bc-4c4f-924c-166c8d12ee55 req-35d71d13-06bc-4c4f-924c-166c8d12ee55 ] Request (TenantUsagesNegativeTestJSON:test_get_usage_tenant_with_invalid_date): 400 GET http://10.180.1.21/compute/v2.1/os-simple-tenant-usage/0e2ce52699aa45d9bb12cf3dcd3fda26?start=2024-09-05T08%3A27%3A18.242689&end=2024-09-03T08%3A27%3A18.242689 3.100s
2024-09-04 08:27:23.452 62993 INFO tempest.lib.common.rest_client [req-f109df6c-06a7-47f3-be11-2acc8775c1d6 req-f109df6c-06a7-47f3-be11-2acc8775c1d6 ] Request (QuotasAdminTestV236:_run_cleanups): 204 DELETE http://10.180.1.21/identity/v3/users/a43ca34185ef4b06ba76c6986e0e006d 0.303s
2024-09-04 08:27:23.462 62933 INFO tempest.lib.common.rest_client [req-b60f988b-0cf3-4eae-937e-3930f9e3a633 req-b60f988b-0cf3-4eae-937e-3930f9e3a633 ] Request (ListImagesTestJSON:setUpClass): 201 POST http://10.180.1.21/identity/v3/auth/tokens 0.155s
2024-09-04 08:27:23.557 62949 INFO tempest.lib.common.rest_client [req-43e79734-0ce0-4bd7-8876-6421bd5bd286 req-43e79734-0ce0-4bd7-8876-6421bd5bd286 ] Request (HypervisorAdminNegativeTestJSON:tearDownClass): 204 DELETE http://10.180.1.21/identity/v3/projects/f14a775825cb4fe7a2cbc7a774cadcfc 0.204s
2024-09-04 08:27:23.586 62951 INFO tempest.lib.common.rest_client [req-93e3dc26-a4f2-400a-af63-ae0b7bedc88a req-93e3dc26-a4f2-400a-af63-ae0b7bedc88a ] Request (ServersV294TestFqdnHostnames:setUpClass): 201 POST http://10.180.1.21:9696/networking/v2.0/subnets 1.859s
2024-09-04 08:27:23.620 62933 INFO tempest.lib.common.rest_client [req-f2f59fd2-3f96-45d3-a3cb-98ae0a4563eb req-f2f59fd2-3f96-45d3-a3cb-98ae0a4563eb ] Request (ListImagesTestJSON:setUpClass): 200 GET http://10.180.1.21/identity/v3/domains?name=Default 0.157s
2024-09-04 08:27:23.648 62987 INFO tempest.lib.common.rest_client [req-04bef2f2-0f81-4331-b564-3aa6bdc7b9a7 req-04bef2f2-0f81-4331-b564-3aa6bdc7b9a7 ] Request (ImagesNegativeTestJSON:setUpClass): 201 POST http://10.180.1.21:9696/networking/v2.0/routers 6.394s
2024-09-04 08:27:23.651 62993 INFO tempest.lib.common.rest_client [req-8d34a8b3-ddb7-401d-aeb2-405eb84414b8 req-8d34a8b3-ddb7-401d-aeb2-405eb84414b8 ] Request (QuotasAdminTestV236:_run_cleanups): 204 DELETE http://10.180.1.21/identity/v3/projects/2f7246406b594769a6ab4249675cecdb 0.198s
2024-09-04 08:27:23.708 62949 INFO tempest.lib.common.rest_client [req-8d152759-24fc-488c-9a8c-f356e8e32d9c req-8d152759-24fc-488c-9a8c-f356e8e32d9c ] Request (MigrationsAdminTest:setUpClass): 201 POST http://10.180.1.21/identity/v3/auth/tokens 0.149s
2024-09-04 08:27:23.750 62933 INFO tempest.lib.common.rest_client [req-e30a5e39-995f-4fb2-98a7-69a2d71b866e req-e30a5e39-995f-4fb2-98a7-69a2d71b866e ] Request (ListImagesTestJSON:setUpClass): 201 POST http://10.180.1.21/identity/v3/projects 0.130s
2024-09-04 08:27:23.777 62993 INFO tempest.lib.common.rest_client [req-29e9f782-c5b2-45b8-aac3-8305ef03b7a3 req-29e9f782-c5b2-45b8-aac3-8305ef03b7a3 ] Request (QuotasAdminTestV236:tearDownClass): 204 DELETE http://10.180.1.21/identity/v3/users/8b49163dde104dbc9806c86dfbe23596 0.120s
2024-09-04 08:27:23.865 62989 INFO tempest.lib.common.rest_client [req-71344711-763d-48b1-8017-8f5e3ac0673f req-71344711-763d-48b1-8017-8f5e3ac0673f ] Request (QuotasAdminTestV257:test_get_updated_quotas): 200 GET http://10.180.1.21/identity/v3/domains?name=Default 0.151s
2024-09-04 08:27:23.873 62963 INFO tempest.lib.common.rest_client [req-a04e0feb-bf79-4fb6-9b33-ef13cbe92c1d req-a04e0feb-bf79-4fb6-9b33-ef13cbe92c1d ] Request (ImagesMetadataTestJSON:setUpClass): 201 POST http://10.180.1.21/image/v2/images 0.810s
2024-09-04 08:27:23.892 62949 INFO tempest.lib.common.rest_client [req-57d0ace3-4eea-4568-9fed-d86771d7a651 req-57d0ace3-4eea-4568-9fed-d86771d7a651 ] Request (MigrationsAdminTest:setUpClass): 201 POST http://10.180.1.21/identity/v3/auth/tokens 0.137s
2024-09-04 08:27:23.917 62933 INFO tempest.lib.common.rest_client [req-65429b22-f0c4-4f4a-95ad-51aec669beb0 req-65429b22-f0c4-4f4a-95ad-51aec669beb0 ] Request (ListImagesTestJSON:setUpClass): 201 POST http://10.180.1.21/identity/v3/users 0.165s
2024-09-04 08:27:23.953 62989 INFO tempest.lib.common.rest_client [req-0544e09a-2b31-4397-ac8a-7ec2761484b7 req-0544e09a-2b31-4397-ac8a-7ec2761484b7 ] Request (QuotasAdminTestV257:test_get_updated_quotas): 201 POST http://10.180.1.21/identity/v3/projects 0.088s
2024-09-04 08:27:23.980 62993 INFO tempest.lib.common.rest_client [req-260fc8ee-0204-4b81-a619-63499981363f req-260fc8ee-0204-4b81-a619-63499981363f ] Request (QuotasAdminTestV236:tearDownClass): 204 DELETE http://10.180.1.21/identity/v3/users/fc3b70dec619495089f7cf1e93f6372f 0.203s
2024-09-04 08:27:23.980 62993 INFO tempest.lib.common.dynamic_creds [-] Deleting project and security group for project: c04479b910ef4dfd811f78c3d77d00aa
2024-09-04 08:27:24.029 62941 INFO tempest.lib.common.rest_client [req-a4e7c60d-26a6-4678-84be-ae5ee6a4ed3b req-a4e7c60d-26a6-4678-84be-ae5ee6a4ed3b ] Request (FlavorsExtraSpecsNegativeTestJSON:tearDownClass): 200 GET http://10.180.1.21:9696/networking/v2.0/security-groups?tenant_id=0fc93a95f6a24965b9297458c9c4cf06&name=default 1.093s
2024-09-04 08:27:24.045 62949 INFO tempest.lib.common.rest_client [req-4b8bb8d9-6bc1-4c54-a77b-53913405bc3b req-4b8bb8d9-6bc1-4c54-a77b-53913405bc3b ] Request (MigrationsAdminTest:setUpClass): 200 GET http://10.180.1.21/identity/v3/domains?name=Default 0.151s
2024-09-04 08:27:24.075 62933 INFO tempest.lib.common.rest_client [req-acfc15df-f909-428b-8d1b-7b0e6bb8ac74 req-acfc15df-f909-428b-8d1b-7b0e6bb8ac74 ] Request (ListImagesTestJSON:setUpClass): 200 GET http://10.180.1.21/identity/v3/roles 0.157s
2024-09-04 08:27:24.102 62993 INFO tempest.lib.common.rest_client [req-6e86bf38-2919-47c7-b74f-6374797c759c req-6e86bf38-2919-47c7-b74f-6374797c759c ] Request (QuotasAdminTestV236:tearDownClass): 201 POST http://10.180.1.21/identity/v3/auth/tokens 0.122s
2024-09-04 08:27:24.103 62989 INFO tempest.lib.common.rest_client [req-30e12b8c-3757-408d-a2fb-1cf0d2c03cdc req-30e12b8c-3757-408d-a2fb-1cf0d2c03cdc ] Request (QuotasAdminTestV257:test_get_updated_quotas): 200 GET http://10.180.1.21/identity/v3/domains?name=Default 0.149s
2024-09-04 08:27:24.130 62965 INFO tempest.lib.common.rest_client [req-20fb1278-d626-48e5-af58-89a9f24faa20 req-20fb1278-d626-48e5-af58-89a9f24faa20 ] Request (SecurityGroupRulesTestJSON:test_security_group_rules_create_with_optional_group_id): 200 POST http://10.180.1.21/compute/v2.1/os-security-groups 2.835s
2024-09-04 08:27:24.135 62949 INFO tempest.lib.common.rest_client [req-88a3fbc4-a2f6-4780-b2b7-30cf5169a554 req-88a3fbc4-a2f6-4780-b2b7-30cf5169a554 ] Request (MigrationsAdminTest:setUpClass): 201 POST http://10.180.1.21/identity/v3/projects 0.085s
2024-09-04 08:27:24.154 62955 INFO tempest.lib.common.rest_client [req-aa8d01dd-b096-4e6c-be00-907ebda94dfb req-aa8d01dd-b096-4e6c-be00-907ebda94dfb ] Request (FlavorsAdminTestJSON:_run_cleanups): 202 DELETE http://10.180.1.21/compute/v2.1/flavors/660655605 2.822s
2024-09-04 08:27:24.203 62949 INFO tempest.lib.common.rest_client [req-b24649df-48a0-4f35-a57c-2cb1628e8379 req-b24649df-48a0-4f35-a57c-2cb1628e8379 ] Request (MigrationsAdminTest:setUpClass): 201 POST http://10.180.1.21/identity/v3/users 0.067s
2024-09-04 08:27:24.206 62933 INFO tempest.lib.common.rest_client [req-6f20ab7e-532a-425c-aab0-3225e84285af req-6f20ab7e-532a-425c-aab0-3225e84285af ] Request (ListImagesTestJSON:setUpClass): 204 PUT http://10.180.1.21/identity/v3/projects/0c48509e716642f58dbe1a81b9592443/users/a6a04df8d89c4af39da722310b4e9e3e/roles/1f9233be99c1471d853731467dad3c7d 0.131s
2024-09-04 08:27:24.207 62933 INFO tempest.lib.common.dynamic_creds [-] Dynamic test user a6a04df8d89c4af39da722310b4e9e3e is created with scope project and roles: ['member']
2024-09-04 08:27:24.207 62933 INFO tempest.lib.common.dynamic_creds [-] Acquired dynamic creds: credentials: Credentials: {'domain_id': 'default', 'domain_name': 'Default', 'username': 'tempest-ListImagesTestJSON-1723987638-project-member', 'project_domain_id': 'default', 'project_domain_name': 'Default', 'project_id': '0c48509e716642f58dbe1a81b9592443', 'project_name': 'tempest-ListImagesTestJSON-1723987638', 'tenant_id': '0c48509e716642f58dbe1a81b9592443', 'tenant_name': 'tempest-ListImagesTestJSON-1723987638', 'user_domain_id': 'default', 'user_domain_name': 'Default', 'user_id': 'a6a04df8d89c4af39da722310b4e9e3e', 'system': None}, Network: None, Subnet: None, Router: None
2024-09-04 08:27:24.207 62933 INFO tempest.lib.common.dynamic_creds [-] Created isolated network resources for: credentials: Credentials: {'domain_id': 'default', 'domain_name': 'Default', 'username': 'tempest-ListImagesTestJSON-1723987638-project-member', 'project_domain_id': 'default', 'project_domain_name': 'Default', 'project_id': '0c48509e716642f58dbe1a81b9592443', 'project_name': 'tempest-ListImagesTestJSON-1723987638', 'tenant_id': '0c48509e716642f58dbe1a81b9592443', 'tenant_name': 'tempest-ListImagesTestJSON-1723987638', 'user_domain_id': 'default', 'user_domain_name': 'Default', 'user_id': 'a6a04df8d89c4af39da722310b4e9e3e', 'system': None}, Network: None, Subnet: None, Router: None
2024-09-04 08:27:24.325 62957 INFO tempest.lib.common.rest_client [req-1f68ed28-5a32-4a7b-8c87-8cf75aa30e01 req-1f68ed28-5a32-4a7b-8c87-8cf75aa30e01 ] Request (AttachInterfacesV270Test:setUpClass): 201 POST http://10.180.1.21:9696/networking/v2.0/routers 6.052s
2024-09-04 08:27:24.333 62943 INFO tempest.lib.common.rest_client [req-2b942183-0f3b-4c62-ab4d-0e157c8c3e32 req-2b942183-0f3b-4c62-ab4d-0e157c8c3e32 ] Request (FlavorsAccessTestJSON:test_flavor_access_add_remove): 200 GET http://10.180.1.21/compute/v2.1/flavors/detail 2.143s
2024-09-04 08:27:24.338 62985 INFO tempest.lib.common.rest_client [req-538a7d01-41f0-435b-bd1f-179aa3a7f742 req-538a7d01-41f0-435b-bd1f-179aa3a7f742 ] Request (HostsAdminNegativeTestJSON:test_startup_host_with_non_admin_user): 403 GET http://10.180.1.21/compute/v2.1/os-hosts/devstack/startup 2.116s
2024-09-04 08:27:24.354 62949 INFO tempest.lib.common.rest_client [req-df0719f2-43fb-4088-97fc-4ef9be0252cc req-df0719f2-43fb-4088-97fc-4ef9be0252cc ] Request (MigrationsAdminTest:setUpClass): 200 GET http://10.180.1.21/identity/v3/roles 0.151s
2024-09-04 08:27:24.371 62947 INFO tempest.lib.common.rest_client [req-4b128368-ee4a-44f9-a5ea-720b2e14c273 req-4b128368-ee4a-44f9-a5ea-720b2e14c273 ] Request (HostsAdminTestJSON:test_show_host_detail): 200 GET http://10.180.1.21/compute/v2.1/os-hosts 2.099s
