2025-12-12 13:53:41.067 65477 INFO tempest.lib.common.rest_client [req-7d4fb906-69e7-47d0-b280-159999660a99 req-7d4fb906-69e7-47d0-b280-159999660a99 ] Request (ServerDiagnosticsNegativeTest:tearDownClass): 200 GET http://10.180.1.21/compute/v2.1/servers/69a9e5f5-aed5-4a31-bb53-fd8f311c62f4 4.837s
2025-12-12 13:53:41.076 65477 INFO tempest.common.waiters [-] State transition "ACTIVE/deleting" ==> "DELETED/None" after 6 second wait
2025-12-12 13:53:41.086 65443 INFO tempest.lib.common.rest_client [req-3e377f9e-0612-456e-9714-0ab2a86ad404 req-3e377f9e-0612-456e-9714-0ab2a86ad404 ] Request (DeleteServersAdminTestJSON:test_delete_server_while_in_error_state): 404 GET http://10.180.1.21/compute/v2.1/servers/d925bac4-cc0f-49d1-95cd-8fc6cc19288d 4.734s
2025-12-12 13:53:41.203 65487 INFO tempest.lib.common.rest_client [req-2b882862-a62f-4dd6-918e-669f32b0157a req-2b882862-a62f-4dd6-918e-669f32b0157a ] Request (InstanceActionsNegativeTestJSON:setUpClass): 201 POST http://10.180.1.21/networking/v2.0/subnets 0.264s
2025-12-12 13:53:41.305 65427 INFO tempest.lib.common.rest_client [req-d257e097-57ea-4644-8391-9140411d8c21 req-d257e097-57ea-4644-8391-9140411d8c21 ] Request (ServerRescueNegativeTestJSON:test_rescued_vm_attach_volume): 200 GET http://10.180.1.21/compute/v2.1/servers/59a6015c-f92e-4e48-97ab-2fc8fa39c8ed 4.272s
2025-12-12 13:53:41.321 65427 INFO tempest.common.waiters [-] State transition "ACTIVE/rescuing" ==> "RESCUE/None" after 8 second wait
2025-12-12 13:53:41.470 65449 INFO tempest.lib.common.rest_client [req-8d582849-7a1b-4c75-93a2-8b34bd405faa req-8d582849-7a1b-4c75-93a2-8b34bd405faa ] Request (ServersAdminTestJSON:setUpClass): 200 GET http://10.180.1.21/compute/v2.1/servers/74a1ff25-10a4-4191-b9e6-fa2a24cc86b9 3.491s
2025-12-12 13:53:41.615 65485 INFO tempest.lib.common.rest_client [req-57bc41b3-6335-47e5-8b92-a4b056f550ae req-57bc41b3-6335-47e5-8b92-a4b056f550ae ] Request (ImagesNegativeTestJSON:test_create_image_from_deleted_server): 200 GET http://10.180.1.21/compute/v2.1/servers/11bdad2e-450e-4739-9d3e-e8c4806cf5d0 3.525s
2025-12-12 13:53:41.632 65485 INFO tempest.common.waiters [-] State transition "ACTIVE/deleting" ==> "DELETED/None" after 4 second wait
2025-12-12 13:53:41.639 65475 WARNING tempest.lib.common.ssh [-] Failed to establish authenticated ssh connection to cirros@10.180.180.210 ([Errno None] Unable to connect to port 22 on 10.180.180.210). Number attempts: 8. Retry after 9 seconds.: paramiko.ssh_exception.NoValidConnectionsError: [Errno None] Unable to connect to port 22 on 10.180.180.210
2025-12-12 13:53:41.729 65469 INFO tempest.lib.common.rest_client [req-a110b648-4f50-42f1-b653-f7bdbb3a5f44 req-a110b648-4f50-42f1-b653-f7bdbb3a5f44 ] Request (ServersTestFqdnHostnames:test_create_server_with_fqdn_name): 202 POST http://10.180.1.21/compute/v2.1/servers 4.696s
2025-12-12 13:53:41.763 65456 INFO tempest.lib.common.rest_client [req-07e9e124-48f6-4614-ab89-572d04724f37 req-07e9e124-48f6-4614-ab89-572d04724f37 ] Request (FloatingIPsAssociationNegativeTestJSON:tearDownClass): 200 GET http://10.180.1.21/compute/v2.1/servers/0fde75fc-5492-4222-9d83-9caafab8e120 3.433s
2025-12-12 13:53:41.804 65437 INFO paramiko.transport [-] Connected (version 2.0, client dropbear_2020.81)
2025-12-12 13:53:41.917 65437 INFO paramiko.transport [-] Authentication (publickey) successful!
2025-12-12 13:53:41.918 65437 INFO tempest.lib.common.ssh [-] ssh connection to cirros@10.180.180.216 successfully created
2025-12-12 13:53:41.966 65435 INFO tempest.lib.common.rest_client [req-831286b6-1359-4d5a-809d-8673a4a58430 req-831286b6-1359-4d5a-809d-8673a4a58430 ] Request (ServerAddressesTestJSON:tearDownClass): 200 GET http://10.180.1.21/compute/v2.1/servers/03c612bd-f382-4385-877f-f2b733a1965a 3.293s
2025-12-12 13:53:42.113 65487 INFO tempest.lib.common.rest_client [req-eb3e8a91-eba6-496f-9dce-3b0056fd6115 req-eb3e8a91-eba6-496f-9dce-3b0056fd6115 ] Request (InstanceActionsNegativeTestJSON:setUpClass): 201 POST http://10.180.1.21/networking/v2.0/routers 0.908s
2025-12-12 13:53:42.119 65431 INFO tempest.lib.common.rest_client [req-fb3eab11-ebd7-49e8-b1f8-056c37b6805f req-fb3eab11-ebd7-49e8-b1f8-056c37b6805f ] Request (MigrationsAdminTest:test_list_migrations_in_flavor_resize_situation): 200 GET http://10.180.1.21/compute/v2.1/servers/6651d3fd-de44-4290-9258-1c4e8d5efdfd 3.713s
2025-12-12 13:53:42.391 65483 INFO tempest.lib.common.rest_client [req-75a5a26d-a888-49b7-9567-5df16363fe56 req-75a5a26d-a888-49b7-9567-5df16363fe56 ] Request (ServerDiskConfigTestJSON:test_rebuild_server_with_auto_disk_config): 200 GET http://10.180.1.21/compute/v2.1/servers/cc8d6c6b-a06b-413a-b93c-b4a88c6e73f8 3.319s
2025-12-12 13:53:42.403 65483 INFO tempest.common.waiters [-] State transition "REBUILD/rebuild_spawning" ==> "ACTIVE/None" after 9 second wait
2025-12-12 13:53:42.580 65453 INFO tempest.lib.common.rest_client [req-e9d4a909-4638-434d-86f4-f784b45c240a req-e9d4a909-4638-434d-86f4-f784b45c240a ] Request (ServerExternalEventsTest:test_create_server_external_events): 200 GET http://10.180.1.21/compute/v2.1/servers/a9a7e042-49c3-4f7b-86ac-f39b94e5eb5d 2.910s
2025-12-12 13:53:42.969 65433 INFO tempest.lib.common.rest_client [req-43b2cbdc-bacf-4888-8d1e-21c3fc74b173 req-43b2cbdc-bacf-4888-8d1e-21c3fc74b173 ] Request (ServersAdminNegativeTestJSON:setUpClass): 202 POST http://10.180.1.21/compute/v2.1/servers 4.038s
2025-12-12 13:53:43.000 65471 INFO tempest.lib.common.rest_client [req-72cd9040-9a93-4d03-9f74-787a4d9cc5f6 req-72cd9040-9a93-4d03-9f74-787a4d9cc5f6 ] Request (FlavorsAdminTestJSON:_run_cleanups): 200 GET http://10.180.1.21/compute/v2.1/flavors/detail 3.168s
2025-12-12 13:53:43.018 65445 INFO tempest.lib.common.rest_client [req-408bd14d-bcf1-43df-a9ab-30503a35a486 req-408bd14d-bcf1-43df-a9ab-30503a35a486 ] Request (ImagesOneServerTestJSON:setUpClass): 200 GET http://10.180.1.21/compute/v2.1/servers/8009e8e2-7bfc-43d6-84c3-2e04ebaa2d07 3.333s
2025-12-12 13:53:43.028 65445 INFO tempest.common.waiters [-] State transition "BUILD/spawning" ==> "ACTIVE/None" after 25 second wait
2025-12-12 13:53:43.077 65465 INFO tempest.lib.common.rest_client [req-bcfb5264-5285-42f7-b78a-cecb8c70f597 req-bcfb5264-5285-42f7-b78a-cecb8c70f597 ] Request (InstanceActionsTestJSON:tearDownClass): 200 GET http://10.180.1.21/compute/v2.1/servers/2aaebbf2-46fa-474b-881a-df9a574cc3a0 3.002s
2025-12-12 13:53:43.106 65487 INFO tempest.lib.common.rest_client [req-f695d468-8458-4e75-ad9a-74949649ad2d req-f695d468-8458-4e75-ad9a-74949649ad2d ] Request (InstanceActionsNegativeTestJSON:setUpClass): 200 PUT http://10.180.1.21/networking/v2.0/routers/98c7f399-c18a-4a2a-86d3-0a9421290316/add_router_interface 0.993s
2025-12-12 13:53:43.106 65487 INFO tempest.lib.common.dynamic_creds [-] Created isolated network resources for: credentials: Credentials: {'domain_id': 'default', 'domain_name': 'Default', 'username': 'tempest-InstanceActionsNegativeTestJSON-1858073563-project-member', 'project_domain_id': 'default', 'project_domain_name': 'Default', 'project_id': '743b476d4e4340a1ad35ab7d16188355', 'project_name': 'tempest-InstanceActionsNegativeTestJSON-1858073563', 'tenant_id': '743b476d4e4340a1ad35ab7d16188355', 'tenant_name': 'tempest-InstanceActionsNegativeTestJSON-1858073563', 'user_domain_id': 'default', 'user_domain_name': 'Default', 'user_id': '8d4c23d7578e48708e5649e94c3f480f', 'system': None}, Network: {'id': 'a1bd397c-1d3f-4d4b-abd6-997b08bf60a0', 'name': 'tempest-InstanceActionsNegativeTestJSON-764118768-network', 'tenant_id': '743b476d4e4340a1ad35ab7d16188355', 'project_id': '743b476d4e4340a1ad35ab7d16188355', 'admin_state_up': True, 'mtu': 8950, 'status': 'ACTIVE', 'subnets': [], 'shared': False, 'port_security_enabled': True, 'router:external': False, 'provider:network_type': 'vlan', 'provider:physical_network': 'default', 'provider:segmentation_id': 174, 'availability_zone_hints': [], 'availability_zones': [], 'ipv4_address_scope': None, 'ipv6_address_scope': None, 'description': '', 'tags': [], 'created_at': '2025-12-12T13:53:40Z', 'updated_at': '2025-12-12T13:53:40Z', 'revision_number': 1}, Subnet: {'id': '53ea662f-ff84-4cb6-a4a1-16f704d58152', 'name': 'tempest-InstanceActionsNegativeTestJSON-764118768-subnet', 'tenant_id': '743b476d4e4340a1ad35ab7d16188355', 'network_id': 'a1bd397c-1d3f-4d4b-abd6-997b08bf60a0', 'ip_version': 4, 'subnetpool_id': None, 'enable_dhcp': True, 'ipv6_ra_mode': None, 'ipv6_address_mode': None, 'gateway_ip': '192.168.128.1', 'cidr': '192.168.128.0/28', 'allocation_pools': [{'start': '192.168.128.2', 'end': '192.168.128.14'}], 'host_routes': [], 'dns_nameservers': [], 'description': '', 'router:external': False, 'service_types': [], 'tags': [], 'created_at': '2025-12-12T13:53:41Z', 'updated_at': '2025-12-12T13:53:41Z', 'revision_number': 0, 'project_id': '743b476d4e4340a1ad35ab7d16188355'}, Router: {'id': '98c7f399-c18a-4a2a-86d3-0a9421290316', 'name': 'tempest-InstanceActionsNegativeTestJSON-764118768-router', 'tenant_id': '743b476d4e4340a1ad35ab7d16188355', 'admin_state_up': True, 'status': 'ACTIVE', 'external_gateway_info': {'network_id': '70bd9cef-8f0e-48ad-8dcd-851a53cd468c', 'external_fixed_ips': [{'subnet_id': '531b66c9-bd4c-4453-baf4-47f1e86773b6', 'ip_address': '10.180.180.164'}], 'enable_snat': True}, 'description': '', 'availability_zones': [], 'distributed': False, 'ha': False, 'availability_zone_hints': [], 'routes': [], 'flavor_id': None, 'tags': [], 'created_at': '2025-12-12T13:53:41Z', 'updated_at': '2025-12-12T13:53:41Z', 'revision_number': 2, 'project_id': '743b476d4e4340a1ad35ab7d16188355'}
2025-12-12 13:53:43.167 65429 INFO tempest.lib.common.rest_client [req-d34605cc-3bbb-48aa-ac2c-0b68f9c053be req-d34605cc-3bbb-48aa-ac2c-0b68f9c053be ] Request (ListServerFiltersTestJSON:test_list_servers_filtered_by_ip): 200 GET http://10.180.1.21/compute/v2.1/servers/e6ed5fa0-5006-499a-8aad-a4b582f0c868 2.678s
2025-12-12 13:53:43.232 65463 INFO tempest.lib.common.rest_client [req-5f96ec48-266b-4ab9-acb3-a0fe5b083d34 req-5f96ec48-266b-4ab9-acb3-a0fe5b083d34 ] Request (ServerTagsTestJSON:setUpClass): 200 GET http://10.180.1.21/compute/v2.1/servers/548bc7bb-3951-4430-8a63-cf8e5b960273 2.573s
2025-12-12 13:53:43.243 65463 INFO tempest.common.waiters [-] State transition "BUILD/spawning" ==> "ACTIVE/None" after 24 second wait
2025-12-12 13:53:43.248 65487 INFO tempest.lib.common.rest_client [req-8d54a897-bd33-4c08-9bea-00ef04bf0f24 req-8d54a897-bd33-4c08-9bea-00ef04bf0f24 ] Request (InstanceActionsNegativeTestJSON:setUpClass): 201 POST http://10.180.1.21/identity/v3/auth/tokens 0.138s
2025-12-12 13:53:43.294 65487 INFO tempest.lib.common.rest_client [req-ac831c67-74b4-46bb-acc7-2c234c8461b9 req-ac831c67-74b4-46bb-acc7-2c234c8461b9 ] Request (InstanceActionsNegativeTestJSON:setUpClass): 201 POST http://10.180.1.21/identity/v3/auth/tokens 0.041s
2025-12-12 13:53:43.294 65487 INFO tempest.lib.common.fixed_network [-] (InstanceActionsNegativeTestJSON:setUpClass) Found network {'id': 'a1bd397c-1d3f-4d4b-abd6-997b08bf60a0', 'name': 'tempest-InstanceActionsNegativeTestJSON-764118768-network', 'tenant_id': '743b476d4e4340a1ad35ab7d16188355', 'project_id': '743b476d4e4340a1ad35ab7d16188355', 'admin_state_up': True, 'mtu': 8950, 'status': 'ACTIVE', 'subnets': [], 'shared': False, 'port_security_enabled': True, 'router:external': False, 'provider:network_type': 'vlan', 'provider:physical_network': 'default', 'provider:segmentation_id': 174, 'availability_zone_hints': [], 'availability_zones': [], 'ipv4_address_scope': None, 'ipv6_address_scope': None, 'description': '', 'tags': [], 'created_at': '2025-12-12T13:53:40Z', 'updated_at': '2025-12-12T13:53:40Z', 'revision_number': 1} available for tenant
2025-12-12 13:53:43.330 65451 INFO tempest.lib.common.rest_client [req-cdf84930-4d3c-4d8a-88d1-97ad24a32ed2 req-cdf84930-4d3c-4d8a-88d1-97ad24a32ed2 ] Request (ServerMetadataNegativeTestJSON:setUpClass): 200 GET http://10.180.1.21/compute/v2.1/servers/896c6995-fef5-44b9-bd1f-a339a4045054 2.586s
2025-12-12 13:53:43.348 65441 INFO tempest.lib.common.rest_client [req-8f299cdc-459c-4713-ab0e-6261ce5a6616 req-8f299cdc-459c-4713-ab0e-6261ce5a6616 ] Request (ServerRescueTestJSONUnderV235:setUpClass): 200 GET http://10.180.1.21/compute/v2.1/servers/0d44b38a-5908-4ad5-ad64-1ab33f4faa0a 2.656s
2025-12-12 13:53:43.357 65441 INFO tempest.common.waiters [-] State transition "BUILD/spawning" ==> "ACTIVE/None" after 41 second wait
2025-12-12 13:53:43.402 65457 INFO tempest.lib.common.rest_client [req-a851d9e1-0c61-481f-940e-8c252552f7a5 req-a851d9e1-0c61-481f-940e-8c252552f7a5 ] Request (ImagesOneServerNegativeTestJSON:_run_cleanups): 200 GET http://10.180.1.21/compute/v2.1/servers/deea1f6c-7257-476f-95d3-4dae79967f5b 2.581s
2025-12-12 13:53:43.457 65489 INFO tempest.lib.common.rest_client [req-e667f4be-c817-47f5-8f72-f642eec01f53 req-e667f4be-c817-47f5-8f72-f642eec01f53 ] Request (AttachInterfacesTestJSON:_run_cleanups): 204 DELETE http://10.180.1.21/compute/v2.1/servers/a4cab948-a314-4044-9cb8-e7d99c0bbb1c 2.523s
2025-12-12 13:53:43.502 65461 INFO tempest.lib.common.rest_client [req-db1586ad-ab09-416e-8906-1c2e96eb0bbc req-db1586ad-ab09-416e-8906-1c2e96eb0bbc ] Request (ServerGroupTestJSON:_run_cleanups): 200 GET http://10.180.1.21/compute/v2.1/servers/3a31703a-f5ec-4ed5-84ba-1f9c21802f0d 2.523s
2025-12-12 13:53:43.510 65461 INFO tempest.common.waiters [-] State transition "ACTIVE/deleting" ==> "DELETED/None" after 4 second wait
2025-12-12 13:53:43.532 65443 INFO tempest.lib.common.rest_client [req-10d05ba5-f2e1-46c9-834d-6b1dba5e1ff8 req-10d05ba5-f2e1-46c9-834d-6b1dba5e1ff8 ] Request (DeleteServersAdminTestJSON:tearDownClass): 404 DELETE http://10.180.1.21/compute/v2.1/servers/d925bac4-cc0f-49d1-95cd-8fc6cc19288d 2.445s
2025-12-12 13:53:43.588 65447 INFO tempest.lib.common.rest_client [req-3bd84bf9-e50b-46e3-86e6-32a71d8b0b4d req-3bd84bf9-e50b-46e3-86e6-32a71d8b0b4d ] Request (FloatingIPsAssociationTestJSON:test_associate_disassociate_floating_ip): 200 GET http://10.180.1.21/compute/v2.1/os-floating-ips/c065623d-5b74-4b90-8a9a-3660285189fb 2.593s
2025-12-12 13:53:43.604 65459 INFO tempest.lib.common.rest_client [req-e8e17872-158c-4d8e-ab79-47b19cd9184d req-e8e17872-158c-4d8e-ab79-47b19cd9184d ] Request (ServersTestMultiNic:_run_cleanups): 200 GET http://10.180.1.21/compute/v2.1/servers/024b7538-5ab5-4402-afc4-423ddca68f3f 2.425s
2025-12-12 13:53:43.611 65459 INFO tempest.common.waiters [-] State transition "ACTIVE/deleting" ==> "DELETED/None" after 3 second wait
2025-12-12 13:53:43.618 65427 INFO tempest.lib.common.rest_client [req-388522a9-3d10-490e-943d-26242acf2d4d req-388522a9-3d10-490e-943d-26242acf2d4d ] Request (ServerRescueNegativeTestJSON:test_rescued_vm_attach_volume): 409 POST http://10.180.1.21/compute/v2.1/servers/59a6015c-f92e-4e48-97ab-2fc8fa39c8ed/os-volume_attachments 2.296s
2025-12-12 13:53:43.669 65469 INFO tempest.lib.common.rest_client [req-d27b8bf2-fcc9-41fa-b088-8f9d64795f92 req-d27b8bf2-fcc9-41fa-b088-8f9d64795f92 ] Request (ServersTestFqdnHostnames:test_create_server_with_fqdn_name): 200 GET http://10.180.1.21/compute/v2.1/servers/83d12e06-77e7-4878-b1e0-e82e0c7fa183 1.937s
2025-12-12 13:53:43.710 65437 INFO tempest.lib.common.rest_client [req-38de8db1-57d3-415d-b0c1-a872255309bf req-38de8db1-57d3-415d-b0c1-a872255309bf ] Request (ServersWithSpecificFlavorTestJSON:test_verify_created_server_ephemeral_disk): 204 DELETE http://10.180.1.21/compute/v2.1/servers/270506e4-395a-41db-9447-c154a5a04413 1.774s
2025-12-12 13:53:43.805 65437 INFO tempest.lib.common.rest_client [req-5ec3cb55-76a3-4f4a-aafe-903ccc6bf3b0 req-5ec3cb55-76a3-4f4a-aafe-903ccc6bf3b0 ] Request (ServersWithSpecificFlavorTestJSON:test_verify_created_server_ephemeral_disk): 201 POST http://10.180.1.21/identity/v3/auth/tokens 0.087s
2025-12-12 13:53:43.805 65437 INFO tempest.lib.common.fixed_network [-] (ServersWithSpecificFlavorTestJSON:test_verify_created_server_ephemeral_disk) Found network {'id': 'df362b99-0f7a-4466-b6db-932c5369d52f', 'name': 'tempest-ServersWithSpecificFlavorTestJSON-1503279802-network', 'tenant_id': '1157342327f147078f56556a0e432197', 'project_id': '1157342327f147078f56556a0e432197', 'admin_state_up': True, 'mtu': 8950, 'status': 'ACTIVE', 'subnets': [], 'shared': False, 'port_security_enabled': True, 'router:external': False, 'provider:network_type': 'vlan', 'provider:physical_network': 'default', 'provider:segmentation_id': 982, 'availability_zone_hints': [], 'availability_zones': [], 'ipv4_address_scope': None, 'ipv6_address_scope': None, 'description': '', 'tags': [], 'created_at': '2025-12-12T13:51:19Z', 'updated_at': '2025-12-12T13:51:19Z', 'revision_number': 1} available for tenant
2025-12-12 13:53:43.817 65477 INFO tempest.lib.common.rest_client [req-28832099-6806-42c3-86a9-c12d80bec9e2 req-28832099-6806-42c3-86a9-c12d80bec9e2 ] Request (ServerDiagnosticsNegativeTest:tearDownClass): 200 GET http://10.180.1.21/compute/v2.1/servers/69a9e5f5-aed5-4a31-bb53-fd8f311c62f4 1.740s
2025-12-12 13:53:43.858 65481 INFO tempest.lib.common.rest_client [req-f496219f-7198-4c51-a3f0-a3377e4b2cd2 req-f496219f-7198-4c51-a3f0-a3377e4b2cd2 ] Request (ServerRescueTestJSON:test_rescue_unrescue_instance): 200 GET http://10.180.1.21/compute/v2.1/servers/cb2e3138-30d1-41fa-8a18-17a3a87c3ed9 1.793s
2025-12-12 13:53:44.024 65483 INFO tempest.lib.common.rest_client [req-70ac5f83-8a21-4c93-9d77-93320f581f66 req-70ac5f83-8a21-4c93-9d77-93320f581f66 ] Request (ServerDiskConfigTestJSON:test_rebuild_server_with_auto_disk_config): 200 GET http://10.180.1.21/compute/v2.1/servers/cc8d6c6b-a06b-413a-b93c-b4a88c6e73f8 1.619s
2025-12-12 13:53:44.057 65449 INFO tempest.lib.common.rest_client [req-eaa5b44f-c609-4521-bdfc-3411c79897fb req-eaa5b44f-c609-4521-bdfc-3411c79897fb ] Request (ServersAdminTestJSON:setUpClass): 200 GET http://10.180.1.21/compute/v2.1/servers/74a1ff25-10a4-4191-b9e6-fa2a24cc86b9 1.578s
2025-12-12 13:53:44.066 65449 INFO tempest.common.waiters [-] State transition "BUILD/None" ==> "BUILD/block_device_mapping" after 19 second wait
2025-12-12 13:53:44.093 65485 INFO tempest.lib.common.rest_client [req-5655b766-3008-48f6-8a31-8a6aebca8005 req-5655b766-3008-48f6-8a31-8a6aebca8005 ] Request (ImagesNegativeTestJSON:test_create_image_from_deleted_server): 200 GET http://10.180.1.21/compute/v2.1/servers/11bdad2e-450e-4739-9d3e-e8c4806cf5d0 1.461s
2025-12-12 13:53:44.128 65456 INFO tempest.lib.common.rest_client [req-7f70cccc-154e-4a19-969e-9dfed0968acc req-7f70cccc-154e-4a19-969e-9dfed0968acc ] Request (FloatingIPsAssociationNegativeTestJSON:tearDownClass): 200 GET http://10.180.1.21/compute/v2.1/servers/0fde75fc-5492-4222-9d83-9caafab8e120 1.357s
2025-12-12 13:53:44.150 65433 INFO tempest.lib.common.rest_client [req-63225efa-e731-4ba5-b1e8-b1a50d2a5561 req-63225efa-e731-4ba5-b1e8-b1a50d2a5561 ] Request (ServersAdminNegativeTestJSON:setUpClass): 200 GET http://10.180.1.21/compute/v2.1/servers/2c735333-c4bf-4ec4-bff4-dcf62d5dc0f6 1.180s
2025-12-12 13:53:44.174 65471 INFO tempest.lib.common.rest_client [req-fdfff68f-d2c8-494e-a677-6d8d46c822c6 req-fdfff68f-d2c8-494e-a677-6d8d46c822c6 ] Request (FlavorsAdminTestJSON:_run_cleanups): 202 DELETE http://10.180.1.21/compute/v2.1/flavors/1708221292 1.165s
2025-12-12 13:53:44.205 65435 INFO tempest.lib.common.rest_client [req-9648d4c1-3df9-4753-9a73-f1581b722522 req-9648d4c1-3df9-4753-9a73-f1581b722522 ] Request (ServerAddressesTestJSON:tearDownClass): 200 GET http://10.180.1.21/compute/v2.1/servers/03c612bd-f382-4385-877f-f2b733a1965a 1.226s
2025-12-12 13:53:44.338 65431 INFO tempest.lib.common.rest_client [req-3228955f-ba3a-4e39-a158-2fb60acf3ec3 req-3228955f-ba3a-4e39-a158-2fb60acf3ec3 ] Request (MigrationsAdminTest:test_list_migrations_in_flavor_resize_situation): 200 GET http://10.180.1.21/compute/v2.1/servers/6651d3fd-de44-4290-9258-1c4e8d5efdfd 1.205s
2025-12-12 13:53:44.506 65429 INFO tempest.lib.common.rest_client [req-cd502c88-b79a-4102-9dae-5df78e4bfd71 req-cd502c88-b79a-4102-9dae-5df78e4bfd71 ] Request (ListServerFiltersTestJSON:test_list_servers_filtered_by_ip): 200 GET http://10.180.1.21/compute/v2.1/servers/26b845fe-36ff-4cee-af65-8de2c3fcf172 1.325s
2025-12-12 13:53:44.578 65463 INFO tempest.lib.common.rest_client [req-9d488122-1580-4e9e-876f-e0078caf4b55 req-9d488122-1580-4e9e-876f-e0078caf4b55 ] Request (ServerTagsTestJSON:test_check_tag_existence): 201 PUT http://10.180.1.21/compute/v2.1/servers/548bc7bb-3951-4430-8a63-cf8e5b960273/tags/tempest-tag-139507266 1.333s
2025-12-12 13:53:44.688 65445 INFO tempest.lib.common.rest_client [req-2de0c541-84e1-4362-9e9f-0df95ffa6616 req-2de0c541-84e1-4362-9e9f-0df95ffa6616 ] Request (ImagesOneServerTestJSON:test_create_delete_image): 202 POST http://10.180.1.21/compute/v2.1/servers/8009e8e2-7bfc-43d6-84c3-2e04ebaa2d07/action 1.658s
2025-12-12 13:53:44.814 65441 INFO tempest.lib.common.rest_client [req-fa4a84a3-e3ba-4239-a9c1-78828e4a4530 req-fa4a84a3-e3ba-4239-a9c1-78828e4a4530 ] Request (ServerRescueTestJSONUnderV235:setUpClass): 200 POST http://10.180.1.21/compute/v2.1/servers/0d44b38a-5908-4ad5-ad64-1ab33f4faa0a/action 1.456s
2025-12-12 13:53:45.072 65489 INFO tempest.lib.common.rest_client [req-1e680399-bd26-4f23-8c9a-70a13a324fdd req-1e680399-bd26-4f23-8c9a-70a13a324fdd ] Request (AttachInterfacesTestJSON:_run_cleanups): 200 GET http://10.180.1.21/compute/v2.1/servers/a4cab948-a314-4044-9cb8-e7d99c0bbb1c 1.613s
2025-12-12 13:53:45.097 65487 INFO tempest.lib.common.rest_client [req-a2d15196-bc87-4169-be3c-90509fe02402 req-a2d15196-bc87-4169-be3c-90509fe02402 ] Request (InstanceActionsNegativeTestJSON:setUpClass): 202 POST http://10.180.1.21/compute/v2.1/servers 1.802s
2025-12-12 13:53:45.112 65443 INFO tempest.lib.common.rest_client [req-0392942b-f25e-490b-9ad7-d5cbcfd6983b req-0392942b-f25e-490b-9ad7-d5cbcfd6983b ] Request (DeleteServersAdminTestJSON:tearDownClass): 404 GET http://10.180.1.21/compute/v2.1/servers/d925bac4-cc0f-49d1-95cd-8fc6cc19288d 1.580s
2025-12-12 13:53:45.206 65453 INFO tempest.lib.common.rest_client [req-009d252d-7074-47a0-9288-73615c8d4e39 req-009d252d-7074-47a0-9288-73615c8d4e39 ] Request (ServerExternalEventsTest:test_create_server_external_events): 200 GET http://10.180.1.21/compute/v2.1/servers/a9a7e042-49c3-4f7b-86ac-f39b94e5eb5d 1.616s
2025-12-12 13:53:45.319 65427 INFO tempest.lib.common.rest_client [req-eadd9e2c-bfa7-4f7c-84bb-23cc1b3bb3e9 req-eadd9e2c-bfa7-4f7c-84bb-23cc1b3bb3e9 ] Request (ServerRescueNegativeTestJSON:_run_cleanups): 202 POST http://10.180.1.21/compute/v2.1/servers/59a6015c-f92e-4e48-97ab-2fc8fa39c8ed/action 1.700s
2025-12-12 13:53:45.831 65437 INFO tempest.lib.common.rest_client [req-7bae3c40-310b-4fe1-a5dc-fbea3639bb9c req-7bae3c40-310b-4fe1-a5dc-fbea3639bb9c ] Request (ServersWithSpecificFlavorTestJSON:test_verify_created_server_ephemeral_disk): 202 POST http://10.180.1.21/compute/v2.1/servers 2.025s
2025-12-12 13:53:45.950 65483 INFO tempest.lib.common.rest_client [req-792ed17d-54c7-4128-84c7-924031e0c590 req-792ed17d-54c7-4128-84c7-924031e0c590 ] Request (ServerDiskConfigTestJSON:_run_cleanups): 204 DELETE http://10.180.1.21/compute/v2.1/servers/cc8d6c6b-a06b-413a-b93c-b4a88c6e73f8 1.915s
2025-12-12 13:53:46.058 65483 INFO tempest.lib.common.rest_client [req-eeb40b18-0c8c-4605-8885-6a4f4203dc28 req-eeb40b18-0c8c-4605-8885-6a4f4203dc28 ] Request (ServerDiskConfigTestJSON:test_rebuild_server_with_manual_disk_config): 201 POST http://10.180.1.21/identity/v3/auth/tokens 0.098s
2025-12-12 13:53:46.059 65483 INFO tempest.lib.common.fixed_network [-] (ServerDiskConfigTestJSON:test_rebuild_server_with_manual_disk_config) Found network {'id': '60837cb2-dceb-4a04-af03-38dc562133a9', 'name': 'tempest-ServerDiskConfigTestJSON-877468056-network', 'tenant_id': 'fdfe44e3b85043219a49a3e1515a82c0', 'project_id': 'fdfe44e3b85043219a49a3e1515a82c0', 'admin_state_up': True, 'mtu': 8950, 'status': 'ACTIVE', 'subnets': [], 'shared': False, 'port_security_enabled': True, 'router:external': False, 'provider:network_type': 'vlan', 'provider:physical_network': 'default', 'provider:segmentation_id': 632, 'availability_zone_hints': [], 'availability_zones': [], 'ipv4_address_scope': None, 'ipv6_address_scope': None, 'description': '', 'tags': [], 'created_at': '2025-12-12T13:52:38Z', 'updated_at': '2025-12-12T13:52:38Z', 'revision_number': 1} available for tenant
2025-12-12 13:53:46.192 65465 INFO tempest.lib.common.rest_client [req-1778b27b-97dd-48b5-97ba-9362979de044 req-1778b27b-97dd-48b5-97ba-9362979de044 ] Request (InstanceActionsTestJSON:tearDownClass): 200 GET http://10.180.1.21/compute/v2.1/servers/2aaebbf2-46fa-474b-881a-df9a574cc3a0 2.104s
2025-12-12 13:53:46.204 65465 INFO tempest.common.waiters [-] State transition "ACTIVE/deleting" ==> "DELETED/None" after 3 second wait
2025-12-12 13:53:46.217 65471 INFO tempest.lib.common.rest_client [req-10dd8cd1-2fae-47d0-ba3e-418e35223aa2 req-10dd8cd1-2fae-47d0-ba3e-418e35223aa2 ] Request (FlavorsAdminTestJSON:_run_cleanups): 200 GET http://10.180.1.21/compute/v2.1/flavors/detail 2.042s
2025-12-12 13:53:46.367 65451 INFO tempest.lib.common.rest_client [req-77babf59-300a-4ce2-9de9-367f770ecfdc req-77babf59-300a-4ce2-9de9-367f770ecfdc ] Request (ServerMetadataNegativeTestJSON:setUpClass): 200 GET http://10.180.1.21/compute/v2.1/servers/896c6995-fef5-44b9-bd1f-a339a4045054 2.029s
2025-12-12 13:53:46.557 65457 INFO tempest.lib.common.rest_client [req-8c772a92-fc6f-453a-8ae9-f51b3ccbe3c0 req-8c772a92-fc6f-453a-8ae9-f51b3ccbe3c0 ] Request (ImagesOneServerNegativeTestJSON:_run_cleanups): 200 GET http://10.180.1.21/compute/v2.1/servers/deea1f6c-7257-476f-95d3-4dae79967f5b 2.145s
2025-12-12 13:53:46.766 65461 INFO tempest.lib.common.rest_client [req-c85f1cb3-2036-4b5f-a67e-34c02fbb77b1 req-c85f1cb3-2036-4b5f-a67e-34c02fbb77b1 ] Request (ServerGroupTestJSON:_run_cleanups): 200 GET http://10.180.1.21/compute/v2.1/servers/3a31703a-f5ec-4ed5-84ba-1f9c21802f0d 2.253s
2025-12-12 13:53:46.855 65447 INFO tempest.lib.common.rest_client [req-8431d2f7-7aa4-4b49-824f-eeb842787ade req-8431d2f7-7aa4-4b49-824f-eeb842787ade ] Request (FloatingIPsAssociationTestJSON:test_associate_disassociate_floating_ip): 202 POST http://10.180.1.21/compute/v2.1/servers/86d0c731-4a38-41d2-9040-d1551d9f86cc/action 3.265s
2025-12-12 13:53:46.881 65463 INFO tempest.lib.common.rest_client [req-918b47e1-6dee-4df6-9756-5e6ecd901eff req-918b47e1-6dee-4df6-9756-5e6ecd901eff ] Request (ServerTagsTestJSON:test_check_tag_existence): 204 GET http://10.180.1.21/compute/v2.1/servers/548bc7bb-3951-4430-8a63-cf8e5b960273/tags/tempest-tag-139507266 2.301s
2025-12-12 13:53:46.987 65459 INFO tempest.lib.common.rest_client [req-7f7c42cc-cee1-4f81-9ab3-9d2573d55f1b req-7f7c42cc-cee1-4f81-9ab3-9d2573d55f1b ] Request (ServersTestMultiNic:_run_cleanups): 200 GET http://10.180.1.21/compute/v2.1/servers/024b7538-5ab5-4402-afc4-423ddca68f3f 2.375s
2025-12-12 13:53:47.080 65429 INFO tempest.lib.common.rest_client [req-14dbe29f-4662-4529-93e6-fb1522b94eed req-14dbe29f-4662-4529-93e6-fb1522b94eed ] Request (ListServerFiltersTestJSON:test_list_servers_filtered_by_ip): 200 GET http://10.180.1.21/compute/v2.1/servers?ip=192.168.128.14 2.563s
2025-12-12 13:53:47.094 65469 INFO tempest.lib.common.rest_client [req-36d272e5-7e8a-4cc8-8274-16d3613a3b39 req-36d272e5-7e8a-4cc8-8274-16d3613a3b39 ] Request (ServersTestFqdnHostnames:test_create_server_with_fqdn_name): 200 GET http://10.180.1.21/compute/v2.1/servers/83d12e06-77e7-4878-b1e0-e82e0c7fa183 2.416s
2025-12-12 13:53:47.092 65467 WARNING tempest.lib.common.ssh [-] Failed to establish authenticated ssh connection to cirros@10.180.180.192 ([Errno None] Unable to connect to port 22 on 10.180.180.192). Number attempts: 9. Retry after 10 seconds.: paramiko.ssh_exception.NoValidConnectionsError: [Errno None] Unable to connect to port 22 on 10.180.180.192
2025-12-12 13:53:47.139 65445 INFO tempest.lib.common.rest_client [req-736cf58d-cc44-409f-9a0e-99db4e92fdca req-736cf58d-cc44-409f-9a0e-99db4e92fdca ] Request (ImagesOneServerTestJSON:test_create_delete_image): 200 GET http://10.180.1.21/compute/v2.1/images/c3b4bc31-e22a-4cd2-8284-3622f40f552b 2.449s
2025-12-12 13:53:47.233 65477 INFO tempest.lib.common.rest_client [req-2aba6259-a05f-4681-ab8a-67a19f338e92 req-2aba6259-a05f-4681-ab8a-67a19f338e92 ] Request (ServerDiagnosticsNegativeTest:tearDownClass): 200 GET http://10.180.1.21/compute/v2.1/servers/69a9e5f5-aed5-4a31-bb53-fd8f311c62f4 2.403s
2025-12-12 13:53:47.292 65441 INFO tempest.lib.common.rest_client [req-110fd548-c404-4b65-bf56-8340378e10ad req-110fd548-c404-4b65-bf56-8340378e10ad ] Request (ServerRescueTestJSONUnderV235:setUpClass): 200 GET http://10.180.1.21/compute/v2.1/servers/0d44b38a-5908-4ad5-ad64-1ab33f4faa0a 2.478s
2025-12-12 13:53:47.383 65481 INFO tempest.lib.common.rest_client [req-b118be81-ee48-4f9b-871c-487f0f5e1587 req-b118be81-ee48-4f9b-871c-487f0f5e1587 ] Request (ServerRescueTestJSON:test_rescue_unrescue_instance): 200 GET http://10.180.1.21/compute/v2.1/servers/cb2e3138-30d1-41fa-8a18-17a3a87c3ed9 2.516s
2025-12-12 13:53:47.398 65449 INFO tempest.lib.common.rest_client [req-73ec1762-0004-4cfa-8b36-0141438dedec req-73ec1762-0004-4cfa-8b36-0141438dedec ] Request (ServersAdminTestJSON:setUpClass): 200 GET http://10.180.1.21/compute/v2.1/servers/74a1ff25-10a4-4191-b9e6-fa2a24cc86b9 2.331s
2025-12-12 13:53:47.415 65449 INFO tempest.common.waiters [-] State transition "BUILD/block_device_mapping" ==> "BUILD/spawning" after 22 second wait
2025-12-12 13:53:47.461 65487 INFO tempest.lib.common.rest_client [req-8590a74d-06e8-47dd-a81c-c920c9764a3e req-8590a74d-06e8-47dd-a81c-c920c9764a3e ] Request (InstanceActionsNegativeTestJSON:setUpClass): 200 GET http://10.180.1.21/compute/v2.1/servers/f2784ccd-1a03-4188-a996-ff7ac3c62db6 2.362s
2025-12-12 13:53:47.484 65443 INFO tempest.lib.common.rest_client [req-274be2d1-31ae-4801-b6b4-bd5bf3b3d232 req-274be2d1-31ae-4801-b6b4-bd5bf3b3d232 ] Request (DeleteServersAdminTestJSON:tearDownClass): 404 DELETE http://10.180.1.21/compute/v2.1/servers/9159e127-238a-453c-94ab-63521957ad61 2.371s
2025-12-12 13:53:47.495 65485 INFO tempest.lib.common.rest_client [req-2e13bbdd-a4b7-43bb-ae5c-f5f1b851e4fd req-2e13bbdd-a4b7-43bb-ae5c-f5f1b851e4fd ] Request (ImagesNegativeTestJSON:test_create_image_from_deleted_server): 200 GET http://10.180.1.21/compute/v2.1/servers/11bdad2e-450e-4739-9d3e-e8c4806cf5d0 2.386s
2025-12-12 13:53:47.551 65433 INFO tempest.lib.common.rest_client [req-8c5a2ac0-94e7-4e05-8f2a-bf715549e698 req-8c5a2ac0-94e7-4e05-8f2a-bf715549e698 ] Request (ServersAdminNegativeTestJSON:setUpClass): 200 GET http://10.180.1.21/compute/v2.1/servers/2c735333-c4bf-4ec4-bff4-dcf62d5dc0f6 2.391s
2025-12-12 13:53:47.557 65456 INFO tempest.lib.common.rest_client [req-dcbd13a8-fd9c-48ed-84e5-b17559566878 req-dcbd13a8-fd9c-48ed-84e5-b17559566878 ] Request (FloatingIPsAssociationNegativeTestJSON:tearDownClass): 200 GET http://10.180.1.21/compute/v2.1/servers/0fde75fc-5492-4222-9d83-9caafab8e120 2.420s
2025-12-12 13:53:47.558 65433 INFO tempest.common.waiters [-] State transition "BUILD/scheduling" ==> "BUILD/None" after 3 second wait
2025-12-12 13:53:47.616 65435 INFO tempest.lib.common.rest_client [req-e2bac97f-35e7-41b3-ae18-9aa29f14f84c req-e2bac97f-35e7-41b3-ae18-9aa29f14f84c ] Request (ServerAddressesTestJSON:tearDownClass): 200 GET http://10.180.1.21/compute/v2.1/servers/03c612bd-f382-4385-877f-f2b733a1965a 2.399s
2025-12-12 13:53:47.704 65427 INFO tempest.lib.common.rest_client [req-9dbc5d23-55d9-4238-a043-fc4b94b0753f req-9dbc5d23-55d9-4238-a043-fc4b94b0753f ] Request (ServerRescueNegativeTestJSON:_run_cleanups): 200 GET http://10.180.1.21/compute/v2.1/servers/59a6015c-f92e-4e48-97ab-2fc8fa39c8ed 2.384s
2025-12-12 13:53:47.762 65431 INFO tempest.lib.common.rest_client [req-e86611a9-6840-48a4-9385-c0d2eca42745 req-e86611a9-6840-48a4-9385-c0d2eca42745 ] Request (MigrationsAdminTest:test_list_migrations_in_flavor_resize_situation): 200 GET http://10.180.1.21/compute/v2.1/servers/6651d3fd-de44-4290-9258-1c4e8d5efdfd 2.416s
2025-12-12 13:53:47.766 65437 INFO tempest.lib.common.rest_client [req-40a440c1-3901-4820-86d4-63b12e895cda req-40a440c1-3901-4820-86d4-63b12e895cda ] Request (ServersWithSpecificFlavorTestJSON:test_verify_created_server_ephemeral_disk): 200 GET http://10.180.1.21/compute/v2.1/servers/ef565889-00e3-4116-8fd6-47edf25e6279 1.932s
2025-12-12 13:53:47.837 65489 INFO tempest.lib.common.rest_client [req-edef7ac4-fae4-4b90-b7ce-8a54863b7742 req-edef7ac4-fae4-4b90-b7ce-8a54863b7742 ] Request (AttachInterfacesTestJSON:_run_cleanups): 200 GET http://10.180.1.21/compute/v2.1/servers/a4cab948-a314-4044-9cb8-e7d99c0bbb1c 1.756s
2025-12-12 13:53:47.844 65489 INFO tempest.common.waiters [-] State transition "ACTIVE/deleting" ==> "DELETED/None" after 2 second wait
2025-12-12 13:53:47.893 65453 INFO tempest.lib.common.rest_client [req-2d1b340b-9664-4518-82db-f4522ec8f706 req-2d1b340b-9664-4518-82db-f4522ec8f706 ] Request (ServerExternalEventsTest:test_create_server_external_events): 200 GET http://10.180.1.21/compute/v2.1/servers/a9a7e042-49c3-4f7b-86ac-f39b94e5eb5d 1.673s
2025-12-12 13:53:47.908 65471 INFO tempest.lib.common.rest_client [req-e639a829-3da9-42e5-b052-231b346747b8 req-e639a829-3da9-42e5-b052-231b346747b8 ] Request (FlavorsAdminTestJSON:test_list_non_public_flavor): 200 POST http://10.180.1.21/compute/v2.1/flavors 1.685s
2025-12-12 13:53:48.023 65447 INFO tempest.lib.common.rest_client [req-00f99832-ce5a-4804-a306-1b27d879bb05 req-00f99832-ce5a-4804-a306-1b27d879bb05 ] Request (FloatingIPsAssociationTestJSON:tearDownClass): 204 DELETE http://10.180.1.21/compute/v2.1/servers/f5273e06-6b98-4b46-ae12-41b06090ec05 1.165s
2025-12-12 13:53:48.082 65463 INFO tempest.lib.common.rest_client [req-323e36a7-76be-4293-b720-f2d51d73de99 req-323e36a7-76be-4293-b720-f2d51d73de99 ] Request (ServerTagsTestJSON:_run_cleanups): 204 DELETE http://10.180.1.21/compute/v2.1/servers/548bc7bb-3951-4430-8a63-cf8e5b960273/tags 1.200s
2025-12-12 13:53:48.100 65483 INFO tempest.lib.common.rest_client [req-10e5db79-79a2-4789-b52f-8ad5a7ab5b21 req-10e5db79-79a2-4789-b52f-8ad5a7ab5b21 ] Request (ServerDiskConfigTestJSON:test_rebuild_server_with_manual_disk_config): 202 POST http://10.180.1.21/compute/v2.1/servers 2.040s
2025-12-12 13:53:48.158 65439 WARNING tempest.lib.common.ssh [-] Failed to establish authenticated ssh connection to cirros@10.180.180.152 ([Errno None] Unable to connect to port 22 on 10.180.180.152). Number attempts: 9. Retry after 10 seconds.: paramiko.ssh_exception.NoValidConnectionsError: [Errno None] Unable to connect to port 22 on 10.180.180.152
2025-12-12 13:53:48.183 65465 INFO tempest.lib.common.rest_client [req-935f4811-01a6-4cbf-a71e-c227c36424b3 req-935f4811-01a6-4cbf-a71e-c227c36424b3 ] Request (InstanceActionsTestJSON:tearDownClass): 200 GET http://10.180.1.21/compute/v2.1/servers/2aaebbf2-46fa-474b-881a-df9a574cc3a0 0.977s
2025-12-12 13:53:48.213 65429 INFO tempest.lib.common.rest_client [req-cb0ef4aa-8163-4302-9086-014b9d428bf3 req-cb0ef4aa-8163-4302-9086-014b9d428bf3 ] Request (ListServerFiltersTestJSON:test_list_servers_filtered_by_ip_regex): 200 GET http://10.180.1.21/compute/v2.1/servers/1c1841a2-4e3f-43e6-a99d-c9fc0c9d15a7 1.123s
2025-12-12 13:53:48.238 65451 INFO tempest.lib.common.rest_client [req-cc9c61da-acd5-4771-9dfa-eb19261db652 req-cc9c61da-acd5-4771-9dfa-eb19261db652 ] Request (ServerMetadataNegativeTestJSON:setUpClass): 200 GET http://10.180.1.21/compute/v2.1/servers/896c6995-fef5-44b9-bd1f-a339a4045054 0.848s
2025-12-12 13:53:48.256 65443 INFO tempest.lib.common.rest_client [req-c0d39fc2-2c80-441a-b8ec-679d2e788e07 req-c0d39fc2-2c80-441a-b8ec-679d2e788e07 ] Request (DeleteServersAdminTestJSON:tearDownClass): 404 GET http://10.180.1.21/compute/v2.1/servers/9159e127-238a-453c-94ab-63521957ad61 0.771s
2025-12-12 13:53:48.333 65457 INFO tempest.lib.common.rest_client [req-9af7caaa-2da4-4949-818c-9fcd091b33bc req-9af7caaa-2da4-4949-818c-9fcd091b33bc ] Request (ImagesOneServerNegativeTestJSON:_run_cleanups): 200 GET http://10.180.1.21/compute/v2.1/servers/deea1f6c-7257-476f-95d3-4dae79967f5b 0.766s
2025-12-12 13:53:48.347 65461 INFO tempest.lib.common.rest_client [req-f2206a3d-1973-4d2f-b5b9-1e925d9bac2d req-f2206a3d-1973-4d2f-b5b9-1e925d9bac2d ] Request (ServerGroupTestJSON:_run_cleanups): 200 GET http://10.180.1.21/compute/v2.1/servers/3a31703a-f5ec-4ed5-84ba-1f9c21802f0d 0.572s
2025-12-12 13:53:48.363 65471 INFO tempest.lib.common.rest_client [req-1a7e9c39-8827-49a1-9890-3e054713b69d req-1a7e9c39-8827-49a1-9890-3e054713b69d ] Request (FlavorsAdminTestJSON:test_list_non_public_flavor): 200 GET http://10.180.1.21/compute/v2.1/flavors/detail 0.453s
2025-12-12 13:53:48.389 65443 INFO tempest.lib.common.rest_client [req-2f12eff3-96bb-4e15-b185-75dc35fedff7 req-2f12eff3-96bb-4e15-b185-75dc35fedff7 ] Request (DeleteServersAdminTestJSON:tearDownClass): 204 DELETE http://10.180.1.21/identity/v3/users/535cbaab31e144b9915bcb03908720dd 0.133s
2025-12-12 13:53:48.431 65459 INFO tempest.lib.common.rest_client [req-ace8115b-5b19-4377-8753-a79867fe860c req-ace8115b-5b19-4377-8753-a79867fe860c ] Request (ServersTestMultiNic:_run_cleanups): 200 GET http://10.180.1.21/compute/v2.1/servers/024b7538-5ab5-4402-afc4-423ddca68f3f 0.431s
2025-12-12 13:53:48.454 65447 INFO tempest.lib.common.rest_client [req-e5119f63-6f69-4257-b62e-9c9965121fac req-e5119f63-6f69-4257-b62e-9c9965121fac ] Request (FloatingIPsAssociationTestJSON:tearDownClass): 200 GET http://10.180.1.21/compute/v2.1/servers/f5273e06-6b98-4b46-ae12-41b06090ec05 0.431s
2025-12-12 13:53:48.470 65463 INFO tempest.lib.common.rest_client [req-45613486-8236-4ea4-aeb5-74d47b08c86d req-45613486-8236-4ea4-aeb5-74d47b08c86d ] Request (ServerTagsTestJSON:test_create_delete_tag): 200 GET http://10.180.1.21/compute/v2.1/servers/548bc7bb-3951-4430-8a63-cf8e5b960273/tags 0.386s
2025-12-12 13:53:48.565 65483 INFO tempest.lib.common.rest_client [req-574bdd61-52c0-4fe4-829a-a995e603062c req-574bdd61-52c0-4fe4-829a-a995e603062c ] Request (ServerDiskConfigTestJSON:test_rebuild_server_with_manual_disk_config): 200 GET http://10.180.1.21/compute/v2.1/servers/33938c1f-2061-4cb2-9665-5158def1fb09 0.463s
2025-12-12 13:53:48.581 65469 INFO tempest.lib.common.rest_client [req-e0d6ac84-4f4e-45d9-ac46-34cc76983587 req-e0d6ac84-4f4e-45d9-ac46-34cc76983587 ] Request (ServersTestFqdnHostnames:test_create_server_with_fqdn_name): 200 GET http://10.180.1.21/compute/v2.1/servers/83d12e06-77e7-4878-b1e0-e82e0c7fa183 0.473s
2025-12-12 13:53:48.608 65443 INFO tempest.lib.common.rest_client [req-334315e2-8714-42d8-8784-a3d2fcc10b9b req-334315e2-8714-42d8-8784-a3d2fcc10b9b ] Request (DeleteServersAdminTestJSON:tearDownClass): 204 DELETE http://10.180.1.21/identity/v3/users/f6d64524d2cf4e2f85af983f0ef24430 0.218s
2025-12-12 13:53:48.608 65443 INFO tempest.lib.common.dynamic_creds [-] Deleting project and security group for project: c31cedea27fe444d9f977f95c3e8977f
2025-12-12 13:53:48.620 65445 INFO tempest.lib.common.rest_client [req-1d74b7db-60bc-40db-be4f-3e123c27fd11 req-1d74b7db-60bc-40db-be4f-3e123c27fd11 ] Request (ImagesOneServerTestJSON:test_create_delete_image): 200 GET http://10.180.1.21/compute/v2.1/images/c3b4bc31-e22a-4cd2-8284-3622f40f552b 0.473s
2025-12-12 13:53:48.695 65477 INFO tempest.lib.common.rest_client [req-d7e695cd-5133-442b-a19b-325bd4b5beeb req-d7e695cd-5133-442b-a19b-325bd4b5beeb ] Request (ServerDiagnosticsNegativeTest:tearDownClass): 200 GET http://10.180.1.21/compute/v2.1/servers/69a9e5f5-aed5-4a31-bb53-fd8f311c62f4 0.443s
2025-12-12 13:53:48.697 65443 INFO tempest.lib.common.rest_client [req-e0d80250-4044-4d88-b7f7-6afbf4bf7927 req-e0d80250-4044-4d88-b7f7-6afbf4bf7927 ] Request (DeleteServersAdminTestJSON:tearDownClass): 201 POST http://10.180.1.21/identity/v3/auth/tokens 0.089s
2025-12-12 13:53:48.740 65429 INFO tempest.lib.common.rest_client [req-6c769e8b-230e-467b-8d42-9da5c3cc0771 req-6c769e8b-230e-467b-8d42-9da5c3cc0771 ] Request (ListServerFiltersTestJSON:test_list_servers_filtered_by_ip_regex): 200 GET http://10.180.1.21/compute/v2.1/servers/e6ed5fa0-5006-499a-8aad-a4b582f0c868 0.511s
2025-12-12 13:53:48.771 65471 INFO tempest.lib.common.rest_client [req-ad84d0a6-61a0-40de-b883-3907e144ee9d req-ad84d0a6-61a0-40de-b883-3907e144ee9d ] Request (FlavorsAdminTestJSON:test_list_non_public_flavor): 200 GET http://10.180.1.21/compute/v2.1/flavors/detail 0.399s
2025-12-12 13:53:48.933 65443 INFO tempest.lib.common.rest_client [req-00e8e438-5273-4e4f-b0c5-dcaf20e7b9ce req-00e8e438-5273-4e4f-b0c5-dcaf20e7b9ce ] Request (DeleteServersAdminTestJSON:tearDownClass): 200 GET http://10.180.1.21/networking/v2.0/security-groups?tenant_id=c31cedea27fe444d9f977f95c3e8977f&name=default 0.235s
2025-12-12 13:53:48.963 65441 INFO tempest.lib.common.rest_client [req-5b8d759c-a856-4bf7-abd2-d09393fbb315 req-5b8d759c-a856-4bf7-abd2-d09393fbb315 ] Request (ServerRescueTestJSONUnderV235:setUpClass): 200 GET http://10.180.1.21/compute/v2.1/servers/0d44b38a-5908-4ad5-ad64-1ab33f4faa0a 0.661s
2025-12-12 13:53:49.002 65481 INFO tempest.lib.common.rest_client [req-4d22d040-c470-490a-9ed8-d7c24e2ddd1f req-4d22d040-c470-490a-9ed8-d7c24e2ddd1f ] Request (ServerRescueTestJSON:test_rescue_unrescue_instance): 200 GET http://10.180.1.21/compute/v2.1/servers/cb2e3138-30d1-41fa-8a18-17a3a87c3ed9 0.602s
2025-12-12 13:53:49.009 65481 INFO tempest.common.waiters [-] State transition "ACTIVE/rescuing" ==> "RESCUE/None" after 8 second wait
2025-12-12 13:53:49.074 65443 INFO tempest.lib.common.rest_client [req-125ce5f9-2ea6-4f86-88b0-1749de12c448 req-125ce5f9-2ea6-4f86-88b0-1749de12c448 ] Request (DeleteServersAdminTestJSON:tearDownClass): 204 DELETE http://10.180.1.21/networking/v2.0/security-groups/470d02ed-55d8-41b7-85e6-5f3c1deddf35 0.141s
2025-12-12 13:53:49.088 65463 INFO tempest.lib.common.rest_client [req-bd047407-ec59-434f-a8f5-fccead948ae8 req-bd047407-ec59-434f-a8f5-fccead948ae8 ] Request (ServerTagsTestJSON:test_create_delete_tag): 201 PUT http://10.180.1.21/compute/v2.1/servers/548bc7bb-3951-4430-8a63-cf8e5b960273/tags/tempest-tag-1584706630 0.616s
2025-12-12 13:53:49.181 65443 INFO tempest.lib.common.rest_client [req-21e53513-4bc1-4b76-814d-97a10b934c64 req-21e53513-4bc1-4b76-814d-97a10b934c64 ] Request (DeleteServersAdminTestJSON:tearDownClass): 204 DELETE http://10.180.1.21/identity/v3/projects/c31cedea27fe444d9f977f95c3e8977f 0.106s
2025-12-12 13:53:49.182 65443 INFO tempest.lib.common.dynamic_creds [-] Deleting project and security group for project: a31f77721e734249a958b9e2876fbea1
2025-12-12 13:53:49.208 65487 INFO tempest.lib.common.rest_client [req-feed6213-9114-4bc8-b1b2-1e280e2a857c req-feed6213-9114-4bc8-b1b2-1e280e2a857c ] Request (InstanceActionsNegativeTestJSON:setUpClass): 200 GET http://10.180.1.21/compute/v2.1/servers/f2784ccd-1a03-4188-a996-ff7ac3c62db6 0.732s
2025-12-12 13:53:49.243 65449 INFO tempest.lib.common.rest_client [req-3bebfb37-1a66-41c4-bc3a-1cce01a605ec req-3bebfb37-1a66-41c4-bc3a-1cce01a605ec ] Request (ServersAdminTestJSON:setUpClass): 200 GET http://10.180.1.21/compute/v2.1/servers/74a1ff25-10a4-4191-b9e6-fa2a24cc86b9 0.826s
2025-12-12 13:53:49.284 65443 INFO tempest.lib.common.rest_client [req-bcf47452-264e-4066-9e87-ddd2cf23072b req-bcf47452-264e-4066-9e87-ddd2cf23072b ] Request (DeleteServersAdminTestJSON:tearDownClass): 200 GET http://10.180.1.21/networking/v2.0/security-groups?tenant_id=a31f77721e734249a958b9e2876fbea1&name=default 0.102s
2025-12-12 13:53:49.418 65443 INFO tempest.lib.common.rest_client [req-226a44cb-a52d-48ca-a76f-34556209a206 req-226a44cb-a52d-48ca-a76f-34556209a206 ] Request (DeleteServersAdminTestJSON:tearDownClass): 204 DELETE http://10.180.1.21/networking/v2.0/security-groups/ce4ec84a-547a-46a8-a3c2-26a852a39d62 0.134s
2025-12-12 13:53:49.459 65433 INFO tempest.lib.common.rest_client [req-394d9cbf-3888-4aec-bc5f-c1bc2ba8a653 req-394d9cbf-3888-4aec-bc5f-c1bc2ba8a653 ] Request (ServersAdminNegativeTestJSON:setUpClass): 200 GET http://10.180.1.21/compute/v2.1/servers/2c735333-c4bf-4ec4-bff4-dcf62d5dc0f6 0.900s
2025-12-12 13:53:49.483 65485 INFO tempest.lib.common.rest_client [req-ad405256-daa1-4881-8b30-4b8147dec5c7 req-ad405256-daa1-4881-8b30-4b8147dec5c7 ] Request (ImagesNegativeTestJSON:test_create_image_from_deleted_server): 200 GET http://10.180.1.21/compute/v2.1/servers/11bdad2e-450e-4739-9d3e-e8c4806cf5d0 0.980s
2025-12-12 13:53:49.496 65456 INFO tempest.lib.common.rest_client [req-9f60d1cd-bb71-40ea-928b-dd5298d209c2 req-9f60d1cd-bb71-40ea-928b-dd5298d209c2 ] Request (FloatingIPsAssociationNegativeTestJSON:tearDownClass): 404 GET http://10.180.1.21/compute/v2.1/servers/0fde75fc-5492-4222-9d83-9caafab8e120 0.928s
2025-12-12 13:53:49.532 65435 INFO tempest.lib.common.rest_client [req-a00563b7-2de1-41f6-bf2b-32914ae68d3f req-a00563b7-2de1-41f6-bf2b-32914ae68d3f ] Request (ServerAddressesTestJSON:tearDownClass): 404 GET http://10.180.1.21/compute/v2.1/servers/03c612bd-f382-4385-877f-f2b733a1965a 0.906s
2025-12-12 13:53:49.595 65443 INFO tempest.lib.common.rest_client [req-ce8581f4-caf2-4318-bca7-0cae9cc492f2 req-ce8581f4-caf2-4318-bca7-0cae9cc492f2 ] Request (DeleteServersAdminTestJSON:tearDownClass): 204 DELETE http://10.180.1.21/identity/v3/projects/a31f77721e734249a958b9e2876fbea1 0.173s
2025-12-12 13:53:49.693 65443 INFO tempest.lib.common.rest_client [req-21580944-2847-44d9-9475-9daf89efe4d3 req-21580944-2847-44d9-9475-9daf89efe4d3 ] Request (FlavorsAccessNegativeTestJSON:setUpClass): 201 POST http://10.180.1.21/identity/v3/auth/tokens 0.097s
2025-12-12 13:53:49.736 65443 INFO tempest.lib.common.rest_client [req-dc2736f8-fec7-4cd6-aaff-1669214d260d req-dc2736f8-fec7-4cd6-aaff-1669214d260d ] Request (FlavorsAccessNegativeTestJSON:setUpClass): 201 POST http://10.180.1.21/identity/v3/auth/tokens 0.038s
2025-12-12 13:53:49.770 65443 INFO tempest.lib.common.rest_client [req-544f3784-184d-444c-8781-39047ba95606 req-544f3784-184d-444c-8781-39047ba95606 ] Request (FlavorsAccessNegativeTestJSON:setUpClass): 200 GET http://10.180.1.21/identity/v3/domains?name=Default 0.033s
2025-12-12 13:53:49.808 65443 INFO tempest.lib.common.rest_client [req-89b1349e-e0b2-47b0-8516-c7427436c07d req-89b1349e-e0b2-47b0-8516-c7427436c07d ] Request (FlavorsAccessNegativeTestJSON:setUpClass): 201 POST http://10.180.1.21/identity/v3/projects 0.037s
2025-12-12 13:53:49.891 65443 INFO tempest.lib.common.rest_client [req-3a98f9d1-8464-4eb4-b8e5-997e52386e3e req-3a98f9d1-8464-4eb4-b8e5-997e52386e3e ] Request (FlavorsAccessNegativeTestJSON:setUpClass): 201 POST http://10.180.1.21/identity/v3/users 0.083s
2025-12-12 13:53:49.915 65443 INFO tempest.lib.common.rest_client [req-48aa0d3c-1896-4561-aca5-7b0efc023211 req-48aa0d3c-1896-4561-aca5-7b0efc023211 ] Request (FlavorsAccessNegativeTestJSON:setUpClass): 200 GET http://10.180.1.21/identity/v3/roles 0.023s
2025-12-12 13:53:49.948 65443 INFO tempest.lib.common.rest_client [req-22539a1c-1239-4cce-a74e-a1d413b2c228 req-22539a1c-1239-4cce-a74e-a1d413b2c228 ] Request (FlavorsAccessNegativeTestJSON:setUpClass): 204 PUT http://10.180.1.21/identity/v3/projects/7994c0e0b5a74e4ab8577fa8e3787aef/users/86f5ab010cf34d35b9165b439d214f94/roles/9ad29f3316984aa683002f0094c633be 0.032s
2025-12-12 13:53:49.948 65443 INFO tempest.lib.common.dynamic_creds [-] Dynamic test user 86f5ab010cf34d35b9165b439d214f94 is created with scope project and roles: ['member']
2025-12-12 13:53:49.948 65443 INFO tempest.lib.common.dynamic_creds [-] Acquired dynamic creds: credentials: Credentials: {'domain_id': 'default', 'domain_name': 'Default', 'username': 'tempest-FlavorsAccessNegativeTestJSON-1109010793-project-member', 'project_domain_id': 'default', 'project_domain_name': 'Default', 'project_id': '7994c0e0b5a74e4ab8577fa8e3787aef', 'project_name': 'tempest-FlavorsAccessNegativeTestJSON-1109010793', 'tenant_id': '7994c0e0b5a74e4ab8577fa8e3787aef', 'tenant_name': 'tempest-FlavorsAccessNegativeTestJSON-1109010793', 'user_domain_id': 'default', 'user_domain_name': 'Default', 'user_id': '86f5ab010cf34d35b9165b439d214f94', 'system': None}, Network: None, Subnet: None, Router: None
2025-12-12 13:53:49.949 65443 INFO tempest.lib.common.dynamic_creds [-] Created isolated network resources for: credentials: Credentials: {'domain_id': 'default', 'domain_name': 'Default', 'username': 'tempest-FlavorsAccessNegativeTestJSON-1109010793-project-member', 'project_domain_id': 'default', 'project_domain_name': 'Default', 'project_id': '7994c0e0b5a74e4ab8577fa8e3787aef', 'project_name': 'tempest-FlavorsAccessNegativeTestJSON-1109010793', 'tenant_id': '7994c0e0b5a74e4ab8577fa8e3787aef', 'tenant_name': 'tempest-FlavorsAccessNegativeTestJSON-1109010793', 'user_domain_id': 'default', 'user_domain_name': 'Default', 'user_id': '86f5ab010cf34d35b9165b439d214f94', 'system': None}, Network: None, Subnet: None, Router: None
2025-12-12 13:53:50.059 65443 INFO tempest.lib.common.rest_client [req-f8179405-7c47-449b-a2e2-dbeffedf294d req-f8179405-7c47-449b-a2e2-dbeffedf294d ] Request (FlavorsAccessNegativeTestJSON:setUpClass): 201 POST http://10.180.1.21/identity/v3/auth/tokens 0.104s
2025-12-12 13:53:50.138 65443 INFO tempest.lib.common.rest_client [req-6caad2de-6a46-4c10-832b-4e631d0d53a3 req-6caad2de-6a46-4c10-832b-4e631d0d53a3 ] Request (FlavorsAccessNegativeTestJSON:setUpClass): 201 POST http://10.180.1.21/identity/v3/projects 0.078s
2025-12-12 13:53:50.212 65443 INFO tempest.lib.common.rest_client [req-ebfceade-d1a2-4d72-a5f3-b1bcb38fe7b4 req-ebfceade-d1a2-4d72-a5f3-b1bcb38fe7b4 ] Request (FlavorsAccessNegativeTestJSON:setUpClass): 201 POST http://10.180.1.21/identity/v3/users 0.074s
2025-12-12 13:53:50.241 65443 INFO tempest.lib.common.rest_client [req-6a8ab3dc-0362-46b3-95c9-1212cabd5847 req-6a8ab3dc-0362-46b3-95c9-1212cabd5847 ] Request (FlavorsAccessNegativeTestJSON:setUpClass): 200 GET http://10.180.1.21/identity/v3/roles 0.028s
