2025-12-12 13:52:31.749 65489 WARNING tempest.lib.common.ssh [-] Failed to establish authenticated ssh connection to cirros@10.180.180.150 ([Errno None] Unable to connect to port 22 on 10.180.180.150). Number attempts: 3. Retry after 4 seconds.: paramiko.ssh_exception.NoValidConnectionsError: [Errno None] Unable to connect to port 22 on 10.180.180.150
2025-12-12 13:52:31.779 65467 INFO tempest.lib.common.rest_client [req-95a7b836-bcd1-4e9f-bc02-b9242c35f660 req-95a7b836-bcd1-4e9f-bc02-b9242c35f660 ] Request (VolumesAssistedSnapshotsTest:test_volume_assisted_snapshot_create_delete): 200 PUT http://10.180.1.21/networking/v2.0/floatingips/36674b6c-816d-4f3e-86a1-50c622145363 0.741s
2025-12-12 13:52:31.781 65467 INFO tempest.lib.common.ssh [-] Creating ssh connection to '10.180.180.192:22' as 'cirros' with public key authentication
2025-12-12 13:52:31.819 65445 INFO tempest.lib.common.rest_client [req-5d8b2c59-b310-450d-9d18-fc884316585a req-5d8b2c59-b310-450d-9d18-fc884316585a ] Request (ServerDiagnosticsTest:tearDownClass): 200 GET http://10.180.1.21/compute/v2.1/servers/a207bc5a-786b-46f2-8e55-b6019d3fd65d 3.903s
2025-12-12 13:52:31.961 65487 WARNING tempest.lib.common.ssh [-] Failed to establish authenticated ssh connection to cirros@10.180.180.167 ([Errno None] Unable to connect to port 22 on 10.180.180.167). Number attempts: 1. Retry after 2 seconds.: paramiko.ssh_exception.NoValidConnectionsError: [Errno None] Unable to connect to port 22 on 10.180.180.167
2025-12-12 13:52:32.025 65474 INFO tempest.lib.common.rest_client [req-965f31df-de30-4f63-aea2-bb6da9da164f req-965f31df-de30-4f63-aea2-bb6da9da164f ] Request (ServersListShow2100Test:test_list_show_rebuild_update_server_2100): 200 GET http://10.180.1.21/compute/v2.1/servers/740ca3d3-cfb2-4657-b6a3-26a344f2e97a 3.457s
2025-12-12 13:52:32.677 65465 INFO tempest.lib.common.rest_client [req-1c44551b-be7a-4432-b17b-951852446da8 req-1c44551b-be7a-4432-b17b-951852446da8 ] Request (InstanceActionsTestJSON:setUpClass): 202 POST http://10.180.1.21/compute/v2.1/servers 4.141s
2025-12-12 13:52:32.690 65483 INFO tempest.lib.common.rest_client [req-9a8ee9e8-7eb7-4e29-852a-27e11aa0bae7 req-9a8ee9e8-7eb7-4e29-852a-27e11aa0bae7 ] Request (QuotasAdminNegativeTest:test_create_server_when_memory_quota_is_full): 403 POST http://10.180.1.21/compute/v2.1/servers 3.938s
2025-12-12 13:52:32.798 65449 INFO tempest.lib.common.rest_client [req-619bfd35-1cb8-40d3-89ad-73ffc046d344 req-619bfd35-1cb8-40d3-89ad-73ffc046d344 ] Request (ServerDiagnosticsV248Test:tearDownClass): 204 DELETE http://10.180.1.21/compute/v2.1/servers/d1d4f7fe-f2c0-4dc9-a5f1-73806f2fa8b3 3.790s
2025-12-12 13:52:32.833 65461 INFO tempest.lib.common.rest_client [req-01a5123f-b2e4-4342-a7f7-f58bfcac40b1 req-01a5123f-b2e4-4342-a7f7-f58bfcac40b1 ] Request (ServerGroupTestJSON:test_create_delete_multiple_server_groups_with_same_name_policy): 204 DELETE http://10.180.1.21/compute/v2.1/os-server-groups/daccd851-7b83-4c14-ac0b-2ed94008b136 3.818s
2025-12-12 13:52:32.893 65429 INFO tempest.lib.common.rest_client [req-38d0fe6c-8839-484a-a234-1697c3b9e5ee req-38d0fe6c-8839-484a-a234-1697c3b9e5ee ] Request (ListServerFiltersTestJSON:setUpClass): 200 GET http://10.180.1.21/compute/v2.1/servers/1c1841a2-4e3f-43e6-a99d-c9fc0c9d15a7 4.000s
2025-12-12 13:52:32.908 65485 INFO tempest.lib.common.rest_client [req-79239f29-0f70-4cbb-9d5f-88b19e937118 req-79239f29-0f70-4cbb-9d5f-88b19e937118 ] Request (TenantUsagesTestJSON:tearDownClass): 200 GET http://10.180.1.21/compute/v2.1/servers/81ba41ed-99c8-457e-91c6-1b1bf383855c 3.799s
2025-12-12 13:52:32.922 65433 INFO tempest.lib.common.rest_client [req-197cdd5c-7c77-46bd-9db4-c95bdf8a7e3f req-197cdd5c-7c77-46bd-9db4-c95bdf8a7e3f ] Request (AggregatesAdminNegativeTestJSON:test_aggregate_create_with_existent_aggregate_name): 200 POST http://10.180.1.21/compute/v2.1/os-aggregates 3.806s
2025-12-12 13:52:32.952 65463 INFO tempest.lib.common.rest_client [req-82d2782a-1394-4aa5-bd1e-b92599f4d721 req-82d2782a-1394-4aa5-bd1e-b92599f4d721 ] Request (ImagesMetadataTestJSON:test_get_image_metadata_item): 200 GET http://10.180.1.21/compute/v2.1/images/ed256d23-1f00-4457-8e4b-0833e71de3da/metadata/os_distro 3.691s
2025-12-12 13:52:33.003 65427 INFO tempest.lib.common.rest_client [req-b5561555-4c39-460b-8493-22772a6bbc6e req-b5561555-4c39-460b-8493-22772a6bbc6e ] Request (ServerRescueNegativeTestJSON:setUpClass): 200 GET http://10.180.1.21/compute/v2.1/servers/0d104c56-bece-4414-94ba-039eecb4c6f9 3.740s
2025-12-12 13:52:33.148 65439 INFO tempest.lib.common.rest_client [req-111d32f4-424e-4b11-ab51-9632933f9c16 req-111d32f4-424e-4b11-ab51-9632933f9c16 ] Request (ServersTestBootFromVolume:setUpClass): 200 GET http://10.180.1.21/compute/v2.1/servers/8bfe561c-90df-4c6a-be26-42741418c611 3.687s
2025-12-12 13:52:33.157 65439 INFO tempest.common.waiters [-] State transition "BUILD/spawning" ==> "ACTIVE/None" after 34 second wait
2025-12-12 13:52:33.355 65475 INFO tempest.lib.common.rest_client [req-b0f92b63-5ef9-46fe-92fe-efa221a2fdd6 req-b0f92b63-5ef9-46fe-92fe-efa221a2fdd6 ] Request (ServerActionsTestJSON:setUpClass): 200 GET http://10.180.1.21/compute/v2.1/servers/3c76b178-6ea6-457e-aaf0-4d305d30026e 3.409s
2025-12-12 13:52:33.356 65441 INFO tempest.lib.common.rest_client [req-c6adebed-22c7-4188-852e-d87056b71178 req-c6adebed-22c7-4188-852e-d87056b71178 ] Request (FloatingIPsTestJSON:test_allocate_floating_ip): 200 GET http://10.180.1.21/compute/v2.1/os-floating-ips/a8416a3f-14ac-46a3-8103-653d7449e704 3.458s
2025-12-12 13:52:33.410 65477 INFO tempest.lib.common.rest_client [req-234cec1d-1a7c-4a25-8efd-eb5de3acb0e4 req-234cec1d-1a7c-4a25-8efd-eb5de3acb0e4 ] Request (QuotasAdminTestJSON:test_get_updated_quotas): 200 GET http://10.180.1.21/compute/v2.1/os-quota-sets/6be7aba4dfe342b48cff1bb731140003/detail 3.360s
2025-12-12 13:52:33.444 65477 INFO tempest.lib.common.rest_client [req-7cbc5246-a3c7-420b-ad32-5a9f10f0244e req-7cbc5246-a3c7-420b-ad32-5a9f10f0244e ] Request (QuotasAdminTestJSON:test_get_updated_quotas): 200 GET http://10.180.1.21/identity/v3/domains?name=Default 0.027s
2025-12-12 13:52:33.482 65477 INFO tempest.lib.common.rest_client [req-e6d4a1ad-62b9-4135-ae99-163610db7a79 req-e6d4a1ad-62b9-4135-ae99-163610db7a79 ] Request (QuotasAdminTestJSON:test_get_updated_quotas): 201 POST http://10.180.1.21/identity/v3/users 0.038s
2025-12-12 13:52:33.505 65477 INFO tempest.lib.common.rest_client [req-5c077016-671a-4edc-97cb-1c63503ef633 req-5c077016-671a-4edc-97cb-1c63503ef633 ] Request (QuotasAdminTestJSON:test_get_updated_quotas): 200 GET http://10.180.1.21/identity/v3/domains?name=Default 0.022s
2025-12-12 13:52:33.786 65451 INFO tempest.lib.common.rest_client [req-f39033ac-f0d5-41c8-8113-f605361e493b req-f39033ac-f0d5-41c8-8113-f605361e493b ] Request (SecurityGroupRulesNegativeTestJSON:test_create_security_group_rule_with_invalid_from_port): 200 POST http://10.180.1.21/compute/v2.1/os-security-groups 3.514s
2025-12-12 13:52:33.809 65471 INFO tempest.lib.common.rest_client [req-b4db541c-0fa9-4fdf-8cec-dc7a2e8b4f76 req-b4db541c-0fa9-4fdf-8cec-dc7a2e8b4f76 ] Request (FlavorsAdminTestJSON:_run_cleanups): 200 GET http://10.180.1.21/compute/v2.1/flavors/detail 3.512s
2025-12-12 13:52:33.844 65457 INFO tempest.lib.common.rest_client [req-b13dbed2-390e-4445-8fcc-f12ead7a3d20 req-b13dbed2-390e-4445-8fcc-f12ead7a3d20 ] Request (ImagesOneServerNegativeTestJSON:setUpClass): 200 GET http://10.180.1.21/compute/v2.1/servers/deea1f6c-7257-476f-95d3-4dae79967f5b 3.781s
2025-12-12 13:52:33.905 65435 INFO tempest.lib.common.rest_client [req-f53e9dd9-d494-4730-b0ed-cf997edb8df5 req-f53e9dd9-d494-4730-b0ed-cf997edb8df5 ] Request (ServerAddressesTestJSON:setUpClass): 200 GET http://10.180.1.21/compute/v2.1/servers/03c612bd-f382-4385-877f-f2b733a1965a 3.245s
2025-12-12 13:52:33.957 65443 INFO tempest.lib.common.rest_client [req-282b5ca6-01b5-4c1a-aa8f-87a980b657a5 req-282b5ca6-01b5-4c1a-aa8f-87a980b657a5 ] Request (DeleteServersAdminTestJSON:test_delete_server_while_in_error_state): 200 GET http://10.180.1.21/compute/v2.1/servers/d925bac4-cc0f-49d1-95cd-8fc6cc19288d 3.285s
2025-12-12 13:52:34.045 65481 INFO tempest.lib.common.rest_client [req-118f9ac4-d3ae-4bcd-89de-87ac66424859 req-118f9ac4-d3ae-4bcd-89de-87ac66424859 ] Request (ServerRescueTestJSON:setUpClass): 200 GET http://10.180.1.21/compute/v2.1/servers/67fb71b9-8b3d-42af-837a-159c22de081c 3.199s
2025-12-12 13:52:34.055 65459 INFO tempest.lib.common.rest_client [req-86c872e3-5458-44b5-952d-dcd2bb23be62 req-86c872e3-5458-44b5-952d-dcd2bb23be62 ] Request (ServersTestMultiNic:_run_cleanups): 200 GET http://10.180.1.21/compute/v2.1/servers/0cc17f86-a471-41d2-90c1-99c3eafef9da 3.109s
2025-12-12 13:52:34.149 65479 INFO tempest.lib.common.rest_client [req-25456a88-dac2-4831-ab5c-4ad5e4f8f70c req-25456a88-dac2-4831-ab5c-4ad5e4f8f70c ] Request (InstanceActionsV221TestJSON:test_get_list_deleted_instance_actions): 200 GET http://10.180.1.21/compute/v2.1/servers/fd02382a-a8c3-470c-8dd4-2169038cb467 3.198s
2025-12-12 13:52:34.156 65431 INFO tempest.lib.common.rest_client [req-a5f69b98-18c3-493b-913d-8d05487d9537 req-a5f69b98-18c3-493b-913d-8d05487d9537 ] Request (InstanceUsageAuditLogNegativeTestJSON:test_instance_usage_audit_logs_with_nonadmin_user): 403 GET http://10.180.1.21/compute/v2.1/os-instance_usage_audit_log/2025-12-12%2013%3A52%3A31 3.042s
2025-12-12 13:52:34.270 65431 INFO tempest.lib.common.rest_client [req-8d552bfa-9baa-43b8-b59d-51f83b314c0c req-8d552bfa-9baa-43b8-b59d-51f83b314c0c ] Request (InstanceUsageAuditLogNegativeTestJSON:tearDownClass): 204 DELETE http://10.180.1.21/identity/v3/users/8d1508f0aac6467b972a533b7d7198f8 0.112s
2025-12-12 13:52:34.303 65437 INFO tempest.lib.common.rest_client [req-522d66dc-9752-4746-8ace-cd04d01a0c18 req-522d66dc-9752-4746-8ace-cd04d01a0c18 ] Request (ServersWithSpecificFlavorTestJSON:test_verify_created_server_ephemeral_disk): 200 GET http://10.180.1.21/compute/v2.1/servers/270506e4-395a-41db-9447-c154a5a04413 3.209s
2025-12-12 13:52:34.331 65456 INFO tempest.lib.common.rest_client [req-f875a773-c26b-456c-af8e-ea0570a94ca6 req-f875a773-c26b-456c-af8e-ea0570a94ca6 ] Request (FloatingIPsAssociationNegativeTestJSON:setUpClass): 200 GET http://10.180.1.21/compute/v2.1/servers/0fde75fc-5492-4222-9d83-9caafab8e120 3.209s
2025-12-12 13:52:34.341 65456 INFO tempest.common.waiters [-] State transition "BUILD/networking" ==> "BUILD/spawning" after 18 second wait
2025-12-12 13:52:34.412 65431 INFO tempest.lib.common.rest_client [req-1b9df544-97f3-4f88-a348-4cc2a73aab8f req-1b9df544-97f3-4f88-a348-4cc2a73aab8f ] Request (InstanceUsageAuditLogNegativeTestJSON:tearDownClass): 204 DELETE http://10.180.1.21/identity/v3/users/bc8ff75e9950407b9751d323366c8d27 0.142s
2025-12-12 13:52:34.413 65431 INFO tempest.lib.common.dynamic_creds [-] Deleting project and security group for project: c4fd1336767a4d9fa0f32bd3f218f9f7
2025-12-12 13:52:34.442 65447 INFO tempest.lib.common.rest_client [req-3c20242b-2a27-4e45-9758-caf982fab4d8 req-3c20242b-2a27-4e45-9758-caf982fab4d8 ] Request (FloatingIPsAssociationTestJSON:test_associate_already_associated_floating_ip): 200 GET http://10.180.1.21/compute/v2.1/servers/f5273e06-6b98-4b46-ae12-41b06090ec05 3.301s
2025-12-12 13:52:34.465 65487 WARNING tempest.lib.common.ssh [-] Failed to establish authenticated ssh connection to cirros@10.180.180.167 ([Errno None] Unable to connect to port 22 on 10.180.180.167). Number attempts: 2. Retry after 3 seconds.: paramiko.ssh_exception.NoValidConnectionsError: [Errno None] Unable to connect to port 22 on 10.180.180.167
2025-12-12 13:52:34.493 65431 INFO tempest.lib.common.rest_client [req-84363d6f-0536-426e-ac0d-0bb65e10020f req-84363d6f-0536-426e-ac0d-0bb65e10020f ] Request (InstanceUsageAuditLogNegativeTestJSON:tearDownClass): 201 POST http://10.180.1.21/identity/v3/auth/tokens 0.080s
2025-12-12 13:52:34.555 65474 INFO tempest.lib.common.rest_client [req-d4405deb-b43b-4b20-93af-812a876b7743 req-d4405deb-b43b-4b20-93af-812a876b7743 ] Request (ServersListShow2100Test:test_list_show_rebuild_update_server_2100): 200 PUT http://10.180.1.21/compute/v2.1/servers/740ca3d3-cfb2-4657-b6a3-26a344f2e97a 2.511s
2025-12-12 13:52:34.707 65431 INFO tempest.lib.common.rest_client [req-d849d86b-ed6e-462d-8ca3-06f855d25373 req-d849d86b-ed6e-462d-8ca3-06f855d25373 ] Request (InstanceUsageAuditLogNegativeTestJSON:tearDownClass): 200 GET http://10.180.1.21/networking/v2.0/security-groups?tenant_id=c4fd1336767a4d9fa0f32bd3f218f9f7&name=default 0.213s
2025-12-12 13:52:34.721 65483 INFO tempest.lib.common.rest_client [req-11717bf1-9018-41b1-b4fd-5d50ed3b7fb6 req-11717bf1-9018-41b1-b4fd-5d50ed3b7fb6 ] Request (QuotasAdminNegativeTest:_run_cleanups): 200 PUT http://10.180.1.21/compute/v2.1/os-quota-sets/993e416e5d1b4e12a13059c733621bec 2.030s
2025-12-12 13:52:34.737 65465 INFO tempest.lib.common.rest_client [req-34552215-842b-4787-bb53-9cdfae13476b req-34552215-842b-4787-bb53-9cdfae13476b ] Request (InstanceActionsTestJSON:setUpClass): 200 GET http://10.180.1.21/compute/v2.1/servers/2aaebbf2-46fa-474b-881a-df9a574cc3a0 2.058s
2025-12-12 13:52:34.813 65431 INFO tempest.lib.common.rest_client [req-36f7690c-fa4f-44e7-aa11-079753880136 req-36f7690c-fa4f-44e7-aa11-079753880136 ] Request (InstanceUsageAuditLogNegativeTestJSON:tearDownClass): 204 DELETE http://10.180.1.21/networking/v2.0/security-groups/115f1345-ed86-42f5-a64a-6b7b578751c1 0.106s
2025-12-12 13:52:34.844 65449 INFO tempest.lib.common.rest_client [req-399ab259-42d6-4fab-ad08-923c5fb995e8 req-399ab259-42d6-4fab-ad08-923c5fb995e8 ] Request (ServerDiagnosticsV248Test:tearDownClass): 200 GET http://10.180.1.21/compute/v2.1/servers/d1d4f7fe-f2c0-4dc9-a5f1-73806f2fa8b3 2.046s
2025-12-12 13:52:34.854 65445 INFO tempest.lib.common.rest_client [req-96b0a922-3626-4d6b-add0-3c4f06398ab3 req-96b0a922-3626-4d6b-add0-3c4f06398ab3 ] Request (ServerDiagnosticsTest:tearDownClass): 200 GET http://10.180.1.21/compute/v2.1/servers/a207bc5a-786b-46f2-8e55-b6019d3fd65d 2.027s
2025-12-12 13:52:34.863 65461 INFO tempest.lib.common.rest_client [req-443f9204-718e-4c6c-a09f-711c269d6e14 req-443f9204-718e-4c6c-a09f-711c269d6e14 ] Request (ServerGroupTestJSON:test_create_delete_multiple_server_groups_with_same_name_policy): 200 GET http://10.180.1.21/compute/v2.1/os-server-groups 2.029s
2025-12-12 13:52:34.882 65433 INFO tempest.lib.common.rest_client [req-61cf01ca-f7ab-441a-87ea-b06d05326670 req-61cf01ca-f7ab-441a-87ea-b06d05326670 ] Request (AggregatesAdminNegativeTestJSON:test_aggregate_create_with_existent_aggregate_name): 409 POST http://10.180.1.21/compute/v2.1/os-aggregates 1.958s
2025-12-12 13:52:34.887 65431 INFO tempest.lib.common.rest_client [req-b2ccb5f2-c4e9-4e8e-88d2-8ec6a121be9e req-b2ccb5f2-c4e9-4e8e-88d2-8ec6a121be9e ] Request (InstanceUsageAuditLogNegativeTestJSON:tearDownClass): 204 DELETE http://10.180.1.21/identity/v3/projects/c4fd1336767a4d9fa0f32bd3f218f9f7 0.073s
2025-12-12 13:52:34.887 65431 INFO tempest.lib.common.dynamic_creds [-] Deleting project and security group for project: 9c0b2bd30c2f422db0129138ddd204fa
2025-12-12 13:52:35.021 65463 INFO tempest.lib.common.rest_client [req-1bd962fd-a9da-4855-bb42-27cb17631357 req-1bd962fd-a9da-4855-bb42-27cb17631357 ] Request (ImagesMetadataTestJSON:setUp): 200 PUT http://10.180.1.21/compute/v2.1/images/ed256d23-1f00-4457-8e4b-0833e71de3da/metadata 2.068s
2025-12-12 13:52:35.061 65431 INFO tempest.lib.common.rest_client [req-8d2f5c6e-d344-4972-a1d0-78af081d78c8 req-8d2f5c6e-d344-4972-a1d0-78af081d78c8 ] Request (InstanceUsageAuditLogNegativeTestJSON:tearDownClass): 200 GET http://10.180.1.21/networking/v2.0/security-groups?tenant_id=9c0b2bd30c2f422db0129138ddd204fa&name=default 0.170s
2025-12-12 13:52:35.096 65429 INFO tempest.lib.common.rest_client [req-832efbdf-04a2-425f-87ab-be9a427f4d90 req-832efbdf-04a2-425f-87ab-be9a427f4d90 ] Request (ListServerFiltersTestJSON:setUpClass): 200 GET http://10.180.1.21/compute/v2.1/servers/e6ed5fa0-5006-499a-8aad-a4b582f0c868 2.196s
2025-12-12 13:52:35.137 65439 INFO tempest.lib.common.rest_client [req-3af65ebc-dc7d-4be1-ab03-ebfaad4dcc28 req-3af65ebc-dc7d-4be1-ab03-ebfaad4dcc28 ] Request (ServersTestBootFromVolume:setUpClass): 200 GET http://10.180.1.21/compute/v2.1/servers/8bfe561c-90df-4c6a-be26-42741418c611/os-interface 1.979s
2025-12-12 13:52:35.252 65431 INFO tempest.lib.common.rest_client [req-2d3fc34d-60b7-4ccc-bca2-70f92845cf7e req-2d3fc34d-60b7-4ccc-bca2-70f92845cf7e ] Request (InstanceUsageAuditLogNegativeTestJSON:tearDownClass): 204 DELETE http://10.180.1.21/networking/v2.0/security-groups/5a3ef39d-ae17-47a8-b5ef-fca6b5bbe0c6 0.190s
2025-12-12 13:52:35.373 65477 INFO tempest.lib.common.rest_client [req-5eee8233-9b7e-429b-8bd8-d8d2bb0c70b2 req-5eee8233-9b7e-429b-8bd8-d8d2bb0c70b2 ] Request (QuotasAdminTestJSON:test_get_updated_quotas): 200 PUT http://10.180.1.21/compute/v2.1/os-quota-sets/6be7aba4dfe342b48cff1bb731140003?user_id=b540b470df5a4257837a8615ad027e34 1.866s
2025-12-12 13:52:35.388 65431 INFO tempest.lib.common.rest_client [req-90438dcd-b7f9-4db9-a36f-b4f43b2a4fac req-90438dcd-b7f9-4db9-a36f-b4f43b2a4fac ] Request (InstanceUsageAuditLogNegativeTestJSON:tearDownClass): 204 DELETE http://10.180.1.21/identity/v3/projects/9c0b2bd30c2f422db0129138ddd204fa 0.136s
2025-12-12 13:52:35.390 65431 INFO tempest.test [-] raised in LiveAutoBlockMigrationV225Test.setUpClass. Invoking tearDownClass.
2025-12-12 13:52:35.466 65431 INFO tempest.lib.common.rest_client [req-5f487917-ac0c-4969-8d8b-64c62f9dad3f req-5f487917-ac0c-4969-8d8b-64c62f9dad3f ] Request (MigrationsAdminTest:setUpClass): 201 POST http://10.180.1.21/identity/v3/auth/tokens 0.074s
2025-12-12 13:52:35.500 65431 INFO tempest.lib.common.rest_client [req-38700037-5dec-4457-b037-4ba873dfa82f req-38700037-5dec-4457-b037-4ba873dfa82f ] Request (MigrationsAdminTest:setUpClass): 201 POST http://10.180.1.21/identity/v3/auth/tokens 0.030s
2025-12-12 13:52:35.531 65431 INFO tempest.lib.common.rest_client [req-0b9f4d33-5c06-40bf-ac09-3f9171e01cc9 req-0b9f4d33-5c06-40bf-ac09-3f9171e01cc9 ] Request (MigrationsAdminTest:setUpClass): 200 GET http://10.180.1.21/identity/v3/domains?name=Default 0.031s
2025-12-12 13:52:35.563 65431 INFO tempest.lib.common.rest_client [req-0be00221-3f36-4394-8019-2714ea93b8c2 req-0be00221-3f36-4394-8019-2714ea93b8c2 ] Request (MigrationsAdminTest:setUpClass): 201 POST http://10.180.1.21/identity/v3/projects 0.030s
2025-12-12 13:52:35.633 65431 INFO tempest.lib.common.rest_client [req-cb57de03-e78d-4eb0-b660-9e8a702a793c req-cb57de03-e78d-4eb0-b660-9e8a702a793c ] Request (MigrationsAdminTest:setUpClass): 201 POST http://10.180.1.21/identity/v3/users 0.070s
2025-12-12 13:52:35.659 65431 INFO tempest.lib.common.rest_client [req-25110f0f-8a21-4b58-87c1-ec8193b42014 req-25110f0f-8a21-4b58-87c1-ec8193b42014 ] Request (MigrationsAdminTest:setUpClass): 200 GET http://10.180.1.21/identity/v3/roles 0.025s
2025-12-12 13:52:35.690 65431 INFO tempest.lib.common.rest_client [req-afc49306-41d4-4143-b044-a81b45f3a543 req-afc49306-41d4-4143-b044-a81b45f3a543 ] Request (MigrationsAdminTest:setUpClass): 204 PUT http://10.180.1.21/identity/v3/projects/eee81560fdd54d57970bdf27df4b30f4/users/9be67030273e468ca0d0818670b655a6/roles/9ad29f3316984aa683002f0094c633be 0.030s
2025-12-12 13:52:35.691 65431 INFO tempest.lib.common.dynamic_creds [-] Dynamic test user 9be67030273e468ca0d0818670b655a6 is created with scope project and roles: ['member']
2025-12-12 13:52:35.691 65431 INFO tempest.lib.common.dynamic_creds [-] Acquired dynamic creds: credentials: Credentials: {'domain_id': 'default', 'domain_name': 'Default', 'username': 'tempest-MigrationsAdminTest-1690389866-project-member', 'project_domain_id': 'default', 'project_domain_name': 'Default', 'project_id': 'eee81560fdd54d57970bdf27df4b30f4', 'project_name': 'tempest-MigrationsAdminTest-1690389866', 'tenant_id': 'eee81560fdd54d57970bdf27df4b30f4', 'tenant_name': 'tempest-MigrationsAdminTest-1690389866', 'user_domain_id': 'default', 'user_domain_name': 'Default', 'user_id': '9be67030273e468ca0d0818670b655a6', 'system': None}, Network: None, Subnet: None, Router: None
2025-12-12 13:52:35.691 65431 INFO tempest.lib.common.dynamic_creds [-] Created isolated network resources for: credentials: Credentials: {'domain_id': 'default', 'domain_name': 'Default', 'username': 'tempest-MigrationsAdminTest-1690389866-project-member', 'project_domain_id': 'default', 'project_domain_name': 'Default', 'project_id': 'eee81560fdd54d57970bdf27df4b30f4', 'project_name': 'tempest-MigrationsAdminTest-1690389866', 'tenant_id': 'eee81560fdd54d57970bdf27df4b30f4', 'tenant_name': 'tempest-MigrationsAdminTest-1690389866', 'user_domain_id': 'default', 'user_domain_name': 'Default', 'user_id': '9be67030273e468ca0d0818670b655a6', 'system': None}, Network: None, Subnet: None, Router: None
2025-12-12 13:52:35.787 65431 INFO tempest.lib.common.rest_client [req-9e255bb8-9183-4583-ab01-68334b7c1ea6 req-9e255bb8-9183-4583-ab01-68334b7c1ea6 ] Request (MigrationsAdminTest:setUpClass): 201 POST http://10.180.1.21/identity/v3/auth/tokens 0.093s
2025-12-12 13:52:35.859 65431 INFO tempest.lib.common.rest_client [req-4082eea5-3c8b-4918-9d9f-02f78018fa0d req-4082eea5-3c8b-4918-9d9f-02f78018fa0d ] Request (MigrationsAdminTest:setUpClass): 201 POST http://10.180.1.21/identity/v3/projects 0.071s
2025-12-12 13:52:35.925 65431 INFO tempest.lib.common.rest_client [req-69459b5e-4797-48e7-94f0-1258af6c452f req-69459b5e-4797-48e7-94f0-1258af6c452f ] Request (MigrationsAdminTest:setUpClass): 201 POST http://10.180.1.21/identity/v3/users 0.065s
2025-12-12 13:52:35.953 65431 INFO tempest.lib.common.rest_client [req-8fa68e68-7c09-40b2-aa83-91d806baed9e req-8fa68e68-7c09-40b2-aa83-91d806baed9e ] Request (MigrationsAdminTest:setUpClass): 200 GET http://10.180.1.21/identity/v3/roles 0.028s
2025-12-12 13:52:35.979 65431 INFO tempest.lib.common.rest_client [req-d5b4d8ef-7a16-418b-a713-d66143663829 req-d5b4d8ef-7a16-418b-a713-d66143663829 ] Request (MigrationsAdminTest:setUpClass): 204 PUT http://10.180.1.21/identity/v3/projects/999f29234fdf4ea499ef98e861d5ee95/users/7d1a5acc74c949c28e872ca94e5dd679/roles/bc3fdee00fe5453e97786e0cbb138370 0.026s
2025-12-12 13:52:36.046 65431 INFO tempest.lib.common.rest_client [req-fa3e2ecd-0fe8-4dae-b651-b5c0697c68f5 req-fa3e2ecd-0fe8-4dae-b651-b5c0697c68f5 ] Request (MigrationsAdminTest:setUpClass): 200 GET http://10.180.1.21/identity/v3/roles 0.066s
2025-12-12 13:52:36.068 65431 INFO tempest.lib.common.rest_client [req-a175e97f-2272-487d-85b0-116e5744eb81 req-a175e97f-2272-487d-85b0-116e5744eb81 ] Request (MigrationsAdminTest:setUpClass): 204 PUT http://10.180.1.21/identity/v3/projects/999f29234fdf4ea499ef98e861d5ee95/users/7d1a5acc74c949c28e872ca94e5dd679/roles/bc3fdee00fe5453e97786e0cbb138370 0.021s
2025-12-12 13:52:36.068 65431 INFO tempest.lib.common.dynamic_creds [-] Dynamic test user 7d1a5acc74c949c28e872ca94e5dd679 is created with scope project and roles: ['admin']
2025-12-12 13:52:36.068 65431 INFO tempest.lib.common.dynamic_creds [-] Acquired dynamic creds: credentials: Credentials: {'domain_id': 'default', 'domain_name': 'Default', 'username': 'tempest-MigrationsAdminTest-301197944-project-admin', 'project_domain_id': 'default', 'project_domain_name': 'Default', 'project_id': '999f29234fdf4ea499ef98e861d5ee95', 'project_name': 'tempest-MigrationsAdminTest-301197944', 'tenant_id': '999f29234fdf4ea499ef98e861d5ee95', 'tenant_name': 'tempest-MigrationsAdminTest-301197944', 'user_domain_id': 'default', 'user_domain_name': 'Default', 'user_id': '7d1a5acc74c949c28e872ca94e5dd679', 'system': None}, Network: None, Subnet: None, Router: None
2025-12-12 13:52:36.068 65431 INFO tempest.lib.common.dynamic_creds [-] Created isolated network resources for: credentials: Credentials: {'domain_id': 'default', 'domain_name': 'Default', 'username': 'tempest-MigrationsAdminTest-301197944-project-admin', 'project_domain_id': 'default', 'project_domain_name': 'Default', 'project_id': '999f29234fdf4ea499ef98e861d5ee95', 'project_name': 'tempest-MigrationsAdminTest-301197944', 'tenant_id': '999f29234fdf4ea499ef98e861d5ee95', 'tenant_name': 'tempest-MigrationsAdminTest-301197944', 'user_domain_id': 'default', 'user_domain_name': 'Default', 'user_id': '7d1a5acc74c949c28e872ca94e5dd679', 'system': None}, Network: None, Subnet: None, Router: None
2025-12-12 13:52:36.168 65431 INFO tempest.lib.common.rest_client [req-ada29f82-9cda-47f6-b821-72704168658b req-ada29f82-9cda-47f6-b821-72704168658b ] Request (MigrationsAdminTest:setUpClass): 201 POST http://10.180.1.21/identity/v3/auth/tokens 0.097s
2025-12-12 13:52:36.190 65439 INFO tempest.lib.common.rest_client [req-35b3dda1-3ef0-4976-8dd2-49d150530479 req-35b3dda1-3ef0-4976-8dd2-49d150530479 ] Request (ServersTestBootFromVolume:setUpClass): 200 PUT http://10.180.1.21/networking/v2.0/floatingips/f00ddf96-796a-42ce-b00f-32c4461ab1e1 1.050s
2025-12-12 13:52:36.226 65431 INFO tempest.lib.common.rest_client [req-76a2ca5f-e198-4e10-83c6-e53ab372444f req-76a2ca5f-e198-4e10-83c6-e53ab372444f ] Request (MigrationsAdminTest:setUpClass): 200 GET http://10.180.1.21/identity/v3/projects/eee81560fdd54d57970bdf27df4b30f4 0.057s
2025-12-12 13:52:36.226 65431 INFO tempest.lib.common.dynamic_creds [-] Using the existing project eee81560fdd54d57970bdf27df4b30f4 for scope project and roles: ['manager']
2025-12-12 13:52:36.256 65489 WARNING tempest.lib.common.ssh [-] Failed to establish authenticated ssh connection to cirros@10.180.180.150 ([Errno None] Unable to connect to port 22 on 10.180.180.150). Number attempts: 4. Retry after 5 seconds.: paramiko.ssh_exception.NoValidConnectionsError: [Errno None] Unable to connect to port 22 on 10.180.180.150
2025-12-12 13:52:36.268 65431 INFO tempest.lib.common.rest_client [req-c5111b22-2bc2-46c7-9fdb-f1d6a26a1cdf req-c5111b22-2bc2-46c7-9fdb-f1d6a26a1cdf ] Request (MigrationsAdminTest:setUpClass): 201 POST http://10.180.1.21/identity/v3/users 0.040s
2025-12-12 13:52:36.276 65451 INFO tempest.lib.common.rest_client [req-3fd5da6e-9379-4ec7-b9cf-8093978f3cf8 req-3fd5da6e-9379-4ec7-b9cf-8093978f3cf8 ] Request (SecurityGroupRulesNegativeTestJSON:test_create_security_group_rule_with_invalid_from_port): 400 POST http://10.180.1.21/compute/v2.1/os-security-group-rules 2.487s
2025-12-12 13:52:36.301 65431 INFO tempest.lib.common.rest_client [req-2d46008b-d05f-451d-afef-3f4dcf016b36 req-2d46008b-d05f-451d-afef-3f4dcf016b36 ] Request (MigrationsAdminTest:setUpClass): 200 GET http://10.180.1.21/identity/v3/roles 0.033s
2025-12-12 13:52:36.317 65471 INFO tempest.lib.common.rest_client [req-885e33b7-f44d-48a6-93e3-7ec8addb25c2 req-885e33b7-f44d-48a6-93e3-7ec8addb25c2 ] Request (FlavorsAdminTestJSON:test_create_list_flavor_without_extra_data): 200 POST http://10.180.1.21/compute/v2.1/flavors 2.502s
2025-12-12 13:52:36.346 65431 INFO tempest.lib.common.rest_client [req-c4d9e4e9-5c85-423e-a86e-476d1ecaccd6 req-c4d9e4e9-5c85-423e-a86e-476d1ecaccd6 ] Request (MigrationsAdminTest:setUpClass): 204 PUT http://10.180.1.21/identity/v3/projects/eee81560fdd54d57970bdf27df4b30f4/users/664b34282cc24315b589ab3eff9ed9be/roles/dddd4be786b24cd8abf1bf56d92c94ce 0.044s
2025-12-12 13:52:36.346 65431 INFO tempest.lib.common.dynamic_creds [-] Dynamic test user 664b34282cc24315b589ab3eff9ed9be is created with scope project and roles: ['manager']
2025-12-12 13:52:36.346 65431 INFO tempest.lib.common.dynamic_creds [-] Acquired dynamic creds: credentials: Credentials: {'domain_id': 'default', 'domain_name': 'Default', 'username': 'tempest-MigrationsAdminTest-1690389866-project-manager', 'project_domain_id': 'default', 'project_domain_name': 'Default', 'project_id': 'eee81560fdd54d57970bdf27df4b30f4', 'project_name': 'tempest-MigrationsAdminTest-1690389866', 'tenant_id': 'eee81560fdd54d57970bdf27df4b30f4', 'tenant_name': 'tempest-MigrationsAdminTest-1690389866', 'user_domain_id': 'default', 'user_domain_name': 'Default', 'user_id': '664b34282cc24315b589ab3eff9ed9be', 'system': None}, Network: None, Subnet: None, Router: None
2025-12-12 13:52:36.346 65431 INFO tempest.lib.common.dynamic_creds [-] Network resources are not created for requested scope: project and credentials: Credentials: {'domain_id': 'default', 'domain_name': 'Default', 'username': 'tempest-MigrationsAdminTest-1690389866-project-manager', 'project_domain_id': 'default', 'project_domain_name': 'Default', 'project_id': 'eee81560fdd54d57970bdf27df4b30f4', 'project_name': 'tempest-MigrationsAdminTest-1690389866', 'tenant_id': 'eee81560fdd54d57970bdf27df4b30f4', 'tenant_name': 'tempest-MigrationsAdminTest-1690389866', 'user_domain_id': 'default', 'user_domain_name': 'Default', 'user_id': '664b34282cc24315b589ab3eff9ed9be', 'system': None}, Network: None, Subnet: None, Router: None
2025-12-12 13:52:36.488 65441 INFO tempest.lib.common.rest_client [req-cef95d47-cf6c-430f-94be-2880ab174b9a req-cef95d47-cf6c-430f-94be-2880ab174b9a ] Request (FloatingIPsTestJSON:test_allocate_floating_ip): 200 GET http://10.180.1.21/compute/v2.1/os-floating-ips 3.129s
2025-12-12 13:52:36.493 65485 INFO tempest.lib.common.rest_client [req-3d7466eb-48c0-4a78-bb31-18b3a9419dcf req-3d7466eb-48c0-4a78-bb31-18b3a9419dcf ] Request (TenantUsagesTestJSON:tearDownClass): 200 GET http://10.180.1.21/compute/v2.1/servers/81ba41ed-99c8-457e-91c6-1b1bf383855c 2.576s
2025-12-12 13:52:36.507 65485 INFO tempest.common.waiters [-] State transition "ACTIVE/deleting" ==> "DELETED/None" after 4 second wait
2025-12-12 13:52:36.521 65431 INFO tempest.lib.common.rest_client [req-9ad40188-b7db-4060-bcfc-8ecbaa002692 req-9ad40188-b7db-4060-bcfc-8ecbaa002692 ] Request (MigrationsAdminTest:setUpClass): 201 POST http://10.180.1.21/identity/v3/auth/tokens 0.170s
2025-12-12 13:52:36.521 65431 INFO tempest.api.compute.admin.test_migrations [-] Using project manager for migrating servers, project manager user id: 664b34282cc24315b589ab3eff9ed9be
2025-12-12 13:52:36.710 65475 INFO tempest.lib.common.rest_client [req-750c455d-5e86-4e08-829a-01901cd7e412 req-750c455d-5e86-4e08-829a-01901cd7e412 ] Request (ServerActionsTestJSON:setUpClass): 200 GET http://10.180.1.21/compute/v2.1/servers/3c76b178-6ea6-457e-aaf0-4d305d30026e 2.344s
2025-12-12 13:52:36.720 65475 INFO tempest.common.waiters [-] State transition "BUILD/None" ==> "BUILD/spawning" after 16 second wait
2025-12-12 13:52:36.803 65427 INFO tempest.lib.common.rest_client [req-aa96b75c-03f6-4bba-a6d3-2ebeab439d4a req-aa96b75c-03f6-4bba-a6d3-2ebeab439d4a ] Request (ServerRescueNegativeTestJSON:setUpClass): 200 GET http://10.180.1.21/compute/v2.1/servers/0d104c56-bece-4414-94ba-039eecb4c6f9 2.790s
2025-12-12 13:52:36.815 65483 INFO tempest.lib.common.rest_client [req-2a053f1f-88da-41ff-b156-018bb5994793 req-2a053f1f-88da-41ff-b156-018bb5994793 ] Request (QuotasAdminNegativeTest:test_update_quota_normal_user): 403 PUT http://10.180.1.21/compute/v2.1/os-quota-sets/993e416e5d1b4e12a13059c733621bec 2.091s
2025-12-12 13:52:36.828 65474 INFO tempest.lib.common.rest_client [req-14d67c72-d3e2-40d6-9693-b772f2533087 req-14d67c72-d3e2-40d6-9693-b772f2533087 ] Request (ServersListShow2100Test:test_list_show_rebuild_update_server_2100): 200 GET http://10.180.1.21/compute/v2.1/servers/740ca3d3-cfb2-4657-b6a3-26a344f2e97a 2.260s
2025-12-12 13:52:36.885 65467 WARNING tempest.lib.common.ssh [-] Failed to establish authenticated ssh connection to cirros@10.180.180.192 ([Errno None] Unable to connect to port 22 on 10.180.180.192). Number attempts: 1. Retry after 2 seconds.: paramiko.ssh_exception.NoValidConnectionsError: [Errno None] Unable to connect to port 22 on 10.180.180.192
2025-12-12 13:52:36.900 65461 INFO tempest.lib.common.rest_client [req-ff2a6090-ca2a-498b-8e84-34eea766e177 req-ff2a6090-ca2a-498b-8e84-34eea766e177 ] Request (ServerGroupTestJSON:test_create_delete_server_group_with_affinity_policy): 200 POST http://10.180.1.21/compute/v2.1/os-server-groups 2.033s
2025-12-12 13:52:36.919 65433 INFO tempest.lib.common.rest_client [req-eefc9a62-5056-4b91-99af-99641666685f req-eefc9a62-5056-4b91-99af-99641666685f ] Request (AggregatesAdminNegativeTestJSON:_run_cleanups): 200 DELETE http://10.180.1.21/compute/v2.1/os-aggregates/4 2.036s
2025-12-12 13:52:36.954 65483 INFO tempest.lib.common.rest_client [req-cee2a68f-7379-4b4e-9943-c70b4e97de4f req-cee2a68f-7379-4b4e-9943-c70b4e97de4f ] Request (QuotasAdminNegativeTest:tearDownClass): 204 DELETE http://10.180.1.21/identity/v3/users/ec31bbacbd964ae4be45700dea5b5be1 0.136s
2025-12-12 13:52:36.957 65457 INFO tempest.lib.common.rest_client [req-272ae33c-a75f-40f9-8050-ec1d52c86131 req-272ae33c-a75f-40f9-8050-ec1d52c86131 ] Request (ImagesOneServerNegativeTestJSON:setUpClass): 200 GET http://10.180.1.21/compute/v2.1/servers/deea1f6c-7257-476f-95d3-4dae79967f5b 2.105s
2025-12-12 13:52:36.965 65457 INFO tempest.common.waiters [-] State transition "BUILD/spawning" ==> "ACTIVE/None" after 24 second wait
2025-12-12 13:52:36.974 65435 INFO tempest.lib.common.rest_client [req-d7731ca8-a23a-4193-8263-458c5f86cabd req-d7731ca8-a23a-4193-8263-458c5f86cabd ] Request (ServerAddressesTestJSON:setUpClass): 200 GET http://10.180.1.21/compute/v2.1/servers/03c612bd-f382-4385-877f-f2b733a1965a 2.056s
2025-12-12 13:52:37.017 65463 INFO tempest.lib.common.rest_client [req-a33e97a0-ea18-4ff7-8932-8fc2110110c8 req-a33e97a0-ea18-4ff7-8932-8fc2110110c8 ] Request (ImagesMetadataTestJSON:test_list_image_metadata): 200 GET http://10.180.1.21/compute/v2.1/images/ed256d23-1f00-4457-8e4b-0833e71de3da/metadata 1.994s
2025-12-12 13:52:37.020 65443 INFO tempest.lib.common.rest_client [req-05838902-ee38-48cd-8b51-7c415fb43609 req-05838902-ee38-48cd-8b51-7c415fb43609 ] Request (DeleteServersAdminTestJSON:test_delete_server_while_in_error_state): 200 GET http://10.180.1.21/compute/v2.1/servers/d925bac4-cc0f-49d1-95cd-8fc6cc19288d 2.054s
2025-12-12 13:52:37.079 65483 INFO tempest.lib.common.rest_client [req-f3cb03fd-ff79-4bf2-8f12-2e2021f4fcfe req-f3cb03fd-ff79-4bf2-8f12-2e2021f4fcfe ] Request (QuotasAdminNegativeTest:tearDownClass): 204 DELETE http://10.180.1.21/identity/v3/users/761e0a5b279e46f7a42166f607a8cbc0 0.124s
2025-12-12 13:52:37.079 65483 INFO tempest.lib.common.dynamic_creds [-] Deleting project and security group for project: d56088a55e1d476fa7e5fdd0ee724cc1
2025-12-12 13:52:37.096 65459 INFO tempest.lib.common.rest_client [req-ca752bd1-34eb-4322-b35b-8ebab7eb5615 req-ca752bd1-34eb-4322-b35b-8ebab7eb5615 ] Request (ServersTestMultiNic:_run_cleanups): 200 GET http://10.180.1.21/compute/v2.1/servers/0cc17f86-a471-41d2-90c1-99c3eafef9da 2.029s
2025-12-12 13:52:37.176 65483 INFO tempest.lib.common.rest_client [req-a385c084-a2b2-4f09-aaf9-bab0f68c7380 req-a385c084-a2b2-4f09-aaf9-bab0f68c7380 ] Request (QuotasAdminNegativeTest:tearDownClass): 201 POST http://10.180.1.21/identity/v3/auth/tokens 0.096s
2025-12-12 13:52:37.209 65481 INFO tempest.lib.common.rest_client [req-febb0b25-0cc3-4ff6-9e3a-d323166fb524 req-febb0b25-0cc3-4ff6-9e3a-d323166fb524 ] Request (ServerRescueTestJSON:setUpClass): 200 GET http://10.180.1.21/compute/v2.1/servers/67fb71b9-8b3d-42af-837a-159c22de081c 2.154s
2025-12-12 13:52:37.281 65479 INFO tempest.lib.common.rest_client [req-94ecb083-d9e0-4d81-89a3-2a9f08d60e5c req-94ecb083-d9e0-4d81-89a3-2a9f08d60e5c ] Request (InstanceActionsV221TestJSON:test_get_list_deleted_instance_actions): 200 GET http://10.180.1.21/compute/v2.1/servers/fd02382a-a8c3-470c-8dd4-2169038cb467 2.117s
2025-12-12 13:52:37.290 65479 INFO tempest.common.waiters [-] State transition "ACTIVE/deleting" ==> "DELETED/None" after 3 second wait
2025-12-12 13:52:37.418 65483 INFO tempest.lib.common.rest_client [req-e604aa27-d56b-441c-b3e0-d4047060dcff req-e604aa27-d56b-441c-b3e0-d4047060dcff ] Request (QuotasAdminNegativeTest:tearDownClass): 200 GET http://10.180.1.21/networking/v2.0/security-groups?tenant_id=d56088a55e1d476fa7e5fdd0ee724cc1&name=default 0.242s
2025-12-12 13:52:37.458 65437 INFO tempest.lib.common.rest_client [req-a0d4f8be-f138-4234-b7b6-9145f6dc417b req-a0d4f8be-f138-4234-b7b6-9145f6dc417b ] Request (ServersWithSpecificFlavorTestJSON:test_verify_created_server_ephemeral_disk): 200 GET http://10.180.1.21/compute/v2.1/servers/270506e4-395a-41db-9447-c154a5a04413 2.140s
2025-12-12 13:52:37.538 65483 INFO tempest.lib.common.rest_client [req-889b276a-6cef-4116-aeb8-a55c774a4b47 req-889b276a-6cef-4116-aeb8-a55c774a4b47 ] Request (QuotasAdminNegativeTest:tearDownClass): 204 DELETE http://10.180.1.21/networking/v2.0/security-groups/bcbd2bdd-d088-4898-b63b-17007a251652 0.119s
2025-12-12 13:52:37.543 65429 INFO tempest.lib.common.rest_client [req-f0515cb5-e883-4e7e-9a6a-6b8198206e7e req-f0515cb5-e883-4e7e-9a6a-6b8198206e7e ] Request (ListServerFiltersTestJSON:test_list_servers_detailed_filter_by_flavor): 200 GET http://10.180.1.21/compute/v2.1/servers/detail?flavor=84 2.438s
2025-12-12 13:52:37.628 65483 INFO tempest.lib.common.rest_client [req-af284b76-aa97-4eb2-90c7-eeaeb4668b08 req-af284b76-aa97-4eb2-90c7-eeaeb4668b08 ] Request (QuotasAdminNegativeTest:tearDownClass): 204 DELETE http://10.180.1.21/identity/v3/projects/d56088a55e1d476fa7e5fdd0ee724cc1 0.089s
2025-12-12 13:52:37.628 65483 INFO tempest.lib.common.dynamic_creds [-] Deleting project and security group for project: 993e416e5d1b4e12a13059c733621bec
2025-12-12 13:52:37.653 65456 INFO tempest.lib.common.rest_client [req-8adfb8c2-2926-4fc6-b147-1db7785a449e req-8adfb8c2-2926-4fc6-b147-1db7785a449e ] Request (FloatingIPsAssociationNegativeTestJSON:setUpClass): 200 GET http://10.180.1.21/compute/v2.1/servers/0fde75fc-5492-4222-9d83-9caafab8e120 2.311s
2025-12-12 13:52:37.677 65477 INFO tempest.lib.common.rest_client [req-b34de308-ca0f-4d3f-b843-939cc82d06e4 req-b34de308-ca0f-4d3f-b843-939cc82d06e4 ] Request (QuotasAdminTestJSON:test_get_updated_quotas): 200 GET http://10.180.1.21/compute/v2.1/os-quota-sets/6be7aba4dfe342b48cff1bb731140003?user_id=b540b470df5a4257837a8615ad027e34 2.302s
2025-12-12 13:52:37.727 65447 INFO tempest.lib.common.rest_client [req-e3a0e24a-fa0b-4cd9-9bb3-fce7a35aa5b6 req-e3a0e24a-fa0b-4cd9-9bb3-fce7a35aa5b6 ] Request (FloatingIPsAssociationTestJSON:test_associate_already_associated_floating_ip): 200 GET http://10.180.1.21/compute/v2.1/servers/f5273e06-6b98-4b46-ae12-41b06090ec05 2.271s
2025-12-12 13:52:37.745 65465 INFO tempest.lib.common.rest_client [req-cc7511a8-defe-48a0-b55d-5a356cd9894b req-cc7511a8-defe-48a0-b55d-5a356cd9894b ] Request (InstanceActionsTestJSON:setUpClass): 200 GET http://10.180.1.21/compute/v2.1/servers/2aaebbf2-46fa-474b-881a-df9a574cc3a0 1.999s
2025-12-12 13:52:37.752 65465 INFO tempest.common.waiters [-] State transition "BUILD/scheduling" ==> "BUILD/None" after 3 second wait
2025-12-12 13:52:37.764 65483 INFO tempest.lib.common.rest_client [req-b4153f33-18a2-4ca8-9a80-53177c6475cb req-b4153f33-18a2-4ca8-9a80-53177c6475cb ] Request (QuotasAdminNegativeTest:tearDownClass): 200 GET http://10.180.1.21/networking/v2.0/security-groups?tenant_id=993e416e5d1b4e12a13059c733621bec&name=default 0.136s
2025-12-12 13:52:37.771 65477 INFO tempest.lib.common.rest_client [req-3f8411a4-a772-4755-9d96-640d1901180f req-3f8411a4-a772-4755-9d96-640d1901180f ] Request (QuotasAdminTestJSON:_run_cleanups): 204 DELETE http://10.180.1.21/identity/v3/users/b540b470df5a4257837a8615ad027e34 0.091s
2025-12-12 13:52:37.773 65445 INFO tempest.lib.common.rest_client [req-b637df7a-91d4-4bd9-8f36-1089f61508ee req-b637df7a-91d4-4bd9-8f36-1089f61508ee ] Request (ServerDiagnosticsTest:tearDownClass): 404 GET http://10.180.1.21/compute/v2.1/servers/a207bc5a-786b-46f2-8e55-b6019d3fd65d 1.910s
2025-12-12 13:52:37.803 65449 INFO tempest.lib.common.rest_client [req-42b8101f-ab4c-4b99-8fd6-2af02de27511 req-42b8101f-ab4c-4b99-8fd6-2af02de27511 ] Request (ServerDiagnosticsV248Test:tearDownClass): 200 GET http://10.180.1.21/compute/v2.1/servers/d1d4f7fe-f2c0-4dc9-a5f1-73806f2fa8b3 1.947s
2025-12-12 13:52:37.811 65451 INFO tempest.lib.common.rest_client [req-689795c6-2458-435a-8606-31c9c687a9ad req-689795c6-2458-435a-8606-31c9c687a9ad ] Request (SecurityGroupRulesNegativeTestJSON:test_create_security_group_rule_with_invalid_id): 400 POST http://10.180.1.21/compute/v2.1/os-security-group-rules 1.533s
2025-12-12 13:52:37.823 65471 INFO tempest.lib.common.rest_client [req-ffae7680-c7c9-42e8-90bb-a88deefc8173 req-ffae7680-c7c9-42e8-90bb-a88deefc8173 ] Request (FlavorsAdminTestJSON:test_create_list_flavor_without_extra_data): 200 GET http://10.180.1.21/compute/v2.1/flavors/1541423477 1.504s
2025-12-12 13:52:37.865 65483 INFO tempest.lib.common.rest_client [req-b68196fa-b89d-4f57-9be4-d42a9f48b44a req-b68196fa-b89d-4f57-9be4-d42a9f48b44a ] Request (QuotasAdminNegativeTest:tearDownClass): 204 DELETE http://10.180.1.21/networking/v2.0/security-groups/578f092e-09a4-4c03-8688-d8e39291dd5e 0.100s
2025-12-12 13:52:37.872 65445 INFO tempest.lib.common.rest_client [req-fc5c48bc-532c-44f5-b06a-6f607bc34e46 req-fc5c48bc-532c-44f5-b06a-6f607bc34e46 ] Request (ServerDiagnosticsTest:tearDownClass): 204 DELETE http://10.180.1.21/identity/v3/users/dd4b9d54fc2a4aecac99bbbba6369ff4 0.099s
2025-12-12 13:52:37.886 65477 INFO tempest.lib.common.rest_client [req-29c30894-1c18-4229-b35c-22bd11a0f1a2 req-29c30894-1c18-4229-b35c-22bd11a0f1a2 ] Request (QuotasAdminTestJSON:_run_cleanups): 204 DELETE http://10.180.1.21/identity/v3/projects/6be7aba4dfe342b48cff1bb731140003 0.114s
2025-12-12 13:52:37.928 65439 INFO tempest.lib.common.rest_client [req-2eeb8989-9a97-44f4-b3bd-1b1a4153ad71 req-2eeb8989-9a97-44f4-b3bd-1b1a4153ad71 ] Request (ServersTestBootFromVolume:setUpClass): 200 GET http://10.180.1.21/compute/v2.1/servers/8bfe561c-90df-4c6a-be26-42741418c611 1.737s
2025-12-12 13:52:37.941 65439 INFO tempest.lib.common.ssh [-] Creating ssh connection to '10.180.180.152:22' as 'cirros' with public key authentication
2025-12-12 13:52:37.970 65487 WARNING tempest.lib.common.ssh [-] Failed to establish authenticated ssh connection to cirros@10.180.180.167 ([Errno None] Unable to connect to port 22 on 10.180.180.167). Number attempts: 3. Retry after 4 seconds.: paramiko.ssh_exception.NoValidConnectionsError: [Errno None] Unable to connect to port 22 on 10.180.180.167
2025-12-12 13:52:38.008 65483 INFO tempest.lib.common.rest_client [req-9f4c8976-70b6-44f8-8a18-591d42fd03d3 req-9f4c8976-70b6-44f8-8a18-591d42fd03d3 ] Request (QuotasAdminNegativeTest:tearDownClass): 204 DELETE http://10.180.1.21/identity/v3/projects/993e416e5d1b4e12a13059c733621bec 0.143s
2025-12-12 13:52:38.014 65445 INFO tempest.lib.common.rest_client [req-062ef797-0b06-489c-9fbe-3be6fc15986f req-062ef797-0b06-489c-9fbe-3be6fc15986f ] Request (ServerDiagnosticsTest:tearDownClass): 204 DELETE http://10.180.1.21/identity/v3/users/b2a49097f625466f92c2664d34a804ee 0.142s
2025-12-12 13:52:38.015 65445 INFO tempest.lib.common.dynamic_creds [-] Deleting project and security group for project: 65ece0a56c014bd3a75ac608225f7545
2025-12-12 13:52:38.079 65483 INFO tempest.lib.common.rest_client [req-400eaceb-a222-4bcd-9463-3b7e4830d007 req-400eaceb-a222-4bcd-9463-3b7e4830d007 ] Request (ServerDiskConfigTestJSON:setUpClass): 201 POST http://10.180.1.21/identity/v3/auth/tokens 0.068s
2025-12-12 13:52:38.106 65445 INFO tempest.lib.common.rest_client [req-9335779c-9fbb-420d-8c9b-e80cffea2517 req-9335779c-9fbb-420d-8c9b-e80cffea2517 ] Request (ServerDiagnosticsTest:tearDownClass): 201 POST http://10.180.1.21/identity/v3/auth/tokens 0.091s
2025-12-12 13:52:38.133 65483 INFO tempest.lib.common.rest_client [req-44e829f4-416e-44d1-8236-2c7a17b2aa7b req-44e829f4-416e-44d1-8236-2c7a17b2aa7b ] Request (ServerDiskConfigTestJSON:setUpClass): 201 POST http://10.180.1.21/identity/v3/auth/tokens 0.050s
2025-12-12 13:52:38.157 65483 INFO tempest.lib.common.rest_client [req-f081f525-e99b-4356-a072-f32385c90c43 req-f081f525-e99b-4356-a072-f32385c90c43 ] Request (ServerDiskConfigTestJSON:setUpClass): 200 GET http://10.180.1.21/identity/v3/domains?name=Default 0.024s
2025-12-12 13:52:38.168 65431 INFO tempest.lib.common.rest_client [req-f1e022a4-f034-4e29-bddc-7368ff09c96d req-f1e022a4-f034-4e29-bddc-7368ff09c96d ] Request (MigrationsAdminTest:test_list_migrations): 200 GET http://10.180.1.21/compute/v2.1/os-migrations 1.642s
2025-12-12 13:52:38.189 65483 INFO tempest.lib.common.rest_client [req-958c07c9-c45b-44cc-9d3c-105a7e7e0bb9 req-958c07c9-c45b-44cc-9d3c-105a7e7e0bb9 ] Request (ServerDiskConfigTestJSON:setUpClass): 201 POST http://10.180.1.21/identity/v3/projects 0.031s
2025-12-12 13:52:38.232 65445 INFO tempest.lib.common.rest_client [req-79e5cf3e-ebcc-4f2e-83c7-b9b8e7909306 req-79e5cf3e-ebcc-4f2e-83c7-b9b8e7909306 ] Request (ServerDiagnosticsTest:tearDownClass): 200 GET http://10.180.1.21/networking/v2.0/security-groups?tenant_id=65ece0a56c014bd3a75ac608225f7545&name=default 0.126s
2025-12-12 13:52:38.247 65431 INFO tempest.lib.common.rest_client [req-68bc37f1-fa1c-4a48-bfa3-bf8bdab1ea64 req-68bc37f1-fa1c-4a48-bfa3-bf8bdab1ea64 ] Request (MigrationsAdminTest:test_list_migrations_in_flavor_resize_situation): 201 POST http://10.180.1.21/identity/v3/auth/tokens 0.071s
2025-12-12 13:52:38.250 65431 INFO tempest.lib.common.fixed_network [-] (MigrationsAdminTest:test_list_migrations_in_flavor_resize_situation) Found network None available for tenant
2025-12-12 13:52:38.257 65441 INFO tempest.lib.common.rest_client [req-e487e872-1f8b-47e2-8737-974bf8e1c133 req-e487e872-1f8b-47e2-8737-974bf8e1c133 ] Request (FloatingIPsTestJSON:_run_cleanups): 202 DELETE http://10.180.1.21/compute/v2.1/os-floating-ips/a8416a3f-14ac-46a3-8103-653d7449e704 1.766s
2025-12-12 13:52:38.262 65483 INFO tempest.lib.common.rest_client [req-fc4a8241-d59f-4f0a-8a96-fef05c40ff30 req-fc4a8241-d59f-4f0a-8a96-fef05c40ff30 ] Request (ServerDiskConfigTestJSON:setUpClass): 201 POST http://10.180.1.21/identity/v3/users 0.072s
2025-12-12 13:52:38.304 65483 INFO tempest.lib.common.rest_client [req-09b0481c-eaf8-4700-9e98-bd44a2b6d12c req-09b0481c-eaf8-4700-9e98-bd44a2b6d12c ] Request (ServerDiskConfigTestJSON:setUpClass): 200 GET http://10.180.1.21/identity/v3/roles 0.040s
2025-12-12 13:52:38.304 65461 INFO tempest.lib.common.rest_client [req-efbd1405-385b-469a-97f8-d7c3c31f1b4d req-efbd1405-385b-469a-97f8-d7c3c31f1b4d ] Request (ServerGroupTestJSON:test_create_delete_server_group_with_affinity_policy): 204 DELETE http://10.180.1.21/compute/v2.1/os-server-groups/b88ff763-afc5-4f45-8bc7-76c4d22fcf27 1.401s
2025-12-12 13:52:38.330 65433 INFO tempest.lib.common.rest_client [req-535fdbf5-fd79-49ee-a944-643840b1ae5f req-535fdbf5-fd79-49ee-a944-643840b1ae5f ] Request (AggregatesAdminNegativeTestJSON:test_aggregate_delete_as_user): 200 POST http://10.180.1.21/compute/v2.1/os-aggregates 1.410s
2025-12-12 13:52:38.382 65483 INFO tempest.lib.common.rest_client [req-aa4ed320-4746-4ba8-bc96-cc18a3a9afd1 req-aa4ed320-4746-4ba8-bc96-cc18a3a9afd1 ] Request (ServerDiskConfigTestJSON:setUpClass): 204 PUT http://10.180.1.21/identity/v3/projects/fdfe44e3b85043219a49a3e1515a82c0/users/74703b1f213746e0a597ab93ba49205e/roles/9ad29f3316984aa683002f0094c633be 0.077s
2025-12-12 13:52:38.382 65483 INFO tempest.lib.common.dynamic_creds [-] Dynamic test user 74703b1f213746e0a597ab93ba49205e is created with scope project and roles: ['member']
2025-12-12 13:52:38.382 65483 INFO tempest.lib.common.dynamic_creds [-] Acquired dynamic creds: credentials: Credentials: {'domain_id': 'default', 'domain_name': 'Default', 'username': 'tempest-ServerDiskConfigTestJSON-479089368-project-member', 'project_domain_id': 'default', 'project_domain_name': 'Default', 'project_id': 'fdfe44e3b85043219a49a3e1515a82c0', 'project_name': 'tempest-ServerDiskConfigTestJSON-479089368', 'tenant_id': 'fdfe44e3b85043219a49a3e1515a82c0', 'tenant_name': 'tempest-ServerDiskConfigTestJSON-479089368', 'user_domain_id': 'default', 'user_domain_name': 'Default', 'user_id': '74703b1f213746e0a597ab93ba49205e', 'system': None}, Network: None, Subnet: None, Router: None
2025-12-12 13:52:38.430 65445 INFO tempest.lib.common.rest_client [req-4ef5bfc7-aed6-4032-888b-9c8e3b2f1c6e req-4ef5bfc7-aed6-4032-888b-9c8e3b2f1c6e ] Request (ServerDiagnosticsTest:tearDownClass): 204 DELETE http://10.180.1.21/networking/v2.0/security-groups/243437f2-eb53-4ecd-a452-e0453f922776 0.197s
2025-12-12 13:52:38.485 65483 INFO tempest.lib.common.rest_client [req-b458861d-a57e-46eb-8b22-cef62e025310 req-b458861d-a57e-46eb-8b22-cef62e025310 ] Request (ServerDiskConfigTestJSON:setUpClass): 201 POST http://10.180.1.21/identity/v3/auth/tokens 0.102s
2025-12-12 13:52:38.533 65457 INFO tempest.lib.common.rest_client [req-b7d675ce-ca5f-404a-90fb-e193f359d5bc req-b7d675ce-ca5f-404a-90fb-e193f359d5bc ] Request (ImagesOneServerNegativeTestJSON:setUp): 200 GET http://10.180.1.21/compute/v2.1/servers/deea1f6c-7257-476f-95d3-4dae79967f5b 1.568s
2025-12-12 13:52:38.548 65445 INFO tempest.lib.common.rest_client [req-e136974a-ecd7-48a8-adbe-ffde3061e9b9 req-e136974a-ecd7-48a8-adbe-ffde3061e9b9 ] Request (ServerDiagnosticsTest:tearDownClass): 204 DELETE http://10.180.1.21/identity/v3/projects/65ece0a56c014bd3a75ac608225f7545 0.117s
2025-12-12 13:52:38.548 65445 INFO tempest.lib.common.dynamic_creds [-] Deleting project and security group for project: 682ca37cdc454c2babdc0bc8deb0117a
2025-12-12 13:52:38.553 65474 INFO tempest.lib.common.rest_client [req-a9a05563-9255-405a-9542-73fb5f6e2233 req-a9a05563-9255-405a-9542-73fb5f6e2233 ] Request (ServersListShow2100Test:test_list_show_rebuild_update_server_2100): 202 POST http://10.180.1.21/compute/v2.1/servers/740ca3d3-cfb2-4657-b6a3-26a344f2e97a/action 1.704s
2025-12-12 13:52:38.651 65445 INFO tempest.lib.common.rest_client [req-d5d35a97-779d-46d1-909a-f70bf43a4580 req-d5d35a97-779d-46d1-909a-f70bf43a4580 ] Request (ServerDiagnosticsTest:tearDownClass): 200 GET http://10.180.1.21/networking/v2.0/security-groups?tenant_id=682ca37cdc454c2babdc0bc8deb0117a&name=default 0.102s
