2025-12-12 13:54:06.496 65451 INFO tempest.lib.common.rest_client [req-096aedfd-4f40-4847-86bd-f7846e53ce40 req-096aedfd-4f40-4847-86bd-f7846e53ce40 ] Request (ServerMetadataNegativeTestJSON:setUpClass): 200 GET http://10.180.1.21/compute/v2.1/servers/896c6995-fef5-44b9-bd1f-a339a4045054 4.794s
2025-12-12 13:54:06.540 65459 INFO tempest.lib.common.rest_client [req-c9343aea-c2c8-41ed-8f81-cd1a99c82597 req-c9343aea-c2c8-41ed-8f81-cd1a99c82597 ] Request (ServersTestMultiNic:_run_cleanups): 200 GET http://10.180.1.21/compute/v2.1/servers/024b7538-5ab5-4402-afc4-423ddca68f3f 4.333s
2025-12-12 13:54:06.562 65445 INFO tempest.lib.common.rest_client [req-ab56c831-ccae-4d53-8f42-67eb87f2acc7 req-ab56c831-ccae-4d53-8f42-67eb87f2acc7 ] Request (ImagesOneServerTestJSON:test_create_delete_image): 200 GET http://10.180.1.21/compute/v2.1/images/c3b4bc31-e22a-4cd2-8284-3622f40f552b 4.304s
2025-12-12 13:54:06.571 65485 INFO tempest.lib.common.rest_client [req-e90ccd24-7fc1-4ee5-85bd-773b629e93a2 req-e90ccd24-7fc1-4ee5-85bd-773b629e93a2 ] Request (ImagesNegativeTestJSON:test_create_image_specify_uuid_35_characters_or_less): 404 POST http://10.180.1.21/compute/v2.1/servers/aaaaaaaaaaaaaaaaaaaaaaaaaaaaaaaaaaa/action 4.304s
2025-12-12 13:54:06.577 65456 INFO tempest.lib.common.rest_client [req-d331e16b-fcc8-4672-a305-65cac2ad445c req-d331e16b-fcc8-4672-a305-65cac2ad445c ] Request (ImagesTestJSON:setUpClass): 201 POST http://10.180.1.21/identity/v3/auth/tokens 0.129s
2025-12-12 13:54:06.618 65477 INFO tempest.lib.common.rest_client [req-b01fdcef-0165-4389-9c0c-e51493dc7562 req-b01fdcef-0165-4389-9c0c-e51493dc7562 ] Request (VolumesAdminNegativeTest:setUpClass): 200 PUT http://10.180.1.21/networking/v2.0/routers/5712baa0-235b-4fe8-beca-c5d9d48f00dd/add_router_interface 1.114s
2025-12-12 13:54:06.618 65477 INFO tempest.lib.common.dynamic_creds [-] Created isolated network resources for: credentials: Credentials: {'domain_id': 'default', 'domain_name': 'Default', 'username': 'tempest-VolumesAdminNegativeTest-1695764295-project', 'project_domain_id': 'default', 'project_domain_name': 'Default', 'project_id': '683481b43fd74ec19e4cfa27dc349208', 'project_name': 'tempest-VolumesAdminNegativeTest-1695764295', 'tenant_id': '683481b43fd74ec19e4cfa27dc349208', 'tenant_name': 'tempest-VolumesAdminNegativeTest-1695764295', 'user_domain_id': 'default', 'user_domain_name': 'Default', 'user_id': 'bf3a4d18fb62484ea9a216d04aa10584', 'system': None}, Network: {'id': 'd70d30e9-452a-4373-8acc-0380d713e138', 'name': 'tempest-VolumesAdminNegativeTest-1005807701-network', 'tenant_id': '683481b43fd74ec19e4cfa27dc349208', 'project_id': '683481b43fd74ec19e4cfa27dc349208', 'admin_state_up': True, 'mtu': 8950, 'status': 'ACTIVE', 'subnets': [], 'shared': False, 'port_security_enabled': True, 'router:external': False, 'provider:network_type': 'vlan', 'provider:physical_network': 'default', 'provider:segmentation_id': 723, 'availability_zone_hints': [], 'availability_zones': [], 'ipv4_address_scope': None, 'ipv6_address_scope': None, 'description': '', 'tags': [], 'created_at': '2025-12-12T13:54:03Z', 'updated_at': '2025-12-12T13:54:03Z', 'revision_number': 1}, Subnet: {'id': '6bf8fb5e-e0b9-46d5-89d0-80eafc52a4eb', 'name': 'tempest-VolumesAdminNegativeTest-1005807701-subnet', 'tenant_id': '683481b43fd74ec19e4cfa27dc349208', 'network_id': 'd70d30e9-452a-4373-8acc-0380d713e138', 'ip_version': 4, 'subnetpool_id': None, 'enable_dhcp': True, 'ipv6_ra_mode': None, 'ipv6_address_mode': None, 'gateway_ip': '192.168.128.1', 'cidr': '192.168.128.0/28', 'allocation_pools': [{'start': '192.168.128.2', 'end': '192.168.128.14'}], 'host_routes': [], 'dns_nameservers': [], 'description': '', 'router:external': False, 'service_types': [], 'tags': [], 'created_at': '2025-12-12T13:54:04Z', 'updated_at': '2025-12-12T13:54:04Z', 'revision_number': 0, 'project_id': '683481b43fd74ec19e4cfa27dc349208'}, Router: {'id': '5712baa0-235b-4fe8-beca-c5d9d48f00dd', 'name': 'tempest-VolumesAdminNegativeTest-1005807701-router', 'tenant_id': '683481b43fd74ec19e4cfa27dc349208', 'admin_state_up': True, 'status': 'ACTIVE', 'external_gateway_info': {'network_id': '70bd9cef-8f0e-48ad-8dcd-851a53cd468c', 'external_fixed_ips': [{'subnet_id': '531b66c9-bd4c-4453-baf4-47f1e86773b6', 'ip_address': '10.180.180.175'}], 'enable_snat': True}, 'description': '', 'availability_zones': [], 'distributed': False, 'ha': False, 'availability_zone_hints': [], 'routes': [], 'flavor_id': None, 'tags': [], 'created_at': '2025-12-12T13:54:04Z', 'updated_at': '2025-12-12T13:54:05Z', 'revision_number': 2, 'project_id': '683481b43fd74ec19e4cfa27dc349208'}
2025-12-12 13:54:06.626 65456 INFO tempest.lib.common.rest_client [req-8f3de6a7-8685-479a-b760-bf18baf892c3 req-8f3de6a7-8685-479a-b760-bf18baf892c3 ] Request (ImagesTestJSON:test_create_image_from_stopped_server): 201 POST http://10.180.1.21/identity/v3/auth/tokens 0.045s
2025-12-12 13:54:06.627 65456 INFO tempest.lib.common.fixed_network [-] (ImagesTestJSON:test_create_image_from_stopped_server) Found network {'id': '4c5eb621-a534-467b-87c2-fe04b1885b4c', 'name': 'tempest-ImagesTestJSON-318657502-network', 'tenant_id': '2249e1f71db248f38994d05289d204d4', 'project_id': '2249e1f71db248f38994d05289d204d4', 'admin_state_up': True, 'mtu': 8950, 'status': 'ACTIVE', 'subnets': [], 'shared': False, 'port_security_enabled': True, 'router:external': False, 'provider:network_type': 'vlan', 'provider:physical_network': 'default', 'provider:segmentation_id': 908, 'availability_zone_hints': [], 'availability_zones': [], 'ipv4_address_scope': None, 'ipv6_address_scope': None, 'description': '', 'tags': [], 'created_at': '2025-12-12T13:54:03Z', 'updated_at': '2025-12-12T13:54:03Z', 'revision_number': 1} available for tenant
2025-12-12 13:54:06.644 65463 INFO tempest.lib.common.rest_client [req-794b738c-7afd-41f8-8225-8387a4dfb747 req-794b738c-7afd-41f8-8225-8387a4dfb747 ] Request (ServerTagsTestJSON:test_delete_all_tags): 201 PUT http://10.180.1.21/compute/v2.1/servers/548bc7bb-3951-4430-8a63-cf8e5b960273/tags/tempest-tag-965656919 4.384s
2025-12-12 13:54:06.678 65447 INFO tempest.lib.common.rest_client [req-13d3f425-8127-45fe-83b6-1e468193d562 req-13d3f425-8127-45fe-83b6-1e468193d562 ] Request (FloatingIPsAssociationTestJSON:tearDownClass): 404 GET http://10.180.1.21/compute/v2.1/servers/f5273e06-6b98-4b46-ae12-41b06090ec05 4.315s
2025-12-12 13:54:06.736 65477 INFO tempest.lib.common.rest_client [req-16d30ebd-745e-4972-970f-47a48dfcdf36 req-16d30ebd-745e-4972-970f-47a48dfcdf36 ] Request (VolumesAdminNegativeTest:setUpClass): 201 POST http://10.180.1.21/identity/v3/auth/tokens 0.113s
2025-12-12 13:54:06.740 65427 INFO tempest.lib.common.rest_client [req-9deddf4c-495d-4a9f-a26f-57ebd0da6f17 req-9deddf4c-495d-4a9f-a26f-57ebd0da6f17 ] Request (ServerRescueNegativeTestJSON:test_rescued_vm_detach_volume): 200 GET http://10.180.1.21/compute/v2.1/servers/5a815e26-d68e-4a05-97ee-2edafcd64e68 4.448s
2025-12-12 13:54:06.811 65477 INFO tempest.lib.common.rest_client [req-b1cb5553-5cdf-4266-a025-549535d50a7d req-b1cb5553-5cdf-4266-a025-549535d50a7d ] Request (VolumesAdminNegativeTest:test_update_attached_volume_with_nonexistent_volume_in_uri): 201 POST http://10.180.1.21/identity/v3/auth/tokens 0.065s
2025-12-12 13:54:06.812 65477 INFO tempest.lib.common.fixed_network [-] (VolumesAdminNegativeTest:test_update_attached_volume_with_nonexistent_volume_in_uri) Found network {'id': '5be957dd-47cd-4e97-80c5-206f0362e68c', 'name': 'tempest-VolumesAdminNegativeTest-409086985-network', 'tenant_id': '810aa2c5f80441018d3956c187aff529', 'project_id': '810aa2c5f80441018d3956c187aff529', 'admin_state_up': True, 'mtu': 8950, 'status': 'ACTIVE', 'subnets': [], 'shared': False, 'port_security_enabled': True, 'router:external': False, 'provider:network_type': 'vlan', 'provider:physical_network': 'default', 'provider:segmentation_id': 871, 'availability_zone_hints': [], 'availability_zones': [], 'ipv4_address_scope': None, 'ipv6_address_scope': None, 'description': '', 'tags': [], 'created_at': '2025-12-12T13:53:55Z', 'updated_at': '2025-12-12T13:53:55Z', 'revision_number': 1} available for tenant
2025-12-12 13:54:06.816 65483 INFO tempest.lib.common.rest_client [req-0dc4c177-9542-49c4-934c-53ffaf70b48a req-0dc4c177-9542-49c4-934c-53ffaf70b48a ] Request (ServerDiskConfigTestJSON:test_rebuild_server_with_manual_disk_config): 200 GET http://10.180.1.21/compute/v2.1/servers/33938c1f-2061-4cb2-9665-5158def1fb09 4.448s
2025-12-12 13:54:06.900 65469 INFO tempest.lib.common.rest_client [req-7fdec9c6-a6e5-4d5c-8f48-62f21a32121b req-7fdec9c6-a6e5-4d5c-8f48-62f21a32121b ] Request (ServersTestFqdnHostnames:test_create_server_with_fqdn_name): 200 GET http://10.180.1.21/compute/v2.1/servers/83d12e06-77e7-4878-b1e0-e82e0c7fa183 4.421s
2025-12-12 13:54:06.910 65471 INFO tempest.lib.common.rest_client [req-9b80d623-dd58-4262-ba68-ae780ad03c9e req-9b80d623-dd58-4262-ba68-ae780ad03c9e ] Request (AttachInterfacesV270Test:setUpClass): 201 POST http://10.180.1.21/networking/v2.0/networks 0.881s
2025-12-12 13:54:06.935 65487 INFO tempest.lib.common.rest_client [req-92c5d784-ee22-4077-a904-cce5efa458fa req-92c5d784-ee22-4077-a904-cce5efa458fa ] Request (InstanceActionsNegativeTestJSON:setUpClass): 200 GET http://10.180.1.21/compute/v2.1/servers/f2784ccd-1a03-4188-a996-ff7ac3c62db6 4.328s
2025-12-12 13:54:06.973 65433 INFO tempest.lib.common.rest_client [req-001db10a-afd4-48fd-a8e0-536a43e24127 req-001db10a-afd4-48fd-a8e0-536a43e24127 ] Request (ServersAdminNegativeTestJSON:setUpClass): 200 GET http://10.180.1.21/compute/v2.1/servers/2c735333-c4bf-4ec4-bff4-dcf62d5dc0f6 4.348s
2025-12-12 13:54:07.056 65437 INFO tempest.lib.common.rest_client [req-bff19329-ed7c-494c-9b7d-bfb4772271d1 req-bff19329-ed7c-494c-9b7d-bfb4772271d1 ] Request (ServersWithSpecificFlavorTestJSON:test_verify_created_server_ephemeral_disk): 200 GET http://10.180.1.21/compute/v2.1/servers/ef565889-00e3-4116-8fd6-47edf25e6279 3.963s
2025-12-12 13:54:07.110 65475 INFO tempest.lib.common.rest_client [req-0bb8ec9d-c887-46f8-b429-017c2b008776 req-0bb8ec9d-c887-46f8-b429-017c2b008776 ] Request (ServerActionsTestJSON:test_lock_unlock_server): 202 POST http://10.180.1.21/compute/v2.1/servers/3c76b178-6ea6-457e-aaf0-4d305d30026e/action 3.971s
2025-12-12 13:54:07.120 65471 INFO tempest.lib.common.rest_client [req-c591beb1-afbd-4958-b5af-c7d70721cbde req-c591beb1-afbd-4958-b5af-c7d70721cbde ] Request (AttachInterfacesV270Test:setUpClass): 201 POST http://10.180.1.21/networking/v2.0/subnets 0.207s
2025-12-12 13:54:07.186 65431 INFO tempest.lib.common.rest_client [req-76568353-179f-40e6-bbe1-4009ad38aab2 req-76568353-179f-40e6-bbe1-4009ad38aab2 ] Request (MigrationsAdminTest:test_list_migrations_in_flavor_resize_situation): 204 POST http://10.180.1.21/compute/v2.1/servers/6651d3fd-de44-4290-9258-1c4e8d5efdfd/action 3.854s
2025-12-12 13:54:07.207 65443 INFO tempest.lib.common.rest_client [req-197021f8-a217-4d3e-b9bb-374a4f0b0ccf req-197021f8-a217-4d3e-b9bb-374a4f0b0ccf ] Request (FlavorsAccessNegativeTestJSON:_run_cleanups): 200 GET http://10.180.1.21/compute/v2.1/flavors/detail 3.857s
2025-12-12 13:54:07.396 65441 INFO tempest.lib.common.rest_client [req-9c5843ea-6c84-4cc4-8bff-7dc296cf7ca8 req-9c5843ea-6c84-4cc4-8bff-7dc296cf7ca8 ] Request (ServerRescueTestJSONUnderV235:test_rescued_vm_add_remove_security_group): 202 POST http://10.180.1.21/compute/v2.1/servers/0d44b38a-5908-4ad5-ad64-1ab33f4faa0a/action 4.350s
2025-12-12 13:54:07.426 65489 INFO tempest.lib.common.rest_client [req-1aa51236-2223-4178-9144-94edb86ce6d3 req-1aa51236-2223-4178-9144-94edb86ce6d3 ] Request (AttachInterfacesTestJSON:_run_cleanups): 200 GET http://10.180.1.21/compute/v2.1/servers/a4cab948-a314-4044-9cb8-e7d99c0bbb1c 4.012s
2025-12-12 13:54:07.502 65465 INFO tempest.lib.common.rest_client [req-06692d2b-a36e-45a1-a5e8-8d934ac5ecc9 req-06692d2b-a36e-45a1-a5e8-8d934ac5ecc9 ] Request (InstanceActionsTestJSON:tearDownClass): 200 GET http://10.180.1.21/compute/v2.1/servers/2aaebbf2-46fa-474b-881a-df9a574cc3a0 3.597s
2025-12-12 13:54:07.671 65453 INFO tempest.lib.common.rest_client [req-4071cd83-8a67-417b-aef3-b7e49f9b9481 req-4071cd83-8a67-417b-aef3-b7e49f9b9481 ] Request (ServerExternalEventsTest:test_create_server_external_events): 200 POST http://10.180.1.21/compute/v2.1/os-server-external-events 3.427s
2025-12-12 13:54:07.760 65449 INFO tempest.lib.common.rest_client [req-6e2bde33-a6fa-4395-8b8d-ce583cbdfe10 req-6e2bde33-a6fa-4395-8b8d-ce583cbdfe10 ] Request (ServersAdminTestJSON:test_create_server_with_scheduling_hint): 200 GET http://10.180.1.21/compute/v2.1/servers/6b8056b9-48fe-4de2-8d36-cb22486bd3c6 2.383s
2025-12-12 13:54:07.821 65429 INFO tempest.lib.common.rest_client [req-b0cc913d-c110-4bd8-b335-779735e23311 req-b0cc913d-c110-4bd8-b335-779735e23311 ] Request (ListServerFiltersTestJSON:test_list_servers_filtered_by_name_wildcard): 200 GET http://10.180.1.21/compute/v2.1/servers?name=-instance 2.277s
2025-12-12 13:54:07.854 65435 INFO tempest.lib.common.rest_client [req-7ec9f33f-720f-4aa3-8662-ca34f1378b3c req-7ec9f33f-720f-4aa3-8662-ca34f1378b3c ] Request (VolumesGetTestJSON:tearDownClass): 404 GET http://10.180.1.21/compute/v2.1/os-volumes/3ceebce3-64dc-4da5-aabd-36f6302edda9 2.225s
2025-12-12 13:54:07.889 65461 INFO tempest.lib.common.rest_client [req-c620b8bf-8709-43dd-9d46-f700be0ff08d req-c620b8bf-8709-43dd-9d46-f700be0ff08d ] Request (ServerGroupTestJSON:test_list_server_groups): 200 GET http://10.180.1.21/compute/v2.1/os-server-groups 2.225s
2025-12-12 13:54:07.895 65457 INFO tempest.lib.common.rest_client [req-c9a17682-2a40-47cf-a353-1e01a350d026 req-c9a17682-2a40-47cf-a353-1e01a350d026 ] Request (ImagesOneServerNegativeTestJSON:_run_cleanups): 202 POST http://10.180.1.21/compute/v2.1/servers 3.864s
2025-12-12 13:54:07.959 65435 INFO tempest.lib.common.rest_client [req-f0209529-3d7c-4c13-b10e-ec41ba35e4ea req-f0209529-3d7c-4c13-b10e-ec41ba35e4ea ] Request (VolumesGetTestJSON:tearDownClass): 204 DELETE http://10.180.1.21/identity/v3/users/08afa4d70e47489b8e5c91222e43d1e3 0.105s
2025-12-12 13:54:07.960 65435 INFO tempest.lib.common.dynamic_creds [-] Deleting project and security group for project: 2da9824e2184423a9f3dbab367718436
2025-12-12 13:54:07.966 65445 INFO tempest.lib.common.rest_client [req-4e5f7fc1-dd4e-4b15-9ff0-e89e4de43f61 req-4e5f7fc1-dd4e-4b15-9ff0-e89e4de43f61 ] Request (ImagesOneServerTestJSON:test_create_delete_image): 200 GET http://10.180.1.21/compute/v2.1/images/c3b4bc31-e22a-4cd2-8284-3622f40f552b 1.400s
2025-12-12 13:54:07.975 65485 INFO tempest.lib.common.rest_client [req-16b6a6da-4f69-4c44-a20c-2dcf13a0a3c7 req-16b6a6da-4f69-4c44-a20c-2dcf13a0a3c7 ] Request (ImagesNegativeTestJSON:test_create_image_specify_uuid_37_characters_or_more): 404 POST http://10.180.1.21/compute/v2.1/servers/aaaaaaaaaaaaaaaaaaaaaaaaaaaaaaaaaaaaa/action 1.401s
2025-12-12 13:54:07.982 65481 INFO tempest.lib.common.rest_client [req-e6783ddb-26aa-4e6e-93a4-f98d6d67e0be req-e6783ddb-26aa-4e6e-93a4-f98d6d67e0be ] Request (ServerRescueTestJSON:tearDownClass): 200 GET http://10.180.1.21/compute/v2.1/servers/cb2e3138-30d1-41fa-8a18-17a3a87c3ed9 1.524s
2025-12-12 13:54:07.994 65481 INFO tempest.common.waiters [-] State transition "ACTIVE/deleting" ==> "DELETED/None" after 2 second wait
2025-12-12 13:54:08.023 65471 INFO tempest.lib.common.rest_client [req-1a0fd32c-d84a-4136-93b3-47919b82fe14 req-1a0fd32c-d84a-4136-93b3-47919b82fe14 ] Request (AttachInterfacesV270Test:setUpClass): 201 POST http://10.180.1.21/networking/v2.0/routers 0.902s
2025-12-12 13:54:08.045 65463 INFO tempest.lib.common.rest_client [req-790be7ac-11e8-4023-82b7-6e0020f54700 req-790be7ac-11e8-4023-82b7-6e0020f54700 ] Request (ServerTagsTestJSON:test_delete_all_tags): 204 DELETE http://10.180.1.21/compute/v2.1/servers/548bc7bb-3951-4430-8a63-cf8e5b960273/tags 1.399s
2025-12-12 13:54:08.121 65435 INFO tempest.lib.common.rest_client [req-d1affdf7-477b-47f2-8460-0926170f2966 req-d1affdf7-477b-47f2-8460-0926170f2966 ] Request (VolumesGetTestJSON:tearDownClass): 201 POST http://10.180.1.21/identity/v3/auth/tokens 0.161s
2025-12-12 13:54:08.390 65435 INFO tempest.lib.common.rest_client [req-9d49e8ab-9809-4e25-a3ae-c94d6246b5d0 req-9d49e8ab-9809-4e25-a3ae-c94d6246b5d0 ] Request (VolumesGetTestJSON:tearDownClass): 200 GET http://10.180.1.21/networking/v2.0/security-groups?tenant_id=2da9824e2184423a9f3dbab367718436&name=default 0.268s
2025-12-12 13:54:08.632 65435 INFO tempest.lib.common.rest_client [req-c4cb51ca-cf17-494f-b14b-62d74618faa6 req-c4cb51ca-cf17-494f-b14b-62d74618faa6 ] Request (VolumesGetTestJSON:tearDownClass): 204 DELETE http://10.180.1.21/networking/v2.0/security-groups/0da21b34-017d-4d95-9823-c9e7ca55d714 0.241s
2025-12-12 13:54:08.724 65435 INFO tempest.lib.common.rest_client [req-7f9ac0fa-7fac-4e38-b4d9-4e3168681fbd req-7f9ac0fa-7fac-4e38-b4d9-4e3168681fbd ] Request (VolumesGetTestJSON:tearDownClass): 204 DELETE http://10.180.1.21/identity/v3/projects/2da9824e2184423a9f3dbab367718436 0.092s
2025-12-12 13:54:08.831 65435 INFO tempest.lib.common.rest_client [req-b175511d-fa24-4020-8b47-3d3f184cd815 req-b175511d-fa24-4020-8b47-3d3f184cd815 ] Request (VolumesTestJSON:setUpClass): 201 POST http://10.180.1.21/identity/v3/auth/tokens 0.105s
2025-12-12 13:54:08.869 65435 INFO tempest.lib.common.rest_client [req-de57a3ab-fd21-4cb0-b48a-41f4f33d0cec req-de57a3ab-fd21-4cb0-b48a-41f4f33d0cec ] Request (VolumesTestJSON:setUpClass): 201 POST http://10.180.1.21/identity/v3/auth/tokens 0.035s
2025-12-12 13:54:08.902 65435 INFO tempest.lib.common.rest_client [req-c127254d-36c8-43c5-9301-aa04127c285a req-c127254d-36c8-43c5-9301-aa04127c285a ] Request (VolumesTestJSON:setUpClass): 200 GET http://10.180.1.21/identity/v3/domains?name=Default 0.033s
2025-12-12 13:54:08.930 65447 INFO tempest.lib.common.rest_client [req-2e9f544a-d3db-4252-b6c7-3fb2f22c05ee req-2e9f544a-d3db-4252-b6c7-3fb2f22c05ee ] Request (FloatingIPsAssociationTestJSON:tearDownClass): 202 DELETE http://10.180.1.21/compute/v2.1/os-floating-ips/c065623d-5b74-4b90-8a9a-3660285189fb 2.251s
2025-12-12 13:54:08.942 65435 INFO tempest.lib.common.rest_client [req-f52e2927-00db-4e26-b111-25e1fd7b70d6 req-f52e2927-00db-4e26-b111-25e1fd7b70d6 ] Request (VolumesTestJSON:setUpClass): 201 POST http://10.180.1.21/identity/v3/projects 0.039s
2025-12-12 13:54:09.022 65435 INFO tempest.lib.common.rest_client [req-23cfa393-082d-4cdd-a078-7fb3a56eeef3 req-23cfa393-082d-4cdd-a078-7fb3a56eeef3 ] Request (VolumesTestJSON:setUpClass): 201 POST http://10.180.1.21/identity/v3/users 0.079s
2025-12-12 13:54:09.049 65435 INFO tempest.lib.common.rest_client [req-bf507043-d1a4-436d-b101-0e0e23b8d5be req-bf507043-d1a4-436d-b101-0e0e23b8d5be ] Request (VolumesTestJSON:setUpClass): 200 GET http://10.180.1.21/identity/v3/roles 0.025s
2025-12-12 13:54:09.077 65471 INFO tempest.lib.common.rest_client [req-972e5fed-f503-4f54-9166-724c6b973b08 req-972e5fed-f503-4f54-9166-724c6b973b08 ] Request (AttachInterfacesV270Test:setUpClass): 200 PUT http://10.180.1.21/networking/v2.0/routers/69cad01b-27f8-425e-a202-7fce941d0726/add_router_interface 1.054s
2025-12-12 13:54:09.077 65471 INFO tempest.lib.common.dynamic_creds [-] Created isolated network resources for: credentials: Credentials: {'domain_id': 'default', 'domain_name': 'Default', 'username': 'tempest-AttachInterfacesV270Test-35276044-project-member', 'project_domain_id': 'default', 'project_domain_name': 'Default', 'project_id': 'c067bdac49094142b17563aa36bf4cb5', 'project_name': 'tempest-AttachInterfacesV270Test-35276044', 'tenant_id': 'c067bdac49094142b17563aa36bf4cb5', 'tenant_name': 'tempest-AttachInterfacesV270Test-35276044', 'user_domain_id': 'default', 'user_domain_name': 'Default', 'user_id': 'fe86938e7a41482eb7581190e553957b', 'system': None}, Network: {'id': '7b599787-c660-47fb-b989-bd293fa20e27', 'name': 'tempest-AttachInterfacesV270Test-417578255-network', 'tenant_id': 'c067bdac49094142b17563aa36bf4cb5', 'project_id': 'c067bdac49094142b17563aa36bf4cb5', 'admin_state_up': True, 'mtu': 8950, 'status': 'ACTIVE', 'subnets': [], 'shared': False, 'port_security_enabled': True, 'router:external': False, 'provider:network_type': 'vlan', 'provider:physical_network': 'default', 'provider:segmentation_id': 829, 'availability_zone_hints': [], 'availability_zones': [], 'ipv4_address_scope': None, 'ipv6_address_scope': None, 'description': '', 'tags': [], 'created_at': '2025-12-12T13:54:06Z', 'updated_at': '2025-12-12T13:54:06Z', 'revision_number': 1}, Subnet: {'id': '74711c26-09aa-4c5a-999c-d4dd82d4bd91', 'name': 'tempest-AttachInterfacesV270Test-417578255-subnet', 'tenant_id': 'c067bdac49094142b17563aa36bf4cb5', 'network_id': '7b599787-c660-47fb-b989-bd293fa20e27', 'ip_version': 4, 'subnetpool_id': None, 'enable_dhcp': True, 'ipv6_ra_mode': None, 'ipv6_address_mode': None, 'gateway_ip': '192.168.128.1', 'cidr': '192.168.128.0/28', 'allocation_pools': [{'start': '192.168.128.2', 'end': '192.168.128.14'}], 'host_routes': [], 'dns_nameservers': [], 'description': '', 'router:external': False, 'service_types': [], 'tags': [], 'created_at': '2025-12-12T13:54:06Z', 'updated_at': '2025-12-12T13:54:06Z', 'revision_number': 0, 'project_id': 'c067bdac49094142b17563aa36bf4cb5'}, Router: {'id': '69cad01b-27f8-425e-a202-7fce941d0726', 'name': 'tempest-AttachInterfacesV270Test-417578255-router', 'tenant_id': 'c067bdac49094142b17563aa36bf4cb5', 'admin_state_up': True, 'status': 'ACTIVE', 'external_gateway_info': {'network_id': '70bd9cef-8f0e-48ad-8dcd-851a53cd468c', 'external_fixed_ips': [{'subnet_id': '531b66c9-bd4c-4453-baf4-47f1e86773b6', 'ip_address': '10.180.180.174'}], 'enable_snat': True}, 'description': '', 'availability_zones': [], 'distributed': False, 'ha': False, 'availability_zone_hints': [], 'routes': [], 'flavor_id': None, 'tags': [], 'created_at': '2025-12-12T13:54:07Z', 'updated_at': '2025-12-12T13:54:07Z', 'revision_number': 2, 'project_id': 'c067bdac49094142b17563aa36bf4cb5'}
2025-12-12 13:54:09.096 65435 INFO tempest.lib.common.rest_client [req-c0aaa7f5-92b2-4498-b6e9-70daf82be7e6 req-c0aaa7f5-92b2-4498-b6e9-70daf82be7e6 ] Request (VolumesTestJSON:setUpClass): 204 PUT http://10.180.1.21/identity/v3/projects/b57e1d4250b842d7bef8a6aaee304a61/users/258bd59d4594465eaf5d552ff2856eed/roles/9ad29f3316984aa683002f0094c633be 0.047s
2025-12-12 13:54:09.097 65435 INFO tempest.lib.common.dynamic_creds [-] Dynamic test user 258bd59d4594465eaf5d552ff2856eed is created with scope project and roles: ['member']
2025-12-12 13:54:09.097 65435 INFO tempest.lib.common.dynamic_creds [-] Acquired dynamic creds: credentials: Credentials: {'domain_id': 'default', 'domain_name': 'Default', 'username': 'tempest-VolumesTestJSON-780913388-project-member', 'project_domain_id': 'default', 'project_domain_name': 'Default', 'project_id': 'b57e1d4250b842d7bef8a6aaee304a61', 'project_name': 'tempest-VolumesTestJSON-780913388', 'tenant_id': 'b57e1d4250b842d7bef8a6aaee304a61', 'tenant_name': 'tempest-VolumesTestJSON-780913388', 'user_domain_id': 'default', 'user_domain_name': 'Default', 'user_id': '258bd59d4594465eaf5d552ff2856eed', 'system': None}, Network: None, Subnet: None, Router: None
2025-12-12 13:54:09.097 65435 INFO tempest.lib.common.dynamic_creds [-] Created isolated network resources for: credentials: Credentials: {'domain_id': 'default', 'domain_name': 'Default', 'username': 'tempest-VolumesTestJSON-780913388-project-member', 'project_domain_id': 'default', 'project_domain_name': 'Default', 'project_id': 'b57e1d4250b842d7bef8a6aaee304a61', 'project_name': 'tempest-VolumesTestJSON-780913388', 'tenant_id': 'b57e1d4250b842d7bef8a6aaee304a61', 'tenant_name': 'tempest-VolumesTestJSON-780913388', 'user_domain_id': 'default', 'user_domain_name': 'Default', 'user_id': '258bd59d4594465eaf5d552ff2856eed', 'system': None}, Network: None, Subnet: None, Router: None
2025-12-12 13:54:09.193 65471 INFO tempest.lib.common.rest_client [req-4af32d3c-5252-48c3-b1b5-0291d4e853b5 req-4af32d3c-5252-48c3-b1b5-0291d4e853b5 ] Request (AttachInterfacesV270Test:setUpClass): 201 POST http://10.180.1.21/identity/v3/auth/tokens 0.111s
2025-12-12 13:54:09.193 65435 INFO tempest.lib.common.rest_client [req-cbd8c26d-0da6-40be-a687-1098cf74dd78 req-cbd8c26d-0da6-40be-a687-1098cf74dd78 ] Request (VolumesTestJSON:setUpClass): 201 POST http://10.180.1.21/identity/v3/auth/tokens 0.091s
2025-12-12 13:54:09.226 65471 INFO tempest.lib.common.rest_client [req-bdf16b20-a5cf-4e11-af58-09e1ee2c6603 req-bdf16b20-a5cf-4e11-af58-09e1ee2c6603 ] Request (AttachInterfacesV270Test:test_create_get_list_interfaces): 201 POST http://10.180.1.21/identity/v3/auth/tokens 0.027s
2025-12-12 13:54:09.226 65471 INFO tempest.lib.common.fixed_network [-] (AttachInterfacesV270Test:test_create_get_list_interfaces) Found network {'id': '7b599787-c660-47fb-b989-bd293fa20e27', 'name': 'tempest-AttachInterfacesV270Test-417578255-network', 'tenant_id': 'c067bdac49094142b17563aa36bf4cb5', 'project_id': 'c067bdac49094142b17563aa36bf4cb5', 'admin_state_up': True, 'mtu': 8950, 'status': 'ACTIVE', 'subnets': [], 'shared': False, 'port_security_enabled': True, 'router:external': False, 'provider:network_type': 'vlan', 'provider:physical_network': 'default', 'provider:segmentation_id': 829, 'availability_zone_hints': [], 'availability_zones': [], 'ipv4_address_scope': None, 'ipv6_address_scope': None, 'description': '', 'tags': [], 'created_at': '2025-12-12T13:54:06Z', 'updated_at': '2025-12-12T13:54:06Z', 'revision_number': 1} available for tenant
2025-12-12 13:54:09.338 65456 INFO tempest.lib.common.rest_client [req-5601e943-a42c-4ec3-bb8c-cc7ae47d2280 req-5601e943-a42c-4ec3-bb8c-cc7ae47d2280 ] Request (ImagesTestJSON:test_create_image_from_stopped_server): 202 POST http://10.180.1.21/compute/v2.1/servers 2.711s
2025-12-12 13:54:09.488 65435 INFO tempest.lib.common.rest_client [req-34cbf3b1-da12-4010-807f-14a3d25c0a42 req-34cbf3b1-da12-4010-807f-14a3d25c0a42 ] Request (VolumesTestJSON:setUpClass): 202 POST http://10.180.1.21/volume/v3/volumes 0.294s
2025-12-12 13:54:09.538 65435 INFO tempest.lib.common.rest_client [req-bc5b27cf-1019-478d-bd5a-aaf5765abbbb req-bc5b27cf-1019-478d-bd5a-aaf5765abbbb ] Request (VolumesTestJSON:setUpClass): 200 GET http://10.180.1.21/volume/v3/volumes/fa395d4a-abe8-4e59-a453-481af8fdaf46 0.041s
2025-12-12 13:54:09.634 65475 INFO tempest.lib.common.rest_client [req-5664b7a5-cc52-4b78-81a5-616d0712de37 req-5664b7a5-cc52-4b78-81a5-616d0712de37 ] Request (ServerActionsTestJSON:test_lock_unlock_server): 200 GET http://10.180.1.21/compute/v2.1/servers/3c76b178-6ea6-457e-aaf0-4d305d30026e 2.523s
2025-12-12 13:54:09.735 65477 INFO tempest.lib.common.rest_client [req-ca716694-e6a6-40bb-82bc-f2fb59788e65 req-ca716694-e6a6-40bb-82bc-f2fb59788e65 ] Request (VolumesAdminNegativeTest:test_update_attached_volume_with_nonexistent_volume_in_uri): 202 POST http://10.180.1.21/compute/v2.1/servers 2.922s
2025-12-12 13:54:09.752 65443 INFO tempest.lib.common.rest_client [req-c7bd0377-ccdf-4395-bf57-609482ce8cd2 req-c7bd0377-ccdf-4395-bf57-609482ce8cd2 ] Request (FlavorsAccessNegativeTestJSON:test_flavor_access_list_with_public_flavor): 200 POST http://10.180.1.21/compute/v2.1/flavors 2.531s
2025-12-12 13:54:09.786 65431 INFO tempest.lib.common.rest_client [req-c0eb656c-318d-4f79-9d98-437be625e143 req-c0eb656c-318d-4f79-9d98-437be625e143 ] Request (MigrationsAdminTest:test_list_migrations_in_flavor_resize_situation): 200 GET http://10.180.1.21/compute/v2.1/servers/6651d3fd-de44-4290-9258-1c4e8d5efdfd 2.599s
2025-12-12 13:54:09.894 65451 INFO tempest.lib.common.rest_client [req-57eb74ed-d8f8-4751-8a07-aeefca1c8746 req-57eb74ed-d8f8-4751-8a07-aeefca1c8746 ] Request (ServerMetadataNegativeTestJSON:setUpClass): 200 GET http://10.180.1.21/compute/v2.1/servers/896c6995-fef5-44b9-bd1f-a339a4045054 2.383s
2025-12-12 13:54:09.902 65451 INFO tempest.common.waiters [-] State transition "BUILD/spawning" ==> "ACTIVE/None" after 30 second wait
2025-12-12 13:54:09.921 65459 INFO tempest.lib.common.rest_client [req-9a01d0fa-5570-4b86-b011-451737745854 req-9a01d0fa-5570-4b86-b011-451737745854 ] Request (ServersTestMultiNic:_run_cleanups): 404 GET http://10.180.1.21/compute/v2.1/servers/024b7538-5ab5-4402-afc4-423ddca68f3f 2.365s
2025-12-12 13:54:10.035 65451 INFO tempest.lib.common.rest_client [req-d9c9dff8-8e3d-460b-9f72-08f5ab6a978a req-d9c9dff8-8e3d-460b-9f72-08f5ab6a978a ] Request (ServerMetadataNegativeTestJSON:test_create_server_metadata_blank_key): 201 POST http://10.180.1.21/identity/v3/auth/tokens 0.129s
2025-12-12 13:54:10.035 65451 INFO tempest.lib.common.fixed_network [-] (ServerMetadataNegativeTestJSON:test_create_server_metadata_blank_key) Found network {'id': 'cf048c08-1bfb-40b2-b478-d88f92486b3a', 'name': 'tempest-ServerMetadataNegativeTestJSON-1577408442-network', 'tenant_id': '3bf9e9a2f73c4018a80178692b9c8633', 'project_id': '3bf9e9a2f73c4018a80178692b9c8633', 'admin_state_up': True, 'mtu': 8950, 'status': 'ACTIVE', 'subnets': [], 'shared': False, 'port_security_enabled': True, 'router:external': False, 'provider:network_type': 'vlan', 'provider:physical_network': 'default', 'provider:segmentation_id': 317, 'availability_zone_hints': [], 'availability_zones': [], 'ipv4_address_scope': None, 'ipv6_address_scope': None, 'description': '', 'tags': [], 'created_at': '2025-12-12T13:53:27Z', 'updated_at': '2025-12-12T13:53:27Z', 'revision_number': 1} available for tenant
2025-12-12 13:54:10.052 65453 INFO tempest.lib.common.rest_client [req-4489ca05-d4bc-47e3-b7a5-eaafe655d6b1 req-4489ca05-d4bc-47e3-b7a5-eaafe655d6b1 ] Request (ServerExternalEventsTest:tearDownClass): 204 DELETE http://10.180.1.21/compute/v2.1/servers/a9a7e042-49c3-4f7b-86ac-f39b94e5eb5d 2.373s
2025-12-12 13:54:10.096 65459 INFO tempest.lib.common.rest_client [req-32031cf9-fde5-4e21-a627-aa2a6f4acd3e req-32031cf9-fde5-4e21-a627-aa2a6f4acd3e ] Request (ServersTestMultiNic:_run_cleanups): 204 DELETE http://10.180.1.21/networking/v2.0/subnets/8d9cda61-9f31-44ec-8023-b0a91484b9e1 0.174s
2025-12-12 13:54:10.121 65427 INFO tempest.lib.common.rest_client [req-b83f2b69-2317-4391-bded-d1ce76d3bfb5 req-b83f2b69-2317-4391-bded-d1ce76d3bfb5 ] Request (ServerRescueNegativeTestJSON:test_rescued_vm_detach_volume): 200 GET http://10.180.1.21/compute/v2.1/servers/5a815e26-d68e-4a05-97ee-2edafcd64e68 2.369s
2025-12-12 13:54:10.186 65439 WARNING tempest.lib.common.ssh [-] Failed to establish authenticated ssh connection to cirros@10.180.180.152 ([Errno None] Unable to connect to port 22 on 10.180.180.152). Number attempts: 11. Retry after 12 seconds.: paramiko.ssh_exception.NoValidConnectionsError: [Errno None] Unable to connect to port 22 on 10.180.180.152
2025-12-12 13:54:10.190 65429 INFO tempest.lib.common.rest_client [req-7a0b2444-de9c-402a-8556-fe22307fbcf3 req-7a0b2444-de9c-402a-8556-fe22307fbcf3 ] Request (ListServerFiltersTestJSON:test_list_servers_filtered_by_name_wildcard): 200 GET http://10.180.1.21/compute/v2.1/servers?name=t-ListServerFiltersTestJSON-instance-83471594 2.366s
2025-12-12 13:54:10.390 65483 INFO tempest.lib.common.rest_client [req-293031c4-1800-45e0-a7d4-161cabeb1443 req-293031c4-1800-45e0-a7d4-161cabeb1443 ] Request (ServerDiskConfigTestJSON:test_rebuild_server_with_manual_disk_config): 200 GET http://10.180.1.21/compute/v2.1/servers/33938c1f-2061-4cb2-9665-5158def1fb09 2.564s
2025-12-12 13:54:10.414 65459 INFO tempest.lib.common.rest_client [req-72eb1f95-b3de-4288-b424-199661c9b006 req-72eb1f95-b3de-4288-b424-199661c9b006 ] Request (ServersTestMultiNic:_run_cleanups): 204 DELETE http://10.180.1.21/networking/v2.0/networks/f94ca431-3a80-40fc-b190-49303976e6dd 0.317s
2025-12-12 13:54:10.420 65461 INFO tempest.lib.common.rest_client [req-b13fd1c0-5c1c-401e-b15d-20060b60b2ef req-b13fd1c0-5c1c-401e-b15d-20060b60b2ef ] Request (ServerGroupTestJSON:test_show_server_group): 200 GET http://10.180.1.21/compute/v2.1/os-server-groups/f002b5fa-feb8-41ca-b119-c2709588bbe4 2.529s
2025-12-12 13:54:10.460 65441 INFO tempest.lib.common.rest_client [req-71a3203a-5121-4191-bb28-51ad576f0eca req-71a3203a-5121-4191-bb28-51ad576f0eca ] Request (ServerRescueTestJSONUnderV235:test_rescued_vm_associate_dissociate_floating_ip): 200 POST http://10.180.1.21/compute/v2.1/os-floating-ips 3.060s
2025-12-12 13:54:10.509 65457 INFO tempest.lib.common.rest_client [req-1b59bc3c-9e78-4731-a3cf-95f436200d1b req-1b59bc3c-9e78-4731-a3cf-95f436200d1b ] Request (ImagesOneServerNegativeTestJSON:_run_cleanups): 200 GET http://10.180.1.21/compute/v2.1/servers/c95a76e9-1331-40fc-aa7a-12ad16757bbe 2.609s
2025-12-12 13:54:10.581 65435 INFO tempest.lib.common.rest_client [req-3a10ec06-e932-442e-be9c-c10150257ea1 req-3a10ec06-e932-442e-be9c-c10150257ea1 ] Request (VolumesTestJSON:setUpClass): 200 GET http://10.180.1.21/volume/v3/volumes/fa395d4a-abe8-4e59-a453-481af8fdaf46 0.035s
2025-12-12 13:54:10.588 65435 INFO tempest.common.waiters [-] volume fa395d4a-abe8-4e59-a453-481af8fdaf46 reached available after waiting for 1.588338 seconds
2025-12-12 13:54:10.608 65459 INFO tempest.lib.common.rest_client [req-6af7ca7d-5dac-4b9e-9b15-2d97393bbb6e req-6af7ca7d-5dac-4b9e-9b15-2d97393bbb6e ] Request (ServersTestMultiNic:_run_cleanups): 204 DELETE http://10.180.1.21/networking/v2.0/subnets/4f741698-ce64-410a-a555-23432d66ebc4 0.193s
2025-12-12 13:54:10.610 65469 INFO tempest.lib.common.rest_client [req-e5da36a6-edc7-475f-80b1-473588566761 req-e5da36a6-edc7-475f-80b1-473588566761 ] Request (ServersTestFqdnHostnames:test_create_server_with_fqdn_name): 200 GET http://10.180.1.21/compute/v2.1/servers/83d12e06-77e7-4878-b1e0-e82e0c7fa183 2.701s
2025-12-12 13:54:10.618 65469 INFO tempest.common.waiters [-] State transition "BUILD/None" ==> "BUILD/networking" after 27 second wait
2025-12-12 13:54:10.636 65487 INFO tempest.lib.common.rest_client [req-7b2611a3-053f-4626-a6ac-6026542846be req-7b2611a3-053f-4626-a6ac-6026542846be ] Request (InstanceActionsNegativeTestJSON:setUpClass): 200 GET http://10.180.1.21/compute/v2.1/servers/f2784ccd-1a03-4188-a996-ff7ac3c62db6 2.691s
2025-12-12 13:54:10.662 65485 INFO tempest.lib.common.rest_client [req-1b453507-7392-4fd9-952a-8007a2546146 req-1b453507-7392-4fd9-952a-8007a2546146 ] Request (ImagesNegativeTestJSON:tearDownClass): 404 DELETE http://10.180.1.21/compute/v2.1/servers/11bdad2e-450e-4739-9d3e-e8c4806cf5d0 2.685s
2025-12-12 13:54:10.941 65459 INFO tempest.lib.common.rest_client [req-14ec268f-e191-4ad7-bb5d-287a40f14c0b req-14ec268f-e191-4ad7-bb5d-287a40f14c0b ] Request (ServersTestMultiNic:_run_cleanups): 204 DELETE http://10.180.1.21/networking/v2.0/networks/7a88704f-37ce-42c9-a651-d915e43a5dfa 0.333s
2025-12-12 13:54:10.967 65433 INFO tempest.lib.common.rest_client [req-d5515451-00cf-498e-ac8f-6bc36312b8c1 req-d5515451-00cf-498e-ac8f-6bc36312b8c1 ] Request (ServersAdminNegativeTestJSON:setUpClass): 200 GET http://10.180.1.21/compute/v2.1/servers/2c735333-c4bf-4ec4-bff4-dcf62d5dc0f6 2.978s
2025-12-12 13:54:10.989 65463 INFO tempest.lib.common.rest_client [req-f9486a13-eeb8-4346-a50c-052e54ae02f3 req-f9486a13-eeb8-4346-a50c-052e54ae02f3 ] Request (ServerTagsTestJSON:test_delete_all_tags): 200 GET http://10.180.1.21/compute/v2.1/servers/548bc7bb-3951-4430-8a63-cf8e5b960273/tags 2.944s
2025-12-12 13:54:11.040 65445 INFO tempest.lib.common.rest_client [req-3f9f2092-ced6-452f-bb63-c030aecc4301 req-3f9f2092-ced6-452f-bb63-c030aecc4301 ] Request (ImagesOneServerTestJSON:test_create_delete_image): 200 GET http://10.180.1.21/compute/v2.1/servers/8009e8e2-7bfc-43d6-84c3-2e04ebaa2d07 3.065s
2025-12-12 13:54:11.065 65437 INFO tempest.lib.common.rest_client [req-e1eb084f-4c91-4b70-9aa0-9f07efbf3d9d req-e1eb084f-4c91-4b70-9aa0-9f07efbf3d9d ] Request (ServersWithSpecificFlavorTestJSON:test_verify_created_server_ephemeral_disk): 200 GET http://10.180.1.21/compute/v2.1/servers/ef565889-00e3-4116-8fd6-47edf25e6279 2.997s
2025-12-12 13:54:11.129 65489 INFO tempest.lib.common.rest_client [req-768eb090-348e-4451-ac04-62eacc7ef1bb req-768eb090-348e-4451-ac04-62eacc7ef1bb ] Request (AttachInterfacesTestJSON:_run_cleanups): 200 GET http://10.180.1.21/compute/v2.1/servers/a4cab948-a314-4044-9cb8-e7d99c0bbb1c 2.689s
2025-12-12 13:54:11.147 65465 INFO tempest.lib.common.rest_client [req-3af084b3-0d62-405f-94db-840ef66289c1 req-3af084b3-0d62-405f-94db-840ef66289c1 ] Request (InstanceActionsTestJSON:tearDownClass): 200 GET http://10.180.1.21/compute/v2.1/servers/2aaebbf2-46fa-474b-881a-df9a574cc3a0 2.633s
2025-12-12 13:54:11.190 65449 INFO tempest.lib.common.rest_client [req-52fd20d1-81e7-4622-b292-49698af51144 req-52fd20d1-81e7-4622-b292-49698af51144 ] Request (ServersAdminTestJSON:test_create_server_with_scheduling_hint): 200 GET http://10.180.1.21/compute/v2.1/servers/6b8056b9-48fe-4de2-8d36-cb22486bd3c6 2.417s
2025-12-12 13:54:11.242 65447 INFO tempest.lib.common.rest_client [req-c973d37f-2612-42c0-a4f9-087be7043985 req-c973d37f-2612-42c0-a4f9-087be7043985 ] Request (FloatingIPsAssociationTestJSON:tearDownClass): 204 DELETE http://10.180.1.21/compute/v2.1/servers/86d0c731-4a38-41d2-9040-d1551d9f86cc 2.311s
2025-12-12 13:54:11.285 65481 INFO tempest.lib.common.rest_client [req-e57e73dd-2e8b-4c2a-ae46-0f2ef9d17c27 req-e57e73dd-2e8b-4c2a-ae46-0f2ef9d17c27 ] Request (ServerRescueTestJSON:tearDownClass): 200 GET http://10.180.1.21/compute/v2.1/servers/cb2e3138-30d1-41fa-8a18-17a3a87c3ed9 2.288s
2025-12-12 13:54:11.366 65456 INFO tempest.lib.common.rest_client [req-d7b3c824-1c7d-44bc-9f10-7410a8aa99aa req-d7b3c824-1c7d-44bc-9f10-7410a8aa99aa ] Request (ImagesTestJSON:test_create_image_from_stopped_server): 200 GET http://10.180.1.21/compute/v2.1/servers/a1f8a3c9-dcbf-4a61-bbe6-28cabb96cff3 2.026s
2025-12-12 13:54:11.442 65477 INFO tempest.lib.common.rest_client [req-5b3a58f8-8fff-4376-9f35-273d2b0f662f req-5b3a58f8-8fff-4376-9f35-273d2b0f662f ] Request (VolumesAdminNegativeTest:test_update_attached_volume_with_nonexistent_volume_in_uri): 200 GET http://10.180.1.21/compute/v2.1/servers/1deed9b3-1421-461e-80c9-d96acdf7f148 1.705s
2025-12-12 13:54:11.463 65443 INFO tempest.lib.common.rest_client [req-89e7bb4c-8626-468c-a526-0818c31ded4c req-89e7bb4c-8626-468c-a526-0818c31ded4c ] Request (FlavorsAccessNegativeTestJSON:test_flavor_access_list_with_public_flavor): 404 GET http://10.180.1.21/compute/v2.1/flavors/524806565/os-flavor-access 1.708s
2025-12-12 13:54:11.534 65451 INFO tempest.lib.common.rest_client [req-c95ef09f-8f33-4215-a0c6-356248e2bf42 req-c95ef09f-8f33-4215-a0c6-356248e2bf42 ] Request (ServerMetadataNegativeTestJSON:test_create_server_metadata_blank_key): 400 POST http://10.180.1.21/compute/v2.1/servers 1.498s
2025-12-12 13:54:11.729 65453 INFO tempest.lib.common.rest_client [req-20a551cc-f997-4e0c-ac10-06435e06bb7d req-20a551cc-f997-4e0c-ac10-06435e06bb7d ] Request (ServerExternalEventsTest:tearDownClass): 200 GET http://10.180.1.21/compute/v2.1/servers/a9a7e042-49c3-4f7b-86ac-f39b94e5eb5d 1.677s
2025-12-12 13:54:11.827 65429 INFO tempest.lib.common.rest_client [req-3e4a3fac-ec23-47f1-acd4-c63243e5da5a req-3e4a3fac-ec23-47f1-acd4-c63243e5da5a ] Request (ListServerFiltersTestJSON:tearDownClass): 204 DELETE http://10.180.1.21/compute/v2.1/servers/26b845fe-36ff-4cee-af65-8de2c3fcf172 1.634s
2025-12-12 13:54:11.839 65471 INFO tempest.lib.common.rest_client [req-892903fc-f31f-47a6-896e-92045e6b9253 req-892903fc-f31f-47a6-896e-92045e6b9253 ] Request (AttachInterfacesV270Test:test_create_get_list_interfaces): 202 POST http://10.180.1.21/compute/v2.1/servers 2.612s
2025-12-12 13:54:11.845 65461 INFO tempest.lib.common.rest_client [req-6e84b496-8b8b-4e3c-84a8-7c042f9e679e req-6e84b496-8b8b-4e3c-84a8-7c042f9e679e ] Request (ServerGroupTestJSON:tearDownClass): 404 DELETE http://10.180.1.21/compute/v2.1/servers/3a31703a-f5ec-4ed5-84ba-1f9c21802f0d 1.418s
2025-12-12 13:54:11.880 65435 INFO tempest.lib.common.rest_client [req-3f869261-f699-409c-9539-b309d43186e4 req-3f869261-f699-409c-9539-b309d43186e4 ] Request (VolumesTestJSON:setUpClass): 200 GET http://10.180.1.21/compute/v2.1/os-volumes/fa395d4a-abe8-4e59-a453-481af8fdaf46 1.292s
2025-12-12 13:54:12.043 65475 INFO tempest.lib.common.rest_client [req-74985848-4db0-4fd2-8fb5-df1e6b8102b8 req-74985848-4db0-4fd2-8fb5-df1e6b8102b8 ] Request (ServerActionsTestJSON:test_lock_unlock_server): 200 GET http://10.180.1.21/compute/v2.1/servers/3c76b178-6ea6-457e-aaf0-4d305d30026e 1.392s
2025-12-12 13:54:12.049 65435 INFO tempest.lib.common.rest_client [req-9eba14e6-364f-4ad9-b7b3-253020420778 req-9eba14e6-364f-4ad9-b7b3-253020420778 ] Request (VolumesTestJSON:setUpClass): 202 POST http://10.180.1.21/volume/v3/volumes 0.166s
2025-12-12 13:54:12.057 65475 INFO tempest.common.waiters [-] State transition "ACTIVE/powering-off" ==> "SHUTOFF/None" after 3 second wait
2025-12-12 13:54:12.084 65485 INFO tempest.lib.common.rest_client [req-7183e6ef-9b53-434a-b6f8-3b4cc4998ee9 req-7183e6ef-9b53-434a-b6f8-3b4cc4998ee9 ] Request (ImagesNegativeTestJSON:tearDownClass): 404 GET http://10.180.1.21/compute/v2.1/servers/11bdad2e-450e-4739-9d3e-e8c4806cf5d0 1.422s
2025-12-12 13:54:12.092 65435 INFO tempest.lib.common.rest_client [req-5bdaf72e-460b-46be-84a8-42d79d936e74 req-5bdaf72e-460b-46be-84a8-42d79d936e74 ] Request (VolumesTestJSON:setUpClass): 200 GET http://10.180.1.21/volume/v3/volumes/a95e58ec-4aeb-492e-a5ed-db449d9170f9 0.036s
2025-12-12 13:54:12.905 65431 INFO tempest.lib.common.rest_client [req-3ae0d09a-ab02-4382-b559-502fdcc4802d req-3ae0d09a-ab02-4382-b559-502fdcc4802d ] Request (MigrationsAdminTest:test_list_migrations_in_flavor_resize_situation): 200 GET http://10.180.1.21/compute/v2.1/servers/6651d3fd-de44-4290-9258-1c4e8d5efdfd 2.110s
2025-12-12 13:54:12.934 65459 INFO tempest.lib.common.rest_client [req-6e24196b-47c0-413d-ae68-2b1a74c19911 req-6e24196b-47c0-413d-ae68-2b1a74c19911 ] Request (ServersTestMultiNic:tearDownClass): 404 DELETE http://10.180.1.21/compute/v2.1/servers/024b7538-5ab5-4402-afc4-423ddca68f3f 1.991s
2025-12-12 13:54:12.989 65463 INFO tempest.lib.common.rest_client [req-a6d1007c-c5cb-46dc-82ef-86e67797b6a5 req-a6d1007c-c5cb-46dc-82ef-86e67797b6a5 ] Request (ServerTagsTestJSON:_run_cleanups): 204 DELETE http://10.180.1.21/compute/v2.1/servers/548bc7bb-3951-4430-8a63-cf8e5b960273/tags 1.998s
2025-12-12 13:54:13.041 65445 INFO tempest.lib.common.rest_client [req-7d6b7a2a-836f-4aa3-93ba-d99fbdba52b2 req-7d6b7a2a-836f-4aa3-93ba-d99fbdba52b2 ] Request (ImagesOneServerTestJSON:test_create_delete_image): 200 GET http://10.180.1.21/compute/v2.1/images/b4602209-7552-4502-84e4-1886c582a2a2 1.991s
2025-12-12 13:54:13.143 65435 INFO tempest.lib.common.rest_client [req-6a65c463-1e2b-41df-b7ea-7a7482e4b456 req-6a65c463-1e2b-41df-b7ea-7a7482e4b456 ] Request (VolumesTestJSON:setUpClass): 200 GET http://10.180.1.21/volume/v3/volumes/a95e58ec-4aeb-492e-a5ed-db449d9170f9 0.043s
2025-12-12 13:54:13.152 65435 INFO tempest.common.waiters [-] volume a95e58ec-4aeb-492e-a5ed-db449d9170f9 reached available after waiting for 1.152362 seconds
2025-12-12 13:54:13.227 65427 INFO tempest.lib.common.rest_client [req-6b588388-ceea-49ac-b84e-779494d9dc05 req-6b588388-ceea-49ac-b84e-779494d9dc05 ] Request (ServerRescueNegativeTestJSON:test_rescued_vm_detach_volume): 200 GET http://10.180.1.21/compute/v2.1/servers/5a815e26-d68e-4a05-97ee-2edafcd64e68 2.095s
2025-12-12 13:54:13.393 65485 INFO tempest.lib.common.rest_client [req-e8790d39-bd59-4120-bbe9-606e3d6de00b req-e8790d39-bd59-4120-bbe9-606e3d6de00b ] Request (ImagesNegativeTestJSON:tearDownClass): 200 PUT http://10.180.1.21/networking/v2.0/routers/5ea9c66e-5861-4cab-9f17-359fba618b66/remove_router_interface 1.308s
2025-12-12 13:54:13.464 65447 INFO tempest.lib.common.rest_client [req-77cb98d2-bc99-42a1-81b3-53676fce3588 req-77cb98d2-bc99-42a1-81b3-53676fce3588 ] Request (FloatingIPsAssociationTestJSON:tearDownClass): 200 GET http://10.180.1.21/compute/v2.1/servers/86d0c731-4a38-41d2-9040-d1551d9f86cc 2.222s
2025-12-12 13:54:13.698 65483 INFO tempest.lib.common.rest_client [req-b377f110-775a-4b07-95cd-ed0eaeb8e8bd req-b377f110-775a-4b07-95cd-ed0eaeb8e8bd ] Request (ServerDiskConfigTestJSON:test_rebuild_server_with_manual_disk_config): 200 GET http://10.180.1.21/compute/v2.1/servers/33938c1f-2061-4cb2-9665-5158def1fb09 2.299s
2025-12-12 13:54:13.720 65443 INFO tempest.lib.common.rest_client [req-ea597911-77dd-4f20-9418-3ea841eb3bf3 req-ea597911-77dd-4f20-9418-3ea841eb3bf3 ] Request (FlavorsAccessNegativeTestJSON:_run_cleanups): 202 DELETE http://10.180.1.21/compute/v2.1/flavors/524806565 2.257s
2025-12-12 13:54:13.885 65485 INFO tempest.lib.common.rest_client [req-7e137dce-14f8-44e8-af6b-a28e7b91b924 req-7e137dce-14f8-44e8-af6b-a28e7b91b924 ] Request (ImagesNegativeTestJSON:tearDownClass): 204 DELETE http://10.180.1.21/networking/v2.0/routers/5ea9c66e-5861-4cab-9f17-359fba618b66 0.492s
2025-12-12 13:54:13.968 65457 INFO tempest.lib.common.rest_client [req-002dc859-5ccb-429e-8b91-197674dc4dc9 req-002dc859-5ccb-429e-8b91-197674dc4dc9 ] Request (ImagesOneServerNegativeTestJSON:_run_cleanups): 200 GET http://10.180.1.21/compute/v2.1/servers/c95a76e9-1331-40fc-aa7a-12ad16757bbe 2.446s
2025-12-12 13:54:13.982 65451 INFO tempest.lib.common.rest_client [req-1577d758-3d85-4301-9372-ebb82fc05726 req-1577d758-3d85-4301-9372-ebb82fc05726 ] Request (ServerMetadataNegativeTestJSON:test_delete_metadata_non_existent_server): 404 DELETE http://10.180.1.21/compute/v2.1/servers/1d8053f9-cd8a-4c47-bc88-c120ddf48fda/metadata/d 2.443s
2025-12-12 13:54:13.991 65441 INFO tempest.lib.common.rest_client [req-d57ab1cb-9d33-443b-8b57-9d5105be269c req-d57ab1cb-9d33-443b-8b57-9d5105be269c ] Request (ServerRescueTestJSONUnderV235:test_rescued_vm_associate_dissociate_floating_ip): 202 POST http://10.180.1.21/compute/v2.1/servers/0d44b38a-5908-4ad5-ad64-1ab33f4faa0a/action 3.527s
2025-12-12 13:54:14.134 65485 INFO tempest.lib.common.rest_client [req-1bdfefaa-5e95-49c5-9742-7a07455a7041 req-1bdfefaa-5e95-49c5-9742-7a07455a7041 ] Request (ImagesNegativeTestJSON:tearDownClass): 204 DELETE http://10.180.1.21/networking/v2.0/subnets/c7b80881-9faa-4ae5-8e45-5917a2791f43 0.248s
2025-12-12 13:54:14.165 65487 INFO tempest.lib.common.rest_client [req-6892d993-8086-439b-94d1-287daf4d863b req-6892d993-8086-439b-94d1-287daf4d863b ] Request (InstanceActionsNegativeTestJSON:setUpClass): 200 GET http://10.180.1.21/compute/v2.1/servers/f2784ccd-1a03-4188-a996-ff7ac3c62db6 2.519s
2025-12-12 13:54:14.372 65469 INFO tempest.lib.common.rest_client [req-c002db4b-dd8f-4a7c-b52f-b33994a12990 req-c002db4b-dd8f-4a7c-b52f-b33994a12990 ] Request (ServersTestFqdnHostnames:test_create_server_with_fqdn_name): 200 GET http://10.180.1.21/compute/v2.1/servers/83d12e06-77e7-4878-b1e0-e82e0c7fa183 2.753s
2025-12-12 13:54:14.381 65469 INFO tempest.common.waiters [-] State transition "BUILD/networking" ==> "BUILD/spawning" after 31 second wait
2025-12-12 13:54:14.399 65485 INFO tempest.lib.common.rest_client [req-a8022e47-d01d-42d7-8386-05e0eeefcb6c req-a8022e47-d01d-42d7-8386-05e0eeefcb6c ] Request (ImagesNegativeTestJSON:tearDownClass): 204 DELETE http://10.180.1.21/networking/v2.0/networks/91750a26-358d-4e3f-8817-9974508b2a23 0.265s
2025-12-12 13:54:14.405 65429 INFO tempest.lib.common.rest_client [req-2046042d-e1ce-4ced-acc4-66f106108214 req-2046042d-e1ce-4ced-acc4-66f106108214 ] Request (ListServerFiltersTestJSON:tearDownClass): 200 GET http://10.180.1.21/compute/v2.1/servers/26b845fe-36ff-4cee-af65-8de2c3fcf172 2.578s
2025-12-12 13:54:14.436 65471 INFO tempest.lib.common.rest_client [req-0d63e0c4-a5ca-47e1-adde-0aa747a99436 req-0d63e0c4-a5ca-47e1-adde-0aa747a99436 ] Request (AttachInterfacesV270Test:test_create_get_list_interfaces): 200 GET http://10.180.1.21/compute/v2.1/servers/3a5ca31a-3f53-4874-ac7b-9f7b21c1110d 2.595s
2025-12-12 13:54:14.440 65461 INFO tempest.lib.common.rest_client [req-906964f9-9aba-4dd3-b103-145473b52922 req-906964f9-9aba-4dd3-b103-145473b52922 ] Request (ServerGroupTestJSON:tearDownClass): 404 GET http://10.180.1.21/compute/v2.1/servers/3a31703a-f5ec-4ed5-84ba-1f9c21802f0d 2.594s
2025-12-12 13:54:14.499 65433 INFO tempest.lib.common.rest_client [req-5b036ba8-070d-4d99-9a55-4efa1bce37d3 req-5b036ba8-070d-4d99-9a55-4efa1bce37d3 ] Request (ServersAdminNegativeTestJSON:setUpClass): 200 GET http://10.180.1.21/compute/v2.1/servers/2c735333-c4bf-4ec4-bff4-dcf62d5dc0f6 2.523s
2025-12-12 13:54:14.518 65475 INFO tempest.lib.common.rest_client [req-5b5334e8-6236-46d8-8e3e-20a9a65ceca8 req-5b5334e8-6236-46d8-8e3e-20a9a65ceca8 ] Request (ServerActionsTestJSON:test_lock_unlock_server): 202 POST http://10.180.1.21/compute/v2.1/servers/3c76b178-6ea6-457e-aaf0-4d305d30026e/action 2.460s
2025-12-12 13:54:14.550 65485 INFO tempest.lib.common.rest_client [req-cd651da1-5190-4c33-9195-bfde01e9fb6f req-cd651da1-5190-4c33-9195-bfde01e9fb6f ] Request (ImagesNegativeTestJSON:tearDownClass): 204 DELETE http://10.180.1.21/identity/v3/users/4b28a894aefa44ac85ed6dca426f8a6f 0.149s
2025-12-12 13:54:14.553 65485 INFO tempest.lib.common.dynamic_creds [-] Deleting project and security group for project: 1cffccb3cc41456f88420e16f712dd65
2025-12-12 13:54:14.565 65437 INFO tempest.lib.common.rest_client [req-5e2110f1-2c36-4a8b-af9e-df8cca9028b4 req-5e2110f1-2c36-4a8b-af9e-df8cca9028b4 ] Request (ServersWithSpecificFlavorTestJSON:test_verify_created_server_ephemeral_disk): 200 GET http://10.180.1.21/compute/v2.1/servers/ef565889-00e3-4116-8fd6-47edf25e6279 2.487s
2025-12-12 13:54:14.591 65465 INFO tempest.lib.common.rest_client [req-bbf1817f-c241-4d64-8d9f-02bd75cf3a9f req-bbf1817f-c241-4d64-8d9f-02bd75cf3a9f ] Request (InstanceActionsTestJSON:tearDownClass): 404 GET http://10.180.1.21/compute/v2.1/servers/2aaebbf2-46fa-474b-881a-df9a574cc3a0 2.432s
2025-12-12 13:54:14.593 65489 INFO tempest.lib.common.rest_client [req-f0b74f10-705a-4c16-8ba4-606c34fb82e7 req-f0b74f10-705a-4c16-8ba4-606c34fb82e7 ] Request (AttachInterfacesTestJSON:_run_cleanups): 200 GET http://10.180.1.21/compute/v2.1/servers/a4cab948-a314-4044-9cb8-e7d99c0bbb1c 2.452s
