2025-12-12 13:52:38.670 65485 INFO tempest.lib.common.rest_client [req-658fca59-ad0e-4225-b030-0ae71ed6e65c req-658fca59-ad0e-4225-b030-0ae71ed6e65c ] Request (TenantUsagesTestJSON:tearDownClass): 200 GET http://10.180.1.21/compute/v2.1/servers/81ba41ed-99c8-457e-91c6-1b1bf383855c 1.162s
2025-12-12 13:52:38.675 65463 INFO tempest.lib.common.rest_client [req-9878d6ef-91fc-461b-89a1-3c5660c3ec94 req-9878d6ef-91fc-461b-89a1-3c5660c3ec94 ] Request (ImagesMetadataTestJSON:setUp): 200 PUT http://10.180.1.21/compute/v2.1/images/ed256d23-1f00-4457-8e4b-0833e71de3da/metadata 1.656s
2025-12-12 13:52:38.762 65445 INFO tempest.lib.common.rest_client [req-ef0f59d2-8668-4ad8-a98b-e9499bd28be6 req-ef0f59d2-8668-4ad8-a98b-e9499bd28be6 ] Request (ServerDiagnosticsTest:tearDownClass): 204 DELETE http://10.180.1.21/networking/v2.0/security-groups/8b36339c-46d6-43eb-8932-e2df007e01ff 0.111s
2025-12-12 13:52:38.817 65483 INFO tempest.lib.common.rest_client [req-fa4462f3-120e-458d-a9a1-fff85f97a3dd req-fa4462f3-120e-458d-a9a1-fff85f97a3dd ] Request (ServerDiskConfigTestJSON:setUpClass): 201 POST http://10.180.1.21/networking/v2.0/networks 0.332s
2025-12-12 13:52:38.825 65445 INFO tempest.lib.common.rest_client [req-392baac4-9559-478f-9ca4-a2c4ae459b29 req-392baac4-9559-478f-9ca4-a2c4ae459b29 ] Request (ServerDiagnosticsTest:tearDownClass): 204 DELETE http://10.180.1.21/identity/v3/projects/682ca37cdc454c2babdc0bc8deb0117a 0.062s
2025-12-12 13:52:38.855 65475 INFO tempest.lib.common.rest_client [req-47770ec6-543b-4afb-bdef-93c7f1b73d63 req-47770ec6-543b-4afb-bdef-93c7f1b73d63 ] Request (ServerActionsTestJSON:setUpClass): 200 GET http://10.180.1.21/compute/v2.1/servers/3c76b178-6ea6-457e-aaf0-4d305d30026e 1.133s
2025-12-12 13:52:38.868 65429 INFO tempest.lib.common.rest_client [req-0c8d0cac-8e83-4254-9d6c-43a18f2f5654 req-0c8d0cac-8e83-4254-9d6c-43a18f2f5654 ] Request (ListServerFiltersTestJSON:test_list_servers_detailed_filter_by_server_name): 200 GET http://10.180.1.21/compute/v2.1/servers/detail?name=tempest-ListServerFiltersTestJSON-instance-834715943 1.303s
2025-12-12 13:52:38.912 65445 INFO tempest.lib.common.rest_client [req-13d3339a-6907-45e5-b7f9-3391fdbbcfac req-13d3339a-6907-45e5-b7f9-3391fdbbcfac ] Request (ServicesAdminNegativeTestJSON:setUpClass): 201 POST http://10.180.1.21/identity/v3/auth/tokens 0.085s
2025-12-12 13:52:38.946 65445 INFO tempest.lib.common.rest_client [req-0a6e4bb3-d917-432b-9a14-098e81579e72 req-0a6e4bb3-d917-432b-9a14-098e81579e72 ] Request (ServicesAdminNegativeTestJSON:setUpClass): 201 POST http://10.180.1.21/identity/v3/auth/tokens 0.032s
2025-12-12 13:52:38.983 65445 INFO tempest.lib.common.rest_client [req-635c7b3f-86f1-4d46-a68b-7550a331d8fd req-635c7b3f-86f1-4d46-a68b-7550a331d8fd ] Request (ServicesAdminNegativeTestJSON:setUpClass): 200 GET http://10.180.1.21/identity/v3/domains?name=Default 0.037s
2025-12-12 13:52:38.987 65451 INFO tempest.lib.common.rest_client [req-cbfce834-1ae1-4f7d-b0c7-13fc804ef124 req-cbfce834-1ae1-4f7d-b0c7-13fc804ef124 ] Request (SecurityGroupRulesNegativeTestJSON:test_create_security_group_rule_with_invalid_ip_protocol): 200 POST http://10.180.1.21/compute/v2.1/os-security-groups 1.174s
2025-12-12 13:52:39.025 65445 INFO tempest.lib.common.rest_client [req-f874e264-f98d-4fd9-916d-fd3eb9fd0ef9 req-f874e264-f98d-4fd9-916d-fd3eb9fd0ef9 ] Request (ServicesAdminNegativeTestJSON:setUpClass): 201 POST http://10.180.1.21/identity/v3/projects 0.041s
2025-12-12 13:52:39.045 65483 INFO tempest.lib.common.rest_client [req-f4358f3c-8365-4194-a826-269b10f79425 req-f4358f3c-8365-4194-a826-269b10f79425 ] Request (ServerDiskConfigTestJSON:setUpClass): 201 POST http://10.180.1.21/networking/v2.0/subnets 0.226s
2025-12-12 13:52:39.071 65427 INFO tempest.lib.common.rest_client [req-a20d8821-52f0-41ac-9e11-42998b8c1b59 req-a20d8821-52f0-41ac-9e11-42998b8c1b59 ] Request (ServerRescueNegativeTestJSON:setUpClass): 200 GET http://10.180.1.21/compute/v2.1/servers/0d104c56-bece-4414-94ba-039eecb4c6f9 1.251s
2025-12-12 13:52:39.083 65427 INFO tempest.common.waiters [-] State transition "BUILD/None" ==> "BUILD/networking" after 11 second wait
2025-12-12 13:52:39.104 65445 INFO tempest.lib.common.rest_client [req-38cab596-950b-4fcf-9f34-72e6d0710ed3 req-38cab596-950b-4fcf-9f34-72e6d0710ed3 ] Request (ServicesAdminNegativeTestJSON:setUpClass): 201 POST http://10.180.1.21/identity/v3/users 0.079s
2025-12-12 13:52:39.133 65445 INFO tempest.lib.common.rest_client [req-588ffc11-9423-411a-a0ca-08f401981e6d req-588ffc11-9423-411a-a0ca-08f401981e6d ] Request (ServicesAdminNegativeTestJSON:setUpClass): 200 GET http://10.180.1.21/identity/v3/roles 0.026s
2025-12-12 13:52:39.198 65471 INFO tempest.lib.common.rest_client [req-21939671-8e15-49cd-8bf4-57c8b35eb432 req-21939671-8e15-49cd-8bf4-57c8b35eb432 ] Request (FlavorsAdminTestJSON:test_create_list_flavor_without_extra_data): 200 GET http://10.180.1.21/compute/v2.1/flavors/detail 1.369s
2025-12-12 13:52:39.206 65445 INFO tempest.lib.common.rest_client [req-331ef7a9-37b0-4590-bbb3-161f78ce771d req-331ef7a9-37b0-4590-bbb3-161f78ce771d ] Request (ServicesAdminNegativeTestJSON:setUpClass): 204 PUT http://10.180.1.21/identity/v3/projects/46e4923fba7b437197ad8757f6c94b97/users/2986d4d72af84cd183b4333763500aa2/roles/9ad29f3316984aa683002f0094c633be 0.073s
2025-12-12 13:52:39.206 65445 INFO tempest.lib.common.dynamic_creds [-] Dynamic test user 2986d4d72af84cd183b4333763500aa2 is created with scope project and roles: ['member']
2025-12-12 13:52:39.206 65445 INFO tempest.lib.common.dynamic_creds [-] Acquired dynamic creds: credentials: Credentials: {'domain_id': 'default', 'domain_name': 'Default', 'username': 'tempest-ServicesAdminNegativeTestJSON-900457438-project-member', 'project_domain_id': 'default', 'project_domain_name': 'Default', 'project_id': '46e4923fba7b437197ad8757f6c94b97', 'project_name': 'tempest-ServicesAdminNegativeTestJSON-900457438', 'tenant_id': '46e4923fba7b437197ad8757f6c94b97', 'tenant_name': 'tempest-ServicesAdminNegativeTestJSON-900457438', 'user_domain_id': 'default', 'user_domain_name': 'Default', 'user_id': '2986d4d72af84cd183b4333763500aa2', 'system': None}, Network: None, Subnet: None, Router: None
2025-12-12 13:52:39.207 65445 INFO tempest.lib.common.dynamic_creds [-] Created isolated network resources for: credentials: Credentials: {'domain_id': 'default', 'domain_name': 'Default', 'username': 'tempest-ServicesAdminNegativeTestJSON-900457438-project-member', 'project_domain_id': 'default', 'project_domain_name': 'Default', 'project_id': '46e4923fba7b437197ad8757f6c94b97', 'project_name': 'tempest-ServicesAdminNegativeTestJSON-900457438', 'tenant_id': '46e4923fba7b437197ad8757f6c94b97', 'tenant_name': 'tempest-ServicesAdminNegativeTestJSON-900457438', 'user_domain_id': 'default', 'user_domain_name': 'Default', 'user_id': '2986d4d72af84cd183b4333763500aa2', 'system': None}, Network: None, Subnet: None, Router: None
2025-12-12 13:52:39.264 65477 INFO tempest.lib.common.rest_client [req-1d8e9119-f1b4-467f-bc0b-036891fdfe14 req-1d8e9119-f1b4-467f-bc0b-036891fdfe14 ] Request (QuotasAdminTestJSON:test_update_all_quota_resources_for_tenant): 200 GET http://10.180.1.21/compute/v2.1/os-quota-sets/e5446171ebec41f1b7d5fa99839ce484/defaults 1.374s
2025-12-12 13:52:39.289 65445 INFO tempest.lib.common.rest_client [req-c2a46ee9-ddae-463f-9f66-4054296174b9 req-c2a46ee9-ddae-463f-9f66-4054296174b9 ] Request (ServicesAdminNegativeTestJSON:setUpClass): 201 POST http://10.180.1.21/identity/v3/auth/tokens 0.078s
2025-12-12 13:52:39.389 65445 INFO tempest.lib.common.rest_client [req-9e7c6287-e80e-4927-b0b4-6d0857942eb5 req-9e7c6287-e80e-4927-b0b4-6d0857942eb5 ] Request (ServicesAdminNegativeTestJSON:setUpClass): 201 POST http://10.180.1.21/identity/v3/projects 0.099s
2025-12-12 13:52:39.470 65445 INFO tempest.lib.common.rest_client [req-2b3cddbb-9df3-4b97-b0c8-d41be7ec72a8 req-2b3cddbb-9df3-4b97-b0c8-d41be7ec72a8 ] Request (ServicesAdminNegativeTestJSON:setUpClass): 201 POST http://10.180.1.21/identity/v3/users 0.080s
2025-12-12 13:52:39.499 65445 INFO tempest.lib.common.rest_client [req-93148a38-bfd4-41c3-bde6-be7528411609 req-93148a38-bfd4-41c3-bde6-be7528411609 ] Request (ServicesAdminNegativeTestJSON:setUpClass): 200 GET http://10.180.1.21/identity/v3/roles 0.028s
2025-12-12 13:52:39.532 65445 INFO tempest.lib.common.rest_client [req-3e737684-d9e4-4c6d-a4ab-864af4e9e4ee req-3e737684-d9e4-4c6d-a4ab-864af4e9e4ee ] Request (ServicesAdminNegativeTestJSON:setUpClass): 204 PUT http://10.180.1.21/identity/v3/projects/97745747e8524807b968804bcde0856b/users/8349ada80a354dfa813614c6e4992350/roles/bc3fdee00fe5453e97786e0cbb138370 0.033s
2025-12-12 13:52:39.571 65435 INFO tempest.lib.common.rest_client [req-61e41b69-d7e2-4103-8570-19f20a3bc409 req-61e41b69-d7e2-4103-8570-19f20a3bc409 ] Request (ServerAddressesTestJSON:setUpClass): 200 GET http://10.180.1.21/compute/v2.1/servers/03c612bd-f382-4385-877f-f2b733a1965a 1.587s
2025-12-12 13:52:39.587 65443 INFO tempest.lib.common.rest_client [req-19cbce09-8280-4b9c-b1e0-415d69162740 req-19cbce09-8280-4b9c-b1e0-415d69162740 ] Request (DeleteServersAdminTestJSON:test_delete_server_while_in_error_state): 200 GET http://10.180.1.21/compute/v2.1/servers/d925bac4-cc0f-49d1-95cd-8fc6cc19288d 1.559s
2025-12-12 13:52:39.602 65445 INFO tempest.lib.common.rest_client [req-f6a2b7c1-a225-4e8a-a7e4-33fa44feb7df req-f6a2b7c1-a225-4e8a-a7e4-33fa44feb7df ] Request (ServicesAdminNegativeTestJSON:setUpClass): 200 GET http://10.180.1.21/identity/v3/roles 0.069s
2025-12-12 13:52:39.621 65445 INFO tempest.lib.common.rest_client [req-6cd885a3-fb07-4e38-85c2-3b6368125ffe req-6cd885a3-fb07-4e38-85c2-3b6368125ffe ] Request (ServicesAdminNegativeTestJSON:setUpClass): 204 PUT http://10.180.1.21/identity/v3/projects/97745747e8524807b968804bcde0856b/users/8349ada80a354dfa813614c6e4992350/roles/bc3fdee00fe5453e97786e0cbb138370 0.018s
2025-12-12 13:52:39.621 65445 INFO tempest.lib.common.dynamic_creds [-] Dynamic test user 8349ada80a354dfa813614c6e4992350 is created with scope project and roles: ['admin']
2025-12-12 13:52:39.621 65445 INFO tempest.lib.common.dynamic_creds [-] Acquired dynamic creds: credentials: Credentials: {'domain_id': 'default', 'domain_name': 'Default', 'username': 'tempest-ServicesAdminNegativeTestJSON-1012979040-project-admin', 'project_domain_id': 'default', 'project_domain_name': 'Default', 'project_id': '97745747e8524807b968804bcde0856b', 'project_name': 'tempest-ServicesAdminNegativeTestJSON-1012979040', 'tenant_id': '97745747e8524807b968804bcde0856b', 'tenant_name': 'tempest-ServicesAdminNegativeTestJSON-1012979040', 'user_domain_id': 'default', 'user_domain_name': 'Default', 'user_id': '8349ada80a354dfa813614c6e4992350', 'system': None}, Network: None, Subnet: None, Router: None
2025-12-12 13:52:39.621 65445 INFO tempest.lib.common.dynamic_creds [-] Created isolated network resources for: credentials: Credentials: {'domain_id': 'default', 'domain_name': 'Default', 'username': 'tempest-ServicesAdminNegativeTestJSON-1012979040-project-admin', 'project_domain_id': 'default', 'project_domain_name': 'Default', 'project_id': '97745747e8524807b968804bcde0856b', 'project_name': 'tempest-ServicesAdminNegativeTestJSON-1012979040', 'tenant_id': '97745747e8524807b968804bcde0856b', 'tenant_name': 'tempest-ServicesAdminNegativeTestJSON-1012979040', 'user_domain_id': 'default', 'user_domain_name': 'Default', 'user_id': '8349ada80a354dfa813614c6e4992350', 'system': None}, Network: None, Subnet: None, Router: None
2025-12-12 13:52:39.713 65445 INFO tempest.lib.common.rest_client [req-d2e1776b-03a6-47f0-b462-750ac7f4dba0 req-d2e1776b-03a6-47f0-b462-750ac7f4dba0 ] Request (ServicesAdminNegativeTestJSON:setUpClass): 201 POST http://10.180.1.21/identity/v3/auth/tokens 0.087s
2025-12-12 13:52:39.911 65483 INFO tempest.lib.common.rest_client [req-06dbc180-139b-4091-b915-178691b2a4bc req-06dbc180-139b-4091-b915-178691b2a4bc ] Request (ServerDiskConfigTestJSON:setUpClass): 201 POST http://10.180.1.21/networking/v2.0/routers 0.866s
2025-12-12 13:52:39.957 65467 WARNING tempest.lib.common.ssh [-] Failed to establish authenticated ssh connection to cirros@10.180.180.192 ([Errno None] Unable to connect to port 22 on 10.180.180.192). Number attempts: 2. Retry after 3 seconds.: paramiko.ssh_exception.NoValidConnectionsError: [Errno None] Unable to connect to port 22 on 10.180.180.192
2025-12-12 13:52:40.073 65459 INFO tempest.lib.common.rest_client [req-c4fe308d-da29-4e83-8848-908d391c262c req-c4fe308d-da29-4e83-8848-908d391c262c ] Request (ServersTestMultiNic:_run_cleanups): 200 GET http://10.180.1.21/compute/v2.1/servers/0cc17f86-a471-41d2-90c1-99c3eafef9da 1.968s
2025-12-12 13:52:40.881 65483 INFO tempest.lib.common.rest_client [req-5d963b91-4186-40e2-bf81-4a30b04a40de req-5d963b91-4186-40e2-bf81-4a30b04a40de ] Request (ServerDiskConfigTestJSON:setUpClass): 200 PUT http://10.180.1.21/networking/v2.0/routers/afc63682-7052-4f1a-a8b2-a5e434dee05b/add_router_interface 0.970s
2025-12-12 13:52:40.882 65483 INFO tempest.lib.common.dynamic_creds [-] Created isolated network resources for: credentials: Credentials: {'domain_id': 'default', 'domain_name': 'Default', 'username': 'tempest-ServerDiskConfigTestJSON-479089368-project-member', 'project_domain_id': 'default', 'project_domain_name': 'Default', 'project_id': 'fdfe44e3b85043219a49a3e1515a82c0', 'project_name': 'tempest-ServerDiskConfigTestJSON-479089368', 'tenant_id': 'fdfe44e3b85043219a49a3e1515a82c0', 'tenant_name': 'tempest-ServerDiskConfigTestJSON-479089368', 'user_domain_id': 'default', 'user_domain_name': 'Default', 'user_id': '74703b1f213746e0a597ab93ba49205e', 'system': None}, Network: {'id': '60837cb2-dceb-4a04-af03-38dc562133a9', 'name': 'tempest-ServerDiskConfigTestJSON-877468056-network', 'tenant_id': 'fdfe44e3b85043219a49a3e1515a82c0', 'project_id': 'fdfe44e3b85043219a49a3e1515a82c0', 'admin_state_up': True, 'mtu': 8950, 'status': 'ACTIVE', 'subnets': [], 'shared': False, 'port_security_enabled': True, 'router:external': False, 'provider:network_type': 'vlan', 'provider:physical_network': 'default', 'provider:segmentation_id': 632, 'availability_zone_hints': [], 'availability_zones': [], 'ipv4_address_scope': None, 'ipv6_address_scope': None, 'description': '', 'tags': [], 'created_at': '2025-12-12T13:52:38Z', 'updated_at': '2025-12-12T13:52:38Z', 'revision_number': 1}, Subnet: {'id': 'ed6e034d-c3ab-4b22-8a00-c6d3095e6c5a', 'name': 'tempest-ServerDiskConfigTestJSON-877468056-subnet', 'tenant_id': 'fdfe44e3b85043219a49a3e1515a82c0', 'network_id': '60837cb2-dceb-4a04-af03-38dc562133a9', 'ip_version': 4, 'subnetpool_id': None, 'enable_dhcp': True, 'ipv6_ra_mode': None, 'ipv6_address_mode': None, 'gateway_ip': '192.168.128.1', 'cidr': '192.168.128.0/28', 'allocation_pools': [{'start': '192.168.128.2', 'end': '192.168.128.14'}], 'host_routes': [], 'dns_nameservers': [], 'description': '', 'router:external': False, 'service_types': [], 'tags': [], 'created_at': '2025-12-12T13:52:38Z', 'updated_at': '2025-12-12T13:52:38Z', 'revision_number': 0, 'project_id': 'fdfe44e3b85043219a49a3e1515a82c0'}, Router: {'id': 'afc63682-7052-4f1a-a8b2-a5e434dee05b', 'name': 'tempest-ServerDiskConfigTestJSON-877468056-router', 'tenant_id': 'fdfe44e3b85043219a49a3e1515a82c0', 'admin_state_up': True, 'status': 'ACTIVE', 'external_gateway_info': {'network_id': '70bd9cef-8f0e-48ad-8dcd-851a53cd468c', 'external_fixed_ips': [{'subnet_id': '531b66c9-bd4c-4453-baf4-47f1e86773b6', 'ip_address': '10.180.180.243'}], 'enable_snat': True}, 'description': '', 'availability_zones': [], 'distributed': False, 'ha': False, 'availability_zone_hints': [], 'routes': [], 'flavor_id': None, 'tags': [], 'created_at': '2025-12-12T13:52:39Z', 'updated_at': '2025-12-12T13:52:39Z', 'revision_number': 2, 'project_id': 'fdfe44e3b85043219a49a3e1515a82c0'}
2025-12-12 13:52:40.973 65481 INFO tempest.lib.common.rest_client [req-03626135-1bdb-4525-b10d-f298238fc497 req-03626135-1bdb-4525-b10d-f298238fc497 ] Request (ServerRescueTestJSON:setUpClass): 200 GET http://10.180.1.21/compute/v2.1/servers/67fb71b9-8b3d-42af-837a-159c22de081c 2.755s
2025-12-12 13:52:40.985 65481 INFO tempest.common.waiters [-] State transition "BUILD/spawning" ==> "ACTIVE/None" after 24 second wait
2025-12-12 13:52:41.001 65483 INFO tempest.lib.common.rest_client [req-b328c010-506e-4a31-b17e-5a81dd805fc1 req-b328c010-506e-4a31-b17e-5a81dd805fc1 ] Request (ServerDiskConfigTestJSON:setUpClass): 201 POST http://10.180.1.21/identity/v3/auth/tokens 0.116s
2025-12-12 13:52:41.039 65483 INFO tempest.lib.common.rest_client [req-ae805617-fa7e-4b70-9530-88a2dba02ada req-ae805617-fa7e-4b70-9530-88a2dba02ada ] Request (ServerDiskConfigTestJSON:test_rebuild_server_with_auto_disk_config): 201 POST http://10.180.1.21/identity/v3/auth/tokens 0.032s
2025-12-12 13:52:41.040 65483 INFO tempest.lib.common.fixed_network [-] (ServerDiskConfigTestJSON:test_rebuild_server_with_auto_disk_config) Found network {'id': '60837cb2-dceb-4a04-af03-38dc562133a9', 'name': 'tempest-ServerDiskConfigTestJSON-877468056-network', 'tenant_id': 'fdfe44e3b85043219a49a3e1515a82c0', 'project_id': 'fdfe44e3b85043219a49a3e1515a82c0', 'admin_state_up': True, 'mtu': 8950, 'status': 'ACTIVE', 'subnets': [], 'shared': False, 'port_security_enabled': True, 'router:external': False, 'provider:network_type': 'vlan', 'provider:physical_network': 'default', 'provider:segmentation_id': 632, 'availability_zone_hints': [], 'availability_zones': [], 'ipv4_address_scope': None, 'ipv6_address_scope': None, 'description': '', 'tags': [], 'created_at': '2025-12-12T13:52:38Z', 'updated_at': '2025-12-12T13:52:38Z', 'revision_number': 1} available for tenant
2025-12-12 13:52:41.046 65439 WARNING tempest.lib.common.ssh [-] Failed to establish authenticated ssh connection to cirros@10.180.180.152 ([Errno None] Unable to connect to port 22 on 10.180.180.152). Number attempts: 1. Retry after 2 seconds.: paramiko.ssh_exception.NoValidConnectionsError: [Errno None] Unable to connect to port 22 on 10.180.180.152
2025-12-12 13:52:41.310 65431 INFO tempest.lib.common.rest_client [req-ccac36c0-49cd-4eb9-a748-676bd0c18e9e req-ccac36c0-49cd-4eb9-a748-676bd0c18e9e ] Request (MigrationsAdminTest:test_list_migrations_in_flavor_resize_situation): 202 POST http://10.180.1.21/compute/v2.1/servers 3.059s
2025-12-12 13:52:41.416 65479 INFO tempest.lib.common.rest_client [req-8ae4eacf-ff62-4cc4-bb59-fbc100b2753c req-8ae4eacf-ff62-4cc4-bb59-fbc100b2753c ] Request (InstanceActionsV221TestJSON:test_get_list_deleted_instance_actions): 200 GET http://10.180.1.21/compute/v2.1/servers/fd02382a-a8c3-470c-8dd4-2169038cb467 3.125s
2025-12-12 13:52:41.444 65461 INFO tempest.lib.common.rest_client [req-506b3a13-eec5-4171-ab89-fd8f25ef57fb req-506b3a13-eec5-4171-ab89-fd8f25ef57fb ] Request (ServerGroupTestJSON:test_create_delete_server_group_with_affinity_policy): 200 GET http://10.180.1.21/compute/v2.1/os-server-groups 3.139s
2025-12-12 13:52:41.452 65433 INFO tempest.lib.common.rest_client [req-d3733b65-1149-4248-9d85-bfb568cc3236 req-d3733b65-1149-4248-9d85-bfb568cc3236 ] Request (AggregatesAdminNegativeTestJSON:test_aggregate_delete_as_user): 403 DELETE http://10.180.1.21/compute/v2.1/os-aggregates/5 3.120s
2025-12-12 13:52:41.615 65437 INFO tempest.lib.common.rest_client [req-7ae97cd2-613d-4a59-909e-0b4c374a3af7 req-7ae97cd2-613d-4a59-909e-0b4c374a3af7 ] Request (ServersWithSpecificFlavorTestJSON:test_verify_created_server_ephemeral_disk): 200 GET http://10.180.1.21/compute/v2.1/servers/270506e4-395a-41db-9447-c154a5a04413 3.148s
2025-12-12 13:52:41.621 65457 INFO tempest.lib.common.rest_client [req-21333faf-45cd-4aa3-a6f4-50f7be5fc6a5 req-21333faf-45cd-4aa3-a6f4-50f7be5fc6a5 ] Request (ImagesOneServerNegativeTestJSON:test_create_image_specify_invalid_metadata): 400 POST http://10.180.1.21/compute/v2.1/servers/deea1f6c-7257-476f-95d3-4dae79967f5b/action 3.078s
2025-12-12 13:52:41.629 65437 INFO tempest.common.waiters [-] State transition "BUILD/spawning" ==> "ACTIVE/None" after 28 second wait
2025-12-12 13:52:41.733 65474 INFO tempest.lib.common.rest_client [req-26e69efc-01e5-44e7-8bbe-3ef57cd605eb req-26e69efc-01e5-44e7-8bbe-3ef57cd605eb ] Request (ServersListShow2100Test:test_list_show_rebuild_update_server_2100): 200 GET http://10.180.1.21/compute/v2.1/servers/740ca3d3-cfb2-4657-b6a3-26a344f2e97a 3.167s
2025-12-12 13:52:41.765 65489 WARNING tempest.lib.common.ssh [-] Failed to establish authenticated ssh connection to cirros@10.180.180.150 ([Errno None] Unable to connect to port 22 on 10.180.180.150). Number attempts: 5. Retry after 6 seconds.: paramiko.ssh_exception.NoValidConnectionsError: [Errno None] Unable to connect to port 22 on 10.180.180.150
2025-12-12 13:52:41.769 65441 INFO tempest.lib.common.rest_client [req-d11a1248-0eaa-4494-aa0c-6cde9dca1001 req-d11a1248-0eaa-4494-aa0c-6cde9dca1001 ] Request (FloatingIPsTestJSON:test_delete_floating_ip): 200 POST http://10.180.1.21/compute/v2.1/os-floating-ips 3.509s
2025-12-12 13:52:41.901 65456 INFO tempest.lib.common.rest_client [req-9dd3188e-4b6c-4e96-81c5-0a7a72242cf1 req-9dd3188e-4b6c-4e96-81c5-0a7a72242cf1 ] Request (FloatingIPsAssociationNegativeTestJSON:setUpClass): 200 GET http://10.180.1.21/compute/v2.1/servers/0fde75fc-5492-4222-9d83-9caafab8e120 3.240s
2025-12-12 13:52:41.908 65456 INFO tempest.common.waiters [-] State transition "BUILD/spawning" ==> "ACTIVE/None" after 25 second wait
2025-12-12 13:52:41.962 65447 INFO tempest.lib.common.rest_client [req-423c7a1d-6942-4d0e-bf67-b1182c95fbef req-423c7a1d-6942-4d0e-bf67-b1182c95fbef ] Request (FloatingIPsAssociationTestJSON:test_associate_already_associated_floating_ip): 200 GET http://10.180.1.21/compute/v2.1/servers/f5273e06-6b98-4b46-ae12-41b06090ec05 3.226s
2025-12-12 13:52:42.028 65465 INFO tempest.lib.common.rest_client [req-693cd9f0-285e-4289-8be9-a6fc0b331dd9 req-693cd9f0-285e-4289-8be9-a6fc0b331dd9 ] Request (InstanceActionsTestJSON:setUpClass): 200 GET http://10.180.1.21/compute/v2.1/servers/2aaebbf2-46fa-474b-881a-df9a574cc3a0 3.274s
2025-12-12 13:52:42.057 65463 INFO tempest.lib.common.rest_client [req-bf0ca739-f2c6-4b44-96f2-e57bbae29a2f req-bf0ca739-f2c6-4b44-96f2-e57bbae29a2f ] Request (ImagesMetadataTestJSON:test_set_image_metadata): 200 PUT http://10.180.1.21/compute/v2.1/images/ed256d23-1f00-4457-8e4b-0833e71de3da/metadata 3.381s
2025-12-12 13:52:42.117 65449 INFO tempest.lib.common.rest_client [req-96b6cd6b-c2da-4fb4-86c0-8c0fc48942e7 req-96b6cd6b-c2da-4fb4-86c0-8c0fc48942e7 ] Request (ServerDiagnosticsV248Test:tearDownClass): 200 GET http://10.180.1.21/compute/v2.1/servers/d1d4f7fe-f2c0-4dc9-a5f1-73806f2fa8b3 3.295s
2025-12-12 13:52:42.125 65449 INFO tempest.common.waiters [-] State transition "ACTIVE/deleting" ==> "DELETED/None" after 8 second wait
2025-12-12 13:52:42.154 65451 INFO tempest.lib.common.rest_client [req-6a36a9c1-ce47-4a6b-9003-beba7f0e87a8 req-6a36a9c1-ce47-4a6b-9003-beba7f0e87a8 ] Request (SecurityGroupRulesNegativeTestJSON:test_create_security_group_rule_with_invalid_ip_protocol): 400 POST http://10.180.1.21/compute/v2.1/os-security-group-rules 3.164s
2025-12-12 13:52:42.175 65471 INFO tempest.lib.common.rest_client [req-529ba043-9c90-42ae-94d2-e05d6fa25a46 req-529ba043-9c90-42ae-94d2-e05d6fa25a46 ] Request (FlavorsAdminTestJSON:_run_cleanups): 202 DELETE http://10.180.1.21/compute/v2.1/flavors/1541423477 2.968s
2025-12-12 13:52:42.279 65429 INFO tempest.lib.common.rest_client [req-22ae52ad-97b4-45c4-afa7-226347c52994 req-22ae52ad-97b4-45c4-afa7-226347c52994 ] Request (ListServerFiltersTestJSON:test_list_servers_detailed_filter_by_server_status): 200 GET http://10.180.1.21/compute/v2.1/servers/detail?status=active 3.401s
2025-12-12 13:52:42.366 65485 INFO tempest.lib.common.rest_client [req-8edf6f88-6de5-456b-8e56-f0627f1448d8 req-8edf6f88-6de5-456b-8e56-f0627f1448d8 ] Request (TenantUsagesTestJSON:tearDownClass): 200 GET http://10.180.1.21/compute/v2.1/servers/81ba41ed-99c8-457e-91c6-1b1bf383855c 2.686s
2025-12-12 13:52:42.430 65445 INFO tempest.lib.common.rest_client [req-ecc61693-4fcd-4854-8714-5880e8f5c4b4 req-ecc61693-4fcd-4854-8714-5880e8f5c4b4 ] Request (ServicesAdminNegativeTestJSON:test_get_service_by_invalid_params): 200 GET http://10.180.1.21/compute/v2.1/os-services 2.715s
2025-12-12 13:52:42.477 65487 WARNING tempest.lib.common.ssh [-] Failed to establish authenticated ssh connection to cirros@10.180.180.167 ([Errno None] Unable to connect to port 22 on 10.180.180.167). Number attempts: 4. Retry after 5 seconds.: paramiko.ssh_exception.NoValidConnectionsError: [Errno None] Unable to connect to port 22 on 10.180.180.167
2025-12-12 13:52:42.487 65477 INFO tempest.lib.common.rest_client [req-aaf4a11a-8397-4781-b1ea-120fea736f3e req-aaf4a11a-8397-4781-b1ea-120fea736f3e ] Request (QuotasAdminTestJSON:test_update_all_quota_resources_for_tenant): 200 PUT http://10.180.1.21/compute/v2.1/os-quota-sets/e5446171ebec41f1b7d5fa99839ce484 3.221s
2025-12-12 13:52:42.614 65427 INFO tempest.lib.common.rest_client [req-bd38c76a-0a2e-40d8-8acd-9f26a224eeae req-bd38c76a-0a2e-40d8-8acd-9f26a224eeae ] Request (ServerRescueNegativeTestJSON:setUpClass): 200 GET http://10.180.1.21/compute/v2.1/servers/0d104c56-bece-4414-94ba-039eecb4c6f9 2.529s
2025-12-12 13:52:42.622 65475 INFO tempest.lib.common.rest_client [req-2e77383e-a1ec-4c67-a234-49d5e5183b42 req-2e77383e-a1ec-4c67-a234-49d5e5183b42 ] Request (ServerActionsTestJSON:setUpClass): 200 GET http://10.180.1.21/compute/v2.1/servers/3c76b178-6ea6-457e-aaf0-4d305d30026e 2.757s
2025-12-12 13:52:42.625 65427 INFO tempest.common.waiters [-] State transition "BUILD/networking" ==> "BUILD/spawning" after 14 second wait
2025-12-12 13:52:42.671 65435 INFO tempest.lib.common.rest_client [req-132b22db-382d-45b9-a290-256de30dfb2e req-132b22db-382d-45b9-a290-256de30dfb2e ] Request (ServerAddressesTestJSON:setUpClass): 200 GET http://10.180.1.21/compute/v2.1/servers/03c612bd-f382-4385-877f-f2b733a1965a 2.090s
2025-12-12 13:52:42.686 65443 INFO tempest.lib.common.rest_client [req-d23bd4d8-5c8b-4a5b-b596-d4038dc65013 req-d23bd4d8-5c8b-4a5b-b596-d4038dc65013 ] Request (DeleteServersAdminTestJSON:test_delete_server_while_in_error_state): 200 GET http://10.180.1.21/compute/v2.1/servers/d925bac4-cc0f-49d1-95cd-8fc6cc19288d 2.086s
2025-12-12 13:52:42.770 65481 INFO tempest.lib.common.rest_client [req-67ec6e72-d020-43ff-a974-fdda4c514304 req-67ec6e72-d020-43ff-a974-fdda4c514304 ] Request (ServerRescueTestJSON:setUpClass): 200 POST http://10.180.1.21/compute/v2.1/servers/67fb71b9-8b3d-42af-837a-159c22de081c/action 1.784s
2025-12-12 13:52:42.793 65459 INFO tempest.lib.common.rest_client [req-11f19cb5-1718-438a-b62e-1ae3148748ee req-11f19cb5-1718-438a-b62e-1ae3148748ee ] Request (ServersTestMultiNic:_run_cleanups): 404 GET http://10.180.1.21/compute/v2.1/servers/0cc17f86-a471-41d2-90c1-99c3eafef9da 1.709s
2025-12-12 13:52:42.860 65431 INFO tempest.lib.common.rest_client [req-467e6248-6a67-410a-b01a-dc76192e8b11 req-467e6248-6a67-410a-b01a-dc76192e8b11 ] Request (MigrationsAdminTest:test_list_migrations_in_flavor_resize_situation): 200 GET http://10.180.1.21/compute/v2.1/servers/6651d3fd-de44-4290-9258-1c4e8d5efdfd 1.547s
2025-12-12 13:52:42.916 65461 INFO tempest.lib.common.rest_client [req-65a8e685-c19b-4e1a-8e2e-40014c84e70d req-65a8e685-c19b-4e1a-8e2e-40014c84e70d ] Request (ServerGroupTestJSON:test_create_delete_server_group_with_anti_affinity_policy): 200 POST http://10.180.1.21/compute/v2.1/os-server-groups 1.468s
2025-12-12 13:52:42.941 65433 INFO tempest.lib.common.rest_client [req-d2a49617-1e8c-4aee-9118-b3130faa066a req-d2a49617-1e8c-4aee-9118-b3130faa066a ] Request (AggregatesAdminNegativeTestJSON:_run_cleanups): 200 DELETE http://10.180.1.21/compute/v2.1/os-aggregates/5 1.488s
2025-12-12 13:52:42.982 65459 INFO tempest.lib.common.rest_client [req-d2558ef2-35a1-453b-a6e0-81ef08a30e6f req-d2558ef2-35a1-453b-a6e0-81ef08a30e6f ] Request (ServersTestMultiNic:_run_cleanups): 204 DELETE http://10.180.1.21/networking/v2.0/subnets/2aa000f9-7961-4d4b-8783-37019d34a59c 0.189s
2025-12-12 13:52:43.189 65483 INFO tempest.lib.common.rest_client [req-bcb61401-3b50-4cc6-ae1c-363984f8e118 req-bcb61401-3b50-4cc6-ae1c-363984f8e118 ] Request (ServerDiskConfigTestJSON:test_rebuild_server_with_auto_disk_config): 202 POST http://10.180.1.21/compute/v2.1/servers 2.148s
2025-12-12 13:52:43.439 65459 INFO tempest.lib.common.rest_client [req-08978a55-caf2-42d7-9006-026bf64aa0ad req-08978a55-caf2-42d7-9006-026bf64aa0ad ] Request (ServersTestMultiNic:_run_cleanups): 204 DELETE http://10.180.1.21/networking/v2.0/networks/d702ff3e-7071-40e8-bd69-bd3e2f85bf44 0.456s
2025-12-12 13:52:43.485 65437 INFO tempest.lib.common.rest_client [req-67f845d2-c145-47fa-af41-3155c31b4dc2 req-67f845d2-c145-47fa-af41-3155c31b4dc2 ] Request (ServersWithSpecificFlavorTestJSON:test_verify_created_server_ephemeral_disk): 200 GET http://10.180.1.21/compute/v2.1/servers/270506e4-395a-41db-9447-c154a5a04413/os-interface 1.856s
2025-12-12 13:52:43.508 65457 INFO tempest.lib.common.rest_client [req-aedbb34f-2c36-41d1-bf5e-323efacee4e2 req-aedbb34f-2c36-41d1-bf5e-323efacee4e2 ] Request (ImagesOneServerNegativeTestJSON:tearDown): 200 GET http://10.180.1.21/compute/v2.1/servers/deea1f6c-7257-476f-95d3-4dae79967f5b 1.886s
2025-12-12 13:52:43.667 65459 INFO tempest.lib.common.rest_client [req-47f87289-7f8d-4c5b-9029-e6ab6eabbc61 req-47f87289-7f8d-4c5b-9029-e6ab6eabbc61 ] Request (ServersTestMultiNic:_run_cleanups): 204 DELETE http://10.180.1.21/networking/v2.0/subnets/2bc4782b-582a-42f9-ade7-767138576125 0.227s
2025-12-12 13:52:44.009 65459 INFO tempest.lib.common.rest_client [req-d81b330c-fc0d-493a-9558-71afdc21cc0a req-d81b330c-fc0d-493a-9558-71afdc21cc0a ] Request (ServersTestMultiNic:_run_cleanups): 204 DELETE http://10.180.1.21/networking/v2.0/networks/e50dda9b-67cf-43e7-85eb-7a35e4b408d0 0.341s
2025-12-12 13:52:44.012 65437 INFO tempest.lib.common.rest_client [req-01fa3e5e-08da-4125-bd4c-ea0f1b53b69b req-01fa3e5e-08da-4125-bd4c-ea0f1b53b69b ] Request (ServersWithSpecificFlavorTestJSON:test_verify_created_server_ephemeral_disk): 200 PUT http://10.180.1.21/networking/v2.0/floatingips/80fa88a9-5714-4877-94e2-41127f252033 0.524s
2025-12-12 13:52:44.116 65439 WARNING tempest.lib.common.ssh [-] Failed to establish authenticated ssh connection to cirros@10.180.180.152 ([Errno None] Unable to connect to port 22 on 10.180.180.152). Number attempts: 2. Retry after 3 seconds.: paramiko.ssh_exception.NoValidConnectionsError: [Errno None] Unable to connect to port 22 on 10.180.180.152
2025-12-12 13:52:44.164 65459 INFO tempest.lib.common.rest_client [req-9d2e1a01-b489-4dbe-8e4d-6e11c4dc1c56 req-9d2e1a01-b489-4dbe-8e4d-6e11c4dc1c56 ] Request (ServersTestMultiNic:test_verify_multiple_nics_order): 201 POST http://10.180.1.21/networking/v2.0/networks 0.149s
2025-12-12 13:52:44.400 65459 INFO tempest.lib.common.rest_client [req-75d6b4df-7d12-4306-8f37-23355c8c62a1 req-75d6b4df-7d12-4306-8f37-23355c8c62a1 ] Request (ServersTestMultiNic:test_verify_multiple_nics_order): 201 POST http://10.180.1.21/networking/v2.0/subnets 0.236s
2025-12-12 13:52:44.591 65459 INFO tempest.lib.common.rest_client [req-502856b8-2976-478f-baff-468a93dbdaa0 req-502856b8-2976-478f-baff-468a93dbdaa0 ] Request (ServersTestMultiNic:test_verify_multiple_nics_order): 201 POST http://10.180.1.21/networking/v2.0/networks 0.189s
2025-12-12 13:52:44.644 65456 INFO tempest.lib.common.rest_client [req-6a2eb799-fb24-45ce-9247-3b4198e12afa req-6a2eb799-fb24-45ce-9247-3b4198e12afa ] Request (FloatingIPsAssociationNegativeTestJSON:test_associate_ip_to_server_with_floating_ip): 200 POST http://10.180.1.21/compute/v2.1/os-floating-ips 2.735s
2025-12-12 13:52:44.680 65463 INFO tempest.lib.common.rest_client [req-fc4bc145-6468-417e-b8c9-f2dd60ab074e req-fc4bc145-6468-417e-b8c9-f2dd60ab074e ] Request (ImagesMetadataTestJSON:test_set_image_metadata): 200 GET http://10.180.1.21/compute/v2.1/images/ed256d23-1f00-4457-8e4b-0833e71de3da/metadata 2.621s
2025-12-12 13:52:44.818 65441 INFO tempest.lib.common.rest_client [req-9e69c098-4e99-4d06-b15c-7b987668b751 req-9e69c098-4e99-4d06-b15c-7b987668b751 ] Request (FloatingIPsTestJSON:test_delete_floating_ip): 202 DELETE http://10.180.1.21/compute/v2.1/os-floating-ips/194f2dce-c514-400b-b910-d51872cdd91a 3.046s
2025-12-12 13:52:44.840 65471 INFO tempest.lib.common.rest_client [req-5536a82b-7710-48a2-93bb-41aa514fcf14 req-5536a82b-7710-48a2-93bb-41aa514fcf14 ] Request (FlavorsAdminTestJSON:_run_cleanups): 200 GET http://10.180.1.21/compute/v2.1/flavors/detail 2.662s
2025-12-12 13:52:45.007 65459 INFO tempest.lib.common.rest_client [req-dd040fe7-0f83-4e30-927e-575b21185954 req-dd040fe7-0f83-4e30-927e-575b21185954 ] Request (ServersTestMultiNic:test_verify_multiple_nics_order): 201 POST http://10.180.1.21/networking/v2.0/subnets 0.415s
2025-12-12 13:52:45.092 65459 INFO tempest.lib.common.rest_client [req-4fdc2c6d-a95d-463a-b15d-880ce4817af2 req-4fdc2c6d-a95d-463a-b15d-880ce4817af2 ] Request (ServersTestMultiNic:test_verify_multiple_nics_order): 201 POST http://10.180.1.21/identity/v3/auth/tokens 0.079s
2025-12-12 13:52:45.093 65459 INFO tempest.lib.common.fixed_network [-] (ServersTestMultiNic:test_verify_multiple_nics_order) Found network {'id': 'f5d5f22e-bc84-4579-891e-6c3913cf03a9', 'name': 'tempest-ServersTestMultiNic-1525011254-network', 'tenant_id': '72aca74b9eb048bfa07ea4d886615381', 'project_id': '72aca74b9eb048bfa07ea4d886615381', 'admin_state_up': True, 'mtu': 8950, 'status': 'ACTIVE', 'subnets': [], 'shared': False, 'port_security_enabled': True, 'router:external': False, 'provider:network_type': 'vlan', 'provider:physical_network': 'default', 'provider:segmentation_id': 238, 'availability_zone_hints': [], 'availability_zones': [], 'ipv4_address_scope': None, 'ipv6_address_scope': None, 'description': '', 'tags': [], 'created_at': '2025-12-12T13:51:19Z', 'updated_at': '2025-12-12T13:51:19Z', 'revision_number': 1} available for tenant
2025-12-12 13:52:45.138 65451 INFO tempest.lib.common.rest_client [req-95219edc-368f-4cd9-877e-709947d8e45e req-95219edc-368f-4cd9-877e-709947d8e45e ] Request (SecurityGroupRulesNegativeTestJSON:test_create_security_group_rule_with_invalid_port_range): 200 POST http://10.180.1.21/compute/v2.1/os-security-groups 2.981s
2025-12-12 13:52:45.195 65429 INFO tempest.lib.common.rest_client [req-11d27194-24b5-4689-8d1a-7ad75df80b96 req-11d27194-24b5-4689-8d1a-7ad75df80b96 ] Request (ListServerFiltersTestJSON:test_list_servers_detailed_limit_results): 200 GET http://10.180.1.21/compute/v2.1/servers/detail?limit=1 2.906s
2025-12-12 13:52:45.222 65445 INFO tempest.lib.common.rest_client [req-86a871f1-6194-49b3-83af-2a5ddcda27ad req-86a871f1-6194-49b3-83af-2a5ddcda27ad ] Request (ServicesAdminNegativeTestJSON:test_get_service_by_invalid_params): 200 GET http://10.180.1.21/compute/v2.1/os-services?xxx=nova-compute 2.789s
2025-12-12 13:52:45.258 65479 INFO tempest.lib.common.rest_client [req-b9bd7937-c207-49a0-aa92-87fbdfe529d6 req-b9bd7937-c207-49a0-aa92-87fbdfe529d6 ] Request (InstanceActionsV221TestJSON:test_get_list_deleted_instance_actions): 200 GET http://10.180.1.21/compute/v2.1/servers/fd02382a-a8c3-470c-8dd4-2169038cb467 2.828s
2025-12-12 13:52:45.348 65474 INFO tempest.lib.common.rest_client [req-eca13e7b-e6bb-4ab1-bedd-6ce112dca5db req-eca13e7b-e6bb-4ab1-bedd-6ce112dca5db ] Request (ServersListShow2100Test:test_list_show_rebuild_update_server_2100): 200 GET http://10.180.1.21/compute/v2.1/servers/740ca3d3-cfb2-4657-b6a3-26a344f2e97a 2.592s
2025-12-12 13:52:45.364 65474 INFO tempest.common.waiters [-] State transition "REBUILD/rebuild_block_device_mapping" ==> "REBUILD/rebuild_spawning" after 4 second wait
2025-12-12 13:52:45.471 65477 INFO tempest.lib.common.rest_client [req-d79462fd-6980-48b8-9fb7-e0a7648a1c5d req-d79462fd-6980-48b8-9fb7-e0a7648a1c5d ] Request (QuotasAdminTestJSON:_run_cleanups): 200 PUT http://10.180.1.21/compute/v2.1/os-quota-sets/e5446171ebec41f1b7d5fa99839ce484 2.981s
2025-12-12 13:52:45.500 65461 INFO tempest.lib.common.rest_client [req-9c4a62d9-1167-47bc-980c-d7b9081a937d req-9c4a62d9-1167-47bc-980c-d7b9081a937d ] Request (ServerGroupTestJSON:test_create_delete_server_group_with_anti_affinity_policy): 204 DELETE http://10.180.1.21/compute/v2.1/os-server-groups/95d2def2-3d34-4cef-b55d-c1b406bc58f9 2.582s
2025-12-12 13:52:45.519 65433 INFO tempest.lib.common.rest_client [req-083c71bf-4c3f-4310-a57a-3b4cc07efa95 req-083c71bf-4c3f-4310-a57a-3b4cc07efa95 ] Request (AggregatesAdminNegativeTestJSON:test_aggregate_delete_with_invalid_id): 404 DELETE http://10.180.1.21/compute/v2.1/os-aggregates/-1 2.577s
2025-12-12 13:52:45.541 65481 INFO tempest.lib.common.rest_client [req-09d9218e-8a98-4d1d-89fa-4e5e63ac94c8 req-09d9218e-8a98-4d1d-89fa-4e5e63ac94c8 ] Request (ServerRescueTestJSON:setUpClass): 200 GET http://10.180.1.21/compute/v2.1/servers/67fb71b9-8b3d-42af-837a-159c22de081c 2.770s
2025-12-12 13:52:45.609 65447 INFO tempest.lib.common.rest_client [req-97e03b88-4356-4df9-9eb0-1441926dbaa6 req-97e03b88-4356-4df9-9eb0-1441926dbaa6 ] Request (FloatingIPsAssociationTestJSON:test_associate_already_associated_floating_ip): 200 GET http://10.180.1.21/compute/v2.1/servers/f5273e06-6b98-4b46-ae12-41b06090ec05 2.639s
2025-12-12 13:52:45.626 65465 INFO tempest.lib.common.rest_client [req-a1c4b94d-df21-4aca-ad1d-d18e51b0d002 req-a1c4b94d-df21-4aca-ad1d-d18e51b0d002 ] Request (InstanceActionsTestJSON:setUpClass): 200 GET http://10.180.1.21/compute/v2.1/servers/2aaebbf2-46fa-474b-881a-df9a574cc3a0 2.590s
2025-12-12 13:52:45.696 65449 INFO tempest.lib.common.rest_client [req-dbaea657-7475-4b29-95be-fabc3b40392d req-dbaea657-7475-4b29-95be-fabc3b40392d ] Request (ServerDiagnosticsV248Test:tearDownClass): 200 GET http://10.180.1.21/compute/v2.1/servers/d1d4f7fe-f2c0-4dc9-a5f1-73806f2fa8b3 2.569s
2025-12-12 13:52:45.699 65477 INFO tempest.lib.common.rest_client [req-7416cf0b-0e25-43ef-95bb-e89683cc0e8f req-7416cf0b-0e25-43ef-95bb-e89683cc0e8f ] Request (QuotasAdminTestJSON:tearDownClass): 204 DELETE http://10.180.1.21/identity/v3/users/51252441ddf6478db42788d3dbe24d05 0.222s
2025-12-12 13:52:45.717 65483 INFO tempest.lib.common.rest_client [req-f48017ae-d5cd-4694-8e92-7faa1432ca50 req-f48017ae-d5cd-4694-8e92-7faa1432ca50 ] Request (ServerDiskConfigTestJSON:test_rebuild_server_with_auto_disk_config): 200 GET http://10.180.1.21/compute/v2.1/servers/cc8d6c6b-a06b-413a-b93c-b4a88c6e73f8 2.526s
2025-12-12 13:52:45.776 65485 INFO tempest.lib.common.rest_client [req-11305104-8f59-4100-a2f6-5b37e0200c44 req-11305104-8f59-4100-a2f6-5b37e0200c44 ] Request (TenantUsagesTestJSON:tearDownClass): 200 GET http://10.180.1.21/compute/v2.1/servers/81ba41ed-99c8-457e-91c6-1b1bf383855c 2.400s
2025-12-12 13:52:45.833 65477 INFO tempest.lib.common.rest_client [req-d6696c3d-ac8f-4d40-b877-9eef8152bc63 req-d6696c3d-ac8f-4d40-b877-9eef8152bc63 ] Request (QuotasAdminTestJSON:tearDownClass): 204 DELETE http://10.180.1.21/identity/v3/users/2056766a68d9448aa90b31c3c099006e 0.133s
2025-12-12 13:52:45.833 65477 INFO tempest.lib.common.dynamic_creds [-] Deleting project and security group for project: e5446171ebec41f1b7d5fa99839ce484
2025-12-12 13:52:45.898 65477 INFO tempest.lib.common.rest_client [req-dc4d5538-1b32-489e-9cc9-078de5324a08 req-dc4d5538-1b32-489e-9cc9-078de5324a08 ] Request (QuotasAdminTestJSON:tearDownClass): 201 POST http://10.180.1.21/identity/v3/auth/tokens 0.065s
2025-12-12 13:52:45.953 65457 INFO tempest.lib.common.rest_client [req-fef0318e-28ff-4207-8b9a-8a7da60f797e req-fef0318e-28ff-4207-8b9a-8a7da60f797e ] Request (ImagesOneServerNegativeTestJSON:setUp): 200 GET http://10.180.1.21/compute/v2.1/servers/deea1f6c-7257-476f-95d3-4dae79967f5b 2.433s
2025-12-12 13:52:45.992 65427 INFO tempest.lib.common.rest_client [req-90e559c4-f65f-4f3b-b1e6-2e5f6fa9e7ab req-90e559c4-f65f-4f3b-b1e6-2e5f6fa9e7ab ] Request (ServerRescueNegativeTestJSON:setUpClass): 200 GET http://10.180.1.21/compute/v2.1/servers/0d104c56-bece-4414-94ba-039eecb4c6f9 2.366s
2025-12-12 13:52:46.164 65477 INFO tempest.lib.common.rest_client [req-85cdcfac-1dc9-4292-a6f6-33fa292b8886 req-85cdcfac-1dc9-4292-a6f6-33fa292b8886 ] Request (QuotasAdminTestJSON:tearDownClass): 200 GET http://10.180.1.21/networking/v2.0/security-groups?tenant_id=e5446171ebec41f1b7d5fa99839ce484&name=default 0.265s
2025-12-12 13:52:46.218 65435 INFO tempest.lib.common.rest_client [req-9a2f94d7-dce8-46a9-a244-0e9c04a77b4e req-9a2f94d7-dce8-46a9-a244-0e9c04a77b4e ] Request (ServerAddressesTestJSON:setUpClass): 200 GET http://10.180.1.21/compute/v2.1/servers/03c612bd-f382-4385-877f-f2b733a1965a 2.536s
2025-12-12 13:52:46.314 65477 INFO tempest.lib.common.rest_client [req-e7a25cc2-94b7-406e-b283-86a317e62440 req-e7a25cc2-94b7-406e-b283-86a317e62440 ] Request (QuotasAdminTestJSON:tearDownClass): 204 DELETE http://10.180.1.21/networking/v2.0/security-groups/07192627-516b-4107-86bd-a3cc8ffb7b97 0.149s
2025-12-12 13:52:46.358 65475 INFO tempest.lib.common.rest_client [req-8570bb53-c17c-4bb4-9e5f-ac3502963210 req-8570bb53-c17c-4bb4-9e5f-ac3502963210 ] Request (ServerActionsTestJSON:setUpClass): 200 GET http://10.180.1.21/compute/v2.1/servers/3c76b178-6ea6-457e-aaf0-4d305d30026e 2.726s
2025-12-12 13:52:46.405 65477 INFO tempest.lib.common.rest_client [req-1ec7b270-13fc-4282-b879-0e16d913b1f7 req-1ec7b270-13fc-4282-b879-0e16d913b1f7 ] Request (QuotasAdminTestJSON:tearDownClass): 204 DELETE http://10.180.1.21/identity/v3/projects/e5446171ebec41f1b7d5fa99839ce484 0.090s
2025-12-12 13:52:46.405 65477 INFO tempest.lib.common.dynamic_creds [-] Deleting project and security group for project: ee475dbd9ecd45eb889720603c8b4b6c
2025-12-12 13:52:46.445 65443 INFO tempest.lib.common.rest_client [req-760ac7f2-3a00-42d0-8b4c-16cbe32aa575 req-760ac7f2-3a00-42d0-8b4c-16cbe32aa575 ] Request (DeleteServersAdminTestJSON:test_delete_server_while_in_error_state): 200 GET http://10.180.1.21/compute/v2.1/servers/d925bac4-cc0f-49d1-95cd-8fc6cc19288d 2.751s
2025-12-12 13:52:46.468 65443 INFO tempest.common.waiters [-] State transition "BUILD/None" ==> "BUILD/spawning" after 13 second wait
2025-12-12 13:52:46.484 65431 INFO tempest.lib.common.rest_client [req-b107fe1f-6cae-452f-9d44-4fc7807273fe req-b107fe1f-6cae-452f-9d44-4fc7807273fe ] Request (MigrationsAdminTest:test_list_migrations_in_flavor_resize_situation): 200 GET http://10.180.1.21/compute/v2.1/servers/6651d3fd-de44-4290-9258-1c4e8d5efdfd 2.614s
2025-12-12 13:52:46.550 65467 WARNING tempest.lib.common.ssh [-] Failed to establish authenticated ssh connection to cirros@10.180.180.192 ([Errno None] Unable to connect to port 22 on 10.180.180.192). Number attempts: 3. Retry after 4 seconds.: paramiko.ssh_exception.NoValidConnectionsError: [Errno None] Unable to connect to port 22 on 10.180.180.192
2025-12-12 13:52:46.627 65477 INFO tempest.lib.common.rest_client [req-3e15008a-fe86-4d5b-b289-0d7be43bf632 req-3e15008a-fe86-4d5b-b289-0d7be43bf632 ] Request (QuotasAdminTestJSON:tearDownClass): 200 GET http://10.180.1.21/networking/v2.0/security-groups?tenant_id=ee475dbd9ecd45eb889720603c8b4b6c&name=default 0.222s
2025-12-12 13:52:46.943 65477 INFO tempest.lib.common.rest_client [req-8362b384-5f95-48bb-9013-9ef17c82bd26 req-8362b384-5f95-48bb-9013-9ef17c82bd26 ] Request (QuotasAdminTestJSON:tearDownClass): 204 DELETE http://10.180.1.21/networking/v2.0/security-groups/5594b0e2-0ea9-44c2-a6a5-979400862832 0.315s
2025-12-12 13:52:46.976 65437 INFO tempest.lib.common.rest_client [req-e3ac6e9f-20c4-48b5-94f5-2b2335b2d309 req-e3ac6e9f-20c4-48b5-94f5-2b2335b2d309 ] Request (ServersWithSpecificFlavorTestJSON:test_verify_created_server_ephemeral_disk): 200 GET http://10.180.1.21/compute/v2.1/servers/270506e4-395a-41db-9447-c154a5a04413 2.963s
2025-12-12 13:52:46.990 65437 INFO tempest.lib.common.ssh [-] Creating ssh connection to '10.180.180.216:22' as 'cirros' with public key authentication
2025-12-12 13:52:47.112 65477 INFO tempest.lib.common.rest_client [req-627c180f-d29a-42bb-87f1-703ac4fde9f7 req-627c180f-d29a-42bb-87f1-703ac4fde9f7 ] Request (QuotasAdminTestJSON:tearDownClass): 204 DELETE http://10.180.1.21/identity/v3/projects/ee475dbd9ecd45eb889720603c8b4b6c 0.169s
2025-12-12 13:52:47.201 65477 INFO tempest.lib.common.rest_client [req-f7e95280-43ab-43fd-8be5-bea1323d3038 req-f7e95280-43ab-43fd-8be5-bea1323d3038 ] Request (ServerDiagnosticsNegativeTest:setUpClass): 201 POST http://10.180.1.21/identity/v3/auth/tokens 0.087s
2025-12-12 13:52:47.241 65477 INFO tempest.lib.common.rest_client [req-dc27fe1e-94b3-46d0-b0b4-9d886b8cec28 req-dc27fe1e-94b3-46d0-b0b4-9d886b8cec28 ] Request (ServerDiagnosticsNegativeTest:setUpClass): 201 POST http://10.180.1.21/identity/v3/auth/tokens 0.035s
2025-12-12 13:52:47.274 65477 INFO tempest.lib.common.rest_client [req-506ffe72-7620-42ef-bd38-e803021cab49 req-506ffe72-7620-42ef-bd38-e803021cab49 ] Request (ServerDiagnosticsNegativeTest:setUpClass): 200 GET http://10.180.1.21/identity/v3/domains?name=Default 0.031s
2025-12-12 13:52:47.287 65463 INFO tempest.lib.common.rest_client [req-d0cb93e3-aac1-40e8-bf9a-1363aa051ed7 req-d0cb93e3-aac1-40e8-bf9a-1363aa051ed7 ] Request (ImagesMetadataTestJSON:setUp): 200 PUT http://10.180.1.21/compute/v2.1/images/ed256d23-1f00-4457-8e4b-0833e71de3da/metadata 2.606s
2025-12-12 13:52:47.315 65477 INFO tempest.lib.common.rest_client [req-fe68495a-9e12-44cb-b642-11e526e8fa5c req-fe68495a-9e12-44cb-b642-11e526e8fa5c ] Request (ServerDiagnosticsNegativeTest:setUpClass): 201 POST http://10.180.1.21/identity/v3/projects 0.040s
2025-12-12 13:52:47.410 65477 INFO tempest.lib.common.rest_client [req-cbac6734-2741-44dc-b59f-850a78668f1a req-cbac6734-2741-44dc-b59f-850a78668f1a ] Request (ServerDiagnosticsNegativeTest:setUpClass): 201 POST http://10.180.1.21/identity/v3/users 0.094s
2025-12-12 13:52:47.434 65477 INFO tempest.lib.common.rest_client [req-8cef510f-d24d-453b-b9cf-d4b5ce5842e0 req-8cef510f-d24d-453b-b9cf-d4b5ce5842e0 ] Request (ServerDiagnosticsNegativeTest:setUpClass): 200 GET http://10.180.1.21/identity/v3/roles 0.023s
2025-12-12 13:52:47.467 65477 INFO tempest.lib.common.rest_client [req-8ed191c4-9606-47b6-921b-56f34b3babb0 req-8ed191c4-9606-47b6-921b-56f34b3babb0 ] Request (ServerDiagnosticsNegativeTest:setUpClass): 204 PUT http://10.180.1.21/identity/v3/projects/805dfd6e9bb848e9954e51ea94283a73/users/11f983efd4e6456eb2e26754753ac818/roles/9ad29f3316984aa683002f0094c633be 0.033s
2025-12-12 13:52:47.468 65477 INFO tempest.lib.common.dynamic_creds [-] Dynamic test user 11f983efd4e6456eb2e26754753ac818 is created with scope project and roles: ['member']
2025-12-12 13:52:47.468 65477 INFO tempest.lib.common.dynamic_creds [-] Acquired dynamic creds: credentials: Credentials: {'domain_id': 'default', 'domain_name': 'Default', 'username': 'tempest-ServerDiagnosticsNegativeTest-1470109444-project-member', 'project_domain_id': 'default', 'project_domain_name': 'Default', 'project_id': '805dfd6e9bb848e9954e51ea94283a73', 'project_name': 'tempest-ServerDiagnosticsNegativeTest-1470109444', 'tenant_id': '805dfd6e9bb848e9954e51ea94283a73', 'tenant_name': 'tempest-ServerDiagnosticsNegativeTest-1470109444', 'user_domain_id': 'default', 'user_domain_name': 'Default', 'user_id': '11f983efd4e6456eb2e26754753ac818', 'system': None}, Network: None, Subnet: None, Router: None
2025-12-12 13:52:47.468 65477 INFO tempest.lib.common.dynamic_creds [-] Created isolated network resources for: credentials: Credentials: {'domain_id': 'default', 'domain_name': 'Default', 'username': 'tempest-ServerDiagnosticsNegativeTest-1470109444-project-member', 'project_domain_id': 'default', 'project_domain_name': 'Default', 'project_id': '805dfd6e9bb848e9954e51ea94283a73', 'project_name': 'tempest-ServerDiagnosticsNegativeTest-1470109444', 'tenant_id': '805dfd6e9bb848e9954e51ea94283a73', 'tenant_name': 'tempest-ServerDiagnosticsNegativeTest-1470109444', 'user_domain_id': 'default', 'user_domain_name': 'Default', 'user_id': '11f983efd4e6456eb2e26754753ac818', 'system': None}, Network: None, Subnet: None, Router: None
2025-12-12 13:52:47.562 65477 INFO tempest.lib.common.rest_client [req-c6aba255-3e2c-4ace-addb-858677efbacd req-c6aba255-3e2c-4ace-addb-858677efbacd ] Request (ServerDiagnosticsNegativeTest:setUpClass): 201 POST http://10.180.1.21/identity/v3/auth/tokens 0.091s
2025-12-12 13:52:47.652 65477 INFO tempest.lib.common.rest_client [req-8405514a-9c2a-40eb-b364-ff4f488f1409 req-8405514a-9c2a-40eb-b364-ff4f488f1409 ] Request (ServerDiagnosticsNegativeTest:setUpClass): 201 POST http://10.180.1.21/identity/v3/projects 0.089s
2025-12-12 13:52:47.663 65441 INFO tempest.lib.common.rest_client [req-d409d6d4-9840-4b36-a014-618bdad267e7 req-d409d6d4-9840-4b36-a014-618bdad267e7 ] Request (FloatingIPsTestJSON:test_delete_floating_ip): 404 GET http://10.180.1.21/compute/v2.1/os-floating-ips/194f2dce-c514-400b-b910-d51872cdd91a 2.844s
2025-12-12 13:52:47.685 65471 INFO tempest.lib.common.rest_client [req-187e0119-e3a1-4457-a41f-32b62114b17b req-187e0119-e3a1-4457-a41f-32b62114b17b ] Request (FlavorsAdminTestJSON:test_create_server_with_non_public_flavor): 200 POST http://10.180.1.21/compute/v2.1/flavors 2.837s
2025-12-12 13:52:47.719 65477 INFO tempest.lib.common.rest_client [req-244edd22-06a8-44d0-8a40-e90aa60ae68b req-244edd22-06a8-44d0-8a40-e90aa60ae68b ] Request (ServerDiagnosticsNegativeTest:setUpClass): 201 POST http://10.180.1.21/identity/v3/users 0.066s
2025-12-12 13:52:47.744 65477 INFO tempest.lib.common.rest_client [req-fb50bc39-c1fd-410a-9d6c-32a1ebffacf1 req-fb50bc39-c1fd-410a-9d6c-32a1ebffacf1 ] Request (ServerDiagnosticsNegativeTest:setUpClass): 200 GET http://10.180.1.21/identity/v3/roles 0.024s
2025-12-12 13:52:47.781 65477 INFO tempest.lib.common.rest_client [req-463e96ce-debd-49b5-b586-3e6fb5a9ef43 req-463e96ce-debd-49b5-b586-3e6fb5a9ef43 ] Request (ServerDiagnosticsNegativeTest:setUpClass): 204 PUT http://10.180.1.21/identity/v3/projects/dfe1d70fd4534f5ab1ff7e633592859d/users/8eb44db0320c42fc8f04638a9de6bd1a/roles/bc3fdee00fe5453e97786e0cbb138370 0.037s
