2025-12-12 13:55:13.699 65447 INFO tempest.lib.common.rest_client [req-2d111023-cfac-46c4-85bf-2d0dd78ff415 req-2d111023-cfac-46c4-85bf-2d0dd78ff415 ] Request (ServerActionsV293TestJSON:setUpClass): 201 POST http://10.180.1.21/identity/v3/auth/tokens 0.089s
2025-12-12 13:55:13.734 65447 INFO tempest.lib.common.rest_client [req-1ce1100a-92bb-4a7a-ad15-431ce4418b38 req-1ce1100a-92bb-4a7a-ad15-431ce4418b38 ] Request (ServerActionsV293TestJSON:setUpClass): 201 POST http://10.180.1.21/identity/v3/auth/tokens 0.032s
2025-12-12 13:55:13.760 65447 INFO tempest.lib.common.rest_client [req-5dd86549-daf0-4205-a610-14eeaeb92000 req-5dd86549-daf0-4205-a610-14eeaeb92000 ] Request (ServerActionsV293TestJSON:setUpClass): 200 GET http://10.180.1.21/identity/v3/domains?name=Default 0.025s
2025-12-12 13:55:13.798 65447 INFO tempest.lib.common.rest_client [req-9408fe21-4117-4dc4-9b87-8a4969d67054 req-9408fe21-4117-4dc4-9b87-8a4969d67054 ] Request (ServerActionsV293TestJSON:setUpClass): 201 POST http://10.180.1.21/identity/v3/projects 0.038s
2025-12-12 13:55:13.808 65429 INFO tempest.lib.common.rest_client [req-40199f53-70d9-48e2-bf6e-b2d2ffb32f7d req-40199f53-70d9-48e2-bf6e-b2d2ffb32f7d ] Request (ListServerFiltersTestJSON:tearDownClass): 200 GET http://10.180.1.21/compute/v2.1/servers/e6ed5fa0-5006-499a-8aad-a4b582f0c868 0.674s
2025-12-12 13:55:13.840 65475 INFO tempest.lib.common.rest_client [req-7b7dd573-90ae-4c95-94a0-d403951a63c7 req-7b7dd573-90ae-4c95-94a0-d403951a63c7 ] Request (ServerActionsTestJSON:test_reboot_server_hard): 200 GET http://10.180.1.21/compute/v2.1/servers/3c76b178-6ea6-457e-aaf0-4d305d30026e 0.709s
2025-12-12 13:55:13.860 65447 INFO tempest.lib.common.rest_client [req-67ad680d-cba9-4b5c-8645-9febb7352622 req-67ad680d-cba9-4b5c-8645-9febb7352622 ] Request (ServerActionsV293TestJSON:setUpClass): 201 POST http://10.180.1.21/identity/v3/users 0.062s
2025-12-12 13:55:13.862 65433 INFO tempest.lib.common.rest_client [req-fe08847d-4c58-46bd-ae82-4772fc0cbcad req-fe08847d-4c58-46bd-ae82-4772fc0cbcad ] Request (ServersAdminNegativeTestJSON:test_migrate_server_invalid_state): 200 GET http://10.180.1.21/compute/v2.1/servers/6e74aea2-3523-4084-bfcd-13c08a012c8a 0.698s
2025-12-12 13:55:13.881 65447 INFO tempest.lib.common.rest_client [req-268c6a4d-b2c0-458f-a429-be01a838edc6 req-268c6a4d-b2c0-458f-a429-be01a838edc6 ] Request (ServerActionsV293TestJSON:setUpClass): 200 GET http://10.180.1.21/identity/v3/roles 0.020s
2025-12-12 13:55:13.890 65456 INFO tempest.lib.common.rest_client [req-e6f175f8-225d-4f94-83da-6e07404a2ff6 req-e6f175f8-225d-4f94-83da-6e07404a2ff6 ] Request (ImagesTestJSON:test_create_image_from_stopped_server): 200 GET http://10.180.1.21/compute/v2.1/images/cf8796f8-601d-48c2-90a3-a63be6e49c93 0.721s
2025-12-12 13:55:13.912 65447 INFO tempest.lib.common.rest_client [req-d57a8a6a-c022-4774-accd-3d1c2e2bc726 req-d57a8a6a-c022-4774-accd-3d1c2e2bc726 ] Request (ServerActionsV293TestJSON:setUpClass): 204 PUT http://10.180.1.21/identity/v3/projects/96bff46f66a440829d947d1dbddd20c3/users/0991f89cbedd4d13a58970224b82afd2/roles/9ad29f3316984aa683002f0094c633be 0.030s
2025-12-12 13:55:13.912 65447 INFO tempest.lib.common.dynamic_creds [-] Dynamic test user 0991f89cbedd4d13a58970224b82afd2 is created with scope project and roles: ['member']
2025-12-12 13:55:13.913 65447 INFO tempest.lib.common.dynamic_creds [-] Acquired dynamic creds: credentials: Credentials: {'domain_id': 'default', 'domain_name': 'Default', 'username': 'tempest-ServerActionsV293TestJSON-1399346214-project-member', 'project_domain_id': 'default', 'project_domain_name': 'Default', 'project_id': '96bff46f66a440829d947d1dbddd20c3', 'project_name': 'tempest-ServerActionsV293TestJSON-1399346214', 'tenant_id': '96bff46f66a440829d947d1dbddd20c3', 'tenant_name': 'tempest-ServerActionsV293TestJSON-1399346214', 'user_domain_id': 'default', 'user_domain_name': 'Default', 'user_id': '0991f89cbedd4d13a58970224b82afd2', 'system': None}, Network: None, Subnet: None, Router: None
2025-12-12 13:55:13.965 65459 INFO tempest.lib.common.rest_client [req-7019f8d1-07c9-49ce-b5a5-4755f1563f9c req-7019f8d1-07c9-49ce-b5a5-4755f1563f9c ] Request (ServerShowV247Test:test_update_rebuild_list_server): 200 GET http://10.180.1.21/compute/v2.1/servers/9f545673-f4fe-40bb-8a1c-6c22a95b9ad8 0.739s
2025-12-12 13:55:13.971 65447 INFO tempest.lib.common.rest_client [req-e6c8c696-0780-42fb-a5df-b8e66bcb6e8c req-e6c8c696-0780-42fb-a5df-b8e66bcb6e8c ] Request (ServerActionsV293TestJSON:setUpClass): 201 POST http://10.180.1.21/identity/v3/auth/tokens 0.058s
2025-12-12 13:55:14.235 65447 INFO tempest.lib.common.rest_client [req-d3abc681-6904-42ff-ac90-27a7ae9761ce req-d3abc681-6904-42ff-ac90-27a7ae9761ce ] Request (ServerActionsV293TestJSON:setUpClass): 201 POST http://10.180.1.21/networking/v2.0/networks 0.264s
2025-12-12 13:55:14.258 65439 INFO tempest.lib.common.rest_client [req-ef0a7323-45da-4d4d-bf9c-41ebe7ca36a5 req-ef0a7323-45da-4d4d-bf9c-41ebe7ca36a5 ] Request (ServersTestBootFromVolume:tearDownClass): 200 GET http://10.180.1.21/compute/v2.1/servers/8bfe561c-90df-4c6a-be26-42741418c611 1.024s
2025-12-12 13:55:14.413 65447 INFO tempest.lib.common.rest_client [req-32850b16-6f02-40c7-9c8b-bdb25261c6b9 req-32850b16-6f02-40c7-9c8b-bdb25261c6b9 ] Request (ServerActionsV293TestJSON:setUpClass): 201 POST http://10.180.1.21/networking/v2.0/subnets 0.177s
2025-12-12 13:55:14.425 65467 INFO paramiko.transport [-] Connected (version 2.0, client dropbear_2020.81)
2025-12-12 13:55:14.443 65431 INFO tempest.lib.common.rest_client [req-ca97569d-d834-4237-9822-78ef7b803268 req-ca97569d-d834-4237-9822-78ef7b803268 ] Request (MigrationsAdminTest:test_resize_server_revert_deleted_flavor): 200 GET http://10.180.1.21/compute/v2.1/servers/e872475c-1648-4e2a-a852-925f42fd3330 1.164s
2025-12-12 13:55:14.489 65467 INFO paramiko.transport [-] Authentication (publickey) successful!
2025-12-12 13:55:14.490 65467 INFO tempest.lib.common.ssh [-] ssh connection to cirros@10.180.180.192 successfully created
2025-12-12 13:55:14.748 65489 INFO tempest.lib.common.rest_client [req-7b54205b-254a-479d-a351-d9bfe5020ed9 req-7b54205b-254a-479d-a351-d9bfe5020ed9 ] Request (AttachInterfacesTestJSON:test_create_list_show_delete_interfaces_by_network_port): 200 GET http://10.180.1.21/compute/v2.1/servers/78aa87d2-732e-4abf-b0a5-d8b3ec1dd47d 1.454s
2025-12-12 13:55:14.844 65487 INFO tempest.lib.common.rest_client [req-a7f92d60-e8ef-4e6f-bca4-a09732c9f324 req-a7f92d60-e8ef-4e6f-bca4-a09732c9f324 ] Request (InstanceActionsNegativeTestJSON:tearDownClass): 200 GET http://10.180.1.21/compute/v2.1/servers/f2784ccd-1a03-4188-a996-ff7ac3c62db6 0.947s
2025-12-12 13:55:14.937 65445 INFO tempest.lib.common.rest_client [req-8e954039-e55d-420b-98d1-8de9b9fe0b71 req-8e954039-e55d-420b-98d1-8de9b9fe0b71 ] Request (ImagesOneServerTestJSON:tearDownClass): 200 GET http://10.180.1.21/compute/v2.1/servers/8009e8e2-7bfc-43d6-84c3-2e04ebaa2d07 1.021s
2025-12-12 13:55:15.086 65449 INFO tempest.lib.common.rest_client [req-32890e07-c5f7-4d19-b911-fe87c78fbeab req-32890e07-c5f7-4d19-b911-fe87c78fbeab ] Request (ServersAdminTestJSON:test_inject_network_info): 200 GET http://10.180.1.21/compute/v2.1/servers/e23700e5-18e9-4052-8535-903952a38042 1.039s
2025-12-12 13:55:15.178 65457 INFO tempest.lib.common.rest_client [req-7cb124a7-4be3-4996-8926-2c1f404fa28e req-7cb124a7-4be3-4996-8926-2c1f404fa28e ] Request (ImagesOneServerNegativeTestJSON:_run_cleanups): 200 GET http://10.180.1.21/compute/v2.1/servers/c95a76e9-1331-40fc-aa7a-12ad16757bbe 0.927s
2025-12-12 13:55:15.199 65451 INFO tempest.lib.common.rest_client [req-0e6523c6-2955-4ccd-a4ec-3af3ddeaf1aa req-0e6523c6-2955-4ccd-a4ec-3af3ddeaf1aa ] Request (ServerMetadataNegativeTestJSON:tearDownClass): 404 GET http://10.180.1.21/compute/v2.1/servers/896c6995-fef5-44b9-bd1f-a339a4045054 0.887s
2025-12-12 13:55:15.224 65447 INFO tempest.lib.common.rest_client [req-188a3b19-8294-45fd-b5bb-3bc43dcced89 req-188a3b19-8294-45fd-b5bb-3bc43dcced89 ] Request (ServerActionsV293TestJSON:setUpClass): 201 POST http://10.180.1.21/networking/v2.0/routers 0.811s
2025-12-12 13:55:15.950 65451 INFO tempest.lib.common.rest_client [req-7527270e-9edf-4628-b3ef-44139965ed58 req-7527270e-9edf-4628-b3ef-44139965ed58 ] Request (ServerMetadataNegativeTestJSON:tearDownClass): 200 PUT http://10.180.1.21/networking/v2.0/routers/22ed431c-51b0-4aa6-a61b-15cd7e9974d1/remove_router_interface 0.750s
2025-12-12 13:55:15.983 65483 INFO tempest.lib.common.rest_client [req-e03de54e-6fef-4c65-855d-de6e0e1c5106 req-e03de54e-6fef-4c65-855d-de6e0e1c5106 ] Request (ServerDiskConfigTestJSON:test_resize_server_from_auto_to_manual): 200 GET http://10.180.1.21/compute/v2.1/servers/6417e29c-f36f-41ae-bc1c-2e465382f387 1.618s
2025-12-12 13:55:16.121 65447 INFO tempest.lib.common.rest_client [req-7a3351f8-fbec-4c5a-a96b-12b3c25390d4 req-7a3351f8-fbec-4c5a-a96b-12b3c25390d4 ] Request (ServerActionsV293TestJSON:setUpClass): 200 PUT http://10.180.1.21/networking/v2.0/routers/cb8bca0b-2b40-42ca-9a52-b83c63b18133/add_router_interface 0.896s
2025-12-12 13:55:16.121 65447 INFO tempest.lib.common.dynamic_creds [-] Created isolated network resources for: credentials: Credentials: {'domain_id': 'default', 'domain_name': 'Default', 'username': 'tempest-ServerActionsV293TestJSON-1399346214-project-member', 'project_domain_id': 'default', 'project_domain_name': 'Default', 'project_id': '96bff46f66a440829d947d1dbddd20c3', 'project_name': 'tempest-ServerActionsV293TestJSON-1399346214', 'tenant_id': '96bff46f66a440829d947d1dbddd20c3', 'tenant_name': 'tempest-ServerActionsV293TestJSON-1399346214', 'user_domain_id': 'default', 'user_domain_name': 'Default', 'user_id': '0991f89cbedd4d13a58970224b82afd2', 'system': None}, Network: {'id': '8e186ac3-7e17-498f-b40f-dad6e6a9bf5e', 'name': 'tempest-ServerActionsV293TestJSON-574764696-network', 'tenant_id': '96bff46f66a440829d947d1dbddd20c3', 'project_id': '96bff46f66a440829d947d1dbddd20c3', 'admin_state_up': True, 'mtu': 8950, 'status': 'ACTIVE', 'subnets': [], 'shared': False, 'port_security_enabled': True, 'router:external': False, 'provider:network_type': 'vlan', 'provider:physical_network': 'default', 'provider:segmentation_id': 882, 'availability_zone_hints': [], 'availability_zones': [], 'ipv4_address_scope': None, 'ipv6_address_scope': None, 'description': '', 'tags': [], 'created_at': '2025-12-12T13:55:14Z', 'updated_at': '2025-12-12T13:55:14Z', 'revision_number': 1}, Subnet: {'id': 'c2322a8b-396c-4530-997d-94305422a2fa', 'name': 'tempest-ServerActionsV293TestJSON-574764696-subnet', 'tenant_id': '96bff46f66a440829d947d1dbddd20c3', 'network_id': '8e186ac3-7e17-498f-b40f-dad6e6a9bf5e', 'ip_version': 4, 'subnetpool_id': None, 'enable_dhcp': True, 'ipv6_ra_mode': None, 'ipv6_address_mode': None, 'gateway_ip': '192.168.128.1', 'cidr': '192.168.128.0/28', 'allocation_pools': [{'start': '192.168.128.2', 'end': '192.168.128.14'}], 'host_routes': [], 'dns_nameservers': [], 'description': '', 'router:external': False, 'service_types': [], 'tags': [], 'created_at': '2025-12-12T13:55:14Z', 'updated_at': '2025-12-12T13:55:14Z', 'revision_number': 0, 'project_id': '96bff46f66a440829d947d1dbddd20c3'}, Router: {'id': 'cb8bca0b-2b40-42ca-9a52-b83c63b18133', 'name': 'tempest-ServerActionsV293TestJSON-574764696-router', 'tenant_id': '96bff46f66a440829d947d1dbddd20c3', 'admin_state_up': True, 'status': 'ACTIVE', 'external_gateway_info': {'network_id': '70bd9cef-8f0e-48ad-8dcd-851a53cd468c', 'external_fixed_ips': [{'subnet_id': '531b66c9-bd4c-4453-baf4-47f1e86773b6', 'ip_address': '10.180.180.201'}], 'enable_snat': True}, 'description': '', 'availability_zones': [], 'distributed': False, 'ha': False, 'availability_zone_hints': [], 'routes': [], 'flavor_id': None, 'tags': [], 'created_at': '2025-12-12T13:55:14Z', 'updated_at': '2025-12-12T13:55:14Z', 'revision_number': 2, 'project_id': '96bff46f66a440829d947d1dbddd20c3'}
2025-12-12 13:55:16.237 65447 INFO tempest.lib.common.rest_client [req-7087d952-dd21-4726-b0ea-8d3ac2643781 req-7087d952-dd21-4726-b0ea-8d3ac2643781 ] Request (ServerActionsV293TestJSON:setUpClass): 201 POST http://10.180.1.21/identity/v3/auth/tokens 0.108s
2025-12-12 13:55:16.494 65451 INFO tempest.lib.common.rest_client [req-4694317c-a66d-4863-92f5-e32599d58a02 req-4694317c-a66d-4863-92f5-e32599d58a02 ] Request (ServerMetadataNegativeTestJSON:tearDownClass): 204 DELETE http://10.180.1.21/networking/v2.0/routers/22ed431c-51b0-4aa6-a61b-15cd7e9974d1 0.544s
2025-12-12 13:55:16.629 65437 WARNING tempest.lib.common.ssh [-] Failed to establish authenticated ssh connection to cirros@10.180.180.216 ([Errno None] Unable to connect to port 22 on 10.180.180.216). Number attempts: 6. Retry after 7 seconds.: paramiko.ssh_exception.NoValidConnectionsError: [Errno None] Unable to connect to port 22 on 10.180.180.216
2025-12-12 13:55:16.667 65451 INFO tempest.lib.common.rest_client [req-34774dda-d7e7-4b46-bf86-1d3250d4a23b req-34774dda-d7e7-4b46-bf86-1d3250d4a23b ] Request (ServerMetadataNegativeTestJSON:tearDownClass): 204 DELETE http://10.180.1.21/networking/v2.0/subnets/8904b664-f86a-4497-b540-633478c90f36 0.172s
2025-12-12 13:55:16.820 65469 WARNING tempest.lib.common.ssh [-] Failed to establish authenticated ssh connection to cirros@10.180.180.238 ([Errno None] Unable to connect to port 22 on 10.180.180.238). Number attempts: 7. Retry after 8 seconds.: paramiko.ssh_exception.NoValidConnectionsError: [Errno None] Unable to connect to port 22 on 10.180.180.238
2025-12-12 13:55:16.932 65451 INFO tempest.lib.common.rest_client [req-1e8a89ed-0c48-47cb-a30c-0b9d70a93a65 req-1e8a89ed-0c48-47cb-a30c-0b9d70a93a65 ] Request (ServerMetadataNegativeTestJSON:tearDownClass): 204 DELETE http://10.180.1.21/networking/v2.0/networks/cf048c08-1bfb-40b2-b478-d88f92486b3a 0.264s
2025-12-12 13:55:17.017 65451 INFO tempest.lib.common.rest_client [req-5955e839-d8f7-41e0-9582-7ffe69ece0fe req-5955e839-d8f7-41e0-9582-7ffe69ece0fe ] Request (ServerMetadataNegativeTestJSON:tearDownClass): 204 DELETE http://10.180.1.21/identity/v3/users/46f9966c5dbd49759abb71e7e824ed7a 0.084s
2025-12-12 13:55:17.018 65451 INFO tempest.lib.common.dynamic_creds [-] Deleting project and security group for project: 3bf9e9a2f73c4018a80178692b9c8633
2025-12-12 13:55:17.055 65451 INFO tempest.lib.common.rest_client [req-38a4e08d-8f3d-4f58-8825-89c48f4b24f1 req-38a4e08d-8f3d-4f58-8825-89c48f4b24f1 ] Request (ServerMetadataNegativeTestJSON:tearDownClass): 200 GET http://10.180.1.21/networking/v2.0/security-groups?tenant_id=3bf9e9a2f73c4018a80178692b9c8633&name=default 0.037s
2025-12-12 13:55:17.183 65451 INFO tempest.lib.common.rest_client [req-9f88fde5-bdd3-4950-a7e9-cb482ff79d40 req-9f88fde5-bdd3-4950-a7e9-cb482ff79d40 ] Request (ServerMetadataNegativeTestJSON:tearDownClass): 204 DELETE http://10.180.1.21/networking/v2.0/security-groups/55599838-f8c0-45af-b2ca-ece3aa9cea81 0.127s
2025-12-12 13:55:17.289 65451 INFO tempest.lib.common.rest_client [req-6d0411cf-1db7-43c1-bad6-54a4545368d8 req-6d0411cf-1db7-43c1-bad6-54a4545368d8 ] Request (ServerMetadataNegativeTestJSON:tearDownClass): 204 DELETE http://10.180.1.21/identity/v3/projects/3bf9e9a2f73c4018a80178692b9c8633 0.105s
2025-12-12 13:55:17.290 65451 INFO tempest.test [-] raised in ServerStableDeviceRescueTestIDE.setUpClass. Invoking tearDownClass.
2025-12-12 13:55:17.347 65451 INFO tempest.lib.common.rest_client [req-c9a753df-75b9-4fa2-85cb-7823412b39b7 req-c9a753df-75b9-4fa2-85cb-7823412b39b7 ] Request (ServersNegativeTestMultiTenantJSON:setUpClass): 201 POST http://10.180.1.21/identity/v3/auth/tokens 0.055s
2025-12-12 13:55:17.377 65451 INFO tempest.lib.common.rest_client [req-45fb9431-f22e-4817-9f2b-7a851e8a5055 req-45fb9431-f22e-4817-9f2b-7a851e8a5055 ] Request (ServersNegativeTestMultiTenantJSON:setUpClass): 201 POST http://10.180.1.21/identity/v3/auth/tokens 0.027s
2025-12-12 13:55:17.402 65451 INFO tempest.lib.common.rest_client [req-0893bbd7-9b4d-4cfb-8c6e-3326afe18485 req-0893bbd7-9b4d-4cfb-8c6e-3326afe18485 ] Request (ServersNegativeTestMultiTenantJSON:setUpClass): 200 GET http://10.180.1.21/identity/v3/domains?name=Default 0.024s
2025-12-12 13:55:17.412 65471 INFO tempest.lib.common.rest_client [req-93b293e7-e8bc-4bd2-b2ea-53bb1b21a589 req-93b293e7-e8bc-4bd2-b2ea-53bb1b21a589 ] Request (AttachInterfacesV270Test:test_create_get_list_interfaces): 400 POST http://10.180.1.21/compute/v2.1/servers/3a5ca31a-3f53-4874-ac7b-9f7b21c1110d/os-interface 4.232s
2025-12-12 13:55:17.433 65451 INFO tempest.lib.common.rest_client [req-496b9f48-d54b-438e-a116-b3b46b918c35 req-496b9f48-d54b-438e-a116-b3b46b918c35 ] Request (ServersNegativeTestMultiTenantJSON:setUpClass): 201 POST http://10.180.1.21/identity/v3/projects 0.030s
2025-12-12 13:55:17.483 65477 INFO tempest.lib.common.rest_client [req-d0c1fa30-3e72-4538-8aa7-c8f14b41e79f req-d0c1fa30-3e72-4538-8aa7-c8f14b41e79f ] Request (VolumesAdminNegativeTest:tearDownClass): 200 GET http://10.180.1.21/compute/v2.1/servers/1deed9b3-1421-461e-80c9-d96acdf7f148 2.970s
2025-12-12 13:55:17.549 65451 INFO tempest.lib.common.rest_client [req-5e550d12-4e79-4a43-82f6-795f7056f64d req-5e550d12-4e79-4a43-82f6-795f7056f64d ] Request (ServersNegativeTestMultiTenantJSON:setUpClass): 201 POST http://10.180.1.21/identity/v3/users 0.116s
2025-12-12 13:55:17.563 65443 INFO tempest.lib.common.rest_client [req-13ea1fd6-89c5-46dc-b5fd-cbf3a54c7bf8 req-13ea1fd6-89c5-46dc-b5fd-cbf3a54c7bf8 ] Request (ServerAddressesNegativeTestJSON:setUpClass): 200 GET http://10.180.1.21/compute/v2.1/servers/85941790-0e66-4f63-a233-37beab42bacd 3.030s
2025-12-12 13:55:17.572 65443 INFO tempest.common.waiters [-] State transition "BUILD/scheduling" ==> "BUILD/None" after 23 second wait
2025-12-12 13:55:17.571 65451 INFO tempest.lib.common.rest_client [req-786169a4-e13a-417d-98eb-8293fce5d245 req-786169a4-e13a-417d-98eb-8293fce5d245 ] Request (ServersNegativeTestMultiTenantJSON:setUpClass): 200 GET http://10.180.1.21/identity/v3/roles 0.021s
2025-12-12 13:55:17.610 65451 INFO tempest.lib.common.rest_client [req-15b57d08-5175-4c0c-8387-ec75280fc2fc req-15b57d08-5175-4c0c-8387-ec75280fc2fc ] Request (ServersNegativeTestMultiTenantJSON:setUpClass): 204 PUT http://10.180.1.21/identity/v3/projects/dbf59cc135d94fd6ba0b897c7650b8ac/users/501cb51065634c64ab16c74ce436951d/roles/9ad29f3316984aa683002f0094c633be 0.037s
2025-12-12 13:55:17.611 65451 INFO tempest.lib.common.dynamic_creds [-] Dynamic test user 501cb51065634c64ab16c74ce436951d is created with scope project and roles: ['member']
2025-12-12 13:55:17.611 65451 INFO tempest.lib.common.dynamic_creds [-] Acquired dynamic creds: credentials: Credentials: {'domain_id': 'default', 'domain_name': 'Default', 'username': 'tempest-ServersNegativeTestMultiTenantJSON-2096716807-project-member', 'project_domain_id': 'default', 'project_domain_name': 'Default', 'project_id': 'dbf59cc135d94fd6ba0b897c7650b8ac', 'project_name': 'tempest-ServersNegativeTestMultiTenantJSON-2096716807', 'tenant_id': 'dbf59cc135d94fd6ba0b897c7650b8ac', 'tenant_name': 'tempest-ServersNegativeTestMultiTenantJSON-2096716807', 'user_domain_id': 'default', 'user_domain_name': 'Default', 'user_id': '501cb51065634c64ab16c74ce436951d', 'system': None}, Network: None, Subnet: None, Router: None
2025-12-12 13:55:17.633 65485 INFO tempest.lib.common.rest_client [req-a61cf576-4b72-481b-bf7d-58b97e3a80a8 req-a61cf576-4b72-481b-bf7d-58b97e3a80a8 ] Request (ServersTestJSON:setUpClass): 200 GET http://10.180.1.21/compute/v2.1/servers/169ff72e-571b-4aac-ac07-2faef6858a9c 3.031s
2025-12-12 13:55:17.668 65467 INFO tempest.lib.common.rest_client [req-3f2f2caa-0ad9-4e8e-adfa-55b79445fa04 req-3f2f2caa-0ad9-4e8e-adfa-55b79445fa04 ] Request (VolumesAssistedSnapshotsTest:test_volume_assisted_snapshot_create_delete): 200 POST http://10.180.1.21/compute/v2.1/servers/2100d309-1c64-4333-a954-e465ad3aa7a3/os-volume_attachments 3.178s
2025-12-12 13:55:17.685 65451 INFO tempest.lib.common.rest_client [req-62c38c98-5a8e-43d4-936a-183912511a80 req-62c38c98-5a8e-43d4-936a-183912511a80 ] Request (ServersNegativeTestMultiTenantJSON:setUpClass): 201 POST http://10.180.1.21/identity/v3/auth/tokens 0.073s
2025-12-12 13:55:17.706 65467 INFO tempest.lib.common.rest_client [req-761430ec-eda3-4dbe-b786-5986fb67f9a6 req-761430ec-eda3-4dbe-b786-5986fb67f9a6 ] Request (VolumesAssistedSnapshotsTest:test_volume_assisted_snapshot_create_delete): 200 GET http://10.180.1.21/volume/v3/volumes/7a1c7cb4-04d4-4d42-b888-5217d4958a3f 0.036s
2025-12-12 13:55:17.710 65453 INFO tempest.lib.common.rest_client [req-b7ace373-df96-4112-8527-1ebcb53b2716 req-b7ace373-df96-4112-8527-1ebcb53b2716 ] Request (AttachVolumeTestJSON:test_attach_detach_volume): 200 GET http://10.180.1.21/compute/v2.1/servers/8da76bea-8e25-41a1-b233-f2e71ef9032d 3.084s
2025-12-12 13:55:17.740 65465 INFO tempest.lib.common.rest_client [req-1aa6ccb3-ca35-4d4e-beab-a9f9eb3c0ceb req-1aa6ccb3-ca35-4d4e-beab-a9f9eb3c0ceb ] Request (ListServersNegativeTestJSON:setUpClass): 200 GET http://10.180.1.21/compute/v2.1/servers/fc4f7d23-f780-4795-8ac2-3d67057b1efe 3.064s
2025-12-12 13:55:17.779 65481 INFO tempest.lib.common.rest_client [req-e34911da-6629-4db5-bb60-3f6922154178 req-e34911da-6629-4db5-bb60-3f6922154178 ] Request (ServerRescueTestJSON:tearDownClass): 200 GET http://10.180.1.21/compute/v2.1/servers/67fb71b9-8b3d-42af-837a-159c22de081c 3.077s
2025-12-12 13:55:17.808 65429 INFO tempest.lib.common.rest_client [req-3baa46b9-b260-4472-8179-3ddd87cf0706 req-3baa46b9-b260-4472-8179-3ddd87cf0706 ] Request (ListServerFiltersTestJSON:tearDownClass): 200 GET http://10.180.1.21/compute/v2.1/servers/e6ed5fa0-5006-499a-8aad-a4b582f0c868 2.988s
2025-12-12 13:55:17.908 65433 INFO tempest.lib.common.rest_client [req-e281bd01-2ee8-4f5a-879f-4cffc03e1cdc req-e281bd01-2ee8-4f5a-879f-4cffc03e1cdc ] Request (ServersAdminNegativeTestJSON:test_migrate_server_invalid_state): 200 GET http://10.180.1.21/compute/v2.1/servers/6e74aea2-3523-4084-bfcd-13c08a012c8a 3.038s
2025-12-12 13:55:17.931 65475 INFO tempest.lib.common.rest_client [req-01f6b124-6e78-43a7-9b56-9bf25a2ba8d5 req-01f6b124-6e78-43a7-9b56-9bf25a2ba8d5 ] Request (ServerActionsTestJSON:test_reboot_server_hard): 200 GET http://10.180.1.21/compute/v2.1/servers/3c76b178-6ea6-457e-aaf0-4d305d30026e 3.084s
2025-12-12 13:55:17.943 65475 INFO tempest.common.waiters [-] State transition "HARD_REBOOT/rebooting_hard" ==> "HARD_REBOOT/reboot_started_hard" after 4 second wait
2025-12-12 13:55:17.948 65456 INFO tempest.lib.common.rest_client [req-0743a3c9-f10f-403c-88f6-a6086ed0d177 req-0743a3c9-f10f-403c-88f6-a6086ed0d177 ] Request (ImagesTestJSON:test_create_image_from_stopped_server): 200 GET http://10.180.1.21/compute/v2.1/images/cf8796f8-601d-48c2-90a3-a63be6e49c93 3.050s
2025-12-12 13:55:17.961 65451 INFO tempest.lib.common.rest_client [req-7f72feca-1fa1-4665-8734-a58f45f92f1c req-7f72feca-1fa1-4665-8734-a58f45f92f1c ] Request (ServersNegativeTestMultiTenantJSON:setUpClass): 201 POST http://10.180.1.21/networking/v2.0/networks 0.275s
2025-12-12 13:55:17.994 65459 INFO tempest.lib.common.rest_client [req-133ff51f-1bdf-47fc-9cab-097d8efd15dd req-133ff51f-1bdf-47fc-9cab-097d8efd15dd ] Request (ServerShowV247Test:test_update_rebuild_list_server): 200 GET http://10.180.1.21/compute/v2.1/servers/9f545673-f4fe-40bb-8a1c-6c22a95b9ad8 3.019s
2025-12-12 13:55:18.017 65439 INFO tempest.lib.common.rest_client [req-49270aac-255f-4b17-a0ff-ddd74fd5eebc req-49270aac-255f-4b17-a0ff-ddd74fd5eebc ] Request (ServersTestBootFromVolume:tearDownClass): 200 GET http://10.180.1.21/compute/v2.1/servers/8bfe561c-90df-4c6a-be26-42741418c611 2.751s
2025-12-12 13:55:18.057 65431 INFO tempest.lib.common.rest_client [req-45ec387b-bb34-481d-8fe6-094d672970ae req-45ec387b-bb34-481d-8fe6-094d672970ae ] Request (MigrationsAdminTest:test_resize_server_revert_deleted_flavor): 200 GET http://10.180.1.21/compute/v2.1/servers/e872475c-1648-4e2a-a852-925f42fd3330 2.604s
2025-12-12 13:55:18.075 65489 INFO tempest.lib.common.rest_client [req-de47adc8-c90f-4e23-9c83-c0555ff5baef req-de47adc8-c90f-4e23-9c83-c0555ff5baef ] Request (AttachInterfacesTestJSON:test_create_list_show_delete_interfaces_by_network_port): 200 GET http://10.180.1.21/compute/v2.1/servers/78aa87d2-732e-4abf-b0a5-d8b3ec1dd47d 2.318s
2025-12-12 13:55:18.125 65487 INFO tempest.lib.common.rest_client [req-e378fcb6-1cc2-4f97-8a7e-309df3c27e7b req-e378fcb6-1cc2-4f97-8a7e-309df3c27e7b ] Request (InstanceActionsNegativeTestJSON:tearDownClass): 200 GET http://10.180.1.21/compute/v2.1/servers/f2784ccd-1a03-4188-a996-ff7ac3c62db6 2.270s
2025-12-12 13:55:18.141 65451 INFO tempest.lib.common.rest_client [req-9e98eb1e-9c04-43a9-898c-184da7814efa req-9e98eb1e-9c04-43a9-898c-184da7814efa ] Request (ServersNegativeTestMultiTenantJSON:setUpClass): 201 POST http://10.180.1.21/networking/v2.0/subnets 0.180s
2025-12-12 13:55:18.158 65445 INFO tempest.lib.common.rest_client [req-880bb1fc-9f26-49bf-8ca9-13ed1a8ab11b req-880bb1fc-9f26-49bf-8ca9-13ed1a8ab11b ] Request (ImagesOneServerTestJSON:tearDownClass): 200 GET http://10.180.1.21/compute/v2.1/servers/8009e8e2-7bfc-43d6-84c3-2e04ebaa2d07 2.212s
2025-12-12 13:55:18.201 65449 INFO tempest.lib.common.rest_client [req-6359bd37-5319-46ef-b4c2-ace82fdf187a req-6359bd37-5319-46ef-b4c2-ace82fdf187a ] Request (ServersAdminTestJSON:test_inject_network_info): 200 GET http://10.180.1.21/compute/v2.1/servers/e23700e5-18e9-4052-8535-903952a38042 2.106s
2025-12-12 13:55:18.229 65457 INFO tempest.lib.common.rest_client [req-0ff75e3d-29ab-41ce-86dd-416ac581d9e5 req-0ff75e3d-29ab-41ce-86dd-416ac581d9e5 ] Request (ImagesOneServerNegativeTestJSON:_run_cleanups): 200 GET http://10.180.1.21/compute/v2.1/servers/c95a76e9-1331-40fc-aa7a-12ad16757bbe 2.041s
2025-12-12 13:55:18.315 65483 INFO tempest.lib.common.rest_client [req-a85f95a7-9782-4dc0-a5a8-0de48f7587b6 req-a85f95a7-9782-4dc0-a5a8-0de48f7587b6 ] Request (ServerDiskConfigTestJSON:test_resize_server_from_auto_to_manual): 200 GET http://10.180.1.21/compute/v2.1/servers/6417e29c-f36f-41ae-bc1c-2e465382f387 1.317s
2025-12-12 13:55:18.398 65471 INFO tempest.lib.common.rest_client [req-7132992f-a362-4013-9ea4-b45d2dcb19e6 req-7132992f-a362-4013-9ea4-b45d2dcb19e6 ] Request (AttachInterfacesV270Test:tearDownClass): 204 DELETE http://10.180.1.21/compute/v2.1/servers/3a5ca31a-3f53-4874-ac7b-9f7b21c1110d 0.983s
2025-12-12 13:55:18.399 65447 INFO tempest.lib.common.rest_client [req-ee6402ca-9ce3-48b5-abb0-fbec5d1efb0c req-ee6402ca-9ce3-48b5-abb0-fbec5d1efb0c ] Request (ServerActionsV293TestJSON:setUpClass): 201 POST http://10.180.1.21/compute/v2.1/os-keypairs 2.161s
2025-12-12 13:55:18.546 65447 INFO tempest.lib.common.rest_client [req-663b72b9-8d26-4ef2-be02-edb3fd9d48e9 req-663b72b9-8d26-4ef2-be02-edb3fd9d48e9 ] Request (ServerActionsV293TestJSON:setUpClass): 201 POST http://10.180.1.21/networking/v2.0/security-groups 0.145s
2025-12-12 13:55:18.548 65427 WARNING tempest.lib.common.ssh [-] Failed to establish authenticated ssh connection to cirros@10.180.180.200 ([Errno None] Unable to connect to port 22 on 10.180.180.200). Number attempts: 5. Retry after 6 seconds.: paramiko.ssh_exception.NoValidConnectionsError: [Errno None] Unable to connect to port 22 on 10.180.180.200
2025-12-12 13:55:18.727 65447 INFO tempest.lib.common.rest_client [req-7b5c7620-c36d-47ac-92f8-c47533dc5571 req-7b5c7620-c36d-47ac-92f8-c47533dc5571 ] Request (ServerActionsV293TestJSON:setUpClass): 201 POST http://10.180.1.21/networking/v2.0/security-group-rules 0.181s
2025-12-12 13:55:18.753 65467 INFO tempest.lib.common.rest_client [req-8e07705b-94ab-4302-a5ce-c3d0f953cfb6 req-8e07705b-94ab-4302-a5ce-c3d0f953cfb6 ] Request (VolumesAssistedSnapshotsTest:test_volume_assisted_snapshot_create_delete): 200 GET http://10.180.1.21/volume/v3/volumes/7a1c7cb4-04d4-4d42-b888-5217d4958a3f 0.039s
2025-12-12 13:55:18.757 65477 INFO tempest.lib.common.rest_client [req-345baa92-ae53-4b66-aace-c6c0bd7d7a3d req-345baa92-ae53-4b66-aace-c6c0bd7d7a3d ] Request (VolumesAdminNegativeTest:tearDownClass): 200 GET http://10.180.1.21/compute/v2.1/servers/1deed9b3-1421-461e-80c9-d96acdf7f148 0.259s
2025-12-12 13:55:18.778 65471 INFO tempest.lib.common.rest_client [req-8e8d3a3f-603c-41ee-94eb-931b13e9256c req-8e8d3a3f-603c-41ee-94eb-931b13e9256c ] Request (AttachInterfacesV270Test:tearDownClass): 200 GET http://10.180.1.21/compute/v2.1/servers/3a5ca31a-3f53-4874-ac7b-9f7b21c1110d 0.380s
2025-12-12 13:55:18.864 65447 INFO tempest.lib.common.rest_client [req-a31b13d6-985c-49a3-b21a-f93a62d55d55 req-a31b13d6-985c-49a3-b21a-f93a62d55d55 ] Request (ServerActionsV293TestJSON:setUpClass): 201 POST http://10.180.1.21/networking/v2.0/security-group-rules 0.136s
2025-12-12 13:55:18.919 65443 INFO tempest.lib.common.rest_client [req-f5ef4330-c2b5-43ee-849b-9b930af67280 req-f5ef4330-c2b5-43ee-849b-9b930af67280 ] Request (ServerAddressesNegativeTestJSON:setUpClass): 200 GET http://10.180.1.21/compute/v2.1/servers/85941790-0e66-4f63-a233-37beab42bacd 0.345s
2025-12-12 13:55:18.933 65485 INFO tempest.lib.common.rest_client [req-5d2c0986-c9d5-41de-9336-8767fe30b825 req-5d2c0986-c9d5-41de-9336-8767fe30b825 ] Request (ServersTestJSON:setUpClass): 200 GET http://10.180.1.21/compute/v2.1/servers/169ff72e-571b-4aac-ac07-2faef6858a9c 0.292s
2025-12-12 13:55:18.986 65451 INFO tempest.lib.common.rest_client [req-fa8a9e88-0227-4f23-bbfb-829d13875345 req-fa8a9e88-0227-4f23-bbfb-829d13875345 ] Request (ServersNegativeTestMultiTenantJSON:setUpClass): 201 POST http://10.180.1.21/networking/v2.0/routers 0.844s
2025-12-12 13:55:19.094 65453 INFO tempest.lib.common.rest_client [req-61fd0977-62dc-43b2-adc9-a058d323d641 req-61fd0977-62dc-43b2-adc9-a058d323d641 ] Request (AttachVolumeTestJSON:test_attach_detach_volume): 200 GET http://10.180.1.21/compute/v2.1/servers/8da76bea-8e25-41a1-b233-f2e71ef9032d 0.375s
2025-12-12 13:55:19.105 65465 INFO tempest.lib.common.rest_client [req-536324ed-dadb-46c8-8056-dd8a1ac6af22 req-536324ed-dadb-46c8-8056-dd8a1ac6af22 ] Request (ListServersNegativeTestJSON:setUpClass): 200 GET http://10.180.1.21/compute/v2.1/servers/fc4f7d23-f780-4795-8ac2-3d67057b1efe 0.357s
2025-12-12 13:55:19.118 65465 INFO tempest.common.waiters [-] State transition "BUILD/None" ==> "BUILD/networking" after 54 second wait
2025-12-12 13:55:19.390 65447 INFO tempest.lib.common.rest_client [req-9d92571a-9694-484a-b073-c0f7747eede9 req-9d92571a-9694-484a-b073-c0f7747eede9 ] Request (ServerActionsV293TestJSON:setUpClass): 201 POST http://10.180.1.21/networking/v2.0/floatingips 0.525s
2025-12-12 13:55:19.463 65447 INFO tempest.lib.common.rest_client [req-9980e635-1dd2-4c86-aabe-88d281e6844c req-9980e635-1dd2-4c86-aabe-88d281e6844c ] Request (ServerActionsV293TestJSON:setUpClass): 201 POST http://10.180.1.21/identity/v3/auth/tokens 0.068s
2025-12-12 13:55:19.463 65447 INFO tempest.lib.common.fixed_network [-] (ServerActionsV293TestJSON:setUpClass) Found network {'id': '8e186ac3-7e17-498f-b40f-dad6e6a9bf5e', 'name': 'tempest-ServerActionsV293TestJSON-574764696-network', 'tenant_id': '96bff46f66a440829d947d1dbddd20c3', 'project_id': '96bff46f66a440829d947d1dbddd20c3', 'admin_state_up': True, 'mtu': 8950, 'status': 'ACTIVE', 'subnets': [], 'shared': False, 'port_security_enabled': True, 'router:external': False, 'provider:network_type': 'vlan', 'provider:physical_network': 'default', 'provider:segmentation_id': 882, 'availability_zone_hints': [], 'availability_zones': [], 'ipv4_address_scope': None, 'ipv6_address_scope': None, 'description': '', 'tags': [], 'created_at': '2025-12-12T13:55:14Z', 'updated_at': '2025-12-12T13:55:14Z', 'revision_number': 1} available for tenant
2025-12-12 13:55:19.852 65481 INFO tempest.lib.common.rest_client [req-0418635c-593f-4761-b20b-55f4e2b7dd8c req-0418635c-593f-4761-b20b-55f4e2b7dd8c ] Request (ServerRescueTestJSON:tearDownClass): 200 GET http://10.180.1.21/compute/v2.1/servers/67fb71b9-8b3d-42af-837a-159c22de081c 1.062s
2025-12-12 13:55:19.870 65429 INFO tempest.lib.common.rest_client [req-444bb52b-7d53-432c-ab09-4c45db3c4a22 req-444bb52b-7d53-432c-ab09-4c45db3c4a22 ] Request (ListServerFiltersTestJSON:tearDownClass): 200 GET http://10.180.1.21/compute/v2.1/servers/e6ed5fa0-5006-499a-8aad-a4b582f0c868 1.049s
2025-12-12 13:55:19.947 65447 INFO tempest.lib.common.rest_client [req-d2a4c55a-47e1-41fc-a79e-64278ecc8709 req-d2a4c55a-47e1-41fc-a79e-64278ecc8709 ] Request (ServerActionsV293TestJSON:setUpClass): 202 POST http://10.180.1.21/volume/v3/volumes 0.482s
2025-12-12 13:55:19.975 65467 INFO tempest.lib.common.rest_client [req-630eb5d7-ea7c-456d-a0ca-95718a4d5154 req-630eb5d7-ea7c-456d-a0ca-95718a4d5154 ] Request (VolumesAssistedSnapshotsTest:test_volume_assisted_snapshot_create_delete): 200 GET http://10.180.1.21/volume/v3/volumes/7a1c7cb4-04d4-4d42-b888-5217d4958a3f 0.213s
2025-12-12 13:55:19.998 65447 INFO tempest.lib.common.rest_client [req-d2ee1bc0-e361-46ba-94d0-07789a43695e req-d2ee1bc0-e361-46ba-94d0-07789a43695e ] Request (ServerActionsV293TestJSON:setUpClass): 200 GET http://10.180.1.21/volume/v3/volumes/df6182ee-05b2-4ff2-aba5-209bdb6a4b52 0.041s
2025-12-12 13:55:20.599 65451 INFO tempest.lib.common.rest_client [req-255b3085-7578-4f75-9b63-0fcf33988729 req-255b3085-7578-4f75-9b63-0fcf33988729 ] Request (ServersNegativeTestMultiTenantJSON:setUpClass): 200 PUT http://10.180.1.21/networking/v2.0/routers/b5a3ae2c-3569-4111-9505-211d62871e51/add_router_interface 1.612s
2025-12-12 13:55:20.599 65451 INFO tempest.lib.common.dynamic_creds [-] Created isolated network resources for: credentials: Credentials: {'domain_id': 'default', 'domain_name': 'Default', 'username': 'tempest-ServersNegativeTestMultiTenantJSON-2096716807-project-member', 'project_domain_id': 'default', 'project_domain_name': 'Default', 'project_id': 'dbf59cc135d94fd6ba0b897c7650b8ac', 'project_name': 'tempest-ServersNegativeTestMultiTenantJSON-2096716807', 'tenant_id': 'dbf59cc135d94fd6ba0b897c7650b8ac', 'tenant_name': 'tempest-ServersNegativeTestMultiTenantJSON-2096716807', 'user_domain_id': 'default', 'user_domain_name': 'Default', 'user_id': '501cb51065634c64ab16c74ce436951d', 'system': None}, Network: {'id': 'fb65f408-41c1-41c0-a80e-e6525a6adb2f', 'name': 'tempest-ServersNegativeTestMultiTenantJSON-1606170246-network', 'tenant_id': 'dbf59cc135d94fd6ba0b897c7650b8ac', 'project_id': 'dbf59cc135d94fd6ba0b897c7650b8ac', 'admin_state_up': True, 'mtu': 8950, 'status': 'ACTIVE', 'subnets': [], 'shared': False, 'port_security_enabled': True, 'router:external': False, 'provider:network_type': 'vlan', 'provider:physical_network': 'default', 'provider:segmentation_id': 636, 'availability_zone_hints': [], 'availability_zones': [], 'ipv4_address_scope': None, 'ipv6_address_scope': None, 'description': '', 'tags': [], 'created_at': '2025-12-12T13:55:17Z', 'updated_at': '2025-12-12T13:55:17Z', 'revision_number': 1}, Subnet: {'id': '9dd9df5e-cfe0-4b0f-b15e-146069ad36c9', 'name': 'tempest-ServersNegativeTestMultiTenantJSON-1606170246-subnet', 'tenant_id': 'dbf59cc135d94fd6ba0b897c7650b8ac', 'network_id': 'fb65f408-41c1-41c0-a80e-e6525a6adb2f', 'ip_version': 4, 'subnetpool_id': None, 'enable_dhcp': True, 'ipv6_ra_mode': None, 'ipv6_address_mode': None, 'gateway_ip': '192.168.128.1', 'cidr': '192.168.128.0/28', 'allocation_pools': [{'start': '192.168.128.2', 'end': '192.168.128.14'}], 'host_routes': [], 'dns_nameservers': [], 'description': '', 'router:external': False, 'service_types': [], 'tags': [], 'created_at': '2025-12-12T13:55:18Z', 'updated_at': '2025-12-12T13:55:18Z', 'revision_number': 0, 'project_id': 'dbf59cc135d94fd6ba0b897c7650b8ac'}, Router: {'id': 'b5a3ae2c-3569-4111-9505-211d62871e51', 'name': 'tempest-ServersNegativeTestMultiTenantJSON-1606170246-router', 'tenant_id': 'dbf59cc135d94fd6ba0b897c7650b8ac', 'admin_state_up': True, 'status': 'ACTIVE', 'external_gateway_info': {'network_id': '70bd9cef-8f0e-48ad-8dcd-851a53cd468c', 'external_fixed_ips': [{'subnet_id': '531b66c9-bd4c-4453-baf4-47f1e86773b6', 'ip_address': '10.180.180.160'}], 'enable_snat': True}, 'description': '', 'availability_zones': [], 'distributed': False, 'ha': False, 'availability_zone_hints': [], 'routes': [], 'flavor_id': None, 'tags': [], 'created_at': '2025-12-12T13:55:18Z', 'updated_at': '2025-12-12T13:55:18Z', 'revision_number': 2, 'project_id': 'dbf59cc135d94fd6ba0b897c7650b8ac'}
2025-12-12 13:55:20.664 65433 INFO tempest.lib.common.rest_client [req-d9378cc9-a757-4392-a96f-5d30325efca6 req-d9378cc9-a757-4392-a96f-5d30325efca6 ] Request (ServersAdminNegativeTestJSON:test_migrate_server_invalid_state): 200 GET http://10.180.1.21/compute/v2.1/servers/6e74aea2-3523-4084-bfcd-13c08a012c8a 1.747s
2025-12-12 13:55:20.725 65451 INFO tempest.lib.common.rest_client [req-bf1a839c-2e7c-4f96-880f-c2de07aec8bb req-bf1a839c-2e7c-4f96-880f-c2de07aec8bb ] Request (ServersNegativeTestMultiTenantJSON:setUpClass): 201 POST http://10.180.1.21/identity/v3/auth/tokens 0.120s
2025-12-12 13:55:20.726 65456 INFO tempest.lib.common.rest_client [req-9e4ab4f7-25ee-4bde-bfd0-20d787a7e998 req-9e4ab4f7-25ee-4bde-bfd0-20d787a7e998 ] Request (ImagesTestJSON:test_create_image_from_stopped_server): 200 GET http://10.180.1.21/compute/v2.1/images/cf8796f8-601d-48c2-90a3-a63be6e49c93 1.772s
2025-12-12 13:55:20.778 65475 INFO tempest.lib.common.rest_client [req-077ca802-c490-467f-b47e-e1ddf6f749d6 req-077ca802-c490-467f-b47e-e1ddf6f749d6 ] Request (ServerActionsTestJSON:test_reboot_server_hard): 200 GET http://10.180.1.21/compute/v2.1/servers/3c76b178-6ea6-457e-aaf0-4d305d30026e 1.834s
2025-12-12 13:55:20.781 65451 INFO tempest.lib.common.rest_client [req-93154d00-23f9-4bcc-8a02-ecb885155735 req-93154d00-23f9-4bcc-8a02-ecb885155735 ] Request (ServersNegativeTestMultiTenantJSON:setUpClass): 201 POST http://10.180.1.21/identity/v3/projects 0.055s
2025-12-12 13:55:20.789 65475 INFO tempest.common.waiters [-] State transition "HARD_REBOOT/reboot_started_hard" ==> "ACTIVE/None" after 7 second wait
2025-12-12 13:55:20.792 65475 INFO tempest.lib.common.ssh [-] Creating ssh connection to '10.180.180.210:22' as 'cirros' with public key authentication
2025-12-12 13:55:20.851 65459 INFO tempest.lib.common.rest_client [req-cdf49e79-3f01-4328-9944-16a7bbe25458 req-cdf49e79-3f01-4328-9944-16a7bbe25458 ] Request (ServerShowV247Test:test_update_rebuild_list_server): 200 GET http://10.180.1.21/compute/v2.1/servers/9f545673-f4fe-40bb-8a1c-6c22a95b9ad8 1.843s
2025-12-12 13:55:20.868 65451 INFO tempest.lib.common.rest_client [req-5a220749-efef-4d0f-94bf-100ba92c37ed req-5a220749-efef-4d0f-94bf-100ba92c37ed ] Request (ServersNegativeTestMultiTenantJSON:setUpClass): 201 POST http://10.180.1.21/identity/v3/users 0.086s
2025-12-12 13:55:20.898 65451 INFO tempest.lib.common.rest_client [req-e9848b9d-8acb-4970-b04e-7f1a483c4767 req-e9848b9d-8acb-4970-b04e-7f1a483c4767 ] Request (ServersNegativeTestMultiTenantJSON:setUpClass): 200 GET http://10.180.1.21/identity/v3/roles 0.029s
2025-12-12 13:55:20.907 65439 INFO tempest.lib.common.rest_client [req-7656782b-8a47-4acc-af73-9c6e0b6c3600 req-7656782b-8a47-4acc-af73-9c6e0b6c3600 ] Request (ServersTestBootFromVolume:tearDownClass): 200 GET http://10.180.1.21/compute/v2.1/servers/8bfe561c-90df-4c6a-be26-42741418c611 1.882s
2025-12-12 13:55:20.930 65431 INFO tempest.lib.common.rest_client [req-afbe8b42-36fd-4bd4-a954-15ee0ad45cac req-afbe8b42-36fd-4bd4-a954-15ee0ad45cac ] Request (MigrationsAdminTest:test_resize_server_revert_deleted_flavor): 200 GET http://10.180.1.21/compute/v2.1/servers/e872475c-1648-4e2a-a852-925f42fd3330 1.862s
2025-12-12 13:55:20.937 65451 INFO tempest.lib.common.rest_client [req-57038eb6-370d-4e4d-b707-82a3c2ad283b req-57038eb6-370d-4e4d-b707-82a3c2ad283b ] Request (ServersNegativeTestMultiTenantJSON:setUpClass): 204 PUT http://10.180.1.21/identity/v3/projects/bcd958a5773645a6b2305395afa6ee4b/users/b77b736bc75d4c6283e989b6468057ad/roles/9ad29f3316984aa683002f0094c633be 0.038s
2025-12-12 13:55:20.937 65451 INFO tempest.lib.common.dynamic_creds [-] Dynamic test user b77b736bc75d4c6283e989b6468057ad is created with scope project and roles: ['member']
2025-12-12 13:55:20.938 65451 INFO tempest.lib.common.dynamic_creds [-] Acquired dynamic creds: credentials: Credentials: {'domain_id': 'default', 'domain_name': 'Default', 'username': 'tempest-ServersNegativeTestMultiTenantJSON-1378082471-project-member', 'project_domain_id': 'default', 'project_domain_name': 'Default', 'project_id': 'bcd958a5773645a6b2305395afa6ee4b', 'project_name': 'tempest-ServersNegativeTestMultiTenantJSON-1378082471', 'tenant_id': 'bcd958a5773645a6b2305395afa6ee4b', 'tenant_name': 'tempest-ServersNegativeTestMultiTenantJSON-1378082471', 'user_domain_id': 'default', 'user_domain_name': 'Default', 'user_id': 'b77b736bc75d4c6283e989b6468057ad', 'system': None}, Network: None, Subnet: None, Router: None
2025-12-12 13:55:20.951 65487 INFO tempest.lib.common.rest_client [req-0083dd1b-e7b3-484f-8cef-3fdacd1642d4 req-0083dd1b-e7b3-484f-8cef-3fdacd1642d4 ] Request (InstanceActionsNegativeTestJSON:tearDownClass): 404 GET http://10.180.1.21/compute/v2.1/servers/f2784ccd-1a03-4188-a996-ff7ac3c62db6 1.813s
2025-12-12 13:55:21.016 65467 INFO tempest.lib.common.rest_client [req-aac1e69c-f723-481a-91f2-08feeba35815 req-aac1e69c-f723-481a-91f2-08feeba35815 ] Request (VolumesAssistedSnapshotsTest:test_volume_assisted_snapshot_create_delete): 200 GET http://10.180.1.21/volume/v3/volumes/7a1c7cb4-04d4-4d42-b888-5217d4958a3f 0.031s
2025-12-12 13:55:21.040 65447 INFO tempest.lib.common.rest_client [req-a6408512-dc74-422c-8b3f-c3d4ddef5dc1 req-a6408512-dc74-422c-8b3f-c3d4ddef5dc1 ] Request (ServerActionsV293TestJSON:setUpClass): 200 GET http://10.180.1.21/volume/v3/volumes/df6182ee-05b2-4ff2-aba5-209bdb6a4b52 0.032s
2025-12-12 13:55:21.146 65451 INFO tempest.lib.common.rest_client [req-487e5232-e4bc-4d5e-9de0-55148104c886 req-487e5232-e4bc-4d5e-9de0-55148104c886 ] Request (ServersNegativeTestMultiTenantJSON:setUpClass): 201 POST http://10.180.1.21/networking/v2.0/networks 0.208s
2025-12-12 13:55:21.172 65489 INFO tempest.lib.common.rest_client [req-083acc16-ca06-41bd-8d7c-2aa5e69fb2a2 req-083acc16-ca06-41bd-8d7c-2aa5e69fb2a2 ] Request (AttachInterfacesTestJSON:test_create_list_show_delete_interfaces_by_network_port): 200 GET http://10.180.1.21/compute/v2.1/servers/78aa87d2-732e-4abf-b0a5-d8b3ec1dd47d 2.085s
2025-12-12 13:55:21.508 65445 INFO tempest.lib.common.rest_client [req-67287738-9113-4591-b76b-254219c3382a req-67287738-9113-4591-b76b-254219c3382a ] Request (ImagesOneServerTestJSON:tearDownClass): 200 GET http://10.180.1.21/compute/v2.1/servers/8009e8e2-7bfc-43d6-84c3-2e04ebaa2d07 2.342s
2025-12-12 13:55:21.740 65451 INFO tempest.lib.common.rest_client [req-b69999b0-a6aa-4501-a74c-2fd6fcac2643 req-b69999b0-a6aa-4501-a74c-2fd6fcac2643 ] Request (ServersNegativeTestMultiTenantJSON:setUpClass): 201 POST http://10.180.1.21/networking/v2.0/subnets 0.593s
2025-12-12 13:55:21.766 65449 INFO tempest.lib.common.rest_client [req-1bf5e049-f7f8-4558-b6c1-47e051637134 req-1bf5e049-f7f8-4558-b6c1-47e051637134 ] Request (ServersAdminTestJSON:test_inject_network_info): 200 GET http://10.180.1.21/compute/v2.1/servers/e23700e5-18e9-4052-8535-903952a38042 2.553s
2025-12-12 13:55:21.948 65487 INFO tempest.lib.common.rest_client [req-43714614-eab5-47aa-9d2b-8055fc57ca53 req-43714614-eab5-47aa-9d2b-8055fc57ca53 ] Request (InstanceActionsNegativeTestJSON:tearDownClass): 200 PUT http://10.180.1.21/networking/v2.0/routers/98c7f399-c18a-4a2a-86d3-0a9421290316/remove_router_interface 0.996s
2025-12-12 13:55:21.972 65457 INFO tempest.lib.common.rest_client [req-9b1db4b4-3dcc-47aa-b0f6-06a6aa4e8586 req-9b1db4b4-3dcc-47aa-b0f6-06a6aa4e8586 ] Request (ImagesOneServerNegativeTestJSON:_run_cleanups): 200 GET http://10.180.1.21/compute/v2.1/servers/c95a76e9-1331-40fc-aa7a-12ad16757bbe 2.729s
2025-12-12 13:55:22.007 65483 INFO tempest.lib.common.rest_client [req-389f72dd-ef84-427d-949a-d32630fccb91 req-389f72dd-ef84-427d-949a-d32630fccb91 ] Request (ServerDiskConfigTestJSON:test_resize_server_from_auto_to_manual): 200 GET http://10.180.1.21/compute/v2.1/servers/6417e29c-f36f-41ae-bc1c-2e465382f387 2.682s
2025-12-12 13:55:22.074 65467 INFO tempest.lib.common.rest_client [req-5903c8c5-4773-4a9f-b2ac-b44458b4e822 req-5903c8c5-4773-4a9f-b2ac-b44458b4e822 ] Request (VolumesAssistedSnapshotsTest:test_volume_assisted_snapshot_create_delete): 200 GET http://10.180.1.21/volume/v3/volumes/7a1c7cb4-04d4-4d42-b888-5217d4958a3f 0.047s
2025-12-12 13:55:22.105 65447 INFO tempest.lib.common.rest_client [req-0b47a708-7824-401c-940c-e4c20df4bbd9 req-0b47a708-7824-401c-940c-e4c20df4bbd9 ] Request (ServerActionsV293TestJSON:setUpClass): 200 GET http://10.180.1.21/volume/v3/volumes/df6182ee-05b2-4ff2-aba5-209bdb6a4b52 0.053s
2025-12-12 13:55:22.412 65487 INFO tempest.lib.common.rest_client [req-e3372186-ea2d-442b-9519-266a942cd975 req-e3372186-ea2d-442b-9519-266a942cd975 ] Request (InstanceActionsNegativeTestJSON:tearDownClass): 204 DELETE http://10.180.1.21/networking/v2.0/routers/98c7f399-c18a-4a2a-86d3-0a9421290316 0.463s
2025-12-12 13:55:22.436 65477 INFO tempest.lib.common.rest_client [req-7130d8de-720d-4ef8-b4d3-a644e1b50cd5 req-7130d8de-720d-4ef8-b4d3-a644e1b50cd5 ] Request (VolumesAdminNegativeTest:tearDownClass): 200 GET http://10.180.1.21/compute/v2.1/servers/1deed9b3-1421-461e-80c9-d96acdf7f148 2.670s
2025-12-12 13:55:22.452 65471 INFO tempest.lib.common.rest_client [req-eaa7f6dd-c3e7-4cc9-8d5b-844965defb6b req-eaa7f6dd-c3e7-4cc9-8d5b-844965defb6b ] Request (AttachInterfacesV270Test:tearDownClass): 200 GET http://10.180.1.21/compute/v2.1/servers/3a5ca31a-3f53-4874-ac7b-9f7b21c1110d 2.661s
2025-12-12 13:55:22.635 65487 INFO tempest.lib.common.rest_client [req-af29b0da-6919-4df9-acc2-7fec7429de1f req-af29b0da-6919-4df9-acc2-7fec7429de1f ] Request (InstanceActionsNegativeTestJSON:tearDownClass): 204 DELETE http://10.180.1.21/networking/v2.0/subnets/53ea662f-ff84-4cb6-a4a1-16f704d58152 0.223s
2025-12-12 13:55:22.663 65443 INFO tempest.lib.common.rest_client [req-c3540b16-5ed5-4714-aa82-c56e44277f23 req-c3540b16-5ed5-4714-aa82-c56e44277f23 ] Request (ServerAddressesNegativeTestJSON:setUpClass): 200 GET http://10.180.1.21/compute/v2.1/servers/85941790-0e66-4f63-a233-37beab42bacd 2.735s
2025-12-12 13:55:22.673 65485 INFO tempest.lib.common.rest_client [req-a2d5d277-b48e-4131-a86b-31776bc7d2ef req-a2d5d277-b48e-4131-a86b-31776bc7d2ef ] Request (ServersTestJSON:setUpClass): 200 GET http://10.180.1.21/compute/v2.1/servers/169ff72e-571b-4aac-ac07-2faef6858a9c 2.730s
2025-12-12 13:55:22.740 65451 INFO tempest.lib.common.rest_client [req-4bb5dfbc-1739-4d93-8e8b-7292088a0b96 req-4bb5dfbc-1739-4d93-8e8b-7292088a0b96 ] Request (ServersNegativeTestMultiTenantJSON:setUpClass): 201 POST http://10.180.1.21/networking/v2.0/routers 1.000s
2025-12-12 13:55:22.869 65453 INFO tempest.lib.common.rest_client [req-31653682-09d1-441d-aec6-0213536d6d68 req-31653682-09d1-441d-aec6-0213536d6d68 ] Request (AttachVolumeTestJSON:test_attach_detach_volume): 200 GET http://10.180.1.21/compute/v2.1/servers/8da76bea-8e25-41a1-b233-f2e71ef9032d 2.761s
2025-12-12 13:55:22.923 65456 INFO tempest.lib.common.rest_client [req-2196b3ce-89de-4191-a524-119d240f1e71 req-2196b3ce-89de-4191-a524-119d240f1e71 ] Request (ImagesTestJSON:test_create_image_from_stopped_server): 200 GET http://10.180.1.21/compute/v2.1/images/cf8796f8-601d-48c2-90a3-a63be6e49c93 2.193s
2025-12-12 13:55:22.970 65456 INFO tempest.lib.common.rest_client [req-7f0a9060-699d-4ecd-ae72-c8f98bb8deb5 req-7f0a9060-699d-4ecd-ae72-c8f98bb8deb5 ] Request (ImagesTestJSON:test_create_image_from_stopped_server): 200 GET http://10.180.1.21/image/v2/images/cf8796f8-601d-48c2-90a3-a63be6e49c93/tasks 0.041s
2025-12-12 13:55:23.014 65487 INFO tempest.lib.common.rest_client [req-c91bfd1e-d6a1-4329-9145-63d65cdf2505 req-c91bfd1e-d6a1-4329-9145-63d65cdf2505 ] Request (InstanceActionsNegativeTestJSON:tearDownClass): 204 DELETE http://10.180.1.21/networking/v2.0/networks/a1bd397c-1d3f-4d4b-abd6-997b08bf60a0 0.377s
2025-12-12 13:55:23.081 65465 INFO tempest.lib.common.rest_client [req-547ab6ec-3f7e-4e30-b814-1eebc8cdf8cf req-547ab6ec-3f7e-4e30-b814-1eebc8cdf8cf ] Request (ListServersNegativeTestJSON:setUpClass): 200 GET http://10.180.1.21/compute/v2.1/servers/fc4f7d23-f780-4795-8ac2-3d67057b1efe 2.962s
2025-12-12 13:55:23.089 65465 INFO tempest.common.waiters [-] State transition "BUILD/networking" ==> "BUILD/spawning" after 58 second wait
2025-12-12 13:55:23.100 65481 INFO tempest.lib.common.rest_client [req-14e70ed9-e42a-43a6-b6ad-3d57abf3ed59 req-14e70ed9-e42a-43a6-b6ad-3d57abf3ed59 ] Request (ServerRescueTestJSON:tearDownClass): 200 GET http://10.180.1.21/compute/v2.1/servers/67fb71b9-8b3d-42af-837a-159c22de081c 2.233s
2025-12-12 13:55:23.139 65467 INFO tempest.lib.common.rest_client [req-4725b1a9-3914-4486-a8ca-89f905801ac4 req-4725b1a9-3914-4486-a8ca-89f905801ac4 ] Request (VolumesAssistedSnapshotsTest:test_volume_assisted_snapshot_create_delete): 200 GET http://10.180.1.21/volume/v3/volumes/7a1c7cb4-04d4-4d42-b888-5217d4958a3f 0.054s
2025-12-12 13:55:23.153 65447 INFO tempest.lib.common.rest_client [req-415bda37-551d-4345-93f8-8bfad8c559be req-415bda37-551d-4345-93f8-8bfad8c559be ] Request (ServerActionsV293TestJSON:setUpClass): 200 GET http://10.180.1.21/volume/v3/volumes/df6182ee-05b2-4ff2-aba5-209bdb6a4b52 0.039s
2025-12-12 13:55:23.206 65429 INFO tempest.lib.common.rest_client [req-3839bd7c-e3fb-41bd-8a58-224a086e329f req-3839bd7c-e3fb-41bd-8a58-224a086e329f ] Request (ListServerFiltersTestJSON:tearDownClass): 200 GET http://10.180.1.21/compute/v2.1/servers/e6ed5fa0-5006-499a-8aad-a4b582f0c868 2.321s
2025-12-12 13:55:23.230 65487 INFO tempest.lib.common.rest_client [req-9d67e86a-2521-4d7f-9142-0dc103d9cc42 req-9d67e86a-2521-4d7f-9142-0dc103d9cc42 ] Request (InstanceActionsNegativeTestJSON:tearDownClass): 204 DELETE http://10.180.1.21/identity/v3/users/8d4c23d7578e48708e5649e94c3f480f 0.215s
