2025-12-12 13:54:58.500 65477 INFO tempest.lib.common.rest_client [req-fc727cef-9398-4624-a737-964d93cd1ad8 req-fc727cef-9398-4624-a737-964d93cd1ad8 ] Request (VolumesAdminNegativeTest:test_update_attached_volume_with_nonexistent_volume_in_uri): 200 GET http://10.180.1.21/compute/v2.1/servers/1deed9b3-1421-461e-80c9-d96acdf7f148 0.459s
2025-12-12 13:54:58.518 65447 INFO tempest.lib.common.rest_client [req-d87496a0-9f61-41e9-97bf-92a430f6833f req-d87496a0-9f61-41e9-97bf-92a430f6833f ] Request (SecurityGroupRulesTestJSON:setUpClass): 201 POST http://10.180.1.21/identity/v3/users 0.080s
2025-12-12 13:54:58.552 65447 INFO tempest.lib.common.rest_client [req-3b2decca-2e4a-432c-85ac-3f4e9b5f098f req-3b2decca-2e4a-432c-85ac-3f4e9b5f098f ] Request (SecurityGroupRulesTestJSON:setUpClass): 200 GET http://10.180.1.21/identity/v3/roles 0.033s
2025-12-12 13:54:58.561 65485 INFO tempest.lib.common.rest_client [req-69b8127c-b840-4854-a50e-7e1bb960a401 req-69b8127c-b840-4854-a50e-7e1bb960a401 ] Request (ServersTestJSON:setUpClass): 200 GET http://10.180.1.21/compute/v2.1/servers/169ff72e-571b-4aac-ac07-2faef6858a9c 0.423s
2025-12-12 13:54:58.569 65481 INFO tempest.lib.common.rest_client [req-8cd9e058-7036-4dab-ae14-3519154ac1fa req-8cd9e058-7036-4dab-ae14-3519154ac1fa ] Request (ServerRescueTestJSON:tearDownClass): 200 GET http://10.180.1.21/compute/v2.1/servers/67fb71b9-8b3d-42af-837a-159c22de081c 0.463s
2025-12-12 13:54:58.592 65447 INFO tempest.lib.common.rest_client [req-321c5afe-2ef4-403a-a49f-fdf8bbdd09ec req-321c5afe-2ef4-403a-a49f-fdf8bbdd09ec ] Request (SecurityGroupRulesTestJSON:setUpClass): 204 PUT http://10.180.1.21/identity/v3/projects/ecbb5a3c0b464ca8928568f6daf88e8c/users/c8b58cfcccb540b18178071d4401172a/roles/9ad29f3316984aa683002f0094c633be 0.040s
2025-12-12 13:54:58.593 65447 INFO tempest.lib.common.dynamic_creds [-] Dynamic test user c8b58cfcccb540b18178071d4401172a is created with scope project and roles: ['member']
2025-12-12 13:54:58.593 65447 INFO tempest.lib.common.dynamic_creds [-] Acquired dynamic creds: credentials: Credentials: {'domain_id': 'default', 'domain_name': 'Default', 'username': 'tempest-SecurityGroupRulesTestJSON-341070555-project-member', 'project_domain_id': 'default', 'project_domain_name': 'Default', 'project_id': 'ecbb5a3c0b464ca8928568f6daf88e8c', 'project_name': 'tempest-SecurityGroupRulesTestJSON-341070555', 'tenant_id': 'ecbb5a3c0b464ca8928568f6daf88e8c', 'tenant_name': 'tempest-SecurityGroupRulesTestJSON-341070555', 'user_domain_id': 'default', 'user_domain_name': 'Default', 'user_id': 'c8b58cfcccb540b18178071d4401172a', 'system': None}, Network: None, Subnet: None, Router: None
2025-12-12 13:54:58.597 65453 INFO tempest.lib.common.rest_client [req-d00451d0-2750-430d-abe3-4d95df8b14e8 req-d00451d0-2750-430d-abe3-4d95df8b14e8 ] Request (KeyPairsNegativeTestJSON:test_create_keypair_with_empty_public_key): 400 POST http://10.180.1.21/compute/v2.1/os-keypairs 0.362s
2025-12-12 13:54:58.660 65465 INFO tempest.lib.common.rest_client [req-be1200f4-95aa-41b6-8ed3-4ee59474533a req-be1200f4-95aa-41b6-8ed3-4ee59474533a ] Request (ListServersNegativeTestJSON:setUpClass): 200 GET http://10.180.1.21/compute/v2.1/servers/fc4f7d23-f780-4795-8ac2-3d67057b1efe 0.315s
2025-12-12 13:54:58.671 65447 INFO tempest.lib.common.rest_client [req-7caf96f3-ba88-4de5-a261-9ca5fa6155ed req-7caf96f3-ba88-4de5-a261-9ca5fa6155ed ] Request (SecurityGroupRulesTestJSON:setUpClass): 201 POST http://10.180.1.21/identity/v3/auth/tokens 0.078s
2025-12-12 13:54:58.792 65456 INFO tempest.lib.common.rest_client [req-91f7552c-db63-4a8d-a23c-2f7ec978374c req-91f7552c-db63-4a8d-a23c-2f7ec978374c ] Request (ImagesTestJSON:test_create_image_from_stopped_server): 200 GET http://10.180.1.21/compute/v2.1/servers/a1f8a3c9-dcbf-4a61-bbe6-28cabb96cff3 0.579s
2025-12-12 13:54:58.827 65429 INFO tempest.lib.common.rest_client [req-de1ec7bf-0718-4805-a699-431314df085c req-de1ec7bf-0718-4805-a699-431314df085c ] Request (ListServerFiltersTestJSON:tearDownClass): 200 GET http://10.180.1.21/compute/v2.1/servers/e6ed5fa0-5006-499a-8aad-a4b582f0c868 0.480s
2025-12-12 13:54:58.906 65467 WARNING tempest.lib.common.ssh [-] Failed to establish authenticated ssh connection to cirros@10.180.180.192 ([Errno None] Unable to connect to port 22 on 10.180.180.192). Number attempts: 14. Retry after 15 seconds.: paramiko.ssh_exception.NoValidConnectionsError: [Errno None] Unable to connect to port 22 on 10.180.180.192
2025-12-12 13:54:58.922 65457 INFO tempest.lib.common.rest_client [req-1b6db9b9-d24d-40be-ad74-4220575216ae req-1b6db9b9-d24d-40be-ad74-4220575216ae ] Request (ImagesOneServerNegativeTestJSON:tearDown): 200 GET http://10.180.1.21/compute/v2.1/servers/c95a76e9-1331-40fc-aa7a-12ad16757bbe 0.480s
2025-12-12 13:54:58.932 65463 INFO tempest.lib.common.rest_client [req-c180ad7f-4b01-4d4e-abae-ff3f27bdce72 req-c180ad7f-4b01-4d4e-abae-ff3f27bdce72 ] Request (ServerTagsTestJSON:tearDownClass): 200 GET http://10.180.1.21/compute/v2.1/servers/548bc7bb-3951-4430-8a63-cf8e5b960273 0.472s
2025-12-12 13:54:58.963 65447 INFO tempest.lib.common.rest_client [req-a3e401d0-d273-4830-9a90-b4617abe91ae req-a3e401d0-d273-4830-9a90-b4617abe91ae ] Request (SecurityGroupRulesTestJSON:setUpClass): 201 POST http://10.180.1.21/networking/v2.0/networks 0.291s
2025-12-12 13:54:58.984 65433 INFO tempest.lib.common.rest_client [req-adb1d24e-8d19-42de-a0e7-8dea6e73b6ea req-adb1d24e-8d19-42de-a0e7-8dea6e73b6ea ] Request (ServersAdminNegativeTestJSON:test_migrate_server_invalid_state): 200 GET http://10.180.1.21/compute/v2.1/servers/6e74aea2-3523-4084-bfcd-13c08a012c8a 0.391s
2025-12-12 13:54:58.985 65459 INFO tempest.lib.common.rest_client [req-8f4bbd94-444e-4a2b-8d66-964566101926 req-8f4bbd94-444e-4a2b-8d66-964566101926 ] Request (ServerShowV247Test:test_update_rebuild_list_server): 200 GET http://10.180.1.21/compute/v2.1/servers/9f545673-f4fe-40bb-8a1c-6c22a95b9ad8 0.448s
2025-12-12 13:54:58.989 65453 INFO tempest.lib.common.rest_client [req-23370520-171f-4a79-8ada-638bc5ce559e req-23370520-171f-4a79-8ada-638bc5ce559e ] Request (KeyPairsNegativeTestJSON:test_create_keypair_with_long_keynames): 400 POST http://10.180.1.21/compute/v2.1/os-keypairs 0.391s
2025-12-12 13:54:59.044 65471 INFO tempest.lib.common.rest_client [req-557e9667-c786-4521-b9e8-5ae84df995e0 req-557e9667-c786-4521-b9e8-5ae84df995e0 ] Request (AttachInterfacesV270Test:test_create_get_list_interfaces): 200 GET http://10.180.1.21/compute/v2.1/servers/3a5ca31a-3f53-4874-ac7b-9f7b21c1110d 0.244s
2025-12-12 13:54:59.061 65439 INFO tempest.lib.common.rest_client [req-ca1df922-641a-4bf4-8165-b61640976639 req-ca1df922-641a-4bf4-8165-b61640976639 ] Request (ServersTestBootFromVolume:tearDownClass): 200 GET http://10.180.1.21/compute/v2.1/servers/8bfe561c-90df-4c6a-be26-42741418c611 0.376s
2025-12-12 13:54:59.098 65431 INFO tempest.lib.common.rest_client [req-631937d0-08f9-40ee-96e3-6829e852311f req-631937d0-08f9-40ee-96e3-6829e852311f ] Request (MigrationsAdminTest:test_resize_server_revert_deleted_flavor): 200 GET http://10.180.1.21/compute/v2.1/servers/e872475c-1648-4e2a-a852-925f42fd3330 0.234s
2025-12-12 13:54:59.134 65489 INFO tempest.lib.common.rest_client [req-00b2a77d-71ff-4352-8929-9aaf11585e2b req-00b2a77d-71ff-4352-8929-9aaf11585e2b ] Request (AttachInterfacesTestJSON:test_create_list_show_delete_interfaces_by_network_port): 200 GET http://10.180.1.21/compute/v2.1/servers/78aa87d2-732e-4abf-b0a5-d8b3ec1dd47d 0.196s
2025-12-12 13:54:59.150 65453 INFO tempest.lib.common.rest_client [req-6fab173f-58c6-4184-bbc8-692ef7e8db30 req-6fab173f-58c6-4184-bbc8-692ef7e8db30 ] Request (KeyPairsNegativeTestJSON:test_keypair_create_with_invalid_pub_key): 400 POST http://10.180.1.21/compute/v2.1/os-keypairs 0.159s
2025-12-12 13:54:59.180 65453 INFO tempest.lib.common.rest_client [req-d44a8b9e-5a8e-4dd0-97d8-a58deae24c49 req-d44a8b9e-5a8e-4dd0-97d8-a58deae24c49 ] Request (KeyPairsNegativeTestJSON:test_keypair_delete_nonexistent_key): 404 DELETE http://10.180.1.21/compute/v2.1/os-keypairs/tempest-keypair-non-existent-1827787492 0.028s
2025-12-12 13:54:59.193 65447 INFO tempest.lib.common.rest_client [req-81993592-df77-48ff-8f0f-bd771c8a63cd req-81993592-df77-48ff-8f0f-bd771c8a63cd ] Request (SecurityGroupRulesTestJSON:setUpClass): 201 POST http://10.180.1.21/networking/v2.0/subnets 0.229s
2025-12-12 13:54:59.245 65487 INFO tempest.lib.common.rest_client [req-d53e9072-ef04-42b5-a91c-12cb29e5d8b3 req-d53e9072-ef04-42b5-a91c-12cb29e5d8b3 ] Request (InstanceActionsNegativeTestJSON:tearDownClass): 200 GET http://10.180.1.21/compute/v2.1/servers/f2784ccd-1a03-4188-a996-ff7ac3c62db6 0.181s
2025-12-12 13:54:59.258 65445 INFO tempest.lib.common.rest_client [req-3cd0bc0c-8786-45b4-a836-e88965334c77 req-3cd0bc0c-8786-45b4-a836-e88965334c77 ] Request (ImagesOneServerTestJSON:tearDownClass): 200 GET http://10.180.1.21/compute/v2.1/servers/8009e8e2-7bfc-43d6-84c3-2e04ebaa2d07 0.094s
2025-12-12 13:54:59.285 65453 INFO tempest.lib.common.rest_client [req-cf280e15-05b2-46c4-820d-21ea3579d39b req-cf280e15-05b2-46c4-820d-21ea3579d39b ] Request (KeyPairsNegativeTestJSON:tearDownClass): 204 DELETE http://10.180.1.21/identity/v3/users/42b27f07ebac4664a76cff37bfecf36a 0.103s
2025-12-12 13:54:59.285 65453 INFO tempest.lib.common.dynamic_creds [-] Deleting project and security group for project: 19382b78ce3248168f9b0e50ecd1170a
2025-12-12 13:54:59.311 65449 INFO tempest.lib.common.rest_client [req-4c2c0dfe-91c5-45cf-94d6-f3fba069b0cb req-4c2c0dfe-91c5-45cf-94d6-f3fba069b0cb ] Request (ServersAdminTestJSON:test_inject_network_info): 200 GET http://10.180.1.21/compute/v2.1/servers/e23700e5-18e9-4052-8535-903952a38042 0.078s
2025-12-12 13:54:59.346 65453 INFO tempest.lib.common.rest_client [req-d9d7d1bb-8026-436d-b70f-82e7a14d7bb9 req-d9d7d1bb-8026-436d-b70f-82e7a14d7bb9 ] Request (KeyPairsNegativeTestJSON:tearDownClass): 201 POST http://10.180.1.21/identity/v3/auth/tokens 0.061s
2025-12-12 13:54:59.566 65453 INFO tempest.lib.common.rest_client [req-460f7b57-31af-4515-80f0-c13b03b5b1e8 req-460f7b57-31af-4515-80f0-c13b03b5b1e8 ] Request (KeyPairsNegativeTestJSON:tearDownClass): 200 GET http://10.180.1.21/networking/v2.0/security-groups?tenant_id=19382b78ce3248168f9b0e50ecd1170a&name=default 0.219s
2025-12-12 13:54:59.593 65451 INFO tempest.lib.common.rest_client [req-3e6ffe14-9513-4dfc-bbbf-459cd574dcf3 req-3e6ffe14-9513-4dfc-bbbf-459cd574dcf3 ] Request (ServerMetadataNegativeTestJSON:tearDownClass): 200 GET http://10.180.1.21/compute/v2.1/servers/896c6995-fef5-44b9-bd1f-a339a4045054 0.243s
2025-12-12 13:54:59.616 65483 INFO tempest.lib.common.rest_client [req-3775daf2-f98c-4096-8ba6-36b115a1696e req-3775daf2-f98c-4096-8ba6-36b115a1696e ] Request (ServerDiskConfigTestJSON:test_resize_server_from_auto_to_manual): 200 GET http://10.180.1.21/compute/v2.1/servers/6417e29c-f36f-41ae-bc1c-2e465382f387 0.225s
2025-12-12 13:54:59.765 65453 INFO tempest.lib.common.rest_client [req-72dacc72-01d2-4476-95c1-779eac6d15ca req-72dacc72-01d2-4476-95c1-779eac6d15ca ] Request (KeyPairsNegativeTestJSON:tearDownClass): 204 DELETE http://10.180.1.21/networking/v2.0/security-groups/7bbaa970-af22-4585-a568-81739ab74b9e 0.198s
2025-12-12 13:54:59.791 65443 INFO tempest.lib.common.rest_client [req-11099853-5ec5-444a-9967-3fd2f590fae5 req-11099853-5ec5-444a-9967-3fd2f590fae5 ] Request (ServerAddressesNegativeTestJSON:setUpClass): 200 GET http://10.180.1.21/compute/v2.1/servers/85941790-0e66-4f63-a233-37beab42bacd 0.369s
2025-12-12 13:54:59.862 65453 INFO tempest.lib.common.rest_client [req-a94e7113-858f-41c1-9a81-59cc6c49788d req-a94e7113-858f-41c1-9a81-59cc6c49788d ] Request (KeyPairsNegativeTestJSON:tearDownClass): 204 DELETE http://10.180.1.21/identity/v3/projects/19382b78ce3248168f9b0e50ecd1170a 0.097s
2025-12-12 13:54:59.935 65453 INFO tempest.lib.common.rest_client [req-3c805ff0-94a5-4532-9cbc-1e583d322740 req-3c805ff0-94a5-4532-9cbc-1e583d322740 ] Request (AttachVolumeTestJSON:setUpClass): 201 POST http://10.180.1.21/identity/v3/auth/tokens 0.072s
2025-12-12 13:54:59.970 65453 INFO tempest.lib.common.rest_client [req-2090ce1d-70e3-4638-8acd-3a7bad389418 req-2090ce1d-70e3-4638-8acd-3a7bad389418 ] Request (AttachVolumeTestJSON:setUpClass): 201 POST http://10.180.1.21/identity/v3/auth/tokens 0.032s
2025-12-12 13:55:00.003 65453 INFO tempest.lib.common.rest_client [req-64c43775-9f77-4f48-9b12-3b1f17b2a9a8 req-64c43775-9f77-4f48-9b12-3b1f17b2a9a8 ] Request (AttachVolumeTestJSON:setUpClass): 200 GET http://10.180.1.21/identity/v3/domains?name=Default 0.032s
2025-12-12 13:55:00.038 65447 INFO tempest.lib.common.rest_client [req-ee8ec85a-645a-458c-94bc-9a0c1657e9a4 req-ee8ec85a-645a-458c-94bc-9a0c1657e9a4 ] Request (SecurityGroupRulesTestJSON:setUpClass): 201 POST http://10.180.1.21/networking/v2.0/routers 0.844s
2025-12-12 13:55:00.042 65453 INFO tempest.lib.common.rest_client [req-fd77e722-23a6-4635-8b90-f6a35519ea1f req-fd77e722-23a6-4635-8b90-f6a35519ea1f ] Request (AttachVolumeTestJSON:setUpClass): 201 POST http://10.180.1.21/identity/v3/projects 0.038s
2025-12-12 13:55:00.068 65441 INFO tempest.lib.common.rest_client [req-accbeb4b-f29b-4c36-8383-74aa33b41b52 req-accbeb4b-f29b-4c36-8383-74aa33b41b52 ] Request (ServerRescueTestJSONUnderV235:tearDownClass): 200 GET http://10.180.1.21/compute/v2.1/servers/0d44b38a-5908-4ad5-ad64-1ab33f4faa0a 0.579s
2025-12-12 13:55:00.119 65477 INFO tempest.lib.common.rest_client [req-59ee2648-b89d-4435-bb23-649bdd6aa571 req-59ee2648-b89d-4435-bb23-649bdd6aa571 ] Request (VolumesAdminNegativeTest:test_update_attached_volume_with_nonexistent_volume_in_uri): 200 GET http://10.180.1.21/compute/v2.1/servers/1deed9b3-1421-461e-80c9-d96acdf7f148 0.611s
2025-12-12 13:55:00.143 65485 INFO tempest.lib.common.rest_client [req-821886dc-37b0-4466-b2f8-205b7ce5cfca req-821886dc-37b0-4466-b2f8-205b7ce5cfca ] Request (ServersTestJSON:setUpClass): 200 GET http://10.180.1.21/compute/v2.1/servers/169ff72e-571b-4aac-ac07-2faef6858a9c 0.574s
2025-12-12 13:55:00.150 65453 INFO tempest.lib.common.rest_client [req-e5edabd3-1184-4677-bc53-e4eef08e3032 req-e5edabd3-1184-4677-bc53-e4eef08e3032 ] Request (AttachVolumeTestJSON:setUpClass): 201 POST http://10.180.1.21/identity/v3/users 0.108s
2025-12-12 13:55:00.180 65453 INFO tempest.lib.common.rest_client [req-d2868ee0-2036-49a1-a80c-75b148e8b414 req-d2868ee0-2036-49a1-a80c-75b148e8b414 ] Request (AttachVolumeTestJSON:setUpClass): 200 GET http://10.180.1.21/identity/v3/roles 0.029s
2025-12-12 13:55:00.209 65481 INFO tempest.lib.common.rest_client [req-607d4b34-91ea-4311-a7f5-6bbeb548f84f req-607d4b34-91ea-4311-a7f5-6bbeb548f84f ] Request (ServerRescueTestJSON:tearDownClass): 200 GET http://10.180.1.21/compute/v2.1/servers/67fb71b9-8b3d-42af-837a-159c22de081c 0.629s
2025-12-12 13:55:00.223 65453 INFO tempest.lib.common.rest_client [req-534867e1-1084-4fe1-b12b-dcd088533d91 req-534867e1-1084-4fe1-b12b-dcd088533d91 ] Request (AttachVolumeTestJSON:setUpClass): 204 PUT http://10.180.1.21/identity/v3/projects/af09c3e10cf842cd883f26fb7a401464/users/340dbec708ad4821b29ee7eaa8017352/roles/9ad29f3316984aa683002f0094c633be 0.042s
2025-12-12 13:55:00.223 65453 INFO tempest.lib.common.dynamic_creds [-] Dynamic test user 340dbec708ad4821b29ee7eaa8017352 is created with scope project and roles: ['member']
2025-12-12 13:55:00.223 65453 INFO tempest.lib.common.dynamic_creds [-] Acquired dynamic creds: credentials: Credentials: {'domain_id': 'default', 'domain_name': 'Default', 'username': 'tempest-AttachVolumeTestJSON-241982048-project-member', 'project_domain_id': 'default', 'project_domain_name': 'Default', 'project_id': 'af09c3e10cf842cd883f26fb7a401464', 'project_name': 'tempest-AttachVolumeTestJSON-241982048', 'tenant_id': 'af09c3e10cf842cd883f26fb7a401464', 'tenant_name': 'tempest-AttachVolumeTestJSON-241982048', 'user_domain_id': 'default', 'user_domain_name': 'Default', 'user_id': '340dbec708ad4821b29ee7eaa8017352', 'system': None}, Network: None, Subnet: None, Router: None
2025-12-12 13:55:00.228 65465 INFO tempest.lib.common.rest_client [req-ef8d62d9-d121-4703-a7aa-f4f79503aaf7 req-ef8d62d9-d121-4703-a7aa-f4f79503aaf7 ] Request (ListServersNegativeTestJSON:setUpClass): 200 GET http://10.180.1.21/compute/v2.1/servers/fc4f7d23-f780-4795-8ac2-3d67057b1efe 0.558s
2025-12-12 13:55:00.296 65453 INFO tempest.lib.common.rest_client [req-a769ab5c-8541-43fa-acf1-8c667ed9bc5e req-a769ab5c-8541-43fa-acf1-8c667ed9bc5e ] Request (AttachVolumeTestJSON:setUpClass): 201 POST http://10.180.1.21/identity/v3/auth/tokens 0.073s
2025-12-12 13:55:00.702 65453 INFO tempest.lib.common.rest_client [req-45eceadb-5ebc-4814-9bd8-a618a28c4265 req-45eceadb-5ebc-4814-9bd8-a618a28c4265 ] Request (AttachVolumeTestJSON:setUpClass): 201 POST http://10.180.1.21/networking/v2.0/networks 0.405s
2025-12-12 13:55:00.739 65456 INFO tempest.lib.common.rest_client [req-f29bfb72-2b87-4ed6-b72f-74514a78d8b8 req-f29bfb72-2b87-4ed6-b72f-74514a78d8b8 ] Request (ImagesTestJSON:test_create_image_from_stopped_server): 200 GET http://10.180.1.21/compute/v2.1/servers/a1f8a3c9-dcbf-4a61-bbe6-28cabb96cff3 0.934s
2025-12-12 13:55:00.748 65456 INFO tempest.common.waiters [-] State transition "BUILD/spawning" ==> "ACTIVE/None" after 49 second wait
2025-12-12 13:55:00.763 65429 INFO tempest.lib.common.rest_client [req-f68d666e-7c95-49e3-bd51-8012327312d2 req-f68d666e-7c95-49e3-bd51-8012327312d2 ] Request (ListServerFiltersTestJSON:tearDownClass): 200 GET http://10.180.1.21/compute/v2.1/servers/e6ed5fa0-5006-499a-8aad-a4b582f0c868 0.927s
2025-12-12 13:55:00.969 65453 INFO tempest.lib.common.rest_client [req-7099f206-2c23-4006-9a91-6d5425e1e9e4 req-7099f206-2c23-4006-9a91-6d5425e1e9e4 ] Request (AttachVolumeTestJSON:setUpClass): 201 POST http://10.180.1.21/networking/v2.0/subnets 0.266s
2025-12-12 13:55:01.035 65447 INFO tempest.lib.common.rest_client [req-e230833e-58a3-49a7-b520-fc7609538efc req-e230833e-58a3-49a7-b520-fc7609538efc ] Request (SecurityGroupRulesTestJSON:setUpClass): 200 PUT http://10.180.1.21/networking/v2.0/routers/956575c9-dc95-418c-b9ff-d8e2b325a46a/add_router_interface 0.997s
2025-12-12 13:55:01.036 65447 INFO tempest.lib.common.dynamic_creds [-] Created isolated network resources for: credentials: Credentials: {'domain_id': 'default', 'domain_name': 'Default', 'username': 'tempest-SecurityGroupRulesTestJSON-341070555-project-member', 'project_domain_id': 'default', 'project_domain_name': 'Default', 'project_id': 'ecbb5a3c0b464ca8928568f6daf88e8c', 'project_name': 'tempest-SecurityGroupRulesTestJSON-341070555', 'tenant_id': 'ecbb5a3c0b464ca8928568f6daf88e8c', 'tenant_name': 'tempest-SecurityGroupRulesTestJSON-341070555', 'user_domain_id': 'default', 'user_domain_name': 'Default', 'user_id': 'c8b58cfcccb540b18178071d4401172a', 'system': None}, Network: {'id': 'ca7ad51b-1e13-4b8d-a9aa-f9272f158f50', 'name': 'tempest-SecurityGroupRulesTestJSON-1744207638-network', 'tenant_id': 'ecbb5a3c0b464ca8928568f6daf88e8c', 'project_id': 'ecbb5a3c0b464ca8928568f6daf88e8c', 'admin_state_up': True, 'mtu': 8950, 'status': 'ACTIVE', 'subnets': [], 'shared': False, 'port_security_enabled': True, 'router:external': False, 'provider:network_type': 'vlan', 'provider:physical_network': 'default', 'provider:segmentation_id': 497, 'availability_zone_hints': [], 'availability_zones': [], 'ipv4_address_scope': None, 'ipv6_address_scope': None, 'description': '', 'tags': [], 'created_at': '2025-12-12T13:54:58Z', 'updated_at': '2025-12-12T13:54:58Z', 'revision_number': 1}, Subnet: {'id': '20d86334-9eae-4ed8-b05a-2106b7151dfc', 'name': 'tempest-SecurityGroupRulesTestJSON-1744207638-subnet', 'tenant_id': 'ecbb5a3c0b464ca8928568f6daf88e8c', 'network_id': 'ca7ad51b-1e13-4b8d-a9aa-f9272f158f50', 'ip_version': 4, 'subnetpool_id': None, 'enable_dhcp': True, 'ipv6_ra_mode': None, 'ipv6_address_mode': None, 'gateway_ip': '192.168.128.1', 'cidr': '192.168.128.0/28', 'allocation_pools': [{'start': '192.168.128.2', 'end': '192.168.128.14'}], 'host_routes': [], 'dns_nameservers': [], 'description': '', 'router:external': False, 'service_types': [], 'tags': [], 'created_at': '2025-12-12T13:54:59Z', 'updated_at': '2025-12-12T13:54:59Z', 'revision_number': 0, 'project_id': 'ecbb5a3c0b464ca8928568f6daf88e8c'}, Router: {'id': '956575c9-dc95-418c-b9ff-d8e2b325a46a', 'name': 'tempest-SecurityGroupRulesTestJSON-1744207638-router', 'tenant_id': 'ecbb5a3c0b464ca8928568f6daf88e8c', 'admin_state_up': True, 'status': 'ACTIVE', 'external_gateway_info': {'network_id': '70bd9cef-8f0e-48ad-8dcd-851a53cd468c', 'external_fixed_ips': [{'subnet_id': '531b66c9-bd4c-4453-baf4-47f1e86773b6', 'ip_address': '10.180.180.212'}], 'enable_snat': True}, 'description': '', 'availability_zones': [], 'distributed': False, 'ha': False, 'availability_zone_hints': [], 'routes': [], 'flavor_id': None, 'tags': [], 'created_at': '2025-12-12T13:54:59Z', 'updated_at': '2025-12-12T13:54:59Z', 'revision_number': 2, 'project_id': 'ecbb5a3c0b464ca8928568f6daf88e8c'}
2025-12-12 13:55:01.058 65463 INFO tempest.lib.common.rest_client [req-7b7d3643-e0c4-42cf-a812-2d4c4abb5035 req-7b7d3643-e0c4-42cf-a812-2d4c4abb5035 ] Request (ServerTagsTestJSON:tearDownClass): 200 GET http://10.180.1.21/compute/v2.1/servers/548bc7bb-3951-4430-8a63-cf8e5b960273 1.117s
2025-12-12 13:55:01.149 65447 INFO tempest.lib.common.rest_client [req-f5b5e46b-e39f-4cfa-aa24-3027f0e91323 req-f5b5e46b-e39f-4cfa-aa24-3027f0e91323 ] Request (SecurityGroupRulesTestJSON:setUpClass): 201 POST http://10.180.1.21/identity/v3/auth/tokens 0.110s
2025-12-12 13:55:01.316 65457 INFO tempest.lib.common.rest_client [req-409afce1-06e3-4a91-8d13-e89dff673f58 req-409afce1-06e3-4a91-8d13-e89dff673f58 ] Request (ImagesOneServerNegativeTestJSON:tearDown): 200 GET http://10.180.1.21/compute/v2.1/servers/c95a76e9-1331-40fc-aa7a-12ad16757bbe 1.386s
2025-12-12 13:55:01.325 65457 INFO tempest.common.waiters [-] State transition "ACTIVE/image_pending_upload" ==> "ACTIVE/image_uploading" after 6 second wait
2025-12-12 13:55:01.372 65433 INFO tempest.lib.common.rest_client [req-ce580ee0-4e48-49f5-94e4-0ea14516042c req-ce580ee0-4e48-49f5-94e4-0ea14516042c ] Request (ServersAdminNegativeTestJSON:test_migrate_server_invalid_state): 200 GET http://10.180.1.21/compute/v2.1/servers/6e74aea2-3523-4084-bfcd-13c08a012c8a 1.378s
2025-12-12 13:55:01.841 65459 INFO tempest.lib.common.rest_client [req-45d18926-7707-4d6e-97d4-481791e526cb req-45d18926-7707-4d6e-97d4-481791e526cb ] Request (ServerShowV247Test:test_update_rebuild_list_server): 200 GET http://10.180.1.21/compute/v2.1/servers/9f545673-f4fe-40bb-8a1c-6c22a95b9ad8 1.846s
2025-12-12 13:55:01.881 65453 INFO tempest.lib.common.rest_client [req-67f6a603-1be0-4add-baf0-7b78005c8951 req-67f6a603-1be0-4add-baf0-7b78005c8951 ] Request (AttachVolumeTestJSON:setUpClass): 201 POST http://10.180.1.21/networking/v2.0/routers 0.911s
2025-12-12 13:55:02.357 65427 WARNING tempest.lib.common.ssh [-] Failed to establish authenticated ssh connection to cirros@10.180.180.200 ([Errno None] Unable to connect to port 22 on 10.180.180.200). Number attempts: 3. Retry after 4 seconds.: paramiko.ssh_exception.NoValidConnectionsError: [Errno None] Unable to connect to port 22 on 10.180.180.200
2025-12-12 13:55:02.793 65453 INFO tempest.lib.common.rest_client [req-4f1c30d1-0190-4b9a-ae9c-389358f3b8eb req-4f1c30d1-0190-4b9a-ae9c-389358f3b8eb ] Request (AttachVolumeTestJSON:setUpClass): 200 PUT http://10.180.1.21/networking/v2.0/routers/7a6b624b-7df2-41be-a200-419af5e51511/add_router_interface 0.912s
2025-12-12 13:55:02.794 65453 INFO tempest.lib.common.dynamic_creds [-] Created isolated network resources for: credentials: Credentials: {'domain_id': 'default', 'domain_name': 'Default', 'username': 'tempest-AttachVolumeTestJSON-241982048-project-member', 'project_domain_id': 'default', 'project_domain_name': 'Default', 'project_id': 'af09c3e10cf842cd883f26fb7a401464', 'project_name': 'tempest-AttachVolumeTestJSON-241982048', 'tenant_id': 'af09c3e10cf842cd883f26fb7a401464', 'tenant_name': 'tempest-AttachVolumeTestJSON-241982048', 'user_domain_id': 'default', 'user_domain_name': 'Default', 'user_id': '340dbec708ad4821b29ee7eaa8017352', 'system': None}, Network: {'id': 'fff78f60-2f50-4895-bd77-a66ac02f3bf5', 'name': 'tempest-AttachVolumeTestJSON-784831464-network', 'tenant_id': 'af09c3e10cf842cd883f26fb7a401464', 'project_id': 'af09c3e10cf842cd883f26fb7a401464', 'admin_state_up': True, 'mtu': 8950, 'status': 'ACTIVE', 'subnets': [], 'shared': False, 'port_security_enabled': True, 'router:external': False, 'provider:network_type': 'vlan', 'provider:physical_network': 'default', 'provider:segmentation_id': 952, 'availability_zone_hints': [], 'availability_zones': [], 'ipv4_address_scope': None, 'ipv6_address_scope': None, 'description': '', 'tags': [], 'created_at': '2025-12-12T13:55:00Z', 'updated_at': '2025-12-12T13:55:00Z', 'revision_number': 1}, Subnet: {'id': 'cde11d64-0fcb-494c-93ba-dfe1b497fc34', 'name': 'tempest-AttachVolumeTestJSON-784831464-subnet', 'tenant_id': 'af09c3e10cf842cd883f26fb7a401464', 'network_id': 'fff78f60-2f50-4895-bd77-a66ac02f3bf5', 'ip_version': 4, 'subnetpool_id': None, 'enable_dhcp': True, 'ipv6_ra_mode': None, 'ipv6_address_mode': None, 'gateway_ip': '192.168.128.1', 'cidr': '192.168.128.0/28', 'allocation_pools': [{'start': '192.168.128.2', 'end': '192.168.128.14'}], 'host_routes': [], 'dns_nameservers': [], 'description': '', 'router:external': False, 'service_types': [], 'tags': [], 'created_at': '2025-12-12T13:55:00Z', 'updated_at': '2025-12-12T13:55:00Z', 'revision_number': 0, 'project_id': 'af09c3e10cf842cd883f26fb7a401464'}, Router: {'id': '7a6b624b-7df2-41be-a200-419af5e51511', 'name': 'tempest-AttachVolumeTestJSON-784831464-router', 'tenant_id': 'af09c3e10cf842cd883f26fb7a401464', 'admin_state_up': True, 'status': 'ACTIVE', 'external_gateway_info': {'network_id': '70bd9cef-8f0e-48ad-8dcd-851a53cd468c', 'external_fixed_ips': [{'subnet_id': '531b66c9-bd4c-4453-baf4-47f1e86773b6', 'ip_address': '10.180.180.203'}], 'enable_snat': True}, 'description': '', 'availability_zones': [], 'distributed': False, 'ha': False, 'availability_zone_hints': [], 'routes': [], 'flavor_id': None, 'tags': [], 'created_at': '2025-12-12T13:55:01Z', 'updated_at': '2025-12-12T13:55:01Z', 'revision_number': 2, 'project_id': 'af09c3e10cf842cd883f26fb7a401464'}
2025-12-12 13:55:02.844 65471 INFO tempest.lib.common.rest_client [req-7bede6fa-a86d-4859-b975-d0e4ef8fa327 req-7bede6fa-a86d-4859-b975-d0e4ef8fa327 ] Request (AttachInterfacesV270Test:test_create_get_list_interfaces): 200 GET http://10.180.1.21/compute/v2.1/servers/3a5ca31a-3f53-4874-ac7b-9f7b21c1110d 2.787s
2025-12-12 13:55:02.853 65471 INFO tempest.common.waiters [-] State transition "BUILD/None" ==> "BUILD/networking" after 48 second wait
2025-12-12 13:55:02.856 65439 INFO tempest.lib.common.rest_client [req-4a5a74ce-1609-4fa6-9cc5-d69af04ef375 req-4a5a74ce-1609-4fa6-9cc5-d69af04ef375 ] Request (ServersTestBootFromVolume:tearDownClass): 200 GET http://10.180.1.21/compute/v2.1/servers/8bfe561c-90df-4c6a-be26-42741418c611 2.781s
2025-12-12 13:55:02.904 65453 INFO tempest.lib.common.rest_client [req-640007c3-271a-4e1a-b239-a179c0200913 req-640007c3-271a-4e1a-b239-a179c0200913 ] Request (AttachVolumeTestJSON:setUpClass): 201 POST http://10.180.1.21/identity/v3/auth/tokens 0.106s
2025-12-12 13:55:02.920 65431 INFO tempest.lib.common.rest_client [req-82657afb-e049-40ca-a174-4d7c6e635e87 req-82657afb-e049-40ca-a174-4d7c6e635e87 ] Request (MigrationsAdminTest:test_resize_server_revert_deleted_flavor): 200 GET http://10.180.1.21/compute/v2.1/servers/e872475c-1648-4e2a-a852-925f42fd3330 2.806s
2025-12-12 13:55:02.937 65489 INFO tempest.lib.common.rest_client [req-f8b56d7a-cb2b-49c1-a89d-bcbf5d7c9f04 req-f8b56d7a-cb2b-49c1-a89d-bcbf5d7c9f04 ] Request (AttachInterfacesTestJSON:test_create_list_show_delete_interfaces_by_network_port): 200 GET http://10.180.1.21/compute/v2.1/servers/78aa87d2-732e-4abf-b0a5-d8b3ec1dd47d 2.791s
2025-12-12 13:55:02.997 65487 INFO tempest.lib.common.rest_client [req-d882e29e-b528-432a-9b12-70c26b6b741b req-d882e29e-b528-432a-9b12-70c26b6b741b ] Request (InstanceActionsNegativeTestJSON:tearDownClass): 200 GET http://10.180.1.21/compute/v2.1/servers/f2784ccd-1a03-4188-a996-ff7ac3c62db6 2.742s
2025-12-12 13:55:03.015 65445 INFO tempest.lib.common.rest_client [req-702bb7f5-2226-44f2-8d54-e5c653aaafb6 req-702bb7f5-2226-44f2-8d54-e5c653aaafb6 ] Request (ImagesOneServerTestJSON:tearDownClass): 200 GET http://10.180.1.21/compute/v2.1/servers/8009e8e2-7bfc-43d6-84c3-2e04ebaa2d07 2.749s
2025-12-12 13:55:03.061 65449 INFO tempest.lib.common.rest_client [req-f4e54e09-b439-492a-9cdd-c33fca95e2c8 req-f4e54e09-b439-492a-9cdd-c33fca95e2c8 ] Request (ServersAdminTestJSON:test_inject_network_info): 200 GET http://10.180.1.21/compute/v2.1/servers/e23700e5-18e9-4052-8535-903952a38042 2.742s
2025-12-12 13:55:03.069 65449 INFO tempest.common.waiters [-] State transition "BUILD/scheduling" ==> "BUILD/None" after 11 second wait
2025-12-12 13:55:03.087 65451 INFO tempest.lib.common.rest_client [req-8be829f4-b68f-434e-9f18-fa8e3cf840be req-8be829f4-b68f-434e-9f18-fa8e3cf840be ] Request (ServerMetadataNegativeTestJSON:tearDownClass): 200 GET http://10.180.1.21/compute/v2.1/servers/896c6995-fef5-44b9-bd1f-a339a4045054 2.480s
2025-12-12 13:55:03.117 65483 INFO tempest.lib.common.rest_client [req-be216d0f-d040-40e2-97cd-2596e28290fa req-be216d0f-d040-40e2-97cd-2596e28290fa ] Request (ServerDiskConfigTestJSON:test_resize_server_from_auto_to_manual): 200 GET http://10.180.1.21/compute/v2.1/servers/6417e29c-f36f-41ae-bc1c-2e465382f387 2.492s
2025-12-12 13:55:03.154 65456 INFO tempest.lib.common.rest_client [req-25fda2b8-f6fa-4902-b68d-e504becafe3f req-25fda2b8-f6fa-4902-b68d-e504becafe3f ] Request (ImagesTestJSON:test_create_image_from_stopped_server): 202 POST http://10.180.1.21/compute/v2.1/servers/a1f8a3c9-dcbf-4a61-bbe6-28cabb96cff3/action 2.405s
2025-12-12 13:55:03.173 65443 INFO tempest.lib.common.rest_client [req-b502d2ac-e0fe-459f-a571-d6f83d684555 req-b502d2ac-e0fe-459f-a571-d6f83d684555 ] Request (ServerAddressesNegativeTestJSON:setUpClass): 200 GET http://10.180.1.21/compute/v2.1/servers/85941790-0e66-4f63-a233-37beab42bacd 2.373s
2025-12-12 13:55:03.221 65441 INFO tempest.lib.common.rest_client [req-6fafcee7-3af8-44fe-b1d5-1dfa15012763 req-6fafcee7-3af8-44fe-b1d5-1dfa15012763 ] Request (ServerRescueTestJSONUnderV235:tearDownClass): 200 GET http://10.180.1.21/compute/v2.1/servers/0d44b38a-5908-4ad5-ad64-1ab33f4faa0a 2.141s
2025-12-12 13:55:03.324 65477 INFO tempest.lib.common.rest_client [req-620608ae-0bcc-4b5b-b633-ad1d817e5924 req-620608ae-0bcc-4b5b-b633-ad1d817e5924 ] Request (VolumesAdminNegativeTest:test_update_attached_volume_with_nonexistent_volume_in_uri): 200 GET http://10.180.1.21/compute/v2.1/servers/1deed9b3-1421-461e-80c9-d96acdf7f148 2.195s
2025-12-12 13:55:03.332 65477 INFO tempest.common.waiters [-] State transition "BUILD/spawning" ==> "ACTIVE/None" after 52 second wait
2025-12-12 13:55:03.458 65447 INFO tempest.lib.common.rest_client [req-f5914643-7e2f-4e3c-8dd4-7eae7467f57a req-f5914643-7e2f-4e3c-8dd4-7eae7467f57a ] Request (SecurityGroupRulesTestJSON:test_security_group_rules_create): 200 POST http://10.180.1.21/compute/v2.1/os-security-groups 2.308s
2025-12-12 13:55:03.490 65485 INFO tempest.lib.common.rest_client [req-b0f582e2-a0b1-47f7-a7a6-848f70e60b33 req-b0f582e2-a0b1-47f7-a7a6-848f70e60b33 ] Request (ServersTestJSON:setUpClass): 200 GET http://10.180.1.21/compute/v2.1/servers/169ff72e-571b-4aac-ac07-2faef6858a9c 2.336s
2025-12-12 13:55:03.497 65485 INFO tempest.common.waiters [-] State transition "BUILD/scheduling" ==> "BUILD/None" after 19 second wait
2025-12-12 13:55:03.550 65477 INFO tempest.lib.common.rest_client [req-662a5dbf-83ea-4850-b05a-fff732670cc9 req-662a5dbf-83ea-4850-b05a-fff732670cc9 ] Request (VolumesAdminNegativeTest:test_update_attached_volume_with_nonexistent_volume_in_uri): 202 POST http://10.180.1.21/volume/v3/volumes 0.217s
2025-12-12 13:55:03.572 65481 INFO tempest.lib.common.rest_client [req-fd42fdcd-604c-4ddd-8b26-7e5c8fd31623 req-fd42fdcd-604c-4ddd-8b26-7e5c8fd31623 ] Request (ServerRescueTestJSON:tearDownClass): 200 GET http://10.180.1.21/compute/v2.1/servers/67fb71b9-8b3d-42af-837a-159c22de081c 2.348s
2025-12-12 13:55:03.577 65465 INFO tempest.lib.common.rest_client [req-2eb692d3-9da5-45cb-84a6-d90621f65ee2 req-2eb692d3-9da5-45cb-84a6-d90621f65ee2 ] Request (ListServersNegativeTestJSON:setUpClass): 200 GET http://10.180.1.21/compute/v2.1/servers/fc4f7d23-f780-4795-8ac2-3d67057b1efe 2.339s
2025-12-12 13:55:03.602 65477 INFO tempest.lib.common.rest_client [req-aa8264f9-a6d3-4ad7-adf1-03f1b9dff5ac req-aa8264f9-a6d3-4ad7-adf1-03f1b9dff5ac ] Request (VolumesAdminNegativeTest:test_update_attached_volume_with_nonexistent_volume_in_uri): 200 GET http://10.180.1.21/volume/v3/volumes/47be1d77-364f-4167-81b3-7ba24c091bcf 0.044s
2025-12-12 13:55:03.665 65429 INFO tempest.lib.common.rest_client [req-051a0437-19d2-4173-8c5b-19961319077f req-051a0437-19d2-4173-8c5b-19961319077f ] Request (ListServerFiltersTestJSON:tearDownClass): 200 GET http://10.180.1.21/compute/v2.1/servers/e6ed5fa0-5006-499a-8aad-a4b582f0c868 1.893s
2025-12-12 13:55:03.673 65429 INFO tempest.common.waiters [-] State transition "ACTIVE/deleting" ==> "DELETED/None" after 5 second wait
2025-12-12 13:55:03.675 65463 INFO tempest.lib.common.rest_client [req-516336f7-6040-4f5d-a5ac-1a770aaf8337 req-516336f7-6040-4f5d-a5ac-1a770aaf8337 ] Request (ServerTagsTestJSON:tearDownClass): 200 GET http://10.180.1.21/compute/v2.1/servers/548bc7bb-3951-4430-8a63-cf8e5b960273 1.602s
2025-12-12 13:55:03.731 65433 INFO tempest.lib.common.rest_client [req-f99a9c0e-4f98-4399-9d8e-509ff2a0780a req-f99a9c0e-4f98-4399-9d8e-509ff2a0780a ] Request (ServersAdminNegativeTestJSON:test_migrate_server_invalid_state): 200 GET http://10.180.1.21/compute/v2.1/servers/6e74aea2-3523-4084-bfcd-13c08a012c8a 1.350s
2025-12-12 13:55:03.779 65457 INFO tempest.lib.common.rest_client [req-977fcf63-a5dd-4931-bbde-18e53e80cce2 req-977fcf63-a5dd-4931-bbde-18e53e80cce2 ] Request (ImagesOneServerNegativeTestJSON:tearDown): 200 GET http://10.180.1.21/compute/v2.1/servers/c95a76e9-1331-40fc-aa7a-12ad16757bbe 1.453s
2025-12-12 13:55:03.788 65459 INFO tempest.lib.common.rest_client [req-724576ed-7cb6-446c-a75b-896bb5786b0b req-724576ed-7cb6-446c-a75b-896bb5786b0b ] Request (ServerShowV247Test:test_update_rebuild_list_server): 200 GET http://10.180.1.21/compute/v2.1/servers/9f545673-f4fe-40bb-8a1c-6c22a95b9ad8 0.934s
2025-12-12 13:55:03.789 65457 INFO tempest.common.waiters [-] State transition "ACTIVE/image_uploading" ==> "ACTIVE/None" after 8 second wait
2025-12-12 13:55:03.859 65453 INFO tempest.lib.common.rest_client [req-2a486f32-f7e0-44c8-a67e-e0a856e9c51c req-2a486f32-f7e0-44c8-a67e-e0a856e9c51c ] Request (ValidationResourcesFixture:setUp): 200 POST http://10.180.1.21/compute/v2.1/os-keypairs 0.953s
2025-12-12 13:55:03.959 65456 INFO tempest.lib.common.rest_client [req-350e2bf3-9d5c-4c5e-9aca-58de782493b3 req-350e2bf3-9d5c-4c5e-9aca-58de782493b3 ] Request (ImagesTestJSON:test_create_image_from_stopped_server): 200 GET http://10.180.1.21/compute/v2.1/servers/a1f8a3c9-dcbf-4a61-bbe6-28cabb96cff3 0.801s
2025-12-12 13:55:03.969 65453 INFO tempest.lib.common.rest_client [req-7e015d0e-4819-4816-b63c-502718a20cb2 req-7e015d0e-4819-4816-b63c-502718a20cb2 ] Request (ValidationResourcesFixture:setUp): 201 POST http://10.180.1.21/networking/v2.0/security-groups 0.108s
2025-12-12 13:55:04.038 65447 INFO tempest.lib.common.rest_client [req-4f52a5b1-847a-4013-ae3c-94d87bfaf4bd req-4f52a5b1-847a-4013-ae3c-94d87bfaf4bd ] Request (SecurityGroupRulesTestJSON:test_security_group_rules_create): 200 POST http://10.180.1.21/compute/v2.1/os-security-group-rules 0.573s
2025-12-12 13:55:04.047 65457 INFO tempest.lib.common.rest_client [req-8a3961d9-605b-4283-ad08-45060e9a8c87 req-8a3961d9-605b-4283-ad08-45060e9a8c87 ] Request (ImagesOneServerNegativeTestJSON:_run_cleanups): 204 DELETE http://10.180.1.21/compute/v2.1/servers/c95a76e9-1331-40fc-aa7a-12ad16757bbe 0.257s
2025-12-12 13:55:04.076 65453 INFO tempest.lib.common.rest_client [req-ebfeeda6-35f2-4eff-a46d-b580a0b19b62 req-ebfeeda6-35f2-4eff-a46d-b580a0b19b62 ] Request (ValidationResourcesFixture:setUp): 201 POST http://10.180.1.21/networking/v2.0/security-group-rules 0.106s
2025-12-12 13:55:04.143 65439 INFO tempest.lib.common.rest_client [req-a24b482d-337b-46df-ad11-4459d61f4af0 req-a24b482d-337b-46df-ad11-4459d61f4af0 ] Request (ServersTestBootFromVolume:tearDownClass): 200 GET http://10.180.1.21/compute/v2.1/servers/8bfe561c-90df-4c6a-be26-42741418c611 0.279s
2025-12-12 13:55:04.175 65471 INFO tempest.lib.common.rest_client [req-10eaa048-1cb5-4481-a2f6-dbbfaebca04c req-10eaa048-1cb5-4481-a2f6-dbbfaebca04c ] Request (AttachInterfacesV270Test:test_create_get_list_interfaces): 200 GET http://10.180.1.21/compute/v2.1/servers/3a5ca31a-3f53-4874-ac7b-9f7b21c1110d 0.321s
2025-12-12 13:55:04.182 65475 WARNING tempest.lib.common.ssh [-] Failed to establish authenticated ssh connection to cirros@10.180.180.210 ([Errno None] Unable to connect to port 22 on 10.180.180.210). Number attempts: 7. Retry after 8 seconds.: paramiko.ssh_exception.NoValidConnectionsError: [Errno None] Unable to connect to port 22 on 10.180.180.210
2025-12-12 13:55:04.191 65471 INFO tempest.common.waiters [-] State transition "BUILD/networking" ==> "BUILD/spawning" after 50 second wait
2025-12-12 13:55:04.198 65453 INFO tempest.lib.common.rest_client [req-cc3cfe10-c1ef-4769-ae14-70839df56a79 req-cc3cfe10-c1ef-4769-ae14-70839df56a79 ] Request (ValidationResourcesFixture:setUp): 201 POST http://10.180.1.21/networking/v2.0/security-group-rules 0.122s
2025-12-12 13:55:04.205 65431 INFO tempest.lib.common.rest_client [req-d14cb711-24cc-41d4-bc18-201bc43477b4 req-d14cb711-24cc-41d4-bc18-201bc43477b4 ] Request (MigrationsAdminTest:test_resize_server_revert_deleted_flavor): 200 GET http://10.180.1.21/compute/v2.1/servers/e872475c-1648-4e2a-a852-925f42fd3330 0.274s
2025-12-12 13:55:04.244 65489 INFO tempest.lib.common.rest_client [req-8707365f-47dc-46f8-929f-edb1fe866798 req-8707365f-47dc-46f8-929f-edb1fe866798 ] Request (AttachInterfacesTestJSON:test_create_list_show_delete_interfaces_by_network_port): 200 GET http://10.180.1.21/compute/v2.1/servers/78aa87d2-732e-4abf-b0a5-d8b3ec1dd47d 0.298s
2025-12-12 13:55:04.280 65487 INFO tempest.lib.common.rest_client [req-374d3f4f-5c5a-4c93-ae0e-3ad8ad60be0e req-374d3f4f-5c5a-4c93-ae0e-3ad8ad60be0e ] Request (InstanceActionsNegativeTestJSON:tearDownClass): 200 GET http://10.180.1.21/compute/v2.1/servers/f2784ccd-1a03-4188-a996-ff7ac3c62db6 0.273s
2025-12-12 13:55:04.395 65447 INFO tempest.lib.common.rest_client [req-9fbc0364-bfc4-4cc8-9572-9a7c5b9a1d5a req-9fbc0364-bfc4-4cc8-9572-9a7c5b9a1d5a ] Request (SecurityGroupRulesTestJSON:test_security_group_rules_create_with_optional_cidr): 200 POST http://10.180.1.21/compute/v2.1/os-security-groups 0.351s
2025-12-12 13:55:04.413 65445 INFO tempest.lib.common.rest_client [req-e1697f0a-2a8d-44d4-851d-4539f101f2ef req-e1697f0a-2a8d-44d4-851d-4539f101f2ef ] Request (ImagesOneServerTestJSON:tearDownClass): 200 GET http://10.180.1.21/compute/v2.1/servers/8009e8e2-7bfc-43d6-84c3-2e04ebaa2d07 0.383s
2025-12-12 13:55:04.540 65449 INFO tempest.lib.common.rest_client [req-e9c22493-2161-43cb-afa7-2cc091a3d99d req-e9c22493-2161-43cb-afa7-2cc091a3d99d ] Request (ServersAdminTestJSON:test_inject_network_info): 200 GET http://10.180.1.21/compute/v2.1/servers/e23700e5-18e9-4052-8535-903952a38042 0.469s
2025-12-12 13:55:04.576 65457 INFO tempest.lib.common.rest_client [req-ea7b46bd-3a46-4fdf-a69f-2fd6e835d491 req-ea7b46bd-3a46-4fdf-a69f-2fd6e835d491 ] Request (ImagesOneServerNegativeTestJSON:_run_cleanups): 200 GET http://10.180.1.21/compute/v2.1/servers/c95a76e9-1331-40fc-aa7a-12ad16757bbe 0.527s
2025-12-12 13:55:04.641 65451 INFO tempest.lib.common.rest_client [req-7cf4237c-4445-4b2e-bd57-208ca01f7b8a req-7cf4237c-4445-4b2e-bd57-208ca01f7b8a ] Request (ServerMetadataNegativeTestJSON:tearDownClass): 200 GET http://10.180.1.21/compute/v2.1/servers/896c6995-fef5-44b9-bd1f-a339a4045054 0.545s
2025-12-12 13:55:04.648 65477 INFO tempest.lib.common.rest_client [req-bc837a7d-4e46-4ae3-90bb-9c2700b8fc0b req-bc837a7d-4e46-4ae3-90bb-9c2700b8fc0b ] Request (VolumesAdminNegativeTest:test_update_attached_volume_with_nonexistent_volume_in_uri): 200 GET http://10.180.1.21/volume/v3/volumes/47be1d77-364f-4167-81b3-7ba24c091bcf 0.032s
2025-12-12 13:55:04.657 65477 INFO tempest.common.waiters [-] volume 47be1d77-364f-4167-81b3-7ba24c091bcf reached available after waiting for 1.657077 seconds
2025-12-12 13:55:04.675 65483 INFO tempest.lib.common.rest_client [req-94b6c730-9d31-4c25-b72f-bad42d73316b req-94b6c730-9d31-4c25-b72f-bad42d73316b ] Request (ServerDiskConfigTestJSON:test_resize_server_from_auto_to_manual): 200 GET http://10.180.1.21/compute/v2.1/servers/6417e29c-f36f-41ae-bc1c-2e465382f387 0.546s
2025-12-12 13:55:04.713 65443 INFO tempest.lib.common.rest_client [req-d440868c-a7d4-44a6-ae2a-930d5c4c8ed2 req-d440868c-a7d4-44a6-ae2a-930d5c4c8ed2 ] Request (ServerAddressesNegativeTestJSON:setUpClass): 200 GET http://10.180.1.21/compute/v2.1/servers/85941790-0e66-4f63-a233-37beab42bacd 0.531s
2025-12-12 13:55:04.728 65453 INFO tempest.lib.common.rest_client [req-6affe52e-207f-428b-909b-b6ada1cd2b52 req-6affe52e-207f-428b-909b-b6ada1cd2b52 ] Request (ValidationResourcesFixture:setUp): 201 POST http://10.180.1.21/networking/v2.0/floatingips 0.529s
2025-12-12 13:55:04.772 65453 INFO tempest.lib.common.rest_client [req-eeed895e-e46a-436f-9ecf-c9d6da9a049f req-eeed895e-e46a-436f-9ecf-c9d6da9a049f ] Request (AttachVolumeTestJSON:test_attach_detach_volume): 201 POST http://10.180.1.21/identity/v3/auth/tokens 0.039s
2025-12-12 13:55:04.773 65453 INFO tempest.lib.common.fixed_network [-] (AttachVolumeTestJSON:test_attach_detach_volume) Found network {'id': 'fff78f60-2f50-4895-bd77-a66ac02f3bf5', 'name': 'tempest-AttachVolumeTestJSON-784831464-network', 'tenant_id': 'af09c3e10cf842cd883f26fb7a401464', 'project_id': 'af09c3e10cf842cd883f26fb7a401464', 'admin_state_up': True, 'mtu': 8950, 'status': 'ACTIVE', 'subnets': [], 'shared': False, 'port_security_enabled': True, 'router:external': False, 'provider:network_type': 'vlan', 'provider:physical_network': 'default', 'provider:segmentation_id': 952, 'availability_zone_hints': [], 'availability_zones': [], 'ipv4_address_scope': None, 'ipv6_address_scope': None, 'description': '', 'tags': [], 'created_at': '2025-12-12T13:55:00Z', 'updated_at': '2025-12-12T13:55:00Z', 'revision_number': 1} available for tenant
2025-12-12 13:55:04.778 65441 INFO tempest.lib.common.rest_client [req-805f2a9a-294a-4f29-96f9-9e269b5a0b52 req-805f2a9a-294a-4f29-96f9-9e269b5a0b52 ] Request (ServerRescueTestJSONUnderV235:tearDownClass): 200 GET http://10.180.1.21/compute/v2.1/servers/0d44b38a-5908-4ad5-ad64-1ab33f4faa0a 0.548s
2025-12-12 13:55:04.853 65485 INFO tempest.lib.common.rest_client [req-4e4c535b-3491-4e81-886a-eb42b5da07fc req-4e4c535b-3491-4e81-886a-eb42b5da07fc ] Request (ServersTestJSON:setUpClass): 200 GET http://10.180.1.21/compute/v2.1/servers/169ff72e-571b-4aac-ac07-2faef6858a9c 0.354s
2025-12-12 13:55:04.878 65447 INFO tempest.lib.common.rest_client [req-cc1b1ded-e769-4b7a-9250-a1b8e281a812 req-cc1b1ded-e769-4b7a-9250-a1b8e281a812 ] Request (SecurityGroupRulesTestJSON:test_security_group_rules_create_with_optional_cidr): 200 POST http://10.180.1.21/compute/v2.1/os-security-group-rules 0.479s
2025-12-12 13:55:04.933 65465 INFO tempest.lib.common.rest_client [req-d2b62e20-da10-4c96-a89d-45e3a25dc8a9 req-d2b62e20-da10-4c96-a89d-45e3a25dc8a9 ] Request (ListServersNegativeTestJSON:setUpClass): 200 GET http://10.180.1.21/compute/v2.1/servers/fc4f7d23-f780-4795-8ac2-3d67057b1efe 0.346s
2025-12-12 13:55:04.933 65481 INFO tempest.lib.common.rest_client [req-c32f7989-ce39-4e19-846c-d39cf8b45fe5 req-c32f7989-ce39-4e19-846c-d39cf8b45fe5 ] Request (ServerRescueTestJSON:tearDownClass): 200 GET http://10.180.1.21/compute/v2.1/servers/67fb71b9-8b3d-42af-837a-159c22de081c 0.346s
2025-12-12 13:55:05.003 65429 INFO tempest.lib.common.rest_client [req-8fe17361-62fc-4ff9-a373-8943e785315d req-8fe17361-62fc-4ff9-a373-8943e785315d ] Request (ListServerFiltersTestJSON:tearDownClass): 200 GET http://10.180.1.21/compute/v2.1/servers/e6ed5fa0-5006-499a-8aad-a4b582f0c868 0.325s
2025-12-12 13:55:05.027 65463 INFO tempest.lib.common.rest_client [req-c3aee964-4fbf-483d-ad2f-fcd992b46b45 req-c3aee964-4fbf-483d-ad2f-fcd992b46b45 ] Request (ServerTagsTestJSON:tearDownClass): 404 GET http://10.180.1.21/compute/v2.1/servers/548bc7bb-3951-4430-8a63-cf8e5b960273 0.336s
2025-12-12 13:55:05.080 65477 INFO tempest.lib.common.rest_client [req-ac49e36c-277e-47ae-a75d-0bb26fbaae8b req-ac49e36c-277e-47ae-a75d-0bb26fbaae8b ] Request (VolumesAdminNegativeTest:test_update_attached_volume_with_nonexistent_volume_in_uri): 404 PUT http://10.180.1.21/compute/v2.1/servers/1deed9b3-1421-461e-80c9-d96acdf7f148/os-volume_attachments/d0efa079-e52d-43f4-9dd5-bc2a5377a92c 0.423s
2025-12-12 13:55:05.111 65433 INFO tempest.lib.common.rest_client [req-82f1f4a9-71fb-41d7-878d-b9e0d7f06cde req-82f1f4a9-71fb-41d7-878d-b9e0d7f06cde ] Request (ServersAdminNegativeTestJSON:test_migrate_server_invalid_state): 200 GET http://10.180.1.21/compute/v2.1/servers/6e74aea2-3523-4084-bfcd-13c08a012c8a 0.371s
2025-12-12 13:55:05.142 65477 INFO tempest.lib.common.rest_client [req-6b95776e-3486-43a8-886f-5c490ac702fe req-6b95776e-3486-43a8-886f-5c490ac702fe ] Request (VolumesAdminNegativeTest:tearDownClass): 202 DELETE http://10.180.1.21/volume/v3/volumes/47be1d77-364f-4167-81b3-7ba24c091bcf 0.054s
2025-12-12 13:55:05.183 65459 INFO tempest.lib.common.rest_client [req-1fb239c3-d8cc-405c-bf36-b6b8bb936dbc req-1fb239c3-d8cc-405c-bf36-b6b8bb936dbc ] Request (ServerShowV247Test:test_update_rebuild_list_server): 200 GET http://10.180.1.21/compute/v2.1/servers/9f545673-f4fe-40bb-8a1c-6c22a95b9ad8 0.379s
2025-12-12 13:55:05.183 65477 INFO tempest.lib.common.rest_client [req-a42c6ff3-3d0c-4dcb-96d2-30c6e3bf1202 req-a42c6ff3-3d0c-4dcb-96d2-30c6e3bf1202 ] Request (VolumesAdminNegativeTest:tearDownClass): 200 GET http://10.180.1.21/volume/v3/volumes/47be1d77-364f-4167-81b3-7ba24c091bcf 0.041s
2025-12-12 13:55:05.348 65447 INFO tempest.lib.common.rest_client [req-7e96966a-5dec-403a-a5c1-1565892646cb req-7e96966a-5dec-403a-a5c1-1565892646cb ] Request (SecurityGroupRulesTestJSON:test_security_group_rules_create_with_optional_group_id): 200 POST http://10.180.1.21/compute/v2.1/os-security-groups 0.466s
2025-12-12 13:55:05.552 65456 INFO tempest.lib.common.rest_client [req-f61ae99c-f565-44ef-890f-bc9170edf959 req-f61ae99c-f565-44ef-890f-bc9170edf959 ] Request (ImagesTestJSON:test_create_image_from_stopped_server): 200 GET http://10.180.1.21/compute/v2.1/servers/a1f8a3c9-dcbf-4a61-bbe6-28cabb96cff3 0.583s
2025-12-12 13:55:05.563 65456 INFO tempest.common.waiters [-] State transition "ACTIVE/powering-off" ==> "SHUTOFF/None" after 2 second wait
2025-12-12 13:55:05.641 65439 INFO tempest.lib.common.rest_client [req-a65819f3-bad2-440e-a57e-f6b363240ea8 req-a65819f3-bad2-440e-a57e-f6b363240ea8 ] Request (ServersTestBootFromVolume:tearDownClass): 200 GET http://10.180.1.21/compute/v2.1/servers/8bfe561c-90df-4c6a-be26-42741418c611 0.487s
2025-12-12 13:55:05.800 65471 INFO tempest.lib.common.rest_client [req-63bd6ff8-e49e-42f9-b6d8-1d887449a2a1 req-63bd6ff8-e49e-42f9-b6d8-1d887449a2a1 ] Request (AttachInterfacesV270Test:test_create_get_list_interfaces): 200 GET http://10.180.1.21/compute/v2.1/servers/3a5ca31a-3f53-4874-ac7b-9f7b21c1110d 0.608s
2025-12-12 13:55:05.865 65453 INFO tempest.lib.common.rest_client [req-513d70e5-eb0f-49f9-a768-5f88e787a5ce req-513d70e5-eb0f-49f9-a768-5f88e787a5ce ] Request (AttachVolumeTestJSON:test_attach_detach_volume): 202 POST http://10.180.1.21/compute/v2.1/servers 1.090s
2025-12-12 13:55:05.868 65431 INFO tempest.lib.common.rest_client [req-beb91bc0-7f38-46e8-87c0-c6ea191a7c95 req-beb91bc0-7f38-46e8-87c0-c6ea191a7c95 ] Request (MigrationsAdminTest:test_resize_server_revert_deleted_flavor): 200 GET http://10.180.1.21/compute/v2.1/servers/e872475c-1648-4e2a-a852-925f42fd3330 0.655s
2025-12-12 13:55:05.940 65489 INFO tempest.lib.common.rest_client [req-fe641f18-9804-41de-b59c-59f4e71bd3af req-fe641f18-9804-41de-b59c-59f4e71bd3af ] Request (AttachInterfacesTestJSON:test_create_list_show_delete_interfaces_by_network_port): 200 GET http://10.180.1.21/compute/v2.1/servers/78aa87d2-732e-4abf-b0a5-d8b3ec1dd47d 0.680s
2025-12-12 13:55:05.955 65487 INFO tempest.lib.common.rest_client [req-68a97f55-e471-46c5-8d76-2f7fd33b3d2c req-68a97f55-e471-46c5-8d76-2f7fd33b3d2c ] Request (InstanceActionsNegativeTestJSON:tearDownClass): 200 GET http://10.180.1.21/compute/v2.1/servers/f2784ccd-1a03-4188-a996-ff7ac3c62db6 0.666s
2025-12-12 13:55:05.971 65463 INFO tempest.lib.common.rest_client [req-9d6d856d-6deb-401a-975f-0b78c1714163 req-9d6d856d-6deb-401a-975f-0b78c1714163 ] Request (ServerTagsTestJSON:tearDownClass): 200 PUT http://10.180.1.21/networking/v2.0/routers/6fea1d4e-71cf-40d9-a3c8-8a1b6f11fd15/remove_router_interface 0.943s
2025-12-12 13:55:06.096 65447 INFO tempest.lib.common.rest_client [req-85fcb14d-7c99-4e32-bbe4-7d3bad7c9c6e req-85fcb14d-7c99-4e32-bbe4-7d3bad7c9c6e ] Request (SecurityGroupRulesTestJSON:test_security_group_rules_create_with_optional_group_id): 200 POST http://10.180.1.21/compute/v2.1/os-security-groups 0.743s
2025-12-12 13:55:06.124 65445 INFO tempest.lib.common.rest_client [req-7bb08f3f-524a-4e54-a129-ecaaab064b0e req-7bb08f3f-524a-4e54-a129-ecaaab064b0e ] Request (ImagesOneServerTestJSON:tearDownClass): 200 GET http://10.180.1.21/compute/v2.1/servers/8009e8e2-7bfc-43d6-84c3-2e04ebaa2d07 0.702s
