2025-11-21 13:18:12.361 66162 INFO tempest.lib.common.rest_client [req-07dafd1f-9e0b-4185-b31f-1ec73a1f153f req-07dafd1f-9e0b-4185-b31f-1ec73a1f153f ] Request (ListImageFiltersTestJSON:tearDownClass): 200 GET http://10.180.1.21/compute/v2.1/servers/a662eac8-07e2-47f1-a4dd-9abbe824817d 0.059s
2025-11-21 13:18:12.368 66162 INFO tempest.common.waiters [-] State transition "ACTIVE/deleting" ==> "DELETED/None" after 4 second wait
2025-11-21 13:18:12.418 66119 INFO tempest.lib.common.rest_client [req-6ccd144c-9e04-4709-8fdc-e33fc9acf42d req-6ccd144c-9e04-4709-8fdc-e33fc9acf42d ] Request (ServersWithSpecificFlavorTestJSON:test_verify_created_server_ephemeral_disk): 200 GET http://10.180.1.21/compute/v2.1/servers/e93528eb-33d0-46d1-94e8-d1d66f2c682f 0.063s
2025-11-21 13:18:12.429 66151 INFO tempest.lib.common.rest_client [req-3b5714b1-ac2c-49da-8572-544123e3c29e req-3b5714b1-ac2c-49da-8572-544123e3c29e ] Request (ServerRescueNegativeTestJSON:test_rescued_vm_detach_volume): 200 GET http://10.180.1.21/compute/v2.1/servers/4e4dd117-b4ea-43bb-a14f-55a5ab0e2d49 0.099s
2025-11-21 13:18:12.465 66115 INFO tempest.lib.common.rest_client [req-5cd95851-67a2-4534-90bc-404371dc0120 req-5cd95851-67a2-4534-90bc-404371dc0120 ] Request (AttachInterfacesTestJSON:test_create_list_show_delete_interfaces_by_fixed_ip): 200 GET http://10.180.1.21/compute/v2.1/servers/ba3153f2-8e6f-469c-8730-957c5eebe97b 0.074s
2025-11-21 13:18:12.482 66163 INFO tempest.lib.common.rest_client [req-5a4b4c10-6e5f-48d9-9b2a-c522892bbc4b req-5a4b4c10-6e5f-48d9-9b2a-c522892bbc4b ] Request (FloatingIPsAssociationTestJSON:tearDownClass): 200 GET http://10.180.1.21/compute/v2.1/servers/596a5005-3607-44a2-9c0e-f1a56865011c 0.066s
2025-11-21 13:18:12.520 66165 INFO tempest.lib.common.rest_client [req-ddd5e083-d65b-40db-8251-e8dab750ecb7 req-ddd5e083-d65b-40db-8251-e8dab750ecb7 ] Request (SecurityGroupsTestJSON:test_server_security_groups): 200 GET http://10.180.1.21/compute/v2.1/servers/875cbc88-f817-4ea8-a969-b97e875918d1 0.055s
2025-11-21 13:18:12.540 66153 INFO tempest.lib.common.rest_client [req-0da734b1-057d-4790-97f0-bf701983cdbe req-0da734b1-057d-4790-97f0-bf701983cdbe ] Request (ServersAdminTestJSON:tearDownClass): 200 GET http://10.180.1.21/compute/v2.1/servers/9e007d55-0a5c-4469-a546-9b18e188bea0 0.059s
2025-11-21 13:18:12.602 66171 INFO tempest.lib.common.rest_client [req-41e27419-7593-4020-b736-862a536f55f3 req-41e27419-7593-4020-b736-862a536f55f3 ] Request (ServersNegativeTestMultiTenantJSON:setUpClass): 200 GET http://10.180.1.21/compute/v2.1/servers/79c63944-c4c8-4c7c-bc42-3f958d737e66 0.049s
2025-11-21 13:18:12.603 66145 INFO tempest.lib.common.rest_client [req-6aff5fcb-49b7-41ab-9c69-dee8fc7f8064 req-6aff5fcb-49b7-41ab-9c69-dee8fc7f8064 ] Request (AttachInterfacesV270Test:test_create_get_list_interfaces): 200 GET http://10.180.1.21/compute/v2.1/servers/85082b72-89dd-47b7-b8ad-f2ad5ad0638d 0.056s
2025-11-21 13:18:12.698 66127 INFO tempest.lib.common.rest_client [req-c1f58319-840b-4800-af1c-248d7982fea1 req-c1f58319-840b-4800-af1c-248d7982fea1 ] Request (ImagesTestJSON:test_create_image_from_suspended_server): 200 GET http://10.180.1.21/compute/v2.1/servers/96103549-80a5-462d-9f73-f5f6363ab9fc 0.053s
2025-11-21 13:18:12.779 66117 INFO tempest.lib.common.rest_client [req-83a323e3-7531-46e2-bef5-f5d90ae57ca1 req-83a323e3-7531-46e2-bef5-f5d90ae57ca1 ] Request (FloatingIPsAssociationNegativeTestJSON:tearDownClass): 200 GET http://10.180.1.21/compute/v2.1/servers/56ff4122-a999-4caf-b805-0754a66d6bc7 0.065s
2025-11-21 13:18:12.812 66143 INFO tempest.lib.common.rest_client [req-b569ce1d-b02f-4bf7-84ce-4fad1a86fe06 req-b569ce1d-b02f-4bf7-84ce-4fad1a86fe06 ] Request (ServerDiskConfigTestJSON:test_resize_server_from_auto_to_manual): 200 GET http://10.180.1.21/compute/v2.1/servers/a9ec9a64-94c7-41a5-a7a4-5e034ddfc592 0.143s
2025-11-21 13:18:12.827 66133 INFO tempest.lib.common.rest_client [req-fb4cc570-2e9f-4538-99dd-056b3227a6bb req-fb4cc570-2e9f-4538-99dd-056b3227a6bb ] Request (ImagesOneServerNegativeTestJSON:_run_cleanups): 200 GET http://10.180.1.21/compute/v2.1/servers/a5b9e6c2-1bba-458e-88a5-9ca972fa4b0a 0.092s
2025-11-21 13:18:12.865 66169 INFO tempest.lib.common.rest_client [req-0d35fe5a-bdc9-4613-bfa5-053bb78a8655 req-0d35fe5a-bdc9-4613-bfa5-053bb78a8655 ] Request (AttachVolumeTestJSON:test_attach_detach_volume): 200 GET http://10.180.1.21/compute/v2.1/servers/7f5911fb-785e-444c-9408-c6884e06c5d3 0.093s
2025-11-21 13:18:12.881 66175 INFO tempest.lib.common.rest_client [req-d6964d32-9b68-48b4-ba57-d9b511aa340f req-d6964d32-9b68-48b4-ba57-d9b511aa340f ] Request (ServerActionsTestOtherA:test_rebuild_server_with_volume_attached): 200 GET http://10.180.1.21/compute/v2.1/servers/df46c28d-7cbd-490e-8db2-9730e4d9f953 0.098s
2025-11-21 13:18:12.917 66135 INFO tempest.lib.common.rest_client [req-315f1d7a-754a-4c20-9849-ccc9bbdd231e req-315f1d7a-754a-4c20-9849-ccc9bbdd231e ] Request (ListServerFiltersTestJSON:setUpClass): 200 GET http://10.180.1.21/compute/v2.1/servers/31816c0c-d7d2-48db-9a87-a1e03c938a60 0.071s
2025-11-21 13:18:12.992 66149 INFO tempest.lib.common.rest_client [req-504e2b40-dbea-466c-83df-bb0c4c067dff req-504e2b40-dbea-466c-83df-bb0c4c067dff ] Request (ServersTestMultiNic:_run_cleanups): 200 GET http://10.180.1.21/compute/v2.1/servers/81f961c3-ec8f-4281-be18-5d605fa73ecc 0.060s
2025-11-21 13:18:13.016 66139 INFO tempest.lib.common.rest_client [req-95786326-f4d0-420c-a1e4-262ced1b96ed req-95786326-f4d0-420c-a1e4-262ced1b96ed ] Request (MigrationsAdminTest:test_resize_server_revert_deleted_flavor): 200 GET http://10.180.1.21/compute/v2.1/servers/105c53ce-e657-4a29-bc7f-96b4f885707a 0.146s
2025-11-21 13:18:13.062 66113 INFO tempest.lib.common.rest_client [req-1e3e2940-b3e7-4946-b0ff-0152d2998af6 req-1e3e2940-b3e7-4946-b0ff-0152d2998af6 ] Request (ServerShowV247Test:test_update_rebuild_list_server): 200 GET http://10.180.1.21/compute/v2.1/servers/548edde0-9e42-4cd3-bdd3-3615ab9b7fc5 0.061s
2025-11-21 13:18:13.139 66125 INFO tempest.lib.common.rest_client [req-eea18b50-e468-4d5d-9557-ff8cceec5a2d req-eea18b50-e468-4d5d-9557-ff8cceec5a2d ] Request (ServersTestBootFromVolume:setUpClass): 200 GET http://10.180.1.21/compute/v2.1/servers/d42d0818-1486-4696-9871-2cf989aeb885 0.064s
2025-11-21 13:18:13.164 66121 INFO tempest.lib.common.rest_client [req-af6320f7-1f0b-441a-9883-6611c570e43b req-af6320f7-1f0b-441a-9883-6611c570e43b ] Request (MultipleCreateTestJSON:test_multiple_create_with_reservation_return): 200 GET http://10.180.1.21/compute/v2.1/servers/b7323030-4573-4af5-a19a-212a140d642a 0.101s
2025-11-21 13:18:13.377 66173 INFO tempest.lib.common.rest_client [req-bbca9f0d-67cb-44e0-91e3-290a82a66179 req-bbca9f0d-67cb-44e0-91e3-290a82a66179 ] Request (ServerShowV254Test:tearDownClass): 200 GET http://10.180.1.21/compute/v2.1/servers/5e54e7f4-3df1-4283-bee1-a7e475051a24 0.059s
2025-11-21 13:18:13.428 66162 INFO tempest.lib.common.rest_client [req-e7a27926-8efe-4573-9d8c-9dbce954a130 req-e7a27926-8efe-4573-9d8c-9dbce954a130 ] Request (ListImageFiltersTestJSON:tearDownClass): 200 GET http://10.180.1.21/compute/v2.1/servers/a662eac8-07e2-47f1-a4dd-9abbe824817d 0.058s
2025-11-21 13:18:13.483 66119 INFO tempest.lib.common.rest_client [req-0efe67e2-77db-4b45-b5e0-71883b03b242 req-0efe67e2-77db-4b45-b5e0-71883b03b242 ] Request (ServersWithSpecificFlavorTestJSON:test_verify_created_server_ephemeral_disk): 200 GET http://10.180.1.21/compute/v2.1/servers/e93528eb-33d0-46d1-94e8-d1d66f2c682f 0.056s
2025-11-21 13:18:13.537 66115 INFO tempest.lib.common.rest_client [req-2af84d2d-0673-40ef-8f3c-b63fdb9d97b4 req-2af84d2d-0673-40ef-8f3c-b63fdb9d97b4 ] Request (AttachInterfacesTestJSON:test_create_list_show_delete_interfaces_by_fixed_ip): 200 GET http://10.180.1.21/compute/v2.1/servers/ba3153f2-8e6f-469c-8730-957c5eebe97b 0.064s
2025-11-21 13:18:13.549 66151 INFO tempest.lib.common.rest_client [req-813fdb6e-547b-45c0-9ffb-bdf346bc88e0 req-813fdb6e-547b-45c0-9ffb-bdf346bc88e0 ] Request (ServerRescueNegativeTestJSON:test_rescued_vm_detach_volume): 200 GET http://10.180.1.21/compute/v2.1/servers/4e4dd117-b4ea-43bb-a14f-55a5ab0e2d49 0.112s
2025-11-21 13:18:13.597 66163 INFO tempest.lib.common.rest_client [req-90421c55-786f-4eaa-bdc2-094e8648115b req-90421c55-786f-4eaa-bdc2-094e8648115b ] Request (FloatingIPsAssociationTestJSON:tearDownClass): 200 GET http://10.180.1.21/compute/v2.1/servers/596a5005-3607-44a2-9c0e-f1a56865011c 0.107s
2025-11-21 13:18:13.600 66165 INFO tempest.lib.common.rest_client [req-72432507-25d3-4dd6-a316-238e586ad934 req-72432507-25d3-4dd6-a316-238e586ad934 ] Request (SecurityGroupsTestJSON:test_server_security_groups): 200 GET http://10.180.1.21/compute/v2.1/servers/875cbc88-f817-4ea8-a969-b97e875918d1 0.072s
2025-11-21 13:18:13.650 66153 INFO tempest.lib.common.rest_client [req-ba2e2f31-2bf2-41c7-99d0-55a08f05211d req-ba2e2f31-2bf2-41c7-99d0-55a08f05211d ] Request (ServersAdminTestJSON:tearDownClass): 200 GET http://10.180.1.21/compute/v2.1/servers/9e007d55-0a5c-4469-a546-9b18e188bea0 0.103s
2025-11-21 13:18:13.658 66171 INFO tempest.lib.common.rest_client [req-9ca335a5-fbb2-4a65-a926-575399b3b81d req-9ca335a5-fbb2-4a65-a926-575399b3b81d ] Request (ServersNegativeTestMultiTenantJSON:setUpClass): 200 GET http://10.180.1.21/compute/v2.1/servers/79c63944-c4c8-4c7c-bc42-3f958d737e66 0.049s
2025-11-21 13:18:13.705 66145 INFO tempest.lib.common.rest_client [req-a679d31f-db5b-4c8a-96ec-37a499e2afb3 req-a679d31f-db5b-4c8a-96ec-37a499e2afb3 ] Request (AttachInterfacesV270Test:test_create_get_list_interfaces): 200 GET http://10.180.1.21/compute/v2.1/servers/85082b72-89dd-47b7-b8ad-f2ad5ad0638d 0.090s
2025-11-21 13:18:13.768 66127 INFO tempest.lib.common.rest_client [req-49057ff3-96b1-44f1-a20b-36f18f90ef9d req-49057ff3-96b1-44f1-a20b-36f18f90ef9d ] Request (ImagesTestJSON:test_create_image_from_suspended_server): 200 GET http://10.180.1.21/compute/v2.1/servers/96103549-80a5-462d-9f73-f5f6363ab9fc 0.060s
2025-11-21 13:18:13.849 66117 INFO tempest.lib.common.rest_client [req-eabfa98f-c0b2-4628-9448-5cda254d40d3 req-eabfa98f-c0b2-4628-9448-5cda254d40d3 ] Request (FloatingIPsAssociationNegativeTestJSON:tearDownClass): 200 GET http://10.180.1.21/compute/v2.1/servers/56ff4122-a999-4caf-b805-0754a66d6bc7 0.062s
2025-11-21 13:18:13.902 66133 INFO tempest.lib.common.rest_client [req-3fc59868-e463-4ee5-979f-6dea0b81c7e5 req-3fc59868-e463-4ee5-979f-6dea0b81c7e5 ] Request (ImagesOneServerNegativeTestJSON:_run_cleanups): 200 GET http://10.180.1.21/compute/v2.1/servers/a5b9e6c2-1bba-458e-88a5-9ca972fa4b0a 0.066s
2025-11-21 13:18:13.934 66143 INFO tempest.lib.common.rest_client [req-13a992a6-ea79-480b-b7b0-9ef9dd5d5d12 req-13a992a6-ea79-480b-b7b0-9ef9dd5d5d12 ] Request (ServerDiskConfigTestJSON:test_resize_server_from_auto_to_manual): 200 GET http://10.180.1.21/compute/v2.1/servers/a9ec9a64-94c7-41a5-a7a4-5e034ddfc592 0.113s
2025-11-21 13:18:13.958 66169 INFO tempest.lib.common.rest_client [req-d8698564-1e28-496c-9b94-5ae5628433ab req-d8698564-1e28-496c-9b94-5ae5628433ab ] Request (AttachVolumeTestJSON:test_attach_detach_volume): 200 GET http://10.180.1.21/compute/v2.1/servers/7f5911fb-785e-444c-9408-c6884e06c5d3 0.086s
2025-11-21 13:18:14.019 66175 INFO tempest.lib.common.rest_client [req-c26b2aaa-09dc-43a3-af52-8f8c72d86e7d req-c26b2aaa-09dc-43a3-af52-8f8c72d86e7d ] Request (ServerActionsTestOtherA:test_rebuild_server_with_volume_attached): 200 GET http://10.180.1.21/compute/v2.1/servers/df46c28d-7cbd-490e-8db2-9730e4d9f953 0.130s
2025-11-21 13:18:14.024 66135 INFO tempest.lib.common.rest_client [req-057698d2-2d01-4543-b3c6-2e1da4a48504 req-057698d2-2d01-4543-b3c6-2e1da4a48504 ] Request (ListServerFiltersTestJSON:setUpClass): 200 GET http://10.180.1.21/compute/v2.1/servers/31816c0c-d7d2-48db-9a87-a1e03c938a60 0.100s
2025-11-21 13:18:14.076 66149 INFO tempest.lib.common.rest_client [req-b3b61d1d-0dae-4b55-942b-5f7dbc477b6c req-b3b61d1d-0dae-4b55-942b-5f7dbc477b6c ] Request (ServersTestMultiNic:_run_cleanups): 200 GET http://10.180.1.21/compute/v2.1/servers/81f961c3-ec8f-4281-be18-5d605fa73ecc 0.076s
2025-11-21 13:18:14.122 66139 INFO tempest.lib.common.rest_client [req-f41a7220-780d-4ca7-9ec7-49689fc0ac61 req-f41a7220-780d-4ca7-9ec7-49689fc0ac61 ] Request (MigrationsAdminTest:test_resize_server_revert_deleted_flavor): 200 GET http://10.180.1.21/compute/v2.1/servers/105c53ce-e657-4a29-bc7f-96b4f885707a 0.097s
2025-11-21 13:18:14.131 66113 INFO tempest.lib.common.rest_client [req-2fd8af1d-7280-415c-a549-15407171cbf6 req-2fd8af1d-7280-415c-a549-15407171cbf6 ] Request (ServerShowV247Test:test_update_rebuild_list_server): 200 GET http://10.180.1.21/compute/v2.1/servers/548edde0-9e42-4cd3-bdd3-3615ab9b7fc5 0.057s
2025-11-21 13:18:14.139 66113 INFO tempest.common.waiters [-] State transition "REBUILD/rebuild_spawning" ==> "ACTIVE/None" after 12 second wait
2025-11-21 13:18:14.201 66125 INFO tempest.lib.common.rest_client [req-4cedada5-120d-4369-b15a-edbf9385bf14 req-4cedada5-120d-4369-b15a-edbf9385bf14 ] Request (ServersTestBootFromVolume:setUpClass): 200 GET http://10.180.1.21/compute/v2.1/servers/d42d0818-1486-4696-9871-2cf989aeb885 0.055s
2025-11-21 13:18:14.294 66113 INFO tempest.lib.common.rest_client [req-9c630144-1678-496d-b775-13575bc25887 req-9c630144-1678-496d-b775-13575bc25887 ] Request (ServerShowV247Test:test_update_rebuild_list_server): 200 GET http://10.180.1.21/compute/v2.1/servers/detail 0.154s
2025-11-21 13:18:14.348 66121 INFO tempest.lib.common.rest_client [req-e0471e6b-c128-4b2f-89e8-d1bb75539b4d req-e0471e6b-c128-4b2f-89e8-d1bb75539b4d ] Request (MultipleCreateTestJSON:test_multiple_create_with_reservation_return): 200 GET http://10.180.1.21/compute/v2.1/servers/b7323030-4573-4af5-a19a-212a140d642a 0.176s
2025-11-21 13:18:14.354 66121 INFO tempest.common.waiters [-] State transition "BUILD/spawning" ==> "ACTIVE/None" after 75 second wait
2025-11-21 13:18:14.390 66113 INFO tempest.lib.common.rest_client [req-c10f39c1-71a9-494b-9810-a2ed9e3a3549 req-c10f39c1-71a9-494b-9810-a2ed9e3a3549 ] Request (ServerShowV247Test:tearDownClass): 204 DELETE http://10.180.1.21/compute/v2.1/servers/548edde0-9e42-4cd3-bdd3-3615ab9b7fc5 0.084s
2025-11-21 13:18:14.444 66173 INFO tempest.lib.common.rest_client [req-651e42ef-39d3-41a2-bc51-530694f607bc req-651e42ef-39d3-41a2-bc51-530694f607bc ] Request (ServerShowV254Test:tearDownClass): 200 GET http://10.180.1.21/compute/v2.1/servers/5e54e7f4-3df1-4283-bee1-a7e475051a24 0.055s
2025-11-21 13:18:14.448 66121 INFO tempest.lib.common.rest_client [req-1745dbd0-a1ad-41a0-8348-5a4c7d9bf977 req-1745dbd0-a1ad-41a0-8348-5a4c7d9bf977 ] Request (MultipleCreateTestJSON:test_multiple_create_with_reservation_return): 200 GET http://10.180.1.21/compute/v2.1/servers/c1b9d81e-d747-4665-a083-26d8383f7645 0.093s
2025-11-21 13:18:14.495 66113 INFO tempest.lib.common.rest_client [req-f1c86047-5b4e-45b2-ab6e-0e0354d11442 req-f1c86047-5b4e-45b2-ab6e-0e0354d11442 ] Request (ServerShowV247Test:tearDownClass): 200 GET http://10.180.1.21/compute/v2.1/servers/548edde0-9e42-4cd3-bdd3-3615ab9b7fc5 0.104s
2025-11-21 13:18:14.507 66162 INFO tempest.lib.common.rest_client [req-78f6e663-63bd-43f7-a8c7-95d899f9e633 req-78f6e663-63bd-43f7-a8c7-95d899f9e633 ] Request (ListImageFiltersTestJSON:tearDownClass): 200 GET http://10.180.1.21/compute/v2.1/servers/a662eac8-07e2-47f1-a4dd-9abbe824817d 0.071s
2025-11-21 13:18:14.557 66119 INFO tempest.lib.common.rest_client [req-6c06bf96-625d-4941-9c2b-f775ef53b02a req-6c06bf96-625d-4941-9c2b-f775ef53b02a ] Request (ServersWithSpecificFlavorTestJSON:test_verify_created_server_ephemeral_disk): 200 GET http://10.180.1.21/compute/v2.1/servers/e93528eb-33d0-46d1-94e8-d1d66f2c682f 0.066s
2025-11-21 13:18:14.568 66121 INFO tempest.lib.common.rest_client [req-b9c9975d-4790-46c4-ae68-118fef690d14 req-b9c9975d-4790-46c4-ae68-118fef690d14 ] Request (MultipleCreateTestJSON:tearDownClass): 204 DELETE http://10.180.1.21/compute/v2.1/servers/c1b9d81e-d747-4665-a083-26d8383f7645 0.107s
2025-11-21 13:18:14.603 66115 INFO tempest.lib.common.rest_client [req-5531acd8-25e1-41aa-b84f-6586cc192fd4 req-5531acd8-25e1-41aa-b84f-6586cc192fd4 ] Request (AttachInterfacesTestJSON:test_create_list_show_delete_interfaces_by_fixed_ip): 200 GET http://10.180.1.21/compute/v2.1/servers/ba3153f2-8e6f-469c-8730-957c5eebe97b 0.058s
2025-11-21 13:18:14.658 66151 INFO tempest.lib.common.rest_client [req-2079dec7-baf0-4e1e-a3a1-386cde45ee37 req-2079dec7-baf0-4e1e-a3a1-386cde45ee37 ] Request (ServerRescueNegativeTestJSON:test_rescued_vm_detach_volume): 200 GET http://10.180.1.21/compute/v2.1/servers/4e4dd117-b4ea-43bb-a14f-55a5ab0e2d49 0.101s
2025-11-21 13:18:14.681 66121 INFO tempest.lib.common.rest_client [req-766446e9-d471-4129-82e8-3e868140030c req-766446e9-d471-4129-82e8-3e868140030c ] Request (MultipleCreateTestJSON:tearDownClass): 204 DELETE http://10.180.1.21/compute/v2.1/servers/b7323030-4573-4af5-a19a-212a140d642a 0.113s
2025-11-21 13:18:14.723 66163 INFO tempest.lib.common.rest_client [req-4c8344bf-7ddd-45c0-9124-3039b851dda3 req-4c8344bf-7ddd-45c0-9124-3039b851dda3 ] Request (FloatingIPsAssociationTestJSON:tearDownClass): 200 GET http://10.180.1.21/compute/v2.1/servers/596a5005-3607-44a2-9c0e-f1a56865011c 0.117s
2025-11-21 13:18:14.736 66165 INFO tempest.lib.common.rest_client [req-27248bec-727e-4803-ad1f-be89246db446 req-27248bec-727e-4803-ad1f-be89246db446 ] Request (SecurityGroupsTestJSON:test_server_security_groups): 200 GET http://10.180.1.21/compute/v2.1/servers/875cbc88-f817-4ea8-a969-b97e875918d1 0.128s
2025-11-21 13:18:14.785 66153 INFO tempest.lib.common.rest_client [req-0b2d0562-1d54-41c3-ad03-d9f5a160d6b1 req-0b2d0562-1d54-41c3-ad03-d9f5a160d6b1 ] Request (ServersAdminTestJSON:tearDownClass): 200 GET http://10.180.1.21/compute/v2.1/servers/9e007d55-0a5c-4469-a546-9b18e188bea0 0.126s
2025-11-21 13:18:14.788 66171 INFO tempest.lib.common.rest_client [req-8c361d31-45c2-4384-a337-7ca2db2fcf4c req-8c361d31-45c2-4384-a337-7ca2db2fcf4c ] Request (ServersNegativeTestMultiTenantJSON:setUpClass): 200 GET http://10.180.1.21/compute/v2.1/servers/79c63944-c4c8-4c7c-bc42-3f958d737e66 0.121s
2025-11-21 13:18:14.839 66145 INFO tempest.lib.common.rest_client [req-44f26b0b-e1e7-4d50-b082-8fa2ea3c28a6 req-44f26b0b-e1e7-4d50-b082-8fa2ea3c28a6 ] Request (AttachInterfacesV270Test:test_create_get_list_interfaces): 200 GET http://10.180.1.21/compute/v2.1/servers/85082b72-89dd-47b7-b8ad-f2ad5ad0638d 0.124s
2025-11-21 13:18:14.887 66127 INFO tempest.lib.common.rest_client [req-64b7b542-9439-4b06-8474-d0b120d273f1 req-64b7b542-9439-4b06-8474-d0b120d273f1 ] Request (ImagesTestJSON:test_create_image_from_suspended_server): 200 GET http://10.180.1.21/compute/v2.1/servers/96103549-80a5-462d-9f73-f5f6363ab9fc 0.110s
2025-11-21 13:18:14.908 66121 INFO tempest.lib.common.rest_client [req-6a6d8ec2-2f3a-4e44-ae1f-30407569b6f2 req-6a6d8ec2-2f3a-4e44-ae1f-30407569b6f2 ] Request (MultipleCreateTestJSON:tearDownClass): 200 GET http://10.180.1.21/compute/v2.1/servers/c1b9d81e-d747-4665-a083-26d8383f7645 0.226s
2025-11-21 13:18:14.944 66117 INFO tempest.lib.common.rest_client [req-1a32adc4-8be6-428d-b303-29d982533f69 req-1a32adc4-8be6-428d-b303-29d982533f69 ] Request (FloatingIPsAssociationNegativeTestJSON:tearDownClass): 200 GET http://10.180.1.21/compute/v2.1/servers/56ff4122-a999-4caf-b805-0754a66d6bc7 0.087s
2025-11-21 13:18:14.957 66133 INFO tempest.lib.common.rest_client [req-eb22ee0d-7a81-499c-ae08-733cc93f7e95 req-eb22ee0d-7a81-499c-ae08-733cc93f7e95 ] Request (ImagesOneServerNegativeTestJSON:_run_cleanups): 200 GET http://10.180.1.21/compute/v2.1/servers/a5b9e6c2-1bba-458e-88a5-9ca972fa4b0a 0.047s
2025-11-21 13:18:15.017 66169 INFO tempest.lib.common.rest_client [req-5248f326-dc6f-44cf-8fca-aaf67c5aef9b req-5248f326-dc6f-44cf-8fca-aaf67c5aef9b ] Request (AttachVolumeTestJSON:test_attach_detach_volume): 200 GET http://10.180.1.21/compute/v2.1/servers/7f5911fb-785e-444c-9408-c6884e06c5d3 0.049s
2025-11-21 13:18:15.033 66143 INFO tempest.lib.common.rest_client [req-27c11abc-7cd1-4913-8c3c-8043f1828eba req-27c11abc-7cd1-4913-8c3c-8043f1828eba ] Request (ServerDiskConfigTestJSON:test_resize_server_from_auto_to_manual): 200 GET http://10.180.1.21/compute/v2.1/servers/a9ec9a64-94c7-41a5-a7a4-5e034ddfc592 0.091s
2025-11-21 13:18:15.083 66175 INFO tempest.lib.common.rest_client [req-9172691f-bfb8-4085-8f85-8b61bdd861a2 req-9172691f-bfb8-4085-8f85-8b61bdd861a2 ] Request (ServerActionsTestOtherA:test_rebuild_server_with_volume_attached): 200 GET http://10.180.1.21/compute/v2.1/servers/df46c28d-7cbd-490e-8db2-9730e4d9f953 0.051s
2025-11-21 13:18:15.085 66135 INFO tempest.lib.common.rest_client [req-9c4f11cc-1cd3-4757-8026-70c9b011ba53 req-9c4f11cc-1cd3-4757-8026-70c9b011ba53 ] Request (ListServerFiltersTestJSON:setUpClass): 200 GET http://10.180.1.21/compute/v2.1/servers/31816c0c-d7d2-48db-9a87-a1e03c938a60 0.052s
2025-11-21 13:18:15.134 66149 INFO tempest.lib.common.rest_client [req-cbd7db25-3159-4bc9-bdbf-7f3b66f70d0c req-cbd7db25-3159-4bc9-bdbf-7f3b66f70d0c ] Request (ServersTestMultiNic:_run_cleanups): 200 GET http://10.180.1.21/compute/v2.1/servers/81f961c3-ec8f-4281-be18-5d605fa73ecc 0.051s
2025-11-21 13:18:15.220 66139 INFO tempest.lib.common.rest_client [req-2f29239c-3605-4055-ac05-39efaed8acd9 req-2f29239c-3605-4055-ac05-39efaed8acd9 ] Request (MigrationsAdminTest:test_resize_server_revert_deleted_flavor): 200 GET http://10.180.1.21/compute/v2.1/servers/105c53ce-e657-4a29-bc7f-96b4f885707a 0.090s
2025-11-21 13:18:15.262 66125 INFO tempest.lib.common.rest_client [req-487c5905-5240-46bb-b730-6e9bc636e80c req-487c5905-5240-46bb-b730-6e9bc636e80c ] Request (ServersTestBootFromVolume:setUpClass): 200 GET http://10.180.1.21/compute/v2.1/servers/d42d0818-1486-4696-9871-2cf989aeb885 0.053s
2025-11-21 13:18:15.529 66173 INFO tempest.lib.common.rest_client [req-4fe599c6-1f32-470a-a6c8-cd191e96c5c9 req-4fe599c6-1f32-470a-a6c8-cd191e96c5c9 ] Request (ServerShowV254Test:tearDownClass): 200 GET http://10.180.1.21/compute/v2.1/servers/5e54e7f4-3df1-4283-bee1-a7e475051a24 0.074s
2025-11-21 13:18:15.563 66113 INFO tempest.lib.common.rest_client [req-83538ed4-f2a8-4cd9-8a52-a90f16be05d7 req-83538ed4-f2a8-4cd9-8a52-a90f16be05d7 ] Request (ServerShowV247Test:tearDownClass): 200 GET http://10.180.1.21/compute/v2.1/servers/548edde0-9e42-4cd3-bdd3-3615ab9b7fc5 0.057s
2025-11-21 13:18:15.593 66162 INFO tempest.lib.common.rest_client [req-0d04bb5f-e715-4213-b84b-8f7a6adf5f50 req-0d04bb5f-e715-4213-b84b-8f7a6adf5f50 ] Request (ListImageFiltersTestJSON:tearDownClass): 200 GET http://10.180.1.21/compute/v2.1/servers/a662eac8-07e2-47f1-a4dd-9abbe824817d 0.078s
2025-11-21 13:18:15.623 66119 INFO tempest.lib.common.rest_client [req-6cbbe382-e5bf-4219-bc4d-198ff2c8d95f req-6cbbe382-e5bf-4219-bc4d-198ff2c8d95f ] Request (ServersWithSpecificFlavorTestJSON:test_verify_created_server_ephemeral_disk): 200 GET http://10.180.1.21/compute/v2.1/servers/e93528eb-33d0-46d1-94e8-d1d66f2c682f 0.055s
2025-11-21 13:18:15.668 66115 INFO tempest.lib.common.rest_client [req-6485627a-5b0a-4e7c-af49-5a7fc45735bb req-6485627a-5b0a-4e7c-af49-5a7fc45735bb ] Request (AttachInterfacesTestJSON:test_create_list_show_delete_interfaces_by_fixed_ip): 200 GET http://10.180.1.21/compute/v2.1/servers/ba3153f2-8e6f-469c-8730-957c5eebe97b 0.058s
2025-11-21 13:18:15.693 66147 WARNING tempest.lib.common.ssh [-] Failed to establish authenticated ssh connection to cirros@10.180.180.151 ([Errno None] Unable to connect to port 22 on 10.180.180.151). Number attempts: 3. Retry after 4 seconds.: paramiko.ssh_exception.NoValidConnectionsError: [Errno None] Unable to connect to port 22 on 10.180.180.151
2025-11-21 13:18:15.783 66151 INFO tempest.lib.common.rest_client [req-84b7c7ce-b195-4eb2-a33f-d1e33f7c7530 req-84b7c7ce-b195-4eb2-a33f-d1e33f7c7530 ] Request (ServerRescueNegativeTestJSON:test_rescued_vm_detach_volume): 200 GET http://10.180.1.21/compute/v2.1/servers/4e4dd117-b4ea-43bb-a14f-55a5ab0e2d49 0.117s
2025-11-21 13:18:15.816 66163 INFO tempest.lib.common.rest_client [req-5a358010-215c-445f-9840-59a103dcba79 req-5a358010-215c-445f-9840-59a103dcba79 ] Request (FloatingIPsAssociationTestJSON:tearDownClass): 200 GET http://10.180.1.21/compute/v2.1/servers/596a5005-3607-44a2-9c0e-f1a56865011c 0.084s
2025-11-21 13:18:15.840 66165 INFO tempest.lib.common.rest_client [req-ca48a2d1-94d7-4cfb-ae7d-9f234232a5e1 req-ca48a2d1-94d7-4cfb-ae7d-9f234232a5e1 ] Request (SecurityGroupsTestJSON:test_server_security_groups): 200 GET http://10.180.1.21/compute/v2.1/servers/875cbc88-f817-4ea8-a969-b97e875918d1 0.094s
2025-11-21 13:18:15.888 66153 INFO tempest.lib.common.rest_client [req-63670c95-abba-4901-a798-794dcd057d1a req-63670c95-abba-4901-a798-794dcd057d1a ] Request (ServersAdminTestJSON:tearDownClass): 200 GET http://10.180.1.21/compute/v2.1/servers/9e007d55-0a5c-4469-a546-9b18e188bea0 0.095s
2025-11-21 13:18:15.892 66171 INFO tempest.lib.common.rest_client [req-c79a44b2-a1e7-41bf-b72d-0edeecece34b req-c79a44b2-a1e7-41bf-b72d-0edeecece34b ] Request (ServersNegativeTestMultiTenantJSON:setUpClass): 200 GET http://10.180.1.21/compute/v2.1/servers/79c63944-c4c8-4c7c-bc42-3f958d737e66 0.097s
2025-11-21 13:18:15.902 66171 INFO tempest.common.waiters [-] State transition "BUILD/scheduling" ==> "BUILD/None" after 35 second wait
2025-11-21 13:18:15.944 66145 INFO tempest.lib.common.rest_client [req-005c5b7c-8b39-40bf-89de-c42f3ffa1c3f req-005c5b7c-8b39-40bf-89de-c42f3ffa1c3f ] Request (AttachInterfacesV270Test:test_create_get_list_interfaces): 200 GET http://10.180.1.21/compute/v2.1/servers/85082b72-89dd-47b7-b8ad-f2ad5ad0638d 0.096s
2025-11-21 13:18:15.958 66127 INFO tempest.lib.common.rest_client [req-997e11fe-547b-46e2-a597-4141770e4cd2 req-997e11fe-547b-46e2-a597-4141770e4cd2 ] Request (ImagesTestJSON:test_create_image_from_suspended_server): 200 GET http://10.180.1.21/compute/v2.1/servers/96103549-80a5-462d-9f73-f5f6363ab9fc 0.062s
2025-11-21 13:18:16.028 66117 INFO tempest.lib.common.rest_client [req-35c0241d-7ffd-4651-9b29-05bd58ed82f7 req-35c0241d-7ffd-4651-9b29-05bd58ed82f7 ] Request (FloatingIPsAssociationNegativeTestJSON:tearDownClass): 200 GET http://10.180.1.21/compute/v2.1/servers/56ff4122-a999-4caf-b805-0754a66d6bc7 0.076s
2025-11-21 13:18:16.064 66121 INFO tempest.lib.common.rest_client [req-00174019-4cad-4acf-a195-4e9528b6c653 req-00174019-4cad-4acf-a195-4e9528b6c653 ] Request (MultipleCreateTestJSON:tearDownClass): 200 GET http://10.180.1.21/compute/v2.1/servers/c1b9d81e-d747-4665-a083-26d8383f7645 0.149s
2025-11-21 13:18:16.084 66133 INFO tempest.lib.common.rest_client [req-77845742-86b7-46e5-ab97-7a25deb28c03 req-77845742-86b7-46e5-ab97-7a25deb28c03 ] Request (ImagesOneServerNegativeTestJSON:_run_cleanups): 200 GET http://10.180.1.21/compute/v2.1/servers/a5b9e6c2-1bba-458e-88a5-9ca972fa4b0a 0.119s
2025-11-21 13:18:16.119 66169 INFO tempest.lib.common.rest_client [req-2eab6366-0f00-4bf1-974f-b82a85877c74 req-2eab6366-0f00-4bf1-974f-b82a85877c74 ] Request (AttachVolumeTestJSON:test_attach_detach_volume): 200 GET http://10.180.1.21/compute/v2.1/servers/7f5911fb-785e-444c-9408-c6884e06c5d3 0.093s
2025-11-21 13:18:16.176 66175 INFO tempest.lib.common.rest_client [req-feea2352-5de2-41b7-9ea1-49ab6896e5c6 req-feea2352-5de2-41b7-9ea1-49ab6896e5c6 ] Request (ServerActionsTestOtherA:test_rebuild_server_with_volume_attached): 200 GET http://10.180.1.21/compute/v2.1/servers/df46c28d-7cbd-490e-8db2-9730e4d9f953 0.085s
2025-11-21 13:18:16.186 66143 INFO tempest.lib.common.rest_client [req-17612576-9b41-408b-8d50-20d9823345de req-17612576-9b41-408b-8d50-20d9823345de ] Request (ServerDiskConfigTestJSON:test_resize_server_from_auto_to_manual): 200 GET http://10.180.1.21/compute/v2.1/servers/a9ec9a64-94c7-41a5-a7a4-5e034ddfc592 0.144s
2025-11-21 13:18:16.236 66135 INFO tempest.lib.common.rest_client [req-3ed6f6cb-0859-434d-988f-e358cc06e7d3 req-3ed6f6cb-0859-434d-988f-e358cc06e7d3 ] Request (ListServerFiltersTestJSON:setUpClass): 200 GET http://10.180.1.21/compute/v2.1/servers/31816c0c-d7d2-48db-9a87-a1e03c938a60 0.143s
2025-11-21 13:18:16.250 66149 INFO tempest.lib.common.rest_client [req-c507d3c0-f44b-4ab8-9928-aba3583c40fd req-c507d3c0-f44b-4ab8-9928-aba3583c40fd ] Request (ServersTestMultiNic:_run_cleanups): 200 GET http://10.180.1.21/compute/v2.1/servers/81f961c3-ec8f-4281-be18-5d605fa73ecc 0.107s
2025-11-21 13:18:16.324 66125 INFO tempest.lib.common.rest_client [req-ebb3ebdf-0a1a-4020-b15e-6248479c6533 req-ebb3ebdf-0a1a-4020-b15e-6248479c6533 ] Request (ServersTestBootFromVolume:setUpClass): 200 GET http://10.180.1.21/compute/v2.1/servers/d42d0818-1486-4696-9871-2cf989aeb885 0.055s
2025-11-21 13:18:16.349 66139 INFO tempest.lib.common.rest_client [req-02202a71-f95e-46cf-8017-697eec0437ef req-02202a71-f95e-46cf-8017-697eec0437ef ] Request (MigrationsAdminTest:test_resize_server_revert_deleted_flavor): 200 GET http://10.180.1.21/compute/v2.1/servers/105c53ce-e657-4a29-bc7f-96b4f885707a 0.120s
2025-11-21 13:18:16.356 66139 INFO tempest.common.waiters [-] State transition "RESIZE/resize_migrating" ==> "RESIZE/resize_migrated" after 52 second wait
2025-11-21 13:18:16.608 66173 INFO tempest.lib.common.rest_client [req-64ef4fdb-8796-4d58-9ee8-7c4ab2a414fa req-64ef4fdb-8796-4d58-9ee8-7c4ab2a414fa ] Request (ServerShowV254Test:tearDownClass): 200 GET http://10.180.1.21/compute/v2.1/servers/5e54e7f4-3df1-4283-bee1-a7e475051a24 0.069s
2025-11-21 13:18:16.630 66113 INFO tempest.lib.common.rest_client [req-824d8086-80a6-458c-ae1d-e368983b29ed req-824d8086-80a6-458c-ae1d-e368983b29ed ] Request (ServerShowV247Test:tearDownClass): 200 GET http://10.180.1.21/compute/v2.1/servers/548edde0-9e42-4cd3-bdd3-3615ab9b7fc5 0.058s
2025-11-21 13:18:16.670 66162 INFO tempest.lib.common.rest_client [req-82082809-7e69-4039-8895-6ab94582788f req-82082809-7e69-4039-8895-6ab94582788f ] Request (ListImageFiltersTestJSON:tearDownClass): 200 GET http://10.180.1.21/compute/v2.1/servers/a662eac8-07e2-47f1-a4dd-9abbe824817d 0.063s
2025-11-21 13:18:16.689 66119 INFO tempest.lib.common.rest_client [req-06c19cc9-9ce6-4a5b-b2eb-6587a86aaee5 req-06c19cc9-9ce6-4a5b-b2eb-6587a86aaee5 ] Request (ServersWithSpecificFlavorTestJSON:test_verify_created_server_ephemeral_disk): 200 GET http://10.180.1.21/compute/v2.1/servers/e93528eb-33d0-46d1-94e8-d1d66f2c682f 0.058s
2025-11-21 13:18:16.731 66115 INFO tempest.lib.common.rest_client [req-efafc97b-b823-4ed5-9f91-d7a1cdfa0d35 req-efafc97b-b823-4ed5-9f91-d7a1cdfa0d35 ] Request (AttachInterfacesTestJSON:test_create_list_show_delete_interfaces_by_fixed_ip): 200 GET http://10.180.1.21/compute/v2.1/servers/ba3153f2-8e6f-469c-8730-957c5eebe97b 0.054s
2025-11-21 13:18:16.849 66137 WARNING tempest.lib.common.ssh [-] Failed to establish authenticated ssh connection to cirros@10.180.180.232 ([Errno None] Unable to connect to port 22 on 10.180.180.232). Number attempts: 8. Retry after 9 seconds.: paramiko.ssh_exception.NoValidConnectionsError: [Errno None] Unable to connect to port 22 on 10.180.180.232
2025-11-21 13:18:17.125 66163 INFO tempest.lib.common.rest_client [req-d6ae4ba5-2926-4a5a-be22-ee27ce213f2b req-d6ae4ba5-2926-4a5a-be22-ee27ce213f2b ] Request (FloatingIPsAssociationTestJSON:tearDownClass): 200 GET http://10.180.1.21/compute/v2.1/servers/596a5005-3607-44a2-9c0e-f1a56865011c 0.300s
2025-11-21 13:18:17.148 66151 INFO tempest.lib.common.rest_client [req-3114bbe4-ddfa-441a-b42d-faa23c6f8c23 req-3114bbe4-ddfa-441a-b42d-faa23c6f8c23 ] Request (ServerRescueNegativeTestJSON:test_rescued_vm_detach_volume): 200 GET http://10.180.1.21/compute/v2.1/servers/4e4dd117-b4ea-43bb-a14f-55a5ab0e2d49 0.354s
2025-11-21 13:18:17.192 66165 INFO tempest.lib.common.rest_client [req-4b6521e6-cc90-41f2-bf2b-9153861320ca req-4b6521e6-cc90-41f2-bf2b-9153861320ca ] Request (SecurityGroupsTestJSON:test_server_security_groups): 200 GET http://10.180.1.21/compute/v2.1/servers/875cbc88-f817-4ea8-a969-b97e875918d1 0.343s
2025-11-21 13:18:17.217 66153 INFO tempest.lib.common.rest_client [req-afa63816-8519-42b4-af70-0d740ed9bf24 req-afa63816-8519-42b4-af70-0d740ed9bf24 ] Request (ServersAdminTestJSON:tearDownClass): 200 GET http://10.180.1.21/compute/v2.1/servers/9e007d55-0a5c-4469-a546-9b18e188bea0 0.320s
2025-11-21 13:18:17.254 66171 INFO tempest.lib.common.rest_client [req-7f0a0a64-3f90-427e-b666-b1f0efd336d2 req-7f0a0a64-3f90-427e-b666-b1f0efd336d2 ] Request (ServersNegativeTestMultiTenantJSON:setUpClass): 200 GET http://10.180.1.21/compute/v2.1/servers/79c63944-c4c8-4c7c-bc42-3f958d737e66 0.350s
2025-11-21 13:18:17.272 66145 INFO tempest.lib.common.rest_client [req-53a4c81c-93d4-4707-8d31-baf215718bfa req-53a4c81c-93d4-4707-8d31-baf215718bfa ] Request (AttachInterfacesV270Test:test_create_get_list_interfaces): 200 GET http://10.180.1.21/compute/v2.1/servers/85082b72-89dd-47b7-b8ad-f2ad5ad0638d 0.318s
2025-11-21 13:18:17.307 66127 INFO tempest.lib.common.rest_client [req-a41e8c95-b102-489a-8193-093f6e96d4cb req-a41e8c95-b102-489a-8193-093f6e96d4cb ] Request (ImagesTestJSON:test_create_image_from_suspended_server): 200 GET http://10.180.1.21/compute/v2.1/servers/96103549-80a5-462d-9f73-f5f6363ab9fc 0.339s
2025-11-21 13:18:17.333 66117 INFO tempest.lib.common.rest_client [req-6360689e-3669-45eb-8153-f98ec539d37b req-6360689e-3669-45eb-8153-f98ec539d37b ] Request (FloatingIPsAssociationNegativeTestJSON:tearDownClass): 200 GET http://10.180.1.21/compute/v2.1/servers/56ff4122-a999-4caf-b805-0754a66d6bc7 0.294s
2025-11-21 13:18:17.366 66121 INFO tempest.lib.common.rest_client [req-7155f814-f641-4571-a1dc-7e188afc5cb9 req-7155f814-f641-4571-a1dc-7e188afc5cb9 ] Request (MultipleCreateTestJSON:tearDownClass): 200 GET http://10.180.1.21/compute/v2.1/servers/c1b9d81e-d747-4665-a083-26d8383f7645 0.291s
2025-11-21 13:18:17.393 66133 INFO tempest.lib.common.rest_client [req-aaa56ed2-0c5d-4eac-b261-b8a93ea45168 req-aaa56ed2-0c5d-4eac-b261-b8a93ea45168 ] Request (ImagesOneServerNegativeTestJSON:_run_cleanups): 200 GET http://10.180.1.21/compute/v2.1/servers/a5b9e6c2-1bba-458e-88a5-9ca972fa4b0a 0.301s
2025-11-21 13:18:17.446 66175 INFO tempest.lib.common.rest_client [req-ea5b01f9-e552-473a-a6cd-4276be69eecd req-ea5b01f9-e552-473a-a6cd-4276be69eecd ] Request (ServerActionsTestOtherA:test_rebuild_server_with_volume_attached): 200 GET http://10.180.1.21/compute/v2.1/servers/df46c28d-7cbd-490e-8db2-9730e4d9f953 0.259s
2025-11-21 13:18:17.452 66169 INFO tempest.lib.common.rest_client [req-9607ee03-3428-4294-acde-13f3b06a3684 req-9607ee03-3428-4294-acde-13f3b06a3684 ] Request (AttachVolumeTestJSON:test_attach_detach_volume): 200 GET http://10.180.1.21/compute/v2.1/servers/7f5911fb-785e-444c-9408-c6884e06c5d3 0.325s
2025-11-21 13:18:17.553 66135 INFO tempest.lib.common.rest_client [req-3120e44f-5635-4a3d-a56a-b930acfee3f0 req-3120e44f-5635-4a3d-a56a-b930acfee3f0 ] Request (ListServerFiltersTestJSON:setUpClass): 200 GET http://10.180.1.21/compute/v2.1/servers/31816c0c-d7d2-48db-9a87-a1e03c938a60 0.306s
2025-11-21 13:18:17.582 66143 INFO tempest.lib.common.rest_client [req-de2d8e80-f460-413f-839e-c132c3bf4c21 req-de2d8e80-f460-413f-839e-c132c3bf4c21 ] Request (ServerDiskConfigTestJSON:test_resize_server_from_auto_to_manual): 200 GET http://10.180.1.21/compute/v2.1/servers/a9ec9a64-94c7-41a5-a7a4-5e034ddfc592 0.386s
2025-11-21 13:18:17.645 66149 INFO tempest.lib.common.rest_client [req-c1e41114-11a5-412c-a33c-49565d5aa27c req-c1e41114-11a5-412c-a33c-49565d5aa27c ] Request (ServersTestMultiNic:_run_cleanups): 200 GET http://10.180.1.21/compute/v2.1/servers/81f961c3-ec8f-4281-be18-5d605fa73ecc 0.384s
2025-11-21 13:18:17.656 66125 INFO tempest.lib.common.rest_client [req-0a411a51-0a50-4368-be42-c7a59937d1ee req-0a411a51-0a50-4368-be42-c7a59937d1ee ] Request (ServersTestBootFromVolume:setUpClass): 200 GET http://10.180.1.21/compute/v2.1/servers/d42d0818-1486-4696-9871-2cf989aeb885 0.323s
2025-11-21 13:18:17.720 66173 INFO tempest.lib.common.rest_client [req-b523a08e-3f4b-4c08-ae53-4ba0a5efb278 req-b523a08e-3f4b-4c08-ae53-4ba0a5efb278 ] Request (ServerShowV254Test:tearDownClass): 200 GET http://10.180.1.21/compute/v2.1/servers/5e54e7f4-3df1-4283-bee1-a7e475051a24 0.102s
2025-11-21 13:18:17.763 66139 INFO tempest.lib.common.rest_client [req-2c55fb32-df52-4cb6-8059-0d056d9038d2 req-2c55fb32-df52-4cb6-8059-0d056d9038d2 ] Request (MigrationsAdminTest:test_resize_server_revert_deleted_flavor): 200 GET http://10.180.1.21/compute/v2.1/servers/105c53ce-e657-4a29-bc7f-96b4f885707a 0.406s
2025-11-21 13:18:17.785 66113 INFO tempest.lib.common.rest_client [req-3658efbc-1056-45cb-b0ba-abbff1123964 req-3658efbc-1056-45cb-b0ba-abbff1123964 ] Request (ServerShowV247Test:tearDownClass): 200 GET http://10.180.1.21/compute/v2.1/servers/548edde0-9e42-4cd3-bdd3-3615ab9b7fc5 0.145s
2025-11-21 13:18:17.831 66162 INFO tempest.lib.common.rest_client [req-1296a5b0-db9b-4864-bd71-d350b2e744d6 req-1296a5b0-db9b-4864-bd71-d350b2e744d6 ] Request (ListImageFiltersTestJSON:tearDownClass): 200 GET http://10.180.1.21/compute/v2.1/servers/a662eac8-07e2-47f1-a4dd-9abbe824817d 0.153s
2025-11-21 13:18:17.843 66119 INFO tempest.lib.common.rest_client [req-8010e1d2-272b-4837-b6c7-9b3440d76e7e req-8010e1d2-272b-4837-b6c7-9b3440d76e7e ] Request (ServersWithSpecificFlavorTestJSON:test_verify_created_server_ephemeral_disk): 200 GET http://10.180.1.21/compute/v2.1/servers/e93528eb-33d0-46d1-94e8-d1d66f2c682f 0.147s
2025-11-21 13:18:17.880 66115 INFO tempest.lib.common.rest_client [req-3cc6d979-6097-4829-b70d-498cb5d7475f req-3cc6d979-6097-4829-b70d-498cb5d7475f ] Request (AttachInterfacesTestJSON:test_create_list_show_delete_interfaces_by_fixed_ip): 200 GET http://10.180.1.21/compute/v2.1/servers/ba3153f2-8e6f-469c-8730-957c5eebe97b 0.139s
2025-11-21 13:18:18.198 66163 INFO tempest.lib.common.rest_client [req-e4d7f549-4e4b-47cb-8826-0e7023c6d418 req-e4d7f549-4e4b-47cb-8826-0e7023c6d418 ] Request (FloatingIPsAssociationTestJSON:tearDownClass): 200 GET http://10.180.1.21/compute/v2.1/servers/596a5005-3607-44a2-9c0e-f1a56865011c 0.059s
2025-11-21 13:18:18.254 66151 INFO tempest.lib.common.rest_client [req-74a57880-2d7d-48d8-b907-b44d4474f539 req-74a57880-2d7d-48d8-b907-b44d4474f539 ] Request (ServerRescueNegativeTestJSON:test_rescued_vm_detach_volume): 200 GET http://10.180.1.21/compute/v2.1/servers/4e4dd117-b4ea-43bb-a14f-55a5ab0e2d49 0.097s
2025-11-21 13:18:18.254 66165 INFO tempest.lib.common.rest_client [req-489e753c-3bd8-4b6f-b1f5-e984a3153337 req-489e753c-3bd8-4b6f-b1f5-e984a3153337 ] Request (SecurityGroupsTestJSON:test_server_security_groups): 200 GET http://10.180.1.21/compute/v2.1/servers/875cbc88-f817-4ea8-a969-b97e875918d1 0.054s
2025-11-21 13:18:18.312 66153 INFO tempest.lib.common.rest_client [req-95bc8698-4066-49de-8db5-90056d59bd75 req-95bc8698-4066-49de-8db5-90056d59bd75 ] Request (ServersAdminTestJSON:tearDownClass): 200 GET http://10.180.1.21/compute/v2.1/servers/9e007d55-0a5c-4469-a546-9b18e188bea0 0.087s
2025-11-21 13:18:18.317 66171 INFO tempest.lib.common.rest_client [req-d20f6d2c-7df2-46b7-a981-5c67d178d251 req-d20f6d2c-7df2-46b7-a981-5c67d178d251 ] Request (ServersNegativeTestMultiTenantJSON:setUpClass): 200 GET http://10.180.1.21/compute/v2.1/servers/79c63944-c4c8-4c7c-bc42-3f958d737e66 0.056s
2025-11-21 13:18:18.367 66145 INFO tempest.lib.common.rest_client [req-1b3818fa-b90f-4ce4-869a-f57180b67520 req-1b3818fa-b90f-4ce4-869a-f57180b67520 ] Request (AttachInterfacesV270Test:test_create_get_list_interfaces): 200 GET http://10.180.1.21/compute/v2.1/servers/85082b72-89dd-47b7-b8ad-f2ad5ad0638d 0.082s
2025-11-21 13:18:18.378 66127 INFO tempest.lib.common.rest_client [req-7f65b992-11f8-40ed-bbd3-4fd8d84b79fe req-7f65b992-11f8-40ed-bbd3-4fd8d84b79fe ] Request (ImagesTestJSON:test_create_image_from_suspended_server): 200 GET http://10.180.1.21/compute/v2.1/servers/96103549-80a5-462d-9f73-f5f6363ab9fc 0.064s
2025-11-21 13:18:18.444 66121 INFO tempest.lib.common.rest_client [req-75229dc1-fd39-4799-8003-0fdf64630966 req-75229dc1-fd39-4799-8003-0fdf64630966 ] Request (MultipleCreateTestJSON:tearDownClass): 200 GET http://10.180.1.21/compute/v2.1/servers/c1b9d81e-d747-4665-a083-26d8383f7645 0.070s
2025-11-21 13:18:18.445 66117 INFO tempest.lib.common.rest_client [req-4f12c02b-bcca-4da4-952c-6eee1cab205d req-4f12c02b-bcca-4da4-952c-6eee1cab205d ] Request (FloatingIPsAssociationNegativeTestJSON:tearDownClass): 200 GET http://10.180.1.21/compute/v2.1/servers/56ff4122-a999-4caf-b805-0754a66d6bc7 0.103s
2025-11-21 13:18:18.453 66121 INFO tempest.common.waiters [-] State transition "ACTIVE/deleting" ==> "DELETED/None" after 4 second wait
2025-11-21 13:18:18.506 66133 INFO tempest.lib.common.rest_client [req-3e3c5f5a-1e3b-4332-befc-0277ddb808f0 req-3e3c5f5a-1e3b-4332-befc-0277ddb808f0 ] Request (ImagesOneServerNegativeTestJSON:_run_cleanups): 200 GET http://10.180.1.21/compute/v2.1/servers/a5b9e6c2-1bba-458e-88a5-9ca972fa4b0a 0.105s
2025-11-21 13:18:18.520 66175 INFO tempest.lib.common.rest_client [req-dbc9a598-d2a4-40f3-890b-b8ef0aee806b req-dbc9a598-d2a4-40f3-890b-b8ef0aee806b ] Request (ServerActionsTestOtherA:test_rebuild_server_with_volume_attached): 200 GET http://10.180.1.21/compute/v2.1/servers/df46c28d-7cbd-490e-8db2-9730e4d9f953 0.064s
2025-11-21 13:18:18.570 66169 INFO tempest.lib.common.rest_client [req-26948e8e-119d-4d4b-a807-701465a75957 req-26948e8e-119d-4d4b-a807-701465a75957 ] Request (AttachVolumeTestJSON:test_attach_detach_volume): 200 GET http://10.180.1.21/compute/v2.1/servers/7f5911fb-785e-444c-9408-c6884e06c5d3 0.106s
2025-11-21 13:18:18.620 66135 INFO tempest.lib.common.rest_client [req-30f5cde1-6dd4-443a-9772-9ed0343ea17a req-30f5cde1-6dd4-443a-9772-9ed0343ea17a ] Request (ListServerFiltersTestJSON:setUpClass): 200 GET http://10.180.1.21/compute/v2.1/servers/31816c0c-d7d2-48db-9a87-a1e03c938a60 0.059s
2025-11-21 13:18:18.722 66149 INFO tempest.lib.common.rest_client [req-51cd081e-39b3-4f67-b614-460325130cff req-51cd081e-39b3-4f67-b614-460325130cff ] Request (ServersTestMultiNic:_run_cleanups): 200 GET http://10.180.1.21/compute/v2.1/servers/81f961c3-ec8f-4281-be18-5d605fa73ecc 0.065s
2025-11-21 13:18:18.752 66143 INFO tempest.lib.common.rest_client [req-8623a0a6-f186-4033-b1b7-55b750f64dbd req-8623a0a6-f186-4033-b1b7-55b750f64dbd ] Request (ServerDiskConfigTestJSON:test_resize_server_from_auto_to_manual): 200 GET http://10.180.1.21/compute/v2.1/servers/a9ec9a64-94c7-41a5-a7a4-5e034ddfc592 0.159s
2025-11-21 13:18:18.784 66125 INFO tempest.lib.common.rest_client [req-48ca885b-fc43-49e2-bf82-52503665e1eb req-48ca885b-fc43-49e2-bf82-52503665e1eb ] Request (ServersTestBootFromVolume:setUpClass): 200 GET http://10.180.1.21/compute/v2.1/servers/d42d0818-1486-4696-9871-2cf989aeb885 0.118s
2025-11-21 13:18:18.817 66173 INFO tempest.lib.common.rest_client [req-7ff343c2-e31a-43f7-bb30-c38a91dfcae2 req-7ff343c2-e31a-43f7-bb30-c38a91dfcae2 ] Request (ServerShowV254Test:tearDownClass): 200 GET http://10.180.1.21/compute/v2.1/servers/5e54e7f4-3df1-4283-bee1-a7e475051a24 0.087s
2025-11-21 13:18:18.897 66113 INFO tempest.lib.common.rest_client [req-713ed496-6493-4533-8218-56896a42041c req-713ed496-6493-4533-8218-56896a42041c ] Request (ServerShowV247Test:tearDownClass): 200 GET http://10.180.1.21/compute/v2.1/servers/548edde0-9e42-4cd3-bdd3-3615ab9b7fc5 0.099s
2025-11-21 13:18:18.906 66113 INFO tempest.common.waiters [-] State transition "ACTIVE/deleting" ==> "DELETED/None" after 4 second wait
2025-11-21 13:18:18.937 66139 INFO tempest.lib.common.rest_client [req-607d216a-57f7-4255-9b96-977f01ffe1b2 req-607d216a-57f7-4255-9b96-977f01ffe1b2 ] Request (MigrationsAdminTest:test_resize_server_revert_deleted_flavor): 200 GET http://10.180.1.21/compute/v2.1/servers/105c53ce-e657-4a29-bc7f-96b4f885707a 0.166s
2025-11-21 13:18:18.945 66139 INFO tempest.common.waiters [-] State transition "RESIZE/resize_migrated" ==> "RESIZE/resize_finish" after 54 second wait
2025-11-21 13:18:18.977 66162 INFO tempest.lib.common.rest_client [req-ed8295d0-f7fb-48bb-877b-4e823ad0b137 req-ed8295d0-f7fb-48bb-877b-4e823ad0b137 ] Request (ListImageFiltersTestJSON:tearDownClass): 200 GET http://10.180.1.21/compute/v2.1/servers/a662eac8-07e2-47f1-a4dd-9abbe824817d 0.137s
2025-11-21 13:18:19.003 66119 INFO tempest.lib.common.rest_client [req-50c9809e-04aa-40ee-9235-bdd610c7b420 req-50c9809e-04aa-40ee-9235-bdd610c7b420 ] Request (ServersWithSpecificFlavorTestJSON:test_verify_created_server_ephemeral_disk): 200 GET http://10.180.1.21/compute/v2.1/servers/e93528eb-33d0-46d1-94e8-d1d66f2c682f 0.150s
2025-11-21 13:18:19.028 66115 INFO tempest.lib.common.rest_client [req-a759f47e-7230-42ef-b532-3fea551fd3a7 req-a759f47e-7230-42ef-b532-3fea551fd3a7 ] Request (AttachInterfacesTestJSON:test_create_list_show_delete_interfaces_by_fixed_ip): 200 GET http://10.180.1.21/compute/v2.1/servers/ba3153f2-8e6f-469c-8730-957c5eebe97b 0.140s
2025-11-21 13:18:19.058 66155 WARNING tempest.lib.common.ssh [-] Failed to establish authenticated ssh connection to cirros@10.180.180.219 ([Errno None] Unable to connect to port 22 on 10.180.180.219). Number attempts: 6. Retry after 7 seconds.: paramiko.ssh_exception.NoValidConnectionsError: [Errno None] Unable to connect to port 22 on 10.180.180.219
2025-11-21 13:18:19.277 66163 INFO tempest.lib.common.rest_client [req-49f3472a-10bf-4f8d-b8da-c3fa58a36caa req-49f3472a-10bf-4f8d-b8da-c3fa58a36caa ] Request (FloatingIPsAssociationTestJSON:tearDownClass): 200 GET http://10.180.1.21/compute/v2.1/servers/596a5005-3607-44a2-9c0e-f1a56865011c 0.070s
2025-11-21 13:18:19.323 66165 INFO tempest.lib.common.rest_client [req-7c24614f-85d7-4519-b78e-dbe35efb73ac req-7c24614f-85d7-4519-b78e-dbe35efb73ac ] Request (SecurityGroupsTestJSON:test_server_security_groups): 200 GET http://10.180.1.21/compute/v2.1/servers/875cbc88-f817-4ea8-a969-b97e875918d1 0.061s
2025-11-21 13:18:19.377 66151 INFO tempest.lib.common.rest_client [req-3f3f552b-5f14-4582-a756-c669c7170b7c req-3f3f552b-5f14-4582-a756-c669c7170b7c ] Request (ServerRescueNegativeTestJSON:test_rescued_vm_detach_volume): 200 GET http://10.180.1.21/compute/v2.1/servers/4e4dd117-b4ea-43bb-a14f-55a5ab0e2d49 0.115s
2025-11-21 13:18:19.389 66153 INFO tempest.lib.common.rest_client [req-6c893012-5a7b-49d9-8e56-ef0bd0688b16 req-6c893012-5a7b-49d9-8e56-ef0bd0688b16 ] Request (ServersAdminTestJSON:tearDownClass): 200 GET http://10.180.1.21/compute/v2.1/servers/9e007d55-0a5c-4469-a546-9b18e188bea0 0.068s
2025-11-21 13:18:19.435 66171 INFO tempest.lib.common.rest_client [req-63a01ec0-4f37-4470-a833-38a7cd90470a req-63a01ec0-4f37-4470-a833-38a7cd90470a ] Request (ServersNegativeTestMultiTenantJSON:setUpClass): 200 GET http://10.180.1.21/compute/v2.1/servers/79c63944-c4c8-4c7c-bc42-3f958d737e66 0.107s
2025-11-21 13:18:19.456 66145 INFO tempest.lib.common.rest_client [req-4a54674d-6920-4148-b212-2381567a4c7b req-4a54674d-6920-4148-b212-2381567a4c7b ] Request (AttachInterfacesV270Test:test_create_get_list_interfaces): 200 GET http://10.180.1.21/compute/v2.1/servers/85082b72-89dd-47b7-b8ad-f2ad5ad0638d 0.079s
2025-11-21 13:18:19.505 66127 INFO tempest.lib.common.rest_client [req-6728ad2a-0d2f-4623-a50d-75c2c0358acf req-6728ad2a-0d2f-4623-a50d-75c2c0358acf ] Request (ImagesTestJSON:test_create_image_from_suspended_server): 200 GET http://10.180.1.21/compute/v2.1/servers/96103549-80a5-462d-9f73-f5f6363ab9fc 0.119s
2025-11-21 13:18:19.572 66117 INFO tempest.lib.common.rest_client [req-a3fb5a0c-9c32-4944-9542-d8f6f44ba427 req-a3fb5a0c-9c32-4944-9542-d8f6f44ba427 ] Request (FloatingIPsAssociationNegativeTestJSON:tearDownClass): 200 GET http://10.180.1.21/compute/v2.1/servers/56ff4122-a999-4caf-b805-0754a66d6bc7 0.118s
2025-11-21 13:18:19.580 66121 INFO tempest.lib.common.rest_client [req-e7ba6cc1-5887-46c0-a57b-37dc93c09864 req-e7ba6cc1-5887-46c0-a57b-37dc93c09864 ] Request (MultipleCreateTestJSON:tearDownClass): 200 GET http://10.180.1.21/compute/v2.1/servers/c1b9d81e-d747-4665-a083-26d8383f7645 0.126s
2025-11-21 13:18:19.629 66133 INFO tempest.lib.common.rest_client [req-7307202f-69ca-4ec5-8440-0ac08e868f4c req-7307202f-69ca-4ec5-8440-0ac08e868f4c ] Request (ImagesOneServerNegativeTestJSON:_run_cleanups): 200 GET http://10.180.1.21/compute/v2.1/servers/a5b9e6c2-1bba-458e-88a5-9ca972fa4b0a 0.114s
2025-11-21 13:18:19.636 66175 INFO tempest.lib.common.rest_client [req-a188b39a-138a-4faf-87d9-cf209e3c5998 req-a188b39a-138a-4faf-87d9-cf209e3c5998 ] Request (ServerActionsTestOtherA:test_rebuild_server_with_volume_attached): 200 GET http://10.180.1.21/compute/v2.1/servers/df46c28d-7cbd-490e-8db2-9730e4d9f953 0.108s
2025-11-21 13:18:19.683 66169 INFO tempest.lib.common.rest_client [req-0288c41a-7814-4cc8-8824-19ebf35a11c9 req-0288c41a-7814-4cc8-8824-19ebf35a11c9 ] Request (AttachVolumeTestJSON:test_attach_detach_volume): 200 GET http://10.180.1.21/compute/v2.1/servers/7f5911fb-785e-444c-9408-c6884e06c5d3 0.104s
2025-11-21 13:18:19.692 66135 INFO tempest.lib.common.rest_client [req-edccde7d-a4f5-4be8-b345-b3279ded58cf req-edccde7d-a4f5-4be8-b345-b3279ded58cf ] Request (ListServerFiltersTestJSON:setUpClass): 200 GET http://10.180.1.21/compute/v2.1/servers/31816c0c-d7d2-48db-9a87-a1e03c938a60 0.063s
2025-11-21 13:18:19.792 66149 INFO tempest.lib.common.rest_client [req-6856e771-8f10-4341-926b-d9f1d091785c req-6856e771-8f10-4341-926b-d9f1d091785c ] Request (ServersTestMultiNic:_run_cleanups): 200 GET http://10.180.1.21/compute/v2.1/servers/81f961c3-ec8f-4281-be18-5d605fa73ecc 0.062s
2025-11-21 13:18:19.845 66125 INFO tempest.lib.common.rest_client [req-afbe58bb-9485-4455-89b5-5cd0d4c9c1d5 req-afbe58bb-9485-4455-89b5-5cd0d4c9c1d5 ] Request (ServersTestBootFromVolume:setUpClass): 200 GET http://10.180.1.21/compute/v2.1/servers/d42d0818-1486-4696-9871-2cf989aeb885 0.053s
2025-11-21 13:18:19.864 66173 INFO tempest.lib.common.rest_client [req-c4c4b712-e116-49fe-b262-00fcd15a1778 req-c4c4b712-e116-49fe-b262-00fcd15a1778 ] Request (ServerShowV254Test:tearDownClass): 404 GET http://10.180.1.21/compute/v2.1/servers/5e54e7f4-3df1-4283-bee1-a7e475051a24 0.037s
