2025-11-21 13:15:29.500 66167 INFO tempest.lib.common.rest_client [req-1f8228f1-7fe9-448b-964f-73c8dddfadd9 req-1f8228f1-7fe9-448b-964f-73c8dddfadd9 ] Request (ServerTagsTestJSON:test_delete_all_tags): 204 DELETE http://10.180.1.21/compute/v2.1/servers/e48a075b-41b3-4612-bd5f-0a158d707a2f/tags 11.027s
2025-11-21 13:15:29.961 66133 INFO tempest.lib.common.rest_client [req-05081e2a-927b-408d-8259-e974ddb0edf1 req-05081e2a-927b-408d-8259-e974ddb0edf1 ] Request (VolumesAdminNegativeTest:tearDownClass): 204 DELETE http://10.180.1.21/networking/v2.0/routers/ff897008-a424-4747-8a21-bd8292c08718 1.470s
2025-11-21 13:15:30.607 66141 INFO tempest.lib.common.rest_client [req-5f726974-f26f-4c06-bd0b-6329fd8a497f req-5f726974-f26f-4c06-bd0b-6329fd8a497f ] Request (SecurityGroupsNegativeTestJSON:setUpClass): 200 PUT http://10.180.1.21/networking/v2.0/routers/32979819-057b-4c71-a923-21ca9e28987e/add_router_interface 1.401s
2025-11-21 13:15:30.608 66141 INFO tempest.lib.common.dynamic_creds [-] Created isolated network resources for: credentials: Credentials: {'domain_id': 'default', 'domain_name': 'Default', 'username': 'tempest-SecurityGroupsNegativeTestJSON-1558351118-project-member', 'project_domain_id': 'default', 'project_domain_name': 'Default', 'project_id': 'd4f58b0e9d8b437f82dfb9dbffcd0302', 'project_name': 'tempest-SecurityGroupsNegativeTestJSON-1558351118', 'tenant_id': 'd4f58b0e9d8b437f82dfb9dbffcd0302', 'tenant_name': 'tempest-SecurityGroupsNegativeTestJSON-1558351118', 'user_domain_id': 'default', 'user_domain_name': 'Default', 'user_id': '41265f8deac4479fb3d9fe0a78be5a8d', 'system': None}, Network: {'id': 'a5e44b8f-83b8-4d99-abe3-9f90995db38e', 'name': 'tempest-SecurityGroupsNegativeTestJSON-10835181-network', 'tenant_id': 'd4f58b0e9d8b437f82dfb9dbffcd0302', 'project_id': 'd4f58b0e9d8b437f82dfb9dbffcd0302', 'admin_state_up': True, 'mtu': 8950, 'status': 'ACTIVE', 'subnets': [], 'shared': False, 'port_security_enabled': True, 'router:external': False, 'provider:network_type': 'vlan', 'provider:physical_network': 'default', 'provider:segmentation_id': 851, 'availability_zone_hints': [], 'availability_zones': [], 'ipv4_address_scope': None, 'ipv6_address_scope': None, 'description': '', 'tags': [], 'created_at': '2025-11-21T13:15:26Z', 'updated_at': '2025-11-21T13:15:26Z', 'revision_number': 1}, Subnet: {'id': '18943677-49f0-482e-920c-70772ae781f2', 'name': 'tempest-SecurityGroupsNegativeTestJSON-10835181-subnet', 'tenant_id': 'd4f58b0e9d8b437f82dfb9dbffcd0302', 'network_id': 'a5e44b8f-83b8-4d99-abe3-9f90995db38e', 'ip_version': 4, 'subnetpool_id': None, 'enable_dhcp': True, 'ipv6_ra_mode': None, 'ipv6_address_mode': None, 'gateway_ip': '192.168.128.1', 'cidr': '192.168.128.0/28', 'allocation_pools': [{'start': '192.168.128.2', 'end': '192.168.128.14'}], 'host_routes': [], 'dns_nameservers': [], 'description': '', 'router:external': False, 'service_types': [], 'tags': [], 'created_at': '2025-11-21T13:15:27Z', 'updated_at': '2025-11-21T13:15:27Z', 'revision_number': 0, 'project_id': 'd4f58b0e9d8b437f82dfb9dbffcd0302'}, Router: {'id': '32979819-057b-4c71-a923-21ca9e28987e', 'name': 'tempest-SecurityGroupsNegativeTestJSON-10835181-router', 'tenant_id': 'd4f58b0e9d8b437f82dfb9dbffcd0302', 'admin_state_up': True, 'status': 'ACTIVE', 'external_gateway_info': {'network_id': '58fb60e0-57b3-4509-b27d-015f00693b2d', 'external_fixed_ips': [{'subnet_id': '951e150f-8e3d-4c15-92c1-ce20ba044fcc', 'ip_address': '10.180.180.210'}], 'enable_snat': True}, 'description': '', 'availability_zones': [], 'distributed': False, 'ha': False, 'availability_zone_hints': [], 'routes': [], 'flavor_id': None, 'tags': [], 'created_at': '2025-11-21T13:15:28Z', 'updated_at': '2025-11-21T13:15:28Z', 'revision_number': 2, 'project_id': 'd4f58b0e9d8b437f82dfb9dbffcd0302'}
2025-11-21 13:15:30.721 66141 INFO tempest.lib.common.rest_client [req-0174efc8-1844-45ee-8bf3-934f86d318af req-0174efc8-1844-45ee-8bf3-934f86d318af ] Request (SecurityGroupsNegativeTestJSON:setUpClass): 201 POST http://10.180.1.21/identity/v3/auth/tokens 0.109s
2025-11-21 13:15:30.758 66165 INFO tempest.lib.common.rest_client [req-194267f5-10af-4b4f-8bdd-fa33139b296a req-194267f5-10af-4b4f-8bdd-fa33139b296a ] Request (ServerExternalEventsTest:test_create_server_external_events): 200 GET http://10.180.1.21/compute/v2.1/servers/8eb65797-072b-4a7e-853d-26c0adc51bb2 12.381s
2025-11-21 13:15:30.766 66165 INFO tempest.common.waiters [-] State transition "BUILD/None" ==> "BUILD/spawning" after 38 second wait
2025-11-21 13:15:30.771 66147 INFO tempest.lib.common.rest_client [req-55bf4a5d-5fa8-4dab-a73b-b3051d2a0c73 req-55bf4a5d-5fa8-4dab-a73b-b3051d2a0c73 ] Request (ServerActionsTestJSON:setUpClass): 201 POST http://10.180.1.21/networking/v2.0/routers 1.395s
2025-11-21 13:15:31.291 66133 INFO tempest.lib.common.rest_client [req-2a2f3e8c-d81b-4c6d-b57b-285d0bba1952 req-2a2f3e8c-d81b-4c6d-b57b-285d0bba1952 ] Request (VolumesAdminNegativeTest:tearDownClass): 204 DELETE http://10.180.1.21/networking/v2.0/subnets/b50c69d2-bd39-4c2f-942a-8e3497a4d325 1.329s
2025-11-21 13:15:31.398 66169 INFO tempest.lib.common.rest_client [req-a74aa940-affa-4924-9854-d07565d97d1f req-a74aa940-affa-4924-9854-d07565d97d1f ] Request (ServersTestFqdnHostnames:test_create_server_with_fqdn_name): 200 GET http://10.180.1.21/compute/v2.1/servers/0addcbb1-3561-4c93-b714-37e6b613b962 12.794s
2025-11-21 13:15:31.406 66169 INFO tempest.common.waiters [-] State transition "BUILD/spawning" ==> "ACTIVE/None" after 46 second wait
2025-11-21 13:15:32.160 66175 INFO paramiko.transport [-] Connected (version 2.0, client dropbear_2020.81)
2025-11-21 13:15:32.225 66175 INFO paramiko.transport [-] Authentication (publickey) successful!
2025-11-21 13:15:32.227 66175 INFO tempest.lib.common.ssh [-] ssh connection to cirros@10.180.180.202 successfully created
2025-11-21 13:15:32.264 66147 INFO tempest.lib.common.rest_client [req-c8968903-4e0d-4f27-b70c-34d779502fd4 req-c8968903-4e0d-4f27-b70c-34d779502fd4 ] Request (ServerActionsTestJSON:setUpClass): 200 PUT http://10.180.1.21/networking/v2.0/routers/bb5df488-3e4f-464c-9a2e-d5521b3530e5/add_router_interface 1.492s
2025-11-21 13:15:32.264 66147 INFO tempest.lib.common.dynamic_creds [-] Created isolated network resources for: credentials: Credentials: {'domain_id': 'default', 'domain_name': 'Default', 'username': 'tempest-ServerActionsTestJSON-1163233672-project-member', 'project_domain_id': 'default', 'project_domain_name': 'Default', 'project_id': 'c4c2ab2b80c04c38bfb4c7cafac87fe6', 'project_name': 'tempest-ServerActionsTestJSON-1163233672', 'tenant_id': 'c4c2ab2b80c04c38bfb4c7cafac87fe6', 'tenant_name': 'tempest-ServerActionsTestJSON-1163233672', 'user_domain_id': 'default', 'user_domain_name': 'Default', 'user_id': 'b15f650508f844388197b63e6fee78a1', 'system': None}, Network: {'id': '8fa470bd-5fff-4b6d-a10b-eec090c62e98', 'name': 'tempest-ServerActionsTestJSON-409468481-network', 'tenant_id': 'c4c2ab2b80c04c38bfb4c7cafac87fe6', 'project_id': 'c4c2ab2b80c04c38bfb4c7cafac87fe6', 'admin_state_up': True, 'mtu': 8950, 'status': 'ACTIVE', 'subnets': [], 'shared': False, 'port_security_enabled': True, 'router:external': False, 'provider:network_type': 'vlan', 'provider:physical_network': 'default', 'provider:segmentation_id': 283, 'availability_zone_hints': [], 'availability_zones': [], 'ipv4_address_scope': None, 'ipv6_address_scope': None, 'description': '', 'tags': [], 'created_at': '2025-11-21T13:15:27Z', 'updated_at': '2025-11-21T13:15:27Z', 'revision_number': 1}, Subnet: {'id': '644d7aa7-ab89-4655-a0de-edf7da5018e2', 'name': 'tempest-ServerActionsTestJSON-409468481-subnet', 'tenant_id': 'c4c2ab2b80c04c38bfb4c7cafac87fe6', 'network_id': '8fa470bd-5fff-4b6d-a10b-eec090c62e98', 'ip_version': 4, 'subnetpool_id': None, 'enable_dhcp': True, 'ipv6_ra_mode': None, 'ipv6_address_mode': None, 'gateway_ip': '192.168.128.1', 'cidr': '192.168.128.0/28', 'allocation_pools': [{'start': '192.168.128.2', 'end': '192.168.128.14'}], 'host_routes': [], 'dns_nameservers': [], 'description': '', 'router:external': False, 'service_types': [], 'tags': [], 'created_at': '2025-11-21T13:15:29Z', 'updated_at': '2025-11-21T13:15:29Z', 'revision_number': 0, 'project_id': 'c4c2ab2b80c04c38bfb4c7cafac87fe6'}, Router: {'id': 'bb5df488-3e4f-464c-9a2e-d5521b3530e5', 'name': 'tempest-ServerActionsTestJSON-409468481-router', 'tenant_id': 'c4c2ab2b80c04c38bfb4c7cafac87fe6', 'admin_state_up': True, 'status': 'ACTIVE', 'external_gateway_info': {'network_id': '58fb60e0-57b3-4509-b27d-015f00693b2d', 'external_fixed_ips': [{'subnet_id': '951e150f-8e3d-4c15-92c1-ce20ba044fcc', 'ip_address': '10.180.180.145'}], 'enable_snat': True}, 'description': '', 'availability_zones': [], 'distributed': False, 'ha': False, 'availability_zone_hints': [], 'routes': [], 'flavor_id': None, 'tags': [], 'created_at': '2025-11-21T13:15:30Z', 'updated_at': '2025-11-21T13:15:30Z', 'revision_number': 2, 'project_id': 'c4c2ab2b80c04c38bfb4c7cafac87fe6'}
2025-11-21 13:15:32.406 66147 INFO tempest.lib.common.rest_client [req-7a751fb4-f54e-4e41-b7cd-1b4ededfa525 req-7a751fb4-f54e-4e41-b7cd-1b4ededfa525 ] Request (ServerActionsTestJSON:setUpClass): 201 POST http://10.180.1.21/identity/v3/auth/tokens 0.137s
2025-11-21 13:15:32.561 66119 WARNING tempest.lib.common.ssh [-] Failed to establish authenticated ssh connection to cirros@10.180.180.217 ([Errno None] Unable to connect to port 22 on 10.180.180.217). Number attempts: 3. Retry after 4 seconds.: paramiko.ssh_exception.NoValidConnectionsError: [Errno None] Unable to connect to port 22 on 10.180.180.217
2025-11-21 13:15:32.682 66133 INFO tempest.lib.common.rest_client [req-d1b171c5-49fa-4af9-b867-f9996b352526 req-d1b171c5-49fa-4af9-b867-f9996b352526 ] Request (VolumesAdminNegativeTest:tearDownClass): 204 DELETE http://10.180.1.21/networking/v2.0/networks/b386f8af-e1bb-4d47-8e97-5bf03a5c9af1 1.390s
2025-11-21 13:15:32.858 66149 INFO tempest.lib.common.rest_client [req-2bf26d1f-263c-4208-a595-33a80fd2265a req-2bf26d1f-263c-4208-a595-33a80fd2265a ] Request (ServersTestMultiNic:test_verify_duplicate_network_nics): 200 GET http://10.180.1.21/compute/v2.1/servers/483765b5-c63c-4aac-9082-519bbc4e6eb5 14.224s
2025-11-21 13:15:32.865 66149 INFO tempest.common.waiters [-] State transition "BUILD/spawning" ==> "ACTIVE/None" after 50 second wait
2025-11-21 13:15:33.329 66135 WARNING tempest.lib.common.ssh [-] Failed to establish authenticated ssh connection to cirros@10.180.180.169 ([Errno None] Unable to connect to port 22 on 10.180.180.169). Number attempts: 7. Retry after 8 seconds.: paramiko.ssh_exception.NoValidConnectionsError: [Errno None] Unable to connect to port 22 on 10.180.180.169
2025-11-21 13:15:33.567 66133 INFO tempest.lib.common.rest_client [req-d080678b-375b-466d-aeb5-8c9c25e205f5 req-d080678b-375b-466d-aeb5-8c9c25e205f5 ] Request (VolumesAdminNegativeTest:tearDownClass): 200 PUT http://10.180.1.21/networking/v2.0/routers/fd9b6d80-7b0e-4c9a-9704-7e6ced952dbf/remove_router_interface 0.885s
2025-11-21 13:15:33.745 66139 INFO tempest.lib.common.rest_client [req-e3b35981-4402-452c-b7a2-89ec8518f389 req-e3b35981-4402-452c-b7a2-89ec8518f389 ] Request (MigrationsAdminTest:test_list_migrations_in_flavor_resize_situation): 200 GET http://10.180.1.21/compute/v2.1/servers/83fa942b-a195-4bcb-9ed5-5bb6764220a4 14.991s
2025-11-21 13:15:33.755 66139 INFO tempest.common.waiters [-] State transition "RESIZE/resize_finish" ==> "VERIFY_RESIZE/None" after 51 second wait
2025-11-21 13:15:33.882 66127 INFO tempest.lib.common.rest_client [req-c63cac9e-e802-4e80-b29c-0fecadd316fc req-c63cac9e-e802-4e80-b29c-0fecadd316fc ] Request (QuotaClassesAdmin257Test:test_update_default_quotas): 200 GET http://10.180.1.21/compute/v2.1/os-quota-class-sets/default 14.915s
2025-11-21 13:15:33.906 66117 INFO tempest.lib.common.rest_client [req-298f0720-7e76-4766-86a6-7966c6354e03 req-298f0720-7e76-4766-86a6-7966c6354e03 ] Request (AggregatesAdminNegativeTestJSON:test_aggregate_remove_host_as_user): 200 POST http://10.180.1.21/compute/v2.1/os-aggregates 14.844s
2025-11-21 13:15:34.242 66133 INFO tempest.lib.common.rest_client [req-3ee38e61-0204-4b1e-9f9a-c7d0f8e24fed req-3ee38e61-0204-4b1e-9f9a-c7d0f8e24fed ] Request (VolumesAdminNegativeTest:tearDownClass): 204 DELETE http://10.180.1.21/networking/v2.0/routers/fd9b6d80-7b0e-4c9a-9704-7e6ced952dbf 0.674s
2025-11-21 13:15:34.273 66123 INFO tempest.lib.common.rest_client [req-34b4b6f2-5dc4-4cc4-960f-fe4ca3ec24b1 req-34b4b6f2-5dc4-4cc4-960f-fe4ca3ec24b1 ] Request (InstanceActionsV221TestJSON:test_get_list_deleted_instance_actions): 200 GET http://10.180.1.21/compute/v2.1/servers/a2010738-759b-480a-8360-2639788056b1 15.352s
2025-11-21 13:15:34.282 66123 INFO tempest.common.waiters [-] State transition "BUILD/spawning" ==> "ACTIVE/None" after 51 second wait
2025-11-21 13:15:34.310 66115 INFO tempest.lib.common.rest_client [req-4d74bdf2-46c9-4630-b8b2-10b0e7b3a588 req-4d74bdf2-46c9-4630-b8b2-10b0e7b3a588 ] Request (ServersAdminNegativeTestJSON:test_reset_state_server_nonexistent_server): 404 POST http://10.180.1.21/compute/v2.1/servers/999/action 14.324s
2025-11-21 13:15:34.328 66158 INFO tempest.lib.common.rest_client [req-a55ab576-bf27-4ab9-b465-2168e7a017fd req-a55ab576-bf27-4ab9-b465-2168e7a017fd ] Request (KeyPairsNegativeTestJSON:test_create_keypair_with_duplicate_name): 202 DELETE http://10.180.1.21/compute/v2.1/os-keypairs/tempest-keypair-1638090972 14.302s
2025-11-21 13:15:34.521 66125 INFO tempest.lib.common.rest_client [req-0a535c0b-f498-4c8d-9064-4f11c4e93e60 req-0a535c0b-f498-4c8d-9064-4f11c4e93e60 ] Request (DeleteServersAdminTestJSON:test_delete_server_while_in_error_state): 200 GET http://10.180.1.21/compute/v2.1/servers/24016efd-cdb3-4c1e-9c08-8643400e729e 14.629s
2025-11-21 13:15:34.529 66125 INFO tempest.common.waiters [-] State transition "BUILD/spawning" ==> "ACTIVE/None" after 48 second wait
2025-11-21 13:15:34.531 66113 INFO tempest.lib.common.rest_client [req-f22c6c4e-a630-4cfc-8396-24975e1cf26b req-f22c6c4e-a630-4cfc-8396-24975e1cf26b ] Request (ServerAddressesTestJSON:setUpClass): 200 GET http://10.180.1.21/compute/v2.1/servers/b6b673e9-0ae1-4c7c-be53-e83641063cf8 13.543s
2025-11-21 13:15:34.563 66133 INFO tempest.lib.common.rest_client [req-e86b615d-fc84-442d-9f86-75f8cb691432 req-e86b615d-fc84-442d-9f86-75f8cb691432 ] Request (VolumesAdminNegativeTest:tearDownClass): 204 DELETE http://10.180.1.21/networking/v2.0/subnets/f37edb4e-28a3-4175-8302-15f51afae037 0.321s
2025-11-21 13:15:34.889 66133 INFO tempest.lib.common.rest_client [req-f51e262e-6fee-4670-87a3-9e2d1e670f50 req-f51e262e-6fee-4670-87a3-9e2d1e670f50 ] Request (VolumesAdminNegativeTest:tearDownClass): 204 DELETE http://10.180.1.21/networking/v2.0/networks/9805eb70-7cc5-4c67-9f75-18cbb86a77d0 0.325s
2025-11-21 13:15:34.914 66129 INFO tempest.lib.common.rest_client [req-6ee9c7b7-5892-4ddb-837d-e4387690782d req-6ee9c7b7-5892-4ddb-837d-e4387690782d ] Request (ServerAddressesNegativeTestJSON:tearDownClass): 200 GET http://10.180.1.21/compute/v2.1/servers/83b637d8-b9fa-4159-b879-c1d737871539 13.536s
2025-11-21 13:15:34.968 66153 INFO tempest.lib.common.rest_client [req-336cdf7c-a2ee-4157-92b8-8180339d39f3 req-336cdf7c-a2ee-4157-92b8-8180339d39f3 ] Request (ServersAdminTestJSON:test_create_server_with_scheduling_hint): 200 GET http://10.180.1.21/compute/v2.1/servers/9e007d55-0a5c-4469-a546-9b18e188bea0 12.790s
2025-11-21 13:15:34.975 66153 INFO tempest.common.waiters [-] State transition "BUILD/None" ==> "BUILD/spawning" after 36 second wait
2025-11-21 13:15:35.678 66133 INFO tempest.lib.common.rest_client [req-d4546905-e5a5-4ebb-9772-90919d2e7429 req-d4546905-e5a5-4ebb-9772-90919d2e7429 ] Request (VolumesAdminNegativeTest:tearDownClass): 200 PUT http://10.180.1.21/networking/v2.0/routers/e01f64f6-779d-4d65-9543-4b79d1cb80f5/remove_router_interface 0.789s
2025-11-21 13:15:35.736 66163 INFO tempest.lib.common.rest_client [req-cf086027-cd14-492a-9171-84eb287e2d81 req-cf086027-cd14-492a-9171-84eb287e2d81 ] Request (ServerDiagnosticsTest:tearDownClass): 200 GET http://10.180.1.21/compute/v2.1/servers/28ccc013-962d-4607-83a2-5fcd480c27b2 13.496s
2025-11-21 13:15:35.746 66163 INFO tempest.common.waiters [-] State transition "ACTIVE/deleting" ==> "DELETED/None" after 14 second wait
2025-11-21 13:15:36.243 66173 INFO tempest.lib.common.rest_client [req-feaec6de-5a34-4985-b516-8b83606eac9d req-feaec6de-5a34-4985-b516-8b83606eac9d ] Request (ServersAdmin275Test:_run_cleanups): 200 GET http://10.180.1.21/compute/v2.1/servers/24379189-b10a-4ef6-a3f6-b7bb43029dab 12.516s
2025-11-21 13:15:36.260 66133 INFO tempest.lib.common.rest_client [req-fa4422cd-7d78-48f9-85a5-62a423501d2b req-fa4422cd-7d78-48f9-85a5-62a423501d2b ] Request (VolumesAdminNegativeTest:tearDownClass): 204 DELETE http://10.180.1.21/networking/v2.0/routers/e01f64f6-779d-4d65-9543-4b79d1cb80f5 0.581s
2025-11-21 13:15:36.260 66173 INFO tempest.common.waiters [-] State transition "REBUILD/rebuild_spawning" ==> "ACTIVE/None" after 19 second wait
2025-11-21 13:15:36.546 66133 INFO tempest.lib.common.rest_client [req-84312110-d760-4da9-be24-802d31f66af1 req-84312110-d760-4da9-be24-802d31f66af1 ] Request (VolumesAdminNegativeTest:tearDownClass): 204 DELETE http://10.180.1.21/networking/v2.0/subnets/8de73b6c-8da7-43d2-bb33-663b265241fb 0.284s
2025-11-21 13:15:36.836 66133 INFO tempest.lib.common.rest_client [req-dd2a2b39-e717-4dda-ae96-3ccb4d6ae03e req-dd2a2b39-e717-4dda-ae96-3ccb4d6ae03e ] Request (VolumesAdminNegativeTest:tearDownClass): 204 DELETE http://10.180.1.21/networking/v2.0/networks/2aa26cb6-1c75-4078-9ea8-7d5f47a522d2 0.289s
2025-11-21 13:15:36.950 66133 INFO tempest.lib.common.rest_client [req-2f04bdf8-6cc4-4485-b78f-9404a65a3b15 req-2f04bdf8-6cc4-4485-b78f-9404a65a3b15 ] Request (VolumesAdminNegativeTest:tearDownClass): 204 DELETE http://10.180.1.21/identity/v3/users/68dfe33c4ea24a2e92287db5e8a54d40 0.113s
2025-11-21 13:15:37.014 66151 INFO tempest.lib.common.rest_client [req-0e3d3654-db7f-428d-be07-0e0e81b9172d req-0e3d3654-db7f-428d-be07-0e0e81b9172d ] Request (ServerRescueNegativeTestJSON:setUpClass): 202 POST http://10.180.1.21/compute/v2.1/servers 14.501s
2025-11-21 13:15:37.054 66133 INFO tempest.lib.common.rest_client [req-b6fdc044-81c6-48bc-ab4f-25105a169818 req-b6fdc044-81c6-48bc-ab4f-25105a169818 ] Request (VolumesAdminNegativeTest:tearDownClass): 204 DELETE http://10.180.1.21/identity/v3/users/4611eb867d254be18c1a2391a2e2387b 0.104s
2025-11-21 13:15:37.150 66133 INFO tempest.lib.common.rest_client [req-583c541c-63a7-41e7-b8e4-68b404b4fc0b req-583c541c-63a7-41e7-b8e4-68b404b4fc0b ] Request (VolumesAdminNegativeTest:tearDownClass): 204 DELETE http://10.180.1.21/identity/v3/users/757710148e4b4da5a093f92a5bdd97c3 0.095s
2025-11-21 13:15:37.150 66133 INFO tempest.lib.common.dynamic_creds [-] Deleting project and security group for project: e39d92f8c2ec493da4d97ea8ee3b69d8
2025-11-21 13:15:37.201 66133 INFO tempest.lib.common.rest_client [req-b9819a80-5f59-4d37-9d53-92591f9e42e2 req-b9819a80-5f59-4d37-9d53-92591f9e42e2 ] Request (VolumesAdminNegativeTest:tearDownClass): 200 GET http://10.180.1.21/networking/v2.0/security-groups?tenant_id=e39d92f8c2ec493da4d97ea8ee3b69d8&name=default 0.050s
2025-11-21 13:15:37.327 66133 INFO tempest.lib.common.rest_client [req-961941c0-6795-43c4-9201-720239307584 req-961941c0-6795-43c4-9201-720239307584 ] Request (VolumesAdminNegativeTest:tearDownClass): 204 DELETE http://10.180.1.21/networking/v2.0/security-groups/4ea8b599-9b12-4dfa-a0c0-1b3e31c0151a 0.125s
2025-11-21 13:15:37.441 66133 INFO tempest.lib.common.rest_client [req-405f78b9-ff08-40d7-a9b7-49e57e25012d req-405f78b9-ff08-40d7-a9b7-49e57e25012d ] Request (VolumesAdminNegativeTest:tearDownClass): 204 DELETE http://10.180.1.21/identity/v3/projects/e39d92f8c2ec493da4d97ea8ee3b69d8 0.114s
2025-11-21 13:15:37.441 66133 INFO tempest.lib.common.dynamic_creds [-] Deleting project and security group for project: bdc5591f5fd643b7a836022e19f60b52
2025-11-21 13:15:37.528 66133 INFO tempest.lib.common.rest_client [req-2ae3f4dd-6808-46de-b421-294a2efb9037 req-2ae3f4dd-6808-46de-b421-294a2efb9037 ] Request (VolumesAdminNegativeTest:tearDownClass): 200 GET http://10.180.1.21/networking/v2.0/security-groups?tenant_id=bdc5591f5fd643b7a836022e19f60b52&name=default 0.086s
2025-11-21 13:15:37.711 66133 INFO tempest.lib.common.rest_client [req-7216a30f-a0c5-4444-8273-8f24922be124 req-7216a30f-a0c5-4444-8273-8f24922be124 ] Request (VolumesAdminNegativeTest:tearDownClass): 204 DELETE http://10.180.1.21/networking/v2.0/security-groups/ac1bb8f8-8a22-4520-aa7d-a124c70d8303 0.183s
2025-11-21 13:15:37.834 66133 INFO tempest.lib.common.rest_client [req-740c366f-51d7-488d-825e-8a378eb998e5 req-740c366f-51d7-488d-825e-8a378eb998e5 ] Request (VolumesAdminNegativeTest:tearDownClass): 204 DELETE http://10.180.1.21/identity/v3/projects/bdc5591f5fd643b7a836022e19f60b52 0.122s
2025-11-21 13:15:37.834 66133 INFO tempest.lib.common.dynamic_creds [-] Deleting project and security group for project: e7afe24a8aa94f64a7d8101c776ff1d6
2025-11-21 13:15:37.951 66145 INFO tempest.lib.common.rest_client [req-47c63908-9832-4b9a-93ee-d6d60c7eaee9 req-47c63908-9832-4b9a-93ee-d6d60c7eaee9 ] Request (VolumesAssistedSnapshotsTest:test_volume_assisted_snapshot_create_delete): 200 POST http://10.180.1.21/compute/v2.1/servers/e60efbcd-1c4e-40a1-8bc1-893daa511073/os-volume_attachments 13.513s
2025-11-21 13:15:37.985 66145 INFO tempest.lib.common.rest_client [req-48889f8c-dd0a-4455-aa27-b9f9a75ee46f req-48889f8c-dd0a-4455-aa27-b9f9a75ee46f ] Request (VolumesAssistedSnapshotsTest:test_volume_assisted_snapshot_create_delete): 200 GET http://10.180.1.21/volume/v3/volumes/34e992c3-1078-4a20-bf5f-0781ef54676c 0.032s
2025-11-21 13:15:38.248 66133 INFO tempest.lib.common.rest_client [req-cd09f50c-d983-45f6-8791-c1fea8d299e7 req-cd09f50c-d983-45f6-8791-c1fea8d299e7 ] Request (VolumesAdminNegativeTest:tearDownClass): 200 GET http://10.180.1.21/networking/v2.0/security-groups?tenant_id=e7afe24a8aa94f64a7d8101c776ff1d6&name=default 0.413s
2025-11-21 13:15:38.317 66121 INFO tempest.lib.common.rest_client [req-adb2aa75-f56c-4ca3-beb4-c2ef90c3e39c req-adb2aa75-f56c-4ca3-beb4-c2ef90c3e39c ] Request (MultipleCreateTestJSON:test_multiple_create): 202 POST http://10.180.1.21/compute/v2.1/servers 12.791s
2025-11-21 13:15:38.433 66137 INFO tempest.lib.common.rest_client [req-b2871681-f5da-4bba-8636-80d4aafa3232 req-b2871681-f5da-4bba-8636-80d4aafa3232 ] Request (FloatingIPDetailsTestJSON:test_list_floating_ips): 200 GET http://10.180.1.21/compute/v2.1/os-floating-ips 11.860s
2025-11-21 13:15:38.467 66133 INFO tempest.lib.common.rest_client [req-3d3a7e61-e98f-41f3-961d-6b5245b6f8a7 req-3d3a7e61-e98f-41f3-961d-6b5245b6f8a7 ] Request (VolumesAdminNegativeTest:tearDownClass): 204 DELETE http://10.180.1.21/networking/v2.0/security-groups/e6b775cf-bf96-47dc-81d9-1c372d489b51 0.219s
2025-11-21 13:15:38.471 66162 INFO tempest.lib.common.rest_client [req-84676414-1f73-4574-9357-b992cc1e4966 req-84676414-1f73-4574-9357-b992cc1e4966 ] Request (ListImageFiltersTestJSON:setUpClass): 200 GET http://10.180.1.21/compute/v2.1/images/5d239a96-4a8b-4c0b-9fb8-9a8bc7519451 9.437s
2025-11-21 13:15:38.489 66143 INFO tempest.lib.common.rest_client [req-679cc21f-0ce0-419c-b5af-d35dee78d401 req-679cc21f-0ce0-419c-b5af-d35dee78d401 ] Request (ServerDiskConfigTestJSON:test_rebuild_server_with_manual_disk_config): 200 GET http://10.180.1.21/compute/v2.1/servers/8a7f1d79-97ac-4503-a4ed-c99e4f6718c9 10.131s
2025-11-21 13:15:38.640 66133 INFO tempest.lib.common.rest_client [req-73b42ab6-ffe4-4ebc-bafd-4fe593ee9900 req-73b42ab6-ffe4-4ebc-bafd-4fe593ee9900 ] Request (VolumesAdminNegativeTest:tearDownClass): 204 DELETE http://10.180.1.21/identity/v3/projects/e7afe24a8aa94f64a7d8101c776ff1d6 0.173s
2025-11-21 13:15:38.690 66171 INFO tempest.lib.common.rest_client [req-f5c0eff9-98dc-4529-9f6f-3b5afcb6dd33 req-f5c0eff9-98dc-4529-9f6f-3b5afcb6dd33 ] Request (ListServersNegativeTestJSON:setUpClass): 200 GET http://10.180.1.21/compute/v2.1/servers/03073968-e679-4ce5-9f84-c4765217b308 9.391s
2025-11-21 13:15:38.700 66171 INFO tempest.common.waiters [-] State transition "BUILD/None" ==> "BUILD/spawning" after 25 second wait
2025-11-21 13:15:38.715 66167 INFO tempest.lib.common.rest_client [req-06c9eebb-94cd-40b7-99da-55052c6c2460 req-06c9eebb-94cd-40b7-99da-55052c6c2460 ] Request (ServerTagsTestJSON:test_delete_all_tags): 200 GET http://10.180.1.21/compute/v2.1/servers/e48a075b-41b3-4612-bd5f-0a158d707a2f/tags 9.215s
2025-11-21 13:15:38.731 66133 INFO tempest.lib.common.rest_client [req-d8715a0f-df35-4cdd-8f05-8162f55b9f89 req-d8715a0f-df35-4cdd-8f05-8162f55b9f89 ] Request (ImagesOneServerNegativeTestJSON:setUpClass): 201 POST http://10.180.1.21/identity/v3/auth/tokens 0.089s
2025-11-21 13:15:38.781 66133 INFO tempest.lib.common.rest_client [req-20e04490-dd08-4f72-9232-70d3e3755ca6 req-20e04490-dd08-4f72-9232-70d3e3755ca6 ] Request (ImagesOneServerNegativeTestJSON:setUpClass): 201 POST http://10.180.1.21/identity/v3/auth/tokens 0.047s
2025-11-21 13:15:38.815 66133 INFO tempest.lib.common.rest_client [req-75309e4d-88a1-4941-9314-35e69d99f5d0 req-75309e4d-88a1-4941-9314-35e69d99f5d0 ] Request (ImagesOneServerNegativeTestJSON:setUpClass): 200 GET http://10.180.1.21/identity/v3/domains?name=Default 0.034s
2025-11-21 13:15:38.832 66155 INFO tempest.lib.common.rest_client [req-5d395c01-cf4c-4a7c-8f65-cf81035310da req-5d395c01-cf4c-4a7c-8f65-cf81035310da ] Request (SecurityGroupRulesNegativeTestJSON:test_create_security_group_rule_duplicate): 200 POST http://10.180.1.21/compute/v2.1/os-security-groups 9.414s
2025-11-21 13:15:38.869 66133 INFO tempest.lib.common.rest_client [req-190d5ca3-f532-454e-b57f-bf6a1ca9e570 req-190d5ca3-f532-454e-b57f-bf6a1ca9e570 ] Request (ImagesOneServerNegativeTestJSON:setUpClass): 201 POST http://10.180.1.21/identity/v3/projects 0.054s
2025-11-21 13:15:38.891 66131 INFO tempest.lib.common.rest_client [req-d7a6584a-35ee-4dd1-854f-7990b14d1d5e req-d7a6584a-35ee-4dd1-854f-7990b14d1d5e ] Request (ImagesNegativeTestJSON:test_create_image_from_deleted_server): 200 GET http://10.180.1.21/compute/v2.1/servers/2bd02c6d-a139-4259-8b28-eed5efc5d094 8.444s
2025-11-21 13:15:38.902 66131 INFO tempest.common.waiters [-] State transition "BUILD/None" ==> "BUILD/block_device_mapping" after 21 second wait
2025-11-21 13:15:38.983 66133 INFO tempest.lib.common.rest_client [req-54c7c6f8-66ba-45fc-ac4b-79efc7782946 req-54c7c6f8-66ba-45fc-ac4b-79efc7782946 ] Request (ImagesOneServerNegativeTestJSON:setUpClass): 201 POST http://10.180.1.21/identity/v3/users 0.113s
2025-11-21 13:15:39.010 66133 INFO tempest.lib.common.rest_client [req-8d76accf-6d84-45ea-a69c-26ce3507da44 req-8d76accf-6d84-45ea-a69c-26ce3507da44 ] Request (ImagesOneServerNegativeTestJSON:setUpClass): 200 GET http://10.180.1.21/identity/v3/roles 0.026s
2025-11-21 13:15:39.025 66169 INFO tempest.lib.common.rest_client [req-3df95a89-2341-4c85-8c1d-d9e3b5f97fc9 req-3df95a89-2341-4c85-8c1d-d9e3b5f97fc9 ] Request (ServersTestFqdnHostnames:test_create_server_with_fqdn_name): 200 GET http://10.180.1.21/compute/v2.1/servers/0addcbb1-3561-4c93-b714-37e6b613b962/os-interface 7.619s
2025-11-21 13:15:39.034 66145 INFO tempest.lib.common.rest_client [req-69768737-4703-4584-98de-8bab35a4f466 req-69768737-4703-4584-98de-8bab35a4f466 ] Request (VolumesAssistedSnapshotsTest:test_volume_assisted_snapshot_create_delete): 200 GET http://10.180.1.21/volume/v3/volumes/34e992c3-1078-4a20-bf5f-0781ef54676c 0.041s
2025-11-21 13:15:39.046 66133 INFO tempest.lib.common.rest_client [req-030e4346-89aa-4ebd-bd68-908efa87f7be req-030e4346-89aa-4ebd-bd68-908efa87f7be ] Request (ImagesOneServerNegativeTestJSON:setUpClass): 204 PUT http://10.180.1.21/identity/v3/projects/3216444936b0444184f3cbb1497fffc6/users/f3acf0a8cd564f81914c7f95a3c4dce1/roles/1f132b855c66456590329874c5f50341 0.036s
2025-11-21 13:15:39.046 66133 INFO tempest.lib.common.dynamic_creds [-] Dynamic test user f3acf0a8cd564f81914c7f95a3c4dce1 is created with scope project and roles: ['member']
2025-11-21 13:15:39.046 66133 INFO tempest.lib.common.dynamic_creds [-] Acquired dynamic creds: credentials: Credentials: {'domain_id': 'default', 'domain_name': 'Default', 'username': 'tempest-ImagesOneServerNegativeTestJSON-1131823398-project-member', 'project_domain_id': 'default', 'project_domain_name': 'Default', 'project_id': '3216444936b0444184f3cbb1497fffc6', 'project_name': 'tempest-ImagesOneServerNegativeTestJSON-1131823398', 'tenant_id': '3216444936b0444184f3cbb1497fffc6', 'tenant_name': 'tempest-ImagesOneServerNegativeTestJSON-1131823398', 'user_domain_id': 'default', 'user_domain_name': 'Default', 'user_id': 'f3acf0a8cd564f81914c7f95a3c4dce1', 'system': None}, Network: None, Subnet: None, Router: None
2025-11-21 13:15:39.148 66133 INFO tempest.lib.common.rest_client [req-52a56ad7-e675-48dc-81f1-b72837c4beb0 req-52a56ad7-e675-48dc-81f1-b72837c4beb0 ] Request (ImagesOneServerNegativeTestJSON:setUpClass): 201 POST http://10.180.1.21/identity/v3/auth/tokens 0.101s
2025-11-21 13:15:39.571 66169 INFO tempest.lib.common.rest_client [req-cb9a0110-3a0e-4e54-814b-40ca0fc10cb2 req-cb9a0110-3a0e-4e54-814b-40ca0fc10cb2 ] Request (ServersTestFqdnHostnames:test_create_server_with_fqdn_name): 200 PUT http://10.180.1.21/networking/v2.0/floatingips/3825244f-8213-499b-b925-4face89aad00 0.544s
2025-11-21 13:15:39.573 66169 INFO tempest.lib.common.ssh [-] Creating ssh connection to '10.180.180.248:22' as 'cirros' with public key authentication
2025-11-21 13:15:39.654 66141 INFO tempest.lib.common.rest_client [req-7d6555b4-b0e7-41c9-b2cd-b96c13ccfd18 req-7d6555b4-b0e7-41c9-b2cd-b96c13ccfd18 ] Request (SecurityGroupsNegativeTestJSON:test_delete_nonexistent_security_group): 404 DELETE http://10.180.1.21/compute/v2.1/os-security-groups/24e6a1aa-fe3e-44a0-af8e-4f73cd3f8c19 8.929s
2025-11-21 13:15:39.963 66133 INFO tempest.lib.common.rest_client [req-33e4ae13-2a05-418c-b5ee-fbbb800036a2 req-33e4ae13-2a05-418c-b5ee-fbbb800036a2 ] Request (ImagesOneServerNegativeTestJSON:setUpClass): 201 POST http://10.180.1.21/networking/v2.0/networks 0.815s
2025-11-21 13:15:40.086 66145 INFO tempest.lib.common.rest_client [req-54176892-e8e2-4a2a-83a5-2a94f34f7e44 req-54176892-e8e2-4a2a-83a5-2a94f34f7e44 ] Request (VolumesAssistedSnapshotsTest:test_volume_assisted_snapshot_create_delete): 200 GET http://10.180.1.21/volume/v3/volumes/34e992c3-1078-4a20-bf5f-0781ef54676c 0.040s
2025-11-21 13:15:40.087 66165 INFO tempest.lib.common.rest_client [req-d7d0598f-30ac-49e6-8a65-a28fe155bd7b req-d7d0598f-30ac-49e6-8a65-a28fe155bd7b ] Request (ServerExternalEventsTest:test_create_server_external_events): 200 GET http://10.180.1.21/compute/v2.1/servers/8eb65797-072b-4a7e-853d-26c0adc51bb2 8.320s
2025-11-21 13:15:40.099 66165 INFO tempest.common.waiters [-] State transition "BUILD/spawning" ==> "ACTIVE/None" after 48 second wait
2025-11-21 13:15:40.178 66119 WARNING tempest.lib.common.ssh [-] Failed to establish authenticated ssh connection to cirros@10.180.180.217 ([Errno None] Unable to connect to port 22 on 10.180.180.217). Number attempts: 4. Retry after 5 seconds.: paramiko.ssh_exception.NoValidConnectionsError: [Errno None] Unable to connect to port 22 on 10.180.180.217
2025-11-21 13:15:40.229 66147 INFO tempest.lib.common.rest_client [req-9b1575d5-f9ae-4304-9c8a-0fd9d1595914 req-9b1575d5-f9ae-4304-9c8a-0fd9d1595914 ] Request (ServerActionsTestJSON:setUpClass): 200 POST http://10.180.1.21/compute/v2.1/os-keypairs 7.821s
2025-11-21 13:15:40.268 66149 INFO tempest.lib.common.rest_client [req-9a0d12f9-70a1-468e-b837-2624a92633a7 req-9a0d12f9-70a1-468e-b837-2624a92633a7 ] Request (ServersTestMultiNic:test_verify_duplicate_network_nics): 200 GET http://10.180.1.21/compute/v2.1/servers/483765b5-c63c-4aac-9082-519bbc4e6eb5/ips 7.403s
2025-11-21 13:15:40.342 66139 INFO tempest.lib.common.rest_client [req-5e4e699b-1d64-4916-92c8-7aac6f92b958 req-5e4e699b-1d64-4916-92c8-7aac6f92b958 ] Request (MigrationsAdminTest:test_list_migrations_in_flavor_resize_situation): 204 POST http://10.180.1.21/compute/v2.1/servers/83fa942b-a195-4bcb-9ed5-5bb6764220a4/action 6.587s
2025-11-21 13:15:40.394 66133 INFO tempest.lib.common.rest_client [req-5db75dcc-d063-41a2-9e7a-303fafa7946e req-5db75dcc-d063-41a2-9e7a-303fafa7946e ] Request (ImagesOneServerNegativeTestJSON:setUpClass): 201 POST http://10.180.1.21/networking/v2.0/subnets 0.430s
2025-11-21 13:15:40.450 66127 INFO tempest.lib.common.rest_client [req-eed804f3-e91b-4023-af6f-34da3fea8776 req-eed804f3-e91b-4023-af6f-34da3fea8776 ] Request (QuotaClassesAdmin257Test:test_update_default_quotas): 200 PUT http://10.180.1.21/compute/v2.1/os-quota-class-sets/default 6.566s
2025-11-21 13:15:40.485 66175 INFO tempest.lib.common.rest_client [req-ab77fcc7-4c20-49f5-865b-e44c7f272ddb req-ab77fcc7-4c20-49f5-865b-e44c7f272ddb ] Request (ServerActionsTestOtherA:setUp): 200 GET http://10.180.1.21/compute/v2.1/servers/37aadd44-79e8-4479-862f-265549c9d802 8.257s
2025-11-21 13:15:40.578 66123 INFO tempest.lib.common.rest_client [req-8dac48f6-b505-4eb8-ac49-e9db0e95df99 req-8dac48f6-b505-4eb8-ac49-e9db0e95df99 ] Request (InstanceActionsV221TestJSON:test_get_list_deleted_instance_actions): 204 DELETE http://10.180.1.21/compute/v2.1/servers/a2010738-759b-480a-8360-2639788056b1 6.294s
2025-11-21 13:15:40.585 66158 INFO tempest.lib.common.rest_client [req-93a4da1e-e7f1-4a29-8298-e4bfb4b683c8 req-93a4da1e-e7f1-4a29-8298-e4bfb4b683c8 ] Request (KeyPairsNegativeTestJSON:test_create_keypair_with_empty_name_string): 400 POST http://10.180.1.21/compute/v2.1/os-keypairs 6.254s
2025-11-21 13:15:40.589 66175 INFO tempest.lib.common.rest_client [req-e1f68bb8-9fcc-42d4-a7cc-48427e7cc25e req-e1f68bb8-9fcc-42d4-a7cc-48427e7cc25e ] Request (ServerActionsTestOtherA:test_rebuild_server_in_stop_state): 201 POST http://10.180.1.21/identity/v3/auth/tokens 0.089s
2025-11-21 13:15:40.589 66175 INFO tempest.lib.common.fixed_network [-] (ServerActionsTestOtherA:test_rebuild_server_in_stop_state) Found network {'id': '7bb66c9e-ab1e-4bb1-9b58-929677c55efb', 'name': 'tempest-ServerActionsTestOtherA-2115206624-network', 'tenant_id': 'e114eef3998848699a9a086fee86db29', 'project_id': 'e114eef3998848699a9a086fee86db29', 'admin_state_up': True, 'mtu': 8950, 'status': 'ACTIVE', 'subnets': [], 'shared': False, 'port_security_enabled': True, 'router:external': False, 'provider:network_type': 'vlan', 'provider:physical_network': 'default', 'provider:segmentation_id': 544, 'availability_zone_hints': [], 'availability_zones': [], 'ipv4_address_scope': None, 'ipv6_address_scope': None, 'description': '', 'tags': [], 'created_at': '2025-11-21T13:13:48Z', 'updated_at': '2025-11-21T13:13:48Z', 'revision_number': 1} available for tenant
2025-11-21 13:15:40.605 66117 INFO tempest.lib.common.rest_client [req-77d8a15f-9412-45f5-b74d-443406a5bc60 req-77d8a15f-9412-45f5-b74d-443406a5bc60 ] Request (AggregatesAdminNegativeTestJSON:test_aggregate_remove_host_as_user): 200 POST http://10.180.1.21/compute/v2.1/os-aggregates/7/action 6.697s
2025-11-21 13:15:40.632 66147 INFO tempest.lib.common.rest_client [req-e854ef49-6659-4fbf-8619-a4abf70f66b5 req-e854ef49-6659-4fbf-8619-a4abf70f66b5 ] Request (ServerActionsTestJSON:setUpClass): 201 POST http://10.180.1.21/networking/v2.0/security-groups 0.401s
2025-11-21 13:15:40.671 66125 INFO tempest.lib.common.rest_client [req-c287e514-90df-4df5-b39a-85ee047b441b req-c287e514-90df-4df5-b39a-85ee047b441b ] Request (DeleteServersAdminTestJSON:test_delete_server_while_in_error_state): 202 POST http://10.180.1.21/compute/v2.1/servers/24016efd-cdb3-4c1e-9c08-8643400e729e/action 6.142s
2025-11-21 13:15:40.788 66147 INFO tempest.lib.common.rest_client [req-b4a22de2-4a53-42bb-a98d-b0d676f6f65f req-b4a22de2-4a53-42bb-a98d-b0d676f6f65f ] Request (ServerActionsTestJSON:setUpClass): 201 POST http://10.180.1.21/networking/v2.0/security-group-rules 0.155s
2025-11-21 13:15:40.862 66129 INFO tempest.lib.common.rest_client [req-ecacb393-7f78-4341-9bb5-0ada7584c4e9 req-ecacb393-7f78-4341-9bb5-0ada7584c4e9 ] Request (ServerAddressesNegativeTestJSON:tearDownClass): 200 GET http://10.180.1.21/compute/v2.1/servers/83b637d8-b9fa-4159-b879-c1d737871539 4.940s
2025-11-21 13:15:40.943 66147 INFO tempest.lib.common.rest_client [req-7845561d-5a10-4bc8-a482-216d1d6da8d5 req-7845561d-5a10-4bc8-a482-216d1d6da8d5 ] Request (ServerActionsTestJSON:setUpClass): 201 POST http://10.180.1.21/networking/v2.0/security-group-rules 0.154s
2025-11-21 13:15:40.977 66113 INFO tempest.lib.common.rest_client [req-7b59eb53-321f-4b62-a632-89103a05844b req-7b59eb53-321f-4b62-a632-89103a05844b ] Request (ServerAddressesTestJSON:setUpClass): 200 GET http://10.180.1.21/compute/v2.1/servers/b6b673e9-0ae1-4c7c-be53-e83641063cf8 5.438s
2025-11-21 13:15:40.984 66113 INFO tempest.common.waiters [-] State transition "BUILD/None" ==> "BUILD/spawning" after 29 second wait
2025-11-21 13:15:41.056 66173 INFO tempest.lib.common.rest_client [req-c6546d70-5d37-4a2c-9665-fd1847a79acb req-c6546d70-5d37-4a2c-9665-fd1847a79acb ] Request (ServersAdmin275Test:tearDownClass): 204 DELETE http://10.180.1.21/compute/v2.1/servers/24379189-b10a-4ef6-a3f6-b7bb43029dab 4.792s
2025-11-21 13:15:41.119 66163 INFO tempest.lib.common.rest_client [req-2de5b9b2-ea66-4b85-b9e5-d5c0a65be7b5 req-2de5b9b2-ea66-4b85-b9e5-d5c0a65be7b5 ] Request (ServerDiagnosticsTest:tearDownClass): 404 GET http://10.180.1.21/compute/v2.1/servers/28ccc013-962d-4607-83a2-5fcd480c27b2 4.371s
2025-11-21 13:15:41.133 66145 INFO tempest.lib.common.rest_client [req-2acdd550-5028-4158-830d-95887784e491 req-2acdd550-5028-4158-830d-95887784e491 ] Request (VolumesAssistedSnapshotsTest:test_volume_assisted_snapshot_create_delete): 200 GET http://10.180.1.21/volume/v3/volumes/34e992c3-1078-4a20-bf5f-0781ef54676c 0.037s
2025-11-21 13:15:41.207 66163 INFO tempest.lib.common.rest_client [req-ff1d10fa-7b34-4add-be8a-95a836c95b5e req-ff1d10fa-7b34-4add-be8a-95a836c95b5e ] Request (ServerDiagnosticsTest:tearDownClass): 204 DELETE http://10.180.1.21/identity/v3/users/cf7d55f5316749d29d99cf06e5cd5267 0.087s
2025-11-21 13:15:41.317 66163 INFO tempest.lib.common.rest_client [req-8dfc7e5d-8e33-41ce-90d1-bab52d7cd887 req-8dfc7e5d-8e33-41ce-90d1-bab52d7cd887 ] Request (ServerDiagnosticsTest:tearDownClass): 204 DELETE http://10.180.1.21/identity/v3/users/a09ff1a4069c47649af8a73080f7f192 0.110s
2025-11-21 13:15:41.317 66163 INFO tempest.lib.common.dynamic_creds [-] Deleting project and security group for project: cfe0dc92ebaa427fb02d92b1ef37a08c
2025-11-21 13:15:41.425 66163 INFO tempest.lib.common.rest_client [req-1a626f45-d9d1-4904-a709-cb4d9c31bebc req-1a626f45-d9d1-4904-a709-cb4d9c31bebc ] Request (ServerDiagnosticsTest:tearDownClass): 201 POST http://10.180.1.21/identity/v3/auth/tokens 0.108s
2025-11-21 13:15:41.440 66133 INFO tempest.lib.common.rest_client [req-69056a41-5302-443c-8e86-fdb1ebc70847 req-69056a41-5302-443c-8e86-fdb1ebc70847 ] Request (ImagesOneServerNegativeTestJSON:setUpClass): 201 POST http://10.180.1.21/networking/v2.0/routers 1.045s
2025-11-21 13:15:41.541 66153 INFO tempest.lib.common.rest_client [req-eaa087b9-04bd-441b-b62d-2600c0d01a24 req-eaa087b9-04bd-441b-b62d-2600c0d01a24 ] Request (ServersAdminTestJSON:test_create_server_with_scheduling_hint): 200 GET http://10.180.1.21/compute/v2.1/servers/9e007d55-0a5c-4469-a546-9b18e188bea0 5.564s
2025-11-21 13:15:41.555 66151 INFO tempest.lib.common.rest_client [req-12cbf03a-c78f-43e1-b0c7-59e9ec436f1c req-12cbf03a-c78f-43e1-b0c7-59e9ec436f1c ] Request (ServerRescueNegativeTestJSON:setUpClass): 200 GET http://10.180.1.21/compute/v2.1/servers/ec1e2845-e73a-40ff-9b6c-1d8281859fba 4.539s
2025-11-21 13:15:41.601 66147 INFO tempest.lib.common.rest_client [req-69c284c7-4355-401f-b907-e272ddb5b53e req-69c284c7-4355-401f-b907-e272ddb5b53e ] Request (ServerActionsTestJSON:setUpClass): 201 POST http://10.180.1.21/networking/v2.0/floatingips 0.658s
2025-11-21 13:15:41.622 66121 INFO tempest.lib.common.rest_client [req-f92acfc6-884f-41c3-b7be-c22387018276 req-f92acfc6-884f-41c3-b7be-c22387018276 ] Request (MultipleCreateTestJSON:test_multiple_create): 200 GET http://10.180.1.21/compute/v2.1/servers 3.303s
2025-11-21 13:15:41.654 66151 INFO tempest.lib.common.rest_client [req-89b15e80-f6a9-49fd-b83e-ada63a5c2c65 req-89b15e80-f6a9-49fd-b83e-ada63a5c2c65 ] Request (ServerRescueNegativeTestJSON:setUpClass): 201 POST http://10.180.1.21/identity/v3/auth/tokens 0.088s
2025-11-21 13:15:41.654 66151 INFO tempest.lib.common.fixed_network [-] (ServerRescueNegativeTestJSON:setUpClass) Found network {'id': '461d3e7f-ff10-460c-b848-08f86023c005', 'name': 'tempest-ServerRescueNegativeTestJSON-680783541-network', 'tenant_id': '693b129cd84f4eee9971e7221e92c3e0', 'project_id': '693b129cd84f4eee9971e7221e92c3e0', 'admin_state_up': True, 'mtu': 8950, 'status': 'ACTIVE', 'subnets': [], 'shared': False, 'port_security_enabled': True, 'router:external': False, 'provider:network_type': 'vlan', 'provider:physical_network': 'default', 'provider:segmentation_id': 171, 'availability_zone_hints': [], 'availability_zones': [], 'ipv4_address_scope': None, 'ipv6_address_scope': None, 'description': '', 'tags': [], 'created_at': '2025-11-21T13:15:18Z', 'updated_at': '2025-11-21T13:15:18Z', 'revision_number': 1} available for tenant
2025-11-21 13:15:41.669 66162 INFO tempest.lib.common.rest_client [req-51c84925-a23d-4bbc-8cf0-e5c8868970c1 req-51c84925-a23d-4bbc-8cf0-e5c8868970c1 ] Request (ListImageFiltersTestJSON:setUpClass): 200 GET http://10.180.1.21/compute/v2.1/images/5d239a96-4a8b-4c0b-9fb8-9a8bc7519451 3.192s
2025-11-21 13:15:41.708 66147 INFO tempest.lib.common.rest_client [req-7f06036e-ca9b-4e3b-8107-a2c34cb06328 req-7f06036e-ca9b-4e3b-8107-a2c34cb06328 ] Request (ServerActionsTestJSON:setUpClass): 201 POST http://10.180.1.21/identity/v3/auth/tokens 0.102s
2025-11-21 13:15:41.708 66147 INFO tempest.lib.common.fixed_network [-] (ServerActionsTestJSON:setUpClass) Found network {'id': '8fa470bd-5fff-4b6d-a10b-eec090c62e98', 'name': 'tempest-ServerActionsTestJSON-409468481-network', 'tenant_id': 'c4c2ab2b80c04c38bfb4c7cafac87fe6', 'project_id': 'c4c2ab2b80c04c38bfb4c7cafac87fe6', 'admin_state_up': True, 'mtu': 8950, 'status': 'ACTIVE', 'subnets': [], 'shared': False, 'port_security_enabled': True, 'router:external': False, 'provider:network_type': 'vlan', 'provider:physical_network': 'default', 'provider:segmentation_id': 283, 'availability_zone_hints': [], 'availability_zones': [], 'ipv4_address_scope': None, 'ipv6_address_scope': None, 'description': '', 'tags': [], 'created_at': '2025-11-21T13:15:27Z', 'updated_at': '2025-11-21T13:15:27Z', 'revision_number': 1} available for tenant
2025-11-21 13:15:41.709 66163 INFO tempest.lib.common.rest_client [req-51b26d59-60e9-45f6-acd9-85801bb1eae8 req-51b26d59-60e9-45f6-acd9-85801bb1eae8 ] Request (ServerDiagnosticsTest:tearDownClass): 200 GET http://10.180.1.21/networking/v2.0/security-groups?tenant_id=cfe0dc92ebaa427fb02d92b1ef37a08c&name=default 0.282s
2025-11-21 13:15:41.723 66167 INFO tempest.lib.common.rest_client [req-11ecddb9-7495-4e9c-bd74-4d02b735e3f8 req-11ecddb9-7495-4e9c-bd74-4d02b735e3f8 ] Request (ServerTagsTestJSON:_run_cleanups): 204 DELETE http://10.180.1.21/compute/v2.1/servers/e48a075b-41b3-4612-bd5f-0a158d707a2f/tags 3.006s
2025-11-21 13:15:41.919 66163 INFO tempest.lib.common.rest_client [req-a787744e-e388-45df-ab77-92eaaec33157 req-a787744e-e388-45df-ab77-92eaaec33157 ] Request (ServerDiagnosticsTest:tearDownClass): 204 DELETE http://10.180.1.21/networking/v2.0/security-groups/50673cbb-4440-4d1c-9496-a83b3ed53e6a 0.209s
2025-11-21 13:15:42.088 66163 INFO tempest.lib.common.rest_client [req-dd37e1ab-b617-4105-b01e-2cc9fd60c9f3 req-dd37e1ab-b617-4105-b01e-2cc9fd60c9f3 ] Request (ServerDiagnosticsTest:tearDownClass): 204 DELETE http://10.180.1.21/identity/v3/projects/cfe0dc92ebaa427fb02d92b1ef37a08c 0.168s
2025-11-21 13:15:42.090 66163 INFO tempest.lib.common.dynamic_creds [-] Deleting project and security group for project: 7ca11441abb44e37b2a99c17248a2cfa
2025-11-21 13:15:42.161 66162 INFO tempest.lib.common.rest_client [req-4b1ad477-30e6-4a57-800d-20781c19cce5 req-4b1ad477-30e6-4a57-800d-20781c19cce5 ] Request (ListImageFiltersTestJSON:setUpClass): 201 POST http://10.180.1.21/image/v2/images 0.488s
2025-11-21 13:15:42.184 66145 INFO tempest.lib.common.rest_client [req-bdcc2b4c-0a28-4cef-82cf-f2832e8f5ba5 req-bdcc2b4c-0a28-4cef-82cf-f2832e8f5ba5 ] Request (VolumesAssistedSnapshotsTest:test_volume_assisted_snapshot_create_delete): 200 GET http://10.180.1.21/volume/v3/volumes/34e992c3-1078-4a20-bf5f-0781ef54676c 0.042s
2025-11-21 13:15:42.236 66155 INFO tempest.lib.common.rest_client [req-019a6cc4-ca35-43f1-bee3-00e89e8e1f79 req-019a6cc4-ca35-43f1-bee3-00e89e8e1f79 ] Request (SecurityGroupRulesNegativeTestJSON:test_create_security_group_rule_duplicate): 200 POST http://10.180.1.21/compute/v2.1/os-security-group-rules 3.396s
2025-11-21 13:15:42.422 66163 INFO tempest.lib.common.rest_client [req-674011a3-2a05-4165-aaac-bd1d51f3d06d req-674011a3-2a05-4165-aaac-bd1d51f3d06d ] Request (ServerDiagnosticsTest:tearDownClass): 200 GET http://10.180.1.21/networking/v2.0/security-groups?tenant_id=7ca11441abb44e37b2a99c17248a2cfa&name=default 0.332s
2025-11-21 13:15:42.556 66143 INFO tempest.lib.common.rest_client [req-f9aaf1e1-3875-4031-8854-cf0a487e2ce2 req-f9aaf1e1-3875-4031-8854-cf0a487e2ce2 ] Request (ServerDiskConfigTestJSON:test_rebuild_server_with_manual_disk_config): 200 GET http://10.180.1.21/compute/v2.1/servers/8a7f1d79-97ac-4503-a4ed-c99e4f6718c9 3.056s
2025-11-21 13:15:42.561 66141 INFO tempest.lib.common.rest_client [req-be6f49b2-e07d-442e-8cc0-854a5f144dbe req-be6f49b2-e07d-442e-8cc0-854a5f144dbe ] Request (SecurityGroupsNegativeTestJSON:test_delete_security_group_without_passing_id): 404 DELETE http://10.180.1.21/compute/v2.1/os-security-groups/ 2.905s
2025-11-21 13:15:42.695 66163 INFO tempest.lib.common.rest_client [req-739ad72a-ac0d-4b1b-aa24-24378fc7edd5 req-739ad72a-ac0d-4b1b-aa24-24378fc7edd5 ] Request (ServerDiagnosticsTest:tearDownClass): 204 DELETE http://10.180.1.21/networking/v2.0/security-groups/7f1d2050-12bf-4da5-b194-1f2f36dd57bd 0.272s
2025-11-21 13:15:42.812 66133 INFO tempest.lib.common.rest_client [req-0ae275c1-634a-45ee-acd5-abfc8238c785 req-0ae275c1-634a-45ee-acd5-abfc8238c785 ] Request (ImagesOneServerNegativeTestJSON:setUpClass): 200 PUT http://10.180.1.21/networking/v2.0/routers/4e6ed9ef-4762-4b13-8a87-6cf020d1dcc1/add_router_interface 1.372s
2025-11-21 13:15:42.813 66133 INFO tempest.lib.common.dynamic_creds [-] Created isolated network resources for: credentials: Credentials: {'domain_id': 'default', 'domain_name': 'Default', 'username': 'tempest-ImagesOneServerNegativeTestJSON-1131823398-project-member', 'project_domain_id': 'default', 'project_domain_name': 'Default', 'project_id': '3216444936b0444184f3cbb1497fffc6', 'project_name': 'tempest-ImagesOneServerNegativeTestJSON-1131823398', 'tenant_id': '3216444936b0444184f3cbb1497fffc6', 'tenant_name': 'tempest-ImagesOneServerNegativeTestJSON-1131823398', 'user_domain_id': 'default', 'user_domain_name': 'Default', 'user_id': 'f3acf0a8cd564f81914c7f95a3c4dce1', 'system': None}, Network: {'id': 'bdeb4e63-9eba-4a1b-8d98-bec885775c07', 'name': 'tempest-ImagesOneServerNegativeTestJSON-2076474168-network', 'tenant_id': '3216444936b0444184f3cbb1497fffc6', 'project_id': '3216444936b0444184f3cbb1497fffc6', 'admin_state_up': True, 'mtu': 8950, 'status': 'ACTIVE', 'subnets': [], 'shared': False, 'port_security_enabled': True, 'router:external': False, 'provider:network_type': 'vlan', 'provider:physical_network': 'default', 'provider:segmentation_id': 708, 'availability_zone_hints': [], 'availability_zones': [], 'ipv4_address_scope': None, 'ipv6_address_scope': None, 'description': '', 'tags': [], 'created_at': '2025-11-21T13:15:39Z', 'updated_at': '2025-11-21T13:15:39Z', 'revision_number': 1}, Subnet: {'id': 'f8713ae8-0ed5-427f-939d-6ba3158e5b1f', 'name': 'tempest-ImagesOneServerNegativeTestJSON-2076474168-subnet', 'tenant_id': '3216444936b0444184f3cbb1497fffc6', 'network_id': 'bdeb4e63-9eba-4a1b-8d98-bec885775c07', 'ip_version': 4, 'subnetpool_id': None, 'enable_dhcp': True, 'ipv6_ra_mode': None, 'ipv6_address_mode': None, 'gateway_ip': '192.168.128.1', 'cidr': '192.168.128.0/28', 'allocation_pools': [{'start': '192.168.128.2', 'end': '192.168.128.14'}], 'host_routes': [], 'dns_nameservers': [], 'description': '', 'router:external': False, 'service_types': [], 'tags': [], 'created_at': '2025-11-21T13:15:40Z', 'updated_at': '2025-11-21T13:15:40Z', 'revision_number': 0, 'project_id': '3216444936b0444184f3cbb1497fffc6'}, Router: {'id': '4e6ed9ef-4762-4b13-8a87-6cf020d1dcc1', 'name': 'tempest-ImagesOneServerNegativeTestJSON-2076474168-router', 'tenant_id': '3216444936b0444184f3cbb1497fffc6', 'admin_state_up': True, 'status': 'ACTIVE', 'external_gateway_info': {'network_id': '58fb60e0-57b3-4509-b27d-015f00693b2d', 'external_fixed_ips': [{'subnet_id': '951e150f-8e3d-4c15-92c1-ce20ba044fcc', 'ip_address': '10.180.180.185'}], 'enable_snat': True}, 'description': '', 'availability_zones': [], 'distributed': False, 'ha': False, 'availability_zone_hints': [], 'routes': [], 'flavor_id': None, 'tags': [], 'created_at': '2025-11-21T13:15:40Z', 'updated_at': '2025-11-21T13:15:41Z', 'revision_number': 2, 'project_id': '3216444936b0444184f3cbb1497fffc6'}
2025-11-21 13:15:42.844 66163 INFO tempest.lib.common.rest_client [req-6e9c1215-dacb-4d29-aadf-f7c59511ffdf req-6e9c1215-dacb-4d29-aadf-f7c59511ffdf ] Request (ServerDiagnosticsTest:tearDownClass): 204 DELETE http://10.180.1.21/identity/v3/projects/7ca11441abb44e37b2a99c17248a2cfa 0.148s
2025-11-21 13:15:42.916 66133 INFO tempest.lib.common.rest_client [req-d0178568-70ad-4c3f-924b-bbd2743e6025 req-d0178568-70ad-4c3f-924b-bbd2743e6025 ] Request (ImagesOneServerNegativeTestJSON:setUpClass): 201 POST http://10.180.1.21/identity/v3/auth/tokens 0.097s
