2025-11-21 13:17:18.951 66169 INFO tempest.lib.common.dynamic_creds [-] Created isolated network resources for: credentials: Credentials: {'domain_id': 'default', 'domain_name': 'Default', 'username': 'tempest-AttachVolumeTestJSON-627906013-project-member', 'project_domain_id': 'default', 'project_domain_name': 'Default', 'project_id': '16188c7bd36d4b0eaffdc980b71ac727', 'project_name': 'tempest-AttachVolumeTestJSON-627906013', 'tenant_id': '16188c7bd36d4b0eaffdc980b71ac727', 'tenant_name': 'tempest-AttachVolumeTestJSON-627906013', 'user_domain_id': 'default', 'user_domain_name': 'Default', 'user_id': '6f2ed00d7f814d1f907ba5900c8f3025', 'system': None}, Network: {'id': '271db233-74ed-49c4-a8b0-3f5504e71055', 'name': 'tempest-AttachVolumeTestJSON-663871086-network', 'tenant_id': '16188c7bd36d4b0eaffdc980b71ac727', 'project_id': '16188c7bd36d4b0eaffdc980b71ac727', 'admin_state_up': True, 'mtu': 8950, 'status': 'ACTIVE', 'subnets': [], 'shared': False, 'port_security_enabled': True, 'router:external': False, 'provider:network_type': 'vlan', 'provider:physical_network': 'default', 'provider:segmentation_id': 164, 'availability_zone_hints': [], 'availability_zones': [], 'ipv4_address_scope': None, 'ipv6_address_scope': None, 'description': '', 'tags': [], 'created_at': '2025-11-21T13:17:16Z', 'updated_at': '2025-11-21T13:17:16Z', 'revision_number': 1}, Subnet: {'id': '1e7e2ce2-fcee-4dd9-8922-7b37ad3eab6b', 'name': 'tempest-AttachVolumeTestJSON-663871086-subnet', 'tenant_id': '16188c7bd36d4b0eaffdc980b71ac727', 'network_id': '271db233-74ed-49c4-a8b0-3f5504e71055', 'ip_version': 4, 'subnetpool_id': None, 'enable_dhcp': True, 'ipv6_ra_mode': None, 'ipv6_address_mode': None, 'gateway_ip': '192.168.128.1', 'cidr': '192.168.128.0/28', 'allocation_pools': [{'start': '192.168.128.2', 'end': '192.168.128.14'}], 'host_routes': [], 'dns_nameservers': [], 'description': '', 'router:external': False, 'service_types': [], 'tags': [], 'created_at': '2025-11-21T13:17:16Z', 'updated_at': '2025-11-21T13:17:16Z', 'revision_number': 0, 'project_id': '16188c7bd36d4b0eaffdc980b71ac727'}, Router: {'id': '09e108aa-3fc2-4abe-b340-198897179cd1', 'name': 'tempest-AttachVolumeTestJSON-663871086-router', 'tenant_id': '16188c7bd36d4b0eaffdc980b71ac727', 'admin_state_up': True, 'status': 'ACTIVE', 'external_gateway_info': {'network_id': '58fb60e0-57b3-4509-b27d-015f00693b2d', 'external_fixed_ips': [{'subnet_id': '951e150f-8e3d-4c15-92c1-ce20ba044fcc', 'ip_address': '10.180.180.134'}], 'enable_snat': True}, 'description': '', 'availability_zones': [], 'distributed': False, 'ha': False, 'availability_zone_hints': [], 'routes': [], 'flavor_id': None, 'tags': [], 'created_at': '2025-11-21T13:17:17Z', 'updated_at': '2025-11-21T13:17:17Z', 'revision_number': 2, 'project_id': '16188c7bd36d4b0eaffdc980b71ac727'}
2025-11-21 13:17:18.984 66158 INFO tempest.lib.common.rest_client [req-5fe9ca5c-4cb5-406f-81d2-7936755a6bba req-5fe9ca5c-4cb5-406f-81d2-7936755a6bba ] Request (ServerMetadataTestJSON:tearDownClass): 200 GET http://10.180.1.21/compute/v2.1/servers/fb379346-f17a-4433-bb55-2b72025e9a61 4.185s
2025-11-21 13:17:19.013 66143 INFO tempest.lib.common.rest_client [req-44cf5f34-45c4-4c34-940b-186300330648 req-44cf5f34-45c4-4c34-940b-186300330648 ] Request (ServerDiskConfigTestJSON:test_resize_server_from_auto_to_manual): 200 GET http://10.180.1.21/compute/v2.1/servers/a9ec9a64-94c7-41a5-a7a4-5e034ddfc592 3.822s
2025-11-21 13:17:19.055 66155 INFO tempest.lib.common.rest_client [req-4c5ed15c-efa3-4946-8507-f2fea83fbdb1 req-4c5ed15c-efa3-4946-8507-f2fea83fbdb1 ] Request (ServersTestManualDisk:setUpClass): 200 GET http://10.180.1.21/compute/v2.1/servers/b7e2a3d9-7db3-40b3-98a5-c6e6e040a947 3.785s
2025-11-21 13:17:19.075 66169 INFO tempest.lib.common.rest_client [req-b48ca000-76e3-46e2-b033-5705979ff85b req-b48ca000-76e3-46e2-b033-5705979ff85b ] Request (AttachVolumeTestJSON:setUpClass): 201 POST http://10.180.1.21/identity/v3/auth/tokens 0.120s
2025-11-21 13:17:19.085 66175 INFO tempest.lib.common.rest_client [req-c905fe6d-48f2-4640-b284-8e376ab4a909 req-c905fe6d-48f2-4640-b284-8e376ab4a909 ] Request (ServerActionsTestOtherA:_run_cleanups): 200 GET http://10.180.1.21/compute/v2.1/servers/4fda2aa0-451c-4c0f-a03a-19ea8b083ba1 3.181s
2025-11-21 13:17:19.128 66115 INFO tempest.lib.common.rest_client [req-8f167afd-3f46-4d11-ba94-99ffecdb9754 req-8f167afd-3f46-4d11-ba94-99ffecdb9754 ] Request (ServersAdminNegativeTestJSON:tearDownClass): 200 GET http://10.180.1.21/compute/v2.1/servers/549673ec-3d75-4aad-a001-014f3f53a6b0 2.957s
2025-11-21 13:17:19.212 66139 INFO tempest.lib.common.rest_client [req-322c004e-8b31-4c07-84e4-acf5cfed9cde req-322c004e-8b31-4c07-84e4-acf5cfed9cde ] Request (MigrationsAdminTest:test_resize_server_revert_deleted_flavor): 200 GET http://10.180.1.21/compute/v2.1/servers/105c53ce-e657-4a29-bc7f-96b4f885707a 3.005s
2025-11-21 13:17:19.223 66139 INFO tempest.common.waiters [-] State transition "BUILD/spawning" ==> "ACTIVE/None" after 64 second wait
2025-11-21 13:17:19.236 66125 INFO tempest.lib.common.rest_client [req-7a66b957-e136-413b-b4cc-3b1f3a5a650a req-7a66b957-e136-413b-b4cc-3b1f3a5a650a ] Request (ServersTestBootFromVolume:setUpClass): 200 GET http://10.180.1.21/compute/v2.1/servers/d42d0818-1486-4696-9871-2cf989aeb885 2.595s
2025-11-21 13:17:19.252 66137 WARNING tempest.lib.common.ssh [-] Failed to establish authenticated ssh connection to cirros@10.180.180.232 ([Errno None] Unable to connect to port 22 on 10.180.180.232). Number attempts: 1. Retry after 2 seconds.: paramiko.ssh_exception.NoValidConnectionsError: [Errno None] Unable to connect to port 22 on 10.180.180.232
2025-11-21 13:17:19.264 66135 INFO tempest.lib.common.rest_client [req-8025bede-c87a-4ef2-890c-0b850ee4d623 req-8025bede-c87a-4ef2-890c-0b850ee4d623 ] Request (AttachInterfacesUnderV243Test:_run_cleanups): 404 GET http://10.180.1.21/compute/v2.1/servers/adc1b956-1b5a-4272-b0ff-95a565e9c45c 2.483s
2025-11-21 13:17:19.283 66151 INFO tempest.lib.common.rest_client [req-0f104316-ca78-4a77-9971-7650e322b5e3 req-0f104316-ca78-4a77-9971-7650e322b5e3 ] Request (ServerRescueNegativeTestJSON:test_rescued_vm_detach_volume): 200 GET http://10.180.1.21/compute/v2.1/servers/4e4dd117-b4ea-43bb-a14f-55a5ab0e2d49 2.631s
2025-11-21 13:17:19.342 66153 INFO tempest.lib.common.rest_client [req-342a56a2-ee76-4645-bbe7-5d6692d2c6c4 req-342a56a2-ee76-4645-bbe7-5d6692d2c6c4 ] Request (ServersAdminTestJSON:tearDownClass): 200 GET http://10.180.1.21/compute/v2.1/servers/54db018a-d54c-4fe5-9a6e-600e801e00b0 2.554s
2025-11-21 13:17:19.504 66113 INFO tempest.lib.common.rest_client [req-703a5409-7f11-427b-b926-8f07adbf6214 req-703a5409-7f11-427b-b926-8f07adbf6214 ] Request (ServerShowV247Test:test_update_rebuild_list_server): 200 GET http://10.180.1.21/compute/v2.1/servers/548edde0-9e42-4cd3-bdd3-3615ab9b7fc5 2.327s
2025-11-21 13:17:19.544 66149 INFO tempest.lib.common.rest_client [req-51a90a68-5007-4026-9ab3-4635e2408057 req-51a90a68-5007-4026-9ab3-4635e2408057 ] Request (ServersTestMultiNic:test_verify_multiple_nics_order): 200 GET http://10.180.1.21/compute/v2.1/servers/81f961c3-ec8f-4281-be18-5d605fa73ecc 2.495s
2025-11-21 13:17:19.553 66149 INFO tempest.common.waiters [-] State transition "BUILD/networking" ==> "BUILD/spawning" after 58 second wait
2025-11-21 13:17:19.606 66171 INFO tempest.lib.common.rest_client [req-f89474ef-b969-4b17-9c4c-34ec479f3c02 req-f89474ef-b969-4b17-9c4c-34ec479f3c02 ] Request (ListServersNegativeTestJSON:tearDownClass): 200 GET http://10.180.1.21/compute/v2.1/servers/148eddf4-4c01-47bc-be81-451ca57e7347 2.299s
2025-11-21 13:17:19.735 66173 INFO tempest.lib.common.rest_client [req-0cb09593-4e2b-48b6-ab75-fe8445d0fb4d req-0cb09593-4e2b-48b6-ab75-fe8445d0fb4d ] Request (ServerShowV254Test:test_rebuild_server): 200 GET http://10.180.1.21/compute/v2.1/servers/5e54e7f4-3df1-4283-bee1-a7e475051a24 2.249s
2025-11-21 13:17:19.802 66147 INFO tempest.lib.common.rest_client [req-c996e0e4-049a-423d-80af-71d25fd079c7 req-c996e0e4-049a-423d-80af-71d25fd079c7 ] Request (ServerActionsTestJSON:test_lock_unlock_server): 200 GET http://10.180.1.21/compute/v2.1/servers/e6159a35-f073-4931-b0b0-832a88680356 2.332s
2025-11-21 13:17:19.815 66147 INFO tempest.common.waiters [-] State transition "SHUTOFF/powering-on" ==> "ACTIVE/None" after 7 second wait
2025-11-21 13:17:19.871 66145 INFO tempest.lib.common.rest_client [req-490092c3-b6b3-4c6d-9edc-d106cb3d43a4 req-490092c3-b6b3-4c6d-9edc-d106cb3d43a4 ] Request (AttachInterfacesV270Test:test_create_get_list_interfaces): 200 GET http://10.180.1.21/compute/v2.1/servers/85082b72-89dd-47b7-b8ad-f2ad5ad0638d 2.083s
2025-11-21 13:17:19.889 66127 INFO tempest.lib.common.rest_client [req-3caf075e-6ff1-4687-bf03-3ca7b5d1886a req-3caf075e-6ff1-4687-bf03-3ca7b5d1886a ] Request (ImagesTestJSON:test_create_image_from_suspended_server): 200 GET http://10.180.1.21/compute/v2.1/servers/96103549-80a5-462d-9f73-f5f6363ab9fc 1.903s
2025-11-21 13:17:19.987 66121 INFO tempest.lib.common.rest_client [req-2066453c-ffbd-41d3-a47f-026f60fcd71c req-2066453c-ffbd-41d3-a47f-026f60fcd71c ] Request (MultipleCreateTestJSON:test_multiple_create_with_reservation_return): 200 GET http://10.180.1.21/compute/v2.1/servers/b7323030-4573-4af5-a19a-212a140d642a 1.023s
2025-11-21 13:17:19.998 66121 INFO tempest.common.waiters [-] State transition "BUILD/scheduling" ==> "BUILD/None" after 20 second wait
2025-11-21 13:17:20.029 66162 INFO tempest.lib.common.rest_client [req-ea5bb956-3400-4e61-bec5-a740b2d410f6 req-ea5bb956-3400-4e61-bec5-a740b2d410f6 ] Request (ListImageFiltersTestJSON:setUpClass): 200 GET http://10.180.1.21/compute/v2.1/images/7cbb6a07-ab2a-4f4a-8545-e782d07c7e15 1.002s
2025-11-21 13:17:20.038 66117 INFO tempest.lib.common.rest_client [req-0ebf9d1f-8e43-425a-a561-9d3cbc95b5af req-0ebf9d1f-8e43-425a-a561-9d3cbc95b5af ] Request (FloatingIPsAssociationNegativeTestJSON:setUpClass): 200 GET http://10.180.1.21/compute/v2.1/servers/56ff4122-a999-4caf-b805-0754a66d6bc7 1.831s
2025-11-21 13:17:20.156 66169 INFO tempest.lib.common.rest_client [req-1ecacc6f-5cf0-4ef1-87a3-44cb6a259e25 req-1ecacc6f-5cf0-4ef1-87a3-44cb6a259e25 ] Request (ValidationResourcesFixture:setUp): 200 POST http://10.180.1.21/compute/v2.1/os-keypairs 1.079s
2025-11-21 13:17:20.174 66135 INFO tempest.lib.common.rest_client [req-d84e0b71-63e9-4c35-8f1d-7b635ceab919 req-d84e0b71-63e9-4c35-8f1d-7b635ceab919 ] Request (AttachInterfacesUnderV243Test:_run_cleanups): 202 DELETE http://10.180.1.21/compute/v2.1/os-keypairs/tempest-keypair-947761857 0.909s
2025-11-21 13:17:20.328 66169 INFO tempest.lib.common.rest_client [req-a223cb19-5321-479e-9335-f566ee2261a6 req-a223cb19-5321-479e-9335-f566ee2261a6 ] Request (ValidationResourcesFixture:setUp): 201 POST http://10.180.1.21/networking/v2.0/security-groups 0.170s
2025-11-21 13:17:20.413 66135 INFO tempest.lib.common.rest_client [req-fae4f64b-2fdc-46a4-ba28-aa0109e0fc2f req-fae4f64b-2fdc-46a4-ba28-aa0109e0fc2f ] Request (AttachInterfacesUnderV243Test:_run_cleanups): 204 DELETE http://10.180.1.21/networking/v2.0/security-groups/7add9e90-b8a8-4bcb-9ed4-5d9794509298 0.238s
2025-11-21 13:17:20.460 66139 INFO tempest.lib.common.rest_client [req-acfa3a20-1926-4518-a5a0-3cf6d7364e3d req-acfa3a20-1926-4518-a5a0-3cf6d7364e3d ] Request (MigrationsAdminTest:test_resize_server_revert_deleted_flavor): 200 GET http://10.180.1.21/compute/v2.1/servers/105c53ce-e657-4a29-bc7f-96b4f885707a 1.236s
2025-11-21 13:17:20.599 66169 INFO tempest.lib.common.rest_client [req-06d1c955-3111-43f1-a2af-fbc8cb321e0f req-06d1c955-3111-43f1-a2af-fbc8cb321e0f ] Request (ValidationResourcesFixture:setUp): 201 POST http://10.180.1.21/networking/v2.0/security-group-rules 0.270s
2025-11-21 13:17:20.606 66135 INFO tempest.lib.common.rest_client [req-668b6450-d012-4044-9d42-ba603ec9e1a9 req-668b6450-d012-4044-9d42-ba603ec9e1a9 ] Request (AttachInterfacesUnderV243Test:_run_cleanups): 404 GET http://10.180.1.21/networking/v2.0/security-groups/7add9e90-b8a8-4bcb-9ed4-5d9794509298 0.192s
2025-11-21 13:17:20.641 66147 INFO tempest.lib.common.rest_client [req-55398ce7-cb50-40e8-9ca0-e38b007be46c req-55398ce7-cb50-40e8-9ca0-e38b007be46c ] Request (ServerActionsTestJSON:tearDown): 200 GET http://10.180.1.21/compute/v2.1/servers/e6159a35-f073-4931-b0b0-832a88680356 0.825s
2025-11-21 13:17:20.657 66133 INFO tempest.lib.common.rest_client [req-30f54b49-ae6f-4437-b8d0-95852271bf01 req-30f54b49-ae6f-4437-b8d0-95852271bf01 ] Request (ImagesOneServerNegativeTestJSON:_run_cleanups): 200 GET http://10.180.1.21/compute/v2.1/servers/9118ff13-e2cf-404c-ae4d-2b9dbc52738d 0.770s
2025-11-21 13:17:20.733 66169 INFO tempest.lib.common.rest_client [req-ccce5108-8080-4472-882f-d7dbf90b1d7a req-ccce5108-8080-4472-882f-d7dbf90b1d7a ] Request (ValidationResourcesFixture:setUp): 201 POST http://10.180.1.21/networking/v2.0/security-group-rules 0.134s
2025-11-21 13:17:20.958 66135 INFO tempest.lib.common.rest_client [req-3f206b84-a7c0-4bd3-a689-64d03aa466b5 req-3f206b84-a7c0-4bd3-a689-64d03aa466b5 ] Request (AttachInterfacesUnderV243Test:_run_cleanups): 204 DELETE http://10.180.1.21/networking/v2.0/floatingips/e4e8478f-9aad-4063-89ba-2ecfb4c0d76d 0.351s
2025-11-21 13:17:20.981 66163 INFO tempest.lib.common.rest_client [req-60fccba1-9939-4934-b0eb-5266f76fb5ff req-60fccba1-9939-4934-b0eb-5266f76fb5ff ] Request (FloatingIPsAssociationTestJSON:test_associate_already_associated_floating_ip): 200 GET http://10.180.1.21/compute/v2.1/servers/596a5005-3607-44a2-9c0e-f1a56865011c 1.085s
2025-11-21 13:17:20.998 66165 INFO tempest.lib.common.rest_client [req-a6122b15-4d71-4e88-83eb-f11720efe5ec req-a6122b15-4d71-4e88-83eb-f11720efe5ec ] Request (SecurityGroupsTestJSON:test_list_security_groups_by_server): 200 GET http://10.180.1.21/compute/v2.1/servers/7c0e6911-4f85-4b47-a7e9-84d0e3bb5720 1.040s
2025-11-21 13:17:21.104 66158 INFO tempest.lib.common.rest_client [req-7b2635c1-3294-4c1f-a3d7-cc93d6e81813 req-7b2635c1-3294-4c1f-a3d7-cc93d6e81813 ] Request (ServerMetadataTestJSON:tearDownClass): 200 GET http://10.180.1.21/compute/v2.1/servers/fb379346-f17a-4433-bb55-2b72025e9a61 1.109s
2025-11-21 13:17:21.125 66143 INFO tempest.lib.common.rest_client [req-b1066ac8-a8b8-49d3-b2e3-b6f240337fc6 req-b1066ac8-a8b8-49d3-b2e3-b6f240337fc6 ] Request (ServerDiskConfigTestJSON:test_resize_server_from_auto_to_manual): 200 GET http://10.180.1.21/compute/v2.1/servers/a9ec9a64-94c7-41a5-a7a4-5e034ddfc592 1.101s
2025-11-21 13:17:21.133 66143 INFO tempest.common.waiters [-] State transition "BUILD/None" ==> "BUILD/networking" after 57 second wait
2025-11-21 13:17:21.170 66155 INFO tempest.lib.common.rest_client [req-649d58ce-ffad-42bf-8435-779395085dca req-649d58ce-ffad-42bf-8435-779395085dca ] Request (ServersTestManualDisk:setUpClass): 200 GET http://10.180.1.21/compute/v2.1/servers/b7e2a3d9-7db3-40b3-98a5-c6e6e040a947 1.099s
2025-11-21 13:17:21.194 66175 INFO tempest.lib.common.rest_client [req-e11dbbf8-1dbc-41cd-ad29-beae2916c7aa req-e11dbbf8-1dbc-41cd-ad29-beae2916c7aa ] Request (ServerActionsTestOtherA:_run_cleanups): 200 GET http://10.180.1.21/compute/v2.1/servers/4fda2aa0-451c-4c0f-a03a-19ea8b083ba1 1.101s
2025-11-21 13:17:21.270 66115 INFO tempest.lib.common.rest_client [req-9e670751-9ea1-4864-87aa-45942aa10446 req-9e670751-9ea1-4864-87aa-45942aa10446 ] Request (ServersAdminNegativeTestJSON:tearDownClass): 200 GET http://10.180.1.21/compute/v2.1/servers/549673ec-3d75-4aad-a001-014f3f53a6b0 1.133s
2025-11-21 13:17:21.301 66125 INFO tempest.lib.common.rest_client [req-d11e1c94-def9-4cfa-90a4-ce67d7a4226b req-d11e1c94-def9-4cfa-90a4-ce67d7a4226b ] Request (ServersTestBootFromVolume:setUpClass): 200 GET http://10.180.1.21/compute/v2.1/servers/d42d0818-1486-4696-9871-2cf989aeb885 1.056s
2025-11-21 13:17:21.332 66151 INFO tempest.lib.common.rest_client [req-c4627970-7e21-40ff-8483-590609cdef5d req-c4627970-7e21-40ff-8483-590609cdef5d ] Request (ServerRescueNegativeTestJSON:test_rescued_vm_detach_volume): 200 GET http://10.180.1.21/compute/v2.1/servers/4e4dd117-b4ea-43bb-a14f-55a5ab0e2d49 1.038s
2025-11-21 13:17:21.349 66139 INFO tempest.lib.common.rest_client [req-6ad0458f-db53-498f-9c61-325405ddb336 req-6ad0458f-db53-498f-9c61-325405ddb336 ] Request (MigrationsAdminTest:test_resize_server_revert_deleted_flavor): 202 DELETE http://10.180.1.21/compute/v2.1/flavors/346c523a-8d39-4f4e-a2d8-eb4e1ab4f9a4 0.880s
2025-11-21 13:17:21.361 66153 INFO tempest.lib.common.rest_client [req-dcb835eb-a632-41a1-9ee1-1249aeda8c78 req-dcb835eb-a632-41a1-9ee1-1249aeda8c78 ] Request (ServersAdminTestJSON:tearDownClass): 200 GET http://10.180.1.21/compute/v2.1/servers/54db018a-d54c-4fe5-9a6e-600e801e00b0 1.005s
2025-11-21 13:17:21.409 66113 INFO tempest.lib.common.rest_client [req-b5101849-4447-4ebb-b1bb-064a4f04f460 req-b5101849-4447-4ebb-b1bb-064a4f04f460 ] Request (ServerShowV247Test:test_update_rebuild_list_server): 200 GET http://10.180.1.21/compute/v2.1/servers/548edde0-9e42-4cd3-bdd3-3615ab9b7fc5 0.894s
2025-11-21 13:17:21.442 66169 INFO tempest.lib.common.rest_client [req-34bef6cc-3e9a-4d75-9f53-556d2d44c6dd req-34bef6cc-3e9a-4d75-9f53-556d2d44c6dd ] Request (ValidationResourcesFixture:setUp): 201 POST http://10.180.1.21/networking/v2.0/floatingips 0.708s
2025-11-21 13:17:21.482 66169 INFO tempest.lib.common.rest_client [req-14ce61a9-933f-40a6-a64d-e69571667ccd req-14ce61a9-933f-40a6-a64d-e69571667ccd ] Request (AttachVolumeTestJSON:test_attach_detach_volume): 201 POST http://10.180.1.21/identity/v3/auth/tokens 0.037s
2025-11-21 13:17:21.482 66169 INFO tempest.lib.common.fixed_network [-] (AttachVolumeTestJSON:test_attach_detach_volume) Found network {'id': '271db233-74ed-49c4-a8b0-3f5504e71055', 'name': 'tempest-AttachVolumeTestJSON-663871086-network', 'tenant_id': '16188c7bd36d4b0eaffdc980b71ac727', 'project_id': '16188c7bd36d4b0eaffdc980b71ac727', 'admin_state_up': True, 'mtu': 8950, 'status': 'ACTIVE', 'subnets': [], 'shared': False, 'port_security_enabled': True, 'router:external': False, 'provider:network_type': 'vlan', 'provider:physical_network': 'default', 'provider:segmentation_id': 164, 'availability_zone_hints': [], 'availability_zones': [], 'ipv4_address_scope': None, 'ipv6_address_scope': None, 'description': '', 'tags': [], 'created_at': '2025-11-21T13:17:16Z', 'updated_at': '2025-11-21T13:17:16Z', 'revision_number': 1} available for tenant
2025-11-21 13:17:21.494 66149 INFO tempest.lib.common.rest_client [req-1c1623e7-1201-45d0-92ae-6f6cc90bbc71 req-1c1623e7-1201-45d0-92ae-6f6cc90bbc71 ] Request (ServersTestMultiNic:test_verify_multiple_nics_order): 200 GET http://10.180.1.21/compute/v2.1/servers/81f961c3-ec8f-4281-be18-5d605fa73ecc 0.940s
2025-11-21 13:17:21.510 66171 INFO tempest.lib.common.rest_client [req-e0b2feed-e6b8-4222-b419-fb02ca8c82c6 req-e0b2feed-e6b8-4222-b419-fb02ca8c82c6 ] Request (ListServersNegativeTestJSON:tearDownClass): 200 GET http://10.180.1.21/compute/v2.1/servers/148eddf4-4c01-47bc-be81-451ca57e7347 0.895s
2025-11-21 13:17:21.568 66173 INFO tempest.lib.common.rest_client [req-6a5842b0-f2d3-433e-8972-9986bd442a8a req-6a5842b0-f2d3-433e-8972-9986bd442a8a ] Request (ServerShowV254Test:test_rebuild_server): 200 GET http://10.180.1.21/compute/v2.1/servers/5e54e7f4-3df1-4283-bee1-a7e475051a24 0.818s
2025-11-21 13:17:21.574 66147 INFO tempest.lib.common.rest_client [req-86bf94d2-72e5-45c9-93a8-ae4f734c61b8 req-86bf94d2-72e5-45c9-93a8-ae4f734c61b8 ] Request (ServerActionsTestJSON:_run_cleanups): 202 POST http://10.180.1.21/compute/v2.1/servers/e6159a35-f073-4931-b0b0-832a88680356/action 0.926s
2025-11-21 13:17:21.634 66145 INFO tempest.lib.common.rest_client [req-0ab5571b-9b13-41e7-8a57-438ed97eec12 req-0ab5571b-9b13-41e7-8a57-438ed97eec12 ] Request (AttachInterfacesV270Test:test_create_get_list_interfaces): 200 GET http://10.180.1.21/compute/v2.1/servers/85082b72-89dd-47b7-b8ad-f2ad5ad0638d 0.746s
2025-11-21 13:17:21.645 66127 INFO tempest.lib.common.rest_client [req-ed072ad5-106d-4e2b-bebb-c3073104b1ee req-ed072ad5-106d-4e2b-bebb-c3073104b1ee ] Request (ImagesTestJSON:test_create_image_from_suspended_server): 200 GET http://10.180.1.21/compute/v2.1/servers/96103549-80a5-462d-9f73-f5f6363ab9fc 0.749s
2025-11-21 13:17:21.667 66135 INFO tempest.lib.common.rest_client [req-22277ede-8383-4ef2-b332-25829b32c9c0 req-22277ede-8383-4ef2-b332-25829b32c9c0 ] Request (AttachInterfacesUnderV243Test:tearDownClass): 404 DELETE http://10.180.1.21/compute/v2.1/servers/adc1b956-1b5a-4272-b0ff-95a565e9c45c 0.703s
2025-11-21 13:17:21.711 66162 INFO tempest.lib.common.rest_client [req-6301df94-c2d3-4fb7-be8a-19efc4ae9d95 req-6301df94-c2d3-4fb7-be8a-19efc4ae9d95 ] Request (ListImageFiltersTestJSON:setUpClass): 200 GET http://10.180.1.21/compute/v2.1/images/7cbb6a07-ab2a-4f4a-8545-e782d07c7e15 0.676s
2025-11-21 13:17:21.735 66121 INFO tempest.lib.common.rest_client [req-5f35068e-8ff8-42b1-b756-6f4be10b1cf5 req-5f35068e-8ff8-42b1-b756-6f4be10b1cf5 ] Request (MultipleCreateTestJSON:test_multiple_create_with_reservation_return): 200 GET http://10.180.1.21/compute/v2.1/servers/b7323030-4573-4af5-a19a-212a140d642a 0.736s
2025-11-21 13:17:21.778 66139 INFO tempest.lib.common.rest_client [req-95feab95-57f3-475f-978c-fa5288385f75 req-95feab95-57f3-475f-978c-fa5288385f75 ] Request (MigrationsAdminTest:test_resize_server_revert_deleted_flavor): 200 GET http://10.180.1.21/compute/v2.1/flavors/detail 0.429s
2025-11-21 13:17:21.829 66117 INFO tempest.lib.common.rest_client [req-476121e2-3d26-4d30-86a3-85ad6efb7fc8 req-476121e2-3d26-4d30-86a3-85ad6efb7fc8 ] Request (FloatingIPsAssociationNegativeTestJSON:setUpClass): 200 GET http://10.180.1.21/compute/v2.1/servers/56ff4122-a999-4caf-b805-0754a66d6bc7 0.782s
2025-11-21 13:17:21.957 66147 INFO tempest.lib.common.rest_client [req-04c4db35-b86c-47cf-9258-6699946f7ba9 req-04c4db35-b86c-47cf-9258-6699946f7ba9 ] Request (ServerActionsTestJSON:setUp): 200 GET http://10.180.1.21/compute/v2.1/servers/e6159a35-f073-4931-b0b0-832a88680356 0.378s
2025-11-21 13:17:22.038 66133 INFO tempest.lib.common.rest_client [req-ccb65428-d076-4ecd-aa66-accadc738ed1 req-ccb65428-d076-4ecd-aa66-accadc738ed1 ] Request (ImagesOneServerNegativeTestJSON:_run_cleanups): 200 GET http://10.180.1.21/compute/v2.1/servers/9118ff13-e2cf-404c-ae4d-2b9dbc52738d 0.372s
2025-11-21 13:17:22.060 66135 INFO tempest.lib.common.rest_client [req-7b98193b-b553-438d-b1e1-e9bbc55e6c04 req-7b98193b-b553-438d-b1e1-e9bbc55e6c04 ] Request (AttachInterfacesUnderV243Test:tearDownClass): 404 GET http://10.180.1.21/compute/v2.1/servers/adc1b956-1b5a-4272-b0ff-95a565e9c45c 0.393s
2025-11-21 13:17:22.104 66162 INFO tempest.lib.common.rest_client [req-9e16398b-4cb7-4d7f-9570-8e02021c06a0 req-9e16398b-4cb7-4d7f-9570-8e02021c06a0 ] Request (ListImageFiltersTestJSON:setUpClass): 200 GET http://10.180.1.21/compute/v2.1/images/7cbb6a07-ab2a-4f4a-8545-e782d07c7e15 0.389s
2025-11-21 13:17:22.305 66139 INFO tempest.lib.common.rest_client [req-daa38504-3b9e-43c9-afd9-dc6495feec2c req-daa38504-3b9e-43c9-afd9-dc6495feec2c ] Request (MigrationsAdminTest:test_resize_server_revert_deleted_flavor): 202 POST http://10.180.1.21/compute/v2.1/servers/105c53ce-e657-4a29-bc7f-96b4f885707a/action 0.522s
2025-11-21 13:17:22.321 66137 WARNING tempest.lib.common.ssh [-] Failed to establish authenticated ssh connection to cirros@10.180.180.232 ([Errno None] Unable to connect to port 22 on 10.180.180.232). Number attempts: 2. Retry after 3 seconds.: paramiko.ssh_exception.NoValidConnectionsError: [Errno None] Unable to connect to port 22 on 10.180.180.232
2025-11-21 13:17:22.866 66135 INFO tempest.lib.common.rest_client [req-60b7fd5a-63df-4ebc-901a-544eafdee980 req-60b7fd5a-63df-4ebc-901a-544eafdee980 ] Request (AttachInterfacesUnderV243Test:tearDownClass): 200 PUT http://10.180.1.21/networking/v2.0/routers/afa3853b-c66e-4ad1-89f4-298cb88cebc8/remove_router_interface 0.805s
2025-11-21 13:17:22.996 66169 INFO tempest.lib.common.rest_client [req-3afad0f9-8961-4a07-a360-44b89c249d49 req-3afad0f9-8961-4a07-a360-44b89c249d49 ] Request (AttachVolumeTestJSON:test_attach_detach_volume): 202 POST http://10.180.1.21/compute/v2.1/servers 1.512s
2025-11-21 13:17:23.469 66135 INFO tempest.lib.common.rest_client [req-bd71eb7a-0e1b-47cc-b059-f5a7b4e8220a req-bd71eb7a-0e1b-47cc-b059-f5a7b4e8220a ] Request (AttachInterfacesUnderV243Test:tearDownClass): 204 DELETE http://10.180.1.21/networking/v2.0/routers/afa3853b-c66e-4ad1-89f4-298cb88cebc8 0.603s
2025-11-21 13:17:23.561 66163 INFO tempest.lib.common.rest_client [req-a497e978-99d4-4880-8c07-8a637e11eda8 req-a497e978-99d4-4880-8c07-8a637e11eda8 ] Request (FloatingIPsAssociationTestJSON:test_associate_already_associated_floating_ip): 200 GET http://10.180.1.21/compute/v2.1/servers/596a5005-3607-44a2-9c0e-f1a56865011c 1.565s
2025-11-21 13:17:23.598 66147 INFO tempest.lib.common.rest_client [req-04bf3a5c-ffe3-47c4-b4f6-a73cc31cc56c req-04bf3a5c-ffe3-47c4-b4f6-a73cc31cc56c ] Request (ServerActionsTestJSON:test_reboot_server_hard): 200 GET http://10.180.1.21/compute/v2.1/servers/e6159a35-f073-4931-b0b0-832a88680356 1.630s
2025-11-21 13:17:23.611 66147 INFO tempest.lib.common.ssh [-] Creating ssh connection to '10.180.180.151:22' as 'cirros' with public key authentication
2025-11-21 13:17:23.750 66135 INFO tempest.lib.common.rest_client [req-90187645-2766-451e-a2ae-8b6cdc80dea6 req-90187645-2766-451e-a2ae-8b6cdc80dea6 ] Request (AttachInterfacesUnderV243Test:tearDownClass): 204 DELETE http://10.180.1.21/networking/v2.0/subnets/cca2759d-21b2-440c-adcc-0c236211760f 0.280s
2025-11-21 13:17:23.772 66165 INFO tempest.lib.common.rest_client [req-c0510004-1b8e-4b68-a341-136f6c1ee775 req-c0510004-1b8e-4b68-a341-136f6c1ee775 ] Request (SecurityGroupsTestJSON:test_list_security_groups_by_server): 200 GET http://10.180.1.21/compute/v2.1/servers/7c0e6911-4f85-4b47-a7e9-84d0e3bb5720 1.762s
2025-11-21 13:17:23.860 66162 INFO tempest.lib.common.rest_client [req-8fb2b61b-0d02-4a55-8525-f46ca95b0fdd req-8fb2b61b-0d02-4a55-8525-f46ca95b0fdd ] Request (ListImageFiltersTestJSON:setUpClass): 200 GET http://10.180.1.21/compute/v2.1/servers/f15c6953-f76b-44eb-bd1b-c0d3adddc163 1.752s
2025-11-21 13:17:23.920 66158 INFO tempest.lib.common.rest_client [req-a7fe0d25-0132-4314-ae58-6ba5fef38777 req-a7fe0d25-0132-4314-ae58-6ba5fef38777 ] Request (ServerMetadataTestJSON:tearDownClass): 200 GET http://10.180.1.21/compute/v2.1/servers/fb379346-f17a-4433-bb55-2b72025e9a61 1.807s
2025-11-21 13:17:24.046 66135 INFO tempest.lib.common.rest_client [req-dd9c9eab-f4d6-49d5-b329-a82d81fcd963 req-dd9c9eab-f4d6-49d5-b329-a82d81fcd963 ] Request (AttachInterfacesUnderV243Test:tearDownClass): 204 DELETE http://10.180.1.21/networking/v2.0/networks/1b53f74f-4a09-45cf-a192-afdf7009dfc5 0.295s
2025-11-21 13:17:24.058 66155 INFO tempest.lib.common.rest_client [req-3114203a-eade-4115-8e6d-64afe4c6a28d req-3114203a-eade-4115-8e6d-64afe4c6a28d ] Request (ServersTestManualDisk:setUpClass): 200 GET http://10.180.1.21/compute/v2.1/servers/b7e2a3d9-7db3-40b3-98a5-c6e6e040a947 1.876s
2025-11-21 13:17:24.098 66143 INFO tempest.lib.common.rest_client [req-e5f60337-4d6f-4d3e-920d-d622adec99be req-e5f60337-4d6f-4d3e-920d-d622adec99be ] Request (ServerDiskConfigTestJSON:test_resize_server_from_auto_to_manual): 200 GET http://10.180.1.21/compute/v2.1/servers/a9ec9a64-94c7-41a5-a7a4-5e034ddfc592 1.963s
2025-11-21 13:17:24.105 66143 INFO tempest.common.waiters [-] State transition "BUILD/networking" ==> "BUILD/spawning" after 60 second wait
2025-11-21 13:17:24.142 66175 INFO tempest.lib.common.rest_client [req-6289a941-ebe9-46d9-a42f-d412d4092a3d req-6289a941-ebe9-46d9-a42f-d412d4092a3d ] Request (ServerActionsTestOtherA:_run_cleanups): 200 GET http://10.180.1.21/compute/v2.1/servers/4fda2aa0-451c-4c0f-a03a-19ea8b083ba1 1.939s
2025-11-21 13:17:24.159 66135 INFO tempest.lib.common.rest_client [req-66fb617e-b20a-40e6-adce-5e6942e3e0be req-66fb617e-b20a-40e6-adce-5e6942e3e0be ] Request (AttachInterfacesUnderV243Test:tearDownClass): 204 DELETE http://10.180.1.21/identity/v3/users/3816e419a1704f46896c4942d0dad734 0.113s
2025-11-21 13:17:24.159 66135 INFO tempest.lib.common.dynamic_creds [-] Deleting project and security group for project: 06aa7ad9cf4f4f528687bbd3e6d12b0d
2025-11-21 13:17:24.182 66115 INFO tempest.lib.common.rest_client [req-82b7e50b-2820-492e-b401-02124daa401a req-82b7e50b-2820-492e-b401-02124daa401a ] Request (ServersAdminNegativeTestJSON:tearDownClass): 200 GET http://10.180.1.21/compute/v2.1/servers/549673ec-3d75-4aad-a001-014f3f53a6b0 1.901s
2025-11-21 13:17:24.201 66135 INFO tempest.lib.common.rest_client [req-7b0e9dc1-7ba7-43c3-8b7f-6c86daf4f9cf req-7b0e9dc1-7ba7-43c3-8b7f-6c86daf4f9cf ] Request (AttachInterfacesUnderV243Test:tearDownClass): 200 GET http://10.180.1.21/networking/v2.0/security-groups?tenant_id=06aa7ad9cf4f4f528687bbd3e6d12b0d&name=default 0.042s
2025-11-21 13:17:24.280 66139 INFO tempest.lib.common.rest_client [req-d2dcd66a-2b83-4f08-977c-0af5a1904abe req-d2dcd66a-2b83-4f08-977c-0af5a1904abe ] Request (MigrationsAdminTest:test_resize_server_revert_deleted_flavor): 200 GET http://10.180.1.21/compute/v2.1/servers/105c53ce-e657-4a29-bc7f-96b4f885707a 1.975s
2025-11-21 13:17:24.290 66125 INFO tempest.lib.common.rest_client [req-3b024581-73dd-44e1-986f-6c9ff7f531e3 req-3b024581-73dd-44e1-986f-6c9ff7f531e3 ] Request (ServersTestBootFromVolume:setUpClass): 200 GET http://10.180.1.21/compute/v2.1/servers/d42d0818-1486-4696-9871-2cf989aeb885 1.981s
2025-11-21 13:17:24.314 66135 INFO tempest.lib.common.rest_client [req-e85328a8-4d04-4fdb-adfe-54750b2abc29 req-e85328a8-4d04-4fdb-adfe-54750b2abc29 ] Request (AttachInterfacesUnderV243Test:tearDownClass): 204 DELETE http://10.180.1.21/networking/v2.0/security-groups/1d9d5278-b04e-4538-ba1d-c25a840b321c 0.112s
2025-11-21 13:17:24.339 66151 INFO tempest.lib.common.rest_client [req-8d61ab35-38fa-4e29-a9c0-d4628e651c4a req-8d61ab35-38fa-4e29-a9c0-d4628e651c4a ] Request (ServerRescueNegativeTestJSON:test_rescued_vm_detach_volume): 200 GET http://10.180.1.21/compute/v2.1/servers/4e4dd117-b4ea-43bb-a14f-55a5ab0e2d49 1.998s
2025-11-21 13:17:24.372 66153 INFO tempest.lib.common.rest_client [req-0f503e93-854f-4823-ac9a-56bdb0f21841 req-0f503e93-854f-4823-ac9a-56bdb0f21841 ] Request (ServersAdminTestJSON:tearDownClass): 200 GET http://10.180.1.21/compute/v2.1/servers/54db018a-d54c-4fe5-9a6e-600e801e00b0 2.003s
2025-11-21 13:17:24.418 66113 INFO tempest.lib.common.rest_client [req-c6e496ee-cc96-4e4b-8120-333c55a9910c req-c6e496ee-cc96-4e4b-8120-333c55a9910c ] Request (ServerShowV247Test:test_update_rebuild_list_server): 200 GET http://10.180.1.21/compute/v2.1/servers/548edde0-9e42-4cd3-bdd3-3615ab9b7fc5 1.992s
2025-11-21 13:17:24.434 66135 INFO tempest.lib.common.rest_client [req-704636a9-e13c-4a76-87b9-bd5a8f309e28 req-704636a9-e13c-4a76-87b9-bd5a8f309e28 ] Request (AttachInterfacesUnderV243Test:tearDownClass): 204 DELETE http://10.180.1.21/identity/v3/projects/06aa7ad9cf4f4f528687bbd3e6d12b0d 0.120s
2025-11-21 13:17:24.500 66171 INFO tempest.lib.common.rest_client [req-c775c525-8bde-44b5-b9b2-0d1f3d298610 req-c775c525-8bde-44b5-b9b2-0d1f3d298610 ] Request (ListServersNegativeTestJSON:tearDownClass): 200 GET http://10.180.1.21/compute/v2.1/servers/148eddf4-4c01-47bc-be81-451ca57e7347 1.980s
2025-11-21 13:17:24.523 66135 INFO tempest.lib.common.rest_client [req-927ccf48-fc78-43e8-8d27-252c41a7516a req-927ccf48-fc78-43e8-8d27-252c41a7516a ] Request (ListServerFiltersTestJSON:setUpClass): 201 POST http://10.180.1.21/identity/v3/auth/tokens 0.087s
2025-11-21 13:17:24.571 66135 INFO tempest.lib.common.rest_client [req-f3e57c2c-0972-4716-b01b-acaa27927401 req-f3e57c2c-0972-4716-b01b-acaa27927401 ] Request (ListServerFiltersTestJSON:setUpClass): 201 POST http://10.180.1.21/identity/v3/auth/tokens 0.039s
2025-11-21 13:17:24.580 66149 INFO tempest.lib.common.rest_client [req-72e5f484-c3f1-4c92-ad38-2064c160b149 req-72e5f484-c3f1-4c92-ad38-2064c160b149 ] Request (ServersTestMultiNic:test_verify_multiple_nics_order): 200 GET http://10.180.1.21/compute/v2.1/servers/81f961c3-ec8f-4281-be18-5d605fa73ecc 2.077s
2025-11-21 13:17:24.608 66135 INFO tempest.lib.common.rest_client [req-6b145950-1869-4345-ab54-cff1214027b2 req-6b145950-1869-4345-ab54-cff1214027b2 ] Request (ListServerFiltersTestJSON:setUpClass): 200 GET http://10.180.1.21/identity/v3/domains?name=Default 0.036s
2025-11-21 13:17:24.637 66135 INFO tempest.lib.common.rest_client [req-375d32b2-d027-414b-a1f2-9079df19cdd5 req-375d32b2-d027-414b-a1f2-9079df19cdd5 ] Request (ListServerFiltersTestJSON:setUpClass): 201 POST http://10.180.1.21/identity/v3/projects 0.028s
2025-11-21 13:17:24.703 66135 INFO tempest.lib.common.rest_client [req-1deb062b-7690-4ced-a961-c23277f65259 req-1deb062b-7690-4ced-a961-c23277f65259 ] Request (ListServerFiltersTestJSON:setUpClass): 201 POST http://10.180.1.21/identity/v3/users 0.065s
2025-11-21 13:17:24.724 66135 INFO tempest.lib.common.rest_client [req-0837ff0a-88da-4949-983c-2e37287c660b req-0837ff0a-88da-4949-983c-2e37287c660b ] Request (ListServerFiltersTestJSON:setUpClass): 200 GET http://10.180.1.21/identity/v3/roles 0.020s
2025-11-21 13:17:24.765 66135 INFO tempest.lib.common.rest_client [req-4e58099e-5670-4332-8a7a-a37c0074a335 req-4e58099e-5670-4332-8a7a-a37c0074a335 ] Request (ListServerFiltersTestJSON:setUpClass): 204 PUT http://10.180.1.21/identity/v3/projects/5bed522365ca465f90708212bdb65510/users/35ec6fec92574772ba18d61856273108/roles/1f132b855c66456590329874c5f50341 0.041s
2025-11-21 13:17:24.765 66135 INFO tempest.lib.common.dynamic_creds [-] Dynamic test user 35ec6fec92574772ba18d61856273108 is created with scope project and roles: ['member']
2025-11-21 13:17:24.766 66135 INFO tempest.lib.common.dynamic_creds [-] Acquired dynamic creds: credentials: Credentials: {'domain_id': 'default', 'domain_name': 'Default', 'username': 'tempest-ListServerFiltersTestJSON-514582576-project-member', 'project_domain_id': 'default', 'project_domain_name': 'Default', 'project_id': '5bed522365ca465f90708212bdb65510', 'project_name': 'tempest-ListServerFiltersTestJSON-514582576', 'tenant_id': '5bed522365ca465f90708212bdb65510', 'tenant_name': 'tempest-ListServerFiltersTestJSON-514582576', 'user_domain_id': 'default', 'user_domain_name': 'Default', 'user_id': '35ec6fec92574772ba18d61856273108', 'system': None}, Network: None, Subnet: None, Router: None
2025-11-21 13:17:24.837 66135 INFO tempest.lib.common.rest_client [req-020f9764-72a7-4a08-9352-c1e054f690e7 req-020f9764-72a7-4a08-9352-c1e054f690e7 ] Request (ListServerFiltersTestJSON:setUpClass): 201 POST http://10.180.1.21/identity/v3/auth/tokens 0.071s
2025-11-21 13:17:25.057 66173 INFO tempest.lib.common.rest_client [req-15fc35dc-6ec3-4c44-adcd-b0d65348d1de req-15fc35dc-6ec3-4c44-adcd-b0d65348d1de ] Request (ServerShowV254Test:test_rebuild_server): 200 GET http://10.180.1.21/compute/v2.1/servers/5e54e7f4-3df1-4283-bee1-a7e475051a24 2.479s
2025-11-21 13:17:25.067 66173 INFO tempest.common.waiters [-] State transition "REBUILD/rebuild_spawning" ==> "ACTIVE/None" after 13 second wait
2025-11-21 13:17:25.068 66145 INFO tempest.lib.common.rest_client [req-95b282a1-b7ed-40b0-8c1e-32352801b894 req-95b282a1-b7ed-40b0-8c1e-32352801b894 ] Request (AttachInterfacesV270Test:test_create_get_list_interfaces): 200 GET http://10.180.1.21/compute/v2.1/servers/85082b72-89dd-47b7-b8ad-f2ad5ad0638d 2.424s
2025-11-21 13:17:25.175 66127 INFO tempest.lib.common.rest_client [req-dcf880a9-1777-45e5-99af-b1772df6f22c req-dcf880a9-1777-45e5-99af-b1772df6f22c ] Request (ImagesTestJSON:test_create_image_from_suspended_server): 200 GET http://10.180.1.21/compute/v2.1/servers/96103549-80a5-462d-9f73-f5f6363ab9fc 2.522s
2025-11-21 13:17:25.186 66121 INFO tempest.lib.common.rest_client [req-95c75d71-6bb6-44cd-8746-e043ab6edecb req-95c75d71-6bb6-44cd-8746-e043ab6edecb ] Request (MultipleCreateTestJSON:test_multiple_create_with_reservation_return): 200 GET http://10.180.1.21/compute/v2.1/servers/b7323030-4573-4af5-a19a-212a140d642a 2.439s
2025-11-21 13:17:25.308 66135 INFO tempest.lib.common.rest_client [req-386943fe-f37c-4121-8fa6-4d052b89b2c4 req-386943fe-f37c-4121-8fa6-4d052b89b2c4 ] Request (ListServerFiltersTestJSON:setUpClass): 201 POST http://10.180.1.21/networking/v2.0/networks 0.470s
2025-11-21 13:17:25.332 66169 INFO tempest.lib.common.rest_client [req-ff87942f-9e71-4d8f-b688-5c088a7a42f0 req-ff87942f-9e71-4d8f-b688-5c088a7a42f0 ] Request (AttachVolumeTestJSON:test_attach_detach_volume): 200 GET http://10.180.1.21/compute/v2.1/servers/7f5911fb-785e-444c-9408-c6884e06c5d3 2.332s
2025-11-21 13:17:25.391 66117 INFO tempest.lib.common.rest_client [req-1b473e7e-36a8-43d9-9c1a-8b68ddcbb9af req-1b473e7e-36a8-43d9-9c1a-8b68ddcbb9af ] Request (FloatingIPsAssociationNegativeTestJSON:setUpClass): 200 GET http://10.180.1.21/compute/v2.1/servers/56ff4122-a999-4caf-b805-0754a66d6bc7 2.552s
2025-11-21 13:17:25.492 66133 INFO tempest.lib.common.rest_client [req-2d409aaa-b3f3-439e-bd25-abf9365ee1ba req-2d409aaa-b3f3-439e-bd25-abf9365ee1ba ] Request (ImagesOneServerNegativeTestJSON:_run_cleanups): 200 GET http://10.180.1.21/compute/v2.1/servers/9118ff13-e2cf-404c-ae4d-2b9dbc52738d 2.446s
2025-11-21 13:17:25.618 66135 INFO tempest.lib.common.rest_client [req-a990d462-2a6b-42f5-ac5f-ed188a3b377b req-a990d462-2a6b-42f5-ac5f-ed188a3b377b ] Request (ListServerFiltersTestJSON:setUpClass): 201 POST http://10.180.1.21/networking/v2.0/subnets 0.310s
2025-11-21 13:17:25.619 66135 INFO tempest.lib.common.dynamic_creds [-] Created isolated network resources for: credentials: Credentials: {'domain_id': 'default', 'domain_name': 'Default', 'username': 'tempest-ListServerFiltersTestJSON-514582576-project-member', 'project_domain_id': 'default', 'project_domain_name': 'Default', 'project_id': '5bed522365ca465f90708212bdb65510', 'project_name': 'tempest-ListServerFiltersTestJSON-514582576', 'tenant_id': '5bed522365ca465f90708212bdb65510', 'tenant_name': 'tempest-ListServerFiltersTestJSON-514582576', 'user_domain_id': 'default', 'user_domain_name': 'Default', 'user_id': '35ec6fec92574772ba18d61856273108', 'system': None}, Network: {'id': 'b8020aea-ddd1-4c96-b0aa-7114e6e3af1d', 'name': 'tempest-ListServerFiltersTestJSON-1206359833-network', 'tenant_id': '5bed522365ca465f90708212bdb65510', 'project_id': '5bed522365ca465f90708212bdb65510', 'admin_state_up': True, 'mtu': 8950, 'status': 'ACTIVE', 'subnets': [], 'shared': False, 'port_security_enabled': True, 'router:external': False, 'provider:network_type': 'vlan', 'provider:physical_network': 'default', 'provider:segmentation_id': 326, 'availability_zone_hints': [], 'availability_zones': [], 'ipv4_address_scope': None, 'ipv6_address_scope': None, 'description': '', 'tags': [], 'created_at': '2025-11-21T13:17:25Z', 'updated_at': '2025-11-21T13:17:25Z', 'revision_number': 1}, Subnet: {'id': '4870e81f-bbc0-4ab2-9965-1a08d05f1398', 'name': 'tempest-ListServerFiltersTestJSON-1206359833-subnet', 'tenant_id': '5bed522365ca465f90708212bdb65510', 'network_id': 'b8020aea-ddd1-4c96-b0aa-7114e6e3af1d', 'ip_version': 4, 'subnetpool_id': None, 'enable_dhcp': True, 'ipv6_ra_mode': None, 'ipv6_address_mode': None, 'gateway_ip': '192.168.128.1', 'cidr': '192.168.128.0/28', 'allocation_pools': [{'start': '192.168.128.2', 'end': '192.168.128.14'}], 'host_routes': [], 'dns_nameservers': [], 'description': '', 'router:external': False, 'service_types': [], 'tags': [], 'created_at': '2025-11-21T13:17:25Z', 'updated_at': '2025-11-21T13:17:25Z', 'revision_number': 0, 'project_id': '5bed522365ca465f90708212bdb65510'}, Router: None
2025-11-21 13:17:25.645 66163 INFO tempest.lib.common.rest_client [req-b05bb895-9390-4727-a23f-5d9c0d753a20 req-b05bb895-9390-4727-a23f-5d9c0d753a20 ] Request (FloatingIPsAssociationTestJSON:test_associate_already_associated_floating_ip): 200 GET http://10.180.1.21/compute/v2.1/servers/596a5005-3607-44a2-9c0e-f1a56865011c 1.067s
2025-11-21 13:17:25.699 66135 INFO tempest.lib.common.rest_client [req-48876212-4003-4b73-af79-549c2ef80a3c req-48876212-4003-4b73-af79-549c2ef80a3c ] Request (ListServerFiltersTestJSON:setUpClass): 201 POST http://10.180.1.21/identity/v3/auth/tokens 0.076s
2025-11-21 13:17:25.733 66135 INFO tempest.lib.common.rest_client [req-0be98888-fd9c-4797-9f48-d53a54d91817 req-0be98888-fd9c-4797-9f48-d53a54d91817 ] Request (ListServerFiltersTestJSON:setUpClass): 201 POST http://10.180.1.21/identity/v3/auth/tokens 0.027s
2025-11-21 13:17:25.734 66135 INFO tempest.lib.common.fixed_network [-] (ListServerFiltersTestJSON:setUpClass) Found network {'id': 'b8020aea-ddd1-4c96-b0aa-7114e6e3af1d', 'name': 'tempest-ListServerFiltersTestJSON-1206359833-network', 'tenant_id': '5bed522365ca465f90708212bdb65510', 'project_id': '5bed522365ca465f90708212bdb65510', 'admin_state_up': True, 'mtu': 8950, 'status': 'ACTIVE', 'subnets': [], 'shared': False, 'port_security_enabled': True, 'router:external': False, 'provider:network_type': 'vlan', 'provider:physical_network': 'default', 'provider:segmentation_id': 326, 'availability_zone_hints': [], 'availability_zones': [], 'ipv4_address_scope': None, 'ipv6_address_scope': None, 'description': '', 'tags': [], 'created_at': '2025-11-21T13:17:25Z', 'updated_at': '2025-11-21T13:17:25Z', 'revision_number': 1} available for tenant
2025-11-21 13:17:25.752 66165 INFO tempest.lib.common.rest_client [req-dd4918f5-bf16-40b7-ac29-804ec8553145 req-dd4918f5-bf16-40b7-ac29-804ec8553145 ] Request (SecurityGroupsTestJSON:test_list_security_groups_by_server): 200 GET http://10.180.1.21/compute/v2.1/servers/7c0e6911-4f85-4b47-a7e9-84d0e3bb5720 0.972s
2025-11-21 13:17:25.768 66135 INFO tempest.lib.common.rest_client [req-a63ab640-db8c-4b8a-82b2-a478d4b7c3b2 req-a63ab640-db8c-4b8a-82b2-a478d4b7c3b2 ] Request (ListServerFiltersTestJSON:setUpClass): 201 POST http://10.180.1.21/identity/v3/auth/tokens 0.030s
2025-11-21 13:17:25.769 66135 INFO tempest.lib.common.fixed_network [-] (ListServerFiltersTestJSON:setUpClass) Found network {'id': 'b8020aea-ddd1-4c96-b0aa-7114e6e3af1d', 'name': 'tempest-ListServerFiltersTestJSON-1206359833-network', 'tenant_id': '5bed522365ca465f90708212bdb65510', 'project_id': '5bed522365ca465f90708212bdb65510', 'admin_state_up': True, 'mtu': 8950, 'status': 'ACTIVE', 'subnets': [], 'shared': False, 'port_security_enabled': True, 'router:external': False, 'provider:network_type': 'vlan', 'provider:physical_network': 'default', 'provider:segmentation_id': 326, 'availability_zone_hints': [], 'availability_zones': [], 'ipv4_address_scope': None, 'ipv6_address_scope': None, 'description': '', 'tags': [], 'created_at': '2025-11-21T13:17:25Z', 'updated_at': '2025-11-21T13:17:25Z', 'revision_number': 1} available for tenant
2025-11-21 13:17:25.841 66158 INFO tempest.lib.common.rest_client [req-22031462-a66a-413f-81d5-97475d046b19 req-22031462-a66a-413f-81d5-97475d046b19 ] Request (ServerMetadataTestJSON:tearDownClass): 200 GET http://10.180.1.21/compute/v2.1/servers/fb379346-f17a-4433-bb55-2b72025e9a61 0.912s
2025-11-21 13:17:25.957 66162 INFO tempest.lib.common.rest_client [req-c405b3ed-9c21-47ce-a50e-81c4f3ab8512 req-c405b3ed-9c21-47ce-a50e-81c4f3ab8512 ] Request (ListImageFiltersTestJSON:setUpClass): 202 POST http://10.180.1.21/compute/v2.1/servers/a662eac8-07e2-47f1-a4dd-9abbe824817d/action 2.090s
2025-11-21 13:17:25.979 66173 INFO tempest.lib.common.rest_client [req-db57e3c7-8ebd-4b22-abbc-335463c93d45 req-db57e3c7-8ebd-4b22-abbc-335463c93d45 ] Request (ServerShowV254Test:_run_cleanups): 204 DELETE http://10.180.1.21/compute/v2.1/os-keypairs/tempest-ServerShowV254Test-keypair-1009177070 0.912s
2025-11-21 13:17:26.022 66155 INFO tempest.lib.common.rest_client [req-6b1c4378-401b-41c9-87a3-ec88ebba98b4 req-6b1c4378-401b-41c9-87a3-ec88ebba98b4 ] Request (ServersTestManualDisk:setUpClass): 200 GET http://10.180.1.21/compute/v2.1/servers/b7e2a3d9-7db3-40b3-98a5-c6e6e040a947 0.955s
2025-11-21 13:17:26.032 66155 INFO tempest.common.waiters [-] State transition "BUILD/None" ==> "BUILD/block_device_mapping" after 61 second wait
2025-11-21 13:17:26.172 66175 INFO tempest.lib.common.rest_client [req-6a1a3b5d-c812-4d41-978d-1fb91fae5e5c req-6a1a3b5d-c812-4d41-978d-1fb91fae5e5c ] Request (ServerActionsTestOtherA:_run_cleanups): 200 GET http://10.180.1.21/compute/v2.1/servers/4fda2aa0-451c-4c0f-a03a-19ea8b083ba1 1.020s
2025-11-21 13:17:26.244 66143 INFO tempest.lib.common.rest_client [req-d997b101-de08-4e4f-a188-db691fbb7990 req-d997b101-de08-4e4f-a188-db691fbb7990 ] Request (ServerDiskConfigTestJSON:test_resize_server_from_auto_to_manual): 200 GET http://10.180.1.21/compute/v2.1/servers/a9ec9a64-94c7-41a5-a7a4-5e034ddfc592 1.138s
2025-11-21 13:17:26.275 66115 INFO tempest.lib.common.rest_client [req-16f6114e-aafc-4308-9005-340bbc41e5f2 req-16f6114e-aafc-4308-9005-340bbc41e5f2 ] Request (ServersAdminNegativeTestJSON:tearDownClass): 200 GET http://10.180.1.21/compute/v2.1/servers/549673ec-3d75-4aad-a001-014f3f53a6b0 1.083s
2025-11-21 13:17:26.401 66125 INFO tempest.lib.common.rest_client [req-6edc6aae-4a0c-4da3-a506-065c7a38ffd5 req-6edc6aae-4a0c-4da3-a506-065c7a38ffd5 ] Request (ServersTestBootFromVolume:setUpClass): 200 GET http://10.180.1.21/compute/v2.1/servers/d42d0818-1486-4696-9871-2cf989aeb885 1.101s
2025-11-21 13:17:26.429 66139 INFO tempest.lib.common.rest_client [req-55daf1a2-606f-4ebd-9b0e-a7a9aef6c80e req-55daf1a2-606f-4ebd-9b0e-a7a9aef6c80e ] Request (MigrationsAdminTest:test_resize_server_revert_deleted_flavor): 200 GET http://10.180.1.21/compute/v2.1/servers/105c53ce-e657-4a29-bc7f-96b4f885707a 1.140s
2025-11-21 13:17:26.507 66151 INFO tempest.lib.common.rest_client [req-49a64342-f7fc-480c-8d36-ab3a118c9add req-49a64342-f7fc-480c-8d36-ab3a118c9add ] Request (ServerRescueNegativeTestJSON:test_rescued_vm_detach_volume): 200 GET http://10.180.1.21/compute/v2.1/servers/4e4dd117-b4ea-43bb-a14f-55a5ab0e2d49 1.157s
2025-11-21 13:17:26.581 66153 INFO tempest.lib.common.rest_client [req-a1fb6d38-f37b-4c3c-bed6-b485767dc720 req-a1fb6d38-f37b-4c3c-bed6-b485767dc720 ] Request (ServersAdminTestJSON:tearDownClass): 200 GET http://10.180.1.21/compute/v2.1/servers/54db018a-d54c-4fe5-9a6e-600e801e00b0 1.197s
2025-11-21 13:17:26.603 66113 INFO tempest.lib.common.rest_client [req-9a264d80-3d72-4dc9-b74a-b4d11b844630 req-9a264d80-3d72-4dc9-b74a-b4d11b844630 ] Request (ServerShowV247Test:test_update_rebuild_list_server): 200 GET http://10.180.1.21/compute/v2.1/servers/548edde0-9e42-4cd3-bdd3-3615ab9b7fc5 1.172s
2025-11-21 13:17:26.642 66171 INFO tempest.lib.common.rest_client [req-b627a6e9-b93c-4530-9127-d4550cc09ea9 req-b627a6e9-b93c-4530-9127-d4550cc09ea9 ] Request (ListServersNegativeTestJSON:tearDownClass): 200 GET http://10.180.1.21/compute/v2.1/servers/148eddf4-4c01-47bc-be81-451ca57e7347 1.131s
2025-11-21 13:17:26.771 66149 INFO tempest.lib.common.rest_client [req-5ab1da62-1445-4c66-8638-db5bceeaa863 req-5ab1da62-1445-4c66-8638-db5bceeaa863 ] Request (ServersTestMultiNic:test_verify_multiple_nics_order): 200 GET http://10.180.1.21/compute/v2.1/servers/81f961c3-ec8f-4281-be18-5d605fa73ecc 1.181s
2025-11-21 13:17:26.802 66162 INFO tempest.lib.common.rest_client [req-130e0444-c9d5-47a8-a453-bd7f58404fdf req-130e0444-c9d5-47a8-a453-bd7f58404fdf ] Request (ListImageFiltersTestJSON:setUpClass): 200 GET http://10.180.1.21/compute/v2.1/images/da0c0205-17bb-450e-844c-4ca10de1c712 0.843s
2025-11-21 13:17:26.889 66173 INFO tempest.lib.common.rest_client [req-bcce908e-bfd5-45df-941a-a0dce0fac04a req-bcce908e-bfd5-45df-941a-a0dce0fac04a ] Request (ServerShowV254Test:tearDownClass): 204 DELETE http://10.180.1.21/compute/v2.1/servers/5e54e7f4-3df1-4283-bee1-a7e475051a24 0.901s
2025-11-21 13:17:26.944 66145 INFO tempest.lib.common.rest_client [req-6d65c7b2-ff81-4b53-ba30-b4d08160562b req-6d65c7b2-ff81-4b53-ba30-b4d08160562b ] Request (AttachInterfacesV270Test:test_create_get_list_interfaces): 200 GET http://10.180.1.21/compute/v2.1/servers/85082b72-89dd-47b7-b8ad-f2ad5ad0638d 0.860s
2025-11-21 13:17:27.024 66127 INFO tempest.lib.common.rest_client [req-ff831bac-27eb-4484-83e3-0f553024308d req-ff831bac-27eb-4484-83e3-0f553024308d ] Request (ImagesTestJSON:test_create_image_from_suspended_server): 200 GET http://10.180.1.21/compute/v2.1/servers/96103549-80a5-462d-9f73-f5f6363ab9fc 0.838s
2025-11-21 13:17:27.102 66121 INFO tempest.lib.common.rest_client [req-720b4e7c-5eb7-4a4e-a72f-4dea82bb636f req-720b4e7c-5eb7-4a4e-a72f-4dea82bb636f ] Request (MultipleCreateTestJSON:test_multiple_create_with_reservation_return): 200 GET http://10.180.1.21/compute/v2.1/servers/b7323030-4573-4af5-a19a-212a140d642a 0.904s
2025-11-21 13:17:27.133 66135 INFO tempest.lib.common.rest_client [req-b56ae4a3-9ad5-49a0-87ae-1985b9047508 req-b56ae4a3-9ad5-49a0-87ae-1985b9047508 ] Request (ListServerFiltersTestJSON:setUpClass): 202 POST http://10.180.1.21/compute/v2.1/servers 1.364s
2025-11-21 13:17:27.152 66169 INFO tempest.lib.common.rest_client [req-be4e2120-1c64-4ca1-931c-974db9dbe7cb req-be4e2120-1c64-4ca1-931c-974db9dbe7cb ] Request (AttachVolumeTestJSON:test_attach_detach_volume): 200 GET http://10.180.1.21/compute/v2.1/servers/7f5911fb-785e-444c-9408-c6884e06c5d3 0.810s
2025-11-21 13:17:27.178 66135 INFO tempest.lib.common.rest_client [req-526eb1be-9894-43df-a2a3-4ad6431ba7af req-526eb1be-9894-43df-a2a3-4ad6431ba7af ] Request (ListServerFiltersTestJSON:setUpClass): 201 POST http://10.180.1.21/identity/v3/auth/tokens 0.040s
