2025-11-21 13:14:32.074 66169 INFO tempest.lib.common.dynamic_creds [-] Created isolated network resources for: credentials: Credentials: {'domain_id': 'default', 'domain_name': 'Default', 'username': 'tempest-ServersTestFqdnHostnames-1356736416-project-member', 'project_domain_id': 'default', 'project_domain_name': 'Default', 'project_id': '9ca73ea9954543e38b16a12b37d531c6', 'project_name': 'tempest-ServersTestFqdnHostnames-1356736416', 'tenant_id': '9ca73ea9954543e38b16a12b37d531c6', 'tenant_name': 'tempest-ServersTestFqdnHostnames-1356736416', 'user_domain_id': 'default', 'user_domain_name': 'Default', 'user_id': 'beef1a3668014b1681b54a695325f0e8', 'system': None}, Network: {'id': '115e8c49-6d73-405e-a185-9072fb560eb2', 'name': 'tempest-ServersTestFqdnHostnames-1829868231-network', 'tenant_id': '9ca73ea9954543e38b16a12b37d531c6', 'project_id': '9ca73ea9954543e38b16a12b37d531c6', 'admin_state_up': True, 'mtu': 8950, 'status': 'ACTIVE', 'subnets': [], 'shared': False, 'port_security_enabled': True, 'router:external': False, 'provider:network_type': 'vlan', 'provider:physical_network': 'default', 'provider:segmentation_id': 819, 'availability_zone_hints': [], 'availability_zones': [], 'ipv4_address_scope': None, 'ipv6_address_scope': None, 'description': '', 'tags': [], 'created_at': '2025-11-21T13:14:28Z', 'updated_at': '2025-11-21T13:14:28Z', 'revision_number': 1}, Subnet: {'id': 'a38e736d-bf7e-435b-9fe7-2d925d57cddb', 'name': 'tempest-ServersTestFqdnHostnames-1829868231-subnet', 'tenant_id': '9ca73ea9954543e38b16a12b37d531c6', 'network_id': '115e8c49-6d73-405e-a185-9072fb560eb2', 'ip_version': 4, 'subnetpool_id': None, 'enable_dhcp': True, 'ipv6_ra_mode': None, 'ipv6_address_mode': None, 'gateway_ip': '192.168.128.1', 'cidr': '192.168.128.0/28', 'allocation_pools': [{'start': '192.168.128.2', 'end': '192.168.128.14'}], 'host_routes': [], 'dns_nameservers': [], 'description': '', 'router:external': False, 'service_types': [], 'tags': [], 'created_at': '2025-11-21T13:14:29Z', 'updated_at': '2025-11-21T13:14:29Z', 'revision_number': 0, 'project_id': '9ca73ea9954543e38b16a12b37d531c6'}, Router: {'id': '96531754-7f39-4b70-84e2-cf09d99c175c', 'name': 'tempest-ServersTestFqdnHostnames-1829868231-router', 'tenant_id': '9ca73ea9954543e38b16a12b37d531c6', 'admin_state_up': True, 'status': 'ACTIVE', 'external_gateway_info': {'network_id': '58fb60e0-57b3-4509-b27d-015f00693b2d', 'external_fixed_ips': [{'subnet_id': '951e150f-8e3d-4c15-92c1-ce20ba044fcc', 'ip_address': '10.180.180.146'}], 'enable_snat': True}, 'description': '', 'availability_zones': [], 'distributed': False, 'ha': False, 'availability_zone_hints': [], 'routes': [], 'flavor_id': None, 'tags': [], 'created_at': '2025-11-21T13:14:30Z', 'updated_at': '2025-11-21T13:14:30Z', 'revision_number': 2, 'project_id': '9ca73ea9954543e38b16a12b37d531c6'}
2025-11-21 13:14:32.156 66169 INFO tempest.lib.common.rest_client [req-90bd2a51-6514-4f9b-83e6-012755242bfb req-90bd2a51-6514-4f9b-83e6-012755242bfb ] Request (ServersTestFqdnHostnames:setUpClass): 201 POST http://10.180.1.21/identity/v3/auth/tokens 0.077s
2025-11-21 13:14:32.337 66139 INFO tempest.lib.common.rest_client [req-04826545-c7fb-438e-a1f7-8ad7e8844971 req-04826545-c7fb-438e-a1f7-8ad7e8844971 ] Request (MigrationsAdminTest:test_list_migrations_in_flavor_resize_situation): 200 GET http://10.180.1.21/compute/v2.1/servers/83fa942b-a195-4bcb-9ed5-5bb6764220a4 7.793s
2025-11-21 13:14:32.345 66139 INFO tempest.common.waiters [-] State transition "BUILD/spawning" ==> "ACTIVE/None" after 22 second wait
2025-11-21 13:14:32.492 66123 INFO tempest.lib.common.rest_client [req-4e19220c-4ede-439a-a1ff-10fd3b280cd4 req-4e19220c-4ede-439a-a1ff-10fd3b280cd4 ] Request (AbsoluteLimitsTestJSON:test_absLimits_get): 200 GET http://10.180.1.21/compute/v2.1/limits 7.782s
2025-11-21 13:14:32.591 66123 INFO tempest.lib.common.rest_client [req-6565ff4f-27e3-4943-914c-d61205c469b1 req-6565ff4f-27e3-4943-914c-d61205c469b1 ] Request (AbsoluteLimitsTestJSON:tearDownClass): 204 DELETE http://10.180.1.21/identity/v3/users/bc6242644a6947f7844c4acf0b3ad8e6 0.091s
2025-11-21 13:14:32.591 66123 INFO tempest.lib.common.dynamic_creds [-] Deleting project and security group for project: 8edde66afc0042f39175c66553e071e5
2025-11-21 13:14:32.598 66165 INFO tempest.lib.common.rest_client [req-c4d1ffb4-3946-4afb-ab4c-e77237bec79e req-c4d1ffb4-3946-4afb-ab4c-e77237bec79e ] Request (ServerDiagnosticsNegativeTest:tearDownClass): 200 GET http://10.180.1.21/compute/v2.1/servers/e4540963-7be9-426e-90f8-b31524d2237b 7.876s
2025-11-21 13:14:32.619 66162 INFO tempest.lib.common.rest_client [req-b6b3c874-8cc9-4006-bc1a-e25759e7ba14 req-b6b3c874-8cc9-4006-bc1a-e25759e7ba14 ] Request (FlavorsExtraSpecsTestJSON:test_flavor_set_get_update_show_unset_keys): 200 DELETE http://10.180.1.21/compute/v2.1/flavors/80308984/os-extra_specs/hw:cpu_policy 7.868s
2025-11-21 13:14:32.637 66121 INFO tempest.lib.common.rest_client [req-b9928b23-aba3-4f23-82d9-f0dabdf78c79 req-b9928b23-aba3-4f23-82d9-f0dabdf78c79 ] Request (KeyPairsV210TestJSON:_run_cleanups): 204 DELETE http://10.180.1.21/compute/v2.1/os-keypairs/tempest-keypair-1513754897?user_id=144c576cde0d4c65abe9e74200c0756a 7.865s
2025-11-21 13:14:32.658 66123 INFO tempest.lib.common.rest_client [req-2b3d3b4c-f2fc-4721-b47d-9ac26a3a450d req-2b3d3b4c-f2fc-4721-b47d-9ac26a3a450d ] Request (AbsoluteLimitsTestJSON:tearDownClass): 201 POST http://10.180.1.21/identity/v3/auth/tokens 0.066s
2025-11-21 13:14:32.712 66121 INFO tempest.lib.common.rest_client [req-6f6e25c4-739d-4711-8d0a-4ff6721d6ce2 req-6f6e25c4-739d-4711-8d0a-4ff6721d6ce2 ] Request (KeyPairsV210TestJSON:tearDownClass): 204 DELETE http://10.180.1.21/identity/v3/users/144c576cde0d4c65abe9e74200c0756a 0.074s
2025-11-21 13:14:32.863 66121 INFO tempest.lib.common.rest_client [req-08d4c351-d32f-40af-b43a-8bc3799d9444 req-08d4c351-d32f-40af-b43a-8bc3799d9444 ] Request (KeyPairsV210TestJSON:tearDownClass): 204 DELETE http://10.180.1.21/identity/v3/users/6446617cd72745388f8ec0f933fc259d 0.149s
2025-11-21 13:14:32.863 66121 INFO tempest.lib.common.dynamic_creds [-] Deleting project and security group for project: d1f1789c1e1d44feb7dee5e7be3becaa
2025-11-21 13:14:32.942 66121 INFO tempest.lib.common.rest_client [req-6a49af72-a70d-46b1-ad82-1c652d32feb8 req-6a49af72-a70d-46b1-ad82-1c652d32feb8 ] Request (KeyPairsV210TestJSON:tearDownClass): 201 POST http://10.180.1.21/identity/v3/auth/tokens 0.079s
2025-11-21 13:14:32.946 66123 INFO tempest.lib.common.rest_client [req-580033fe-2cb2-436b-8e2f-386b040f39d0 req-580033fe-2cb2-436b-8e2f-386b040f39d0 ] Request (AbsoluteLimitsTestJSON:tearDownClass): 200 GET http://10.180.1.21/networking/v2.0/security-groups?tenant_id=8edde66afc0042f39175c66553e071e5&name=default 0.287s
2025-11-21 13:14:32.975 66145 INFO tempest.lib.common.rest_client [req-dcef78be-061d-48ea-a504-b61c4111e149 req-dcef78be-061d-48ea-a504-b61c4111e149 ] Request (VolumesAssistedSnapshotsTest:test_volume_assisted_snapshot_create_delete): 200 GET http://10.180.1.21/compute/v2.1/servers/e60efbcd-1c4e-40a1-8bc1-893daa511073 7.892s
2025-11-21 13:14:32.984 66145 INFO tempest.common.waiters [-] State transition "BUILD/None" ==> "BUILD/networking" after 14 second wait
2025-11-21 13:14:33.013 66131 INFO tempest.lib.common.rest_client [req-89019b41-1986-4fce-8e7c-a2e27261b9e6 req-89019b41-1986-4fce-8e7c-a2e27261b9e6 ] Request (ServicesAdminNegativeTestJSON:test_get_service_by_invalid_service_and_valid_host): 200 GET http://10.180.1.21/compute/v2.1/os-services 7.726s
2025-11-21 13:14:33.107 66171 INFO tempest.lib.common.rest_client [req-13921140-8668-458e-9d47-ea1e40361467 req-13921140-8668-458e-9d47-ea1e40361467 ] Request (InstanceActionsNegativeTestJSON:tearDownClass): 204 DELETE http://10.180.1.21/compute/v2.1/servers/f1a1650b-4c45-47fc-9c45-f4625c959597 7.816s
2025-11-21 13:14:33.188 66121 INFO tempest.lib.common.rest_client [req-ea40765c-279e-4562-a2b2-f287cb354a4e req-ea40765c-279e-4562-a2b2-f287cb354a4e ] Request (KeyPairsV210TestJSON:tearDownClass): 200 GET http://10.180.1.21/networking/v2.0/security-groups?tenant_id=d1f1789c1e1d44feb7dee5e7be3becaa&name=default 0.245s
2025-11-21 13:14:33.325 66123 INFO tempest.lib.common.rest_client [req-2a2d90c6-154a-47cd-bf93-0f3b150bc930 req-2a2d90c6-154a-47cd-bf93-0f3b150bc930 ] Request (AbsoluteLimitsTestJSON:tearDownClass): 204 DELETE http://10.180.1.21/networking/v2.0/security-groups/b956e87c-a2e0-4558-bb15-71e77907a4fa 0.379s
2025-11-21 13:14:33.375 66143 INFO tempest.lib.common.rest_client [req-04097355-428c-4f04-9298-cc61c67e88c3 req-04097355-428c-4f04-9298-cc61c67e88c3 ] Request (ServerDiskConfigTestJSON:test_rebuild_server_with_auto_disk_config): 200 GET http://10.180.1.21/compute/v2.1/servers/0ac196fa-d88c-45a8-999e-8b5216912041 7.817s
2025-11-21 13:14:33.396 66123 INFO tempest.lib.common.rest_client [req-42c800d6-c092-4152-8b5d-d3842a35b648 req-42c800d6-c092-4152-8b5d-d3842a35b648 ] Request (AbsoluteLimitsTestJSON:tearDownClass): 204 DELETE http://10.180.1.21/identity/v3/projects/8edde66afc0042f39175c66553e071e5 0.071s
2025-11-21 13:14:33.459 66121 INFO tempest.lib.common.rest_client [req-ecb33ca6-0c68-49ac-aa3f-b85c0092cd24 req-ecb33ca6-0c68-49ac-aa3f-b85c0092cd24 ] Request (KeyPairsV210TestJSON:tearDownClass): 204 DELETE http://10.180.1.21/networking/v2.0/security-groups/17150651-a2cf-4e48-b302-7f12ac3b4e40 0.270s
2025-11-21 13:14:33.467 66123 INFO tempest.lib.common.rest_client [req-2fd1eaf3-0735-405b-b9cd-1c7d7404b863 req-2fd1eaf3-0735-405b-b9cd-1c7d7404b863 ] Request (InstanceActionsV221TestJSON:setUpClass): 201 POST http://10.180.1.21/identity/v3/auth/tokens 0.069s
2025-11-21 13:14:33.557 66158 INFO tempest.lib.common.rest_client [req-d16bfa81-52a5-476e-a31c-8c397b8bb40c req-d16bfa81-52a5-476e-a31c-8c397b8bb40c ] Request (QuotasAdminTestJSON:test_delete_quota): 200 PUT http://10.180.1.21/compute/v2.1/os-quota-sets/9302bd3b5dc041fd8feb70917561f94e 7.913s
2025-11-21 13:14:33.561 66121 INFO tempest.lib.common.rest_client [req-74253dcf-508a-426a-9a51-96c341dd9d8e req-74253dcf-508a-426a-9a51-96c341dd9d8e ] Request (KeyPairsV210TestJSON:tearDownClass): 204 DELETE http://10.180.1.21/identity/v3/projects/d1f1789c1e1d44feb7dee5e7be3becaa 0.101s
2025-11-21 13:14:33.561 66121 INFO tempest.lib.common.dynamic_creds [-] Deleting project and security group for project: 2bd0792000f7416796c06f4023333587
2025-11-21 13:14:33.566 66123 INFO tempest.lib.common.rest_client [req-0b1a442f-f603-4366-b7ef-5517f0a32500 req-0b1a442f-f603-4366-b7ef-5517f0a32500 ] Request (InstanceActionsV221TestJSON:setUpClass): 201 POST http://10.180.1.21/identity/v3/auth/tokens 0.094s
2025-11-21 13:14:33.596 66123 INFO tempest.lib.common.rest_client [req-d3c8565a-c62b-433b-93c3-95e919d724a8 req-d3c8565a-c62b-433b-93c3-95e919d724a8 ] Request (InstanceActionsV221TestJSON:setUpClass): 200 GET http://10.180.1.21/identity/v3/domains?name=Default 0.030s
2025-11-21 13:14:33.626 66123 INFO tempest.lib.common.rest_client [req-7be2950c-f7bd-45b6-8e8e-9e4462993a3c req-7be2950c-f7bd-45b6-8e8e-9e4462993a3c ] Request (InstanceActionsV221TestJSON:setUpClass): 201 POST http://10.180.1.21/identity/v3/projects 0.029s
2025-11-21 13:14:33.692 66123 INFO tempest.lib.common.rest_client [req-b755f56e-8a1b-4d58-9f17-26aed208723c req-b755f56e-8a1b-4d58-9f17-26aed208723c ] Request (InstanceActionsV221TestJSON:setUpClass): 201 POST http://10.180.1.21/identity/v3/users 0.065s
2025-11-21 13:14:33.717 66123 INFO tempest.lib.common.rest_client [req-165808d5-4277-40be-8b41-204d6f033bef req-165808d5-4277-40be-8b41-204d6f033bef ] Request (InstanceActionsV221TestJSON:setUpClass): 200 GET http://10.180.1.21/identity/v3/roles 0.024s
2025-11-21 13:14:33.741 66123 INFO tempest.lib.common.rest_client [req-5ed6a307-989d-485e-aeb2-b260b9a26832 req-5ed6a307-989d-485e-aeb2-b260b9a26832 ] Request (InstanceActionsV221TestJSON:setUpClass): 204 PUT http://10.180.1.21/identity/v3/projects/65a13c957f3f4521ba7862cf3de6c0c4/users/5a497ea02c1e4e87bbf0b6ac4e956081/roles/1f132b855c66456590329874c5f50341 0.024s
2025-11-21 13:14:33.742 66123 INFO tempest.lib.common.dynamic_creds [-] Dynamic test user 5a497ea02c1e4e87bbf0b6ac4e956081 is created with scope project and roles: ['member']
2025-11-21 13:14:33.742 66123 INFO tempest.lib.common.dynamic_creds [-] Acquired dynamic creds: credentials: Credentials: {'domain_id': 'default', 'domain_name': 'Default', 'username': 'tempest-InstanceActionsV221TestJSON-671489737-project-member', 'project_domain_id': 'default', 'project_domain_name': 'Default', 'project_id': '65a13c957f3f4521ba7862cf3de6c0c4', 'project_name': 'tempest-InstanceActionsV221TestJSON-671489737', 'tenant_id': '65a13c957f3f4521ba7862cf3de6c0c4', 'tenant_name': 'tempest-InstanceActionsV221TestJSON-671489737', 'user_domain_id': 'default', 'user_domain_name': 'Default', 'user_id': '5a497ea02c1e4e87bbf0b6ac4e956081', 'system': None}, Network: None, Subnet: None, Router: None
2025-11-21 13:14:33.832 66123 INFO tempest.lib.common.rest_client [req-dca0067a-f708-4351-9077-27652e9d5ba0 req-dca0067a-f708-4351-9077-27652e9d5ba0 ] Request (InstanceActionsV221TestJSON:setUpClass): 201 POST http://10.180.1.21/identity/v3/auth/tokens 0.090s
2025-11-21 13:14:33.976 66121 INFO tempest.lib.common.rest_client [req-f137555c-153e-473a-8751-6ecb60e3bf77 req-f137555c-153e-473a-8751-6ecb60e3bf77 ] Request (KeyPairsV210TestJSON:tearDownClass): 200 GET http://10.180.1.21/networking/v2.0/security-groups?tenant_id=2bd0792000f7416796c06f4023333587&name=default 0.415s
2025-11-21 13:14:34.264 66123 INFO tempest.lib.common.rest_client [req-6ba8a765-1b10-4eb3-bf86-90adc455857e req-6ba8a765-1b10-4eb3-bf86-90adc455857e ] Request (InstanceActionsV221TestJSON:setUpClass): 201 POST http://10.180.1.21/networking/v2.0/networks 0.431s
2025-11-21 13:14:34.401 66121 INFO tempest.lib.common.rest_client [req-6a6e53a4-6bc2-4e57-9c49-b4023247e100 req-6a6e53a4-6bc2-4e57-9c49-b4023247e100 ] Request (KeyPairsV210TestJSON:tearDownClass): 204 DELETE http://10.180.1.21/networking/v2.0/security-groups/9faf873f-0e9c-448a-ad7e-4a55af329e72 0.424s
2025-11-21 13:14:34.481 66121 INFO tempest.lib.common.rest_client [req-2aee4100-9316-4d22-b1f5-6823275aebc9 req-2aee4100-9316-4d22-b1f5-6823275aebc9 ] Request (KeyPairsV210TestJSON:tearDownClass): 204 DELETE http://10.180.1.21/identity/v3/projects/2bd0792000f7416796c06f4023333587 0.079s
2025-11-21 13:14:34.555 66121 INFO tempest.lib.common.rest_client [req-ad29d668-f0a6-423a-a2fc-d346dd073817 req-ad29d668-f0a6-423a-a2fc-d346dd073817 ] Request (KeyPairsV2TestJSON:setUpClass): 201 POST http://10.180.1.21/identity/v3/auth/tokens 0.073s
2025-11-21 13:14:34.588 66121 INFO tempest.lib.common.rest_client [req-be21ee2c-b345-452f-8298-a2a5269405ec req-be21ee2c-b345-452f-8298-a2a5269405ec ] Request (KeyPairsV2TestJSON:setUpClass): 201 POST http://10.180.1.21/identity/v3/auth/tokens 0.029s
2025-11-21 13:14:34.614 66121 INFO tempest.lib.common.rest_client [req-bc9d11a9-0872-4fab-bba5-dcafe6127a50 req-bc9d11a9-0872-4fab-bba5-dcafe6127a50 ] Request (KeyPairsV2TestJSON:setUpClass): 200 GET http://10.180.1.21/identity/v3/domains?name=Default 0.026s
2025-11-21 13:14:34.643 66121 INFO tempest.lib.common.rest_client [req-1d0edc6e-3b38-49c8-bda4-781fe64036aa req-1d0edc6e-3b38-49c8-bda4-781fe64036aa ] Request (KeyPairsV2TestJSON:setUpClass): 201 POST http://10.180.1.21/identity/v3/projects 0.028s
2025-11-21 13:14:34.648 66123 INFO tempest.lib.common.rest_client [req-e7d49e2b-188a-4f78-8ff6-42516261c1b6 req-e7d49e2b-188a-4f78-8ff6-42516261c1b6 ] Request (InstanceActionsV221TestJSON:setUpClass): 201 POST http://10.180.1.21/networking/v2.0/subnets 0.383s
2025-11-21 13:14:34.718 66121 INFO tempest.lib.common.rest_client [req-f9bc097e-7a96-4eb1-b1f1-04c1389d706f req-f9bc097e-7a96-4eb1-b1f1-04c1389d706f ] Request (KeyPairsV2TestJSON:setUpClass): 201 POST http://10.180.1.21/identity/v3/users 0.074s
2025-11-21 13:14:34.749 66121 INFO tempest.lib.common.rest_client [req-c3fbdfb4-d14c-4925-9997-3364d6e51eca req-c3fbdfb4-d14c-4925-9997-3364d6e51eca ] Request (KeyPairsV2TestJSON:setUpClass): 200 GET http://10.180.1.21/identity/v3/roles 0.030s
2025-11-21 13:14:34.786 66121 INFO tempest.lib.common.rest_client [req-e6fe36b9-f3ca-4311-bd0e-efdbf320c729 req-e6fe36b9-f3ca-4311-bd0e-efdbf320c729 ] Request (KeyPairsV2TestJSON:setUpClass): 204 PUT http://10.180.1.21/identity/v3/projects/7516817601844635900d776b30f049b1/users/6f9fe5fda6f04eeeb163a3861002a836/roles/1f132b855c66456590329874c5f50341 0.037s
2025-11-21 13:14:34.787 66121 INFO tempest.lib.common.dynamic_creds [-] Dynamic test user 6f9fe5fda6f04eeeb163a3861002a836 is created with scope project and roles: ['member']
2025-11-21 13:14:34.787 66121 INFO tempest.lib.common.dynamic_creds [-] Acquired dynamic creds: credentials: Credentials: {'domain_id': 'default', 'domain_name': 'Default', 'username': 'tempest-KeyPairsV2TestJSON-1430838385-project-member', 'project_domain_id': 'default', 'project_domain_name': 'Default', 'project_id': '7516817601844635900d776b30f049b1', 'project_name': 'tempest-KeyPairsV2TestJSON-1430838385', 'tenant_id': '7516817601844635900d776b30f049b1', 'tenant_name': 'tempest-KeyPairsV2TestJSON-1430838385', 'user_domain_id': 'default', 'user_domain_name': 'Default', 'user_id': '6f9fe5fda6f04eeeb163a3861002a836', 'system': None}, Network: None, Subnet: None, Router: None
2025-11-21 13:14:34.787 66121 INFO tempest.lib.common.dynamic_creds [-] Created isolated network resources for: credentials: Credentials: {'domain_id': 'default', 'domain_name': 'Default', 'username': 'tempest-KeyPairsV2TestJSON-1430838385-project-member', 'project_domain_id': 'default', 'project_domain_name': 'Default', 'project_id': '7516817601844635900d776b30f049b1', 'project_name': 'tempest-KeyPairsV2TestJSON-1430838385', 'tenant_id': '7516817601844635900d776b30f049b1', 'tenant_name': 'tempest-KeyPairsV2TestJSON-1430838385', 'user_domain_id': 'default', 'user_domain_name': 'Default', 'user_id': '6f9fe5fda6f04eeeb163a3861002a836', 'system': None}, Network: None, Subnet: None, Router: None
2025-11-21 13:14:34.877 66121 INFO tempest.lib.common.rest_client [req-4d6960c2-1458-4649-8bc8-bf5f660271e4 req-4d6960c2-1458-4649-8bc8-bf5f660271e4 ] Request (KeyPairsV2TestJSON:setUpClass): 201 POST http://10.180.1.21/identity/v3/auth/tokens 0.085s
2025-11-21 13:14:35.388 66123 INFO tempest.lib.common.rest_client [req-bb5c4d4c-d954-4905-92f9-345e82a50461 req-bb5c4d4c-d954-4905-92f9-345e82a50461 ] Request (InstanceActionsV221TestJSON:setUpClass): 201 POST http://10.180.1.21/networking/v2.0/routers 0.739s
2025-11-21 13:14:35.587 66163 INFO tempest.lib.common.rest_client [req-f1df8a2c-8bb7-446c-b732-6cc9d52b86ac req-f1df8a2c-8bb7-446c-b732-6cc9d52b86ac ] Request (ServerDiagnosticsTest:test_get_server_diagnostics): 202 POST http://10.180.1.21/compute/v2.1/servers 9.863s
2025-11-21 13:14:36.567 66123 INFO tempest.lib.common.rest_client [req-682ba868-f08e-440d-8a37-1f7d2967266a req-682ba868-f08e-440d-8a37-1f7d2967266a ] Request (InstanceActionsV221TestJSON:setUpClass): 200 PUT http://10.180.1.21/networking/v2.0/routers/0b2c1d1c-5ed0-4cb8-8af6-66cc0d7268d5/add_router_interface 1.179s
2025-11-21 13:14:36.567 66123 INFO tempest.lib.common.dynamic_creds [-] Created isolated network resources for: credentials: Credentials: {'domain_id': 'default', 'domain_name': 'Default', 'username': 'tempest-InstanceActionsV221TestJSON-671489737-project-member', 'project_domain_id': 'default', 'project_domain_name': 'Default', 'project_id': '65a13c957f3f4521ba7862cf3de6c0c4', 'project_name': 'tempest-InstanceActionsV221TestJSON-671489737', 'tenant_id': '65a13c957f3f4521ba7862cf3de6c0c4', 'tenant_name': 'tempest-InstanceActionsV221TestJSON-671489737', 'user_domain_id': 'default', 'user_domain_name': 'Default', 'user_id': '5a497ea02c1e4e87bbf0b6ac4e956081', 'system': None}, Network: {'id': 'b8727d6d-5390-46a5-8f17-d072022f93b9', 'name': 'tempest-InstanceActionsV221TestJSON-137815059-network', 'tenant_id': '65a13c957f3f4521ba7862cf3de6c0c4', 'project_id': '65a13c957f3f4521ba7862cf3de6c0c4', 'admin_state_up': True, 'mtu': 8950, 'status': 'ACTIVE', 'subnets': [], 'shared': False, 'port_security_enabled': True, 'router:external': False, 'provider:network_type': 'vlan', 'provider:physical_network': 'default', 'provider:segmentation_id': 321, 'availability_zone_hints': [], 'availability_zones': [], 'ipv4_address_scope': None, 'ipv6_address_scope': None, 'description': '', 'tags': [], 'created_at': '2025-11-21T13:14:34Z', 'updated_at': '2025-11-21T13:14:34Z', 'revision_number': 1}, Subnet: {'id': '464a4795-9559-4688-bc5e-2cc79c2ee914', 'name': 'tempest-InstanceActionsV221TestJSON-137815059-subnet', 'tenant_id': '65a13c957f3f4521ba7862cf3de6c0c4', 'network_id': 'b8727d6d-5390-46a5-8f17-d072022f93b9', 'ip_version': 4, 'subnetpool_id': None, 'enable_dhcp': True, 'ipv6_ra_mode': None, 'ipv6_address_mode': None, 'gateway_ip': '192.168.128.1', 'cidr': '192.168.128.0/28', 'allocation_pools': [{'start': '192.168.128.2', 'end': '192.168.128.14'}], 'host_routes': [], 'dns_nameservers': [], 'description': '', 'router:external': False, 'service_types': [], 'tags': [], 'created_at': '2025-11-21T13:14:34Z', 'updated_at': '2025-11-21T13:14:34Z', 'revision_number': 0, 'project_id': '65a13c957f3f4521ba7862cf3de6c0c4'}, Router: {'id': '0b2c1d1c-5ed0-4cb8-8af6-66cc0d7268d5', 'name': 'tempest-InstanceActionsV221TestJSON-137815059-router', 'tenant_id': '65a13c957f3f4521ba7862cf3de6c0c4', 'admin_state_up': True, 'status': 'ACTIVE', 'external_gateway_info': {'network_id': '58fb60e0-57b3-4509-b27d-015f00693b2d', 'external_fixed_ips': [{'subnet_id': '951e150f-8e3d-4c15-92c1-ce20ba044fcc', 'ip_address': '10.180.180.159'}], 'enable_snat': True}, 'description': '', 'availability_zones': [], 'distributed': False, 'ha': False, 'availability_zone_hints': [], 'routes': [], 'flavor_id': None, 'tags': [], 'created_at': '2025-11-21T13:14:34Z', 'updated_at': '2025-11-21T13:14:35Z', 'revision_number': 2, 'project_id': '65a13c957f3f4521ba7862cf3de6c0c4'}
2025-11-21 13:14:36.671 66123 INFO tempest.lib.common.rest_client [req-0d650b15-1743-4059-96d5-cf04b5f71a45 req-0d650b15-1743-4059-96d5-cf04b5f71a45 ] Request (InstanceActionsV221TestJSON:setUpClass): 201 POST http://10.180.1.21/identity/v3/auth/tokens 0.099s
2025-11-21 13:14:36.712 66155 INFO tempest.lib.common.rest_client [req-3a9cc016-0bd0-4c4f-ae6c-e884d2bc66a7 req-3a9cc016-0bd0-4c4f-ae6c-e884d2bc66a7 ] Request (QuotasAdminNegativeTest:test_create_server_when_memory_quota_is_full): 403 POST http://10.180.1.21/compute/v2.1/servers 10.781s
2025-11-21 13:14:36.723 66123 INFO tempest.lib.common.rest_client [req-79c743b8-ffea-4d60-a6ef-a21269f85ec1 req-79c743b8-ffea-4d60-a6ef-a21269f85ec1 ] Request (InstanceActionsV221TestJSON:test_get_list_deleted_instance_actions): 201 POST http://10.180.1.21/identity/v3/auth/tokens 0.046s
2025-11-21 13:14:36.723 66123 INFO tempest.lib.common.fixed_network [-] (InstanceActionsV221TestJSON:test_get_list_deleted_instance_actions) Found network {'id': 'b8727d6d-5390-46a5-8f17-d072022f93b9', 'name': 'tempest-InstanceActionsV221TestJSON-137815059-network', 'tenant_id': '65a13c957f3f4521ba7862cf3de6c0c4', 'project_id': '65a13c957f3f4521ba7862cf3de6c0c4', 'admin_state_up': True, 'mtu': 8950, 'status': 'ACTIVE', 'subnets': [], 'shared': False, 'port_security_enabled': True, 'router:external': False, 'provider:network_type': 'vlan', 'provider:physical_network': 'default', 'provider:segmentation_id': 321, 'availability_zone_hints': [], 'availability_zones': [], 'ipv4_address_scope': None, 'ipv6_address_scope': None, 'description': '', 'tags': [], 'created_at': '2025-11-21T13:14:34Z', 'updated_at': '2025-11-21T13:14:34Z', 'revision_number': 1} available for tenant
2025-11-21 13:14:36.896 66173 INFO tempest.lib.common.rest_client [req-2a0a7200-6ec5-4a68-8d2b-ac1f9b40bd38 req-2a0a7200-6ec5-4a68-8d2b-ac1f9b40bd38 ] Request (ServersAdmin275Test:test_rebuild_update_server_275): 200 GET http://10.180.1.21/compute/v2.1/servers/24379189-b10a-4ef6-a3f6-b7bb43029dab 10.636s
2025-11-21 13:14:37.161 66135 INFO tempest.lib.common.rest_client [req-2d2f437e-c894-4d31-992e-00b27c97dc6a req-2d2f437e-c894-4d31-992e-00b27c97dc6a ] Request (AttachInterfacesUnderV243Test:test_add_remove_fixed_ip): 200 GET http://10.180.1.21/compute/v2.1/servers/adc1b956-1b5a-4272-b0ff-95a565e9c45c 10.335s
2025-11-21 13:14:37.172 66135 INFO tempest.common.waiters [-] State transition "BUILD/spawning" ==> "ACTIVE/None" after 26 second wait
2025-11-21 13:14:37.278 66137 INFO tempest.lib.common.rest_client [req-a3172957-6162-4aff-bfa3-2e28a62c3b1f req-a3172957-6162-4aff-bfa3-2e28a62c3b1f ] Request (TenantUsagesTestJSON:tearDownClass): 200 GET http://10.180.1.21/compute/v2.1/servers/a0a3efdf-9b2d-4c07-a47d-1ba07c0b4974 10.222s
2025-11-21 13:14:37.309 66159 INFO tempest.lib.common.rest_client [req-e5e9154d-6f89-4b99-b503-8b98661a1146 req-e5e9154d-6f89-4b99-b503-8b98661a1146 ] Request (ImagesMetadataTestJSON:test_set_image_metadata): 200 GET http://10.180.1.21/compute/v2.1/images/17a2300b-9b72-4bcc-a904-c777e01b9118/metadata 9.763s
2025-11-21 13:14:37.330 66117 INFO tempest.lib.common.rest_client [req-e4c4a4c3-31b8-4f41-a8d7-4fa0d84d4756 req-e4c4a4c3-31b8-4f41-a8d7-4fa0d84d4756 ] Request (AggregatesAdminNegativeTestJSON:_run_cleanups): 200 DELETE http://10.180.1.21/compute/v2.1/os-aggregates/3 9.749s
2025-11-21 13:14:37.618 66167 INFO tempest.lib.common.rest_client [req-2cdc6161-1fd5-4648-9f8a-be59103956f4 req-2cdc6161-1fd5-4648-9f8a-be59103956f4 ] Request (ServerTagsTestJSON:setUpClass): 200 GET http://10.180.1.21/compute/v2.1/servers/e48a075b-41b3-4612-bd5f-0a158d707a2f 9.630s
2025-11-21 13:14:37.634 66167 INFO tempest.common.waiters [-] State transition "BUILD/None" ==> "BUILD/spawning" after 21 second wait
2025-11-21 13:14:38.142 66153 INFO tempest.lib.common.rest_client [req-3b1e4385-225d-4fc2-b058-6f73a570ead2 req-3b1e4385-225d-4fc2-b058-6f73a570ead2 ] Request (ServersAdminTestJSON:setUpClass): 200 GET http://10.180.1.21/compute/v2.1/servers/3049c522-d3bc-4ccf-93bd-0d1efe41d1ca 9.847s
2025-11-21 13:14:38.155 66153 INFO tempest.common.waiters [-] State transition "BUILD/None" ==> "BUILD/spawning" after 18 second wait
2025-11-21 13:14:38.207 66113 INFO tempest.lib.common.rest_client [req-8d9d9850-3df3-403f-bf1e-9ebea938f3e4 req-8d9d9850-3df3-403f-bf1e-9ebea938f3e4 ] Request (FlavorsExtraSpecsNegativeTestJSON:tearDownClass): 200 GET http://10.180.1.21/compute/v2.1/flavors/detail 8.342s
2025-11-21 13:14:38.345 66127 INFO tempest.lib.common.rest_client [req-1ec07aa3-c266-4d66-a783-9328ee947a9b req-1ec07aa3-c266-4d66-a783-9328ee947a9b ] Request (FlavorsAccessNegativeTestJSON:test_flavor_non_admin_add): 403 POST http://10.180.1.21/compute/v2.1/flavors/421278012/action 8.462s
2025-11-21 13:14:38.369 66113 INFO tempest.lib.common.rest_client [req-30ccacb3-856c-463f-bd2e-17f35233a919 req-30ccacb3-856c-463f-bd2e-17f35233a919 ] Request (FlavorsExtraSpecsNegativeTestJSON:tearDownClass): 204 DELETE http://10.180.1.21/identity/v3/users/51d38d6da6d246129ffa2e158ea67047 0.156s
2025-11-21 13:14:38.489 66113 INFO tempest.lib.common.rest_client [req-243e53c2-abf8-408d-83ef-d6948156d983 req-243e53c2-abf8-408d-83ef-d6948156d983 ] Request (FlavorsExtraSpecsNegativeTestJSON:tearDownClass): 204 DELETE http://10.180.1.21/identity/v3/users/eddf4daa77d84756884065b148511fa1 0.120s
2025-11-21 13:14:38.489 66113 INFO tempest.lib.common.dynamic_creds [-] Deleting project and security group for project: d0585e27b4ef4abb8a5442d11c35832d
2025-11-21 13:14:38.565 66113 INFO tempest.lib.common.rest_client [req-1385c601-9c29-4d55-84a0-4eb25ce82a9f req-1385c601-9c29-4d55-84a0-4eb25ce82a9f ] Request (FlavorsExtraSpecsNegativeTestJSON:tearDownClass): 201 POST http://10.180.1.21/identity/v3/auth/tokens 0.076s
2025-11-21 13:14:38.748 66113 INFO tempest.lib.common.rest_client [req-a72b848f-3a3c-4cea-ace6-9c622e2630ec req-a72b848f-3a3c-4cea-ace6-9c622e2630ec ] Request (FlavorsExtraSpecsNegativeTestJSON:tearDownClass): 200 GET http://10.180.1.21/networking/v2.0/security-groups?tenant_id=d0585e27b4ef4abb8a5442d11c35832d&name=default 0.182s
2025-11-21 13:14:38.904 66113 INFO tempest.lib.common.rest_client [req-14a70f29-148e-4d50-90be-92aceeed3d3a req-14a70f29-148e-4d50-90be-92aceeed3d3a ] Request (FlavorsExtraSpecsNegativeTestJSON:tearDownClass): 204 DELETE http://10.180.1.21/networking/v2.0/security-groups/e9c3d08f-2e62-4d7f-80b5-232f9b364fb9 0.155s
2025-11-21 13:14:38.964 66113 INFO tempest.lib.common.rest_client [req-685fbd81-7c50-4031-8fa5-406ec9fe4d67 req-685fbd81-7c50-4031-8fa5-406ec9fe4d67 ] Request (FlavorsExtraSpecsNegativeTestJSON:tearDownClass): 204 DELETE http://10.180.1.21/identity/v3/projects/d0585e27b4ef4abb8a5442d11c35832d 0.060s
2025-11-21 13:14:38.964 66113 INFO tempest.lib.common.dynamic_creds [-] Deleting project and security group for project: 52b08fc167024656b6519b992f9af7fa
2025-11-21 13:14:39.088 66113 INFO tempest.lib.common.rest_client [req-5b6c76cc-a953-4e36-86af-f40509f2a52e req-5b6c76cc-a953-4e36-86af-f40509f2a52e ] Request (FlavorsExtraSpecsNegativeTestJSON:tearDownClass): 200 GET http://10.180.1.21/networking/v2.0/security-groups?tenant_id=52b08fc167024656b6519b992f9af7fa&name=default 0.124s
2025-11-21 13:14:39.200 66129 INFO tempest.lib.common.rest_client [req-6cf29adb-d9d4-43aa-94d1-04eafbc16d56 req-6cf29adb-d9d4-43aa-94d1-04eafbc16d56 ] Request (ServerAddressesNegativeTestJSON:setUpClass): 202 POST http://10.180.1.21/compute/v2.1/servers 9.295s
2025-11-21 13:14:39.242 66113 INFO tempest.lib.common.rest_client [req-b7e192b3-88df-495e-8a5d-b1ed4ac1bba5 req-b7e192b3-88df-495e-8a5d-b1ed4ac1bba5 ] Request (FlavorsExtraSpecsNegativeTestJSON:tearDownClass): 204 DELETE http://10.180.1.21/networking/v2.0/security-groups/dd79de20-aaa3-435e-93cf-02fa237264e4 0.153s
2025-11-21 13:14:39.355 66119 INFO tempest.lib.common.rest_client [req-728d1745-0758-47dc-acaa-db081fd65607 req-728d1745-0758-47dc-acaa-db081fd65607 ] Request (ServersWithSpecificFlavorTestJSON:test_verify_created_server_ephemeral_disk): 200 GET http://10.180.1.21/compute/v2.1/servers/1e249ca9-a7a8-440f-832b-a8f5d84ada8b 9.157s
2025-11-21 13:14:39.367 66113 INFO tempest.lib.common.rest_client [req-697ac0f2-b5a8-4ce7-819e-b54684a2fbad req-697ac0f2-b5a8-4ce7-819e-b54684a2fbad ] Request (FlavorsExtraSpecsNegativeTestJSON:tearDownClass): 204 DELETE http://10.180.1.21/identity/v3/projects/52b08fc167024656b6519b992f9af7fa 0.124s
2025-11-21 13:14:39.470 66113 INFO tempest.lib.common.rest_client [req-a77e36c6-3408-40aa-8968-4bb7fb855523 req-a77e36c6-3408-40aa-8968-4bb7fb855523 ] Request (FlavorsV255TestJSON:setUpClass): 201 POST http://10.180.1.21/identity/v3/auth/tokens 0.101s
2025-11-21 13:14:39.510 66113 INFO tempest.lib.common.rest_client [req-4084cda5-9ce8-4b8c-a02f-f2c9da7e2299 req-4084cda5-9ce8-4b8c-a02f-f2c9da7e2299 ] Request (FlavorsV255TestJSON:setUpClass): 201 POST http://10.180.1.21/identity/v3/auth/tokens 0.034s
2025-11-21 13:14:39.551 66113 INFO tempest.lib.common.rest_client [req-d7eec078-164a-44aa-93ee-cc7212908590 req-d7eec078-164a-44aa-93ee-cc7212908590 ] Request (FlavorsV255TestJSON:setUpClass): 200 GET http://10.180.1.21/identity/v3/domains?name=Default 0.041s
2025-11-21 13:14:39.600 66113 INFO tempest.lib.common.rest_client [req-48ad2d21-938f-4ed8-818c-51db4ada9a6f req-48ad2d21-938f-4ed8-818c-51db4ada9a6f ] Request (FlavorsV255TestJSON:setUpClass): 201 POST http://10.180.1.21/identity/v3/projects 0.047s
2025-11-21 13:14:39.631 66147 INFO tempest.lib.common.rest_client [req-921b7ae6-dcb6-4efc-83ac-f82b8ac48e1a req-921b7ae6-dcb6-4efc-83ac-f82b8ac48e1a ] Request (SecurityGroupsTestAdminJSON:test_list_security_groups_list_all_tenants_filter): 200 GET http://10.180.1.21/compute/v2.1/os-security-groups?all_tenants=true 15.341s
2025-11-21 13:14:39.693 66113 INFO tempest.lib.common.rest_client [req-1cd2f261-8acc-4249-b972-231ce18d2261 req-1cd2f261-8acc-4249-b972-231ce18d2261 ] Request (FlavorsV255TestJSON:setUpClass): 201 POST http://10.180.1.21/identity/v3/users 0.092s
2025-11-21 13:14:39.715 66113 INFO tempest.lib.common.rest_client [req-4a29cbb4-596d-4e48-8b18-3621cdf6df5c req-4a29cbb4-596d-4e48-8b18-3621cdf6df5c ] Request (FlavorsV255TestJSON:setUpClass): 200 GET http://10.180.1.21/identity/v3/roles 0.022s
2025-11-21 13:14:39.745 66113 INFO tempest.lib.common.rest_client [req-8cba624b-db62-415a-bd5a-812cff6c3103 req-8cba624b-db62-415a-bd5a-812cff6c3103 ] Request (FlavorsV255TestJSON:setUpClass): 204 PUT http://10.180.1.21/identity/v3/projects/25c8e61abe534d1c8817287791ca0df9/users/6151098d86794407bd751868f02c037f/roles/1f132b855c66456590329874c5f50341 0.029s
2025-11-21 13:14:39.745 66113 INFO tempest.lib.common.dynamic_creds [-] Dynamic test user 6151098d86794407bd751868f02c037f is created with scope project and roles: ['member']
2025-11-21 13:14:39.745 66113 INFO tempest.lib.common.dynamic_creds [-] Acquired dynamic creds: credentials: Credentials: {'domain_id': 'default', 'domain_name': 'Default', 'username': 'tempest-FlavorsV255TestJSON-1483524672-project-member', 'project_domain_id': 'default', 'project_domain_name': 'Default', 'project_id': '25c8e61abe534d1c8817287791ca0df9', 'project_name': 'tempest-FlavorsV255TestJSON-1483524672', 'tenant_id': '25c8e61abe534d1c8817287791ca0df9', 'tenant_name': 'tempest-FlavorsV255TestJSON-1483524672', 'user_domain_id': 'default', 'user_domain_name': 'Default', 'user_id': '6151098d86794407bd751868f02c037f', 'system': None}, Network: None, Subnet: None, Router: None
2025-11-21 13:14:39.745 66113 INFO tempest.lib.common.dynamic_creds [-] Created isolated network resources for: credentials: Credentials: {'domain_id': 'default', 'domain_name': 'Default', 'username': 'tempest-FlavorsV255TestJSON-1483524672-project-member', 'project_domain_id': 'default', 'project_domain_name': 'Default', 'project_id': '25c8e61abe534d1c8817287791ca0df9', 'project_name': 'tempest-FlavorsV255TestJSON-1483524672', 'tenant_id': '25c8e61abe534d1c8817287791ca0df9', 'tenant_name': 'tempest-FlavorsV255TestJSON-1483524672', 'user_domain_id': 'default', 'user_domain_name': 'Default', 'user_id': '6151098d86794407bd751868f02c037f', 'system': None}, Network: None, Subnet: None, Router: None
2025-11-21 13:14:39.815 66113 INFO tempest.lib.common.rest_client [req-2436a1ff-333e-4ba7-974c-46bfdbe6d875 req-2436a1ff-333e-4ba7-974c-46bfdbe6d875 ] Request (FlavorsV255TestJSON:setUpClass): 201 POST http://10.180.1.21/identity/v3/auth/tokens 0.066s
2025-11-21 13:14:39.889 66113 INFO tempest.lib.common.rest_client [req-1bb37699-4dae-48eb-a53d-4729c863396c req-1bb37699-4dae-48eb-a53d-4729c863396c ] Request (FlavorsV255TestJSON:setUpClass): 201 POST http://10.180.1.21/identity/v3/projects 0.073s
2025-11-21 13:14:39.903 66151 INFO tempest.lib.common.rest_client [req-4849365f-d4b6-473e-8716-fb004a2a0dde req-4849365f-d4b6-473e-8716-fb004a2a0dde ] Request (ServerDiagnosticsV248Test:test_get_server_diagnostics): 200 GET http://10.180.1.21/compute/v2.1/servers/9e16d31b-e84c-448b-9d83-98cac49570a0/diagnostics 9.676s
2025-11-21 13:14:39.946 66113 INFO tempest.lib.common.rest_client [req-5f2ea90e-3610-4d6f-a941-1fc238f5093b req-5f2ea90e-3610-4d6f-a941-1fc238f5093b ] Request (FlavorsV255TestJSON:setUpClass): 201 POST http://10.180.1.21/identity/v3/users 0.056s
2025-11-21 13:14:39.966 66113 INFO tempest.lib.common.rest_client [req-8ae464dd-2e01-415d-9967-2d7cad154823 req-8ae464dd-2e01-415d-9967-2d7cad154823 ] Request (FlavorsV255TestJSON:setUpClass): 200 GET http://10.180.1.21/identity/v3/roles 0.020s
2025-11-21 13:14:39.991 66113 INFO tempest.lib.common.rest_client [req-c1f9fb3b-17c2-4ac2-87ef-9e92430cc682 req-c1f9fb3b-17c2-4ac2-87ef-9e92430cc682 ] Request (FlavorsV255TestJSON:setUpClass): 204 PUT http://10.180.1.21/identity/v3/projects/d854afc7ac9345ccb83e5b0eb9a1ada1/users/9546845380be49298cac099581dffffa/roles/6cbbe119ae114b359be689644e906a59 0.024s
2025-11-21 13:14:40.038 66133 INFO tempest.lib.common.rest_client [req-7acf2fd9-5621-4e6a-91f1-d7e70667822b req-7acf2fd9-5621-4e6a-91f1-d7e70667822b ] Request (VolumesAdminNegativeTest:test_update_attached_volume_with_nonexistent_volume_in_uri): 200 GET http://10.180.1.21/compute/v2.1/servers/64c4718b-8ed3-4ba5-99e3-a1e0f69cb10b 9.182s
2025-11-21 13:14:40.051 66113 INFO tempest.lib.common.rest_client [req-abba54e6-bc27-40b3-a89a-07a2656a9dc3 req-abba54e6-bc27-40b3-a89a-07a2656a9dc3 ] Request (FlavorsV255TestJSON:setUpClass): 200 GET http://10.180.1.21/identity/v3/roles 0.059s
2025-11-21 13:14:40.052 66133 INFO tempest.common.waiters [-] State transition "BUILD/spawning" ==> "ACTIVE/None" after 27 second wait
2025-11-21 13:14:40.069 66113 INFO tempest.lib.common.rest_client [req-4e0af7d0-a3c0-4e9e-bd1e-d527d2a01df1 req-4e0af7d0-a3c0-4e9e-bd1e-d527d2a01df1 ] Request (FlavorsV255TestJSON:setUpClass): 204 PUT http://10.180.1.21/identity/v3/projects/d854afc7ac9345ccb83e5b0eb9a1ada1/users/9546845380be49298cac099581dffffa/roles/6cbbe119ae114b359be689644e906a59 0.017s
2025-11-21 13:14:40.070 66113 INFO tempest.lib.common.dynamic_creds [-] Dynamic test user 9546845380be49298cac099581dffffa is created with scope project and roles: ['admin']
2025-11-21 13:14:40.070 66113 INFO tempest.lib.common.dynamic_creds [-] Acquired dynamic creds: credentials: Credentials: {'domain_id': 'default', 'domain_name': 'Default', 'username': 'tempest-FlavorsV255TestJSON-1096623926-project-admin', 'project_domain_id': 'default', 'project_domain_name': 'Default', 'project_id': 'd854afc7ac9345ccb83e5b0eb9a1ada1', 'project_name': 'tempest-FlavorsV255TestJSON-1096623926', 'tenant_id': 'd854afc7ac9345ccb83e5b0eb9a1ada1', 'tenant_name': 'tempest-FlavorsV255TestJSON-1096623926', 'user_domain_id': 'default', 'user_domain_name': 'Default', 'user_id': '9546845380be49298cac099581dffffa', 'system': None}, Network: None, Subnet: None, Router: None
2025-11-21 13:14:40.070 66113 INFO tempest.lib.common.dynamic_creds [-] Created isolated network resources for: credentials: Credentials: {'domain_id': 'default', 'domain_name': 'Default', 'username': 'tempest-FlavorsV255TestJSON-1096623926-project-admin', 'project_domain_id': 'default', 'project_domain_name': 'Default', 'project_id': 'd854afc7ac9345ccb83e5b0eb9a1ada1', 'project_name': 'tempest-FlavorsV255TestJSON-1096623926', 'tenant_id': 'd854afc7ac9345ccb83e5b0eb9a1ada1', 'tenant_name': 'tempest-FlavorsV255TestJSON-1096623926', 'user_domain_id': 'default', 'user_domain_name': 'Default', 'user_id': '9546845380be49298cac099581dffffa', 'system': None}, Network: None, Subnet: None, Router: None
2025-11-21 13:14:40.101 66125 INFO tempest.lib.common.rest_client [req-e51cf64b-5551-494b-a1a7-39e0285f9567 req-e51cf64b-5551-494b-a1a7-39e0285f9567 ] Request (DeleteServersAdminTestJSON:test_admin_delete_servers_of_others): 200 GET http://10.180.1.21/compute/v2.1/servers/67fdb417-62ea-412c-8b82-868d59149f89 8.406s
2025-11-21 13:14:40.157 66113 INFO tempest.lib.common.rest_client [req-478af77c-5849-42b6-b143-6650d8caf046 req-478af77c-5849-42b6-b143-6650d8caf046 ] Request (FlavorsV255TestJSON:setUpClass): 201 POST http://10.180.1.21/identity/v3/auth/tokens 0.084s
2025-11-21 13:14:40.159 66149 INFO tempest.lib.common.rest_client [req-ca385d76-d8d6-4019-a739-df36d88dfb55 req-ca385d76-d8d6-4019-a739-df36d88dfb55 ] Request (ServersTestMultiNic:test_verify_duplicate_network_nics): 202 POST http://10.180.1.21/compute/v2.1/servers 9.858s
2025-11-21 13:14:40.286 66175 INFO tempest.lib.common.rest_client [req-6aeaa765-0da8-4888-8121-a6de9df0e0b4 req-6aeaa765-0da8-4888-8121-a6de9df0e0b4 ] Request (ServerActionsTestOtherA:setUpClass): 200 GET http://10.180.1.21/compute/v2.1/servers/37aadd44-79e8-4479-862f-265549c9d802 8.576s
2025-11-21 13:14:40.296 66175 INFO tempest.common.waiters [-] State transition "BUILD/spawning" ==> "ACTIVE/None" after 27 second wait
2025-11-21 13:14:40.340 66169 INFO tempest.lib.common.rest_client [req-7080159c-c025-48f2-a1d2-44a7b509a0c3 req-7080159c-c025-48f2-a1d2-44a7b509a0c3 ] Request (ServersTestFqdnHostnames:test_create_server_with_fqdn_name): 200 POST http://10.180.1.21/compute/v2.1/os-keypairs 8.180s
2025-11-21 13:14:40.371 66115 INFO tempest.lib.common.rest_client [req-913291e0-9400-43b7-9c05-298c059d6e2a req-913291e0-9400-43b7-9c05-298c059d6e2a ] Request (ServersAdminNegativeTestJSON:test_migrate_server_invalid_state): 200 GET http://10.180.1.21/compute/v2.1/servers/f7a14628-cc55-41fa-ae89-3958855df8a7 8.160s
2025-11-21 13:14:40.381 66115 INFO tempest.common.waiters [-] State transition "BUILD/scheduling" ==> "BUILD/None" after 9 second wait
2025-11-21 13:14:40.389 66162 INFO tempest.lib.common.rest_client [req-4cd4253c-227e-4af8-b77b-296a96b57126 req-4cd4253c-227e-4af8-b77b-296a96b57126 ] Request (FlavorsExtraSpecsTestJSON:test_flavor_set_get_update_show_unset_keys): 200 GET http://10.180.1.21/compute/v2.1/flavors/80308984/os-extra_specs 7.770s
2025-11-21 13:14:40.422 66131 INFO tempest.lib.common.rest_client [req-300898d4-2844-40f3-abab-a1378d210e34 req-300898d4-2844-40f3-abab-a1378d210e34 ] Request (ServicesAdminNegativeTestJSON:test_get_service_by_invalid_service_and_valid_host): 200 GET http://10.180.1.21/compute/v2.1/os-services?host=devstack&binary=xxx 7.406s
2025-11-21 13:14:40.498 66171 INFO tempest.lib.common.rest_client [req-1f346ecc-cdd3-4dd4-8ef1-d2a4c2a6747f req-1f346ecc-cdd3-4dd4-8ef1-d2a4c2a6747f ] Request (InstanceActionsNegativeTestJSON:tearDownClass): 200 GET http://10.180.1.21/compute/v2.1/servers/f1a1650b-4c45-47fc-9c45-f4625c959597 7.390s
2025-11-21 13:14:40.508 66158 INFO tempest.lib.common.rest_client [req-72a4cd04-5134-4fcd-a7f8-51102a3fdfe2 req-72a4cd04-5134-4fcd-a7f8-51102a3fdfe2 ] Request (QuotasAdminTestJSON:test_delete_quota): 202 DELETE http://10.180.1.21/compute/v2.1/os-quota-sets/9302bd3b5dc041fd8feb70917561f94e 6.949s
2025-11-21 13:14:40.519 66169 INFO tempest.lib.common.rest_client [req-aff299e2-82c8-48f7-b4de-4848dd0919c0 req-aff299e2-82c8-48f7-b4de-4848dd0919c0 ] Request (ServersTestFqdnHostnames:test_create_server_with_fqdn_name): 201 POST http://10.180.1.21/networking/v2.0/security-groups 0.177s
2025-11-21 13:14:40.539 66133 INFO tempest.lib.common.rest_client [req-3658fd11-ef13-48cc-8b6d-3c18fbdd2685 req-3658fd11-ef13-48cc-8b6d-3c18fbdd2685 ] Request (VolumesAdminNegativeTest:test_update_attached_volume_with_nonexistent_volume_in_uri): 202 POST http://10.180.1.21/volume/v3/volumes 0.487s
2025-11-21 13:14:40.582 66165 INFO tempest.lib.common.rest_client [req-8b80bfda-4429-438d-ae52-01cd941a12dd req-8b80bfda-4429-438d-ae52-01cd941a12dd ] Request (ServerDiagnosticsNegativeTest:tearDownClass): 200 GET http://10.180.1.21/compute/v2.1/servers/e4540963-7be9-426e-90f8-b31524d2237b 6.974s
2025-11-21 13:14:40.612 66139 INFO tempest.lib.common.rest_client [req-60e558a3-3de7-45b0-9811-bc9e693f2893 req-60e558a3-3de7-45b0-9811-bc9e693f2893 ] Request (MigrationsAdminTest:test_list_migrations_in_flavor_resize_situation): 202 POST http://10.180.1.21/compute/v2.1/servers/83fa942b-a195-4bcb-9ed5-5bb6764220a4/action 8.266s
2025-11-21 13:14:40.653 66169 INFO tempest.lib.common.rest_client [req-195f4341-ef77-4ca9-9edd-ddd2413790bd req-195f4341-ef77-4ca9-9edd-ddd2413790bd ] Request (ServersTestFqdnHostnames:test_create_server_with_fqdn_name): 201 POST http://10.180.1.21/networking/v2.0/security-group-rules 0.134s
2025-11-21 13:14:40.749 66133 INFO tempest.lib.common.rest_client [req-fe105a56-3d43-4eb4-93e2-fafb21cf6f06 req-fe105a56-3d43-4eb4-93e2-fafb21cf6f06 ] Request (VolumesAdminNegativeTest:test_update_attached_volume_with_nonexistent_volume_in_uri): 200 GET http://10.180.1.21/volume/v3/volumes/c99eeae3-6bd8-47d7-b83c-eaeaec05cf2c 0.201s
2025-11-21 13:14:40.776 66169 INFO tempest.lib.common.rest_client [req-7beecc6e-f098-4bd7-8577-d3f05995eff8 req-7beecc6e-f098-4bd7-8577-d3f05995eff8 ] Request (ServersTestFqdnHostnames:test_create_server_with_fqdn_name): 201 POST http://10.180.1.21/networking/v2.0/security-group-rules 0.123s
2025-11-21 13:14:40.864 66145 INFO tempest.lib.common.rest_client [req-cf5e2cde-7b7d-4383-bf43-4ca383646f40 req-cf5e2cde-7b7d-4383-bf43-4ca383646f40 ] Request (VolumesAssistedSnapshotsTest:test_volume_assisted_snapshot_create_delete): 200 GET http://10.180.1.21/compute/v2.1/servers/e60efbcd-1c4e-40a1-8bc1-893daa511073 6.878s
2025-11-21 13:14:40.874 66145 INFO tempest.common.waiters [-] State transition "BUILD/networking" ==> "BUILD/spawning" after 22 second wait
2025-11-21 13:14:41.011 66121 INFO tempest.lib.common.rest_client [req-110e261f-0e9a-4d33-8059-76ef2639efb0 req-110e261f-0e9a-4d33-8059-76ef2639efb0 ] Request (KeyPairsV2TestJSON:test_get_keypair_detail): 200 POST http://10.180.1.21/compute/v2.1/os-keypairs 6.131s
2025-11-21 13:14:41.070 66143 INFO tempest.lib.common.rest_client [req-e28f2d6c-0e77-427f-b880-3b12a45aafd5 req-e28f2d6c-0e77-427f-b880-3b12a45aafd5 ] Request (ServerDiskConfigTestJSON:test_rebuild_server_with_auto_disk_config): 200 GET http://10.180.1.21/compute/v2.1/servers/0ac196fa-d88c-45a8-999e-8b5216912041 6.686s
2025-11-21 13:14:41.077 66143 INFO tempest.common.waiters [-] State transition "BUILD/None" ==> "BUILD/spawning" after 20 second wait
2025-11-21 13:14:41.122 66163 INFO tempest.lib.common.rest_client [req-f8f0f01f-4bbe-4ff1-ae0d-7803173a97f6 req-f8f0f01f-4bbe-4ff1-ae0d-7803173a97f6 ] Request (ServerDiagnosticsTest:test_get_server_diagnostics): 200 GET http://10.180.1.21/compute/v2.1/servers/28ccc013-962d-4607-83a2-5fcd480c27b2 5.533s
2025-11-21 13:14:41.217 66155 INFO tempest.lib.common.rest_client [req-f7f3cd3c-58b7-42bd-845c-00c5b1861110 req-f7f3cd3c-58b7-42bd-845c-00c5b1861110 ] Request (QuotasAdminNegativeTest:_run_cleanups): 200 PUT http://10.180.1.21/compute/v2.1/os-quota-sets/13f0071ddb9a405db1f68004954f1b5a 4.505s
2025-11-21 13:14:41.314 66135 INFO tempest.lib.common.rest_client [req-cbbe8001-1c68-4a3d-a813-f117ccd0a5f3 req-cbbe8001-1c68-4a3d-a813-f117ccd0a5f3 ] Request (AttachInterfacesUnderV243Test:test_add_remove_fixed_ip): 200 GET http://10.180.1.21/compute/v2.1/servers/adc1b956-1b5a-4272-b0ff-95a565e9c45c/os-interface 4.141s
2025-11-21 13:14:41.616 66159 INFO tempest.lib.common.rest_client [req-d54fa047-2d4d-44e0-8c4e-f56dd8d98dd9 req-d54fa047-2d4d-44e0-8c4e-f56dd8d98dd9 ] Request (ImagesMetadataTestJSON:setUp): 200 PUT http://10.180.1.21/compute/v2.1/images/17a2300b-9b72-4bcc-a904-c777e01b9118/metadata 4.305s
2025-11-21 13:14:41.623 66117 INFO tempest.lib.common.rest_client [req-c5ccf1a0-3e15-4db1-9d41-5415e9bb17b6 req-c5ccf1a0-3e15-4db1-9d41-5415e9bb17b6 ] Request (AggregatesAdminNegativeTestJSON:test_aggregate_create_aggregate_name_length_exceeds_255): 400 POST http://10.180.1.21/compute/v2.1/os-aggregates 4.292s
2025-11-21 13:14:41.685 66169 INFO tempest.lib.common.rest_client [req-49cd4157-03be-4cb1-a402-3b3ce8c4f28c req-49cd4157-03be-4cb1-a402-3b3ce8c4f28c ] Request (ServersTestFqdnHostnames:test_create_server_with_fqdn_name): 201 POST http://10.180.1.21/networking/v2.0/floatingips 0.908s
2025-11-21 13:14:41.726 66169 INFO tempest.lib.common.rest_client [req-4aeee6f7-0f64-4c66-9188-5aa4515e66ad req-4aeee6f7-0f64-4c66-9188-5aa4515e66ad ] Request (ServersTestFqdnHostnames:test_create_server_with_fqdn_name): 201 POST http://10.180.1.21/identity/v3/auth/tokens 0.038s
2025-11-21 13:14:41.726 66169 INFO tempest.lib.common.fixed_network [-] (ServersTestFqdnHostnames:test_create_server_with_fqdn_name) Found network {'id': '115e8c49-6d73-405e-a185-9072fb560eb2', 'name': 'tempest-ServersTestFqdnHostnames-1829868231-network', 'tenant_id': '9ca73ea9954543e38b16a12b37d531c6', 'project_id': '9ca73ea9954543e38b16a12b37d531c6', 'admin_state_up': True, 'mtu': 8950, 'status': 'ACTIVE', 'subnets': [], 'shared': False, 'port_security_enabled': True, 'router:external': False, 'provider:network_type': 'vlan', 'provider:physical_network': 'default', 'provider:segmentation_id': 819, 'availability_zone_hints': [], 'availability_zones': [], 'ipv4_address_scope': None, 'ipv6_address_scope': None, 'description': '', 'tags': [], 'created_at': '2025-11-21T13:14:28Z', 'updated_at': '2025-11-21T13:14:28Z', 'revision_number': 1} available for tenant
2025-11-21 13:14:41.801 66133 INFO tempest.lib.common.rest_client [req-fdb2a959-04f7-45f3-9142-fe4679e8121b req-fdb2a959-04f7-45f3-9142-fe4679e8121b ] Request (VolumesAdminNegativeTest:test_update_attached_volume_with_nonexistent_volume_in_uri): 200 GET http://10.180.1.21/volume/v3/volumes/c99eeae3-6bd8-47d7-b83c-eaeaec05cf2c 0.039s
2025-11-21 13:14:41.809 66133 INFO tempest.common.waiters [-] volume c99eeae3-6bd8-47d7-b83c-eaeaec05cf2c reached available after waiting for 1.809952 seconds
2025-11-21 13:14:41.850 66173 INFO tempest.lib.common.rest_client [req-7729a2c4-e8aa-4f70-a8cc-04255f63bb11 req-7729a2c4-e8aa-4f70-a8cc-04255f63bb11 ] Request (ServersAdmin275Test:test_rebuild_update_server_275): 200 GET http://10.180.1.21/compute/v2.1/servers/24379189-b10a-4ef6-a3f6-b7bb43029dab 3.939s
2025-11-21 13:14:41.861 66173 INFO tempest.common.waiters [-] State transition "BUILD/None" ==> "BUILD/spawning" after 16 second wait
2025-11-21 13:14:41.925 66137 INFO tempest.lib.common.rest_client [req-83da5f42-98e6-497a-8639-23902342f3e4 req-83da5f42-98e6-497a-8639-23902342f3e4 ] Request (TenantUsagesTestJSON:tearDownClass): 200 GET http://10.180.1.21/compute/v2.1/servers/a0a3efdf-9b2d-4c07-a47d-1ba07c0b4974 3.637s
2025-11-21 13:14:41.949 66127 INFO tempest.lib.common.rest_client [req-8ae942ca-dadc-4491-b2bc-a29cf90a3402 req-8ae942ca-dadc-4491-b2bc-a29cf90a3402 ] Request (FlavorsAccessNegativeTestJSON:_run_cleanups): 202 DELETE http://10.180.1.21/compute/v2.1/flavors/421278012 3.603s
2025-11-21 13:14:42.081 66123 INFO tempest.lib.common.rest_client [req-633332b0-ae04-40bd-a631-af8bc36c9f43 req-633332b0-ae04-40bd-a631-af8bc36c9f43 ] Request (InstanceActionsV221TestJSON:test_get_list_deleted_instance_actions): 202 POST http://10.180.1.21/compute/v2.1/servers 5.356s
