2024-10-24 13:38:20.104 62270 INFO tempest.lib.common.rest_client [req-08c38f7d-6e31-479b-8ec0-2ef7bcf34956 req-08c38f7d-6e31-479b-8ec0-2ef7bcf34956 ] Request (FloatingIPDetailsTestJSON:setUpClass): 201 POST http://10.180.1.21/identity/v3/auth/tokens 0.144s
2024-10-24 13:38:20.125 62250 INFO tempest.lib.common.rest_client [req-fae53786-6138-4fca-ab1f-bc0ba0f7e2e9 req-fae53786-6138-4fca-ab1f-bc0ba0f7e2e9 ] Request (SecurityGroupsTestJSON:setUpClass): 200 GET http://10.180.1.21/identity/v3/domains?name=Default 0.029s
2024-10-24 13:38:20.170 62260 INFO tempest.lib.common.rest_client [req-378a0ae9-1ddf-4290-b3ba-08cd45c7a622 req-378a0ae9-1ddf-4290-b3ba-08cd45c7a622 ] Request (HostsAdminNegativeTestJSON:tearDownClass): 204 DELETE http://10.180.1.21/identity/v3/users/0655bf26602d4c6e91289673129ea717 0.162s
2024-10-24 13:38:20.206 62258 INFO tempest.lib.common.rest_client [req-d34732a5-84a2-426b-bc80-26003f1b6d72 req-d34732a5-84a2-426b-bc80-26003f1b6d72 ] Request (FloatingIPsAssociationTestJSON:setUpClass): 200 PUT http://10.180.1.21:9696/networking/v2.0/routers/547d36f8-b75d-4b69-be27-7669278ad499/add_router_interface 3.763s
2024-10-24 13:38:20.207 62258 INFO tempest.lib.common.dynamic_creds [-] Created isolated network resources for: credentials: Credentials: {'domain_id': 'default', 'domain_name': 'Default', 'username': 'tempest-FloatingIPsAssociationTestJSON-1998467955-project-member', 'project_domain_id': 'default', 'project_domain_name': 'Default', 'project_id': '578451cfc36f453997d89ab8a507132a', 'project_name': 'tempest-FloatingIPsAssociationTestJSON-1998467955', 'tenant_id': '578451cfc36f453997d89ab8a507132a', 'tenant_name': 'tempest-FloatingIPsAssociationTestJSON-1998467955', 'user_domain_id': 'default', 'user_domain_name': 'Default', 'user_id': '6098a286ae994a5287aeb40039623cf8', 'system': None}, Network: {'id': 'f67b9561-8353-4604-8e07-7ef20e978a15', 'name': 'tempest-FloatingIPsAssociationTestJSON-670077705-network', 'tenant_id': '578451cfc36f453997d89ab8a507132a', 'admin_state_up': True, 'mtu': 8950, 'status': 'ACTIVE', 'subnets': [], 'shared': False, 'project_id': '578451cfc36f453997d89ab8a507132a', 'port_security_enabled': True, 'router:external': False, 'provider:network_type': 'vlan', 'provider:physical_network': 'default', 'provider:segmentation_id': 261, 'is_default': False, 'availability_zone_hints': [], 'availability_zones': [], 'ipv4_address_scope': None, 'ipv6_address_scope': None, 'description': '', 'tags': [], 'created_at': '2024-10-24T13:38:13Z', 'updated_at': '2024-10-24T13:38:13Z', 'revision_number': 1}, Subnet: {'id': 'bd9884c0-92ab-4bdd-97f7-38e7a0356e8a', 'name': 'tempest-FloatingIPsAssociationTestJSON-670077705-subnet', 'tenant_id': '578451cfc36f453997d89ab8a507132a', 'network_id': 'f67b9561-8353-4604-8e07-7ef20e978a15', 'ip_version': 4, 'subnetpool_id': None, 'enable_dhcp': True, 'ipv6_ra_mode': None, 'ipv6_address_mode': None, 'gateway_ip': '192.168.128.1', 'cidr': '192.168.128.0/28', 'allocation_pools': [{'start': '192.168.128.2', 'end': '192.168.128.14'}], 'host_routes': [], 'dns_nameservers': [], 'description': '', 'router:external': False, 'service_types': [], 'tags': [], 'created_at': '2024-10-24T13:38:14Z', 'updated_at': '2024-10-24T13:38:14Z', 'revision_number': 0, 'project_id': '578451cfc36f453997d89ab8a507132a'}, Router: {'id': '547d36f8-b75d-4b69-be27-7669278ad499', 'name': 'tempest-FloatingIPsAssociationTestJSON-670077705-router', 'tenant_id': '578451cfc36f453997d89ab8a507132a', 'admin_state_up': True, 'status': 'ACTIVE', 'external_gateway_info': {'network_id': '53980b92-a885-46cb-b1c1-1120c0edc268', 'external_fixed_ips': [{'subnet_id': '3e734687-c947-4456-b8f4-bb3e51cb2e5c', 'ip_address': '10.180.180.235'}], 'enable_snat': True}, 'description': '', 'availability_zones': [], 'distributed': False, 'ha': False, 'availability_zone_hints': [], 'routes': [], 'flavor_id': None, 'tags': [], 'created_at': '2024-10-24T13:38:15Z', 'updated_at': '2024-10-24T13:38:15Z', 'revision_number': 2, 'project_id': '578451cfc36f453997d89ab8a507132a'}
2024-10-24 13:38:20.227 62270 INFO tempest.lib.common.rest_client [req-bf7f0f55-b070-45eb-b2d3-408fbefe80fc req-bf7f0f55-b070-45eb-b2d3-408fbefe80fc ] Request (FloatingIPDetailsTestJSON:setUpClass): 201 POST http://10.180.1.21/identity/v3/auth/tokens 0.120s
2024-10-24 13:38:20.276 62250 INFO tempest.lib.common.rest_client [req-4b3aceb6-008f-4da8-810d-081270b6bb8e req-4b3aceb6-008f-4da8-810d-081270b6bb8e ] Request (SecurityGroupsTestJSON:setUpClass): 201 POST http://10.180.1.21/identity/v3/projects 0.149s
2024-10-24 13:38:20.283 62260 INFO tempest.lib.common.rest_client [req-017a41e9-dd50-48ec-aec0-168c97bd61da req-017a41e9-dd50-48ec-aec0-168c97bd61da ] Request (HostsAdminNegativeTestJSON:tearDownClass): 204 DELETE http://10.180.1.21/identity/v3/users/b52b2c9ac2154a5193e37f95d5b7f0e1 0.112s
2024-10-24 13:38:20.283 62260 INFO tempest.lib.common.dynamic_creds [-] Deleting project and security group for project: 18d187a0828347b085d2ae211112782f
2024-10-24 13:38:20.287 62244 INFO tempest.lib.common.rest_client [req-f301defc-6e9e-485f-b463-c1a18791ec9b req-f301defc-6e9e-485f-b463-c1a18791ec9b ] Request (SecurityGroupRulesTestJSON:test_security_group_rules_list): 200 POST http://10.180.1.21/compute/v2.1/os-security-groups 0.985s
2024-10-24 13:38:20.309 62240 INFO tempest.lib.common.rest_client [req-fe4ce24e-64a0-4338-8f21-8130204c8425 req-fe4ce24e-64a0-4338-8f21-8130204c8425 ] Request (KeyPairsV210TestJSON:tearDownClass): 200 GET http://10.180.1.21:9696/networking/v2.0/security-groups?tenant_id=ec754954bd28479487e6c988896ee8db&name=default 0.362s
2024-10-24 13:38:20.335 62270 INFO tempest.lib.common.rest_client [req-5f254bde-4d0a-4878-ab80-922d5fa88ef0 req-5f254bde-4d0a-4878-ab80-922d5fa88ef0 ] Request (FloatingIPDetailsTestJSON:setUpClass): 200 GET http://10.180.1.21/identity/v3/domains?name=Default 0.108s
2024-10-24 13:38:20.345 62258 INFO tempest.lib.common.rest_client [req-0d7cb099-8635-4fac-a903-050e753db7be req-0d7cb099-8635-4fac-a903-050e753db7be ] Request (FloatingIPsAssociationTestJSON:setUpClass): 201 POST http://10.180.1.21/identity/v3/auth/tokens 0.132s
2024-10-24 13:38:20.366 62250 INFO tempest.lib.common.rest_client [req-252cf500-1499-49e1-a9e2-a45c5c3238d0 req-252cf500-1499-49e1-a9e2-a45c5c3238d0 ] Request (SecurityGroupsTestJSON:setUpClass): 201 POST http://10.180.1.21/identity/v3/users 0.089s
2024-10-24 13:38:20.368 62260 INFO tempest.lib.common.rest_client [req-7e24cf13-5a08-4741-ab71-ea7c41ffcad7 req-7e24cf13-5a08-4741-ab71-ea7c41ffcad7 ] Request (HostsAdminNegativeTestJSON:tearDownClass): 201 POST http://10.180.1.21/identity/v3/auth/tokens 0.085s
2024-10-24 13:38:20.390 62258 INFO tempest.lib.common.rest_client [req-437f3e2c-64d4-4c5d-b178-db82ebdd1784 req-437f3e2c-64d4-4c5d-b178-db82ebdd1784 ] Request (FloatingIPsAssociationTestJSON:setUpClass): 201 POST http://10.180.1.21/identity/v3/auth/tokens 0.041s
2024-10-24 13:38:20.391 62222 INFO tempest.lib.common.rest_client [req-6aecbf19-16de-4b28-ba5b-9a1ea2a62fc8 req-6aecbf19-16de-4b28-ba5b-9a1ea2a62fc8 ] Request (ServersWithSpecificFlavorTestJSON:test_verify_created_server_ephemeral_disk): 200 GET http://10.180.1.21/compute/v2.1/servers/604d33e8-58ab-4c8a-be5f-b7cfe6a9fe4f 0.869s
2024-10-24 13:38:20.393 62258 INFO tempest.lib.common.fixed_network [-] (FloatingIPsAssociationTestJSON:setUpClass) Found network {'id': 'f67b9561-8353-4604-8e07-7ef20e978a15', 'name': 'tempest-FloatingIPsAssociationTestJSON-670077705-network', 'tenant_id': '578451cfc36f453997d89ab8a507132a', 'admin_state_up': True, 'mtu': 8950, 'status': 'ACTIVE', 'subnets': [], 'shared': False, 'project_id': '578451cfc36f453997d89ab8a507132a', 'port_security_enabled': True, 'router:external': False, 'provider:network_type': 'vlan', 'provider:physical_network': 'default', 'provider:segmentation_id': 261, 'is_default': False, 'availability_zone_hints': [], 'availability_zones': [], 'ipv4_address_scope': None, 'ipv6_address_scope': None, 'description': '', 'tags': [], 'created_at': '2024-10-24T13:38:13Z', 'updated_at': '2024-10-24T13:38:13Z', 'revision_number': 1} available for tenant
2024-10-24 13:38:20.397 62270 INFO tempest.lib.common.rest_client [req-5754fcf2-8101-4c83-af41-5109897e09fa req-5754fcf2-8101-4c83-af41-5109897e09fa ] Request (FloatingIPDetailsTestJSON:setUpClass): 201 POST http://10.180.1.21/identity/v3/projects 0.061s
2024-10-24 13:38:20.402 62222 INFO tempest.common.waiters [-] State transition "BUILD/scheduling" ==> "BUILD/None" after 2 second wait
2024-10-24 13:38:20.409 62250 INFO tempest.lib.common.rest_client [req-addd70b5-ee90-413f-bf37-9ffa3fcd19a8 req-addd70b5-ee90-413f-bf37-9ffa3fcd19a8 ] Request (SecurityGroupsTestJSON:setUpClass): 200 GET http://10.180.1.21/identity/v3/roles 0.043s
2024-10-24 13:38:20.413 62266 INFO tempest.lib.common.rest_client [req-4cebfb8a-a794-4f10-b351-afe0ebb2f907 req-4cebfb8a-a794-4f10-b351-afe0ebb2f907 ] Request (KeyPairsV22TestJSON:_run_cleanups): 204 DELETE http://10.180.1.21/compute/v2.1/os-keypairs/tempest-keypair-202430774 0.883s
2024-10-24 13:38:20.420 62208 INFO tempest.lib.common.rest_client [req-9aa4be2c-622b-4dba-b97e-a6d1fefbbd5d req-9aa4be2c-622b-4dba-b97e-a6d1fefbbd5d ] Request (AggregatesAdminNegativeTestJSON:test_aggregate_create_as_user): 403 POST http://10.180.1.21/compute/v2.1/os-aggregates 0.822s
2024-10-24 13:38:20.455 62270 INFO tempest.lib.common.rest_client [req-a70e6d8f-3ac3-4c3f-8e17-9a799cce215c req-a70e6d8f-3ac3-4c3f-8e17-9a799cce215c ] Request (FloatingIPDetailsTestJSON:setUpClass): 201 POST http://10.180.1.21/identity/v3/users 0.058s
2024-10-24 13:38:20.464 62220 INFO tempest.lib.common.rest_client [req-6139bada-a894-4ab9-a774-bf9a783dfdcd req-6139bada-a894-4ab9-a774-bf9a783dfdcd ] Request (HypervisorAdminV253TestBase:tearDownClass): 204 DELETE http://10.180.1.21:9696/networking/v2.0/security-groups/afbc12b0-5a39-4077-9323-1a1bfd5f8b0d 0.474s
2024-10-24 13:38:20.479 62250 INFO tempest.lib.common.rest_client [req-1d693d0d-8f2d-4922-b3d7-43d519e7bf66 req-1d693d0d-8f2d-4922-b3d7-43d519e7bf66 ] Request (SecurityGroupsTestJSON:setUpClass): 204 PUT http://10.180.1.21/identity/v3/projects/375eb5f90b7141e5a34ab9d79b7f93d5/users/8b9f034f7f474448bfd555c4e8f88f48/roles/f47e6d4906d64694b008b14a36235c44 0.069s
2024-10-24 13:38:20.479 62250 INFO tempest.lib.common.dynamic_creds [-] Dynamic test user 8b9f034f7f474448bfd555c4e8f88f48 is created with scope project and roles: ['member']
2024-10-24 13:38:20.479 62250 INFO tempest.lib.common.dynamic_creds [-] Acquired dynamic creds: credentials: Credentials: {'domain_id': 'default', 'domain_name': 'Default', 'username': 'tempest-SecurityGroupsTestJSON-1798428103-project-member', 'project_domain_id': 'default', 'project_domain_name': 'Default', 'project_id': '375eb5f90b7141e5a34ab9d79b7f93d5', 'project_name': 'tempest-SecurityGroupsTestJSON-1798428103', 'tenant_id': '375eb5f90b7141e5a34ab9d79b7f93d5', 'tenant_name': 'tempest-SecurityGroupsTestJSON-1798428103', 'user_domain_id': 'default', 'user_domain_name': 'Default', 'user_id': '8b9f034f7f474448bfd555c4e8f88f48', 'system': None}, Network: None, Subnet: None, Router: None
2024-10-24 13:38:20.503 62234 INFO tempest.lib.common.rest_client [req-610c2871-4bda-4502-80ff-3ed3ff1e02c2 req-610c2871-4bda-4502-80ff-3ed3ff1e02c2 ] Request (ServerExternalEventsTest:test_create_server_external_events): 200 GET http://10.180.1.21/compute/v2.1/servers/4d9ee781-bca8-4cad-9fc5-87cb785d478e 0.894s
2024-10-24 13:38:20.538 62270 INFO tempest.lib.common.rest_client [req-23cfd380-ce42-4937-997d-7891ce799c5c req-23cfd380-ce42-4937-997d-7891ce799c5c ] Request (FloatingIPDetailsTestJSON:setUpClass): 200 GET http://10.180.1.21/identity/v3/roles 0.082s
2024-10-24 13:38:20.547 62218 INFO tempest.lib.common.rest_client [req-0d8397f8-227a-47d3-86b9-24f651b8f3dd req-0d8397f8-227a-47d3-86b9-24f651b8f3dd ] Request (SecurityGroupsTestAdminJSON:_run_cleanups): 202 DELETE http://10.180.1.21/compute/v2.1/os-security-groups/cf0d1397-52b3-4477-a640-235043d5e6ea 1.030s
2024-10-24 13:38:20.566 62250 INFO tempest.lib.common.rest_client [req-544654fc-6ced-44c5-9048-5ba4db265acd req-544654fc-6ced-44c5-9048-5ba4db265acd ] Request (SecurityGroupsTestJSON:setUpClass): 201 POST http://10.180.1.21/identity/v3/auth/tokens 0.086s
2024-10-24 13:38:20.590 62270 INFO tempest.lib.common.rest_client [req-763ca094-66b8-45aa-9214-599e7ffaf2bc req-763ca094-66b8-45aa-9214-599e7ffaf2bc ] Request (FloatingIPDetailsTestJSON:setUpClass): 204 PUT http://10.180.1.21/identity/v3/projects/c0dd805c35ae4aa890a97925a497ee85/users/1cb7aaaa34c949b596802549caaaacc4/roles/f47e6d4906d64694b008b14a36235c44 0.051s
2024-10-24 13:38:20.590 62270 INFO tempest.lib.common.dynamic_creds [-] Dynamic test user 1cb7aaaa34c949b596802549caaaacc4 is created with scope project and roles: ['member']
2024-10-24 13:38:20.590 62270 INFO tempest.lib.common.dynamic_creds [-] Acquired dynamic creds: credentials: Credentials: {'domain_id': 'default', 'domain_name': 'Default', 'username': 'tempest-FloatingIPDetailsTestJSON-481860262-project-member', 'project_domain_id': 'default', 'project_domain_name': 'Default', 'project_id': 'c0dd805c35ae4aa890a97925a497ee85', 'project_name': 'tempest-FloatingIPDetailsTestJSON-481860262', 'tenant_id': 'c0dd805c35ae4aa890a97925a497ee85', 'tenant_name': 'tempest-FloatingIPDetailsTestJSON-481860262', 'user_domain_id': 'default', 'user_domain_name': 'Default', 'user_id': '1cb7aaaa34c949b596802549caaaacc4', 'system': None}, Network: None, Subnet: None, Router: None
2024-10-24 13:38:20.599 62242 INFO tempest.lib.common.rest_client [req-7be0127e-abab-4c50-8605-47cd3155b5a7 req-7be0127e-abab-4c50-8605-47cd3155b5a7 ] Request (VolumesAssistedSnapshotsTest:test_volume_assisted_snapshot_create_delete): 200 GET http://10.180.1.21/compute/v2.1/servers/39bc8558-ce7f-41e9-b913-9b628a220ca7 0.951s
2024-10-24 13:38:20.600 62220 INFO tempest.lib.common.rest_client [req-a24d66d2-70d8-44f2-8ad7-694b04fb7581 req-a24d66d2-70d8-44f2-8ad7-694b04fb7581 ] Request (HypervisorAdminV253TestBase:tearDownClass): 204 DELETE http://10.180.1.21/identity/v3/projects/32ac844853414ca5bcd7e732bf469ced 0.136s
2024-10-24 13:38:20.611 62262 INFO tempest.lib.common.rest_client [req-835baa4d-ba6d-43db-bfc6-851543f2bb1b req-835baa4d-ba6d-43db-bfc6-851543f2bb1b ] Request (ServicesAdminTestJSON:tearDownClass): 200 GET http://10.180.1.21:9696/networking/v2.0/security-groups?tenant_id=e3b2551fb6ed4dc0ab20660e3ac6cea8&name=default 0.845s
2024-10-24 13:38:20.636 62226 INFO tempest.lib.common.rest_client [req-0a16c631-90cb-4288-ab72-3a9da89ec742 req-0a16c631-90cb-4288-ab72-3a9da89ec742 ] Request (ServersAaction247Test:test_create_backup): 200 GET http://10.180.1.21/compute/v2.1/servers/c4d3b145-84be-4d19-afc7-4c29fa193760 0.916s
2024-10-24 13:38:20.666 62220 INFO tempest.lib.common.rest_client [req-0f0e471d-8c61-43c5-b36f-70125cf0a53e req-0f0e471d-8c61-43c5-b36f-70125cf0a53e ] Request (ServerAddressesNegativeTestJSON:setUpClass): 201 POST http://10.180.1.21/identity/v3/auth/tokens 0.063s
2024-10-24 13:38:20.669 62270 INFO tempest.lib.common.rest_client [req-97d6b3c1-9837-48a7-b856-36f8aff91aa7 req-97d6b3c1-9837-48a7-b856-36f8aff91aa7 ] Request (FloatingIPDetailsTestJSON:setUpClass): 201 POST http://10.180.1.21/identity/v3/auth/tokens 0.078s
2024-10-24 13:38:20.682 62228 INFO tempest.lib.common.rest_client [req-ca07f20f-f315-48f2-a7ce-0ebd5cba0284 req-ca07f20f-f315-48f2-a7ce-0ebd5cba0284 ] Request (ImagesTestJSON:test_create_image_from_stopped_server): 200 GET http://10.180.1.21/compute/v2.1/servers/10e1500f-70f1-40b6-aad6-5f9d75e1554b 0.953s
2024-10-24 13:38:20.695 62220 INFO tempest.lib.common.rest_client [req-7a42006c-1c08-4fa8-aeb0-8024d1c5c22a req-7a42006c-1c08-4fa8-aeb0-8024d1c5c22a ] Request (ServerAddressesNegativeTestJSON:setUpClass): 201 POST http://10.180.1.21/identity/v3/auth/tokens 0.027s
2024-10-24 13:38:20.699 62252 INFO tempest.lib.common.rest_client [req-d3e02638-d9fe-4ddd-a3d0-a821d953ef87 req-d3e02638-d9fe-4ddd-a3d0-a821d953ef87 ] Request (FlavorsAccessNegativeTestJSON:test_flavor_non_admin_remove): 200 POST http://10.180.1.21/compute/v2.1/flavors 0.673s
2024-10-24 13:38:20.714 62264 INFO tempest.lib.common.rest_client [req-21fdce07-55f7-4bad-92c8-bff35520711d req-21fdce07-55f7-4bad-92c8-bff35520711d ] Request (ListImageFiltersTestJSON:setUpClass): 200 GET http://10.180.1.21/compute/v2.1/servers/8bacc19d-2626-406a-a3fb-f1069674963c 0.718s
2024-10-24 13:38:20.761 62220 INFO tempest.lib.common.rest_client [req-338b80ad-3e79-4bd6-a722-c6633da653af req-338b80ad-3e79-4bd6-a722-c6633da653af ] Request (ServerAddressesNegativeTestJSON:setUpClass): 200 GET http://10.180.1.21/identity/v3/domains?name=Default 0.066s
2024-10-24 13:38:20.777 62212 INFO tempest.lib.common.rest_client [req-0ed08170-0fcc-4db5-9967-dad32a387faa req-0ed08170-0fcc-4db5-9967-dad32a387faa ] Request (QuotaClassesAdmin257Test:tearDownClass): 200 GET http://10.180.1.21:9696/networking/v2.0/security-groups?tenant_id=89d82552e3544d6a81c9d3bf32038087&name=default 0.696s
2024-10-24 13:38:20.791 62240 INFO tempest.lib.common.rest_client [req-708f58be-8d5e-4ba4-b828-c7200dd93eec req-708f58be-8d5e-4ba4-b828-c7200dd93eec ] Request (KeyPairsV210TestJSON:tearDownClass): 204 DELETE http://10.180.1.21:9696/networking/v2.0/security-groups/36404cdc-3428-44a5-ac76-5e5dea86fcb0 0.481s
2024-10-24 13:38:20.795 62220 INFO tempest.lib.common.rest_client [req-34006607-55af-4eb9-b056-54b17c8c7654 req-34006607-55af-4eb9-b056-54b17c8c7654 ] Request (ServerAddressesNegativeTestJSON:setUpClass): 201 POST http://10.180.1.21/identity/v3/projects 0.033s
2024-10-24 13:38:20.826 62216 INFO tempest.lib.common.rest_client [req-d75c05bd-5aba-40aa-a729-6364bf4a4490 req-d75c05bd-5aba-40aa-a729-6364bf4a4490 ] Request (ImagesNegativeTestJSON:setUpClass): 201 POST http://10.180.1.21:9696/networking/v2.0/routers 3.409s
2024-10-24 13:38:20.899 62220 INFO tempest.lib.common.rest_client [req-031721df-bec0-4bf5-a152-2e0d90b74ee7 req-031721df-bec0-4bf5-a152-2e0d90b74ee7 ] Request (ServerAddressesNegativeTestJSON:setUpClass): 201 POST http://10.180.1.21/identity/v3/users 0.103s
2024-10-24 13:38:20.920 62240 INFO tempest.lib.common.rest_client [req-ecf7d079-56bf-48f1-abb9-aeb7b4d8be71 req-ecf7d079-56bf-48f1-abb9-aeb7b4d8be71 ] Request (KeyPairsV210TestJSON:tearDownClass): 204 DELETE http://10.180.1.21/identity/v3/projects/ec754954bd28479487e6c988896ee8db 0.129s
2024-10-24 13:38:20.958 62220 INFO tempest.lib.common.rest_client [req-3638f1c4-8f39-4e78-a67c-8df734da28f2 req-3638f1c4-8f39-4e78-a67c-8df734da28f2 ] Request (ServerAddressesNegativeTestJSON:setUpClass): 200 GET http://10.180.1.21/identity/v3/roles 0.059s
2024-10-24 13:38:20.961 62260 INFO tempest.lib.common.rest_client [req-bcd5dfd8-f7af-4a17-aa0e-3e099f29f47c req-bcd5dfd8-f7af-4a17-aa0e-3e099f29f47c ] Request (HostsAdminNegativeTestJSON:tearDownClass): 200 GET http://10.180.1.21:9696/networking/v2.0/security-groups?tenant_id=18d187a0828347b085d2ae211112782f&name=default 0.592s
2024-10-24 13:38:20.983 62240 INFO tempest.lib.common.rest_client [req-7607a9ab-4eae-4c73-ba4b-0da619f13c95 req-7607a9ab-4eae-4c73-ba4b-0da619f13c95 ] Request (ServersTestFqdnHostnames:setUpClass): 201 POST http://10.180.1.21/identity/v3/auth/tokens 0.060s
2024-10-24 13:38:20.987 62262 INFO tempest.lib.common.rest_client [req-f6d2d9b4-0296-4598-adfa-3380751c7552 req-f6d2d9b4-0296-4598-adfa-3380751c7552 ] Request (ServicesAdminTestJSON:tearDownClass): 204 DELETE http://10.180.1.21:9696/networking/v2.0/security-groups/1c61d1be-6c2c-4b28-982d-a329fd263014 0.375s
2024-10-24 13:38:21.013 62220 INFO tempest.lib.common.rest_client [req-6a383444-589c-4328-9d7c-c3e941eddb4c req-6a383444-589c-4328-9d7c-c3e941eddb4c ] Request (ServerAddressesNegativeTestJSON:setUpClass): 204 PUT http://10.180.1.21/identity/v3/projects/c642e7570e8248d3aae5fb739e9a928d/users/77ff100dcaf845648b77586a2205c9ef/roles/f47e6d4906d64694b008b14a36235c44 0.053s
2024-10-24 13:38:21.013 62220 INFO tempest.lib.common.dynamic_creds [-] Dynamic test user 77ff100dcaf845648b77586a2205c9ef is created with scope project and roles: ['member']
2024-10-24 13:38:21.013 62220 INFO tempest.lib.common.dynamic_creds [-] Acquired dynamic creds: credentials: Credentials: {'domain_id': 'default', 'domain_name': 'Default', 'username': 'tempest-ServerAddressesNegativeTestJSON-1146556747-project-member', 'project_domain_id': 'default', 'project_domain_name': 'Default', 'project_id': 'c642e7570e8248d3aae5fb739e9a928d', 'project_name': 'tempest-ServerAddressesNegativeTestJSON-1146556747', 'tenant_id': 'c642e7570e8248d3aae5fb739e9a928d', 'tenant_name': 'tempest-ServerAddressesNegativeTestJSON-1146556747', 'user_domain_id': 'default', 'user_domain_name': 'Default', 'user_id': '77ff100dcaf845648b77586a2205c9ef', 'system': None}, Network: None, Subnet: None, Router: None
2024-10-24 13:38:21.062 62210 INFO tempest.lib.common.rest_client [req-17626696-3e49-4e75-8043-e16303726070 req-17626696-3e49-4e75-8043-e16303726070 ] Request (QuotasAdminTestV257:test_get_updated_quotas): 200 PUT http://10.180.1.21/compute/v2.1/os-quota-sets/0072ba949aff469d9d2aa57dce1d46bd 1.035s
2024-10-24 13:38:21.072 62248 INFO tempest.lib.common.rest_client [req-7b6e985d-888d-4ce3-b8df-e1179196e491 req-7b6e985d-888d-4ce3-b8df-e1179196e491 ] Request (MigrationsAdminTest:test_list_migrations_in_flavor_resize_situation): 200 GET http://10.180.1.21/compute/v2.1/servers/bce7d001-2885-409c-b455-4c8a3ce8eb9e 0.987s
2024-10-24 13:38:21.073 62240 INFO tempest.lib.common.rest_client [req-1cf06530-13b7-40ee-aa9c-df87ee62a448 req-1cf06530-13b7-40ee-aa9c-df87ee62a448 ] Request (ServersTestFqdnHostnames:setUpClass): 201 POST http://10.180.1.21/identity/v3/auth/tokens 0.082s
2024-10-24 13:38:21.097 62220 INFO tempest.lib.common.rest_client [req-22e0abb7-fd0e-4c09-a782-56365a7eac84 req-22e0abb7-fd0e-4c09-a782-56365a7eac84 ] Request (ServerAddressesNegativeTestJSON:setUpClass): 201 POST http://10.180.1.21/identity/v3/auth/tokens 0.083s
2024-10-24 13:38:21.115 62246 INFO tempest.lib.common.rest_client [req-0b407bb6-0293-4016-ad9e-58a4bd428d74 req-0b407bb6-0293-4016-ad9e-58a4bd428d74 ] Request (ServersTestMultiNic:setUpClass): 201 POST http://10.180.1.21:9696/networking/v2.0/routers 3.514s
2024-10-24 13:38:21.116 62240 INFO tempest.lib.common.rest_client [req-99b99175-d4dc-432e-bc62-4eb5363fa7fc req-99b99175-d4dc-432e-bc62-4eb5363fa7fc ] Request (ServersTestFqdnHostnames:setUpClass): 200 GET http://10.180.1.21/identity/v3/domains?name=Default 0.042s
2024-10-24 13:38:21.146 62262 INFO tempest.lib.common.rest_client [req-774cc39c-0124-4d63-92f9-6e50e7b01ef7 req-774cc39c-0124-4d63-92f9-6e50e7b01ef7 ] Request (ServicesAdminTestJSON:tearDownClass): 204 DELETE http://10.180.1.21/identity/v3/projects/e3b2551fb6ed4dc0ab20660e3ac6cea8 0.159s
2024-10-24 13:38:21.146 62262 INFO tempest.lib.common.dynamic_creds [-] Deleting project and security group for project: 44b4845f27354804abcab7df3e4f8c2f
2024-10-24 13:38:21.160 62214 INFO tempest.lib.common.rest_client [req-8add54f3-9e32-4881-b532-4bf324970aed req-8add54f3-9e32-4881-b532-4bf324970aed ] Request (ServersAdminNegativeTestJSON:setUpClass): 200 GET http://10.180.1.21/compute/v2.1/servers/0b34c674-6ef0-4c30-83e9-b4a5623ea044 0.958s
2024-10-24 13:38:21.167 62212 INFO tempest.lib.common.rest_client [req-f4113221-3b93-4f2e-893f-692e76933b4f req-f4113221-3b93-4f2e-893f-692e76933b4f ] Request (QuotaClassesAdmin257Test:tearDownClass): 204 DELETE http://10.180.1.21:9696/networking/v2.0/security-groups/21db3230-49e2-406b-9a80-944eb3e64ff7 0.390s
2024-10-24 13:38:21.171 62236 INFO tempest.lib.common.rest_client [req-f0fd82d5-fbd2-4ea2-a6a0-05dc0cc5794b req-f0fd82d5-fbd2-4ea2-a6a0-05dc0cc5794b ] Request (ServerActionsV293TestJSON:setUpClass): 201 POST http://10.180.1.21:9696/networking/v2.0/routers 2.288s
2024-10-24 13:38:21.234 62240 INFO tempest.lib.common.rest_client [req-f454a97f-d3df-4a99-99cd-9efc60865d3d req-f454a97f-d3df-4a99-99cd-9efc60865d3d ] Request (ServersTestFqdnHostnames:setUpClass): 201 POST http://10.180.1.21/identity/v3/projects 0.117s
2024-10-24 13:38:21.325 62212 INFO tempest.lib.common.rest_client [req-54c36830-7502-40d0-8f41-1f8f6a8f2059 req-54c36830-7502-40d0-8f41-1f8f6a8f2059 ] Request (QuotaClassesAdmin257Test:tearDownClass): 204 DELETE http://10.180.1.21/identity/v3/projects/89d82552e3544d6a81c9d3bf32038087 0.157s
2024-10-24 13:38:21.325 62212 INFO tempest.lib.common.dynamic_creds [-] Deleting project and security group for project: 6965f4cbfb5f471b9a5ca3cfccdf9759
2024-10-24 13:38:21.378 62260 INFO tempest.lib.common.rest_client [req-d2228de0-3c05-46eb-be48-c8e7d010e21c req-d2228de0-3c05-46eb-be48-c8e7d010e21c ] Request (HostsAdminNegativeTestJSON:tearDownClass): 204 DELETE http://10.180.1.21:9696/networking/v2.0/security-groups/695b857f-0755-4fe6-a5a4-5fe64461ec8d 0.416s
2024-10-24 13:38:21.382 62240 INFO tempest.lib.common.rest_client [req-5eb394e2-823d-401e-8105-d1747dfb3d6a req-5eb394e2-823d-401e-8105-d1747dfb3d6a ] Request (ServersTestFqdnHostnames:setUpClass): 201 POST http://10.180.1.21/identity/v3/users 0.148s
2024-10-24 13:38:21.400 62240 INFO tempest.lib.common.rest_client [req-93cb13b4-9bf1-432a-8900-9f1c5446f3c6 req-93cb13b4-9bf1-432a-8900-9f1c5446f3c6 ] Request (ServersTestFqdnHostnames:setUpClass): 200 GET http://10.180.1.21/identity/v3/roles 0.017s
2024-10-24 13:38:21.433 62240 INFO tempest.lib.common.rest_client [req-b8ac69b7-0a47-43fa-a27d-93e93cfbf27e req-b8ac69b7-0a47-43fa-a27d-93e93cfbf27e ] Request (ServersTestFqdnHostnames:setUpClass): 204 PUT http://10.180.1.21/identity/v3/projects/94b33c82a8514050a75a1257b633d6da/users/9c298549c4a948dc85d0e1712c6a9081/roles/f47e6d4906d64694b008b14a36235c44 0.032s
2024-10-24 13:38:21.433 62240 INFO tempest.lib.common.dynamic_creds [-] Dynamic test user 9c298549c4a948dc85d0e1712c6a9081 is created with scope project and roles: ['member']
2024-10-24 13:38:21.433 62240 INFO tempest.lib.common.dynamic_creds [-] Acquired dynamic creds: credentials: Credentials: {'domain_id': 'default', 'domain_name': 'Default', 'username': 'tempest-ServersTestFqdnHostnames-1782808197-project-member', 'project_domain_id': 'default', 'project_domain_name': 'Default', 'project_id': '94b33c82a8514050a75a1257b633d6da', 'project_name': 'tempest-ServersTestFqdnHostnames-1782808197', 'tenant_id': '94b33c82a8514050a75a1257b633d6da', 'tenant_name': 'tempest-ServersTestFqdnHostnames-1782808197', 'user_domain_id': 'default', 'user_domain_name': 'Default', 'user_id': '9c298549c4a948dc85d0e1712c6a9081', 'system': None}, Network: None, Subnet: None, Router: None
2024-10-24 13:38:21.463 62260 INFO tempest.lib.common.rest_client [req-d97a6330-dcb3-4d89-9aa6-ec9571dbe7aa req-d97a6330-dcb3-4d89-9aa6-ec9571dbe7aa ] Request (HostsAdminNegativeTestJSON:tearDownClass): 204 DELETE http://10.180.1.21/identity/v3/projects/18d187a0828347b085d2ae211112782f 0.085s
2024-10-24 13:38:21.464 62260 INFO tempest.lib.common.dynamic_creds [-] Deleting project and security group for project: f151ee72bd964e8e8b5d3f3b961c4072
2024-10-24 13:38:21.486 62240 INFO tempest.lib.common.rest_client [req-c88fc459-7d61-4b81-86b6-69dcb89530e3 req-c88fc459-7d61-4b81-86b6-69dcb89530e3 ] Request (ServersTestFqdnHostnames:setUpClass): 201 POST http://10.180.1.21/identity/v3/auth/tokens 0.052s
2024-10-24 13:38:21.545 62250 INFO tempest.lib.common.rest_client [req-2c051f93-964e-44d2-a7bd-47f54f3e6907 req-2c051f93-964e-44d2-a7bd-47f54f3e6907 ] Request (SecurityGroupsTestJSON:setUpClass): 201 POST http://10.180.1.21:9696/networking/v2.0/networks 0.979s
2024-10-24 13:38:21.579 62262 INFO tempest.lib.common.rest_client [req-e9d47859-a266-434a-b17d-c6f4537d0c9e req-e9d47859-a266-434a-b17d-c6f4537d0c9e ] Request (ServicesAdminTestJSON:tearDownClass): 200 GET http://10.180.1.21:9696/networking/v2.0/security-groups?tenant_id=44b4845f27354804abcab7df3e4f8c2f&name=default 0.432s
2024-10-24 13:38:21.601 62270 INFO tempest.lib.common.rest_client [req-be017fe9-ce54-446a-bf96-ce0d5e4ded70 req-be017fe9-ce54-446a-bf96-ce0d5e4ded70 ] Request (FloatingIPDetailsTestJSON:setUpClass): 201 POST http://10.180.1.21:9696/networking/v2.0/networks 0.931s
2024-10-24 13:38:21.623 62268 INFO tempest.lib.common.rest_client [req-4df00077-07d8-481a-bda1-14dfc660b5a7 req-4df00077-07d8-481a-bda1-14dfc660b5a7 ] Request (VolumesAdminNegativeTest:setUpClass): 201 POST http://10.180.1.21:9696/networking/v2.0/routers 3.427s
2024-10-24 13:38:21.708 62244 INFO tempest.lib.common.rest_client [req-9106712a-5ebb-479a-9cc7-98ef302f6f26 req-9106712a-5ebb-479a-9cc7-98ef302f6f26 ] Request (SecurityGroupRulesTestJSON:test_security_group_rules_list): 200 POST http://10.180.1.21/compute/v2.1/os-security-group-rules 1.418s
2024-10-24 13:38:21.763 62266 INFO tempest.lib.common.rest_client [req-f3e87d85-a487-47b1-8ed9-8fc3c9ad6e8a req-f3e87d85-a487-47b1-8ed9-8fc3c9ad6e8a ] Request (KeyPairsV22TestJSON:test_keypair_create_delete): 201 POST http://10.180.1.21/compute/v2.1/os-keypairs 1.349s
2024-10-24 13:38:21.793 62208 INFO tempest.lib.common.rest_client [req-c3838f5a-d7e4-4c7b-bbfd-f47832a06e80 req-c3838f5a-d7e4-4c7b-bbfd-f47832a06e80 ] Request (AggregatesAdminNegativeTestJSON:test_aggregate_create_with_existent_aggregate_name): 200 POST http://10.180.1.21/compute/v2.1/os-aggregates 1.372s
2024-10-24 13:38:21.982 62212 INFO tempest.lib.common.rest_client [req-d72e41f4-62ca-4ef9-9471-4982d96cf25e req-d72e41f4-62ca-4ef9-9471-4982d96cf25e ] Request (QuotaClassesAdmin257Test:tearDownClass): 200 GET http://10.180.1.21:9696/networking/v2.0/security-groups?tenant_id=6965f4cbfb5f471b9a5ca3cfccdf9759&name=default 0.657s
2024-10-24 13:38:22.157 62260 INFO tempest.lib.common.rest_client [req-7387aedd-41c9-48a0-a9ff-12c458eaf78c req-7387aedd-41c9-48a0-a9ff-12c458eaf78c ] Request (HostsAdminNegativeTestJSON:tearDownClass): 200 GET http://10.180.1.21:9696/networking/v2.0/security-groups?tenant_id=f151ee72bd964e8e8b5d3f3b961c4072&name=default 0.693s
2024-10-24 13:38:22.424 62262 INFO tempest.lib.common.rest_client [req-7d77b9a7-a66e-4b98-a5a3-3d1dd48f9b8a req-7d77b9a7-a66e-4b98-a5a3-3d1dd48f9b8a ] Request (ServicesAdminTestJSON:tearDownClass): 204 DELETE http://10.180.1.21:9696/networking/v2.0/security-groups/3523637a-a7f0-4c30-b313-cc4ec6a92bc9 0.845s
2024-10-24 13:38:22.496 62212 INFO tempest.lib.common.rest_client [req-becce4bc-4014-4d3e-8e84-1ead0215393a req-becce4bc-4014-4d3e-8e84-1ead0215393a ] Request (QuotaClassesAdmin257Test:tearDownClass): 204 DELETE http://10.180.1.21:9696/networking/v2.0/security-groups/7312555b-b3b0-48ce-ac78-a2f659bdcf62 0.514s
2024-10-24 13:38:22.531 62262 INFO tempest.lib.common.rest_client [req-c7fc45e9-8ba2-4956-9322-ef840c8fdfda req-c7fc45e9-8ba2-4956-9322-ef840c8fdfda ] Request (ServicesAdminTestJSON:tearDownClass): 204 DELETE http://10.180.1.21/identity/v3/projects/44b4845f27354804abcab7df3e4f8c2f 0.106s
2024-10-24 13:38:22.571 62220 INFO tempest.lib.common.rest_client [req-2cb7f639-1a31-41ab-8913-7b20abb65d85 req-2cb7f639-1a31-41ab-8913-7b20abb65d85 ] Request (ServerAddressesNegativeTestJSON:setUpClass): 201 POST http://10.180.1.21:9696/networking/v2.0/networks 1.474s
2024-10-24 13:38:22.619 62262 INFO tempest.lib.common.rest_client [req-5fccb8d4-a4c6-4c63-8bd4-6e7daf509aa0 req-5fccb8d4-a4c6-4c63-8bd4-6e7daf509aa0 ] Request (ImagesOneServerTestJSON:setUpClass): 201 POST http://10.180.1.21/identity/v3/auth/tokens 0.085s
2024-10-24 13:38:22.656 62212 INFO tempest.lib.common.rest_client [req-57bb4706-6de3-4376-85a4-8285131ccc46 req-57bb4706-6de3-4376-85a4-8285131ccc46 ] Request (QuotaClassesAdmin257Test:tearDownClass): 204 DELETE http://10.180.1.21/identity/v3/projects/6965f4cbfb5f471b9a5ca3cfccdf9759 0.159s
2024-10-24 13:38:22.674 62258 INFO tempest.lib.common.rest_client [req-69b1968b-8036-46cc-b75b-9c5583f20547 req-69b1968b-8036-46cc-b75b-9c5583f20547 ] Request (FloatingIPsAssociationTestJSON:setUpClass): 202 POST http://10.180.1.21/compute/v2.1/servers 2.281s
2024-10-24 13:38:22.690 62250 INFO tempest.lib.common.rest_client [req-fa4a3687-5b1f-4157-a22b-742dc795ceeb req-fa4a3687-5b1f-4157-a22b-742dc795ceeb ] Request (SecurityGroupsTestJSON:setUpClass): 201 POST http://10.180.1.21:9696/networking/v2.0/subnets 1.144s
2024-10-24 13:38:22.727 62262 INFO tempest.lib.common.rest_client [req-27b6aaf5-ce98-4235-9405-15ca8c68b398 req-27b6aaf5-ce98-4235-9405-15ca8c68b398 ] Request (ImagesOneServerTestJSON:setUpClass): 201 POST http://10.180.1.21/identity/v3/auth/tokens 0.102s
2024-10-24 13:38:22.734 62212 INFO tempest.lib.common.rest_client [req-0032c046-2ca3-439d-b71b-9496ce23c9e5 req-0032c046-2ca3-439d-b71b-9496ce23c9e5 ] Request (QuotasAdminNegativeTest:setUpClass): 201 POST http://10.180.1.21/identity/v3/auth/tokens 0.077s
2024-10-24 13:38:22.740 62270 INFO tempest.lib.common.rest_client [req-39b7ca12-3f8e-4066-8c83-6e479ff043aa req-39b7ca12-3f8e-4066-8c83-6e479ff043aa ] Request (FloatingIPDetailsTestJSON:setUpClass): 201 POST http://10.180.1.21:9696/networking/v2.0/subnets 1.138s
2024-10-24 13:38:22.764 62262 INFO tempest.lib.common.rest_client [req-5500d7e2-0899-4b56-94e3-b9c08732b071 req-5500d7e2-0899-4b56-94e3-b9c08732b071 ] Request (ImagesOneServerTestJSON:setUpClass): 200 GET http://10.180.1.21/identity/v3/domains?name=Default 0.036s
2024-10-24 13:38:22.768 62212 INFO tempest.lib.common.rest_client [req-d0a82256-a2bc-4cc9-9461-7b836a18c81b req-d0a82256-a2bc-4cc9-9461-7b836a18c81b ] Request (QuotasAdminNegativeTest:setUpClass): 201 POST http://10.180.1.21/identity/v3/auth/tokens 0.030s
2024-10-24 13:38:22.793 62212 INFO tempest.lib.common.rest_client [req-9abfe302-05e7-427e-8450-aee22fd203b2 req-9abfe302-05e7-427e-8450-aee22fd203b2 ] Request (QuotasAdminNegativeTest:setUpClass): 200 GET http://10.180.1.21/identity/v3/domains?name=Default 0.024s
2024-10-24 13:38:22.795 62254 INFO tempest.lib.common.rest_client [req-6d64bb6b-0e52-4317-bf04-ccd16ee2225a req-6d64bb6b-0e52-4317-bf04-ccd16ee2225a ] Request (ServerAddressesTestJSON:setUpClass): 200 GET http://10.180.1.21/compute/v2.1/servers/36c69772-6e47-4c00-a582-b46d233e13a1 2.367s
2024-10-24 13:38:22.803 62254 INFO tempest.common.waiters [-] State transition "BUILD/networking" ==> "BUILD/spawning" after 10 second wait
2024-10-24 13:38:22.822 62262 INFO tempest.lib.common.rest_client [req-6ba0db04-5a7a-42e3-ab78-aa499dd8d535 req-6ba0db04-5a7a-42e3-ab78-aa499dd8d535 ] Request (ImagesOneServerTestJSON:setUpClass): 201 POST http://10.180.1.21/identity/v3/projects 0.058s
2024-10-24 13:38:22.835 62212 INFO tempest.lib.common.rest_client [req-87ab34d2-3e81-4c2b-863d-0a8fc974aca8 req-87ab34d2-3e81-4c2b-863d-0a8fc974aca8 ] Request (QuotasAdminNegativeTest:setUpClass): 201 POST http://10.180.1.21/identity/v3/projects 0.042s
2024-10-24 13:38:22.918 62262 INFO tempest.lib.common.rest_client [req-a2ccc75d-9271-4484-9c8d-beec493ea103 req-a2ccc75d-9271-4484-9c8d-beec493ea103 ] Request (ImagesOneServerTestJSON:setUpClass): 201 POST http://10.180.1.21/identity/v3/users 0.096s
2024-10-24 13:38:22.919 62212 INFO tempest.lib.common.rest_client [req-93ed6fdd-a93d-423e-b6df-88a034250e96 req-93ed6fdd-a93d-423e-b6df-88a034250e96 ] Request (QuotasAdminNegativeTest:setUpClass): 201 POST http://10.180.1.21/identity/v3/users 0.083s
2024-10-24 13:38:22.937 62262 INFO tempest.lib.common.rest_client [req-77adfc04-a93e-4f8f-bdfd-0d735afa94e9 req-77adfc04-a93e-4f8f-bdfd-0d735afa94e9 ] Request (ImagesOneServerTestJSON:setUpClass): 200 GET http://10.180.1.21/identity/v3/roles 0.017s
2024-10-24 13:38:22.941 62212 INFO tempest.lib.common.rest_client [req-12f0196e-e5cb-474a-8bd7-d6ae5f79d039 req-12f0196e-e5cb-474a-8bd7-d6ae5f79d039 ] Request (QuotasAdminNegativeTest:setUpClass): 200 GET http://10.180.1.21/identity/v3/roles 0.021s
2024-10-24 13:38:22.963 62230 INFO tempest.lib.common.rest_client [req-5dbfe0fb-5d9d-4e76-9eca-753860fadcbe req-5dbfe0fb-5d9d-4e76-9eca-753860fadcbe ] Request (ServerActionsTestJSON:setUpClass): 200 GET http://10.180.1.21/compute/v2.1/servers/e3744562-c9ab-4902-880c-6f0153b8a183 2.366s
2024-10-24 13:38:22.972 62230 INFO tempest.common.waiters [-] State transition "BUILD/None" ==> "BUILD/block_device_mapping" after 10 second wait
2024-10-24 13:38:22.987 62262 INFO tempest.lib.common.rest_client [req-5b84b2fe-68ef-4180-b56b-59d7853bbe01 req-5b84b2fe-68ef-4180-b56b-59d7853bbe01 ] Request (ImagesOneServerTestJSON:setUpClass): 204 PUT http://10.180.1.21/identity/v3/projects/04e68079ffc949f09bd1b9b72ba632f1/users/e2cbeccb03a64b8ba57d30a4d82b1931/roles/f47e6d4906d64694b008b14a36235c44 0.050s
2024-10-24 13:38:22.988 62262 INFO tempest.lib.common.dynamic_creds [-] Dynamic test user e2cbeccb03a64b8ba57d30a4d82b1931 is created with scope project and roles: ['member']
2024-10-24 13:38:22.988 62262 INFO tempest.lib.common.dynamic_creds [-] Acquired dynamic creds: credentials: Credentials: {'domain_id': 'default', 'domain_name': 'Default', 'username': 'tempest-ImagesOneServerTestJSON-1341450677-project-member', 'project_domain_id': 'default', 'project_domain_name': 'Default', 'project_id': '04e68079ffc949f09bd1b9b72ba632f1', 'project_name': 'tempest-ImagesOneServerTestJSON-1341450677', 'tenant_id': '04e68079ffc949f09bd1b9b72ba632f1', 'tenant_name': 'tempest-ImagesOneServerTestJSON-1341450677', 'user_domain_id': 'default', 'user_domain_name': 'Default', 'user_id': 'e2cbeccb03a64b8ba57d30a4d82b1931', 'system': None}, Network: None, Subnet: None, Router: None
2024-10-24 13:38:23.009 62212 INFO tempest.lib.common.rest_client [req-72c434b6-1801-4507-b27b-d9a0eb1dfa96 req-72c434b6-1801-4507-b27b-d9a0eb1dfa96 ] Request (QuotasAdminNegativeTest:setUpClass): 204 PUT http://10.180.1.21/identity/v3/projects/02eb4a1a01354688b087ef529e371e62/users/209eaede93ba4a25af539b7f62330b5a/roles/f47e6d4906d64694b008b14a36235c44 0.067s
2024-10-24 13:38:23.009 62212 INFO tempest.lib.common.dynamic_creds [-] Dynamic test user 209eaede93ba4a25af539b7f62330b5a is created with scope project and roles: ['member']
2024-10-24 13:38:23.009 62212 INFO tempest.lib.common.dynamic_creds [-] Acquired dynamic creds: credentials: Credentials: {'domain_id': 'default', 'domain_name': 'Default', 'username': 'tempest-QuotasAdminNegativeTest-1647594727-project-member', 'project_domain_id': 'default', 'project_domain_name': 'Default', 'project_id': '02eb4a1a01354688b087ef529e371e62', 'project_name': 'tempest-QuotasAdminNegativeTest-1647594727', 'tenant_id': '02eb4a1a01354688b087ef529e371e62', 'tenant_name': 'tempest-QuotasAdminNegativeTest-1647594727', 'user_domain_id': 'default', 'user_domain_name': 'Default', 'user_id': '209eaede93ba4a25af539b7f62330b5a', 'system': None}, Network: None, Subnet: None, Router: None
2024-10-24 13:38:23.009 62212 INFO tempest.lib.common.dynamic_creds [-] Created isolated network resources for: credentials: Credentials: {'domain_id': 'default', 'domain_name': 'Default', 'username': 'tempest-QuotasAdminNegativeTest-1647594727-project-member', 'project_domain_id': 'default', 'project_domain_name': 'Default', 'project_id': '02eb4a1a01354688b087ef529e371e62', 'project_name': 'tempest-QuotasAdminNegativeTest-1647594727', 'tenant_id': '02eb4a1a01354688b087ef529e371e62', 'tenant_name': 'tempest-QuotasAdminNegativeTest-1647594727', 'user_domain_id': 'default', 'user_domain_name': 'Default', 'user_id': '209eaede93ba4a25af539b7f62330b5a', 'system': None}, Network: None, Subnet: None, Router: None
2024-10-24 13:38:23.052 62262 INFO tempest.lib.common.rest_client [req-c5951b38-f4be-41b1-837f-5ad0af3c6dae req-c5951b38-f4be-41b1-837f-5ad0af3c6dae ] Request (ImagesOneServerTestJSON:setUpClass): 201 POST http://10.180.1.21/identity/v3/auth/tokens 0.063s
2024-10-24 13:38:23.086 62224 INFO tempest.lib.common.rest_client [req-7e2578e7-ff04-4b8a-9ba8-1655ff3833a7 req-7e2578e7-ff04-4b8a-9ba8-1655ff3833a7 ] Request (ServerDiagnosticsV248Test:test_get_server_diagnostics): 200 GET http://10.180.1.21/compute/v2.1/servers/8881014c-8505-4e75-8c31-e25b6a8d2cd4 2.477s
2024-10-24 13:38:23.102 62212 INFO tempest.lib.common.rest_client [req-7311d216-f50e-459f-ae4c-c7482339b0dd req-7311d216-f50e-459f-ae4c-c7482339b0dd ] Request (QuotasAdminNegativeTest:setUpClass): 201 POST http://10.180.1.21/identity/v3/auth/tokens 0.088s
2024-10-24 13:38:23.113 62260 INFO tempest.lib.common.rest_client [req-30f9ff67-388d-405f-8461-3b1dd474fd28 req-30f9ff67-388d-405f-8461-3b1dd474fd28 ] Request (HostsAdminNegativeTestJSON:tearDownClass): 204 DELETE http://10.180.1.21:9696/networking/v2.0/security-groups/a440d944-bfa6-41da-a48d-e114aa562302 0.956s
2024-10-24 13:38:23.138 62212 INFO tempest.lib.common.rest_client [req-c23764ab-10ff-4095-a70d-1dbc60c64606 req-c23764ab-10ff-4095-a70d-1dbc60c64606 ] Request (QuotasAdminNegativeTest:setUpClass): 201 POST http://10.180.1.21/identity/v3/projects 0.036s
2024-10-24 13:38:23.167 62240 INFO tempest.lib.common.rest_client [req-6c6b545f-ff7b-447a-8d9e-9463fae1271e req-6c6b545f-ff7b-447a-8d9e-9463fae1271e ] Request (ServersTestFqdnHostnames:setUpClass): 201 POST http://10.180.1.21:9696/networking/v2.0/networks 1.681s
2024-10-24 13:38:23.190 62232 INFO tempest.lib.common.rest_client [req-90d9c1db-4cd7-4f37-a0b1-5484126f9bdf req-90d9c1db-4cd7-4f37-a0b1-5484126f9bdf ] Request (DeleteServersAdminTestJSON:test_admin_delete_servers_of_others): 200 GET http://10.180.1.21/compute/v2.1/servers/3ff41f60-357c-4b56-b106-0e69207b78a6 2.526s
2024-10-24 13:38:23.212 62212 INFO tempest.lib.common.rest_client [req-2171ea62-2626-4033-a875-c5f80e4233ce req-2171ea62-2626-4033-a875-c5f80e4233ce ] Request (QuotasAdminNegativeTest:setUpClass): 201 POST http://10.180.1.21/identity/v3/users 0.073s
2024-10-24 13:38:23.244 62218 INFO tempest.lib.common.rest_client [req-217b36da-7fb4-43a5-b05c-0dd73d9572f3 req-217b36da-7fb4-43a5-b05c-0dd73d9572f3 ] Request (SecurityGroupsTestAdminJSON:_run_cleanups): 202 DELETE http://10.180.1.21/compute/v2.1/os-security-groups/56d434ec-e28c-4383-9ea7-f308f961d1d7 2.690s
2024-10-24 13:38:23.251 62260 INFO tempest.lib.common.rest_client [req-f27ebbd2-538a-41e8-a324-906b73b43bc7 req-f27ebbd2-538a-41e8-a324-906b73b43bc7 ] Request (HostsAdminNegativeTestJSON:tearDownClass): 204 DELETE http://10.180.1.21/identity/v3/projects/f151ee72bd964e8e8b5d3f3b961c4072 0.137s
2024-10-24 13:38:23.280 62212 INFO tempest.lib.common.rest_client [req-49c735a0-552b-4c51-b374-ae6295977e49 req-49c735a0-552b-4c51-b374-ae6295977e49 ] Request (QuotasAdminNegativeTest:setUpClass): 200 GET http://10.180.1.21/identity/v3/roles 0.065s
2024-10-24 13:38:23.314 62260 INFO tempest.lib.common.rest_client [req-a762edbd-cf7e-46a4-91ae-449bf82f168d req-a762edbd-cf7e-46a4-91ae-449bf82f168d ] Request (FloatingIPsTestJSON:setUpClass): 201 POST http://10.180.1.21/identity/v3/auth/tokens 0.061s
2024-10-24 13:38:23.373 62212 INFO tempest.lib.common.rest_client [req-bf65479b-cab1-4899-a109-ff9a19aead1c req-bf65479b-cab1-4899-a109-ff9a19aead1c ] Request (QuotasAdminNegativeTest:setUpClass): 204 PUT http://10.180.1.21/identity/v3/projects/51f1ef185e444c019abc5a3a3a3f0ec9/users/880cb70bfa914f43aa7f1e14ad0cc82f/roles/66591f6bec5c45f3b71543df568196e0 0.092s
2024-10-24 13:38:23.502 62252 INFO tempest.lib.common.rest_client [req-ad3d3791-bcea-4ecf-a64b-23ffdd7e80b8 req-ad3d3791-bcea-4ecf-a64b-23ffdd7e80b8 ] Request (FlavorsAccessNegativeTestJSON:test_flavor_non_admin_remove): 200 POST http://10.180.1.21/compute/v2.1/flavors/1637934602/action 2.801s
2024-10-24 13:38:23.558 62260 INFO tempest.lib.common.rest_client [req-9413dfec-87cf-45f2-b99b-ea67295cc50c req-9413dfec-87cf-45f2-b99b-ea67295cc50c ] Request (FloatingIPsTestJSON:setUpClass): 201 POST http://10.180.1.21/identity/v3/auth/tokens 0.241s
2024-10-24 13:38:23.581 62210 INFO tempest.lib.common.rest_client [req-ee60fee6-9148-41c8-93e5-a0226f6d0537 req-ee60fee6-9148-41c8-93e5-a0226f6d0537 ] Request (QuotasAdminTestV257:test_get_updated_quotas): 200 GET http://10.180.1.21/compute/v2.1/os-quota-sets/0072ba949aff469d9d2aa57dce1d46bd/detail 2.518s
2024-10-24 13:38:23.586 62260 INFO tempest.lib.common.rest_client [req-fb572493-a506-47d8-a027-432c684a9f03 req-fb572493-a506-47d8-a027-432c684a9f03 ] Request (FloatingIPsTestJSON:setUpClass): 200 GET http://10.180.1.21/identity/v3/domains?name=Default 0.027s
2024-10-24 13:38:23.599 62220 INFO tempest.lib.common.rest_client [req-5ac4a7da-9129-45a5-941c-c25bedcfa4ed req-5ac4a7da-9129-45a5-941c-c25bedcfa4ed ] Request (ServerAddressesNegativeTestJSON:setUpClass): 201 POST http://10.180.1.21:9696/networking/v2.0/subnets 1.027s
2024-10-24 13:38:23.605 62210 INFO tempest.lib.common.rest_client [req-4cdd985c-3076-4b88-b9b2-d1080ef21c64 req-4cdd985c-3076-4b88-b9b2-d1080ef21c64 ] Request (QuotasAdminTestV257:test_get_updated_quotas): 200 GET http://10.180.1.21/identity/v3/domains?name=Default 0.020s
2024-10-24 13:38:23.614 62212 INFO tempest.lib.common.rest_client [req-97c3bfde-8c20-442e-82cb-79d114d8c797 req-97c3bfde-8c20-442e-82cb-79d114d8c797 ] Request (QuotasAdminNegativeTest:setUpClass): 200 GET http://10.180.1.21/identity/v3/roles 0.240s
2024-10-24 13:38:23.626 62222 INFO tempest.lib.common.rest_client [req-ba36693a-83e2-49b9-bc0b-2a30c49fc21a req-ba36693a-83e2-49b9-bc0b-2a30c49fc21a ] Request (ServersWithSpecificFlavorTestJSON:test_verify_created_server_ephemeral_disk): 200 GET http://10.180.1.21/compute/v2.1/servers/604d33e8-58ab-4c8a-be5f-b7cfe6a9fe4f 2.223s
2024-10-24 13:38:23.644 62260 INFO tempest.lib.common.rest_client [req-bb099ecf-0133-4b4a-846e-1e8e550f2286 req-bb099ecf-0133-4b4a-846e-1e8e550f2286 ] Request (FloatingIPsTestJSON:setUpClass): 201 POST http://10.180.1.21/identity/v3/projects 0.058s
2024-10-24 13:38:23.646 62210 INFO tempest.lib.common.rest_client [req-2cb86d85-0c83-4466-90cb-a6921b07e020 req-2cb86d85-0c83-4466-90cb-a6921b07e020 ] Request (QuotasAdminTestV257:test_get_updated_quotas): 201 POST http://10.180.1.21/identity/v3/users 0.040s
2024-10-24 13:38:23.694 62212 INFO tempest.lib.common.rest_client [req-87cee681-7d83-445f-b649-2fb200573aa5 req-87cee681-7d83-445f-b649-2fb200573aa5 ] Request (QuotasAdminNegativeTest:setUpClass): 204 PUT http://10.180.1.21/identity/v3/projects/51f1ef185e444c019abc5a3a3a3f0ec9/users/880cb70bfa914f43aa7f1e14ad0cc82f/roles/66591f6bec5c45f3b71543df568196e0 0.080s
2024-10-24 13:38:23.694 62234 INFO tempest.lib.common.rest_client [req-c25a1229-a110-4c91-bc98-d5dea5aa673b req-c25a1229-a110-4c91-bc98-d5dea5aa673b ] Request (ServerExternalEventsTest:test_create_server_external_events): 200 GET http://10.180.1.21/compute/v2.1/servers/4d9ee781-bca8-4cad-9fc5-87cb785d478e 2.180s
2024-10-24 13:38:23.694 62212 INFO tempest.lib.common.dynamic_creds [-] Dynamic test user 880cb70bfa914f43aa7f1e14ad0cc82f is created with scope project and roles: ['admin']
2024-10-24 13:38:23.695 62212 INFO tempest.lib.common.dynamic_creds [-] Acquired dynamic creds: credentials: Credentials: {'domain_id': 'default', 'domain_name': 'Default', 'username': 'tempest-QuotasAdminNegativeTest-2040717137-project-admin', 'project_domain_id': 'default', 'project_domain_name': 'Default', 'project_id': '51f1ef185e444c019abc5a3a3a3f0ec9', 'project_name': 'tempest-QuotasAdminNegativeTest-2040717137', 'tenant_id': '51f1ef185e444c019abc5a3a3a3f0ec9', 'tenant_name': 'tempest-QuotasAdminNegativeTest-2040717137', 'user_domain_id': 'default', 'user_domain_name': 'Default', 'user_id': '880cb70bfa914f43aa7f1e14ad0cc82f', 'system': None}, Network: None, Subnet: None, Router: None
2024-10-24 13:38:23.695 62212 INFO tempest.lib.common.dynamic_creds [-] Created isolated network resources for: credentials: Credentials: {'domain_id': 'default', 'domain_name': 'Default', 'username': 'tempest-QuotasAdminNegativeTest-2040717137-project-admin', 'project_domain_id': 'default', 'project_domain_name': 'Default', 'project_id': '51f1ef185e444c019abc5a3a3a3f0ec9', 'project_name': 'tempest-QuotasAdminNegativeTest-2040717137', 'tenant_id': '51f1ef185e444c019abc5a3a3a3f0ec9', 'tenant_name': 'tempest-QuotasAdminNegativeTest-2040717137', 'user_domain_id': 'default', 'user_domain_name': 'Default', 'user_id': '880cb70bfa914f43aa7f1e14ad0cc82f', 'system': None}, Network: None, Subnet: None, Router: None
2024-10-24 13:38:23.713 62260 INFO tempest.lib.common.rest_client [req-0b6c321e-6d6d-4fe0-bf48-837a6efb6ad0 req-0b6c321e-6d6d-4fe0-bf48-837a6efb6ad0 ] Request (FloatingIPsTestJSON:setUpClass): 201 POST http://10.180.1.21/identity/v3/users 0.068s
2024-10-24 13:38:23.738 62242 INFO tempest.lib.common.rest_client [req-20eee066-642a-4786-b587-ad01163cf777 req-20eee066-642a-4786-b587-ad01163cf777 ] Request (VolumesAssistedSnapshotsTest:test_volume_assisted_snapshot_create_delete): 200 GET http://10.180.1.21/compute/v2.1/servers/39bc8558-ce7f-41e9-b913-9b628a220ca7 2.128s
2024-10-24 13:38:23.741 62210 INFO tempest.lib.common.rest_client [req-6a47cdb6-bb54-411a-afc7-a9c264cda971 req-6a47cdb6-bb54-411a-afc7-a9c264cda971 ] Request (QuotasAdminTestV257:test_get_updated_quotas): 200 GET http://10.180.1.21/identity/v3/domains?name=Default 0.094s
2024-10-24 13:38:23.791 62260 INFO tempest.lib.common.rest_client [req-53c0aee7-853f-475e-8556-d5ac250cc8f1 req-53c0aee7-853f-475e-8556-d5ac250cc8f1 ] Request (FloatingIPsTestJSON:setUpClass): 200 GET http://10.180.1.21/identity/v3/roles 0.077s
2024-10-24 13:38:23.794 62212 INFO tempest.lib.common.rest_client [req-417a4f71-796e-45dc-ab0f-d796caab2c54 req-417a4f71-796e-45dc-ab0f-d796caab2c54 ] Request (QuotasAdminNegativeTest:setUpClass): 201 POST http://10.180.1.21/identity/v3/auth/tokens 0.094s
2024-10-24 13:38:23.795 62212 WARNING tempest.lib.common.rest_client [-] Deprecated: "tenant_id" property is deprecated for removal, use "project_id" instead
2024-10-24 13:38:23.815 62226 INFO tempest.lib.common.rest_client [req-52dc53be-de0c-4fab-9922-5373983eb23b req-52dc53be-de0c-4fab-9922-5373983eb23b ] Request (ServersAaction247Test:test_create_backup): 200 GET http://10.180.1.21/compute/v2.1/servers/c4d3b145-84be-4d19-afc7-4c29fa193760 2.166s
