2024-10-24 13:38:57.050 62256 INFO tempest.lib.common.dynamic_creds [-] Created isolated network resources for: credentials: Credentials: {'domain_id': 'default', 'domain_name': 'Default', 'username': 'tempest-AttachInterfacesTestJSON-55273928-project-member', 'project_domain_id': 'default', 'project_domain_name': 'Default', 'project_id': '17ca05a1e6664430a02de563d98c1148', 'project_name': 'tempest-AttachInterfacesTestJSON-55273928', 'tenant_id': '17ca05a1e6664430a02de563d98c1148', 'tenant_name': 'tempest-AttachInterfacesTestJSON-55273928', 'user_domain_id': 'default', 'user_domain_name': 'Default', 'user_id': '2af915dc43c84940a937dfb8a04ea0b6', 'system': None}, Network: {'id': '8f622fc5-b74f-4582-a6e0-44c90f495750', 'name': 'tempest-AttachInterfacesTestJSON-67704340-network', 'tenant_id': '17ca05a1e6664430a02de563d98c1148', 'admin_state_up': True, 'mtu': 8950, 'status': 'ACTIVE', 'subnets': [], 'shared': False, 'project_id': '17ca05a1e6664430a02de563d98c1148', 'port_security_enabled': True, 'router:external': False, 'provider:network_type': 'vlan', 'provider:physical_network': 'default', 'provider:segmentation_id': 961, 'is_default': False, 'availability_zone_hints': [], 'availability_zones': [], 'ipv4_address_scope': None, 'ipv6_address_scope': None, 'description': '', 'tags': [], 'created_at': '2024-10-24T13:38:49Z', 'updated_at': '2024-10-24T13:38:49Z', 'revision_number': 1}, Subnet: {'id': '2c8e4fb2-03f6-4594-918b-0a9a5dc8ffbf', 'name': 'tempest-AttachInterfacesTestJSON-67704340-subnet', 'tenant_id': '17ca05a1e6664430a02de563d98c1148', 'network_id': '8f622fc5-b74f-4582-a6e0-44c90f495750', 'ip_version': 4, 'subnetpool_id': None, 'enable_dhcp': True, 'ipv6_ra_mode': None, 'ipv6_address_mode': None, 'gateway_ip': '192.168.128.1', 'cidr': '192.168.128.0/28', 'allocation_pools': [{'start': '192.168.128.2', 'end': '192.168.128.14'}], 'host_routes': [], 'dns_nameservers': [], 'description': '', 'router:external': False, 'service_types': [], 'tags': [], 'created_at': '2024-10-24T13:38:50Z', 'updated_at': '2024-10-24T13:38:50Z', 'revision_number': 0, 'project_id': '17ca05a1e6664430a02de563d98c1148'}, Router: {'id': 'e808b3b9-461a-4c3f-845f-5bd496e990c3', 'name': 'tempest-AttachInterfacesTestJSON-67704340-router', 'tenant_id': '17ca05a1e6664430a02de563d98c1148', 'admin_state_up': True, 'status': 'ACTIVE', 'external_gateway_info': {'network_id': '53980b92-a885-46cb-b1c1-1120c0edc268', 'external_fixed_ips': [{'subnet_id': '3e734687-c947-4456-b8f4-bb3e51cb2e5c', 'ip_address': '10.180.180.189'}], 'enable_snat': True}, 'description': '', 'availability_zones': [], 'distributed': False, 'ha': False, 'availability_zone_hints': [], 'routes': [], 'flavor_id': None, 'tags': [], 'created_at': '2024-10-24T13:38:50Z', 'updated_at': '2024-10-24T13:38:51Z', 'revision_number': 2, 'project_id': '17ca05a1e6664430a02de563d98c1148'}
2024-10-24 13:38:57.055 62208 INFO tempest.lib.common.rest_client [req-691702ca-f4c0-4956-9bf3-2890ac2a6302 req-691702ca-f4c0-4956-9bf3-2890ac2a6302 ] Request (NetworksTest:test_list_all_networks): 200 GET http://10.180.1.21/compute/v2.1/os-networks 2.414s
2024-10-24 13:38:57.102 62268 INFO tempest.lib.common.rest_client [req-aab30067-8b54-4903-8d85-2e3934fd2139 req-aab30067-8b54-4903-8d85-2e3934fd2139 ] Request (VolumesAdminNegativeTest:test_update_attached_volume_with_nonexistent_volume_in_body): 200 GET http://10.180.1.21/compute/v2.1/servers/816de9f9-a8a9-415a-a6c4-57baea86df51 1.788s
2024-10-24 13:38:57.142 62256 INFO tempest.lib.common.rest_client [req-d3c96d93-ab44-4f15-81f7-2cc2e2c52125 req-d3c96d93-ab44-4f15-81f7-2cc2e2c52125 ] Request (AttachInterfacesTestJSON:setUpClass): 201 POST http://10.180.1.21/identity/v3/auth/tokens 0.090s
2024-10-24 13:38:57.157 62250 INFO tempest.lib.common.rest_client [req-600c3aa6-e929-4e04-afd0-fe9288092a5d req-600c3aa6-e929-4e04-afd0-fe9288092a5d ] Request (SecurityGroupsTestJSON:test_list_security_groups_by_server): 200 GET http://10.180.1.21/compute/v2.1/servers/65dba389-321c-478d-9555-bcd9c318f6d0 1.807s
2024-10-24 13:38:57.167 62220 INFO tempest.lib.common.rest_client [req-b66b0a35-3276-418c-a53e-a048b7ffee24 req-b66b0a35-3276-418c-a53e-a048b7ffee24 ] Request (ServerAddressesNegativeTestJSON:setUpClass): 200 GET http://10.180.1.21/compute/v2.1/servers/d6d6e8c7-75d7-4fc5-bbdf-0af629d7d842 1.780s
2024-10-24 13:38:57.213 62208 INFO tempest.lib.common.rest_client [req-f203b74b-6df5-4877-8b00-fe5349bcf9af req-f203b74b-6df5-4877-8b00-fe5349bcf9af ] Request (NetworksTest:tearDownClass): 204 DELETE http://10.180.1.21/identity/v3/users/898f49be042d47a88273bb7fe9900533 0.156s
2024-10-24 13:38:57.236 62230 INFO tempest.lib.common.rest_client [req-f9f6ee54-f366-405c-bea0-ce1e3bd08282 req-f9f6ee54-f366-405c-bea0-ce1e3bd08282 ] Request (ServerActionsTestJSON:setUpClass): 200 GET http://10.180.1.21/compute/v2.1/servers/e3744562-c9ab-4902-880c-6f0153b8a183 1.723s
2024-10-24 13:38:57.278 62244 INFO tempest.lib.common.rest_client [req-104ad74a-d3e6-452c-9dff-74e5df0bdd2e req-104ad74a-d3e6-452c-9dff-74e5df0bdd2e ] Request (ServerDiskConfigTestJSON:test_rebuild_server_with_auto_disk_config): 200 GET http://10.180.1.21/compute/v2.1/servers/2933b91a-ab88-4f0f-bd63-3752cdc763de 1.831s
2024-10-24 13:38:57.311 62222 INFO tempest.lib.common.rest_client [req-e6c9a16e-ae46-4c0d-98c4-991aaa24186e req-e6c9a16e-ae46-4c0d-98c4-991aaa24186e ] Request (ServersWithSpecificFlavorTestJSON:test_verify_created_server_ephemeral_disk): 200 GET http://10.180.1.21/compute/v2.1/servers/604d33e8-58ab-4c8a-be5f-b7cfe6a9fe4f 1.717s
2024-10-24 13:38:57.356 62208 INFO tempest.lib.common.rest_client [req-676b8b82-fd90-4320-b7b5-055b4251e54b req-676b8b82-fd90-4320-b7b5-055b4251e54b ] Request (NetworksTest:tearDownClass): 204 DELETE http://10.180.1.21/identity/v3/users/b1747e9ea3294dad8995997bf589e233 0.142s
2024-10-24 13:38:57.356 62208 INFO tempest.lib.common.dynamic_creds [-] Deleting project and security group for project: d080b057470649e792609b016346cd99
2024-10-24 13:38:57.386 62218 INFO tempest.lib.common.rest_client [req-bba39a0b-74f9-48c7-96a6-5a1171a56818 req-bba39a0b-74f9-48c7-96a6-5a1171a56818 ] Request (TenantUsagesTestJSON:setUpClass): 200 GET http://10.180.1.21/compute/v2.1/servers/0ef75e57-83af-4440-890e-95dcdb9920d2 1.614s
2024-10-24 13:38:57.418 62226 INFO tempest.lib.common.rest_client [req-aa81aac7-5193-437a-b04d-856a93574426 req-aa81aac7-5193-437a-b04d-856a93574426 ] Request (ServersAaction247Test:tearDownClass): 200 GET http://10.180.1.21/compute/v2.1/servers/c4d3b145-84be-4d19-afc7-4c29fa193760 1.727s
2024-10-24 13:38:57.435 62208 INFO tempest.lib.common.rest_client [req-fb0c1b0d-6cd6-4a0b-8a9f-16ecbc562671 req-fb0c1b0d-6cd6-4a0b-8a9f-16ecbc562671 ] Request (NetworksTest:tearDownClass): 201 POST http://10.180.1.21/identity/v3/auth/tokens 0.079s
2024-10-24 13:38:57.464 62228 INFO tempest.lib.common.rest_client [req-a7e86bbe-635f-4126-b214-6d185435e631 req-a7e86bbe-635f-4126-b214-6d185435e631 ] Request (ImagesTestJSON:test_create_image_from_suspended_server): 200 GET http://10.180.1.21/compute/v2.1/servers/7c48e5b6-eb5f-4c35-9966-1cfc69182595 1.606s
2024-10-24 13:38:57.509 62270 INFO tempest.lib.common.rest_client [req-83ea9914-67c1-4f84-8eb8-04651b577863 req-83ea9914-67c1-4f84-8eb8-04651b577863 ] Request (KeyPairsNegativeTestJSON:test_create_keypair_when_public_key_bits_exceeds_maximum): 400 POST http://10.180.1.21/compute/v2.1/os-keypairs 1.485s
2024-10-24 13:38:57.532 62212 INFO tempest.lib.common.rest_client [req-72e4eb68-eec8-4750-b90a-177592a2da75 req-72e4eb68-eec8-4750-b90a-177592a2da75 ] Request (InstanceActionsTestJSON:setUpClass): 200 GET http://10.180.1.21/compute/v2.1/servers/77460934-215e-4294-8eb3-a380dfbacddd 1.562s
2024-10-24 13:38:57.588 62264 INFO tempest.lib.common.rest_client [req-225fb5a9-a185-4efc-be50-c762cf0d950b req-225fb5a9-a185-4efc-be50-c762cf0d950b ] Request (ListImageFiltersTestJSON:setUpClass): 200 GET http://10.180.1.21/compute/v2.1/servers/8bacc19d-2626-406a-a3fb-f1069674963c 1.415s
2024-10-24 13:38:57.645 62242 INFO tempest.lib.common.rest_client [req-5c9948d6-3569-47b6-b75e-40eed7135693 req-5c9948d6-3569-47b6-b75e-40eed7135693 ] Request (VolumesAssistedSnapshotsTest:test_volume_assisted_snapshot_create_delete): 200 GET http://10.180.1.21/compute/v2.1/servers/39bc8558-ce7f-41e9-b913-9b628a220ca7 1.368s
2024-10-24 13:38:57.658 62234 INFO tempest.lib.common.rest_client [req-0ccfffa5-6a79-43e0-a418-8efc9ef68312 req-0ccfffa5-6a79-43e0-a418-8efc9ef68312 ] Request (DeleteServersTestJSON:test_delete_active_server): 200 GET http://10.180.1.21/compute/v2.1/servers/90cb79fb-aeb4-4c13-ab80-2787f67ff240 1.458s
2024-10-24 13:38:57.684 62254 INFO tempest.lib.common.rest_client [req-1bee1653-59db-4ee9-aa08-01978f46755e req-1bee1653-59db-4ee9-aa08-01978f46755e ] Request (ServerAddressesTestJSON:setUpClass): 404 GET http://10.180.1.21/compute/v2.1/servers/36c69772-6e47-4c00-a582-b46d233e13a1 1.202s
2024-10-24 13:38:57.684 62254 INFO tempest.test [-] raised in ServerAddressesTestJSON.setUpClass. Invoking tearDownClass.
2024-10-24 13:38:57.704 62240 INFO tempest.lib.common.rest_client [req-c831f731-3a22-47bd-9689-26f995fe94be req-c831f731-3a22-47bd-9689-26f995fe94be ] Request (ServersTestFqdnHostnames:test_create_server_with_fqdn_name): 200 GET http://10.180.1.21/compute/v2.1/servers/0c45c5c0-f8db-4631-ba9a-271d8f9ddff4 1.355s
2024-10-24 13:38:57.810 62236 INFO tempest.lib.common.rest_client [req-c78b12d9-1af0-4d51-a935-19db84e94c18 req-c78b12d9-1af0-4d51-a935-19db84e94c18 ] Request (ServerActionsV293TestJSON:setUpClass): 200 GET http://10.180.1.21/compute/v2.1/servers/293b6863-510c-493e-8c9a-af53ad80fc89 0.647s
2024-10-24 13:38:57.869 62256 INFO tempest.lib.common.rest_client [req-b729ede0-a3bf-4966-aa46-cff37d630564 req-b729ede0-a3bf-4966-aa46-cff37d630564 ] Request (ValidationResourcesFixture:setUp): 200 POST http://10.180.1.21/compute/v2.1/os-keypairs 0.724s
2024-10-24 13:38:57.877 62262 INFO tempest.lib.common.rest_client [req-28ae254d-ce53-42fe-8940-f0ed8762a703 req-28ae254d-ce53-42fe-8940-f0ed8762a703 ] Request (ImagesOneServerTestJSON:setUpClass): 200 GET http://10.180.1.21/compute/v2.1/servers/a6a3b8fe-6911-4d8f-bd3e-8044c47a541b 0.630s
2024-10-24 13:38:57.939 62248 INFO tempest.lib.common.rest_client [req-ae7ef00f-841b-4211-9e54-eea7e57f73fd req-ae7ef00f-841b-4211-9e54-eea7e57f73fd ] Request (MigrationsAdminTest:test_resize_server_revert_deleted_flavor): 200 GET http://10.180.1.21/compute/v2.1/servers/de9fde95-3ad2-414a-b561-fe4ccc1dc9ba 0.591s
2024-10-24 13:38:57.976 62270 INFO tempest.lib.common.rest_client [req-28dec129-5d4b-4d60-abe7-1d60f62519a7 req-28dec129-5d4b-4d60-abe7-1d60f62519a7 ] Request (KeyPairsNegativeTestJSON:test_create_keypair_with_duplicate_name): 200 POST http://10.180.1.21/compute/v2.1/os-keypairs 0.464s
2024-10-24 13:38:57.992 62214 INFO tempest.lib.common.rest_client [req-c8722651-9837-48ac-b722-e3d44eb71de2 req-c8722651-9837-48ac-b722-e3d44eb71de2 ] Request (ServersV294TestFqdnHostnames:setUpClass): 200 GET http://10.180.1.21/compute/v2.1/servers/26f6843a-2548-47e0-9dc9-bc53eda32b60 0.705s
2024-10-24 13:38:58.060 62216 INFO tempest.lib.common.rest_client [req-29181bda-a0df-4c5d-80b2-68bd0eb95e50 req-29181bda-a0df-4c5d-80b2-68bd0eb95e50 ] Request (ImagesNegativeTestJSON:test_create_image_from_deleted_server): 200 GET http://10.180.1.21/compute/v2.1/servers/de9ed575-9e43-4c67-89ed-0549b43fb81a 0.514s
2024-10-24 13:38:58.066 62260 INFO tempest.lib.common.rest_client [req-bdbaf79a-b366-4669-939d-54389e71c4d2 req-bdbaf79a-b366-4669-939d-54389e71c4d2 ] Request (ServerRescueTestJSON:setUpClass): 201 POST http://10.180.1.21:9696/networking/v2.0/routers 3.786s
2024-10-24 13:38:58.128 62224 INFO tempest.lib.common.rest_client [req-99e49b6a-1064-480d-80bb-d2c033cba875 req-99e49b6a-1064-480d-80bb-d2c033cba875 ] Request (ServerDiagnosticsV248Test:tearDownClass): 200 GET http://10.180.1.21/compute/v2.1/servers/8881014c-8505-4e75-8c31-e25b6a8d2cd4 0.491s
2024-10-24 13:38:58.174 62208 INFO tempest.lib.common.rest_client [req-d6107134-7b69-44cd-8726-ee33a07e1367 req-d6107134-7b69-44cd-8726-ee33a07e1367 ] Request (NetworksTest:tearDownClass): 200 GET http://10.180.1.21:9696/networking/v2.0/security-groups?tenant_id=d080b057470649e792609b016346cd99&name=default 0.738s
2024-10-24 13:38:58.192 62252 INFO tempest.lib.common.rest_client [req-fddfd1da-0e95-4f4c-8393-2e9c01650757 req-fddfd1da-0e95-4f4c-8393-2e9c01650757 ] Request (ServersTestJSON:setUpClass): 201 POST http://10.180.1.21:9696/networking/v2.0/routers 3.901s
2024-10-24 13:38:58.257 62246 INFO tempest.lib.common.rest_client [req-09c58090-844b-4cdd-afe9-a57ed720692f req-09c58090-844b-4cdd-afe9-a57ed720692f ] Request (ServersTestMultiNic:test_verify_duplicate_network_nics): 200 GET http://10.180.1.21/compute/v2.1/servers/44ea1800-005c-485f-969d-4bf71d58c284 0.300s
2024-10-24 13:38:58.303 62270 INFO tempest.lib.common.rest_client [req-26ad7c82-5724-4039-87b1-158e3199df8b req-26ad7c82-5724-4039-87b1-158e3199df8b ] Request (KeyPairsNegativeTestJSON:test_create_keypair_with_duplicate_name): 409 POST http://10.180.1.21/compute/v2.1/os-keypairs 0.324s
2024-10-24 13:38:58.321 62256 INFO tempest.lib.common.rest_client [req-300f3a53-956f-4b9d-bb66-8a811d2f92d8 req-300f3a53-956f-4b9d-bb66-8a811d2f92d8 ] Request (ValidationResourcesFixture:setUp): 201 POST http://10.180.1.21:9696/networking/v2.0/security-groups 0.451s
2024-10-24 13:38:58.395 62258 INFO tempest.lib.common.rest_client [req-ac8b1e18-c818-4bd7-94b8-fa9bb7c6d679 req-ac8b1e18-c818-4bd7-94b8-fa9bb7c6d679 ] Request (FloatingIPsAssociationTestJSON:setUpClass): 200 GET http://10.180.1.21/compute/v2.1/servers/fb0aec23-e010-4f9c-8a1d-1b31d17190b8 0.522s
2024-10-24 13:38:58.398 62232 INFO tempest.lib.common.rest_client [req-4900467c-bddc-4db7-9d7f-9ae83d2559d2 req-4900467c-bddc-4db7-9d7f-9ae83d2559d2 ] Request (DeleteServersAdminTestJSON:test_delete_server_while_in_error_state): 200 GET http://10.180.1.21/compute/v2.1/servers/59d2c196-9230-4303-9b99-92211c53cb15 0.358s
2024-10-24 13:38:58.476 62250 INFO tempest.lib.common.rest_client [req-72ec2f51-c81a-4905-b513-3ed40fb8fa15 req-72ec2f51-c81a-4905-b513-3ed40fb8fa15 ] Request (SecurityGroupsTestJSON:test_list_security_groups_by_server): 200 GET http://10.180.1.21/compute/v2.1/servers/65dba389-321c-478d-9555-bcd9c318f6d0 0.298s
2024-10-24 13:38:58.496 62266 INFO tempest.lib.common.rest_client [req-0cfd2756-4681-455a-8a6d-1ed5943526ac req-0cfd2756-4681-455a-8a6d-1ed5943526ac ] Request (ServerGroup264TestJSON:setUpClass): 200 PUT http://10.180.1.21:9696/networking/v2.0/routers/78ccb006-d045-4227-85b9-c68e3186efb5/add_router_interface 4.712s
2024-10-24 13:38:58.496 62266 INFO tempest.lib.common.dynamic_creds [-] Created isolated network resources for: credentials: Credentials: {'domain_id': 'default', 'domain_name': 'Default', 'username': 'tempest-ServerGroup264TestJSON-1578117576-project-member', 'project_domain_id': 'default', 'project_domain_name': 'Default', 'project_id': 'f30dd085de6546a4a6635a01cbcb4cf3', 'project_name': 'tempest-ServerGroup264TestJSON-1578117576', 'tenant_id': 'f30dd085de6546a4a6635a01cbcb4cf3', 'tenant_name': 'tempest-ServerGroup264TestJSON-1578117576', 'user_domain_id': 'default', 'user_domain_name': 'Default', 'user_id': '4ebec37478eb45508b0648ebf10fd93a', 'system': None}, Network: {'id': '666938d5-6854-4df7-9e80-20fa27486c95', 'name': 'tempest-ServerGroup264TestJSON-1175057360-network', 'tenant_id': 'f30dd085de6546a4a6635a01cbcb4cf3', 'admin_state_up': True, 'mtu': 8950, 'status': 'ACTIVE', 'subnets': [], 'shared': False, 'project_id': 'f30dd085de6546a4a6635a01cbcb4cf3', 'port_security_enabled': True, 'router:external': False, 'provider:network_type': 'vlan', 'provider:physical_network': 'default', 'provider:segmentation_id': 626, 'is_default': False, 'availability_zone_hints': [], 'availability_zones': [], 'ipv4_address_scope': None, 'ipv6_address_scope': None, 'description': '', 'tags': [], 'created_at': '2024-10-24T13:38:49Z', 'updated_at': '2024-10-24T13:38:49Z', 'revision_number': 1}, Subnet: {'id': '96d5b105-c09b-4437-b5ca-1aeb66481557', 'name': 'tempest-ServerGroup264TestJSON-1175057360-subnet', 'tenant_id': 'f30dd085de6546a4a6635a01cbcb4cf3', 'network_id': '666938d5-6854-4df7-9e80-20fa27486c95', 'ip_version': 4, 'subnetpool_id': None, 'enable_dhcp': True, 'ipv6_ra_mode': None, 'ipv6_address_mode': None, 'gateway_ip': '192.168.128.1', 'cidr': '192.168.128.0/28', 'allocation_pools': [{'start': '192.168.128.2', 'end': '192.168.128.14'}], 'host_routes': [], 'dns_nameservers': [], 'description': '', 'router:external': False, 'service_types': [], 'tags': [], 'created_at': '2024-10-24T13:38:50Z', 'updated_at': '2024-10-24T13:38:50Z', 'revision_number': 0, 'project_id': 'f30dd085de6546a4a6635a01cbcb4cf3'}, Router: {'id': '78ccb006-d045-4227-85b9-c68e3186efb5', 'name': 'tempest-ServerGroup264TestJSON-1175057360-router', 'tenant_id': 'f30dd085de6546a4a6635a01cbcb4cf3', 'admin_state_up': True, 'status': 'ACTIVE', 'external_gateway_info': {'network_id': '53980b92-a885-46cb-b1c1-1120c0edc268', 'external_fixed_ips': [{'subnet_id': '3e734687-c947-4456-b8f4-bb3e51cb2e5c', 'ip_address': '10.180.180.151'}], 'enable_snat': True}, 'description': '', 'availability_zones': [], 'distributed': False, 'ha': False, 'availability_zone_hints': [], 'routes': [], 'flavor_id': None, 'tags': [], 'created_at': '2024-10-24T13:38:51Z', 'updated_at': '2024-10-24T13:38:52Z', 'revision_number': 2, 'project_id': 'f30dd085de6546a4a6635a01cbcb4cf3'}
2024-10-24 13:38:58.505 62268 INFO tempest.lib.common.rest_client [req-9a0b91d4-b23c-49f5-a394-b6be0a8591a1 req-9a0b91d4-b23c-49f5-a394-b6be0a8591a1 ] Request (VolumesAdminNegativeTest:test_update_attached_volume_with_nonexistent_volume_in_body): 200 GET http://10.180.1.21/compute/v2.1/servers/816de9f9-a8a9-415a-a6c4-57baea86df51 0.393s
2024-10-24 13:38:58.527 62208 INFO tempest.lib.common.rest_client [req-249f294f-a5e1-401e-bf62-4c2c837d0fca req-249f294f-a5e1-401e-bf62-4c2c837d0fca ] Request (NetworksTest:tearDownClass): 204 DELETE http://10.180.1.21:9696/networking/v2.0/security-groups/e28cac41-82e6-4a8a-a0a4-662f3a46d7e3 0.353s
2024-10-24 13:38:58.574 62220 INFO tempest.lib.common.rest_client [req-9c158c09-f80f-4998-a09e-71383bb4ae3c req-9c158c09-f80f-4998-a09e-71383bb4ae3c ] Request (ServerAddressesNegativeTestJSON:setUpClass): 200 GET http://10.180.1.21/compute/v2.1/servers/d6d6e8c7-75d7-4fc5-bbdf-0af629d7d842 0.392s
2024-10-24 13:38:58.632 62266 INFO tempest.lib.common.rest_client [req-5a25cda1-ff6a-4113-bc24-95cbe8f56dfe req-5a25cda1-ff6a-4113-bc24-95cbe8f56dfe ] Request (ServerGroup264TestJSON:setUpClass): 201 POST http://10.180.1.21/identity/v3/auth/tokens 0.130s
2024-10-24 13:38:58.644 62208 INFO tempest.lib.common.rest_client [req-4fbb1212-3d90-4d2a-87df-0efcba1487a0 req-4fbb1212-3d90-4d2a-87df-0efcba1487a0 ] Request (NetworksTest:tearDownClass): 204 DELETE http://10.180.1.21/identity/v3/projects/d080b057470649e792609b016346cd99 0.116s
2024-10-24 13:38:58.644 62208 INFO tempest.lib.common.dynamic_creds [-] Deleting project and security group for project: 297300f58efd401e9c3e86e74d65d8d8
2024-10-24 13:38:58.699 62244 INFO tempest.lib.common.rest_client [req-bf861e30-bb4f-4314-a73e-da63749cb74f req-bf861e30-bb4f-4314-a73e-da63749cb74f ] Request (ServerDiskConfigTestJSON:test_rebuild_server_with_auto_disk_config): 200 GET http://10.180.1.21/compute/v2.1/servers/2933b91a-ab88-4f0f-bd63-3752cdc763de 0.409s
2024-10-24 13:38:58.719 62270 INFO tempest.lib.common.rest_client [req-69b721a0-86ee-473a-b0d6-5e100ce6180a req-69b721a0-86ee-473a-b0d6-5e100ce6180a ] Request (KeyPairsNegativeTestJSON:test_create_keypair_with_duplicate_name): 202 DELETE http://10.180.1.21/compute/v2.1/os-keypairs/tempest-keypair-896062605 0.413s
2024-10-24 13:38:58.784 62230 INFO tempest.lib.common.rest_client [req-4d213094-8ab3-4701-954d-cbb097f7b7e3 req-4d213094-8ab3-4701-954d-cbb097f7b7e3 ] Request (ServerActionsTestJSON:setUpClass): 200 GET http://10.180.1.21/compute/v2.1/servers/e3744562-c9ab-4902-880c-6f0153b8a183 0.539s
2024-10-24 13:38:58.824 62256 INFO tempest.lib.common.rest_client [req-79a60549-8e2c-4049-8bcc-b6c2aea96465 req-79a60549-8e2c-4049-8bcc-b6c2aea96465 ] Request (ValidationResourcesFixture:setUp): 201 POST http://10.180.1.21:9696/networking/v2.0/security-group-rules 0.502s
2024-10-24 13:38:58.826 62222 INFO tempest.lib.common.rest_client [req-99872754-fea6-4eac-8ef4-c6cf3462ebfb req-99872754-fea6-4eac-8ef4-c6cf3462ebfb ] Request (ServersWithSpecificFlavorTestJSON:test_verify_created_server_ephemeral_disk): 200 GET http://10.180.1.21/compute/v2.1/servers/604d33e8-58ab-4c8a-be5f-b7cfe6a9fe4f 0.499s
2024-10-24 13:38:58.839 62218 INFO tempest.lib.common.rest_client [req-f2aafc3c-ae78-4829-a75f-fc34b1aec5c5 req-f2aafc3c-ae78-4829-a75f-fc34b1aec5c5 ] Request (TenantUsagesTestJSON:setUpClass): 200 GET http://10.180.1.21/compute/v2.1/servers/0ef75e57-83af-4440-890e-95dcdb9920d2 0.441s
2024-10-24 13:38:58.872 62226 INFO tempest.lib.common.rest_client [req-0431f901-d868-4473-bcea-a11f1817ca13 req-0431f901-d868-4473-bcea-a11f1817ca13 ] Request (ServersAaction247Test:tearDownClass): 404 GET http://10.180.1.21/compute/v2.1/servers/c4d3b145-84be-4d19-afc7-4c29fa193760 0.441s
2024-10-24 13:38:58.945 62228 INFO tempest.lib.common.rest_client [req-772828a5-38e1-4d9e-a355-a2fd1e29105a req-772828a5-38e1-4d9e-a355-a2fd1e29105a ] Request (ImagesTestJSON:test_create_image_from_suspended_server): 200 GET http://10.180.1.21/compute/v2.1/servers/7c48e5b6-eb5f-4c35-9966-1cfc69182595 0.474s
2024-10-24 13:38:59.063 62264 INFO tempest.lib.common.rest_client [req-3024ad1a-aaa7-42fc-b341-8ddf9f736bc3 req-3024ad1a-aaa7-42fc-b341-8ddf9f736bc3 ] Request (ListImageFiltersTestJSON:setUpClass): 200 GET http://10.180.1.21/compute/v2.1/servers/8bacc19d-2626-406a-a3fb-f1069674963c 0.465s
2024-10-24 13:38:59.124 62226 INFO tempest.lib.common.rest_client [req-124fa132-9c7f-4118-ac96-9223e46613cd req-124fa132-9c7f-4118-ac96-9223e46613cd ] Request (ServersAaction247Test:tearDownClass): 204 DELETE http://10.180.1.21/identity/v3/users/ffbe0a23561348e3a069376e3cc5bbb0 0.251s
2024-10-24 13:38:59.124 62226 INFO tempest.lib.common.dynamic_creds [-] Deleting project and security group for project: 8a7a27d780ba4fa0ad2f227d7648104a
2024-10-24 13:38:59.185 62238 INFO tempest.lib.common.rest_client [req-72555aed-3c0e-44a0-8dfb-4a951f7a83b7 req-72555aed-3c0e-44a0-8dfb-4a951f7a83b7 ] Request (AttachInterfacesUnderV243Test:setUpClass): 200 PUT http://10.180.1.21:9696/networking/v2.0/routers/de5adc13-5e89-438a-b3be-1e82f86046e5/add_router_interface 2.326s
2024-10-24 13:38:59.185 62238 INFO tempest.lib.common.dynamic_creds [-] Created isolated network resources for: credentials: Credentials: {'domain_id': 'default', 'domain_name': 'Default', 'username': 'tempest-AttachInterfacesUnderV243Test-308532418-project-member', 'project_domain_id': 'default', 'project_domain_name': 'Default', 'project_id': '6006519fd046405c950b4f3e9c8f8103', 'project_name': 'tempest-AttachInterfacesUnderV243Test-308532418', 'tenant_id': '6006519fd046405c950b4f3e9c8f8103', 'tenant_name': 'tempest-AttachInterfacesUnderV243Test-308532418', 'user_domain_id': 'default', 'user_domain_name': 'Default', 'user_id': 'd86a91a5e0a94fb38ebfe674de51d9fd', 'system': None}, Network: {'id': '4c05a657-e1ab-4365-bc31-c9be923cd321', 'name': 'tempest-AttachInterfacesUnderV243Test-252553296-network', 'tenant_id': '6006519fd046405c950b4f3e9c8f8103', 'admin_state_up': True, 'mtu': 8950, 'status': 'ACTIVE', 'subnets': [], 'shared': False, 'project_id': '6006519fd046405c950b4f3e9c8f8103', 'port_security_enabled': True, 'router:external': False, 'provider:network_type': 'vlan', 'provider:physical_network': 'default', 'provider:segmentation_id': 420, 'is_default': False, 'availability_zone_hints': [], 'availability_zones': [], 'ipv4_address_scope': None, 'ipv6_address_scope': None, 'description': '', 'tags': [], 'created_at': '2024-10-24T13:38:53Z', 'updated_at': '2024-10-24T13:38:53Z', 'revision_number': 1}, Subnet: {'id': 'fa7549c1-fc77-485c-ae24-c98629e8ae87', 'name': 'tempest-AttachInterfacesUnderV243Test-252553296-subnet', 'tenant_id': '6006519fd046405c950b4f3e9c8f8103', 'network_id': '4c05a657-e1ab-4365-bc31-c9be923cd321', 'ip_version': 4, 'subnetpool_id': None, 'enable_dhcp': True, 'ipv6_ra_mode': None, 'ipv6_address_mode': None, 'gateway_ip': '192.168.128.1', 'cidr': '192.168.128.0/28', 'allocation_pools': [{'start': '192.168.128.2', 'end': '192.168.128.14'}], 'host_routes': [], 'dns_nameservers': [], 'description': '', 'router:external': False, 'service_types': [], 'tags': [], 'created_at': '2024-10-24T13:38:54Z', 'updated_at': '2024-10-24T13:38:54Z', 'revision_number': 0, 'project_id': '6006519fd046405c950b4f3e9c8f8103'}, Router: {'id': 'de5adc13-5e89-438a-b3be-1e82f86046e5', 'name': 'tempest-AttachInterfacesUnderV243Test-252553296-router', 'tenant_id': '6006519fd046405c950b4f3e9c8f8103', 'admin_state_up': True, 'status': 'ACTIVE', 'external_gateway_info': {'network_id': '53980b92-a885-46cb-b1c1-1120c0edc268', 'external_fixed_ips': [{'subnet_id': '3e734687-c947-4456-b8f4-bb3e51cb2e5c', 'ip_address': '10.180.180.238'}], 'enable_snat': True}, 'description': '', 'availability_zones': [], 'distributed': False, 'ha': False, 'availability_zone_hints': [], 'routes': [], 'flavor_id': None, 'tags': [], 'created_at': '2024-10-24T13:38:55Z', 'updated_at': '2024-10-24T13:38:56Z', 'revision_number': 2, 'project_id': '6006519fd046405c950b4f3e9c8f8103'}
2024-10-24 13:38:59.188 62212 INFO tempest.lib.common.rest_client [req-32814379-0634-43ce-b9a7-f77226d6cd14 req-32814379-0634-43ce-b9a7-f77226d6cd14 ] Request (InstanceActionsTestJSON:setUpClass): 200 GET http://10.180.1.21/compute/v2.1/servers/77460934-215e-4294-8eb3-a380dfbacddd 0.642s
2024-10-24 13:38:59.219 62226 INFO tempest.lib.common.rest_client [req-f194f9b5-06c4-49b4-916a-fffe8208fd72 req-f194f9b5-06c4-49b4-916a-fffe8208fd72 ] Request (ServersAaction247Test:tearDownClass): 201 POST http://10.180.1.21/identity/v3/auth/tokens 0.095s
2024-10-24 13:38:59.305 62238 INFO tempest.lib.common.rest_client [req-df758990-4a51-4afc-94de-25c4b736c915 req-df758990-4a51-4afc-94de-25c4b736c915 ] Request (AttachInterfacesUnderV243Test:setUpClass): 201 POST http://10.180.1.21/identity/v3/auth/tokens 0.116s
2024-10-24 13:38:59.325 62266 INFO tempest.lib.common.rest_client [req-857b867d-fb7a-4c06-8966-a7dc886bd95a req-857b867d-fb7a-4c06-8966-a7dc886bd95a ] Request (ServerGroup264TestJSON:test_create_get_server_group): 200 POST http://10.180.1.21/compute/v2.1/os-server-groups 0.689s
2024-10-24 13:38:59.334 62242 INFO tempest.lib.common.rest_client [req-86001f89-153e-46a4-bca8-ceb820a22bf0 req-86001f89-153e-46a4-bca8-ceb820a22bf0 ] Request (VolumesAssistedSnapshotsTest:test_volume_assisted_snapshot_create_delete): 200 GET http://10.180.1.21/compute/v2.1/servers/39bc8558-ce7f-41e9-b913-9b628a220ca7 0.681s
2024-10-24 13:38:59.351 62208 INFO tempest.lib.common.rest_client [req-07bd2aec-dc4b-4487-ae2a-fe046d631a60 req-07bd2aec-dc4b-4487-ae2a-fe046d631a60 ] Request (NetworksTest:tearDownClass): 200 GET http://10.180.1.21:9696/networking/v2.0/security-groups?tenant_id=297300f58efd401e9c3e86e74d65d8d8&name=default 0.706s
2024-10-24 13:38:59.427 62240 INFO tempest.lib.common.rest_client [req-21d1b4ec-ecff-496d-a51d-fd7bb5ac36da req-21d1b4ec-ecff-496d-a51d-fd7bb5ac36da ] Request (ServersTestFqdnHostnames:test_create_server_with_fqdn_name): 200 GET http://10.180.1.21/compute/v2.1/servers/0c45c5c0-f8db-4631-ba9a-271d8f9ddff4 0.714s
2024-10-24 13:38:59.430 62234 INFO tempest.lib.common.rest_client [req-699c7f7a-5c0e-495a-a40c-1840cfb6d64b req-699c7f7a-5c0e-495a-a40c-1840cfb6d64b ] Request (DeleteServersTestJSON:test_delete_active_server): 200 GET http://10.180.1.21/compute/v2.1/servers/90cb79fb-aeb4-4c13-ab80-2787f67ff240 0.762s
2024-10-24 13:38:59.433 62270 INFO tempest.lib.common.rest_client [req-fde7fdd6-2c99-40c6-bca4-0856b89b1821 req-fde7fdd6-2c99-40c6-bca4-0856b89b1821 ] Request (KeyPairsNegativeTestJSON:test_create_keypair_with_empty_name_string): 400 POST http://10.180.1.21/compute/v2.1/os-keypairs 0.712s
2024-10-24 13:38:59.447 62256 INFO tempest.lib.common.rest_client [req-398906e7-49ff-460d-85ce-587e8a1eaadf req-398906e7-49ff-460d-85ce-587e8a1eaadf ] Request (ValidationResourcesFixture:setUp): 201 POST http://10.180.1.21:9696/networking/v2.0/security-group-rules 0.622s
2024-10-24 13:38:59.508 62262 INFO tempest.lib.common.rest_client [req-d11c8bde-ab10-458f-ae08-acae86bedae8 req-d11c8bde-ab10-458f-ae08-acae86bedae8 ] Request (ImagesOneServerTestJSON:setUpClass): 200 GET http://10.180.1.21/compute/v2.1/servers/a6a3b8fe-6911-4d8f-bd3e-8044c47a541b 0.618s
2024-10-24 13:38:59.549 62236 INFO tempest.lib.common.rest_client [req-c1770798-800f-45eb-935c-7b4af7f8d5a8 req-c1770798-800f-45eb-935c-7b4af7f8d5a8 ] Request (ServerActionsV293TestJSON:setUpClass): 200 GET http://10.180.1.21/compute/v2.1/servers/293b6863-510c-493e-8c9a-af53ad80fc89 0.726s
2024-10-24 13:38:59.584 62248 INFO tempest.lib.common.rest_client [req-c2ab75bc-703d-4481-af81-bbc3fdd43014 req-c2ab75bc-703d-4481-af81-bbc3fdd43014 ] Request (MigrationsAdminTest:test_resize_server_revert_deleted_flavor): 200 GET http://10.180.1.21/compute/v2.1/servers/de9fde95-3ad2-414a-b561-fe4ccc1dc9ba 0.634s
2024-10-24 13:38:59.653 62214 INFO tempest.lib.common.rest_client [req-93be3929-494b-4630-9724-4b72535fe74c req-93be3929-494b-4630-9724-4b72535fe74c ] Request (ServersV294TestFqdnHostnames:setUpClass): 200 GET http://10.180.1.21/compute/v2.1/servers/26f6843a-2548-47e0-9dc9-bc53eda32b60 0.648s
2024-10-24 13:38:59.662 62216 INFO tempest.lib.common.rest_client [req-4b7eda6c-dde6-43ae-8e99-d5c0a876b65a req-4b7eda6c-dde6-43ae-8e99-d5c0a876b65a ] Request (ImagesNegativeTestJSON:test_create_image_from_deleted_server): 200 GET http://10.180.1.21/compute/v2.1/servers/de9ed575-9e43-4c67-89ed-0549b43fb81a 0.592s
2024-10-24 13:38:59.739 62246 INFO tempest.lib.common.rest_client [req-4bcae707-d267-471c-ba3e-b143c2dbd5ef req-4bcae707-d267-471c-ba3e-b143c2dbd5ef ] Request (ServersTestMultiNic:test_verify_duplicate_network_nics): 200 GET http://10.180.1.21/compute/v2.1/servers/44ea1800-005c-485f-969d-4bf71d58c284 0.472s
2024-10-24 13:38:59.760 62226 INFO tempest.lib.common.rest_client [req-2a441830-8b33-4a4c-97c0-1379d40622ad req-2a441830-8b33-4a4c-97c0-1379d40622ad ] Request (ServersAaction247Test:tearDownClass): 200 GET http://10.180.1.21:9696/networking/v2.0/security-groups?tenant_id=8a7a27d780ba4fa0ad2f227d7648104a&name=default 0.540s
2024-10-24 13:38:59.780 62224 INFO tempest.lib.common.rest_client [req-524acfb6-40a7-4495-8f27-64c612ab17dd req-524acfb6-40a7-4495-8f27-64c612ab17dd ] Request (ServerDiagnosticsV248Test:tearDownClass): 200 GET http://10.180.1.21/compute/v2.1/servers/8881014c-8505-4e75-8c31-e25b6a8d2cd4 0.638s
2024-10-24 13:38:59.798 62266 INFO tempest.lib.common.rest_client [req-ad5331cc-7188-4320-8bb8-d589cf4c5683 req-ad5331cc-7188-4320-8bb8-d589cf4c5683 ] Request (ServerGroup264TestJSON:test_create_get_server_group): 200 GET http://10.180.1.21/compute/v2.1/os-server-groups 0.471s
2024-10-24 13:38:59.799 62208 INFO tempest.lib.common.rest_client [req-b5f629bb-5c4b-4be7-b3f8-3b2ab81fccb1 req-b5f629bb-5c4b-4be7-b3f8-3b2ab81fccb1 ] Request (NetworksTest:tearDownClass): 204 DELETE http://10.180.1.21:9696/networking/v2.0/security-groups/127b98b2-449b-4c72-ac8b-0f3bfd665d30 0.448s
2024-10-24 13:38:59.847 62238 INFO tempest.lib.common.rest_client [req-fe04566c-8a81-456b-9768-187cd467a686 req-fe04566c-8a81-456b-9768-187cd467a686 ] Request (ValidationResourcesFixture:setUp): 200 POST http://10.180.1.21/compute/v2.1/os-keypairs 0.539s
2024-10-24 13:38:59.911 62208 INFO tempest.lib.common.rest_client [req-c4618ade-de7b-4e47-b5ad-313a80e0f000 req-c4618ade-de7b-4e47-b5ad-313a80e0f000 ] Request (NetworksTest:tearDownClass): 204 DELETE http://10.180.1.21/identity/v3/projects/297300f58efd401e9c3e86e74d65d8d8 0.111s
2024-10-24 13:38:59.936 62232 INFO tempest.lib.common.rest_client [req-d36e86f8-1035-4133-8789-bd4f11f30817 req-d36e86f8-1035-4133-8789-bd4f11f30817 ] Request (DeleteServersAdminTestJSON:test_delete_server_while_in_error_state): 200 GET http://10.180.1.21/compute/v2.1/servers/59d2c196-9230-4303-9b99-92211c53cb15 0.529s
2024-10-24 13:38:59.987 62270 INFO tempest.lib.common.rest_client [req-f4e5aa2b-8fa2-4305-931f-babd6aa0728d req-f4e5aa2b-8fa2-4305-931f-babd6aa0728d ] Request (KeyPairsNegativeTestJSON:test_create_keypair_with_empty_public_key): 400 POST http://10.180.1.21/compute/v2.1/os-keypairs 0.553s
2024-10-24 13:39:00.004 62208 INFO tempest.lib.common.rest_client [req-267684a6-3a68-491b-be5d-837df9cc8c0d req-267684a6-3a68-491b-be5d-837df9cc8c0d ] Request (ServerDiagnosticsTest:setUpClass): 201 POST http://10.180.1.21/identity/v3/auth/tokens 0.088s
2024-10-24 13:39:00.051 62208 INFO tempest.lib.common.rest_client [req-7332eac5-de0a-4a9e-b366-dffa0df69d02 req-7332eac5-de0a-4a9e-b366-dffa0df69d02 ] Request (ServerDiagnosticsTest:setUpClass): 201 POST http://10.180.1.21/identity/v3/auth/tokens 0.044s
2024-10-24 13:39:00.075 62226 INFO tempest.lib.common.rest_client [req-747d7a02-f7b1-4d73-a533-9e0ba23c06e4 req-747d7a02-f7b1-4d73-a533-9e0ba23c06e4 ] Request (ServersAaction247Test:tearDownClass): 204 DELETE http://10.180.1.21:9696/networking/v2.0/security-groups/24e2f5dd-84c7-471f-a0b9-fa25bae22200 0.315s
2024-10-24 13:39:00.083 62208 INFO tempest.lib.common.rest_client [req-f9695789-23b0-4e2c-98aa-59b80540fadc req-f9695789-23b0-4e2c-98aa-59b80540fadc ] Request (ServerDiagnosticsTest:setUpClass): 200 GET http://10.180.1.21/identity/v3/domains?name=Default 0.028s
2024-10-24 13:39:00.101 62250 INFO tempest.lib.common.rest_client [req-ab2a2467-da63-4075-9013-71aa1ef1ac5f req-ab2a2467-da63-4075-9013-71aa1ef1ac5f ] Request (SecurityGroupsTestJSON:test_list_security_groups_by_server): 200 GET http://10.180.1.21/compute/v2.1/servers/65dba389-321c-478d-9555-bcd9c318f6d0 0.615s
2024-10-24 13:39:00.142 62208 INFO tempest.lib.common.rest_client [req-1b818324-86d5-4029-9d37-66120a294b08 req-1b818324-86d5-4029-9d37-66120a294b08 ] Request (ServerDiagnosticsTest:setUpClass): 201 POST http://10.180.1.21/identity/v3/projects 0.058s
2024-10-24 13:39:00.153 62226 INFO tempest.lib.common.rest_client [req-7fd1021a-20c8-4118-adc1-5e19285d525e req-7fd1021a-20c8-4118-adc1-5e19285d525e ] Request (ServersAaction247Test:tearDownClass): 204 DELETE http://10.180.1.21/identity/v3/projects/8a7a27d780ba4fa0ad2f227d7648104a 0.077s
2024-10-24 13:39:00.153 62226 INFO tempest.test [-] raised in ServerPersonalityTestJSON.setUpClass. Invoking tearDownClass.
2024-10-24 13:39:00.160 62258 INFO tempest.lib.common.rest_client [req-60eb5138-f540-46f2-8262-4150fd247e6a req-60eb5138-f540-46f2-8262-4150fd247e6a ] Request (FloatingIPsAssociationTestJSON:setUpClass): 200 GET http://10.180.1.21/compute/v2.1/servers/fb0aec23-e010-4f9c-8a1d-1b31d17190b8 0.757s
2024-10-24 13:39:00.224 62268 INFO tempest.lib.common.rest_client [req-6257c949-2544-4bdd-bfb3-a56af9fa586c req-6257c949-2544-4bdd-bfb3-a56af9fa586c ] Request (VolumesAdminNegativeTest:test_update_attached_volume_with_nonexistent_volume_in_body): 200 GET http://10.180.1.21/compute/v2.1/servers/816de9f9-a8a9-415a-a6c4-57baea86df51 0.707s
2024-10-24 13:39:00.225 62226 INFO tempest.lib.common.rest_client [req-ef661466-aafb-4387-b79c-b9237d2a1b48 req-ef661466-aafb-4387-b79c-b9237d2a1b48 ] Request (ServerShowV263Test:setUpClass): 201 POST http://10.180.1.21/identity/v3/auth/tokens 0.070s
2024-10-24 13:39:00.235 62208 INFO tempest.lib.common.rest_client [req-a0f94a30-da8a-4e5a-8d98-aefcd7272f2f req-a0f94a30-da8a-4e5a-8d98-aefcd7272f2f ] Request (ServerDiagnosticsTest:setUpClass): 201 POST http://10.180.1.21/identity/v3/users 0.093s
2024-10-24 13:39:00.252 62220 INFO tempest.lib.common.rest_client [req-4b2107fc-6f98-4b73-ac2a-f89a76287431 req-4b2107fc-6f98-4b73-ac2a-f89a76287431 ] Request (ServerAddressesNegativeTestJSON:setUpClass): 200 GET http://10.180.1.21/compute/v2.1/servers/d6d6e8c7-75d7-4fc5-bbdf-0af629d7d842 0.668s
2024-10-24 13:39:00.262 62226 INFO tempest.lib.common.rest_client [req-fdd6a681-be8b-4c30-9732-33f36fdcaae4 req-fdd6a681-be8b-4c30-9732-33f36fdcaae4 ] Request (ServerShowV263Test:setUpClass): 201 POST http://10.180.1.21/identity/v3/auth/tokens 0.033s
2024-10-24 13:39:00.274 62208 INFO tempest.lib.common.rest_client [req-4e0c41d8-55a9-4b6b-9d6e-2966cf9b6e16 req-4e0c41d8-55a9-4b6b-9d6e-2966cf9b6e16 ] Request (ServerDiagnosticsTest:setUpClass): 200 GET http://10.180.1.21/identity/v3/roles 0.037s
2024-10-24 13:39:00.289 62226 INFO tempest.lib.common.rest_client [req-628b460d-9843-4b0c-82da-9c39aa0feda8 req-628b460d-9843-4b0c-82da-9c39aa0feda8 ] Request (ServerShowV263Test:setUpClass): 200 GET http://10.180.1.21/identity/v3/domains?name=Default 0.026s
2024-10-24 13:39:00.306 62208 INFO tempest.lib.common.rest_client [req-fbf8f2ca-d139-48f4-ac8f-0d55cbbdb4a4 req-fbf8f2ca-d139-48f4-ac8f-0d55cbbdb4a4 ] Request (ServerDiagnosticsTest:setUpClass): 204 PUT http://10.180.1.21/identity/v3/projects/732e517792c540a5b5a650b04d48dc92/users/ad459b8ec61148669f461418de36f12c/roles/f47e6d4906d64694b008b14a36235c44 0.032s
2024-10-24 13:39:00.307 62208 INFO tempest.lib.common.dynamic_creds [-] Dynamic test user ad459b8ec61148669f461418de36f12c is created with scope project and roles: ['member']
2024-10-24 13:39:00.307 62208 INFO tempest.lib.common.dynamic_creds [-] Acquired dynamic creds: credentials: Credentials: {'domain_id': 'default', 'domain_name': 'Default', 'username': 'tempest-ServerDiagnosticsTest-1487417783-project-member', 'project_domain_id': 'default', 'project_domain_name': 'Default', 'project_id': '732e517792c540a5b5a650b04d48dc92', 'project_name': 'tempest-ServerDiagnosticsTest-1487417783', 'tenant_id': '732e517792c540a5b5a650b04d48dc92', 'tenant_name': 'tempest-ServerDiagnosticsTest-1487417783', 'user_domain_id': 'default', 'user_domain_name': 'Default', 'user_id': 'ad459b8ec61148669f461418de36f12c', 'system': None}, Network: None, Subnet: None, Router: None
2024-10-24 13:39:00.307 62208 INFO tempest.lib.common.dynamic_creds [-] Created isolated network resources for: credentials: Credentials: {'domain_id': 'default', 'domain_name': 'Default', 'username': 'tempest-ServerDiagnosticsTest-1487417783-project-member', 'project_domain_id': 'default', 'project_domain_name': 'Default', 'project_id': '732e517792c540a5b5a650b04d48dc92', 'project_name': 'tempest-ServerDiagnosticsTest-1487417783', 'tenant_id': '732e517792c540a5b5a650b04d48dc92', 'tenant_name': 'tempest-ServerDiagnosticsTest-1487417783', 'user_domain_id': 'default', 'user_domain_name': 'Default', 'user_id': 'ad459b8ec61148669f461418de36f12c', 'system': None}, Network: None, Subnet: None, Router: None
2024-10-24 13:39:00.323 62244 INFO tempest.lib.common.rest_client [req-12dd2958-fbbc-4348-aa83-1dbe44f9f32c req-12dd2958-fbbc-4348-aa83-1dbe44f9f32c ] Request (ServerDiskConfigTestJSON:test_rebuild_server_with_auto_disk_config): 200 GET http://10.180.1.21/compute/v2.1/servers/2933b91a-ab88-4f0f-bd63-3752cdc763de 0.612s
2024-10-24 13:39:00.350 62266 INFO tempest.lib.common.rest_client [req-547174b5-ddae-4c5f-a648-91adfe76089b req-547174b5-ddae-4c5f-a648-91adfe76089b ] Request (ServerGroup264TestJSON:test_create_get_server_group): 200 GET http://10.180.1.21/compute/v2.1/os-server-groups/17089e3b-f172-47fb-954c-8df396d4f448 0.550s
2024-10-24 13:39:00.360 62226 INFO tempest.lib.common.rest_client [req-b480112c-20ac-4710-9ba4-11a0082c6d43 req-b480112c-20ac-4710-9ba4-11a0082c6d43 ] Request (ServerShowV263Test:setUpClass): 201 POST http://10.180.1.21/identity/v3/projects 0.069s
2024-10-24 13:39:00.390 62208 INFO tempest.lib.common.rest_client [req-2cd727f0-7ad2-4fa2-a6f2-ad2f9b640687 req-2cd727f0-7ad2-4fa2-a6f2-ad2f9b640687 ] Request (ServerDiagnosticsTest:setUpClass): 201 POST http://10.180.1.21/identity/v3/auth/tokens 0.078s
2024-10-24 13:39:00.398 62230 INFO tempest.lib.common.rest_client [req-f986b726-74f1-4193-a40c-ec06adf253da req-f986b726-74f1-4193-a40c-ec06adf253da ] Request (ServerActionsTestJSON:setUpClass): 200 GET http://10.180.1.21/compute/v2.1/servers/e3744562-c9ab-4902-880c-6f0153b8a183 0.605s
2024-10-24 13:39:00.406 62230 INFO tempest.common.waiters [-] State transition "BUILD/spawning" ==> "ERROR/None" after 48 second wait
2024-10-24 13:39:00.413 62238 INFO tempest.lib.common.rest_client [req-2d253633-3828-4aa6-b20f-4b77d33d5854 req-2d253633-3828-4aa6-b20f-4b77d33d5854 ] Request (ValidationResourcesFixture:setUp): 201 POST http://10.180.1.21:9696/networking/v2.0/security-groups 0.564s
2024-10-24 13:39:00.425 62226 INFO tempest.lib.common.rest_client [req-24a47260-4761-4b06-8f25-fd8f57824491 req-24a47260-4761-4b06-8f25-fd8f57824491 ] Request (ServerShowV263Test:setUpClass): 201 POST http://10.180.1.21/identity/v3/users 0.064s
2024-10-24 13:39:00.440 62222 INFO tempest.lib.common.rest_client [req-de5d225f-496e-410e-9529-c0cb1251ad2c req-de5d225f-496e-410e-9529-c0cb1251ad2c ] Request (ServersWithSpecificFlavorTestJSON:test_verify_created_server_ephemeral_disk): 200 GET http://10.180.1.21/compute/v2.1/servers/604d33e8-58ab-4c8a-be5f-b7cfe6a9fe4f 0.601s
2024-10-24 13:39:00.447 62226 INFO tempest.lib.common.rest_client [req-bd7eec18-0ebc-4565-9f5f-4da87a4cf0bf req-bd7eec18-0ebc-4565-9f5f-4da87a4cf0bf ] Request (ServerShowV263Test:setUpClass): 200 GET http://10.180.1.21/identity/v3/roles 0.022s
2024-10-24 13:39:00.447 62208 INFO tempest.lib.common.rest_client [req-152a3a4f-be75-4083-acd1-bbc5a98e18cd req-152a3a4f-be75-4083-acd1-bbc5a98e18cd ] Request (ServerDiagnosticsTest:setUpClass): 201 POST http://10.180.1.21/identity/v3/projects 0.057s
2024-10-24 13:39:00.477 62218 INFO tempest.lib.common.rest_client [req-ac09faa1-cffa-41ba-9a70-15ea24b101dc req-ac09faa1-cffa-41ba-9a70-15ea24b101dc ] Request (TenantUsagesTestJSON:setUpClass): 200 GET http://10.180.1.21/compute/v2.1/servers/0ef75e57-83af-4440-890e-95dcdb9920d2 0.626s
2024-10-24 13:39:00.480 62270 INFO tempest.lib.common.rest_client [req-7a36dabb-a26f-4a16-8d79-efdbf1aed4a2 req-7a36dabb-a26f-4a16-8d79-efdbf1aed4a2 ] Request (KeyPairsNegativeTestJSON:test_create_keypair_with_long_keynames): 400 POST http://10.180.1.21/compute/v2.1/os-keypairs 0.491s
2024-10-24 13:39:00.509 62226 INFO tempest.lib.common.rest_client [req-8f7281cc-8f55-4ec9-902e-f21f259593c7 req-8f7281cc-8f55-4ec9-902e-f21f259593c7 ] Request (ServerShowV263Test:setUpClass): 204 PUT http://10.180.1.21/identity/v3/projects/2cc38729f1ce4de8a23117ae453a4da2/users/bb90326acb494b5b9c23200362414dab/roles/f47e6d4906d64694b008b14a36235c44 0.060s
2024-10-24 13:39:00.509 62226 INFO tempest.lib.common.dynamic_creds [-] Dynamic test user bb90326acb494b5b9c23200362414dab is created with scope project and roles: ['member']
2024-10-24 13:39:00.509 62226 INFO tempest.lib.common.dynamic_creds [-] Acquired dynamic creds: credentials: Credentials: {'domain_id': 'default', 'domain_name': 'Default', 'username': 'tempest-ServerShowV263Test-1593023157-project-member', 'project_domain_id': 'default', 'project_domain_name': 'Default', 'project_id': '2cc38729f1ce4de8a23117ae453a4da2', 'project_name': 'tempest-ServerShowV263Test-1593023157', 'tenant_id': '2cc38729f1ce4de8a23117ae453a4da2', 'tenant_name': 'tempest-ServerShowV263Test-1593023157', 'user_domain_id': 'default', 'user_domain_name': 'Default', 'user_id': 'bb90326acb494b5b9c23200362414dab', 'system': None}, Network: None, Subnet: None, Router: None
2024-10-24 13:39:00.509 62226 INFO tempest.lib.common.dynamic_creds [-] Created isolated network resources for: credentials: Credentials: {'domain_id': 'default', 'domain_name': 'Default', 'username': 'tempest-ServerShowV263Test-1593023157-project-member', 'project_domain_id': 'default', 'project_domain_name': 'Default', 'project_id': '2cc38729f1ce4de8a23117ae453a4da2', 'project_name': 'tempest-ServerShowV263Test-1593023157', 'tenant_id': '2cc38729f1ce4de8a23117ae453a4da2', 'tenant_name': 'tempest-ServerShowV263Test-1593023157', 'user_domain_id': 'default', 'user_domain_name': 'Default', 'user_id': 'bb90326acb494b5b9c23200362414dab', 'system': None}, Network: None, Subnet: None, Router: None
2024-10-24 13:39:00.514 62208 INFO tempest.lib.common.rest_client [req-3c42510f-58aa-470a-936d-979bf56eff94 req-3c42510f-58aa-470a-936d-979bf56eff94 ] Request (ServerDiagnosticsTest:setUpClass): 201 POST http://10.180.1.21/identity/v3/users 0.066s
2024-10-24 13:39:00.527 62228 INFO tempest.lib.common.rest_client [req-65ec531f-405a-4e14-98ba-6c3cdac8b9ba req-65ec531f-405a-4e14-98ba-6c3cdac8b9ba ] Request (ImagesTestJSON:test_create_image_from_suspended_server): 200 GET http://10.180.1.21/compute/v2.1/servers/7c48e5b6-eb5f-4c35-9966-1cfc69182595 0.568s
2024-10-24 13:39:00.550 62264 INFO tempest.lib.common.rest_client [req-206b9f91-5523-4107-8ce8-90b574a1988d req-206b9f91-5523-4107-8ce8-90b574a1988d ] Request (ListImageFiltersTestJSON:setUpClass): 200 GET http://10.180.1.21/compute/v2.1/servers/8bacc19d-2626-406a-a3fb-f1069674963c 0.479s
2024-10-24 13:39:00.556 62254 INFO tempest.lib.common.rest_client [req-e9466795-584d-4bda-bfe4-2f0ea5e96571 req-e9466795-584d-4bda-bfe4-2f0ea5e96571 ] Request (ServerAddressesTestJSON:tearDownClass): 200 PUT http://10.180.1.21:9696/networking/v2.0/routers/81676b84-3762-442b-8878-e59a98b0e8f9/remove_router_interface 2.871s
2024-10-24 13:39:00.567 62208 INFO tempest.lib.common.rest_client [req-c49a7578-1905-4803-b349-4123b3d3f6f4 req-c49a7578-1905-4803-b349-4123b3d3f6f4 ] Request (ServerDiagnosticsTest:setUpClass): 200 GET http://10.180.1.21/identity/v3/roles 0.053s
2024-10-24 13:39:00.595 62256 INFO tempest.lib.common.rest_client [req-b0fede23-ba3b-4825-8b91-3d5e18cb3921 req-b0fede23-ba3b-4825-8b91-3d5e18cb3921 ] Request (ValidationResourcesFixture:setUp): 201 POST http://10.180.1.21:9696/networking/v2.0/floatingips 1.148s
2024-10-24 13:39:00.596 62208 INFO tempest.lib.common.rest_client [req-96d47955-c571-4959-9d07-a788c27ab344 req-96d47955-c571-4959-9d07-a788c27ab344 ] Request (ServerDiagnosticsTest:setUpClass): 204 PUT http://10.180.1.21/identity/v3/projects/3b5fb25d422843ecac8c346b34a9395b/users/21532d28662c4d92afeb7f90b76e0dec/roles/66591f6bec5c45f3b71543df568196e0 0.028s
2024-10-24 13:39:00.597 62226 INFO tempest.lib.common.rest_client [req-a10fa248-297d-4fed-8822-6667c2a1cd11 req-a10fa248-297d-4fed-8822-6667c2a1cd11 ] Request (ServerShowV263Test:setUpClass): 201 POST http://10.180.1.21/identity/v3/auth/tokens 0.084s
2024-10-24 13:39:00.607 62212 INFO tempest.lib.common.rest_client [req-c954bea5-4ae7-4d1d-8a48-d0978a3b1cb1 req-c954bea5-4ae7-4d1d-8a48-d0978a3b1cb1 ] Request (InstanceActionsTestJSON:setUpClass): 200 GET http://10.180.1.21/compute/v2.1/servers/77460934-215e-4294-8eb3-a380dfbacddd 0.406s
2024-10-24 13:39:00.636 62242 INFO tempest.lib.common.rest_client [req-2ba30865-2aef-4348-9032-692606e1f5d9 req-2ba30865-2aef-4348-9032-692606e1f5d9 ] Request (VolumesAssistedSnapshotsTest:test_volume_assisted_snapshot_create_delete): 200 GET http://10.180.1.21/compute/v2.1/servers/39bc8558-ce7f-41e9-b913-9b628a220ca7 0.294s
2024-10-24 13:39:00.644 62266 INFO tempest.lib.common.rest_client [req-d8a1b824-0bd1-476a-bd62-7a591a398777 req-d8a1b824-0bd1-476a-bd62-7a591a398777 ] Request (ServerGroup264TestJSON:_run_cleanups): 204 DELETE http://10.180.1.21/compute/v2.1/os-server-groups/17089e3b-f172-47fb-954c-8df396d4f448 0.293s
2024-10-24 13:39:00.665 62226 INFO tempest.lib.common.rest_client [req-b18f62ca-3fa1-4b00-ac5c-6a9a2848bcd2 req-b18f62ca-3fa1-4b00-ac5c-6a9a2848bcd2 ] Request (ServerShowV263Test:setUpClass): 200 GET http://10.180.1.21/identity/v3/projects/2cc38729f1ce4de8a23117ae453a4da2 0.068s
2024-10-24 13:39:00.666 62226 INFO tempest.lib.common.dynamic_creds [-] Using the existing project 2cc38729f1ce4de8a23117ae453a4da2 for scope project and roles: ['reader']
2024-10-24 13:39:00.672 62208 INFO tempest.lib.common.rest_client [req-162a7738-3686-432c-9551-40f96af8f5ff req-162a7738-3686-432c-9551-40f96af8f5ff ] Request (ServerDiagnosticsTest:setUpClass): 200 GET http://10.180.1.21/identity/v3/roles 0.075s
2024-10-24 13:39:00.700 62226 INFO tempest.lib.common.rest_client [req-54a3553f-cf57-4fdb-9efe-0122a8676fad req-54a3553f-cf57-4fdb-9efe-0122a8676fad ] Request (ServerShowV263Test:setUpClass): 201 POST http://10.180.1.21/identity/v3/users 0.034s
2024-10-24 13:39:00.711 62238 INFO tempest.lib.common.rest_client [req-bb82c7c1-4a34-422d-a07b-50aac4eb75cc req-bb82c7c1-4a34-422d-a07b-50aac4eb75cc ] Request (ValidationResourcesFixture:setUp): 201 POST http://10.180.1.21:9696/networking/v2.0/security-group-rules 0.297s
2024-10-24 13:39:00.717 62208 INFO tempest.lib.common.rest_client [req-8bd58bd0-5304-4b2d-8a1c-9b896bb7cee3 req-8bd58bd0-5304-4b2d-8a1c-9b896bb7cee3 ] Request (ServerDiagnosticsTest:setUpClass): 204 PUT http://10.180.1.21/identity/v3/projects/3b5fb25d422843ecac8c346b34a9395b/users/21532d28662c4d92afeb7f90b76e0dec/roles/66591f6bec5c45f3b71543df568196e0 0.045s
2024-10-24 13:39:00.717 62208 INFO tempest.lib.common.dynamic_creds [-] Dynamic test user 21532d28662c4d92afeb7f90b76e0dec is created with scope project and roles: ['admin']
2024-10-24 13:39:00.718 62208 INFO tempest.lib.common.dynamic_creds [-] Acquired dynamic creds: credentials: Credentials: {'domain_id': 'default', 'domain_name': 'Default', 'username': 'tempest-ServerDiagnosticsTest-112395681-project-admin', 'project_domain_id': 'default', 'project_domain_name': 'Default', 'project_id': '3b5fb25d422843ecac8c346b34a9395b', 'project_name': 'tempest-ServerDiagnosticsTest-112395681', 'tenant_id': '3b5fb25d422843ecac8c346b34a9395b', 'tenant_name': 'tempest-ServerDiagnosticsTest-112395681', 'user_domain_id': 'default', 'user_domain_name': 'Default', 'user_id': '21532d28662c4d92afeb7f90b76e0dec', 'system': None}, Network: None, Subnet: None, Router: None
