2024-10-24 13:39:31.702 62254 INFO tempest.lib.common.rest_client [req-7174a5b8-3155-4bf5-b022-8489fd41dd46 req-7174a5b8-3155-4bf5-b022-8489fd41dd46 ] Request (ServerGroupTestJSON:test_create_server_with_scheduler_hint_group): 200 GET http://10.180.1.21/compute/v2.1/servers/9d71be92-36ef-4523-919a-931110d73248 0.098s
2024-10-24 13:39:31.707 62216 INFO tempest.lib.common.rest_client [req-d50ba6d5-7783-4b3f-b11b-5153821dbe07 req-d50ba6d5-7783-4b3f-b11b-5153821dbe07 ] Request (ImagesNegativeTestJSON:test_create_image_specify_uuid_37_characters_or_more): 404 POST http://10.180.1.21/compute/v2.1/servers/aaaaaaaaaaaaaaaaaaaaaaaaaaaaaaaaaaaaa/action 0.013s
2024-10-24 13:39:31.761 62208 INFO tempest.lib.common.rest_client [req-3749b9d3-e2e3-429e-af77-8efef9a1c799 req-3749b9d3-e2e3-429e-af77-8efef9a1c799 ] Request (ServerDiagnosticsTest:test_get_server_diagnostics): 200 GET http://10.180.1.21/compute/v2.1/servers/b205db9a-8170-4c53-8212-f3fc2ec11d1c 0.092s
2024-10-24 13:39:31.771 62236 INFO tempest.lib.common.rest_client [req-2e32d96f-bb5f-47b6-97d3-4d6a15532a2c req-2e32d96f-bb5f-47b6-97d3-4d6a15532a2c ] Request (ServerActionsV293TestJSON:setUpClass): 200 GET http://10.180.1.21/compute/v2.1/servers/293b6863-510c-493e-8c9a-af53ad80fc89 0.069s
2024-10-24 13:39:31.820 62270 INFO tempest.lib.common.rest_client [req-f014e8fe-d06f-496d-930c-e15820117ebb req-f014e8fe-d06f-496d-930c-e15820117ebb ] Request (ServerShowV254Test:test_rebuild_server): 200 GET http://10.180.1.21/compute/v2.1/servers/9e166ffe-1ada-43d2-9ac1-56ad0cf7cae8 0.075s
2024-10-24 13:39:31.881 62214 INFO tempest.lib.common.rest_client [req-6024a461-c270-4c61-9def-758b8103f0a5 req-6024a461-c270-4c61-9def-758b8103f0a5 ] Request (ServersV294TestFqdnHostnames:setUpClass): 200 GET http://10.180.1.21/compute/v2.1/servers/26f6843a-2548-47e0-9dc9-bc53eda32b60 0.058s
2024-10-24 13:39:31.932 62250 INFO tempest.lib.common.rest_client [req-087379d9-a87e-48b4-a934-b034830fba59 req-087379d9-a87e-48b4-a934-b034830fba59 ] Request (SecurityGroupsTestJSON:test_list_security_groups_by_server): 200 GET http://10.180.1.21/compute/v2.1/servers/65dba389-321c-478d-9555-bcd9c318f6d0 0.065s
2024-10-24 13:39:31.982 62238 INFO tempest.lib.common.rest_client [req-946dfe3e-a117-4ad2-a7e6-8863e0ee7ff2 req-946dfe3e-a117-4ad2-a7e6-8863e0ee7ff2 ] Request (AttachInterfacesUnderV243Test:test_add_remove_fixed_ip): 200 GET http://10.180.1.21/compute/v2.1/servers/3661a95f-a75c-4f0f-ad25-428afdb7bccb 0.071s
2024-10-24 13:39:31.999 62242 INFO tempest.lib.common.rest_client [req-8315e4f9-9f49-4710-8896-6ad4c15e7442 req-8315e4f9-9f49-4710-8896-6ad4c15e7442 ] Request (ServerDiagnosticsNegativeTest:test_get_server_diagnostics_by_non_admin): 200 GET http://10.180.1.21/compute/v2.1/servers/1a9257f6-5493-4ebb-8c37-88e11480a4f6 0.082s
2024-10-24 13:39:32.025 62258 INFO tempest.lib.common.rest_client [req-70776163-9973-480b-ac2b-14011ceb1cff req-70776163-9973-480b-ac2b-14011ceb1cff ] Request (SecurityGroupRulesNegativeTestJSON:setUpClass): 201 POST http://10.180.1.21:9696/networking/v2.0/routers 0.867s
2024-10-24 13:39:32.054 62232 INFO tempest.lib.common.rest_client [req-a98c436f-e7a6-428b-ac53-7857d4fc2bf3 req-a98c436f-e7a6-428b-ac53-7857d4fc2bf3 ] Request (DeleteServersAdminTestJSON:test_delete_server_while_in_error_state): 200 GET http://10.180.1.21/compute/v2.1/servers/59d2c196-9230-4303-9b99-92211c53cb15 0.066s
2024-10-24 13:39:32.244 62244 INFO tempest.lib.common.rest_client [req-e8c565a1-9101-4d2e-9cdc-ab9d98c7002b req-e8c565a1-9101-4d2e-9cdc-ab9d98c7002b ] Request (ServerDiskConfigTestJSON:test_rebuild_server_with_auto_disk_config): 200 GET http://10.180.1.21/compute/v2.1/servers/2933b91a-ab88-4f0f-bd63-3752cdc763de 0.054s
2024-10-24 13:39:32.250 62244 INFO tempest.common.waiters [-] State transition "BUILD/scheduling" ==> "BUILD/None" after 43 second wait
2024-10-24 13:39:32.309 62268 INFO tempest.lib.common.rest_client [req-c309c607-fa09-4b49-a670-a2cd9166c3d8 req-c309c607-fa09-4b49-a670-a2cd9166c3d8 ] Request (VolumesAdminNegativeTest:test_update_attached_volume_with_nonexistent_volume_in_body): 200 GET http://10.180.1.21/compute/v2.1/servers/816de9f9-a8a9-415a-a6c4-57baea86df51 0.111s
2024-10-24 13:39:32.365 62246 INFO tempest.lib.common.rest_client [req-ce5dd4a8-e98d-400e-be42-2c95ff579824 req-ce5dd4a8-e98d-400e-be42-2c95ff579824 ] Request (ServersTestMultiNic:test_verify_duplicate_network_nics): 200 GET http://10.180.1.21/compute/v2.1/servers/44ea1800-005c-485f-969d-4bf71d58c284 0.114s
2024-10-24 13:39:32.423 62222 INFO tempest.lib.common.rest_client [req-1afbfdc7-481b-4def-a114-5544fc4a3e8f req-1afbfdc7-481b-4def-a114-5544fc4a3e8f ] Request (ServersAdmin275Test:test_rebuild_update_server_275): 200 GET http://10.180.1.21/compute/v2.1/servers/915c3b6c-640b-430f-b264-40bf85c642b9 0.101s
2024-10-24 13:39:32.433 62228 INFO tempest.lib.common.rest_client [req-1883be56-6e1e-4325-b24d-d1b75377ad90 req-1883be56-6e1e-4325-b24d-d1b75377ad90 ] Request (ImagesTestJSON:test_create_image_from_suspended_server): 200 GET http://10.180.1.21/compute/v2.1/servers/7c48e5b6-eb5f-4c35-9966-1cfc69182595 0.292s
2024-10-24 13:39:32.440 62228 INFO tempest.common.waiters [-] State transition "BUILD/networking" ==> "BUILD/spawning" after 55 second wait
2024-10-24 13:39:32.478 62260 INFO tempest.lib.common.rest_client [req-45caf565-c1e2-40da-bdeb-1c42b851ca04 req-45caf565-c1e2-40da-bdeb-1c42b851ca04 ] Request (ServerRescueTestJSON:setUpClass): 200 GET http://10.180.1.21/compute/v2.1/servers/84c6fdb9-0858-4f25-bdc8-474ffb9f6abb 0.099s
2024-10-24 13:39:32.507 62212 INFO tempest.lib.common.rest_client [req-ad261b54-1d77-488e-bac0-853369a75895 req-ad261b54-1d77-488e-bac0-853369a75895 ] Request (InstanceActionsTestJSON:setUpClass): 200 GET http://10.180.1.21/compute/v2.1/servers/77460934-215e-4294-8eb3-a380dfbacddd 0.069s
2024-10-24 13:39:32.545 62220 INFO tempest.lib.common.rest_client [req-23b271d0-7529-4672-bce7-01b3a16828fc req-23b271d0-7529-4672-bce7-01b3a16828fc ] Request (ServerAddressesNegativeTestJSON:setUpClass): 200 GET http://10.180.1.21/compute/v2.1/servers/d6d6e8c7-75d7-4fc5-bbdf-0af629d7d842 0.103s
2024-10-24 13:39:32.564 62216 INFO tempest.lib.common.rest_client [req-488425e5-4c77-4dab-bbd0-10fd51053e82 req-488425e5-4c77-4dab-bbd0-10fd51053e82 ] Request (ImagesNegativeTestJSON:tearDownClass): 200 PUT http://10.180.1.21:9696/networking/v2.0/routers/0a5e3b6a-870b-48d1-b5bc-a3a98e99a5f8/remove_router_interface 0.855s
2024-10-24 13:39:32.593 62240 INFO tempest.lib.common.rest_client [req-0c046699-247d-4132-b848-f8ecdee2167f req-0c046699-247d-4132-b848-f8ecdee2167f ] Request (ServersTestFqdnHostnames:test_create_server_with_fqdn_name): 200 GET http://10.180.1.21/compute/v2.1/servers/0c45c5c0-f8db-4631-ba9a-271d8f9ddff4 0.101s
2024-10-24 13:39:32.599 62224 INFO tempest.lib.common.rest_client [req-05966ded-8abd-40cf-9cc9-b845a196bbad req-05966ded-8abd-40cf-9cc9-b845a196bbad ] Request (FloatingIPsAssociationNegativeTestJSON:setUpClass): 200 GET http://10.180.1.21/compute/v2.1/servers/630145f3-cd01-41fe-b9c5-7ebf44b1e6d9 0.106s
2024-10-24 13:39:32.667 62234 INFO tempest.lib.common.rest_client [req-f4ab803b-d04f-4ab1-9090-b69e70e7a709 req-f4ab803b-d04f-4ab1-9090-b69e70e7a709 ] Request (DeleteServersTestJSON:test_delete_active_server): 200 GET http://10.180.1.21/compute/v2.1/servers/90cb79fb-aeb4-4c13-ab80-2787f67ff240 0.114s
2024-10-24 13:39:32.674 62262 INFO tempest.lib.common.rest_client [req-77fd880d-62d1-4d3f-9311-c1d031ae2fd1 req-77fd880d-62d1-4d3f-9311-c1d031ae2fd1 ] Request (ImagesOneServerTestJSON:setUpClass): 200 GET http://10.180.1.21/compute/v2.1/servers/a6a3b8fe-6911-4d8f-bd3e-8044c47a541b 0.122s
2024-10-24 13:39:32.724 62256 INFO tempest.lib.common.rest_client [req-a7040993-50e1-4d8d-aaa0-8ca9b033bb37 req-a7040993-50e1-4d8d-aaa0-8ca9b033bb37 ] Request (AttachInterfacesTestJSON:test_create_list_show_delete_interfaces_by_fixed_ip): 200 GET http://10.180.1.21/compute/v2.1/servers/719de3af-ffe0-4352-9d2c-9e102859fb6c 0.116s
2024-10-24 13:39:32.769 62252 INFO tempest.lib.common.rest_client [req-9551f5b4-4b7f-44bf-a919-0f1f06238d6a req-9551f5b4-4b7f-44bf-a919-0f1f06238d6a ] Request (ServersTestJSON:setUpClass): 200 GET http://10.180.1.21/compute/v2.1/servers/7dda08a4-83ae-4882-9469-324d948c9749 0.145s
2024-10-24 13:39:32.772 62248 INFO tempest.lib.common.rest_client [req-191ac7d7-58aa-4cc5-ad16-a8ae344e3196 req-191ac7d7-58aa-4cc5-ad16-a8ae344e3196 ] Request (MigrationsAdminTest:test_resize_server_revert_deleted_flavor): 200 GET http://10.180.1.21/compute/v2.1/servers/de9fde95-3ad2-414a-b561-fe4ccc1dc9ba 0.116s
2024-10-24 13:39:32.824 62254 INFO tempest.lib.common.rest_client [req-ad9a976f-0118-4630-9345-79765ecc37ef req-ad9a976f-0118-4630-9345-79765ecc37ef ] Request (ServerGroupTestJSON:test_create_server_with_scheduler_hint_group): 200 GET http://10.180.1.21/compute/v2.1/servers/9d71be92-36ef-4523-919a-931110d73248 0.110s
2024-10-24 13:39:32.843 62264 INFO tempest.lib.common.rest_client [req-b8e873f7-9720-4a8e-97da-08e9f634ad77 req-b8e873f7-9720-4a8e-97da-08e9f634ad77 ] Request (AttachInterfacesV270Test:test_create_get_list_interfaces): 200 GET http://10.180.1.21/compute/v2.1/servers/762efd5e-c95e-4718-98de-2e0b05226c06 0.147s
2024-10-24 13:39:32.873 62208 INFO tempest.lib.common.rest_client [req-59497507-3692-42a0-ad71-fda263885383 req-59497507-3692-42a0-ad71-fda263885383 ] Request (ServerDiagnosticsTest:test_get_server_diagnostics): 200 GET http://10.180.1.21/compute/v2.1/servers/b205db9a-8170-4c53-8212-f3fc2ec11d1c 0.101s
2024-10-24 13:39:32.922 62236 INFO tempest.lib.common.rest_client [req-cfb3fab9-04f3-4e4a-97e0-254a820b5cbb req-cfb3fab9-04f3-4e4a-97e0-254a820b5cbb ] Request (ServerActionsV293TestJSON:setUpClass): 200 GET http://10.180.1.21/compute/v2.1/servers/293b6863-510c-493e-8c9a-af53ad80fc89 0.139s
2024-10-24 13:39:32.925 62270 INFO tempest.lib.common.rest_client [req-d0582633-cf71-4e4d-a872-500bff4bdfec req-d0582633-cf71-4e4d-a872-500bff4bdfec ] Request (ServerShowV254Test:test_rebuild_server): 200 GET http://10.180.1.21/compute/v2.1/servers/9e166ffe-1ada-43d2-9ac1-56ad0cf7cae8 0.095s
2024-10-24 13:39:32.997 62250 INFO tempest.lib.common.rest_client [req-0b5c7cf9-1e9a-4efa-8e85-82daa3dc9706 req-0b5c7cf9-1e9a-4efa-8e85-82daa3dc9706 ] Request (SecurityGroupsTestJSON:test_list_security_groups_by_server): 200 GET http://10.180.1.21/compute/v2.1/servers/65dba389-321c-478d-9555-bcd9c318f6d0 0.057s
2024-10-24 13:39:33.009 62216 INFO tempest.lib.common.rest_client [req-b2dbb01d-fe77-4de1-980b-38d171c0eecc req-b2dbb01d-fe77-4de1-980b-38d171c0eecc ] Request (ImagesNegativeTestJSON:tearDownClass): 204 DELETE http://10.180.1.21:9696/networking/v2.0/routers/0a5e3b6a-870b-48d1-b5bc-a3a98e99a5f8 0.445s
2024-10-24 13:39:33.026 62214 INFO tempest.lib.common.rest_client [req-173f7ffa-1b12-4903-9b31-a7a16168bf5e req-173f7ffa-1b12-4903-9b31-a7a16168bf5e ] Request (ServersV294TestFqdnHostnames:setUpClass): 200 GET http://10.180.1.21/compute/v2.1/servers/26f6843a-2548-47e0-9dc9-bc53eda32b60 0.135s
2024-10-24 13:39:33.081 62238 INFO tempest.lib.common.rest_client [req-065479fb-3ab1-4e55-b2e4-a9d6f0c22be0 req-065479fb-3ab1-4e55-b2e4-a9d6f0c22be0 ] Request (AttachInterfacesUnderV243Test:test_add_remove_fixed_ip): 200 GET http://10.180.1.21/compute/v2.1/servers/3661a95f-a75c-4f0f-ad25-428afdb7bccb 0.089s
2024-10-24 13:39:33.113 62242 INFO tempest.lib.common.rest_client [req-b030f79c-c8ac-4bf7-a53e-5fe2588efff3 req-b030f79c-c8ac-4bf7-a53e-5fe2588efff3 ] Request (ServerDiagnosticsNegativeTest:test_get_server_diagnostics_by_non_admin): 200 GET http://10.180.1.21/compute/v2.1/servers/1a9257f6-5493-4ebb-8c37-88e11480a4f6 0.103s
2024-10-24 13:39:33.142 62232 INFO tempest.lib.common.rest_client [req-4dd3b203-419f-4291-8a56-cee2f2149e23 req-4dd3b203-419f-4291-8a56-cee2f2149e23 ] Request (DeleteServersAdminTestJSON:test_delete_server_while_in_error_state): 200 GET http://10.180.1.21/compute/v2.1/servers/59d2c196-9230-4303-9b99-92211c53cb15 0.079s
2024-10-24 13:39:33.155 62216 INFO tempest.lib.common.rest_client [req-93abab01-916b-4ef5-a59f-355c32dd856f req-93abab01-916b-4ef5-a59f-355c32dd856f ] Request (ImagesNegativeTestJSON:tearDownClass): 204 DELETE http://10.180.1.21:9696/networking/v2.0/subnets/c27381b2-9609-4f51-b5f8-976fda355a3b 0.145s
2024-10-24 13:39:33.355 62244 INFO tempest.lib.common.rest_client [req-5e2d8d6f-b9ba-4bd7-b6c3-d8a52e2f013c req-5e2d8d6f-b9ba-4bd7-b6c3-d8a52e2f013c ] Request (ServerDiskConfigTestJSON:test_rebuild_server_with_auto_disk_config): 200 GET http://10.180.1.21/compute/v2.1/servers/2933b91a-ab88-4f0f-bd63-3752cdc763de 0.104s
2024-10-24 13:39:33.395 62218 INFO tempest.lib.common.rest_client [req-40f16f27-24cc-4f50-b286-d4dcca831c6b req-40f16f27-24cc-4f50-b286-d4dcca831c6b ] Request (ImagesOneServerNegativeTestJSON:setUpClass): 201 POST http://10.180.1.21:9696/networking/v2.0/routers 1.756s
2024-10-24 13:39:33.407 62216 INFO tempest.lib.common.rest_client [req-65640da6-6d86-4be3-990c-84417ffd0777 req-65640da6-6d86-4be3-990c-84417ffd0777 ] Request (ImagesNegativeTestJSON:tearDownClass): 204 DELETE http://10.180.1.21:9696/networking/v2.0/networks/5eac8e2a-3e69-4583-970e-a258b41537bf 0.251s
2024-10-24 13:39:33.407 62268 INFO tempest.lib.common.rest_client [req-780079ae-995c-483f-8827-62717924c123 req-780079ae-995c-483f-8827-62717924c123 ] Request (VolumesAdminNegativeTest:test_update_attached_volume_with_nonexistent_volume_in_body): 200 GET http://10.180.1.21/compute/v2.1/servers/816de9f9-a8a9-415a-a6c4-57baea86df51 0.088s
2024-10-24 13:39:33.458 62246 INFO tempest.lib.common.rest_client [req-7430d2b5-f841-4b45-b687-7c9ac505def1 req-7430d2b5-f841-4b45-b687-7c9ac505def1 ] Request (ServersTestMultiNic:test_verify_duplicate_network_nics): 200 GET http://10.180.1.21/compute/v2.1/servers/44ea1800-005c-485f-969d-4bf71d58c284 0.086s
2024-10-24 13:39:33.505 62216 INFO tempest.lib.common.rest_client [req-4ba1f031-5ece-464a-a49a-44dca97f1a42 req-4ba1f031-5ece-464a-a49a-44dca97f1a42 ] Request (ImagesNegativeTestJSON:tearDownClass): 204 DELETE http://10.180.1.21/identity/v3/users/78b9044c170542c58a9a059ffd955f0b 0.098s
2024-10-24 13:39:33.505 62222 INFO tempest.lib.common.rest_client [req-7e373386-a6ac-4f0f-beef-c66f905981b3 req-7e373386-a6ac-4f0f-beef-c66f905981b3 ] Request (ServersAdmin275Test:test_rebuild_update_server_275): 200 GET http://10.180.1.21/compute/v2.1/servers/915c3b6c-640b-430f-b264-40bf85c642b9 0.069s
2024-10-24 13:39:33.505 62216 INFO tempest.lib.common.dynamic_creds [-] Deleting project and security group for project: 47196d0ba88c410fb447b74e78c85c1f
2024-10-24 13:39:33.560 62260 INFO tempest.lib.common.rest_client [req-5968ed80-efb1-4cff-a44b-b7e2563986d3 req-5968ed80-efb1-4cff-a44b-b7e2563986d3 ] Request (ServerRescueTestJSON:setUpClass): 200 GET http://10.180.1.21/compute/v2.1/servers/84c6fdb9-0858-4f25-bdc8-474ffb9f6abb 0.074s
2024-10-24 13:39:33.561 62216 INFO tempest.lib.common.rest_client [req-5f4dd571-98b8-4ac6-ace5-8eb7678b7d4f req-5f4dd571-98b8-4ac6-ace5-8eb7678b7d4f ] Request (ImagesNegativeTestJSON:tearDownClass): 200 GET http://10.180.1.21:9696/networking/v2.0/security-groups?tenant_id=47196d0ba88c410fb447b74e78c85c1f&name=default 0.053s
2024-10-24 13:39:33.639 62212 INFO tempest.lib.common.rest_client [req-cb5f7712-be33-4ba5-9f53-1d120c48b97c req-cb5f7712-be33-4ba5-9f53-1d120c48b97c ] Request (InstanceActionsTestJSON:setUpClass): 200 GET http://10.180.1.21/compute/v2.1/servers/77460934-215e-4294-8eb3-a380dfbacddd 0.121s
2024-10-24 13:39:33.649 62216 INFO tempest.lib.common.rest_client [req-1633becd-69c7-43da-98f8-a305bc177b31 req-1633becd-69c7-43da-98f8-a305bc177b31 ] Request (ImagesNegativeTestJSON:tearDownClass): 204 DELETE http://10.180.1.21:9696/networking/v2.0/security-groups/c44541d9-a0c5-4916-88bf-7ca849d10317 0.088s
2024-10-24 13:39:33.698 62220 INFO tempest.lib.common.rest_client [req-cbc36094-6b89-4363-914f-6c2961f430e0 req-cbc36094-6b89-4363-914f-6c2961f430e0 ] Request (ServerAddressesNegativeTestJSON:setUpClass): 200 GET http://10.180.1.21/compute/v2.1/servers/d6d6e8c7-75d7-4fc5-bbdf-0af629d7d842 0.145s
2024-10-24 13:39:33.717 62228 INFO tempest.lib.common.rest_client [req-3b8d6b21-2a73-47f5-b14a-3dde957230b5 req-3b8d6b21-2a73-47f5-b14a-3dde957230b5 ] Request (ImagesTestJSON:test_create_image_from_suspended_server): 200 GET http://10.180.1.21/compute/v2.1/servers/7c48e5b6-eb5f-4c35-9966-1cfc69182595 0.276s
2024-10-24 13:39:33.747 62240 INFO tempest.lib.common.rest_client [req-ce4ff234-0f66-4e78-b2d5-4cd544db03be req-ce4ff234-0f66-4e78-b2d5-4cd544db03be ] Request (ServersTestFqdnHostnames:test_create_server_with_fqdn_name): 200 GET http://10.180.1.21/compute/v2.1/servers/0c45c5c0-f8db-4631-ba9a-271d8f9ddff4 0.146s
2024-10-24 13:39:33.761 62216 INFO tempest.lib.common.rest_client [req-3f6e5ac5-0ea9-4cdd-a388-a8c7f5c42a67 req-3f6e5ac5-0ea9-4cdd-a388-a8c7f5c42a67 ] Request (ImagesNegativeTestJSON:tearDownClass): 204 DELETE http://10.180.1.21/identity/v3/projects/47196d0ba88c410fb447b74e78c85c1f 0.111s
2024-10-24 13:39:33.762 62216 INFO tempest.test [-] raised in NoVNCConsoleTestJSON.setUpClass. Invoking tearDownClass.
2024-10-24 13:39:33.790 62224 INFO tempest.lib.common.rest_client [req-4ad94364-c306-4eb3-9676-7dfbdd0ef1bc req-4ad94364-c306-4eb3-9676-7dfbdd0ef1bc ] Request (FloatingIPsAssociationNegativeTestJSON:setUpClass): 200 GET http://10.180.1.21/compute/v2.1/servers/630145f3-cd01-41fe-b9c5-7ebf44b1e6d9 0.178s
2024-10-24 13:39:33.800 62234 INFO tempest.lib.common.rest_client [req-3da42bec-9186-47ea-a888-acd94d7a3d26 req-3da42bec-9186-47ea-a888-acd94d7a3d26 ] Request (DeleteServersTestJSON:test_delete_active_server): 200 GET http://10.180.1.21/compute/v2.1/servers/90cb79fb-aeb4-4c13-ab80-2787f67ff240 0.121s
2024-10-24 13:39:33.832 62216 INFO tempest.lib.common.rest_client [req-a7690b43-9cbc-4d8b-a465-e81e970aed6e req-a7690b43-9cbc-4d8b-a465-e81e970aed6e ] Request (ServersTestJSON:setUpClass): 201 POST http://10.180.1.21/identity/v3/auth/tokens 0.067s
2024-10-24 13:39:33.843 62262 INFO tempest.lib.common.rest_client [req-730bfee4-048e-4d11-86fe-eb643aa1d949 req-730bfee4-048e-4d11-86fe-eb643aa1d949 ] Request (ImagesOneServerTestJSON:setUpClass): 200 GET http://10.180.1.21/compute/v2.1/servers/a6a3b8fe-6911-4d8f-bd3e-8044c47a541b 0.162s
2024-10-24 13:39:33.846 62256 INFO tempest.lib.common.rest_client [req-ca6e059a-73a5-4751-9897-5a15dd0eeade req-ca6e059a-73a5-4751-9897-5a15dd0eeade ] Request (AttachInterfacesTestJSON:test_create_list_show_delete_interfaces_by_fixed_ip): 200 GET http://10.180.1.21/compute/v2.1/servers/719de3af-ffe0-4352-9d2c-9e102859fb6c 0.113s
2024-10-24 13:39:33.873 62216 INFO tempest.lib.common.rest_client [req-358e3176-ccf3-49e9-b31a-51a0d844d4fc req-358e3176-ccf3-49e9-b31a-51a0d844d4fc ] Request (ServersTestJSON:setUpClass): 201 POST http://10.180.1.21/identity/v3/auth/tokens 0.039s
2024-10-24 13:39:33.894 62248 INFO tempest.lib.common.rest_client [req-efd79532-4f3d-482b-a803-a574955a1f89 req-efd79532-4f3d-482b-a803-a574955a1f89 ] Request (MigrationsAdminTest:test_resize_server_revert_deleted_flavor): 200 GET http://10.180.1.21/compute/v2.1/servers/de9fde95-3ad2-414a-b561-fe4ccc1dc9ba 0.112s
2024-10-24 13:39:33.905 62216 INFO tempest.lib.common.rest_client [req-0b2b28d8-59e5-4fa8-8d0d-c1c28d31055d req-0b2b28d8-59e5-4fa8-8d0d-c1c28d31055d ] Request (ServersTestJSON:setUpClass): 200 GET http://10.180.1.21/identity/v3/domains?name=Default 0.031s
2024-10-24 13:39:33.911 62252 INFO tempest.lib.common.rest_client [req-65e54b9e-93bc-4efc-b856-12f6675171fd req-65e54b9e-93bc-4efc-b856-12f6675171fd ] Request (ServersTestJSON:setUpClass): 200 GET http://10.180.1.21/compute/v2.1/servers/7dda08a4-83ae-4882-9469-324d948c9749 0.130s
2024-10-24 13:39:33.935 62216 INFO tempest.lib.common.rest_client [req-fc62bbb1-fe87-46c4-94b9-a9d58319ad25 req-fc62bbb1-fe87-46c4-94b9-a9d58319ad25 ] Request (ServersTestJSON:setUpClass): 201 POST http://10.180.1.21/identity/v3/projects 0.029s
2024-10-24 13:39:33.965 62254 INFO tempest.lib.common.rest_client [req-a2de41e5-a180-436a-85bd-e16e0e7ea26a req-a2de41e5-a180-436a-85bd-e16e0e7ea26a ] Request (ServerGroupTestJSON:test_create_server_with_scheduler_hint_group): 200 GET http://10.180.1.21/compute/v2.1/servers/9d71be92-36ef-4523-919a-931110d73248 0.134s
2024-10-24 13:39:33.996 62264 INFO tempest.lib.common.rest_client [req-37a2434a-f44d-44f7-9077-d0b5fc89a603 req-37a2434a-f44d-44f7-9077-d0b5fc89a603 ] Request (AttachInterfacesV270Test:test_create_get_list_interfaces): 200 GET http://10.180.1.21/compute/v2.1/servers/762efd5e-c95e-4718-98de-2e0b05226c06 0.137s
2024-10-24 13:39:34.026 62216 INFO tempest.lib.common.rest_client [req-4897347c-4eae-4752-a716-a75db86d9b52 req-4897347c-4eae-4752-a716-a75db86d9b52 ] Request (ServersTestJSON:setUpClass): 201 POST http://10.180.1.21/identity/v3/users 0.086s
2024-10-24 13:39:34.033 62208 INFO tempest.lib.common.rest_client [req-3569fdf9-f7f3-4b52-8b24-9f9fe5becdde req-3569fdf9-f7f3-4b52-8b24-9f9fe5becdde ] Request (ServerDiagnosticsTest:test_get_server_diagnostics): 200 GET http://10.180.1.21/compute/v2.1/servers/b205db9a-8170-4c53-8212-f3fc2ec11d1c 0.151s
2024-10-24 13:39:34.051 62216 INFO tempest.lib.common.rest_client [req-446ec3e6-9472-412a-b648-606099aeffc0 req-446ec3e6-9472-412a-b648-606099aeffc0 ] Request (ServersTestJSON:setUpClass): 200 GET http://10.180.1.21/identity/v3/roles 0.025s
2024-10-24 13:39:34.079 62236 INFO tempest.lib.common.rest_client [req-ee791f08-4b06-4385-8e8b-689fb08cd7da req-ee791f08-4b06-4385-8e8b-689fb08cd7da ] Request (ServerActionsV293TestJSON:setUpClass): 200 GET http://10.180.1.21/compute/v2.1/servers/293b6863-510c-493e-8c9a-af53ad80fc89 0.142s
2024-10-24 13:39:34.086 62216 INFO tempest.lib.common.rest_client [req-89b8c77e-5d4d-4fcc-9aee-5fc725c41b27 req-89b8c77e-5d4d-4fcc-9aee-5fc725c41b27 ] Request (ServersTestJSON:setUpClass): 204 PUT http://10.180.1.21/identity/v3/projects/c9235eeeb6fa4ccf959ffbea456f3694/users/64082edf5f2e4621b5f3586e1792e42a/roles/f47e6d4906d64694b008b14a36235c44 0.034s
2024-10-24 13:39:34.087 62216 INFO tempest.lib.common.dynamic_creds [-] Dynamic test user 64082edf5f2e4621b5f3586e1792e42a is created with scope project and roles: ['member']
2024-10-24 13:39:34.087 62216 INFO tempest.lib.common.dynamic_creds [-] Acquired dynamic creds: credentials: Credentials: {'domain_id': 'default', 'domain_name': 'Default', 'username': 'tempest-ServersTestJSON-1739972093-project-member', 'project_domain_id': 'default', 'project_domain_name': 'Default', 'project_id': 'c9235eeeb6fa4ccf959ffbea456f3694', 'project_name': 'tempest-ServersTestJSON-1739972093', 'tenant_id': 'c9235eeeb6fa4ccf959ffbea456f3694', 'tenant_name': 'tempest-ServersTestJSON-1739972093', 'user_domain_id': 'default', 'user_domain_name': 'Default', 'user_id': '64082edf5f2e4621b5f3586e1792e42a', 'system': None}, Network: None, Subnet: None, Router: None
2024-10-24 13:39:34.096 62270 INFO tempest.lib.common.rest_client [req-990fdf3f-a00d-4dad-a583-9cdf8a0baa44 req-990fdf3f-a00d-4dad-a583-9cdf8a0baa44 ] Request (ServerShowV254Test:test_rebuild_server): 200 GET http://10.180.1.21/compute/v2.1/servers/9e166ffe-1ada-43d2-9ac1-56ad0cf7cae8 0.159s
2024-10-24 13:39:34.135 62250 INFO tempest.lib.common.rest_client [req-0d491954-1fbc-4ade-9a03-47c91944388e req-0d491954-1fbc-4ade-9a03-47c91944388e ] Request (SecurityGroupsTestJSON:test_list_security_groups_by_server): 200 GET http://10.180.1.21/compute/v2.1/servers/65dba389-321c-478d-9555-bcd9c318f6d0 0.127s
2024-10-24 13:39:34.147 62216 INFO tempest.lib.common.rest_client [req-b6a96fe9-ea08-4619-82c1-91f2d52e6dd9 req-b6a96fe9-ea08-4619-82c1-91f2d52e6dd9 ] Request (ServersTestJSON:setUpClass): 201 POST http://10.180.1.21/identity/v3/auth/tokens 0.060s
2024-10-24 13:39:34.163 62214 INFO tempest.lib.common.rest_client [req-54124a56-a125-4236-90b8-d6bd7e7c9d66 req-54124a56-a125-4236-90b8-d6bd7e7c9d66 ] Request (ServersV294TestFqdnHostnames:setUpClass): 200 GET http://10.180.1.21/compute/v2.1/servers/26f6843a-2548-47e0-9dc9-bc53eda32b60 0.119s
2024-10-24 13:39:34.195 62238 INFO tempest.lib.common.rest_client [req-6b81e2b7-1da0-4398-b4fc-284724009fc8 req-6b81e2b7-1da0-4398-b4fc-284724009fc8 ] Request (AttachInterfacesUnderV243Test:test_add_remove_fixed_ip): 200 GET http://10.180.1.21/compute/v2.1/servers/3661a95f-a75c-4f0f-ad25-428afdb7bccb 0.102s
2024-10-24 13:39:34.211 62242 INFO tempest.lib.common.rest_client [req-80c78ada-3ca0-4ef1-8a30-75926e471da3 req-80c78ada-3ca0-4ef1-8a30-75926e471da3 ] Request (ServerDiagnosticsNegativeTest:test_get_server_diagnostics_by_non_admin): 200 GET http://10.180.1.21/compute/v2.1/servers/1a9257f6-5493-4ebb-8c37-88e11480a4f6 0.088s
2024-10-24 13:39:34.261 62232 INFO tempest.lib.common.rest_client [req-42346280-e256-48a3-a04d-c14a0aafbbfd req-42346280-e256-48a3-a04d-c14a0aafbbfd ] Request (DeleteServersAdminTestJSON:test_delete_server_while_in_error_state): 200 GET http://10.180.1.21/compute/v2.1/servers/59d2c196-9230-4303-9b99-92211c53cb15 0.110s
2024-10-24 13:39:34.353 62258 INFO tempest.lib.common.rest_client [req-e3d67e27-f44b-4506-bfe8-b769240acace req-e3d67e27-f44b-4506-bfe8-b769240acace ] Request (SecurityGroupRulesNegativeTestJSON:setUpClass): 200 PUT http://10.180.1.21:9696/networking/v2.0/routers/fc310e2f-ba12-4a18-914a-19fe45389f08/add_router_interface 2.328s
2024-10-24 13:39:34.354 62258 INFO tempest.lib.common.dynamic_creds [-] Created isolated network resources for: credentials: Credentials: {'domain_id': 'default', 'domain_name': 'Default', 'username': 'tempest-SecurityGroupRulesNegativeTestJSON-456752748-project-member', 'project_domain_id': 'default', 'project_domain_name': 'Default', 'project_id': 'ff924db21a56405b9d8f2b5908bdf008', 'project_name': 'tempest-SecurityGroupRulesNegativeTestJSON-456752748', 'tenant_id': 'ff924db21a56405b9d8f2b5908bdf008', 'tenant_name': 'tempest-SecurityGroupRulesNegativeTestJSON-456752748', 'user_domain_id': 'default', 'user_domain_name': 'Default', 'user_id': 'ebaaf705331843b3bf6162a40756cca1', 'system': None}, Network: {'id': 'd12ff909-9977-4602-ae77-d84b8c54e9f6', 'name': 'tempest-SecurityGroupRulesNegativeTestJSON-666645255-network', 'tenant_id': 'ff924db21a56405b9d8f2b5908bdf008', 'admin_state_up': True, 'mtu': 8950, 'status': 'ACTIVE', 'subnets': [], 'shared': False, 'project_id': 'ff924db21a56405b9d8f2b5908bdf008', 'port_security_enabled': True, 'router:external': False, 'provider:network_type': 'vlan', 'provider:physical_network': 'default', 'provider:segmentation_id': 655, 'is_default': False, 'availability_zone_hints': [], 'availability_zones': [], 'ipv4_address_scope': None, 'ipv6_address_scope': None, 'description': '', 'tags': [], 'created_at': '2024-10-24T13:39:30Z', 'updated_at': '2024-10-24T13:39:30Z', 'revision_number': 1}, Subnet: {'id': 'd4630066-d120-4d12-b37d-82f10fe0b316', 'name': 'tempest-SecurityGroupRulesNegativeTestJSON-666645255-subnet', 'tenant_id': 'ff924db21a56405b9d8f2b5908bdf008', 'network_id': 'd12ff909-9977-4602-ae77-d84b8c54e9f6', 'ip_version': 4, 'subnetpool_id': None, 'enable_dhcp': True, 'ipv6_ra_mode': None, 'ipv6_address_mode': None, 'gateway_ip': '192.168.128.1', 'cidr': '192.168.128.0/28', 'allocation_pools': [{'start': '192.168.128.2', 'end': '192.168.128.14'}], 'host_routes': [], 'dns_nameservers': [], 'description': '', 'router:external': False, 'service_types': [], 'tags': [], 'created_at': '2024-10-24T13:39:31Z', 'updated_at': '2024-10-24T13:39:31Z', 'revision_number': 0, 'project_id': 'ff924db21a56405b9d8f2b5908bdf008'}, Router: {'id': 'fc310e2f-ba12-4a18-914a-19fe45389f08', 'name': 'tempest-SecurityGroupRulesNegativeTestJSON-666645255-router', 'tenant_id': 'ff924db21a56405b9d8f2b5908bdf008', 'admin_state_up': True, 'status': 'ACTIVE', 'external_gateway_info': {'network_id': '53980b92-a885-46cb-b1c1-1120c0edc268', 'external_fixed_ips': [{'subnet_id': '3e734687-c947-4456-b8f4-bb3e51cb2e5c', 'ip_address': '10.180.180.150'}], 'enable_snat': True}, 'description': '', 'availability_zones': [], 'distributed': False, 'ha': False, 'availability_zone_hints': [], 'routes': [], 'flavor_id': None, 'tags': [], 'created_at': '2024-10-24T13:39:31Z', 'updated_at': '2024-10-24T13:39:31Z', 'revision_number': 2, 'project_id': 'ff924db21a56405b9d8f2b5908bdf008'}
2024-10-24 13:39:34.382 62216 INFO tempest.lib.common.rest_client [req-aa2285da-c11b-457f-b22a-c87cb5a36450 req-aa2285da-c11b-457f-b22a-c87cb5a36450 ] Request (ServersTestJSON:setUpClass): 201 POST http://10.180.1.21:9696/networking/v2.0/networks 0.235s
2024-10-24 13:39:34.433 62244 INFO tempest.lib.common.rest_client [req-001cf7fd-bb6a-467f-a638-a9035bf22a41 req-001cf7fd-bb6a-467f-a638-a9035bf22a41 ] Request (ServerDiskConfigTestJSON:test_rebuild_server_with_auto_disk_config): 200 GET http://10.180.1.21/compute/v2.1/servers/2933b91a-ab88-4f0f-bd63-3752cdc763de 0.067s
2024-10-24 13:39:34.444 62258 INFO tempest.lib.common.rest_client [req-e8497a08-39b3-46d9-9304-f07c07be7035 req-e8497a08-39b3-46d9-9304-f07c07be7035 ] Request (SecurityGroupRulesNegativeTestJSON:setUpClass): 201 POST http://10.180.1.21/identity/v3/auth/tokens 0.087s
2024-10-24 13:39:34.481 62268 INFO tempest.lib.common.rest_client [req-8a034fc7-e0da-40ac-8beb-3eadeb7012a9 req-8a034fc7-e0da-40ac-8beb-3eadeb7012a9 ] Request (VolumesAdminNegativeTest:test_update_attached_volume_with_nonexistent_volume_in_body): 200 GET http://10.180.1.21/compute/v2.1/servers/816de9f9-a8a9-415a-a6c4-57baea86df51 0.066s
2024-10-24 13:39:34.533 62246 INFO tempest.lib.common.rest_client [req-bd36cdf0-4dca-4144-a7e1-1af53d421322 req-bd36cdf0-4dca-4144-a7e1-1af53d421322 ] Request (ServersTestMultiNic:test_verify_duplicate_network_nics): 200 GET http://10.180.1.21/compute/v2.1/servers/44ea1800-005c-485f-969d-4bf71d58c284 0.066s
2024-10-24 13:39:34.594 62222 INFO tempest.lib.common.rest_client [req-693ae54e-a5bf-4f88-92e2-1d43d0618dbf req-693ae54e-a5bf-4f88-92e2-1d43d0618dbf ] Request (ServersAdmin275Test:test_rebuild_update_server_275): 200 GET http://10.180.1.21/compute/v2.1/servers/915c3b6c-640b-430f-b264-40bf85c642b9 0.076s
2024-10-24 13:39:34.605 62216 INFO tempest.lib.common.rest_client [req-42e2c51e-6bdc-45f9-8fed-683b810a1043 req-42e2c51e-6bdc-45f9-8fed-683b810a1043 ] Request (ServersTestJSON:setUpClass): 201 POST http://10.180.1.21:9696/networking/v2.0/subnets 0.222s
2024-10-24 13:39:34.639 62260 INFO tempest.lib.common.rest_client [req-0ed535d4-6940-4810-adc4-1689273243c2 req-0ed535d4-6940-4810-adc4-1689273243c2 ] Request (ServerRescueTestJSON:setUpClass): 200 GET http://10.180.1.21/compute/v2.1/servers/84c6fdb9-0858-4f25-bdc8-474ffb9f6abb 0.070s
2024-10-24 13:39:34.667 62258 INFO tempest.lib.common.rest_client [req-e7f57a41-28ad-46da-a8d3-9739b517de97 req-e7f57a41-28ad-46da-a8d3-9739b517de97 ] Request (SecurityGroupRulesNegativeTestJSON:test_create_security_group_rule_duplicate): 200 POST http://10.180.1.21/compute/v2.1/os-security-groups 0.220s
2024-10-24 13:39:34.711 62212 INFO tempest.lib.common.rest_client [req-a0b2ee79-51ab-4aff-9e5b-012843f63b75 req-a0b2ee79-51ab-4aff-9e5b-012843f63b75 ] Request (InstanceActionsTestJSON:setUpClass): 200 GET http://10.180.1.21/compute/v2.1/servers/77460934-215e-4294-8eb3-a380dfbacddd 0.057s
2024-10-24 13:39:34.765 62220 INFO tempest.lib.common.rest_client [req-36a56aa5-e9f5-4127-ab01-b65ea395dae6 req-36a56aa5-e9f5-4127-ab01-b65ea395dae6 ] Request (ServerAddressesNegativeTestJSON:setUpClass): 200 GET http://10.180.1.21/compute/v2.1/servers/d6d6e8c7-75d7-4fc5-bbdf-0af629d7d842 0.057s
2024-10-24 13:39:34.818 62228 INFO tempest.lib.common.rest_client [req-24dd5dad-7ebe-433d-9354-f58a8c724bbe req-24dd5dad-7ebe-433d-9354-f58a8c724bbe ] Request (ImagesTestJSON:test_create_image_from_suspended_server): 200 GET http://10.180.1.21/compute/v2.1/servers/7c48e5b6-eb5f-4c35-9966-1cfc69182595 0.086s
2024-10-24 13:39:34.832 62218 INFO tempest.lib.common.rest_client [req-178193f7-bcf1-4fbc-b168-8edd34eb185e req-178193f7-bcf1-4fbc-b168-8edd34eb185e ] Request (ImagesOneServerNegativeTestJSON:setUpClass): 200 PUT http://10.180.1.21:9696/networking/v2.0/routers/ae80bf59-fcd3-4eb7-81f8-bc14569c32ba/add_router_interface 1.436s
2024-10-24 13:39:34.832 62218 INFO tempest.lib.common.dynamic_creds [-] Created isolated network resources for: credentials: Credentials: {'domain_id': 'default', 'domain_name': 'Default', 'username': 'tempest-ImagesOneServerNegativeTestJSON-497980800-project-member', 'project_domain_id': 'default', 'project_domain_name': 'Default', 'project_id': '6a554323cee1457c851018b012642cf8', 'project_name': 'tempest-ImagesOneServerNegativeTestJSON-497980800', 'tenant_id': '6a554323cee1457c851018b012642cf8', 'tenant_name': 'tempest-ImagesOneServerNegativeTestJSON-497980800', 'user_domain_id': 'default', 'user_domain_name': 'Default', 'user_id': 'b92bec8029c04f7e96372a2df6406f1b', 'system': None}, Network: {'id': 'f3658bad-6cc4-4540-a605-79def86df85f', 'name': 'tempest-ImagesOneServerNegativeTestJSON-1114283894-network', 'tenant_id': '6a554323cee1457c851018b012642cf8', 'admin_state_up': True, 'mtu': 8950, 'status': 'ACTIVE', 'subnets': [], 'shared': False, 'project_id': '6a554323cee1457c851018b012642cf8', 'port_security_enabled': True, 'router:external': False, 'provider:network_type': 'vlan', 'provider:physical_network': 'default', 'provider:segmentation_id': 617, 'is_default': False, 'availability_zone_hints': [], 'availability_zones': [], 'ipv4_address_scope': None, 'ipv6_address_scope': None, 'description': '', 'tags': [], 'created_at': '2024-10-24T13:39:31Z', 'updated_at': '2024-10-24T13:39:31Z', 'revision_number': 1}, Subnet: {'id': '4432cbf0-83a9-466d-9e4b-6b999809db80', 'name': 'tempest-ImagesOneServerNegativeTestJSON-1114283894-subnet', 'tenant_id': '6a554323cee1457c851018b012642cf8', 'network_id': 'f3658bad-6cc4-4540-a605-79def86df85f', 'ip_version': 4, 'subnetpool_id': None, 'enable_dhcp': True, 'ipv6_ra_mode': None, 'ipv6_address_mode': None, 'gateway_ip': '192.168.128.1', 'cidr': '192.168.128.0/28', 'allocation_pools': [{'start': '192.168.128.2', 'end': '192.168.128.14'}], 'host_routes': [], 'dns_nameservers': [], 'description': '', 'router:external': False, 'service_types': [], 'tags': [], 'created_at': '2024-10-24T13:39:31Z', 'updated_at': '2024-10-24T13:39:31Z', 'revision_number': 0, 'project_id': '6a554323cee1457c851018b012642cf8'}, Router: {'id': 'ae80bf59-fcd3-4eb7-81f8-bc14569c32ba', 'name': 'tempest-ImagesOneServerNegativeTestJSON-1114283894-router', 'tenant_id': '6a554323cee1457c851018b012642cf8', 'admin_state_up': True, 'status': 'ACTIVE', 'external_gateway_info': {'network_id': '53980b92-a885-46cb-b1c1-1120c0edc268', 'external_fixed_ips': [{'subnet_id': '3e734687-c947-4456-b8f4-bb3e51cb2e5c', 'ip_address': '10.180.180.212'}], 'enable_snat': True}, 'description': '', 'availability_zones': [], 'distributed': False, 'ha': False, 'availability_zone_hints': [], 'routes': [], 'flavor_id': None, 'tags': [], 'created_at': '2024-10-24T13:39:31Z', 'updated_at': '2024-10-24T13:39:32Z', 'revision_number': 2, 'project_id': '6a554323cee1457c851018b012642cf8'}
2024-10-24 13:39:34.871 62258 INFO tempest.lib.common.rest_client [req-04b18404-4b45-4db1-ac81-b8f63e5239a2 req-04b18404-4b45-4db1-ac81-b8f63e5239a2 ] Request (SecurityGroupRulesNegativeTestJSON:test_create_security_group_rule_duplicate): 200 POST http://10.180.1.21/compute/v2.1/os-security-group-rules 0.201s
2024-10-24 13:39:34.877 62240 INFO tempest.lib.common.rest_client [req-adad0b11-7825-46f9-a413-0737dc2d4f59 req-adad0b11-7825-46f9-a413-0737dc2d4f59 ] Request (ServersTestFqdnHostnames:test_create_server_with_fqdn_name): 200 GET http://10.180.1.21/compute/v2.1/servers/0c45c5c0-f8db-4631-ba9a-271d8f9ddff4 0.114s
2024-10-24 13:39:34.933 62218 INFO tempest.lib.common.rest_client [req-5ba90feb-a09b-45ae-9669-dc6f1fbb9300 req-5ba90feb-a09b-45ae-9669-dc6f1fbb9300 ] Request (ImagesOneServerNegativeTestJSON:setUpClass): 201 POST http://10.180.1.21/identity/v3/auth/tokens 0.095s
2024-10-24 13:39:34.945 62224 INFO tempest.lib.common.rest_client [req-f9446b3f-84b4-47a8-b051-546bb52fdaca req-f9446b3f-84b4-47a8-b051-546bb52fdaca ] Request (FloatingIPsAssociationNegativeTestJSON:setUpClass): 200 GET http://10.180.1.21/compute/v2.1/servers/630145f3-cd01-41fe-b9c5-7ebf44b1e6d9 0.145s
2024-10-24 13:39:34.955 62234 INFO tempest.lib.common.rest_client [req-98b29858-4865-43d2-a8da-54175dcc09b0 req-98b29858-4865-43d2-a8da-54175dcc09b0 ] Request (DeleteServersTestJSON:test_delete_active_server): 200 GET http://10.180.1.21/compute/v2.1/servers/90cb79fb-aeb4-4c13-ab80-2787f67ff240 0.146s
2024-10-24 13:39:34.982 62218 INFO tempest.lib.common.rest_client [req-59ca016a-4f1b-476a-984f-b016c094760b req-59ca016a-4f1b-476a-984f-b016c094760b ] Request (ImagesOneServerNegativeTestJSON:setUpClass): 201 POST http://10.180.1.21/identity/v3/auth/tokens 0.045s
2024-10-24 13:39:34.982 62218 INFO tempest.lib.common.fixed_network [-] (ImagesOneServerNegativeTestJSON:setUpClass) Found network {'id': 'f3658bad-6cc4-4540-a605-79def86df85f', 'name': 'tempest-ImagesOneServerNegativeTestJSON-1114283894-network', 'tenant_id': '6a554323cee1457c851018b012642cf8', 'admin_state_up': True, 'mtu': 8950, 'status': 'ACTIVE', 'subnets': [], 'shared': False, 'project_id': '6a554323cee1457c851018b012642cf8', 'port_security_enabled': True, 'router:external': False, 'provider:network_type': 'vlan', 'provider:physical_network': 'default', 'provider:segmentation_id': 617, 'is_default': False, 'availability_zone_hints': [], 'availability_zones': [], 'ipv4_address_scope': None, 'ipv6_address_scope': None, 'description': '', 'tags': [], 'created_at': '2024-10-24T13:39:31Z', 'updated_at': '2024-10-24T13:39:31Z', 'revision_number': 1} available for tenant
2024-10-24 13:39:35.019 62262 INFO tempest.lib.common.rest_client [req-7783c5bc-4866-43d5-9a35-67eef3ed56b4 req-7783c5bc-4866-43d5-9a35-67eef3ed56b4 ] Request (ImagesOneServerTestJSON:setUpClass): 200 GET http://10.180.1.21/compute/v2.1/servers/a6a3b8fe-6911-4d8f-bd3e-8044c47a541b 0.167s
2024-10-24 13:39:35.031 62262 INFO tempest.common.waiters [-] State transition "BUILD/None" ==> "BUILD/networking" after 57 second wait
2024-10-24 13:39:35.040 62256 INFO tempest.lib.common.rest_client [req-7eef3243-998b-41df-af67-bd433bd1f957 req-7eef3243-998b-41df-af67-bd433bd1f957 ] Request (AttachInterfacesTestJSON:test_create_list_show_delete_interfaces_by_fixed_ip): 200 GET http://10.180.1.21/compute/v2.1/servers/719de3af-ffe0-4352-9d2c-9e102859fb6c 0.178s
2024-10-24 13:39:35.117 62248 INFO tempest.lib.common.rest_client [req-12e7c5a3-34db-40d0-b81f-3bd2379e278a req-12e7c5a3-34db-40d0-b81f-3bd2379e278a ] Request (MigrationsAdminTest:test_resize_server_revert_deleted_flavor): 200 GET http://10.180.1.21/compute/v2.1/servers/de9fde95-3ad2-414a-b561-fe4ccc1dc9ba 0.211s
2024-10-24 13:39:35.174 62252 INFO tempest.lib.common.rest_client [req-43c17098-abc4-447d-87f3-8391526e29f5 req-43c17098-abc4-447d-87f3-8391526e29f5 ] Request (ServersTestJSON:setUpClass): 200 GET http://10.180.1.21/compute/v2.1/servers/7dda08a4-83ae-4882-9469-324d948c9749 0.251s
2024-10-24 13:39:35.222 62258 INFO tempest.lib.common.rest_client [req-3de3fbff-2aca-4224-b2f2-39a0f8a072f8 req-3de3fbff-2aca-4224-b2f2-39a0f8a072f8 ] Request (SecurityGroupRulesNegativeTestJSON:test_create_security_group_rule_duplicate): 400 POST http://10.180.1.21/compute/v2.1/os-security-group-rules 0.348s
2024-10-24 13:39:35.231 62254 INFO tempest.lib.common.rest_client [req-da4aa6bc-05c1-41dd-8c4e-84f5e1895fac req-da4aa6bc-05c1-41dd-8c4e-84f5e1895fac ] Request (ServerGroupTestJSON:test_create_server_with_scheduler_hint_group): 200 GET http://10.180.1.21/compute/v2.1/servers/9d71be92-36ef-4523-919a-931110d73248 0.252s
2024-10-24 13:39:35.295 62264 INFO tempest.lib.common.rest_client [req-cbc598cf-f290-48ca-a4e7-feaa80c15fc1 req-cbc598cf-f290-48ca-a4e7-feaa80c15fc1 ] Request (AttachInterfacesV270Test:test_create_get_list_interfaces): 200 GET http://10.180.1.21/compute/v2.1/servers/762efd5e-c95e-4718-98de-2e0b05226c06 0.286s
2024-10-24 13:39:35.364 62208 INFO tempest.lib.common.rest_client [req-3ea84512-6c2d-4a93-a4d6-752c8277608b req-3ea84512-6c2d-4a93-a4d6-752c8277608b ] Request (ServerDiagnosticsTest:test_get_server_diagnostics): 200 GET http://10.180.1.21/compute/v2.1/servers/b205db9a-8170-4c53-8212-f3fc2ec11d1c 0.322s
2024-10-24 13:39:35.430 62236 INFO tempest.lib.common.rest_client [req-7618228f-06bf-4695-b6bf-15cfda3dbffb req-7618228f-06bf-4695-b6bf-15cfda3dbffb ] Request (ServerActionsV293TestJSON:setUpClass): 200 GET http://10.180.1.21/compute/v2.1/servers/293b6863-510c-493e-8c9a-af53ad80fc89 0.336s
2024-10-24 13:39:35.495 62270 INFO tempest.lib.common.rest_client [req-405ba8c5-531c-4737-b355-0eaeace9f7a7 req-405ba8c5-531c-4737-b355-0eaeace9f7a7 ] Request (ServerShowV254Test:test_rebuild_server): 200 GET http://10.180.1.21/compute/v2.1/servers/9e166ffe-1ada-43d2-9ac1-56ad0cf7cae8 0.390s
2024-10-24 13:39:35.544 62250 INFO tempest.lib.common.rest_client [req-21968b32-8d49-4eed-a454-764788cf37ea req-21968b32-8d49-4eed-a454-764788cf37ea ] Request (SecurityGroupsTestJSON:test_list_security_groups_by_server): 200 GET http://10.180.1.21/compute/v2.1/servers/65dba389-321c-478d-9555-bcd9c318f6d0 0.402s
2024-10-24 13:39:35.595 62214 INFO tempest.lib.common.rest_client [req-5149bc65-d34a-4a05-b7dc-73318c4cba1f req-5149bc65-d34a-4a05-b7dc-73318c4cba1f ] Request (ServersV294TestFqdnHostnames:setUpClass): 200 GET http://10.180.1.21/compute/v2.1/servers/26f6843a-2548-47e0-9dc9-bc53eda32b60 0.421s
2024-10-24 13:39:35.646 62238 INFO tempest.lib.common.rest_client [req-5d1dc48a-bfbc-4360-bfef-19d5267ffdb2 req-5d1dc48a-bfbc-4360-bfef-19d5267ffdb2 ] Request (AttachInterfacesUnderV243Test:test_add_remove_fixed_ip): 200 GET http://10.180.1.21/compute/v2.1/servers/3661a95f-a75c-4f0f-ad25-428afdb7bccb 0.441s
2024-10-24 13:39:35.699 62242 INFO tempest.lib.common.rest_client [req-e914a2f3-23e9-4282-933f-18294cb217ff req-e914a2f3-23e9-4282-933f-18294cb217ff ] Request (ServerDiagnosticsNegativeTest:test_get_server_diagnostics_by_non_admin): 200 GET http://10.180.1.21/compute/v2.1/servers/1a9257f6-5493-4ebb-8c37-88e11480a4f6 0.479s
2024-10-24 13:39:35.701 62218 INFO tempest.lib.common.rest_client [req-86b40826-fce7-48ba-b13b-65e85e3e6d5d req-86b40826-fce7-48ba-b13b-65e85e3e6d5d ] Request (ImagesOneServerNegativeTestJSON:setUpClass): 202 POST http://10.180.1.21/compute/v2.1/servers 0.719s
2024-10-24 13:39:35.750 62216 INFO tempest.lib.common.rest_client [req-b837949c-3a7f-4952-be08-c5765e54bcae req-b837949c-3a7f-4952-be08-c5765e54bcae ] Request (ServersTestJSON:setUpClass): 201 POST http://10.180.1.21:9696/networking/v2.0/routers 1.144s
2024-10-24 13:39:35.757 62232 INFO tempest.lib.common.rest_client [req-968fa78b-c28d-47db-b9d5-5a09a8d48ed1 req-968fa78b-c28d-47db-b9d5-5a09a8d48ed1 ] Request (DeleteServersAdminTestJSON:test_delete_server_while_in_error_state): 200 GET http://10.180.1.21/compute/v2.1/servers/59d2c196-9230-4303-9b99-92211c53cb15 0.488s
2024-10-24 13:39:35.825 62244 INFO tempest.lib.common.rest_client [req-a5c0ef6a-6e85-4c5a-a6d1-4dfacd0fab6a req-a5c0ef6a-6e85-4c5a-a6d1-4dfacd0fab6a ] Request (ServerDiskConfigTestJSON:test_rebuild_server_with_auto_disk_config): 200 GET http://10.180.1.21/compute/v2.1/servers/2933b91a-ab88-4f0f-bd63-3752cdc763de 0.384s
2024-10-24 13:39:35.864 62258 INFO tempest.lib.common.rest_client [req-d396eda7-8a3b-4c3d-8e45-8c5e9e8bd403 req-d396eda7-8a3b-4c3d-8e45-8c5e9e8bd403 ] Request (SecurityGroupRulesNegativeTestJSON:_run_cleanups): 202 DELETE http://10.180.1.21/compute/v2.1/os-security-group-rules/71eaed2a-ace5-4fd6-9cb6-c2cbdf470018 0.642s
2024-10-24 13:39:35.876 62268 INFO tempest.lib.common.rest_client [req-6cb4760c-3843-4463-aab5-422d98e2c75f req-6cb4760c-3843-4463-aab5-422d98e2c75f ] Request (VolumesAdminNegativeTest:test_update_attached_volume_with_nonexistent_volume_in_body): 200 GET http://10.180.1.21/compute/v2.1/servers/816de9f9-a8a9-415a-a6c4-57baea86df51 0.381s
2024-10-24 13:39:35.923 62246 INFO tempest.lib.common.rest_client [req-9899bac8-5613-4761-890d-39e5ad8b512f req-9899bac8-5613-4761-890d-39e5ad8b512f ] Request (ServersTestMultiNic:test_verify_duplicate_network_nics): 200 GET http://10.180.1.21/compute/v2.1/servers/44ea1800-005c-485f-969d-4bf71d58c284 0.383s
2024-10-24 13:39:35.941 62222 INFO tempest.lib.common.rest_client [req-d0c22f52-9a53-4470-a04e-d2b39dc64a01 req-d0c22f52-9a53-4470-a04e-d2b39dc64a01 ] Request (ServersAdmin275Test:test_rebuild_update_server_275): 200 GET http://10.180.1.21/compute/v2.1/servers/915c3b6c-640b-430f-b264-40bf85c642b9 0.333s
2024-10-24 13:39:35.980 62260 INFO tempest.lib.common.rest_client [req-87dfe457-791b-4fb6-8c83-a5965228a9bc req-87dfe457-791b-4fb6-8c83-a5965228a9bc ] Request (ServerRescueTestJSON:setUpClass): 200 GET http://10.180.1.21/compute/v2.1/servers/84c6fdb9-0858-4f25-bdc8-474ffb9f6abb 0.332s
2024-10-24 13:39:35.998 62218 INFO tempest.lib.common.rest_client [req-47a156ff-57da-48cb-a69e-2c4f68613f7d req-47a156ff-57da-48cb-a69e-2c4f68613f7d ] Request (ImagesOneServerNegativeTestJSON:setUpClass): 200 GET http://10.180.1.21/compute/v2.1/servers/a540095e-563e-4059-b861-5d0e1b4995f4 0.295s
2024-10-24 13:39:36.033 62212 INFO tempest.lib.common.rest_client [req-8d2c0a43-f9de-4de8-9bb7-71c298683a23 req-8d2c0a43-f9de-4de8-9bb7-71c298683a23 ] Request (InstanceActionsTestJSON:setUpClass): 200 GET http://10.180.1.21/compute/v2.1/servers/77460934-215e-4294-8eb3-a380dfbacddd 0.314s
2024-10-24 13:39:36.075 62220 INFO tempest.lib.common.rest_client [req-32c56cdf-c957-4f9a-9e7a-97c07815e601 req-32c56cdf-c957-4f9a-9e7a-97c07815e601 ] Request (ServerAddressesNegativeTestJSON:setUpClass): 200 GET http://10.180.1.21/compute/v2.1/servers/d6d6e8c7-75d7-4fc5-bbdf-0af629d7d842 0.299s
2024-10-24 13:39:36.087 62220 INFO tempest.common.waiters [-] State transition "BUILD/spawning" ==> "ERROR/None" after 62 second wait
2024-10-24 13:39:36.097 62228 INFO tempest.lib.common.rest_client [req-be4f3971-902c-403e-ab9a-7666b936e4ec req-be4f3971-902c-403e-ab9a-7666b936e4ec ] Request (ImagesTestJSON:test_create_image_from_suspended_server): 200 GET http://10.180.1.21/compute/v2.1/servers/7c48e5b6-eb5f-4c35-9966-1cfc69182595 0.271s
2024-10-24 13:39:36.146 62240 INFO tempest.lib.common.rest_client [req-2ed245dd-0d20-4e2a-b070-32aca0615709 req-2ed245dd-0d20-4e2a-b070-32aca0615709 ] Request (ServersTestFqdnHostnames:test_create_server_with_fqdn_name): 200 GET http://10.180.1.21/compute/v2.1/servers/0c45c5c0-f8db-4631-ba9a-271d8f9ddff4 0.257s
2024-10-24 13:39:36.241 62258 INFO tempest.lib.common.rest_client [req-da9d2fd4-440b-44d8-957c-d01f76aff007 req-da9d2fd4-440b-44d8-957c-d01f76aff007 ] Request (SecurityGroupRulesNegativeTestJSON:test_create_security_group_rule_with_invalid_from_port): 200 POST http://10.180.1.21/compute/v2.1/os-security-groups 0.375s
2024-10-24 13:39:36.304 62234 INFO tempest.lib.common.rest_client [req-68845dc1-938f-4fe7-b3b1-186777fd4628 req-68845dc1-938f-4fe7-b3b1-186777fd4628 ] Request (DeleteServersTestJSON:test_delete_active_server): 200 GET http://10.180.1.21/compute/v2.1/servers/90cb79fb-aeb4-4c13-ab80-2787f67ff240 0.337s
2024-10-24 13:39:36.336 62224 INFO tempest.lib.common.rest_client [req-3421b49c-0590-4450-98b4-f1792fb9d453 req-3421b49c-0590-4450-98b4-f1792fb9d453 ] Request (FloatingIPsAssociationNegativeTestJSON:setUpClass): 200 GET http://10.180.1.21/compute/v2.1/servers/630145f3-cd01-41fe-b9c5-7ebf44b1e6d9 0.378s
2024-10-24 13:39:36.389 62256 INFO tempest.lib.common.rest_client [req-8bb487f4-a748-40c7-ac97-28741204f5bb req-8bb487f4-a748-40c7-ac97-28741204f5bb ] Request (AttachInterfacesTestJSON:test_create_list_show_delete_interfaces_by_fixed_ip): 200 GET http://10.180.1.21/compute/v2.1/servers/719de3af-ffe0-4352-9d2c-9e102859fb6c 0.340s
2024-10-24 13:39:36.476 62262 INFO tempest.lib.common.rest_client [req-98e4e923-7f36-4cff-a32a-dd23b23f6c69 req-98e4e923-7f36-4cff-a32a-dd23b23f6c69 ] Request (ImagesOneServerTestJSON:setUpClass): 200 GET http://10.180.1.21/compute/v2.1/servers/a6a3b8fe-6911-4d8f-bd3e-8044c47a541b 0.444s
2024-10-24 13:39:36.483 62262 INFO tempest.common.waiters [-] State transition "BUILD/networking" ==> "BUILD/spawning" after 58 second wait
2024-10-24 13:39:36.537 62248 INFO tempest.lib.common.rest_client [req-1563740d-1c91-4777-ae23-3eef8c1245b8 req-1563740d-1c91-4777-ae23-3eef8c1245b8 ] Request (MigrationsAdminTest:test_resize_server_revert_deleted_flavor): 200 GET http://10.180.1.21/compute/v2.1/servers/de9fde95-3ad2-414a-b561-fe4ccc1dc9ba 0.411s
2024-10-24 13:39:36.551 62248 INFO tempest.common.waiters [-] State transition "BUILD/scheduling" ==> "BUILD/None" after 43 second wait
2024-10-24 13:39:36.601 62252 INFO tempest.lib.common.rest_client [req-933547de-d012-41cb-a650-35e28c513c00 req-933547de-d012-41cb-a650-35e28c513c00 ] Request (ServersTestJSON:setUpClass): 200 GET http://10.180.1.21/compute/v2.1/servers/7dda08a4-83ae-4882-9469-324d948c9749 0.418s
2024-10-24 13:39:36.609 62220 INFO tempest.lib.common.rest_client [req-a9716969-af80-4d64-a4ad-60e5df236e5b req-a9716969-af80-4d64-a4ad-60e5df236e5b ] Request (ServerAddressesNegativeTestJSON:setUpClass): 204 DELETE http://10.180.1.21/compute/v2.1/servers/d6d6e8c7-75d7-4fc5-bbdf-0af629d7d842 0.521s
2024-10-24 13:39:36.647 62258 INFO tempest.lib.common.rest_client [req-9de668fb-3bfa-40ab-92fa-982f43b6ba04 req-9de668fb-3bfa-40ab-92fa-982f43b6ba04 ] Request (SecurityGroupRulesNegativeTestJSON:test_create_security_group_rule_with_invalid_from_port): 400 POST http://10.180.1.21/compute/v2.1/os-security-group-rules 0.400s
2024-10-24 13:39:36.659 62254 INFO tempest.lib.common.rest_client [req-323de537-793f-4071-ae66-7af21d63666e req-323de537-793f-4071-ae66-7af21d63666e ] Request (ServerGroupTestJSON:test_create_server_with_scheduler_hint_group): 200 GET http://10.180.1.21/compute/v2.1/servers/9d71be92-36ef-4523-919a-931110d73248 0.421s
