2024-10-24 12:56:33.470 62335 INFO tempest.lib.common.rest_client [req-5633608e-20df-47a1-a6b5-00d87c2b2afa req-5633608e-20df-47a1-a6b5-00d87c2b2afa ] Request (VolumesNegativeTest:setUpClass): 204 PUT http://10.180.1.21/identity/v3/projects/87d8a99b20aa449abe0d61945f9e98a9/users/0c7ab232f747436893f75913bc73237c/roles/b0ad5a71955948d986dc235ba966799b 0.071s
2024-10-24 12:56:33.470 62335 INFO tempest.lib.common.dynamic_creds [-] Dynamic test user 0c7ab232f747436893f75913bc73237c is created with scope project and roles: ['member']
2024-10-24 12:56:33.470 62335 INFO tempest.lib.common.dynamic_creds [-] Acquired dynamic creds: credentials: Credentials: {'domain_id': 'default', 'domain_name': 'Default', 'username': 'tempest-VolumesNegativeTest-193734386-project-member', 'project_domain_id': 'default', 'project_domain_name': 'Default', 'project_id': '87d8a99b20aa449abe0d61945f9e98a9', 'project_name': 'tempest-VolumesNegativeTest-193734386', 'tenant_id': '87d8a99b20aa449abe0d61945f9e98a9', 'tenant_name': 'tempest-VolumesNegativeTest-193734386', 'user_domain_id': 'default', 'user_domain_name': 'Default', 'user_id': '0c7ab232f747436893f75913bc73237c', 'system': None}, Network: None, Subnet: None, Router: None
2024-10-24 12:56:33.471 62335 INFO tempest.lib.common.dynamic_creds [-] Created isolated network resources for: credentials: Credentials: {'domain_id': 'default', 'domain_name': 'Default', 'username': 'tempest-VolumesNegativeTest-193734386-project-member', 'project_domain_id': 'default', 'project_domain_name': 'Default', 'project_id': '87d8a99b20aa449abe0d61945f9e98a9', 'project_name': 'tempest-VolumesNegativeTest-193734386', 'tenant_id': '87d8a99b20aa449abe0d61945f9e98a9', 'tenant_name': 'tempest-VolumesNegativeTest-193734386', 'user_domain_id': 'default', 'user_domain_name': 'Default', 'user_id': '0c7ab232f747436893f75913bc73237c', 'system': None}, Network: None, Subnet: None, Router: None
2024-10-24 12:56:33.488 62343 INFO tempest.lib.common.rest_client [req-bd4de427-935c-430d-8be3-ede0ff59b9d9 req-bd4de427-935c-430d-8be3-ede0ff59b9d9 ] Request (AbsoluteLimitsTestJSON:setUpClass): 201 POST http://10.180.1.21/identity/v3/auth/tokens 0.076s
2024-10-24 12:56:33.494 62349 INFO tempest.lib.common.rest_client [req-77acf93a-ad69-4e02-9faf-e04a0f351beb req-77acf93a-ad69-4e02-9faf-e04a0f351beb ] Request (ServersAdminTestJSON:setUpClass): 200 GET http://10.180.1.21/compute/v2.1/servers/4839c06e-f55a-4162-8eae-cfaeae07cdae 0.150s
2024-10-24 12:56:33.531 62317 INFO tempest.lib.common.rest_client [req-4ef254ca-9957-4014-a105-64d71682f2b3 req-4ef254ca-9957-4014-a105-64d71682f2b3 ] Request (ServersAdmin275Test:tearDownClass): 200 GET http://10.180.1.21/compute/v2.1/servers/733343f7-99e2-4e07-94eb-1b66458d799a 0.138s
2024-10-24 12:56:33.555 62363 INFO tempest.lib.common.rest_client [req-0fe68dd3-a0c8-4c3e-b8a0-f18de6a6b103 req-0fe68dd3-a0c8-4c3e-b8a0-f18de6a6b103 ] Request (AttachVolumeShelveTestJSON:test_attach_volume_shelved_or_offload_server): 200 GET http://10.180.1.21/compute/v2.1/servers/71a5a130-fd26-4cf5-9b27-520f9eb62c55 0.108s
2024-10-24 12:56:33.557 62335 INFO tempest.lib.common.rest_client [req-9e546931-73c0-41f5-8fc5-464d7c45abd2 req-9e546931-73c0-41f5-8fc5-464d7c45abd2 ] Request (VolumesNegativeTest:setUpClass): 201 POST http://10.180.1.21/identity/v3/auth/tokens 0.083s
2024-10-24 12:56:33.623 62313 INFO tempest.lib.common.rest_client [req-3d5a4d0e-6d38-4484-9ca6-fb89f01eaa5d req-3d5a4d0e-6d38-4484-9ca6-fb89f01eaa5d ] Request (ServersAdminNegativeTestJSON:setUpClass): 200 GET http://10.180.1.21/compute/v2.1/servers/18b4e8c7-3517-46b2-b0a1-8d17bb222874 0.159s
2024-10-24 12:56:33.703 62335 INFO tempest.lib.common.rest_client [req-79efb2f0-5de4-41b6-b9d9-07dce44fa0b3 req-79efb2f0-5de4-41b6-b9d9-07dce44fa0b3 ] Request (VolumesNegativeTest:test_create_volume_with_invalid_size): 400 POST http://10.180.1.21/compute/v2.1/os-volumes 0.145s
2024-10-24 12:56:33.750 62343 INFO tempest.lib.common.rest_client [req-9b68cb72-2f0e-4eb4-af6d-2efa31d75d7c req-9b68cb72-2f0e-4eb4-af6d-2efa31d75d7c ] Request (AbsoluteLimitsTestJSON:test_absLimits_get): 200 GET http://10.180.1.21/compute/v2.1/limits 0.260s
2024-10-24 12:56:33.803 62331 INFO tempest.lib.common.rest_client [req-eb2950e1-b73b-42f1-9241-77b6e2e45f25 req-eb2950e1-b73b-42f1-9241-77b6e2e45f25 ] Request (ServersV294TestFqdnHostnames:setUpClass): 200 GET http://10.180.1.21/compute/v2.1/servers/9b950dc9-d79c-4b30-8b71-1910b46ffd9b 0.233s
2024-10-24 12:56:33.811 62335 INFO tempest.lib.common.rest_client [req-ba310f64-9cf4-4650-b171-94259ca50383 req-ba310f64-9cf4-4650-b171-94259ca50383 ] Request (VolumesNegativeTest:test_create_volume_with_size_zero): 400 POST http://10.180.1.21/compute/v2.1/os-volumes 0.106s
2024-10-24 12:56:33.828 62372 INFO tempest.lib.common.rest_client [req-94aa3757-a598-4d30-9802-5a00eb0ba54b req-94aa3757-a598-4d30-9802-5a00eb0ba54b ] Request (ServerShowV247Test:test_update_rebuild_list_server): 200 GET http://10.180.1.21/compute/v2.1/servers/2315bd37-6151-42d7-8b54-9ee367be0ed1 0.165s
2024-10-24 12:56:33.878 62365 INFO tempest.lib.common.rest_client [req-ead14d73-158c-4893-bfd3-5d6ccfde5db4 req-ead14d73-158c-4893-bfd3-5d6ccfde5db4 ] Request (ServerActionsV293TestJSON:setUpClass): 200 GET http://10.180.1.21/volume/v3/volumes/e9669362-c0b6-4963-8dc6-bb41f389b0ec 0.036s
2024-10-24 12:56:33.886 62369 INFO tempest.lib.common.rest_client [req-57b1c425-2cb0-416d-a369-1aaa0379e9b0 req-57b1c425-2cb0-416d-a369-1aaa0379e9b0 ] Request (MultipleCreateTestJSON:test_multiple_create_with_reservation_return): 200 GET http://10.180.1.21/compute/v2.1/servers/6ba7ca7d-173d-41d3-b523-3548a67397c4 0.181s
2024-10-24 12:56:33.888 62343 INFO tempest.lib.common.rest_client [req-17022609-0228-4c20-b11d-ee5868b01e2c req-17022609-0228-4c20-b11d-ee5868b01e2c ] Request (AbsoluteLimitsTestJSON:tearDownClass): 204 DELETE http://10.180.1.21/identity/v3/users/8727c155c0ee48f3bb03d870f76ae10c 0.132s
2024-10-24 12:56:33.889 62343 INFO tempest.lib.common.dynamic_creds [-] Deleting project and security group for project: fce39c4558b5494c952ba399d4b9a42d
2024-10-24 12:56:33.903 62327 INFO tempest.lib.common.rest_client [req-140f6b2b-34c6-4bb2-919b-f851bc817ca1 req-140f6b2b-34c6-4bb2-919b-f851bc817ca1 ] Request (ServersTestJSON:setUpClass): 200 GET http://10.180.1.21/compute/v2.1/servers/c332c6fd-1edd-4d9e-85a9-32a408f9d05e 0.155s
2024-10-24 12:56:33.920 62335 INFO tempest.lib.common.rest_client [req-dcc42202-f21e-4a89-ad89-961f8596e899 req-dcc42202-f21e-4a89-ad89-961f8596e899 ] Request (VolumesNegativeTest:test_create_volume_without_passing_size): 400 POST http://10.180.1.21/compute/v2.1/os-volumes 0.108s
2024-10-24 12:56:33.955 62343 INFO tempest.lib.common.rest_client [req-461ce029-06ea-4736-83ec-bcb22f16b3ab req-461ce029-06ea-4736-83ec-bcb22f16b3ab ] Request (AbsoluteLimitsTestJSON:tearDownClass): 201 POST http://10.180.1.21/identity/v3/auth/tokens 0.066s
2024-10-24 12:56:33.978 62337 INFO tempest.lib.common.rest_client [req-3630ec2c-afcf-46df-9bca-6cfa14cc4cdb req-3630ec2c-afcf-46df-9bca-6cfa14cc4cdb ] Request (ServersWithSpecificFlavorTestJSON:test_verify_created_server_ephemeral_disk): 200 GET http://10.180.1.21/compute/v2.1/servers/cd0af99e-0a90-4aa4-80b5-f6a7a3b7ec59 0.170s
2024-10-24 12:56:33.992 62351 INFO tempest.lib.common.rest_client [req-8ebbd199-388b-459a-b072-4f3f247c85f4 req-8ebbd199-388b-459a-b072-4f3f247c85f4 ] Request (VolumesAssistedSnapshotsTest:test_volume_assisted_snapshot_create_delete): 200 GET http://10.180.1.21/compute/v2.1/servers/8d858fe9-1c97-457b-87ba-2d405bb7dcc0 0.161s
2024-10-24 12:56:34.001 62351 INFO tempest.common.waiters [-] State transition "BUILD/None" ==> "BUILD/networking" after 44 second wait
2024-10-24 12:56:34.050 62321 INFO tempest.lib.common.rest_client [req-a407f225-70c0-4b3a-8af3-4068dc573d1f req-a407f225-70c0-4b3a-8af3-4068dc573d1f ] Request (ListServersNegativeTestJSON:setUpClass): 200 GET http://10.180.1.21/compute/v2.1/servers/5670d64c-bddc-4b4a-bdf0-2b039be5e49e 0.148s
2024-10-24 12:56:34.059 62333 INFO tempest.lib.common.rest_client [req-058c0842-4754-4444-8456-bdfe95c8bb5a req-058c0842-4754-4444-8456-bdfe95c8bb5a ] Request (ServerAddressesNegativeTestJSON:setUpClass): 200 GET http://10.180.1.21/compute/v2.1/servers/e40e1443-6d5d-41e1-9822-08b782e39d27 0.154s
2024-10-24 12:56:34.086 62335 INFO tempest.lib.common.rest_client [req-6ccf9937-e351-452d-a295-b02e827a0468 req-6ccf9937-e351-452d-a295-b02e827a0468 ] Request (VolumesNegativeTest:test_delete_invalid_volume_id): 404 DELETE http://10.180.1.21/compute/v2.1/os-volumes/tempest-invalid-181569864 0.164s
2024-10-24 12:56:34.129 62373 INFO tempest.lib.common.rest_client [req-6129472d-3f9d-4404-b5ee-1eeccb6b5d2b req-6129472d-3f9d-4404-b5ee-1eeccb6b5d2b ] Request (ServerActionsTestJSON:setUpClass): 200 GET http://10.180.1.21/compute/v2.1/servers/01c864cd-58a3-4061-836d-6a86ad37e4c4 0.157s
2024-10-24 12:56:34.137 62325 INFO tempest.lib.common.rest_client [req-bacf85e7-69c7-4e37-bc25-ec9842c79bdb req-bacf85e7-69c7-4e37-bc25-ec9842c79bdb ] Request (ServerExternalEventsTest:test_create_server_external_events): 200 GET http://10.180.1.21/compute/v2.1/servers/b2ec37a4-09f6-428c-bca9-1ec121c9c390 0.159s
2024-10-24 12:56:34.185 62347 INFO tempest.lib.common.rest_client [req-c3d61dfa-c520-4992-bc64-960c73b2f680 req-c3d61dfa-c520-4992-bc64-960c73b2f680 ] Request (ServerAddressesTestJSON:setUpClass): 200 GET http://10.180.1.21/compute/v2.1/servers/b0343f07-0539-4395-81c8-46ca1f2a8920 0.143s
2024-10-24 12:56:34.189 62335 INFO tempest.lib.common.rest_client [req-10947ba3-c381-437f-9569-c31fbae95bcb req-10947ba3-c381-437f-9569-c31fbae95bcb ] Request (VolumesNegativeTest:test_delete_volume_without_passing_volume_id): 404 DELETE http://10.180.1.21/compute/v2.1/os-volumes/ 0.102s
2024-10-24 12:56:34.194 62343 INFO tempest.lib.common.rest_client [req-4ab5b0ce-daf8-472e-9bef-f37dd05b9839 req-4ab5b0ce-daf8-472e-9bef-f37dd05b9839 ] Request (AbsoluteLimitsTestJSON:tearDownClass): 200 GET http://10.180.1.21:9696/networking/v2.0/security-groups?tenant_id=fce39c4558b5494c952ba399d4b9a42d&name=default 0.238s
2024-10-24 12:56:34.196 62357 INFO tempest.lib.common.rest_client [req-852e7c2e-d1b7-4820-9267-0797f74b5cc0 req-852e7c2e-d1b7-4820-9267-0797f74b5cc0 ] Request (AttachVolumeNegativeTest:test_attach_attached_volume_to_different_server): 200 GET http://10.180.1.21/compute/v2.1/servers/374062de-1242-44bd-b658-e8976f8c3b6c 0.168s
2024-10-24 12:56:34.211 62311 INFO tempest.lib.common.rest_client [req-550a1321-86cd-4c76-a35c-25545c32d5c7 req-550a1321-86cd-4c76-a35c-25545c32d5c7 ] Request (VolumesAdminNegativeTest:setUpClass): 201 POST http://10.180.1.21:9696/networking/v2.0/routers 1.644s
2024-10-24 12:56:34.242 62315 INFO tempest.lib.common.rest_client [req-a0113d76-5f61-4b84-bbf3-160c6093b892 req-a0113d76-5f61-4b84-bbf3-160c6093b892 ] Request (MigrationsAdminTest:test_resize_server_revert_deleted_flavor): 200 GET http://10.180.1.21/compute/v2.1/servers/6dd1097f-7353-4938-be2b-51c248e45fe2 0.139s
2024-10-24 12:56:34.244 62335 INFO tempest.lib.common.rest_client [req-b0948279-4ac2-4673-bdac-765f771f114a req-b0948279-4ac2-4673-bdac-765f771f114a ] Request (VolumesNegativeTest:test_get_volume_without_passing_volume_id): 404 GET http://10.180.1.21/compute/v2.1/os-volumes/ 0.054s
2024-10-24 12:56:34.255 62339 INFO tempest.lib.common.rest_client [req-9e4d8174-6c5a-4f40-b151-306dfcb7b86f req-9e4d8174-6c5a-4f40-b151-306dfcb7b86f ] Request (InstanceActionsTestJSON:setUpClass): 200 GET http://10.180.1.21/compute/v2.1/servers/395cd695-c6a0-4c7e-ad0b-8ee5d4f64cfa 0.100s
2024-10-24 12:56:34.296 62335 INFO tempest.lib.common.rest_client [req-0175ee73-6001-42cd-99fc-6a516ebf0e50 req-0175ee73-6001-42cd-99fc-6a516ebf0e50 ] Request (VolumesNegativeTest:test_volume_delete_nonexistent_volume_id): 404 DELETE http://10.180.1.21/compute/v2.1/os-volumes/c367ddd3-928d-4d24-a193-0d7574fb030f 0.050s
2024-10-24 12:56:34.301 62329 INFO tempest.lib.common.rest_client [req-8dae2353-8455-42b7-b9b7-19c222b58351 req-8dae2353-8455-42b7-b9b7-19c222b58351 ] Request (AttachInterfacesTestJSON:test_create_list_show_delete_interfaces_by_fixed_ip): 200 GET http://10.180.1.21/compute/v2.1/servers/62d7c997-cd38-43f5-a571-78a055ad05f7 0.100s
2024-10-24 12:56:34.306 62343 INFO tempest.lib.common.rest_client [req-222b6849-e690-4686-b4a2-168f7ecf5bfa req-222b6849-e690-4686-b4a2-168f7ecf5bfa ] Request (AbsoluteLimitsTestJSON:tearDownClass): 204 DELETE http://10.180.1.21:9696/networking/v2.0/security-groups/b8a1b714-727e-4e7f-9d6b-deac77546825 0.111s
2024-10-24 12:56:34.324 62335 INFO tempest.lib.common.rest_client [req-7cec49d7-6537-44c2-92b1-87c5a8001197 req-7cec49d7-6537-44c2-92b1-87c5a8001197 ] Request (VolumesNegativeTest:test_volume_get_nonexistent_volume_id): 404 GET http://10.180.1.21/compute/v2.1/os-volumes/8e8ae77d-f084-467b-b2cf-51b11ae98dda 0.027s
2024-10-24 12:56:34.370 62319 INFO tempest.lib.common.rest_client [req-72a823c9-d7e0-4e67-afe6-69a9bb11d6e8 req-72a823c9-d7e0-4e67-afe6-69a9bb11d6e8 ] Request (FloatingIPsAssociationTestJSON:setUpClass): 200 GET http://10.180.1.21/compute/v2.1/servers/b5625b76-37e3-49be-bd3b-8b864021dbd1 0.108s
2024-10-24 12:56:34.396 62343 INFO tempest.lib.common.rest_client [req-3c397a78-2df2-441c-b4d3-9d74e27b9934 req-3c397a78-2df2-441c-b4d3-9d74e27b9934 ] Request (AbsoluteLimitsTestJSON:tearDownClass): 204 DELETE http://10.180.1.21/identity/v3/projects/fce39c4558b5494c952ba399d4b9a42d 0.090s
2024-10-24 12:56:34.411 62335 INFO tempest.lib.common.rest_client [req-388ce944-67f7-4f5f-aab9-4a480b5b7e3e req-388ce944-67f7-4f5f-aab9-4a480b5b7e3e ] Request (VolumesNegativeTest:tearDownClass): 204 DELETE http://10.180.1.21/identity/v3/users/0c7ab232f747436893f75913bc73237c 0.082s
2024-10-24 12:56:34.411 62335 INFO tempest.lib.common.dynamic_creds [-] Deleting project and security group for project: 87d8a99b20aa449abe0d61945f9e98a9
2024-10-24 12:56:34.414 62367 INFO tempest.lib.common.rest_client [req-223c284e-b581-4612-a90a-6d054dd72372 req-223c284e-b581-4612-a90a-6d054dd72372 ] Request (ServerShowV254Test:tearDownClass): 200 GET http://10.180.1.21/compute/v2.1/servers/33029a57-19d2-45eb-b4ec-f50c47d3dc12 0.071s
2024-10-24 12:56:34.463 62343 INFO tempest.lib.common.rest_client [req-fb9b3ab0-5e2d-46a1-a56d-7f032b2668f2 req-fb9b3ab0-5e2d-46a1-a56d-7f032b2668f2 ] Request (ServerActionsTestOtherA:setUpClass): 201 POST http://10.180.1.21/identity/v3/auth/tokens 0.065s
2024-10-24 12:56:34.468 62355 INFO tempest.lib.common.rest_client [req-191db381-99a3-41c3-8653-cc88aeb5e7d6 req-191db381-99a3-41c3-8653-cc88aeb5e7d6 ] Request (ImagesTestJSON:test_create_image_from_suspended_server): 200 GET http://10.180.1.21/compute/v2.1/servers/cbcb5b42-06ab-41e4-ad08-d285b0863bfb 0.070s
2024-10-24 12:56:34.469 62361 INFO tempest.lib.common.rest_client [req-a7f12368-cd74-499d-bf2a-6bfeee45fddb req-a7f12368-cd74-499d-bf2a-6bfeee45fddb ] Request (ServerDiskConfigTestJSON:test_rebuild_server_with_manual_disk_config): 200 GET http://10.180.1.21/compute/v2.1/servers/54e03464-0f37-4f4d-8746-821e73da0541 0.079s
2024-10-24 12:56:34.499 62335 INFO tempest.lib.common.rest_client [req-95439c06-f507-453b-b7d0-8ea2ea0c3155 req-95439c06-f507-453b-b7d0-8ea2ea0c3155 ] Request (VolumesNegativeTest:tearDownClass): 201 POST http://10.180.1.21/identity/v3/auth/tokens 0.087s
2024-10-24 12:56:34.500 62343 INFO tempest.lib.common.rest_client [req-8e609109-7eea-4924-bdf2-bbdf2e8ae455 req-8e609109-7eea-4924-bdf2-bbdf2e8ae455 ] Request (ServerActionsTestOtherA:setUpClass): 201 POST http://10.180.1.21/identity/v3/auth/tokens 0.033s
2024-10-24 12:56:34.526 62343 INFO tempest.lib.common.rest_client [req-cb2bf9f1-a9ef-4bce-b7bf-8352030cdb60 req-cb2bf9f1-a9ef-4bce-b7bf-8352030cdb60 ] Request (ServerActionsTestOtherA:setUpClass): 200 GET http://10.180.1.21/identity/v3/domains?name=Default 0.026s
2024-10-24 12:56:34.529 62359 INFO tempest.lib.common.rest_client [req-992081f8-4222-4a13-8410-ef1e81e28c01 req-992081f8-4222-4a13-8410-ef1e81e28c01 ] Request (InstanceActionsV221TestJSON:test_get_list_deleted_instance_actions): 200 GET http://10.180.1.21/compute/v2.1/servers/842633ee-19a5-44d6-bdef-c9f81e5af11e 0.078s
2024-10-24 12:56:34.550 62323 INFO tempest.lib.common.rest_client [req-f0e777c8-fa80-44d3-b7e4-1caf41f9fa89 req-f0e777c8-fa80-44d3-b7e4-1caf41f9fa89 ] Request (ImagesOneServerTestJSON:setUpClass): 200 GET http://10.180.1.21/compute/v2.1/servers/ce3a7a32-424a-48a4-b5c5-2a25190943f5 0.090s
2024-10-24 12:56:34.582 62343 INFO tempest.lib.common.rest_client [req-5db71dc3-dc30-4ff1-88ba-6f7ecd225cd9 req-5db71dc3-dc30-4ff1-88ba-6f7ecd225cd9 ] Request (ServerActionsTestOtherA:setUpClass): 201 POST http://10.180.1.21/identity/v3/projects 0.055s
2024-10-24 12:56:34.608 62349 INFO tempest.lib.common.rest_client [req-d17eebda-35d5-4a6b-a43b-8f898302c400 req-d17eebda-35d5-4a6b-a43b-8f898302c400 ] Request (ServersAdminTestJSON:setUpClass): 200 GET http://10.180.1.21/compute/v2.1/servers/4839c06e-f55a-4162-8eae-cfaeae07cdae 0.105s
2024-10-24 12:56:34.639 62317 INFO tempest.lib.common.rest_client [req-3c7398c4-fbaf-482c-b5f1-1552ad6b3bc0 req-3c7398c4-fbaf-482c-b5f1-1552ad6b3bc0 ] Request (ServersAdmin275Test:tearDownClass): 200 GET http://10.180.1.21/compute/v2.1/servers/733343f7-99e2-4e07-94eb-1b66458d799a 0.099s
2024-10-24 12:56:34.666 62343 INFO tempest.lib.common.rest_client [req-8669edcd-b028-47d3-b0cb-f2addb6c758b req-8669edcd-b028-47d3-b0cb-f2addb6c758b ] Request (ServerActionsTestOtherA:setUpClass): 201 POST http://10.180.1.21/identity/v3/users 0.083s
2024-10-24 12:56:34.671 62363 INFO tempest.lib.common.rest_client [req-5a434bd9-dab2-447c-af58-eeff05c3f5b8 req-5a434bd9-dab2-447c-af58-eeff05c3f5b8 ] Request (AttachVolumeShelveTestJSON:test_attach_volume_shelved_or_offload_server): 200 GET http://10.180.1.21/compute/v2.1/servers/71a5a130-fd26-4cf5-9b27-520f9eb62c55 0.102s
2024-10-24 12:56:34.686 62343 INFO tempest.lib.common.rest_client [req-1f0eb5fb-5e27-4dcd-b698-c350c92a2510 req-1f0eb5fb-5e27-4dcd-b698-c350c92a2510 ] Request (ServerActionsTestOtherA:setUpClass): 200 GET http://10.180.1.21/identity/v3/roles 0.016s
2024-10-24 12:56:34.717 62343 INFO tempest.lib.common.rest_client [req-c0742e36-471a-40b8-b5aa-cf8e15aa46d9 req-c0742e36-471a-40b8-b5aa-cf8e15aa46d9 ] Request (ServerActionsTestOtherA:setUpClass): 204 PUT http://10.180.1.21/identity/v3/projects/3faf107bfcdd4d9fb07afc1b3f51e36c/users/03b7a88ad6264926ae54b1880e8c4a98/roles/b0ad5a71955948d986dc235ba966799b 0.030s
2024-10-24 12:56:34.717 62343 INFO tempest.lib.common.dynamic_creds [-] Dynamic test user 03b7a88ad6264926ae54b1880e8c4a98 is created with scope project and roles: ['member']
2024-10-24 12:56:34.717 62343 INFO tempest.lib.common.dynamic_creds [-] Acquired dynamic creds: credentials: Credentials: {'domain_id': 'default', 'domain_name': 'Default', 'username': 'tempest-ServerActionsTestOtherA-855364020-project-member', 'project_domain_id': 'default', 'project_domain_name': 'Default', 'project_id': '3faf107bfcdd4d9fb07afc1b3f51e36c', 'project_name': 'tempest-ServerActionsTestOtherA-855364020', 'tenant_id': '3faf107bfcdd4d9fb07afc1b3f51e36c', 'tenant_name': 'tempest-ServerActionsTestOtherA-855364020', 'user_domain_id': 'default', 'user_domain_name': 'Default', 'user_id': '03b7a88ad6264926ae54b1880e8c4a98', 'system': None}, Network: None, Subnet: None, Router: None
2024-10-24 12:56:34.719 62313 INFO tempest.lib.common.rest_client [req-36d967e8-a7fb-4097-8053-fcdd07880d98 req-36d967e8-a7fb-4097-8053-fcdd07880d98 ] Request (ServersAdminNegativeTestJSON:setUpClass): 200 GET http://10.180.1.21/compute/v2.1/servers/18b4e8c7-3517-46b2-b0a1-8d17bb222874 0.084s
2024-10-24 12:56:34.785 62343 INFO tempest.lib.common.rest_client [req-0ea623da-6d45-48cf-a70b-064988575e43 req-0ea623da-6d45-48cf-a70b-064988575e43 ] Request (ServerActionsTestOtherA:setUpClass): 201 POST http://10.180.1.21/identity/v3/auth/tokens 0.068s
2024-10-24 12:56:34.835 62335 INFO tempest.lib.common.rest_client [req-4319d189-64f1-4233-9134-d3f3d5a6b451 req-4319d189-64f1-4233-9134-d3f3d5a6b451 ] Request (VolumesNegativeTest:tearDownClass): 200 GET http://10.180.1.21:9696/networking/v2.0/security-groups?tenant_id=87d8a99b20aa449abe0d61945f9e98a9&name=default 0.336s
2024-10-24 12:56:34.916 62365 INFO tempest.lib.common.rest_client [req-052fb487-b695-4ff4-8b47-d9396a657dad req-052fb487-b695-4ff4-8b47-d9396a657dad ] Request (ServerActionsV293TestJSON:setUpClass): 200 GET http://10.180.1.21/volume/v3/volumes/e9669362-c0b6-4963-8dc6-bb41f389b0ec 0.031s
2024-10-24 12:56:34.938 62331 INFO tempest.lib.common.rest_client [req-d8d1c748-8d09-4231-b757-5efdf68f8bb8 req-d8d1c748-8d09-4231-b757-5efdf68f8bb8 ] Request (ServersV294TestFqdnHostnames:setUpClass): 200 GET http://10.180.1.21/compute/v2.1/servers/9b950dc9-d79c-4b30-8b71-1910b46ffd9b 0.120s
2024-10-24 12:56:34.940 62372 INFO tempest.lib.common.rest_client [req-08cda1b4-89e4-4fb7-be6d-b90c003993aa req-08cda1b4-89e4-4fb7-be6d-b90c003993aa ] Request (ServerShowV247Test:test_update_rebuild_list_server): 200 GET http://10.180.1.21/compute/v2.1/servers/2315bd37-6151-42d7-8b54-9ee367be0ed1 0.101s
2024-10-24 12:56:35.002 62369 INFO tempest.lib.common.rest_client [req-7ab5d9d8-d9d1-4c97-b2b5-e769e832a77e req-7ab5d9d8-d9d1-4c97-b2b5-e769e832a77e ] Request (MultipleCreateTestJSON:test_multiple_create_with_reservation_return): 200 GET http://10.180.1.21/compute/v2.1/servers/6ba7ca7d-173d-41d3-b523-3548a67397c4 0.109s
2024-10-24 12:56:35.070 62337 INFO tempest.lib.common.rest_client [req-fe97ce97-b4ce-4a07-90ae-b484d9eed595 req-fe97ce97-b4ce-4a07-90ae-b484d9eed595 ] Request (ServersWithSpecificFlavorTestJSON:test_verify_created_server_ephemeral_disk): 200 GET http://10.180.1.21/compute/v2.1/servers/cd0af99e-0a90-4aa4-80b5-f6a7a3b7ec59 0.084s
2024-10-24 12:56:35.178 62327 INFO tempest.lib.common.rest_client [req-dd9ff8d8-b30c-44f4-9640-c412e73eea6d req-dd9ff8d8-b30c-44f4-9640-c412e73eea6d ] Request (ServersTestJSON:setUpClass): 200 GET http://10.180.1.21/compute/v2.1/servers/c332c6fd-1edd-4d9e-85a9-32a408f9d05e 0.262s
2024-10-24 12:56:35.243 62335 INFO tempest.lib.common.rest_client [req-616fab89-102b-4b94-9130-2f8fc68edfbe req-616fab89-102b-4b94-9130-2f8fc68edfbe ] Request (VolumesNegativeTest:tearDownClass): 204 DELETE http://10.180.1.21:9696/networking/v2.0/security-groups/46c94b29-d990-4b0b-9a1c-366be935dff6 0.408s
2024-10-24 12:56:35.245 62321 INFO tempest.lib.common.rest_client [req-4fcc168d-fc0d-4e68-935d-a10ac6338932 req-4fcc168d-fc0d-4e68-935d-a10ac6338932 ] Request (ListServersNegativeTestJSON:setUpClass): 200 GET http://10.180.1.21/compute/v2.1/servers/5670d64c-bddc-4b4a-bdf0-2b039be5e49e 0.186s
2024-10-24 12:56:35.280 62343 INFO tempest.lib.common.rest_client [req-8a050d25-39e4-4bea-a74a-97aa1fc6948b req-8a050d25-39e4-4bea-a74a-97aa1fc6948b ] Request (ServerActionsTestOtherA:setUpClass): 201 POST http://10.180.1.21:9696/networking/v2.0/networks 0.494s
2024-10-24 12:56:35.312 62333 INFO tempest.lib.common.rest_client [req-bcc40cfc-cfb2-48b4-806a-5e35f8015a54 req-bcc40cfc-cfb2-48b4-806a-5e35f8015a54 ] Request (ServerAddressesNegativeTestJSON:setUpClass): 200 GET http://10.180.1.21/compute/v2.1/servers/e40e1443-6d5d-41e1-9822-08b782e39d27 0.243s
2024-10-24 12:56:35.320 62351 INFO tempest.lib.common.rest_client [req-0ea24579-582a-4986-a078-5be2ac156ee3 req-0ea24579-582a-4986-a078-5be2ac156ee3 ] Request (VolumesAssistedSnapshotsTest:test_volume_assisted_snapshot_create_delete): 200 GET http://10.180.1.21/compute/v2.1/servers/8d858fe9-1c97-457b-87ba-2d405bb7dcc0 0.318s
2024-10-24 12:56:35.326 62351 INFO tempest.common.waiters [-] State transition "BUILD/networking" ==> "BUILD/block_device_mapping" after 45 second wait
2024-10-24 12:56:35.340 62335 INFO tempest.lib.common.rest_client [req-0cc6e471-e414-469e-8787-8a6aefa3d80c req-0cc6e471-e414-469e-8787-8a6aefa3d80c ] Request (VolumesNegativeTest:tearDownClass): 204 DELETE http://10.180.1.21/identity/v3/projects/87d8a99b20aa449abe0d61945f9e98a9 0.096s
2024-10-24 12:56:35.402 62325 INFO tempest.lib.common.rest_client [req-3c196c08-3b20-4823-89ef-60235d07ff53 req-3c196c08-3b20-4823-89ef-60235d07ff53 ] Request (ServerExternalEventsTest:test_create_server_external_events): 200 GET http://10.180.1.21/compute/v2.1/servers/b2ec37a4-09f6-428c-bca9-1ec121c9c390 0.259s
2024-10-24 12:56:35.403 62373 INFO tempest.lib.common.rest_client [req-1f31e629-2ccc-4c64-9e44-51b9b4cb4c52 req-1f31e629-2ccc-4c64-9e44-51b9b4cb4c52 ] Request (ServerActionsTestJSON:setUpClass): 200 GET http://10.180.1.21/compute/v2.1/servers/01c864cd-58a3-4061-836d-6a86ad37e4c4 0.267s
2024-10-24 12:56:35.475 62357 INFO tempest.lib.common.rest_client [req-0e616ed7-c243-4afd-8b36-ec914d75545f req-0e616ed7-c243-4afd-8b36-ec914d75545f ] Request (AttachVolumeNegativeTest:test_attach_attached_volume_to_different_server): 200 GET http://10.180.1.21/compute/v2.1/servers/374062de-1242-44bd-b658-e8976f8c3b6c 0.264s
2024-10-24 12:56:35.480 62347 INFO tempest.lib.common.rest_client [req-c4230e2c-0ca7-4e7a-9d00-7b1b4e206c79 req-c4230e2c-0ca7-4e7a-9d00-7b1b4e206c79 ] Request (ServerAddressesTestJSON:setUpClass): 200 GET http://10.180.1.21/compute/v2.1/servers/b0343f07-0539-4395-81c8-46ca1f2a8920 0.287s
2024-10-24 12:56:35.562 62339 INFO tempest.lib.common.rest_client [req-0412d675-41de-4a51-9854-8e1aaa96f9db req-0412d675-41de-4a51-9854-8e1aaa96f9db ] Request (InstanceActionsTestJSON:setUpClass): 200 GET http://10.180.1.21/compute/v2.1/servers/395cd695-c6a0-4c7e-ad0b-8ee5d4f64cfa 0.296s
2024-10-24 12:56:35.570 62315 INFO tempest.lib.common.rest_client [req-e923dcd7-9ced-4e0e-8fd2-4bf04301119a req-e923dcd7-9ced-4e0e-8fd2-4bf04301119a ] Request (MigrationsAdminTest:test_resize_server_revert_deleted_flavor): 200 GET http://10.180.1.21/compute/v2.1/servers/6dd1097f-7353-4938-be2b-51c248e45fe2 0.317s
2024-10-24 12:56:35.573 62345 INFO tempest.lib.common.rest_client [req-2d7dade5-ed29-4c28-803d-ae168f94d6b8 req-2d7dade5-ed29-4c28-803d-ae168f94d6b8 ] Request (ServersTestFqdnHostnames:setUpClass): 200 PUT http://10.180.1.21:9696/networking/v2.0/routers/30ca0f63-5594-4a9b-8139-0967312b7e02/add_router_interface 2.103s
2024-10-24 12:56:35.573 62345 INFO tempest.lib.common.dynamic_creds [-] Created isolated network resources for: credentials: Credentials: {'domain_id': 'default', 'domain_name': 'Default', 'username': 'tempest-ServersTestFqdnHostnames-539757656-project-member', 'project_domain_id': 'default', 'project_domain_name': 'Default', 'project_id': '8cfdf0378fdb4608aad6441f4ec6395a', 'project_name': 'tempest-ServersTestFqdnHostnames-539757656', 'tenant_id': '8cfdf0378fdb4608aad6441f4ec6395a', 'tenant_name': 'tempest-ServersTestFqdnHostnames-539757656', 'user_domain_id': 'default', 'user_domain_name': 'Default', 'user_id': '6d6a49da995247cd82f5bbc8723e0bec', 'system': None}, Network: {'id': 'd58ce2a6-5846-4c29-8ab7-5027ce662547', 'name': 'tempest-ServersTestFqdnHostnames-170258745-network', 'tenant_id': '8cfdf0378fdb4608aad6441f4ec6395a', 'admin_state_up': True, 'mtu': 8950, 'status': 'ACTIVE', 'subnets': [], 'shared': False, 'project_id': '8cfdf0378fdb4608aad6441f4ec6395a', 'port_security_enabled': True, 'router:external': False, 'provider:network_type': 'vlan', 'provider:physical_network': 'default', 'provider:segmentation_id': 14, 'is_default': False, 'availability_zone_hints': [], 'availability_zones': [], 'ipv4_address_scope': None, 'ipv6_address_scope': None, 'description': '', 'tags': [], 'created_at': '2024-10-24T12:56:31Z', 'updated_at': '2024-10-24T12:56:31Z', 'revision_number': 1}, Subnet: {'id': '85e4da56-6948-4668-b96b-c599b60e49bf', 'name': 'tempest-ServersTestFqdnHostnames-170258745-subnet', 'tenant_id': '8cfdf0378fdb4608aad6441f4ec6395a', 'network_id': 'd58ce2a6-5846-4c29-8ab7-5027ce662547', 'ip_version': 4, 'subnetpool_id': None, 'enable_dhcp': True, 'ipv6_ra_mode': None, 'ipv6_address_mode': None, 'gateway_ip': '192.168.128.1', 'cidr': '192.168.128.0/28', 'allocation_pools': [{'start': '192.168.128.2', 'end': '192.168.128.14'}], 'host_routes': [], 'dns_nameservers': [], 'description': '', 'router:external': False, 'service_types': [], 'tags': [], 'created_at': '2024-10-24T12:56:31Z', 'updated_at': '2024-10-24T12:56:31Z', 'revision_number': 0, 'project_id': '8cfdf0378fdb4608aad6441f4ec6395a'}, Router: {'id': '30ca0f63-5594-4a9b-8139-0967312b7e02', 'name': 'tempest-ServersTestFqdnHostnames-170258745-router', 'tenant_id': '8cfdf0378fdb4608aad6441f4ec6395a', 'admin_state_up': True, 'status': 'ACTIVE', 'external_gateway_info': {'network_id': '6ebdb51e-1bad-4c8f-aeec-d0b768ac8a79', 'external_fixed_ips': [{'subnet_id': '01eaa1fb-b732-4ab3-8d4d-66c0fc69ebcc', 'ip_address': '10.180.180.147'}], 'enable_snat': True}, 'description': '', 'availability_zones': [], 'distributed': False, 'ha': False, 'availability_zone_hints': [], 'routes': [], 'flavor_id': None, 'tags': [], 'created_at': '2024-10-24T12:56:31Z', 'updated_at': '2024-10-24T12:56:32Z', 'revision_number': 2, 'project_id': '8cfdf0378fdb4608aad6441f4ec6395a'}
2024-10-24 12:56:35.618 62343 INFO tempest.lib.common.rest_client [req-6ae1e42c-2295-4b00-9e6a-721f2e809694 req-6ae1e42c-2295-4b00-9e6a-721f2e809694 ] Request (ServerActionsTestOtherA:setUpClass): 201 POST http://10.180.1.21:9696/networking/v2.0/subnets 0.337s
2024-10-24 12:56:35.630 62329 INFO tempest.lib.common.rest_client [req-2847eb75-04c5-4f03-81cd-459024e53b0f req-2847eb75-04c5-4f03-81cd-459024e53b0f ] Request (AttachInterfacesTestJSON:test_create_list_show_delete_interfaces_by_fixed_ip): 200 GET http://10.180.1.21/compute/v2.1/servers/62d7c997-cd38-43f5-a571-78a055ad05f7 0.317s
2024-10-24 12:56:35.641 62319 INFO tempest.lib.common.rest_client [req-f8069c2e-91a0-4045-9b21-0c3b1a74b793 req-f8069c2e-91a0-4045-9b21-0c3b1a74b793 ] Request (FloatingIPsAssociationTestJSON:setUpClass): 200 GET http://10.180.1.21/compute/v2.1/servers/b5625b76-37e3-49be-bd3b-8b864021dbd1 0.262s
2024-10-24 12:56:35.679 62345 INFO tempest.lib.common.rest_client [req-991e4625-7126-4305-a722-e9c511c4da57 req-991e4625-7126-4305-a722-e9c511c4da57 ] Request (ServersTestFqdnHostnames:setUpClass): 201 POST http://10.180.1.21/identity/v3/auth/tokens 0.098s
2024-10-24 12:56:35.707 62367 INFO tempest.lib.common.rest_client [req-9b280169-853b-4ec5-a024-82cd3ae7355c req-9b280169-853b-4ec5-a024-82cd3ae7355c ] Request (ServerShowV254Test:tearDownClass): 200 GET http://10.180.1.21/compute/v2.1/servers/33029a57-19d2-45eb-b4ec-f50c47d3dc12 0.279s
2024-10-24 12:56:35.719 62361 INFO tempest.lib.common.rest_client [req-b8f3f14c-3757-44ab-86a4-82b4d9b56084 req-b8f3f14c-3757-44ab-86a4-82b4d9b56084 ] Request (ServerDiskConfigTestJSON:test_rebuild_server_with_manual_disk_config): 200 GET http://10.180.1.21/compute/v2.1/servers/54e03464-0f37-4f4d-8746-821e73da0541 0.240s
2024-10-24 12:56:35.763 62355 INFO tempest.lib.common.rest_client [req-781cca8e-87d5-4ab6-b00f-572a8c133f1c req-781cca8e-87d5-4ab6-b00f-572a8c133f1c ] Request (ImagesTestJSON:test_create_image_from_suspended_server): 200 GET http://10.180.1.21/compute/v2.1/servers/cbcb5b42-06ab-41e4-ad08-d285b0863bfb 0.281s
2024-10-24 12:56:35.785 62359 INFO tempest.lib.common.rest_client [req-fe2f996b-8d78-46ab-9575-5068afe72dba req-fe2f996b-8d78-46ab-9575-5068afe72dba ] Request (InstanceActionsV221TestJSON:test_get_list_deleted_instance_actions): 200 GET http://10.180.1.21/compute/v2.1/servers/842633ee-19a5-44d6-bdef-c9f81e5af11e 0.245s
2024-10-24 12:56:35.826 62323 INFO tempest.lib.common.rest_client [req-c5ab64c8-046b-4134-a512-994bbd366219 req-c5ab64c8-046b-4134-a512-994bbd366219 ] Request (ImagesOneServerTestJSON:setUpClass): 200 GET http://10.180.1.21/compute/v2.1/servers/ce3a7a32-424a-48a4-b5c5-2a25190943f5 0.266s
2024-10-24 12:56:35.855 62349 INFO tempest.lib.common.rest_client [req-62301889-470e-4a16-9bc0-2986d20702a1 req-62301889-470e-4a16-9bc0-2986d20702a1 ] Request (ServersAdminTestJSON:setUpClass): 200 GET http://10.180.1.21/compute/v2.1/servers/4839c06e-f55a-4162-8eae-cfaeae07cdae 0.239s
2024-10-24 12:56:35.894 62317 INFO tempest.lib.common.rest_client [req-3621debe-7ebb-47bd-9a3c-81599ef051a8 req-3621debe-7ebb-47bd-9a3c-81599ef051a8 ] Request (ServersAdmin275Test:tearDownClass): 200 GET http://10.180.1.21/compute/v2.1/servers/733343f7-99e2-4e07-94eb-1b66458d799a 0.243s
2024-10-24 12:56:35.907 62317 INFO tempest.common.waiters [-] State transition "ACTIVE/deleting" ==> "DELETED/None" after 4 second wait
2024-10-24 12:56:35.955 62363 INFO tempest.lib.common.rest_client [req-7d6c07e4-5f05-4689-b3e9-07c7ed2c2750 req-7d6c07e4-5f05-4689-b3e9-07c7ed2c2750 ] Request (AttachVolumeShelveTestJSON:test_attach_volume_shelved_or_offload_server): 200 GET http://10.180.1.21/compute/v2.1/servers/71a5a130-fd26-4cf5-9b27-520f9eb62c55 0.273s
2024-10-24 12:56:35.964 62365 INFO tempest.lib.common.rest_client [req-e1df5c6d-ae22-40e6-85c8-d032209235ed req-e1df5c6d-ae22-40e6-85c8-d032209235ed ] Request (ServerActionsV293TestJSON:setUpClass): 200 GET http://10.180.1.21/volume/v3/volumes/e9669362-c0b6-4963-8dc6-bb41f389b0ec 0.039s
2024-10-24 12:56:35.982 62345 INFO tempest.lib.common.rest_client [req-af86b202-84d4-48ad-ac71-00a577f86153 req-af86b202-84d4-48ad-ac71-00a577f86153 ] Request (ServersTestFqdnHostnames:test_create_server_with_fqdn_name): 200 POST http://10.180.1.21/compute/v2.1/os-keypairs 0.301s
2024-10-24 12:56:36.084 62331 INFO tempest.lib.common.rest_client [req-801e8660-d83b-426d-99d5-688a40b37cd0 req-801e8660-d83b-426d-99d5-688a40b37cd0 ] Request (ServersV294TestFqdnHostnames:setUpClass): 200 GET http://10.180.1.21/compute/v2.1/servers/9b950dc9-d79c-4b30-8b71-1910b46ffd9b 0.134s
2024-10-24 12:56:36.149 62372 INFO tempest.lib.common.rest_client [req-71a93fb0-4042-4df7-9496-0ad010d38db9 req-71a93fb0-4042-4df7-9496-0ad010d38db9 ] Request (ServerShowV247Test:test_update_rebuild_list_server): 200 GET http://10.180.1.21/compute/v2.1/servers/2315bd37-6151-42d7-8b54-9ee367be0ed1 0.198s
2024-10-24 12:56:36.175 62313 INFO tempest.lib.common.rest_client [req-2a8d73b6-e10d-47f4-8872-4daaa16695de req-2a8d73b6-e10d-47f4-8872-4daaa16695de ] Request (ServersAdminNegativeTestJSON:setUpClass): 200 GET http://10.180.1.21/compute/v2.1/servers/18b4e8c7-3517-46b2-b0a1-8d17bb222874 0.447s
2024-10-24 12:56:36.219 62369 INFO tempest.lib.common.rest_client [req-7dc32b1f-7eaa-4d1f-947a-97343a507c8b req-7dc32b1f-7eaa-4d1f-947a-97343a507c8b ] Request (MultipleCreateTestJSON:test_multiple_create_with_reservation_return): 200 GET http://10.180.1.21/compute/v2.1/servers/6ba7ca7d-173d-41d3-b523-3548a67397c4 0.209s
2024-10-24 12:56:36.226 62337 INFO tempest.lib.common.rest_client [req-a1b5ac52-2ec1-4c60-8110-7ddb2f58bea9 req-a1b5ac52-2ec1-4c60-8110-7ddb2f58bea9 ] Request (ServersWithSpecificFlavorTestJSON:test_verify_created_server_ephemeral_disk): 200 GET http://10.180.1.21/compute/v2.1/servers/cd0af99e-0a90-4aa4-80b5-f6a7a3b7ec59 0.148s
2024-10-24 12:56:36.253 62345 INFO tempest.lib.common.rest_client [req-b89ee771-3307-4429-a225-5879c6ec8966 req-b89ee771-3307-4429-a225-5879c6ec8966 ] Request (ServersTestFqdnHostnames:test_create_server_with_fqdn_name): 201 POST http://10.180.1.21:9696/networking/v2.0/security-groups 0.269s
2024-10-24 12:56:36.290 62327 INFO tempest.lib.common.rest_client [req-0e869f72-8ed0-4c80-b76f-04929d74e6ed req-0e869f72-8ed0-4c80-b76f-04929d74e6ed ] Request (ServersTestJSON:setUpClass): 200 GET http://10.180.1.21/compute/v2.1/servers/c332c6fd-1edd-4d9e-85a9-32a408f9d05e 0.103s
2024-10-24 12:56:36.316 62321 INFO tempest.lib.common.rest_client [req-302bebd7-c5a6-490b-890e-a49d3cde791a req-302bebd7-c5a6-490b-890e-a49d3cde791a ] Request (ListServersNegativeTestJSON:setUpClass): 200 GET http://10.180.1.21/compute/v2.1/servers/5670d64c-bddc-4b4a-bdf0-2b039be5e49e 0.060s
2024-10-24 12:56:36.386 62333 INFO tempest.lib.common.rest_client [req-79daf425-09be-45d1-bdeb-95440d932fe4 req-79daf425-09be-45d1-bdeb-95440d932fe4 ] Request (ServerAddressesNegativeTestJSON:setUpClass): 200 GET http://10.180.1.21/compute/v2.1/servers/e40e1443-6d5d-41e1-9822-08b782e39d27 0.063s
2024-10-24 12:56:36.402 62351 INFO tempest.lib.common.rest_client [req-52ec72d7-b5ac-4163-96ee-43b5d74f8d4b req-52ec72d7-b5ac-4163-96ee-43b5d74f8d4b ] Request (VolumesAssistedSnapshotsTest:test_volume_assisted_snapshot_create_delete): 200 GET http://10.180.1.21/compute/v2.1/servers/8d858fe9-1c97-457b-87ba-2d405bb7dcc0 0.074s
2024-10-24 12:56:36.411 62351 INFO tempest.common.waiters [-] State transition "BUILD/block_device_mapping" ==> "BUILD/spawning" after 46 second wait
2024-10-24 12:56:36.419 62345 INFO tempest.lib.common.rest_client [req-78c0eb7f-d7ad-4f12-8620-95e4263955df req-78c0eb7f-d7ad-4f12-8620-95e4263955df ] Request (ServersTestFqdnHostnames:test_create_server_with_fqdn_name): 201 POST http://10.180.1.21:9696/networking/v2.0/security-group-rules 0.166s
2024-10-24 12:56:36.467 62373 INFO tempest.lib.common.rest_client [req-f3a4be86-00c2-4ac5-8b7b-6d53a04cef1b req-f3a4be86-00c2-4ac5-8b7b-6d53a04cef1b ] Request (ServerActionsTestJSON:setUpClass): 200 GET http://10.180.1.21/compute/v2.1/servers/01c864cd-58a3-4061-836d-6a86ad37e4c4 0.050s
2024-10-24 12:56:36.484 62325 INFO tempest.lib.common.rest_client [req-25703df9-4595-4dfd-9398-56dcf96264e7 req-25703df9-4595-4dfd-9398-56dcf96264e7 ] Request (ServerExternalEventsTest:test_create_server_external_events): 200 GET http://10.180.1.21/compute/v2.1/servers/b2ec37a4-09f6-428c-bca9-1ec121c9c390 0.074s
2024-10-24 12:56:36.517 62311 INFO tempest.lib.common.rest_client [req-b7893b21-6243-4390-868e-c3dc04c67c74 req-b7893b21-6243-4390-868e-c3dc04c67c74 ] Request (VolumesAdminNegativeTest:setUpClass): 200 PUT http://10.180.1.21:9696/networking/v2.0/routers/eda7bca3-92e1-4108-97e6-ca6d2826e2ce/add_router_interface 2.305s
2024-10-24 12:56:36.517 62311 INFO tempest.lib.common.dynamic_creds [-] Created isolated network resources for: credentials: Credentials: {'domain_id': 'default', 'domain_name': 'Default', 'username': 'tempest-VolumesAdminNegativeTest-1601693871-project-member', 'project_domain_id': 'default', 'project_domain_name': 'Default', 'project_id': 'a5810b150c2146a58b8ceb44592a03e9', 'project_name': 'tempest-VolumesAdminNegativeTest-1601693871', 'tenant_id': 'a5810b150c2146a58b8ceb44592a03e9', 'tenant_name': 'tempest-VolumesAdminNegativeTest-1601693871', 'user_domain_id': 'default', 'user_domain_name': 'Default', 'user_id': '9e28dac2dd40476fbaecbe1e380815ee', 'system': None}, Network: {'id': 'b78b4b2d-27f5-44cd-970e-f9162da4173c', 'name': 'tempest-VolumesAdminNegativeTest-836906968-network', 'tenant_id': 'a5810b150c2146a58b8ceb44592a03e9', 'admin_state_up': True, 'mtu': 8950, 'status': 'ACTIVE', 'subnets': [], 'shared': False, 'project_id': 'a5810b150c2146a58b8ceb44592a03e9', 'port_security_enabled': True, 'router:external': False, 'provider:network_type': 'vlan', 'provider:physical_network': 'default', 'provider:segmentation_id': 992, 'is_default': False, 'availability_zone_hints': [], 'availability_zones': [], 'ipv4_address_scope': None, 'ipv6_address_scope': None, 'description': '', 'tags': [], 'created_at': '2024-10-24T12:56:31Z', 'updated_at': '2024-10-24T12:56:31Z', 'revision_number': 1}, Subnet: {'id': 'b3b83161-8857-4e96-96ef-0106708851d1', 'name': 'tempest-VolumesAdminNegativeTest-836906968-subnet', 'tenant_id': 'a5810b150c2146a58b8ceb44592a03e9', 'network_id': 'b78b4b2d-27f5-44cd-970e-f9162da4173c', 'ip_version': 4, 'subnetpool_id': None, 'enable_dhcp': True, 'ipv6_ra_mode': None, 'ipv6_address_mode': None, 'gateway_ip': '192.168.128.1', 'cidr': '192.168.128.0/28', 'allocation_pools': [{'start': '192.168.128.2', 'end': '192.168.128.14'}], 'host_routes': [], 'dns_nameservers': [], 'description': '', 'router:external': False, 'service_types': [], 'tags': [], 'created_at': '2024-10-24T12:56:32Z', 'updated_at': '2024-10-24T12:56:32Z', 'revision_number': 0, 'project_id': 'a5810b150c2146a58b8ceb44592a03e9'}, Router: {'id': 'eda7bca3-92e1-4108-97e6-ca6d2826e2ce', 'name': 'tempest-VolumesAdminNegativeTest-836906968-router', 'tenant_id': 'a5810b150c2146a58b8ceb44592a03e9', 'admin_state_up': True, 'status': 'ACTIVE', 'external_gateway_info': {'network_id': '6ebdb51e-1bad-4c8f-aeec-d0b768ac8a79', 'external_fixed_ips': [{'subnet_id': '01eaa1fb-b732-4ab3-8d4d-66c0fc69ebcc', 'ip_address': '10.180.180.212'}], 'enable_snat': True}, 'description': '', 'availability_zones': [], 'distributed': False, 'ha': False, 'availability_zone_hints': [], 'routes': [], 'flavor_id': None, 'tags': [], 'created_at': '2024-10-24T12:56:32Z', 'updated_at': '2024-10-24T12:56:33Z', 'revision_number': 2, 'project_id': 'a5810b150c2146a58b8ceb44592a03e9'}
2024-10-24 12:56:36.549 62357 INFO tempest.lib.common.rest_client [req-07ae310b-d5f4-4f57-8c61-d17331a53a3b req-07ae310b-d5f4-4f57-8c61-d17331a53a3b ] Request (AttachVolumeNegativeTest:test_attach_attached_volume_to_different_server): 200 GET http://10.180.1.21/compute/v2.1/servers/374062de-1242-44bd-b658-e8976f8c3b6c 0.065s
2024-10-24 12:56:36.563 62347 INFO tempest.lib.common.rest_client [req-65f02d26-22f5-4864-be12-fc3ce6e4a48d req-65f02d26-22f5-4864-be12-fc3ce6e4a48d ] Request (ServerAddressesTestJSON:setUpClass): 200 GET http://10.180.1.21/compute/v2.1/servers/b0343f07-0539-4395-81c8-46ca1f2a8920 0.071s
2024-10-24 12:56:36.599 62345 INFO tempest.lib.common.rest_client [req-8583b4f1-1d42-4af8-99e7-aa330b6fcd3a req-8583b4f1-1d42-4af8-99e7-aa330b6fcd3a ] Request (ServersTestFqdnHostnames:test_create_server_with_fqdn_name): 201 POST http://10.180.1.21:9696/networking/v2.0/security-group-rules 0.179s
2024-10-24 12:56:36.612 62311 INFO tempest.lib.common.rest_client [req-fb084977-075c-4be7-acbf-b6c32bf08c23 req-fb084977-075c-4be7-acbf-b6c32bf08c23 ] Request (VolumesAdminNegativeTest:setUpClass): 201 POST http://10.180.1.21/identity/v3/auth/tokens 0.091s
2024-10-24 12:56:36.649 62315 INFO tempest.lib.common.rest_client [req-a10db80d-3bdf-41b6-abcf-e907c7ef4fe7 req-a10db80d-3bdf-41b6-abcf-e907c7ef4fe7 ] Request (MigrationsAdminTest:test_resize_server_revert_deleted_flavor): 200 GET http://10.180.1.21/compute/v2.1/servers/6dd1097f-7353-4938-be2b-51c248e45fe2 0.070s
2024-10-24 12:56:36.658 62339 INFO tempest.lib.common.rest_client [req-b3f79866-c571-469b-97ab-2e281a5031e2 req-b3f79866-c571-469b-97ab-2e281a5031e2 ] Request (InstanceActionsTestJSON:setUpClass): 200 GET http://10.180.1.21/compute/v2.1/servers/395cd695-c6a0-4c7e-ad0b-8ee5d4f64cfa 0.076s
2024-10-24 12:56:36.687 62311 INFO tempest.lib.common.rest_client [req-4995e5ac-74e8-4a2e-b07b-9eb5a4617566 req-4995e5ac-74e8-4a2e-b07b-9eb5a4617566 ] Request (VolumesAdminNegativeTest:setUpClass): 201 POST http://10.180.1.21/identity/v3/projects 0.074s
2024-10-24 12:56:36.711 62329 INFO tempest.lib.common.rest_client [req-8f02e7a1-ecbf-4c82-a05e-57953bb2261e req-8f02e7a1-ecbf-4c82-a05e-57953bb2261e ] Request (AttachInterfacesTestJSON:test_create_list_show_delete_interfaces_by_fixed_ip): 200 GET http://10.180.1.21/compute/v2.1/servers/62d7c997-cd38-43f5-a571-78a055ad05f7 0.070s
2024-10-24 12:56:36.727 62319 INFO tempest.lib.common.rest_client [req-1ba56840-1106-4625-8aea-4eb0827ec08a req-1ba56840-1106-4625-8aea-4eb0827ec08a ] Request (FloatingIPsAssociationTestJSON:setUpClass): 200 GET http://10.180.1.21/compute/v2.1/servers/b5625b76-37e3-49be-bd3b-8b864021dbd1 0.071s
2024-10-24 12:56:36.748 62311 INFO tempest.lib.common.rest_client [req-1e0460e1-ea93-45bf-8bf0-afe78558f3e7 req-1e0460e1-ea93-45bf-8bf0-afe78558f3e7 ] Request (VolumesAdminNegativeTest:setUpClass): 201 POST http://10.180.1.21/identity/v3/users 0.061s
2024-10-24 12:56:36.765 62311 INFO tempest.lib.common.rest_client [req-e886950a-1acf-46d9-a8c9-e6627d3050b5 req-e886950a-1acf-46d9-a8c9-e6627d3050b5 ] Request (VolumesAdminNegativeTest:setUpClass): 200 GET http://10.180.1.21/identity/v3/roles 0.017s
2024-10-24 12:56:36.785 62367 INFO tempest.lib.common.rest_client [req-88a324f0-a87f-4d80-9e4e-522c4b2bb953 req-88a324f0-a87f-4d80-9e4e-522c4b2bb953 ] Request (ServerShowV254Test:tearDownClass): 200 GET http://10.180.1.21/compute/v2.1/servers/33029a57-19d2-45eb-b4ec-f50c47d3dc12 0.067s
2024-10-24 12:56:36.788 62361 INFO tempest.lib.common.rest_client [req-f5e872de-1973-4248-92b5-90de655b433d req-f5e872de-1973-4248-92b5-90de655b433d ] Request (ServerDiskConfigTestJSON:test_rebuild_server_with_manual_disk_config): 200 GET http://10.180.1.21/compute/v2.1/servers/54e03464-0f37-4f4d-8746-821e73da0541 0.061s
2024-10-24 12:56:36.795 62311 INFO tempest.lib.common.rest_client [req-97335785-ce19-45ca-ad97-79a18601061d req-97335785-ce19-45ca-ad97-79a18601061d ] Request (VolumesAdminNegativeTest:setUpClass): 204 PUT http://10.180.1.21/identity/v3/projects/671912cbff9d44d8adaa718da0c1bac6/users/d60a135454ce42938a0448cf967dc7e3/roles/90f7bfb82b7b49b3b9d3058cded6701a 0.029s
2024-10-24 12:56:36.836 62355 INFO tempest.lib.common.rest_client [req-82f6f1a5-b4a6-45c7-9e18-54dc84ec2b0c req-82f6f1a5-b4a6-45c7-9e18-54dc84ec2b0c ] Request (ImagesTestJSON:test_create_image_from_suspended_server): 200 GET http://10.180.1.21/compute/v2.1/servers/cbcb5b42-06ab-41e4-ad08-d285b0863bfb 0.063s
2024-10-24 12:56:36.842 62311 INFO tempest.lib.common.rest_client [req-2215adac-a271-4bb7-982c-5d5cef245373 req-2215adac-a271-4bb7-982c-5d5cef245373 ] Request (VolumesAdminNegativeTest:setUpClass): 200 GET http://10.180.1.21/identity/v3/roles 0.046s
2024-10-24 12:56:36.859 62311 INFO tempest.lib.common.rest_client [req-f6b39a98-8328-4df1-b2c7-f5c9a04f6ffb req-f6b39a98-8328-4df1-b2c7-f5c9a04f6ffb ] Request (VolumesAdminNegativeTest:setUpClass): 204 PUT http://10.180.1.21/identity/v3/projects/671912cbff9d44d8adaa718da0c1bac6/users/d60a135454ce42938a0448cf967dc7e3/roles/90f7bfb82b7b49b3b9d3058cded6701a 0.017s
2024-10-24 12:56:36.860 62311 INFO tempest.lib.common.dynamic_creds [-] Dynamic test user d60a135454ce42938a0448cf967dc7e3 is created with scope project and roles: ['admin']
2024-10-24 12:56:36.860 62311 INFO tempest.lib.common.dynamic_creds [-] Acquired dynamic creds: credentials: Credentials: {'domain_id': 'default', 'domain_name': 'Default', 'username': 'tempest-VolumesAdminNegativeTest-1438390271-project-admin', 'project_domain_id': 'default', 'project_domain_name': 'Default', 'project_id': '671912cbff9d44d8adaa718da0c1bac6', 'project_name': 'tempest-VolumesAdminNegativeTest-1438390271', 'tenant_id': '671912cbff9d44d8adaa718da0c1bac6', 'tenant_name': 'tempest-VolumesAdminNegativeTest-1438390271', 'user_domain_id': 'default', 'user_domain_name': 'Default', 'user_id': 'd60a135454ce42938a0448cf967dc7e3', 'system': None}, Network: None, Subnet: None, Router: None
2024-10-24 12:56:36.867 62359 INFO tempest.lib.common.rest_client [req-9cf8c152-68cd-466d-8248-1c5ed4f0f418 req-9cf8c152-68cd-466d-8248-1c5ed4f0f418 ] Request (InstanceActionsV221TestJSON:test_get_list_deleted_instance_actions): 200 GET http://10.180.1.21/compute/v2.1/servers/842633ee-19a5-44d6-bdef-c9f81e5af11e 0.070s
2024-10-24 12:56:36.904 62323 INFO tempest.lib.common.rest_client [req-4470bffa-0c80-445c-bd52-5ce056faed86 req-4470bffa-0c80-445c-bd52-5ce056faed86 ] Request (ImagesOneServerTestJSON:setUpClass): 200 GET http://10.180.1.21/compute/v2.1/servers/ce3a7a32-424a-48a4-b5c5-2a25190943f5 0.070s
2024-10-24 12:56:36.913 62323 INFO tempest.common.waiters [-] State transition "BUILD/None" ==> "BUILD/networking" after 41 second wait
2024-10-24 12:56:36.928 62349 INFO tempest.lib.common.rest_client [req-6d15cc9d-1061-4398-87ca-c2a387b31488 req-6d15cc9d-1061-4398-87ca-c2a387b31488 ] Request (ServersAdminTestJSON:setUpClass): 200 GET http://10.180.1.21/compute/v2.1/servers/4839c06e-f55a-4162-8eae-cfaeae07cdae 0.064s
2024-10-24 12:56:36.986 62317 INFO tempest.lib.common.rest_client [req-5ee4a6c5-d3e3-4d61-b50e-86e32b5df83d req-5ee4a6c5-d3e3-4d61-b50e-86e32b5df83d ] Request (ServersAdmin275Test:tearDownClass): 200 GET http://10.180.1.21/compute/v2.1/servers/733343f7-99e2-4e07-94eb-1b66458d799a 0.077s
2024-10-24 12:56:37.006 62365 INFO tempest.lib.common.rest_client [req-d4c750cc-9042-4ec9-afda-a04cfbac0396 req-d4c750cc-9042-4ec9-afda-a04cfbac0396 ] Request (ServerActionsV293TestJSON:setUpClass): 200 GET http://10.180.1.21/volume/v3/volumes/e9669362-c0b6-4963-8dc6-bb41f389b0ec 0.034s
2024-10-24 12:56:37.039 62363 INFO tempest.lib.common.rest_client [req-e589566a-086e-44d6-99d5-8914b1695d91 req-e589566a-086e-44d6-99d5-8914b1695d91 ] Request (AttachVolumeShelveTestJSON:test_attach_volume_shelved_or_offload_server): 200 GET http://10.180.1.21/compute/v2.1/servers/71a5a130-fd26-4cf5-9b27-520f9eb62c55 0.071s
2024-10-24 12:56:37.098 62343 INFO tempest.lib.common.rest_client [req-ae8075b2-b639-4c8b-aabe-79434725ade1 req-ae8075b2-b639-4c8b-aabe-79434725ade1 ] Request (ServerActionsTestOtherA:setUpClass): 201 POST http://10.180.1.21:9696/networking/v2.0/routers 1.479s
2024-10-24 12:56:37.194 62331 INFO tempest.lib.common.rest_client [req-99381c46-9a3a-436c-b1ca-96694e22e0f8 req-99381c46-9a3a-436c-b1ca-96694e22e0f8 ] Request (ServersV294TestFqdnHostnames:setUpClass): 200 GET http://10.180.1.21/compute/v2.1/servers/9b950dc9-d79c-4b30-8b71-1910b46ffd9b 0.092s
2024-10-24 12:56:37.228 62311 INFO tempest.lib.common.rest_client [req-bec9e6bc-eb9a-4ce2-ba52-6cba725a9cb2 req-bec9e6bc-eb9a-4ce2-ba52-6cba725a9cb2 ] Request (VolumesAdminNegativeTest:setUpClass): 201 POST http://10.180.1.21:9696/networking/v2.0/networks 0.367s
2024-10-24 12:56:37.259 62313 INFO tempest.lib.common.rest_client [req-975c2e12-9ef1-4d91-8ad6-a323b51c1938 req-975c2e12-9ef1-4d91-8ad6-a323b51c1938 ] Request (ServersAdminNegativeTestJSON:setUpClass): 200 GET http://10.180.1.21/compute/v2.1/servers/18b4e8c7-3517-46b2-b0a1-8d17bb222874 0.075s
2024-10-24 12:56:37.319 62369 INFO tempest.lib.common.rest_client [req-b0d8c31d-c62c-4fd0-92e5-3184c2e25cc2 req-b0d8c31d-c62c-4fd0-92e5-3184c2e25cc2 ] Request (MultipleCreateTestJSON:test_multiple_create_with_reservation_return): 200 GET http://10.180.1.21/compute/v2.1/servers/6ba7ca7d-173d-41d3-b523-3548a67397c4 0.093s
