2024-10-24 12:56:03.205 62349 INFO tempest.lib.common.fixed_network [-] (ServersAdminTestJSON:setUpClass) Found network {'id': 'a2faf4c8-8824-411f-bffe-9cbb451494a3', 'name': 'tempest-ServersAdminTestJSON-402929764-network', 'tenant_id': '89bd7311fc964320aa425590dc03b210', 'admin_state_up': True, 'mtu': 8950, 'status': 'ACTIVE', 'subnets': [], 'shared': False, 'project_id': '89bd7311fc964320aa425590dc03b210', 'port_security_enabled': True, 'router:external': False, 'provider:network_type': 'vlan', 'provider:physical_network': 'default', 'provider:segmentation_id': 421, 'is_default': False, 'availability_zone_hints': [], 'availability_zones': [], 'ipv4_address_scope': None, 'ipv6_address_scope': None, 'description': '', 'tags': [], 'created_at': '2024-10-24T12:55:52Z', 'updated_at': '2024-10-24T12:55:52Z', 'revision_number': 1} available for tenant
2024-10-24 12:56:03.209 62373 INFO tempest.lib.common.rest_client [req-6d8e736a-49bb-4ea8-8e8e-23218ea02561 req-6d8e736a-49bb-4ea8-8e8e-23218ea02561 ] Request (ServerActionsTestJSON:setUpClass): 200 GET http://10.180.1.21/compute/v2.1/servers/01c864cd-58a3-4061-836d-6a86ad37e4c4 1.112s
2024-10-24 12:56:03.286 62339 INFO tempest.lib.common.rest_client [req-8ada5df1-ab77-4888-b622-b9cd05fd5a1b req-8ada5df1-ab77-4888-b622-b9cd05fd5a1b ] Request (ImagesOneServerNegativeTestJSON:setUpClass): 200 GET http://10.180.1.21/compute/v2.1/servers/8a8a3aa7-ec40-4a8a-a823-718025428a59 1.155s
2024-10-24 12:56:03.292 62339 INFO tempest.common.waiters [-] State transition "BUILD/spawning" ==> "ERROR/None" after 26 second wait
2024-10-24 12:56:03.345 62353 INFO tempest.lib.common.rest_client [req-4a8daea1-4797-441d-bf2b-c0705da77c15 req-4a8daea1-4797-441d-bf2b-c0705da77c15 ] Request (ServicesAdminNegativeV253TestJSON:tearDownClass): 204 DELETE http://10.180.1.21:9696/networking/v2.0/security-groups/6d107a87-e96e-4bf2-b599-0b406c5e3558 0.163s
2024-10-24 12:56:03.348 62329 INFO tempest.lib.common.rest_client [req-95bb94c1-0295-420e-8818-7d307b7763c7 req-95bb94c1-0295-420e-8818-7d307b7763c7 ] Request (AttachInterfacesTestJSON:test_create_list_show_delete_interfaces_by_fixed_ip): 200 GET http://10.180.1.21/compute/v2.1/servers/62d7c997-cd38-43f5-a571-78a055ad05f7 1.195s
2024-10-24 12:56:03.358 62329 INFO tempest.common.waiters [-] State transition "BUILD/scheduling" ==> "BUILD/None" after 14 second wait
2024-10-24 12:56:03.369 62327 INFO tempest.lib.common.rest_client [req-00765806-8569-4209-9867-6121d1dd6bf2 req-00765806-8569-4209-9867-6121d1dd6bf2 ] Request (QuotaClassesAdminTestJSON:test_update_default_quotas): 200 GET http://10.180.1.21/compute/v2.1/os-quota-class-sets/default 1.214s
2024-10-24 12:56:03.378 62341 INFO tempest.lib.common.rest_client [req-d7d750eb-1d88-4deb-ac31-f8aec472329c req-d7d750eb-1d88-4deb-ac31-f8aec472329c ] Request (SecurityGroupRulesTestJSON:setUpClass): 201 POST http://10.180.1.21:9696/networking/v2.0/routers 1.087s
2024-10-24 12:56:03.399 62311 INFO tempest.lib.common.rest_client [req-904ffb44-02af-4d1b-b82c-1444a504bb65 req-904ffb44-02af-4d1b-b82c-1444a504bb65 ] Request (FlavorsAdminTestJSON:_run_cleanups): 202 DELETE http://10.180.1.21/compute/v2.1/flavors/2081359893 1.231s
2024-10-24 12:56:03.425 62353 INFO tempest.lib.common.rest_client [req-c51bec01-1f9c-4b22-affb-95bb0bcad635 req-c51bec01-1f9c-4b22-affb-95bb0bcad635 ] Request (ServicesAdminNegativeV253TestJSON:tearDownClass): 204 DELETE http://10.180.1.21/identity/v3/projects/3d46f7b5d32d4794b6516bb11cbf0339 0.079s
2024-10-24 12:56:03.425 62353 INFO tempest.lib.common.dynamic_creds [-] Deleting project and security group for project: d88daa4531bb406fbef958e921b80f99
2024-10-24 12:56:03.471 62347 INFO tempest.lib.common.rest_client [req-e743f1df-ce56-48d6-b95d-d6f548e2e64b req-e743f1df-ce56-48d6-b95d-d6f548e2e64b ] Request (ServerAddressesTestJSON:setUpClass): 200 GET http://10.180.1.21/compute/v2.1/servers/b0343f07-0539-4395-81c8-46ca1f2a8920 1.265s
2024-10-24 12:56:03.576 62355 INFO tempest.lib.common.rest_client [req-bf95d911-00d5-4083-904c-95f73b5f4f3d req-bf95d911-00d5-4083-904c-95f73b5f4f3d ] Request (ImagesTestJSON:test_create_image_from_stopped_server): 200 GET http://10.180.1.21/compute/v2.1/servers/d29660cc-47f8-4ca5-b21f-bcfd945abc03 1.337s
2024-10-24 12:56:03.803 62319 INFO tempest.lib.common.rest_client [req-3f80cc56-a51c-4903-86e0-f881480f4070 req-3f80cc56-a51c-4903-86e0-f881480f4070 ] Request (FloatingIPsAssociationTestJSON:setUpClass): 200 GET http://10.180.1.21/compute/v2.1/servers/b5625b76-37e3-49be-bd3b-8b864021dbd1 1.455s
2024-10-24 12:56:03.815 62372 INFO tempest.lib.common.rest_client [req-6d9ddb14-2bde-4cd6-9b7f-4ba415340d34 req-6d9ddb14-2bde-4cd6-9b7f-4ba415340d34 ] Request (ServerGroup264TestJSON:tearDownClass): 204 DELETE http://10.180.1.21:9696/networking/v2.0/routers/91baf2bf-4c5b-4f62-87bd-f90f96211888 0.860s
2024-10-24 12:56:03.890 62357 INFO tempest.lib.common.rest_client [req-14fe2068-a2c2-42bc-bbe5-374c33364b20 req-14fe2068-a2c2-42bc-bbe5-374c33364b20 ] Request (ServersListShow296Test:test_list_show_server_296): 200 GET http://10.180.1.21/compute/v2.1/servers/643343ed-35c6-44e4-9852-55750f046fa1 1.435s
2024-10-24 12:56:03.898 62335 INFO tempest.lib.common.rest_client [req-bcd6b103-c06f-44da-b01d-d4041488521d req-bcd6b103-c06f-44da-b01d-d4041488521d ] Request (AggregatesAdminNegativeTestJSON:test_aggregate_get_details_as_user): 403 GET http://10.180.1.21/compute/v2.1/os-aggregates/6 1.424s
2024-10-24 12:56:03.898 62353 INFO tempest.lib.common.rest_client [req-6548eda6-6a69-45e0-a61e-b562f1fc484a req-6548eda6-6a69-45e0-a61e-b562f1fc484a ] Request (ServicesAdminNegativeV253TestJSON:tearDownClass): 200 GET http://10.180.1.21:9696/networking/v2.0/security-groups?tenant_id=d88daa4531bb406fbef958e921b80f99&name=default 0.473s
2024-10-24 12:56:03.920 62359 INFO tempest.lib.common.rest_client [req-d10712bd-c1f9-497d-aeaf-9072996891d7 req-d10712bd-c1f9-497d-aeaf-9072996891d7 ] Request (FlavorsAccessNegativeTestJSON:test_remove_flavor_access_not_found): 200 POST http://10.180.1.21/compute/v2.1/flavors 1.415s
2024-10-24 12:56:03.966 62372 INFO tempest.lib.common.rest_client [req-80dd5f1c-ed6f-4b28-812a-c172c1604968 req-80dd5f1c-ed6f-4b28-812a-c172c1604968 ] Request (ServerGroup264TestJSON:tearDownClass): 204 DELETE http://10.180.1.21:9696/networking/v2.0/subnets/53c7ecf6-5b64-4698-b8a9-d718d79ccd13 0.150s
2024-10-24 12:56:04.033 62313 INFO tempest.lib.common.rest_client [req-148bebb8-6e46-4168-bfe2-1b782b547a8c req-148bebb8-6e46-4168-bfe2-1b782b547a8c ] Request (ServerDiagnosticsV248Test:tearDownClass): 200 GET http://10.180.1.21/compute/v2.1/servers/113fe8e6-bc12-41fe-a405-cec2aa1a717e 1.427s
2024-10-24 12:56:04.043 62313 INFO tempest.common.waiters [-] State transition "ACTIVE/deleting" ==> "DELETED/None" after 5 second wait
2024-10-24 12:56:04.104 62323 INFO tempest.lib.common.rest_client [req-53b91941-0444-4e8b-a082-3c5c5039fa3e req-53b91941-0444-4e8b-a082-3c5c5039fa3e ] Request (ImagesOneServerTestJSON:setUpClass): 200 GET http://10.180.1.21/compute/v2.1/servers/ce3a7a32-424a-48a4-b5c5-2a25190943f5 1.210s
2024-10-24 12:56:04.127 62353 INFO tempest.lib.common.rest_client [req-e6ee9399-7942-49bf-af1f-c91a57b78cf3 req-e6ee9399-7942-49bf-af1f-c91a57b78cf3 ] Request (ServicesAdminNegativeV253TestJSON:tearDownClass): 204 DELETE http://10.180.1.21:9696/networking/v2.0/security-groups/b3974706-b664-46c6-b4ec-6a6ff9d20227 0.228s
2024-10-24 12:56:04.171 62343 INFO tempest.lib.common.rest_client [req-a270a611-0f64-406a-97f4-10f0acb55540 req-a270a611-0f64-406a-97f4-10f0acb55540 ] Request (ServerDiagnosticsTest:test_get_server_diagnostics): 200 GET http://10.180.1.21/compute/v2.1/servers/bfbff392-0dc0-47c7-ae58-22d922638ac8 1.210s
2024-10-24 12:56:04.220 62321 INFO tempest.lib.common.rest_client [req-4130fd1c-56be-4404-8af3-7b9ef2fa4af3 req-4130fd1c-56be-4404-8af3-7b9ef2fa4af3 ] Request (HypervisorAdminUnderV252Test:test_get_hypervisor_show_servers): 200 GET http://10.180.1.21/compute/v2.1/os-hypervisors/domain-c8.fc996f14-c53b-4953-92e3-bdfa48f5cc28/servers 1.203s
2024-10-24 12:56:04.265 62353 INFO tempest.lib.common.rest_client [req-c5f78eec-e2be-4531-a315-644c2a704f38 req-c5f78eec-e2be-4531-a315-644c2a704f38 ] Request (ServicesAdminNegativeV253TestJSON:tearDownClass): 204 DELETE http://10.180.1.21/identity/v3/projects/d88daa4531bb406fbef958e921b80f99 0.138s
2024-10-24 12:56:04.274 62315 INFO tempest.lib.common.rest_client [req-57605d38-032a-4b5d-a20d-e1de3234fc26 req-57605d38-032a-4b5d-a20d-e1de3234fc26 ] Request (MigrationsAdminTest:test_list_migrations_in_flavor_resize_situation): 200 GET http://10.180.1.21/compute/v2.1/servers/f128e0a7-f67b-4800-bfd6-ec65c5042460 1.246s
2024-10-24 12:56:04.316 62372 INFO tempest.lib.common.rest_client [req-0137e25e-c16f-4c05-934f-48ce9f8f9336 req-0137e25e-c16f-4c05-934f-48ce9f8f9336 ] Request (ServerGroup264TestJSON:tearDownClass): 204 DELETE http://10.180.1.21:9696/networking/v2.0/networks/f75f1686-9d10-4b94-8a70-c7714188202d 0.349s
2024-10-24 12:56:04.328 62353 INFO tempest.lib.common.rest_client [req-ca5da96f-0b68-4a03-8186-0c737ee18040 req-ca5da96f-0b68-4a03-8186-0c737ee18040 ] Request (FloatingIPDetailsNegativeTestJSON:setUpClass): 201 POST http://10.180.1.21/identity/v3/auth/tokens 0.061s
2024-10-24 12:56:04.395 62372 INFO tempest.lib.common.rest_client [req-b754c3d1-c68e-4fc8-ae55-63489bfd449c req-b754c3d1-c68e-4fc8-ae55-63489bfd449c ] Request (ServerGroup264TestJSON:tearDownClass): 204 DELETE http://10.180.1.21/identity/v3/users/844215787a4b403bad8652d630c9916e 0.079s
2024-10-24 12:56:04.396 62372 INFO tempest.lib.common.dynamic_creds [-] Deleting project and security group for project: 4960077cacc148f5a04a7d56a78fc25a
2024-10-24 12:56:04.423 62372 INFO tempest.lib.common.rest_client [req-89fcc375-dcb9-4787-9ea5-f8fe0b600cd4 req-89fcc375-dcb9-4787-9ea5-f8fe0b600cd4 ] Request (ServerGroup264TestJSON:tearDownClass): 200 GET http://10.180.1.21:9696/networking/v2.0/security-groups?tenant_id=4960077cacc148f5a04a7d56a78fc25a&name=default 0.027s
2024-10-24 12:56:04.461 62353 INFO tempest.lib.common.rest_client [req-c5607a16-8a6b-40f3-87f2-b8f3d25f64fe req-c5607a16-8a6b-40f3-87f2-b8f3d25f64fe ] Request (FloatingIPDetailsNegativeTestJSON:setUpClass): 201 POST http://10.180.1.21/identity/v3/auth/tokens 0.127s
2024-10-24 12:56:04.485 62353 INFO tempest.lib.common.rest_client [req-f04a7b19-b751-42a4-abef-1dd7c4e13e4d req-f04a7b19-b751-42a4-abef-1dd7c4e13e4d ] Request (FloatingIPDetailsNegativeTestJSON:setUpClass): 200 GET http://10.180.1.21/identity/v3/domains?name=Default 0.024s
2024-10-24 12:56:04.522 62353 INFO tempest.lib.common.rest_client [req-0f0a7bfd-1b71-4d22-840f-896b4318a2fb req-0f0a7bfd-1b71-4d22-840f-896b4318a2fb ] Request (FloatingIPDetailsNegativeTestJSON:setUpClass): 201 POST http://10.180.1.21/identity/v3/projects 0.037s
2024-10-24 12:56:04.602 62353 INFO tempest.lib.common.rest_client [req-6d2b5227-3c4e-4269-8ab1-4a693056050d req-6d2b5227-3c4e-4269-8ab1-4a693056050d ] Request (FloatingIPDetailsNegativeTestJSON:setUpClass): 201 POST http://10.180.1.21/identity/v3/users 0.079s
2024-10-24 12:56:04.627 62353 INFO tempest.lib.common.rest_client [req-a4402abe-8360-4136-9c78-e37b4cea44ac req-a4402abe-8360-4136-9c78-e37b4cea44ac ] Request (FloatingIPDetailsNegativeTestJSON:setUpClass): 200 GET http://10.180.1.21/identity/v3/roles 0.024s
2024-10-24 12:56:04.662 62353 INFO tempest.lib.common.rest_client [req-8066c051-6024-40a4-9ea5-2b77a9705cfc req-8066c051-6024-40a4-9ea5-2b77a9705cfc ] Request (FloatingIPDetailsNegativeTestJSON:setUpClass): 204 PUT http://10.180.1.21/identity/v3/projects/6c82fcd65c374a2ca14d6fa36f2f22ab/users/454bdb72a26e4ef0b7dede050fc8de0f/roles/b0ad5a71955948d986dc235ba966799b 0.034s
2024-10-24 12:56:04.662 62353 INFO tempest.lib.common.dynamic_creds [-] Dynamic test user 454bdb72a26e4ef0b7dede050fc8de0f is created with scope project and roles: ['member']
2024-10-24 12:56:04.662 62353 INFO tempest.lib.common.dynamic_creds [-] Acquired dynamic creds: credentials: Credentials: {'domain_id': 'default', 'domain_name': 'Default', 'username': 'tempest-FloatingIPDetailsNegativeTestJSON-1323298686-project-member', 'project_domain_id': 'default', 'project_domain_name': 'Default', 'project_id': '6c82fcd65c374a2ca14d6fa36f2f22ab', 'project_name': 'tempest-FloatingIPDetailsNegativeTestJSON-1323298686', 'tenant_id': '6c82fcd65c374a2ca14d6fa36f2f22ab', 'tenant_name': 'tempest-FloatingIPDetailsNegativeTestJSON-1323298686', 'user_domain_id': 'default', 'user_domain_name': 'Default', 'user_id': '454bdb72a26e4ef0b7dede050fc8de0f', 'system': None}, Network: None, Subnet: None, Router: None
2024-10-24 12:56:04.719 62372 INFO tempest.lib.common.rest_client [req-60294001-5967-40e2-a90d-74a6fc190b67 req-60294001-5967-40e2-a90d-74a6fc190b67 ] Request (ServerGroup264TestJSON:tearDownClass): 204 DELETE http://10.180.1.21:9696/networking/v2.0/security-groups/ddcdfae2-e9d1-4120-9490-2b4dfd827ab8 0.295s
2024-10-24 12:56:04.738 62353 INFO tempest.lib.common.rest_client [req-3f656044-7146-4a63-ac06-eed24478e380 req-3f656044-7146-4a63-ac06-eed24478e380 ] Request (FloatingIPDetailsNegativeTestJSON:setUpClass): 201 POST http://10.180.1.21/identity/v3/auth/tokens 0.076s
2024-10-24 12:56:04.833 62372 INFO tempest.lib.common.rest_client [req-34852882-bdc9-4505-b13c-b0d71e3d5f10 req-34852882-bdc9-4505-b13c-b0d71e3d5f10 ] Request (ServerGroup264TestJSON:tearDownClass): 204 DELETE http://10.180.1.21/identity/v3/projects/4960077cacc148f5a04a7d56a78fc25a 0.114s
2024-10-24 12:56:04.852 62363 INFO tempest.lib.common.rest_client [req-94e335a1-6bbc-44ae-9bf7-2fe52ea97dff req-94e335a1-6bbc-44ae-9bf7-2fe52ea97dff ] Request (SecurityGroupsTestAdminJSON:test_list_security_groups_list_all_tenants_filter): 200 GET http://10.180.1.21/compute/v2.1/os-security-groups?all_tenants=true 3.136s
2024-10-24 12:56:04.864 62349 INFO tempest.lib.common.rest_client [req-c7a172bc-df1d-493a-ae59-e3ba7ad2faa5 req-c7a172bc-df1d-493a-ae59-e3ba7ad2faa5 ] Request (ServersAdminTestJSON:setUpClass): 202 POST http://10.180.1.21/compute/v2.1/servers 1.658s
2024-10-24 12:56:04.896 62372 INFO tempest.lib.common.rest_client [req-5d164abd-a8f2-4cd3-ae2e-33ae0af55212 req-5d164abd-a8f2-4cd3-ae2e-33ae0af55212 ] Request (ServerShowV247Test:setUpClass): 201 POST http://10.180.1.21/identity/v3/auth/tokens 0.061s
2024-10-24 12:56:04.904 62341 INFO tempest.lib.common.rest_client [req-0ce9bbaf-c0fe-496c-892c-0fd722327a56 req-0ce9bbaf-c0fe-496c-892c-0fd722327a56 ] Request (SecurityGroupRulesTestJSON:setUpClass): 200 PUT http://10.180.1.21:9696/networking/v2.0/routers/c77a6cf1-3237-4340-9e62-48c31f40d98b/add_router_interface 1.524s
2024-10-24 12:56:04.904 62341 INFO tempest.lib.common.dynamic_creds [-] Created isolated network resources for: credentials: Credentials: {'domain_id': 'default', 'domain_name': 'Default', 'username': 'tempest-SecurityGroupRulesTestJSON-1740366776-project-member', 'project_domain_id': 'default', 'project_domain_name': 'Default', 'project_id': '8a557b857a6447e4b75cfe8bd438acbe', 'project_name': 'tempest-SecurityGroupRulesTestJSON-1740366776', 'tenant_id': '8a557b857a6447e4b75cfe8bd438acbe', 'tenant_name': 'tempest-SecurityGroupRulesTestJSON-1740366776', 'user_domain_id': 'default', 'user_domain_name': 'Default', 'user_id': 'a77dc22e2ed846d2af42a6df3007cade', 'system': None}, Network: {'id': 'da70e53c-64fd-47c5-abd3-c189f737c19d', 'name': 'tempest-SecurityGroupRulesTestJSON-889276198-network', 'tenant_id': '8a557b857a6447e4b75cfe8bd438acbe', 'admin_state_up': True, 'mtu': 8950, 'status': 'ACTIVE', 'subnets': [], 'shared': False, 'project_id': '8a557b857a6447e4b75cfe8bd438acbe', 'port_security_enabled': True, 'router:external': False, 'provider:network_type': 'vlan', 'provider:physical_network': 'default', 'provider:segmentation_id': 499, 'is_default': False, 'availability_zone_hints': [], 'availability_zones': [], 'ipv4_address_scope': None, 'ipv6_address_scope': None, 'description': '', 'tags': [], 'created_at': '2024-10-24T12:56:01Z', 'updated_at': '2024-10-24T12:56:01Z', 'revision_number': 1}, Subnet: {'id': '725d302d-1a8e-4a2c-b801-1c36d77a4cb4', 'name': 'tempest-SecurityGroupRulesTestJSON-889276198-subnet', 'tenant_id': '8a557b857a6447e4b75cfe8bd438acbe', 'network_id': 'da70e53c-64fd-47c5-abd3-c189f737c19d', 'ip_version': 4, 'subnetpool_id': None, 'enable_dhcp': True, 'ipv6_ra_mode': None, 'ipv6_address_mode': None, 'gateway_ip': '192.168.128.1', 'cidr': '192.168.128.0/28', 'allocation_pools': [{'start': '192.168.128.2', 'end': '192.168.128.14'}], 'host_routes': [], 'dns_nameservers': [], 'description': '', 'router:external': False, 'service_types': [], 'tags': [], 'created_at': '2024-10-24T12:56:02Z', 'updated_at': '2024-10-24T12:56:02Z', 'revision_number': 0, 'project_id': '8a557b857a6447e4b75cfe8bd438acbe'}, Router: {'id': 'c77a6cf1-3237-4340-9e62-48c31f40d98b', 'name': 'tempest-SecurityGroupRulesTestJSON-889276198-router', 'tenant_id': '8a557b857a6447e4b75cfe8bd438acbe', 'admin_state_up': True, 'status': 'ACTIVE', 'external_gateway_info': {'network_id': '6ebdb51e-1bad-4c8f-aeec-d0b768ac8a79', 'external_fixed_ips': [{'subnet_id': '01eaa1fb-b732-4ab3-8d4d-66c0fc69ebcc', 'ip_address': '10.180.180.252'}], 'enable_snat': True}, 'description': '', 'availability_zones': [], 'distributed': False, 'ha': False, 'availability_zone_hints': [], 'routes': [], 'flavor_id': None, 'tags': [], 'created_at': '2024-10-24T12:56:02Z', 'updated_at': '2024-10-24T12:56:02Z', 'revision_number': 2, 'project_id': '8a557b857a6447e4b75cfe8bd438acbe'}
2024-10-24 12:56:04.946 62372 INFO tempest.lib.common.rest_client [req-26c3da21-d154-4c2b-bd39-b60f8ed63efd req-26c3da21-d154-4c2b-bd39-b60f8ed63efd ] Request (ServerShowV247Test:setUpClass): 201 POST http://10.180.1.21/identity/v3/auth/tokens 0.047s
2024-10-24 12:56:04.953 62331 INFO tempest.lib.common.rest_client [req-7beb1a12-6e58-49f1-8a40-67d21b12a436 req-7beb1a12-6e58-49f1-8a40-67d21b12a436 ] Request (ServersV294TestFqdnHostnames:setUpClass): 200 GET http://10.180.1.21/compute/v2.1/servers/9b950dc9-d79c-4b30-8b71-1910b46ffd9b 1.702s
2024-10-24 12:56:04.959 62349 INFO tempest.lib.common.rest_client [req-196507dc-33cf-4f80-a546-9d39ff3956e5 req-196507dc-33cf-4f80-a546-9d39ff3956e5 ] Request (ServersAdminTestJSON:setUpClass): 201 POST http://10.180.1.21/identity/v3/auth/tokens 0.090s
2024-10-24 12:56:04.959 62349 INFO tempest.lib.common.fixed_network [-] (ServersAdminTestJSON:setUpClass) Found network {'id': 'a2faf4c8-8824-411f-bffe-9cbb451494a3', 'name': 'tempest-ServersAdminTestJSON-402929764-network', 'tenant_id': '89bd7311fc964320aa425590dc03b210', 'admin_state_up': True, 'mtu': 8950, 'status': 'ACTIVE', 'subnets': [], 'shared': False, 'project_id': '89bd7311fc964320aa425590dc03b210', 'port_security_enabled': True, 'router:external': False, 'provider:network_type': 'vlan', 'provider:physical_network': 'default', 'provider:segmentation_id': 421, 'is_default': False, 'availability_zone_hints': [], 'availability_zones': [], 'ipv4_address_scope': None, 'ipv6_address_scope': None, 'description': '', 'tags': [], 'created_at': '2024-10-24T12:55:52Z', 'updated_at': '2024-10-24T12:55:52Z', 'revision_number': 1} available for tenant
2024-10-24 12:56:04.974 62372 INFO tempest.lib.common.rest_client [req-df9c49fe-f717-4656-996e-8befe0df2274 req-df9c49fe-f717-4656-996e-8befe0df2274 ] Request (ServerShowV247Test:setUpClass): 200 GET http://10.180.1.21/identity/v3/domains?name=Default 0.027s
2024-10-24 12:56:05.010 62372 INFO tempest.lib.common.rest_client [req-9a4adf20-baf5-4540-813f-116694b7b5f8 req-9a4adf20-baf5-4540-813f-116694b7b5f8 ] Request (ServerShowV247Test:setUpClass): 201 POST http://10.180.1.21/identity/v3/projects 0.035s
2024-10-24 12:56:05.013 62341 INFO tempest.lib.common.rest_client [req-eb4bd483-2298-4266-95a2-458444134b97 req-eb4bd483-2298-4266-95a2-458444134b97 ] Request (SecurityGroupRulesTestJSON:setUpClass): 201 POST http://10.180.1.21/identity/v3/auth/tokens 0.103s
2024-10-24 12:56:05.016 62327 INFO tempest.lib.common.rest_client [req-04be625e-055f-4e60-b358-c7c45c170fbf req-04be625e-055f-4e60-b358-c7c45c170fbf ] Request (QuotaClassesAdminTestJSON:_run_cleanups): 200 PUT http://10.180.1.21/compute/v2.1/os-quota-class-sets/default 1.644s
2024-10-24 12:56:05.037 62311 INFO tempest.lib.common.rest_client [req-db8a50f9-5ccd-4855-b38e-9b130f4bd2a8 req-db8a50f9-5ccd-4855-b38e-9b130f4bd2a8 ] Request (FlavorsAdminTestJSON:_run_cleanups): 200 GET http://10.180.1.21/compute/v2.1/flavors/detail 1.638s
2024-10-24 12:56:05.062 62353 INFO tempest.lib.common.rest_client [req-49a1f69c-1b23-47c4-be7d-f989bdc8ef4c req-49a1f69c-1b23-47c4-be7d-f989bdc8ef4c ] Request (FloatingIPDetailsNegativeTestJSON:setUpClass): 201 POST http://10.180.1.21:9696/networking/v2.0/networks 0.323s
2024-10-24 12:56:05.099 62372 INFO tempest.lib.common.rest_client [req-5a530f9a-0153-4311-b5f5-f813ccd6ca94 req-5a530f9a-0153-4311-b5f5-f813ccd6ca94 ] Request (ServerShowV247Test:setUpClass): 201 POST http://10.180.1.21/identity/v3/users 0.089s
2024-10-24 12:56:05.106 62367 INFO tempest.lib.common.rest_client [req-c15f0ef6-dfb6-402d-9c1a-9c686f727f8c req-c15f0ef6-dfb6-402d-9c1a-9c686f727f8c ] Request (ServerShowV254Test:test_rebuild_server): 200 GET http://10.180.1.21/compute/v2.1/servers/33029a57-19d2-45eb-b4ec-f50c47d3dc12 1.686s
2024-10-24 12:56:05.121 62339 INFO tempest.lib.common.rest_client [req-f8bd26b7-aaf9-4a1a-b35c-fd03f7c17135 req-f8bd26b7-aaf9-4a1a-b35c-fd03f7c17135 ] Request (ImagesOneServerNegativeTestJSON:setUpClass): 204 DELETE http://10.180.1.21/compute/v2.1/servers/8a8a3aa7-ec40-4a8a-a823-718025428a59 1.828s
2024-10-24 12:56:05.122 62372 INFO tempest.lib.common.rest_client [req-2358001d-14b6-4a09-9784-959ae390e73f req-2358001d-14b6-4a09-9784-959ae390e73f ] Request (ServerShowV247Test:setUpClass): 200 GET http://10.180.1.21/identity/v3/roles 0.022s
2024-10-24 12:56:05.180 62327 INFO tempest.lib.common.rest_client [req-15113dcd-d7c7-4bc2-9305-36dbce67010f req-15113dcd-d7c7-4bc2-9305-36dbce67010f ] Request (QuotaClassesAdminTestJSON:tearDownClass): 204 DELETE http://10.180.1.21/identity/v3/users/37b01fe0c8aa4fa2bfb395a42913c61f 0.159s
2024-10-24 12:56:05.183 62317 INFO tempest.lib.common.rest_client [req-14fa6d25-2ed4-47ce-8083-9ddf4815be5a req-14fa6d25-2ed4-47ce-8083-9ddf4815be5a ] Request (ServersAdmin275Test:test_rebuild_update_server_275): 200 GET http://10.180.1.21/compute/v2.1/servers/733343f7-99e2-4e07-94eb-1b66458d799a 1.699s
2024-10-24 12:56:05.185 62369 INFO tempest.lib.common.rest_client [req-13f9fcc3-8495-41e6-91c7-99abb568b515 req-13f9fcc3-8495-41e6-91c7-99abb568b515 ] Request (MultipleCreateTestJSON:test_multiple_create): 200 GET http://10.180.1.21/compute/v2.1/servers/abb87186-9951-4fbe-98b2-b595dd4fea12 1.528s
2024-10-24 12:56:05.193 62317 INFO tempest.common.waiters [-] State transition "BUILD/block_device_mapping" ==> "BUILD/spawning" after 20 second wait
2024-10-24 12:56:05.198 62372 INFO tempest.lib.common.rest_client [req-fe33fd58-a53f-4dda-8f96-f058ee2ba0c7 req-fe33fd58-a53f-4dda-8f96-f058ee2ba0c7 ] Request (ServerShowV247Test:setUpClass): 204 PUT http://10.180.1.21/identity/v3/projects/86b44c67da684453a53bce028ba7738a/users/99c0715694f04f19bd48403ebcf4a85b/roles/b0ad5a71955948d986dc235ba966799b 0.076s
2024-10-24 12:56:05.198 62372 INFO tempest.lib.common.dynamic_creds [-] Dynamic test user 99c0715694f04f19bd48403ebcf4a85b is created with scope project and roles: ['member']
2024-10-24 12:56:05.199 62372 INFO tempest.lib.common.dynamic_creds [-] Acquired dynamic creds: credentials: Credentials: {'domain_id': 'default', 'domain_name': 'Default', 'username': 'tempest-ServerShowV247Test-397641212-project-member', 'project_domain_id': 'default', 'project_domain_name': 'Default', 'project_id': '86b44c67da684453a53bce028ba7738a', 'project_name': 'tempest-ServerShowV247Test-397641212', 'tenant_id': '86b44c67da684453a53bce028ba7738a', 'tenant_name': 'tempest-ServerShowV247Test-397641212', 'user_domain_id': 'default', 'user_domain_name': 'Default', 'user_id': '99c0715694f04f19bd48403ebcf4a85b', 'system': None}, Network: None, Subnet: None, Router: None
2024-10-24 12:56:05.199 62372 INFO tempest.lib.common.dynamic_creds [-] Created isolated network resources for: credentials: Credentials: {'domain_id': 'default', 'domain_name': 'Default', 'username': 'tempest-ServerShowV247Test-397641212-project-member', 'project_domain_id': 'default', 'project_domain_name': 'Default', 'project_id': '86b44c67da684453a53bce028ba7738a', 'project_name': 'tempest-ServerShowV247Test-397641212', 'tenant_id': '86b44c67da684453a53bce028ba7738a', 'tenant_name': 'tempest-ServerShowV247Test-397641212', 'user_domain_id': 'default', 'user_domain_name': 'Default', 'user_id': '99c0715694f04f19bd48403ebcf4a85b', 'system': None}, Network: None, Subnet: None, Router: None
2024-10-24 12:56:05.241 62337 INFO tempest.lib.common.rest_client [req-f04cc978-4d02-415f-8cab-394e350cec26 req-f04cc978-4d02-415f-8cab-394e350cec26 ] Request (ServersWithSpecificFlavorTestJSON:test_verify_created_server_ephemeral_disk): 200 GET http://10.180.1.21/compute/v2.1/servers/cd0af99e-0a90-4aa4-80b5-f6a7a3b7ec59 1.528s
2024-10-24 12:56:05.247 62365 INFO tempest.lib.common.rest_client [req-90301026-3d89-402f-861c-9bd1727d484d req-90301026-3d89-402f-861c-9bd1727d484d ] Request (ServerDiagnosticsNegativeTest:test_get_server_diagnostics_by_non_admin): 200 GET http://10.180.1.21/compute/v2.1/servers/20e445dd-663c-46e4-bc0a-f00e68ecd6cd 1.476s
2024-10-24 12:56:05.291 62372 INFO tempest.lib.common.rest_client [req-6d76ba2c-0eda-4211-a954-16981b44b3a8 req-6d76ba2c-0eda-4211-a954-16981b44b3a8 ] Request (ServerShowV247Test:setUpClass): 201 POST http://10.180.1.21/identity/v3/auth/tokens 0.084s
2024-10-24 12:56:05.307 62351 INFO tempest.lib.common.rest_client [req-435c7a63-a76f-4122-9aee-2bf99d618bec req-435c7a63-a76f-4122-9aee-2bf99d618bec ] Request (VolumesAssistedSnapshotsTest:test_volume_assisted_snapshot_create_delete): 200 GET http://10.180.1.21/compute/v2.1/servers/8d858fe9-1c97-457b-87ba-2d405bb7dcc0 1.480s
2024-10-24 12:56:05.320 62361 INFO tempest.lib.common.rest_client [req-63b5197d-d7ed-4992-be99-21b60bcb3070 req-63b5197d-d7ed-4992-be99-21b60bcb3070 ] Request (ServerDiskConfigTestJSON:test_rebuild_server_with_auto_disk_config): 200 GET http://10.180.1.21/compute/v2.1/servers/1a756eed-d5f2-4135-b522-ed06e20da1bc 1.434s
2024-10-24 12:56:05.326 62335 INFO tempest.lib.common.rest_client [req-d6e025b7-76f7-4f96-811e-638827899877 req-d6e025b7-76f7-4f96-811e-638827899877 ] Request (AggregatesAdminNegativeTestJSON:_run_cleanups): 200 DELETE http://10.180.1.21/compute/v2.1/os-aggregates/6 1.427s
2024-10-24 12:56:05.342 62327 INFO tempest.lib.common.rest_client [req-e42751d2-9e72-44f7-b6ab-871cacbf0ed9 req-e42751d2-9e72-44f7-b6ab-871cacbf0ed9 ] Request (QuotaClassesAdminTestJSON:tearDownClass): 204 DELETE http://10.180.1.21/identity/v3/users/2e4bb4e0574c4e4785698f08934ed432 0.162s
2024-10-24 12:56:05.342 62327 INFO tempest.lib.common.dynamic_creds [-] Deleting project and security group for project: 0d769dd30e0d40aca05e0c2cd7941c3a
2024-10-24 12:56:05.345 62353 INFO tempest.lib.common.rest_client [req-2069e142-ecde-4387-8013-1c642bb68c9c req-2069e142-ecde-4387-8013-1c642bb68c9c ] Request (FloatingIPDetailsNegativeTestJSON:setUpClass): 201 POST http://10.180.1.21:9696/networking/v2.0/subnets 0.283s
2024-10-24 12:56:05.353 62372 INFO tempest.lib.common.rest_client [req-6e85ccb4-7506-4c26-a2a3-b54127a93697 req-6e85ccb4-7506-4c26-a2a3-b54127a93697 ] Request (ServerShowV247Test:setUpClass): 200 GET http://10.180.1.21/identity/v3/projects/86b44c67da684453a53bce028ba7738a 0.060s
2024-10-24 12:56:05.353 62372 INFO tempest.lib.common.dynamic_creds [-] Using the existing project 86b44c67da684453a53bce028ba7738a for scope project and roles: ['reader']
2024-10-24 12:56:05.416 62327 INFO tempest.lib.common.rest_client [req-c1ccc65d-fb87-4f71-9349-bddedb897613 req-c1ccc65d-fb87-4f71-9349-bddedb897613 ] Request (QuotaClassesAdminTestJSON:tearDownClass): 201 POST http://10.180.1.21/identity/v3/auth/tokens 0.073s
2024-10-24 12:56:05.441 62372 INFO tempest.lib.common.rest_client [req-850920a2-dc60-448c-bc4b-899969d47ca1 req-850920a2-dc60-448c-bc4b-899969d47ca1 ] Request (ServerShowV247Test:setUpClass): 201 POST http://10.180.1.21/identity/v3/users 0.088s
2024-10-24 12:56:05.505 62372 INFO tempest.lib.common.rest_client [req-19c09cc9-c7fb-47ea-a376-a5e7233cf60c req-19c09cc9-c7fb-47ea-a376-a5e7233cf60c ] Request (ServerShowV247Test:setUpClass): 200 GET http://10.180.1.21/identity/v3/roles 0.064s
2024-10-24 12:56:05.515 62359 INFO tempest.lib.common.rest_client [req-dc13cfc0-a897-41bc-ae48-01a54bd06021 req-dc13cfc0-a897-41bc-ae48-01a54bd06021 ] Request (FlavorsAccessNegativeTestJSON:test_remove_flavor_access_not_found): 404 POST http://10.180.1.21/compute/v2.1/flavors/948154362/action 1.592s
2024-10-24 12:56:05.547 62372 INFO tempest.lib.common.rest_client [req-ffef0b1e-3e13-4315-ba85-db7931873ee7 req-ffef0b1e-3e13-4315-ba85-db7931873ee7 ] Request (ServerShowV247Test:setUpClass): 204 PUT http://10.180.1.21/identity/v3/projects/86b44c67da684453a53bce028ba7738a/users/113db4ea610c46a08f118bea5f82f932/roles/e70088338d954df3b298245c657f2fde 0.041s
2024-10-24 12:56:05.547 62372 INFO tempest.lib.common.dynamic_creds [-] Dynamic test user 113db4ea610c46a08f118bea5f82f932 is created with scope project and roles: ['reader']
2024-10-24 12:56:05.548 62372 INFO tempest.lib.common.dynamic_creds [-] Acquired dynamic creds: credentials: Credentials: {'domain_id': 'default', 'domain_name': 'Default', 'username': 'tempest-ServerShowV247Test-397641212-project-reader', 'project_domain_id': 'default', 'project_domain_name': 'Default', 'project_id': '86b44c67da684453a53bce028ba7738a', 'project_name': 'tempest-ServerShowV247Test-397641212', 'tenant_id': '86b44c67da684453a53bce028ba7738a', 'tenant_name': 'tempest-ServerShowV247Test-397641212', 'user_domain_id': 'default', 'user_domain_name': 'Default', 'user_id': '113db4ea610c46a08f118bea5f82f932', 'system': None}, Network: None, Subnet: None, Router: None
2024-10-24 12:56:05.548 62372 INFO tempest.lib.common.dynamic_creds [-] Network resources are not created for requested scope: project and credentials: Credentials: {'domain_id': 'default', 'domain_name': 'Default', 'username': 'tempest-ServerShowV247Test-397641212-project-reader', 'project_domain_id': 'default', 'project_domain_name': 'Default', 'project_id': '86b44c67da684453a53bce028ba7738a', 'project_name': 'tempest-ServerShowV247Test-397641212', 'tenant_id': '86b44c67da684453a53bce028ba7738a', 'tenant_name': 'tempest-ServerShowV247Test-397641212', 'user_domain_id': 'default', 'user_domain_name': 'Default', 'user_id': '113db4ea610c46a08f118bea5f82f932', 'system': None}, Network: None, Subnet: None, Router: None
2024-10-24 12:56:05.593 62325 INFO tempest.lib.common.rest_client [req-516cdc17-6a4e-45d1-be2a-a1fd5d2c36ad req-516cdc17-6a4e-45d1-be2a-a1fd5d2c36ad ] Request (ServerExternalEventsTest:test_create_server_external_events): 200 GET http://10.180.1.21/compute/v2.1/servers/b2ec37a4-09f6-428c-bca9-1ec121c9c390 1.511s
2024-10-24 12:56:05.630 62357 INFO tempest.lib.common.rest_client [req-f0dbae96-6fa5-472e-8525-24afc2a657db req-f0dbae96-6fa5-472e-8525-24afc2a657db ] Request (ServersListShow296Test:tearDownClass): 204 DELETE http://10.180.1.21/compute/v2.1/servers/643343ed-35c6-44e4-9852-55750f046fa1 1.729s
2024-10-24 12:56:05.635 62372 INFO tempest.lib.common.rest_client [req-9a2f5536-47c4-4893-a6e9-0d1192148e5a req-9a2f5536-47c4-4893-a6e9-0d1192148e5a ] Request (ServerShowV247Test:setUpClass): 201 POST http://10.180.1.21/identity/v3/auth/tokens 0.083s
2024-10-24 12:56:05.655 62333 INFO tempest.lib.common.rest_client [req-d01f2be9-b983-4c9c-8e8c-a11622c9ac0e req-d01f2be9-b983-4c9c-8e8c-a11622c9ac0e ] Request (ServerAddressesNegativeTestJSON:setUpClass): 200 GET http://10.180.1.21/compute/v2.1/servers/e40e1443-6d5d-41e1-9822-08b782e39d27 1.496s
2024-10-24 12:56:05.677 62321 INFO tempest.lib.common.rest_client [req-789f07f0-b64b-499a-adb3-43d6d9bf4b8a req-789f07f0-b64b-499a-adb3-43d6d9bf4b8a ] Request (HypervisorAdminUnderV252Test:test_search_hypervisor): 200 GET http://10.180.1.21/compute/v2.1/os-hypervisors 1.453s
2024-10-24 12:56:05.686 62373 INFO tempest.lib.common.rest_client [req-686be319-8e95-4f2d-bde3-68f67224f57e req-686be319-8e95-4f2d-bde3-68f67224f57e ] Request (ServerActionsTestJSON:setUpClass): 200 GET http://10.180.1.21/compute/v2.1/servers/01c864cd-58a3-4061-836d-6a86ad37e4c4 1.467s
2024-10-24 12:56:05.704 62327 INFO tempest.lib.common.rest_client [req-92a570b4-f883-4d61-be44-c9cc7167073c req-92a570b4-f883-4d61-be44-c9cc7167073c ] Request (QuotaClassesAdminTestJSON:tearDownClass): 200 GET http://10.180.1.21:9696/networking/v2.0/security-groups?tenant_id=0d769dd30e0d40aca05e0c2cd7941c3a&name=default 0.288s
2024-10-24 12:56:05.708 62372 INFO tempest.lib.common.rest_client [req-b17fca28-223e-40db-bb93-e3faaa766bf1 req-b17fca28-223e-40db-bb93-e3faaa766bf1 ] Request (ServerShowV247Test:test_show_server): 201 POST http://10.180.1.21/identity/v3/auth/tokens 0.069s
2024-10-24 12:56:05.708 62372 INFO tempest.lib.common.fixed_network [-] (ServerShowV247Test:test_show_server) Found network None available for tenant
2024-10-24 12:56:05.734 62347 INFO tempest.lib.common.rest_client [req-9fd1f33f-da1c-42ee-ac7b-74646cbefa8b req-9fd1f33f-da1c-42ee-ac7b-74646cbefa8b ] Request (ServerAddressesTestJSON:setUpClass): 200 GET http://10.180.1.21/compute/v2.1/servers/b0343f07-0539-4395-81c8-46ca1f2a8920 1.255s
2024-10-24 12:56:05.747 62329 INFO tempest.lib.common.rest_client [req-b1378119-d371-4d46-ba85-8d21e0aea68e req-b1378119-d371-4d46-ba85-8d21e0aea68e ] Request (AttachInterfacesTestJSON:test_create_list_show_delete_interfaces_by_fixed_ip): 200 GET http://10.180.1.21/compute/v2.1/servers/62d7c997-cd38-43f5-a571-78a055ad05f7 1.387s
2024-10-24 12:56:05.794 62355 INFO tempest.lib.common.rest_client [req-4f23d948-b34f-4d4b-8427-171fbd4c7a5a req-4f23d948-b34f-4d4b-8427-171fbd4c7a5a ] Request (ImagesTestJSON:test_create_image_from_stopped_server): 200 GET http://10.180.1.21/compute/v2.1/servers/d29660cc-47f8-4ca5-b21f-bcfd945abc03 1.210s
2024-10-24 12:56:05.815 62319 INFO tempest.lib.common.rest_client [req-60dc88c6-a3b0-45c3-b800-97bb0b69bb59 req-60dc88c6-a3b0-45c3-b800-97bb0b69bb59 ] Request (FloatingIPsAssociationTestJSON:setUpClass): 200 GET http://10.180.1.21/compute/v2.1/servers/b5625b76-37e3-49be-bd3b-8b864021dbd1 1.003s
2024-10-24 12:56:05.832 62327 INFO tempest.lib.common.rest_client [req-f592a45a-2db9-4d9d-935c-c3749edaade1 req-f592a45a-2db9-4d9d-935c-c3749edaade1 ] Request (QuotaClassesAdminTestJSON:tearDownClass): 204 DELETE http://10.180.1.21:9696/networking/v2.0/security-groups/98f0099f-c718-4fae-b3cd-5314770c7344 0.127s
2024-10-24 12:56:05.948 62327 INFO tempest.lib.common.rest_client [req-3d783863-b573-42bb-9bc2-22a79aa2523d req-3d783863-b573-42bb-9bc2-22a79aa2523d ] Request (QuotaClassesAdminTestJSON:tearDownClass): 204 DELETE http://10.180.1.21/identity/v3/projects/0d769dd30e0d40aca05e0c2cd7941c3a 0.116s
2024-10-24 12:56:05.948 62327 INFO tempest.lib.common.dynamic_creds [-] Deleting project and security group for project: 80a632d66fd14b55acc2e70eac268105
2024-10-24 12:56:05.976 62363 INFO tempest.lib.common.rest_client [req-83b24156-28e3-4fec-9643-1a9428051b15 req-83b24156-28e3-4fec-9643-1a9428051b15 ] Request (SecurityGroupsTestAdminJSON:test_list_security_groups_list_all_tenants_filter): 200 GET http://10.180.1.21/compute/v2.1/os-security-groups?all_tenants=true 1.114s
2024-10-24 12:56:06.139 62327 INFO tempest.lib.common.rest_client [req-22f72a1c-6fdb-4fc2-93a1-810d8deaefc5 req-22f72a1c-6fdb-4fc2-93a1-810d8deaefc5 ] Request (QuotaClassesAdminTestJSON:tearDownClass): 200 GET http://10.180.1.21:9696/networking/v2.0/security-groups?tenant_id=80a632d66fd14b55acc2e70eac268105&name=default 0.191s
2024-10-24 12:56:06.166 62349 INFO tempest.lib.common.rest_client [req-a645c6bf-9e5a-4b8b-8469-da8e3a723a45 req-a645c6bf-9e5a-4b8b-8469-da8e3a723a45 ] Request (ServersAdminTestJSON:setUpClass): 202 POST http://10.180.1.21/compute/v2.1/servers 1.206s
2024-10-24 12:56:06.238 62313 INFO tempest.lib.common.rest_client [req-8887b69b-1c9e-4a0d-8d5a-baec838ec213 req-8887b69b-1c9e-4a0d-8d5a-baec838ec213 ] Request (ServerDiagnosticsV248Test:tearDownClass): 200 GET http://10.180.1.21/compute/v2.1/servers/113fe8e6-bc12-41fe-a405-cec2aa1a717e 1.193s
2024-10-24 12:56:06.256 62311 INFO tempest.lib.common.rest_client [req-1572d5bb-45ae-4d91-9d4b-18c82fd11345 req-1572d5bb-45ae-4d91-9d4b-18c82fd11345 ] Request (FlavorsAdminTestJSON:test_is_public_string_variations): 200 POST http://10.180.1.21/compute/v2.1/flavors 1.211s
2024-10-24 12:56:06.261 62327 INFO tempest.lib.common.rest_client [req-033693f4-6ac4-4325-9c22-9583612061d8 req-033693f4-6ac4-4325-9c22-9583612061d8 ] Request (QuotaClassesAdminTestJSON:tearDownClass): 204 DELETE http://10.180.1.21:9696/networking/v2.0/security-groups/c95ef774-0de8-4cda-adf2-5233afb41287 0.121s
2024-10-24 12:56:06.279 62341 INFO tempest.lib.common.rest_client [req-72b692fd-53ec-47ed-8363-3290384d3fe9 req-72b692fd-53ec-47ed-8363-3290384d3fe9 ] Request (SecurityGroupRulesTestJSON:test_security_group_rules_create): 200 POST http://10.180.1.21/compute/v2.1/os-security-groups 1.263s
2024-10-24 12:56:06.345 62323 INFO tempest.lib.common.rest_client [req-4fb91961-22c8-44b6-9b17-43258b33cbc1 req-4fb91961-22c8-44b6-9b17-43258b33cbc1 ] Request (ImagesOneServerTestJSON:setUpClass): 200 GET http://10.180.1.21/compute/v2.1/servers/ce3a7a32-424a-48a4-b5c5-2a25190943f5 1.227s
2024-10-24 12:56:06.350 62353 INFO tempest.lib.common.rest_client [req-95fbbdd5-4eda-47a2-9886-637c4ff6298a req-95fbbdd5-4eda-47a2-9886-637c4ff6298a ] Request (FloatingIPDetailsNegativeTestJSON:setUpClass): 201 POST http://10.180.1.21:9696/networking/v2.0/routers 1.004s
2024-10-24 12:56:06.352 62345 INFO tempest.lib.common.rest_client [req-816ea106-0684-49e4-95af-9d3caef87f14 req-816ea106-0684-49e4-95af-9d3caef87f14 ] Request (QuotasAdminTestJSON:test_update_all_quota_resources_for_tenant): 200 GET http://10.180.1.21/compute/v2.1/os-quota-sets/5e7c5964c3a145d7940b080feaddadc0/defaults 1.269s
2024-10-24 12:56:06.372 62339 INFO tempest.lib.common.rest_client [req-4f65ee4e-0c9d-4c35-b403-0cfaed928578 req-4f65ee4e-0c9d-4c35-b403-0cfaed928578 ] Request (ImagesOneServerNegativeTestJSON:setUpClass): 404 GET http://10.180.1.21/compute/v2.1/servers/8a8a3aa7-ec40-4a8a-a823-718025428a59 1.249s
2024-10-24 12:56:06.372 62339 INFO tempest.test [-] raised in ImagesOneServerNegativeTestJSON.setUpClass. Invoking tearDownClass.
2024-10-24 12:56:06.373 62327 INFO tempest.lib.common.rest_client [req-633b548e-db1c-4bce-8938-b282a1b5cf1a req-633b548e-db1c-4bce-8938-b282a1b5cf1a ] Request (QuotaClassesAdminTestJSON:tearDownClass): 204 DELETE http://10.180.1.21/identity/v3/projects/80a632d66fd14b55acc2e70eac268105 0.111s
2024-10-24 12:56:06.407 62343 INFO tempest.lib.common.rest_client [req-dc2f1c9c-68f2-418c-bd72-ee91d98c99a5 req-dc2f1c9c-68f2-418c-bd72-ee91d98c99a5 ] Request (ServerDiagnosticsTest:test_get_server_diagnostics): 200 GET http://10.180.1.21/compute/v2.1/servers/bfbff392-0dc0-47c7-ae58-22d922638ac8 1.229s
2024-10-24 12:56:06.418 62335 INFO tempest.lib.common.rest_client [req-15339f13-4173-4063-9cdd-6d4defc4a52e req-15339f13-4173-4063-9cdd-6d4defc4a52e ] Request (AggregatesAdminNegativeTestJSON:test_aggregate_get_details_with_invalid_id): 404 GET http://10.180.1.21/compute/v2.1/os-aggregates/-1 1.090s
2024-10-24 12:56:06.432 62359 INFO tempest.lib.common.rest_client [req-43b521eb-5add-4357-a304-7d8133216080 req-43b521eb-5add-4357-a304-7d8133216080 ] Request (FlavorsAccessNegativeTestJSON:_run_cleanups): 202 DELETE http://10.180.1.21/compute/v2.1/flavors/948154362 0.917s
2024-10-24 12:56:06.440 62315 INFO tempest.lib.common.rest_client [req-eeeaec97-ef3d-4ce9-9989-f81e496d4765 req-eeeaec97-ef3d-4ce9-9989-f81e496d4765 ] Request (MigrationsAdminTest:test_list_migrations_in_flavor_resize_situation): 200 GET http://10.180.1.21/compute/v2.1/servers/f128e0a7-f67b-4800-bfd6-ec65c5042460 1.156s
2024-10-24 12:56:06.446 62327 INFO tempest.lib.common.rest_client [req-9dae712f-4316-4556-85cd-5e0fe2f33633 req-9dae712f-4316-4556-85cd-5e0fe2f33633 ] Request (ServersTestJSON:setUpClass): 201 POST http://10.180.1.21/identity/v3/auth/tokens 0.071s
2024-10-24 12:56:06.453 62357 INFO tempest.lib.common.rest_client [req-c957bf68-e03d-47e6-b375-d97af8177a8c req-c957bf68-e03d-47e6-b375-d97af8177a8c ] Request (ServersListShow296Test:tearDownClass): 404 GET http://10.180.1.21/compute/v2.1/servers/643343ed-35c6-44e4-9852-55750f046fa1 0.823s
2024-10-24 12:56:06.467 62321 INFO tempest.lib.common.rest_client [req-bba04fb4-dc94-47d5-ada1-d489674fcf82 req-bba04fb4-dc94-47d5-ada1-d489674fcf82 ] Request (HypervisorAdminUnderV252Test:test_search_hypervisor): 200 GET http://10.180.1.21/compute/v2.1/os-hypervisors/domain-c8.fc996f14-c53b-4953-92e3-bdfa48f5cc28/search 0.788s
2024-10-24 12:56:06.485 62327 INFO tempest.lib.common.rest_client [req-8d8694ea-1435-4b19-b1f0-54e2267a2178 req-8d8694ea-1435-4b19-b1f0-54e2267a2178 ] Request (ServersTestJSON:setUpClass): 201 POST http://10.180.1.21/identity/v3/auth/tokens 0.036s
2024-10-24 12:56:06.537 62331 INFO tempest.lib.common.rest_client [req-bf41783c-b7a6-4aea-a9ba-90ecd6104b2c req-bf41783c-b7a6-4aea-a9ba-90ecd6104b2c ] Request (ServersV294TestFqdnHostnames:setUpClass): 200 GET http://10.180.1.21/compute/v2.1/servers/9b950dc9-d79c-4b30-8b71-1910b46ffd9b 0.574s
2024-10-24 12:56:06.586 62357 INFO tempest.lib.common.rest_client [req-eb737c5a-1887-4085-a374-351e6b1c0b82 req-eb737c5a-1887-4085-a374-351e6b1c0b82 ] Request (ServersListShow296Test:tearDownClass): 204 DELETE http://10.180.1.21/identity/v3/users/440111affda048b7b99c6a99f3aad916 0.131s
2024-10-24 12:56:06.586 62357 INFO tempest.lib.common.dynamic_creds [-] Deleting project and security group for project: 476876b6189a44c5826a0eaa5ae5f742
2024-10-24 12:56:06.652 62321 INFO tempest.lib.common.rest_client [req-1a2b0000-d57f-40fc-9c65-853143655d3b req-1a2b0000-d57f-40fc-9c65-853143655d3b ] Request (HypervisorAdminUnderV252Test:tearDownClass): 204 DELETE http://10.180.1.21/identity/v3/users/d54b8e9ed1714c7183643b83e2491622 0.182s
2024-10-24 12:56:06.685 62372 INFO tempest.lib.common.rest_client [req-cd7c208e-af06-46f1-9562-257c529b6aa5 req-cd7c208e-af06-46f1-9562-257c529b6aa5 ] Request (ServerShowV247Test:test_show_server): 202 POST http://10.180.1.21/compute/v2.1/servers 0.976s
2024-10-24 12:56:06.689 62327 INFO tempest.lib.common.rest_client [req-bc02b3c8-fa0e-4dc7-a1bd-5e95cb7e5d5b req-bc02b3c8-fa0e-4dc7-a1bd-5e95cb7e5d5b ] Request (ServersTestJSON:setUpClass): 200 GET http://10.180.1.21/identity/v3/domains?name=Default 0.204s
2024-10-24 12:56:06.714 62357 INFO tempest.lib.common.rest_client [req-7e626429-24bd-4c81-a0b9-5d7f4963d7ab req-7e626429-24bd-4c81-a0b9-5d7f4963d7ab ] Request (ServersListShow296Test:tearDownClass): 201 POST http://10.180.1.21/identity/v3/auth/tokens 0.128s
2024-10-24 12:56:06.736 62363 INFO tempest.lib.common.rest_client [req-b6676ac2-7606-4d5a-9a4b-3fc37bbe11d2 req-b6676ac2-7606-4d5a-9a4b-3fc37bbe11d2 ] Request (SecurityGroupsTestAdminJSON:_run_cleanups): 202 DELETE http://10.180.1.21/compute/v2.1/os-security-groups/54eb46d2-0983-4881-aa8e-39356312d317 0.756s
2024-10-24 12:56:06.749 62327 INFO tempest.lib.common.rest_client [req-80b292f2-49ef-4609-8540-6227f78d356a req-80b292f2-49ef-4609-8540-6227f78d356a ] Request (ServersTestJSON:setUpClass): 201 POST http://10.180.1.21/identity/v3/projects 0.059s
2024-10-24 12:56:06.784 62367 INFO tempest.lib.common.rest_client [req-d5174b22-f511-4806-a267-e37ec2fd3afb req-d5174b22-f511-4806-a267-e37ec2fd3afb ] Request (ServerShowV254Test:test_rebuild_server): 200 GET http://10.180.1.21/compute/v2.1/servers/33029a57-19d2-45eb-b4ec-f50c47d3dc12 0.667s
2024-10-24 12:56:06.790 62321 INFO tempest.lib.common.rest_client [req-b6ae32bf-ffea-489b-b15e-d4486efe02df req-b6ae32bf-ffea-489b-b15e-d4486efe02df ] Request (HypervisorAdminUnderV252Test:tearDownClass): 204 DELETE http://10.180.1.21/identity/v3/users/258c8ce142c8477bb3f17fbeba220cbe 0.138s
2024-10-24 12:56:06.791 62321 INFO tempest.lib.common.dynamic_creds [-] Deleting project and security group for project: 334468b937544b74823c86ee6e53c230
2024-10-24 12:56:06.810 62349 INFO tempest.lib.common.rest_client [req-5fcc533d-0571-441b-8a35-97701c6039cf req-5fcc533d-0571-441b-8a35-97701c6039cf ] Request (ServersAdminTestJSON:setUpClass): 200 GET http://10.180.1.21/compute/v2.1/servers/4839c06e-f55a-4162-8eae-cfaeae07cdae 0.638s
2024-10-24 12:56:06.859 62327 INFO tempest.lib.common.rest_client [req-6e6d9265-b61d-4867-a187-a1f87b6bd940 req-6e6d9265-b61d-4867-a187-a1f87b6bd940 ] Request (ServersTestJSON:setUpClass): 201 POST http://10.180.1.21/identity/v3/users 0.108s
2024-10-24 12:56:06.883 62369 INFO tempest.lib.common.rest_client [req-97abb9f2-432f-4400-9f50-7a15eb1277b0 req-97abb9f2-432f-4400-9f50-7a15eb1277b0 ] Request (MultipleCreateTestJSON:test_multiple_create): 200 GET http://10.180.1.21/compute/v2.1/servers/abb87186-9951-4fbe-98b2-b595dd4fea12 0.690s
2024-10-24 12:56:06.887 62327 INFO tempest.lib.common.rest_client [req-76aac99c-9e3b-4470-9567-d20276ea99b4 req-76aac99c-9e3b-4470-9567-d20276ea99b4 ] Request (ServersTestJSON:setUpClass): 200 GET http://10.180.1.21/identity/v3/roles 0.028s
2024-10-24 12:56:06.893 62321 INFO tempest.lib.common.rest_client [req-a686cf47-6db5-445b-a86b-2f3daef19bd2 req-a686cf47-6db5-445b-a86b-2f3daef19bd2 ] Request (HypervisorAdminUnderV252Test:tearDownClass): 201 POST http://10.180.1.21/identity/v3/auth/tokens 0.102s
2024-10-24 12:56:06.913 62327 INFO tempest.lib.common.rest_client [req-77278048-3d16-4333-8e16-ff9c2f36fc3d req-77278048-3d16-4333-8e16-ff9c2f36fc3d ] Request (ServersTestJSON:setUpClass): 204 PUT http://10.180.1.21/identity/v3/projects/ae39158b8e574e62833e1b068ce8f5ef/users/c4b88bedfe104f95910e4ff089cd84eb/roles/b0ad5a71955948d986dc235ba966799b 0.025s
2024-10-24 12:56:06.913 62327 INFO tempest.lib.common.dynamic_creds [-] Dynamic test user c4b88bedfe104f95910e4ff089cd84eb is created with scope project and roles: ['member']
2024-10-24 12:56:06.913 62327 INFO tempest.lib.common.dynamic_creds [-] Acquired dynamic creds: credentials: Credentials: {'domain_id': 'default', 'domain_name': 'Default', 'username': 'tempest-ServersTestJSON-1510503269-project-member', 'project_domain_id': 'default', 'project_domain_name': 'Default', 'project_id': 'ae39158b8e574e62833e1b068ce8f5ef', 'project_name': 'tempest-ServersTestJSON-1510503269', 'tenant_id': 'ae39158b8e574e62833e1b068ce8f5ef', 'tenant_name': 'tempest-ServersTestJSON-1510503269', 'user_domain_id': 'default', 'user_domain_name': 'Default', 'user_id': 'c4b88bedfe104f95910e4ff089cd84eb', 'system': None}, Network: None, Subnet: None, Router: None
2024-10-24 12:56:06.926 62317 INFO tempest.lib.common.rest_client [req-fa98a06b-492b-459e-9862-b4a82c85a2d1 req-fa98a06b-492b-459e-9862-b4a82c85a2d1 ] Request (ServersAdmin275Test:test_rebuild_update_server_275): 200 GET http://10.180.1.21/compute/v2.1/servers/733343f7-99e2-4e07-94eb-1b66458d799a 0.732s
2024-10-24 12:56:06.948 62337 INFO tempest.lib.common.rest_client [req-e16c88eb-3024-4415-8473-9b673b287b03 req-e16c88eb-3024-4415-8473-9b673b287b03 ] Request (ServersWithSpecificFlavorTestJSON:test_verify_created_server_ephemeral_disk): 200 GET http://10.180.1.21/compute/v2.1/servers/cd0af99e-0a90-4aa4-80b5-f6a7a3b7ec59 0.696s
2024-10-24 12:56:06.969 62311 INFO tempest.lib.common.rest_client [req-e08237c8-0c2e-4fbe-b038-edb1fd6f8ece req-e08237c8-0c2e-4fbe-b038-edb1fd6f8ece ] Request (FlavorsAdminTestJSON:test_is_public_string_variations): 200 POST http://10.180.1.21/compute/v2.1/flavors 0.711s
2024-10-24 12:56:06.984 62327 INFO tempest.lib.common.rest_client [req-4a97f278-cb20-4fef-81c3-94f0a86fd63c req-4a97f278-cb20-4fef-81c3-94f0a86fd63c ] Request (ServersTestJSON:setUpClass): 201 POST http://10.180.1.21/identity/v3/auth/tokens 0.070s
2024-10-24 12:56:07.012 62365 INFO tempest.lib.common.rest_client [req-fbc07a3a-24fa-448d-9729-4e82ad4b63b6 req-fbc07a3a-24fa-448d-9729-4e82ad4b63b6 ] Request (ServerDiagnosticsNegativeTest:test_get_server_diagnostics_by_non_admin): 200 GET http://10.180.1.21/compute/v2.1/servers/20e445dd-663c-46e4-bc0a-f00e68ecd6cd 0.752s
2024-10-24 12:56:07.020 62365 INFO tempest.common.waiters [-] State transition "BUILD/spawning" ==> "ERROR/None" after 31 second wait
2024-10-24 12:56:07.083 62351 INFO tempest.lib.common.rest_client [req-e4673775-978f-49f0-aa5e-8956d4f923d9 req-e4673775-978f-49f0-aa5e-8956d4f923d9 ] Request (VolumesAssistedSnapshotsTest:test_volume_assisted_snapshot_create_delete): 200 GET http://10.180.1.21/compute/v2.1/servers/8d858fe9-1c97-457b-87ba-2d405bb7dcc0 0.766s
2024-10-24 12:56:07.148 62357 INFO tempest.lib.common.rest_client [req-d3182896-449a-47a4-bce1-a82b7e8c7a7e req-d3182896-449a-47a4-bce1-a82b7e8c7a7e ] Request (ServersListShow296Test:tearDownClass): 200 GET http://10.180.1.21:9696/networking/v2.0/security-groups?tenant_id=476876b6189a44c5826a0eaa5ae5f742&name=default 0.433s
2024-10-24 12:56:07.157 62361 INFO tempest.lib.common.rest_client [req-ba10cb9e-cddf-4df6-a7eb-dda3d14b1c41 req-ba10cb9e-cddf-4df6-a7eb-dda3d14b1c41 ] Request (ServerDiskConfigTestJSON:test_rebuild_server_with_auto_disk_config): 200 GET http://10.180.1.21/compute/v2.1/servers/1a756eed-d5f2-4135-b522-ed06e20da1bc 0.829s
2024-10-24 12:56:07.365 62357 INFO tempest.lib.common.rest_client [req-3f0e2541-b634-4080-a5f0-dc767e87fce8 req-3f0e2541-b634-4080-a5f0-dc767e87fce8 ] Request (ServersListShow296Test:tearDownClass): 204 DELETE http://10.180.1.21:9696/networking/v2.0/security-groups/e668443c-a3fe-43e3-842c-b1a2b04130c2 0.217s
