2024-10-24 12:57:17.575 62359 INFO tempest.lib.common.rest_client [req-5df4b3ed-10a3-42df-ab64-752bc7734679 req-5df4b3ed-10a3-42df-ab64-752bc7734679 ] Request (InstanceActionsV221TestJSON:test_get_list_deleted_instance_actions): 200 GET http://10.180.1.21/compute/v2.1/servers/842633ee-19a5-44d6-bdef-c9f81e5af11e 0.056s
2024-10-24 12:57:17.610 62351 INFO tempest.lib.common.rest_client [req-a0d7c9b2-5b34-45cc-89ed-a79b92f53efe req-a0d7c9b2-5b34-45cc-89ed-a79b92f53efe ] Request (VolumesAssistedSnapshotsTest:tearDownClass): 204 DELETE http://10.180.1.21/identity/v3/users/be1a4796929a4bd1ae605493b5a61daa 0.118s
2024-10-24 12:57:17.611 62351 INFO tempest.lib.common.dynamic_creds [-] Deleting project and security group for project: 30834094374949ba8c8b3000a988074c
2024-10-24 12:57:17.638 62347 INFO tempest.lib.common.rest_client [req-924b63e0-6c4c-4cf3-bfbf-6a490eb49741 req-924b63e0-6c4c-4cf3-bfbf-6a490eb49741 ] Request (ServerAddressesTestJSON:setUpClass): 200 GET http://10.180.1.21/compute/v2.1/servers/b0343f07-0539-4395-81c8-46ca1f2a8920 0.067s
2024-10-24 12:57:17.656 62361 INFO tempest.lib.common.rest_client [req-22668898-ed60-4f47-95f7-6e444f3362a4 req-22668898-ed60-4f47-95f7-6e444f3362a4 ] Request (ServerDiskConfigTestJSON:test_rebuild_server_with_manual_disk_config): 200 GET http://10.180.1.21/compute/v2.1/servers/54e03464-0f37-4f4d-8746-821e73da0541 0.076s
2024-10-24 12:57:17.670 62351 INFO tempest.lib.common.rest_client [req-82a69915-fbeb-4314-bf35-6e433e50ce1a req-82a69915-fbeb-4314-bf35-6e433e50ce1a ] Request (VolumesAssistedSnapshotsTest:tearDownClass): 200 GET http://10.180.1.21:9696/networking/v2.0/security-groups?tenant_id=30834094374949ba8c8b3000a988074c&name=default 0.059s
2024-10-24 12:57:17.711 62349 INFO tempest.lib.common.rest_client [req-79f1cdbc-1fd8-4c94-92c4-ce2043d29546 req-79f1cdbc-1fd8-4c94-92c4-ce2043d29546 ] Request (ServersAdminTestJSON:setUpClass): 200 GET http://10.180.1.21/compute/v2.1/servers/4839c06e-f55a-4162-8eae-cfaeae07cdae 0.057s
2024-10-24 12:57:17.723 62329 INFO tempest.lib.common.rest_client [req-46fdd809-19e1-4730-b9ec-48c2e68e9418 req-46fdd809-19e1-4730-b9ec-48c2e68e9418 ] Request (AttachInterfacesTestJSON:test_create_list_show_delete_interfaces_by_network_port): 200 GET http://10.180.1.21/compute/v2.1/servers/443ad254-3d5d-4fb8-a565-ce70c352e3f2 0.089s
2024-10-24 12:57:17.782 62365 INFO tempest.lib.common.rest_client [req-4057b9a9-7395-423e-8e29-89fd3f1cc751 req-4057b9a9-7395-423e-8e29-89fd3f1cc751 ] Request (ServerActionsV293TestJSON:setUpClass): 200 GET http://10.180.1.21/compute/v2.1/servers/012e6d9c-0f02-4761-9639-9a8e8972ea2b 0.059s
2024-10-24 12:57:17.793 62337 INFO tempest.lib.common.rest_client [req-388ccdff-42be-4fb4-b2e2-11b99f3e199c req-388ccdff-42be-4fb4-b2e2-11b99f3e199c ] Request (ServersWithSpecificFlavorTestJSON:tearDownClass): 204 DELETE http://10.180.1.21:9696/networking/v2.0/routers/94c7374e-ac76-4375-8bda-b27813e3250a 0.472s
2024-10-24 12:57:17.801 62343 INFO tempest.lib.common.rest_client [req-57555550-0fc5-42eb-a1ef-8ace09d333c7 req-57555550-0fc5-42eb-a1ef-8ace09d333c7 ] Request (ServerActionsTestOtherA:setUpClass): 200 GET http://10.180.1.21/compute/v2.1/servers/05b868fd-401e-48b7-928f-a39c002bbe71 0.072s
2024-10-24 12:57:17.829 62333 INFO tempest.lib.common.rest_client [req-79949e9e-b3bf-4d48-8019-dc8adb59011a req-79949e9e-b3bf-4d48-8019-dc8adb59011a ] Request (ServerAddressesNegativeTestJSON:tearDownClass): 204 DELETE http://10.180.1.21:9696/networking/v2.0/routers/8a5616ca-f48b-4066-badc-3373a8cf5964 0.453s
2024-10-24 12:57:17.842 62355 INFO tempest.lib.common.rest_client [req-c3d3c751-69f6-40e8-852e-98c323453b78 req-c3d3c751-69f6-40e8-852e-98c323453b78 ] Request (ImagesTestJSON:test_create_image_from_suspended_server): 200 GET http://10.180.1.21/compute/v2.1/servers/cbcb5b42-06ab-41e4-ad08-d285b0863bfb 0.061s
2024-10-24 12:57:17.855 62351 INFO tempest.lib.common.rest_client [req-7d1a8b6d-3a03-4e58-96e3-b9733e6dd1e1 req-7d1a8b6d-3a03-4e58-96e3-b9733e6dd1e1 ] Request (VolumesAssistedSnapshotsTest:tearDownClass): 204 DELETE http://10.180.1.21:9696/networking/v2.0/security-groups/3d52f250-ce86-4281-8233-c214e706d699 0.184s
2024-10-24 12:57:17.878 62313 INFO tempest.lib.common.rest_client [req-f04365a2-4681-42f7-b862-1c48450967e2 req-f04365a2-4681-42f7-b862-1c48450967e2 ] Request (ServersAdminNegativeTestJSON:setUpClass): 200 GET http://10.180.1.21/compute/v2.1/servers/18b4e8c7-3517-46b2-b0a1-8d17bb222874 0.069s
2024-10-24 12:57:17.906 62345 INFO tempest.lib.common.rest_client [req-7d47ffdd-6c60-4f28-9689-c8cdb9e6e602 req-7d47ffdd-6c60-4f28-9689-c8cdb9e6e602 ] Request (ServersTestFqdnHostnames:test_create_server_with_fqdn_name): 200 GET http://10.180.1.21/compute/v2.1/servers/39f7c5ee-7d07-4516-b008-40d5778cf139 0.062s
2024-10-24 12:57:17.937 62369 INFO tempest.lib.common.rest_client [req-e4917918-057a-47d2-8040-32b62ca48290 req-e4917918-057a-47d2-8040-32b62ca48290 ] Request (MultipleCreateTestJSON:test_multiple_create_with_reservation_return): 200 GET http://10.180.1.21/compute/v2.1/servers/6ba7ca7d-173d-41d3-b523-3548a67397c4 0.071s
2024-10-24 12:57:17.954 62337 INFO tempest.lib.common.rest_client [req-0b9d0a0c-8c03-4e20-b704-40224f4f1273 req-0b9d0a0c-8c03-4e20-b704-40224f4f1273 ] Request (ServersWithSpecificFlavorTestJSON:tearDownClass): 204 DELETE http://10.180.1.21:9696/networking/v2.0/subnets/3a648adc-1a83-4302-9553-f79de8e7ec39 0.161s
2024-10-24 12:57:17.975 62317 INFO tempest.lib.common.rest_client [req-5e0e06a9-f525-4107-ab1e-971c34c7e3d7 req-5e0e06a9-f525-4107-ab1e-971c34c7e3d7 ] Request (SecurityGroupsTestJSON:test_list_security_groups_by_server): 200 GET http://10.180.1.21/compute/v2.1/servers/079cb97b-b7d4-4f25-9f1d-f77f34a2efbe 0.064s
2024-10-24 12:57:17.985 62351 INFO tempest.lib.common.rest_client [req-d9782e6a-07af-405a-a551-c6e6f183ab42 req-d9782e6a-07af-405a-a551-c6e6f183ab42 ] Request (VolumesAssistedSnapshotsTest:tearDownClass): 204 DELETE http://10.180.1.21/identity/v3/projects/30834094374949ba8c8b3000a988074c 0.130s
2024-10-24 12:57:17.985 62351 INFO tempest.lib.common.dynamic_creds [-] Deleting project and security group for project: ac19439f0ac44ae396032bcdbd70907d
2024-10-24 12:57:18.024 62351 INFO tempest.lib.common.rest_client [req-42024f0d-da9b-4f0e-9437-961d1251e746 req-42024f0d-da9b-4f0e-9437-961d1251e746 ] Request (VolumesAssistedSnapshotsTest:tearDownClass): 200 GET http://10.180.1.21:9696/networking/v2.0/security-groups?tenant_id=ac19439f0ac44ae396032bcdbd70907d&name=default 0.038s
2024-10-24 12:57:18.039 62321 INFO tempest.lib.common.rest_client [req-6677425c-9cc5-4020-b6d2-f9372b8eba42 req-6677425c-9cc5-4020-b6d2-f9372b8eba42 ] Request (ListServersNegativeTestJSON:setUpClass): 200 GET http://10.180.1.21/compute/v2.1/servers/5670d64c-bddc-4b4a-bdf0-2b039be5e49e 0.063s
2024-10-24 12:57:18.094 62327 INFO tempest.lib.common.rest_client [req-1b8274b7-b893-4703-94e8-2882a6e55e6f req-1b8274b7-b893-4703-94e8-2882a6e55e6f ] Request (ServersTestJSON:setUpClass): 200 GET http://10.180.1.21/compute/v2.1/servers/c332c6fd-1edd-4d9e-85a9-32a408f9d05e 0.105s
2024-10-24 12:57:18.113 62351 INFO tempest.lib.common.rest_client [req-6df21f2a-8cda-42b3-87a2-17ab9083d18b req-6df21f2a-8cda-42b3-87a2-17ab9083d18b ] Request (VolumesAssistedSnapshotsTest:tearDownClass): 204 DELETE http://10.180.1.21:9696/networking/v2.0/security-groups/5fe8081b-584e-4f91-af7b-38a1a30b19a7 0.088s
2024-10-24 12:57:18.154 62363 INFO tempest.lib.common.rest_client [req-51b38b24-4a23-4af9-bb92-45802c634c52 req-51b38b24-4a23-4af9-bb92-45802c634c52 ] Request (AttachVolumeShelveTestJSON:test_attach_volume_shelved_or_offload_server): 200 GET http://10.180.1.21/compute/v2.1/servers/71a5a130-fd26-4cf5-9b27-520f9eb62c55 0.236s
2024-10-24 12:57:18.165 62333 INFO tempest.lib.common.rest_client [req-2c13b2a2-51b4-4003-98e8-46654fdc1c32 req-2c13b2a2-51b4-4003-98e8-46654fdc1c32 ] Request (ServerAddressesNegativeTestJSON:tearDownClass): 204 DELETE http://10.180.1.21:9696/networking/v2.0/subnets/de4cdc3e-645e-48e4-9906-c2344a3306a2 0.335s
2024-10-24 12:57:18.171 62372 INFO tempest.lib.common.rest_client [req-2e860d9c-98c8-4aa8-a3e7-59b434ce1f00 req-2e860d9c-98c8-4aa8-a3e7-59b434ce1f00 ] Request (ServerShowV247Test:test_update_rebuild_list_server): 200 GET http://10.180.1.21/compute/v2.1/servers/2315bd37-6151-42d7-8b54-9ee367be0ed1 0.058s
2024-10-24 12:57:18.218 62325 INFO tempest.lib.common.rest_client [req-3110ef72-311c-4f13-9a05-7464a054958b req-3110ef72-311c-4f13-9a05-7464a054958b ] Request (ServerExternalEventsTest:test_create_server_external_events): 200 GET http://10.180.1.21/compute/v2.1/servers/b2ec37a4-09f6-428c-bca9-1ec121c9c390 0.071s
2024-10-24 12:57:18.224 62351 INFO tempest.lib.common.rest_client [req-ee5a5d9d-e177-49ef-a01e-e09c878b7393 req-ee5a5d9d-e177-49ef-a01e-e09c878b7393 ] Request (VolumesAssistedSnapshotsTest:tearDownClass): 204 DELETE http://10.180.1.21/identity/v3/projects/ac19439f0ac44ae396032bcdbd70907d 0.110s
2024-10-24 12:57:18.224 62351 INFO tempest.lib.common.dynamic_creds [-] Deleting project and security group for project: 01b6b404b4fa44b2a1e2d13a8ac73b48
2024-10-24 12:57:18.259 62357 INFO tempest.lib.common.rest_client [req-3580864f-b07c-4312-a213-2c35a4c4386c req-3580864f-b07c-4312-a213-2c35a4c4386c ] Request (AttachVolumeNegativeTest:test_attach_attached_volume_to_different_server): 200 GET http://10.180.1.21/compute/v2.1/servers/374062de-1242-44bd-b658-e8976f8c3b6c 0.063s
2024-10-24 12:57:18.277 62351 INFO tempest.lib.common.rest_client [req-7348df78-42c4-4ef6-b91e-f713e2397480 req-7348df78-42c4-4ef6-b91e-f713e2397480 ] Request (VolumesAssistedSnapshotsTest:tearDownClass): 200 GET http://10.180.1.21:9696/networking/v2.0/security-groups?tenant_id=01b6b404b4fa44b2a1e2d13a8ac73b48&name=default 0.052s
2024-10-24 12:57:18.323 62315 INFO tempest.lib.common.rest_client [req-b1986048-6ad1-413c-a11f-6a5bb5ac0a21 req-b1986048-6ad1-413c-a11f-6a5bb5ac0a21 ] Request (MigrationsAdminTest:test_resize_server_revert_deleted_flavor): 200 GET http://10.180.1.21/compute/v2.1/servers/6dd1097f-7353-4938-be2b-51c248e45fe2 0.056s
2024-10-24 12:57:18.358 62373 INFO tempest.lib.common.rest_client [req-67064de3-da22-46a5-9def-90a07e5c8ced req-67064de3-da22-46a5-9def-90a07e5c8ced ] Request (ServerActionsTestJSON:setUpClass): 200 GET http://10.180.1.21/compute/v2.1/servers/01c864cd-58a3-4061-836d-6a86ad37e4c4 0.057s
2024-10-24 12:57:18.363 62373 INFO tempest.common.waiters [-] State transition "BUILD/scheduling" ==> "ERROR/None" after 81 second wait
2024-10-24 12:57:18.416 62311 INFO tempest.lib.common.rest_client [req-7f0f93bb-2c97-4b7f-9e1b-f1699b1e9769 req-7f0f93bb-2c97-4b7f-9e1b-f1699b1e9769 ] Request (VolumesAdminNegativeTest:test_update_attached_volume_with_nonexistent_volume_in_body): 200 GET http://10.180.1.21/compute/v2.1/servers/3a804973-af62-4de1-a4ee-5943209c5884 0.060s
2024-10-24 12:57:18.417 62333 INFO tempest.lib.common.rest_client [req-df182de4-ac7d-4236-bc26-50cbe2abf7b2 req-df182de4-ac7d-4236-bc26-50cbe2abf7b2 ] Request (ServerAddressesNegativeTestJSON:tearDownClass): 204 DELETE http://10.180.1.21:9696/networking/v2.0/networks/e0be3392-c843-456d-be05-b6c8dbd5eb74 0.252s
2024-10-24 12:57:18.426 62351 INFO tempest.lib.common.rest_client [req-7b5bacae-307f-45e7-8d6e-0d30c2d682ae req-7b5bacae-307f-45e7-8d6e-0d30c2d682ae ] Request (VolumesAssistedSnapshotsTest:tearDownClass): 204 DELETE http://10.180.1.21:9696/networking/v2.0/security-groups/b3d2a3f3-a1b6-493b-8b9a-108f0acf3b01 0.149s
2024-10-24 12:57:18.472 62337 INFO tempest.lib.common.rest_client [req-3f486793-4ed3-4598-8c04-5ae83f6a0ccc req-3f486793-4ed3-4598-8c04-5ae83f6a0ccc ] Request (ServersWithSpecificFlavorTestJSON:tearDownClass): 204 DELETE http://10.180.1.21:9696/networking/v2.0/networks/0cfbda40-1200-4fb2-bb4b-ac121c9da2ee 0.517s
2024-10-24 12:57:18.482 62331 INFO tempest.lib.common.rest_client [req-048ba738-c29a-444c-ad34-4be8c92d2892 req-048ba738-c29a-444c-ad34-4be8c92d2892 ] Request (ServersV294TestFqdnHostnames:setUpClass): 200 GET http://10.180.1.21/compute/v2.1/servers/9b950dc9-d79c-4b30-8b71-1910b46ffd9b 0.073s
2024-10-24 12:57:18.529 62351 INFO tempest.lib.common.rest_client [req-1aedf8bb-310b-4726-a91f-d58f050ec706 req-1aedf8bb-310b-4726-a91f-d58f050ec706 ] Request (VolumesAssistedSnapshotsTest:tearDownClass): 204 DELETE http://10.180.1.21/identity/v3/projects/01b6b404b4fa44b2a1e2d13a8ac73b48 0.102s
2024-10-24 12:57:18.532 62339 INFO tempest.lib.common.rest_client [req-e7b3499a-c5e7-4e6d-831b-e7d260e93fbb req-e7b3499a-c5e7-4e6d-831b-e7d260e93fbb ] Request (InstanceActionsTestJSON:setUpClass): 200 GET http://10.180.1.21/compute/v2.1/servers/395cd695-c6a0-4c7e-ad0b-8ee5d4f64cfa 0.108s
2024-10-24 12:57:18.534 62373 INFO tempest.lib.common.rest_client [req-c6c082be-b63b-44f1-8865-ed4c92c7323f req-c6c082be-b63b-44f1-8865-ed4c92c7323f ] Request (ServerActionsTestJSON:setUpClass): 204 DELETE http://10.180.1.21/compute/v2.1/servers/01c864cd-58a3-4061-836d-6a86ad37e4c4 0.170s
2024-10-24 12:57:18.538 62333 INFO tempest.lib.common.rest_client [req-c6fa9f05-6e6e-4bfb-81a4-0fb962ea350a req-c6fa9f05-6e6e-4bfb-81a4-0fb962ea350a ] Request (ServerAddressesNegativeTestJSON:tearDownClass): 204 DELETE http://10.180.1.21/identity/v3/users/23e8690dc0b54968a0cc9db2088089db 0.120s
2024-10-24 12:57:18.538 62333 INFO tempest.lib.common.dynamic_creds [-] Deleting project and security group for project: eb7c457c8eff4e59a4c19205bdb2d6d3
2024-10-24 12:57:18.581 62333 INFO tempest.lib.common.rest_client [req-dc6d1f8f-95d1-4b6c-8a69-619ee97bb10f req-dc6d1f8f-95d1-4b6c-8a69-619ee97bb10f ] Request (ServerAddressesNegativeTestJSON:tearDownClass): 200 GET http://10.180.1.21:9696/networking/v2.0/security-groups?tenant_id=eb7c457c8eff4e59a4c19205bdb2d6d3&name=default 0.043s
2024-10-24 12:57:18.589 62319 INFO tempest.lib.common.rest_client [req-86455f5b-8189-419f-91db-53ecda29bf1d req-86455f5b-8189-419f-91db-53ecda29bf1d ] Request (FloatingIPsAssociationTestJSON:setUpClass): 200 GET http://10.180.1.21/compute/v2.1/servers/b5625b76-37e3-49be-bd3b-8b864021dbd1 0.132s
2024-10-24 12:57:18.596 62367 INFO tempest.lib.common.rest_client [req-d22d35d4-fb77-4a97-97dc-6911d9c5a25a req-d22d35d4-fb77-4a97-97dc-6911d9c5a25a ] Request (AttachVolumeTestJSON:test_attach_detach_volume): 200 GET http://10.180.1.21/compute/v2.1/servers/ad374170-21a1-4036-9804-b82493701abf 0.079s
2024-10-24 12:57:18.609 62373 INFO tempest.lib.common.rest_client [req-cfc5c4ec-57d9-4fec-83a4-779afdbb2a84 req-cfc5c4ec-57d9-4fec-83a4-779afdbb2a84 ] Request (ServerActionsTestJSON:setUpClass): 404 GET http://10.180.1.21/compute/v2.1/servers/01c864cd-58a3-4061-836d-6a86ad37e4c4 0.075s
2024-10-24 12:57:18.609 62373 INFO tempest.test [-] raised in ServerActionsTestJSON.setUpClass. Invoking tearDownClass.
2024-10-24 12:57:18.625 62373 INFO tempest.lib.common.rest_client [req-ced9eba2-3d69-4afb-a8da-c35ff01500a6 req-ced9eba2-3d69-4afb-a8da-c35ff01500a6 ] Request (ServerActionsTestJSON:tearDownClass): 202 DELETE http://10.180.1.21/compute/v2.1/os-keypairs/tempest-keypair-1822085907 0.016s
2024-10-24 12:57:18.646 62337 INFO tempest.lib.common.rest_client [req-3df6cf45-5c0b-4772-b1fa-d26f26535791 req-3df6cf45-5c0b-4772-b1fa-d26f26535791 ] Request (ServersWithSpecificFlavorTestJSON:tearDownClass): 204 DELETE http://10.180.1.21/identity/v3/users/3eb918034bc84355b33da9dc20fc013a 0.173s
2024-10-24 12:57:18.665 62351 INFO tempest.lib.common.rest_client [req-cfed8180-e779-4726-9579-80e5bb2bae88 req-cfed8180-e779-4726-9579-80e5bb2bae88 ] Request (ImagesMetadataTestJSON:setUpClass): 201 POST http://10.180.1.21/identity/v3/auth/tokens 0.135s
2024-10-24 12:57:18.674 62359 INFO tempest.lib.common.rest_client [req-62d35e82-9aae-4db0-bb3c-88f75d0fadfa req-62d35e82-9aae-4db0-bb3c-88f75d0fadfa ] Request (InstanceActionsV221TestJSON:test_get_list_deleted_instance_actions): 200 GET http://10.180.1.21/compute/v2.1/servers/842633ee-19a5-44d6-bdef-c9f81e5af11e 0.086s
2024-10-24 12:57:18.710 62333 INFO tempest.lib.common.rest_client [req-c2846327-aafe-41b7-bcb0-6fbe4a233486 req-c2846327-aafe-41b7-bcb0-6fbe4a233486 ] Request (ServerAddressesNegativeTestJSON:tearDownClass): 204 DELETE http://10.180.1.21:9696/networking/v2.0/security-groups/ddf6568c-3688-4b7a-bee0-c3d37b348925 0.127s
2024-10-24 12:57:18.728 62373 INFO tempest.lib.common.rest_client [req-c55f2391-156b-460d-b17e-f141fadc7a5d req-c55f2391-156b-460d-b17e-f141fadc7a5d ] Request (ServerActionsTestJSON:tearDownClass): 204 DELETE http://10.180.1.21:9696/networking/v2.0/security-groups/43d8b8e9-43cf-4aba-8b61-4775d0feeff3 0.102s
2024-10-24 12:57:18.734 62361 INFO tempest.lib.common.rest_client [req-f5f300c6-6ba1-4e22-80ba-6dfeecd8a927 req-f5f300c6-6ba1-4e22-80ba-6dfeecd8a927 ] Request (ServerDiskConfigTestJSON:test_rebuild_server_with_manual_disk_config): 200 GET http://10.180.1.21/compute/v2.1/servers/54e03464-0f37-4f4d-8746-821e73da0541 0.071s
2024-10-24 12:57:18.738 62347 INFO tempest.lib.common.rest_client [req-25886a9a-362e-46e3-b77a-960122f322d9 req-25886a9a-362e-46e3-b77a-960122f322d9 ] Request (ServerAddressesTestJSON:setUpClass): 200 GET http://10.180.1.21/compute/v2.1/servers/b0343f07-0539-4395-81c8-46ca1f2a8920 0.086s
2024-10-24 12:57:18.742 62373 INFO tempest.lib.common.rest_client [req-d5dda3d5-8e78-4f61-95ff-2cd5932b7dcd req-d5dda3d5-8e78-4f61-95ff-2cd5932b7dcd ] Request (ServerActionsTestJSON:tearDownClass): 404 GET http://10.180.1.21:9696/networking/v2.0/security-groups/43d8b8e9-43cf-4aba-8b61-4775d0feeff3 0.013s
2024-10-24 12:57:18.771 62337 INFO tempest.lib.common.rest_client [req-9ce1bb4f-1889-46b5-bcd5-1b2dc7b50257 req-9ce1bb4f-1889-46b5-bcd5-1b2dc7b50257 ] Request (ServersWithSpecificFlavorTestJSON:tearDownClass): 204 DELETE http://10.180.1.21/identity/v3/users/787e0fbec33544abbf6fb2dc5b6ee3b5 0.122s
2024-10-24 12:57:18.771 62337 INFO tempest.lib.common.dynamic_creds [-] Deleting project and security group for project: ec60956067f8451eaae2065deb26771f
2024-10-24 12:57:18.780 62349 INFO tempest.lib.common.rest_client [req-1c122052-031e-46e1-86db-a230d07ac7c0 req-1c122052-031e-46e1-86db-a230d07ac7c0 ] Request (ServersAdminTestJSON:setUpClass): 200 GET http://10.180.1.21/compute/v2.1/servers/4839c06e-f55a-4162-8eae-cfaeae07cdae 0.061s
2024-10-24 12:57:18.787 62351 INFO tempest.lib.common.rest_client [req-39cb36e9-e8a6-45fc-9006-fb84d2ee0cf5 req-39cb36e9-e8a6-45fc-9006-fb84d2ee0cf5 ] Request (ImagesMetadataTestJSON:setUpClass): 201 POST http://10.180.1.21/identity/v3/auth/tokens 0.118s
2024-10-24 12:57:18.800 62329 INFO tempest.lib.common.rest_client [req-e6224491-1210-480d-9c54-003a8a3bbd3f req-e6224491-1210-480d-9c54-003a8a3bbd3f ] Request (AttachInterfacesTestJSON:test_create_list_show_delete_interfaces_by_network_port): 200 GET http://10.180.1.21/compute/v2.1/servers/443ad254-3d5d-4fb8-a565-ce70c352e3f2 0.066s
2024-10-24 12:57:18.824 62337 INFO tempest.lib.common.rest_client [req-99365919-3c03-4abc-848d-f39eb3b0a325 req-99365919-3c03-4abc-848d-f39eb3b0a325 ] Request (ServersWithSpecificFlavorTestJSON:tearDownClass): 200 GET http://10.180.1.21:9696/networking/v2.0/security-groups?tenant_id=ec60956067f8451eaae2065deb26771f&name=default 0.052s
2024-10-24 12:57:18.854 62365 INFO tempest.lib.common.rest_client [req-abdee34a-5933-4870-a754-1c2f354510ce req-abdee34a-5933-4870-a754-1c2f354510ce ] Request (ServerActionsV293TestJSON:setUpClass): 200 GET http://10.180.1.21/compute/v2.1/servers/012e6d9c-0f02-4761-9639-9a8e8972ea2b 0.056s
2024-10-24 12:57:18.857 62333 INFO tempest.lib.common.rest_client [req-c73b2e08-c69c-45b3-985f-4b364da6ad51 req-c73b2e08-c69c-45b3-985f-4b364da6ad51 ] Request (ServerAddressesNegativeTestJSON:tearDownClass): 204 DELETE http://10.180.1.21/identity/v3/projects/eb7c457c8eff4e59a4c19205bdb2d6d3 0.147s
2024-10-24 12:57:18.860 62333 INFO tempest.test [-] raised in ServerStableDeviceRescueTest.setUpClass. Invoking tearDownClass.
2024-10-24 12:57:18.878 62343 INFO tempest.lib.common.rest_client [req-902fd5b0-58e5-4f71-bafd-6aaccb9bf656 req-902fd5b0-58e5-4f71-bafd-6aaccb9bf656 ] Request (ServerActionsTestOtherA:setUpClass): 200 GET http://10.180.1.21/compute/v2.1/servers/05b868fd-401e-48b7-928f-a39c002bbe71 0.066s
2024-10-24 12:57:18.904 62355 INFO tempest.lib.common.rest_client [req-6d4dfae0-8205-4f7d-9348-928d7e4c5d0c req-6d4dfae0-8205-4f7d-9348-928d7e4c5d0c ] Request (ImagesTestJSON:test_create_image_from_suspended_server): 200 GET http://10.180.1.21/compute/v2.1/servers/cbcb5b42-06ab-41e4-ad08-d285b0863bfb 0.054s
2024-10-24 12:57:18.907 62351 INFO tempest.lib.common.rest_client [req-5f7fb457-a827-413f-bf53-6e3e31b675b1 req-5f7fb457-a827-413f-bf53-6e3e31b675b1 ] Request (ImagesMetadataTestJSON:setUpClass): 200 GET http://10.180.1.21/identity/v3/domains?name=Default 0.120s
2024-10-24 12:57:18.930 62333 INFO tempest.lib.common.rest_client [req-e7d269a6-e44c-4630-a805-d606fd564038 req-e7d269a6-e44c-4630-a805-d606fd564038 ] Request (VolumesTestJSON:setUpClass): 201 POST http://10.180.1.21/identity/v3/auth/tokens 0.068s
2024-10-24 12:57:18.955 62351 INFO tempest.lib.common.rest_client [req-2fc056eb-d8a4-4a3e-aa82-22660ef29eb0 req-2fc056eb-d8a4-4a3e-aa82-22660ef29eb0 ] Request (ImagesMetadataTestJSON:setUpClass): 201 POST http://10.180.1.21/identity/v3/projects 0.047s
2024-10-24 12:57:18.958 62313 INFO tempest.lib.common.rest_client [req-17822a33-984a-47ea-930d-8e916247408f req-17822a33-984a-47ea-930d-8e916247408f ] Request (ServersAdminNegativeTestJSON:setUpClass): 200 GET http://10.180.1.21/compute/v2.1/servers/18b4e8c7-3517-46b2-b0a1-8d17bb222874 0.072s
2024-10-24 12:57:18.965 62337 INFO tempest.lib.common.rest_client [req-804c392c-3120-4511-8c5b-b57604d6009d req-804c392c-3120-4511-8c5b-b57604d6009d ] Request (ServersWithSpecificFlavorTestJSON:tearDownClass): 204 DELETE http://10.180.1.21:9696/networking/v2.0/security-groups/f36241af-9d5b-41fb-8a12-f613630db3cc 0.141s
2024-10-24 12:57:18.965 62345 INFO tempest.lib.common.rest_client [req-b25e7593-24c7-4a9d-a027-f971305072f0 req-b25e7593-24c7-4a9d-a027-f971305072f0 ] Request (ServersTestFqdnHostnames:test_create_server_with_fqdn_name): 200 GET http://10.180.1.21/compute/v2.1/servers/39f7c5ee-7d07-4516-b008-40d5778cf139 0.050s
2024-10-24 12:57:18.984 62323 INFO tempest.lib.common.rest_client [req-6c1a4072-0835-494a-9d77-b3e79884b817 req-6c1a4072-0835-494a-9d77-b3e79884b817 ] Request (ListImageFiltersTestJSON:setUpClass): 204 PUT http://10.180.1.21/image/v2/images/a4a66a7d-d2b0-4412-ae0c-36ee2141a703/file 0.887s
2024-10-24 12:57:18.999 62333 INFO tempest.lib.common.rest_client [req-3a51198c-37f2-4ce5-94bb-b2b68e1e7e56 req-3a51198c-37f2-4ce5-94bb-b2b68e1e7e56 ] Request (VolumesTestJSON:setUpClass): 201 POST http://10.180.1.21/identity/v3/auth/tokens 0.065s
2024-10-24 12:57:19.015 62369 INFO tempest.lib.common.rest_client [req-91995657-be13-49a3-965e-6a670e08b6f3 req-91995657-be13-49a3-965e-6a670e08b6f3 ] Request (MultipleCreateTestJSON:test_multiple_create_with_reservation_return): 200 GET http://10.180.1.21/compute/v2.1/servers/6ba7ca7d-173d-41d3-b523-3548a67397c4 0.067s
2024-10-24 12:57:19.017 62323 INFO tempest.lib.common.rest_client [req-7877f8ef-1285-4517-8705-3a7c428b9bcb req-7877f8ef-1285-4517-8705-3a7c428b9bcb ] Request (ListImageFiltersTestJSON:setUpClass): 200 GET http://10.180.1.21/compute/v2.1/images/a4a66a7d-d2b0-4412-ae0c-36ee2141a703 0.032s
2024-10-24 12:57:19.024 62351 INFO tempest.lib.common.rest_client [req-360344d8-57fe-4e82-81a0-643fc587e4b9 req-360344d8-57fe-4e82-81a0-643fc587e4b9 ] Request (ImagesMetadataTestJSON:setUpClass): 201 POST http://10.180.1.21/identity/v3/users 0.069s
2024-10-24 12:57:19.024 62369 INFO tempest.common.waiters [-] State transition "BUILD/scheduling" ==> "BUILD/None" after 62 second wait
2024-10-24 12:57:19.041 62333 INFO tempest.lib.common.rest_client [req-fb5e5737-48ff-4908-be09-b59523eba812 req-fb5e5737-48ff-4908-be09-b59523eba812 ] Request (VolumesTestJSON:setUpClass): 200 GET http://10.180.1.21/identity/v3/domains?name=Default 0.041s
2024-10-24 12:57:19.055 62337 INFO tempest.lib.common.rest_client [req-16b6ef2d-3965-4640-aed2-d5def5d58c08 req-16b6ef2d-3965-4640-aed2-d5def5d58c08 ] Request (ServersWithSpecificFlavorTestJSON:tearDownClass): 204 DELETE http://10.180.1.21/identity/v3/projects/ec60956067f8451eaae2065deb26771f 0.090s
2024-10-24 12:57:19.056 62337 INFO tempest.lib.common.dynamic_creds [-] Deleting project and security group for project: 98ac473eace64de4b85474fa4f7cded9
2024-10-24 12:57:19.057 62323 INFO tempest.lib.common.rest_client [req-2e4f5280-307a-4938-863c-a3876df1344c req-2e4f5280-307a-4938-863c-a3876df1344c ] Request (ListImageFiltersTestJSON:setUpClass): 200 GET http://10.180.1.21/compute/v2.1/images/a4a66a7d-d2b0-4412-ae0c-36ee2141a703 0.038s
2024-10-24 12:57:19.074 62373 INFO tempest.lib.common.rest_client [req-04aceaba-f94d-4a56-8325-c02a7b226a19 req-04aceaba-f94d-4a56-8325-c02a7b226a19 ] Request (ServerActionsTestJSON:tearDownClass): 204 DELETE http://10.180.1.21:9696/networking/v2.0/floatingips/7328ed09-dad7-45de-9500-36af65668289 0.332s
2024-10-24 12:57:19.078 62317 INFO tempest.lib.common.rest_client [req-dbd71e88-37bc-451b-881c-3b5b181a07dc req-dbd71e88-37bc-451b-881c-3b5b181a07dc ] Request (SecurityGroupsTestJSON:test_list_security_groups_by_server): 200 GET http://10.180.1.21/compute/v2.1/servers/079cb97b-b7d4-4f25-9f1d-f77f34a2efbe 0.093s
2024-10-24 12:57:19.087 62337 INFO tempest.lib.common.rest_client [req-3efd4a6f-4f43-48a1-80ed-1c2a68b2e235 req-3efd4a6f-4f43-48a1-80ed-1c2a68b2e235 ] Request (ServersWithSpecificFlavorTestJSON:tearDownClass): 200 GET http://10.180.1.21:9696/networking/v2.0/security-groups?tenant_id=98ac473eace64de4b85474fa4f7cded9&name=default 0.031s
2024-10-24 12:57:19.108 62351 INFO tempest.lib.common.rest_client [req-be942c4d-d92e-46ad-b718-4dd4ca469022 req-be942c4d-d92e-46ad-b718-4dd4ca469022 ] Request (ImagesMetadataTestJSON:setUpClass): 200 GET http://10.180.1.21/identity/v3/roles 0.084s
2024-10-24 12:57:19.129 62333 INFO tempest.lib.common.rest_client [req-5cfb27e0-9987-4f45-8f4d-d3d07855af8b req-5cfb27e0-9987-4f45-8f4d-d3d07855af8b ] Request (VolumesTestJSON:setUpClass): 201 POST http://10.180.1.21/identity/v3/projects 0.087s
2024-10-24 12:57:19.129 62321 INFO tempest.lib.common.rest_client [req-6ea27a0b-6bc4-40ed-a4e9-aa27e54a5bae req-6ea27a0b-6bc4-40ed-a4e9-aa27e54a5bae ] Request (ListServersNegativeTestJSON:setUpClass): 200 GET http://10.180.1.21/compute/v2.1/servers/5670d64c-bddc-4b4a-bdf0-2b039be5e49e 0.082s
2024-10-24 12:57:19.165 62327 INFO tempest.lib.common.rest_client [req-321c95ec-c65f-4087-a9ea-e59e3aa1545d req-321c95ec-c65f-4087-a9ea-e59e3aa1545d ] Request (ServersTestJSON:setUpClass): 200 GET http://10.180.1.21/compute/v2.1/servers/c332c6fd-1edd-4d9e-85a9-32a408f9d05e 0.064s
2024-10-24 12:57:19.179 62337 INFO tempest.lib.common.rest_client [req-e4933bf2-42fc-4667-bb83-2ceb43ec72cc req-e4933bf2-42fc-4667-bb83-2ceb43ec72cc ] Request (ServersWithSpecificFlavorTestJSON:tearDownClass): 204 DELETE http://10.180.1.21:9696/networking/v2.0/security-groups/650f295c-aa85-4101-883d-885fbed085c2 0.091s
2024-10-24 12:57:19.184 62351 INFO tempest.lib.common.rest_client [req-004e90c8-19a3-4cdc-a5cd-5805311bd8e1 req-004e90c8-19a3-4cdc-a5cd-5805311bd8e1 ] Request (ImagesMetadataTestJSON:setUpClass): 204 PUT http://10.180.1.21/identity/v3/projects/9a877923c0f6471f96e5f893588c91df/users/cec16aa8af7149b191d15ce4a075d07b/roles/b0ad5a71955948d986dc235ba966799b 0.074s
2024-10-24 12:57:19.185 62351 INFO tempest.lib.common.dynamic_creds [-] Dynamic test user cec16aa8af7149b191d15ce4a075d07b is created with scope project and roles: ['member']
2024-10-24 12:57:19.185 62351 INFO tempest.lib.common.dynamic_creds [-] Acquired dynamic creds: credentials: Credentials: {'domain_id': 'default', 'domain_name': 'Default', 'username': 'tempest-ImagesMetadataTestJSON-1832776929-project-member', 'project_domain_id': 'default', 'project_domain_name': 'Default', 'project_id': '9a877923c0f6471f96e5f893588c91df', 'project_name': 'tempest-ImagesMetadataTestJSON-1832776929', 'tenant_id': '9a877923c0f6471f96e5f893588c91df', 'tenant_name': 'tempest-ImagesMetadataTestJSON-1832776929', 'user_domain_id': 'default', 'user_domain_name': 'Default', 'user_id': 'cec16aa8af7149b191d15ce4a075d07b', 'system': None}, Network: None, Subnet: None, Router: None
2024-10-24 12:57:19.185 62351 INFO tempest.lib.common.dynamic_creds [-] Created isolated network resources for: credentials: Credentials: {'domain_id': 'default', 'domain_name': 'Default', 'username': 'tempest-ImagesMetadataTestJSON-1832776929-project-member', 'project_domain_id': 'default', 'project_domain_name': 'Default', 'project_id': '9a877923c0f6471f96e5f893588c91df', 'project_name': 'tempest-ImagesMetadataTestJSON-1832776929', 'tenant_id': '9a877923c0f6471f96e5f893588c91df', 'tenant_name': 'tempest-ImagesMetadataTestJSON-1832776929', 'user_domain_id': 'default', 'user_domain_name': 'Default', 'user_id': 'cec16aa8af7149b191d15ce4a075d07b', 'system': None}, Network: None, Subnet: None, Router: None
2024-10-24 12:57:19.195 62333 INFO tempest.lib.common.rest_client [req-7c0c62fb-f5de-4e1a-9281-a5e9a90df0ff req-7c0c62fb-f5de-4e1a-9281-a5e9a90df0ff ] Request (VolumesTestJSON:setUpClass): 201 POST http://10.180.1.21/identity/v3/users 0.066s
2024-10-24 12:57:19.228 62363 INFO tempest.lib.common.rest_client [req-a1fa8aa5-477d-4932-a068-eb62672f7ed1 req-a1fa8aa5-477d-4932-a068-eb62672f7ed1 ] Request (AttachVolumeShelveTestJSON:test_attach_volume_shelved_or_offload_server): 200 GET http://10.180.1.21/compute/v2.1/servers/71a5a130-fd26-4cf5-9b27-520f9eb62c55 0.058s
2024-10-24 12:57:19.258 62372 INFO tempest.lib.common.rest_client [req-60b2caa8-8d98-41d3-880d-b5780de63b4b req-60b2caa8-8d98-41d3-880d-b5780de63b4b ] Request (ServerShowV247Test:test_update_rebuild_list_server): 200 GET http://10.180.1.21/compute/v2.1/servers/2315bd37-6151-42d7-8b54-9ee367be0ed1 0.071s
2024-10-24 12:57:19.295 62351 INFO tempest.lib.common.rest_client [req-ff737356-fac2-43c0-8dad-a0b632bf7e85 req-ff737356-fac2-43c0-8dad-a0b632bf7e85 ] Request (ImagesMetadataTestJSON:setUpClass): 201 POST http://10.180.1.21/identity/v3/auth/tokens 0.101s
2024-10-24 12:57:19.297 62325 INFO tempest.lib.common.rest_client [req-a4bda139-6b37-4601-9ad6-d449e10d421e req-a4bda139-6b37-4601-9ad6-d449e10d421e ] Request (ServerExternalEventsTest:test_create_server_external_events): 200 GET http://10.180.1.21/compute/v2.1/servers/b2ec37a4-09f6-428c-bca9-1ec121c9c390 0.067s
2024-10-24 12:57:19.298 62337 INFO tempest.lib.common.rest_client [req-dd12ccdc-48b2-43ad-9f39-fbe85baa839f req-dd12ccdc-48b2-43ad-9f39-fbe85baa839f ] Request (ServersWithSpecificFlavorTestJSON:tearDownClass): 204 DELETE http://10.180.1.21/identity/v3/projects/98ac473eace64de4b85474fa4f7cded9 0.119s
2024-10-24 12:57:19.328 62357 INFO tempest.lib.common.rest_client [req-48f0e2e9-ca17-4f58-8798-0c5528f77c83 req-48f0e2e9-ca17-4f58-8798-0c5528f77c83 ] Request (AttachVolumeNegativeTest:test_attach_attached_volume_to_different_server): 200 GET http://10.180.1.21/compute/v2.1/servers/374062de-1242-44bd-b658-e8976f8c3b6c 0.063s
2024-10-24 12:57:19.343 62333 INFO tempest.lib.common.rest_client [req-f191b65e-ce8b-4635-8eba-13c99aacde81 req-f191b65e-ce8b-4635-8eba-13c99aacde81 ] Request (VolumesTestJSON:setUpClass): 200 GET http://10.180.1.21/identity/v3/roles 0.147s
2024-10-24 12:57:19.384 62315 INFO tempest.lib.common.rest_client [req-239063c0-dc11-41b7-af96-5d773734bf7c req-239063c0-dc11-41b7-af96-5d773734bf7c ] Request (MigrationsAdminTest:test_resize_server_revert_deleted_flavor): 200 GET http://10.180.1.21/compute/v2.1/servers/6dd1097f-7353-4938-be2b-51c248e45fe2 0.054s
2024-10-24 12:57:19.403 62337 INFO tempest.lib.common.rest_client [req-835d373e-9b42-4380-bef6-b8a0aa6eb144 req-835d373e-9b42-4380-bef6-b8a0aa6eb144 ] Request (DeleteServersAdminTestJSON:setUpClass): 201 POST http://10.180.1.21/identity/v3/auth/tokens 0.102s
2024-10-24 12:57:19.446 62333 INFO tempest.lib.common.rest_client [req-4f2fb688-0cc7-4837-901e-824a645dd6b5 req-4f2fb688-0cc7-4837-901e-824a645dd6b5 ] Request (VolumesTestJSON:setUpClass): 204 PUT http://10.180.1.21/identity/v3/projects/f3bcf13ac9a54c9697a7df12cf6bc996/users/e21d38decf13454ebbcd8522377ed3c5/roles/b0ad5a71955948d986dc235ba966799b 0.103s
2024-10-24 12:57:19.447 62333 INFO tempest.lib.common.dynamic_creds [-] Dynamic test user e21d38decf13454ebbcd8522377ed3c5 is created with scope project and roles: ['member']
2024-10-24 12:57:19.447 62333 INFO tempest.lib.common.dynamic_creds [-] Acquired dynamic creds: credentials: Credentials: {'domain_id': 'default', 'domain_name': 'Default', 'username': 'tempest-VolumesTestJSON-79179452-project-member', 'project_domain_id': 'default', 'project_domain_name': 'Default', 'project_id': 'f3bcf13ac9a54c9697a7df12cf6bc996', 'project_name': 'tempest-VolumesTestJSON-79179452', 'tenant_id': 'f3bcf13ac9a54c9697a7df12cf6bc996', 'tenant_name': 'tempest-VolumesTestJSON-79179452', 'user_domain_id': 'default', 'user_domain_name': 'Default', 'user_id': 'e21d38decf13454ebbcd8522377ed3c5', 'system': None}, Network: None, Subnet: None, Router: None
2024-10-24 12:57:19.447 62333 INFO tempest.lib.common.dynamic_creds [-] Created isolated network resources for: credentials: Credentials: {'domain_id': 'default', 'domain_name': 'Default', 'username': 'tempest-VolumesTestJSON-79179452-project-member', 'project_domain_id': 'default', 'project_domain_name': 'Default', 'project_id': 'f3bcf13ac9a54c9697a7df12cf6bc996', 'project_name': 'tempest-VolumesTestJSON-79179452', 'tenant_id': 'f3bcf13ac9a54c9697a7df12cf6bc996', 'tenant_name': 'tempest-VolumesTestJSON-79179452', 'user_domain_id': 'default', 'user_domain_name': 'Default', 'user_id': 'e21d38decf13454ebbcd8522377ed3c5', 'system': None}, Network: None, Subnet: None, Router: None
2024-10-24 12:57:19.482 62311 INFO tempest.lib.common.rest_client [req-bf786557-b43a-4b8c-b0ef-37078ef29081 req-bf786557-b43a-4b8c-b0ef-37078ef29081 ] Request (VolumesAdminNegativeTest:test_update_attached_volume_with_nonexistent_volume_in_body): 200 GET http://10.180.1.21/compute/v2.1/servers/3a804973-af62-4de1-a4ee-5943209c5884 0.057s
2024-10-24 12:57:19.496 62337 INFO tempest.lib.common.rest_client [req-fa00547c-705c-456f-a661-e5e5c3fc8222 req-fa00547c-705c-456f-a661-e5e5c3fc8222 ] Request (DeleteServersAdminTestJSON:setUpClass): 201 POST http://10.180.1.21/identity/v3/auth/tokens 0.090s
2024-10-24 12:57:19.507 62323 INFO tempest.lib.common.rest_client [req-700e68e4-f0b5-4bd4-9565-f9d965707bf4 req-700e68e4-f0b5-4bd4-9565-f9d965707bf4 ] Request (ListImageFiltersTestJSON:setUpClass): 201 POST http://10.180.1.21/image/v2/images 0.447s
2024-10-24 12:57:19.530 62333 INFO tempest.lib.common.rest_client [req-a1f02de0-691b-4c62-971a-71363db3bc9a req-a1f02de0-691b-4c62-971a-71363db3bc9a ] Request (VolumesTestJSON:setUpClass): 201 POST http://10.180.1.21/identity/v3/auth/tokens 0.076s
2024-10-24 12:57:19.551 62337 INFO tempest.lib.common.rest_client [req-87700a0e-c4f8-4b56-ba9e-6da839b88e20 req-87700a0e-c4f8-4b56-ba9e-6da839b88e20 ] Request (DeleteServersAdminTestJSON:setUpClass): 200 GET http://10.180.1.21/identity/v3/domains?name=Default 0.054s
2024-10-24 12:57:19.556 62331 INFO tempest.lib.common.rest_client [req-172c59f6-b4c5-4527-91a3-81daedf15208 req-172c59f6-b4c5-4527-91a3-81daedf15208 ] Request (ServersV294TestFqdnHostnames:setUpClass): 200 GET http://10.180.1.21/compute/v2.1/servers/9b950dc9-d79c-4b30-8b71-1910b46ffd9b 0.062s
2024-10-24 12:57:19.564 62331 INFO tempest.common.waiters [-] State transition "BUILD/spawning" ==> "BUILD/scheduling" after 81 second wait
2024-10-24 12:57:19.581 62337 INFO tempest.lib.common.rest_client [req-f3a1719d-f3b5-430f-a75d-d3d6452c2f69 req-f3a1719d-f3b5-430f-a75d-d3d6452c2f69 ] Request (DeleteServersAdminTestJSON:setUpClass): 201 POST http://10.180.1.21/identity/v3/projects 0.030s
2024-10-24 12:57:19.598 62339 INFO tempest.lib.common.rest_client [req-a5e7a074-8902-41da-a192-56f86e31e85f req-a5e7a074-8902-41da-a192-56f86e31e85f ] Request (InstanceActionsTestJSON:setUpClass): 200 GET http://10.180.1.21/compute/v2.1/servers/395cd695-c6a0-4c7e-ad0b-8ee5d4f64cfa 0.057s
2024-10-24 12:57:19.658 62319 INFO tempest.lib.common.rest_client [req-1debb324-209c-46df-8746-1046fed83a59 req-1debb324-209c-46df-8746-1046fed83a59 ] Request (FloatingIPsAssociationTestJSON:setUpClass): 200 GET http://10.180.1.21/compute/v2.1/servers/b5625b76-37e3-49be-bd3b-8b864021dbd1 0.060s
2024-10-24 12:57:19.660 62367 INFO tempest.lib.common.rest_client [req-45914a39-2945-481a-b5d5-d5b1f5777b4a req-45914a39-2945-481a-b5d5-d5b1f5777b4a ] Request (AttachVolumeTestJSON:test_attach_detach_volume): 200 GET http://10.180.1.21/compute/v2.1/servers/ad374170-21a1-4036-9804-b82493701abf 0.054s
2024-10-24 12:57:19.689 62337 INFO tempest.lib.common.rest_client [req-184e44bd-e758-4116-8d97-83aec995a5e4 req-184e44bd-e758-4116-8d97-83aec995a5e4 ] Request (DeleteServersAdminTestJSON:setUpClass): 201 POST http://10.180.1.21/identity/v3/users 0.107s
2024-10-24 12:57:19.705 62337 INFO tempest.lib.common.rest_client [req-805df34d-6802-458b-b0e9-fbcdc8d164ed req-805df34d-6802-458b-b0e9-fbcdc8d164ed ] Request (DeleteServersAdminTestJSON:setUpClass): 200 GET http://10.180.1.21/identity/v3/roles 0.015s
2024-10-24 12:57:19.742 62359 INFO tempest.lib.common.rest_client [req-a866ce82-604e-4bf0-89e7-2952a6a5fc30 req-a866ce82-604e-4bf0-89e7-2952a6a5fc30 ] Request (InstanceActionsV221TestJSON:test_get_list_deleted_instance_actions): 200 GET http://10.180.1.21/compute/v2.1/servers/842633ee-19a5-44d6-bdef-c9f81e5af11e 0.058s
2024-10-24 12:57:19.748 62337 INFO tempest.lib.common.rest_client [req-0de96000-6211-4ae5-8f47-203ba6d25f4a req-0de96000-6211-4ae5-8f47-203ba6d25f4a ] Request (DeleteServersAdminTestJSON:setUpClass): 204 PUT http://10.180.1.21/identity/v3/projects/67e38fd8e30349c6857025719fd26211/users/5ff5dd6ffbf5452e8f56a1f64ae175b3/roles/b0ad5a71955948d986dc235ba966799b 0.042s
2024-10-24 12:57:19.748 62337 INFO tempest.lib.common.dynamic_creds [-] Dynamic test user 5ff5dd6ffbf5452e8f56a1f64ae175b3 is created with scope project and roles: ['member']
2024-10-24 12:57:19.748 62337 INFO tempest.lib.common.dynamic_creds [-] Acquired dynamic creds: credentials: Credentials: {'domain_id': 'default', 'domain_name': 'Default', 'username': 'tempest-DeleteServersAdminTestJSON-126160695-project-member', 'project_domain_id': 'default', 'project_domain_name': 'Default', 'project_id': '67e38fd8e30349c6857025719fd26211', 'project_name': 'tempest-DeleteServersAdminTestJSON-126160695', 'tenant_id': '67e38fd8e30349c6857025719fd26211', 'tenant_name': 'tempest-DeleteServersAdminTestJSON-126160695', 'user_domain_id': 'default', 'user_domain_name': 'Default', 'user_id': '5ff5dd6ffbf5452e8f56a1f64ae175b3', 'system': None}, Network: None, Subnet: None, Router: None
2024-10-24 12:57:19.748 62337 INFO tempest.lib.common.dynamic_creds [-] Created isolated network resources for: credentials: Credentials: {'domain_id': 'default', 'domain_name': 'Default', 'username': 'tempest-DeleteServersAdminTestJSON-126160695-project-member', 'project_domain_id': 'default', 'project_domain_name': 'Default', 'project_id': '67e38fd8e30349c6857025719fd26211', 'project_name': 'tempest-DeleteServersAdminTestJSON-126160695', 'tenant_id': '67e38fd8e30349c6857025719fd26211', 'tenant_name': 'tempest-DeleteServersAdminTestJSON-126160695', 'user_domain_id': 'default', 'user_domain_name': 'Default', 'user_id': '5ff5dd6ffbf5452e8f56a1f64ae175b3', 'system': None}, Network: None, Subnet: None, Router: None
2024-10-24 12:57:19.809 62361 INFO tempest.lib.common.rest_client [req-231c54ae-7b1c-41d1-b052-a258f4ad0ad3 req-231c54ae-7b1c-41d1-b052-a258f4ad0ad3 ] Request (ServerDiskConfigTestJSON:test_rebuild_server_with_manual_disk_config): 200 GET http://10.180.1.21/compute/v2.1/servers/54e03464-0f37-4f4d-8746-821e73da0541 0.064s
2024-10-24 12:57:19.815 62333 INFO tempest.lib.common.rest_client [req-f774d0ad-6ec2-46a8-9445-0ce8c6aac3fd req-f774d0ad-6ec2-46a8-9445-0ce8c6aac3fd ] Request (VolumesTestJSON:setUpClass): 202 POST http://10.180.1.21/volume/v3/volumes 0.284s
2024-10-24 12:57:19.819 62347 INFO tempest.lib.common.rest_client [req-9f31df97-a9c3-422f-b88c-a1265d4ed504 req-9f31df97-a9c3-422f-b88c-a1265d4ed504 ] Request (ServerAddressesTestJSON:setUpClass): 200 GET http://10.180.1.21/compute/v2.1/servers/b0343f07-0539-4395-81c8-46ca1f2a8920 0.068s
2024-10-24 12:57:19.835 62373 INFO tempest.lib.common.rest_client [req-ddd44743-02c6-4acb-9eb9-7e7f1b791697 req-ddd44743-02c6-4acb-9eb9-7e7f1b791697 ] Request (ServerActionsTestJSON:tearDownClass): 200 PUT http://10.180.1.21:9696/networking/v2.0/routers/73068284-4675-420d-b2c0-7dcf83d1e8ff/remove_router_interface 0.760s
2024-10-24 12:57:19.851 62333 INFO tempest.lib.common.rest_client [req-9c133586-df3b-4da5-83d4-c118f4d31c27 req-9c133586-df3b-4da5-83d4-c118f4d31c27 ] Request (VolumesTestJSON:setUpClass): 200 GET http://10.180.1.21/volume/v3/volumes/aa22cb5c-be40-423e-865a-5bc3125f3188 0.031s
2024-10-24 12:57:19.866 62337 INFO tempest.lib.common.rest_client [req-fe2447d2-abab-46b7-8d12-d02fc2fbffa9 req-fe2447d2-abab-46b7-8d12-d02fc2fbffa9 ] Request (DeleteServersAdminTestJSON:setUpClass): 201 POST http://10.180.1.21/identity/v3/auth/tokens 0.114s
2024-10-24 12:57:19.871 62329 INFO tempest.lib.common.rest_client [req-87334da3-26db-4afd-a42f-8306acf31861 req-87334da3-26db-4afd-a42f-8306acf31861 ] Request (AttachInterfacesTestJSON:test_create_list_show_delete_interfaces_by_network_port): 200 GET http://10.180.1.21/compute/v2.1/servers/443ad254-3d5d-4fb8-a565-ce70c352e3f2 0.062s
2024-10-24 12:57:19.890 62349 INFO tempest.lib.common.rest_client [req-a2f21ed1-c234-47a6-b9bb-6099ca1d2e17 req-a2f21ed1-c234-47a6-b9bb-6099ca1d2e17 ] Request (ServersAdminTestJSON:setUpClass): 200 GET http://10.180.1.21/compute/v2.1/servers/4839c06e-f55a-4162-8eae-cfaeae07cdae 0.103s
2024-10-24 12:57:19.927 62365 INFO tempest.lib.common.rest_client [req-ec5c0114-65ea-493c-a210-d93af7741530 req-ec5c0114-65ea-493c-a210-d93af7741530 ] Request (ServerActionsV293TestJSON:setUpClass): 200 GET http://10.180.1.21/compute/v2.1/servers/012e6d9c-0f02-4761-9639-9a8e8972ea2b 0.062s
2024-10-24 12:57:19.944 62343 INFO tempest.lib.common.rest_client [req-1fa27315-2ff4-45de-b215-5362570a6a69 req-1fa27315-2ff4-45de-b215-5362570a6a69 ] Request (ServerActionsTestOtherA:setUpClass): 200 GET http://10.180.1.21/compute/v2.1/servers/05b868fd-401e-48b7-928f-a39c002bbe71 0.058s
2024-10-24 12:57:19.960 62337 INFO tempest.lib.common.rest_client [req-f3d8717f-c8c5-4ae5-a5cc-f0f4729b86bb req-f3d8717f-c8c5-4ae5-a5cc-f0f4729b86bb ] Request (DeleteServersAdminTestJSON:setUpClass): 201 POST http://10.180.1.21/identity/v3/projects 0.093s
2024-10-24 12:57:19.960 62351 INFO tempest.lib.common.rest_client [req-b00d9ebf-a7e1-45e0-a0ea-5a40b60b04d1 req-b00d9ebf-a7e1-45e0-a0ea-5a40b60b04d1 ] Request (ImagesMetadataTestJSON:setUpClass): 201 POST http://10.180.1.21/image/v2/images 0.664s
2024-10-24 12:57:19.974 62355 INFO tempest.lib.common.rest_client [req-64b723b2-c91b-4a18-b271-f944dbb664d7 req-64b723b2-c91b-4a18-b271-f944dbb664d7 ] Request (ImagesTestJSON:test_create_image_from_suspended_server): 200 GET http://10.180.1.21/compute/v2.1/servers/cbcb5b42-06ab-41e4-ad08-d285b0863bfb 0.063s
2024-10-24 12:57:20.022 62313 INFO tempest.lib.common.rest_client [req-f75bcc18-97af-4149-b6ab-4ea450d216ee req-f75bcc18-97af-4149-b6ab-4ea450d216ee ] Request (ServersAdminNegativeTestJSON:setUpClass): 200 GET http://10.180.1.21/compute/v2.1/servers/18b4e8c7-3517-46b2-b0a1-8d17bb222874 0.054s
2024-10-24 12:57:20.025 62337 INFO tempest.lib.common.rest_client [req-1ce39b83-7302-4e82-a66f-d769b448c2b9 req-1ce39b83-7302-4e82-a66f-d769b448c2b9 ] Request (DeleteServersAdminTestJSON:setUpClass): 201 POST http://10.180.1.21/identity/v3/users 0.063s
2024-10-24 12:57:20.039 62345 INFO tempest.lib.common.rest_client [req-42deb382-2d8c-4178-a744-48b0e26e818e req-42deb382-2d8c-4178-a744-48b0e26e818e ] Request (ServersTestFqdnHostnames:test_create_server_with_fqdn_name): 200 GET http://10.180.1.21/compute/v2.1/servers/39f7c5ee-7d07-4516-b008-40d5778cf139 0.062s
2024-10-24 12:57:20.046 62337 INFO tempest.lib.common.rest_client [req-2c9e2385-c9d3-45b4-a185-6b6124af1e64 req-2c9e2385-c9d3-45b4-a185-6b6124af1e64 ] Request (DeleteServersAdminTestJSON:setUpClass): 200 GET http://10.180.1.21/identity/v3/roles 0.018s
2024-10-24 12:57:20.067 62337 INFO tempest.lib.common.rest_client [req-e7672127-058d-44f5-b253-62cdeac958d5 req-e7672127-058d-44f5-b253-62cdeac958d5 ] Request (DeleteServersAdminTestJSON:setUpClass): 204 PUT http://10.180.1.21/identity/v3/projects/6eb3e43d8fd848e8a5decea47f8e494e/users/e928230f46724319809697c05022b1dc/roles/90f7bfb82b7b49b3b9d3058cded6701a 0.021s
2024-10-24 12:57:20.079 62369 INFO tempest.lib.common.rest_client [req-2d7b89a5-83a0-4ca1-8b7f-3054bf72abdc req-2d7b89a5-83a0-4ca1-8b7f-3054bf72abdc ] Request (MultipleCreateTestJSON:test_multiple_create_with_reservation_return): 200 GET http://10.180.1.21/compute/v2.1/servers/6ba7ca7d-173d-41d3-b523-3548a67397c4 0.053s
2024-10-24 12:57:20.109 62337 INFO tempest.lib.common.rest_client [req-c7c603b2-b158-4b8b-9e04-1536dfd7a23a req-c7c603b2-b158-4b8b-9e04-1536dfd7a23a ] Request (DeleteServersAdminTestJSON:setUpClass): 200 GET http://10.180.1.21/identity/v3/roles 0.041s
2024-10-24 12:57:20.123 62337 INFO tempest.lib.common.rest_client [req-6eb4b24d-7b07-4655-b406-2232472c9806 req-6eb4b24d-7b07-4655-b406-2232472c9806 ] Request (DeleteServersAdminTestJSON:setUpClass): 204 PUT http://10.180.1.21/identity/v3/projects/6eb3e43d8fd848e8a5decea47f8e494e/users/e928230f46724319809697c05022b1dc/roles/90f7bfb82b7b49b3b9d3058cded6701a 0.014s
2024-10-24 12:57:20.123 62337 INFO tempest.lib.common.dynamic_creds [-] Dynamic test user e928230f46724319809697c05022b1dc is created with scope project and roles: ['admin']
2024-10-24 12:57:20.123 62337 INFO tempest.lib.common.dynamic_creds [-] Acquired dynamic creds: credentials: Credentials: {'domain_id': 'default', 'domain_name': 'Default', 'username': 'tempest-DeleteServersAdminTestJSON-2064354405-project-admin', 'project_domain_id': 'default', 'project_domain_name': 'Default', 'project_id': '6eb3e43d8fd848e8a5decea47f8e494e', 'project_name': 'tempest-DeleteServersAdminTestJSON-2064354405', 'tenant_id': '6eb3e43d8fd848e8a5decea47f8e494e', 'tenant_name': 'tempest-DeleteServersAdminTestJSON-2064354405', 'user_domain_id': 'default', 'user_domain_name': 'Default', 'user_id': 'e928230f46724319809697c05022b1dc', 'system': None}, Network: None, Subnet: None, Router: None
2024-10-24 12:57:20.124 62337 INFO tempest.lib.common.dynamic_creds [-] Created isolated network resources for: credentials: Credentials: {'domain_id': 'default', 'domain_name': 'Default', 'username': 'tempest-DeleteServersAdminTestJSON-2064354405-project-admin', 'project_domain_id': 'default', 'project_domain_name': 'Default', 'project_id': '6eb3e43d8fd848e8a5decea47f8e494e', 'project_name': 'tempest-DeleteServersAdminTestJSON-2064354405', 'tenant_id': '6eb3e43d8fd848e8a5decea47f8e494e', 'tenant_name': 'tempest-DeleteServersAdminTestJSON-2064354405', 'user_domain_id': 'default', 'user_domain_name': 'Default', 'user_id': 'e928230f46724319809697c05022b1dc', 'system': None}, Network: None, Subnet: None, Router: None
2024-10-24 12:57:20.137 62317 INFO tempest.lib.common.rest_client [req-3a0fe79c-0e3d-413b-b529-fd845750dc77 req-3a0fe79c-0e3d-413b-b529-fd845750dc77 ] Request (SecurityGroupsTestJSON:test_list_security_groups_by_server): 200 GET http://10.180.1.21/compute/v2.1/servers/079cb97b-b7d4-4f25-9f1d-f77f34a2efbe 0.048s
2024-10-24 12:57:20.188 62321 INFO tempest.lib.common.rest_client [req-2bfddc08-b441-4549-8a1f-920109f0f124 req-2bfddc08-b441-4549-8a1f-920109f0f124 ] Request (ListServersNegativeTestJSON:setUpClass): 200 GET http://10.180.1.21/compute/v2.1/servers/5670d64c-bddc-4b4a-bdf0-2b039be5e49e 0.051s
2024-10-24 12:57:20.194 62337 INFO tempest.lib.common.rest_client [req-b1f205ec-ac0c-467d-adc7-2ae3ceb8df54 req-b1f205ec-ac0c-467d-adc7-2ae3ceb8df54 ] Request (DeleteServersAdminTestJSON:setUpClass): 201 POST http://10.180.1.21/identity/v3/auth/tokens 0.066s
2024-10-24 12:57:20.226 62327 INFO tempest.lib.common.rest_client [req-c61dfa25-4cf0-418b-9ff7-e39b956e0e49 req-c61dfa25-4cf0-418b-9ff7-e39b956e0e49 ] Request (ServersTestJSON:setUpClass): 200 GET http://10.180.1.21/compute/v2.1/servers/c332c6fd-1edd-4d9e-85a9-32a408f9d05e 0.052s
2024-10-24 12:57:20.249 62337 INFO tempest.lib.common.rest_client [req-c30a5247-9dc4-490f-9469-9d6d0726a954 req-c30a5247-9dc4-490f-9469-9d6d0726a954 ] Request (DeleteServersAdminTestJSON:test_admin_delete_servers_of_others): 201 POST http://10.180.1.21/identity/v3/auth/tokens 0.051s
2024-10-24 12:57:20.250 62337 INFO tempest.lib.common.fixed_network [-] (DeleteServersAdminTestJSON:test_admin_delete_servers_of_others) Found network None available for tenant
2024-10-24 12:57:20.264 62373 INFO tempest.lib.common.rest_client [req-a02a4e7e-9b24-4bcd-b247-55598e69b572 req-a02a4e7e-9b24-4bcd-b247-55598e69b572 ] Request (ServerActionsTestJSON:tearDownClass): 204 DELETE http://10.180.1.21:9696/networking/v2.0/routers/73068284-4675-420d-b2c0-7dcf83d1e8ff 0.429s
2024-10-24 12:57:20.296 62363 INFO tempest.lib.common.rest_client [req-9ef7c21a-4390-4aab-8507-dfb7531a7a20 req-9ef7c21a-4390-4aab-8507-dfb7531a7a20 ] Request (AttachVolumeShelveTestJSON:test_attach_volume_shelved_or_offload_server): 200 GET http://10.180.1.21/compute/v2.1/servers/71a5a130-fd26-4cf5-9b27-520f9eb62c55 0.053s
2024-10-24 12:57:20.347 62372 INFO tempest.lib.common.rest_client [req-b47cb6bd-72ee-414f-b924-2f65d47d79b4 req-b47cb6bd-72ee-414f-b924-2f65d47d79b4 ] Request (ServerShowV247Test:test_update_rebuild_list_server): 200 GET http://10.180.1.21/compute/v2.1/servers/2315bd37-6151-42d7-8b54-9ee367be0ed1 0.079s
