2024-10-24 12:56:54.336 62331 INFO tempest.lib.common.rest_client [req-a611ba03-10db-4079-9203-f7c0c5999830 req-a611ba03-10db-4079-9203-f7c0c5999830 ] Request (ServersV294TestFqdnHostnames:setUpClass): 200 GET http://10.180.1.21/compute/v2.1/servers/9b950dc9-d79c-4b30-8b71-1910b46ffd9b 0.049s
2024-10-24 12:56:54.369 62351 INFO tempest.lib.common.rest_client [req-92e1cc27-81c6-4f6b-b47b-b60a43fce3cb req-92e1cc27-81c6-4f6b-b47b-b60a43fce3cb ] Request (VolumesAssistedSnapshotsTest:test_volume_assisted_snapshot_create_delete): 200 GET http://10.180.1.21/compute/v2.1/servers/8d858fe9-1c97-457b-87ba-2d405bb7dcc0 0.044s
2024-10-24 12:56:54.437 62325 INFO tempest.lib.common.rest_client [req-bf8f556b-716a-4bb5-add7-c614c66126d8 req-bf8f556b-716a-4bb5-add7-c614c66126d8 ] Request (ServerExternalEventsTest:test_create_server_external_events): 200 GET http://10.180.1.21/compute/v2.1/servers/b2ec37a4-09f6-428c-bca9-1ec121c9c390 0.046s
2024-10-24 12:56:54.446 62357 INFO tempest.lib.common.rest_client [req-ad7ddfc8-be07-46ba-ae64-fd9ce43aaaec req-ad7ddfc8-be07-46ba-ae64-fd9ce43aaaec ] Request (AttachVolumeNegativeTest:test_attach_attached_volume_to_different_server): 200 GET http://10.180.1.21/compute/v2.1/servers/374062de-1242-44bd-b658-e8976f8c3b6c 0.044s
2024-10-24 12:56:54.492 62315 INFO tempest.lib.common.rest_client [req-3a6a28e3-6fab-4958-8132-6bfedfe4ef63 req-3a6a28e3-6fab-4958-8132-6bfedfe4ef63 ] Request (MigrationsAdminTest:test_resize_server_revert_deleted_flavor): 200 GET http://10.180.1.21/compute/v2.1/servers/6dd1097f-7353-4938-be2b-51c248e45fe2 0.043s
2024-10-24 12:56:54.498 62373 INFO tempest.lib.common.rest_client [req-ce232e6d-d56a-457b-ba9b-29f56b9290df req-ce232e6d-d56a-457b-ba9b-29f56b9290df ] Request (ServerActionsTestJSON:setUpClass): 200 GET http://10.180.1.21/compute/v2.1/servers/01c864cd-58a3-4061-836d-6a86ad37e4c4 0.043s
2024-10-24 12:56:54.628 62311 INFO tempest.lib.common.rest_client [req-fcd04cbd-2b70-46c0-8aae-a0b1d041ddd8 req-fcd04cbd-2b70-46c0-8aae-a0b1d041ddd8 ] Request (VolumesAdminNegativeTest:test_update_attached_volume_with_nonexistent_volume_in_body): 200 GET http://10.180.1.21/compute/v2.1/servers/3a804973-af62-4de1-a4ee-5943209c5884 0.057s
2024-10-24 12:56:54.666 62347 INFO tempest.lib.common.rest_client [req-18c0cebf-e148-483c-9686-79cd155c5bef req-18c0cebf-e148-483c-9686-79cd155c5bef ] Request (ServerAddressesTestJSON:setUpClass): 200 GET http://10.180.1.21/compute/v2.1/servers/b0343f07-0539-4395-81c8-46ca1f2a8920 0.046s
2024-10-24 12:56:54.671 62339 INFO tempest.lib.common.rest_client [req-6a683660-9a82-43a9-8642-51ff33798e44 req-6a683660-9a82-43a9-8642-51ff33798e44 ] Request (InstanceActionsTestJSON:setUpClass): 200 GET http://10.180.1.21/compute/v2.1/servers/395cd695-c6a0-4c7e-ad0b-8ee5d4f64cfa 0.043s
2024-10-24 12:56:54.712 62329 INFO tempest.lib.common.rest_client [req-0142a8bb-60d0-4213-8af6-8a41037970d2 req-0142a8bb-60d0-4213-8af6-8a41037970d2 ] Request (AttachInterfacesTestJSON:test_create_list_show_delete_interfaces_by_fixed_ip): 200 GET http://10.180.1.21/compute/v2.1/servers/62d7c997-cd38-43f5-a571-78a055ad05f7 0.042s
2024-10-24 12:56:54.713 62319 INFO tempest.lib.common.rest_client [req-aa928a92-57d6-40c4-9517-7fac77072249 req-aa928a92-57d6-40c4-9517-7fac77072249 ] Request (FloatingIPsAssociationTestJSON:setUpClass): 200 GET http://10.180.1.21/compute/v2.1/servers/b5625b76-37e3-49be-bd3b-8b864021dbd1 0.043s
2024-10-24 12:56:54.768 62359 INFO tempest.lib.common.rest_client [req-23668cff-b448-4093-8f1c-0dd8a4430a74 req-23668cff-b448-4093-8f1c-0dd8a4430a74 ] Request (InstanceActionsV221TestJSON:test_get_list_deleted_instance_actions): 200 GET http://10.180.1.21/compute/v2.1/servers/842633ee-19a5-44d6-bdef-c9f81e5af11e 0.047s
2024-10-24 12:56:54.780 62361 INFO tempest.lib.common.rest_client [req-d37bb6fc-9815-4140-b6ad-eaacbc097a1b req-d37bb6fc-9815-4140-b6ad-eaacbc097a1b ] Request (ServerDiskConfigTestJSON:test_rebuild_server_with_manual_disk_config): 200 GET http://10.180.1.21/compute/v2.1/servers/54e03464-0f37-4f4d-8746-821e73da0541 0.043s
2024-10-24 12:56:54.833 62349 INFO tempest.lib.common.rest_client [req-52f13c31-b3d1-4216-b7c0-b4311de78802 req-52f13c31-b3d1-4216-b7c0-b4311de78802 ] Request (ServersAdminTestJSON:setUpClass): 200 GET http://10.180.1.21/compute/v2.1/servers/4839c06e-f55a-4162-8eae-cfaeae07cdae 0.043s
2024-10-24 12:56:54.835 62367 INFO tempest.lib.common.rest_client [req-1fb34d69-1aa8-4aa3-9915-757d59708447 req-1fb34d69-1aa8-4aa3-9915-757d59708447 ] Request (ServerShowV254Test:tearDownClass): 200 GET http://10.180.1.21/compute/v2.1/servers/33029a57-19d2-45eb-b4ec-f50c47d3dc12 0.053s
2024-10-24 12:56:54.880 62323 INFO tempest.lib.common.rest_client [req-c6031d8b-50b6-44ad-a24b-d70ccc28933e req-c6031d8b-50b6-44ad-a24b-d70ccc28933e ] Request (ImagesOneServerTestJSON:setUpClass): 200 GET http://10.180.1.21/compute/v2.1/servers/ce3a7a32-424a-48a4-b5c5-2a25190943f5 0.043s
2024-10-24 12:56:54.922 62343 INFO tempest.lib.common.rest_client [req-d543278d-3489-4ce5-b9b5-e88b9792dec2 req-d543278d-3489-4ce5-b9b5-e88b9792dec2 ] Request (ServerActionsTestOtherA:setUpClass): 200 GET http://10.180.1.21/compute/v2.1/servers/05b868fd-401e-48b7-928f-a39c002bbe71 0.055s
2024-10-24 12:56:54.988 62365 INFO tempest.lib.common.rest_client [req-af318cac-d125-4e3f-9567-50160b930f38 req-af318cac-d125-4e3f-9567-50160b930f38 ] Request (ServerActionsV293TestJSON:setUpClass): 200 GET http://10.180.1.21/compute/v2.1/servers/012e6d9c-0f02-4761-9639-9a8e8972ea2b 0.049s
2024-10-24 12:56:55.042 62317 INFO tempest.lib.common.rest_client [req-2038da02-a1c3-4337-9f80-ce74c257e519 req-2038da02-a1c3-4337-9f80-ce74c257e519 ] Request (ServersAdmin275Test:tearDownClass): 200 GET http://10.180.1.21/compute/v2.1/servers/733343f7-99e2-4e07-94eb-1b66458d799a 0.075s
2024-10-24 12:56:55.083 62313 INFO tempest.lib.common.rest_client [req-62ba85dd-be3c-4272-a419-c3a4568b028d req-62ba85dd-be3c-4272-a419-c3a4568b028d ] Request (ServersAdminNegativeTestJSON:setUpClass): 200 GET http://10.180.1.21/compute/v2.1/servers/18b4e8c7-3517-46b2-b0a1-8d17bb222874 0.101s
2024-10-24 12:56:55.105 62355 INFO tempest.lib.common.rest_client [req-0cf63d0b-2743-40d5-8d20-722c7fa7b0f7 req-0cf63d0b-2743-40d5-8d20-722c7fa7b0f7 ] Request (ImagesTestJSON:test_create_image_from_suspended_server): 200 GET http://10.180.1.21/compute/v2.1/servers/cbcb5b42-06ab-41e4-ad08-d285b0863bfb 0.284s
2024-10-24 12:56:55.135 62363 INFO tempest.lib.common.rest_client [req-a7136a3f-c81e-45ca-ba37-ff40a27ad35a req-a7136a3f-c81e-45ca-ba37-ff40a27ad35a ] Request (AttachVolumeShelveTestJSON:test_attach_volume_shelved_or_offload_server): 200 GET http://10.180.1.21/compute/v2.1/servers/71a5a130-fd26-4cf5-9b27-520f9eb62c55 0.127s
2024-10-24 12:56:55.159 62345 INFO tempest.lib.common.rest_client [req-b844569b-1440-4319-ac82-1acf0741be26 req-b844569b-1440-4319-ac82-1acf0741be26 ] Request (ServersTestFqdnHostnames:test_create_server_with_fqdn_name): 200 GET http://10.180.1.21/compute/v2.1/servers/39f7c5ee-7d07-4516-b008-40d5778cf139 0.100s
2024-10-24 12:56:55.206 62372 INFO tempest.lib.common.rest_client [req-b6f4a177-bfcc-462f-be34-dd67b2683e74 req-b6f4a177-bfcc-462f-be34-dd67b2683e74 ] Request (ServerShowV247Test:test_update_rebuild_list_server): 200 GET http://10.180.1.21/compute/v2.1/servers/2315bd37-6151-42d7-8b54-9ee367be0ed1 0.049s
2024-10-24 12:56:55.211 62337 INFO tempest.lib.common.rest_client [req-4f4bf8f3-5187-41f0-b2d7-04670b651cc6 req-4f4bf8f3-5187-41f0-b2d7-04670b651cc6 ] Request (ServersWithSpecificFlavorTestJSON:test_verify_created_server_ephemeral_disk): 200 GET http://10.180.1.21/compute/v2.1/servers/cd0af99e-0a90-4aa4-80b5-f6a7a3b7ec59 0.045s
2024-10-24 12:56:55.249 62369 INFO tempest.lib.common.rest_client [req-54760499-5dfa-49fc-938b-2620909c2c69 req-54760499-5dfa-49fc-938b-2620909c2c69 ] Request (MultipleCreateTestJSON:test_multiple_create_with_reservation_return): 200 GET http://10.180.1.21/compute/v2.1/servers/6ba7ca7d-173d-41d3-b523-3548a67397c4 0.051s
2024-10-24 12:56:55.269 62327 INFO tempest.lib.common.rest_client [req-43793cd2-ae8e-48c5-8f96-0632790ddf6a req-43793cd2-ae8e-48c5-8f96-0632790ddf6a ] Request (ServersTestJSON:setUpClass): 200 GET http://10.180.1.21/compute/v2.1/servers/c332c6fd-1edd-4d9e-85a9-32a408f9d05e 0.050s
2024-10-24 12:56:55.307 62321 INFO tempest.lib.common.rest_client [req-171d3d25-aab1-4583-b40c-f0407d82d945 req-171d3d25-aab1-4583-b40c-f0407d82d945 ] Request (ListServersNegativeTestJSON:setUpClass): 200 GET http://10.180.1.21/compute/v2.1/servers/5670d64c-bddc-4b4a-bdf0-2b039be5e49e 0.043s
2024-10-24 12:56:55.342 62333 INFO tempest.lib.common.rest_client [req-9b09d064-a309-495a-bb4e-db1a3102509c req-9b09d064-a309-495a-bb4e-db1a3102509c ] Request (ServerAddressesNegativeTestJSON:setUpClass): 200 GET http://10.180.1.21/compute/v2.1/servers/e40e1443-6d5d-41e1-9822-08b782e39d27 0.045s
2024-10-24 12:56:55.403 62331 INFO tempest.lib.common.rest_client [req-992ae3ab-98d4-4a11-8b3a-bb18eeacdf5c req-992ae3ab-98d4-4a11-8b3a-bb18eeacdf5c ] Request (ServersV294TestFqdnHostnames:setUpClass): 200 GET http://10.180.1.21/compute/v2.1/servers/9b950dc9-d79c-4b30-8b71-1910b46ffd9b 0.059s
2024-10-24 12:56:55.424 62351 INFO tempest.lib.common.rest_client [req-13594e7d-4312-4195-b7f6-acc9c2f08dec req-13594e7d-4312-4195-b7f6-acc9c2f08dec ] Request (VolumesAssistedSnapshotsTest:test_volume_assisted_snapshot_create_delete): 200 GET http://10.180.1.21/compute/v2.1/servers/8d858fe9-1c97-457b-87ba-2d405bb7dcc0 0.048s
2024-10-24 12:56:55.488 62325 INFO tempest.lib.common.rest_client [req-bec800cd-800d-47f2-bcff-e0c9439ef335 req-bec800cd-800d-47f2-bcff-e0c9439ef335 ] Request (ServerExternalEventsTest:test_create_server_external_events): 200 GET http://10.180.1.21/compute/v2.1/servers/b2ec37a4-09f6-428c-bca9-1ec121c9c390 0.044s
2024-10-24 12:56:55.497 62357 INFO tempest.lib.common.rest_client [req-ad5a1758-f7cb-44b8-949a-2f4bc98b932d req-ad5a1758-f7cb-44b8-949a-2f4bc98b932d ] Request (AttachVolumeNegativeTest:test_attach_attached_volume_to_different_server): 200 GET http://10.180.1.21/compute/v2.1/servers/374062de-1242-44bd-b658-e8976f8c3b6c 0.045s
2024-10-24 12:56:55.543 62315 INFO tempest.lib.common.rest_client [req-e1c6a77b-5be0-4b23-bee2-1d6a9dfbb314 req-e1c6a77b-5be0-4b23-bee2-1d6a9dfbb314 ] Request (MigrationsAdminTest:test_resize_server_revert_deleted_flavor): 200 GET http://10.180.1.21/compute/v2.1/servers/6dd1097f-7353-4938-be2b-51c248e45fe2 0.045s
2024-10-24 12:56:55.548 62373 INFO tempest.lib.common.rest_client [req-ff9513ed-3c4e-4f3e-bfca-91d7020a5f37 req-ff9513ed-3c4e-4f3e-bfca-91d7020a5f37 ] Request (ServerActionsTestJSON:setUpClass): 200 GET http://10.180.1.21/compute/v2.1/servers/01c864cd-58a3-4061-836d-6a86ad37e4c4 0.042s
2024-10-24 12:56:55.681 62311 INFO tempest.lib.common.rest_client [req-aafcbd8a-cdd6-4672-adbc-808e96beb08b req-aafcbd8a-cdd6-4672-adbc-808e96beb08b ] Request (VolumesAdminNegativeTest:test_update_attached_volume_with_nonexistent_volume_in_body): 200 GET http://10.180.1.21/compute/v2.1/servers/3a804973-af62-4de1-a4ee-5943209c5884 0.045s
2024-10-24 12:56:55.717 62347 INFO tempest.lib.common.rest_client [req-bb8fe36a-288a-486f-930f-288f6a4b6f42 req-bb8fe36a-288a-486f-930f-288f6a4b6f42 ] Request (ServerAddressesTestJSON:setUpClass): 200 GET http://10.180.1.21/compute/v2.1/servers/b0343f07-0539-4395-81c8-46ca1f2a8920 0.043s
2024-10-24 12:56:55.723 62339 INFO tempest.lib.common.rest_client [req-7ce3adb9-1734-4909-95ed-01a9c3eb0b6a req-7ce3adb9-1734-4909-95ed-01a9c3eb0b6a ] Request (InstanceActionsTestJSON:setUpClass): 200 GET http://10.180.1.21/compute/v2.1/servers/395cd695-c6a0-4c7e-ad0b-8ee5d4f64cfa 0.044s
2024-10-24 12:56:55.764 62319 INFO tempest.lib.common.rest_client [req-231592b4-2ccd-476d-afa6-fe0ca5402036 req-231592b4-2ccd-476d-afa6-fe0ca5402036 ] Request (FloatingIPsAssociationTestJSON:setUpClass): 200 GET http://10.180.1.21/compute/v2.1/servers/b5625b76-37e3-49be-bd3b-8b864021dbd1 0.044s
2024-10-24 12:56:55.770 62319 INFO tempest.common.waiters [-] State transition "BUILD/None" ==> "BUILD/networking" after 52 second wait
2024-10-24 12:56:55.770 62329 INFO tempest.lib.common.rest_client [req-27a4f965-092c-4dd5-a600-1399ef094a45 req-27a4f965-092c-4dd5-a600-1399ef094a45 ] Request (AttachInterfacesTestJSON:test_create_list_show_delete_interfaces_by_fixed_ip): 200 GET http://10.180.1.21/compute/v2.1/servers/62d7c997-cd38-43f5-a571-78a055ad05f7 0.050s
2024-10-24 12:56:55.822 62359 INFO tempest.lib.common.rest_client [req-f7982754-5f3b-4b4a-b9f8-7682b5e3302a req-f7982754-5f3b-4b4a-b9f8-7682b5e3302a ] Request (InstanceActionsV221TestJSON:test_get_list_deleted_instance_actions): 200 GET http://10.180.1.21/compute/v2.1/servers/842633ee-19a5-44d6-bdef-c9f81e5af11e 0.045s
2024-10-24 12:56:55.830 62361 INFO tempest.lib.common.rest_client [req-af40e2f5-d561-454b-a558-5ba49d4532c8 req-af40e2f5-d561-454b-a558-5ba49d4532c8 ] Request (ServerDiskConfigTestJSON:test_rebuild_server_with_manual_disk_config): 200 GET http://10.180.1.21/compute/v2.1/servers/54e03464-0f37-4f4d-8746-821e73da0541 0.044s
2024-10-24 12:56:55.883 62349 INFO tempest.lib.common.rest_client [req-802fe4de-e472-4ec4-9cd5-0b6d59034238 req-802fe4de-e472-4ec4-9cd5-0b6d59034238 ] Request (ServersAdminTestJSON:setUpClass): 200 GET http://10.180.1.21/compute/v2.1/servers/4839c06e-f55a-4162-8eae-cfaeae07cdae 0.044s
2024-10-24 12:56:55.894 62367 INFO tempest.lib.common.rest_client [req-5daf8378-599c-4b20-848c-9ec22f77406b req-5daf8378-599c-4b20-848c-9ec22f77406b ] Request (ServerShowV254Test:tearDownClass): 200 GET http://10.180.1.21/compute/v2.1/servers/33029a57-19d2-45eb-b4ec-f50c47d3dc12 0.051s
2024-10-24 12:56:55.935 62323 INFO tempest.lib.common.rest_client [req-8964a4e4-0b41-493d-9fdf-1dd74eb945b8 req-8964a4e4-0b41-493d-9fdf-1dd74eb945b8 ] Request (ImagesOneServerTestJSON:setUpClass): 200 GET http://10.180.1.21/compute/v2.1/servers/ce3a7a32-424a-48a4-b5c5-2a25190943f5 0.049s
2024-10-24 12:56:55.974 62343 INFO tempest.lib.common.rest_client [req-ea0400ab-ad46-43f9-be81-64291418f627 req-ea0400ab-ad46-43f9-be81-64291418f627 ] Request (ServerActionsTestOtherA:setUpClass): 200 GET http://10.180.1.21/compute/v2.1/servers/05b868fd-401e-48b7-928f-a39c002bbe71 0.045s
2024-10-24 12:56:56.048 62365 INFO tempest.lib.common.rest_client [req-a07bbcdb-3319-4707-b4e3-6d001b5a1fcb req-a07bbcdb-3319-4707-b4e3-6d001b5a1fcb ] Request (ServerActionsV293TestJSON:setUpClass): 200 GET http://10.180.1.21/compute/v2.1/servers/012e6d9c-0f02-4761-9639-9a8e8972ea2b 0.050s
2024-10-24 12:56:56.107 62317 INFO tempest.lib.common.rest_client [req-81c7b812-cb2a-4abb-b8bc-d4d6ac704600 req-81c7b812-cb2a-4abb-b8bc-d4d6ac704600 ] Request (ServersAdmin275Test:tearDownClass): 200 GET http://10.180.1.21/compute/v2.1/servers/733343f7-99e2-4e07-94eb-1b66458d799a 0.055s
2024-10-24 12:56:56.140 62313 INFO tempest.lib.common.rest_client [req-efd0c971-278f-450a-a28c-eadbb79f8e6f req-efd0c971-278f-450a-a28c-eadbb79f8e6f ] Request (ServersAdminNegativeTestJSON:setUpClass): 200 GET http://10.180.1.21/compute/v2.1/servers/18b4e8c7-3517-46b2-b0a1-8d17bb222874 0.050s
2024-10-24 12:56:56.158 62355 INFO tempest.lib.common.rest_client [req-a17cf1ca-bb65-47a4-82cb-c542104dacff req-a17cf1ca-bb65-47a4-82cb-c542104dacff ] Request (ImagesTestJSON:test_create_image_from_suspended_server): 200 GET http://10.180.1.21/compute/v2.1/servers/cbcb5b42-06ab-41e4-ad08-d285b0863bfb 0.046s
2024-10-24 12:56:56.194 62363 INFO tempest.lib.common.rest_client [req-0d595646-68ea-4f93-b0ba-e2b48fb623f2 req-0d595646-68ea-4f93-b0ba-e2b48fb623f2 ] Request (AttachVolumeShelveTestJSON:test_attach_volume_shelved_or_offload_server): 200 GET http://10.180.1.21/compute/v2.1/servers/71a5a130-fd26-4cf5-9b27-520f9eb62c55 0.051s
2024-10-24 12:56:56.214 62345 INFO tempest.lib.common.rest_client [req-1bfd7334-dca8-484e-91de-bc101756d224 req-1bfd7334-dca8-484e-91de-bc101756d224 ] Request (ServersTestFqdnHostnames:test_create_server_with_fqdn_name): 200 GET http://10.180.1.21/compute/v2.1/servers/39f7c5ee-7d07-4516-b008-40d5778cf139 0.047s
2024-10-24 12:56:56.264 62337 INFO tempest.lib.common.rest_client [req-761eb761-4715-4347-a4a8-8038d46b35e4 req-761eb761-4715-4347-a4a8-8038d46b35e4 ] Request (ServersWithSpecificFlavorTestJSON:test_verify_created_server_ephemeral_disk): 200 GET http://10.180.1.21/compute/v2.1/servers/cd0af99e-0a90-4aa4-80b5-f6a7a3b7ec59 0.046s
2024-10-24 12:56:56.270 62372 INFO tempest.lib.common.rest_client [req-cb33fbe3-67ee-4c8f-be2d-7a92f33b6208 req-cb33fbe3-67ee-4c8f-be2d-7a92f33b6208 ] Request (ServerShowV247Test:test_update_rebuild_list_server): 200 GET http://10.180.1.21/compute/v2.1/servers/2315bd37-6151-42d7-8b54-9ee367be0ed1 0.055s
2024-10-24 12:56:56.310 62369 INFO tempest.lib.common.rest_client [req-77609625-972d-43f3-acf1-4721083a3484 req-77609625-972d-43f3-acf1-4721083a3484 ] Request (MultipleCreateTestJSON:test_multiple_create_with_reservation_return): 200 GET http://10.180.1.21/compute/v2.1/servers/6ba7ca7d-173d-41d3-b523-3548a67397c4 0.049s
2024-10-24 12:56:56.326 62327 INFO tempest.lib.common.rest_client [req-4e6dba2c-9fe0-449a-829c-0ec272889ccd req-4e6dba2c-9fe0-449a-829c-0ec272889ccd ] Request (ServersTestJSON:setUpClass): 200 GET http://10.180.1.21/compute/v2.1/servers/c332c6fd-1edd-4d9e-85a9-32a408f9d05e 0.051s
2024-10-24 12:56:56.359 62321 INFO tempest.lib.common.rest_client [req-3f4fa301-ac29-42a4-a496-5d69dd717933 req-3f4fa301-ac29-42a4-a496-5d69dd717933 ] Request (ListServersNegativeTestJSON:setUpClass): 200 GET http://10.180.1.21/compute/v2.1/servers/5670d64c-bddc-4b4a-bdf0-2b039be5e49e 0.045s
2024-10-24 12:56:56.399 62333 INFO tempest.lib.common.rest_client [req-05c68533-4ab8-4ec5-9c03-017a28e55c8a req-05c68533-4ab8-4ec5-9c03-017a28e55c8a ] Request (ServerAddressesNegativeTestJSON:setUpClass): 200 GET http://10.180.1.21/compute/v2.1/servers/e40e1443-6d5d-41e1-9822-08b782e39d27 0.050s
2024-10-24 12:56:56.479 62351 INFO tempest.lib.common.rest_client [req-756c7ce8-b951-4098-bd64-3da1533bcc0e req-756c7ce8-b951-4098-bd64-3da1533bcc0e ] Request (VolumesAssistedSnapshotsTest:test_volume_assisted_snapshot_create_delete): 200 GET http://10.180.1.21/compute/v2.1/servers/8d858fe9-1c97-457b-87ba-2d405bb7dcc0 0.048s
2024-10-24 12:56:56.554 62325 INFO tempest.lib.common.rest_client [req-9e5c897b-ca31-498f-9927-e9e2edb67cc2 req-9e5c897b-ca31-498f-9927-e9e2edb67cc2 ] Request (ServerExternalEventsTest:test_create_server_external_events): 200 GET http://10.180.1.21/compute/v2.1/servers/b2ec37a4-09f6-428c-bca9-1ec121c9c390 0.059s
2024-10-24 12:56:56.607 62357 INFO tempest.lib.common.rest_client [req-76c56f55-ce34-4b29-9776-bc545805e6f2 req-76c56f55-ce34-4b29-9776-bc545805e6f2 ] Request (AttachVolumeNegativeTest:test_attach_attached_volume_to_different_server): 200 GET http://10.180.1.21/compute/v2.1/servers/374062de-1242-44bd-b658-e8976f8c3b6c 0.102s
2024-10-24 12:56:56.635 62331 INFO tempest.lib.common.rest_client [req-c102e0cf-b372-4445-8581-70e224713463 req-c102e0cf-b372-4445-8581-70e224713463 ] Request (ServersV294TestFqdnHostnames:setUpClass): 200 GET http://10.180.1.21/compute/v2.1/servers/9b950dc9-d79c-4b30-8b71-1910b46ffd9b 0.222s
2024-10-24 12:56:56.653 62315 INFO tempest.lib.common.rest_client [req-ef3c5830-0f4f-4651-9d8c-468466ca7845 req-ef3c5830-0f4f-4651-9d8c-468466ca7845 ] Request (MigrationsAdminTest:test_resize_server_revert_deleted_flavor): 200 GET http://10.180.1.21/compute/v2.1/servers/6dd1097f-7353-4938-be2b-51c248e45fe2 0.103s
2024-10-24 12:56:56.689 62373 INFO tempest.lib.common.rest_client [req-cdf528ea-afc5-4f5b-a51e-f6bf2fe6cd4f req-cdf528ea-afc5-4f5b-a51e-f6bf2fe6cd4f ] Request (ServerActionsTestJSON:setUpClass): 200 GET http://10.180.1.21/compute/v2.1/servers/01c864cd-58a3-4061-836d-6a86ad37e4c4 0.134s
2024-10-24 12:56:56.736 62311 INFO tempest.lib.common.rest_client [req-25beeb66-d5b0-417c-952d-057f64fa5238 req-25beeb66-d5b0-417c-952d-057f64fa5238 ] Request (VolumesAdminNegativeTest:test_update_attached_volume_with_nonexistent_volume_in_body): 200 GET http://10.180.1.21/compute/v2.1/servers/3a804973-af62-4de1-a4ee-5943209c5884 0.049s
2024-10-24 12:56:56.774 62347 INFO tempest.lib.common.rest_client [req-5aca9a5d-627b-46e5-b647-7fb561f4544b req-5aca9a5d-627b-46e5-b647-7fb561f4544b ] Request (ServerAddressesTestJSON:setUpClass): 200 GET http://10.180.1.21/compute/v2.1/servers/b0343f07-0539-4395-81c8-46ca1f2a8920 0.050s
2024-10-24 12:56:56.779 62339 INFO tempest.lib.common.rest_client [req-b3bb6e10-ca5e-4781-9c88-d8e923d80ce9 req-b3bb6e10-ca5e-4781-9c88-d8e923d80ce9 ] Request (InstanceActionsTestJSON:setUpClass): 200 GET http://10.180.1.21/compute/v2.1/servers/395cd695-c6a0-4c7e-ad0b-8ee5d4f64cfa 0.049s
2024-10-24 12:56:56.830 62329 INFO tempest.lib.common.rest_client [req-eac92c23-e59d-4546-945c-3e6f99ead55b req-eac92c23-e59d-4546-945c-3e6f99ead55b ] Request (AttachInterfacesTestJSON:test_create_list_show_delete_interfaces_by_fixed_ip): 200 GET http://10.180.1.21/compute/v2.1/servers/62d7c997-cd38-43f5-a571-78a055ad05f7 0.053s
2024-10-24 12:56:56.882 62359 INFO tempest.lib.common.rest_client [req-04b38409-1ce2-44a6-91ea-3d5f23fe69e4 req-04b38409-1ce2-44a6-91ea-3d5f23fe69e4 ] Request (InstanceActionsV221TestJSON:test_get_list_deleted_instance_actions): 200 GET http://10.180.1.21/compute/v2.1/servers/842633ee-19a5-44d6-bdef-c9f81e5af11e 0.051s
2024-10-24 12:56:56.911 62319 INFO tempest.lib.common.rest_client [req-df3f02ca-d4b4-4d9f-a3fe-56c73da62c34 req-df3f02ca-d4b4-4d9f-a3fe-56c73da62c34 ] Request (FloatingIPsAssociationTestJSON:setUpClass): 200 GET http://10.180.1.21/compute/v2.1/servers/b5625b76-37e3-49be-bd3b-8b864021dbd1 0.141s
2024-10-24 12:56:56.922 62319 INFO tempest.common.waiters [-] State transition "BUILD/networking" ==> "BUILD/block_device_mapping" after 53 second wait
2024-10-24 12:56:56.934 62361 INFO tempest.lib.common.rest_client [req-59b67d2d-294c-4da9-a654-4be648ca4d1a req-59b67d2d-294c-4da9-a654-4be648ca4d1a ] Request (ServerDiskConfigTestJSON:test_rebuild_server_with_manual_disk_config): 200 GET http://10.180.1.21/compute/v2.1/servers/54e03464-0f37-4f4d-8746-821e73da0541 0.097s
2024-10-24 12:56:56.962 62349 INFO tempest.lib.common.rest_client [req-1e693360-b439-4551-9e20-94429b40ece6 req-1e693360-b439-4551-9e20-94429b40ece6 ] Request (ServersAdminTestJSON:setUpClass): 200 GET http://10.180.1.21/compute/v2.1/servers/4839c06e-f55a-4162-8eae-cfaeae07cdae 0.071s
2024-10-24 12:56:57.001 62367 INFO tempest.lib.common.rest_client [req-3e1cff2e-6238-4339-a589-78a3b582db7c req-3e1cff2e-6238-4339-a589-78a3b582db7c ] Request (ServerShowV254Test:tearDownClass): 200 GET http://10.180.1.21/compute/v2.1/servers/33029a57-19d2-45eb-b4ec-f50c47d3dc12 0.098s
2024-10-24 12:56:57.019 62323 INFO tempest.lib.common.rest_client [req-61850590-4982-41ce-95b1-87e29f2c629f req-61850590-4982-41ce-95b1-87e29f2c629f ] Request (ImagesOneServerTestJSON:setUpClass): 200 GET http://10.180.1.21/compute/v2.1/servers/ce3a7a32-424a-48a4-b5c5-2a25190943f5 0.078s
2024-10-24 12:56:57.051 62343 INFO tempest.lib.common.rest_client [req-6d88de19-3293-45e7-89b2-56a7229ac9d1 req-6d88de19-3293-45e7-89b2-56a7229ac9d1 ] Request (ServerActionsTestOtherA:setUpClass): 200 GET http://10.180.1.21/compute/v2.1/servers/05b868fd-401e-48b7-928f-a39c002bbe71 0.070s
2024-10-24 12:56:57.107 62365 INFO tempest.lib.common.rest_client [req-15d07061-eb8b-42db-a62d-88c36ef4a8d3 req-15d07061-eb8b-42db-a62d-88c36ef4a8d3 ] Request (ServerActionsV293TestJSON:setUpClass): 200 GET http://10.180.1.21/compute/v2.1/servers/012e6d9c-0f02-4761-9639-9a8e8972ea2b 0.049s
2024-10-24 12:56:57.184 62317 INFO tempest.lib.common.rest_client [req-d37dd300-d2e0-44e0-9c07-cbc145948d95 req-d37dd300-d2e0-44e0-9c07-cbc145948d95 ] Request (ServersAdmin275Test:tearDownClass): 200 GET http://10.180.1.21/compute/v2.1/servers/733343f7-99e2-4e07-94eb-1b66458d799a 0.066s
2024-10-24 12:56:57.194 62313 INFO tempest.lib.common.rest_client [req-6ddcd754-911f-41d4-91a7-9f80a3be4b92 req-6ddcd754-911f-41d4-91a7-9f80a3be4b92 ] Request (ServersAdminNegativeTestJSON:setUpClass): 200 GET http://10.180.1.21/compute/v2.1/servers/18b4e8c7-3517-46b2-b0a1-8d17bb222874 0.047s
2024-10-24 12:56:57.228 62355 INFO tempest.lib.common.rest_client [req-f851bc87-6766-45d4-830a-32470995ea19 req-f851bc87-6766-45d4-830a-32470995ea19 ] Request (ImagesTestJSON:test_create_image_from_suspended_server): 200 GET http://10.180.1.21/compute/v2.1/servers/cbcb5b42-06ab-41e4-ad08-d285b0863bfb 0.058s
2024-10-24 12:56:57.248 62363 INFO tempest.lib.common.rest_client [req-d1009dc5-bbc2-4b72-95fc-bf93e29fb330 req-d1009dc5-bbc2-4b72-95fc-bf93e29fb330 ] Request (AttachVolumeShelveTestJSON:test_attach_volume_shelved_or_offload_server): 200 GET http://10.180.1.21/compute/v2.1/servers/71a5a130-fd26-4cf5-9b27-520f9eb62c55 0.045s
2024-10-24 12:56:57.273 62345 INFO tempest.lib.common.rest_client [req-07d6fb50-cb84-4949-9227-9ad3b5648f7e req-07d6fb50-cb84-4949-9227-9ad3b5648f7e ] Request (ServersTestFqdnHostnames:test_create_server_with_fqdn_name): 200 GET http://10.180.1.21/compute/v2.1/servers/39f7c5ee-7d07-4516-b008-40d5778cf139 0.052s
2024-10-24 12:56:57.316 62337 INFO tempest.lib.common.rest_client [req-8736fed7-d88f-42e5-bc6b-fcd8615b72bc req-8736fed7-d88f-42e5-bc6b-fcd8615b72bc ] Request (ServersWithSpecificFlavorTestJSON:test_verify_created_server_ephemeral_disk): 200 GET http://10.180.1.21/compute/v2.1/servers/cd0af99e-0a90-4aa4-80b5-f6a7a3b7ec59 0.045s
2024-10-24 12:56:57.327 62372 INFO tempest.lib.common.rest_client [req-33c0e3d0-66e3-42bc-b928-336170a841f3 req-33c0e3d0-66e3-42bc-b928-336170a841f3 ] Request (ServerShowV247Test:test_update_rebuild_list_server): 200 GET http://10.180.1.21/compute/v2.1/servers/2315bd37-6151-42d7-8b54-9ee367be0ed1 0.049s
2024-10-24 12:56:57.361 62369 INFO tempest.lib.common.rest_client [req-ef68e18c-9270-4771-b0e8-5e82c2243c0b req-ef68e18c-9270-4771-b0e8-5e82c2243c0b ] Request (MultipleCreateTestJSON:test_multiple_create_with_reservation_return): 200 GET http://10.180.1.21/compute/v2.1/servers/6ba7ca7d-173d-41d3-b523-3548a67397c4 0.045s
2024-10-24 12:56:57.377 62327 INFO tempest.lib.common.rest_client [req-b18241c6-abd6-4a7a-a39f-16d2d707a4af req-b18241c6-abd6-4a7a-a39f-16d2d707a4af ] Request (ServersTestJSON:setUpClass): 200 GET http://10.180.1.21/compute/v2.1/servers/c332c6fd-1edd-4d9e-85a9-32a408f9d05e 0.044s
2024-10-24 12:56:57.413 62321 INFO tempest.lib.common.rest_client [req-57fe5673-445a-4262-995a-4074130e0f57 req-57fe5673-445a-4262-995a-4074130e0f57 ] Request (ListServersNegativeTestJSON:setUpClass): 200 GET http://10.180.1.21/compute/v2.1/servers/5670d64c-bddc-4b4a-bdf0-2b039be5e49e 0.047s
2024-10-24 12:56:57.453 62333 INFO tempest.lib.common.rest_client [req-12ec6617-919d-45f3-b8dd-4fbb487f77cf req-12ec6617-919d-45f3-b8dd-4fbb487f77cf ] Request (ServerAddressesNegativeTestJSON:setUpClass): 200 GET http://10.180.1.21/compute/v2.1/servers/e40e1443-6d5d-41e1-9822-08b782e39d27 0.046s
2024-10-24 12:56:57.531 62351 INFO tempest.lib.common.rest_client [req-ad33b202-8b16-4f00-8511-fbabc02730b5 req-ad33b202-8b16-4f00-8511-fbabc02730b5 ] Request (VolumesAssistedSnapshotsTest:test_volume_assisted_snapshot_create_delete): 200 GET http://10.180.1.21/compute/v2.1/servers/8d858fe9-1c97-457b-87ba-2d405bb7dcc0 0.045s
2024-10-24 12:56:57.622 62325 INFO tempest.lib.common.rest_client [req-433afc7f-1014-4a65-aeab-8d5a745a1d69 req-433afc7f-1014-4a65-aeab-8d5a745a1d69 ] Request (ServerExternalEventsTest:test_create_server_external_events): 200 GET http://10.180.1.21/compute/v2.1/servers/b2ec37a4-09f6-428c-bca9-1ec121c9c390 0.061s
2024-10-24 12:56:57.662 62357 INFO tempest.lib.common.rest_client [req-bc8e528e-6ed9-4ac5-b831-d14274477018 req-bc8e528e-6ed9-4ac5-b831-d14274477018 ] Request (AttachVolumeNegativeTest:test_attach_attached_volume_to_different_server): 200 GET http://10.180.1.21/compute/v2.1/servers/374062de-1242-44bd-b658-e8976f8c3b6c 0.046s
2024-10-24 12:56:57.696 62331 INFO tempest.lib.common.rest_client [req-855ad6b1-3818-40cc-b640-1d3e7117ef5c req-855ad6b1-3818-40cc-b640-1d3e7117ef5c ] Request (ServersV294TestFqdnHostnames:setUpClass): 200 GET http://10.180.1.21/compute/v2.1/servers/9b950dc9-d79c-4b30-8b71-1910b46ffd9b 0.052s
2024-10-24 12:56:57.704 62315 INFO tempest.lib.common.rest_client [req-e0d120a2-15a3-41c3-b5f2-d034933ce00b req-e0d120a2-15a3-41c3-b5f2-d034933ce00b ] Request (MigrationsAdminTest:test_resize_server_revert_deleted_flavor): 200 GET http://10.180.1.21/compute/v2.1/servers/6dd1097f-7353-4938-be2b-51c248e45fe2 0.043s
2024-10-24 12:56:57.738 62373 INFO tempest.lib.common.rest_client [req-aa19e5df-45b3-46f9-bb79-10cf1f6463f6 req-aa19e5df-45b3-46f9-bb79-10cf1f6463f6 ] Request (ServerActionsTestJSON:setUpClass): 200 GET http://10.180.1.21/compute/v2.1/servers/01c864cd-58a3-4061-836d-6a86ad37e4c4 0.042s
2024-10-24 12:56:57.788 62311 INFO tempest.lib.common.rest_client [req-c8a4e97c-39e1-4c6f-b27c-6a8975f4d954 req-c8a4e97c-39e1-4c6f-b27c-6a8975f4d954 ] Request (VolumesAdminNegativeTest:test_update_attached_volume_with_nonexistent_volume_in_body): 200 GET http://10.180.1.21/compute/v2.1/servers/3a804973-af62-4de1-a4ee-5943209c5884 0.044s
2024-10-24 12:56:57.830 62347 INFO tempest.lib.common.rest_client [req-4a1f7140-a1df-45a5-82cf-ed67a8daef0b req-4a1f7140-a1df-45a5-82cf-ed67a8daef0b ] Request (ServerAddressesTestJSON:setUpClass): 200 GET http://10.180.1.21/compute/v2.1/servers/b0343f07-0539-4395-81c8-46ca1f2a8920 0.046s
2024-10-24 12:56:57.834 62339 INFO tempest.lib.common.rest_client [req-7ce30805-19fa-4089-ab94-8e76ab38acf5 req-7ce30805-19fa-4089-ab94-8e76ab38acf5 ] Request (InstanceActionsTestJSON:setUpClass): 200 GET http://10.180.1.21/compute/v2.1/servers/395cd695-c6a0-4c7e-ad0b-8ee5d4f64cfa 0.042s
2024-10-24 12:56:57.879 62329 INFO tempest.lib.common.rest_client [req-47260fa1-5c6e-4a43-99ce-98a5c7af748e req-47260fa1-5c6e-4a43-99ce-98a5c7af748e ] Request (AttachInterfacesTestJSON:test_create_list_show_delete_interfaces_by_fixed_ip): 200 GET http://10.180.1.21/compute/v2.1/servers/62d7c997-cd38-43f5-a571-78a055ad05f7 0.042s
2024-10-24 12:56:57.939 62359 INFO tempest.lib.common.rest_client [req-70205d7c-be1e-415d-b884-cdc1a3a0edf6 req-70205d7c-be1e-415d-b884-cdc1a3a0edf6 ] Request (InstanceActionsV221TestJSON:test_get_list_deleted_instance_actions): 200 GET http://10.180.1.21/compute/v2.1/servers/842633ee-19a5-44d6-bdef-c9f81e5af11e 0.048s
2024-10-24 12:56:57.970 62319 INFO tempest.lib.common.rest_client [req-04bbd775-aad9-4eb1-90a9-025ce8bea098 req-04bbd775-aad9-4eb1-90a9-025ce8bea098 ] Request (FloatingIPsAssociationTestJSON:setUpClass): 200 GET http://10.180.1.21/compute/v2.1/servers/b5625b76-37e3-49be-bd3b-8b864021dbd1 0.046s
2024-10-24 12:56:57.976 62319 INFO tempest.common.waiters [-] State transition "BUILD/block_device_mapping" ==> "BUILD/spawning" after 54 second wait
2024-10-24 12:56:57.989 62361 INFO tempest.lib.common.rest_client [req-c951b65c-bfa6-48d3-a907-1f11a6f91b94 req-c951b65c-bfa6-48d3-a907-1f11a6f91b94 ] Request (ServerDiskConfigTestJSON:test_rebuild_server_with_manual_disk_config): 200 GET http://10.180.1.21/compute/v2.1/servers/54e03464-0f37-4f4d-8746-821e73da0541 0.048s
2024-10-24 12:56:58.020 62349 INFO tempest.lib.common.rest_client [req-c3a41b88-7b37-4904-8dc2-d7f970fdf4ff req-c3a41b88-7b37-4904-8dc2-d7f970fdf4ff ] Request (ServersAdminTestJSON:setUpClass): 200 GET http://10.180.1.21/compute/v2.1/servers/4839c06e-f55a-4162-8eae-cfaeae07cdae 0.050s
2024-10-24 12:56:58.070 62367 INFO tempest.lib.common.rest_client [req-ecdcc2ab-d9a8-435c-8791-b7c747e80d6a req-ecdcc2ab-d9a8-435c-8791-b7c747e80d6a ] Request (ServerShowV254Test:tearDownClass): 200 GET http://10.180.1.21/compute/v2.1/servers/33029a57-19d2-45eb-b4ec-f50c47d3dc12 0.058s
2024-10-24 12:56:58.074 62323 INFO tempest.lib.common.rest_client [req-290c4298-e4a3-4321-b916-c959bbe68e58 req-290c4298-e4a3-4321-b916-c959bbe68e58 ] Request (ImagesOneServerTestJSON:setUpClass): 200 GET http://10.180.1.21/compute/v2.1/servers/ce3a7a32-424a-48a4-b5c5-2a25190943f5 0.048s
2024-10-24 12:56:58.110 62343 INFO tempest.lib.common.rest_client [req-7e60e59e-7166-4e2b-9893-1df1939d6b48 req-7e60e59e-7166-4e2b-9893-1df1939d6b48 ] Request (ServerActionsTestOtherA:setUpClass): 200 GET http://10.180.1.21/compute/v2.1/servers/05b868fd-401e-48b7-928f-a39c002bbe71 0.053s
2024-10-24 12:56:58.163 62365 INFO tempest.lib.common.rest_client [req-a5d5bae3-6478-4473-8b0c-4d62f8fb6676 req-a5d5bae3-6478-4473-8b0c-4d62f8fb6676 ] Request (ServerActionsV293TestJSON:setUpClass): 200 GET http://10.180.1.21/compute/v2.1/servers/012e6d9c-0f02-4761-9639-9a8e8972ea2b 0.048s
2024-10-24 12:56:58.247 62313 INFO tempest.lib.common.rest_client [req-695ccad7-8bbc-43f2-a5a9-ae246cff132d req-695ccad7-8bbc-43f2-a5a9-ae246cff132d ] Request (ServersAdminNegativeTestJSON:setUpClass): 200 GET http://10.180.1.21/compute/v2.1/servers/18b4e8c7-3517-46b2-b0a1-8d17bb222874 0.045s
2024-10-24 12:56:58.250 62317 INFO tempest.lib.common.rest_client [req-07e1d10a-f2b2-4e99-a097-364d43589ef6 req-07e1d10a-f2b2-4e99-a097-364d43589ef6 ] Request (ServersAdmin275Test:tearDownClass): 200 GET http://10.180.1.21/compute/v2.1/servers/733343f7-99e2-4e07-94eb-1b66458d799a 0.056s
2024-10-24 12:56:58.287 62355 INFO tempest.lib.common.rest_client [req-2d604f4f-ead0-45cc-b69e-bcfd15fca847 req-2d604f4f-ead0-45cc-b69e-bcfd15fca847 ] Request (ImagesTestJSON:test_create_image_from_suspended_server): 200 GET http://10.180.1.21/compute/v2.1/servers/cbcb5b42-06ab-41e4-ad08-d285b0863bfb 0.051s
2024-10-24 12:56:58.300 62363 INFO tempest.lib.common.rest_client [req-83b589b6-97f0-42ae-8cf0-c2357a5cde52 req-83b589b6-97f0-42ae-8cf0-c2357a5cde52 ] Request (AttachVolumeShelveTestJSON:test_attach_volume_shelved_or_offload_server): 200 GET http://10.180.1.21/compute/v2.1/servers/71a5a130-fd26-4cf5-9b27-520f9eb62c55 0.042s
2024-10-24 12:56:58.325 62345 INFO tempest.lib.common.rest_client [req-eeee350e-cac8-4c10-901e-20541199558e req-eeee350e-cac8-4c10-901e-20541199558e ] Request (ServersTestFqdnHostnames:test_create_server_with_fqdn_name): 200 GET http://10.180.1.21/compute/v2.1/servers/39f7c5ee-7d07-4516-b008-40d5778cf139 0.045s
2024-10-24 12:56:58.368 62337 INFO tempest.lib.common.rest_client [req-baed36d8-a6b8-4be1-ada2-20fa379f5e05 req-baed36d8-a6b8-4be1-ada2-20fa379f5e05 ] Request (ServersWithSpecificFlavorTestJSON:test_verify_created_server_ephemeral_disk): 200 GET http://10.180.1.21/compute/v2.1/servers/cd0af99e-0a90-4aa4-80b5-f6a7a3b7ec59 0.044s
2024-10-24 12:56:58.409 62369 INFO tempest.lib.common.rest_client [req-fe32ef3a-c423-4fd4-a5f0-5ae051b15770 req-fe32ef3a-c423-4fd4-a5f0-5ae051b15770 ] Request (MultipleCreateTestJSON:test_multiple_create_with_reservation_return): 200 GET http://10.180.1.21/compute/v2.1/servers/6ba7ca7d-173d-41d3-b523-3548a67397c4 0.041s
2024-10-24 12:56:58.461 62327 INFO tempest.lib.common.rest_client [req-9dbddd7a-da5a-4aa6-9ce2-dc26c4c99be4 req-9dbddd7a-da5a-4aa6-9ce2-dc26c4c99be4 ] Request (ServersTestJSON:setUpClass): 200 GET http://10.180.1.21/compute/v2.1/servers/c332c6fd-1edd-4d9e-85a9-32a408f9d05e 0.076s
2024-10-24 12:56:58.503 62321 INFO tempest.lib.common.rest_client [req-c7efef71-5cad-4335-9864-1af73c600d5d req-c7efef71-5cad-4335-9864-1af73c600d5d ] Request (ListServersNegativeTestJSON:setUpClass): 200 GET http://10.180.1.21/compute/v2.1/servers/5670d64c-bddc-4b4a-bdf0-2b039be5e49e 0.081s
2024-10-24 12:56:58.528 62372 INFO tempest.lib.common.rest_client [req-7c852b91-a75a-49e2-93f9-9d6987dbe1a7 req-7c852b91-a75a-49e2-93f9-9d6987dbe1a7 ] Request (ServerShowV247Test:test_update_rebuild_list_server): 200 GET http://10.180.1.21/compute/v2.1/servers/2315bd37-6151-42d7-8b54-9ee367be0ed1 0.191s
2024-10-24 12:56:58.544 62333 INFO tempest.lib.common.rest_client [req-bbe6ad0d-347c-4058-aa79-7aa6aa55f34c req-bbe6ad0d-347c-4058-aa79-7aa6aa55f34c ] Request (ServerAddressesNegativeTestJSON:setUpClass): 200 GET http://10.180.1.21/compute/v2.1/servers/e40e1443-6d5d-41e1-9822-08b782e39d27 0.084s
2024-10-24 12:56:58.584 62351 INFO tempest.lib.common.rest_client [req-c93dcbb7-0940-4c9d-8e96-6de32daa73e8 req-c93dcbb7-0940-4c9d-8e96-6de32daa73e8 ] Request (VolumesAssistedSnapshotsTest:test_volume_assisted_snapshot_create_delete): 200 GET http://10.180.1.21/compute/v2.1/servers/8d858fe9-1c97-457b-87ba-2d405bb7dcc0 0.046s
2024-10-24 12:56:58.676 62325 INFO tempest.lib.common.rest_client [req-54caf66e-9c6d-42f8-8e0f-e65067517496 req-54caf66e-9c6d-42f8-8e0f-e65067517496 ] Request (ServerExternalEventsTest:test_create_server_external_events): 200 GET http://10.180.1.21/compute/v2.1/servers/b2ec37a4-09f6-428c-bca9-1ec121c9c390 0.047s
2024-10-24 12:56:58.722 62357 INFO tempest.lib.common.rest_client [req-e6485478-a1bc-4346-8d7e-a06dc28ea310 req-e6485478-a1bc-4346-8d7e-a06dc28ea310 ] Request (AttachVolumeNegativeTest:test_attach_attached_volume_to_different_server): 200 GET http://10.180.1.21/compute/v2.1/servers/374062de-1242-44bd-b658-e8976f8c3b6c 0.054s
2024-10-24 12:56:58.762 62331 INFO tempest.lib.common.rest_client [req-502415a0-b732-42e4-af90-41dce36cb593 req-502415a0-b732-42e4-af90-41dce36cb593 ] Request (ServersV294TestFqdnHostnames:setUpClass): 200 GET http://10.180.1.21/compute/v2.1/servers/9b950dc9-d79c-4b30-8b71-1910b46ffd9b 0.056s
2024-10-24 12:56:58.769 62315 INFO tempest.lib.common.rest_client [req-238d01f2-e8a7-446d-b376-16c7bc8fb833 req-238d01f2-e8a7-446d-b376-16c7bc8fb833 ] Request (MigrationsAdminTest:test_resize_server_revert_deleted_flavor): 200 GET http://10.180.1.21/compute/v2.1/servers/6dd1097f-7353-4938-be2b-51c248e45fe2 0.058s
2024-10-24 12:56:58.804 62373 INFO tempest.lib.common.rest_client [req-732a1896-de94-4ed0-9393-738d1eef00b8 req-732a1896-de94-4ed0-9393-738d1eef00b8 ] Request (ServerActionsTestJSON:setUpClass): 200 GET http://10.180.1.21/compute/v2.1/servers/01c864cd-58a3-4061-836d-6a86ad37e4c4 0.059s
2024-10-24 12:56:58.839 62311 INFO tempest.lib.common.rest_client [req-aa77d20a-0270-42de-a5fe-b515026e1a4b req-aa77d20a-0270-42de-a5fe-b515026e1a4b ] Request (VolumesAdminNegativeTest:test_update_attached_volume_with_nonexistent_volume_in_body): 200 GET http://10.180.1.21/compute/v2.1/servers/3a804973-af62-4de1-a4ee-5943209c5884 0.043s
2024-10-24 12:56:58.880 62339 INFO tempest.lib.common.rest_client [req-da9a1c0f-bad6-4342-b5a8-084aee661a39 req-da9a1c0f-bad6-4342-b5a8-084aee661a39 ] Request (InstanceActionsTestJSON:setUpClass): 200 GET http://10.180.1.21/compute/v2.1/servers/395cd695-c6a0-4c7e-ad0b-8ee5d4f64cfa 0.039s
2024-10-24 12:56:58.880 62347 INFO tempest.lib.common.rest_client [req-3c96d227-63ae-499e-b64d-fc3533799538 req-3c96d227-63ae-499e-b64d-fc3533799538 ] Request (ServerAddressesTestJSON:setUpClass): 200 GET http://10.180.1.21/compute/v2.1/servers/b0343f07-0539-4395-81c8-46ca1f2a8920 0.044s
2024-10-24 12:56:58.928 62329 INFO tempest.lib.common.rest_client [req-9d0978be-2eeb-4b4c-b705-eaa67c01d13d req-9d0978be-2eeb-4b4c-b705-eaa67c01d13d ] Request (AttachInterfacesTestJSON:test_create_list_show_delete_interfaces_by_fixed_ip): 200 GET http://10.180.1.21/compute/v2.1/servers/62d7c997-cd38-43f5-a571-78a055ad05f7 0.043s
2024-10-24 12:56:58.993 62359 INFO tempest.lib.common.rest_client [req-28e9d5de-a1b1-4ee5-8105-823cc33d8342 req-28e9d5de-a1b1-4ee5-8105-823cc33d8342 ] Request (InstanceActionsV221TestJSON:test_get_list_deleted_instance_actions): 200 GET http://10.180.1.21/compute/v2.1/servers/842633ee-19a5-44d6-bdef-c9f81e5af11e 0.046s
2024-10-24 12:56:59.023 62319 INFO tempest.lib.common.rest_client [req-c280c815-73a4-4821-8df5-6f2b1753487a req-c280c815-73a4-4821-8df5-6f2b1753487a ] Request (FloatingIPsAssociationTestJSON:setUpClass): 200 GET http://10.180.1.21/compute/v2.1/servers/b5625b76-37e3-49be-bd3b-8b864021dbd1 0.046s
2024-10-24 12:56:59.038 62361 INFO tempest.lib.common.rest_client [req-d20d3b98-a6a7-45bb-9248-f4b7af230847 req-d20d3b98-a6a7-45bb-9248-f4b7af230847 ] Request (ServerDiskConfigTestJSON:test_rebuild_server_with_manual_disk_config): 200 GET http://10.180.1.21/compute/v2.1/servers/54e03464-0f37-4f4d-8746-821e73da0541 0.042s
2024-10-24 12:56:59.072 62349 INFO tempest.lib.common.rest_client [req-e32b7dc5-4e5d-4a45-997b-e03edd5c95ef req-e32b7dc5-4e5d-4a45-997b-e03edd5c95ef ] Request (ServersAdminTestJSON:setUpClass): 200 GET http://10.180.1.21/compute/v2.1/servers/4839c06e-f55a-4162-8eae-cfaeae07cdae 0.045s
2024-10-24 12:56:59.100 62367 INFO tempest.lib.common.rest_client [req-e8d307dd-942d-45e2-a3ec-b350e3a54980 req-e8d307dd-942d-45e2-a3ec-b350e3a54980 ] Request (ServerShowV254Test:tearDownClass): 404 GET http://10.180.1.21/compute/v2.1/servers/33029a57-19d2-45eb-b4ec-f50c47d3dc12 0.022s
2024-10-24 12:56:59.130 62323 INFO tempest.lib.common.rest_client [req-c0fba126-af7b-4d31-b898-12a5a1bd13c7 req-c0fba126-af7b-4d31-b898-12a5a1bd13c7 ] Request (ImagesOneServerTestJSON:setUpClass): 200 GET http://10.180.1.21/compute/v2.1/servers/ce3a7a32-424a-48a4-b5c5-2a25190943f5 0.048s
2024-10-24 12:56:59.165 62343 INFO tempest.lib.common.rest_client [req-b94349b9-acd4-4820-9e84-db7e1ca100c7 req-b94349b9-acd4-4820-9e84-db7e1ca100c7 ] Request (ServerActionsTestOtherA:setUpClass): 200 GET http://10.180.1.21/compute/v2.1/servers/05b868fd-401e-48b7-928f-a39c002bbe71 0.048s
2024-10-24 12:56:59.210 62367 INFO tempest.lib.common.rest_client [req-1f9425e2-2e1f-48e4-bc35-db193dfe27f1 req-1f9425e2-2e1f-48e4-bc35-db193dfe27f1 ] Request (ServerShowV254Test:tearDownClass): 204 DELETE http://10.180.1.21/identity/v3/users/6d23af3c848d4721baf3d7d403891619 0.109s
2024-10-24 12:56:59.210 62367 INFO tempest.lib.common.dynamic_creds [-] Deleting project and security group for project: 9cbd2a219a834a3980b6438f0756be73
2024-10-24 12:56:59.225 62365 INFO tempest.lib.common.rest_client [req-e0d3ecf3-749c-4683-bc24-d03de68c7069 req-e0d3ecf3-749c-4683-bc24-d03de68c7069 ] Request (ServerActionsV293TestJSON:setUpClass): 200 GET http://10.180.1.21/compute/v2.1/servers/012e6d9c-0f02-4761-9639-9a8e8972ea2b 0.053s
2024-10-24 12:56:59.260 62367 INFO tempest.lib.common.rest_client [req-229e0ec0-3ea0-472f-b382-2025a60ebbb5 req-229e0ec0-3ea0-472f-b382-2025a60ebbb5 ] Request (ServerShowV254Test:tearDownClass): 201 POST http://10.180.1.21/identity/v3/auth/tokens 0.049s
2024-10-24 12:56:59.301 62313 INFO tempest.lib.common.rest_client [req-cdddc98a-922d-4d6c-8e9f-4079c6eea767 req-cdddc98a-922d-4d6c-8e9f-4079c6eea767 ] Request (ServersAdminNegativeTestJSON:setUpClass): 200 GET http://10.180.1.21/compute/v2.1/servers/18b4e8c7-3517-46b2-b0a1-8d17bb222874 0.047s
2024-10-24 12:56:59.331 62317 INFO tempest.lib.common.rest_client [req-e5388530-729b-42fb-8ed3-828949f9ab41 req-e5388530-729b-42fb-8ed3-828949f9ab41 ] Request (ServersAdmin275Test:tearDownClass): 200 GET http://10.180.1.21/compute/v2.1/servers/733343f7-99e2-4e07-94eb-1b66458d799a 0.072s
2024-10-24 12:56:59.346 62355 INFO tempest.lib.common.rest_client [req-f5f488ab-9cb0-472c-b35a-0b8cc9e0362c req-f5f488ab-9cb0-472c-b35a-0b8cc9e0362c ] Request (ImagesTestJSON:test_create_image_from_suspended_server): 200 GET http://10.180.1.21/compute/v2.1/servers/cbcb5b42-06ab-41e4-ad08-d285b0863bfb 0.053s
2024-10-24 12:56:59.383 62363 INFO tempest.lib.common.rest_client [req-b930a933-789e-4ba8-8b95-e6a0f4bb4252 req-b930a933-789e-4ba8-8b95-e6a0f4bb4252 ] Request (AttachVolumeShelveTestJSON:test_attach_volume_shelved_or_offload_server): 200 GET http://10.180.1.21/compute/v2.1/servers/71a5a130-fd26-4cf5-9b27-520f9eb62c55 0.076s
2024-10-24 12:56:59.389 62345 INFO tempest.lib.common.rest_client [req-991e3dd7-e6a5-4c4d-904c-4324ab2353b6 req-991e3dd7-e6a5-4c4d-904c-4324ab2353b6 ] Request (ServersTestFqdnHostnames:test_create_server_with_fqdn_name): 200 GET http://10.180.1.21/compute/v2.1/servers/39f7c5ee-7d07-4516-b008-40d5778cf139 0.057s
2024-10-24 12:56:59.429 62337 INFO tempest.lib.common.rest_client [req-f224ce3e-ceed-4031-8d84-f42c37965fb7 req-f224ce3e-ceed-4031-8d84-f42c37965fb7 ] Request (ServersWithSpecificFlavorTestJSON:test_verify_created_server_ephemeral_disk): 200 GET http://10.180.1.21/compute/v2.1/servers/cd0af99e-0a90-4aa4-80b5-f6a7a3b7ec59 0.055s
2024-10-24 12:56:59.433 62367 INFO tempest.lib.common.rest_client [req-46660187-023b-4d32-8be2-4e89b79ad873 req-46660187-023b-4d32-8be2-4e89b79ad873 ] Request (ServerShowV254Test:tearDownClass): 200 GET http://10.180.1.21:9696/networking/v2.0/security-groups?tenant_id=9cbd2a219a834a3980b6438f0756be73&name=default 0.173s
2024-10-24 12:56:59.460 62369 INFO tempest.lib.common.rest_client [req-e557ccdc-ea91-4078-9a38-f1c87524b79a req-e557ccdc-ea91-4078-9a38-f1c87524b79a ] Request (MultipleCreateTestJSON:test_multiple_create_with_reservation_return): 200 GET http://10.180.1.21/compute/v2.1/servers/6ba7ca7d-173d-41d3-b523-3548a67397c4 0.043s
2024-10-24 12:56:59.515 62367 INFO tempest.lib.common.rest_client [req-09a98032-3d18-4af6-b817-c261b32df694 req-09a98032-3d18-4af6-b817-c261b32df694 ] Request (ServerShowV254Test:tearDownClass): 204 DELETE http://10.180.1.21:9696/networking/v2.0/security-groups/521d3c7a-96f7-41cc-8e82-59b0b3dce7bc 0.082s
2024-10-24 12:56:59.516 62327 INFO tempest.lib.common.rest_client [req-c788d051-f7bf-49be-a7fa-93b736a90306 req-c788d051-f7bf-49be-a7fa-93b736a90306 ] Request (ServersTestJSON:setUpClass): 200 GET http://10.180.1.21/compute/v2.1/servers/c332c6fd-1edd-4d9e-85a9-32a408f9d05e 0.047s
2024-10-24 12:56:59.556 62321 INFO tempest.lib.common.rest_client [req-10bca4ed-4e26-4fb3-9b9e-1e60b0913ac3 req-10bca4ed-4e26-4fb3-9b9e-1e60b0913ac3 ] Request (ListServersNegativeTestJSON:setUpClass): 200 GET http://10.180.1.21/compute/v2.1/servers/5670d64c-bddc-4b4a-bdf0-2b039be5e49e 0.047s
2024-10-24 12:56:59.572 62367 INFO tempest.lib.common.rest_client [req-f5518ca5-c829-4078-9d18-fe849ef0d713 req-f5518ca5-c829-4078-9d18-fe849ef0d713 ] Request (ServerShowV254Test:tearDownClass): 204 DELETE http://10.180.1.21/identity/v3/projects/9cbd2a219a834a3980b6438f0756be73 0.057s
2024-10-24 12:56:59.585 62372 INFO tempest.lib.common.rest_client [req-ca74315a-a971-495b-a830-e76358ebcfc4 req-ca74315a-a971-495b-a830-e76358ebcfc4 ] Request (ServerShowV247Test:test_update_rebuild_list_server): 200 GET http://10.180.1.21/compute/v2.1/servers/2315bd37-6151-42d7-8b54-9ee367be0ed1 0.050s
2024-10-24 12:56:59.604 62333 INFO tempest.lib.common.rest_client [req-76c6dc2a-9aaa-4798-ae57-2377e690ad9c req-76c6dc2a-9aaa-4798-ae57-2377e690ad9c ] Request (ServerAddressesNegativeTestJSON:setUpClass): 200 GET http://10.180.1.21/compute/v2.1/servers/e40e1443-6d5d-41e1-9822-08b782e39d27 0.054s
2024-10-24 12:56:59.633 62367 INFO tempest.lib.common.rest_client [req-90eb3436-5020-4ce6-96f9-1108c56d2ad6 req-90eb3436-5020-4ce6-96f9-1108c56d2ad6 ] Request (AttachVolumeTestJSON:setUpClass): 201 POST http://10.180.1.21/identity/v3/auth/tokens 0.059s
2024-10-24 12:56:59.638 62351 INFO tempest.lib.common.rest_client [req-e26bc253-724d-458c-b9e7-40c83bc20649 req-e26bc253-724d-458c-b9e7-40c83bc20649 ] Request (VolumesAssistedSnapshotsTest:test_volume_assisted_snapshot_create_delete): 200 GET http://10.180.1.21/compute/v2.1/servers/8d858fe9-1c97-457b-87ba-2d405bb7dcc0 0.047s
2024-10-24 12:56:59.659 62367 INFO tempest.lib.common.rest_client [req-baaa0ae1-9fad-4a39-be81-69d71e421651 req-baaa0ae1-9fad-4a39-be81-69d71e421651 ] Request (AttachVolumeTestJSON:setUpClass): 201 POST http://10.180.1.21/identity/v3/auth/tokens 0.024s
2024-10-24 12:56:59.678 62367 INFO tempest.lib.common.rest_client [req-b368893f-c098-4251-a8de-736602b0aa2b req-b368893f-c098-4251-a8de-736602b0aa2b ] Request (AttachVolumeTestJSON:setUpClass): 200 GET http://10.180.1.21/identity/v3/domains?name=Default 0.018s
2024-10-24 12:56:59.704 62367 INFO tempest.lib.common.rest_client [req-9f29bd8d-ad8a-4aab-be61-fcf6ae0c6596 req-9f29bd8d-ad8a-4aab-be61-fcf6ae0c6596 ] Request (AttachVolumeTestJSON:setUpClass): 201 POST http://10.180.1.21/identity/v3/projects 0.025s
2024-10-24 12:56:59.730 62325 INFO tempest.lib.common.rest_client [req-78c7d4e7-6d5f-424d-b384-b0c9042cb4fa req-78c7d4e7-6d5f-424d-b384-b0c9042cb4fa ] Request (ServerExternalEventsTest:test_create_server_external_events): 200 GET http://10.180.1.21/compute/v2.1/servers/b2ec37a4-09f6-428c-bca9-1ec121c9c390 0.047s
2024-10-24 12:56:59.754 62367 INFO tempest.lib.common.rest_client [req-962527d2-225d-4671-800d-0be3007dd68a req-962527d2-225d-4671-800d-0be3007dd68a ] Request (AttachVolumeTestJSON:setUpClass): 201 POST http://10.180.1.21/identity/v3/users 0.050s
2024-10-24 12:56:59.770 62367 INFO tempest.lib.common.rest_client [req-169831c4-fd53-48ca-99ba-1cf1f79e02e5 req-169831c4-fd53-48ca-99ba-1cf1f79e02e5 ] Request (AttachVolumeTestJSON:setUpClass): 200 GET http://10.180.1.21/identity/v3/roles 0.015s
2024-10-24 12:56:59.779 62357 INFO tempest.lib.common.rest_client [req-928e29c1-b705-444d-a30a-8ee7ed6e2e3e req-928e29c1-b705-444d-a30a-8ee7ed6e2e3e ] Request (AttachVolumeNegativeTest:test_attach_attached_volume_to_different_server): 200 GET http://10.180.1.21/compute/v2.1/servers/374062de-1242-44bd-b658-e8976f8c3b6c 0.048s
2024-10-24 12:56:59.792 62367 INFO tempest.lib.common.rest_client [req-bada1f43-0ffd-436b-93ce-2126b2d0fdf0 req-bada1f43-0ffd-436b-93ce-2126b2d0fdf0 ] Request (AttachVolumeTestJSON:setUpClass): 204 PUT http://10.180.1.21/identity/v3/projects/b0b101e81dfe4c8b98314be278282c0d/users/64ff84e38bb942bfa942de62353bd356/roles/b0ad5a71955948d986dc235ba966799b 0.022s
2024-10-24 12:56:59.792 62367 INFO tempest.lib.common.dynamic_creds [-] Dynamic test user 64ff84e38bb942bfa942de62353bd356 is created with scope project and roles: ['member']
