2024-10-24 12:55:39.794 62351 INFO tempest.lib.common.dynamic_creds [-] Created isolated network resources for: credentials: Credentials: {'domain_id': 'default', 'domain_name': 'Default', 'username': 'tempest-VolumesAssistedSnapshotsTest-1254845066-project', 'project_domain_id': 'default', 'project_domain_name': 'Default', 'project_id': '01b6b404b4fa44b2a1e2d13a8ac73b48', 'project_name': 'tempest-VolumesAssistedSnapshotsTest-1254845066', 'tenant_id': '01b6b404b4fa44b2a1e2d13a8ac73b48', 'tenant_name': 'tempest-VolumesAssistedSnapshotsTest-1254845066', 'user_domain_id': 'default', 'user_domain_name': 'Default', 'user_id': 'be1a4796929a4bd1ae605493b5a61daa', 'system': None}, Network: {'id': 'f6152e29-3234-4bcd-9b7e-1bccaa7212c7', 'name': 'tempest-VolumesAssistedSnapshotsTest-863485530-network', 'tenant_id': '01b6b404b4fa44b2a1e2d13a8ac73b48', 'admin_state_up': True, 'mtu': 8950, 'status': 'ACTIVE', 'subnets': [], 'shared': False, 'project_id': '01b6b404b4fa44b2a1e2d13a8ac73b48', 'port_security_enabled': True, 'router:external': False, 'provider:network_type': 'vlan', 'provider:physical_network': 'default', 'provider:segmentation_id': 773, 'is_default': False, 'availability_zone_hints': [], 'availability_zones': [], 'ipv4_address_scope': None, 'ipv6_address_scope': None, 'description': '', 'tags': [], 'created_at': '2024-10-24T12:55:35Z', 'updated_at': '2024-10-24T12:55:35Z', 'revision_number': 1}, Subnet: {'id': 'e5f50507-5f5d-4324-8cd6-bc63c342ddac', 'name': 'tempest-VolumesAssistedSnapshotsTest-863485530-subnet', 'tenant_id': '01b6b404b4fa44b2a1e2d13a8ac73b48', 'network_id': 'f6152e29-3234-4bcd-9b7e-1bccaa7212c7', 'ip_version': 4, 'subnetpool_id': None, 'enable_dhcp': True, 'ipv6_ra_mode': None, 'ipv6_address_mode': None, 'gateway_ip': '192.168.128.1', 'cidr': '192.168.128.0/28', 'allocation_pools': [{'start': '192.168.128.2', 'end': '192.168.128.14'}], 'host_routes': [], 'dns_nameservers': [], 'description': '', 'router:external': False, 'service_types': [], 'tags': [], 'created_at': '2024-10-24T12:55:35Z', 'updated_at': '2024-10-24T12:55:35Z', 'revision_number': 0, 'project_id': '01b6b404b4fa44b2a1e2d13a8ac73b48'}, Router: {'id': '1abd2794-6520-4d1b-906b-db76faa79280', 'name': 'tempest-VolumesAssistedSnapshotsTest-863485530-router', 'tenant_id': '01b6b404b4fa44b2a1e2d13a8ac73b48', 'admin_state_up': True, 'status': 'ACTIVE', 'external_gateway_info': {'network_id': '6ebdb51e-1bad-4c8f-aeec-d0b768ac8a79', 'external_fixed_ips': [{'subnet_id': '01eaa1fb-b732-4ab3-8d4d-66c0fc69ebcc', 'ip_address': '10.180.180.151'}], 'enable_snat': True}, 'description': '', 'availability_zones': [], 'distributed': False, 'ha': False, 'availability_zone_hints': [], 'routes': [], 'flavor_id': None, 'tags': [], 'created_at': '2024-10-24T12:55:35Z', 'updated_at': '2024-10-24T12:55:37Z', 'revision_number': 2, 'project_id': '01b6b404b4fa44b2a1e2d13a8ac73b48'}
2024-10-24 12:55:39.816 62331 INFO tempest.lib.common.rest_client [req-dd4c41e4-c4c5-4e02-b22b-29b9e18e3571 req-dd4c41e4-c4c5-4e02-b22b-29b9e18e3571 ] Request (InstanceUsageAuditLogNegativeTestJSON:tearDownClass): 204 DELETE http://10.180.1.21/identity/v3/projects/987e7c94945a4c479ff3d6ea459e14c9 0.362s
2024-10-24 12:55:39.817 62331 INFO tempest.test [-] raised in LiveAutoBlockMigrationV225Test.setUpClass. Invoking tearDownClass.
2024-10-24 12:55:39.818 62331 INFO tempest.test [-] raised in UnshelveToHostMultiNodesTest.setUpClass. Invoking tearDownClass.
2024-10-24 12:55:39.876 62323 INFO tempest.lib.common.rest_client [req-c8e49ec6-c047-4461-9e97-2f535ee9f2da req-c8e49ec6-c047-4461-9e97-2f535ee9f2da ] Request (ServicesAdminTestJSON:tearDownClass): 204 DELETE http://10.180.1.21:9696/networking/v2.0/security-groups/c0afe37e-0fc0-45f6-bbf8-809a10891cd5 0.170s
2024-10-24 12:55:39.886 62347 INFO tempest.lib.common.rest_client [req-dfb252b7-f4c4-4286-8f33-d0f07a35b613 req-dfb252b7-f4c4-4286-8f33-d0f07a35b613 ] Request (KeyPairsNegativeTestJSON:setUpClass): 204 PUT http://10.180.1.21/identity/v3/projects/81211abb9b4547d288d5f532d491887f/users/d1b4c78eb0744dbca62c537f10fd0a3f/roles/b0ad5a71955948d986dc235ba966799b 0.333s
2024-10-24 12:55:39.887 62347 INFO tempest.lib.common.dynamic_creds [-] Dynamic test user d1b4c78eb0744dbca62c537f10fd0a3f is created with scope project and roles: ['member']
2024-10-24 12:55:39.887 62347 INFO tempest.lib.common.dynamic_creds [-] Acquired dynamic creds: credentials: Credentials: {'domain_id': 'default', 'domain_name': 'Default', 'username': 'tempest-KeyPairsNegativeTestJSON-8499610-project-member', 'project_domain_id': 'default', 'project_domain_name': 'Default', 'project_id': '81211abb9b4547d288d5f532d491887f', 'project_name': 'tempest-KeyPairsNegativeTestJSON-8499610', 'tenant_id': '81211abb9b4547d288d5f532d491887f', 'tenant_name': 'tempest-KeyPairsNegativeTestJSON-8499610', 'user_domain_id': 'default', 'user_domain_name': 'Default', 'user_id': 'd1b4c78eb0744dbca62c537f10fd0a3f', 'system': None}, Network: None, Subnet: None, Router: None
2024-10-24 12:55:39.887 62347 INFO tempest.lib.common.dynamic_creds [-] Created isolated network resources for: credentials: Credentials: {'domain_id': 'default', 'domain_name': 'Default', 'username': 'tempest-KeyPairsNegativeTestJSON-8499610-project-member', 'project_domain_id': 'default', 'project_domain_name': 'Default', 'project_id': '81211abb9b4547d288d5f532d491887f', 'project_name': 'tempest-KeyPairsNegativeTestJSON-8499610', 'tenant_id': '81211abb9b4547d288d5f532d491887f', 'tenant_name': 'tempest-KeyPairsNegativeTestJSON-8499610', 'user_domain_id': 'default', 'user_domain_name': 'Default', 'user_id': 'd1b4c78eb0744dbca62c537f10fd0a3f', 'system': None}, Network: None, Subnet: None, Router: None
2024-10-24 12:55:39.959 62325 INFO tempest.lib.common.rest_client [req-1b5bf5c7-37e5-47d2-8c7d-9df62261afef req-1b5bf5c7-37e5-47d2-8c7d-9df62261afef ] Request (QuotasAdminNegativeTest:_run_cleanups): 200 PUT http://10.180.1.21/compute/v2.1/os-quota-sets/2bc513b6a9fd4eda9031713a7acae628 1.575s
2024-10-24 12:55:39.967 62373 INFO tempest.lib.common.rest_client [req-500bbb8b-4350-4408-866a-6496969797e5 req-500bbb8b-4350-4408-866a-6496969797e5 ] Request (ServerActionsTestJSON:setUpClass): 201 POST http://10.180.1.21/identity/v3/auth/tokens 0.279s
2024-10-24 12:55:39.984 62317 INFO tempest.lib.common.rest_client [req-66b34b77-3e31-40d5-b418-0ac017c731de req-66b34b77-3e31-40d5-b418-0ac017c731de ] Request (ServersAdmin275Test:setUpClass): 201 POST http://10.180.1.21/identity/v3/projects 0.381s
2024-10-24 12:55:40.000 62329 INFO tempest.lib.common.rest_client [req-74d42540-922e-4c15-9303-28c5c3b8ad8c req-74d42540-922e-4c15-9303-28c5c3b8ad8c ] Request (AttachInterfacesTestJSON:setUpClass): 200 PUT http://10.180.1.21:9696/networking/v2.0/routers/5da5f85c-700c-47c1-86bb-da806d6932af/add_router_interface 1.234s
2024-10-24 12:55:40.000 62329 INFO tempest.lib.common.dynamic_creds [-] Created isolated network resources for: credentials: Credentials: {'domain_id': 'default', 'domain_name': 'Default', 'username': 'tempest-AttachInterfacesTestJSON-460657919-project-member', 'project_domain_id': 'default', 'project_domain_name': 'Default', 'project_id': '9e7fced3a50d4821b42cf087d8111cb7', 'project_name': 'tempest-AttachInterfacesTestJSON-460657919', 'tenant_id': '9e7fced3a50d4821b42cf087d8111cb7', 'tenant_name': 'tempest-AttachInterfacesTestJSON-460657919', 'user_domain_id': 'default', 'user_domain_name': 'Default', 'user_id': '38cc8b6343d54d30a3f6f13512d23020', 'system': None}, Network: {'id': '74993df5-f495-415f-bb5a-87983f0b2da1', 'name': 'tempest-AttachInterfacesTestJSON-767185375-network', 'tenant_id': '9e7fced3a50d4821b42cf087d8111cb7', 'admin_state_up': True, 'mtu': 8950, 'status': 'ACTIVE', 'subnets': [], 'shared': False, 'project_id': '9e7fced3a50d4821b42cf087d8111cb7', 'port_security_enabled': True, 'router:external': False, 'provider:network_type': 'vlan', 'provider:physical_network': 'default', 'provider:segmentation_id': 89, 'is_default': False, 'availability_zone_hints': [], 'availability_zones': [], 'ipv4_address_scope': None, 'ipv6_address_scope': None, 'description': '', 'tags': [], 'created_at': '2024-10-24T12:55:35Z', 'updated_at': '2024-10-24T12:55:35Z', 'revision_number': 1}, Subnet: {'id': 'cd282702-4485-4c13-8336-6a1f75c300cf', 'name': 'tempest-AttachInterfacesTestJSON-767185375-subnet', 'tenant_id': '9e7fced3a50d4821b42cf087d8111cb7', 'network_id': '74993df5-f495-415f-bb5a-87983f0b2da1', 'ip_version': 4, 'subnetpool_id': None, 'enable_dhcp': True, 'ipv6_ra_mode': None, 'ipv6_address_mode': None, 'gateway_ip': '192.168.128.1', 'cidr': '192.168.128.0/28', 'allocation_pools': [{'start': '192.168.128.2', 'end': '192.168.128.14'}], 'host_routes': [], 'dns_nameservers': [], 'description': '', 'router:external': False, 'service_types': [], 'tags': [], 'created_at': '2024-10-24T12:55:36Z', 'updated_at': '2024-10-24T12:55:36Z', 'revision_number': 0, 'project_id': '9e7fced3a50d4821b42cf087d8111cb7'}, Router: {'id': '5da5f85c-700c-47c1-86bb-da806d6932af', 'name': 'tempest-AttachInterfacesTestJSON-767185375-router', 'tenant_id': '9e7fced3a50d4821b42cf087d8111cb7', 'admin_state_up': True, 'status': 'ACTIVE', 'external_gateway_info': {'network_id': '6ebdb51e-1bad-4c8f-aeec-d0b768ac8a79', 'external_fixed_ips': [{'subnet_id': '01eaa1fb-b732-4ab3-8d4d-66c0fc69ebcc', 'ip_address': '10.180.180.144'}], 'enable_snat': True}, 'description': '', 'availability_zones': [], 'distributed': False, 'ha': False, 'availability_zone_hints': [], 'routes': [], 'flavor_id': None, 'tags': [], 'created_at': '2024-10-24T12:55:37Z', 'updated_at': '2024-10-24T12:55:37Z', 'revision_number': 2, 'project_id': '9e7fced3a50d4821b42cf087d8111cb7'}
2024-10-24 12:55:40.091 62333 INFO tempest.lib.common.rest_client [req-9ab4bebe-e855-488f-9305-4f9301aea57a req-9ab4bebe-e855-488f-9305-4f9301aea57a ] Request (QuotasAdminTestV236:_run_cleanups): 204 DELETE http://10.180.1.21/identity/v3/projects/c809c33105f64848a3cbb3c3a756428e 0.392s
2024-10-24 12:55:40.220 62331 INFO tempest.lib.common.rest_client [req-9a6b3420-8bdd-4e4e-9b45-5763d287b878 req-9a6b3420-8bdd-4e4e-9b45-5763d287b878 ] Request (ServersV294TestFqdnHostnames:setUpClass): 201 POST http://10.180.1.21/identity/v3/auth/tokens 0.393s
2024-10-24 12:55:40.290 62323 INFO tempest.lib.common.rest_client [req-b5f4f069-b6fa-490d-a6c8-694da41514c2 req-b5f4f069-b6fa-490d-a6c8-694da41514c2 ] Request (ServicesAdminTestJSON:tearDownClass): 204 DELETE http://10.180.1.21/identity/v3/projects/fd1685b2b44048ffb95def6392bedde9 0.414s
2024-10-24 12:55:40.290 62323 INFO tempest.lib.common.dynamic_creds [-] Deleting project and security group for project: 4d208e146e1b48ea8d4258bdb57d08c7
2024-10-24 12:55:40.314 62351 INFO tempest.lib.common.rest_client [req-37cfa0f4-4a9a-44ac-a33c-524c9a30e58a req-37cfa0f4-4a9a-44ac-a33c-524c9a30e58a ] Request (VolumesAssistedSnapshotsTest:setUpClass): 201 POST http://10.180.1.21/identity/v3/auth/tokens 0.473s
2024-10-24 12:55:40.323 62372 INFO tempest.lib.common.rest_client [req-7a104885-3803-4a6b-b087-9f1fd10de3ca req-7a104885-3803-4a6b-b087-9f1fd10de3ca ] Request (FlavorMetadataValidation:tearDownClass): 200 GET http://10.180.1.21:9696/networking/v2.0/security-groups?tenant_id=2ab16c9194f24b8da3d430854dcb89b7&name=default 0.570s
2024-10-24 12:55:40.370 62347 INFO tempest.lib.common.rest_client [req-b47292d5-3bb6-42af-b1eb-6b220a297981 req-b47292d5-3bb6-42af-b1eb-6b220a297981 ] Request (KeyPairsNegativeTestJSON:setUpClass): 201 POST http://10.180.1.21/identity/v3/auth/tokens 0.478s
2024-10-24 12:55:40.420 62337 INFO tempest.lib.common.rest_client [req-306524da-6135-4290-8166-39bf1ec57568 req-306524da-6135-4290-8166-39bf1ec57568 ] Request (ServersWithSpecificFlavorTestJSON:test_verify_created_server_ephemeral_disk): 200 GET http://10.180.1.21/compute/v2.1/flavors/42 1.829s
2024-10-24 12:55:40.438 62372 INFO tempest.lib.common.rest_client [req-1131b91b-0c5c-407a-9ba4-10d70845d3fc req-1131b91b-0c5c-407a-9ba4-10d70845d3fc ] Request (FlavorMetadataValidation:tearDownClass): 204 DELETE http://10.180.1.21:9696/networking/v2.0/security-groups/f3fce27d-5fee-4fce-839c-de7eba2ce79c 0.114s
2024-10-24 12:55:40.466 62323 INFO tempest.lib.common.rest_client [req-80e82d74-3e30-4147-b3ed-b3d761663fc9 req-80e82d74-3e30-4147-b3ed-b3d761663fc9 ] Request (ServicesAdminTestJSON:tearDownClass): 200 GET http://10.180.1.21:9696/networking/v2.0/security-groups?tenant_id=4d208e146e1b48ea8d4258bdb57d08c7&name=default 0.175s
2024-10-24 12:55:40.475 62317 INFO tempest.lib.common.rest_client [req-4aacf6f0-6a38-4dae-84cf-5a0fc1d607d3 req-4aacf6f0-6a38-4dae-84cf-5a0fc1d607d3 ] Request (ServersAdmin275Test:setUpClass): 201 POST http://10.180.1.21/identity/v3/users 0.490s
2024-10-24 12:55:40.503 62355 INFO tempest.lib.common.rest_client [req-bda41b1b-3132-4e5d-ad8c-bb014a71a06f req-bda41b1b-3132-4e5d-ad8c-bb014a71a06f ] Request (ImagesTestJSON:test_create_image_from_stopped_server): 200 GET http://10.180.1.21/compute/v2.1/servers/d29660cc-47f8-4ca5-b21f-bcfd945abc03 1.893s
2024-10-24 12:55:40.551 62319 INFO tempest.lib.common.rest_client [req-a233b79a-68d6-452d-9158-5075f0a3819a req-a233b79a-68d6-452d-9158-5075f0a3819a ] Request (QuotasAdminTestV257:test_get_updated_quotas): 200 GET http://10.180.1.21/identity/v3/domains?name=Default 0.434s
2024-10-24 12:55:40.551 62329 INFO tempest.lib.common.rest_client [req-ea01d587-bc17-4e1f-ab86-0e95dd1f6acb req-ea01d587-bc17-4e1f-ab86-0e95dd1f6acb ] Request (AttachInterfacesTestJSON:setUpClass): 201 POST http://10.180.1.21/identity/v3/auth/tokens 0.547s
2024-10-24 12:55:40.574 62315 INFO tempest.lib.common.rest_client [req-0b674a2e-8b08-4be0-a183-094bef9ab329 req-0b674a2e-8b08-4be0-a183-094bef9ab329 ] Request (MigrationsAdminTest:test_list_migrations_in_flavor_resize_situation): 200 GET http://10.180.1.21/compute/v2.1/servers/f128e0a7-f67b-4800-bfd6-ec65c5042460 1.930s
2024-10-24 12:55:40.580 62331 INFO tempest.lib.common.rest_client [req-4f5a61bb-b894-40bb-81e4-eb10038447af req-4f5a61bb-b894-40bb-81e4-eb10038447af ] Request (ServersV294TestFqdnHostnames:setUpClass): 201 POST http://10.180.1.21/identity/v3/auth/tokens 0.357s
2024-10-24 12:55:40.581 62321 INFO tempest.lib.common.rest_client [req-f468c823-8e5c-4cb0-96fc-7d005280b4a9 req-f468c823-8e5c-4cb0-96fc-7d005280b4a9 ] Request (FlavorsExtraSpecsNegativeTestJSON:test_flavor_non_admin_update_specific_key): 403 PUT http://10.180.1.21/compute/v2.1/flavors/2107115461/os-extra_specs/hw:numa_nodes 1.890s
2024-10-24 12:55:40.599 62311 INFO tempest.lib.common.rest_client [req-684826c9-54bb-43bb-9acd-207a869702f6 req-684826c9-54bb-43bb-9acd-207a869702f6 ] Request (FlavorsAdminTestJSON:test_create_flavor_verify_entry_in_list_details): 200 GET http://10.180.1.21/compute/v2.1/flavors/detail 1.888s
2024-10-24 12:55:40.614 62333 INFO tempest.lib.common.rest_client [req-7970ed73-e61c-48c1-9256-193861a59221 req-7970ed73-e61c-48c1-9256-193861a59221 ] Request (QuotasAdminTestV236:tearDownClass): 204 DELETE http://10.180.1.21/identity/v3/users/e51734b05741457c80138109b6fe76e7 0.460s
2024-10-24 12:55:40.618 62363 INFO tempest.lib.common.rest_client [req-233d8ca2-4879-44ca-aed8-ba71e0c9a091 req-233d8ca2-4879-44ca-aed8-ba71e0c9a091 ] Request (FlavorsV261TestJSON:test_crud_flavor): 200 GET http://10.180.1.21/compute/v2.1/flavors/detail 1.870s
2024-10-24 12:55:40.663 62323 INFO tempest.lib.common.rest_client [req-a5a125be-f28e-41d5-9111-19c2dc443592 req-a5a125be-f28e-41d5-9111-19c2dc443592 ] Request (ServicesAdminTestJSON:tearDownClass): 204 DELETE http://10.180.1.21:9696/networking/v2.0/security-groups/2ce7a4d3-0919-4fb6-bd10-2dd77e156d6b 0.196s
2024-10-24 12:55:40.706 62361 INFO tempest.lib.common.rest_client [req-4b561555-0635-43ff-a44c-40165d697607 req-4b561555-0635-43ff-a44c-40165d697607 ] Request (ServerDiskConfigTestJSON:test_rebuild_server_with_auto_disk_config): 202 POST http://10.180.1.21/compute/v2.1/servers 2.149s
2024-10-24 12:55:40.712 62372 INFO tempest.lib.common.rest_client [req-bba3077d-1761-4dde-9bbd-3b48bebc2e1f req-bba3077d-1761-4dde-9bbd-3b48bebc2e1f ] Request (FlavorMetadataValidation:tearDownClass): 204 DELETE http://10.180.1.21/identity/v3/projects/2ab16c9194f24b8da3d430854dcb89b7 0.274s
2024-10-24 12:55:40.713 62372 INFO tempest.lib.common.dynamic_creds [-] Deleting project and security group for project: f1ac6e285065491090e6a24c05a497aa
2024-10-24 12:55:40.738 62357 INFO tempest.lib.common.rest_client [req-0161845f-85a6-41c1-9047-9d9af0666370 req-0161845f-85a6-41c1-9047-9d9af0666370 ] Request (FlavorsExtraSpecsTestJSON:test_flavor_set_get_update_show_unset_keys): 200 POST http://10.180.1.21/compute/v2.1/flavors/1065759790/os-extra_specs 1.861s
2024-10-24 12:55:40.788 62317 INFO tempest.lib.common.rest_client [req-c86ec91b-1d73-4b83-857b-38e7119424cf req-c86ec91b-1d73-4b83-857b-38e7119424cf ] Request (ServersAdmin275Test:setUpClass): 200 GET http://10.180.1.21/identity/v3/roles 0.313s
2024-10-24 12:55:40.798 62319 INFO tempest.lib.common.rest_client [req-8805fff6-3ffc-43b7-b48f-f0263d0b333b req-8805fff6-3ffc-43b7-b48f-f0263d0b333b ] Request (QuotasAdminTestV257:test_get_updated_quotas): 201 POST http://10.180.1.21/identity/v3/projects 0.247s
2024-10-24 12:55:40.896 62331 INFO tempest.lib.common.rest_client [req-362f04d1-735d-47e0-b4ec-0513cf8c3d41 req-362f04d1-735d-47e0-b4ec-0513cf8c3d41 ] Request (ServersV294TestFqdnHostnames:setUpClass): 200 GET http://10.180.1.21/identity/v3/domains?name=Default 0.316s
2024-10-24 12:55:40.948 62333 INFO tempest.lib.common.rest_client [req-644c3e73-f15d-4579-9593-c1bd4c7027d3 req-644c3e73-f15d-4579-9593-c1bd4c7027d3 ] Request (QuotasAdminTestV236:tearDownClass): 204 DELETE http://10.180.1.21/identity/v3/users/fa241e1b32f2441583528ae4796b884d 0.333s
2024-10-24 12:55:40.949 62333 INFO tempest.lib.common.dynamic_creds [-] Deleting project and security group for project: 5e66e77c1a874547a45ad3ef93c9390b
2024-10-24 12:55:40.974 62372 INFO tempest.lib.common.rest_client [req-b133c0fa-6389-46fb-9354-c5835dc69132 req-b133c0fa-6389-46fb-9354-c5835dc69132 ] Request (FlavorMetadataValidation:tearDownClass): 200 GET http://10.180.1.21:9696/networking/v2.0/security-groups?tenant_id=f1ac6e285065491090e6a24c05a497aa&name=default 0.261s
2024-10-24 12:55:40.980 62373 INFO tempest.lib.common.rest_client [req-8eaa23a6-b231-4630-bf4e-d3238cc3baa6 req-8eaa23a6-b231-4630-bf4e-d3238cc3baa6 ] Request (ServerActionsTestJSON:setUpClass): 201 POST http://10.180.1.21:9696/networking/v2.0/networks 1.010s
2024-10-24 12:55:41.069 62323 INFO tempest.lib.common.rest_client [req-bdd4da18-8859-468d-9dbe-8ebfdc5b29fb req-bdd4da18-8859-468d-9dbe-8ebfdc5b29fb ] Request (ServicesAdminTestJSON:tearDownClass): 204 DELETE http://10.180.1.21/identity/v3/projects/4d208e146e1b48ea8d4258bdb57d08c7 0.405s
2024-10-24 12:55:41.121 62317 INFO tempest.lib.common.rest_client [req-4f8afc88-8966-4745-9ea8-5a9c881a516e req-4f8afc88-8966-4745-9ea8-5a9c881a516e ] Request (ServersAdmin275Test:setUpClass): 204 PUT http://10.180.1.21/identity/v3/projects/8845ad6ed67c4a7396c7ce9feddc25af/users/b98b8c5ed8c843528c534b347a4ce850/roles/90f7bfb82b7b49b3b9d3058cded6701a 0.332s
2024-10-24 12:55:41.184 62351 INFO tempest.lib.common.rest_client [req-fb70a250-bda3-4541-9ef4-103a56f5b072 req-fb70a250-bda3-4541-9ef4-103a56f5b072 ] Request (VolumesAssistedSnapshotsTest:test_volume_assisted_snapshot_create_delete): 202 POST http://10.180.1.21/volume/v3/volumes 0.868s
2024-10-24 12:55:41.185 62319 INFO tempest.lib.common.rest_client [req-5662c98b-31a8-477e-af0f-63c5c0fce1a7 req-5662c98b-31a8-477e-af0f-63c5c0fce1a7 ] Request (QuotasAdminTestV257:test_get_updated_quotas): 200 GET http://10.180.1.21/identity/v3/domains?name=Default 0.385s
2024-10-24 12:55:41.241 62331 INFO tempest.lib.common.rest_client [req-8d5329a4-cf37-4a2c-bac0-8e778dfe3217 req-8d5329a4-cf37-4a2c-bac0-8e778dfe3217 ] Request (ServersV294TestFqdnHostnames:setUpClass): 201 POST http://10.180.1.21/identity/v3/projects 0.345s
2024-10-24 12:55:41.267 62351 INFO tempest.lib.common.rest_client [req-8f3a8573-ccef-42c8-8c45-d2893fc39280 req-8f3a8573-ccef-42c8-8c45-d2893fc39280 ] Request (VolumesAssistedSnapshotsTest:test_volume_assisted_snapshot_create_delete): 200 GET http://10.180.1.21/volume/v3/volumes/5bfdbf5c-7f7b-4cb8-8caf-ea5077160d26 0.077s
2024-10-24 12:55:41.297 62372 INFO tempest.lib.common.rest_client [req-ce99057b-2135-4cea-950f-6bf18d73c285 req-ce99057b-2135-4cea-950f-6bf18d73c285 ] Request (FlavorMetadataValidation:tearDownClass): 204 DELETE http://10.180.1.21:9696/networking/v2.0/security-groups/5585e1f3-ff7e-4574-9aa2-ace375d67426 0.323s
2024-10-24 12:55:41.301 62333 INFO tempest.lib.common.rest_client [req-70f69f08-97b7-4992-b4e2-391ea61a64ef req-70f69f08-97b7-4992-b4e2-391ea61a64ef ] Request (QuotasAdminTestV236:tearDownClass): 201 POST http://10.180.1.21/identity/v3/auth/tokens 0.351s
2024-10-24 12:55:41.327 62323 INFO tempest.lib.common.rest_client [req-98b2ac91-b329-4f69-9723-138d4e21ba24 req-98b2ac91-b329-4f69-9723-138d4e21ba24 ] Request (ImagesOneServerTestJSON:setUpClass): 201 POST http://10.180.1.21/identity/v3/auth/tokens 0.256s
2024-10-24 12:55:41.352 62317 INFO tempest.lib.common.rest_client [req-1670a847-75a0-4950-953d-9d79a1a0043b req-1670a847-75a0-4950-953d-9d79a1a0043b ] Request (ServersAdmin275Test:setUpClass): 200 GET http://10.180.1.21/identity/v3/roles 0.231s
2024-10-24 12:55:41.420 62349 INFO tempest.lib.common.rest_client [req-944316a4-307e-46c5-b307-2c736dbafd9f req-944316a4-307e-46c5-b307-2c736dbafd9f ] Request (FlavorsAccessTestJSON:test_flavor_access_add_remove): 200 POST http://10.180.1.21/compute/v2.1/flavors/2064501925/action 2.647s
2024-10-24 12:55:41.424 62331 INFO tempest.lib.common.rest_client [req-2feb37ef-7c15-404e-b65c-0443b0f2d3bc req-2feb37ef-7c15-404e-b65c-0443b0f2d3bc ] Request (ServersV294TestFqdnHostnames:setUpClass): 201 POST http://10.180.1.21/identity/v3/users 0.182s
2024-10-24 12:55:41.443 62327 INFO tempest.lib.common.rest_client [req-b7386735-cb10-4575-941f-d00049b266d3 req-b7386735-cb10-4575-941f-d00049b266d3 ] Request (HypervisorAdminTestJSON:test_get_hypervisor_stats): 200 GET http://10.180.1.21/compute/v2.1/os-hypervisors/statistics 2.507s
2024-10-24 12:55:41.459 62373 INFO tempest.lib.common.rest_client [req-ae912814-ee60-42ab-ae9f-1c70ab91b434 req-ae912814-ee60-42ab-ae9f-1c70ab91b434 ] Request (ServerActionsTestJSON:setUpClass): 201 POST http://10.180.1.21:9696/networking/v2.0/subnets 0.478s
2024-10-24 12:55:41.499 62372 INFO tempest.lib.common.rest_client [req-8bf63776-7787-4543-a3b8-74245d4e629c req-8bf63776-7787-4543-a3b8-74245d4e629c ] Request (FlavorMetadataValidation:tearDownClass): 204 DELETE http://10.180.1.21/identity/v3/projects/f1ac6e285065491090e6a24c05a497aa 0.201s
2024-10-24 12:55:41.537 62323 INFO tempest.lib.common.rest_client [req-3c07d59f-14a6-45fc-9b3a-3909c2d54e14 req-3c07d59f-14a6-45fc-9b3a-3909c2d54e14 ] Request (ImagesOneServerTestJSON:setUpClass): 201 POST http://10.180.1.21/identity/v3/auth/tokens 0.207s
2024-10-24 12:55:41.567 62331 INFO tempest.lib.common.rest_client [req-08989579-fe6b-4f72-abac-859fd679b49c req-08989579-fe6b-4f72-abac-859fd679b49c ] Request (ServersV294TestFqdnHostnames:setUpClass): 200 GET http://10.180.1.21/identity/v3/roles 0.142s
2024-10-24 12:55:41.578 62317 INFO tempest.lib.common.rest_client [req-6c0a3733-5052-4ff9-833d-18274b0cfe9e req-6c0a3733-5052-4ff9-833d-18274b0cfe9e ] Request (ServersAdmin275Test:setUpClass): 204 PUT http://10.180.1.21/identity/v3/projects/8845ad6ed67c4a7396c7ce9feddc25af/users/b98b8c5ed8c843528c534b347a4ce850/roles/90f7bfb82b7b49b3b9d3058cded6701a 0.226s
2024-10-24 12:55:41.579 62317 INFO tempest.lib.common.dynamic_creds [-] Dynamic test user b98b8c5ed8c843528c534b347a4ce850 is created with scope project and roles: ['admin']
2024-10-24 12:55:41.579 62317 INFO tempest.lib.common.dynamic_creds [-] Acquired dynamic creds: credentials: Credentials: {'domain_id': 'default', 'domain_name': 'Default', 'username': 'tempest-ServersAdmin275Test-1749339799-project-admin', 'project_domain_id': 'default', 'project_domain_name': 'Default', 'project_id': '8845ad6ed67c4a7396c7ce9feddc25af', 'project_name': 'tempest-ServersAdmin275Test-1749339799', 'tenant_id': '8845ad6ed67c4a7396c7ce9feddc25af', 'tenant_name': 'tempest-ServersAdmin275Test-1749339799', 'user_domain_id': 'default', 'user_domain_name': 'Default', 'user_id': 'b98b8c5ed8c843528c534b347a4ce850', 'system': None}, Network: None, Subnet: None, Router: None
2024-10-24 12:55:41.580 62317 INFO tempest.lib.common.dynamic_creds [-] Created isolated network resources for: credentials: Credentials: {'domain_id': 'default', 'domain_name': 'Default', 'username': 'tempest-ServersAdmin275Test-1749339799-project-admin', 'project_domain_id': 'default', 'project_domain_name': 'Default', 'project_id': '8845ad6ed67c4a7396c7ce9feddc25af', 'project_name': 'tempest-ServersAdmin275Test-1749339799', 'tenant_id': '8845ad6ed67c4a7396c7ce9feddc25af', 'tenant_name': 'tempest-ServersAdmin275Test-1749339799', 'user_domain_id': 'default', 'user_domain_name': 'Default', 'user_id': 'b98b8c5ed8c843528c534b347a4ce850', 'system': None}, Network: None, Subnet: None, Router: None
2024-10-24 12:55:41.716 62372 INFO tempest.lib.common.rest_client [req-bcbebd61-325f-47e5-81cc-3bcd0288cc87 req-bcbebd61-325f-47e5-81cc-3bcd0288cc87 ] Request (AZV2TestJSON:setUpClass): 201 POST http://10.180.1.21/identity/v3/auth/tokens 0.215s
2024-10-24 12:55:41.728 62333 INFO tempest.lib.common.rest_client [req-72b50a88-38ef-4c16-b81e-bf9c321b5739 req-72b50a88-38ef-4c16-b81e-bf9c321b5739 ] Request (QuotasAdminTestV236:tearDownClass): 200 GET http://10.180.1.21:9696/networking/v2.0/security-groups?tenant_id=5e66e77c1a874547a45ad3ef93c9390b&name=default 0.425s
2024-10-24 12:55:41.734 62323 INFO tempest.lib.common.rest_client [req-54204d4b-a67e-48e8-a043-baf5cf1b4135 req-54204d4b-a67e-48e8-a043-baf5cf1b4135 ] Request (ImagesOneServerTestJSON:setUpClass): 200 GET http://10.180.1.21/identity/v3/domains?name=Default 0.196s
2024-10-24 12:55:41.742 62335 INFO tempest.lib.common.rest_client [req-93e573ad-1817-4f23-9979-485ed4cf8011 req-93e573ad-1817-4f23-9979-485ed4cf8011 ] Request (AggregatesAdminNegativeTestJSON:_run_cleanups): 200 POST http://10.180.1.21/compute/v2.1/os-aggregates/1/action 2.831s
2024-10-24 12:55:41.750 62353 INFO tempest.lib.common.rest_client [req-a21b52b8-34c7-4863-a96c-c3ef9d71c8da req-a21b52b8-34c7-4863-a96c-c3ef9d71c8da ] Request (HypervisorAdminNegativeTestJSON:test_get_hypervisor_uptime_with_non_admin_user): 403 GET http://10.180.1.21/compute/v2.1/os-hypervisors/1/uptime 2.482s
2024-10-24 12:55:41.762 62341 INFO tempest.lib.common.rest_client [req-4d48d853-3ba9-44ec-b658-4f0f87f5b0b6 req-4d48d853-3ba9-44ec-b658-4f0f87f5b0b6 ] Request (HostsAdminNegativeTestJSON:test_shutdown_host_with_non_admin_user): 403 GET http://10.180.1.21/compute/v2.1/os-hosts/devstack/shutdown 2.488s
2024-10-24 12:55:41.774 62331 INFO tempest.lib.common.rest_client [req-3f11bd11-3fc1-4acd-a83d-d9fa98056e73 req-3f11bd11-3fc1-4acd-a83d-d9fa98056e73 ] Request (ServersV294TestFqdnHostnames:setUpClass): 204 PUT http://10.180.1.21/identity/v3/projects/56ff4e9cfce2462d996817df72f7a201/users/3705be0096fe4e8cb2eb327db260b2e8/roles/b0ad5a71955948d986dc235ba966799b 0.207s
2024-10-24 12:55:41.775 62331 INFO tempest.lib.common.dynamic_creds [-] Dynamic test user 3705be0096fe4e8cb2eb327db260b2e8 is created with scope project and roles: ['member']
2024-10-24 12:55:41.775 62331 INFO tempest.lib.common.dynamic_creds [-] Acquired dynamic creds: credentials: Credentials: {'domain_id': 'default', 'domain_name': 'Default', 'username': 'tempest-ServersV294TestFqdnHostnames-1477841666-project-member', 'project_domain_id': 'default', 'project_domain_name': 'Default', 'project_id': '56ff4e9cfce2462d996817df72f7a201', 'project_name': 'tempest-ServersV294TestFqdnHostnames-1477841666', 'tenant_id': '56ff4e9cfce2462d996817df72f7a201', 'tenant_name': 'tempest-ServersV294TestFqdnHostnames-1477841666', 'user_domain_id': 'default', 'user_domain_name': 'Default', 'user_id': '3705be0096fe4e8cb2eb327db260b2e8', 'system': None}, Network: None, Subnet: None, Router: None
2024-10-24 12:55:41.816 62327 INFO tempest.lib.common.rest_client [req-d318eb9c-37eb-4702-88f9-f5d285b01fda req-d318eb9c-37eb-4702-88f9-f5d285b01fda ] Request (HypervisorAdminTestJSON:tearDownClass): 204 DELETE http://10.180.1.21/identity/v3/users/af1551789dc242f6ba7a764bd707e79b 0.368s
2024-10-24 12:55:41.840 62367 INFO tempest.lib.common.rest_client [req-7b178dce-acc2-4c68-8d68-bf9b8f5aef09 req-7b178dce-acc2-4c68-8d68-bf9b8f5aef09 ] Request (ServerShowV254Test:test_rebuild_server): 202 POST http://10.180.1.21/compute/v2.1/servers 2.733s
2024-10-24 12:55:41.848 62369 INFO tempest.lib.common.rest_client [req-80065d66-0985-4d3e-9ffe-c23c8ebf65ed req-80065d66-0985-4d3e-9ffe-c23c8ebf65ed ] Request (MultipleCreateTestJSON:test_multiple_create): 200 GET http://10.180.1.21/compute/v2.1/servers/abb87186-9951-4fbe-98b2-b595dd4fea12 2.343s
2024-10-24 12:55:41.853 62317 INFO tempest.lib.common.rest_client [req-cb077c2c-0392-4ff6-95b3-3379cb72be9e req-cb077c2c-0392-4ff6-95b3-3379cb72be9e ] Request (ServersAdmin275Test:setUpClass): 201 POST http://10.180.1.21/identity/v3/auth/tokens 0.269s
2024-10-24 12:55:41.875 62333 INFO tempest.lib.common.rest_client [req-44c28378-6ea6-4a13-ae8c-93b413189e23 req-44c28378-6ea6-4a13-ae8c-93b413189e23 ] Request (QuotasAdminTestV236:tearDownClass): 204 DELETE http://10.180.1.21:9696/networking/v2.0/security-groups/dded9203-aace-4e40-be1d-4b3060a9ccb2 0.147s
2024-10-24 12:55:41.891 62372 INFO tempest.lib.common.rest_client [req-32e788ae-5ff7-4314-9a42-09537762a6e2 req-32e788ae-5ff7-4314-9a42-09537762a6e2 ] Request (AZV2TestJSON:setUpClass): 201 POST http://10.180.1.21/identity/v3/auth/tokens 0.173s
2024-10-24 12:55:41.925 62331 INFO tempest.lib.common.rest_client [req-1bf2cb4c-39d7-4175-be45-5eb15ce74314 req-1bf2cb4c-39d7-4175-be45-5eb15ce74314 ] Request (ServersV294TestFqdnHostnames:setUpClass): 201 POST http://10.180.1.21/identity/v3/auth/tokens 0.149s
2024-10-24 12:55:41.938 62323 INFO tempest.lib.common.rest_client [req-dfbfd1c8-ba31-462d-a90a-6c328df698ef req-dfbfd1c8-ba31-462d-a90a-6c328df698ef ] Request (ImagesOneServerTestJSON:setUpClass): 201 POST http://10.180.1.21/identity/v3/projects 0.203s
2024-10-24 12:55:41.938 62313 INFO tempest.lib.common.rest_client [req-afd9ea3d-7462-4147-a4b9-c1340b97ee63 req-afd9ea3d-7462-4147-a4b9-c1340b97ee63 ] Request (ServerDiagnosticsV248Test:test_get_server_diagnostics): 200 GET http://10.180.1.21/compute/v2.1/servers/113fe8e6-bc12-41fe-a405-cec2aa1a717e 2.074s
2024-10-24 12:55:42.000 62317 INFO tempest.lib.common.rest_client [req-79e0330c-e758-4d43-8374-e0c7877c4c20 req-79e0330c-e758-4d43-8374-e0c7877c4c20 ] Request (ServersAdmin275Test:test_rebuild_update_server_275): 201 POST http://10.180.1.21/identity/v3/auth/tokens 0.143s
2024-10-24 12:55:42.000 62317 INFO tempest.lib.common.fixed_network [-] (ServersAdmin275Test:test_rebuild_update_server_275) Found network None available for tenant
2024-10-24 12:55:42.018 62327 INFO tempest.lib.common.rest_client [req-9e1919f0-f765-48a6-a035-d61c94fc3f7f req-9e1919f0-f765-48a6-a035-d61c94fc3f7f ] Request (HypervisorAdminTestJSON:tearDownClass): 204 DELETE http://10.180.1.21/identity/v3/users/9e2d18fa144043969839fdab93d5ed11 0.202s
2024-10-24 12:55:42.019 62327 INFO tempest.lib.common.dynamic_creds [-] Deleting project and security group for project: b25619cce04e4b4d9c2c375ef0789fd0
2024-10-24 12:55:42.083 62333 INFO tempest.lib.common.rest_client [req-fee2a39c-d689-4f8c-9b4b-c49f7baed3bb req-fee2a39c-d689-4f8c-9b4b-c49f7baed3bb ] Request (QuotasAdminTestV236:tearDownClass): 204 DELETE http://10.180.1.21/identity/v3/projects/5e66e77c1a874547a45ad3ef93c9390b 0.207s
2024-10-24 12:55:42.083 62333 INFO tempest.lib.common.dynamic_creds [-] Deleting project and security group for project: 630f5fa013c241d48737a66c5aa3d721
2024-10-24 12:55:42.107 62372 INFO tempest.lib.common.rest_client [req-49b7885a-2691-4cfb-9e13-52d391cff8b8 req-49b7885a-2691-4cfb-9e13-52d391cff8b8 ] Request (AZV2TestJSON:setUpClass): 200 GET http://10.180.1.21/identity/v3/domains?name=Default 0.215s
2024-10-24 12:55:42.131 62323 INFO tempest.lib.common.rest_client [req-651fef09-2a46-4b5e-8d61-ca87e65f9bd4 req-651fef09-2a46-4b5e-8d61-ca87e65f9bd4 ] Request (ImagesOneServerTestJSON:setUpClass): 201 POST http://10.180.1.21/identity/v3/users 0.192s
2024-10-24 12:55:42.158 62327 INFO tempest.lib.common.rest_client [req-1716b83b-6b11-42b3-b602-a1ab80be80a8 req-1716b83b-6b11-42b3-b602-a1ab80be80a8 ] Request (HypervisorAdminTestJSON:tearDownClass): 201 POST http://10.180.1.21/identity/v3/auth/tokens 0.138s
2024-10-24 12:55:42.191 62372 INFO tempest.lib.common.rest_client [req-71884a23-c089-4e27-9fdc-e3c9fd6b68d5 req-71884a23-c089-4e27-9fdc-e3c9fd6b68d5 ] Request (AZV2TestJSON:setUpClass): 201 POST http://10.180.1.21/identity/v3/projects 0.083s
2024-10-24 12:55:42.236 62323 INFO tempest.lib.common.rest_client [req-062bf634-0739-454d-84ff-b1f52dd2acc3 req-062bf634-0739-454d-84ff-b1f52dd2acc3 ] Request (ImagesOneServerTestJSON:setUpClass): 200 GET http://10.180.1.21/identity/v3/roles 0.104s
2024-10-24 12:55:42.266 62333 INFO tempest.lib.common.rest_client [req-b294aa28-8834-4a9f-8b7e-57da2a156ef1 req-b294aa28-8834-4a9f-8b7e-57da2a156ef1 ] Request (QuotasAdminTestV236:tearDownClass): 200 GET http://10.180.1.21:9696/networking/v2.0/security-groups?tenant_id=630f5fa013c241d48737a66c5aa3d721&name=default 0.183s
2024-10-24 12:55:42.266 62359 INFO tempest.lib.common.rest_client [req-9c34988f-2876-4b76-831f-38a27cf11060 req-9c34988f-2876-4b76-831f-38a27cf11060 ] Request (FlavorsAccessNegativeTestJSON:test_add_flavor_access_duplicate): 200 POST http://10.180.1.21/compute/v2.1/flavors/35121494/action 2.599s
2024-10-24 12:55:42.273 62365 INFO tempest.lib.common.rest_client [req-ad9dbf20-64d1-4f12-af80-8921ea1cabf5 req-ad9dbf20-64d1-4f12-af80-8921ea1cabf5 ] Request (ServerDiagnosticsNegativeTest:test_get_server_diagnostics_by_non_admin): 200 GET http://10.180.1.21/compute/v2.1/servers/20e445dd-663c-46e4-bc0a-f00e68ecd6cd 2.407s
2024-10-24 12:55:42.280 62365 INFO tempest.common.waiters [-] State transition "BUILD/networking" ==> "BUILD/spawning" after 6 second wait
2024-10-24 12:55:42.311 62351 INFO tempest.lib.common.rest_client [req-aed99ef6-ed8c-483a-9f8f-45782269b9dd req-aed99ef6-ed8c-483a-9f8f-45782269b9dd ] Request (VolumesAssistedSnapshotsTest:test_volume_assisted_snapshot_create_delete): 200 GET http://10.180.1.21/volume/v3/volumes/5bfdbf5c-7f7b-4cb8-8caf-ea5077160d26 0.034s
2024-10-24 12:55:42.315 62372 INFO tempest.lib.common.rest_client [req-e9e6c3b3-62ac-4ec4-a57c-c387bcc03cb4 req-e9e6c3b3-62ac-4ec4-a57c-c387bcc03cb4 ] Request (AZV2TestJSON:setUpClass): 201 POST http://10.180.1.21/identity/v3/users 0.123s
2024-10-24 12:55:42.320 62351 INFO tempest.common.waiters [-] volume 5bfdbf5c-7f7b-4cb8-8caf-ea5077160d26 reached available after waiting for 1.320616 seconds
2024-10-24 12:55:42.337 62323 INFO tempest.lib.common.rest_client [req-84243237-5c64-42eb-b83c-8d74831cf366 req-84243237-5c64-42eb-b83c-8d74831cf366 ] Request (ImagesOneServerTestJSON:setUpClass): 204 PUT http://10.180.1.21/identity/v3/projects/1a584f8510324004b9bb8823ce27eb3d/users/e43fa2b15f474cbfa08199e0e38b444b/roles/b0ad5a71955948d986dc235ba966799b 0.101s
2024-10-24 12:55:42.337 62323 INFO tempest.lib.common.dynamic_creds [-] Dynamic test user e43fa2b15f474cbfa08199e0e38b444b is created with scope project and roles: ['member']
2024-10-24 12:55:42.337 62323 INFO tempest.lib.common.dynamic_creds [-] Acquired dynamic creds: credentials: Credentials: {'domain_id': 'default', 'domain_name': 'Default', 'username': 'tempest-ImagesOneServerTestJSON-612300628-project-member', 'project_domain_id': 'default', 'project_domain_name': 'Default', 'project_id': '1a584f8510324004b9bb8823ce27eb3d', 'project_name': 'tempest-ImagesOneServerTestJSON-612300628', 'tenant_id': '1a584f8510324004b9bb8823ce27eb3d', 'tenant_name': 'tempest-ImagesOneServerTestJSON-612300628', 'user_domain_id': 'default', 'user_domain_name': 'Default', 'user_id': 'e43fa2b15f474cbfa08199e0e38b444b', 'system': None}, Network: None, Subnet: None, Router: None
2024-10-24 12:55:42.388 62372 INFO tempest.lib.common.rest_client [req-db9c0945-f92b-4327-9c30-452ba3ab8fbe req-db9c0945-f92b-4327-9c30-452ba3ab8fbe ] Request (AZV2TestJSON:setUpClass): 200 GET http://10.180.1.21/identity/v3/roles 0.073s
2024-10-24 12:55:42.389 62333 INFO tempest.lib.common.rest_client [req-86d97bd4-3f5b-4b52-bfd4-f10ec1d5e71e req-86d97bd4-3f5b-4b52-bfd4-f10ec1d5e71e ] Request (QuotasAdminTestV236:tearDownClass): 204 DELETE http://10.180.1.21:9696/networking/v2.0/security-groups/a7ce1525-74ef-4b73-851b-1faf209ae8af 0.122s
2024-10-24 12:55:42.413 62323 INFO tempest.lib.common.rest_client [req-a9f5e6ae-ab4d-40cc-bb60-2f967b059d59 req-a9f5e6ae-ab4d-40cc-bb60-2f967b059d59 ] Request (ImagesOneServerTestJSON:setUpClass): 201 POST http://10.180.1.21/identity/v3/auth/tokens 0.075s
2024-10-24 12:55:42.445 62347 INFO tempest.lib.common.rest_client [req-ac57554a-beae-44ba-adf6-6e1328ffbe51 req-ac57554a-beae-44ba-adf6-6e1328ffbe51 ] Request (KeyPairsNegativeTestJSON:test_create_keypair_invalid_name): 400 POST http://10.180.1.21/compute/v2.1/os-keypairs 2.072s
2024-10-24 12:55:42.469 62372 INFO tempest.lib.common.rest_client [req-53f47d09-8bf5-4476-afe6-bc82553b718d req-53f47d09-8bf5-4476-afe6-bc82553b718d ] Request (AZV2TestJSON:setUpClass): 204 PUT http://10.180.1.21/identity/v3/projects/915529bc2d1d4435b8204f4e8cef0648/users/b16f46a8d63c49e6a578f4a45f22c8ea/roles/b0ad5a71955948d986dc235ba966799b 0.080s
2024-10-24 12:55:42.469 62372 INFO tempest.lib.common.dynamic_creds [-] Dynamic test user b16f46a8d63c49e6a578f4a45f22c8ea is created with scope project and roles: ['member']
2024-10-24 12:55:42.470 62372 INFO tempest.lib.common.dynamic_creds [-] Acquired dynamic creds: credentials: Credentials: {'domain_id': 'default', 'domain_name': 'Default', 'username': 'tempest-AZV2TestJSON-360594990-project-member', 'project_domain_id': 'default', 'project_domain_name': 'Default', 'project_id': '915529bc2d1d4435b8204f4e8cef0648', 'project_name': 'tempest-AZV2TestJSON-360594990', 'tenant_id': '915529bc2d1d4435b8204f4e8cef0648', 'tenant_name': 'tempest-AZV2TestJSON-360594990', 'user_domain_id': 'default', 'user_domain_name': 'Default', 'user_id': 'b16f46a8d63c49e6a578f4a45f22c8ea', 'system': None}, Network: None, Subnet: None, Router: None
2024-10-24 12:55:42.470 62372 INFO tempest.lib.common.dynamic_creds [-] Created isolated network resources for: credentials: Credentials: {'domain_id': 'default', 'domain_name': 'Default', 'username': 'tempest-AZV2TestJSON-360594990-project-member', 'project_domain_id': 'default', 'project_domain_name': 'Default', 'project_id': '915529bc2d1d4435b8204f4e8cef0648', 'project_name': 'tempest-AZV2TestJSON-360594990', 'tenant_id': '915529bc2d1d4435b8204f4e8cef0648', 'tenant_name': 'tempest-AZV2TestJSON-360594990', 'user_domain_id': 'default', 'user_domain_name': 'Default', 'user_id': 'b16f46a8d63c49e6a578f4a45f22c8ea', 'system': None}, Network: None, Subnet: None, Router: None
2024-10-24 12:55:42.534 62339 INFO tempest.lib.common.rest_client [req-b33369cb-e881-47a0-9520-2f32cabc840f req-b33369cb-e881-47a0-9520-2f32cabc840f ] Request (ImagesOneServerNegativeTestJSON:setUpClass): 200 GET http://10.180.1.21/compute/v2.1/servers/8a8a3aa7-ec40-4a8a-a823-718025428a59 2.149s
2024-10-24 12:55:42.544 62339 INFO tempest.common.waiters [-] State transition "BUILD/None" ==> "BUILD/spawning" after 5 second wait
2024-10-24 12:55:42.554 62325 INFO tempest.lib.common.rest_client [req-174d9cc7-973d-4f0b-9b32-1912e834ce2f req-174d9cc7-973d-4f0b-9b32-1912e834ce2f ] Request (QuotasAdminNegativeTest:test_create_server_when_instances_quota_is_full): 200 GET http://10.180.1.21/compute/v2.1/os-quota-sets/2bc513b6a9fd4eda9031713a7acae628 2.582s
2024-10-24 12:55:42.577 62333 INFO tempest.lib.common.rest_client [req-b9d38300-d267-42e0-b8db-e9f24186a27f req-b9d38300-d267-42e0-b8db-e9f24186a27f ] Request (QuotasAdminTestV236:tearDownClass): 204 DELETE http://10.180.1.21/identity/v3/projects/630f5fa013c241d48737a66c5aa3d721 0.187s
2024-10-24 12:55:42.578 62333 INFO tempest.test [-] raised in ServersOnMultiNodesTest.setUpClass. Invoking tearDownClass.
2024-10-24 12:55:42.647 62372 INFO tempest.lib.common.rest_client [req-49b99738-9d5b-4ae2-8c39-3bb81caa749a req-49b99738-9d5b-4ae2-8c39-3bb81caa749a ] Request (AZV2TestJSON:setUpClass): 201 POST http://10.180.1.21/identity/v3/auth/tokens 0.173s
2024-10-24 12:55:42.729 62327 INFO tempest.lib.common.rest_client [req-20103a80-bdca-4c10-8d20-4de4bd3cf180 req-20103a80-bdca-4c10-8d20-4de4bd3cf180 ] Request (HypervisorAdminTestJSON:tearDownClass): 200 GET http://10.180.1.21:9696/networking/v2.0/security-groups?tenant_id=b25619cce04e4b4d9c2c375ef0789fd0&name=default 0.571s
2024-10-24 12:55:42.749 62337 INFO tempest.lib.common.rest_client [req-11ba6fdc-fbc5-4cda-ada6-a004331308fb req-11ba6fdc-fbc5-4cda-ada6-a004331308fb ] Request (ServersWithSpecificFlavorTestJSON:test_verify_created_server_ephemeral_disk): 200 POST http://10.180.1.21/compute/v2.1/flavors 2.325s
2024-10-24 12:55:42.749 62333 INFO tempest.lib.common.rest_client [req-df0c6e9c-28f0-4fc9-8fb3-e19af0f67444 req-df0c6e9c-28f0-4fc9-8fb3-e19af0f67444 ] Request (ServerAddressesNegativeTestJSON:setUpClass): 201 POST http://10.180.1.21/identity/v3/auth/tokens 0.168s
2024-10-24 12:55:42.759 62321 INFO tempest.lib.common.rest_client [req-4c477133-835b-4158-a360-bcdd8b784cde req-4c477133-835b-4158-a360-bcdd8b784cde ] Request (FlavorsExtraSpecsNegativeTestJSON:test_flavor_unset_nonexistent_key): 404 DELETE http://10.180.1.21/compute/v2.1/flavors/2107115461/os-extra_specs/hw:cpu_thread_policy 2.175s
2024-10-24 12:55:42.773 62311 INFO tempest.lib.common.rest_client [req-1f33de0b-89fa-4561-a470-1f49e55f3d85 req-1f33de0b-89fa-4561-a470-1f49e55f3d85 ] Request (FlavorsAdminTestJSON:_run_cleanups): 202 DELETE http://10.180.1.21/compute/v2.1/flavors/932608223 2.167s
2024-10-24 12:55:42.786 62329 INFO tempest.lib.common.rest_client [req-d6c764a5-47d0-4017-a147-ff96d6258620 req-d6c764a5-47d0-4017-a147-ff96d6258620 ] Request (ValidationResourcesFixture:setUp): 200 POST http://10.180.1.21/compute/v2.1/os-keypairs 2.232s
2024-10-24 12:55:42.792 62333 INFO tempest.lib.common.rest_client [req-5b22cf78-959d-414c-84f2-00a0a9eeb475 req-5b22cf78-959d-414c-84f2-00a0a9eeb475 ] Request (ServerAddressesNegativeTestJSON:setUpClass): 201 POST http://10.180.1.21/identity/v3/auth/tokens 0.040s
2024-10-24 12:55:42.799 62363 INFO tempest.lib.common.rest_client [req-eca6d1f8-f38c-46f5-81f0-650cf19dcab6 req-eca6d1f8-f38c-46f5-81f0-650cf19dcab6 ] Request (FlavorsV261TestJSON:test_crud_flavor): 200 GET http://10.180.1.21/compute/v2.1/flavors 2.171s
2024-10-24 12:55:42.811 62357 INFO tempest.lib.common.rest_client [req-991d2638-32b9-457a-a80d-4c690969594a req-991d2638-32b9-457a-a80d-4c690969594a ] Request (FlavorsExtraSpecsTestJSON:test_flavor_set_get_update_show_unset_keys): 200 GET http://10.180.1.21/compute/v2.1/flavors/1065759790/os-extra_specs 2.072s
2024-10-24 12:55:42.820 62333 INFO tempest.lib.common.rest_client [req-88f073f4-be39-4f26-866e-f8fb5c78b674 req-88f073f4-be39-4f26-866e-f8fb5c78b674 ] Request (ServerAddressesNegativeTestJSON:setUpClass): 200 GET http://10.180.1.21/identity/v3/domains?name=Default 0.026s
2024-10-24 12:55:42.858 62361 INFO tempest.lib.common.rest_client [req-416960a0-77b7-4407-a3db-10c42af54578 req-416960a0-77b7-4407-a3db-10c42af54578 ] Request (ServerDiskConfigTestJSON:test_rebuild_server_with_auto_disk_config): 200 GET http://10.180.1.21/compute/v2.1/servers/1a756eed-d5f2-4135-b522-ed06e20da1bc 2.147s
2024-10-24 12:55:42.868 62333 INFO tempest.lib.common.rest_client [req-1a9243d4-ea48-4afe-8921-2c8c0bf27eca req-1a9243d4-ea48-4afe-8921-2c8c0bf27eca ] Request (ServerAddressesNegativeTestJSON:setUpClass): 201 POST http://10.180.1.21/identity/v3/projects 0.048s
2024-10-24 12:55:42.878 62331 INFO tempest.lib.common.rest_client [req-956cfb01-a29b-4f98-8727-6bfdae022508 req-956cfb01-a29b-4f98-8727-6bfdae022508 ] Request (ServersV294TestFqdnHostnames:setUpClass): 201 POST http://10.180.1.21:9696/networking/v2.0/networks 0.952s
2024-10-24 12:55:42.884 62327 INFO tempest.lib.common.rest_client [req-41e3abcc-a819-4508-b1a6-d7ad573ab0e3 req-41e3abcc-a819-4508-b1a6-d7ad573ab0e3 ] Request (HypervisorAdminTestJSON:tearDownClass): 204 DELETE http://10.180.1.21:9696/networking/v2.0/security-groups/02955911-2164-4b20-ba48-87b566799065 0.154s
2024-10-24 12:55:42.901 62343 INFO tempest.lib.common.rest_client [req-5a7ac40c-5987-43da-be34-01e7d7184c95 req-5a7ac40c-5987-43da-be34-01e7d7184c95 ] Request (ServerDiagnosticsTest:test_get_server_diagnostics): 200 GET http://10.180.1.21/compute/v2.1/servers/bfbff392-0dc0-47c7-ae58-22d922638ac8 2.153s
2024-10-24 12:55:42.924 62333 INFO tempest.lib.common.rest_client [req-f90f5b5f-7373-4095-850d-0c8e6c6961ff req-f90f5b5f-7373-4095-850d-0c8e6c6961ff ] Request (ServerAddressesNegativeTestJSON:setUpClass): 201 POST http://10.180.1.21/identity/v3/users 0.056s
2024-10-24 12:55:42.922 62349 INFO tempest.lib.common.rest_client [req-b37fa66d-a298-4359-8de0-0ed287de8299 req-b37fa66d-a298-4359-8de0-0ed287de8299 ] Request (FlavorsAccessTestJSON:test_flavor_access_add_remove): 200 GET http://10.180.1.21/compute/v2.1/flavors/detail 1.501s
2024-10-24 12:55:42.943 62323 INFO tempest.lib.common.rest_client [req-0b3ff115-16fb-4e35-9800-a92fcb2dba64 req-0b3ff115-16fb-4e35-9800-a92fcb2dba64 ] Request (ImagesOneServerTestJSON:setUpClass): 201 POST http://10.180.1.21:9696/networking/v2.0/networks 0.530s
2024-10-24 12:55:42.981 62355 INFO tempest.lib.common.rest_client [req-198268d0-de9b-4ca4-9f77-5a7d962a15b5 req-198268d0-de9b-4ca4-9f77-5a7d962a15b5 ] Request (ImagesTestJSON:test_create_image_from_stopped_server): 200 GET http://10.180.1.21/compute/v2.1/servers/d29660cc-47f8-4ca5-b21f-bcfd945abc03 1.462s
2024-10-24 12:55:42.986 62327 INFO tempest.lib.common.rest_client [req-568f13a8-fa25-45f1-8942-7871c160b6d4 req-568f13a8-fa25-45f1-8942-7871c160b6d4 ] Request (HypervisorAdminTestJSON:tearDownClass): 204 DELETE http://10.180.1.21/identity/v3/projects/b25619cce04e4b4d9c2c375ef0789fd0 0.102s
2024-10-24 12:55:42.987 62327 INFO tempest.lib.common.dynamic_creds [-] Deleting project and security group for project: a03c8b6a8c594e5abb580c06cd025b81
2024-10-24 12:55:43.020 62333 INFO tempest.lib.common.rest_client [req-6f30de12-892a-4b93-adad-5590eed0351d req-6f30de12-892a-4b93-adad-5590eed0351d ] Request (ServerAddressesNegativeTestJSON:setUpClass): 200 GET http://10.180.1.21/identity/v3/roles 0.095s
2024-10-24 12:55:43.055 62333 INFO tempest.lib.common.rest_client [req-b4fe7ed2-ce88-4e66-ab73-3d7f53269927 req-b4fe7ed2-ce88-4e66-ab73-3d7f53269927 ] Request (ServerAddressesNegativeTestJSON:setUpClass): 204 PUT http://10.180.1.21/identity/v3/projects/eb7c457c8eff4e59a4c19205bdb2d6d3/users/23e8690dc0b54968a0cc9db2088089db/roles/b0ad5a71955948d986dc235ba966799b 0.035s
2024-10-24 12:55:43.056 62333 INFO tempest.lib.common.dynamic_creds [-] Dynamic test user 23e8690dc0b54968a0cc9db2088089db is created with scope project and roles: ['member']
2024-10-24 12:55:43.056 62333 INFO tempest.lib.common.dynamic_creds [-] Acquired dynamic creds: credentials: Credentials: {'domain_id': 'default', 'domain_name': 'Default', 'username': 'tempest-ServerAddressesNegativeTestJSON-267386311-project-member', 'project_domain_id': 'default', 'project_domain_name': 'Default', 'project_id': 'eb7c457c8eff4e59a4c19205bdb2d6d3', 'project_name': 'tempest-ServerAddressesNegativeTestJSON-267386311', 'tenant_id': 'eb7c457c8eff4e59a4c19205bdb2d6d3', 'tenant_name': 'tempest-ServerAddressesNegativeTestJSON-267386311', 'user_domain_id': 'default', 'user_domain_name': 'Default', 'user_id': '23e8690dc0b54968a0cc9db2088089db', 'system': None}, Network: None, Subnet: None, Router: None
2024-10-24 12:55:43.058 62315 INFO tempest.lib.common.rest_client [req-a5d3b034-4b12-4bdc-8ca0-8c534223cb75 req-a5d3b034-4b12-4bdc-8ca0-8c534223cb75 ] Request (MigrationsAdminTest:test_list_migrations_in_flavor_resize_situation): 200 GET http://10.180.1.21/compute/v2.1/servers/f128e0a7-f67b-4800-bfd6-ec65c5042460 1.476s
2024-10-24 12:55:43.076 62335 INFO tempest.lib.common.rest_client [req-3be5adb1-b757-4c7e-82ee-afd67b3e6e49 req-3be5adb1-b757-4c7e-82ee-afd67b3e6e49 ] Request (AggregatesAdminNegativeTestJSON:_run_cleanups): 200 DELETE http://10.180.1.21/compute/v2.1/os-aggregates/1 1.333s
2024-10-24 12:55:43.083 62353 INFO tempest.lib.common.rest_client [req-1824c1a3-0008-4847-b014-aedeefd6276f req-1824c1a3-0008-4847-b014-aedeefd6276f ] Request (HypervisorAdminNegativeTestJSON:test_get_nonexistent_hypervisor_uptime): 404 GET http://10.180.1.21/compute/v2.1/os-hypervisors/ba79069b-e3ce-4b79-a888-8ea4b29b7436/uptime 1.330s
2024-10-24 12:55:43.094 62341 INFO tempest.lib.common.rest_client [req-1fb05f57-d68a-4101-bf41-5d238127be41 req-1fb05f57-d68a-4101-bf41-5d238127be41 ] Request (HostsAdminNegativeTestJSON:test_shutdown_nonexistent_host): 404 GET http://10.180.1.21/compute/v2.1/os-hosts/nonexistent_hostname/shutdown 1.328s
2024-10-24 12:55:43.117 62333 INFO tempest.lib.common.rest_client [req-2c7e422a-9c48-44b5-9d94-d0e904c9d7dd req-2c7e422a-9c48-44b5-9d94-d0e904c9d7dd ] Request (ServerAddressesNegativeTestJSON:setUpClass): 201 POST http://10.180.1.21/identity/v3/auth/tokens 0.061s
2024-10-24 12:55:43.145 62329 INFO tempest.lib.common.rest_client [req-91a80f22-1c8d-4e0c-b395-f361f01ac91e req-91a80f22-1c8d-4e0c-b395-f361f01ac91e ] Request (ValidationResourcesFixture:setUp): 201 POST http://10.180.1.21:9696/networking/v2.0/security-groups 0.357s
2024-10-24 12:55:43.166 62367 INFO tempest.lib.common.rest_client [req-3ece53c1-b703-444e-a5b8-ca912d76ba72 req-3ece53c1-b703-444e-a5b8-ca912d76ba72 ] Request (ServerShowV254Test:test_rebuild_server): 200 GET http://10.180.1.21/compute/v2.1/servers/33029a57-19d2-45eb-b4ec-f50c47d3dc12 1.324s
