2024-10-24 12:55:28.370 62321 INFO tempest.lib.common.dynamic_creds [-] Acquired dynamic creds: credentials: Credentials: {'domain_id': 'default', 'domain_name': 'Default', 'username': 'tempest-FlavorsExtraSpecsNegativeTestJSON-1997183656-project-admin', 'project_domain_id': 'default', 'project_domain_name': 'Default', 'project_id': '590140922a504fc181687fe282f67a14', 'project_name': 'tempest-FlavorsExtraSpecsNegativeTestJSON-1997183656', 'tenant_id': '590140922a504fc181687fe282f67a14', 'tenant_name': 'tempest-FlavorsExtraSpecsNegativeTestJSON-1997183656', 'user_domain_id': 'default', 'user_domain_name': 'Default', 'user_id': 'cdf02a92ee9a402ea4c51826a1a77db1', 'system': None}, Network: None, Subnet: None, Router: None
2024-10-24 12:55:28.371 62321 INFO tempest.lib.common.dynamic_creds [-] Created isolated network resources for: credentials: Credentials: {'domain_id': 'default', 'domain_name': 'Default', 'username': 'tempest-FlavorsExtraSpecsNegativeTestJSON-1997183656-project-admin', 'project_domain_id': 'default', 'project_domain_name': 'Default', 'project_id': '590140922a504fc181687fe282f67a14', 'project_name': 'tempest-FlavorsExtraSpecsNegativeTestJSON-1997183656', 'tenant_id': '590140922a504fc181687fe282f67a14', 'tenant_name': 'tempest-FlavorsExtraSpecsNegativeTestJSON-1997183656', 'user_domain_id': 'default', 'user_domain_name': 'Default', 'user_id': 'cdf02a92ee9a402ea4c51826a1a77db1', 'system': None}, Network: None, Subnet: None, Router: None
2024-10-24 12:55:28.414 62341 INFO tempest.lib.common.rest_client [req-a3d1c9c1-1966-4bd7-9fde-d6a962bcf3d2 req-a3d1c9c1-1966-4bd7-9fde-d6a962bcf3d2 ] Request (HostsAdminNegativeTestJSON:setUpClass): 200 GET http://10.180.1.21/identity/v3/roles 0.722s
2024-10-24 12:55:28.419 62369 INFO tempest.lib.common.rest_client [req-18d048b2-9a09-4393-a449-b1f1a6bfe0f4 req-18d048b2-9a09-4393-a449-b1f1a6bfe0f4 ] Request (MultipleCreateTestJSON:setUpClass): 201 POST http://10.180.1.21:9696/networking/v2.0/subnets 0.159s
2024-10-24 12:55:28.423 62331 INFO tempest.lib.common.rest_client [req-872e505e-5798-43f7-a5e9-57de3d97efa2 req-872e505e-5798-43f7-a5e9-57de3d97efa2 ] Request (InstanceUsageAuditLogNegativeTestJSON:setUpClass): 201 POST http://10.180.1.21/identity/v3/users 0.726s
2024-10-24 12:55:28.425 62323 INFO tempest.lib.common.rest_client [req-5559be53-b353-4e8e-9f93-d4e3dd1eb451 req-5559be53-b353-4e8e-9f93-d4e3dd1eb451 ] Request (ServicesAdminTestJSON:setUpClass): 200 GET http://10.180.1.21/identity/v3/roles 0.677s
2024-10-24 12:55:28.446 62325 INFO tempest.lib.common.rest_client [req-7e930dd7-9afe-4b47-a6f1-c76aedaf0f94 req-7e930dd7-9afe-4b47-a6f1-c76aedaf0f94 ] Request (QuotasAdminNegativeTest:setUpClass): 201 POST http://10.180.1.21/identity/v3/users 0.647s
2024-10-24 12:55:28.452 62343 INFO tempest.lib.common.rest_client [req-cdaa37b8-ebe1-47f3-8a9f-42c3827d4f7a req-cdaa37b8-ebe1-47f3-8a9f-42c3827d4f7a ] Request (ServerDiagnosticsTest:setUpClass): 201 POST http://10.180.1.21/identity/v3/users 0.569s
2024-10-24 12:55:28.484 62327 INFO tempest.lib.common.rest_client [req-af0c836a-d72e-4f0c-9099-d2a171b58353 req-af0c836a-d72e-4f0c-9099-d2a171b58353 ] Request (HypervisorAdminTestJSON:setUpClass): 201 POST http://10.180.1.21/identity/v3/users 0.580s
2024-10-24 12:55:28.544 62372 INFO tempest.lib.common.rest_client [req-a6576f94-f522-46bf-9530-5a562831c5d9 req-a6576f94-f522-46bf-9530-5a562831c5d9 ] Request (FlavorMetadataValidation:setUpClass): 201 POST http://10.180.1.21/identity/v3/users 0.585s
2024-10-24 12:55:28.590 62315 INFO tempest.lib.common.rest_client [req-421a2f90-04ca-4729-870a-9836626e9548 req-421a2f90-04ca-4729-870a-9836626e9548 ] Request (HypervisorAdminNegativeUnderV252Test:tearDownClass): 204 DELETE http://10.180.1.21/identity/v3/users/dbf24bf9ac3749fb86f2ee6d9f694d7c 0.676s
2024-10-24 12:55:28.596 62311 INFO tempest.lib.common.rest_client [req-e2a1ae73-0d68-467a-a422-c655217427b9 req-e2a1ae73-0d68-467a-a422-c655217427b9 ] Request (FlavorsAdminTestJSON:setUpClass): 200 GET http://10.180.1.21/identity/v3/roles 0.635s
2024-10-24 12:55:28.599 62355 INFO tempest.lib.common.rest_client [req-0000b455-1700-4a5d-b18d-0219f0b5c878 req-0000b455-1700-4a5d-b18d-0219f0b5c878 ] Request (ImagesTestJSON:setUpClass): 201 POST http://10.180.1.21:9696/networking/v2.0/subnets 0.436s
2024-10-24 12:55:28.648 62351 INFO tempest.lib.common.rest_client [req-d97bf578-67eb-46f1-9291-bc108c8b5814 req-d97bf578-67eb-46f1-9291-bc108c8b5814 ] Request (VolumesAssistedSnapshotsTest:setUpClass): 200 GET http://10.180.1.21/identity/v3/roles 0.627s
2024-10-24 12:55:28.650 62337 INFO tempest.lib.common.rest_client [req-4836bfe6-7aba-4cff-b83b-4f3108d03a87 req-4836bfe6-7aba-4cff-b83b-4f3108d03a87 ] Request (ServersWithSpecificFlavorTestJSON:setUpClass): 201 POST http://10.180.1.21:9696/networking/v2.0/routers 1.247s
2024-10-24 12:55:28.663 62349 INFO tempest.lib.common.rest_client [req-7d45dfce-70c1-4e48-b12d-4225dc2bb162 req-7d45dfce-70c1-4e48-b12d-4225dc2bb162 ] Request (FlavorsAccessTestJSON:setUpClass): 201 POST http://10.180.1.21/identity/v3/users 0.644s
2024-10-24 12:55:28.675 62345 INFO tempest.lib.common.rest_client [req-a846d6ed-2e65-45c9-b51d-44bc471cbd8c req-a846d6ed-2e65-45c9-b51d-44bc471cbd8c ] Request (QuotasAdminTestJSON:setUpClass): 201 POST http://10.180.1.21/identity/v3/users 0.576s
2024-10-24 12:55:28.679 62339 INFO tempest.lib.common.rest_client [req-25d80ec6-5968-4b59-8e70-9070ec65b3f7 req-25d80ec6-5968-4b59-8e70-9070ec65b3f7 ] Request (ImagesOneServerNegativeTestJSON:setUpClass): 201 POST http://10.180.1.21:9696/networking/v2.0/routers 1.252s
2024-10-24 12:55:28.701 62353 INFO tempest.lib.common.rest_client [req-83a3da60-acfd-480b-b84d-eb370127c9fa req-83a3da60-acfd-480b-b84d-eb370127c9fa ] Request (HypervisorAdminNegativeTestJSON:setUpClass): 201 POST http://10.180.1.21/identity/v3/users 0.528s
2024-10-24 12:55:28.712 62319 INFO tempest.lib.common.rest_client [req-fca1ea95-9dbb-4f94-a98f-972a1807f1f5 req-fca1ea95-9dbb-4f94-a98f-972a1807f1f5 ] Request (QuotasAdminTestV257:setUpClass): 204 PUT http://10.180.1.21/identity/v3/projects/b6c15f4695d24e1f93fa959ec0006a59/users/d8ce579d5a9f4e96a399c4c1bc962be6/roles/90f7bfb82b7b49b3b9d3058cded6701a 0.555s
2024-10-24 12:55:28.749 62367 INFO tempest.lib.common.rest_client [req-0b097868-30a0-4a56-9438-c21edb940077 req-0b097868-30a0-4a56-9438-c21edb940077 ] Request (AZAdminV2TestJSON:setUpClass): 200 GET http://10.180.1.21/identity/v3/roles 0.560s
2024-10-24 12:55:28.760 62333 INFO tempest.lib.common.rest_client [req-7b35cded-4ef0-47ed-85be-ddb854942c7b req-7b35cded-4ef0-47ed-85be-ddb854942c7b ] Request (QuotasAdminTestV236:setUpClass): 204 PUT http://10.180.1.21/identity/v3/projects/630f5fa013c241d48737a66c5aa3d721/users/fa241e1b32f2441583528ae4796b884d/roles/90f7bfb82b7b49b3b9d3058cded6701a 0.539s
2024-10-24 12:55:28.761 62333 INFO tempest.lib.common.dynamic_creds [-] Dynamic test user fa241e1b32f2441583528ae4796b884d is created with scope project and roles: ['admin']
2024-10-24 12:55:28.761 62333 INFO tempest.lib.common.dynamic_creds [-] Acquired dynamic creds: credentials: Credentials: {'domain_id': 'default', 'domain_name': 'Default', 'username': 'tempest-QuotasAdminTestV236-281644708-project-admin', 'project_domain_id': 'default', 'project_domain_name': 'Default', 'project_id': '630f5fa013c241d48737a66c5aa3d721', 'project_name': 'tempest-QuotasAdminTestV236-281644708', 'tenant_id': '630f5fa013c241d48737a66c5aa3d721', 'tenant_name': 'tempest-QuotasAdminTestV236-281644708', 'user_domain_id': 'default', 'user_domain_name': 'Default', 'user_id': 'fa241e1b32f2441583528ae4796b884d', 'system': None}, Network: None, Subnet: None, Router: None
2024-10-24 12:55:28.761 62333 INFO tempest.lib.common.dynamic_creds [-] Created isolated network resources for: credentials: Credentials: {'domain_id': 'default', 'domain_name': 'Default', 'username': 'tempest-QuotasAdminTestV236-281644708-project-admin', 'project_domain_id': 'default', 'project_domain_name': 'Default', 'project_id': '630f5fa013c241d48737a66c5aa3d721', 'project_name': 'tempest-QuotasAdminTestV236-281644708', 'tenant_id': '630f5fa013c241d48737a66c5aa3d721', 'tenant_name': 'tempest-QuotasAdminTestV236-281644708', 'user_domain_id': 'default', 'user_domain_name': 'Default', 'user_id': 'fa241e1b32f2441583528ae4796b884d', 'system': None}, Network: None, Subnet: None, Router: None
2024-10-24 12:55:28.799 62361 INFO tempest.lib.common.rest_client [req-5bd2fdd3-e91e-443a-9fec-2f86b73d7bf1 req-5bd2fdd3-e91e-443a-9fec-2f86b73d7bf1 ] Request (ServerDiskConfigTestJSON:setUpClass): 201 POST http://10.180.1.21/identity/v3/auth/tokens 0.575s
2024-10-24 12:55:28.812 62335 INFO tempest.lib.common.rest_client [req-a9404ec0-423c-4e89-9c0e-f0643f1a67e8 req-a9404ec0-423c-4e89-9c0e-f0643f1a67e8 ] Request (AggregatesAdminNegativeTestJSON:setUpClass): 200 GET http://10.180.1.21/identity/v3/roles 0.561s
2024-10-24 12:55:28.822 62359 INFO tempest.lib.common.rest_client [req-76e410bf-ae91-4973-a412-a103d7df68e6 req-76e410bf-ae91-4973-a412-a103d7df68e6 ] Request (AZAdminNegativeTestJSON:setUpClass): 201 POST http://10.180.1.21/identity/v3/users 0.571s
2024-10-24 12:55:28.847 62363 INFO tempest.lib.common.rest_client [req-e6113db5-24d8-4f6a-a46c-8713fc463add req-e6113db5-24d8-4f6a-a46c-8713fc463add ] Request (FlavorsV261TestJSON:setUpClass): 201 POST http://10.180.1.21/identity/v3/users 0.530s
2024-10-24 12:55:28.863 62317 INFO tempest.lib.common.rest_client [req-bca10c53-7aa0-4e98-93a8-1d2886eeeb22 req-bca10c53-7aa0-4e98-93a8-1d2886eeeb22 ] Request (HypervisorAdminV228Test:setUpClass): 200 GET http://10.180.1.21/identity/v3/roles 0.541s
2024-10-24 12:55:28.884 62329 INFO tempest.lib.common.rest_client [req-b0cceb65-7edb-4ba6-8ce6-576e6cc52ac3 req-b0cceb65-7edb-4ba6-8ce6-576e6cc52ac3 ] Request (FloatingIPsNegativeTestJSON:setUpClass): 201 POST http://10.180.1.21/identity/v3/auth/tokens 0.630s
2024-10-24 12:55:28.890 62357 INFO tempest.lib.common.rest_client [req-b98abf52-0136-45d6-babf-fd0492ad23ff req-b98abf52-0136-45d6-babf-fd0492ad23ff ] Request (FlavorsExtraSpecsTestJSON:setUpClass): 204 PUT http://10.180.1.21/identity/v3/projects/d87374e0f3e54c11ae7b880cc2b8b3e9/users/a535a2a6e6d7422c82606d8aefd8b2a8/roles/90f7bfb82b7b49b3b9d3058cded6701a 0.537s
2024-10-24 12:55:28.938 62365 INFO tempest.lib.common.rest_client [req-a6a236e4-d702-4063-b919-550de809b0be req-a6a236e4-d702-4063-b919-550de809b0be ] Request (ServerDiagnosticsNegativeTest:setUpClass): 204 PUT http://10.180.1.21/identity/v3/projects/3b797457eb5f4a058013197d88707a2f/users/da2f85c3ed7e494ba0aa2afca70f119c/roles/90f7bfb82b7b49b3b9d3058cded6701a 0.571s
2024-10-24 12:55:28.956 62321 INFO tempest.lib.common.rest_client [req-2cec4a00-184f-4c7f-becf-a559f808efdb req-2cec4a00-184f-4c7f-becf-a559f808efdb ] Request (FlavorsExtraSpecsNegativeTestJSON:setUpClass): 201 POST http://10.180.1.21/identity/v3/auth/tokens 0.583s
2024-10-24 12:55:28.986 62341 INFO tempest.lib.common.rest_client [req-06060b51-738f-4130-9f5e-a60db986d78a req-06060b51-738f-4130-9f5e-a60db986d78a ] Request (HostsAdminNegativeTestJSON:setUpClass): 204 PUT http://10.180.1.21/identity/v3/projects/bfd9568385214041b1c91e0799e90440/users/7e134d4e873e4c73a6d97c9208199870/roles/90f7bfb82b7b49b3b9d3058cded6701a 0.572s
2024-10-24 12:55:28.987 62341 INFO tempest.lib.common.dynamic_creds [-] Dynamic test user 7e134d4e873e4c73a6d97c9208199870 is created with scope project and roles: ['admin']
2024-10-24 12:55:28.987 62341 INFO tempest.lib.common.dynamic_creds [-] Acquired dynamic creds: credentials: Credentials: {'domain_id': 'default', 'domain_name': 'Default', 'username': 'tempest-HostsAdminNegativeTestJSON-1655102208-project-admin', 'project_domain_id': 'default', 'project_domain_name': 'Default', 'project_id': 'bfd9568385214041b1c91e0799e90440', 'project_name': 'tempest-HostsAdminNegativeTestJSON-1655102208', 'tenant_id': 'bfd9568385214041b1c91e0799e90440', 'tenant_name': 'tempest-HostsAdminNegativeTestJSON-1655102208', 'user_domain_id': 'default', 'user_domain_name': 'Default', 'user_id': '7e134d4e873e4c73a6d97c9208199870', 'system': None}, Network: None, Subnet: None, Router: None
2024-10-24 12:55:28.987 62341 INFO tempest.lib.common.dynamic_creds [-] Created isolated network resources for: credentials: Credentials: {'domain_id': 'default', 'domain_name': 'Default', 'username': 'tempest-HostsAdminNegativeTestJSON-1655102208-project-admin', 'project_domain_id': 'default', 'project_domain_name': 'Default', 'project_id': 'bfd9568385214041b1c91e0799e90440', 'project_name': 'tempest-HostsAdminNegativeTestJSON-1655102208', 'tenant_id': 'bfd9568385214041b1c91e0799e90440', 'tenant_name': 'tempest-HostsAdminNegativeTestJSON-1655102208', 'user_domain_id': 'default', 'user_domain_name': 'Default', 'user_id': '7e134d4e873e4c73a6d97c9208199870', 'system': None}, Network: None, Subnet: None, Router: None
2024-10-24 12:55:29.001 62331 INFO tempest.lib.common.rest_client [req-aa78f0e6-c5aa-49a6-a032-73054aeb5b5c req-aa78f0e6-c5aa-49a6-a032-73054aeb5b5c ] Request (InstanceUsageAuditLogNegativeTestJSON:setUpClass): 200 GET http://10.180.1.21/identity/v3/roles 0.577s
2024-10-24 12:55:29.041 62323 INFO tempest.lib.common.rest_client [req-c6c10fcf-1904-4444-84af-d009308be832 req-c6c10fcf-1904-4444-84af-d009308be832 ] Request (ServicesAdminTestJSON:setUpClass): 204 PUT http://10.180.1.21/identity/v3/projects/fd1685b2b44048ffb95def6392bedde9/users/214163de293a4524bafb62b2a257fd63/roles/90f7bfb82b7b49b3b9d3058cded6701a 0.615s
2024-10-24 12:55:29.050 62325 INFO tempest.lib.common.rest_client [req-7bc28475-59e7-4534-be47-c9a178aa7f5e req-7bc28475-59e7-4534-be47-c9a178aa7f5e ] Request (QuotasAdminNegativeTest:setUpClass): 200 GET http://10.180.1.21/identity/v3/roles 0.603s
2024-10-24 12:55:29.084 62343 INFO tempest.lib.common.rest_client [req-8067c288-215a-4f50-a800-519ea67fcc2c req-8067c288-215a-4f50-a800-519ea67fcc2c ] Request (ServerDiagnosticsTest:setUpClass): 200 GET http://10.180.1.21/identity/v3/roles 0.631s
2024-10-24 12:55:29.101 62327 INFO tempest.lib.common.rest_client [req-8190ec11-507a-4be8-b03e-50bf56acab85 req-8190ec11-507a-4be8-b03e-50bf56acab85 ] Request (HypervisorAdminTestJSON:setUpClass): 200 GET http://10.180.1.21/identity/v3/roles 0.616s
2024-10-24 12:55:29.120 62372 INFO tempest.lib.common.rest_client [req-babda334-e020-4f64-8da1-2adc2e3679a5 req-babda334-e020-4f64-8da1-2adc2e3679a5 ] Request (FlavorMetadataValidation:setUpClass): 200 GET http://10.180.1.21/identity/v3/roles 0.574s
2024-10-24 12:55:29.175 62311 INFO tempest.lib.common.rest_client [req-754663c7-3b56-4821-8e4f-69fb72fbb9ad req-754663c7-3b56-4821-8e4f-69fb72fbb9ad ] Request (FlavorsAdminTestJSON:setUpClass): 204 PUT http://10.180.1.21/identity/v3/projects/4d30719dc63a4b70b319756c69039da9/users/668a71290c5141d280ac095a857bc63f/roles/90f7bfb82b7b49b3b9d3058cded6701a 0.578s
2024-10-24 12:55:29.209 62315 INFO tempest.lib.common.rest_client [req-b6edf657-0cb2-4f1d-b8da-bc0cc05c9f4c req-b6edf657-0cb2-4f1d-b8da-bc0cc05c9f4c ] Request (HypervisorAdminNegativeUnderV252Test:tearDownClass): 204 DELETE http://10.180.1.21/identity/v3/users/401f95aab9a641eeb077fe36910ca341 0.617s
2024-10-24 12:55:29.209 62315 INFO tempest.lib.common.dynamic_creds [-] Deleting project and security group for project: e5dfec23b5b04889a1b98eab20580b44
2024-10-24 12:55:29.259 62351 INFO tempest.lib.common.rest_client [req-f95b4540-ba6b-4985-9353-e60dff46cb79 req-f95b4540-ba6b-4985-9353-e60dff46cb79 ] Request (VolumesAssistedSnapshotsTest:setUpClass): 204 PUT http://10.180.1.21/identity/v3/projects/ac19439f0ac44ae396032bcdbd70907d/users/9789dd7f7c154745b2ac951a23a05aad/roles/90f7bfb82b7b49b3b9d3058cded6701a 0.611s
2024-10-24 12:55:29.259 62351 INFO tempest.lib.common.dynamic_creds [-] Dynamic test user 9789dd7f7c154745b2ac951a23a05aad is created with scope project and roles: ['admin']
2024-10-24 12:55:29.259 62351 INFO tempest.lib.common.dynamic_creds [-] Acquired dynamic creds: credentials: Credentials: {'domain_id': 'default', 'domain_name': 'Default', 'username': 'tempest-VolumesAssistedSnapshotsTest-1037729649-project-admin', 'project_domain_id': 'default', 'project_domain_name': 'Default', 'project_id': 'ac19439f0ac44ae396032bcdbd70907d', 'project_name': 'tempest-VolumesAssistedSnapshotsTest-1037729649', 'tenant_id': 'ac19439f0ac44ae396032bcdbd70907d', 'tenant_name': 'tempest-VolumesAssistedSnapshotsTest-1037729649', 'user_domain_id': 'default', 'user_domain_name': 'Default', 'user_id': '9789dd7f7c154745b2ac951a23a05aad', 'system': None}, Network: None, Subnet: None, Router: None
2024-10-24 12:55:29.368 62345 INFO tempest.lib.common.rest_client [req-35e0efb5-6c6d-4e70-b328-62a31a0dcd9b req-35e0efb5-6c6d-4e70-b328-62a31a0dcd9b ] Request (QuotasAdminTestJSON:setUpClass): 200 GET http://10.180.1.21/identity/v3/roles 0.692s
2024-10-24 12:55:29.387 62353 INFO tempest.lib.common.rest_client [req-52672cba-8afc-47f3-984b-9d9976e29c39 req-52672cba-8afc-47f3-984b-9d9976e29c39 ] Request (HypervisorAdminNegativeTestJSON:setUpClass): 200 GET http://10.180.1.21/identity/v3/roles 0.685s
2024-10-24 12:55:29.392 62349 INFO tempest.lib.common.rest_client [req-489d5a40-1f70-4152-bf53-b135ed8a0e06 req-489d5a40-1f70-4152-bf53-b135ed8a0e06 ] Request (FlavorsAccessTestJSON:setUpClass): 200 GET http://10.180.1.21/identity/v3/roles 0.728s
2024-10-24 12:55:29.406 62319 INFO tempest.lib.common.rest_client [req-12fa38a1-1e7e-4f51-ae2a-f62f4925a094 req-12fa38a1-1e7e-4f51-ae2a-f62f4925a094 ] Request (QuotasAdminTestV257:setUpClass): 200 GET http://10.180.1.21/identity/v3/roles 0.691s
2024-10-24 12:55:29.418 62367 INFO tempest.lib.common.rest_client [req-f5d2f2d7-92fd-483e-b347-2ece41f4e46e req-f5d2f2d7-92fd-483e-b347-2ece41f4e46e ] Request (AZAdminV2TestJSON:setUpClass): 204 PUT http://10.180.1.21/identity/v3/projects/09884df37fb64d52bb96906d09f02285/users/9b84cae3840b427380bbaa7c62ab3dab/roles/90f7bfb82b7b49b3b9d3058cded6701a 0.668s
2024-10-24 12:55:29.465 62361 INFO tempest.lib.common.rest_client [req-7a43c5c6-c6ee-4644-abda-051674250d4a req-7a43c5c6-c6ee-4644-abda-051674250d4a ] Request (ServerDiskConfigTestJSON:setUpClass): 200 GET http://10.180.1.21/identity/v3/domains?name=Default 0.666s
2024-10-24 12:55:29.466 62333 INFO tempest.lib.common.rest_client [req-6bd2f615-6f40-4319-b46a-7d5e97c59a00 req-6bd2f615-6f40-4319-b46a-7d5e97c59a00 ] Request (QuotasAdminTestV236:setUpClass): 201 POST http://10.180.1.21/identity/v3/auth/tokens 0.700s
2024-10-24 12:55:29.466 62333 WARNING tempest.lib.common.rest_client [-] Deprecated: "tenant_id" property is deprecated for removal, use "project_id" instead
2024-10-24 12:55:29.488 62359 INFO tempest.lib.common.rest_client [req-bf12865c-b380-49a4-b147-1b219a03e0ee req-bf12865c-b380-49a4-b147-1b219a03e0ee ] Request (AZAdminNegativeTestJSON:setUpClass): 200 GET http://10.180.1.21/identity/v3/roles 0.664s
2024-10-24 12:55:29.503 62335 INFO tempest.lib.common.rest_client [req-8f1d1723-3468-40ab-9022-1e0dbc2206b3 req-8f1d1723-3468-40ab-9022-1e0dbc2206b3 ] Request (AggregatesAdminNegativeTestJSON:setUpClass): 204 PUT http://10.180.1.21/identity/v3/projects/afb4be4cbe6346ca9d252b0ba3ba7fd0/users/fc1fa80a59cc46aa9e753577c3584f23/roles/90f7bfb82b7b49b3b9d3058cded6701a 0.691s
2024-10-24 12:55:29.508 62363 INFO tempest.lib.common.rest_client [req-a9ac22b2-6708-4237-9065-3014b9d38d8c req-a9ac22b2-6708-4237-9065-3014b9d38d8c ] Request (FlavorsV261TestJSON:setUpClass): 200 GET http://10.180.1.21/identity/v3/roles 0.660s
2024-10-24 12:55:29.531 62369 INFO tempest.lib.common.rest_client [req-733fea3b-0746-41ac-b92f-cfb73a2cd943 req-733fea3b-0746-41ac-b92f-cfb73a2cd943 ] Request (MultipleCreateTestJSON:setUpClass): 201 POST http://10.180.1.21:9696/networking/v2.0/routers 1.111s
2024-10-24 12:55:29.567 62317 INFO tempest.lib.common.rest_client [req-00c036cf-194b-469f-8929-917665e95ce6 req-00c036cf-194b-469f-8929-917665e95ce6 ] Request (HypervisorAdminV228Test:setUpClass): 204 PUT http://10.180.1.21/identity/v3/projects/d56afc6dd2dc49a58a9e7ffda55439a0/users/eb514679c5e249b4ab4135c2ca7538bb/roles/90f7bfb82b7b49b3b9d3058cded6701a 0.704s
2024-10-24 12:55:29.615 62357 INFO tempest.lib.common.rest_client [req-06e92bfa-ee9d-453a-948a-c51ac8397a01 req-06e92bfa-ee9d-453a-948a-c51ac8397a01 ] Request (FlavorsExtraSpecsTestJSON:setUpClass): 200 GET http://10.180.1.21/identity/v3/roles 0.724s
2024-10-24 12:55:29.635 62365 INFO tempest.lib.common.rest_client [req-d85cd936-4e84-4343-82dc-bd8713afe426 req-d85cd936-4e84-4343-82dc-bd8713afe426 ] Request (ServerDiagnosticsNegativeTest:setUpClass): 200 GET http://10.180.1.21/identity/v3/roles 0.697s
2024-10-24 12:55:29.663 62331 INFO tempest.lib.common.rest_client [req-cb233179-7c24-4862-ae62-0fcb03b4bfa7 req-cb233179-7c24-4862-ae62-0fcb03b4bfa7 ] Request (InstanceUsageAuditLogNegativeTestJSON:setUpClass): 204 PUT http://10.180.1.21/identity/v3/projects/c855dab069d04a44ae59177cb1ea5433/users/c8e917e722b44bbd87ef09c133786bac/roles/90f7bfb82b7b49b3b9d3058cded6701a 0.661s
2024-10-24 12:55:29.694 62329 INFO tempest.lib.common.rest_client [req-7f961118-0994-43f9-a6aa-562dd5b9075f req-7f961118-0994-43f9-a6aa-562dd5b9075f ] Request (FloatingIPsNegativeTestJSON:setUpClass): 200 GET http://10.180.1.21/compute/v2.1/os-floating-ips 0.809s
2024-10-24 12:55:29.703 62341 INFO tempest.lib.common.rest_client [req-1aa7816d-adf6-48b5-b9a1-eb79eb9fdd73 req-1aa7816d-adf6-48b5-b9a1-eb79eb9fdd73 ] Request (HostsAdminNegativeTestJSON:setUpClass): 201 POST http://10.180.1.21/identity/v3/auth/tokens 0.713s
2024-10-24 12:55:29.713 62323 INFO tempest.lib.common.rest_client [req-c6195599-e711-4854-8c64-2071617b0509 req-c6195599-e711-4854-8c64-2071617b0509 ] Request (ServicesAdminTestJSON:setUpClass): 200 GET http://10.180.1.21/identity/v3/roles 0.671s
2024-10-24 12:55:29.741 62343 INFO tempest.lib.common.rest_client [req-d1b284c4-9a25-47f7-9b5c-08f24d686257 req-d1b284c4-9a25-47f7-9b5c-08f24d686257 ] Request (ServerDiagnosticsTest:setUpClass): 204 PUT http://10.180.1.21/identity/v3/projects/4958dd9dce5342efa1d30d2b5c040669/users/8deac621ddcf4a7c8acddf0b213f25cf/roles/90f7bfb82b7b49b3b9d3058cded6701a 0.656s
2024-10-24 12:55:29.745 62325 INFO tempest.lib.common.rest_client [req-5df16bc8-2183-4ca9-8fae-0aab5b87819d req-5df16bc8-2183-4ca9-8fae-0aab5b87819d ] Request (QuotasAdminNegativeTest:setUpClass): 204 PUT http://10.180.1.21/identity/v3/projects/82263acfa9d249dc8a370a0351a650bb/users/6b8d1cb0fc9d4a4eaa1e8fc2bab42333/roles/90f7bfb82b7b49b3b9d3058cded6701a 0.694s
2024-10-24 12:55:29.776 62351 INFO tempest.lib.common.rest_client [req-bd16d9be-1027-43bc-ba22-d9d4319bd042 req-bd16d9be-1027-43bc-ba22-d9d4319bd042 ] Request (VolumesAssistedSnapshotsTest:setUpClass): 201 POST http://10.180.1.21:9696/networking/v2.0/networks 0.517s
2024-10-24 12:55:29.826 62327 INFO tempest.lib.common.rest_client [req-baca9d83-3780-47bc-b81e-0a6e6f75a24b req-baca9d83-3780-47bc-b81e-0a6e6f75a24b ] Request (HypervisorAdminTestJSON:setUpClass): 204 PUT http://10.180.1.21/identity/v3/projects/a03c8b6a8c594e5abb580c06cd025b81/users/9e2d18fa144043969839fdab93d5ed11/roles/90f7bfb82b7b49b3b9d3058cded6701a 0.724s
2024-10-24 12:55:29.839 62372 INFO tempest.lib.common.rest_client [req-5f31845a-3538-4ce7-a5c3-eb655e77063c req-5f31845a-3538-4ce7-a5c3-eb655e77063c ] Request (FlavorMetadataValidation:setUpClass): 204 PUT http://10.180.1.21/identity/v3/projects/2ab16c9194f24b8da3d430854dcb89b7/users/abb2f34b3cc8485daf162f9e75d9d1c1/roles/90f7bfb82b7b49b3b9d3058cded6701a 0.719s
2024-10-24 12:55:29.896 62311 INFO tempest.lib.common.rest_client [req-067ac1ea-bf5b-4d33-af30-b5a0d6706a49 req-067ac1ea-bf5b-4d33-af30-b5a0d6706a49 ] Request (FlavorsAdminTestJSON:setUpClass): 200 GET http://10.180.1.21/identity/v3/roles 0.720s
2024-10-24 12:55:29.925 62315 INFO tempest.lib.common.rest_client [req-680f7ada-7317-4727-a9ea-aae6250305e0 req-680f7ada-7317-4727-a9ea-aae6250305e0 ] Request (HypervisorAdminNegativeUnderV252Test:tearDownClass): 201 POST http://10.180.1.21/identity/v3/auth/tokens 0.715s
2024-10-24 12:55:29.948 62345 INFO tempest.lib.common.rest_client [req-5a0bad73-51af-47cf-91dc-c71aaa3130c6 req-5a0bad73-51af-47cf-91dc-c71aaa3130c6 ] Request (QuotasAdminTestJSON:setUpClass): 204 PUT http://10.180.1.21/identity/v3/projects/0e53be1cafdc43849fe228eafa9ea337/users/5a42458fddb04c088ecc296953b72c5a/roles/90f7bfb82b7b49b3b9d3058cded6701a 0.579s
2024-10-24 12:55:29.995 62347 INFO tempest.lib.common.rest_client [req-7f5ccda9-9e19-4508-820c-9a55063988ef req-7f5ccda9-9e19-4508-820c-9a55063988ef ] Request (ImagesMetadataNegativeTestJSON:test_delete_nonexistent_image_metadata_item): 404 DELETE http://10.180.1.21/compute/v2.1/images/d74ea407-9a04-4ccd-ac3f-778deadd1870/metadata/os_distro 2.721s
2024-10-24 12:55:30.004 62353 INFO tempest.lib.common.rest_client [req-4fcea5e7-7c85-4ac3-86d3-7c53efcb5102 req-4fcea5e7-7c85-4ac3-86d3-7c53efcb5102 ] Request (HypervisorAdminNegativeTestJSON:setUpClass): 204 PUT http://10.180.1.21/identity/v3/projects/02dcdbebb1db4356a61c8ce6bb927591/users/246cded36893481aa9805ed2588b87cc/roles/90f7bfb82b7b49b3b9d3058cded6701a 0.615s
2024-10-24 12:55:30.008 62349 INFO tempest.lib.common.rest_client [req-4c7edcc7-a27d-4ad0-8a9d-6c3f923a4630 req-4c7edcc7-a27d-4ad0-8a9d-6c3f923a4630 ] Request (FlavorsAccessTestJSON:setUpClass): 204 PUT http://10.180.1.21/identity/v3/projects/83b7909221fc4efc9a2cf886bbfd1a36/users/073d50f8a391431780f8f7c599207184/roles/90f7bfb82b7b49b3b9d3058cded6701a 0.616s
2024-10-24 12:55:30.048 62367 INFO tempest.lib.common.rest_client [req-9c4205d3-e1fb-4bce-97d9-9c39ec69bbb3 req-9c4205d3-e1fb-4bce-97d9-9c39ec69bbb3 ] Request (AZAdminV2TestJSON:setUpClass): 200 GET http://10.180.1.21/identity/v3/roles 0.630s
2024-10-24 12:55:30.081 62361 INFO tempest.lib.common.rest_client [req-0efa3a42-7971-493a-862a-e37e6648f360 req-0efa3a42-7971-493a-862a-e37e6648f360 ] Request (ServerDiskConfigTestJSON:setUpClass): 201 POST http://10.180.1.21/identity/v3/projects 0.614s
2024-10-24 12:55:30.084 62319 INFO tempest.lib.common.rest_client [req-3a1461c2-6aac-4503-9b9d-9a346712884a req-3a1461c2-6aac-4503-9b9d-9a346712884a ] Request (QuotasAdminTestV257:setUpClass): 204 PUT http://10.180.1.21/identity/v3/projects/b6c15f4695d24e1f93fa959ec0006a59/users/d8ce579d5a9f4e96a399c4c1bc962be6/roles/90f7bfb82b7b49b3b9d3058cded6701a 0.678s
2024-10-24 12:55:30.084 62319 INFO tempest.lib.common.dynamic_creds [-] Dynamic test user d8ce579d5a9f4e96a399c4c1bc962be6 is created with scope project and roles: ['admin']
2024-10-24 12:55:30.085 62319 INFO tempest.lib.common.dynamic_creds [-] Acquired dynamic creds: credentials: Credentials: {'domain_id': 'default', 'domain_name': 'Default', 'username': 'tempest-QuotasAdminTestV257-1212641978-project-admin', 'project_domain_id': 'default', 'project_domain_name': 'Default', 'project_id': 'b6c15f4695d24e1f93fa959ec0006a59', 'project_name': 'tempest-QuotasAdminTestV257-1212641978', 'tenant_id': 'b6c15f4695d24e1f93fa959ec0006a59', 'tenant_name': 'tempest-QuotasAdminTestV257-1212641978', 'user_domain_id': 'default', 'user_domain_name': 'Default', 'user_id': 'd8ce579d5a9f4e96a399c4c1bc962be6', 'system': None}, Network: None, Subnet: None, Router: None
2024-10-24 12:55:30.085 62319 INFO tempest.lib.common.dynamic_creds [-] Created isolated network resources for: credentials: Credentials: {'domain_id': 'default', 'domain_name': 'Default', 'username': 'tempest-QuotasAdminTestV257-1212641978-project-admin', 'project_domain_id': 'default', 'project_domain_name': 'Default', 'project_id': 'b6c15f4695d24e1f93fa959ec0006a59', 'project_name': 'tempest-QuotasAdminTestV257-1212641978', 'tenant_id': 'b6c15f4695d24e1f93fa959ec0006a59', 'tenant_name': 'tempest-QuotasAdminTestV257-1212641978', 'user_domain_id': 'default', 'user_domain_name': 'Default', 'user_id': 'd8ce579d5a9f4e96a399c4c1bc962be6', 'system': None}, Network: None, Subnet: None, Router: None
2024-10-24 12:55:30.115 62337 INFO tempest.lib.common.rest_client [req-e4eb32ff-b91a-445c-988b-ea885aa5df89 req-e4eb32ff-b91a-445c-988b-ea885aa5df89 ] Request (ServersWithSpecificFlavorTestJSON:setUpClass): 200 PUT http://10.180.1.21:9696/networking/v2.0/routers/028b48ec-05d9-4227-9690-10548e61152a/add_router_interface 1.465s
2024-10-24 12:55:30.115 62337 INFO tempest.lib.common.dynamic_creds [-] Created isolated network resources for: credentials: Credentials: {'domain_id': 'default', 'domain_name': 'Default', 'username': 'tempest-ServersWithSpecificFlavorTestJSON-2142828875-project-member', 'project_domain_id': 'default', 'project_domain_name': 'Default', 'project_id': 'ec60956067f8451eaae2065deb26771f', 'project_name': 'tempest-ServersWithSpecificFlavorTestJSON-2142828875', 'tenant_id': 'ec60956067f8451eaae2065deb26771f', 'tenant_name': 'tempest-ServersWithSpecificFlavorTestJSON-2142828875', 'user_domain_id': 'default', 'user_domain_name': 'Default', 'user_id': '3eb918034bc84355b33da9dc20fc013a', 'system': None}, Network: {'id': '4f310a23-c9fc-41d2-b6c4-4e0d4e5f9c84', 'name': 'tempest-ServersWithSpecificFlavorTestJSON-1695772104-network', 'tenant_id': 'ec60956067f8451eaae2065deb26771f', 'admin_state_up': True, 'mtu': 8950, 'status': 'ACTIVE', 'subnets': [], 'shared': False, 'project_id': 'ec60956067f8451eaae2065deb26771f', 'port_security_enabled': True, 'router:external': False, 'provider:network_type': 'vlan', 'provider:physical_network': 'default', 'provider:segmentation_id': 958, 'is_default': False, 'availability_zone_hints': [], 'availability_zones': [], 'ipv4_address_scope': None, 'ipv6_address_scope': None, 'description': '', 'tags': [], 'created_at': '2024-10-24T12:55:27Z', 'updated_at': '2024-10-24T12:55:27Z', 'revision_number': 1}, Subnet: {'id': 'b9e58225-9653-45aa-ad18-825e7d74a825', 'name': 'tempest-ServersWithSpecificFlavorTestJSON-1695772104-subnet', 'tenant_id': 'ec60956067f8451eaae2065deb26771f', 'network_id': '4f310a23-c9fc-41d2-b6c4-4e0d4e5f9c84', 'ip_version': 4, 'subnetpool_id': None, 'enable_dhcp': True, 'ipv6_ra_mode': None, 'ipv6_address_mode': None, 'gateway_ip': '192.168.128.1', 'cidr': '192.168.128.0/28', 'allocation_pools': [{'start': '192.168.128.2', 'end': '192.168.128.14'}], 'host_routes': [], 'dns_nameservers': [], 'description': '', 'router:external': False, 'service_types': [], 'tags': [], 'created_at': '2024-10-24T12:55:27Z', 'updated_at': '2024-10-24T12:55:27Z', 'revision_number': 0, 'project_id': 'ec60956067f8451eaae2065deb26771f'}, Router: {'id': '028b48ec-05d9-4227-9690-10548e61152a', 'name': 'tempest-ServersWithSpecificFlavorTestJSON-1695772104-router', 'tenant_id': 'ec60956067f8451eaae2065deb26771f', 'admin_state_up': True, 'status': 'ACTIVE', 'external_gateway_info': {'network_id': '6ebdb51e-1bad-4c8f-aeec-d0b768ac8a79', 'external_fixed_ips': [{'subnet_id': '01eaa1fb-b732-4ab3-8d4d-66c0fc69ebcc', 'ip_address': '10.180.180.163'}], 'enable_snat': True}, 'description': '', 'availability_zones': [], 'distributed': False, 'ha': False, 'availability_zone_hints': [], 'routes': [], 'flavor_id': None, 'tags': [], 'created_at': '2024-10-24T12:55:27Z', 'updated_at': '2024-10-24T12:55:28Z', 'revision_number': 2, 'project_id': 'ec60956067f8451eaae2065deb26771f'}
2024-10-24 12:55:30.141 62359 INFO tempest.lib.common.rest_client [req-45ac3860-ad77-4e9f-8e6e-3b324bc7c0ce req-45ac3860-ad77-4e9f-8e6e-3b324bc7c0ce ] Request (AZAdminNegativeTestJSON:setUpClass): 204 PUT http://10.180.1.21/identity/v3/projects/eec03fac5f4f4197953e4e7aaaca8fc1/users/096512a8bb49427faa1199d9779b5adc/roles/90f7bfb82b7b49b3b9d3058cded6701a 0.652s
2024-10-24 12:55:30.170 62333 INFO tempest.lib.common.rest_client [req-139684cb-06a2-43fd-a176-ccd9b7f3bb78 req-139684cb-06a2-43fd-a176-ccd9b7f3bb78 ] Request (QuotasAdminTestV236:test_get_updated_quotas): 200 GET http://10.180.1.21/identity/v3/domains?name=Default 0.702s
2024-10-24 12:55:30.184 62335 INFO tempest.lib.common.rest_client [req-780047f2-be18-41f2-9397-b8b5e6ee7406 req-780047f2-be18-41f2-9397-b8b5e6ee7406 ] Request (AggregatesAdminNegativeTestJSON:setUpClass): 200 GET http://10.180.1.21/identity/v3/roles 0.681s
2024-10-24 12:55:30.195 62355 INFO tempest.lib.common.rest_client [req-89556ed3-144d-4daf-a219-dad1f21f90d5 req-89556ed3-144d-4daf-a219-dad1f21f90d5 ] Request (ImagesTestJSON:setUpClass): 201 POST http://10.180.1.21:9696/networking/v2.0/routers 1.595s
2024-10-24 12:55:30.197 62317 INFO tempest.lib.common.rest_client [req-9dc002e3-ab4d-4e62-88fd-f3854973ca7b req-9dc002e3-ab4d-4e62-88fd-f3854973ca7b ] Request (HypervisorAdminV228Test:setUpClass): 200 GET http://10.180.1.21/identity/v3/roles 0.629s
2024-10-24 12:55:30.204 62363 INFO tempest.lib.common.rest_client [req-a51a969a-0dd1-4bc7-9040-9c8ad1a9bdd3 req-a51a969a-0dd1-4bc7-9040-9c8ad1a9bdd3 ] Request (FlavorsV261TestJSON:setUpClass): 204 PUT http://10.180.1.21/identity/v3/projects/3616a3cce88d4842888d75ab2ad2cd88/users/459e4652114d43c28b301d603a91f8d2/roles/90f7bfb82b7b49b3b9d3058cded6701a 0.694s
2024-10-24 12:55:30.241 62357 INFO tempest.lib.common.rest_client [req-c052eca1-d21a-4024-a088-be75c30b1ffb req-c052eca1-d21a-4024-a088-be75c30b1ffb ] Request (FlavorsExtraSpecsTestJSON:setUpClass): 204 PUT http://10.180.1.21/identity/v3/projects/d87374e0f3e54c11ae7b880cc2b8b3e9/users/a535a2a6e6d7422c82606d8aefd8b2a8/roles/90f7bfb82b7b49b3b9d3058cded6701a 0.625s
2024-10-24 12:55:30.241 62357 INFO tempest.lib.common.dynamic_creds [-] Dynamic test user a535a2a6e6d7422c82606d8aefd8b2a8 is created with scope project and roles: ['admin']
2024-10-24 12:55:30.241 62357 INFO tempest.lib.common.dynamic_creds [-] Acquired dynamic creds: credentials: Credentials: {'domain_id': 'default', 'domain_name': 'Default', 'username': 'tempest-FlavorsExtraSpecsTestJSON-1406510832-project-admin', 'project_domain_id': 'default', 'project_domain_name': 'Default', 'project_id': 'd87374e0f3e54c11ae7b880cc2b8b3e9', 'project_name': 'tempest-FlavorsExtraSpecsTestJSON-1406510832', 'tenant_id': 'd87374e0f3e54c11ae7b880cc2b8b3e9', 'tenant_name': 'tempest-FlavorsExtraSpecsTestJSON-1406510832', 'user_domain_id': 'default', 'user_domain_name': 'Default', 'user_id': 'a535a2a6e6d7422c82606d8aefd8b2a8', 'system': None}, Network: None, Subnet: None, Router: None
2024-10-24 12:55:30.242 62357 INFO tempest.lib.common.dynamic_creds [-] Created isolated network resources for: credentials: Credentials: {'domain_id': 'default', 'domain_name': 'Default', 'username': 'tempest-FlavorsExtraSpecsTestJSON-1406510832-project-admin', 'project_domain_id': 'default', 'project_domain_name': 'Default', 'project_id': 'd87374e0f3e54c11ae7b880cc2b8b3e9', 'project_name': 'tempest-FlavorsExtraSpecsTestJSON-1406510832', 'tenant_id': 'd87374e0f3e54c11ae7b880cc2b8b3e9', 'tenant_name': 'tempest-FlavorsExtraSpecsTestJSON-1406510832', 'user_domain_id': 'default', 'user_domain_name': 'Default', 'user_id': 'a535a2a6e6d7422c82606d8aefd8b2a8', 'system': None}, Network: None, Subnet: None, Router: None
2024-10-24 12:55:30.288 62331 INFO tempest.lib.common.rest_client [req-521a4d3e-d89b-4628-9c5e-adaaafb02621 req-521a4d3e-d89b-4628-9c5e-adaaafb02621 ] Request (InstanceUsageAuditLogNegativeTestJSON:setUpClass): 200 GET http://10.180.1.21/identity/v3/roles 0.624s
2024-10-24 12:55:30.315 62365 INFO tempest.lib.common.rest_client [req-cf4162a5-27cf-47f3-a131-14a5b040571a req-cf4162a5-27cf-47f3-a131-14a5b040571a ] Request (ServerDiagnosticsNegativeTest:setUpClass): 204 PUT http://10.180.1.21/identity/v3/projects/3b797457eb5f4a058013197d88707a2f/users/da2f85c3ed7e494ba0aa2afca70f119c/roles/90f7bfb82b7b49b3b9d3058cded6701a 0.679s
2024-10-24 12:55:30.315 62365 INFO tempest.lib.common.dynamic_creds [-] Dynamic test user da2f85c3ed7e494ba0aa2afca70f119c is created with scope project and roles: ['admin']
2024-10-24 12:55:30.315 62365 INFO tempest.lib.common.dynamic_creds [-] Acquired dynamic creds: credentials: Credentials: {'domain_id': 'default', 'domain_name': 'Default', 'username': 'tempest-ServerDiagnosticsNegativeTest-848355505-project-admin', 'project_domain_id': 'default', 'project_domain_name': 'Default', 'project_id': '3b797457eb5f4a058013197d88707a2f', 'project_name': 'tempest-ServerDiagnosticsNegativeTest-848355505', 'tenant_id': '3b797457eb5f4a058013197d88707a2f', 'tenant_name': 'tempest-ServerDiagnosticsNegativeTest-848355505', 'user_domain_id': 'default', 'user_domain_name': 'Default', 'user_id': 'da2f85c3ed7e494ba0aa2afca70f119c', 'system': None}, Network: None, Subnet: None, Router: None
2024-10-24 12:55:30.315 62365 INFO tempest.lib.common.dynamic_creds [-] Created isolated network resources for: credentials: Credentials: {'domain_id': 'default', 'domain_name': 'Default', 'username': 'tempest-ServerDiagnosticsNegativeTest-848355505-project-admin', 'project_domain_id': 'default', 'project_domain_name': 'Default', 'project_id': '3b797457eb5f4a058013197d88707a2f', 'project_name': 'tempest-ServerDiagnosticsNegativeTest-848355505', 'tenant_id': '3b797457eb5f4a058013197d88707a2f', 'tenant_name': 'tempest-ServerDiagnosticsNegativeTest-848355505', 'user_domain_id': 'default', 'user_domain_name': 'Default', 'user_id': 'da2f85c3ed7e494ba0aa2afca70f119c', 'system': None}, Network: None, Subnet: None, Router: None
2024-10-24 12:55:30.351 62313 INFO tempest.lib.common.rest_client [req-49f884a7-d7b6-4a23-bf6a-193ffbd75499 req-49f884a7-d7b6-4a23-bf6a-193ffbd75499 ] Request (ServerDiagnosticsV248Test:test_get_server_diagnostics): 200 GET http://10.180.1.21/compute/v2.1/servers/113fe8e6-bc12-41fe-a405-cec2aa1a717e 1.247s
2024-10-24 12:55:30.361 62323 INFO tempest.lib.common.rest_client [req-0b29e188-845e-41db-9947-aa12ae2cb4e0 req-0b29e188-845e-41db-9947-aa12ae2cb4e0 ] Request (ServicesAdminTestJSON:setUpClass): 204 PUT http://10.180.1.21/identity/v3/projects/fd1685b2b44048ffb95def6392bedde9/users/214163de293a4524bafb62b2a257fd63/roles/90f7bfb82b7b49b3b9d3058cded6701a 0.647s
2024-10-24 12:55:30.362 62323 INFO tempest.lib.common.dynamic_creds [-] Dynamic test user 214163de293a4524bafb62b2a257fd63 is created with scope project and roles: ['admin']
2024-10-24 12:55:30.362 62323 INFO tempest.lib.common.dynamic_creds [-] Acquired dynamic creds: credentials: Credentials: {'domain_id': 'default', 'domain_name': 'Default', 'username': 'tempest-ServicesAdminTestJSON-2107562255-project-admin', 'project_domain_id': 'default', 'project_domain_name': 'Default', 'project_id': 'fd1685b2b44048ffb95def6392bedde9', 'project_name': 'tempest-ServicesAdminTestJSON-2107562255', 'tenant_id': 'fd1685b2b44048ffb95def6392bedde9', 'tenant_name': 'tempest-ServicesAdminTestJSON-2107562255', 'user_domain_id': 'default', 'user_domain_name': 'Default', 'user_id': '214163de293a4524bafb62b2a257fd63', 'system': None}, Network: None, Subnet: None, Router: None
2024-10-24 12:55:30.362 62323 INFO tempest.lib.common.dynamic_creds [-] Created isolated network resources for: credentials: Credentials: {'domain_id': 'default', 'domain_name': 'Default', 'username': 'tempest-ServicesAdminTestJSON-2107562255-project-admin', 'project_domain_id': 'default', 'project_domain_name': 'Default', 'project_id': 'fd1685b2b44048ffb95def6392bedde9', 'project_name': 'tempest-ServicesAdminTestJSON-2107562255', 'tenant_id': 'fd1685b2b44048ffb95def6392bedde9', 'tenant_name': 'tempest-ServicesAdminTestJSON-2107562255', 'user_domain_id': 'default', 'user_domain_name': 'Default', 'user_id': '214163de293a4524bafb62b2a257fd63', 'system': None}, Network: None, Subnet: None, Router: None
2024-10-24 12:55:30.375 62313 INFO tempest.common.waiters [-] State transition "BUILD/scheduling" ==> "BUILD/None" after 3 second wait
2024-10-24 12:55:30.398 62329 INFO tempest.lib.common.rest_client [req-d6e891cb-023c-406b-9f6c-05ea1550e47d req-d6e891cb-023c-406b-9f6c-05ea1550e47d ] Request (FloatingIPsNegativeTestJSON:test_allocate_floating_ip_from_nonexistent_pool): 404 POST http://10.180.1.21/compute/v2.1/os-floating-ips 0.701s
2024-10-24 12:55:30.404 62343 INFO tempest.lib.common.rest_client [req-830a8b30-f190-4ef1-8994-bce9385fee44 req-830a8b30-f190-4ef1-8994-bce9385fee44 ] Request (ServerDiagnosticsTest:setUpClass): 200 GET http://10.180.1.21/identity/v3/roles 0.663s
2024-10-24 12:55:30.417 62325 INFO tempest.lib.common.rest_client [req-afac714b-b03e-4087-bf7b-293799e29b51 req-afac714b-b03e-4087-bf7b-293799e29b51 ] Request (QuotasAdminNegativeTest:setUpClass): 200 GET http://10.180.1.21/identity/v3/roles 0.672s
2024-10-24 12:55:30.430 62327 INFO tempest.lib.common.rest_client [req-b235d626-eb00-4118-b72f-7d900c756e46 req-b235d626-eb00-4118-b72f-7d900c756e46 ] Request (HypervisorAdminTestJSON:setUpClass): 200 GET http://10.180.1.21/identity/v3/roles 0.604s
2024-10-24 12:55:30.442 62372 INFO tempest.lib.common.rest_client [req-cd27c6d4-b619-4aaa-9390-478e74fac658 req-cd27c6d4-b619-4aaa-9390-478e74fac658 ] Request (FlavorMetadataValidation:setUpClass): 200 GET http://10.180.1.21/identity/v3/roles 0.603s
2024-10-24 12:55:30.460 62351 INFO tempest.lib.common.rest_client [req-e33c3394-5a50-4594-a061-b20b705671ff req-e33c3394-5a50-4594-a061-b20b705671ff ] Request (VolumesAssistedSnapshotsTest:setUpClass): 201 POST http://10.180.1.21:9696/networking/v2.0/subnets 0.682s
2024-10-24 12:55:30.460 62311 INFO tempest.lib.common.rest_client [req-08849dd6-bbfd-405d-8b93-984b4f9c30bb req-08849dd6-bbfd-405d-8b93-984b4f9c30bb ] Request (FlavorsAdminTestJSON:setUpClass): 204 PUT http://10.180.1.21/identity/v3/projects/4d30719dc63a4b70b319756c69039da9/users/668a71290c5141d280ac095a857bc63f/roles/90f7bfb82b7b49b3b9d3058cded6701a 0.562s
2024-10-24 12:55:30.461 62311 INFO tempest.lib.common.dynamic_creds [-] Dynamic test user 668a71290c5141d280ac095a857bc63f is created with scope project and roles: ['admin']
2024-10-24 12:55:30.461 62311 INFO tempest.lib.common.dynamic_creds [-] Acquired dynamic creds: credentials: Credentials: {'domain_id': 'default', 'domain_name': 'Default', 'username': 'tempest-FlavorsAdminTestJSON-977686161-project-admin', 'project_domain_id': 'default', 'project_domain_name': 'Default', 'project_id': '4d30719dc63a4b70b319756c69039da9', 'project_name': 'tempest-FlavorsAdminTestJSON-977686161', 'tenant_id': '4d30719dc63a4b70b319756c69039da9', 'tenant_name': 'tempest-FlavorsAdminTestJSON-977686161', 'user_domain_id': 'default', 'user_domain_name': 'Default', 'user_id': '668a71290c5141d280ac095a857bc63f', 'system': None}, Network: None, Subnet: None, Router: None
2024-10-24 12:55:30.461 62311 INFO tempest.lib.common.dynamic_creds [-] Created isolated network resources for: credentials: Credentials: {'domain_id': 'default', 'domain_name': 'Default', 'username': 'tempest-FlavorsAdminTestJSON-977686161-project-admin', 'project_domain_id': 'default', 'project_domain_name': 'Default', 'project_id': '4d30719dc63a4b70b319756c69039da9', 'project_name': 'tempest-FlavorsAdminTestJSON-977686161', 'tenant_id': '4d30719dc63a4b70b319756c69039da9', 'tenant_name': 'tempest-FlavorsAdminTestJSON-977686161', 'user_domain_id': 'default', 'user_domain_name': 'Default', 'user_id': '668a71290c5141d280ac095a857bc63f', 'system': None}, Network: None, Subnet: None, Router: None
2024-10-24 12:55:30.472 62321 INFO tempest.lib.common.rest_client [req-6913aaf4-9c36-48d5-a247-a874984ec252 req-6913aaf4-9c36-48d5-a247-a874984ec252 ] Request (FlavorsExtraSpecsNegativeTestJSON:setUpClass): 200 POST http://10.180.1.21/compute/v2.1/flavors 1.516s
2024-10-24 12:55:30.497 62347 INFO tempest.lib.common.rest_client [req-5e752492-936e-4352-9563-2f4705a665e1 req-5e752492-936e-4352-9563-2f4705a665e1 ] Request (ImagesMetadataNegativeTestJSON:test_get_nonexistent_image_metadata_item): 404 GET http://10.180.1.21/compute/v2.1/images/e7d5fde8-ac29-497a-812a-bd8502ea807a/metadata/os_version 0.489s
2024-10-24 12:55:30.518 62339 INFO tempest.lib.common.rest_client [req-8548cd94-b6a8-4f0a-900c-27b3f8fbe383 req-8548cd94-b6a8-4f0a-900c-27b3f8fbe383 ] Request (ImagesOneServerNegativeTestJSON:setUpClass): 200 PUT http://10.180.1.21:9696/networking/v2.0/routers/3834038e-6dba-4c3f-a4a3-28c88457d55b/add_router_interface 1.838s
2024-10-24 12:55:30.518 62345 INFO tempest.lib.common.rest_client [req-73958fc3-7ffe-4905-bd12-4e3f61bc3b58 req-73958fc3-7ffe-4905-bd12-4e3f61bc3b58 ] Request (QuotasAdminTestJSON:setUpClass): 200 GET http://10.180.1.21/identity/v3/roles 0.570s
2024-10-24 12:55:30.518 62339 INFO tempest.lib.common.dynamic_creds [-] Created isolated network resources for: credentials: Credentials: {'domain_id': 'default', 'domain_name': 'Default', 'username': 'tempest-ImagesOneServerNegativeTestJSON-1851830790-project-member', 'project_domain_id': 'default', 'project_domain_name': 'Default', 'project_id': '80a41fcb89a44cc396520fb49311b56d', 'project_name': 'tempest-ImagesOneServerNegativeTestJSON-1851830790', 'tenant_id': '80a41fcb89a44cc396520fb49311b56d', 'tenant_name': 'tempest-ImagesOneServerNegativeTestJSON-1851830790', 'user_domain_id': 'default', 'user_domain_name': 'Default', 'user_id': 'b6baa5fb35bd4f6099fefa267079af86', 'system': None}, Network: {'id': '6dc60255-6016-4a04-abdf-b6672934d27d', 'name': 'tempest-ImagesOneServerNegativeTestJSON-1941529829-network', 'tenant_id': '80a41fcb89a44cc396520fb49311b56d', 'admin_state_up': True, 'mtu': 8950, 'status': 'ACTIVE', 'subnets': [], 'shared': False, 'project_id': '80a41fcb89a44cc396520fb49311b56d', 'port_security_enabled': True, 'router:external': False, 'provider:network_type': 'vlan', 'provider:physical_network': 'default', 'provider:segmentation_id': 606, 'is_default': False, 'availability_zone_hints': [], 'availability_zones': [], 'ipv4_address_scope': None, 'ipv6_address_scope': None, 'description': '', 'tags': [], 'created_at': '2024-10-24T12:55:27Z', 'updated_at': '2024-10-24T12:55:27Z', 'revision_number': 1}, Subnet: {'id': '24f2a5ac-a8c8-49ef-aae5-96131bc12e71', 'name': 'tempest-ImagesOneServerNegativeTestJSON-1941529829-subnet', 'tenant_id': '80a41fcb89a44cc396520fb49311b56d', 'network_id': '6dc60255-6016-4a04-abdf-b6672934d27d', 'ip_version': 4, 'subnetpool_id': None, 'enable_dhcp': True, 'ipv6_ra_mode': None, 'ipv6_address_mode': None, 'gateway_ip': '192.168.128.1', 'cidr': '192.168.128.0/28', 'allocation_pools': [{'start': '192.168.128.2', 'end': '192.168.128.14'}], 'host_routes': [], 'dns_nameservers': [], 'description': '', 'router:external': False, 'service_types': [], 'tags': [], 'created_at': '2024-10-24T12:55:27Z', 'updated_at': '2024-10-24T12:55:27Z', 'revision_number': 0, 'project_id': '80a41fcb89a44cc396520fb49311b56d'}, Router: {'id': '3834038e-6dba-4c3f-a4a3-28c88457d55b', 'name': 'tempest-ImagesOneServerNegativeTestJSON-1941529829-router', 'tenant_id': '80a41fcb89a44cc396520fb49311b56d', 'admin_state_up': True, 'status': 'ACTIVE', 'external_gateway_info': {'network_id': '6ebdb51e-1bad-4c8f-aeec-d0b768ac8a79', 'external_fixed_ips': [{'subnet_id': '01eaa1fb-b732-4ab3-8d4d-66c0fc69ebcc', 'ip_address': '10.180.180.216'}], 'enable_snat': True}, 'description': '', 'availability_zones': [], 'distributed': False, 'ha': False, 'availability_zone_hints': [], 'routes': [], 'flavor_id': None, 'tags': [], 'created_at': '2024-10-24T12:55:27Z', 'updated_at': '2024-10-24T12:55:28Z', 'revision_number': 2, 'project_id': '80a41fcb89a44cc396520fb49311b56d'}
2024-10-24 12:55:30.544 62353 INFO tempest.lib.common.rest_client [req-9fe91d1e-9ec7-4be0-9b63-db18c3a4988b req-9fe91d1e-9ec7-4be0-9b63-db18c3a4988b ] Request (HypervisorAdminNegativeTestJSON:setUpClass): 200 GET http://10.180.1.21/identity/v3/roles 0.540s
2024-10-24 12:55:30.549 62373 INFO tempest.lib.common.rest_client [req-e23565ad-e3f4-43d5-bb5a-6c93207f8675 req-e23565ad-e3f4-43d5-bb5a-6c93207f8675 ] Request (FlavorsV2NegativeTest:test_boot_with_low_ram): 201 POST http://10.180.1.21/image/v2/images 2.695s
2024-10-24 12:55:30.552 62349 INFO tempest.lib.common.rest_client [req-404d7e49-2576-418c-b465-84a4283d9888 req-404d7e49-2576-418c-b465-84a4283d9888 ] Request (FlavorsAccessTestJSON:setUpClass): 200 GET http://10.180.1.21/identity/v3/roles 0.543s
2024-10-24 12:55:30.567 62329 INFO tempest.lib.common.rest_client [req-1fa0aaac-c440-44d1-9adb-242604476932 req-1fa0aaac-c440-44d1-9adb-242604476932 ] Request (FloatingIPsNegativeTestJSON:test_delete_nonexistent_floating_ip): 404 DELETE http://10.180.1.21/compute/v2.1/os-floating-ips/7ec756d3-62ff-423a-be12-4464be9a764d 0.161s
2024-10-24 12:55:30.572 62367 INFO tempest.lib.common.rest_client [req-9e6a7572-7b3e-4faf-bc4d-9b3bcc3b3716 req-9e6a7572-7b3e-4faf-bc4d-9b3bcc3b3716 ] Request (AZAdminV2TestJSON:setUpClass): 204 PUT http://10.180.1.21/identity/v3/projects/09884df37fb64d52bb96906d09f02285/users/9b84cae3840b427380bbaa7c62ab3dab/roles/90f7bfb82b7b49b3b9d3058cded6701a 0.522s
2024-10-24 12:55:30.572 62367 INFO tempest.lib.common.dynamic_creds [-] Dynamic test user 9b84cae3840b427380bbaa7c62ab3dab is created with scope project and roles: ['admin']
2024-10-24 12:55:30.572 62367 INFO tempest.lib.common.dynamic_creds [-] Acquired dynamic creds: credentials: Credentials: {'domain_id': 'default', 'domain_name': 'Default', 'username': 'tempest-AZAdminV2TestJSON-675701000-project-admin', 'project_domain_id': 'default', 'project_domain_name': 'Default', 'project_id': '09884df37fb64d52bb96906d09f02285', 'project_name': 'tempest-AZAdminV2TestJSON-675701000', 'tenant_id': '09884df37fb64d52bb96906d09f02285', 'tenant_name': 'tempest-AZAdminV2TestJSON-675701000', 'user_domain_id': 'default', 'user_domain_name': 'Default', 'user_id': '9b84cae3840b427380bbaa7c62ab3dab', 'system': None}, Network: None, Subnet: None, Router: None
2024-10-24 12:55:30.572 62367 INFO tempest.lib.common.dynamic_creds [-] Created isolated network resources for: credentials: Credentials: {'domain_id': 'default', 'domain_name': 'Default', 'username': 'tempest-AZAdminV2TestJSON-675701000-project-admin', 'project_domain_id': 'default', 'project_domain_name': 'Default', 'project_id': '09884df37fb64d52bb96906d09f02285', 'project_name': 'tempest-AZAdminV2TestJSON-675701000', 'tenant_id': '09884df37fb64d52bb96906d09f02285', 'tenant_name': 'tempest-AZAdminV2TestJSON-675701000', 'user_domain_id': 'default', 'user_domain_name': 'Default', 'user_id': '9b84cae3840b427380bbaa7c62ab3dab', 'system': None}, Network: None, Subnet: None, Router: None
