2024-10-24 12:56:37.363 62372 INFO tempest.lib.common.rest_client [req-939484ac-56d8-4d3d-afb9-d9407895b9a8 req-939484ac-56d8-4d3d-afb9-d9407895b9a8 ] Request (ServerShowV247Test:test_update_rebuild_list_server): 200 GET http://10.180.1.21/compute/v2.1/servers/2315bd37-6151-42d7-8b54-9ee367be0ed1 0.202s
2024-10-24 12:56:37.388 62337 INFO tempest.lib.common.rest_client [req-a2f4ff40-ee18-4069-80a5-ca03c419bd54 req-a2f4ff40-ee18-4069-80a5-ca03c419bd54 ] Request (ServersWithSpecificFlavorTestJSON:test_verify_created_server_ephemeral_disk): 200 GET http://10.180.1.21/compute/v2.1/servers/cd0af99e-0a90-4aa4-80b5-f6a7a3b7ec59 0.154s
2024-10-24 12:56:37.444 62327 INFO tempest.lib.common.rest_client [req-66b8a4ba-9e4d-48dc-a5c9-f05b3cb7d72c req-66b8a4ba-9e4d-48dc-a5c9-f05b3cb7d72c ] Request (ServersTestJSON:setUpClass): 200 GET http://10.180.1.21/compute/v2.1/servers/c332c6fd-1edd-4d9e-85a9-32a408f9d05e 0.147s
2024-10-24 12:56:37.468 62321 INFO tempest.lib.common.rest_client [req-f94ca4df-b0dc-4193-bb67-fecf27117b0b req-f94ca4df-b0dc-4193-bb67-fecf27117b0b ] Request (ListServersNegativeTestJSON:setUpClass): 200 GET http://10.180.1.21/compute/v2.1/servers/5670d64c-bddc-4b4a-bdf0-2b039be5e49e 0.141s
2024-10-24 12:56:37.525 62333 INFO tempest.lib.common.rest_client [req-e3739f96-715f-4149-b658-3f0d22aa9cd6 req-e3739f96-715f-4149-b658-3f0d22aa9cd6 ] Request (ServerAddressesNegativeTestJSON:setUpClass): 200 GET http://10.180.1.21/compute/v2.1/servers/e40e1443-6d5d-41e1-9822-08b782e39d27 0.131s
2024-10-24 12:56:37.534 62351 INFO tempest.lib.common.rest_client [req-f37dcf30-d8af-4e9b-8c26-8c5717f19862 req-f37dcf30-d8af-4e9b-8c26-8c5717f19862 ] Request (VolumesAssistedSnapshotsTest:test_volume_assisted_snapshot_create_delete): 200 GET http://10.180.1.21/compute/v2.1/servers/8d858fe9-1c97-457b-87ba-2d405bb7dcc0 0.121s
2024-10-24 12:56:37.567 62311 INFO tempest.lib.common.rest_client [req-f2e30db6-9188-44d0-a3b2-283828aaa495 req-f2e30db6-9188-44d0-a3b2-283828aaa495 ] Request (VolumesAdminNegativeTest:setUpClass): 201 POST http://10.180.1.21:9696/networking/v2.0/subnets 0.338s
2024-10-24 12:56:37.610 62325 INFO tempest.lib.common.rest_client [req-7859b27c-1b71-41a2-96d4-fb671d1f4c01 req-7859b27c-1b71-41a2-96d4-fb671d1f4c01 ] Request (ServerExternalEventsTest:test_create_server_external_events): 200 GET http://10.180.1.21/compute/v2.1/servers/b2ec37a4-09f6-428c-bca9-1ec121c9c390 0.119s
2024-10-24 12:56:37.635 62373 INFO tempest.lib.common.rest_client [req-aa3e9d9b-7470-4114-b81f-ffe1eefd51ba req-aa3e9d9b-7470-4114-b81f-ffe1eefd51ba ] Request (ServerActionsTestJSON:setUpClass): 200 GET http://10.180.1.21/compute/v2.1/servers/01c864cd-58a3-4061-836d-6a86ad37e4c4 0.159s
2024-10-24 12:56:37.663 62345 INFO tempest.lib.common.rest_client [req-51c4b8dd-e169-485f-bf22-d4c2fa02c954 req-51c4b8dd-e169-485f-bf22-d4c2fa02c954 ] Request (ServersTestFqdnHostnames:test_create_server_with_fqdn_name): 201 POST http://10.180.1.21:9696/networking/v2.0/floatingips 1.063s
2024-10-24 12:56:37.687 62357 INFO tempest.lib.common.rest_client [req-7d0880fa-1061-419a-b731-7616f228fa18 req-7d0880fa-1061-419a-b731-7616f228fa18 ] Request (AttachVolumeNegativeTest:test_attach_attached_volume_to_different_server): 200 GET http://10.180.1.21/compute/v2.1/servers/374062de-1242-44bd-b658-e8976f8c3b6c 0.130s
2024-10-24 12:56:37.701 62347 INFO tempest.lib.common.rest_client [req-948a611c-1c64-43e5-a9f1-6ec852b9e31c req-948a611c-1c64-43e5-a9f1-6ec852b9e31c ] Request (ServerAddressesTestJSON:setUpClass): 200 GET http://10.180.1.21/compute/v2.1/servers/b0343f07-0539-4395-81c8-46ca1f2a8920 0.130s
2024-10-24 12:56:37.738 62345 INFO tempest.lib.common.rest_client [req-03eecb34-19c5-4ea6-9384-a0269bf3795d req-03eecb34-19c5-4ea6-9384-a0269bf3795d ] Request (ServersTestFqdnHostnames:test_create_server_with_fqdn_name): 201 POST http://10.180.1.21/identity/v3/auth/tokens 0.069s
2024-10-24 12:56:37.738 62345 INFO tempest.lib.common.fixed_network [-] (ServersTestFqdnHostnames:test_create_server_with_fqdn_name) Found network {'id': 'd58ce2a6-5846-4c29-8ab7-5027ce662547', 'name': 'tempest-ServersTestFqdnHostnames-170258745-network', 'tenant_id': '8cfdf0378fdb4608aad6441f4ec6395a', 'admin_state_up': True, 'mtu': 8950, 'status': 'ACTIVE', 'subnets': [], 'shared': False, 'project_id': '8cfdf0378fdb4608aad6441f4ec6395a', 'port_security_enabled': True, 'router:external': False, 'provider:network_type': 'vlan', 'provider:physical_network': 'default', 'provider:segmentation_id': 14, 'is_default': False, 'availability_zone_hints': [], 'availability_zones': [], 'ipv4_address_scope': None, 'ipv6_address_scope': None, 'description': '', 'tags': [], 'created_at': '2024-10-24T12:56:31Z', 'updated_at': '2024-10-24T12:56:31Z', 'revision_number': 1} available for tenant
2024-10-24 12:56:37.756 62315 INFO tempest.lib.common.rest_client [req-238577f1-caf5-470a-898f-8e838f9ea264 req-238577f1-caf5-470a-898f-8e838f9ea264 ] Request (MigrationsAdminTest:test_resize_server_revert_deleted_flavor): 200 GET http://10.180.1.21/compute/v2.1/servers/6dd1097f-7353-4938-be2b-51c248e45fe2 0.098s
2024-10-24 12:56:37.788 62339 INFO tempest.lib.common.rest_client [req-ed87433a-f913-4516-924b-b41cf550a358 req-ed87433a-f913-4516-924b-b41cf550a358 ] Request (InstanceActionsTestJSON:setUpClass): 200 GET http://10.180.1.21/compute/v2.1/servers/395cd695-c6a0-4c7e-ad0b-8ee5d4f64cfa 0.116s
2024-10-24 12:56:37.832 62329 INFO tempest.lib.common.rest_client [req-7ce72086-ec01-45f6-8835-88e78b23f8ea req-7ce72086-ec01-45f6-8835-88e78b23f8ea ] Request (AttachInterfacesTestJSON:test_create_list_show_delete_interfaces_by_fixed_ip): 200 GET http://10.180.1.21/compute/v2.1/servers/62d7c997-cd38-43f5-a571-78a055ad05f7 0.112s
2024-10-24 12:56:37.859 62319 INFO tempest.lib.common.rest_client [req-11ba0721-36fb-49ab-879f-7c75c9f2bf6a req-11ba0721-36fb-49ab-879f-7c75c9f2bf6a ] Request (FloatingIPsAssociationTestJSON:setUpClass): 200 GET http://10.180.1.21/compute/v2.1/servers/b5625b76-37e3-49be-bd3b-8b864021dbd1 0.120s
2024-10-24 12:56:37.941 62367 INFO tempest.lib.common.rest_client [req-3b7cd215-a4f4-4b0e-8336-c87b44f18e73 req-3b7cd215-a4f4-4b0e-8336-c87b44f18e73 ] Request (ServerShowV254Test:tearDownClass): 200 GET http://10.180.1.21/compute/v2.1/servers/33029a57-19d2-45eb-b4ec-f50c47d3dc12 0.148s
2024-10-24 12:56:37.994 62361 INFO tempest.lib.common.rest_client [req-c16daf1d-dd3c-4f9d-b339-a4174d932e48 req-c16daf1d-dd3c-4f9d-b339-a4174d932e48 ] Request (ServerDiskConfigTestJSON:test_rebuild_server_with_manual_disk_config): 200 GET http://10.180.1.21/compute/v2.1/servers/54e03464-0f37-4f4d-8746-821e73da0541 0.193s
2024-10-24 12:56:38.046 62365 INFO tempest.lib.common.rest_client [req-736d17cc-2eb4-41d7-8bb1-21b2a5d98a06 req-736d17cc-2eb4-41d7-8bb1-21b2a5d98a06 ] Request (ServerActionsV293TestJSON:setUpClass): 200 GET http://10.180.1.21/volume/v3/volumes/e9669362-c0b6-4963-8dc6-bb41f389b0ec 0.030s
2024-10-24 12:56:38.053 62355 INFO tempest.lib.common.rest_client [req-bb20d00e-69fb-4dd3-884e-e19ea1a6262b req-bb20d00e-69fb-4dd3-884e-e19ea1a6262b ] Request (ImagesTestJSON:test_create_image_from_suspended_server): 200 GET http://10.180.1.21/compute/v2.1/servers/cbcb5b42-06ab-41e4-ad08-d285b0863bfb 0.202s
2024-10-24 12:56:38.100 62359 INFO tempest.lib.common.rest_client [req-fcab7c2e-39e0-4a83-93bb-c57b7c535a8e req-fcab7c2e-39e0-4a83-93bb-c57b7c535a8e ] Request (InstanceActionsV221TestJSON:test_get_list_deleted_instance_actions): 200 GET http://10.180.1.21/compute/v2.1/servers/842633ee-19a5-44d6-bdef-c9f81e5af11e 0.223s
2024-10-24 12:56:38.264 62323 INFO tempest.lib.common.rest_client [req-06134cc7-4414-41ec-b7d9-be96c47b2347 req-06134cc7-4414-41ec-b7d9-be96c47b2347 ] Request (ImagesOneServerTestJSON:setUpClass): 200 GET http://10.180.1.21/compute/v2.1/servers/ce3a7a32-424a-48a4-b5c5-2a25190943f5 0.350s
2024-10-24 12:56:38.270 62323 INFO tempest.common.waiters [-] State transition "BUILD/networking" ==> "BUILD/spawning" after 43 second wait
2024-10-24 12:56:38.319 62349 INFO tempest.lib.common.rest_client [req-66a51048-a75f-4c1a-a4ff-353470b98ad9 req-66a51048-a75f-4c1a-a4ff-353470b98ad9 ] Request (ServersAdminTestJSON:setUpClass): 200 GET http://10.180.1.21/compute/v2.1/servers/4839c06e-f55a-4162-8eae-cfaeae07cdae 0.384s
2024-10-24 12:56:38.390 62317 INFO tempest.lib.common.rest_client [req-49ed2eb4-c49a-4915-a58d-ad04104bfbb2 req-49ed2eb4-c49a-4915-a58d-ad04104bfbb2 ] Request (ServersAdmin275Test:tearDownClass): 200 GET http://10.180.1.21/compute/v2.1/servers/733343f7-99e2-4e07-94eb-1b66458d799a 0.394s
2024-10-24 12:56:38.447 62345 INFO tempest.lib.common.rest_client [req-4f5c3391-de89-47a4-b300-c795c077e729 req-4f5c3391-de89-47a4-b300-c795c077e729 ] Request (ServersTestFqdnHostnames:test_create_server_with_fqdn_name): 202 POST http://10.180.1.21/compute/v2.1/servers 0.707s
2024-10-24 12:56:38.459 62363 INFO tempest.lib.common.rest_client [req-307b68b0-89ef-4f18-a44a-c57181575ace req-307b68b0-89ef-4f18-a44a-c57181575ace ] Request (AttachVolumeShelveTestJSON:test_attach_volume_shelved_or_offload_server): 200 GET http://10.180.1.21/compute/v2.1/servers/71a5a130-fd26-4cf5-9b27-520f9eb62c55 0.412s
2024-10-24 12:56:38.521 62331 INFO tempest.lib.common.rest_client [req-73dd7cb3-c932-40fd-aa14-c261fde7c380 req-73dd7cb3-c932-40fd-aa14-c261fde7c380 ] Request (ServersV294TestFqdnHostnames:setUpClass): 200 GET http://10.180.1.21/compute/v2.1/servers/9b950dc9-d79c-4b30-8b71-1910b46ffd9b 0.315s
2024-10-24 12:56:38.544 62313 INFO tempest.lib.common.rest_client [req-dfe23afd-ce7b-4498-9487-750016e8c9ba req-dfe23afd-ce7b-4498-9487-750016e8c9ba ] Request (ServersAdminNegativeTestJSON:setUpClass): 200 GET http://10.180.1.21/compute/v2.1/servers/18b4e8c7-3517-46b2-b0a1-8d17bb222874 0.275s
2024-10-24 12:56:38.555 62343 INFO tempest.lib.common.rest_client [req-f1ff1d8b-1cd5-4531-a3be-5da1475c38f9 req-f1ff1d8b-1cd5-4531-a3be-5da1475c38f9 ] Request (ServerActionsTestOtherA:setUpClass): 200 PUT http://10.180.1.21:9696/networking/v2.0/routers/0bed8454-7c76-4120-90e3-3da26595b4a8/add_router_interface 1.456s
2024-10-24 12:56:38.555 62343 INFO tempest.lib.common.dynamic_creds [-] Created isolated network resources for: credentials: Credentials: {'domain_id': 'default', 'domain_name': 'Default', 'username': 'tempest-ServerActionsTestOtherA-855364020-project-member', 'project_domain_id': 'default', 'project_domain_name': 'Default', 'project_id': '3faf107bfcdd4d9fb07afc1b3f51e36c', 'project_name': 'tempest-ServerActionsTestOtherA-855364020', 'tenant_id': '3faf107bfcdd4d9fb07afc1b3f51e36c', 'tenant_name': 'tempest-ServerActionsTestOtherA-855364020', 'user_domain_id': 'default', 'user_domain_name': 'Default', 'user_id': '03b7a88ad6264926ae54b1880e8c4a98', 'system': None}, Network: {'id': 'dd995fc3-8f29-4434-8aa5-f42f738d6374', 'name': 'tempest-ServerActionsTestOtherA-1444970904-network', 'tenant_id': '3faf107bfcdd4d9fb07afc1b3f51e36c', 'admin_state_up': True, 'mtu': 8950, 'status': 'ACTIVE', 'subnets': [], 'shared': False, 'project_id': '3faf107bfcdd4d9fb07afc1b3f51e36c', 'port_security_enabled': True, 'router:external': False, 'provider:network_type': 'vlan', 'provider:physical_network': 'default', 'provider:segmentation_id': 349, 'is_default': False, 'availability_zone_hints': [], 'availability_zones': [], 'ipv4_address_scope': None, 'ipv6_address_scope': None, 'description': '', 'tags': [], 'created_at': '2024-10-24T12:56:35Z', 'updated_at': '2024-10-24T12:56:35Z', 'revision_number': 1}, Subnet: {'id': '22963059-a92f-4e93-9d21-33b4bc898cf6', 'name': 'tempest-ServerActionsTestOtherA-1444970904-subnet', 'tenant_id': '3faf107bfcdd4d9fb07afc1b3f51e36c', 'network_id': 'dd995fc3-8f29-4434-8aa5-f42f738d6374', 'ip_version': 4, 'subnetpool_id': None, 'enable_dhcp': True, 'ipv6_ra_mode': None, 'ipv6_address_mode': None, 'gateway_ip': '192.168.128.1', 'cidr': '192.168.128.0/28', 'allocation_pools': [{'start': '192.168.128.2', 'end': '192.168.128.14'}], 'host_routes': [], 'dns_nameservers': [], 'description': '', 'router:external': False, 'service_types': [], 'tags': [], 'created_at': '2024-10-24T12:56:35Z', 'updated_at': '2024-10-24T12:56:35Z', 'revision_number': 0, 'project_id': '3faf107bfcdd4d9fb07afc1b3f51e36c'}, Router: {'id': '0bed8454-7c76-4120-90e3-3da26595b4a8', 'name': 'tempest-ServerActionsTestOtherA-1444970904-router', 'tenant_id': '3faf107bfcdd4d9fb07afc1b3f51e36c', 'admin_state_up': True, 'status': 'ACTIVE', 'external_gateway_info': {'network_id': '6ebdb51e-1bad-4c8f-aeec-d0b768ac8a79', 'external_fixed_ips': [{'subnet_id': '01eaa1fb-b732-4ab3-8d4d-66c0fc69ebcc', 'ip_address': '10.180.180.211'}], 'enable_snat': True}, 'description': '', 'availability_zones': [], 'distributed': False, 'ha': False, 'availability_zone_hints': [], 'routes': [], 'flavor_id': None, 'tags': [], 'created_at': '2024-10-24T12:56:35Z', 'updated_at': '2024-10-24T12:56:36Z', 'revision_number': 2, 'project_id': '3faf107bfcdd4d9fb07afc1b3f51e36c'}
2024-10-24 12:56:38.587 62369 INFO tempest.lib.common.rest_client [req-ec25a500-bb70-4e22-948d-1d6930733a6e req-ec25a500-bb70-4e22-948d-1d6930733a6e ] Request (MultipleCreateTestJSON:test_multiple_create_with_reservation_return): 200 GET http://10.180.1.21/compute/v2.1/servers/6ba7ca7d-173d-41d3-b523-3548a67397c4 0.256s
2024-10-24 12:56:38.625 62372 INFO tempest.lib.common.rest_client [req-d4f4c17a-6576-4924-b75f-f4c8a06be728 req-d4f4c17a-6576-4924-b75f-f4c8a06be728 ] Request (ServerShowV247Test:test_update_rebuild_list_server): 200 GET http://10.180.1.21/compute/v2.1/servers/2315bd37-6151-42d7-8b54-9ee367be0ed1 0.251s
2024-10-24 12:56:38.643 62343 INFO tempest.lib.common.rest_client [req-30d4694d-96af-446b-8e3b-bb6b2f9c0736 req-30d4694d-96af-446b-8e3b-bb6b2f9c0736 ] Request (ServerActionsTestOtherA:setUpClass): 201 POST http://10.180.1.21/identity/v3/auth/tokens 0.083s
2024-10-24 12:56:38.655 62337 INFO tempest.lib.common.rest_client [req-beb3f1b2-1e4e-42ee-862f-9d3cea22276f req-beb3f1b2-1e4e-42ee-862f-9d3cea22276f ] Request (ServersWithSpecificFlavorTestJSON:test_verify_created_server_ephemeral_disk): 200 GET http://10.180.1.21/compute/v2.1/servers/cd0af99e-0a90-4aa4-80b5-f6a7a3b7ec59 0.255s
2024-10-24 12:56:38.683 62345 INFO tempest.lib.common.rest_client [req-8ecfead8-bb63-4c09-a3f0-b30767912d87 req-8ecfead8-bb63-4c09-a3f0-b30767912d87 ] Request (ServersTestFqdnHostnames:test_create_server_with_fqdn_name): 200 GET http://10.180.1.21/compute/v2.1/servers/39f7c5ee-7d07-4516-b008-40d5778cf139 0.234s
2024-10-24 12:56:38.709 62327 INFO tempest.lib.common.rest_client [req-286b0096-b694-4fc8-85ca-e9fd15c2169f req-286b0096-b694-4fc8-85ca-e9fd15c2169f ] Request (ServersTestJSON:setUpClass): 200 GET http://10.180.1.21/compute/v2.1/servers/c332c6fd-1edd-4d9e-85a9-32a408f9d05e 0.255s
2024-10-24 12:56:38.746 62321 INFO tempest.lib.common.rest_client [req-93f420a2-c99a-436f-97d2-af313c087602 req-93f420a2-c99a-436f-97d2-af313c087602 ] Request (ListServersNegativeTestJSON:setUpClass): 200 GET http://10.180.1.21/compute/v2.1/servers/5670d64c-bddc-4b4a-bdf0-2b039be5e49e 0.270s
2024-10-24 12:56:38.758 62333 INFO tempest.lib.common.rest_client [req-c838c6a9-e4a3-442d-a66a-6a9542b97a97 req-c838c6a9-e4a3-442d-a66a-6a9542b97a97 ] Request (ServerAddressesNegativeTestJSON:setUpClass): 200 GET http://10.180.1.21/compute/v2.1/servers/e40e1443-6d5d-41e1-9822-08b782e39d27 0.223s
2024-10-24 12:56:38.815 62325 INFO tempest.lib.common.rest_client [req-68c2a5ca-c909-485e-b64e-4e3225ee9ab4 req-68c2a5ca-c909-485e-b64e-4e3225ee9ab4 ] Request (ServerExternalEventsTest:test_create_server_external_events): 200 GET http://10.180.1.21/compute/v2.1/servers/b2ec37a4-09f6-428c-bca9-1ec121c9c390 0.196s
2024-10-24 12:56:38.816 62351 INFO tempest.lib.common.rest_client [req-30270288-39b2-4007-8381-5af9263a8c67 req-30270288-39b2-4007-8381-5af9263a8c67 ] Request (VolumesAssistedSnapshotsTest:test_volume_assisted_snapshot_create_delete): 200 GET http://10.180.1.21/compute/v2.1/servers/8d858fe9-1c97-457b-87ba-2d405bb7dcc0 0.272s
2024-10-24 12:56:38.880 62373 INFO tempest.lib.common.rest_client [req-955dcbdb-a772-4060-b3cd-f6ef15a72714 req-955dcbdb-a772-4060-b3cd-f6ef15a72714 ] Request (ServerActionsTestJSON:setUpClass): 200 GET http://10.180.1.21/compute/v2.1/servers/01c864cd-58a3-4061-836d-6a86ad37e4c4 0.235s
2024-10-24 12:56:38.917 62311 INFO tempest.lib.common.rest_client [req-43acf292-ba6e-4898-bab4-78662a5c7e71 req-43acf292-ba6e-4898-bab4-78662a5c7e71 ] Request (VolumesAdminNegativeTest:setUpClass): 201 POST http://10.180.1.21:9696/networking/v2.0/routers 1.350s
2024-10-24 12:56:38.931 62343 INFO tempest.lib.common.rest_client [req-2f2b980c-a04b-41e5-8de4-54838e82fb9c req-2f2b980c-a04b-41e5-8de4-54838e82fb9c ] Request (ServerActionsTestOtherA:setUpClass): 200 POST http://10.180.1.21/compute/v2.1/os-keypairs 0.286s
2024-10-24 12:56:38.941 62357 INFO tempest.lib.common.rest_client [req-33790432-b5bf-412b-bda7-719fa6eef294 req-33790432-b5bf-412b-bda7-719fa6eef294 ] Request (AttachVolumeNegativeTest:test_attach_attached_volume_to_different_server): 200 GET http://10.180.1.21/compute/v2.1/servers/374062de-1242-44bd-b658-e8976f8c3b6c 0.244s
2024-10-24 12:56:39.009 62315 INFO tempest.lib.common.rest_client [req-2ac73410-1259-4559-9c0c-29b4e43660b6 req-2ac73410-1259-4559-9c0c-29b4e43660b6 ] Request (MigrationsAdminTest:test_resize_server_revert_deleted_flavor): 200 GET http://10.180.1.21/compute/v2.1/servers/6dd1097f-7353-4938-be2b-51c248e45fe2 0.245s
2024-10-24 12:56:39.029 62347 INFO tempest.lib.common.rest_client [req-74c85d4e-061e-4889-bacb-52873231ed7c req-74c85d4e-061e-4889-bacb-52873231ed7c ] Request (ServerAddressesTestJSON:setUpClass): 200 GET http://10.180.1.21/compute/v2.1/servers/b0343f07-0539-4395-81c8-46ca1f2a8920 0.317s
2024-10-24 12:56:39.084 62339 INFO tempest.lib.common.rest_client [req-224d103d-155a-4b3c-ba56-5bea668cda82 req-224d103d-155a-4b3c-ba56-5bea668cda82 ] Request (InstanceActionsTestJSON:setUpClass): 200 GET http://10.180.1.21/compute/v2.1/servers/395cd695-c6a0-4c7e-ad0b-8ee5d4f64cfa 0.285s
2024-10-24 12:56:39.097 62365 INFO tempest.lib.common.rest_client [req-8224785b-9503-474f-9fa2-ae9ffb68657a req-8224785b-9503-474f-9fa2-ae9ffb68657a ] Request (ServerActionsV293TestJSON:setUpClass): 200 GET http://10.180.1.21/volume/v3/volumes/e9669362-c0b6-4963-8dc6-bb41f389b0ec 0.043s
2024-10-24 12:56:39.147 62329 INFO tempest.lib.common.rest_client [req-5c1e200e-ecd1-4b85-8abc-17870ea666ea req-5c1e200e-ecd1-4b85-8abc-17870ea666ea ] Request (AttachInterfacesTestJSON:test_create_list_show_delete_interfaces_by_fixed_ip): 200 GET http://10.180.1.21/compute/v2.1/servers/62d7c997-cd38-43f5-a571-78a055ad05f7 0.305s
2024-10-24 12:56:39.161 62319 INFO tempest.lib.common.rest_client [req-1939bb5e-3235-4be6-a381-441777bd065e req-1939bb5e-3235-4be6-a381-441777bd065e ] Request (FloatingIPsAssociationTestJSON:setUpClass): 200 GET http://10.180.1.21/compute/v2.1/servers/b5625b76-37e3-49be-bd3b-8b864021dbd1 0.286s
2024-10-24 12:56:39.163 62343 INFO tempest.lib.common.rest_client [req-f1d70db1-8995-4220-8a04-676ad523b559 req-f1d70db1-8995-4220-8a04-676ad523b559 ] Request (ServerActionsTestOtherA:setUpClass): 201 POST http://10.180.1.21:9696/networking/v2.0/security-groups 0.230s
2024-10-24 12:56:39.225 62361 INFO tempest.lib.common.rest_client [req-a741d974-89b8-4971-a40c-e89781cb0897 req-a741d974-89b8-4971-a40c-e89781cb0897 ] Request (ServerDiskConfigTestJSON:test_rebuild_server_with_manual_disk_config): 200 GET http://10.180.1.21/compute/v2.1/servers/54e03464-0f37-4f4d-8746-821e73da0541 0.222s
2024-10-24 12:56:39.241 62367 INFO tempest.lib.common.rest_client [req-6dc6683a-c62a-48ed-b110-c4e5f2b16b6a req-6dc6683a-c62a-48ed-b110-c4e5f2b16b6a ] Request (ServerShowV254Test:tearDownClass): 200 GET http://10.180.1.21/compute/v2.1/servers/33029a57-19d2-45eb-b4ec-f50c47d3dc12 0.290s
2024-10-24 12:56:39.304 62359 INFO tempest.lib.common.rest_client [req-d897cda8-bbd5-4f18-9dc0-6a52a233f1e1 req-d897cda8-bbd5-4f18-9dc0-6a52a233f1e1 ] Request (InstanceActionsV221TestJSON:test_get_list_deleted_instance_actions): 200 GET http://10.180.1.21/compute/v2.1/servers/842633ee-19a5-44d6-bdef-c9f81e5af11e 0.196s
2024-10-24 12:56:39.309 62355 INFO tempest.lib.common.rest_client [req-377c09c5-3681-461b-abe1-60af9554f93f req-377c09c5-3681-461b-abe1-60af9554f93f ] Request (ImagesTestJSON:test_create_image_from_suspended_server): 200 GET http://10.180.1.21/compute/v2.1/servers/cbcb5b42-06ab-41e4-ad08-d285b0863bfb 0.249s
2024-10-24 12:56:39.383 62343 INFO tempest.lib.common.rest_client [req-a70376b1-d1b8-4210-86b6-c0bb3adc1bff req-a70376b1-d1b8-4210-86b6-c0bb3adc1bff ] Request (ServerActionsTestOtherA:setUpClass): 201 POST http://10.180.1.21:9696/networking/v2.0/security-group-rules 0.219s
2024-10-24 12:56:39.388 62349 INFO tempest.lib.common.rest_client [req-173744db-99a6-4520-8bab-69428100fd80 req-173744db-99a6-4520-8bab-69428100fd80 ] Request (ServersAdminTestJSON:setUpClass): 200 GET http://10.180.1.21/compute/v2.1/servers/4839c06e-f55a-4162-8eae-cfaeae07cdae 0.063s
2024-10-24 12:56:39.436 62323 INFO tempest.lib.common.rest_client [req-b21473fb-123f-432a-a39f-6cf45fb240f9 req-b21473fb-123f-432a-a39f-6cf45fb240f9 ] Request (ImagesOneServerTestJSON:setUpClass): 200 GET http://10.180.1.21/compute/v2.1/servers/ce3a7a32-424a-48a4-b5c5-2a25190943f5 0.164s
2024-10-24 12:56:39.489 62317 INFO tempest.lib.common.rest_client [req-2d0ed0bc-08ef-4f90-b9af-afd966e68dee req-2d0ed0bc-08ef-4f90-b9af-afd966e68dee ] Request (ServersAdmin275Test:tearDownClass): 200 GET http://10.180.1.21/compute/v2.1/servers/733343f7-99e2-4e07-94eb-1b66458d799a 0.090s
2024-10-24 12:56:39.533 62343 INFO tempest.lib.common.rest_client [req-bb081d99-2dfc-48d4-812d-8da71b634cc0 req-bb081d99-2dfc-48d4-812d-8da71b634cc0 ] Request (ServerActionsTestOtherA:setUpClass): 201 POST http://10.180.1.21:9696/networking/v2.0/security-group-rules 0.149s
2024-10-24 12:56:39.555 62363 INFO tempest.lib.common.rest_client [req-c78f1cef-0749-495f-bf28-c32bb7ebc92d req-c78f1cef-0749-495f-bf28-c32bb7ebc92d ] Request (AttachVolumeShelveTestJSON:test_attach_volume_shelved_or_offload_server): 200 GET http://10.180.1.21/compute/v2.1/servers/71a5a130-fd26-4cf5-9b27-520f9eb62c55 0.084s
2024-10-24 12:56:39.612 62313 INFO tempest.lib.common.rest_client [req-79eb4df9-bd7a-40e1-b46e-2adc10e9f453 req-79eb4df9-bd7a-40e1-b46e-2adc10e9f453 ] Request (ServersAdminNegativeTestJSON:setUpClass): 200 GET http://10.180.1.21/compute/v2.1/servers/18b4e8c7-3517-46b2-b0a1-8d17bb222874 0.061s
2024-10-24 12:56:39.620 62331 INFO tempest.lib.common.rest_client [req-a1d64a20-eecb-4670-aeb0-f244729a2d1d req-a1d64a20-eecb-4670-aeb0-f244729a2d1d ] Request (ServersV294TestFqdnHostnames:setUpClass): 200 GET http://10.180.1.21/compute/v2.1/servers/9b950dc9-d79c-4b30-8b71-1910b46ffd9b 0.086s
2024-10-24 12:56:39.689 62369 INFO tempest.lib.common.rest_client [req-49302144-6513-4915-8b2d-4d54ddf772ad req-49302144-6513-4915-8b2d-4d54ddf772ad ] Request (MultipleCreateTestJSON:test_multiple_create_with_reservation_return): 200 GET http://10.180.1.21/compute/v2.1/servers/6ba7ca7d-173d-41d3-b523-3548a67397c4 0.095s
2024-10-24 12:56:39.707 62372 INFO tempest.lib.common.rest_client [req-4b30666e-6b06-4491-8598-7c1b6672654d req-4b30666e-6b06-4491-8598-7c1b6672654d ] Request (ServerShowV247Test:test_update_rebuild_list_server): 200 GET http://10.180.1.21/compute/v2.1/servers/2315bd37-6151-42d7-8b54-9ee367be0ed1 0.070s
2024-10-24 12:56:39.753 62337 INFO tempest.lib.common.rest_client [req-a2acf346-5ee1-40b9-b97a-cedc607efb4f req-a2acf346-5ee1-40b9-b97a-cedc607efb4f ] Request (ServersWithSpecificFlavorTestJSON:test_verify_created_server_ephemeral_disk): 200 GET http://10.180.1.21/compute/v2.1/servers/cd0af99e-0a90-4aa4-80b5-f6a7a3b7ec59 0.090s
2024-10-24 12:56:39.760 62337 INFO tempest.common.waiters [-] State transition "BUILD/None" ==> "BUILD/networking" after 43 second wait
2024-10-24 12:56:39.760 62345 INFO tempest.lib.common.rest_client [req-ad89827e-1e02-40e4-aabd-302a06f80977 req-ad89827e-1e02-40e4-aabd-302a06f80977 ] Request (ServersTestFqdnHostnames:test_create_server_with_fqdn_name): 200 GET http://10.180.1.21/compute/v2.1/servers/39f7c5ee-7d07-4516-b008-40d5778cf139 0.070s
2024-10-24 12:56:39.813 62327 INFO tempest.lib.common.rest_client [req-b967b1c3-9184-47e9-8a9e-bf949616c038 req-b967b1c3-9184-47e9-8a9e-bf949616c038 ] Request (ServersTestJSON:setUpClass): 200 GET http://10.180.1.21/compute/v2.1/servers/c332c6fd-1edd-4d9e-85a9-32a408f9d05e 0.096s
2024-10-24 12:56:39.832 62321 INFO tempest.lib.common.rest_client [req-d21c1d4f-3b06-49b5-8b45-e9c3f5433045 req-d21c1d4f-3b06-49b5-8b45-e9c3f5433045 ] Request (ListServersNegativeTestJSON:setUpClass): 200 GET http://10.180.1.21/compute/v2.1/servers/5670d64c-bddc-4b4a-bdf0-2b039be5e49e 0.078s
2024-10-24 12:56:39.875 62333 INFO tempest.lib.common.rest_client [req-447d0852-f078-429f-9d48-7a3b6bd51fcb req-447d0852-f078-429f-9d48-7a3b6bd51fcb ] Request (ServerAddressesNegativeTestJSON:setUpClass): 200 GET http://10.180.1.21/compute/v2.1/servers/e40e1443-6d5d-41e1-9822-08b782e39d27 0.109s
2024-10-24 12:56:39.884 62325 INFO tempest.lib.common.rest_client [req-9a701c58-cc76-4ad2-99de-f5dab5b02e91 req-9a701c58-cc76-4ad2-99de-f5dab5b02e91 ] Request (ServerExternalEventsTest:test_create_server_external_events): 200 GET http://10.180.1.21/compute/v2.1/servers/b2ec37a4-09f6-428c-bca9-1ec121c9c390 0.060s
2024-10-24 12:56:39.938 62351 INFO tempest.lib.common.rest_client [req-ea6f3127-cae1-4fca-aab5-5cd4ef45c321 req-ea6f3127-cae1-4fca-aab5-5cd4ef45c321 ] Request (VolumesAssistedSnapshotsTest:test_volume_assisted_snapshot_create_delete): 200 GET http://10.180.1.21/compute/v2.1/servers/8d858fe9-1c97-457b-87ba-2d405bb7dcc0 0.113s
2024-10-24 12:56:39.954 62373 INFO tempest.lib.common.rest_client [req-191b65cf-5220-44f0-b8ac-b1a1cc87ed5c req-191b65cf-5220-44f0-b8ac-b1a1cc87ed5c ] Request (ServerActionsTestJSON:setUpClass): 200 GET http://10.180.1.21/compute/v2.1/servers/01c864cd-58a3-4061-836d-6a86ad37e4c4 0.062s
2024-10-24 12:56:40.019 62357 INFO tempest.lib.common.rest_client [req-fedf88ed-eb22-43de-a398-eacfaac190a7 req-fedf88ed-eb22-43de-a398-eacfaac190a7 ] Request (AttachVolumeNegativeTest:test_attach_attached_volume_to_different_server): 200 GET http://10.180.1.21/compute/v2.1/servers/374062de-1242-44bd-b658-e8976f8c3b6c 0.071s
2024-10-24 12:56:40.033 62343 INFO tempest.lib.common.rest_client [req-816976d9-51f0-4e8e-aeb7-b1d2120b0318 req-816976d9-51f0-4e8e-aeb7-b1d2120b0318 ] Request (ServerActionsTestOtherA:setUpClass): 201 POST http://10.180.1.21:9696/networking/v2.0/floatingips 0.498s
2024-10-24 12:56:40.084 62315 INFO tempest.lib.common.rest_client [req-1891a186-e093-4a25-bf4e-294519efd4e6 req-1891a186-e093-4a25-bf4e-294519efd4e6 ] Request (MigrationsAdminTest:test_resize_server_revert_deleted_flavor): 200 GET http://10.180.1.21/compute/v2.1/servers/6dd1097f-7353-4938-be2b-51c248e45fe2 0.062s
2024-10-24 12:56:40.089 62343 INFO tempest.lib.common.rest_client [req-49f69453-adee-4304-a127-0486959e10a6 req-49f69453-adee-4304-a127-0486959e10a6 ] Request (ServerActionsTestOtherA:setUpClass): 201 POST http://10.180.1.21/identity/v3/auth/tokens 0.053s
2024-10-24 12:56:40.090 62343 INFO tempest.lib.common.fixed_network [-] (ServerActionsTestOtherA:setUpClass) Found network {'id': 'dd995fc3-8f29-4434-8aa5-f42f738d6374', 'name': 'tempest-ServerActionsTestOtherA-1444970904-network', 'tenant_id': '3faf107bfcdd4d9fb07afc1b3f51e36c', 'admin_state_up': True, 'mtu': 8950, 'status': 'ACTIVE', 'subnets': [], 'shared': False, 'project_id': '3faf107bfcdd4d9fb07afc1b3f51e36c', 'port_security_enabled': True, 'router:external': False, 'provider:network_type': 'vlan', 'provider:physical_network': 'default', 'provider:segmentation_id': 349, 'is_default': False, 'availability_zone_hints': [], 'availability_zones': [], 'ipv4_address_scope': None, 'ipv6_address_scope': None, 'description': '', 'tags': [], 'created_at': '2024-10-24T12:56:35Z', 'updated_at': '2024-10-24T12:56:35Z', 'revision_number': 1} available for tenant
2024-10-24 12:56:40.118 62347 INFO tempest.lib.common.rest_client [req-18f2c459-1fb3-447f-853f-4f7203805720 req-18f2c459-1fb3-447f-853f-4f7203805720 ] Request (ServerAddressesTestJSON:setUpClass): 200 GET http://10.180.1.21/compute/v2.1/servers/b0343f07-0539-4395-81c8-46ca1f2a8920 0.072s
2024-10-24 12:56:40.144 62365 INFO tempest.lib.common.rest_client [req-fed964fb-dbc1-4bb3-b5e6-600a2dd0211c req-fed964fb-dbc1-4bb3-b5e6-600a2dd0211c ] Request (ServerActionsV293TestJSON:setUpClass): 200 GET http://10.180.1.21/volume/v3/volumes/e9669362-c0b6-4963-8dc6-bb41f389b0ec 0.037s
2024-10-24 12:56:40.186 62339 INFO tempest.lib.common.rest_client [req-fd08ffb8-1a0c-4cec-baa4-2f8fd17b49a8 req-fd08ffb8-1a0c-4cec-baa4-2f8fd17b49a8 ] Request (InstanceActionsTestJSON:setUpClass): 200 GET http://10.180.1.21/compute/v2.1/servers/395cd695-c6a0-4c7e-ad0b-8ee5d4f64cfa 0.094s
2024-10-24 12:56:40.247 62329 INFO tempest.lib.common.rest_client [req-c0d9f49e-5db2-4f5f-a97d-91c57b4132ff req-c0d9f49e-5db2-4f5f-a97d-91c57b4132ff ] Request (AttachInterfacesTestJSON:test_create_list_show_delete_interfaces_by_fixed_ip): 200 GET http://10.180.1.21/compute/v2.1/servers/62d7c997-cd38-43f5-a571-78a055ad05f7 0.091s
2024-10-24 12:56:40.317 62319 INFO tempest.lib.common.rest_client [req-2c75e12b-071c-4953-b631-b4d1d7fd4369 req-2c75e12b-071c-4953-b631-b4d1d7fd4369 ] Request (FloatingIPsAssociationTestJSON:setUpClass): 200 GET http://10.180.1.21/compute/v2.1/servers/b5625b76-37e3-49be-bd3b-8b864021dbd1 0.146s
2024-10-24 12:56:40.347 62311 INFO tempest.lib.common.rest_client [req-74dff46b-4e3b-40e7-9c3a-0e829a1a59ce req-74dff46b-4e3b-40e7-9c3a-0e829a1a59ce ] Request (VolumesAdminNegativeTest:setUpClass): 200 PUT http://10.180.1.21:9696/networking/v2.0/routers/af0c914e-745f-41c1-bf84-04ee95372845/add_router_interface 1.429s
2024-10-24 12:56:40.347 62311 INFO tempest.lib.common.dynamic_creds [-] Created isolated network resources for: credentials: Credentials: {'domain_id': 'default', 'domain_name': 'Default', 'username': 'tempest-VolumesAdminNegativeTest-1438390271-project-admin', 'project_domain_id': 'default', 'project_domain_name': 'Default', 'project_id': '671912cbff9d44d8adaa718da0c1bac6', 'project_name': 'tempest-VolumesAdminNegativeTest-1438390271', 'tenant_id': '671912cbff9d44d8adaa718da0c1bac6', 'tenant_name': 'tempest-VolumesAdminNegativeTest-1438390271', 'user_domain_id': 'default', 'user_domain_name': 'Default', 'user_id': 'd60a135454ce42938a0448cf967dc7e3', 'system': None}, Network: {'id': '0cc53d44-2602-457d-8b22-fb4296cd6185', 'name': 'tempest-VolumesAdminNegativeTest-1315906786-network', 'tenant_id': '671912cbff9d44d8adaa718da0c1bac6', 'admin_state_up': True, 'mtu': 8950, 'status': 'ACTIVE', 'subnets': [], 'shared': False, 'project_id': '671912cbff9d44d8adaa718da0c1bac6', 'port_security_enabled': True, 'router:external': False, 'provider:network_type': 'vlan', 'provider:physical_network': 'default', 'provider:segmentation_id': 909, 'is_default': False, 'availability_zone_hints': [], 'availability_zones': [], 'ipv4_address_scope': None, 'ipv6_address_scope': None, 'description': '', 'tags': [], 'created_at': '2024-10-24T12:56:37Z', 'updated_at': '2024-10-24T12:56:37Z', 'revision_number': 1}, Subnet: {'id': 'ed9d675b-9c07-49d3-ad93-fe8b89679b96', 'name': 'tempest-VolumesAdminNegativeTest-1315906786-subnet', 'tenant_id': '671912cbff9d44d8adaa718da0c1bac6', 'network_id': '0cc53d44-2602-457d-8b22-fb4296cd6185', 'ip_version': 4, 'subnetpool_id': None, 'enable_dhcp': True, 'ipv6_ra_mode': None, 'ipv6_address_mode': None, 'gateway_ip': '192.168.128.1', 'cidr': '192.168.128.0/28', 'allocation_pools': [{'start': '192.168.128.2', 'end': '192.168.128.14'}], 'host_routes': [], 'dns_nameservers': [], 'description': '', 'router:external': False, 'service_types': [], 'tags': [], 'created_at': '2024-10-24T12:56:37Z', 'updated_at': '2024-10-24T12:56:37Z', 'revision_number': 0, 'project_id': '671912cbff9d44d8adaa718da0c1bac6'}, Router: {'id': 'af0c914e-745f-41c1-bf84-04ee95372845', 'name': 'tempest-VolumesAdminNegativeTest-1315906786-router', 'tenant_id': '671912cbff9d44d8adaa718da0c1bac6', 'admin_state_up': True, 'status': 'ACTIVE', 'external_gateway_info': {'network_id': '6ebdb51e-1bad-4c8f-aeec-d0b768ac8a79', 'external_fixed_ips': [{'subnet_id': '01eaa1fb-b732-4ab3-8d4d-66c0fc69ebcc', 'ip_address': '10.180.180.209'}], 'enable_snat': True}, 'description': '', 'availability_zones': [], 'distributed': False, 'ha': False, 'availability_zone_hints': [], 'routes': [], 'flavor_id': None, 'tags': [], 'created_at': '2024-10-24T12:56:37Z', 'updated_at': '2024-10-24T12:56:38Z', 'revision_number': 2, 'project_id': '671912cbff9d44d8adaa718da0c1bac6'}
2024-10-24 12:56:40.380 62361 INFO tempest.lib.common.rest_client [req-d5917136-bfcd-4e8d-bbf5-b9eded779f2c req-d5917136-bfcd-4e8d-bbf5-b9eded779f2c ] Request (ServerDiskConfigTestJSON:test_rebuild_server_with_manual_disk_config): 200 GET http://10.180.1.21/compute/v2.1/servers/54e03464-0f37-4f4d-8746-821e73da0541 0.145s
2024-10-24 12:56:40.450 62311 INFO tempest.lib.common.rest_client [req-139b32d6-86f7-4924-8d44-656cd2c0147d req-139b32d6-86f7-4924-8d44-656cd2c0147d ] Request (VolumesAdminNegativeTest:setUpClass): 201 POST http://10.180.1.21/identity/v3/auth/tokens 0.098s
2024-10-24 12:56:40.453 62367 INFO tempest.lib.common.rest_client [req-884430b8-0201-4305-8f59-4114833eb82a req-884430b8-0201-4305-8f59-4114833eb82a ] Request (ServerShowV254Test:tearDownClass): 200 GET http://10.180.1.21/compute/v2.1/servers/33029a57-19d2-45eb-b4ec-f50c47d3dc12 0.201s
2024-10-24 12:56:40.509 62359 INFO tempest.lib.common.rest_client [req-c593aab1-b30d-456b-a54c-d235539545a1 req-c593aab1-b30d-456b-a54c-d235539545a1 ] Request (InstanceActionsV221TestJSON:test_get_list_deleted_instance_actions): 200 GET http://10.180.1.21/compute/v2.1/servers/842633ee-19a5-44d6-bdef-c9f81e5af11e 0.193s
2024-10-24 12:56:40.539 62343 INFO tempest.lib.common.rest_client [req-d71cfd33-11ca-4c0e-b625-c9284523c737 req-d71cfd33-11ca-4c0e-b625-c9284523c737 ] Request (ServerActionsTestOtherA:setUpClass): 202 POST http://10.180.1.21/compute/v2.1/servers 0.448s
2024-10-24 12:56:40.577 62355 INFO tempest.lib.common.rest_client [req-d4de1851-664a-4cda-bf22-49373579b76f req-d4de1851-664a-4cda-bf22-49373579b76f ] Request (ImagesTestJSON:test_create_image_from_suspended_server): 200 GET http://10.180.1.21/compute/v2.1/servers/cbcb5b42-06ab-41e4-ad08-d285b0863bfb 0.258s
2024-10-24 12:56:40.604 62349 INFO tempest.lib.common.rest_client [req-5a3c143e-e3ca-4be5-88ef-97ae499fc535 req-5a3c143e-e3ca-4be5-88ef-97ae499fc535 ] Request (ServersAdminTestJSON:setUpClass): 200 GET http://10.180.1.21/compute/v2.1/servers/4839c06e-f55a-4162-8eae-cfaeae07cdae 0.210s
2024-10-24 12:56:40.639 62323 INFO tempest.lib.common.rest_client [req-91dc2e6c-7254-406f-a30a-75ffbf481403 req-91dc2e6c-7254-406f-a30a-75ffbf481403 ] Request (ImagesOneServerTestJSON:setUpClass): 200 GET http://10.180.1.21/compute/v2.1/servers/ce3a7a32-424a-48a4-b5c5-2a25190943f5 0.192s
2024-10-24 12:56:40.736 62311 INFO tempest.lib.common.rest_client [req-90443da3-70a6-4a76-8066-c343cb601c4e req-90443da3-70a6-4a76-8066-c343cb601c4e ] Request (VolumesAdminNegativeTest:test_update_attached_volume_with_nonexistent_volume_in_body): 200 POST http://10.180.1.21/compute/v2.1/os-keypairs 0.283s
2024-10-24 12:56:40.754 62317 INFO tempest.lib.common.rest_client [req-7e01222f-6d05-407d-a68a-26db8d84ead7 req-7e01222f-6d05-407d-a68a-26db8d84ead7 ] Request (ServersAdmin275Test:tearDownClass): 200 GET http://10.180.1.21/compute/v2.1/servers/733343f7-99e2-4e07-94eb-1b66458d799a 0.251s
2024-10-24 12:56:40.783 62343 INFO tempest.lib.common.rest_client [req-6f311ead-dafc-45e8-a036-15a684956acc req-6f311ead-dafc-45e8-a036-15a684956acc ] Request (ServerActionsTestOtherA:setUpClass): 200 GET http://10.180.1.21/compute/v2.1/servers/05b868fd-401e-48b7-928f-a39c002bbe71 0.242s
2024-10-24 12:56:40.811 62363 INFO tempest.lib.common.rest_client [req-4010a055-f37d-49b6-8b3b-0f3a7c49c3fb req-4010a055-f37d-49b6-8b3b-0f3a7c49c3fb ] Request (AttachVolumeShelveTestJSON:test_attach_volume_shelved_or_offload_server): 200 GET http://10.180.1.21/compute/v2.1/servers/71a5a130-fd26-4cf5-9b27-520f9eb62c55 0.246s
2024-10-24 12:56:40.836 62313 INFO tempest.lib.common.rest_client [req-47f0ddb0-e569-4191-9054-e77fc3daf787 req-47f0ddb0-e569-4191-9054-e77fc3daf787 ] Request (ServersAdminNegativeTestJSON:setUpClass): 200 GET http://10.180.1.21/compute/v2.1/servers/18b4e8c7-3517-46b2-b0a1-8d17bb222874 0.212s
2024-10-24 12:56:40.859 62331 INFO tempest.lib.common.rest_client [req-c230df6e-0f7d-4421-8b9d-00404dd5ae9e req-c230df6e-0f7d-4421-8b9d-00404dd5ae9e ] Request (ServersV294TestFqdnHostnames:setUpClass): 200 GET http://10.180.1.21/compute/v2.1/servers/9b950dc9-d79c-4b30-8b71-1910b46ffd9b 0.217s
2024-10-24 12:56:40.860 62311 INFO tempest.lib.common.rest_client [req-6b71a69c-201c-47d4-80c5-4515051c3e71 req-6b71a69c-201c-47d4-80c5-4515051c3e71 ] Request (VolumesAdminNegativeTest:test_update_attached_volume_with_nonexistent_volume_in_body): 201 POST http://10.180.1.21:9696/networking/v2.0/security-groups 0.123s
2024-10-24 12:56:40.882 62369 INFO tempest.lib.common.rest_client [req-ef32e116-3288-4cda-8f64-1904d2dfa1c1 req-ef32e116-3288-4cda-8f64-1904d2dfa1c1 ] Request (MultipleCreateTestJSON:test_multiple_create_with_reservation_return): 200 GET http://10.180.1.21/compute/v2.1/servers/6ba7ca7d-173d-41d3-b523-3548a67397c4 0.185s
2024-10-24 12:56:40.931 62372 INFO tempest.lib.common.rest_client [req-911845a2-818b-482a-ba9e-a34266d5083a req-911845a2-818b-482a-ba9e-a34266d5083a ] Request (ServerShowV247Test:test_update_rebuild_list_server): 200 GET http://10.180.1.21/compute/v2.1/servers/2315bd37-6151-42d7-8b54-9ee367be0ed1 0.213s
2024-10-24 12:56:41.001 62345 INFO tempest.lib.common.rest_client [req-5214d892-4e40-4dd2-9170-2f9aa6a6217a req-5214d892-4e40-4dd2-9170-2f9aa6a6217a ] Request (ServersTestFqdnHostnames:test_create_server_with_fqdn_name): 200 GET http://10.180.1.21/compute/v2.1/servers/39f7c5ee-7d07-4516-b008-40d5778cf139 0.231s
2024-10-24 12:56:41.013 62311 INFO tempest.lib.common.rest_client [req-0429d975-f254-4162-bf24-aa674505bdec req-0429d975-f254-4162-bf24-aa674505bdec ] Request (VolumesAdminNegativeTest:test_update_attached_volume_with_nonexistent_volume_in_body): 201 POST http://10.180.1.21:9696/networking/v2.0/security-group-rules 0.152s
2024-10-24 12:56:41.162 62337 INFO tempest.lib.common.rest_client [req-e51e4dc3-0d61-4585-b261-43f6dfb41201 req-e51e4dc3-0d61-4585-b261-43f6dfb41201 ] Request (ServersWithSpecificFlavorTestJSON:test_verify_created_server_ephemeral_disk): 200 GET http://10.180.1.21/compute/v2.1/servers/cd0af99e-0a90-4aa4-80b5-f6a7a3b7ec59 0.400s
2024-10-24 12:56:41.171 62337 INFO tempest.common.waiters [-] State transition "BUILD/networking" ==> "BUILD/spawning" after 45 second wait
2024-10-24 12:56:41.202 62365 INFO tempest.lib.common.rest_client [req-0c794c04-f5df-4cf4-94ed-b6f16fb63864 req-0c794c04-f5df-4cf4-94ed-b6f16fb63864 ] Request (ServerActionsV293TestJSON:setUpClass): 200 GET http://10.180.1.21/volume/v3/volumes/e9669362-c0b6-4963-8dc6-bb41f389b0ec 0.049s
2024-10-24 12:56:41.216 62321 INFO tempest.lib.common.rest_client [req-ff97c45a-1012-41c2-a2a9-3f8dfd7e0d15 req-ff97c45a-1012-41c2-a2a9-3f8dfd7e0d15 ] Request (ListServersNegativeTestJSON:setUpClass): 200 GET http://10.180.1.21/compute/v2.1/servers/5670d64c-bddc-4b4a-bdf0-2b039be5e49e 0.376s
2024-10-24 12:56:41.221 62327 INFO tempest.lib.common.rest_client [req-e3ca0b77-1e4c-4d42-8396-712cbd703d36 req-e3ca0b77-1e4c-4d42-8396-712cbd703d36 ] Request (ServersTestJSON:setUpClass): 200 GET http://10.180.1.21/compute/v2.1/servers/c332c6fd-1edd-4d9e-85a9-32a408f9d05e 0.397s
2024-10-24 12:56:41.265 62333 INFO tempest.lib.common.rest_client [req-a85d876b-745a-461e-a121-0932dc6d53e8 req-a85d876b-745a-461e-a121-0932dc6d53e8 ] Request (ServerAddressesNegativeTestJSON:setUpClass): 200 GET http://10.180.1.21/compute/v2.1/servers/e40e1443-6d5d-41e1-9822-08b782e39d27 0.381s
2024-10-24 12:56:41.285 62325 INFO tempest.lib.common.rest_client [req-248b752b-443a-46eb-b9db-ca4dc428b5cf req-248b752b-443a-46eb-b9db-ca4dc428b5cf ] Request (ServerExternalEventsTest:test_create_server_external_events): 200 GET http://10.180.1.21/compute/v2.1/servers/b2ec37a4-09f6-428c-bca9-1ec121c9c390 0.393s
2024-10-24 12:56:41.319 62351 INFO tempest.lib.common.rest_client [req-e65e15ba-43c7-4699-8920-2643e8616bd0 req-e65e15ba-43c7-4699-8920-2643e8616bd0 ] Request (VolumesAssistedSnapshotsTest:test_volume_assisted_snapshot_create_delete): 200 GET http://10.180.1.21/compute/v2.1/servers/8d858fe9-1c97-457b-87ba-2d405bb7dcc0 0.369s
2024-10-24 12:56:41.339 62373 INFO tempest.lib.common.rest_client [req-0ea6862f-fedb-45cc-8082-4cfa1f153f32 req-0ea6862f-fedb-45cc-8082-4cfa1f153f32 ] Request (ServerActionsTestJSON:setUpClass): 200 GET http://10.180.1.21/compute/v2.1/servers/01c864cd-58a3-4061-836d-6a86ad37e4c4 0.378s
2024-10-24 12:56:41.348 62311 INFO tempest.lib.common.rest_client [req-3b4b6e95-e559-4450-a061-ab9179698816 req-3b4b6e95-e559-4450-a061-ab9179698816 ] Request (VolumesAdminNegativeTest:test_update_attached_volume_with_nonexistent_volume_in_body): 201 POST http://10.180.1.21:9696/networking/v2.0/security-group-rules 0.335s
2024-10-24 12:56:41.370 62357 INFO tempest.lib.common.rest_client [req-d3514489-5586-445f-9f06-502440a98a66 req-d3514489-5586-445f-9f06-502440a98a66 ] Request (AttachVolumeNegativeTest:test_attach_attached_volume_to_different_server): 200 GET http://10.180.1.21/compute/v2.1/servers/374062de-1242-44bd-b658-e8976f8c3b6c 0.344s
2024-10-24 12:56:41.401 62315 INFO tempest.lib.common.rest_client [req-d997b3d3-8338-4c0b-9603-c7d6a32dbadf req-d997b3d3-8338-4c0b-9603-c7d6a32dbadf ] Request (MigrationsAdminTest:test_resize_server_revert_deleted_flavor): 200 GET http://10.180.1.21/compute/v2.1/servers/6dd1097f-7353-4938-be2b-51c248e45fe2 0.309s
2024-10-24 12:56:41.429 62347 INFO tempest.lib.common.rest_client [req-78556bad-3195-4955-856e-21ed22f0c375 req-78556bad-3195-4955-856e-21ed22f0c375 ] Request (ServerAddressesTestJSON:setUpClass): 200 GET http://10.180.1.21/compute/v2.1/servers/b0343f07-0539-4395-81c8-46ca1f2a8920 0.298s
2024-10-24 12:56:41.460 62339 INFO tempest.lib.common.rest_client [req-45dced52-5b4f-4cdb-8cce-b29cef0af481 req-45dced52-5b4f-4cdb-8cce-b29cef0af481 ] Request (InstanceActionsTestJSON:setUpClass): 200 GET http://10.180.1.21/compute/v2.1/servers/395cd695-c6a0-4c7e-ad0b-8ee5d4f64cfa 0.264s
2024-10-24 12:56:41.495 62329 INFO tempest.lib.common.rest_client [req-c20943d2-37c7-45cb-835b-108f422f316a req-c20943d2-37c7-45cb-835b-108f422f316a ] Request (AttachInterfacesTestJSON:test_create_list_show_delete_interfaces_by_fixed_ip): 200 GET http://10.180.1.21/compute/v2.1/servers/62d7c997-cd38-43f5-a571-78a055ad05f7 0.236s
2024-10-24 12:56:41.524 62319 INFO tempest.lib.common.rest_client [req-9411b3c9-39e9-4b01-807c-96f554422956 req-9411b3c9-39e9-4b01-807c-96f554422956 ] Request (FloatingIPsAssociationTestJSON:setUpClass): 200 GET http://10.180.1.21/compute/v2.1/servers/b5625b76-37e3-49be-bd3b-8b864021dbd1 0.199s
2024-10-24 12:56:41.605 62367 INFO tempest.lib.common.rest_client [req-fc987f41-d012-4bbd-8268-0c0e31f07c45 req-fc987f41-d012-4bbd-8268-0c0e31f07c45 ] Request (ServerShowV254Test:tearDownClass): 200 GET http://10.180.1.21/compute/v2.1/servers/33029a57-19d2-45eb-b4ec-f50c47d3dc12 0.142s
2024-10-24 12:56:41.693 62359 INFO tempest.lib.common.rest_client [req-68c37919-9ccf-4d8a-8eef-d6052f28a3ca req-68c37919-9ccf-4d8a-8eef-d6052f28a3ca ] Request (InstanceActionsV221TestJSON:test_get_list_deleted_instance_actions): 200 GET http://10.180.1.21/compute/v2.1/servers/842633ee-19a5-44d6-bdef-c9f81e5af11e 0.176s
2024-10-24 12:56:41.744 62361 INFO tempest.lib.common.rest_client [req-cf10a39a-25c3-446b-96cb-1a3872d1ccec req-cf10a39a-25c3-446b-96cb-1a3872d1ccec ] Request (ServerDiskConfigTestJSON:test_rebuild_server_with_manual_disk_config): 200 GET http://10.180.1.21/compute/v2.1/servers/54e03464-0f37-4f4d-8746-821e73da0541 0.355s
2024-10-24 12:56:41.748 62355 INFO tempest.lib.common.rest_client [req-c1521b3d-92fc-4c11-b452-ede7ea8b6753 req-c1521b3d-92fc-4c11-b452-ede7ea8b6753 ] Request (ImagesTestJSON:test_create_image_from_suspended_server): 200 GET http://10.180.1.21/compute/v2.1/servers/cbcb5b42-06ab-41e4-ad08-d285b0863bfb 0.161s
2024-10-24 12:56:41.806 62349 INFO tempest.lib.common.rest_client [req-5a5ffbd9-83b8-4aae-af50-e541e6c588db req-5a5ffbd9-83b8-4aae-af50-e541e6c588db ] Request (ServersAdminTestJSON:setUpClass): 200 GET http://10.180.1.21/compute/v2.1/servers/4839c06e-f55a-4162-8eae-cfaeae07cdae 0.186s
2024-10-24 12:56:41.820 62323 INFO tempest.lib.common.rest_client [req-d4fbf69b-9ffc-4aab-9cb8-2d22b71e13e6 req-d4fbf69b-9ffc-4aab-9cb8-2d22b71e13e6 ] Request (ImagesOneServerTestJSON:setUpClass): 200 GET http://10.180.1.21/compute/v2.1/servers/ce3a7a32-424a-48a4-b5c5-2a25190943f5 0.171s
2024-10-24 12:56:41.868 62343 INFO tempest.lib.common.rest_client [req-3455f0ae-b7ad-4eb7-8d3e-6ec602a6eb4c req-3455f0ae-b7ad-4eb7-8d3e-6ec602a6eb4c ] Request (ServerActionsTestOtherA:setUpClass): 200 GET http://10.180.1.21/compute/v2.1/servers/05b868fd-401e-48b7-928f-a39c002bbe71 0.076s
2024-10-24 12:56:41.875 62317 INFO tempest.lib.common.rest_client [req-e2a3d50b-c0e2-40c8-8705-283e9396eb1c req-e2a3d50b-c0e2-40c8-8705-283e9396eb1c ] Request (ServersAdmin275Test:tearDownClass): 200 GET http://10.180.1.21/compute/v2.1/servers/733343f7-99e2-4e07-94eb-1b66458d799a 0.110s
2024-10-24 12:56:41.918 62363 INFO tempest.lib.common.rest_client [req-24e6475d-9143-4260-8dbc-07e4cf05b94b req-24e6475d-9143-4260-8dbc-07e4cf05b94b ] Request (AttachVolumeShelveTestJSON:test_attach_volume_shelved_or_offload_server): 200 GET http://10.180.1.21/compute/v2.1/servers/71a5a130-fd26-4cf5-9b27-520f9eb62c55 0.097s
2024-10-24 12:56:41.943 62313 INFO tempest.lib.common.rest_client [req-f801ef85-f979-429f-b4ba-62a02ad15546 req-f801ef85-f979-429f-b4ba-62a02ad15546 ] Request (ServersAdminNegativeTestJSON:setUpClass): 200 GET http://10.180.1.21/compute/v2.1/servers/18b4e8c7-3517-46b2-b0a1-8d17bb222874 0.094s
2024-10-24 12:56:41.968 62331 INFO tempest.lib.common.rest_client [req-c835f9a0-7c24-4844-a8c7-3131bd5a047d req-c835f9a0-7c24-4844-a8c7-3131bd5a047d ] Request (ServersV294TestFqdnHostnames:setUpClass): 200 GET http://10.180.1.21/compute/v2.1/servers/9b950dc9-d79c-4b30-8b71-1910b46ffd9b 0.100s
2024-10-24 12:56:42.003 62369 INFO tempest.lib.common.rest_client [req-4b008ccf-fd59-4ad5-9d67-9ad6f1c1e4a3 req-4b008ccf-fd59-4ad5-9d67-9ad6f1c1e4a3 ] Request (MultipleCreateTestJSON:test_multiple_create_with_reservation_return): 200 GET http://10.180.1.21/compute/v2.1/servers/6ba7ca7d-173d-41d3-b523-3548a67397c4 0.111s
2024-10-24 12:56:42.013 62372 INFO tempest.lib.common.rest_client [req-047235fc-7746-43cf-ab2e-ad80ec52979f req-047235fc-7746-43cf-ab2e-ad80ec52979f ] Request (ServerShowV247Test:test_update_rebuild_list_server): 200 GET http://10.180.1.21/compute/v2.1/servers/2315bd37-6151-42d7-8b54-9ee367be0ed1 0.071s
2024-10-24 12:56:42.072 62345 INFO tempest.lib.common.rest_client [req-b8e76438-5990-4ed1-b255-e09dc1b8e741 req-b8e76438-5990-4ed1-b255-e09dc1b8e741 ] Request (ServersTestFqdnHostnames:test_create_server_with_fqdn_name): 200 GET http://10.180.1.21/compute/v2.1/servers/39f7c5ee-7d07-4516-b008-40d5778cf139 0.061s
2024-10-24 12:56:42.087 62311 INFO tempest.lib.common.rest_client [req-f3e5bf63-338e-4d42-9e3b-f992f8fb59fe req-f3e5bf63-338e-4d42-9e3b-f992f8fb59fe ] Request (VolumesAdminNegativeTest:test_update_attached_volume_with_nonexistent_volume_in_body): 201 POST http://10.180.1.21:9696/networking/v2.0/floatingips 0.738s
2024-10-24 12:56:42.117 62311 INFO tempest.lib.common.rest_client [req-4292faa3-1f74-445b-b89b-1d59e7aed65f req-4292faa3-1f74-445b-b89b-1d59e7aed65f ] Request (VolumesAdminNegativeTest:test_update_attached_volume_with_nonexistent_volume_in_body): 201 POST http://10.180.1.21/identity/v3/auth/tokens 0.027s
2024-10-24 12:56:42.118 62311 INFO tempest.lib.common.fixed_network [-] (VolumesAdminNegativeTest:test_update_attached_volume_with_nonexistent_volume_in_body) Found network {'id': 'b78b4b2d-27f5-44cd-970e-f9162da4173c', 'name': 'tempest-VolumesAdminNegativeTest-836906968-network', 'tenant_id': 'a5810b150c2146a58b8ceb44592a03e9', 'admin_state_up': True, 'mtu': 8950, 'status': 'ACTIVE', 'subnets': [], 'shared': False, 'project_id': 'a5810b150c2146a58b8ceb44592a03e9', 'port_security_enabled': True, 'router:external': False, 'provider:network_type': 'vlan', 'provider:physical_network': 'default', 'provider:segmentation_id': 992, 'is_default': False, 'availability_zone_hints': [], 'availability_zones': [], 'ipv4_address_scope': None, 'ipv6_address_scope': None, 'description': '', 'tags': [], 'created_at': '2024-10-24T12:56:31Z', 'updated_at': '2024-10-24T12:56:31Z', 'revision_number': 1} available for tenant
2024-10-24 12:56:42.223 62337 INFO tempest.lib.common.rest_client [req-fc29af3b-5291-402d-9bb9-80fd71f5a34e req-fc29af3b-5291-402d-9bb9-80fd71f5a34e ] Request (ServersWithSpecificFlavorTestJSON:test_verify_created_server_ephemeral_disk): 200 GET http://10.180.1.21/compute/v2.1/servers/cd0af99e-0a90-4aa4-80b5-f6a7a3b7ec59 0.050s
2024-10-24 12:56:42.238 62365 INFO tempest.lib.common.rest_client [req-4078beb2-3aba-4d57-aa23-a52c5a9550ee req-4078beb2-3aba-4d57-aa23-a52c5a9550ee ] Request (ServerActionsV293TestJSON:setUpClass): 200 GET http://10.180.1.21/volume/v3/volumes/e9669362-c0b6-4963-8dc6-bb41f389b0ec 0.027s
2024-10-24 12:56:42.245 62365 INFO tempest.common.waiters [-] volume e9669362-c0b6-4963-8dc6-bb41f389b0ec reached available after waiting for 19.244989 seconds
2024-10-24 12:56:42.275 62327 INFO tempest.lib.common.rest_client [req-6f26af13-058b-4c30-afd6-d9686415dcb5 req-6f26af13-058b-4c30-afd6-d9686415dcb5 ] Request (ServersTestJSON:setUpClass): 200 GET http://10.180.1.21/compute/v2.1/servers/c332c6fd-1edd-4d9e-85a9-32a408f9d05e 0.048s
