2024-10-24 12:57:20.403 62325 INFO tempest.lib.common.rest_client [req-6d248bd6-138e-4e3c-b645-31883a7a2aed req-6d248bd6-138e-4e3c-b645-31883a7a2aed ] Request (ServerExternalEventsTest:test_create_server_external_events): 200 GET http://10.180.1.21/compute/v2.1/servers/b2ec37a4-09f6-428c-bca9-1ec121c9c390 0.099s
2024-10-24 12:57:20.414 62373 INFO tempest.lib.common.rest_client [req-7095929f-211c-40a4-a6d3-80be862bb92c req-7095929f-211c-40a4-a6d3-80be862bb92c ] Request (ServerActionsTestJSON:tearDownClass): 204 DELETE http://10.180.1.21:9696/networking/v2.0/subnets/3829607d-3bf9-4b0c-85fd-452f66a52a41 0.149s
2024-10-24 12:57:20.464 62357 INFO tempest.lib.common.rest_client [req-48f1031a-c6d1-4dc8-9281-0eff0e6c67ae req-48f1031a-c6d1-4dc8-9281-0eff0e6c67ae ] Request (AttachVolumeNegativeTest:test_attach_attached_volume_to_different_server): 200 GET http://10.180.1.21/compute/v2.1/servers/374062de-1242-44bd-b658-e8976f8c3b6c 0.129s
2024-10-24 12:57:20.490 62351 INFO tempest.lib.common.rest_client [req-a9113000-3f39-4c51-a0ab-51745c3f62b8 req-a9113000-3f39-4c51-a0ab-51745c3f62b8 ] Request (ImagesMetadataTestJSON:setUpClass): 204 PUT http://10.180.1.21/image/v2/images/e19fe13b-1e8d-45d5-8f39-b98c5aa56953/file 0.528s
2024-10-24 12:57:20.515 62337 INFO tempest.lib.common.rest_client [req-bafec945-931a-420b-a3f0-14a2c3f3d7fc req-bafec945-931a-420b-a3f0-14a2c3f3d7fc ] Request (DeleteServersAdminTestJSON:test_admin_delete_servers_of_others): 202 POST http://10.180.1.21/compute/v2.1/servers 0.264s
2024-10-24 12:57:20.525 62315 INFO tempest.lib.common.rest_client [req-1d2b982b-acc6-40a3-b853-d8f8cccc45a6 req-1d2b982b-acc6-40a3-b853-d8f8cccc45a6 ] Request (MigrationsAdminTest:test_resize_server_revert_deleted_flavor): 200 GET http://10.180.1.21/compute/v2.1/servers/6dd1097f-7353-4938-be2b-51c248e45fe2 0.132s
2024-10-24 12:57:20.549 62351 INFO tempest.lib.common.rest_client [req-55c4a116-f2fe-4f93-9c90-17418de1b4a1 req-55c4a116-f2fe-4f93-9c90-17418de1b4a1 ] Request (ImagesMetadataTestJSON:setUpClass): 200 GET http://10.180.1.21/compute/v2.1/images/e19fe13b-1e8d-45d5-8f39-b98c5aa56953 0.059s
2024-10-24 12:57:20.579 62311 INFO tempest.lib.common.rest_client [req-2aa30de6-265e-4e26-b1ee-cdb03c17391c req-2aa30de6-265e-4e26-b1ee-cdb03c17391c ] Request (VolumesAdminNegativeTest:test_update_attached_volume_with_nonexistent_volume_in_body): 200 GET http://10.180.1.21/compute/v2.1/servers/3a804973-af62-4de1-a4ee-5943209c5884 0.088s
2024-10-24 12:57:20.594 62337 INFO tempest.lib.common.rest_client [req-85bd1f3f-cb70-4b10-8b75-cb3c2a5169f8 req-85bd1f3f-cb70-4b10-8b75-cb3c2a5169f8 ] Request (DeleteServersAdminTestJSON:test_admin_delete_servers_of_others): 200 GET http://10.180.1.21/compute/v2.1/servers/d013c1e1-952a-4b76-a44d-8499f5159c42 0.077s
2024-10-24 12:57:20.674 62331 INFO tempest.lib.common.rest_client [req-912d25a0-b611-435d-ae5d-9bd38d037e9d req-912d25a0-b611-435d-ae5d-9bd38d037e9d ] Request (ServersV294TestFqdnHostnames:setUpClass): 200 GET http://10.180.1.21/compute/v2.1/servers/9b950dc9-d79c-4b30-8b71-1910b46ffd9b 0.110s
2024-10-24 12:57:20.685 62331 INFO tempest.common.waiters [-] State transition "BUILD/scheduling" ==> "ERROR/None" after 82 second wait
2024-10-24 12:57:20.726 62339 INFO tempest.lib.common.rest_client [req-5c1a33a2-f1ed-4fc8-9112-e5a2c06bd307 req-5c1a33a2-f1ed-4fc8-9112-e5a2c06bd307 ] Request (InstanceActionsTestJSON:setUpClass): 200 GET http://10.180.1.21/compute/v2.1/servers/395cd695-c6a0-4c7e-ad0b-8ee5d4f64cfa 0.118s
2024-10-24 12:57:20.734 62373 INFO tempest.lib.common.rest_client [req-38924b80-48aa-41b5-8ad7-f84caf9ba77f req-38924b80-48aa-41b5-8ad7-f84caf9ba77f ] Request (ServerActionsTestJSON:tearDownClass): 204 DELETE http://10.180.1.21:9696/networking/v2.0/networks/1a452aa9-e798-46bd-bf5b-23912bb123d0 0.319s
2024-10-24 12:57:20.784 62319 INFO tempest.lib.common.rest_client [req-3b13b258-0d2e-4ba4-800e-d448edded541 req-3b13b258-0d2e-4ba4-800e-d448edded541 ] Request (FloatingIPsAssociationTestJSON:setUpClass): 200 GET http://10.180.1.21/compute/v2.1/servers/b5625b76-37e3-49be-bd3b-8b864021dbd1 0.118s
2024-10-24 12:57:20.818 62351 INFO tempest.lib.common.rest_client [req-892db4ce-4aa8-4451-8c41-72bb1dc015e7 req-892db4ce-4aa8-4451-8c41-72bb1dc015e7 ] Request (ImagesMetadataTestJSON:setUp): 200 PUT http://10.180.1.21/compute/v2.1/images/e19fe13b-1e8d-45d5-8f39-b98c5aa56953/metadata 0.265s
2024-10-24 12:57:20.831 62367 INFO tempest.lib.common.rest_client [req-11db4002-dee2-419b-960b-f338f71a2170 req-11db4002-dee2-419b-960b-f338f71a2170 ] Request (AttachVolumeTestJSON:test_attach_detach_volume): 200 GET http://10.180.1.21/compute/v2.1/servers/ad374170-21a1-4036-9804-b82493701abf 0.164s
2024-10-24 12:57:20.834 62373 INFO tempest.lib.common.rest_client [req-421e9db2-992c-4a1c-bc80-615f9dc92dd0 req-421e9db2-992c-4a1c-bc80-615f9dc92dd0 ] Request (ServerActionsTestJSON:tearDownClass): 204 DELETE http://10.180.1.21/identity/v3/users/c5bb906a9a674c69b91c40b5851d25b1 0.099s
2024-10-24 12:57:20.834 62373 INFO tempest.lib.common.dynamic_creds [-] Deleting project and security group for project: a13dd69e57ab4154bcc238375cda40f8
2024-10-24 12:57:20.868 62373 INFO tempest.lib.common.rest_client [req-cca4de5a-e5ce-4be2-a14b-c08d419ad4aa req-cca4de5a-e5ce-4be2-a14b-c08d419ad4aa ] Request (ServerActionsTestJSON:tearDownClass): 200 GET http://10.180.1.21:9696/networking/v2.0/security-groups?tenant_id=a13dd69e57ab4154bcc238375cda40f8&name=default 0.034s
2024-10-24 12:57:20.875 62359 INFO tempest.lib.common.rest_client [req-759c5b5d-d61c-464b-b353-16be316bea80 req-759c5b5d-d61c-464b-b353-16be316bea80 ] Request (InstanceActionsV221TestJSON:test_get_list_deleted_instance_actions): 200 GET http://10.180.1.21/compute/v2.1/servers/842633ee-19a5-44d6-bdef-c9f81e5af11e 0.121s
2024-10-24 12:57:20.889 62333 INFO tempest.lib.common.rest_client [req-fd262f49-cc6d-434e-b69d-3258a2e8c718 req-fd262f49-cc6d-434e-b69d-3258a2e8c718 ] Request (VolumesTestJSON:setUpClass): 200 GET http://10.180.1.21/volume/v3/volumes/aa22cb5c-be40-423e-865a-5bc3125f3188 0.029s
2024-10-24 12:57:20.894 62333 INFO tempest.common.waiters [-] volume aa22cb5c-be40-423e-865a-5bc3125f3188 reached available after waiting for 1.894940 seconds
2024-10-24 12:57:20.960 62373 INFO tempest.lib.common.rest_client [req-3abb6a71-5dd3-419a-afc2-bf1f0a222064 req-3abb6a71-5dd3-419a-afc2-bf1f0a222064 ] Request (ServerActionsTestJSON:tearDownClass): 204 DELETE http://10.180.1.21:9696/networking/v2.0/security-groups/36fa2de4-9f59-44c1-9382-3cc165b3414b 0.092s
2024-10-24 12:57:21.002 62351 INFO tempest.lib.common.rest_client [req-4bf38630-e730-4c37-8223-76c556fe5d8d req-4bf38630-e730-4c37-8223-76c556fe5d8d ] Request (ImagesMetadataTestJSON:test_delete_image_metadata_item): 204 DELETE http://10.180.1.21/compute/v2.1/images/e19fe13b-1e8d-45d5-8f39-b98c5aa56953/metadata/os_version 0.183s
2024-10-24 12:57:21.005 62331 INFO tempest.lib.common.rest_client [req-e3e941c1-b079-4592-872b-fd9556988211 req-e3e941c1-b079-4592-872b-fd9556988211 ] Request (ServersV294TestFqdnHostnames:setUpClass): 204 DELETE http://10.180.1.21/compute/v2.1/servers/9b950dc9-d79c-4b30-8b71-1910b46ffd9b 0.319s
2024-10-24 12:57:21.055 62373 INFO tempest.lib.common.rest_client [req-17c93849-335b-4cdd-a4e8-ef55164a5659 req-17c93849-335b-4cdd-a4e8-ef55164a5659 ] Request (ServerActionsTestJSON:tearDownClass): 204 DELETE http://10.180.1.21/identity/v3/projects/a13dd69e57ab4154bcc238375cda40f8 0.094s
2024-10-24 12:57:21.064 62361 INFO tempest.lib.common.rest_client [req-be0967f7-7337-4a2e-8538-61b2a5fdb205 req-be0967f7-7337-4a2e-8538-61b2a5fdb205 ] Request (ServerDiskConfigTestJSON:test_rebuild_server_with_manual_disk_config): 200 GET http://10.180.1.21/compute/v2.1/servers/54e03464-0f37-4f4d-8746-821e73da0541 0.241s
2024-10-24 12:57:21.065 62347 INFO tempest.lib.common.rest_client [req-959c9447-3380-4089-acf1-492e9d2dadef req-959c9447-3380-4089-acf1-492e9d2dadef ] Request (ServerAddressesTestJSON:setUpClass): 200 GET http://10.180.1.21/compute/v2.1/servers/b0343f07-0539-4395-81c8-46ca1f2a8920 0.234s
2024-10-24 12:57:21.099 62333 INFO tempest.lib.common.rest_client [req-20c93173-c351-4702-9c07-916328a0de39 req-20c93173-c351-4702-9c07-916328a0de39 ] Request (VolumesTestJSON:setUpClass): 200 GET http://10.180.1.21/compute/v2.1/os-volumes/aa22cb5c-be40-423e-865a-5bc3125f3188 0.204s
2024-10-24 12:57:21.116 62329 INFO tempest.lib.common.rest_client [req-4f00f29c-9ed5-40be-a902-18ee02094e3b req-4f00f29c-9ed5-40be-a902-18ee02094e3b ] Request (AttachInterfacesTestJSON:test_create_list_show_delete_interfaces_by_network_port): 200 GET http://10.180.1.21/compute/v2.1/servers/443ad254-3d5d-4fb8-a565-ce70c352e3f2 0.232s
2024-10-24 12:57:21.120 62323 INFO tempest.lib.common.rest_client [req-62e2b6c1-af19-439d-b8ae-df80f847e1a3 req-62e2b6c1-af19-439d-b8ae-df80f847e1a3 ] Request (ListImageFiltersTestJSON:setUpClass): 204 PUT http://10.180.1.21/image/v2/images/f3379b47-8c1f-46f4-9d4f-db4f18ea8bc0/file 0.612s
2024-10-24 12:57:21.133 62373 INFO tempest.lib.common.rest_client [req-49e88b24-d685-4260-a15a-8bc83d0fb2b5 req-49e88b24-d685-4260-a15a-8bc83d0fb2b5 ] Request (ServerMetadataTestJSON:setUpClass): 201 POST http://10.180.1.21/identity/v3/auth/tokens 0.074s
2024-10-24 12:57:21.163 62373 INFO tempest.lib.common.rest_client [req-4f3618ee-84fc-4351-a15b-14673e44fe61 req-4f3618ee-84fc-4351-a15b-14673e44fe61 ] Request (ServerMetadataTestJSON:setUpClass): 201 POST http://10.180.1.21/identity/v3/auth/tokens 0.027s
2024-10-24 12:57:21.163 62349 INFO tempest.lib.common.rest_client [req-d3abf326-906b-4d71-a59f-300b5df9bef8 req-d3abf326-906b-4d71-a59f-300b5df9bef8 ] Request (ServersAdminTestJSON:setUpClass): 200 GET http://10.180.1.21/compute/v2.1/servers/4839c06e-f55a-4162-8eae-cfaeae07cdae 0.266s
2024-10-24 12:57:21.166 62365 INFO tempest.lib.common.rest_client [req-61d1e8e6-2ec8-4373-803a-ab271162d089 req-61d1e8e6-2ec8-4373-803a-ab271162d089 ] Request (ServerActionsV293TestJSON:setUpClass): 200 GET http://10.180.1.21/compute/v2.1/servers/012e6d9c-0f02-4761-9639-9a8e8972ea2b 0.227s
2024-10-24 12:57:21.187 62373 INFO tempest.lib.common.rest_client [req-ba531a88-a85c-4022-9886-015f8caf6f19 req-ba531a88-a85c-4022-9886-015f8caf6f19 ] Request (ServerMetadataTestJSON:setUpClass): 200 GET http://10.180.1.21/identity/v3/domains?name=Default 0.024s
2024-10-24 12:57:21.215 62343 INFO tempest.lib.common.rest_client [req-3dfe6fe5-da57-458e-bcda-0e891e0bf52a req-3dfe6fe5-da57-458e-bcda-0e891e0bf52a ] Request (ServerActionsTestOtherA:setUpClass): 200 GET http://10.180.1.21/compute/v2.1/servers/05b868fd-401e-48b7-928f-a39c002bbe71 0.262s
2024-10-24 12:57:21.215 62355 INFO tempest.lib.common.rest_client [req-76be37fe-dea7-40c2-af38-e40b2c0e6a17 req-76be37fe-dea7-40c2-af38-e40b2c0e6a17 ] Request (ImagesTestJSON:test_create_image_from_suspended_server): 200 GET http://10.180.1.21/compute/v2.1/servers/cbcb5b42-06ab-41e4-ad08-d285b0863bfb 0.232s
2024-10-24 12:57:21.220 62373 INFO tempest.lib.common.rest_client [req-011657ff-4055-4c14-ad11-e7b1980695b4 req-011657ff-4055-4c14-ad11-e7b1980695b4 ] Request (ServerMetadataTestJSON:setUpClass): 201 POST http://10.180.1.21/identity/v3/projects 0.032s
2024-10-24 12:57:21.235 62331 INFO tempest.lib.common.rest_client [req-aa51a5c1-f1ca-4954-9cd7-e53dcd3162e7 req-aa51a5c1-f1ca-4954-9cd7-e53dcd3162e7 ] Request (ServersV294TestFqdnHostnames:setUpClass): 404 GET http://10.180.1.21/compute/v2.1/servers/9b950dc9-d79c-4b30-8b71-1910b46ffd9b 0.230s
2024-10-24 12:57:21.236 62331 INFO tempest.test [-] raised in ServersV294TestFqdnHostnames.setUpClass. Invoking tearDownClass.
2024-10-24 12:57:21.239 62333 INFO tempest.lib.common.rest_client [req-125e7ea5-0747-4ccc-8059-ced688d766c4 req-125e7ea5-0747-4ccc-8059-ced688d766c4 ] Request (VolumesTestJSON:setUpClass): 202 POST http://10.180.1.21/volume/v3/volumes 0.135s
2024-10-24 12:57:21.251 62351 INFO tempest.lib.common.rest_client [req-a5269515-382e-4825-9a22-a1e77045c50d req-a5269515-382e-4825-9a22-a1e77045c50d ] Request (ImagesMetadataTestJSON:test_delete_image_metadata_item): 200 GET http://10.180.1.21/compute/v2.1/images/e19fe13b-1e8d-45d5-8f39-b98c5aa56953/metadata 0.248s
2024-10-24 12:57:21.271 62333 INFO tempest.lib.common.rest_client [req-9edbac1a-4172-4629-8122-3c3769183a11 req-9edbac1a-4172-4629-8122-3c3769183a11 ] Request (VolumesTestJSON:setUpClass): 200 GET http://10.180.1.21/volume/v3/volumes/ab346a2e-9389-44cf-9014-a675598c8c52 0.027s
2024-10-24 12:57:21.280 62313 INFO tempest.lib.common.rest_client [req-b935c0e3-d62b-4985-98af-a5d340a0d2f0 req-b935c0e3-d62b-4985-98af-a5d340a0d2f0 ] Request (ServersAdminNegativeTestJSON:setUpClass): 200 GET http://10.180.1.21/compute/v2.1/servers/18b4e8c7-3517-46b2-b0a1-8d17bb222874 0.251s
2024-10-24 12:57:21.293 62373 INFO tempest.lib.common.rest_client [req-932e7f06-0a29-4848-b402-9c332858c294 req-932e7f06-0a29-4848-b402-9c332858c294 ] Request (ServerMetadataTestJSON:setUpClass): 201 POST http://10.180.1.21/identity/v3/users 0.073s
2024-10-24 12:57:21.309 62345 INFO tempest.lib.common.rest_client [req-150f2370-75ed-4288-abf2-708633f8156d req-150f2370-75ed-4288-abf2-708633f8156d ] Request (ServersTestFqdnHostnames:test_create_server_with_fqdn_name): 200 GET http://10.180.1.21/compute/v2.1/servers/39f7c5ee-7d07-4516-b008-40d5778cf139 0.263s
2024-10-24 12:57:21.315 62373 INFO tempest.lib.common.rest_client [req-cc637f5a-3be2-459d-a9a5-f674d59a0be5 req-cc637f5a-3be2-459d-a9a5-f674d59a0be5 ] Request (ServerMetadataTestJSON:setUpClass): 200 GET http://10.180.1.21/identity/v3/roles 0.021s
2024-10-24 12:57:21.324 62369 INFO tempest.lib.common.rest_client [req-42bad30a-30d5-4c6a-9786-69fe67a1e8f8 req-42bad30a-30d5-4c6a-9786-69fe67a1e8f8 ] Request (MultipleCreateTestJSON:test_multiple_create_with_reservation_return): 200 GET http://10.180.1.21/compute/v2.1/servers/6ba7ca7d-173d-41d3-b523-3548a67397c4 0.236s
2024-10-24 12:57:21.335 62323 INFO tempest.lib.common.rest_client [req-fe4a6e3b-85fc-4e11-8196-c3d8f031e89a req-fe4a6e3b-85fc-4e11-8196-c3d8f031e89a ] Request (ListImageFiltersTestJSON:setUpClass): 200 GET http://10.180.1.21/compute/v2.1/images/f3379b47-8c1f-46f4-9d4f-db4f18ea8bc0 0.213s
2024-10-24 12:57:21.342 62373 INFO tempest.lib.common.rest_client [req-99b3a422-10d4-447c-b37c-851eab41e36d req-99b3a422-10d4-447c-b37c-851eab41e36d ] Request (ServerMetadataTestJSON:setUpClass): 204 PUT http://10.180.1.21/identity/v3/projects/690494f653274225a0274d08c2d7c62f/users/15c08213249d436d8cc9b3e6dea9aad3/roles/b0ad5a71955948d986dc235ba966799b 0.026s
2024-10-24 12:57:21.342 62373 INFO tempest.lib.common.dynamic_creds [-] Dynamic test user 15c08213249d436d8cc9b3e6dea9aad3 is created with scope project and roles: ['member']
2024-10-24 12:57:21.342 62373 INFO tempest.lib.common.dynamic_creds [-] Acquired dynamic creds: credentials: Credentials: {'domain_id': 'default', 'domain_name': 'Default', 'username': 'tempest-ServerMetadataTestJSON-563360671-project-member', 'project_domain_id': 'default', 'project_domain_name': 'Default', 'project_id': '690494f653274225a0274d08c2d7c62f', 'project_name': 'tempest-ServerMetadataTestJSON-563360671', 'tenant_id': '690494f653274225a0274d08c2d7c62f', 'tenant_name': 'tempest-ServerMetadataTestJSON-563360671', 'user_domain_id': 'default', 'user_domain_name': 'Default', 'user_id': '15c08213249d436d8cc9b3e6dea9aad3', 'system': None}, Network: None, Subnet: None, Router: None
2024-10-24 12:57:21.372 62317 INFO tempest.lib.common.rest_client [req-b7259eea-4451-4a55-9f16-7a112ffa73af req-b7259eea-4451-4a55-9f16-7a112ffa73af ] Request (SecurityGroupsTestJSON:test_list_security_groups_by_server): 200 GET http://10.180.1.21/compute/v2.1/servers/079cb97b-b7d4-4f25-9f1d-f77f34a2efbe 0.228s
2024-10-24 12:57:21.380 62321 INFO tempest.lib.common.rest_client [req-e65e62a8-d5be-461b-bb39-eff8506de675 req-e65e62a8-d5be-461b-bb39-eff8506de675 ] Request (ListServersNegativeTestJSON:setUpClass): 200 GET http://10.180.1.21/compute/v2.1/servers/5670d64c-bddc-4b4a-bdf0-2b039be5e49e 0.183s
2024-10-24 12:57:21.396 62331 INFO tempest.lib.common.rest_client [req-3d3145d8-3335-4a6b-b1fc-61195fbe3c05 req-3d3145d8-3335-4a6b-b1fc-61195fbe3c05 ] Request (ServersV294TestFqdnHostnames:tearDownClass): 204 DELETE http://10.180.1.21/compute/v2.1/os-keypairs/tempest-keypair-775425864 0.160s
2024-10-24 12:57:21.405 62373 INFO tempest.lib.common.rest_client [req-efa838df-d462-474e-88b6-eed4e5e9bd9c req-efa838df-d462-474e-88b6-eed4e5e9bd9c ] Request (ServerMetadataTestJSON:setUpClass): 201 POST http://10.180.1.21/identity/v3/auth/tokens 0.062s
2024-10-24 12:57:21.421 62327 INFO tempest.lib.common.rest_client [req-6be19b5d-7767-4d4c-9fec-b1aead83f785 req-6be19b5d-7767-4d4c-9fec-b1aead83f785 ] Request (ServersTestJSON:setUpClass): 200 GET http://10.180.1.21/compute/v2.1/servers/c332c6fd-1edd-4d9e-85a9-32a408f9d05e 0.188s
2024-10-24 12:57:21.468 62363 INFO tempest.lib.common.rest_client [req-9b8c9985-45d6-4640-a7cc-720848ca1a3d req-9b8c9985-45d6-4640-a7cc-720848ca1a3d ] Request (AttachVolumeShelveTestJSON:test_attach_volume_shelved_or_offload_server): 200 GET http://10.180.1.21/compute/v2.1/servers/71a5a130-fd26-4cf5-9b27-520f9eb62c55 0.162s
2024-10-24 12:57:21.497 62331 INFO tempest.lib.common.rest_client [req-21e90dfb-929b-49cf-b797-061a80811db1 req-21e90dfb-929b-49cf-b797-061a80811db1 ] Request (ServersV294TestFqdnHostnames:tearDownClass): 204 DELETE http://10.180.1.21:9696/networking/v2.0/security-groups/d8e9ee7e-f640-4f99-a58b-14a7acc4b10d 0.100s
2024-10-24 12:57:21.501 62323 INFO tempest.lib.common.rest_client [req-1b55efc8-7239-46b4-8b09-5f227106043d req-1b55efc8-7239-46b4-8b09-5f227106043d ] Request (ListImageFiltersTestJSON:setUpClass): 200 GET http://10.180.1.21/compute/v2.1/images/f3379b47-8c1f-46f4-9d4f-db4f18ea8bc0 0.163s
2024-10-24 12:57:21.507 62331 INFO tempest.lib.common.rest_client [req-e4ba4c0b-a8d3-49d1-a6f1-f56cfc09bc49 req-e4ba4c0b-a8d3-49d1-a6f1-f56cfc09bc49 ] Request (ServersV294TestFqdnHostnames:tearDownClass): 404 GET http://10.180.1.21:9696/networking/v2.0/security-groups/d8e9ee7e-f640-4f99-a58b-14a7acc4b10d 0.010s
2024-10-24 12:57:21.566 62372 INFO tempest.lib.common.rest_client [req-42409c23-65ee-4a01-a865-8df1b79d18b1 req-42409c23-65ee-4a01-a865-8df1b79d18b1 ] Request (ServerShowV247Test:test_update_rebuild_list_server): 200 GET http://10.180.1.21/compute/v2.1/servers/2315bd37-6151-42d7-8b54-9ee367be0ed1 0.211s
2024-10-24 12:57:21.570 62323 INFO tempest.lib.common.rest_client [req-c33d7874-3edc-4dfa-a749-f077c50a0af9 req-c33d7874-3edc-4dfa-a749-f077c50a0af9 ] Request (ListImageFiltersTestJSON:setUpClass): 201 POST http://10.180.1.21/identity/v3/auth/tokens 0.058s
2024-10-24 12:57:21.571 62323 INFO tempest.lib.common.fixed_network [-] (ListImageFiltersTestJSON:setUpClass) Found network None available for tenant
2024-10-24 12:57:21.590 62351 INFO tempest.lib.common.rest_client [req-01facdbc-1108-4b1a-a8fa-80b6ce4c1f93 req-01facdbc-1108-4b1a-a8fa-80b6ce4c1f93 ] Request (ImagesMetadataTestJSON:setUp): 200 PUT http://10.180.1.21/compute/v2.1/images/e19fe13b-1e8d-45d5-8f39-b98c5aa56953/metadata 0.337s
2024-10-24 12:57:21.625 62325 INFO tempest.lib.common.rest_client [req-4b964207-9046-4c61-a315-9ccf8ea524d7 req-4b964207-9046-4c61-a315-9ccf8ea524d7 ] Request (ServerExternalEventsTest:test_create_server_external_events): 200 GET http://10.180.1.21/compute/v2.1/servers/b2ec37a4-09f6-428c-bca9-1ec121c9c390 0.213s
2024-10-24 12:57:21.632 62325 INFO tempest.common.waiters [-] State transition "BUILD/spawning" ==> "BUILD/scheduling" after 83 second wait
2024-10-24 12:57:21.668 62357 INFO tempest.lib.common.rest_client [req-dd799129-ab59-45c6-aba4-cb0944d805f4 req-dd799129-ab59-45c6-aba4-cb0944d805f4 ] Request (AttachVolumeNegativeTest:test_attach_attached_volume_to_different_server): 200 GET http://10.180.1.21/compute/v2.1/servers/374062de-1242-44bd-b658-e8976f8c3b6c 0.193s
2024-10-24 12:57:21.681 62315 INFO tempest.lib.common.rest_client [req-98e43130-cbfe-4436-ba5b-2839aea81a71 req-98e43130-cbfe-4436-ba5b-2839aea81a71 ] Request (MigrationsAdminTest:test_resize_server_revert_deleted_flavor): 200 GET http://10.180.1.21/compute/v2.1/servers/6dd1097f-7353-4938-be2b-51c248e45fe2 0.146s
2024-10-24 12:57:21.778 62311 INFO tempest.lib.common.rest_client [req-1da22fb5-89f6-4056-bee4-3d9b44357627 req-1da22fb5-89f6-4056-bee4-3d9b44357627 ] Request (VolumesAdminNegativeTest:test_update_attached_volume_with_nonexistent_volume_in_body): 200 GET http://10.180.1.21/compute/v2.1/servers/3a804973-af62-4de1-a4ee-5943209c5884 0.189s
2024-10-24 12:57:21.813 62351 INFO tempest.lib.common.rest_client [req-08f2c0ef-78b5-4bb1-ae40-7bb851da4037 req-08f2c0ef-78b5-4bb1-ae40-7bb851da4037 ] Request (ImagesMetadataTestJSON:test_get_image_metadata_item): 200 GET http://10.180.1.21/compute/v2.1/images/e19fe13b-1e8d-45d5-8f39-b98c5aa56953/metadata/os_distro 0.223s
2024-10-24 12:57:21.864 62337 INFO tempest.lib.common.rest_client [req-18e3f9cf-718d-4580-964f-5143809039c0 req-18e3f9cf-718d-4580-964f-5143809039c0 ] Request (DeleteServersAdminTestJSON:test_admin_delete_servers_of_others): 200 GET http://10.180.1.21/compute/v2.1/servers/d013c1e1-952a-4b76-a44d-8499f5159c42 0.262s
2024-10-24 12:57:21.889 62331 INFO tempest.lib.common.rest_client [req-d76d17a4-7ea3-44f5-a328-2bb14936cd2c req-d76d17a4-7ea3-44f5-a328-2bb14936cd2c ] Request (ServersV294TestFqdnHostnames:tearDownClass): 204 DELETE http://10.180.1.21:9696/networking/v2.0/floatingips/707c711d-c361-44b2-becd-786b1ad28e92 0.382s
2024-10-24 12:57:21.914 62339 INFO tempest.lib.common.rest_client [req-8babd6c5-f08f-49bf-b9f5-588926f92676 req-8babd6c5-f08f-49bf-b9f5-588926f92676 ] Request (InstanceActionsTestJSON:setUpClass): 200 GET http://10.180.1.21/compute/v2.1/servers/395cd695-c6a0-4c7e-ad0b-8ee5d4f64cfa 0.179s
2024-10-24 12:57:21.951 62323 INFO tempest.lib.common.rest_client [req-415d7b48-5c48-4267-b413-34e87fb7004d req-415d7b48-5c48-4267-b413-34e87fb7004d ] Request (ListImageFiltersTestJSON:setUpClass): 202 POST http://10.180.1.21/compute/v2.1/servers 0.379s
2024-10-24 12:57:21.959 62319 INFO tempest.lib.common.rest_client [req-e19fc8b4-d994-4b5c-ab68-c88b5dede72e req-e19fc8b4-d994-4b5c-ab68-c88b5dede72e ] Request (FloatingIPsAssociationTestJSON:setUpClass): 200 GET http://10.180.1.21/compute/v2.1/servers/b5625b76-37e3-49be-bd3b-8b864021dbd1 0.166s
2024-10-24 12:57:22.000 62323 INFO tempest.lib.common.rest_client [req-4b67e433-6dcf-433e-8320-1247453d69be req-4b67e433-6dcf-433e-8320-1247453d69be ] Request (ListImageFiltersTestJSON:setUpClass): 201 POST http://10.180.1.21/identity/v3/auth/tokens 0.046s
2024-10-24 12:57:22.001 62323 INFO tempest.lib.common.fixed_network [-] (ListImageFiltersTestJSON:setUpClass) Found network None available for tenant
2024-10-24 12:57:22.008 62367 INFO tempest.lib.common.rest_client [req-caa3ee92-5e80-4eba-9c17-69cf01bf9f33 req-caa3ee92-5e80-4eba-9c17-69cf01bf9f33 ] Request (AttachVolumeTestJSON:test_attach_detach_volume): 200 GET http://10.180.1.21/compute/v2.1/servers/ad374170-21a1-4036-9804-b82493701abf 0.171s
2024-10-24 12:57:22.046 62373 INFO tempest.lib.common.rest_client [req-f6fe8092-1e55-4d56-84aa-7006a828b153 req-f6fe8092-1e55-4d56-84aa-7006a828b153 ] Request (ServerMetadataTestJSON:setUpClass): 201 POST http://10.180.1.21:9696/networking/v2.0/networks 0.640s
2024-10-24 12:57:22.053 62359 INFO tempest.lib.common.rest_client [req-154feffb-a057-47ec-a3af-9df71a913fd4 req-154feffb-a057-47ec-a3af-9df71a913fd4 ] Request (InstanceActionsV221TestJSON:test_get_list_deleted_instance_actions): 200 GET http://10.180.1.21/compute/v2.1/servers/842633ee-19a5-44d6-bdef-c9f81e5af11e 0.171s
2024-10-24 12:57:22.097 62351 INFO tempest.lib.common.rest_client [req-a8bee834-2a84-4394-8de8-5a1fa8cdbb35 req-a8bee834-2a84-4394-8de8-5a1fa8cdbb35 ] Request (ImagesMetadataTestJSON:setUp): 200 PUT http://10.180.1.21/compute/v2.1/images/e19fe13b-1e8d-45d5-8f39-b98c5aa56953/metadata 0.282s
2024-10-24 12:57:22.151 62361 INFO tempest.lib.common.rest_client [req-6a33583f-062c-40fc-bf36-dfeac8937e6c req-6a33583f-062c-40fc-bf36-dfeac8937e6c ] Request (ServerDiskConfigTestJSON:test_rebuild_server_with_manual_disk_config): 200 GET http://10.180.1.21/compute/v2.1/servers/54e03464-0f37-4f4d-8746-821e73da0541 0.080s
2024-10-24 12:57:22.251 62373 INFO tempest.lib.common.rest_client [req-441bd9bd-9067-43f4-a4a1-29aacaafea3f req-441bd9bd-9067-43f4-a4a1-29aacaafea3f ] Request (ServerMetadataTestJSON:setUpClass): 201 POST http://10.180.1.21:9696/networking/v2.0/subnets 0.204s
2024-10-24 12:57:22.260 62323 INFO tempest.lib.common.rest_client [req-bee74f51-2fa2-4000-816d-4139c3b02950 req-bee74f51-2fa2-4000-816d-4139c3b02950 ] Request (ListImageFiltersTestJSON:setUpClass): 202 POST http://10.180.1.21/compute/v2.1/servers 0.259s
2024-10-24 12:57:22.286 62351 INFO tempest.lib.common.rest_client [req-96a7c70e-0a8a-4dfc-a1c3-a64fd1f42bfb req-96a7c70e-0a8a-4dfc-a1c3-a64fd1f42bfb ] Request (ImagesMetadataTestJSON:test_list_image_metadata): 200 GET http://10.180.1.21/compute/v2.1/images/e19fe13b-1e8d-45d5-8f39-b98c5aa56953/metadata 0.189s
2024-10-24 12:57:22.315 62333 INFO tempest.lib.common.rest_client [req-f2cf6da2-6480-48f7-a315-5332fa5394e6 req-f2cf6da2-6480-48f7-a315-5332fa5394e6 ] Request (VolumesTestJSON:setUpClass): 200 GET http://10.180.1.21/volume/v3/volumes/ab346a2e-9389-44cf-9014-a675598c8c52 0.037s
2024-10-24 12:57:22.325 62333 INFO tempest.common.waiters [-] volume ab346a2e-9389-44cf-9014-a675598c8c52 reached available after waiting for 1.324996 seconds
2024-10-24 12:57:22.344 62329 INFO tempest.lib.common.rest_client [req-86a809aa-c341-4ce7-b470-3a3477dd6a84 req-86a809aa-c341-4ce7-b470-3a3477dd6a84 ] Request (AttachInterfacesTestJSON:test_create_list_show_delete_interfaces_by_network_port): 200 GET http://10.180.1.21/compute/v2.1/servers/443ad254-3d5d-4fb8-a565-ce70c352e3f2 0.216s
2024-10-24 12:57:22.376 62347 INFO tempest.lib.common.rest_client [req-42bdd172-bacf-4b76-ac7f-c0ce42d80cae req-42bdd172-bacf-4b76-ac7f-c0ce42d80cae ] Request (ServerAddressesTestJSON:setUpClass): 200 GET http://10.180.1.21/compute/v2.1/servers/b0343f07-0539-4395-81c8-46ca1f2a8920 0.299s
2024-10-24 12:57:22.399 62349 INFO tempest.lib.common.rest_client [req-4f4680b9-39bb-42ce-883f-dc1bd727ebd9 req-4f4680b9-39bb-42ce-883f-dc1bd727ebd9 ] Request (ServersAdminTestJSON:setUpClass): 200 GET http://10.180.1.21/compute/v2.1/servers/4839c06e-f55a-4162-8eae-cfaeae07cdae 0.222s
2024-10-24 12:57:22.435 62365 INFO tempest.lib.common.rest_client [req-429dc2dc-70f0-4c83-bf4e-1e7684a2ce89 req-429dc2dc-70f0-4c83-bf4e-1e7684a2ce89 ] Request (ServerActionsV293TestJSON:setUpClass): 200 GET http://10.180.1.21/compute/v2.1/servers/012e6d9c-0f02-4761-9639-9a8e8972ea2b 0.253s
2024-10-24 12:57:22.452 62355 INFO tempest.lib.common.rest_client [req-2932968f-e6b2-4b20-8646-b2f137a9d365 req-2932968f-e6b2-4b20-8646-b2f137a9d365 ] Request (ImagesTestJSON:test_create_image_from_suspended_server): 200 GET http://10.180.1.21/compute/v2.1/servers/cbcb5b42-06ab-41e4-ad08-d285b0863bfb 0.228s
2024-10-24 12:57:22.491 62343 INFO tempest.lib.common.rest_client [req-7b9250a8-79ff-49e9-842e-aaa4bf38ab2e req-7b9250a8-79ff-49e9-842e-aaa4bf38ab2e ] Request (ServerActionsTestOtherA:setUpClass): 200 GET http://10.180.1.21/compute/v2.1/servers/05b868fd-401e-48b7-928f-a39c002bbe71 0.267s
2024-10-24 12:57:22.493 62323 INFO tempest.lib.common.rest_client [req-ee07dd46-d015-4a57-81f9-9557840265be req-ee07dd46-d015-4a57-81f9-9557840265be ] Request (ListImageFiltersTestJSON:setUpClass): 200 GET http://10.180.1.21/compute/v2.1/servers/52816a66-442f-4869-aee3-0cebd6f5e9bf 0.231s
2024-10-24 12:57:22.553 62313 INFO tempest.lib.common.rest_client [req-e9f8ae83-f741-4e08-a968-4b35d0f71d7f req-e9f8ae83-f741-4e08-a968-4b35d0f71d7f ] Request (ServersAdminNegativeTestJSON:setUpClass): 200 GET http://10.180.1.21/compute/v2.1/servers/18b4e8c7-3517-46b2-b0a1-8d17bb222874 0.266s
2024-10-24 12:57:22.610 62345 INFO tempest.lib.common.rest_client [req-d3790029-f9ce-402c-847d-41b0d3594c6e req-d3790029-f9ce-402c-847d-41b0d3594c6e ] Request (ServersTestFqdnHostnames:test_create_server_with_fqdn_name): 200 GET http://10.180.1.21/compute/v2.1/servers/39f7c5ee-7d07-4516-b008-40d5778cf139 0.293s
2024-10-24 12:57:22.654 62351 INFO tempest.lib.common.rest_client [req-2473d401-1d0b-4dd3-b360-73ee1b09dc08 req-2473d401-1d0b-4dd3-b360-73ee1b09dc08 ] Request (ImagesMetadataTestJSON:setUp): 200 PUT http://10.180.1.21/compute/v2.1/images/e19fe13b-1e8d-45d5-8f39-b98c5aa56953/metadata 0.366s
2024-10-24 12:57:22.656 62333 INFO tempest.lib.common.rest_client [req-6598e70d-19dc-46c7-acb8-0d07ba08dae8 req-6598e70d-19dc-46c7-acb8-0d07ba08dae8 ] Request (VolumesTestJSON:setUpClass): 200 GET http://10.180.1.21/compute/v2.1/os-volumes/ab346a2e-9389-44cf-9014-a675598c8c52 0.331s
2024-10-24 12:57:22.734 62317 INFO tempest.lib.common.rest_client [req-eaf34004-08d0-427c-875c-b04b3de6eb25 req-eaf34004-08d0-427c-875c-b04b3de6eb25 ] Request (SecurityGroupsTestJSON:test_list_security_groups_by_server): 200 GET http://10.180.1.21/compute/v2.1/servers/079cb97b-b7d4-4f25-9f1d-f77f34a2efbe 0.351s
2024-10-24 12:57:22.735 62369 INFO tempest.lib.common.rest_client [req-f87b2ccc-7d54-4892-be6e-05bf7de76655 req-f87b2ccc-7d54-4892-be6e-05bf7de76655 ] Request (MultipleCreateTestJSON:test_multiple_create_with_reservation_return): 200 GET http://10.180.1.21/compute/v2.1/servers/6ba7ca7d-173d-41d3-b523-3548a67397c4 0.403s
2024-10-24 12:57:22.776 62333 INFO tempest.lib.common.rest_client [req-5a150ce1-0a12-41af-9673-75f70f92ceeb req-5a150ce1-0a12-41af-9673-75f70f92ceeb ] Request (VolumesTestJSON:setUpClass): 202 POST http://10.180.1.21/volume/v3/volumes 0.116s
2024-10-24 12:57:22.787 62321 INFO tempest.lib.common.rest_client [req-e0e3650b-1b53-4f05-bc08-9fe343200ee6 req-e0e3650b-1b53-4f05-bc08-9fe343200ee6 ] Request (ListServersNegativeTestJSON:setUpClass): 200 GET http://10.180.1.21/compute/v2.1/servers/5670d64c-bddc-4b4a-bdf0-2b039be5e49e 0.400s
2024-10-24 12:57:22.791 62327 INFO tempest.lib.common.rest_client [req-d99397a0-b90d-4f9c-b347-2ecb054777f2 req-d99397a0-b90d-4f9c-b347-2ecb054777f2 ] Request (ServersTestJSON:setUpClass): 200 GET http://10.180.1.21/compute/v2.1/servers/c332c6fd-1edd-4d9e-85a9-32a408f9d05e 0.363s
2024-10-24 12:57:22.800 62321 INFO tempest.common.waiters [-] State transition "BUILD/scheduling" ==> "BUILD/None" after 60 second wait
2024-10-24 12:57:22.817 62333 INFO tempest.lib.common.rest_client [req-1b3b62ab-8b57-4790-941f-06a7c9b161d3 req-1b3b62ab-8b57-4790-941f-06a7c9b161d3 ] Request (VolumesTestJSON:setUpClass): 200 GET http://10.180.1.21/volume/v3/volumes/7e1e7a3a-0130-4155-ad0b-53b6ed1ec025 0.035s
2024-10-24 12:57:22.843 62372 INFO tempest.lib.common.rest_client [req-1f4a55de-ac94-4d3f-8ee3-c5dbcc28b62d req-1f4a55de-ac94-4d3f-8ee3-c5dbcc28b62d ] Request (ServerShowV247Test:test_update_rebuild_list_server): 200 GET http://10.180.1.21/compute/v2.1/servers/2315bd37-6151-42d7-8b54-9ee367be0ed1 0.263s
2024-10-24 12:57:22.860 62363 INFO tempest.lib.common.rest_client [req-087c2529-a313-41b5-836a-3d973da452b2 req-087c2529-a313-41b5-836a-3d973da452b2 ] Request (AttachVolumeShelveTestJSON:test_attach_volume_shelved_or_offload_server): 200 GET http://10.180.1.21/compute/v2.1/servers/71a5a130-fd26-4cf5-9b27-520f9eb62c55 0.383s
2024-10-24 12:57:22.894 62325 INFO tempest.lib.common.rest_client [req-7642577f-a058-46de-b7d4-d764efb2324d req-7642577f-a058-46de-b7d4-d764efb2324d ] Request (ServerExternalEventsTest:test_create_server_external_events): 200 GET http://10.180.1.21/compute/v2.1/servers/b2ec37a4-09f6-428c-bca9-1ec121c9c390 0.260s
2024-10-24 12:57:22.900 62325 INFO tempest.common.waiters [-] State transition "BUILD/scheduling" ==> "ERROR/None" after 84 second wait
2024-10-24 12:57:22.933 62331 INFO tempest.lib.common.rest_client [req-a9371f29-2df6-473d-9bb8-f9f046d577a4 req-a9371f29-2df6-473d-9bb8-f9f046d577a4 ] Request (ServersV294TestFqdnHostnames:tearDownClass): 200 PUT http://10.180.1.21:9696/networking/v2.0/routers/b72c995d-6700-4054-ac14-cb663889a51f/remove_router_interface 1.043s
2024-10-24 12:57:22.941 62357 INFO tempest.lib.common.rest_client [req-0979e07d-b345-43b8-8b95-49c62e5e1c58 req-0979e07d-b345-43b8-8b95-49c62e5e1c58 ] Request (AttachVolumeNegativeTest:test_attach_attached_volume_to_different_server): 200 GET http://10.180.1.21/compute/v2.1/servers/374062de-1242-44bd-b658-e8976f8c3b6c 0.263s
2024-10-24 12:57:22.989 62315 INFO tempest.lib.common.rest_client [req-1f995732-09d5-46d7-9716-13174cda0b4b req-1f995732-09d5-46d7-9716-13174cda0b4b ] Request (MigrationsAdminTest:test_resize_server_revert_deleted_flavor): 200 GET http://10.180.1.21/compute/v2.1/servers/6dd1097f-7353-4938-be2b-51c248e45fe2 0.300s
2024-10-24 12:57:23.005 62373 INFO tempest.lib.common.rest_client [req-6eec14fc-48e6-4264-92f7-9f1841738752 req-6eec14fc-48e6-4264-92f7-9f1841738752 ] Request (ServerMetadataTestJSON:setUpClass): 201 POST http://10.180.1.21:9696/networking/v2.0/routers 0.754s
2024-10-24 12:57:23.076 62351 INFO tempest.lib.common.rest_client [req-2807ea7a-45ad-4a54-be3a-7c9ab5b4167b req-2807ea7a-45ad-4a54-be3a-7c9ab5b4167b ] Request (ImagesMetadataTestJSON:test_set_image_metadata): 200 PUT http://10.180.1.21/compute/v2.1/images/e19fe13b-1e8d-45d5-8f39-b98c5aa56953/metadata 0.421s
2024-10-24 12:57:23.141 62337 INFO tempest.lib.common.rest_client [req-68e416b4-4347-4015-8bf1-a181462f6368 req-68e416b4-4347-4015-8bf1-a181462f6368 ] Request (DeleteServersAdminTestJSON:test_admin_delete_servers_of_others): 200 GET http://10.180.1.21/compute/v2.1/servers/d013c1e1-952a-4b76-a44d-8499f5159c42 0.267s
2024-10-24 12:57:23.201 62311 INFO tempest.lib.common.rest_client [req-3d289ae0-dec5-4879-9379-e45b56c02129 req-3d289ae0-dec5-4879-9379-e45b56c02129 ] Request (VolumesAdminNegativeTest:test_update_attached_volume_with_nonexistent_volume_in_body): 200 GET http://10.180.1.21/compute/v2.1/servers/3a804973-af62-4de1-a4ee-5943209c5884 0.411s
2024-10-24 12:57:23.260 62339 INFO tempest.lib.common.rest_client [req-cc0051c9-dec2-4857-8443-1b620bb4d529 req-cc0051c9-dec2-4857-8443-1b620bb4d529 ] Request (InstanceActionsTestJSON:setUpClass): 200 GET http://10.180.1.21/compute/v2.1/servers/395cd695-c6a0-4c7e-ad0b-8ee5d4f64cfa 0.338s
2024-10-24 12:57:23.315 62319 INFO tempest.lib.common.rest_client [req-72c55d23-5e6d-47bc-bca2-6cb1a5e8178f req-72c55d23-5e6d-47bc-bca2-6cb1a5e8178f ] Request (FloatingIPsAssociationTestJSON:setUpClass): 200 GET http://10.180.1.21/compute/v2.1/servers/b5625b76-37e3-49be-bd3b-8b864021dbd1 0.348s
2024-10-24 12:57:23.338 62325 INFO tempest.lib.common.rest_client [req-2393f014-e267-4f79-9cbe-7531e76f277e req-2393f014-e267-4f79-9cbe-7531e76f277e ] Request (ServerExternalEventsTest:test_create_server_external_events): 204 DELETE http://10.180.1.21/compute/v2.1/servers/b2ec37a4-09f6-428c-bca9-1ec121c9c390 0.438s
2024-10-24 12:57:23.368 62367 INFO tempest.lib.common.rest_client [req-450a242d-5a89-425e-b58e-74f89775c823 req-450a242d-5a89-425e-b58e-74f89775c823 ] Request (AttachVolumeTestJSON:test_attach_detach_volume): 200 GET http://10.180.1.21/compute/v2.1/servers/ad374170-21a1-4036-9804-b82493701abf 0.349s
2024-10-24 12:57:23.379 62331 INFO tempest.lib.common.rest_client [req-ca3cc10b-479b-4c94-ad8c-9901c1fcf34e req-ca3cc10b-479b-4c94-ad8c-9901c1fcf34e ] Request (ServersV294TestFqdnHostnames:tearDownClass): 204 DELETE http://10.180.1.21:9696/networking/v2.0/routers/b72c995d-6700-4054-ac14-cb663889a51f 0.445s
2024-10-24 12:57:23.389 62359 INFO tempest.lib.common.rest_client [req-134181c7-d888-4f61-b9cd-2fd241cf66e4 req-134181c7-d888-4f61-b9cd-2fd241cf66e4 ] Request (InstanceActionsV221TestJSON:test_get_list_deleted_instance_actions): 200 GET http://10.180.1.21/compute/v2.1/servers/842633ee-19a5-44d6-bdef-c9f81e5af11e 0.325s
2024-10-24 12:57:23.406 62351 INFO tempest.lib.common.rest_client [req-74a4e205-8722-4a80-bb86-22a13e6202ad req-74a4e205-8722-4a80-bb86-22a13e6202ad ] Request (ImagesMetadataTestJSON:test_set_image_metadata): 200 GET http://10.180.1.21/compute/v2.1/images/e19fe13b-1e8d-45d5-8f39-b98c5aa56953/metadata 0.329s
2024-10-24 12:57:23.428 62325 INFO tempest.lib.common.rest_client [req-41d592fa-1376-4423-9fee-1f99f96e9c7d req-41d592fa-1376-4423-9fee-1f99f96e9c7d ] Request (ServerExternalEventsTest:test_create_server_external_events): 404 GET http://10.180.1.21/compute/v2.1/servers/b2ec37a4-09f6-428c-bca9-1ec121c9c390 0.089s
2024-10-24 12:57:23.447 62361 INFO tempest.lib.common.rest_client [req-082c214b-3948-4208-aabb-593f9be3a638 req-082c214b-3948-4208-aabb-593f9be3a638 ] Request (ServerDiskConfigTestJSON:test_rebuild_server_with_manual_disk_config): 200 GET http://10.180.1.21/compute/v2.1/servers/54e03464-0f37-4f4d-8746-821e73da0541 0.286s
2024-10-24 12:57:23.498 62329 INFO tempest.lib.common.rest_client [req-5a5f00b2-3d08-48e8-bfca-8e3538b0d1ad req-5a5f00b2-3d08-48e8-bfca-8e3538b0d1ad ] Request (AttachInterfacesTestJSON:test_create_list_show_delete_interfaces_by_network_port): 200 GET http://10.180.1.21/compute/v2.1/servers/443ad254-3d5d-4fb8-a565-ce70c352e3f2 0.143s
2024-10-24 12:57:23.499 62347 INFO tempest.lib.common.rest_client [req-ab4c0972-2ecc-4897-b4ac-b1cbcc8c5e8c req-ab4c0972-2ecc-4897-b4ac-b1cbcc8c5e8c ] Request (ServerAddressesTestJSON:setUpClass): 200 GET http://10.180.1.21/compute/v2.1/servers/b0343f07-0539-4395-81c8-46ca1f2a8920 0.116s
2024-10-24 12:57:23.507 62347 INFO tempest.common.waiters [-] State transition "BUILD/spawning" ==> "BUILD/scheduling" after 82 second wait
2024-10-24 12:57:23.515 62331 INFO tempest.lib.common.rest_client [req-35ff3da5-5282-4cd4-8cbd-4ff1c85a6648 req-35ff3da5-5282-4cd4-8cbd-4ff1c85a6648 ] Request (ServersV294TestFqdnHostnames:tearDownClass): 204 DELETE http://10.180.1.21:9696/networking/v2.0/subnets/f9802483-9a60-4563-a599-513bcacc7cb5 0.136s
2024-10-24 12:57:23.535 62325 INFO tempest.lib.common.rest_client [req-b9739546-feea-4bb2-bbc8-9e8d29983e2d req-b9739546-feea-4bb2-bbc8-9e8d29983e2d ] Request (ServerExternalEventsTest:tearDownClass): 204 DELETE http://10.180.1.21/identity/v3/users/cfc36f90c3b04524851115b71d527e3e 0.102s
2024-10-24 12:57:23.553 62349 INFO tempest.lib.common.rest_client [req-f37d49a2-45d6-4b7f-8391-ff00259013f7 req-f37d49a2-45d6-4b7f-8391-ff00259013f7 ] Request (ServersAdminTestJSON:setUpClass): 200 GET http://10.180.1.21/compute/v2.1/servers/4839c06e-f55a-4162-8eae-cfaeae07cdae 0.147s
2024-10-24 12:57:23.633 62365 INFO tempest.lib.common.rest_client [req-7dcc998a-b3d1-443e-9c8b-524903109ca1 req-7dcc998a-b3d1-443e-9c8b-524903109ca1 ] Request (ServerActionsV293TestJSON:setUpClass): 200 GET http://10.180.1.21/compute/v2.1/servers/012e6d9c-0f02-4761-9639-9a8e8972ea2b 0.187s
2024-10-24 12:57:23.664 62325 INFO tempest.lib.common.rest_client [req-58c6d5f7-4253-4c09-82f0-82083d800a13 req-58c6d5f7-4253-4c09-82f0-82083d800a13 ] Request (ServerExternalEventsTest:tearDownClass): 204 DELETE http://10.180.1.21/identity/v3/users/802c6917fe58442a8d7c6cef01c24dc1 0.129s
2024-10-24 12:57:23.712 62355 INFO tempest.lib.common.rest_client [req-ff1d11e2-2686-4bb6-acd3-65eb76162283 req-ff1d11e2-2686-4bb6-acd3-65eb76162283 ] Request (ImagesTestJSON:test_create_image_from_suspended_server): 200 GET http://10.180.1.21/compute/v2.1/servers/cbcb5b42-06ab-41e4-ad08-d285b0863bfb 0.251s
2024-10-24 12:57:23.792 62343 INFO tempest.lib.common.rest_client [req-7a4e411f-b024-4d5a-90be-27ed37b21cdc req-7a4e411f-b024-4d5a-90be-27ed37b21cdc ] Request (ServerActionsTestOtherA:setUpClass): 200 GET http://10.180.1.21/compute/v2.1/servers/05b868fd-401e-48b7-928f-a39c002bbe71 0.293s
2024-10-24 12:57:23.801 62351 INFO tempest.lib.common.rest_client [req-8cafda8f-7cab-4b79-9592-0e6020dd2ec0 req-8cafda8f-7cab-4b79-9592-0e6020dd2ec0 ] Request (ImagesMetadataTestJSON:setUp): 200 PUT http://10.180.1.21/compute/v2.1/images/e19fe13b-1e8d-45d5-8f39-b98c5aa56953/metadata 0.393s
2024-10-24 12:57:23.846 62325 INFO tempest.lib.common.rest_client [req-fbded8e7-5eea-431a-b346-9285aa869f6f req-fbded8e7-5eea-431a-b346-9285aa869f6f ] Request (ServerExternalEventsTest:tearDownClass): 204 DELETE http://10.180.1.21/identity/v3/users/cd965d1c7f9441df90bdf82d7ff6e74e 0.181s
2024-10-24 12:57:23.846 62325 INFO tempest.lib.common.dynamic_creds [-] Deleting project and security group for project: 3067c38fe4d046dd9bfdb0567da8c076
2024-10-24 12:57:23.859 62333 INFO tempest.lib.common.rest_client [req-088112b4-b62f-466b-9e12-fa7606ada0d5 req-088112b4-b62f-466b-9e12-fa7606ada0d5 ] Request (VolumesTestJSON:setUpClass): 200 GET http://10.180.1.21/volume/v3/volumes/7e1e7a3a-0130-4155-ad0b-53b6ed1ec025 0.032s
2024-10-24 12:57:23.868 62333 INFO tempest.common.waiters [-] volume 7e1e7a3a-0130-4155-ad0b-53b6ed1ec025 reached available after waiting for 1.868845 seconds
2024-10-24 12:57:23.884 62323 INFO tempest.lib.common.rest_client [req-bba66ad4-1e46-48a0-a719-d00b4b5b7e16 req-bba66ad4-1e46-48a0-a719-d00b4b5b7e16 ] Request (ListImageFiltersTestJSON:setUpClass): 200 GET http://10.180.1.21/compute/v2.1/servers/52816a66-442f-4869-aee3-0cebd6f5e9bf 0.382s
2024-10-24 12:57:23.917 62313 INFO tempest.lib.common.rest_client [req-e2572607-1f4c-492e-a6de-cf41f924d109 req-e2572607-1f4c-492e-a6de-cf41f924d109 ] Request (ServersAdminNegativeTestJSON:setUpClass): 200 GET http://10.180.1.21/compute/v2.1/servers/18b4e8c7-3517-46b2-b0a1-8d17bb222874 0.354s
2024-10-24 12:57:23.933 62325 INFO tempest.lib.common.rest_client [req-5b42cd3b-2f1d-43fa-8df7-53f21b5df644 req-5b42cd3b-2f1d-43fa-8df7-53f21b5df644 ] Request (ServerExternalEventsTest:tearDownClass): 201 POST http://10.180.1.21/identity/v3/auth/tokens 0.087s
2024-10-24 12:57:23.945 62331 INFO tempest.lib.common.rest_client [req-27bc8906-6c0a-4299-aaea-9e961347e63f req-27bc8906-6c0a-4299-aaea-9e961347e63f ] Request (ServersV294TestFqdnHostnames:tearDownClass): 204 DELETE http://10.180.1.21:9696/networking/v2.0/networks/60e655f9-2a23-43c2-bada-97f83fb810b3 0.428s
2024-10-24 12:57:23.955 62345 INFO tempest.lib.common.rest_client [req-68df9419-804d-47af-b8f1-7346ed06af74 req-68df9419-804d-47af-b8f1-7346ed06af74 ] Request (ServersTestFqdnHostnames:test_create_server_with_fqdn_name): 200 GET http://10.180.1.21/compute/v2.1/servers/39f7c5ee-7d07-4516-b008-40d5778cf139 0.333s
2024-10-24 12:57:23.978 62317 INFO tempest.lib.common.rest_client [req-327b7d51-3448-4389-b882-3a75e748e227 req-327b7d51-3448-4389-b882-3a75e748e227 ] Request (SecurityGroupsTestJSON:test_list_security_groups_by_server): 200 GET http://10.180.1.21/compute/v2.1/servers/079cb97b-b7d4-4f25-9f1d-f77f34a2efbe 0.237s
2024-10-24 12:57:24.020 62369 INFO tempest.lib.common.rest_client [req-e21c6b76-0eb6-4228-bcb1-2e07f1e45015 req-e21c6b76-0eb6-4228-bcb1-2e07f1e45015 ] Request (MultipleCreateTestJSON:test_multiple_create_with_reservation_return): 200 GET http://10.180.1.21/compute/v2.1/servers/6ba7ca7d-173d-41d3-b523-3548a67397c4 0.273s
2024-10-24 12:57:24.041 62327 INFO tempest.lib.common.rest_client [req-4e7e0525-a1d1-4273-9cb6-3d29361e8633 req-4e7e0525-a1d1-4273-9cb6-3d29361e8633 ] Request (ServersTestJSON:setUpClass): 200 GET http://10.180.1.21/compute/v2.1/servers/c332c6fd-1edd-4d9e-85a9-32a408f9d05e 0.243s
2024-10-24 12:57:24.044 62331 INFO tempest.lib.common.rest_client [req-1866ee77-2f20-4d03-81e7-1c2983f9340e req-1866ee77-2f20-4d03-81e7-1c2983f9340e ] Request (ServersV294TestFqdnHostnames:tearDownClass): 204 DELETE http://10.180.1.21/identity/v3/users/3705be0096fe4e8cb2eb327db260b2e8 0.099s
2024-10-24 12:57:24.044 62331 INFO tempest.lib.common.dynamic_creds [-] Deleting project and security group for project: 56ff4e9cfce2462d996817df72f7a201
2024-10-24 12:57:24.100 62321 INFO tempest.lib.common.rest_client [req-943e6979-7609-43cb-9591-036b636869d9 req-943e6979-7609-43cb-9591-036b636869d9 ] Request (ListServersNegativeTestJSON:setUpClass): 200 GET http://10.180.1.21/compute/v2.1/servers/5670d64c-bddc-4b4a-bdf0-2b039be5e49e 0.294s
2024-10-24 12:57:24.107 62331 INFO tempest.lib.common.rest_client [req-54e9eddb-219c-4790-9530-af68c60a4a87 req-54e9eddb-219c-4790-9530-af68c60a4a87 ] Request (ServersV294TestFqdnHostnames:tearDownClass): 200 GET http://10.180.1.21:9696/networking/v2.0/security-groups?tenant_id=56ff4e9cfce2462d996817df72f7a201&name=default 0.062s
2024-10-24 12:57:24.180 62372 INFO tempest.lib.common.rest_client [req-a06dbead-c05d-4234-88f3-c383f1b92bce req-a06dbead-c05d-4234-88f3-c383f1b92bce ] Request (ServerShowV247Test:test_update_rebuild_list_server): 200 GET http://10.180.1.21/compute/v2.1/servers/2315bd37-6151-42d7-8b54-9ee367be0ed1 0.322s
2024-10-24 12:57:24.221 62333 INFO tempest.lib.common.rest_client [req-88755b61-87b4-4449-8770-1d52e48c959f req-88755b61-87b4-4449-8770-1d52e48c959f ] Request (VolumesTestJSON:setUpClass): 200 GET http://10.180.1.21/compute/v2.1/os-volumes/7e1e7a3a-0130-4155-ad0b-53b6ed1ec025 0.352s
2024-10-24 12:57:24.234 62325 INFO tempest.lib.common.rest_client [req-d3cec426-820a-46e1-b134-880f7a093488 req-d3cec426-820a-46e1-b134-880f7a093488 ] Request (ServerExternalEventsTest:tearDownClass): 200 GET http://10.180.1.21:9696/networking/v2.0/security-groups?tenant_id=3067c38fe4d046dd9bfdb0567da8c076&name=default 0.301s
2024-10-24 12:57:24.238 62373 INFO tempest.lib.common.rest_client [req-d4f42f6a-d502-4b24-90fb-6be8491d780e req-d4f42f6a-d502-4b24-90fb-6be8491d780e ] Request (ServerMetadataTestJSON:setUpClass): 200 PUT http://10.180.1.21:9696/networking/v2.0/routers/32993955-8a92-489b-8d20-ec7e9c262e5c/add_router_interface 1.233s
2024-10-24 12:57:24.239 62373 INFO tempest.lib.common.dynamic_creds [-] Created isolated network resources for: credentials: Credentials: {'domain_id': 'default', 'domain_name': 'Default', 'username': 'tempest-ServerMetadataTestJSON-563360671-project-member', 'project_domain_id': 'default', 'project_domain_name': 'Default', 'project_id': '690494f653274225a0274d08c2d7c62f', 'project_name': 'tempest-ServerMetadataTestJSON-563360671', 'tenant_id': '690494f653274225a0274d08c2d7c62f', 'tenant_name': 'tempest-ServerMetadataTestJSON-563360671', 'user_domain_id': 'default', 'user_domain_name': 'Default', 'user_id': '15c08213249d436d8cc9b3e6dea9aad3', 'system': None}, Network: {'id': '610aae57-1114-49a1-8181-ee9fdde9e091', 'name': 'tempest-ServerMetadataTestJSON-1554980840-network', 'tenant_id': '690494f653274225a0274d08c2d7c62f', 'admin_state_up': True, 'mtu': 8950, 'status': 'ACTIVE', 'subnets': [], 'shared': False, 'project_id': '690494f653274225a0274d08c2d7c62f', 'port_security_enabled': True, 'router:external': False, 'provider:network_type': 'vlan', 'provider:physical_network': 'default', 'provider:segmentation_id': 995, 'is_default': False, 'availability_zone_hints': [], 'availability_zones': [], 'ipv4_address_scope': None, 'ipv6_address_scope': None, 'description': '', 'tags': [], 'created_at': '2024-10-24T12:57:21Z', 'updated_at': '2024-10-24T12:57:21Z', 'revision_number': 1}, Subnet: {'id': 'a9400145-eb1d-4cf7-8867-51813844d1e2', 'name': 'tempest-ServerMetadataTestJSON-1554980840-subnet', 'tenant_id': '690494f653274225a0274d08c2d7c62f', 'network_id': '610aae57-1114-49a1-8181-ee9fdde9e091', 'ip_version': 4, 'subnetpool_id': None, 'enable_dhcp': True, 'ipv6_ra_mode': None, 'ipv6_address_mode': None, 'gateway_ip': '192.168.128.1', 'cidr': '192.168.128.0/28', 'allocation_pools': [{'start': '192.168.128.2', 'end': '192.168.128.14'}], 'host_routes': [], 'dns_nameservers': [], 'description': '', 'router:external': False, 'service_types': [], 'tags': [], 'created_at': '2024-10-24T12:57:22Z', 'updated_at': '2024-10-24T12:57:22Z', 'revision_number': 0, 'project_id': '690494f653274225a0274d08c2d7c62f'}, Router: {'id': '32993955-8a92-489b-8d20-ec7e9c262e5c', 'name': 'tempest-ServerMetadataTestJSON-1554980840-router', 'tenant_id': '690494f653274225a0274d08c2d7c62f', 'admin_state_up': True, 'status': 'ACTIVE', 'external_gateway_info': {'network_id': '6ebdb51e-1bad-4c8f-aeec-d0b768ac8a79', 'external_fixed_ips': [{'subnet_id': '01eaa1fb-b732-4ab3-8d4d-66c0fc69ebcc', 'ip_address': '10.180.180.213'}], 'enable_snat': True}, 'description': '', 'availability_zones': [], 'distributed': False, 'ha': False, 'availability_zone_hints': [], 'routes': [], 'flavor_id': None, 'tags': [], 'created_at': '2024-10-24T12:57:22Z', 'updated_at': '2024-10-24T12:57:22Z', 'revision_number': 2, 'project_id': '690494f653274225a0274d08c2d7c62f'}
2024-10-24 12:57:24.250 62351 INFO tempest.lib.common.rest_client [req-1b98a2b5-a0ad-4147-b8b8-9af41fad6ed5 req-1b98a2b5-a0ad-4147-b8b8-9af41fad6ed5 ] Request (ImagesMetadataTestJSON:test_set_image_metadata_item): 200 PUT http://10.180.1.21/compute/v2.1/images/e19fe13b-1e8d-45d5-8f39-b98c5aa56953/metadata/os_version 0.447s
2024-10-24 12:57:24.251 62331 INFO tempest.lib.common.rest_client [req-82d566e5-db46-4b68-b2ea-d7d6a7147ebb req-82d566e5-db46-4b68-b2ea-d7d6a7147ebb ] Request (ServersV294TestFqdnHostnames:tearDownClass): 204 DELETE http://10.180.1.21:9696/networking/v2.0/security-groups/0b996b16-fe4a-402a-9fa7-65a66b8a39d0 0.144s
2024-10-24 12:57:24.287 62363 INFO tempest.lib.common.rest_client [req-3b2b4aac-f691-4471-9ad0-145c1c759ab6 req-3b2b4aac-f691-4471-9ad0-145c1c759ab6 ] Request (AttachVolumeShelveTestJSON:test_attach_volume_shelved_or_offload_server): 200 GET http://10.180.1.21/compute/v2.1/servers/71a5a130-fd26-4cf5-9b27-520f9eb62c55 0.415s
2024-10-24 12:57:24.311 62357 INFO tempest.lib.common.rest_client [req-89a1cd6a-704c-42ac-9ee4-f6024b5b1c8d req-89a1cd6a-704c-42ac-9ee4-f6024b5b1c8d ] Request (AttachVolumeNegativeTest:test_attach_attached_volume_to_different_server): 200 GET http://10.180.1.21/compute/v2.1/servers/374062de-1242-44bd-b658-e8976f8c3b6c 0.361s
2024-10-24 12:57:24.330 62373 INFO tempest.lib.common.rest_client [req-be2adad7-f7cc-49b3-b971-6601fe1d6357 req-be2adad7-f7cc-49b3-b971-6601fe1d6357 ] Request (ServerMetadataTestJSON:setUpClass): 201 POST http://10.180.1.21/identity/v3/auth/tokens 0.084s
