2024-10-24 12:10:59.314 63158 INFO tempest.lib.common.fixed_network [-] (ServerPasswordTestJSON:setUpClass) Found network {'id': '19a190dd-0996-4534-8d30-8ae49815447e', 'name': 'tempest-ServerPasswordTestJSON-2100593340-network', 'tenant_id': '08363f37cd4246ba97abde2dbb87bf8b', 'admin_state_up': True, 'mtu': 8950, 'status': 'ACTIVE', 'subnets': [], 'shared': False, 'project_id': '08363f37cd4246ba97abde2dbb87bf8b', 'port_security_enabled': True, 'router:external': False, 'provider:network_type': 'vlan', 'provider:physical_network': 'default', 'provider:segmentation_id': 679, 'is_default': False, 'availability_zone_hints': [], 'availability_zones': [], 'ipv4_address_scope': None, 'ipv6_address_scope': None, 'description': '', 'tags': [], 'created_at': '2024-10-24T12:10:55Z', 'updated_at': '2024-10-24T12:10:55Z', 'revision_number': 1} available for tenant
2024-10-24 12:10:59.384 63197 INFO tempest.lib.common.rest_client [req-1026fd7d-15cf-4e2e-8e42-72a0f05c3918 req-1026fd7d-15cf-4e2e-8e42-72a0f05c3918 ] Request (ServersV294TestFqdnHostnames:setUpClass): 200 GET http://10.180.1.21/compute/v2.1/servers/821366f1-f1b0-4b78-8f7e-db8fd3bb123e 0.108s
2024-10-24 12:10:59.866 63158 INFO tempest.lib.common.rest_client [req-ce80ea29-f27b-4b59-beb1-51653690a637 req-ce80ea29-f27b-4b59-beb1-51653690a637 ] Request (ServerPasswordTestJSON:setUpClass): 202 POST http://10.180.1.21/compute/v2.1/servers 0.550s
2024-10-24 12:10:59.883 63172 INFO tempest.lib.common.rest_client [req-6f21fe65-7dcd-4323-b52d-97a2a751809d req-6f21fe65-7dcd-4323-b52d-97a2a751809d ] Request (AttachVolumeShelveTestJSON:test_attach_volume_shelved_or_offload_server): 202 POST http://10.180.1.21/compute/v2.1/servers 0.620s
2024-10-24 12:10:59.944 63180 INFO tempest.lib.common.rest_client [req-c4a93acb-3c5d-40c1-b920-0a0341262243 req-c4a93acb-3c5d-40c1-b920-0a0341262243 ] Request (ServerDiskConfigTestJSON:test_rebuild_server_with_manual_disk_config): 200 GET http://10.180.1.21/compute/v2.1/servers/c5aaadb0-f9a1-4af9-b882-86d847185a19 0.625s
2024-10-24 12:10:59.954 63194 INFO tempest.lib.common.rest_client [req-ab3ccd84-e27b-4613-894e-2dd162b30e44 req-ab3ccd84-e27b-4613-894e-2dd162b30e44 ] Request (ServerActionsTestJSON:setUpClass): 200 GET http://10.180.1.21/compute/v2.1/servers/15938dfe-a697-450b-8c88-ff4ef703ee1f 0.611s
2024-10-24 12:11:00.002 63164 INFO tempest.lib.common.rest_client [req-aa5daf0b-4d86-4fc7-ac24-36ae79104ded req-aa5daf0b-4d86-4fc7-ac24-36ae79104ded ] Request (ServerRescueNegativeTestJSON:setUpClass): 200 GET http://10.180.1.21/compute/v2.1/servers/e1f45ab1-53fe-417d-b9f1-8ca1e7ce1fa6 0.620s
2024-10-24 12:11:00.036 63156 INFO tempest.lib.common.rest_client [req-e9da9b37-83eb-4787-9961-1aba604c1f42 req-e9da9b37-83eb-4787-9961-1aba604c1f42 ] Request (ServerTagsTestJSON:setUpClass): 200 GET http://10.180.1.21/compute/v2.1/servers/e24c8bf2-1616-4a5a-b6ce-0c256e78b213 0.598s
2024-10-24 12:11:00.054 63174 INFO tempest.lib.common.rest_client [req-84a68960-5b76-427e-b44b-9e8295282415 req-84a68960-5b76-427e-b44b-9e8295282415 ] Request (SecurityGroupsTestJSON:test_list_security_groups_by_server): 200 GET http://10.180.1.21/compute/v2.1/servers/8399d066-43bc-4766-97c8-89d74f3283f0 0.601s
2024-10-24 12:11:00.091 63184 INFO tempest.lib.common.rest_client [req-9cc8026c-4263-4e4d-93b9-dacb53676745 req-9cc8026c-4263-4e4d-93b9-dacb53676745 ] Request (VolumesAdminNegativeTest:test_update_attached_volume_with_nonexistent_volume_in_uri): 200 GET http://10.180.1.21/compute/v2.1/servers/8bda7658-2b86-4869-89e2-b10d7119ae18 0.546s
2024-10-24 12:11:00.119 63166 INFO tempest.lib.common.rest_client [req-62be125b-4ede-4cf8-bba2-e4be8f8672f3 req-62be125b-4ede-4cf8-bba2-e4be8f8672f3 ] Request (ServerMetadataNegativeTestJSON:setUpClass): 200 GET http://10.180.1.21/compute/v2.1/servers/0419073e-5340-4805-a1e0-417ccf5fdd30 0.570s
2024-10-24 12:11:00.177 63206 INFO tempest.lib.common.rest_client [req-1b47ab86-b0d5-4661-9dcd-8d278028f830 req-1b47ab86-b0d5-4661-9dcd-8d278028f830 ] Request (MultipleCreateTestJSON:test_multiple_create): 200 GET http://10.180.1.21/compute/v2.1/servers/41218b72-0b79-496a-855f-57a972dabd0b 0.561s
2024-10-24 12:11:00.177 63178 INFO tempest.lib.common.rest_client [req-aa3a84d4-924b-4342-90bb-6049f310bd5c req-aa3a84d4-924b-4342-90bb-6049f310bd5c ] Request (ServersTestJSON:setUpClass): 200 GET http://10.180.1.21/compute/v2.1/servers/62cfca0a-e8c6-4f94-8e6f-1136cfcf3089 0.569s
2024-10-24 12:11:00.223 63154 INFO tempest.lib.common.rest_client [req-8b50225b-ec84-4451-b7da-aecca7c4e4f6 req-8b50225b-ec84-4451-b7da-aecca7c4e4f6 ] Request (AttachVolumeNegativeTest:test_attach_attached_volume_to_different_server): 200 GET http://10.180.1.21/compute/v2.1/servers/364c5d87-f261-439a-920e-874ee0bcf83b 0.547s
2024-10-24 12:11:00.229 63150 INFO tempest.lib.common.rest_client [req-59ea7448-66d1-483b-b762-01245ea66cbe req-59ea7448-66d1-483b-b762-01245ea66cbe ] Request (ServersTestFqdnHostnames:test_create_server_with_fqdn_name): 200 GET http://10.180.1.21/compute/v2.1/servers/c10d840e-ce05-4af3-ba2d-6214eefd8783 0.567s
2024-10-24 12:11:00.271 63160 INFO tempest.lib.common.rest_client [req-e8816847-8a18-4510-be10-093b4cbb9c2b req-e8816847-8a18-4510-be10-093b4cbb9c2b ] Request (MigrationsAdminTest:test_resize_server_revert_deleted_flavor): 200 GET http://10.180.1.21/compute/v2.1/servers/ad283bc7-b422-4836-a503-d3d9ae4fe3c1 0.555s
2024-10-24 12:11:00.278 63170 INFO tempest.lib.common.rest_client [req-86a934b7-fd2d-49b7-91ef-224fa2704ec7 req-86a934b7-fd2d-49b7-91ef-224fa2704ec7 ] Request (FloatingIPsAssociationTestJSON:setUpClass): 200 GET http://10.180.1.21/compute/v2.1/servers/67554dc7-fb72-47e1-8201-f5fda035a2d3 0.531s
2024-10-24 12:11:00.312 63158 INFO tempest.lib.common.rest_client [req-974b5d79-bff7-4b84-bc4d-1d3f46e3c6e1 req-974b5d79-bff7-4b84-bc4d-1d3f46e3c6e1 ] Request (ServerPasswordTestJSON:setUpClass): 200 GET http://10.180.1.21/compute/v2.1/servers/6201e8b7-ca3d-4eb0-8c45-67f54e66173c 0.445s
2024-10-24 12:11:00.320 63212 INFO tempest.lib.common.rest_client [req-7ae70f27-d35a-41b6-b35e-fc0723fcdfb7 req-7ae70f27-d35a-41b6-b35e-fc0723fcdfb7 ] Request (ServersTestMultiNic:test_verify_duplicate_network_nics): 200 GET http://10.180.1.21/compute/v2.1/servers/294e3321-e826-4a56-bbd0-893261d65283 0.507s
2024-10-24 12:11:00.355 63172 INFO tempest.lib.common.rest_client [req-ad2f4bbb-e7ed-4184-a254-6abd6acc67fe req-ad2f4bbb-e7ed-4184-a254-6abd6acc67fe ] Request (AttachVolumeShelveTestJSON:test_attach_volume_shelved_or_offload_server): 200 GET http://10.180.1.21/compute/v2.1/servers/39489032-5430-471c-8d44-2c74682ed03b 0.470s
2024-10-24 12:11:00.375 63210 INFO tempest.lib.common.rest_client [req-51f6aa08-7ec3-4593-83cb-121b7fbc9bdb req-51f6aa08-7ec3-4593-83cb-121b7fbc9bdb ] Request (ListServersNegativeTestJSON:setUpClass): 200 GET http://10.180.1.21/compute/v2.1/servers/283ffd74-3891-4b5e-bcf5-49b265978051 0.414s
2024-10-24 12:11:00.400 63192 INFO tempest.lib.common.rest_client [req-f849659b-e1d2-4d26-a6d9-1f8ed63c93ea req-f849659b-e1d2-4d26-a6d9-1f8ed63c93ea ] Request (ServersTestJSON:test_create_server_specify_multibyte_character_name): 200 GET http://10.180.1.21/compute/v2.1/servers/98c19874-7c71-4e20-aa29-2ddc53df7e81 0.367s
2024-10-24 12:11:00.431 63168 INFO tempest.lib.common.rest_client [req-3fd29113-ea93-4d60-96e8-c0d79dc507e7 req-3fd29113-ea93-4d60-96e8-c0d79dc507e7 ] Request (DeleteServersAdminTestJSON:test_admin_delete_servers_of_others): 200 GET http://10.180.1.21/compute/v2.1/servers/91328e42-ba3c-4d63-a805-973c2bfa2afb 0.325s
2024-10-24 12:11:00.463 63186 INFO tempest.lib.common.rest_client [req-be0b5286-a1c8-48b7-89db-3602a28caa04 req-be0b5286-a1c8-48b7-89db-3602a28caa04 ] Request (ListImageFiltersTestJSON:setUpClass): 200 GET http://10.180.1.21/compute/v2.1/servers/3ce62ec7-6274-441f-989b-6f27a64b0c18 0.350s
2024-10-24 12:11:00.493 63176 INFO tempest.lib.common.rest_client [req-11c2bfee-133e-4ef8-aad8-790d8b041a59 req-11c2bfee-133e-4ef8-aad8-790d8b041a59 ] Request (InstanceActionsNegativeTestJSON:setUpClass): 200 GET http://10.180.1.21/compute/v2.1/servers/964f98e4-3462-4362-b551-576302776f3a 0.329s
2024-10-24 12:11:00.553 63200 INFO tempest.lib.common.rest_client [req-f02541ba-2c0d-4a19-88bb-0ae4897955fd req-f02541ba-2c0d-4a19-88bb-0ae4897955fd ] Request (ServerShowV247Test:tearDownClass): 200 GET http://10.180.1.21/compute/v2.1/servers/f3509973-013e-45ce-87f9-357e782f26d7 0.362s
2024-10-24 12:11:00.560 63190 INFO tempest.lib.common.rest_client [req-71c215b2-9d6d-450a-a632-f25980fb1ec7 req-71c215b2-9d6d-450a-a632-f25980fb1ec7 ] Request (ServersAdminTestJSON:setUpClass): 200 GET http://10.180.1.21/compute/v2.1/servers/220578cb-17b1-4b46-8c4a-f676c04fc5e8 0.332s
2024-10-24 12:11:00.609 63162 INFO tempest.lib.common.rest_client [req-96053ea1-2e90-4f17-b7be-ebf55007143a req-96053ea1-2e90-4f17-b7be-ebf55007143a ] Request (TenantUsagesTestJSON:setUpClass): 200 GET http://10.180.1.21/compute/v2.1/servers/d73f5ea8-529a-44e3-8239-5aaa4534d1cc 0.290s
2024-10-24 12:11:00.610 63202 INFO tempest.lib.common.rest_client [req-edfbf798-231f-4546-884a-f1e49e5a65fd req-edfbf798-231f-4546-884a-f1e49e5a65fd ] Request (ServerShowV257Test:test_rebuild_server): 200 GET http://10.180.1.21/compute/v2.1/servers/44339b45-5183-4882-aaec-4070adc3c3dd 0.352s
2024-10-24 12:11:00.664 63197 INFO tempest.lib.common.rest_client [req-20d4dbf5-6aa0-4538-addb-930581ed5999 req-20d4dbf5-6aa0-4538-addb-930581ed5999 ] Request (ServersV294TestFqdnHostnames:setUpClass): 200 GET http://10.180.1.21/compute/v2.1/servers/821366f1-f1b0-4b78-8f7e-db8fd3bb123e 0.266s
2024-10-24 12:11:01.023 63180 INFO tempest.lib.common.rest_client [req-9cace867-5057-4c4d-a1ab-536ff95ef460 req-9cace867-5057-4c4d-a1ab-536ff95ef460 ] Request (ServerDiskConfigTestJSON:test_rebuild_server_with_manual_disk_config): 200 GET http://10.180.1.21/compute/v2.1/servers/c5aaadb0-f9a1-4af9-b882-86d847185a19 0.069s
2024-10-24 12:11:01.023 63194 INFO tempest.lib.common.rest_client [req-dd5f5925-dd3a-4ea0-a28c-19a218962831 req-dd5f5925-dd3a-4ea0-a28c-19a218962831 ] Request (ServerActionsTestJSON:setUpClass): 200 GET http://10.180.1.21/compute/v2.1/servers/15938dfe-a697-450b-8c88-ff4ef703ee1f 0.062s
2024-10-24 12:11:01.087 63164 INFO tempest.lib.common.rest_client [req-9e6712ce-3deb-4af7-a1b3-4fb2c4669a98 req-9e6712ce-3deb-4af7-a1b3-4fb2c4669a98 ] Request (ServerRescueNegativeTestJSON:setUpClass): 200 GET http://10.180.1.21/compute/v2.1/servers/e1f45ab1-53fe-417d-b9f1-8ca1e7ce1fa6 0.076s
2024-10-24 12:11:01.108 63156 INFO tempest.lib.common.rest_client [req-b91465c5-d9d4-40dc-b173-41aa5f38ebe3 req-b91465c5-d9d4-40dc-b173-41aa5f38ebe3 ] Request (ServerTagsTestJSON:setUpClass): 200 GET http://10.180.1.21/compute/v2.1/servers/e24c8bf2-1616-4a5a-b6ce-0c256e78b213 0.056s
2024-10-24 12:11:01.139 63174 INFO tempest.lib.common.rest_client [req-b60c8720-2cf5-48fb-aa56-6d9e52150bfa req-b60c8720-2cf5-48fb-aa56-6d9e52150bfa ] Request (SecurityGroupsTestJSON:test_list_security_groups_by_server): 200 GET http://10.180.1.21/compute/v2.1/servers/8399d066-43bc-4766-97c8-89d74f3283f0 0.077s
2024-10-24 12:11:01.157 63184 INFO tempest.lib.common.rest_client [req-8d20315b-2343-41a7-884e-b7a3c1de588e req-8d20315b-2343-41a7-884e-b7a3c1de588e ] Request (VolumesAdminNegativeTest:test_update_attached_volume_with_nonexistent_volume_in_uri): 200 GET http://10.180.1.21/compute/v2.1/servers/8bda7658-2b86-4869-89e2-b10d7119ae18 0.057s
2024-10-24 12:11:01.186 63166 INFO tempest.lib.common.rest_client [req-9f822595-03a4-4e29-8507-8c5548c84620 req-9f822595-03a4-4e29-8507-8c5548c84620 ] Request (ServerMetadataNegativeTestJSON:setUpClass): 200 GET http://10.180.1.21/compute/v2.1/servers/0419073e-5340-4805-a1e0-417ccf5fdd30 0.049s
2024-10-24 12:11:01.230 63178 INFO tempest.lib.common.rest_client [req-72fea0c4-6e27-4eab-be83-def78d228810 req-72fea0c4-6e27-4eab-be83-def78d228810 ] Request (ServersTestJSON:setUpClass): 200 GET http://10.180.1.21/compute/v2.1/servers/62cfca0a-e8c6-4f94-8e6f-1136cfcf3089 0.045s
2024-10-24 12:11:01.230 63206 INFO tempest.lib.common.rest_client [req-d9becef9-00cb-48ec-b053-81fba829bc11 req-d9becef9-00cb-48ec-b053-81fba829bc11 ] Request (MultipleCreateTestJSON:test_multiple_create): 200 GET http://10.180.1.21/compute/v2.1/servers/41218b72-0b79-496a-855f-57a972dabd0b 0.045s
2024-10-24 12:11:01.275 63154 INFO tempest.lib.common.rest_client [req-cea6943a-6564-4c2d-8f82-095bf352fbc1 req-cea6943a-6564-4c2d-8f82-095bf352fbc1 ] Request (AttachVolumeNegativeTest:test_attach_attached_volume_to_different_server): 200 GET http://10.180.1.21/compute/v2.1/servers/364c5d87-f261-439a-920e-874ee0bcf83b 0.045s
2024-10-24 12:11:01.283 63150 INFO tempest.lib.common.rest_client [req-7a192b14-4a9a-4d23-8d28-ccdf7b6cf4fd req-7a192b14-4a9a-4d23-8d28-ccdf7b6cf4fd ] Request (ServersTestFqdnHostnames:test_create_server_with_fqdn_name): 200 GET http://10.180.1.21/compute/v2.1/servers/c10d840e-ce05-4af3-ba2d-6214eefd8783 0.047s
2024-10-24 12:11:01.328 63160 INFO tempest.lib.common.rest_client [req-60c7e4e1-112b-428a-9b01-d0c2ba622212 req-60c7e4e1-112b-428a-9b01-d0c2ba622212 ] Request (MigrationsAdminTest:test_resize_server_revert_deleted_flavor): 200 GET http://10.180.1.21/compute/v2.1/servers/ad283bc7-b422-4836-a503-d3d9ae4fe3c1 0.050s
2024-10-24 12:11:01.334 63170 INFO tempest.lib.common.rest_client [req-60ab78df-a6de-4239-9546-d3aa30732407 req-60ab78df-a6de-4239-9546-d3aa30732407 ] Request (FloatingIPsAssociationTestJSON:setUpClass): 200 GET http://10.180.1.21/compute/v2.1/servers/67554dc7-fb72-47e1-8201-f5fda035a2d3 0.047s
2024-10-24 12:11:01.373 63158 INFO tempest.lib.common.rest_client [req-49609f5a-967a-4268-bbcd-2bae6cdbc600 req-49609f5a-967a-4268-bbcd-2bae6cdbc600 ] Request (ServerPasswordTestJSON:setUpClass): 200 GET http://10.180.1.21/compute/v2.1/servers/6201e8b7-ca3d-4eb0-8c45-67f54e66173c 0.054s
2024-10-24 12:11:01.380 63212 INFO tempest.lib.common.rest_client [req-0a8ba6e8-371c-4498-af4f-3a9059aa4ba5 req-0a8ba6e8-371c-4498-af4f-3a9059aa4ba5 ] Request (ServersTestMultiNic:test_verify_duplicate_network_nics): 200 GET http://10.180.1.21/compute/v2.1/servers/294e3321-e826-4a56-bbd0-893261d65283 0.053s
2024-10-24 12:11:01.422 63172 INFO tempest.lib.common.rest_client [req-d4dcc075-e7a0-446f-9519-b8def0676768 req-d4dcc075-e7a0-446f-9519-b8def0676768 ] Request (AttachVolumeShelveTestJSON:test_attach_volume_shelved_or_offload_server): 200 GET http://10.180.1.21/compute/v2.1/servers/39489032-5430-471c-8d44-2c74682ed03b 0.058s
2024-10-24 12:11:01.430 63210 INFO tempest.lib.common.rest_client [req-b2a58825-2d94-4e7c-a9b5-83dc44b8c230 req-b2a58825-2d94-4e7c-a9b5-83dc44b8c230 ] Request (ListServersNegativeTestJSON:setUpClass): 200 GET http://10.180.1.21/compute/v2.1/servers/283ffd74-3891-4b5e-bcf5-49b265978051 0.046s
2024-10-24 12:11:01.476 63192 INFO tempest.lib.common.rest_client [req-5ae783d9-5523-47eb-9cd6-98b39fbe2d54 req-5ae783d9-5523-47eb-9cd6-98b39fbe2d54 ] Request (ServersTestJSON:test_create_server_specify_multibyte_character_name): 200 GET http://10.180.1.21/compute/v2.1/servers/98c19874-7c71-4e20-aa29-2ddc53df7e81 0.067s
2024-10-24 12:11:01.498 63168 INFO tempest.lib.common.rest_client [req-7915f94b-3a8a-402d-99e6-2f1867d92c87 req-7915f94b-3a8a-402d-99e6-2f1867d92c87 ] Request (DeleteServersAdminTestJSON:test_admin_delete_servers_of_others): 200 GET http://10.180.1.21/compute/v2.1/servers/91328e42-ba3c-4d63-a805-973c2bfa2afb 0.059s
2024-10-24 12:11:01.518 63186 INFO tempest.lib.common.rest_client [req-292cbeec-39bb-484e-b32d-179d1de20005 req-292cbeec-39bb-484e-b32d-179d1de20005 ] Request (ListImageFiltersTestJSON:setUpClass): 200 GET http://10.180.1.21/compute/v2.1/servers/3ce62ec7-6274-441f-989b-6f27a64b0c18 0.043s
2024-10-24 12:11:01.549 63176 INFO tempest.lib.common.rest_client [req-b303dc31-1a72-4c23-9d00-b01be73fef61 req-b303dc31-1a72-4c23-9d00-b01be73fef61 ] Request (InstanceActionsNegativeTestJSON:setUpClass): 200 GET http://10.180.1.21/compute/v2.1/servers/964f98e4-3462-4362-b551-576302776f3a 0.045s
2024-10-24 12:11:01.612 63190 INFO tempest.lib.common.rest_client [req-af962138-0de4-47d5-8d49-4bfd7c80c6d2 req-af962138-0de4-47d5-8d49-4bfd7c80c6d2 ] Request (ServersAdminTestJSON:setUpClass): 200 GET http://10.180.1.21/compute/v2.1/servers/220578cb-17b1-4b46-8c4a-f676c04fc5e8 0.043s
2024-10-24 12:11:01.618 63200 INFO tempest.lib.common.rest_client [req-3f336d5d-f255-4a5c-9747-e18cd593ca01 req-3f336d5d-f255-4a5c-9747-e18cd593ca01 ] Request (ServerShowV247Test:tearDownClass): 200 GET http://10.180.1.21/compute/v2.1/servers/f3509973-013e-45ce-87f9-357e782f26d7 0.055s
2024-10-24 12:11:01.665 63202 INFO tempest.lib.common.rest_client [req-86a1fb12-53c6-4157-833f-e2a510967d9f req-86a1fb12-53c6-4157-833f-e2a510967d9f ] Request (ServerShowV257Test:test_rebuild_server): 200 GET http://10.180.1.21/compute/v2.1/servers/44339b45-5183-4882-aaec-4070adc3c3dd 0.047s
2024-10-24 12:11:01.665 63162 INFO tempest.lib.common.rest_client [req-bc0bf964-1144-4c16-8c32-f85334094c33 req-bc0bf964-1144-4c16-8c32-f85334094c33 ] Request (TenantUsagesTestJSON:setUpClass): 200 GET http://10.180.1.21/compute/v2.1/servers/d73f5ea8-529a-44e3-8239-5aaa4534d1cc 0.042s
2024-10-24 12:11:01.727 63197 INFO tempest.lib.common.rest_client [req-1b4a624f-f411-45b9-b3a7-bc81a3d36cc7 req-1b4a624f-f411-45b9-b3a7-bc81a3d36cc7 ] Request (ServersV294TestFqdnHostnames:setUpClass): 200 GET http://10.180.1.21/compute/v2.1/servers/821366f1-f1b0-4b78-8f7e-db8fd3bb123e 0.049s
2024-10-24 12:11:02.077 63194 INFO tempest.lib.common.rest_client [req-aa832674-8679-48f4-b70e-eb0918189aa6 req-aa832674-8679-48f4-b70e-eb0918189aa6 ] Request (ServerActionsTestJSON:setUpClass): 200 GET http://10.180.1.21/compute/v2.1/servers/15938dfe-a697-450b-8c88-ff4ef703ee1f 0.046s
2024-10-24 12:11:02.078 63180 INFO tempest.lib.common.rest_client [req-1e18fbff-04fe-41e6-882e-9937a8f7d0ff req-1e18fbff-04fe-41e6-882e-9937a8f7d0ff ] Request (ServerDiskConfigTestJSON:test_rebuild_server_with_manual_disk_config): 200 GET http://10.180.1.21/compute/v2.1/servers/c5aaadb0-f9a1-4af9-b882-86d847185a19 0.045s
2024-10-24 12:11:02.138 63164 INFO tempest.lib.common.rest_client [req-9acb5fcf-9535-4306-bd88-bb9a1724e6fc req-9acb5fcf-9535-4306-bd88-bb9a1724e6fc ] Request (ServerRescueNegativeTestJSON:setUpClass): 200 GET http://10.180.1.21/compute/v2.1/servers/e1f45ab1-53fe-417d-b9f1-8ca1e7ce1fa6 0.044s
2024-10-24 12:11:02.169 63156 INFO tempest.lib.common.rest_client [req-4fe90ba7-a0e8-478c-939a-b55f295116a1 req-4fe90ba7-a0e8-478c-939a-b55f295116a1 ] Request (ServerTagsTestJSON:setUpClass): 200 GET http://10.180.1.21/compute/v2.1/servers/e24c8bf2-1616-4a5a-b6ce-0c256e78b213 0.046s
2024-10-24 12:11:02.191 63174 INFO tempest.lib.common.rest_client [req-fe77daaa-d157-4b48-9c00-b0be97277ffa req-fe77daaa-d157-4b48-9c00-b0be97277ffa ] Request (SecurityGroupsTestJSON:test_list_security_groups_by_server): 200 GET http://10.180.1.21/compute/v2.1/servers/8399d066-43bc-4766-97c8-89d74f3283f0 0.044s
2024-10-24 12:11:02.214 63184 INFO tempest.lib.common.rest_client [req-38f3b56b-eee8-4a4c-8ca1-a0920c81d1cb req-38f3b56b-eee8-4a4c-8ca1-a0920c81d1cb ] Request (VolumesAdminNegativeTest:test_update_attached_volume_with_nonexistent_volume_in_uri): 200 GET http://10.180.1.21/compute/v2.1/servers/8bda7658-2b86-4869-89e2-b10d7119ae18 0.050s
2024-10-24 12:11:02.235 63166 INFO tempest.lib.common.rest_client [req-80679797-0c92-4e15-a0f2-ea244c98306d req-80679797-0c92-4e15-a0f2-ea244c98306d ] Request (ServerMetadataNegativeTestJSON:setUpClass): 200 GET http://10.180.1.21/compute/v2.1/servers/0419073e-5340-4805-a1e0-417ccf5fdd30 0.043s
2024-10-24 12:11:02.240 63166 INFO tempest.common.waiters [-] State transition "BUILD/None" ==> "BUILD/networking" after 75 second wait
2024-10-24 12:11:02.278 63206 INFO tempest.lib.common.rest_client [req-0627cd5e-55ee-43a6-a4a3-4490da00dc75 req-0627cd5e-55ee-43a6-a4a3-4490da00dc75 ] Request (MultipleCreateTestJSON:test_multiple_create): 200 GET http://10.180.1.21/compute/v2.1/servers/41218b72-0b79-496a-855f-57a972dabd0b 0.041s
2024-10-24 12:11:02.280 63178 INFO tempest.lib.common.rest_client [req-2ef5c1c3-5a38-4ef0-98a9-cdcca9aa4f7c req-2ef5c1c3-5a38-4ef0-98a9-cdcca9aa4f7c ] Request (ServersTestJSON:setUpClass): 200 GET http://10.180.1.21/compute/v2.1/servers/62cfca0a-e8c6-4f94-8e6f-1136cfcf3089 0.043s
2024-10-24 12:11:02.325 63154 INFO tempest.lib.common.rest_client [req-8f6fcd5c-e8cd-4af6-b9e4-94edfc31ca0e req-8f6fcd5c-e8cd-4af6-b9e4-94edfc31ca0e ] Request (AttachVolumeNegativeTest:test_attach_attached_volume_to_different_server): 200 GET http://10.180.1.21/compute/v2.1/servers/364c5d87-f261-439a-920e-874ee0bcf83b 0.043s
2024-10-24 12:11:02.334 63150 INFO tempest.lib.common.rest_client [req-1da83ffc-1866-4f4d-836f-d37810d45e02 req-1da83ffc-1866-4f4d-836f-d37810d45e02 ] Request (ServersTestFqdnHostnames:test_create_server_with_fqdn_name): 200 GET http://10.180.1.21/compute/v2.1/servers/c10d840e-ce05-4af3-ba2d-6214eefd8783 0.044s
2024-10-24 12:11:02.378 63160 INFO tempest.lib.common.rest_client [req-5c0345d5-fa2f-40b9-a298-b3c8ad25f616 req-5c0345d5-fa2f-40b9-a298-b3c8ad25f616 ] Request (MigrationsAdminTest:test_resize_server_revert_deleted_flavor): 200 GET http://10.180.1.21/compute/v2.1/servers/ad283bc7-b422-4836-a503-d3d9ae4fe3c1 0.043s
2024-10-24 12:11:02.382 63170 INFO tempest.lib.common.rest_client [req-a8aecc1f-c37c-45f8-8290-f0fd4b1a6961 req-a8aecc1f-c37c-45f8-8290-f0fd4b1a6961 ] Request (FloatingIPsAssociationTestJSON:setUpClass): 200 GET http://10.180.1.21/compute/v2.1/servers/67554dc7-fb72-47e1-8201-f5fda035a2d3 0.040s
2024-10-24 12:11:02.425 63158 INFO tempest.lib.common.rest_client [req-46885bef-9fa5-4936-b953-4c325b9a7617 req-46885bef-9fa5-4936-b953-4c325b9a7617 ] Request (ServerPasswordTestJSON:setUpClass): 200 GET http://10.180.1.21/compute/v2.1/servers/6201e8b7-ca3d-4eb0-8c45-67f54e66173c 0.043s
2024-10-24 12:11:02.429 63212 INFO tempest.lib.common.rest_client [req-ad179c39-ebc0-4fd0-b8ef-e43140bfa9c4 req-ad179c39-ebc0-4fd0-b8ef-e43140bfa9c4 ] Request (ServersTestMultiNic:test_verify_duplicate_network_nics): 200 GET http://10.180.1.21/compute/v2.1/servers/294e3321-e826-4a56-bbd0-893261d65283 0.041s
2024-10-24 12:11:02.482 63172 INFO tempest.lib.common.rest_client [req-83835106-7425-4217-a78a-0bf77b7e35f0 req-83835106-7425-4217-a78a-0bf77b7e35f0 ] Request (AttachVolumeShelveTestJSON:test_attach_volume_shelved_or_offload_server): 200 GET http://10.180.1.21/compute/v2.1/servers/39489032-5430-471c-8d44-2c74682ed03b 0.052s
2024-10-24 12:11:02.484 63210 INFO tempest.lib.common.rest_client [req-0da2417d-d460-4416-8b7a-05c02ffde9d8 req-0da2417d-d460-4416-8b7a-05c02ffde9d8 ] Request (ListServersNegativeTestJSON:setUpClass): 200 GET http://10.180.1.21/compute/v2.1/servers/283ffd74-3891-4b5e-bcf5-49b265978051 0.046s
2024-10-24 12:11:02.527 63192 INFO tempest.lib.common.rest_client [req-275bd992-2bfe-42e1-b3e3-d7afbe53b96c req-275bd992-2bfe-42e1-b3e3-d7afbe53b96c ] Request (ServersTestJSON:test_create_server_specify_multibyte_character_name): 200 GET http://10.180.1.21/compute/v2.1/servers/98c19874-7c71-4e20-aa29-2ddc53df7e81 0.044s
2024-10-24 12:11:02.554 63168 INFO tempest.lib.common.rest_client [req-9be242fc-5449-4318-ac27-d8ab4fcfdfe5 req-9be242fc-5449-4318-ac27-d8ab4fcfdfe5 ] Request (DeleteServersAdminTestJSON:test_admin_delete_servers_of_others): 200 GET http://10.180.1.21/compute/v2.1/servers/91328e42-ba3c-4d63-a805-973c2bfa2afb 0.049s
2024-10-24 12:11:02.573 63186 INFO tempest.lib.common.rest_client [req-543e714f-3d57-41e1-b37e-66a261bf5c3d req-543e714f-3d57-41e1-b37e-66a261bf5c3d ] Request (ListImageFiltersTestJSON:setUpClass): 200 GET http://10.180.1.21/compute/v2.1/servers/3ce62ec7-6274-441f-989b-6f27a64b0c18 0.048s
2024-10-24 12:11:02.615 63176 INFO tempest.lib.common.rest_client [req-59619d3d-7bab-4353-88c8-67c49bb21d9c req-59619d3d-7bab-4353-88c8-67c49bb21d9c ] Request (InstanceActionsNegativeTestJSON:setUpClass): 200 GET http://10.180.1.21/compute/v2.1/servers/964f98e4-3462-4362-b551-576302776f3a 0.058s
2024-10-24 12:11:02.621 63176 INFO tempest.common.waiters [-] State transition "BUILD/spawning" ==> "BUILD/scheduling" after 81 second wait
2024-10-24 12:11:02.665 63190 INFO tempest.lib.common.rest_client [req-02eaca15-e5b9-484d-9ba9-da034a5b8c6c req-02eaca15-e5b9-484d-9ba9-da034a5b8c6c ] Request (ServersAdminTestJSON:setUpClass): 200 GET http://10.180.1.21/compute/v2.1/servers/220578cb-17b1-4b46-8c4a-f676c04fc5e8 0.047s
2024-10-24 12:11:02.687 63200 INFO tempest.lib.common.rest_client [req-b8f16494-4523-435c-9353-4088bd8f0e09 req-b8f16494-4523-435c-9353-4088bd8f0e09 ] Request (ServerShowV247Test:tearDownClass): 200 GET http://10.180.1.21/compute/v2.1/servers/f3509973-013e-45ce-87f9-357e782f26d7 0.061s
2024-10-24 12:11:02.718 63162 INFO tempest.lib.common.rest_client [req-28aea3c2-f05c-4e1d-8703-be765ed06b6f req-28aea3c2-f05c-4e1d-8703-be765ed06b6f ] Request (TenantUsagesTestJSON:setUpClass): 200 GET http://10.180.1.21/compute/v2.1/servers/d73f5ea8-529a-44e3-8239-5aaa4534d1cc 0.046s
2024-10-24 12:11:02.744 63202 INFO tempest.lib.common.rest_client [req-914288f9-71e7-4e35-a015-e40ad7bbfc62 req-914288f9-71e7-4e35-a015-e40ad7bbfc62 ] Request (ServerShowV257Test:test_rebuild_server): 200 GET http://10.180.1.21/compute/v2.1/servers/44339b45-5183-4882-aaec-4070adc3c3dd 0.071s
2024-10-24 12:11:02.791 63197 INFO tempest.lib.common.rest_client [req-cf9e42e7-bf23-4cad-88d5-bd29ad48105b req-cf9e42e7-bf23-4cad-88d5-bd29ad48105b ] Request (ServersV294TestFqdnHostnames:setUpClass): 200 GET http://10.180.1.21/compute/v2.1/servers/821366f1-f1b0-4b78-8f7e-db8fd3bb123e 0.055s
2024-10-24 12:11:03.131 63194 INFO tempest.lib.common.rest_client [req-2029161e-930e-4ada-8e19-be32916aaee2 req-2029161e-930e-4ada-8e19-be32916aaee2 ] Request (ServerActionsTestJSON:setUpClass): 200 GET http://10.180.1.21/compute/v2.1/servers/15938dfe-a697-450b-8c88-ff4ef703ee1f 0.047s
2024-10-24 12:11:03.132 63180 INFO tempest.lib.common.rest_client [req-cc47273a-e99d-4088-9fdc-70d307321617 req-cc47273a-e99d-4088-9fdc-70d307321617 ] Request (ServerDiskConfigTestJSON:test_rebuild_server_with_manual_disk_config): 200 GET http://10.180.1.21/compute/v2.1/servers/c5aaadb0-f9a1-4af9-b882-86d847185a19 0.048s
2024-10-24 12:11:03.196 63164 INFO tempest.lib.common.rest_client [req-358dc671-95d8-44fb-a8e5-2fdc7133f3c9 req-358dc671-95d8-44fb-a8e5-2fdc7133f3c9 ] Request (ServerRescueNegativeTestJSON:setUpClass): 200 GET http://10.180.1.21/compute/v2.1/servers/e1f45ab1-53fe-417d-b9f1-8ca1e7ce1fa6 0.050s
2024-10-24 12:11:03.223 63156 INFO tempest.lib.common.rest_client [req-23158812-b82c-4c05-ae78-b70ff57f5479 req-23158812-b82c-4c05-ae78-b70ff57f5479 ] Request (ServerTagsTestJSON:setUpClass): 200 GET http://10.180.1.21/compute/v2.1/servers/e24c8bf2-1616-4a5a-b6ce-0c256e78b213 0.046s
2024-10-24 12:11:03.252 63174 INFO tempest.lib.common.rest_client [req-91316c14-8660-440f-943f-bf096f3fc639 req-91316c14-8660-440f-943f-bf096f3fc639 ] Request (SecurityGroupsTestJSON:test_list_security_groups_by_server): 200 GET http://10.180.1.21/compute/v2.1/servers/8399d066-43bc-4766-97c8-89d74f3283f0 0.054s
2024-10-24 12:11:03.269 63184 INFO tempest.lib.common.rest_client [req-a75501d9-a75c-4987-bad3-7b5fb1b3c8be req-a75501d9-a75c-4987-bad3-7b5fb1b3c8be ] Request (VolumesAdminNegativeTest:test_update_attached_volume_with_nonexistent_volume_in_uri): 200 GET http://10.180.1.21/compute/v2.1/servers/8bda7658-2b86-4869-89e2-b10d7119ae18 0.048s
2024-10-24 12:11:03.334 63206 INFO tempest.lib.common.rest_client [req-fed2e2b3-aecf-4eec-abb3-0e80e9637fe8 req-fed2e2b3-aecf-4eec-abb3-0e80e9637fe8 ] Request (MultipleCreateTestJSON:test_multiple_create): 200 GET http://10.180.1.21/compute/v2.1/servers/41218b72-0b79-496a-855f-57a972dabd0b 0.049s
2024-10-24 12:11:03.396 63178 INFO tempest.lib.common.rest_client [req-5ba0815b-07a9-47ca-bb24-85d9ebb71d17 req-5ba0815b-07a9-47ca-bb24-85d9ebb71d17 ] Request (ServersTestJSON:setUpClass): 200 GET http://10.180.1.21/compute/v2.1/servers/62cfca0a-e8c6-4f94-8e6f-1136cfcf3089 0.109s
2024-10-24 12:11:03.414 63166 INFO tempest.lib.common.rest_client [req-0f8e0cc3-0f21-4a68-bf2c-a73818da7c68 req-0f8e0cc3-0f21-4a68-bf2c-a73818da7c68 ] Request (ServerMetadataNegativeTestJSON:setUpClass): 200 GET http://10.180.1.21/compute/v2.1/servers/0419073e-5340-4805-a1e0-417ccf5fdd30 0.172s
2024-10-24 12:11:03.423 63166 INFO tempest.common.waiters [-] State transition "BUILD/networking" ==> "BUILD/block_device_mapping" after 76 second wait
2024-10-24 12:11:03.448 63154 INFO tempest.lib.common.rest_client [req-1228e6f3-7ab7-438d-a53c-031a476bc926 req-1228e6f3-7ab7-438d-a53c-031a476bc926 ] Request (AttachVolumeNegativeTest:test_attach_attached_volume_to_different_server): 200 GET http://10.180.1.21/compute/v2.1/servers/364c5d87-f261-439a-920e-874ee0bcf83b 0.116s
2024-10-24 12:11:03.467 63150 INFO tempest.lib.common.rest_client [req-0b106d12-cad5-4b99-b66a-338d240148e1 req-0b106d12-cad5-4b99-b66a-338d240148e1 ] Request (ServersTestFqdnHostnames:test_create_server_with_fqdn_name): 200 GET http://10.180.1.21/compute/v2.1/servers/c10d840e-ce05-4af3-ba2d-6214eefd8783 0.127s
2024-10-24 12:11:03.493 63160 INFO tempest.lib.common.rest_client [req-1eba9075-5da5-4561-a7ac-f2a4042dcd58 req-1eba9075-5da5-4561-a7ac-f2a4042dcd58 ] Request (MigrationsAdminTest:test_resize_server_revert_deleted_flavor): 200 GET http://10.180.1.21/compute/v2.1/servers/ad283bc7-b422-4836-a503-d3d9ae4fe3c1 0.108s
2024-10-24 12:11:03.517 63170 INFO tempest.lib.common.rest_client [req-906ede06-eeff-48da-82de-69151c930acd req-906ede06-eeff-48da-82de-69151c930acd ] Request (FloatingIPsAssociationTestJSON:setUpClass): 200 GET http://10.180.1.21/compute/v2.1/servers/67554dc7-fb72-47e1-8201-f5fda035a2d3 0.128s
2024-10-24 12:11:03.538 63158 INFO tempest.lib.common.rest_client [req-5c112407-b9f9-42aa-883d-40926d620bc7 req-5c112407-b9f9-42aa-883d-40926d620bc7 ] Request (ServerPasswordTestJSON:setUpClass): 200 GET http://10.180.1.21/compute/v2.1/servers/6201e8b7-ca3d-4eb0-8c45-67f54e66173c 0.108s
2024-10-24 12:11:03.560 63212 INFO tempest.lib.common.rest_client [req-1e88da47-740f-4fc9-92a9-d8f1c6ba0ec8 req-1e88da47-740f-4fc9-92a9-d8f1c6ba0ec8 ] Request (ServersTestMultiNic:test_verify_duplicate_network_nics): 200 GET http://10.180.1.21/compute/v2.1/servers/294e3321-e826-4a56-bbd0-893261d65283 0.123s
2024-10-24 12:11:03.589 63210 INFO tempest.lib.common.rest_client [req-54eb2c60-6137-4360-86c7-7997dd97984f req-54eb2c60-6137-4360-86c7-7997dd97984f ] Request (ListServersNegativeTestJSON:setUpClass): 200 GET http://10.180.1.21/compute/v2.1/servers/283ffd74-3891-4b5e-bcf5-49b265978051 0.098s
2024-10-24 12:11:03.607 63172 INFO tempest.lib.common.rest_client [req-e06c2371-425b-4682-976b-8a39597176fb req-e06c2371-425b-4682-976b-8a39597176fb ] Request (AttachVolumeShelveTestJSON:test_attach_volume_shelved_or_offload_server): 200 GET http://10.180.1.21/compute/v2.1/servers/39489032-5430-471c-8d44-2c74682ed03b 0.118s
2024-10-24 12:11:03.642 63192 INFO tempest.lib.common.rest_client [req-179846d7-10d6-44ab-88cb-320e2e4451b6 req-179846d7-10d6-44ab-88cb-320e2e4451b6 ] Request (ServersTestJSON:test_create_server_specify_multibyte_character_name): 200 GET http://10.180.1.21/compute/v2.1/servers/98c19874-7c71-4e20-aa29-2ddc53df7e81 0.107s
2024-10-24 12:11:03.656 63168 INFO tempest.lib.common.rest_client [req-e4b26430-9ef6-455b-a188-d2a662acd593 req-e4b26430-9ef6-455b-a188-d2a662acd593 ] Request (DeleteServersAdminTestJSON:test_admin_delete_servers_of_others): 200 GET http://10.180.1.21/compute/v2.1/servers/91328e42-ba3c-4d63-a805-973c2bfa2afb 0.094s
2024-10-24 12:11:03.684 63186 INFO tempest.lib.common.rest_client [req-1fad6ced-466a-4d34-9964-8db5bc49d013 req-1fad6ced-466a-4d34-9964-8db5bc49d013 ] Request (ListImageFiltersTestJSON:setUpClass): 200 GET http://10.180.1.21/compute/v2.1/servers/3ce62ec7-6274-441f-989b-6f27a64b0c18 0.103s
2024-10-24 12:11:03.713 63176 INFO tempest.lib.common.rest_client [req-30a60279-5e8f-4288-8172-473b69dcc560 req-30a60279-5e8f-4288-8172-473b69dcc560 ] Request (InstanceActionsNegativeTestJSON:setUpClass): 200 GET http://10.180.1.21/compute/v2.1/servers/964f98e4-3462-4362-b551-576302776f3a 0.091s
2024-10-24 12:11:03.719 63176 INFO tempest.common.waiters [-] State transition "BUILD/scheduling" ==> "ERROR/None" after 82 second wait
2024-10-24 12:11:03.729 63190 INFO tempest.lib.common.rest_client [req-cc16f809-9d0a-4af4-9a6b-110bd2cce828 req-cc16f809-9d0a-4af4-9a6b-110bd2cce828 ] Request (ServersAdminTestJSON:setUpClass): 200 GET http://10.180.1.21/compute/v2.1/servers/220578cb-17b1-4b46-8c4a-f676c04fc5e8 0.055s
2024-10-24 12:11:03.770 63200 INFO tempest.lib.common.rest_client [req-881d5a6e-3529-4055-8c21-d94e04919af6 req-881d5a6e-3529-4055-8c21-d94e04919af6 ] Request (ServerShowV247Test:tearDownClass): 200 GET http://10.180.1.21/compute/v2.1/servers/f3509973-013e-45ce-87f9-357e782f26d7 0.072s
2024-10-24 12:11:03.817 63162 INFO tempest.lib.common.rest_client [req-921e25db-912e-4a78-8839-131fa30e8bae req-921e25db-912e-4a78-8839-131fa30e8bae ] Request (TenantUsagesTestJSON:setUpClass): 200 GET http://10.180.1.21/compute/v2.1/servers/d73f5ea8-529a-44e3-8239-5aaa4534d1cc 0.092s
2024-10-24 12:11:03.885 63202 INFO tempest.lib.common.rest_client [req-276873d2-17c4-400d-8863-1f33b1359daf req-276873d2-17c4-400d-8863-1f33b1359daf ] Request (ServerShowV257Test:test_rebuild_server): 200 GET http://10.180.1.21/compute/v2.1/servers/44339b45-5183-4882-aaec-4070adc3c3dd 0.132s
2024-10-24 12:11:03.918 63176 INFO tempest.lib.common.rest_client [req-c2a2c653-44a8-4ad8-a9ce-b4c24062b798 req-c2a2c653-44a8-4ad8-a9ce-b4c24062b798 ] Request (InstanceActionsNegativeTestJSON:setUpClass): 204 DELETE http://10.180.1.21/compute/v2.1/servers/964f98e4-3462-4362-b551-576302776f3a 0.198s
2024-10-24 12:11:03.933 63197 INFO tempest.lib.common.rest_client [req-b9db9d1c-8ebf-4f0a-81c9-e71719b96996 req-b9db9d1c-8ebf-4f0a-81c9-e71719b96996 ] Request (ServersV294TestFqdnHostnames:setUpClass): 200 GET http://10.180.1.21/compute/v2.1/servers/821366f1-f1b0-4b78-8f7e-db8fd3bb123e 0.133s
2024-10-24 12:11:03.941 63176 INFO tempest.lib.common.rest_client [req-8085966c-65ef-4092-bbe1-4d8a75d46bca req-8085966c-65ef-4092-bbe1-4d8a75d46bca ] Request (InstanceActionsNegativeTestJSON:setUpClass): 404 GET http://10.180.1.21/compute/v2.1/servers/964f98e4-3462-4362-b551-576302776f3a 0.022s
2024-10-24 12:11:03.941 63176 INFO tempest.test [-] raised in InstanceActionsNegativeTestJSON.setUpClass. Invoking tearDownClass.
2024-10-24 12:11:04.187 63180 INFO tempest.lib.common.rest_client [req-fd4f129f-d179-493c-a57b-0eee346ae4b6 req-fd4f129f-d179-493c-a57b-0eee346ae4b6 ] Request (ServerDiskConfigTestJSON:test_rebuild_server_with_manual_disk_config): 200 GET http://10.180.1.21/compute/v2.1/servers/c5aaadb0-f9a1-4af9-b882-86d847185a19 0.048s
2024-10-24 12:11:04.190 63194 INFO tempest.lib.common.rest_client [req-e4f1e3cb-ff64-407e-ac54-37ed5fb02451 req-e4f1e3cb-ff64-407e-ac54-37ed5fb02451 ] Request (ServerActionsTestJSON:setUpClass): 200 GET http://10.180.1.21/compute/v2.1/servers/15938dfe-a697-450b-8c88-ff4ef703ee1f 0.051s
2024-10-24 12:11:04.253 63164 INFO tempest.lib.common.rest_client [req-cae83fe8-0a53-4133-818f-8a115634262c req-cae83fe8-0a53-4133-818f-8a115634262c ] Request (ServerRescueNegativeTestJSON:setUpClass): 200 GET http://10.180.1.21/compute/v2.1/servers/e1f45ab1-53fe-417d-b9f1-8ca1e7ce1fa6 0.051s
2024-10-24 12:11:04.285 63156 INFO tempest.lib.common.rest_client [req-8ee8bce1-89df-42e5-9097-4baacfc3ed51 req-8ee8bce1-89df-42e5-9097-4baacfc3ed51 ] Request (ServerTagsTestJSON:setUpClass): 200 GET http://10.180.1.21/compute/v2.1/servers/e24c8bf2-1616-4a5a-b6ce-0c256e78b213 0.052s
2024-10-24 12:11:04.311 63174 INFO tempest.lib.common.rest_client [req-61125bef-c81b-44cc-bf26-bac3cac1eb13 req-61125bef-c81b-44cc-bf26-bac3cac1eb13 ] Request (SecurityGroupsTestJSON:test_list_security_groups_by_server): 200 GET http://10.180.1.21/compute/v2.1/servers/8399d066-43bc-4766-97c8-89d74f3283f0 0.052s
2024-10-24 12:11:04.325 63184 INFO tempest.lib.common.rest_client [req-932a1761-2642-409f-9a70-2e2cabbfd4ce req-932a1761-2642-409f-9a70-2e2cabbfd4ce ] Request (VolumesAdminNegativeTest:test_update_attached_volume_with_nonexistent_volume_in_uri): 200 GET http://10.180.1.21/compute/v2.1/servers/8bda7658-2b86-4869-89e2-b10d7119ae18 0.049s
2024-10-24 12:11:04.405 63206 INFO tempest.lib.common.rest_client [req-035d9c77-b061-4dc4-b874-86d447f6ade7 req-035d9c77-b061-4dc4-b874-86d447f6ade7 ] Request (MultipleCreateTestJSON:test_multiple_create): 200 GET http://10.180.1.21/compute/v2.1/servers/41218b72-0b79-496a-855f-57a972dabd0b 0.062s
2024-10-24 12:11:04.472 63178 INFO tempest.lib.common.rest_client [req-f6b58133-2077-4420-b7a6-1f99cdb1d796 req-f6b58133-2077-4420-b7a6-1f99cdb1d796 ] Request (ServersTestJSON:setUpClass): 200 GET http://10.180.1.21/compute/v2.1/servers/62cfca0a-e8c6-4f94-8e6f-1136cfcf3089 0.069s
2024-10-24 12:11:04.474 63166 INFO tempest.lib.common.rest_client [req-5402b77b-77a8-415c-99a2-e8604e6e08a9 req-5402b77b-77a8-415c-99a2-e8604e6e08a9 ] Request (ServerMetadataNegativeTestJSON:setUpClass): 200 GET http://10.180.1.21/compute/v2.1/servers/0419073e-5340-4805-a1e0-417ccf5fdd30 0.049s
2024-10-24 12:11:04.478 63178 INFO tempest.common.waiters [-] State transition "BUILD/scheduling" ==> "BUILD/None" after 73 second wait
2024-10-24 12:11:04.482 63166 INFO tempest.common.waiters [-] State transition "BUILD/block_device_mapping" ==> "BUILD/spawning" after 77 second wait
2024-10-24 12:11:04.520 63154 INFO tempest.lib.common.rest_client [req-be245fa4-f0d5-4555-b121-9bc46270c14e req-be245fa4-f0d5-4555-b121-9bc46270c14e ] Request (AttachVolumeNegativeTest:test_attach_attached_volume_to_different_server): 200 GET http://10.180.1.21/compute/v2.1/servers/364c5d87-f261-439a-920e-874ee0bcf83b 0.064s
2024-10-24 12:11:04.525 63150 INFO tempest.lib.common.rest_client [req-aa8112de-520a-4588-b464-777c9b9b0493 req-aa8112de-520a-4588-b464-777c9b9b0493 ] Request (ServersTestFqdnHostnames:test_create_server_with_fqdn_name): 200 GET http://10.180.1.21/compute/v2.1/servers/c10d840e-ce05-4af3-ba2d-6214eefd8783 0.048s
2024-10-24 12:11:04.575 63160 INFO tempest.lib.common.rest_client [req-fafc296b-c245-42e9-aea5-3f088da79ea3 req-fafc296b-c245-42e9-aea5-3f088da79ea3 ] Request (MigrationsAdminTest:test_resize_server_revert_deleted_flavor): 200 GET http://10.180.1.21/compute/v2.1/servers/ad283bc7-b422-4836-a503-d3d9ae4fe3c1 0.074s
2024-10-24 12:11:04.585 63170 INFO tempest.lib.common.rest_client [req-e1cbcd2f-b7dd-4fe1-ade9-bd44be7f76b7 req-e1cbcd2f-b7dd-4fe1-ade9-bd44be7f76b7 ] Request (FloatingIPsAssociationTestJSON:setUpClass): 200 GET http://10.180.1.21/compute/v2.1/servers/67554dc7-fb72-47e1-8201-f5fda035a2d3 0.061s
2024-10-24 12:11:04.593 63176 INFO tempest.lib.common.rest_client [req-305c2d46-c330-45a7-921e-affd5e27fe8a req-305c2d46-c330-45a7-921e-affd5e27fe8a ] Request (InstanceActionsNegativeTestJSON:tearDownClass): 200 PUT http://10.180.1.21:9696/networking/v2.0/routers/12dac5c4-d0a0-4981-80a2-a8462075b030/remove_router_interface 0.651s
2024-10-24 12:11:04.636 63158 INFO tempest.lib.common.rest_client [req-6c3b190f-8bf6-495d-8e06-e9979299b631 req-6c3b190f-8bf6-495d-8e06-e9979299b631 ] Request (ServerPasswordTestJSON:setUpClass): 200 GET http://10.180.1.21/compute/v2.1/servers/6201e8b7-ca3d-4eb0-8c45-67f54e66173c 0.090s
2024-10-24 12:11:04.688 63210 INFO tempest.lib.common.rest_client [req-9365b669-dd03-4ece-abe4-c9803e39a2d2 req-9365b669-dd03-4ece-abe4-c9803e39a2d2 ] Request (ListServersNegativeTestJSON:setUpClass): 200 GET http://10.180.1.21/compute/v2.1/servers/283ffd74-3891-4b5e-bcf5-49b265978051 0.091s
2024-10-24 12:11:04.742 63172 INFO tempest.lib.common.rest_client [req-2693abeb-e144-4463-b610-bcc093decfc2 req-2693abeb-e144-4463-b610-bcc093decfc2 ] Request (AttachVolumeShelveTestJSON:test_attach_volume_shelved_or_offload_server): 200 GET http://10.180.1.21/compute/v2.1/servers/39489032-5430-471c-8d44-2c74682ed03b 0.122s
2024-10-24 12:11:04.786 63192 INFO tempest.lib.common.rest_client [req-30cefa65-432c-41c5-a562-1353edad7306 req-30cefa65-432c-41c5-a562-1353edad7306 ] Request (ServersTestJSON:test_create_server_specify_multibyte_character_name): 200 GET http://10.180.1.21/compute/v2.1/servers/98c19874-7c71-4e20-aa29-2ddc53df7e81 0.136s
2024-10-24 12:11:04.806 63212 INFO tempest.lib.common.rest_client [req-d54d451f-0885-412f-8496-b5eefb197ec2 req-d54d451f-0885-412f-8496-b5eefb197ec2 ] Request (ServersTestMultiNic:test_verify_duplicate_network_nics): 200 GET http://10.180.1.21/compute/v2.1/servers/294e3321-e826-4a56-bbd0-893261d65283 0.239s
2024-10-24 12:11:04.839 63168 INFO tempest.lib.common.rest_client [req-bff12535-9151-4c3b-85f4-db30beade5cb req-bff12535-9151-4c3b-85f4-db30beade5cb ] Request (DeleteServersAdminTestJSON:test_admin_delete_servers_of_others): 200 GET http://10.180.1.21/compute/v2.1/servers/91328e42-ba3c-4d63-a805-973c2bfa2afb 0.176s
2024-10-24 12:11:04.863 63186 INFO tempest.lib.common.rest_client [req-f703b0dc-792f-47dc-a348-29b121a9bd7e req-f703b0dc-792f-47dc-a348-29b121a9bd7e ] Request (ListImageFiltersTestJSON:setUpClass): 200 GET http://10.180.1.21/compute/v2.1/servers/3ce62ec7-6274-441f-989b-6f27a64b0c18 0.173s
2024-10-24 12:11:04.882 63200 INFO tempest.lib.common.rest_client [req-d3362fad-c2cb-42e9-a7a4-6fb4aac9f1b6 req-d3362fad-c2cb-42e9-a7a4-6fb4aac9f1b6 ] Request (ServerShowV247Test:tearDownClass): 404 GET http://10.180.1.21/compute/v2.1/servers/f3509973-013e-45ce-87f9-357e782f26d7 0.103s
2024-10-24 12:11:04.887 63190 INFO tempest.lib.common.rest_client [req-9c3ccc6d-f34b-4069-8858-1e49bb68da5e req-9c3ccc6d-f34b-4069-8858-1e49bb68da5e ] Request (ServersAdminTestJSON:setUpClass): 200 GET http://10.180.1.21/compute/v2.1/servers/220578cb-17b1-4b46-8c4a-f676c04fc5e8 0.152s
2024-10-24 12:11:04.943 63162 INFO tempest.lib.common.rest_client [req-d62d84fb-c335-4da0-94c3-f8729c5a553f req-d62d84fb-c335-4da0-94c3-f8729c5a553f ] Request (TenantUsagesTestJSON:setUpClass): 200 GET http://10.180.1.21/compute/v2.1/servers/d73f5ea8-529a-44e3-8239-5aaa4534d1cc 0.118s
2024-10-24 12:11:04.983 63200 INFO tempest.lib.common.rest_client [req-39510480-250e-486e-9d7d-99693c739d09 req-39510480-250e-486e-9d7d-99693c739d09 ] Request (ServerShowV247Test:tearDownClass): 204 DELETE http://10.180.1.21/compute/v2.1/servers/34b0b81e-fc98-4019-92c3-fe2ce2fdfd67 0.101s
2024-10-24 12:11:05.005 63202 INFO tempest.lib.common.rest_client [req-ff5aa266-181f-420b-920e-ae266d2f531a req-ff5aa266-181f-420b-920e-ae266d2f531a ] Request (ServerShowV257Test:test_rebuild_server): 200 GET http://10.180.1.21/compute/v2.1/servers/44339b45-5183-4882-aaec-4070adc3c3dd 0.112s
2024-10-24 12:11:05.039 63197 INFO tempest.lib.common.rest_client [req-11309002-00ac-4804-92ba-b03d0a6db0d2 req-11309002-00ac-4804-92ba-b03d0a6db0d2 ] Request (ServersV294TestFqdnHostnames:setUpClass): 200 GET http://10.180.1.21/compute/v2.1/servers/821366f1-f1b0-4b78-8f7e-db8fd3bb123e 0.095s
2024-10-24 12:11:05.051 63200 INFO tempest.lib.common.rest_client [req-cfc07b94-d799-4a82-9ec0-e90bbfdf2222 req-cfc07b94-d799-4a82-9ec0-e90bbfdf2222 ] Request (ServerShowV247Test:tearDownClass): 200 GET http://10.180.1.21/compute/v2.1/servers/34b0b81e-fc98-4019-92c3-fe2ce2fdfd67 0.068s
2024-10-24 12:11:05.145 63176 INFO tempest.lib.common.rest_client [req-c7ee60fc-cbb5-4abd-9039-46fe42774790 req-c7ee60fc-cbb5-4abd-9039-46fe42774790 ] Request (InstanceActionsNegativeTestJSON:tearDownClass): 204 DELETE http://10.180.1.21:9696/networking/v2.0/routers/12dac5c4-d0a0-4981-80a2-a8462075b030 0.551s
2024-10-24 12:11:05.244 63180 INFO tempest.lib.common.rest_client [req-190139e0-d7d8-4b04-9474-5a653095b209 req-190139e0-d7d8-4b04-9474-5a653095b209 ] Request (ServerDiskConfigTestJSON:test_rebuild_server_with_manual_disk_config): 200 GET http://10.180.1.21/compute/v2.1/servers/c5aaadb0-f9a1-4af9-b882-86d847185a19 0.050s
2024-10-24 12:11:05.245 63194 INFO tempest.lib.common.rest_client [req-54b719ac-fc36-4d5a-b5c5-e4d1107148ee req-54b719ac-fc36-4d5a-b5c5-e4d1107148ee ] Request (ServerActionsTestJSON:setUpClass): 200 GET http://10.180.1.21/compute/v2.1/servers/15938dfe-a697-450b-8c88-ff4ef703ee1f 0.048s
2024-10-24 12:11:05.256 63176 INFO tempest.lib.common.rest_client [req-96aa1fb8-e03e-4692-850a-cb2a731ac1f5 req-96aa1fb8-e03e-4692-850a-cb2a731ac1f5 ] Request (InstanceActionsNegativeTestJSON:tearDownClass): 204 DELETE http://10.180.1.21:9696/networking/v2.0/subnets/7ae91180-ff2e-4c23-aef5-05e5e8f95c96 0.110s
2024-10-24 12:11:05.313 63164 INFO tempest.lib.common.rest_client [req-59e26abd-7f80-4081-b261-58be3af51f98 req-59e26abd-7f80-4081-b261-58be3af51f98 ] Request (ServerRescueNegativeTestJSON:setUpClass): 200 GET http://10.180.1.21/compute/v2.1/servers/e1f45ab1-53fe-417d-b9f1-8ca1e7ce1fa6 0.052s
2024-10-24 12:11:05.356 63156 INFO tempest.lib.common.rest_client [req-df805386-c47f-46d0-b724-b9f1b79e10ea req-df805386-c47f-46d0-b724-b9f1b79e10ea ] Request (ServerTagsTestJSON:setUpClass): 200 GET http://10.180.1.21/compute/v2.1/servers/e24c8bf2-1616-4a5a-b6ce-0c256e78b213 0.062s
2024-10-24 12:11:05.370 63174 INFO tempest.lib.common.rest_client [req-0c4a44c4-775c-42d8-a5ff-d8773c797c99 req-0c4a44c4-775c-42d8-a5ff-d8773c797c99 ] Request (SecurityGroupsTestJSON:test_list_security_groups_by_server): 200 GET http://10.180.1.21/compute/v2.1/servers/8399d066-43bc-4766-97c8-89d74f3283f0 0.052s
2024-10-24 12:11:05.410 63184 INFO tempest.lib.common.rest_client [req-11c2f889-b110-4569-bebd-3ef4b99d1ba0 req-11c2f889-b110-4569-bebd-3ef4b99d1ba0 ] Request (VolumesAdminNegativeTest:test_update_attached_volume_with_nonexistent_volume_in_uri): 200 GET http://10.180.1.21/compute/v2.1/servers/8bda7658-2b86-4869-89e2-b10d7119ae18 0.077s
2024-10-24 12:11:05.462 63206 INFO tempest.lib.common.rest_client [req-1ef9d7ac-fc11-4ddc-bead-cc216f8d35bf req-1ef9d7ac-fc11-4ddc-bead-cc216f8d35bf ] Request (MultipleCreateTestJSON:test_multiple_create): 200 GET http://10.180.1.21/compute/v2.1/servers/41218b72-0b79-496a-855f-57a972dabd0b 0.047s
2024-10-24 12:11:05.495 63176 INFO tempest.lib.common.rest_client [req-83b1510f-a8f5-4905-bfe8-62390a6c9886 req-83b1510f-a8f5-4905-bfe8-62390a6c9886 ] Request (InstanceActionsNegativeTestJSON:tearDownClass): 204 DELETE http://10.180.1.21:9696/networking/v2.0/networks/49451d4c-837e-4bca-8e00-f7f11edb2113 0.239s
2024-10-24 12:11:05.530 63178 INFO tempest.lib.common.rest_client [req-fe746d99-8ed9-48cc-8c04-8bfb4d19c993 req-fe746d99-8ed9-48cc-8c04-8bfb4d19c993 ] Request (ServersTestJSON:setUpClass): 200 GET http://10.180.1.21/compute/v2.1/servers/62cfca0a-e8c6-4f94-8e6f-1136cfcf3089 0.050s
2024-10-24 12:11:05.550 63166 INFO tempest.lib.common.rest_client [req-87184572-b1b7-4872-b4aa-641b6d685a0b req-87184572-b1b7-4872-b4aa-641b6d685a0b ] Request (ServerMetadataNegativeTestJSON:setUpClass): 200 GET http://10.180.1.21/compute/v2.1/servers/0419073e-5340-4805-a1e0-417ccf5fdd30 0.067s
2024-10-24 12:11:05.582 63154 INFO tempest.lib.common.rest_client [req-51d4a2f9-42cc-4595-84f9-7eb79cffea2f req-51d4a2f9-42cc-4595-84f9-7eb79cffea2f ] Request (AttachVolumeNegativeTest:test_attach_attached_volume_to_different_server): 200 GET http://10.180.1.21/compute/v2.1/servers/364c5d87-f261-439a-920e-874ee0bcf83b 0.051s
2024-10-24 12:11:05.610 63150 INFO tempest.lib.common.rest_client [req-1fac257f-2bd6-422b-ba4f-b20389e55ca3 req-1fac257f-2bd6-422b-ba4f-b20389e55ca3 ] Request (ServersTestFqdnHostnames:test_create_server_with_fqdn_name): 200 GET http://10.180.1.21/compute/v2.1/servers/c10d840e-ce05-4af3-ba2d-6214eefd8783 0.076s
2024-10-24 12:11:05.621 63176 INFO tempest.lib.common.rest_client [req-35d4efcf-ab21-41c6-90ab-6c6b5fffe703 req-35d4efcf-ab21-41c6-90ab-6c6b5fffe703 ] Request (InstanceActionsNegativeTestJSON:tearDownClass): 204 DELETE http://10.180.1.21/identity/v3/users/b45ba0ad5a834147a064b83b7730fde9 0.125s
2024-10-24 12:11:05.621 63176 INFO tempest.lib.common.dynamic_creds [-] Deleting project and security group for project: 455c8a5ff8c24e30a74432bed7a7fd54
2024-10-24 12:11:05.638 63160 INFO tempest.lib.common.rest_client [req-62ddf370-0d40-4a8b-bee0-0cde5f129874 req-62ddf370-0d40-4a8b-bee0-0cde5f129874 ] Request (MigrationsAdminTest:test_resize_server_revert_deleted_flavor): 200 GET http://10.180.1.21/compute/v2.1/servers/ad283bc7-b422-4836-a503-d3d9ae4fe3c1 0.057s
2024-10-24 12:11:05.658 63176 INFO tempest.lib.common.rest_client [req-a5f93961-03c3-40b3-9fc8-515d707c1aa6 req-a5f93961-03c3-40b3-9fc8-515d707c1aa6 ] Request (InstanceActionsNegativeTestJSON:tearDownClass): 200 GET http://10.180.1.21:9696/networking/v2.0/security-groups?tenant_id=455c8a5ff8c24e30a74432bed7a7fd54&name=default 0.037s
2024-10-24 12:11:05.660 63170 INFO tempest.lib.common.rest_client [req-ffc94aa7-b468-463c-92a1-fbb4fd9e5da4 req-ffc94aa7-b468-463c-92a1-fbb4fd9e5da4 ] Request (FloatingIPsAssociationTestJSON:setUpClass): 200 GET http://10.180.1.21/compute/v2.1/servers/67554dc7-fb72-47e1-8201-f5fda035a2d3 0.060s
2024-10-24 12:11:05.701 63158 INFO tempest.lib.common.rest_client [req-220dc7a0-24e1-4de1-8666-c7571653b547 req-220dc7a0-24e1-4de1-8666-c7571653b547 ] Request (ServerPasswordTestJSON:setUpClass): 200 GET http://10.180.1.21/compute/v2.1/servers/6201e8b7-ca3d-4eb0-8c45-67f54e66173c 0.055s
2024-10-24 12:11:05.740 63176 INFO tempest.lib.common.rest_client [req-96bdcb5c-5f37-462d-a77f-b2ee885e36b6 req-96bdcb5c-5f37-462d-a77f-b2ee885e36b6 ] Request (InstanceActionsNegativeTestJSON:tearDownClass): 204 DELETE http://10.180.1.21:9696/networking/v2.0/security-groups/2ca7e901-b58d-438d-bdbe-a098082faaee 0.081s
2024-10-24 12:11:05.744 63210 INFO tempest.lib.common.rest_client [req-12594c59-28df-421b-91e1-eaa86f943c9b req-12594c59-28df-421b-91e1-eaa86f943c9b ] Request (ListServersNegativeTestJSON:setUpClass): 200 GET http://10.180.1.21/compute/v2.1/servers/283ffd74-3891-4b5e-bcf5-49b265978051 0.048s
