2024-10-24 12:09:08.200 63192 INFO tempest.lib.common.rest_client [req-d351d5bb-fbf2-4c76-9599-24e2b8bfa2f3 req-d351d5bb-fbf2-4c76-9599-24e2b8bfa2f3 ] Request (FlavorsExtraSpecsNegativeTestJSON:tearDownClass): 204 DELETE http://10.180.1.21/identity/v3/projects/12f3477ecd1640798b8ac7f8d00c7a22 0.279s
2024-10-24 12:09:08.200 63192 INFO tempest.lib.common.dynamic_creds [-] Deleting project and security group for project: 96d8572f59cb4f35a23109e500408bba
2024-10-24 12:09:08.220 63200 INFO tempest.lib.common.rest_client [req-1091c537-c0b0-4151-a478-2acce7f17fb8 req-1091c537-c0b0-4151-a478-2acce7f17fb8 ] Request (HypervisorAdminV253TestBase:tearDownClass): 204 DELETE http://10.180.1.21/identity/v3/projects/e5ae0c6578a14dd18bce0f86d003f4f1 0.342s
2024-10-24 12:09:08.234 63164 INFO tempest.lib.common.rest_client [req-dc90c692-cb26-42a9-b0bd-024c7e8fb764 req-dc90c692-cb26-42a9-b0bd-024c7e8fb764 ] Request (ServerExternalEventsTest:test_create_server_external_events): 200 GET http://10.180.1.21/compute/v2.1/servers/16b4e8bd-d84f-45a6-b531-3200ea545931 0.453s
2024-10-24 12:09:08.271 63204 INFO tempest.lib.common.rest_client [req-2831edf6-d57a-4ddb-b591-1a7d0d01993c req-2831edf6-d57a-4ddb-b591-1a7d0d01993c ] Request (HypervisorAdminNegativeUnderV252Test:tearDownClass): 201 POST http://10.180.1.21/identity/v3/auth/tokens 0.312s
2024-10-24 12:09:08.288 63182 INFO tempest.lib.common.rest_client [req-0f20ef2e-1ca1-4aa9-9e97-d6d4fb76d01b req-0f20ef2e-1ca1-4aa9-9e97-d6d4fb76d01b ] Request (ServicesAdminNegativeV253TestJSON:tearDownClass): 201 POST http://10.180.1.21/identity/v3/auth/tokens 0.291s
2024-10-24 12:09:08.315 63158 INFO tempest.lib.common.rest_client [req-d9e79e7c-9480-47fa-8ec1-a38f58aeb2a7 req-d9e79e7c-9480-47fa-8ec1-a38f58aeb2a7 ] Request (ServerDiagnosticsNegativeTest:test_get_server_diagnostics_by_non_admin): 200 GET http://10.180.1.21/compute/v2.1/servers/b100dbb2-7e2e-43da-bb5f-e31c6676d1bd 0.481s
2024-10-24 12:09:08.359 63210 INFO tempest.lib.common.rest_client [req-41f11435-9636-4a89-a9a0-e8559e9b3e31 req-41f11435-9636-4a89-a9a0-e8559e9b3e31 ] Request (FlavorsExtraSpecsTestJSON:tearDownClass): 204 DELETE http://10.180.1.21/identity/v3/users/39a5e3a5a61a4be8bdff06b22d035c84 0.328s
2024-10-24 12:09:08.381 63150 INFO tempest.lib.common.rest_client [req-e7760b4c-9452-4a51-9954-b4c2e2cc51b2 req-e7760b4c-9452-4a51-9954-b4c2e2cc51b2 ] Request (HostsAdminNegativeTestJSON:tearDownClass): 204 DELETE http://10.180.1.21/identity/v3/users/d117984241d14622a5cefbfada7c16ac 0.345s
2024-10-24 12:09:08.458 63200 INFO tempest.lib.common.rest_client [req-c59f3b84-82ec-4d24-b982-24106950a993 req-c59f3b84-82ec-4d24-b982-24106950a993 ] Request (ImagesMetadataNegativeTestJSON:setUpClass): 201 POST http://10.180.1.21/identity/v3/auth/tokens 0.235s
2024-10-24 12:09:08.468 63194 INFO tempest.lib.common.rest_client [req-de326aa7-c2f5-4b34-b023-5068455abc8f req-de326aa7-c2f5-4b34-b023-5068455abc8f ] Request (SecurityGroupsTestAdminJSON:setUpClass): 201 POST http://10.180.1.21/identity/v3/users 0.388s
2024-10-24 12:09:08.598 63210 INFO tempest.lib.common.rest_client [req-af8d5a95-24b4-4bae-8379-d5cb9746b49f req-af8d5a95-24b4-4bae-8379-d5cb9746b49f ] Request (FlavorsExtraSpecsTestJSON:tearDownClass): 204 DELETE http://10.180.1.21/identity/v3/users/588edf9c3b634677ba096183bd338039 0.238s
2024-10-24 12:09:08.598 63210 INFO tempest.lib.common.dynamic_creds [-] Deleting project and security group for project: 59f3fcf38eb849bbae7abc61ddbbe176
2024-10-24 12:09:08.658 63166 INFO tempest.lib.common.rest_client [req-b66092fe-3bbc-49e8-91a6-e5bf61829e96 req-b66092fe-3bbc-49e8-91a6-e5bf61829e96 ] Request (QuotasAdminTestJSON:test_update_all_quota_resources_for_tenant): 200 GET http://10.180.1.21/compute/v2.1/os-quota-sets/ab94e72c870840f4ba82c68385c4e109/defaults 1.058s
2024-10-24 12:09:08.677 63200 INFO tempest.lib.common.rest_client [req-a499d426-c82e-4a2d-b0da-189ee4592c25 req-a499d426-c82e-4a2d-b0da-189ee4592c25 ] Request (ImagesMetadataNegativeTestJSON:setUpClass): 201 POST http://10.180.1.21/identity/v3/auth/tokens 0.216s
2024-10-24 12:09:08.689 63212 INFO tempest.lib.common.rest_client [req-835572d2-d65e-4d44-a527-99d7ab5cc398 req-835572d2-d65e-4d44-a527-99d7ab5cc398 ] Request (ServicesAdminNegativeTestJSON:test_get_service_with_valid_service_and_invalid_host): 200 GET http://10.180.1.21/compute/v2.1/os-services 0.830s
2024-10-24 12:09:08.711 63150 INFO tempest.lib.common.rest_client [req-66f8e609-ef16-4ade-b28e-a3c20792f21c req-66f8e609-ef16-4ade-b28e-a3c20792f21c ] Request (HostsAdminNegativeTestJSON:tearDownClass): 204 DELETE http://10.180.1.21/identity/v3/users/a042a081e04c4e70a7ba7ef606d1f73f 0.329s
2024-10-24 12:09:08.711 63150 INFO tempest.lib.common.dynamic_creds [-] Deleting project and security group for project: a730e2d367434f57847c0375dff88d89
2024-10-24 12:09:08.731 63194 INFO tempest.lib.common.rest_client [req-2ba66710-a892-4e7b-b897-d53db05fb750 req-2ba66710-a892-4e7b-b897-d53db05fb750 ] Request (SecurityGroupsTestAdminJSON:setUpClass): 200 GET http://10.180.1.21/identity/v3/roles 0.262s
2024-10-24 12:09:08.767 63192 INFO tempest.lib.common.rest_client [req-948e8b81-97f5-4bd4-a630-6e234ef505ba req-948e8b81-97f5-4bd4-a630-6e234ef505ba ] Request (FlavorsExtraSpecsNegativeTestJSON:tearDownClass): 200 GET http://10.180.1.21:9696/networking/v2.0/security-groups?tenant_id=96d8572f59cb4f35a23109e500408bba&name=default 0.566s
2024-10-24 12:09:08.772 63210 INFO tempest.lib.common.rest_client [req-6f0531e2-2ce0-4b54-834a-9d4d271603b1 req-6f0531e2-2ce0-4b54-834a-9d4d271603b1 ] Request (FlavorsExtraSpecsTestJSON:tearDownClass): 201 POST http://10.180.1.21/identity/v3/auth/tokens 0.173s
2024-10-24 12:09:08.797 63200 INFO tempest.lib.common.rest_client [req-56956441-b911-4a96-9214-4262d9469b0e req-56956441-b911-4a96-9214-4262d9469b0e ] Request (ImagesMetadataNegativeTestJSON:setUpClass): 200 GET http://10.180.1.21/identity/v3/domains?name=Default 0.119s
2024-10-24 12:09:08.806 63150 INFO tempest.lib.common.rest_client [req-9fa86e35-46fe-4e03-ba23-0d6c8d0954f0 req-9fa86e35-46fe-4e03-ba23-0d6c8d0954f0 ] Request (HostsAdminNegativeTestJSON:tearDownClass): 201 POST http://10.180.1.21/identity/v3/auth/tokens 0.095s
2024-10-24 12:09:08.834 63194 INFO tempest.lib.common.rest_client [req-52a6a428-1d7a-4e43-a6d4-9331ad36109e req-52a6a428-1d7a-4e43-a6d4-9331ad36109e ] Request (SecurityGroupsTestAdminJSON:setUpClass): 204 PUT http://10.180.1.21/identity/v3/projects/b0042e011e1449768d2be487ca6254fc/users/9b3ce80feb6f43efa0bf806acedda4b1/roles/2176bb1050644aa0a0c53be75a01dd1f 0.102s
2024-10-24 12:09:08.879 63202 INFO tempest.lib.common.rest_client [req-eb84df51-f2b3-4d6f-9a53-3e87ef801948 req-eb84df51-f2b3-4d6f-9a53-3e87ef801948 ] Request (ServerActionsV293TestJSON:setUpClass): 200 GET http://10.180.1.21/volume/v3/volumes/87946414-ae37-4cfd-b8b8-fd2a7c3942c4 0.041s
2024-10-24 12:09:08.906 63200 INFO tempest.lib.common.rest_client [req-520f7149-ab6e-45a8-a7a4-8a06b39f48b6 req-520f7149-ab6e-45a8-a7a4-8a06b39f48b6 ] Request (ImagesMetadataNegativeTestJSON:setUpClass): 201 POST http://10.180.1.21/identity/v3/projects 0.108s
2024-10-24 12:09:08.927 63197 INFO tempest.lib.common.rest_client [req-25cc7785-ce65-48e9-a14d-884fd97f5bd6 req-25cc7785-ce65-48e9-a14d-884fd97f5bd6 ] Request (FloatingIPDetailsNegativeTestJSON:tearDownClass): 204 DELETE http://10.180.1.21:9696/networking/v2.0/routers/c495bbd9-39a6-42a6-a171-3618360cdb9a 0.809s
2024-10-24 12:09:09.008 63194 INFO tempest.lib.common.rest_client [req-ee9936a2-cf83-41ae-a168-8969bcae9897 req-ee9936a2-cf83-41ae-a168-8969bcae9897 ] Request (SecurityGroupsTestAdminJSON:setUpClass): 200 GET http://10.180.1.21/identity/v3/roles 0.174s
2024-10-24 12:09:09.014 63198 INFO tempest.lib.common.rest_client [req-5a1261e3-9d74-46ed-8f53-f25505be4d2b req-5a1261e3-9d74-46ed-8f53-f25505be4d2b ] Request (QuotasAdminNegativeTest:_run_cleanups): 200 PUT http://10.180.1.21/compute/v2.1/os-quota-sets/1d2273c70814407e948fbf87071475e2 1.037s
2024-10-24 12:09:09.026 63194 INFO tempest.lib.common.rest_client [req-232c4704-6446-4f25-9525-ce8ad52e4a1c req-232c4704-6446-4f25-9525-ce8ad52e4a1c ] Request (SecurityGroupsTestAdminJSON:setUpClass): 204 PUT http://10.180.1.21/identity/v3/projects/b0042e011e1449768d2be487ca6254fc/users/9b3ce80feb6f43efa0bf806acedda4b1/roles/2176bb1050644aa0a0c53be75a01dd1f 0.017s
2024-10-24 12:09:09.027 63194 INFO tempest.lib.common.dynamic_creds [-] Dynamic test user 9b3ce80feb6f43efa0bf806acedda4b1 is created with scope project and roles: ['admin']
2024-10-24 12:09:09.027 63194 INFO tempest.lib.common.dynamic_creds [-] Acquired dynamic creds: credentials: Credentials: {'domain_id': 'default', 'domain_name': 'Default', 'username': 'tempest-SecurityGroupsTestAdminJSON-1310519953-project-admin', 'project_domain_id': 'default', 'project_domain_name': 'Default', 'project_id': 'b0042e011e1449768d2be487ca6254fc', 'project_name': 'tempest-SecurityGroupsTestAdminJSON-1310519953', 'tenant_id': 'b0042e011e1449768d2be487ca6254fc', 'tenant_name': 'tempest-SecurityGroupsTestAdminJSON-1310519953', 'user_domain_id': 'default', 'user_domain_name': 'Default', 'user_id': '9b3ce80feb6f43efa0bf806acedda4b1', 'system': None}, Network: None, Subnet: None, Router: None
2024-10-24 12:09:09.027 63194 INFO tempest.lib.common.dynamic_creds [-] Created isolated network resources for: credentials: Credentials: {'domain_id': 'default', 'domain_name': 'Default', 'username': 'tempest-SecurityGroupsTestAdminJSON-1310519953-project-admin', 'project_domain_id': 'default', 'project_domain_name': 'Default', 'project_id': 'b0042e011e1449768d2be487ca6254fc', 'project_name': 'tempest-SecurityGroupsTestAdminJSON-1310519953', 'tenant_id': 'b0042e011e1449768d2be487ca6254fc', 'tenant_name': 'tempest-SecurityGroupsTestAdminJSON-1310519953', 'user_domain_id': 'default', 'user_domain_name': 'Default', 'user_id': '9b3ce80feb6f43efa0bf806acedda4b1', 'system': None}, Network: None, Subnet: None, Router: None
2024-10-24 12:09:09.033 63200 INFO tempest.lib.common.rest_client [req-51bdea57-0438-4945-a25b-76867e10274a req-51bdea57-0438-4945-a25b-76867e10274a ] Request (ImagesMetadataNegativeTestJSON:setUpClass): 201 POST http://10.180.1.21/identity/v3/users 0.127s
2024-10-24 12:09:09.041 63162 INFO tempest.lib.common.rest_client [req-35062e8c-ddf0-4b06-a661-b7e6b1b96cea req-35062e8c-ddf0-4b06-a661-b7e6b1b96cea ] Request (ServersWithSpecificFlavorTestJSON:test_verify_created_server_ephemeral_disk): 202 POST http://10.180.1.21/compute/v2.1/servers 1.201s
2024-10-24 12:09:09.053 63197 INFO tempest.lib.common.rest_client [req-e3c8a7a2-2a40-445d-97c7-9e6cbe3142b6 req-e3c8a7a2-2a40-445d-97c7-9e6cbe3142b6 ] Request (FloatingIPDetailsNegativeTestJSON:tearDownClass): 204 DELETE http://10.180.1.21:9696/networking/v2.0/subnets/397bbead-639f-44ed-babe-37da0f84cccb 0.126s
2024-10-24 12:09:09.100 63200 INFO tempest.lib.common.rest_client [req-da01d424-5621-40ad-97f5-b8891d3fc966 req-da01d424-5621-40ad-97f5-b8891d3fc966 ] Request (ImagesMetadataNegativeTestJSON:setUpClass): 200 GET http://10.180.1.21/identity/v3/roles 0.066s
2024-10-24 12:09:09.104 63182 INFO tempest.lib.common.rest_client [req-661381f9-2ef5-411a-a2b3-c97432522917 req-661381f9-2ef5-411a-a2b3-c97432522917 ] Request (ServicesAdminNegativeV253TestJSON:tearDownClass): 200 GET http://10.180.1.21:9696/networking/v2.0/security-groups?tenant_id=161c4ec46a64478980aee3f103ca021b&name=default 0.816s
2024-10-24 12:09:09.118 63204 INFO tempest.lib.common.rest_client [req-982a8c12-45be-4d50-bad1-4f1f1142093c req-982a8c12-45be-4d50-bad1-4f1f1142093c ] Request (HypervisorAdminNegativeUnderV252Test:tearDownClass): 200 GET http://10.180.1.21:9696/networking/v2.0/security-groups?tenant_id=9e62533291044354b90abbac216650db&name=default 0.847s
2024-10-24 12:09:09.128 63208 INFO tempest.lib.common.rest_client [req-cf3e8a75-720c-4eec-a344-741423f6692d req-cf3e8a75-720c-4eec-a344-741423f6692d ] Request (FloatingIPsNegativeTestJSON:test_delete_nonexistent_floating_ip): 404 DELETE http://10.180.1.21/compute/v2.1/os-floating-ips/de3c1f2d-6dd0-4bc6-9e3d-c0a42f35c8ca 1.108s
2024-10-24 12:09:09.129 63194 INFO tempest.lib.common.rest_client [req-1482a1a7-2604-4807-b440-54b4d45b9882 req-1482a1a7-2604-4807-b440-54b4d45b9882 ] Request (SecurityGroupsTestAdminJSON:setUpClass): 201 POST http://10.180.1.21/identity/v3/auth/tokens 0.098s
2024-10-24 12:09:09.149 63170 INFO tempest.lib.common.rest_client [req-b739e453-f515-42fb-be47-4c7f8de79deb req-b739e453-f515-42fb-be47-4c7f8de79deb ] Request (FlavorsAdminTestJSON:_run_cleanups): 200 GET http://10.180.1.21/compute/v2.1/flavors/detail 1.091s
2024-10-24 12:09:09.156 63168 INFO tempest.lib.common.rest_client [req-d33f6cb4-cdb3-4347-88b7-212df2e3bd08 req-d33f6cb4-cdb3-4347-88b7-212df2e3bd08 ] Request (AggregatesAdminNegativeTestJSON:test_aggregate_create_as_user): 403 POST http://10.180.1.21/compute/v2.1/os-aggregates 1.092s
2024-10-24 12:09:09.160 63200 INFO tempest.lib.common.rest_client [req-41cfb38c-9579-4863-b672-861057fb493d req-41cfb38c-9579-4863-b672-861057fb493d ] Request (ImagesMetadataNegativeTestJSON:setUpClass): 204 PUT http://10.180.1.21/identity/v3/projects/8366124c947d4933b4b36e80f17498d7/users/6576de5335b5473282e439c4e7da4fee/roles/70c8c899908b4e47b078dd06c45f6846 0.056s
2024-10-24 12:09:09.160 63200 INFO tempest.lib.common.dynamic_creds [-] Dynamic test user 6576de5335b5473282e439c4e7da4fee is created with scope project and roles: ['member']
2024-10-24 12:09:09.160 63200 INFO tempest.lib.common.dynamic_creds [-] Acquired dynamic creds: credentials: Credentials: {'domain_id': 'default', 'domain_name': 'Default', 'username': 'tempest-ImagesMetadataNegativeTestJSON-1057429151-project-member', 'project_domain_id': 'default', 'project_domain_name': 'Default', 'project_id': '8366124c947d4933b4b36e80f17498d7', 'project_name': 'tempest-ImagesMetadataNegativeTestJSON-1057429151', 'tenant_id': '8366124c947d4933b4b36e80f17498d7', 'tenant_name': 'tempest-ImagesMetadataNegativeTestJSON-1057429151', 'user_domain_id': 'default', 'user_domain_name': 'Default', 'user_id': '6576de5335b5473282e439c4e7da4fee', 'system': None}, Network: None, Subnet: None, Router: None
2024-10-24 12:09:09.160 63200 INFO tempest.lib.common.dynamic_creds [-] Created isolated network resources for: credentials: Credentials: {'domain_id': 'default', 'domain_name': 'Default', 'username': 'tempest-ImagesMetadataNegativeTestJSON-1057429151-project-member', 'project_domain_id': 'default', 'project_domain_name': 'Default', 'project_id': '8366124c947d4933b4b36e80f17498d7', 'project_name': 'tempest-ImagesMetadataNegativeTestJSON-1057429151', 'tenant_id': '8366124c947d4933b4b36e80f17498d7', 'tenant_name': 'tempest-ImagesMetadataNegativeTestJSON-1057429151', 'user_domain_id': 'default', 'user_domain_name': 'Default', 'user_id': '6576de5335b5473282e439c4e7da4fee', 'system': None}, Network: None, Subnet: None, Router: None
2024-10-24 12:09:09.191 63192 INFO tempest.lib.common.rest_client [req-1eaceee3-1ddc-457f-8b14-6c6b90c527c2 req-1eaceee3-1ddc-457f-8b14-6c6b90c527c2 ] Request (FlavorsExtraSpecsNegativeTestJSON:tearDownClass): 204 DELETE http://10.180.1.21:9696/networking/v2.0/security-groups/a6c67efe-ce43-440f-951e-89ad69aa77c3 0.424s
2024-10-24 12:09:09.262 63200 INFO tempest.lib.common.rest_client [req-72b2462d-0eec-41dc-b9b7-9c2704d16680 req-72b2462d-0eec-41dc-b9b7-9c2704d16680 ] Request (ImagesMetadataNegativeTestJSON:setUpClass): 201 POST http://10.180.1.21/identity/v3/auth/tokens 0.098s
2024-10-24 12:09:09.314 63188 INFO tempest.lib.common.rest_client [req-4906987b-2e90-492c-96da-a0921df98096 req-4906987b-2e90-492c-96da-a0921df98096 ] Request (FlavorsV255TestJSON:test_crud_flavor): 200 POST http://10.180.1.21/compute/v2.1/flavors 1.262s
2024-10-24 12:09:09.365 63156 INFO tempest.lib.common.rest_client [req-f39ef33d-343b-4293-8667-6f9734a006ea req-f39ef33d-343b-4293-8667-6f9734a006ea ] Request (FlavorsAccessNegativeTestJSON:test_flavor_non_admin_remove): 200 POST http://10.180.1.21/compute/v2.1/flavors/1915840/action 1.266s
2024-10-24 12:09:09.395 63210 INFO tempest.lib.common.rest_client [req-8ab0404f-5f0b-481f-94bb-bcd112c8058a req-8ab0404f-5f0b-481f-94bb-bcd112c8058a ] Request (FlavorsExtraSpecsTestJSON:tearDownClass): 200 GET http://10.180.1.21:9696/networking/v2.0/security-groups?tenant_id=59f3fcf38eb849bbae7abc61ddbbe176&name=default 0.622s
2024-10-24 12:09:09.400 63192 INFO tempest.lib.common.rest_client [req-039d269e-c33d-4c51-8b9b-22a0f1bd28b7 req-039d269e-c33d-4c51-8b9b-22a0f1bd28b7 ] Request (FlavorsExtraSpecsNegativeTestJSON:tearDownClass): 204 DELETE http://10.180.1.21/identity/v3/projects/96d8572f59cb4f35a23109e500408bba 0.207s
2024-10-24 12:09:09.428 63174 INFO tempest.lib.common.rest_client [req-9c01c7ab-cd56-4ca9-a1c6-0ee5274c535c req-9c01c7ab-cd56-4ca9-a1c6-0ee5274c535c ] Request (ServerDiagnosticsV248Test:test_get_server_diagnostics): 200 GET http://10.180.1.21/compute/v2.1/servers/d5c90d13-41bc-4cca-abf3-5a5b13171a6f 0.870s
2024-10-24 12:09:09.440 63190 INFO tempest.lib.common.rest_client [req-43546d36-a6b3-4bcb-a1fb-4b20c63553d8 req-43546d36-a6b3-4bcb-a1fb-4b20c63553d8 ] Request (ServersAdmin275Test:test_rebuild_update_server_275): 200 GET http://10.180.1.21/compute/v2.1/servers/3786cd93-1a50-4997-8894-840afa1c8417 0.853s
2024-10-24 12:09:09.452 63150 INFO tempest.lib.common.rest_client [req-79f96897-8b0a-49e8-b199-b9b3abd05a17 req-79f96897-8b0a-49e8-b199-b9b3abd05a17 ] Request (HostsAdminNegativeTestJSON:tearDownClass): 200 GET http://10.180.1.21:9696/networking/v2.0/security-groups?tenant_id=a730e2d367434f57847c0375dff88d89&name=default 0.646s
2024-10-24 12:09:09.466 63192 INFO tempest.lib.common.rest_client [req-c602b041-c007-4200-bcae-d0a07fba09aa req-c602b041-c007-4200-bcae-d0a07fba09aa ] Request (ServersAdminNegativeTestJSON:setUpClass): 201 POST http://10.180.1.21/identity/v3/auth/tokens 0.065s
2024-10-24 12:09:09.496 63182 INFO tempest.lib.common.rest_client [req-0fc2fe6d-433f-4bad-a3cc-454f40be7e55 req-0fc2fe6d-433f-4bad-a3cc-454f40be7e55 ] Request (ServicesAdminNegativeV253TestJSON:tearDownClass): 204 DELETE http://10.180.1.21:9696/networking/v2.0/security-groups/bd43f147-4c2f-4e2f-8271-1c3628187242 0.391s
2024-10-24 12:09:09.506 63204 INFO tempest.lib.common.rest_client [req-6a20140c-3ac8-4b4a-8aca-05fe986dc041 req-6a20140c-3ac8-4b4a-8aca-05fe986dc041 ] Request (HypervisorAdminNegativeUnderV252Test:tearDownClass): 204 DELETE http://10.180.1.21:9696/networking/v2.0/security-groups/4ec5d0d9-5e38-4483-bb25-edd6808ab44d 0.387s
2024-10-24 12:09:09.519 63184 INFO tempest.lib.common.rest_client [req-0e0e63bb-3412-4aae-821f-8c40fe0a4a05 req-0e0e63bb-3412-4aae-821f-8c40fe0a4a05 ] Request (VolumesAdminNegativeTest:test_update_attached_volume_with_nonexistent_volume_in_body): 200 GET http://10.180.1.21/compute/v2.1/servers/c78502a7-266d-49cf-9d50-cc89ed266647 0.855s
2024-10-24 12:09:09.521 63192 INFO tempest.lib.common.rest_client [req-3ce2d07b-3554-4aba-acef-b3ddf09a330c req-3ce2d07b-3554-4aba-acef-b3ddf09a330c ] Request (ServersAdminNegativeTestJSON:setUpClass): 201 POST http://10.180.1.21/identity/v3/auth/tokens 0.049s
2024-10-24 12:09:09.521 63197 INFO tempest.lib.common.rest_client [req-f7480faf-ead5-4e72-ba24-50a06e3c0674 req-f7480faf-ead5-4e72-ba24-50a06e3c0674 ] Request (FloatingIPDetailsNegativeTestJSON:tearDownClass): 204 DELETE http://10.180.1.21:9696/networking/v2.0/networks/585947a0-3d11-460c-a691-29d4e545e6fc 0.466s
2024-10-24 12:09:09.541 63212 INFO tempest.lib.common.rest_client [req-9caa8a3d-370d-4f3c-88a3-600f339e2224 req-9caa8a3d-370d-4f3c-88a3-600f339e2224 ] Request (ServicesAdminNegativeTestJSON:test_get_service_with_valid_service_and_invalid_host): 200 GET http://10.180.1.21/compute/v2.1/os-services?host=xxx&binary=nova-scheduler 0.850s
2024-10-24 12:09:09.573 63182 INFO tempest.lib.common.rest_client [req-44a3801f-eb41-46ec-8615-8390731bd864 req-44a3801f-eb41-46ec-8615-8390731bd864 ] Request (ServicesAdminNegativeV253TestJSON:tearDownClass): 204 DELETE http://10.180.1.21/identity/v3/projects/161c4ec46a64478980aee3f103ca021b 0.077s
2024-10-24 12:09:09.574 63182 INFO tempest.lib.common.dynamic_creds [-] Deleting project and security group for project: e2427f97a1b241f19156656363f23c61
2024-10-24 12:09:09.624 63180 INFO tempest.lib.common.rest_client [req-9d287748-c673-408a-b1dc-a51710106ffc req-9d287748-c673-408a-b1dc-a51710106ffc ] Request (ServerDiskConfigTestJSON:test_rebuild_server_with_auto_disk_config): 200 GET http://10.180.1.21/compute/v2.1/servers/df6047b8-8e4b-48e2-ae54-f5fda0aa77da 0.881s
2024-10-24 12:09:09.669 63210 INFO tempest.lib.common.rest_client [req-09ed8d31-e9ce-4476-a392-c3da38cd7319 req-09ed8d31-e9ce-4476-a392-c3da38cd7319 ] Request (FlavorsExtraSpecsTestJSON:tearDownClass): 204 DELETE http://10.180.1.21:9696/networking/v2.0/security-groups/072ad6d6-ed6d-468a-87d4-aeb18bcef382 0.273s
2024-10-24 12:09:09.708 63204 INFO tempest.lib.common.rest_client [req-9879bef2-2748-4c17-93a0-1da2c8cde98e req-9879bef2-2748-4c17-93a0-1da2c8cde98e ] Request (HypervisorAdminNegativeUnderV252Test:tearDownClass): 204 DELETE http://10.180.1.21/identity/v3/projects/9e62533291044354b90abbac216650db 0.202s
2024-10-24 12:09:09.708 63186 INFO tempest.lib.common.rest_client [req-db7b68c8-d368-4eda-a60f-6e8adb72428d req-db7b68c8-d368-4eda-a60f-6e8adb72428d ] Request (ImagesNegativeTestJSON:test_create_image_from_deleted_server): 200 GET http://10.180.1.21/compute/v2.1/servers/3db8507b-52b8-4eeb-b801-56e817c3b728 0.866s
2024-10-24 12:09:09.708 63204 INFO tempest.lib.common.dynamic_creds [-] Deleting project and security group for project: 7cca0df415bb49839f97a2f117301174
2024-10-24 12:09:09.715 63197 INFO tempest.lib.common.rest_client [req-22a5ce3e-5d75-42d0-869b-e7c6856c2a10 req-22a5ce3e-5d75-42d0-869b-e7c6856c2a10 ] Request (FloatingIPDetailsNegativeTestJSON:tearDownClass): 204 DELETE http://10.180.1.21/identity/v3/users/155db914dab4445ab47ff5d2d2753020 0.193s
2024-10-24 12:09:09.715 63197 INFO tempest.lib.common.dynamic_creds [-] Deleting project and security group for project: bb9bbfe2dd87425393e7123d34e27fad
2024-10-24 12:09:09.728 63154 INFO tempest.lib.common.rest_client [req-f47f5d67-344b-42a6-91c7-0be47dfd8f58 req-f47f5d67-344b-42a6-91c7-0be47dfd8f58 ] Request (FloatingIPsAssociationNegativeTestJSON:setUpClass): 201 POST http://10.180.1.21:9696/networking/v2.0/routers 2.544s
2024-10-24 12:09:09.753 63166 INFO tempest.lib.common.rest_client [req-a479e7c5-7e34-4da6-97de-0743c2ff4e3c req-a479e7c5-7e34-4da6-97de-0743c2ff4e3c ] Request (QuotasAdminTestJSON:test_update_all_quota_resources_for_tenant): 200 PUT http://10.180.1.21/compute/v2.1/os-quota-sets/ab94e72c870840f4ba82c68385c4e109 1.092s
2024-10-24 12:09:09.766 63192 INFO tempest.lib.common.rest_client [req-5cc2aa0e-64f6-4efa-a94a-dee811a10047 req-5cc2aa0e-64f6-4efa-a94a-dee811a10047 ] Request (ServersAdminNegativeTestJSON:setUpClass): 200 GET http://10.180.1.21/identity/v3/domains?name=Default 0.244s
2024-10-24 12:09:09.782 63150 INFO tempest.lib.common.rest_client [req-9927cbe5-66b4-4bc7-b7d2-9708f5e7d103 req-9927cbe5-66b4-4bc7-b7d2-9708f5e7d103 ] Request (HostsAdminNegativeTestJSON:tearDownClass): 204 DELETE http://10.180.1.21:9696/networking/v2.0/security-groups/6ca287cc-006b-414c-ba85-2c12d61930f9 0.329s
2024-10-24 12:09:09.798 63210 INFO tempest.lib.common.rest_client [req-2af85e82-4ced-407b-93fa-4c3984416e11 req-2af85e82-4ced-407b-93fa-4c3984416e11 ] Request (FlavorsExtraSpecsTestJSON:tearDownClass): 204 DELETE http://10.180.1.21/identity/v3/projects/59f3fcf38eb849bbae7abc61ddbbe176 0.129s
2024-10-24 12:09:09.798 63210 INFO tempest.lib.common.dynamic_creds [-] Deleting project and security group for project: 747d73421c4b43cf9d1f1f9aa9e85472
2024-10-24 12:09:09.798 63192 INFO tempest.lib.common.rest_client [req-418e98d6-1884-4260-8cb4-51c5a0beebd2 req-418e98d6-1884-4260-8cb4-51c5a0beebd2 ] Request (ServersAdminNegativeTestJSON:setUpClass): 201 POST http://10.180.1.21/identity/v3/projects 0.032s
2024-10-24 12:09:09.806 63206 INFO tempest.lib.common.rest_client [req-79912450-7bfb-4cb7-81c8-2e967ee7116e req-79912450-7bfb-4cb7-81c8-2e967ee7116e ] Request (VolumesAssistedSnapshotsTest:test_volume_assisted_snapshot_create_delete): 200 GET http://10.180.1.21/compute/v2.1/servers/856b3816-d4f8-4c9e-b74c-ea15d67976ef 0.888s
2024-10-24 12:09:09.816 63198 INFO tempest.lib.common.rest_client [req-ccd694f5-4b9e-4ffd-8fb8-cd2f03a09ad4 req-ccd694f5-4b9e-4ffd-8fb8-cd2f03a09ad4 ] Request (QuotasAdminNegativeTest:test_update_quota_normal_user): 403 PUT http://10.180.1.21/compute/v2.1/os-quota-sets/1d2273c70814407e948fbf87071475e2 0.798s
2024-10-24 12:09:09.837 63160 INFO tempest.lib.common.rest_client [req-51e4ed55-32ba-472b-b62f-3bb349593e8e req-51e4ed55-32ba-472b-b62f-3bb349593e8e ] Request (MigrationsAdminTest:test_list_migrations_in_flavor_resize_situation): 200 GET http://10.180.1.21/compute/v2.1/servers/a8761350-3044-4822-8221-ed108e21cd62 0.838s
2024-10-24 12:09:09.852 63182 INFO tempest.lib.common.rest_client [req-a5384423-7b70-4552-a0d8-0addc469496a req-a5384423-7b70-4552-a0d8-0addc469496a ] Request (ServicesAdminNegativeV253TestJSON:tearDownClass): 200 GET http://10.180.1.21:9696/networking/v2.0/security-groups?tenant_id=e2427f97a1b241f19156656363f23c61&name=default 0.278s
2024-10-24 12:09:09.860 63192 INFO tempest.lib.common.rest_client [req-7a0c6b5f-be0d-41e5-b0ce-acccb5aa2b04 req-7a0c6b5f-be0d-41e5-b0ce-acccb5aa2b04 ] Request (ServersAdminNegativeTestJSON:setUpClass): 201 POST http://10.180.1.21/identity/v3/users 0.061s
2024-10-24 12:09:09.863 63197 INFO tempest.lib.common.rest_client [req-aa661e8e-b639-4394-b9a7-08a13cafe874 req-aa661e8e-b639-4394-b9a7-08a13cafe874 ] Request (FloatingIPDetailsNegativeTestJSON:tearDownClass): 200 GET http://10.180.1.21:9696/networking/v2.0/security-groups?tenant_id=bb9bbfe2dd87425393e7123d34e27fad&name=default 0.148s
2024-10-24 12:09:09.890 63162 INFO tempest.lib.common.rest_client [req-08f8f3b0-dbff-4ca1-b567-24b6559373ed req-08f8f3b0-dbff-4ca1-b567-24b6559373ed ] Request (ServersWithSpecificFlavorTestJSON:test_verify_created_server_ephemeral_disk): 200 GET http://10.180.1.21/compute/v2.1/servers/889af877-29c4-4c06-9995-49fb15b21a55 0.847s
2024-10-24 12:09:09.914 63150 INFO tempest.lib.common.rest_client [req-2b7d31b2-b706-4f10-a22d-840dae5ab755 req-2b7d31b2-b706-4f10-a22d-840dae5ab755 ] Request (HostsAdminNegativeTestJSON:tearDownClass): 204 DELETE http://10.180.1.21/identity/v3/projects/a730e2d367434f57847c0375dff88d89 0.131s
2024-10-24 12:09:09.914 63150 INFO tempest.lib.common.dynamic_creds [-] Deleting project and security group for project: 10006f806a434418a1e82e19b75f8a50
2024-10-24 12:09:09.917 63176 INFO tempest.lib.common.rest_client [req-eb385998-9e57-4e30-ab48-ef0c194767af req-eb385998-9e57-4e30-ab48-ef0c194767af ] Request (ImagesOneServerNegativeTestJSON:setUpClass): 200 GET http://10.180.1.21/compute/v2.1/servers/33f4159e-4181-4345-a716-0dfc409cee78 0.821s
2024-10-24 12:09:09.918 63198 INFO tempest.lib.common.rest_client [req-9ea55460-4c50-4114-9832-4c077752ed2a req-9ea55460-4c50-4114-9832-4c077752ed2a ] Request (QuotasAdminNegativeTest:tearDownClass): 204 DELETE http://10.180.1.21/identity/v3/users/ea039c1ae2334e3c8b0c1252aa40f180 0.100s
2024-10-24 12:09:09.936 63202 INFO tempest.lib.common.rest_client [req-0aa03cc3-ad61-476f-b69b-8bdb4fb457ec req-0aa03cc3-ad61-476f-b69b-8bdb4fb457ec ] Request (ServerActionsV293TestJSON:setUpClass): 200 GET http://10.180.1.21/volume/v3/volumes/87946414-ae37-4cfd-b8b8-fd2a7c3942c4 0.047s
2024-10-24 12:09:09.936 63168 INFO tempest.lib.common.rest_client [req-5f207ad9-b038-4a55-8aa0-131024f92e3a req-5f207ad9-b038-4a55-8aa0-131024f92e3a ] Request (AggregatesAdminNegativeTestJSON:test_aggregate_create_with_existent_aggregate_name): 200 POST http://10.180.1.21/compute/v2.1/os-aggregates 0.779s
2024-10-24 12:09:09.955 63170 INFO tempest.lib.common.rest_client [req-181cdc86-5c42-4668-b323-b61bd400c526 req-181cdc86-5c42-4668-b323-b61bd400c526 ] Request (FlavorsAdminTestJSON:test_create_list_flavor_without_extra_data): 200 POST http://10.180.1.21/compute/v2.1/flavors 0.795s
2024-10-24 12:09:09.997 63192 INFO tempest.lib.common.rest_client [req-78629d48-095f-45ea-9221-38eaae776c85 req-78629d48-095f-45ea-9221-38eaae776c85 ] Request (ServersAdminNegativeTestJSON:setUpClass): 200 GET http://10.180.1.21/identity/v3/roles 0.137s
2024-10-24 12:09:10.020 63192 INFO tempest.lib.common.rest_client [req-1608c5ea-818d-4436-9e3f-ede11840fcf4 req-1608c5ea-818d-4436-9e3f-ede11840fcf4 ] Request (ServersAdminNegativeTestJSON:setUpClass): 204 PUT http://10.180.1.21/identity/v3/projects/951507a49dcc46f08f7e610280f6beb4/users/d510ff90e25945dcacf62800cd2aa809/roles/70c8c899908b4e47b078dd06c45f6846 0.022s
2024-10-24 12:09:10.020 63192 INFO tempest.lib.common.dynamic_creds [-] Dynamic test user d510ff90e25945dcacf62800cd2aa809 is created with scope project and roles: ['member']
2024-10-24 12:09:10.021 63192 INFO tempest.lib.common.dynamic_creds [-] Acquired dynamic creds: credentials: Credentials: {'domain_id': 'default', 'domain_name': 'Default', 'username': 'tempest-ServersAdminNegativeTestJSON-877198869-project-member', 'project_domain_id': 'default', 'project_domain_name': 'Default', 'project_id': '951507a49dcc46f08f7e610280f6beb4', 'project_name': 'tempest-ServersAdminNegativeTestJSON-877198869', 'tenant_id': '951507a49dcc46f08f7e610280f6beb4', 'tenant_name': 'tempest-ServersAdminNegativeTestJSON-877198869', 'user_domain_id': 'default', 'user_domain_name': 'Default', 'user_id': 'd510ff90e25945dcacf62800cd2aa809', 'system': None}, Network: None, Subnet: None, Router: None
2024-10-24 12:09:10.021 63192 INFO tempest.lib.common.dynamic_creds [-] Created isolated network resources for: credentials: Credentials: {'domain_id': 'default', 'domain_name': 'Default', 'username': 'tempest-ServersAdminNegativeTestJSON-877198869-project-member', 'project_domain_id': 'default', 'project_domain_name': 'Default', 'project_id': '951507a49dcc46f08f7e610280f6beb4', 'project_name': 'tempest-ServersAdminNegativeTestJSON-877198869', 'tenant_id': '951507a49dcc46f08f7e610280f6beb4', 'tenant_name': 'tempest-ServersAdminNegativeTestJSON-877198869', 'user_domain_id': 'default', 'user_domain_name': 'Default', 'user_id': 'd510ff90e25945dcacf62800cd2aa809', 'system': None}, Network: None, Subnet: None, Router: None
2024-10-24 12:09:10.047 63198 INFO tempest.lib.common.rest_client [req-df376b99-a0a6-4fbe-ba4b-9cd7faac08dd req-df376b99-a0a6-4fbe-ba4b-9cd7faac08dd ] Request (QuotasAdminNegativeTest:tearDownClass): 204 DELETE http://10.180.1.21/identity/v3/users/d6713154ff9f43d48ebddd38fc804653 0.128s
2024-10-24 12:09:10.048 63198 INFO tempest.lib.common.dynamic_creds [-] Deleting project and security group for project: 07b4c47a159c4340bc0b643e1d168de8
2024-10-24 12:09:10.090 63192 INFO tempest.lib.common.rest_client [req-90fda092-e835-47df-9ead-5de0c320b66b req-90fda092-e835-47df-9ead-5de0c320b66b ] Request (ServersAdminNegativeTestJSON:setUpClass): 201 POST http://10.180.1.21/identity/v3/auth/tokens 0.064s
2024-10-24 12:09:10.109 63198 INFO tempest.lib.common.rest_client [req-f1011927-cd5b-453f-93a1-d45547e558f0 req-f1011927-cd5b-453f-93a1-d45547e558f0 ] Request (QuotasAdminNegativeTest:tearDownClass): 201 POST http://10.180.1.21/identity/v3/auth/tokens 0.061s
2024-10-24 12:09:10.116 63204 INFO tempest.lib.common.rest_client [req-80adaec3-9918-4595-9d2b-e6c3b901d770 req-80adaec3-9918-4595-9d2b-e6c3b901d770 ] Request (HypervisorAdminNegativeUnderV252Test:tearDownClass): 200 GET http://10.180.1.21:9696/networking/v2.0/security-groups?tenant_id=7cca0df415bb49839f97a2f117301174&name=default 0.407s
2024-10-24 12:09:10.163 63210 INFO tempest.lib.common.rest_client [req-3e0f4823-7222-42ef-a8d7-b2189d782c4e req-3e0f4823-7222-42ef-a8d7-b2189d782c4e ] Request (FlavorsExtraSpecsTestJSON:tearDownClass): 200 GET http://10.180.1.21:9696/networking/v2.0/security-groups?tenant_id=747d73421c4b43cf9d1f1f9aa9e85472&name=default 0.364s
2024-10-24 12:09:10.166 63192 INFO tempest.lib.common.rest_client [req-8f8b5e4b-597b-4347-bb97-ddd92167780e req-8f8b5e4b-597b-4347-bb97-ddd92167780e ] Request (ServersAdminNegativeTestJSON:setUpClass): 201 POST http://10.180.1.21/identity/v3/projects 0.076s
2024-10-24 12:09:10.198 63197 INFO tempest.lib.common.rest_client [req-382f4fc7-f227-449e-858e-4e420cf4cb08 req-382f4fc7-f227-449e-858e-4e420cf4cb08 ] Request (FloatingIPDetailsNegativeTestJSON:tearDownClass): 204 DELETE http://10.180.1.21:9696/networking/v2.0/security-groups/b7a4d9f6-296d-4ebc-a98d-7adb09aae5ad 0.335s
2024-10-24 12:09:10.216 63182 INFO tempest.lib.common.rest_client [req-0d7c0ff8-4f17-4eb0-8366-f2132158f9fb req-0d7c0ff8-4f17-4eb0-8366-f2132158f9fb ] Request (ServicesAdminNegativeV253TestJSON:tearDownClass): 204 DELETE http://10.180.1.21:9696/networking/v2.0/security-groups/330c8273-c6aa-4ba8-8f48-9efeb1056830 0.363s
2024-10-24 12:09:10.241 63192 INFO tempest.lib.common.rest_client [req-562a8d6b-cc1b-4f43-94e6-e714d3be7e7e req-562a8d6b-cc1b-4f43-94e6-e714d3be7e7e ] Request (ServersAdminNegativeTestJSON:setUpClass): 201 POST http://10.180.1.21/identity/v3/users 0.074s
2024-10-24 12:09:10.305 63197 INFO tempest.lib.common.rest_client [req-ba6a3d69-9f2f-433f-8adc-fab92991cec1 req-ba6a3d69-9f2f-433f-8adc-fab92991cec1 ] Request (FloatingIPDetailsNegativeTestJSON:tearDownClass): 204 DELETE http://10.180.1.21/identity/v3/projects/bb9bbfe2dd87425393e7123d34e27fad 0.106s
2024-10-24 12:09:10.311 63182 INFO tempest.lib.common.rest_client [req-0cf0a19e-df99-4b57-be7b-e963022d9639 req-0cf0a19e-df99-4b57-be7b-e963022d9639 ] Request (ServicesAdminNegativeV253TestJSON:tearDownClass): 204 DELETE http://10.180.1.21/identity/v3/projects/e2427f97a1b241f19156656363f23c61 0.094s
2024-10-24 12:09:10.329 63150 INFO tempest.lib.common.rest_client [req-b64a0a53-8c90-4b34-90ad-26b62f678fc3 req-b64a0a53-8c90-4b34-90ad-26b62f678fc3 ] Request (HostsAdminNegativeTestJSON:tearDownClass): 200 GET http://10.180.1.21:9696/networking/v2.0/security-groups?tenant_id=10006f806a434418a1e82e19b75f8a50&name=default 0.415s
2024-10-24 12:09:10.366 63197 INFO tempest.lib.common.rest_client [req-20b53010-54cc-412f-8f0b-d7073acea296 req-20b53010-54cc-412f-8f0b-d7073acea296 ] Request (SecurityGroupRulesTestJSON:setUpClass): 201 POST http://10.180.1.21/identity/v3/auth/tokens 0.060s
2024-10-24 12:09:10.376 63178 INFO tempest.lib.common.rest_client [req-3ecc0c2f-145d-4b69-802c-2f3347730782 req-3ecc0c2f-145d-4b69-802c-2f3347730782 ] Request (AttachInterfacesUnderV243Test:test_add_remove_fixed_ip): 200 GET http://10.180.1.21/compute/v2.1/servers/a7ee1dbd-73d2-46be-bf43-008eebcd64e9 1.198s
2024-10-24 12:09:10.385 63178 INFO tempest.common.waiters [-] State transition "BUILD/networking" ==> "BUILD/spawning" after 14 second wait
2024-10-24 12:09:10.391 63182 INFO tempest.lib.common.rest_client [req-4c5254ab-ed86-4ba5-ad91-d2a609a2f789 req-4c5254ab-ed86-4ba5-ad91-d2a609a2f789 ] Request (FloatingIPDetailsTestJSON:setUpClass): 201 POST http://10.180.1.21/identity/v3/auth/tokens 0.078s
2024-10-24 12:09:10.404 63192 INFO tempest.lib.common.rest_client [req-8e7f695b-7429-41cc-a99a-14be785eabad req-8e7f695b-7429-41cc-a99a-14be785eabad ] Request (ServersAdminNegativeTestJSON:setUpClass): 200 GET http://10.180.1.21/identity/v3/roles 0.162s
2024-10-24 12:09:10.414 63197 INFO tempest.lib.common.rest_client [req-d81aa593-9e07-4135-bcb4-9d423a102396 req-d81aa593-9e07-4135-bcb4-9d423a102396 ] Request (SecurityGroupRulesTestJSON:setUpClass): 201 POST http://10.180.1.21/identity/v3/auth/tokens 0.043s
2024-10-24 12:09:10.427 63204 INFO tempest.lib.common.rest_client [req-c74c59cf-4f6f-45e5-a678-f1dc3c92c41a req-c74c59cf-4f6f-45e5-a678-f1dc3c92c41a ] Request (HypervisorAdminNegativeUnderV252Test:tearDownClass): 204 DELETE http://10.180.1.21:9696/networking/v2.0/security-groups/2daba1d7-21ab-45cd-8f03-a73a77f178ea 0.310s
2024-10-24 12:09:10.443 63182 INFO tempest.lib.common.rest_client [req-310c94cb-35fa-42b5-bfea-2f7006608c45 req-310c94cb-35fa-42b5-bfea-2f7006608c45 ] Request (FloatingIPDetailsTestJSON:setUpClass): 201 POST http://10.180.1.21/identity/v3/auth/tokens 0.047s
2024-10-24 12:09:10.446 63192 INFO tempest.lib.common.rest_client [req-b5971ed7-6597-47a4-9814-fe970799a280 req-b5971ed7-6597-47a4-9814-fe970799a280 ] Request (ServersAdminNegativeTestJSON:setUpClass): 204 PUT http://10.180.1.21/identity/v3/projects/dbd474b2f0fa4e94898bc0ba3c171736/users/793130cb9644435e81e568965caffac7/roles/2176bb1050644aa0a0c53be75a01dd1f 0.041s
2024-10-24 12:09:10.495 63197 INFO tempest.lib.common.rest_client [req-92d6b1dc-bf64-4aee-a248-18e43b9ded1f req-92d6b1dc-bf64-4aee-a248-18e43b9ded1f ] Request (SecurityGroupRulesTestJSON:setUpClass): 200 GET http://10.180.1.21/identity/v3/domains?name=Default 0.079s
2024-10-24 12:09:10.513 63182 INFO tempest.lib.common.rest_client [req-1158153a-6c84-48ee-a4bb-899d7539dfb2 req-1158153a-6c84-48ee-a4bb-899d7539dfb2 ] Request (FloatingIPDetailsTestJSON:setUpClass): 200 GET http://10.180.1.21/identity/v3/domains?name=Default 0.070s
2024-10-24 12:09:10.536 63204 INFO tempest.lib.common.rest_client [req-2269d1d8-effe-4238-9c58-f041213c1e37 req-2269d1d8-effe-4238-9c58-f041213c1e37 ] Request (HypervisorAdminNegativeUnderV252Test:tearDownClass): 204 DELETE http://10.180.1.21/identity/v3/projects/7cca0df415bb49839f97a2f117301174 0.108s
2024-10-24 12:09:10.537 63204 INFO tempest.test [-] raised in ServersOnMultiNodesTest.setUpClass. Invoking tearDownClass.
2024-10-24 12:09:10.560 63192 INFO tempest.lib.common.rest_client [req-d34b3906-1074-433a-9365-00a2761ab943 req-d34b3906-1074-433a-9365-00a2761ab943 ] Request (ServersAdminNegativeTestJSON:setUpClass): 200 GET http://10.180.1.21/identity/v3/roles 0.113s
2024-10-24 12:09:10.581 63198 INFO tempest.lib.common.rest_client [req-d49e5968-aee1-4f1a-a8d5-4f7174553b0d req-d49e5968-aee1-4f1a-a8d5-4f7174553b0d ] Request (QuotasAdminNegativeTest:tearDownClass): 200 GET http://10.180.1.21:9696/networking/v2.0/security-groups?tenant_id=07b4c47a159c4340bc0b643e1d168de8&name=default 0.471s
2024-10-24 12:09:10.588 63210 INFO tempest.lib.common.rest_client [req-cd5be392-2a73-4b18-842e-3926c7fd5904 req-cd5be392-2a73-4b18-842e-3926c7fd5904 ] Request (FlavorsExtraSpecsTestJSON:tearDownClass): 204 DELETE http://10.180.1.21:9696/networking/v2.0/security-groups/f14386a7-bbcf-4bec-87e6-cc84dd5cf947 0.424s
2024-10-24 12:09:10.590 63164 INFO tempest.lib.common.rest_client [req-6413e239-d689-4310-9a6b-fe2016bf5e6e req-6413e239-d689-4310-9a6b-fe2016bf5e6e ] Request (ServerExternalEventsTest:test_create_server_external_events): 200 GET http://10.180.1.21/compute/v2.1/servers/16b4e8bd-d84f-45a6-b531-3200ea545931 1.343s
2024-10-24 12:09:10.598 63182 INFO tempest.lib.common.rest_client [req-d1f860ad-3ec0-4c31-a59f-7c61e61bd9ca req-d1f860ad-3ec0-4c31-a59f-7c61e61bd9ca ] Request (FloatingIPDetailsTestJSON:setUpClass): 201 POST http://10.180.1.21/identity/v3/projects 0.084s
2024-10-24 12:09:10.599 63197 INFO tempest.lib.common.rest_client [req-161d8a66-24ae-42a5-876f-f49b02e3e3fc req-161d8a66-24ae-42a5-876f-f49b02e3e3fc ] Request (SecurityGroupRulesTestJSON:setUpClass): 201 POST http://10.180.1.21/identity/v3/projects 0.104s
2024-10-24 12:09:10.604 63194 INFO tempest.lib.common.rest_client [req-2d214129-ec86-4be7-88a1-d5d07a8300b7 req-2d214129-ec86-4be7-88a1-d5d07a8300b7 ] Request (SecurityGroupsTestAdminJSON:test_list_security_groups_list_all_tenants_filter): 200 POST http://10.180.1.21/compute/v2.1/os-security-groups 1.469s
2024-10-24 12:09:10.653 63192 INFO tempest.lib.common.rest_client [req-ed548625-9aa4-4f66-a19e-009eb5ac69f9 req-ed548625-9aa4-4f66-a19e-009eb5ac69f9 ] Request (ServersAdminNegativeTestJSON:setUpClass): 204 PUT http://10.180.1.21/identity/v3/projects/dbd474b2f0fa4e94898bc0ba3c171736/users/793130cb9644435e81e568965caffac7/roles/2176bb1050644aa0a0c53be75a01dd1f 0.092s
2024-10-24 12:09:10.653 63192 INFO tempest.lib.common.dynamic_creds [-] Dynamic test user 793130cb9644435e81e568965caffac7 is created with scope project and roles: ['admin']
2024-10-24 12:09:10.653 63192 INFO tempest.lib.common.dynamic_creds [-] Acquired dynamic creds: credentials: Credentials: {'domain_id': 'default', 'domain_name': 'Default', 'username': 'tempest-ServersAdminNegativeTestJSON-1104338858-project-admin', 'project_domain_id': 'default', 'project_domain_name': 'Default', 'project_id': 'dbd474b2f0fa4e94898bc0ba3c171736', 'project_name': 'tempest-ServersAdminNegativeTestJSON-1104338858', 'tenant_id': 'dbd474b2f0fa4e94898bc0ba3c171736', 'tenant_name': 'tempest-ServersAdminNegativeTestJSON-1104338858', 'user_domain_id': 'default', 'user_domain_name': 'Default', 'user_id': '793130cb9644435e81e568965caffac7', 'system': None}, Network: None, Subnet: None, Router: None
2024-10-24 12:09:10.653 63192 INFO tempest.lib.common.dynamic_creds [-] Created isolated network resources for: credentials: Credentials: {'domain_id': 'default', 'domain_name': 'Default', 'username': 'tempest-ServersAdminNegativeTestJSON-1104338858-project-admin', 'project_domain_id': 'default', 'project_domain_name': 'Default', 'project_id': 'dbd474b2f0fa4e94898bc0ba3c171736', 'project_name': 'tempest-ServersAdminNegativeTestJSON-1104338858', 'tenant_id': 'dbd474b2f0fa4e94898bc0ba3c171736', 'tenant_name': 'tempest-ServersAdminNegativeTestJSON-1104338858', 'user_domain_id': 'default', 'user_domain_name': 'Default', 'user_id': '793130cb9644435e81e568965caffac7', 'system': None}, Network: None, Subnet: None, Router: None
2024-10-24 12:09:10.666 63150 INFO tempest.lib.common.rest_client [req-d76193f6-754f-4bbe-bab7-daf1cd95ceab req-d76193f6-754f-4bbe-bab7-daf1cd95ceab ] Request (HostsAdminNegativeTestJSON:tearDownClass): 204 DELETE http://10.180.1.21:9696/networking/v2.0/security-groups/8bda26de-4087-496e-9729-1c1ac54f1095 0.336s
2024-10-24 12:09:10.668 63204 INFO tempest.lib.common.rest_client [req-68e0abe0-4a5b-40e7-9204-a3d83d8069c0 req-68e0abe0-4a5b-40e7-9204-a3d83d8069c0 ] Request (ServersNegativeTestJSON:setUpClass): 201 POST http://10.180.1.21/identity/v3/auth/tokens 0.124s
2024-10-24 12:09:10.746 63210 INFO tempest.lib.common.rest_client [req-e7239e59-a828-4b30-8c0e-3c79a8bd2af7 req-e7239e59-a828-4b30-8c0e-3c79a8bd2af7 ] Request (FlavorsExtraSpecsTestJSON:tearDownClass): 204 DELETE http://10.180.1.21/identity/v3/projects/747d73421c4b43cf9d1f1f9aa9e85472 0.158s
2024-10-24 12:09:10.772 63198 INFO tempest.lib.common.rest_client [req-0f9d6f7c-1687-46ce-ac4d-bfadc3f7729a req-0f9d6f7c-1687-46ce-ac4d-bfadc3f7729a ] Request (QuotasAdminNegativeTest:tearDownClass): 204 DELETE http://10.180.1.21:9696/networking/v2.0/security-groups/2c73569b-35cd-4920-9cb3-08694fd5d561 0.188s
2024-10-24 12:09:10.807 63197 INFO tempest.lib.common.rest_client [req-edfec543-0548-43f8-ac8e-f5e76f2930e0 req-edfec543-0548-43f8-ac8e-f5e76f2930e0 ] Request (SecurityGroupRulesTestJSON:setUpClass): 201 POST http://10.180.1.21/identity/v3/users 0.208s
2024-10-24 12:09:10.814 63200 INFO tempest.lib.common.rest_client [req-6955bd16-d03d-49cf-b580-4c1cc9901078 req-6955bd16-d03d-49cf-b580-4c1cc9901078 ] Request (ImagesMetadataNegativeTestJSON:test_delete_nonexistent_image_metadata_item): 404 DELETE http://10.180.1.21/compute/v2.1/images/e79c8aba-7be7-4f10-8e30-13cf41787505/metadata/os_distro 1.550s
2024-10-24 12:09:10.814 63182 INFO tempest.lib.common.rest_client [req-ccd19872-d787-47e6-9cd8-ed20dd0e6a5b req-ccd19872-d787-47e6-9cd8-ed20dd0e6a5b ] Request (FloatingIPDetailsTestJSON:setUpClass): 201 POST http://10.180.1.21/identity/v3/users 0.215s
2024-10-24 12:09:10.884 63192 INFO tempest.lib.common.rest_client [req-7ea3fea7-ab72-4b09-ab63-c289120cfefb req-7ea3fea7-ab72-4b09-ab63-c289120cfefb ] Request (ServersAdminNegativeTestJSON:setUpClass): 201 POST http://10.180.1.21/identity/v3/auth/tokens 0.226s
2024-10-24 12:09:10.885 63192 WARNING tempest.lib.common.rest_client [-] Deprecated: "tenant_id" property is deprecated for removal, use "project_id" instead
2024-10-24 12:09:10.888 63158 INFO tempest.lib.common.rest_client [req-e19afafa-4ccd-4587-9054-f05cfc3485f6 req-e19afafa-4ccd-4587-9054-f05cfc3485f6 ] Request (ServerDiagnosticsNegativeTest:test_get_server_diagnostics_by_non_admin): 200 GET http://10.180.1.21/compute/v2.1/servers/b100dbb2-7e2e-43da-bb5f-e31c6676d1bd 1.559s
2024-10-24 12:09:10.899 63156 INFO tempest.lib.common.rest_client [req-54eb6a31-8011-4e69-b66a-cebe7b3a71cb req-54eb6a31-8011-4e69-b66a-cebe7b3a71cb ] Request (FlavorsAccessNegativeTestJSON:test_flavor_non_admin_remove): 403 POST http://10.180.1.21/compute/v2.1/flavors/1915840/action 1.533s
2024-10-24 12:09:10.917 63188 INFO tempest.lib.common.rest_client [req-2e8301eb-782a-4629-a93b-67ba66b31790 req-2e8301eb-782a-4629-a93b-67ba66b31790 ] Request (FlavorsV255TestJSON:test_crud_flavor): 200 GET http://10.180.1.21/compute/v2.1/flavors/209705582 1.600s
2024-10-24 12:09:10.939 63150 INFO tempest.lib.common.rest_client [req-6ca893c6-7c40-4e1d-8e3c-3ef7afddd706 req-6ca893c6-7c40-4e1d-8e3c-3ef7afddd706 ] Request (HostsAdminNegativeTestJSON:tearDownClass): 204 DELETE http://10.180.1.21/identity/v3/projects/10006f806a434418a1e82e19b75f8a50 0.273s
2024-10-24 12:09:10.963 63204 INFO tempest.lib.common.rest_client [req-48329e90-89aa-47f8-8483-6d515edf2030 req-48329e90-89aa-47f8-8483-6d515edf2030 ] Request (ServersNegativeTestJSON:setUpClass): 201 POST http://10.180.1.21/identity/v3/auth/tokens 0.291s
2024-10-24 12:09:10.967 63210 INFO tempest.lib.common.rest_client [req-ecc0f571-6ebd-49ec-8d4f-1631671457c8 req-ecc0f571-6ebd-49ec-8d4f-1631671457c8 ] Request (KeyPairsV210TestJSON:setUpClass): 201 POST http://10.180.1.21/identity/v3/auth/tokens 0.217s
2024-10-24 12:09:10.979 63202 INFO tempest.lib.common.rest_client [req-ddcf1b70-3cdc-4774-adb3-8c8f3cf135e8 req-ddcf1b70-3cdc-4774-adb3-8c8f3cf135e8 ] Request (ServerActionsV293TestJSON:setUpClass): 200 GET http://10.180.1.21/volume/v3/volumes/87946414-ae37-4cfd-b8b8-fd2a7c3942c4 0.033s
2024-10-24 12:09:10.984 63197 INFO tempest.lib.common.rest_client [req-a3da13bf-cca4-4c08-a2f0-af153b200039 req-a3da13bf-cca4-4c08-a2f0-af153b200039 ] Request (SecurityGroupRulesTestJSON:setUpClass): 200 GET http://10.180.1.21/identity/v3/roles 0.176s
2024-10-24 12:09:10.987 63202 INFO tempest.common.waiters [-] volume 87946414-ae37-4cfd-b8b8-fd2a7c3942c4 reached available after waiting for 21.987319 seconds
2024-10-24 12:09:11.001 63182 INFO tempest.lib.common.rest_client [req-f411b88d-179b-4b2d-988d-ad489cea9d0a req-f411b88d-179b-4b2d-988d-ad489cea9d0a ] Request (FloatingIPDetailsTestJSON:setUpClass): 200 GET http://10.180.1.21/identity/v3/roles 0.187s
2024-10-24 12:09:11.016 63198 INFO tempest.lib.common.rest_client [req-5a8d98be-a288-4c66-9092-682f15955e07 req-5a8d98be-a288-4c66-9092-682f15955e07 ] Request (QuotasAdminNegativeTest:tearDownClass): 204 DELETE http://10.180.1.21/identity/v3/projects/07b4c47a159c4340bc0b643e1d168de8 0.244s
2024-10-24 12:09:11.017 63198 INFO tempest.lib.common.dynamic_creds [-] Deleting project and security group for project: 1d2273c70814407e948fbf87071475e2
2024-10-24 12:09:11.048 63192 INFO tempest.lib.common.rest_client [req-91ce2553-312d-47ba-b25d-452d0df4dad6 req-91ce2553-312d-47ba-b25d-452d0df4dad6 ] Request (ServersAdminNegativeTestJSON:setUpClass): 201 POST http://10.180.1.21/identity/v3/auth/tokens 0.158s
2024-10-24 12:09:11.049 63192 INFO tempest.lib.common.fixed_network [-] (ServersAdminNegativeTestJSON:setUpClass) Found network None available for tenant
2024-10-24 12:09:11.110 63150 INFO tempest.lib.common.rest_client [req-11686c01-75e7-4797-88c7-602c54692d61 req-11686c01-75e7-4797-88c7-602c54692d61 ] Request (HypervisorAdminNegativeTestJSON:setUpClass): 201 POST http://10.180.1.21/identity/v3/auth/tokens 0.169s
2024-10-24 12:09:11.111 63212 INFO tempest.lib.common.rest_client [req-7b5b94ef-7a19-4f77-a73b-003c15ca6ea9 req-7b5b94ef-7a19-4f77-a73b-003c15ca6ea9 ] Request (ServicesAdminNegativeTestJSON:test_list_services_with_non_admin_user): 403 GET http://10.180.1.21/compute/v2.1/os-services 1.566s
2024-10-24 12:09:11.129 63168 INFO tempest.lib.common.rest_client [req-50540c71-df87-440e-8928-39049177de28 req-50540c71-df87-440e-8928-39049177de28 ] Request (AggregatesAdminNegativeTestJSON:test_aggregate_create_with_existent_aggregate_name): 409 POST http://10.180.1.21/compute/v2.1/os-aggregates 1.190s
2024-10-24 12:09:11.137 63210 INFO tempest.lib.common.rest_client [req-6a7354e0-36e3-44cf-b3c1-b4adf7731556 req-6a7354e0-36e3-44cf-b3c1-b4adf7731556 ] Request (KeyPairsV210TestJSON:setUpClass): 201 POST http://10.180.1.21/identity/v3/auth/tokens 0.168s
2024-10-24 12:09:11.138 63170 INFO tempest.lib.common.rest_client [req-dd83a378-5921-4662-9339-1c34bab1beba req-dd83a378-5921-4662-9339-1c34bab1beba ] Request (FlavorsAdminTestJSON:test_create_list_flavor_without_extra_data): 200 GET http://10.180.1.21/compute/v2.1/flavors/1579327650 1.181s
2024-10-24 12:09:11.145 63204 INFO tempest.lib.common.rest_client [req-2fdad152-6a2a-4571-8387-f21f10e06bbe req-2fdad152-6a2a-4571-8387-f21f10e06bbe ] Request (ServersNegativeTestJSON:setUpClass): 200 GET http://10.180.1.21/identity/v3/domains?name=Default 0.182s
2024-10-24 12:09:11.164 63208 INFO tempest.lib.common.rest_client [req-d89ac1f3-3d68-4ec8-8159-94faf45cb010 req-d89ac1f3-3d68-4ec8-8159-94faf45cb010 ] Request (FloatingIPsNegativeTestJSON:tearDownClass): 200 PUT http://10.180.1.21:9696/networking/v2.0/routers/028994db-c1e5-42aa-96f9-13e7e9018389/remove_router_interface 2.033s
2024-10-24 12:09:11.169 63197 INFO tempest.lib.common.rest_client [req-82f175d8-272e-4818-bf78-73b94d49b695 req-82f175d8-272e-4818-bf78-73b94d49b695 ] Request (SecurityGroupRulesTestJSON:setUpClass): 204 PUT http://10.180.1.21/identity/v3/projects/31820f9fe2eb4522869e54950bb60269/users/181c07e9a68a4bca9fb12a3886d92c3b/roles/70c8c899908b4e47b078dd06c45f6846 0.184s
2024-10-24 12:09:11.169 63197 INFO tempest.lib.common.dynamic_creds [-] Dynamic test user 181c07e9a68a4bca9fb12a3886d92c3b is created with scope project and roles: ['member']
