2024-10-24 12:10:06.946 63174 INFO tempest.lib.common.dynamic_creds [-] Created isolated network resources for: credentials: Credentials: {'domain_id': 'default', 'domain_name': 'Default', 'username': 'tempest-SecurityGroupsTestJSON-422525159-project-member', 'project_domain_id': 'default', 'project_domain_name': 'Default', 'project_id': 'f897e1c819f44362857de4d4398ca613', 'project_name': 'tempest-SecurityGroupsTestJSON-422525159', 'tenant_id': 'f897e1c819f44362857de4d4398ca613', 'tenant_name': 'tempest-SecurityGroupsTestJSON-422525159', 'user_domain_id': 'default', 'user_domain_name': 'Default', 'user_id': '82a857722ff043c994009b16db6373aa', 'system': None}, Network: {'id': 'c8cdb39e-9415-4f67-8199-fa1b043d04d8', 'name': 'tempest-SecurityGroupsTestJSON-373473409-network', 'tenant_id': 'f897e1c819f44362857de4d4398ca613', 'admin_state_up': True, 'mtu': 8950, 'status': 'ACTIVE', 'subnets': [], 'shared': False, 'project_id': 'f897e1c819f44362857de4d4398ca613', 'port_security_enabled': True, 'router:external': False, 'provider:network_type': 'vlan', 'provider:physical_network': 'default', 'provider:segmentation_id': 378, 'is_default': False, 'availability_zone_hints': [], 'availability_zones': [], 'ipv4_address_scope': None, 'ipv6_address_scope': None, 'description': '', 'tags': [], 'created_at': '2024-10-24T12:10:03Z', 'updated_at': '2024-10-24T12:10:03Z', 'revision_number': 1}, Subnet: {'id': 'e46158ce-e269-4ce0-8449-a9e761ef7515', 'name': 'tempest-SecurityGroupsTestJSON-373473409-subnet', 'tenant_id': 'f897e1c819f44362857de4d4398ca613', 'network_id': 'c8cdb39e-9415-4f67-8199-fa1b043d04d8', 'ip_version': 4, 'subnetpool_id': None, 'enable_dhcp': True, 'ipv6_ra_mode': None, 'ipv6_address_mode': None, 'gateway_ip': '192.168.128.1', 'cidr': '192.168.128.0/28', 'allocation_pools': [{'start': '192.168.128.2', 'end': '192.168.128.14'}], 'host_routes': [], 'dns_nameservers': [], 'description': '', 'router:external': False, 'service_types': [], 'tags': [], 'created_at': '2024-10-24T12:10:03Z', 'updated_at': '2024-10-24T12:10:03Z', 'revision_number': 0, 'project_id': 'f897e1c819f44362857de4d4398ca613'}, Router: {'id': 'de57c41a-bbb4-44dc-887e-cb434d2c3fdb', 'name': 'tempest-SecurityGroupsTestJSON-373473409-router', 'tenant_id': 'f897e1c819f44362857de4d4398ca613', 'admin_state_up': True, 'status': 'ACTIVE', 'external_gateway_info': {'network_id': '611d0f1a-744c-400c-a15b-5738b29c4f6d', 'external_fixed_ips': [{'subnet_id': '15af82cb-1f59-4758-9f71-cd7cd1e30a5f', 'ip_address': '10.180.180.227'}], 'enable_snat': True}, 'description': '', 'availability_zones': [], 'distributed': False, 'ha': False, 'availability_zone_hints': [], 'routes': [], 'flavor_id': None, 'tags': [], 'created_at': '2024-10-24T12:10:03Z', 'updated_at': '2024-10-24T12:10:04Z', 'revision_number': 2, 'project_id': 'f897e1c819f44362857de4d4398ca613'}
2024-10-24 12:10:06.954 63180 INFO tempest.lib.common.rest_client [req-a9ff8b1c-ef87-4165-87ee-5b8e885eaa9c req-a9ff8b1c-ef87-4165-87ee-5b8e885eaa9c ] Request (ServerDiskConfigTestJSON:test_rebuild_server_with_manual_disk_config): 200 GET http://10.180.1.21/compute/v2.1/servers/c5aaadb0-f9a1-4af9-b882-86d847185a19 0.154s
2024-10-24 12:10:06.979 63156 INFO tempest.lib.common.rest_client [req-d29b2b7c-5c88-40c0-9b1a-8e4041ce2cd0 req-d29b2b7c-5c88-40c0-9b1a-8e4041ce2cd0 ] Request (ServerTagsTestJSON:setUpClass): 200 GET http://10.180.1.21/compute/v2.1/servers/e24c8bf2-1616-4a5a-b6ce-0c256e78b213 0.130s
2024-10-24 12:10:07.010 63166 INFO tempest.lib.common.rest_client [req-ab3dde5b-44d6-421f-9b4c-597d0dae36e1 req-ab3dde5b-44d6-421f-9b4c-597d0dae36e1 ] Request (ServerMetadataNegativeTestJSON:setUpClass): 200 GET http://10.180.1.21/compute/v2.1/servers/0419073e-5340-4805-a1e0-417ccf5fdd30 0.089s
2024-10-24 12:10:07.037 63174 INFO tempest.lib.common.rest_client [req-cb2ec074-56f9-46e5-a6fa-bed7faa4fcfb req-cb2ec074-56f9-46e5-a6fa-bed7faa4fcfb ] Request (SecurityGroupsTestJSON:setUpClass): 201 POST http://10.180.1.21/identity/v3/auth/tokens 0.087s
2024-10-24 12:10:07.038 63184 INFO tempest.lib.common.rest_client [req-bd0e0a01-209d-4cc6-b715-1c569edb6bbb req-bd0e0a01-209d-4cc6-b715-1c569edb6bbb ] Request (VolumesAdminNegativeTest:test_update_attached_volume_with_nonexistent_volume_in_uri): 200 GET http://10.180.1.21/compute/v2.1/servers/8bda7658-2b86-4869-89e2-b10d7119ae18 0.116s
2024-10-24 12:10:07.061 63178 INFO tempest.lib.common.rest_client [req-911c6dc7-25fe-47ce-adf5-182e33577136 req-911c6dc7-25fe-47ce-adf5-182e33577136 ] Request (ServersTestJSON:setUpClass): 200 GET http://10.180.1.21/compute/v2.1/servers/62cfca0a-e8c6-4f94-8e6f-1136cfcf3089 0.072s
2024-10-24 12:10:07.100 63188 INFO tempest.lib.common.rest_client [req-8d74ab9c-8076-4b5b-8945-1174fec0e9be req-8d74ab9c-8076-4b5b-8945-1174fec0e9be ] Request (InstanceActionsTestJSON:setUpClass): 200 GET http://10.180.1.21/compute/v2.1/servers/5e695914-afa5-4f79-972d-852a4ac8aa20 0.108s
2024-10-24 12:10:07.105 63188 INFO tempest.common.waiters [-] State transition "BUILD/scheduling" ==> "BUILD/None" after 28 second wait
2024-10-24 12:10:07.171 63200 INFO tempest.lib.common.rest_client [req-8c2bbd13-0894-4605-bcc6-08d13d5916ab req-8c2bbd13-0894-4605-bcc6-08d13d5916ab ] Request (ServerShowV247Test:test_update_rebuild_list_server): 200 GET http://10.180.1.21/compute/v2.1/servers/f3509973-013e-45ce-87f9-357e782f26d7 0.127s
2024-10-24 12:10:07.226 63206 INFO tempest.lib.common.rest_client [req-1a8046a7-665b-4879-b9f5-06cf66fc7d2e req-1a8046a7-665b-4879-b9f5-06cf66fc7d2e ] Request (VolumesAssistedSnapshotsTest:tearDownClass): 204 DELETE http://10.180.1.21:9696/networking/v2.0/routers/771aeb08-6860-447d-abe5-db26d94f1ef6 0.556s
2024-10-24 12:10:07.229 63158 INFO tempest.lib.common.rest_client [req-6253755a-e085-44a0-8b6d-0a195cda92b0 req-6253755a-e085-44a0-8b6d-0a195cda92b0 ] Request (ServersAaction247Test:test_create_backup): 200 GET http://10.180.1.21/compute/v2.1/servers/e11079b9-5f15-41d6-8c8a-c08dc7f63b2f 0.140s
2024-10-24 12:10:07.234 63174 INFO tempest.lib.common.rest_client [req-9093e725-9559-46db-946f-c5983e655afb req-9093e725-9559-46db-946f-c5983e655afb ] Request (SecurityGroupsTestJSON:test_list_security_groups_by_server): 200 POST http://10.180.1.21/compute/v2.1/os-security-groups 0.195s
2024-10-24 12:10:07.284 63210 INFO tempest.lib.common.rest_client [req-0baac8c0-8fb3-4b8b-a4b3-c08b2a90c778 req-0baac8c0-8fb3-4b8b-a4b3-c08b2a90c778 ] Request (ListServersNegativeTestJSON:setUpClass): 200 GET http://10.180.1.21/compute/v2.1/servers/283ffd74-3891-4b5e-bcf5-49b265978051 0.135s
2024-10-24 12:10:07.309 63190 INFO tempest.lib.common.rest_client [req-2785fb50-a418-4903-9a62-227f5fded167 req-2785fb50-a418-4903-9a62-227f5fded167 ] Request (ServersAdmin275Test:tearDownClass): 200 GET http://10.180.1.21/compute/v2.1/servers/3786cd93-1a50-4997-8894-840afa1c8417 0.198s
2024-10-24 12:10:07.336 63172 INFO tempest.lib.common.rest_client [req-04270e95-0d3b-44fc-b0cf-69fadbef1236 req-04270e95-0d3b-44fc-b0cf-69fadbef1236 ] Request (ServerDiagnosticsTest:test_get_server_diagnostics): 200 GET http://10.180.1.21/compute/v2.1/servers/8213bc31-1bd5-40b6-99a0-1254b9517b6a 0.156s
2024-10-24 12:10:07.366 63160 INFO tempest.lib.common.rest_client [req-76294919-60e5-4d51-8a83-ee58be7191f2 req-76294919-60e5-4d51-8a83-ee58be7191f2 ] Request (MigrationsAdminTest:test_resize_server_revert_deleted_flavor): 200 GET http://10.180.1.21/compute/v2.1/servers/ad283bc7-b422-4836-a503-d3d9ae4fe3c1 0.144s
2024-10-24 12:10:07.401 63206 INFO tempest.lib.common.rest_client [req-7551ac4b-2707-4c0e-b218-ffd86c7dfba1 req-7551ac4b-2707-4c0e-b218-ffd86c7dfba1 ] Request (VolumesAssistedSnapshotsTest:tearDownClass): 204 DELETE http://10.180.1.21:9696/networking/v2.0/subnets/79c6bff4-abeb-4d3e-8a51-10dd3d1b1952 0.175s
2024-10-24 12:10:07.430 63212 INFO tempest.lib.common.rest_client [req-6fa1354c-a699-4c94-80e6-61563c64e635 req-6fa1354c-a699-4c94-80e6-61563c64e635 ] Request (ServersTestMultiNic:test_verify_duplicate_network_nics): 200 GET http://10.180.1.21/compute/v2.1/servers/294e3321-e826-4a56-bbd0-893261d65283 0.134s
2024-10-24 12:10:07.454 63174 INFO tempest.lib.common.rest_client [req-999c89f0-7618-4a2f-9bec-5a30b69bff52 req-999c89f0-7618-4a2f-9bec-5a30b69bff52 ] Request (SecurityGroupsTestJSON:test_list_security_groups_by_server): 200 POST http://10.180.1.21/compute/v2.1/os-security-groups 0.218s
2024-10-24 12:10:07.491 63162 INFO tempest.lib.common.rest_client [req-066fd3f4-90b6-4974-b5b5-3cb43b56fa14 req-066fd3f4-90b6-4974-b5b5-3cb43b56fa14 ] Request (ServersWithSpecificFlavorTestJSON:test_verify_created_server_ephemeral_disk): 200 GET http://10.180.1.21/compute/v2.1/servers/889af877-29c4-4c06-9995-49fb15b21a55 0.122s
2024-10-24 12:10:07.491 63174 INFO tempest.lib.common.rest_client [req-92b6e991-1834-4773-97c5-6e756042175a req-92b6e991-1834-4773-97c5-6e756042175a ] Request (SecurityGroupsTestJSON:test_list_security_groups_by_server): 201 POST http://10.180.1.21/identity/v3/auth/tokens 0.032s
2024-10-24 12:10:07.492 63174 INFO tempest.lib.common.fixed_network [-] (SecurityGroupsTestJSON:test_list_security_groups_by_server) Found network {'id': 'c8cdb39e-9415-4f67-8199-fa1b043d04d8', 'name': 'tempest-SecurityGroupsTestJSON-373473409-network', 'tenant_id': 'f897e1c819f44362857de4d4398ca613', 'admin_state_up': True, 'mtu': 8950, 'status': 'ACTIVE', 'subnets': [], 'shared': False, 'project_id': 'f897e1c819f44362857de4d4398ca613', 'port_security_enabled': True, 'router:external': False, 'provider:network_type': 'vlan', 'provider:physical_network': 'default', 'provider:segmentation_id': 378, 'is_default': False, 'availability_zone_hints': [], 'availability_zones': [], 'ipv4_address_scope': None, 'ipv6_address_scope': None, 'description': '', 'tags': [], 'created_at': '2024-10-24T12:10:03Z', 'updated_at': '2024-10-24T12:10:03Z', 'revision_number': 1} available for tenant
2024-10-24 12:10:07.505 63170 INFO tempest.lib.common.rest_client [req-1860f767-d34d-4370-8b64-c932165dfd3a req-1860f767-d34d-4370-8b64-c932165dfd3a ] Request (FloatingIPsAssociationTestJSON:setUpClass): 200 GET http://10.180.1.21/compute/v2.1/servers/67554dc7-fb72-47e1-8201-f5fda035a2d3 0.062s
2024-10-24 12:10:07.565 63168 INFO tempest.lib.common.rest_client [req-b681b9b4-beb1-497e-ae59-aa8b4e3efce4 req-b681b9b4-beb1-497e-ae59-aa8b4e3efce4 ] Request (DeleteServersAdminTestJSON:test_admin_delete_servers_of_others): 200 GET http://10.180.1.21/compute/v2.1/servers/91328e42-ba3c-4d63-a805-973c2bfa2afb 0.057s
2024-10-24 12:10:07.631 63150 INFO tempest.lib.common.rest_client [req-ac4b985f-3dd9-4f2b-8003-608388628736 req-ac4b985f-3dd9-4f2b-8003-608388628736 ] Request (ServersTestFqdnHostnames:test_create_server_with_fqdn_name): 200 GET http://10.180.1.21/compute/v2.1/servers/c10d840e-ce05-4af3-ba2d-6214eefd8783 0.053s
2024-10-24 12:10:07.701 63176 INFO tempest.lib.common.rest_client [req-cd960b86-47db-4eb9-9ec6-132fdd96e453 req-cd960b86-47db-4eb9-9ec6-132fdd96e453 ] Request (InstanceActionsNegativeTestJSON:setUpClass): 200 GET http://10.180.1.21/compute/v2.1/servers/964f98e4-3462-4362-b551-576302776f3a 0.053s
2024-10-24 12:10:07.750 63192 INFO tempest.lib.common.rest_client [req-cbb08061-01a1-4546-8bfb-456c6bad31fa req-cbb08061-01a1-4546-8bfb-456c6bad31fa ] Request (ServersAdminNegativeTestJSON:setUpClass): 200 GET http://10.180.1.21/compute/v2.1/servers/f1cee1cb-aceb-47e8-b2da-b94563f922e2 0.093s
2024-10-24 12:10:07.774 63206 INFO tempest.lib.common.rest_client [req-91be6e32-9a91-4c57-82eb-5afe7eeb76f3 req-91be6e32-9a91-4c57-82eb-5afe7eeb76f3 ] Request (VolumesAssistedSnapshotsTest:tearDownClass): 204 DELETE http://10.180.1.21:9696/networking/v2.0/networks/1652d8a4-910f-48fe-a0a9-c14101571cd0 0.372s
2024-10-24 12:10:07.828 63186 INFO tempest.lib.common.rest_client [req-226f2176-3301-4ec8-87e5-aa58b83a4d94 req-226f2176-3301-4ec8-87e5-aa58b83a4d94 ] Request (ListImageFiltersTestJSON:setUpClass): 200 GET http://10.180.1.21/compute/v2.1/servers/3ce62ec7-6274-441f-989b-6f27a64b0c18 0.109s
2024-10-24 12:10:07.897 63204 INFO tempest.lib.common.rest_client [req-8211004e-14e3-4920-9cdd-f3fae097bc9f req-8211004e-14e3-4920-9cdd-f3fae097bc9f ] Request (ServersNegativeTestJSON:setUpClass): 200 GET http://10.180.1.21/compute/v2.1/servers/723105bc-6810-4759-8240-af0a128475e4 0.169s
2024-10-24 12:10:07.925 63174 INFO tempest.lib.common.rest_client [req-248d0a4f-faee-480f-9d0e-29351037307c req-248d0a4f-faee-480f-9d0e-29351037307c ] Request (SecurityGroupsTestJSON:test_list_security_groups_by_server): 202 POST http://10.180.1.21/compute/v2.1/servers 0.432s
2024-10-24 12:10:07.962 63164 INFO tempest.lib.common.rest_client [req-90af83d8-0a25-4e35-9198-a14c934e50dc req-90af83d8-0a25-4e35-9198-a14c934e50dc ] Request (ServerRescueNegativeTestJSON:setUpClass): 200 GET http://10.180.1.21/compute/v2.1/servers/e1f45ab1-53fe-417d-b9f1-8ca1e7ce1fa6 0.175s
2024-10-24 12:10:07.979 63154 INFO tempest.lib.common.rest_client [req-ab4332da-d215-4d72-b95c-1ec0be96cb35 req-ab4332da-d215-4d72-b95c-1ec0be96cb35 ] Request (FloatingIPsAssociationNegativeTestJSON:setUpClass): 200 GET http://10.180.1.21/compute/v2.1/servers/6ec0c746-2bb8-4387-8b31-b49b0d708614 0.188s
2024-10-24 12:10:08.028 63198 INFO tempest.lib.common.rest_client [req-07558927-cd57-48a2-bf0f-fae238b9caac req-07558927-cd57-48a2-bf0f-fae238b9caac ] Request (AttachInterfacesV270Test:test_create_get_list_interfaces): 200 GET http://10.180.1.21/compute/v2.1/servers/bfcba422-5ed0-4bfd-83e9-cdde324d899f 0.175s
2024-10-24 12:10:08.051 63202 INFO tempest.lib.common.rest_client [req-67e37456-8d1f-400f-bd86-12de788ce5f0 req-67e37456-8d1f-400f-bd86-12de788ce5f0 ] Request (ServerActionsV293TestJSON:setUpClass): 200 GET http://10.180.1.21/compute/v2.1/servers/4981a04f-98e6-474b-850a-634d977d9e42 0.181s
2024-10-24 12:10:08.090 63197 INFO tempest.lib.common.rest_client [req-8b1ac76b-9ef2-4097-b593-ba2a6b43556e req-8b1ac76b-9ef2-4097-b593-ba2a6b43556e ] Request (ServersV294TestFqdnHostnames:setUpClass): 200 GET http://10.180.1.21/compute/v2.1/servers/821366f1-f1b0-4b78-8f7e-db8fd3bb123e 0.178s
2024-10-24 12:10:08.096 63194 INFO tempest.lib.common.rest_client [req-2083c446-f759-4081-8085-4b4e3b268f32 req-2083c446-f759-4081-8085-4b4e3b268f32 ] Request (ServerActionsTestJSON:setUpClass): 200 GET http://10.180.1.21/compute/v2.1/servers/15938dfe-a697-450b-8c88-ff4ef703ee1f 0.181s
2024-10-24 12:10:08.135 63174 INFO tempest.lib.common.rest_client [req-9f959d1a-0eb7-43a4-8061-b400fed4263c req-9f959d1a-0eb7-43a4-8061-b400fed4263c ] Request (SecurityGroupsTestJSON:test_list_security_groups_by_server): 200 GET http://10.180.1.21/compute/v2.1/servers/8399d066-43bc-4766-97c8-89d74f3283f0 0.208s
2024-10-24 12:10:08.141 63180 INFO tempest.lib.common.rest_client [req-1404d93f-b157-49fd-b61d-f4eefd0223cb req-1404d93f-b157-49fd-b61d-f4eefd0223cb ] Request (ServerDiskConfigTestJSON:test_rebuild_server_with_manual_disk_config): 200 GET http://10.180.1.21/compute/v2.1/servers/c5aaadb0-f9a1-4af9-b882-86d847185a19 0.180s
2024-10-24 12:10:08.197 63156 INFO tempest.lib.common.rest_client [req-40d0cf36-8403-4bc7-8d9a-23119783e98f req-40d0cf36-8403-4bc7-8d9a-23119783e98f ] Request (ServerTagsTestJSON:setUpClass): 200 GET http://10.180.1.21/compute/v2.1/servers/e24c8bf2-1616-4a5a-b6ce-0c256e78b213 0.204s
2024-10-24 12:10:08.223 63166 INFO tempest.lib.common.rest_client [req-77d03da8-fede-4837-ac8c-9e98eaae71ab req-77d03da8-fede-4837-ac8c-9e98eaae71ab ] Request (ServerMetadataNegativeTestJSON:setUpClass): 200 GET http://10.180.1.21/compute/v2.1/servers/0419073e-5340-4805-a1e0-417ccf5fdd30 0.203s
2024-10-24 12:10:08.251 63184 INFO tempest.lib.common.rest_client [req-06cb83c4-a3ad-4719-ad71-74dd1516e62a req-06cb83c4-a3ad-4719-ad71-74dd1516e62a ] Request (VolumesAdminNegativeTest:test_update_attached_volume_with_nonexistent_volume_in_uri): 200 GET http://10.180.1.21/compute/v2.1/servers/8bda7658-2b86-4869-89e2-b10d7119ae18 0.203s
2024-10-24 12:10:08.272 63178 INFO tempest.lib.common.rest_client [req-cb56b4a8-b290-4391-87b1-7c8f56e6bc8d req-cb56b4a8-b290-4391-87b1-7c8f56e6bc8d ] Request (ServersTestJSON:setUpClass): 200 GET http://10.180.1.21/compute/v2.1/servers/62cfca0a-e8c6-4f94-8e6f-1136cfcf3089 0.202s
2024-10-24 12:10:08.315 63188 INFO tempest.lib.common.rest_client [req-fb251337-f5f4-45ae-ae90-4adac5561d7e req-fb251337-f5f4-45ae-ae90-4adac5561d7e ] Request (InstanceActionsTestJSON:setUpClass): 200 GET http://10.180.1.21/compute/v2.1/servers/5e695914-afa5-4f79-972d-852a4ac8aa20 0.209s
2024-10-24 12:10:08.330 63200 INFO tempest.lib.common.rest_client [req-91cde67b-9644-448a-8cdb-fcc77f4cbe62 req-91cde67b-9644-448a-8cdb-fcc77f4cbe62 ] Request (ServerShowV247Test:test_update_rebuild_list_server): 200 GET http://10.180.1.21/compute/v2.1/servers/f3509973-013e-45ce-87f9-357e782f26d7 0.148s
2024-10-24 12:10:08.386 63158 INFO tempest.lib.common.rest_client [req-bd0cccbe-516f-40d8-b5bc-be497001a6b6 req-bd0cccbe-516f-40d8-b5bc-be497001a6b6 ] Request (ServersAaction247Test:test_create_backup): 200 GET http://10.180.1.21/compute/v2.1/servers/e11079b9-5f15-41d6-8c8a-c08dc7f63b2f 0.143s
2024-10-24 12:10:08.389 63210 INFO tempest.lib.common.rest_client [req-563404f9-7c91-4690-a651-8d3dd4da1da8 req-563404f9-7c91-4690-a651-8d3dd4da1da8 ] Request (ListServersNegativeTestJSON:setUpClass): 200 GET http://10.180.1.21/compute/v2.1/servers/283ffd74-3891-4b5e-bcf5-49b265978051 0.097s
2024-10-24 12:10:08.418 63190 INFO tempest.lib.common.rest_client [req-5c60267f-dbc8-48a9-a665-44b39a853fae req-5c60267f-dbc8-48a9-a665-44b39a853fae ] Request (ServersAdmin275Test:tearDownClass): 404 GET http://10.180.1.21/compute/v2.1/servers/3786cd93-1a50-4997-8894-840afa1c8417 0.098s
2024-10-24 12:10:08.453 63172 INFO tempest.lib.common.rest_client [req-f190d2e7-26fd-4df2-bd3d-571f6edbc9a0 req-f190d2e7-26fd-4df2-bd3d-571f6edbc9a0 ] Request (ServerDiagnosticsTest:test_get_server_diagnostics): 200 GET http://10.180.1.21/compute/v2.1/servers/8213bc31-1bd5-40b6-99a0-1254b9517b6a 0.110s
2024-10-24 12:10:08.473 63160 INFO tempest.lib.common.rest_client [req-5de716e9-ff7b-4dc0-997e-0751d75a88f7 req-5de716e9-ff7b-4dc0-997e-0751d75a88f7 ] Request (MigrationsAdminTest:test_resize_server_revert_deleted_flavor): 200 GET http://10.180.1.21/compute/v2.1/servers/ad283bc7-b422-4836-a503-d3d9ae4fe3c1 0.097s
2024-10-24 12:10:08.515 63212 INFO tempest.lib.common.rest_client [req-e51ac117-2e19-46c4-ae6f-23268510d780 req-e51ac117-2e19-46c4-ae6f-23268510d780 ] Request (ServersTestMultiNic:test_verify_duplicate_network_nics): 200 GET http://10.180.1.21/compute/v2.1/servers/294e3321-e826-4a56-bbd0-893261d65283 0.078s
2024-10-24 12:10:08.541 63190 INFO tempest.lib.common.rest_client [req-0f7c45a0-e4a8-4ad8-b1b6-d00d25db2ba7 req-0f7c45a0-e4a8-4ad8-b1b6-d00d25db2ba7 ] Request (ServersAdmin275Test:tearDownClass): 204 DELETE http://10.180.1.21/identity/v3/users/fe6356435d4c49619ce785032468eccd 0.123s
2024-10-24 12:10:08.559 63206 INFO tempest.lib.common.rest_client [req-ccf29686-daa9-424d-ad94-99e4974ef499 req-ccf29686-daa9-424d-ad94-99e4974ef499 ] Request (VolumesAssistedSnapshotsTest:tearDownClass): 200 PUT http://10.180.1.21:9696/networking/v2.0/routers/0131df5b-ab0d-429f-917c-8849804e8f19/remove_router_interface 0.785s
2024-10-24 12:10:08.567 63162 INFO tempest.lib.common.rest_client [req-0678d75a-e27e-42fd-a09d-3fba217038d5 req-0678d75a-e27e-42fd-a09d-3fba217038d5 ] Request (ServersWithSpecificFlavorTestJSON:test_verify_created_server_ephemeral_disk): 200 GET http://10.180.1.21/compute/v2.1/servers/889af877-29c4-4c06-9995-49fb15b21a55 0.068s
2024-10-24 12:10:08.572 63170 INFO tempest.lib.common.rest_client [req-44e3f4f5-d778-4ab7-bdf6-b005bc7259ad req-44e3f4f5-d778-4ab7-bdf6-b005bc7259ad ] Request (FloatingIPsAssociationTestJSON:setUpClass): 200 GET http://10.180.1.21/compute/v2.1/servers/67554dc7-fb72-47e1-8201-f5fda035a2d3 0.056s
2024-10-24 12:10:08.574 63162 INFO tempest.common.waiters [-] State transition "BUILD/spawning" ==> "BUILD/scheduling" after 59 second wait
2024-10-24 12:10:08.629 63190 INFO tempest.lib.common.rest_client [req-e3be59d5-9206-49b3-bbf4-651f591c85d2 req-e3be59d5-9206-49b3-bbf4-651f591c85d2 ] Request (ServersAdmin275Test:tearDownClass): 204 DELETE http://10.180.1.21/identity/v3/users/6b2e07dbacbf428b81cf9fb09e43b972 0.087s
2024-10-24 12:10:08.630 63190 INFO tempest.lib.common.dynamic_creds [-] Deleting project and security group for project: 2edac0a6158b4caba0508677331e799e
2024-10-24 12:10:08.630 63168 INFO tempest.lib.common.rest_client [req-4fca212a-210c-429c-9200-5da37ba598a8 req-4fca212a-210c-429c-9200-5da37ba598a8 ] Request (DeleteServersAdminTestJSON:test_admin_delete_servers_of_others): 200 GET http://10.180.1.21/compute/v2.1/servers/91328e42-ba3c-4d63-a805-973c2bfa2afb 0.059s
2024-10-24 12:10:08.689 63190 INFO tempest.lib.common.rest_client [req-b3f1a594-2d63-4ae9-a619-efdc510c1d55 req-b3f1a594-2d63-4ae9-a619-efdc510c1d55 ] Request (ServersAdmin275Test:tearDownClass): 201 POST http://10.180.1.21/identity/v3/auth/tokens 0.059s
2024-10-24 12:10:08.690 63150 INFO tempest.lib.common.rest_client [req-bdab2d44-79cc-47e6-86f4-9d924f4a290d req-bdab2d44-79cc-47e6-86f4-9d924f4a290d ] Request (ServersTestFqdnHostnames:test_create_server_with_fqdn_name): 200 GET http://10.180.1.21/compute/v2.1/servers/c10d840e-ce05-4af3-ba2d-6214eefd8783 0.052s
2024-10-24 12:10:08.768 63176 INFO tempest.lib.common.rest_client [req-80f8cdc9-f063-4f58-a4a3-677554aa50fe req-80f8cdc9-f063-4f58-a4a3-677554aa50fe ] Request (InstanceActionsNegativeTestJSON:setUpClass): 200 GET http://10.180.1.21/compute/v2.1/servers/964f98e4-3462-4362-b551-576302776f3a 0.058s
2024-10-24 12:10:08.818 63192 INFO tempest.lib.common.rest_client [req-9041bb5e-3446-450c-8983-05cdce265911 req-9041bb5e-3446-450c-8983-05cdce265911 ] Request (ServersAdminNegativeTestJSON:setUpClass): 200 GET http://10.180.1.21/compute/v2.1/servers/f1cee1cb-aceb-47e8-b2da-b94563f922e2 0.061s
2024-10-24 12:10:08.855 63190 INFO tempest.lib.common.rest_client [req-d4f8209f-f03f-4646-a641-35d703193170 req-d4f8209f-f03f-4646-a641-35d703193170 ] Request (ServersAdmin275Test:tearDownClass): 200 GET http://10.180.1.21:9696/networking/v2.0/security-groups?tenant_id=2edac0a6158b4caba0508677331e799e&name=default 0.166s
2024-10-24 12:10:08.890 63186 INFO tempest.lib.common.rest_client [req-b144620c-5f0e-4c91-afec-ae8648779c5c req-b144620c-5f0e-4c91-afec-ae8648779c5c ] Request (ListImageFiltersTestJSON:setUpClass): 200 GET http://10.180.1.21/compute/v2.1/servers/3ce62ec7-6274-441f-989b-6f27a64b0c18 0.054s
2024-10-24 12:10:08.926 63190 INFO tempest.lib.common.rest_client [req-d829f106-24a1-40b4-b32c-3091f69f7f10 req-d829f106-24a1-40b4-b32c-3091f69f7f10 ] Request (ServersAdmin275Test:tearDownClass): 204 DELETE http://10.180.1.21:9696/networking/v2.0/security-groups/adadc17a-605d-4421-bc3e-b81c56bdbf8f 0.070s
2024-10-24 12:10:08.974 63204 INFO tempest.lib.common.rest_client [req-9dea9f07-1788-4efb-8c8a-769094dd4406 req-9dea9f07-1788-4efb-8c8a-769094dd4406 ] Request (ServersNegativeTestJSON:setUpClass): 200 GET http://10.180.1.21/compute/v2.1/servers/723105bc-6810-4759-8240-af0a128475e4 0.064s
2024-10-24 12:10:09.057 63154 INFO tempest.lib.common.rest_client [req-b50658d1-45dd-40f7-831e-9c999407c91b req-b50658d1-45dd-40f7-831e-9c999407c91b ] Request (FloatingIPsAssociationNegativeTestJSON:setUpClass): 200 GET http://10.180.1.21/compute/v2.1/servers/6ec0c746-2bb8-4387-8b31-b49b0d708614 0.071s
2024-10-24 12:10:09.121 63198 INFO tempest.lib.common.rest_client [req-3241af7c-2a35-4183-b6ee-5965e9188f16 req-3241af7c-2a35-4183-b6ee-5965e9188f16 ] Request (AttachInterfacesV270Test:test_create_get_list_interfaces): 200 GET http://10.180.1.21/compute/v2.1/servers/bfcba422-5ed0-4bfd-83e9-cdde324d899f 0.081s
2024-10-24 12:10:09.145 63206 INFO tempest.lib.common.rest_client [req-2744259c-85e0-4543-9c04-576004e1914a req-2744259c-85e0-4543-9c04-576004e1914a ] Request (VolumesAssistedSnapshotsTest:tearDownClass): 204 DELETE http://10.180.1.21:9696/networking/v2.0/routers/0131df5b-ab0d-429f-917c-8849804e8f19 0.586s
2024-10-24 12:10:09.147 63164 INFO tempest.lib.common.rest_client [req-e34a0f0c-d6cf-4c4d-80b8-a74292f7705c req-e34a0f0c-d6cf-4c4d-80b8-a74292f7705c ] Request (ServerRescueNegativeTestJSON:setUpClass): 200 GET http://10.180.1.21/compute/v2.1/servers/e1f45ab1-53fe-417d-b9f1-8ca1e7ce1fa6 0.176s
2024-10-24 12:10:09.159 63190 INFO tempest.lib.common.rest_client [req-1ce9aa1a-1dcb-47c1-826d-f54fd7d03339 req-1ce9aa1a-1dcb-47c1-826d-f54fd7d03339 ] Request (ServersAdmin275Test:tearDownClass): 204 DELETE http://10.180.1.21/identity/v3/projects/2edac0a6158b4caba0508677331e799e 0.232s
2024-10-24 12:10:09.159 63190 INFO tempest.lib.common.dynamic_creds [-] Deleting project and security group for project: ea30269c980e4477874063373e366dd9
2024-10-24 12:10:09.188 63202 INFO tempest.lib.common.rest_client [req-d9d2bb10-1e82-44f4-957c-05ebb3ad80c0 req-d9d2bb10-1e82-44f4-957c-05ebb3ad80c0 ] Request (ServerActionsV293TestJSON:setUpClass): 200 GET http://10.180.1.21/compute/v2.1/servers/4981a04f-98e6-474b-850a-634d977d9e42 0.125s
2024-10-24 12:10:09.217 63194 INFO tempest.lib.common.rest_client [req-68da2974-4e00-4d91-84c4-8571e211a301 req-68da2974-4e00-4d91-84c4-8571e211a301 ] Request (ServerActionsTestJSON:setUpClass): 200 GET http://10.180.1.21/compute/v2.1/servers/15938dfe-a697-450b-8c88-ff4ef703ee1f 0.114s
2024-10-24 12:10:09.244 63197 INFO tempest.lib.common.rest_client [req-f5793641-0a96-41d1-b7c7-e6d1e1553ef9 req-f5793641-0a96-41d1-b7c7-e6d1e1553ef9 ] Request (ServersV294TestFqdnHostnames:setUpClass): 200 GET http://10.180.1.21/compute/v2.1/servers/821366f1-f1b0-4b78-8f7e-db8fd3bb123e 0.138s
2024-10-24 12:10:09.297 63174 INFO tempest.lib.common.rest_client [req-304b2571-60fa-424c-8e40-d11bea425465 req-304b2571-60fa-424c-8e40-d11bea425465 ] Request (SecurityGroupsTestJSON:test_list_security_groups_by_server): 200 GET http://10.180.1.21/compute/v2.1/servers/8399d066-43bc-4766-97c8-89d74f3283f0 0.152s
2024-10-24 12:10:09.300 63180 INFO tempest.lib.common.rest_client [req-7a07652b-e591-4baa-84bc-a64f581ec042 req-7a07652b-e591-4baa-84bc-a64f581ec042 ] Request (ServerDiskConfigTestJSON:test_rebuild_server_with_manual_disk_config): 200 GET http://10.180.1.21/compute/v2.1/servers/c5aaadb0-f9a1-4af9-b882-86d847185a19 0.150s
2024-10-24 12:10:09.332 63190 INFO tempest.lib.common.rest_client [req-8468f28a-ce09-43ac-b267-be6b41663fb0 req-8468f28a-ce09-43ac-b267-be6b41663fb0 ] Request (ServersAdmin275Test:tearDownClass): 200 GET http://10.180.1.21:9696/networking/v2.0/security-groups?tenant_id=ea30269c980e4477874063373e366dd9&name=default 0.173s
2024-10-24 12:10:09.364 63166 INFO tempest.lib.common.rest_client [req-e71562de-976d-43fb-a8dc-33d677a6203e req-e71562de-976d-43fb-a8dc-33d677a6203e ] Request (ServerMetadataNegativeTestJSON:setUpClass): 200 GET http://10.180.1.21/compute/v2.1/servers/0419073e-5340-4805-a1e0-417ccf5fdd30 0.132s
2024-10-24 12:10:09.368 63156 INFO tempest.lib.common.rest_client [req-b659aa43-d532-471d-a360-4c726a1423bf req-b659aa43-d532-471d-a360-4c726a1423bf ] Request (ServerTagsTestJSON:setUpClass): 200 GET http://10.180.1.21/compute/v2.1/servers/e24c8bf2-1616-4a5a-b6ce-0c256e78b213 0.161s
2024-10-24 12:10:09.384 63206 INFO tempest.lib.common.rest_client [req-d6bee7bd-c931-4c00-965c-300697a9160c req-d6bee7bd-c931-4c00-965c-300697a9160c ] Request (VolumesAssistedSnapshotsTest:tearDownClass): 204 DELETE http://10.180.1.21:9696/networking/v2.0/subnets/a424d8ca-ccf2-41c6-9523-a91a505a84b6 0.238s
2024-10-24 12:10:09.428 63184 INFO tempest.lib.common.rest_client [req-02f6a3b8-43ef-4948-9382-5cff94240235 req-02f6a3b8-43ef-4948-9382-5cff94240235 ] Request (VolumesAdminNegativeTest:test_update_attached_volume_with_nonexistent_volume_in_uri): 200 GET http://10.180.1.21/compute/v2.1/servers/8bda7658-2b86-4869-89e2-b10d7119ae18 0.170s
2024-10-24 12:10:09.428 63178 INFO tempest.lib.common.rest_client [req-9511aa9f-3b4c-4b1f-8a0a-0ef469a6ebc7 req-9511aa9f-3b4c-4b1f-8a0a-0ef469a6ebc7 ] Request (ServersTestJSON:setUpClass): 200 GET http://10.180.1.21/compute/v2.1/servers/62cfca0a-e8c6-4f94-8e6f-1136cfcf3089 0.142s
2024-10-24 12:10:09.481 63188 INFO tempest.lib.common.rest_client [req-8f2c2689-42fa-49f4-bea4-b84a2f122597 req-8f2c2689-42fa-49f4-bea4-b84a2f122597 ] Request (InstanceActionsTestJSON:setUpClass): 200 GET http://10.180.1.21/compute/v2.1/servers/5e695914-afa5-4f79-972d-852a4ac8aa20 0.156s
2024-10-24 12:10:09.492 63200 INFO tempest.lib.common.rest_client [req-366d88f8-2d2b-4941-a300-c211e65b350e req-366d88f8-2d2b-4941-a300-c211e65b350e ] Request (ServerShowV247Test:test_update_rebuild_list_server): 200 GET http://10.180.1.21/compute/v2.1/servers/f3509973-013e-45ce-87f9-357e782f26d7 0.152s
2024-10-24 12:10:09.495 63190 INFO tempest.lib.common.rest_client [req-1a1e4600-f856-468e-8660-f6258e05e710 req-1a1e4600-f856-468e-8660-f6258e05e710 ] Request (ServersAdmin275Test:tearDownClass): 204 DELETE http://10.180.1.21:9696/networking/v2.0/security-groups/3bdedc6f-b05e-4718-a85c-a2bc920eea16 0.162s
2024-10-24 12:10:09.535 63210 INFO tempest.lib.common.rest_client [req-32794838-06de-4e17-bf20-b1d507d444e3 req-32794838-06de-4e17-bf20-b1d507d444e3 ] Request (ListServersNegativeTestJSON:setUpClass): 200 GET http://10.180.1.21/compute/v2.1/servers/283ffd74-3891-4b5e-bcf5-49b265978051 0.130s
2024-10-24 12:10:09.549 63158 INFO tempest.lib.common.rest_client [req-8ff77d1c-4021-47b4-b74d-b52583fb2d06 req-8ff77d1c-4021-47b4-b74d-b52583fb2d06 ] Request (ServersAaction247Test:test_create_backup): 200 GET http://10.180.1.21/compute/v2.1/servers/e11079b9-5f15-41d6-8c8a-c08dc7f63b2f 0.154s
2024-10-24 12:10:09.583 63172 INFO tempest.lib.common.rest_client [req-041e0421-e683-4a7d-86b3-4002cf849c6b req-041e0421-e683-4a7d-86b3-4002cf849c6b ] Request (ServerDiagnosticsTest:test_get_server_diagnostics): 200 GET http://10.180.1.21/compute/v2.1/servers/8213bc31-1bd5-40b6-99a0-1254b9517b6a 0.118s
2024-10-24 12:10:09.597 63190 INFO tempest.lib.common.rest_client [req-1b45b863-cd80-4cbe-b255-45679b774f7c req-1b45b863-cd80-4cbe-b255-45679b774f7c ] Request (ServersAdmin275Test:tearDownClass): 204 DELETE http://10.180.1.21/identity/v3/projects/ea30269c980e4477874063373e366dd9 0.101s
2024-10-24 12:10:09.600 63160 INFO tempest.lib.common.rest_client [req-c83b4088-3995-49ab-91f3-5c4c7bae189d req-c83b4088-3995-49ab-91f3-5c4c7bae189d ] Request (MigrationsAdminTest:test_resize_server_revert_deleted_flavor): 200 GET http://10.180.1.21/compute/v2.1/servers/ad283bc7-b422-4836-a503-d3d9ae4fe3c1 0.121s
2024-10-24 12:10:09.633 63212 INFO tempest.lib.common.rest_client [req-cc5bae97-a1d6-44c4-86b4-3cf9f9f0f92a req-cc5bae97-a1d6-44c4-86b4-3cf9f9f0f92a ] Request (ServersTestMultiNic:test_verify_duplicate_network_nics): 200 GET http://10.180.1.21/compute/v2.1/servers/294e3321-e826-4a56-bbd0-893261d65283 0.105s
2024-10-24 12:10:09.650 63190 INFO tempest.lib.common.rest_client [req-f6cd68b4-b2ee-40d3-9890-166bf8ee2568 req-f6cd68b4-b2ee-40d3-9890-166bf8ee2568 ] Request (ServersAdminTestJSON:setUpClass): 201 POST http://10.180.1.21/identity/v3/auth/tokens 0.051s
2024-10-24 12:10:09.657 63162 INFO tempest.lib.common.rest_client [req-4941edb1-0e14-465f-81ce-4c7c4a780e52 req-4941edb1-0e14-465f-81ce-4c7c4a780e52 ] Request (ServersWithSpecificFlavorTestJSON:test_verify_created_server_ephemeral_disk): 200 GET http://10.180.1.21/compute/v2.1/servers/889af877-29c4-4c06-9995-49fb15b21a55 0.082s
2024-10-24 12:10:09.665 63162 INFO tempest.common.waiters [-] State transition "BUILD/scheduling" ==> "ERROR/None" after 60 second wait
2024-10-24 12:10:09.685 63170 INFO tempest.lib.common.rest_client [req-a6a7b39f-5554-469e-a8b1-6f1cf8bc3dbd req-a6a7b39f-5554-469e-a8b1-6f1cf8bc3dbd ] Request (FloatingIPsAssociationTestJSON:setUpClass): 200 GET http://10.180.1.21/compute/v2.1/servers/67554dc7-fb72-47e1-8201-f5fda035a2d3 0.102s
2024-10-24 12:10:09.685 63190 INFO tempest.lib.common.rest_client [req-6057b56a-2cd1-4c97-a1f4-074f2d139670 req-6057b56a-2cd1-4c97-a1f4-074f2d139670 ] Request (ServersAdminTestJSON:setUpClass): 201 POST http://10.180.1.21/identity/v3/auth/tokens 0.033s
2024-10-24 12:10:09.704 63168 INFO tempest.lib.common.rest_client [req-cb372493-b182-4905-a1bd-f2baaf06cccf req-cb372493-b182-4905-a1bd-f2baaf06cccf ] Request (DeleteServersAdminTestJSON:test_admin_delete_servers_of_others): 200 GET http://10.180.1.21/compute/v2.1/servers/91328e42-ba3c-4d63-a805-973c2bfa2afb 0.066s
2024-10-24 12:10:09.708 63190 INFO tempest.lib.common.rest_client [req-a2b047ef-8300-46e5-95d6-7ae6d652a46b req-a2b047ef-8300-46e5-95d6-7ae6d652a46b ] Request (ServersAdminTestJSON:setUpClass): 200 GET http://10.180.1.21/identity/v3/domains?name=Default 0.023s
2024-10-24 12:10:09.714 63206 INFO tempest.lib.common.rest_client [req-4f1cf6f9-51d4-46fa-8e7d-c6e758a88217 req-4f1cf6f9-51d4-46fa-8e7d-c6e758a88217 ] Request (VolumesAssistedSnapshotsTest:tearDownClass): 204 DELETE http://10.180.1.21:9696/networking/v2.0/networks/627bf53c-1e18-48cc-bc48-c14f327f1e7e 0.329s
2024-10-24 12:10:09.743 63190 INFO tempest.lib.common.rest_client [req-60b5af6d-31a9-4626-bdf1-de234cb9b1e1 req-60b5af6d-31a9-4626-bdf1-de234cb9b1e1 ] Request (ServersAdminTestJSON:setUpClass): 201 POST http://10.180.1.21/identity/v3/projects 0.034s
2024-10-24 12:10:09.748 63150 INFO tempest.lib.common.rest_client [req-31b3cda5-c79a-4ea9-a5c5-1c3b0dbab98e req-31b3cda5-c79a-4ea9-a5c5-1c3b0dbab98e ] Request (ServersTestFqdnHostnames:test_create_server_with_fqdn_name): 200 GET http://10.180.1.21/compute/v2.1/servers/c10d840e-ce05-4af3-ba2d-6214eefd8783 0.051s
2024-10-24 12:10:09.772 63206 INFO tempest.lib.common.rest_client [req-9f73435a-727a-4d27-b2ca-90fb5294a1e7 req-9f73435a-727a-4d27-b2ca-90fb5294a1e7 ] Request (VolumesAssistedSnapshotsTest:tearDownClass): 204 DELETE http://10.180.1.21/identity/v3/users/9fc6546d0209499c86b34b80e0ab1c50 0.058s
2024-10-24 12:10:09.817 63190 INFO tempest.lib.common.rest_client [req-4497e764-9fc1-43c9-b465-8e93aaec877a req-4497e764-9fc1-43c9-b465-8e93aaec877a ] Request (ServersAdminTestJSON:setUpClass): 201 POST http://10.180.1.21/identity/v3/users 0.073s
2024-10-24 12:10:09.827 63176 INFO tempest.lib.common.rest_client [req-f3e7cf3a-4711-42a1-9a4b-9f7e42c1ee81 req-f3e7cf3a-4711-42a1-9a4b-9f7e42c1ee81 ] Request (InstanceActionsNegativeTestJSON:setUpClass): 200 GET http://10.180.1.21/compute/v2.1/servers/964f98e4-3462-4362-b551-576302776f3a 0.048s
2024-10-24 12:10:09.836 63190 INFO tempest.lib.common.rest_client [req-b035b0bd-8e09-49ab-9e26-4ce6bb0157f3 req-b035b0bd-8e09-49ab-9e26-4ce6bb0157f3 ] Request (ServersAdminTestJSON:setUpClass): 200 GET http://10.180.1.21/identity/v3/roles 0.019s
2024-10-24 12:10:09.848 63162 INFO tempest.lib.common.rest_client [req-9bbbcf8b-34ca-465e-8e94-3f042e996a81 req-9bbbcf8b-34ca-465e-8e94-3f042e996a81 ] Request (ServersWithSpecificFlavorTestJSON:test_verify_created_server_ephemeral_disk): 204 DELETE http://10.180.1.21/compute/v2.1/servers/889af877-29c4-4c06-9995-49fb15b21a55 0.182s
2024-10-24 12:10:09.856 63206 INFO tempest.lib.common.rest_client [req-6f51b900-b6e2-4875-8921-642d1aecec8a req-6f51b900-b6e2-4875-8921-642d1aecec8a ] Request (VolumesAssistedSnapshotsTest:tearDownClass): 204 DELETE http://10.180.1.21/identity/v3/users/01f5a6cb41514806ae758362fe6b10c6 0.083s
2024-10-24 12:10:09.870 63162 INFO tempest.lib.common.rest_client [req-90bb09ff-cf91-4267-bade-de400273b29c req-90bb09ff-cf91-4267-bade-de400273b29c ] Request (ServersWithSpecificFlavorTestJSON:test_verify_created_server_ephemeral_disk): 404 GET http://10.180.1.21/compute/v2.1/servers/889af877-29c4-4c06-9995-49fb15b21a55 0.021s
2024-10-24 12:10:09.877 63192 INFO tempest.lib.common.rest_client [req-d0c718f8-768a-4191-a830-5ddeaa135a20 req-d0c718f8-768a-4191-a830-5ddeaa135a20 ] Request (ServersAdminNegativeTestJSON:setUpClass): 200 GET http://10.180.1.21/compute/v2.1/servers/f1cee1cb-aceb-47e8-b2da-b94563f922e2 0.052s
2024-10-24 12:10:09.916 63162 INFO tempest.lib.common.rest_client [req-762089f8-9aac-47ce-a48f-3c3ff8ca04e5 req-762089f8-9aac-47ce-a48f-3c3ff8ca04e5 ] Request (ServersWithSpecificFlavorTestJSON:_run_cleanups): 202 DELETE http://10.180.1.21/compute/v2.1/os-keypairs/tempest-keypair-420291930 0.044s
2024-10-24 12:10:09.916 63190 INFO tempest.lib.common.rest_client [req-e86f088b-84d7-4d53-b4b0-242238c10fbd req-e86f088b-84d7-4d53-b4b0-242238c10fbd ] Request (ServersAdminTestJSON:setUpClass): 204 PUT http://10.180.1.21/identity/v3/projects/fd997cdf2e1740b29ad51bbe107051aa/users/3e170de89bfe49d386e764c112420c92/roles/70c8c899908b4e47b078dd06c45f6846 0.079s
2024-10-24 12:10:09.917 63190 INFO tempest.lib.common.dynamic_creds [-] Dynamic test user 3e170de89bfe49d386e764c112420c92 is created with scope project and roles: ['member']
2024-10-24 12:10:09.917 63190 INFO tempest.lib.common.dynamic_creds [-] Acquired dynamic creds: credentials: Credentials: {'domain_id': 'default', 'domain_name': 'Default', 'username': 'tempest-ServersAdminTestJSON-1767833814-project-member', 'project_domain_id': 'default', 'project_domain_name': 'Default', 'project_id': 'fd997cdf2e1740b29ad51bbe107051aa', 'project_name': 'tempest-ServersAdminTestJSON-1767833814', 'tenant_id': 'fd997cdf2e1740b29ad51bbe107051aa', 'tenant_name': 'tempest-ServersAdminTestJSON-1767833814', 'user_domain_id': 'default', 'user_domain_name': 'Default', 'user_id': '3e170de89bfe49d386e764c112420c92', 'system': None}, Network: None, Subnet: None, Router: None
2024-10-24 12:10:09.962 63206 INFO tempest.lib.common.rest_client [req-79c6fa92-d70e-4e45-b6c4-fb7c9e193bbc req-79c6fa92-d70e-4e45-b6c4-fb7c9e193bbc ] Request (VolumesAssistedSnapshotsTest:tearDownClass): 204 DELETE http://10.180.1.21/identity/v3/users/53c069694c5f4ff79730e341825cd1a8 0.106s
2024-10-24 12:10:09.962 63206 INFO tempest.lib.common.dynamic_creds [-] Deleting project and security group for project: 62f64aa4f5734850ba02df3c5a827837
2024-10-24 12:10:09.968 63186 INFO tempest.lib.common.rest_client [req-82ef88f5-6fa0-42f1-a275-7811e964f824 req-82ef88f5-6fa0-42f1-a275-7811e964f824 ] Request (ListImageFiltersTestJSON:setUpClass): 200 GET http://10.180.1.21/compute/v2.1/servers/3ce62ec7-6274-441f-989b-6f27a64b0c18 0.069s
2024-10-24 12:10:09.983 63190 INFO tempest.lib.common.rest_client [req-5f29ca41-f8ed-49f0-b333-88ecb9ddffd7 req-5f29ca41-f8ed-49f0-b333-88ecb9ddffd7 ] Request (ServersAdminTestJSON:setUpClass): 201 POST http://10.180.1.21/identity/v3/auth/tokens 0.066s
2024-10-24 12:10:10.005 63206 INFO tempest.lib.common.rest_client [req-6a6d1145-dfba-4c54-975f-07441fa21ec4 req-6a6d1145-dfba-4c54-975f-07441fa21ec4 ] Request (VolumesAssistedSnapshotsTest:tearDownClass): 200 GET http://10.180.1.21:9696/networking/v2.0/security-groups?tenant_id=62f64aa4f5734850ba02df3c5a827837&name=default 0.042s
2024-10-24 12:10:10.048 63162 INFO tempest.lib.common.rest_client [req-d107a638-a58a-4a7c-9dc4-2cb4dd3213dd req-d107a638-a58a-4a7c-9dc4-2cb4dd3213dd ] Request (ServersWithSpecificFlavorTestJSON:_run_cleanups): 204 DELETE http://10.180.1.21:9696/networking/v2.0/security-groups/65b1952b-0ed7-4bea-8e5d-e93ad2daccdf 0.131s
2024-10-24 12:10:10.062 63204 INFO tempest.lib.common.rest_client [req-565ba87d-e8b7-485c-970f-2db961cb5df7 req-565ba87d-e8b7-485c-970f-2db961cb5df7 ] Request (ServersNegativeTestJSON:setUpClass): 200 GET http://10.180.1.21/compute/v2.1/servers/723105bc-6810-4759-8240-af0a128475e4 0.080s
2024-10-24 12:10:10.066 63162 INFO tempest.lib.common.rest_client [req-b8f176dd-1662-4ab6-872e-e06f35e11e2e req-b8f176dd-1662-4ab6-872e-e06f35e11e2e ] Request (ServersWithSpecificFlavorTestJSON:_run_cleanups): 404 GET http://10.180.1.21:9696/networking/v2.0/security-groups/65b1952b-0ed7-4bea-8e5d-e93ad2daccdf 0.016s
2024-10-24 12:10:10.112 63206 INFO tempest.lib.common.rest_client [req-428b1bcd-f487-4fce-9f22-be3be33f7f4b req-428b1bcd-f487-4fce-9f22-be3be33f7f4b ] Request (VolumesAssistedSnapshotsTest:tearDownClass): 204 DELETE http://10.180.1.21:9696/networking/v2.0/security-groups/733bae94-1f9c-4be8-b833-c182024b5446 0.107s
2024-10-24 12:10:10.138 63154 INFO tempest.lib.common.rest_client [req-a984fee0-8677-4601-ae0e-5f3d4b729cfe req-a984fee0-8677-4601-ae0e-5f3d4b729cfe ] Request (FloatingIPsAssociationNegativeTestJSON:setUpClass): 200 GET http://10.180.1.21/compute/v2.1/servers/6ec0c746-2bb8-4387-8b31-b49b0d708614 0.069s
2024-10-24 12:10:10.184 63198 INFO tempest.lib.common.rest_client [req-2898fcb5-63c9-428b-a24d-6276a3d93658 req-2898fcb5-63c9-428b-a24d-6276a3d93658 ] Request (AttachInterfacesV270Test:test_create_get_list_interfaces): 200 GET http://10.180.1.21/compute/v2.1/servers/bfcba422-5ed0-4bfd-83e9-cdde324d899f 0.055s
2024-10-24 12:10:10.190 63206 INFO tempest.lib.common.rest_client [req-239fa320-3167-4fcf-8077-8caf8005f9f8 req-239fa320-3167-4fcf-8077-8caf8005f9f8 ] Request (VolumesAssistedSnapshotsTest:tearDownClass): 204 DELETE http://10.180.1.21/identity/v3/projects/62f64aa4f5734850ba02df3c5a827837 0.078s
2024-10-24 12:10:10.190 63206 INFO tempest.lib.common.dynamic_creds [-] Deleting project and security group for project: 57c073e6f15346bc8ca0d83b89bb167e
2024-10-24 12:10:10.228 63164 INFO tempest.lib.common.rest_client [req-44aec36b-a041-4ece-af0e-c23aa05e6fbb req-44aec36b-a041-4ece-af0e-c23aa05e6fbb ] Request (ServerRescueNegativeTestJSON:setUpClass): 200 GET http://10.180.1.21/compute/v2.1/servers/e1f45ab1-53fe-417d-b9f1-8ca1e7ce1fa6 0.065s
2024-10-24 12:10:10.282 63194 INFO tempest.lib.common.rest_client [req-789f0898-9b25-4d27-95f2-24f1044dfd2d req-789f0898-9b25-4d27-95f2-24f1044dfd2d ] Request (ServerActionsTestJSON:setUpClass): 200 GET http://10.180.1.21/compute/v2.1/servers/15938dfe-a697-450b-8c88-ff4ef703ee1f 0.057s
2024-10-24 12:10:10.349 63197 INFO tempest.lib.common.rest_client [req-183a70c7-085f-4c80-a87a-e32e89e1bb16 req-183a70c7-085f-4c80-a87a-e32e89e1bb16 ] Request (ServersV294TestFqdnHostnames:setUpClass): 200 GET http://10.180.1.21/compute/v2.1/servers/821366f1-f1b0-4b78-8f7e-db8fd3bb123e 0.095s
2024-10-24 12:10:10.385 63206 INFO tempest.lib.common.rest_client [req-2cac55ed-af59-4faa-a64a-54547b76e3a9 req-2cac55ed-af59-4faa-a64a-54547b76e3a9 ] Request (VolumesAssistedSnapshotsTest:tearDownClass): 200 GET http://10.180.1.21:9696/networking/v2.0/security-groups?tenant_id=57c073e6f15346bc8ca0d83b89bb167e&name=default 0.194s
2024-10-24 12:10:10.385 63202 INFO tempest.lib.common.rest_client [req-d34b6d8e-814e-404c-9ff2-8d0abd6248be req-d34b6d8e-814e-404c-9ff2-8d0abd6248be ] Request (ServerActionsV293TestJSON:setUpClass): 200 GET http://10.180.1.21/compute/v2.1/servers/4981a04f-98e6-474b-850a-634d977d9e42 0.185s
2024-10-24 12:10:10.415 63174 INFO tempest.lib.common.rest_client [req-0945f26d-7847-4888-850d-b7f62731ff23 req-0945f26d-7847-4888-850d-b7f62731ff23 ] Request (SecurityGroupsTestJSON:test_list_security_groups_by_server): 200 GET http://10.180.1.21/compute/v2.1/servers/8399d066-43bc-4766-97c8-89d74f3283f0 0.111s
2024-10-24 12:10:10.427 63162 INFO tempest.lib.common.rest_client [req-7ad20662-ab15-4cb6-acc8-6f35b614c75a req-7ad20662-ab15-4cb6-acc8-6f35b614c75a ] Request (ServersWithSpecificFlavorTestJSON:_run_cleanups): 204 DELETE http://10.180.1.21:9696/networking/v2.0/floatingips/97e55d6c-3cdf-4a8d-a137-b24b64e2d2f6 0.360s
2024-10-24 12:10:10.451 63180 INFO tempest.lib.common.rest_client [req-19025f87-9632-44e0-a3cd-58cddc952597 req-19025f87-9632-44e0-a3cd-58cddc952597 ] Request (ServerDiskConfigTestJSON:test_rebuild_server_with_manual_disk_config): 200 GET http://10.180.1.21/compute/v2.1/servers/c5aaadb0-f9a1-4af9-b882-86d847185a19 0.139s
2024-10-24 12:10:10.458 63190 INFO tempest.lib.common.rest_client [req-d6722fa0-88e2-41e2-9b11-a81b7fb5be7b req-d6722fa0-88e2-41e2-9b11-a81b7fb5be7b ] Request (ServersAdminTestJSON:setUpClass): 201 POST http://10.180.1.21:9696/networking/v2.0/networks 0.474s
2024-10-24 12:10:10.462 63166 INFO tempest.lib.common.rest_client [req-5634e024-3be6-434c-9a58-589554b6e8cf req-5634e024-3be6-434c-9a58-589554b6e8cf ] Request (ServerMetadataNegativeTestJSON:setUpClass): 200 GET http://10.180.1.21/compute/v2.1/servers/0419073e-5340-4805-a1e0-417ccf5fdd30 0.088s
2024-10-24 12:10:10.489 63162 INFO tempest.lib.common.rest_client [req-ac100411-38cb-45f9-a61a-cb3105639255 req-ac100411-38cb-45f9-a61a-cb3105639255 ] Request (ServersWithSpecificFlavorTestJSON:_run_cleanups): 202 DELETE http://10.180.1.21/compute/v2.1/flavors/915220673 0.062s
2024-10-24 12:10:10.509 63156 INFO tempest.lib.common.rest_client [req-11b8405b-c186-4c5a-9c85-604b693b80bb req-11b8405b-c186-4c5a-9c85-604b693b80bb ] Request (ServerTagsTestJSON:setUpClass): 200 GET http://10.180.1.21/compute/v2.1/servers/e24c8bf2-1616-4a5a-b6ce-0c256e78b213 0.119s
2024-10-24 12:10:10.509 63206 INFO tempest.lib.common.rest_client [req-55194188-59d7-400a-9962-051fcbacc543 req-55194188-59d7-400a-9962-051fcbacc543 ] Request (VolumesAssistedSnapshotsTest:tearDownClass): 204 DELETE http://10.180.1.21:9696/networking/v2.0/security-groups/8eec52b9-fd1d-4ec4-b38e-d5eb10c2da57 0.124s
2024-10-24 12:10:10.545 63184 INFO tempest.lib.common.rest_client [req-6f605391-51f9-44c4-9e6c-cdbab356e8f8 req-6f605391-51f9-44c4-9e6c-cdbab356e8f8 ] Request (VolumesAdminNegativeTest:test_update_attached_volume_with_nonexistent_volume_in_uri): 200 GET http://10.180.1.21/compute/v2.1/servers/8bda7658-2b86-4869-89e2-b10d7119ae18 0.109s
2024-10-24 12:10:10.560 63178 INFO tempest.lib.common.rest_client [req-87d1c770-b986-4bda-b9cd-12ffcc0807c2 req-87d1c770-b986-4bda-b9cd-12ffcc0807c2 ] Request (ServersTestJSON:setUpClass): 200 GET http://10.180.1.21/compute/v2.1/servers/62cfca0a-e8c6-4f94-8e6f-1136cfcf3089 0.122s
2024-10-24 12:10:10.560 63162 INFO tempest.lib.common.rest_client [req-785a49c8-93c5-4ae3-a445-562b8c289958 req-785a49c8-93c5-4ae3-a445-562b8c289958 ] Request (ServersWithSpecificFlavorTestJSON:_run_cleanups): 200 GET http://10.180.1.21/compute/v2.1/flavors/detail 0.071s
2024-10-24 12:10:10.607 63188 INFO tempest.lib.common.rest_client [req-4dacd8cb-aaf7-428d-87cc-842888640561 req-4dacd8cb-aaf7-428d-87cc-842888640561 ] Request (InstanceActionsTestJSON:setUpClass): 200 GET http://10.180.1.21/compute/v2.1/servers/5e695914-afa5-4f79-972d-852a4ac8aa20 0.117s
2024-10-24 12:10:10.610 63206 INFO tempest.lib.common.rest_client [req-6f9b3da0-cf17-4aa9-a170-f6ce2ac9580e req-6f9b3da0-cf17-4aa9-a170-f6ce2ac9580e ] Request (VolumesAssistedSnapshotsTest:tearDownClass): 204 DELETE http://10.180.1.21/identity/v3/projects/57c073e6f15346bc8ca0d83b89bb167e 0.100s
2024-10-24 12:10:10.611 63206 INFO tempest.lib.common.dynamic_creds [-] Deleting project and security group for project: e5aca9d330514cb8a37d1aa3b6f4416d
2024-10-24 12:10:10.611 63200 INFO tempest.lib.common.rest_client [req-19f07960-6ee7-41c0-b2a3-3f5414eee9c9 req-19f07960-6ee7-41c0-b2a3-3f5414eee9c9 ] Request (ServerShowV247Test:test_update_rebuild_list_server): 200 GET http://10.180.1.21/compute/v2.1/servers/f3509973-013e-45ce-87f9-357e782f26d7 0.111s
2024-10-24 12:10:10.652 63210 INFO tempest.lib.common.rest_client [req-7ed59f28-04b3-4323-8acd-6a7315f3bbb0 req-7ed59f28-04b3-4323-8acd-6a7315f3bbb0 ] Request (ListServersNegativeTestJSON:setUpClass): 200 GET http://10.180.1.21/compute/v2.1/servers/283ffd74-3891-4b5e-bcf5-49b265978051 0.110s
2024-10-24 12:10:10.656 63190 INFO tempest.lib.common.rest_client [req-722bab49-4cda-4fcb-82fb-a9f5bf545ea8 req-722bab49-4cda-4fcb-82fb-a9f5bf545ea8 ] Request (ServersAdminTestJSON:setUpClass): 201 POST http://10.180.1.21:9696/networking/v2.0/subnets 0.198s
2024-10-24 12:10:10.664 63206 INFO tempest.lib.common.rest_client [req-81418ae5-3b67-4b1e-97e1-a6478279b654 req-81418ae5-3b67-4b1e-97e1-a6478279b654 ] Request (VolumesAssistedSnapshotsTest:tearDownClass): 200 GET http://10.180.1.21:9696/networking/v2.0/security-groups?tenant_id=e5aca9d330514cb8a37d1aa3b6f4416d&name=default 0.053s
2024-10-24 12:10:10.670 63162 INFO tempest.lib.common.rest_client [req-729beeb1-ddd3-4c2b-a542-3819e72ff8e5 req-729beeb1-ddd3-4c2b-a542-3819e72ff8e5 ] Request (ServersWithSpecificFlavorTestJSON:_run_cleanups): 202 DELETE http://10.180.1.21/compute/v2.1/flavors/2004844366 0.104s
2024-10-24 12:10:10.675 63158 INFO tempest.lib.common.rest_client [req-449ac57a-d061-48ee-b73a-87ca5c959181 req-449ac57a-d061-48ee-b73a-87ca5c959181 ] Request (ServersAaction247Test:test_create_backup): 200 GET http://10.180.1.21/compute/v2.1/servers/e11079b9-5f15-41d6-8c8a-c08dc7f63b2f 0.113s
2024-10-24 12:10:10.719 63172 INFO tempest.lib.common.rest_client [req-56321992-63d3-40f4-8d29-afe05493cf63 req-56321992-63d3-40f4-8d29-afe05493cf63 ] Request (ServerDiagnosticsTest:test_get_server_diagnostics): 200 GET http://10.180.1.21/compute/v2.1/servers/8213bc31-1bd5-40b6-99a0-1254b9517b6a 0.129s
2024-10-24 12:10:10.742 63160 INFO tempest.lib.common.rest_client [req-c4292363-3b95-4720-9e78-1d8229966a3a req-c4292363-3b95-4720-9e78-1d8229966a3a ] Request (MigrationsAdminTest:test_resize_server_revert_deleted_flavor): 200 GET http://10.180.1.21/compute/v2.1/servers/ad283bc7-b422-4836-a503-d3d9ae4fe3c1 0.134s
2024-10-24 12:10:10.764 63162 INFO tempest.lib.common.rest_client [req-e234968a-6024-411e-8a1e-05790f508258 req-e234968a-6024-411e-8a1e-05790f508258 ] Request (ServersWithSpecificFlavorTestJSON:_run_cleanups): 200 GET http://10.180.1.21/compute/v2.1/flavors/detail 0.093s
2024-10-24 12:10:10.784 63212 INFO tempest.lib.common.rest_client [req-30e989e3-d41b-4e07-89b6-4d98096a2ec2 req-30e989e3-d41b-4e07-89b6-4d98096a2ec2 ] Request (ServersTestMultiNic:test_verify_duplicate_network_nics): 200 GET http://10.180.1.21/compute/v2.1/servers/294e3321-e826-4a56-bbd0-893261d65283 0.142s
2024-10-24 12:10:10.785 63206 INFO tempest.lib.common.rest_client [req-c4fdc3ec-6891-4950-824b-2e0948a5b477 req-c4fdc3ec-6891-4950-824b-2e0948a5b477 ] Request (VolumesAssistedSnapshotsTest:tearDownClass): 204 DELETE http://10.180.1.21:9696/networking/v2.0/security-groups/fd25f808-ca2e-438f-b38b-0b0f33052baf 0.120s
