2024-10-24 12:10:37.920 63206 INFO tempest.lib.common.rest_client [req-b6de4d7e-7af8-40d3-92d2-a0e9e9570821 req-b6de4d7e-7af8-40d3-92d2-a0e9e9570821 ] Request (MultipleCreateTestJSON:test_multiple_create): 200 GET http://10.180.1.21/compute/v2.1/servers/41218b72-0b79-496a-855f-57a972dabd0b 0.045s
2024-10-24 12:10:37.954 63172 INFO tempest.lib.common.rest_client [req-e7492783-1a16-463d-9be9-f534edc1ceb0 req-e7492783-1a16-463d-9be9-f534edc1ceb0 ] Request (ServerDiagnosticsTest:test_get_server_diagnostics): 200 GET http://10.180.1.21/compute/v2.1/servers/8213bc31-1bd5-40b6-99a0-1254b9517b6a 0.049s
2024-10-24 12:10:37.968 63154 INFO tempest.lib.common.rest_client [req-98660681-48cc-4e42-95d7-95002c9d97ff req-98660681-48cc-4e42-95d7-95002c9d97ff ] Request (AttachVolumeNegativeTest:test_attach_attached_volume_to_different_server): 200 GET http://10.180.1.21/compute/v2.1/servers/364c5d87-f261-439a-920e-874ee0bcf83b 0.050s
2024-10-24 12:10:38.007 63160 INFO tempest.lib.common.rest_client [req-1b98d93b-99c5-4817-b640-f622fc98f2ae req-1b98d93b-99c5-4817-b640-f622fc98f2ae ] Request (MigrationsAdminTest:test_resize_server_revert_deleted_flavor): 200 GET http://10.180.1.21/compute/v2.1/servers/ad283bc7-b422-4836-a503-d3d9ae4fe3c1 0.044s
2024-10-24 12:10:38.060 63212 INFO tempest.lib.common.rest_client [req-faa635b3-db95-4cc1-b633-f8d830ad02b9 req-faa635b3-db95-4cc1-b633-f8d830ad02b9 ] Request (ServersTestMultiNic:test_verify_duplicate_network_nics): 200 GET http://10.180.1.21/compute/v2.1/servers/294e3321-e826-4a56-bbd0-893261d65283 0.045s
2024-10-24 12:10:38.103 63192 INFO tempest.lib.common.rest_client [req-ef3b99a6-2fa3-4d17-b0d4-0d5bff6f323c req-ef3b99a6-2fa3-4d17-b0d4-0d5bff6f323c ] Request (ServersTestJSON:test_create_server_specify_multibyte_character_name): 200 GET http://10.180.1.21/compute/v2.1/servers/98c19874-7c71-4e20-aa29-2ddc53df7e81 0.077s
2024-10-24 12:10:38.130 63210 INFO tempest.lib.common.rest_client [req-b9f6d328-c4d0-425e-bd22-650cfe83b2c8 req-b9f6d328-c4d0-425e-bd22-650cfe83b2c8 ] Request (ListServersNegativeTestJSON:setUpClass): 200 GET http://10.180.1.21/compute/v2.1/servers/283ffd74-3891-4b5e-bcf5-49b265978051 0.170s
2024-10-24 12:10:38.136 63210 INFO tempest.common.waiters [-] State transition "BUILD/None" ==> "BUILD/networking" after 56 second wait
2024-10-24 12:10:38.152 63150 INFO tempest.lib.common.rest_client [req-b0c8e21b-ec8d-4140-b23f-827dce09410a req-b0c8e21b-ec8d-4140-b23f-827dce09410a ] Request (ServersTestFqdnHostnames:test_create_server_with_fqdn_name): 200 GET http://10.180.1.21/compute/v2.1/servers/c10d840e-ce05-4af3-ba2d-6214eefd8783 0.089s
2024-10-24 12:10:38.184 63168 INFO tempest.lib.common.rest_client [req-c28beef7-521d-424f-94b0-6811d4a0ad2c req-c28beef7-521d-424f-94b0-6811d4a0ad2c ] Request (DeleteServersAdminTestJSON:test_admin_delete_servers_of_others): 200 GET http://10.180.1.21/compute/v2.1/servers/91328e42-ba3c-4d63-a805-973c2bfa2afb 0.110s
2024-10-24 12:10:38.197 63170 INFO tempest.lib.common.rest_client [req-303b53bd-5e65-4523-9487-0172cd6ad429 req-303b53bd-5e65-4523-9487-0172cd6ad429 ] Request (FloatingIPsAssociationTestJSON:setUpClass): 200 GET http://10.180.1.21/compute/v2.1/servers/67554dc7-fb72-47e1-8201-f5fda035a2d3 0.085s
2024-10-24 12:10:38.236 63176 INFO tempest.lib.common.rest_client [req-ed923935-1175-4f20-b7f2-891ccdf67789 req-ed923935-1175-4f20-b7f2-891ccdf67789 ] Request (InstanceActionsNegativeTestJSON:setUpClass): 200 GET http://10.180.1.21/compute/v2.1/servers/964f98e4-3462-4362-b551-576302776f3a 0.117s
2024-10-24 12:10:38.267 63200 INFO tempest.lib.common.rest_client [req-b5a1944f-d611-444d-a1a9-57bcdae9269b req-b5a1944f-d611-444d-a1a9-57bcdae9269b ] Request (ServerShowV247Test:tearDownClass): 200 GET http://10.180.1.21/compute/v2.1/servers/f3509973-013e-45ce-87f9-357e782f26d7 0.103s
2024-10-24 12:10:38.289 63202 INFO tempest.lib.common.rest_client [req-2dedc79b-0b00-4e63-a38f-88ff29382b01 req-2dedc79b-0b00-4e63-a38f-88ff29382b01 ] Request (ServerShowV257Test:test_rebuild_server): 200 GET http://10.180.1.21/compute/v2.1/servers/44339b45-5183-4882-aaec-4070adc3c3dd 0.116s
2024-10-24 12:10:38.320 63186 INFO tempest.lib.common.rest_client [req-2f968553-1935-419d-9277-4ec30fc76452 req-2f968553-1935-419d-9277-4ec30fc76452 ] Request (ListImageFiltersTestJSON:setUpClass): 200 GET http://10.180.1.21/compute/v2.1/servers/3ce62ec7-6274-441f-989b-6f27a64b0c18 0.111s
2024-10-24 12:10:38.384 63190 INFO tempest.lib.common.rest_client [req-8ed03b8a-d294-4907-bf70-689d0c621007 req-8ed03b8a-d294-4907-bf70-689d0c621007 ] Request (ServersAdminTestJSON:setUpClass): 200 GET http://10.180.1.21/compute/v2.1/servers/220578cb-17b1-4b46-8c4a-f676c04fc5e8 0.060s
2024-10-24 12:10:38.512 63194 INFO tempest.lib.common.rest_client [req-14a66a88-0849-455c-a205-2b8ae66cf8b7 req-14a66a88-0849-455c-a205-2b8ae66cf8b7 ] Request (ServerActionsTestJSON:setUpClass): 200 GET http://10.180.1.21/compute/v2.1/servers/15938dfe-a697-450b-8c88-ff4ef703ee1f 0.051s
2024-10-24 12:10:38.513 63158 INFO tempest.lib.common.rest_client [req-356094e1-01b1-455e-a371-18c5f4000514 req-356094e1-01b1-455e-a371-18c5f4000514 ] Request (ServersAaction247Test:tearDownClass): 200 GET http://10.180.1.21/compute/v2.1/servers/e11079b9-5f15-41d6-8c8a-c08dc7f63b2f 0.076s
2024-10-24 12:10:38.590 63162 INFO tempest.lib.common.rest_client [req-6ffeba2d-f97d-47e0-b27a-1272794c418c req-6ffeba2d-f97d-47e0-b27a-1272794c418c ] Request (TenantUsagesTestJSON:setUpClass): 200 GET http://10.180.1.21/compute/v2.1/servers/d73f5ea8-529a-44e3-8239-5aaa4534d1cc 0.049s
2024-10-24 12:10:38.609 63197 INFO tempest.lib.common.rest_client [req-bb1aa749-d6be-4ee4-b4b0-7c95b93d454e req-bb1aa749-d6be-4ee4-b4b0-7c95b93d454e ] Request (ServersV294TestFqdnHostnames:setUpClass): 200 GET http://10.180.1.21/compute/v2.1/servers/821366f1-f1b0-4b78-8f7e-db8fd3bb123e 0.061s
2024-10-24 12:10:38.640 63164 INFO tempest.lib.common.rest_client [req-168c5907-4f72-47f0-8226-a04e31fd60e7 req-168c5907-4f72-47f0-8226-a04e31fd60e7 ] Request (ServerRescueNegativeTestJSON:setUpClass): 200 GET http://10.180.1.21/compute/v2.1/servers/e1f45ab1-53fe-417d-b9f1-8ca1e7ce1fa6 0.052s
2024-10-24 12:10:38.689 63180 INFO tempest.lib.common.rest_client [req-d03a9b5f-b279-4ab1-8275-5b12816a912f req-d03a9b5f-b279-4ab1-8275-5b12816a912f ] Request (ServerDiskConfigTestJSON:test_rebuild_server_with_manual_disk_config): 200 GET http://10.180.1.21/compute/v2.1/servers/c5aaadb0-f9a1-4af9-b882-86d847185a19 0.053s
2024-10-24 12:10:38.757 63198 INFO tempest.lib.common.rest_client [req-c625da4b-1c4b-489b-a055-0e4711322afd req-c625da4b-1c4b-489b-a055-0e4711322afd ] Request (AttachInterfacesV270Test:test_create_get_list_interfaces): 200 GET http://10.180.1.21/compute/v2.1/servers/bfcba422-5ed0-4bfd-83e9-cdde324d899f 0.058s
2024-10-24 12:10:38.766 63198 INFO tempest.common.waiters [-] State transition "BUILD/scheduling" ==> "ERROR/None" after 73 second wait
2024-10-24 12:10:38.793 63174 INFO tempest.lib.common.rest_client [req-4a584798-e75d-45d9-adf4-930b1109d058 req-4a584798-e75d-45d9-adf4-930b1109d058 ] Request (SecurityGroupsTestJSON:test_list_security_groups_by_server): 200 GET http://10.180.1.21/compute/v2.1/servers/8399d066-43bc-4766-97c8-89d74f3283f0 0.045s
2024-10-24 12:10:38.859 63156 INFO tempest.lib.common.rest_client [req-06b942fd-f94b-4b45-b341-fe2f30a82e19 req-06b942fd-f94b-4b45-b341-fe2f30a82e19 ] Request (ServerTagsTestJSON:setUpClass): 200 GET http://10.180.1.21/compute/v2.1/servers/e24c8bf2-1616-4a5a-b6ce-0c256e78b213 0.050s
2024-10-24 12:10:38.922 63184 INFO tempest.lib.common.rest_client [req-41cfed11-357d-4766-b8b1-0e185b7311fd req-41cfed11-357d-4766-b8b1-0e185b7311fd ] Request (VolumesAdminNegativeTest:test_update_attached_volume_with_nonexistent_volume_in_uri): 200 GET http://10.180.1.21/compute/v2.1/servers/8bda7658-2b86-4869-89e2-b10d7119ae18 0.081s
2024-10-24 12:10:38.936 63198 INFO tempest.lib.common.rest_client [req-97250d94-9f35-4cd5-8219-86ed5732b3e9 req-97250d94-9f35-4cd5-8219-86ed5732b3e9 ] Request (AttachInterfacesV270Test:test_create_get_list_interfaces): 204 DELETE http://10.180.1.21/compute/v2.1/servers/bfcba422-5ed0-4bfd-83e9-cdde324d899f 0.170s
2024-10-24 12:10:38.963 63166 INFO tempest.lib.common.rest_client [req-0d9999fe-cd1b-45cc-9281-f6f3dba5ddc5 req-0d9999fe-cd1b-45cc-9281-f6f3dba5ddc5 ] Request (ServerMetadataNegativeTestJSON:setUpClass): 200 GET http://10.180.1.21/compute/v2.1/servers/0419073e-5340-4805-a1e0-417ccf5fdd30 0.107s
2024-10-24 12:10:38.969 63166 INFO tempest.common.waiters [-] State transition "BUILD/scheduling" ==> "BUILD/None" after 51 second wait
2024-10-24 12:10:38.981 63178 INFO tempest.lib.common.rest_client [req-297cc51d-e73e-4a3f-8711-2a0843b9d59d req-297cc51d-e73e-4a3f-8711-2a0843b9d59d ] Request (ServersTestJSON:setUpClass): 200 GET http://10.180.1.21/compute/v2.1/servers/62cfca0a-e8c6-4f94-8e6f-1136cfcf3089 0.093s
2024-10-24 12:10:39.007 63188 INFO tempest.lib.common.rest_client [req-df1fc713-2a48-4c46-859c-1ba30abfa717 req-df1fc713-2a48-4c46-859c-1ba30abfa717 ] Request (InstanceActionsTestJSON:setUpClass): 200 GET http://10.180.1.21/compute/v2.1/servers/5e695914-afa5-4f79-972d-852a4ac8aa20 0.093s
2024-10-24 12:10:39.025 63198 INFO tempest.lib.common.rest_client [req-e043a995-6cc7-4540-bb89-492772359fb8 req-e043a995-6cc7-4540-bb89-492772359fb8 ] Request (AttachInterfacesV270Test:test_create_get_list_interfaces): 404 GET http://10.180.1.21/compute/v2.1/servers/bfcba422-5ed0-4bfd-83e9-cdde324d899f 0.089s
2024-10-24 12:10:39.028 63206 INFO tempest.lib.common.rest_client [req-e9bbbe26-9ea2-4f4c-86af-a731b3dddc1c req-e9bbbe26-9ea2-4f4c-86af-a731b3dddc1c ] Request (MultipleCreateTestJSON:test_multiple_create): 200 GET http://10.180.1.21/compute/v2.1/servers/41218b72-0b79-496a-855f-57a972dabd0b 0.102s
2024-10-24 12:10:39.081 63154 INFO tempest.lib.common.rest_client [req-229f71d1-ff3d-4c8a-b872-4b11a08768e9 req-229f71d1-ff3d-4c8a-b872-4b11a08768e9 ] Request (AttachVolumeNegativeTest:test_attach_attached_volume_to_different_server): 200 GET http://10.180.1.21/compute/v2.1/servers/364c5d87-f261-439a-920e-874ee0bcf83b 0.106s
2024-10-24 12:10:39.203 63150 INFO tempest.lib.common.rest_client [req-3cccf908-bba1-4997-8cee-583248195156 req-3cccf908-bba1-4997-8cee-583248195156 ] Request (ServersTestFqdnHostnames:test_create_server_with_fqdn_name): 200 GET http://10.180.1.21/compute/v2.1/servers/c10d840e-ce05-4af3-ba2d-6214eefd8783 0.045s
2024-10-24 12:10:39.289 63172 INFO tempest.lib.common.rest_client [req-8c0a4887-d2ef-4f7c-bced-f000f8078695 req-8c0a4887-d2ef-4f7c-bced-f000f8078695 ] Request (ServerDiagnosticsTest:test_get_server_diagnostics): 200 GET http://10.180.1.21/compute/v2.1/servers/8213bc31-1bd5-40b6-99a0-1254b9517b6a 0.328s
2024-10-24 12:10:39.321 63168 INFO tempest.lib.common.rest_client [req-cf2e49e6-747a-4423-b354-1cbf17f2d5d2 req-cf2e49e6-747a-4423-b354-1cbf17f2d5d2 ] Request (DeleteServersAdminTestJSON:test_admin_delete_servers_of_others): 200 GET http://10.180.1.21/compute/v2.1/servers/91328e42-ba3c-4d63-a805-973c2bfa2afb 0.130s
2024-10-24 12:10:39.350 63160 INFO tempest.lib.common.rest_client [req-dfa5701e-b576-4fed-a5ef-3476099fb9ec req-dfa5701e-b576-4fed-a5ef-3476099fb9ec ] Request (MigrationsAdminTest:test_resize_server_revert_deleted_flavor): 200 GET http://10.180.1.21/compute/v2.1/servers/ad283bc7-b422-4836-a503-d3d9ae4fe3c1 0.334s
2024-10-24 12:10:39.391 63170 INFO tempest.lib.common.rest_client [req-44f5b455-4546-4562-90d6-597756bfc63b req-44f5b455-4546-4562-90d6-597756bfc63b ] Request (FloatingIPsAssociationTestJSON:setUpClass): 200 GET http://10.180.1.21/compute/v2.1/servers/67554dc7-fb72-47e1-8201-f5fda035a2d3 0.187s
2024-10-24 12:10:39.403 63212 INFO tempest.lib.common.rest_client [req-9b65b07d-2526-4ebf-b4d1-cbf99113d012 req-9b65b07d-2526-4ebf-b4d1-cbf99113d012 ] Request (ServersTestMultiNic:test_verify_duplicate_network_nics): 200 GET http://10.180.1.21/compute/v2.1/servers/294e3321-e826-4a56-bbd0-893261d65283 0.115s
2024-10-24 12:10:39.445 63192 INFO tempest.lib.common.rest_client [req-fa201dea-e00d-45ba-a727-c36de2421c5a req-fa201dea-e00d-45ba-a727-c36de2421c5a ] Request (ServersTestJSON:test_create_server_specify_multibyte_character_name): 200 GET http://10.180.1.21/compute/v2.1/servers/98c19874-7c71-4e20-aa29-2ddc53df7e81 0.157s
2024-10-24 12:10:39.456 63200 INFO tempest.lib.common.rest_client [req-773a9655-33bb-472a-b546-c9fa4837f5ad req-773a9655-33bb-472a-b546-c9fa4837f5ad ] Request (ServerShowV247Test:tearDownClass): 200 GET http://10.180.1.21/compute/v2.1/servers/f3509973-013e-45ce-87f9-357e782f26d7 0.168s
2024-10-24 12:10:39.501 63210 INFO tempest.lib.common.rest_client [req-27ba7f46-c3d8-4d5d-b8ad-bec47fe9268c req-27ba7f46-c3d8-4d5d-b8ad-bec47fe9268c ] Request (ListServersNegativeTestJSON:setUpClass): 200 GET http://10.180.1.21/compute/v2.1/servers/283ffd74-3891-4b5e-bcf5-49b265978051 0.213s
2024-10-24 12:10:39.509 63210 INFO tempest.common.waiters [-] State transition "BUILD/networking" ==> "BUILD/spawning" after 57 second wait
2024-10-24 12:10:39.514 63176 INFO tempest.lib.common.rest_client [req-f22a7e83-3980-48b9-ae1a-06ae0fcb6fef req-f22a7e83-3980-48b9-ae1a-06ae0fcb6fef ] Request (InstanceActionsNegativeTestJSON:setUpClass): 200 GET http://10.180.1.21/compute/v2.1/servers/964f98e4-3462-4362-b551-576302776f3a 0.222s
2024-10-24 12:10:39.557 63186 INFO tempest.lib.common.rest_client [req-a4a7ce4c-0d0c-4c2f-b928-2084393aa855 req-a4a7ce4c-0d0c-4c2f-b928-2084393aa855 ] Request (ListImageFiltersTestJSON:setUpClass): 200 GET http://10.180.1.21/compute/v2.1/servers/3ce62ec7-6274-441f-989b-6f27a64b0c18 0.227s
2024-10-24 12:10:39.562 63202 INFO tempest.lib.common.rest_client [req-fd9ca33f-3bd1-4bd1-a1e1-f71b6788cdf3 req-fd9ca33f-3bd1-4bd1-a1e1-f71b6788cdf3 ] Request (ServerShowV257Test:test_rebuild_server): 200 GET http://10.180.1.21/compute/v2.1/servers/44339b45-5183-4882-aaec-4070adc3c3dd 0.260s
2024-10-24 12:10:39.597 63190 INFO tempest.lib.common.rest_client [req-cd3f0f01-6ac0-4f29-8c22-f23d74f4146d req-cd3f0f01-6ac0-4f29-8c22-f23d74f4146d ] Request (ServersAdminTestJSON:setUpClass): 200 GET http://10.180.1.21/compute/v2.1/servers/220578cb-17b1-4b46-8c4a-f676c04fc5e8 0.207s
2024-10-24 12:10:39.650 63158 INFO tempest.lib.common.rest_client [req-262bf176-62f8-4787-82a6-9a5d0c8293ee req-262bf176-62f8-4787-82a6-9a5d0c8293ee ] Request (ServersAaction247Test:tearDownClass): 200 GET http://10.180.1.21/compute/v2.1/servers/e11079b9-5f15-41d6-8c8a-c08dc7f63b2f 0.128s
2024-10-24 12:10:39.694 63162 INFO tempest.lib.common.rest_client [req-19445e4c-a4e3-4ebd-8de5-cbc6587f6264 req-19445e4c-a4e3-4ebd-8de5-cbc6587f6264 ] Request (TenantUsagesTestJSON:setUpClass): 200 GET http://10.180.1.21/compute/v2.1/servers/d73f5ea8-529a-44e3-8239-5aaa4534d1cc 0.096s
2024-10-24 12:10:39.741 63197 INFO tempest.lib.common.rest_client [req-4cb173ce-4b74-4cef-9395-4fce81352ab3 req-4cb173ce-4b74-4cef-9395-4fce81352ab3 ] Request (ServersV294TestFqdnHostnames:setUpClass): 200 GET http://10.180.1.21/compute/v2.1/servers/821366f1-f1b0-4b78-8f7e-db8fd3bb123e 0.123s
2024-10-24 12:10:39.753 63194 INFO tempest.lib.common.rest_client [req-4acdfcdc-de48-43df-9b44-9d1fdc84c2f7 req-4acdfcdc-de48-43df-9b44-9d1fdc84c2f7 ] Request (ServerActionsTestJSON:setUpClass): 200 GET http://10.180.1.21/compute/v2.1/servers/15938dfe-a697-450b-8c88-ff4ef703ee1f 0.234s
2024-10-24 12:10:39.782 63164 INFO tempest.lib.common.rest_client [req-1d759a3a-80d4-4d04-aece-d20643c96453 req-1d759a3a-80d4-4d04-aece-d20643c96453 ] Request (ServerRescueNegativeTestJSON:setUpClass): 200 GET http://10.180.1.21/compute/v2.1/servers/e1f45ab1-53fe-417d-b9f1-8ca1e7ce1fa6 0.134s
2024-10-24 12:10:39.808 63180 INFO tempest.lib.common.rest_client [req-db034ff8-08d1-4c15-b35b-c435827ffb9f req-db034ff8-08d1-4c15-b35b-c435827ffb9f ] Request (ServerDiskConfigTestJSON:test_rebuild_server_with_manual_disk_config): 200 GET http://10.180.1.21/compute/v2.1/servers/c5aaadb0-f9a1-4af9-b882-86d847185a19 0.108s
2024-10-24 12:10:39.862 63174 INFO tempest.lib.common.rest_client [req-9ce78a95-b9f0-4fb3-b3f2-9af1c7a6aa0e req-9ce78a95-b9f0-4fb3-b3f2-9af1c7a6aa0e ] Request (SecurityGroupsTestJSON:test_list_security_groups_by_server): 200 GET http://10.180.1.21/compute/v2.1/servers/8399d066-43bc-4766-97c8-89d74f3283f0 0.061s
2024-10-24 12:10:39.931 63156 INFO tempest.lib.common.rest_client [req-a04c5d0e-3c9b-489d-b8f8-621b808ca6d5 req-a04c5d0e-3c9b-489d-b8f8-621b808ca6d5 ] Request (ServerTagsTestJSON:setUpClass): 200 GET http://10.180.1.21/compute/v2.1/servers/e24c8bf2-1616-4a5a-b6ce-0c256e78b213 0.060s
2024-10-24 12:10:39.979 63184 INFO tempest.lib.common.rest_client [req-4f619669-80b1-415c-990e-e54500baedfe req-4f619669-80b1-415c-990e-e54500baedfe ] Request (VolumesAdminNegativeTest:test_update_attached_volume_with_nonexistent_volume_in_uri): 200 GET http://10.180.1.21/compute/v2.1/servers/8bda7658-2b86-4869-89e2-b10d7119ae18 0.049s
2024-10-24 12:10:40.026 63166 INFO tempest.lib.common.rest_client [req-dde5d23c-eb70-4aee-bc43-2e2a7151252a req-dde5d23c-eb70-4aee-bc43-2e2a7151252a ] Request (ServerMetadataNegativeTestJSON:setUpClass): 200 GET http://10.180.1.21/compute/v2.1/servers/0419073e-5340-4805-a1e0-417ccf5fdd30 0.056s
2024-10-24 12:10:40.039 63178 INFO tempest.lib.common.rest_client [req-f621ba28-a444-434a-b3df-7128db40b2e5 req-f621ba28-a444-434a-b3df-7128db40b2e5 ] Request (ServersTestJSON:setUpClass): 200 GET http://10.180.1.21/compute/v2.1/servers/62cfca0a-e8c6-4f94-8e6f-1136cfcf3089 0.052s
2024-10-24 12:10:40.074 63188 INFO tempest.lib.common.rest_client [req-73057be5-d118-41f0-af46-c1dbf2c27f4b req-73057be5-d118-41f0-af46-c1dbf2c27f4b ] Request (InstanceActionsTestJSON:setUpClass): 200 GET http://10.180.1.21/compute/v2.1/servers/5e695914-afa5-4f79-972d-852a4ac8aa20 0.057s
2024-10-24 12:10:40.088 63206 INFO tempest.lib.common.rest_client [req-7437fd36-dcd5-4f22-b021-1d525560dab3 req-7437fd36-dcd5-4f22-b021-1d525560dab3 ] Request (MultipleCreateTestJSON:test_multiple_create): 200 GET http://10.180.1.21/compute/v2.1/servers/41218b72-0b79-496a-855f-57a972dabd0b 0.053s
2024-10-24 12:10:40.141 63154 INFO tempest.lib.common.rest_client [req-33b39031-5522-4b32-af11-8a17472b880a req-33b39031-5522-4b32-af11-8a17472b880a ] Request (AttachVolumeNegativeTest:test_attach_attached_volume_to_different_server): 200 GET http://10.180.1.21/compute/v2.1/servers/364c5d87-f261-439a-920e-874ee0bcf83b 0.053s
2024-10-24 12:10:40.256 63150 INFO tempest.lib.common.rest_client [req-0bc2b2eb-28df-47ef-a380-975e9083b485 req-0bc2b2eb-28df-47ef-a380-975e9083b485 ] Request (ServersTestFqdnHostnames:test_create_server_with_fqdn_name): 200 GET http://10.180.1.21/compute/v2.1/servers/c10d840e-ce05-4af3-ba2d-6214eefd8783 0.046s
2024-10-24 12:10:40.261 63198 INFO tempest.lib.common.rest_client [req-e79ebf53-c437-4201-ac87-8b7b903c77fe req-e79ebf53-c437-4201-ac87-8b7b903c77fe ] Request (AttachInterfacesV270Test:tearDownClass): 200 PUT http://10.180.1.21:9696/networking/v2.0/routers/e8ccb686-4679-49e5-b23b-8967398be3ba/remove_router_interface 1.233s
2024-10-24 12:10:40.372 63172 INFO tempest.lib.common.rest_client [req-1808be82-8321-4d5f-b84a-008e6e175ae1 req-1808be82-8321-4d5f-b84a-008e6e175ae1 ] Request (ServerDiagnosticsTest:test_get_server_diagnostics): 200 GET http://10.180.1.21/compute/v2.1/servers/8213bc31-1bd5-40b6-99a0-1254b9517b6a 0.068s
2024-10-24 12:10:40.413 63168 INFO tempest.lib.common.rest_client [req-9d1625ec-0177-4a4a-9dc7-fc0feef53a5f req-9d1625ec-0177-4a4a-9dc7-fc0feef53a5f ] Request (DeleteServersAdminTestJSON:test_admin_delete_servers_of_others): 200 GET http://10.180.1.21/compute/v2.1/servers/91328e42-ba3c-4d63-a805-973c2bfa2afb 0.080s
2024-10-24 12:10:40.449 63160 INFO tempest.lib.common.rest_client [req-2d96bd24-7a4b-474d-8fdb-63f8af6cfca8 req-2d96bd24-7a4b-474d-8fdb-63f8af6cfca8 ] Request (MigrationsAdminTest:test_resize_server_revert_deleted_flavor): 200 GET http://10.180.1.21/compute/v2.1/servers/ad283bc7-b422-4836-a503-d3d9ae4fe3c1 0.092s
2024-10-24 12:10:40.466 63170 INFO tempest.lib.common.rest_client [req-6ff11e72-4418-404d-9233-34c9ce2ffc1a req-6ff11e72-4418-404d-9233-34c9ce2ffc1a ] Request (FloatingIPsAssociationTestJSON:setUpClass): 200 GET http://10.180.1.21/compute/v2.1/servers/67554dc7-fb72-47e1-8201-f5fda035a2d3 0.067s
2024-10-24 12:10:40.501 63212 INFO tempest.lib.common.rest_client [req-3588e263-c0ea-4d3e-a7be-43d6dcde7636 req-3588e263-c0ea-4d3e-a7be-43d6dcde7636 ] Request (ServersTestMultiNic:test_verify_duplicate_network_nics): 200 GET http://10.180.1.21/compute/v2.1/servers/294e3321-e826-4a56-bbd0-893261d65283 0.090s
2024-10-24 12:10:40.516 63192 INFO tempest.lib.common.rest_client [req-794e7658-d37f-4630-998e-49e2dcf44dd2 req-794e7658-d37f-4630-998e-49e2dcf44dd2 ] Request (ServersTestJSON:test_create_server_specify_multibyte_character_name): 200 GET http://10.180.1.21/compute/v2.1/servers/98c19874-7c71-4e20-aa29-2ddc53df7e81 0.064s
2024-10-24 12:10:40.560 63210 INFO tempest.lib.common.rest_client [req-a37a2bd2-2168-44e9-aa08-d558a1c292a9 req-a37a2bd2-2168-44e9-aa08-d558a1c292a9 ] Request (ListServersNegativeTestJSON:setUpClass): 200 GET http://10.180.1.21/compute/v2.1/servers/283ffd74-3891-4b5e-bcf5-49b265978051 0.049s
2024-10-24 12:10:40.572 63200 INFO tempest.lib.common.rest_client [req-5b6f4472-de4c-4ae8-8e73-0ca95d2e1121 req-5b6f4472-de4c-4ae8-8e73-0ca95d2e1121 ] Request (ServerShowV247Test:tearDownClass): 200 GET http://10.180.1.21/compute/v2.1/servers/f3509973-013e-45ce-87f9-357e782f26d7 0.098s
2024-10-24 12:10:40.616 63176 INFO tempest.lib.common.rest_client [req-19ae9aff-52d6-49db-8fff-0d0884a0e9da req-19ae9aff-52d6-49db-8fff-0d0884a0e9da ] Request (InstanceActionsNegativeTestJSON:setUpClass): 200 GET http://10.180.1.21/compute/v2.1/servers/964f98e4-3462-4362-b551-576302776f3a 0.094s
2024-10-24 12:10:40.618 63186 INFO tempest.lib.common.rest_client [req-d77b64ef-08f4-4bd1-b7eb-c304bb68f3d8 req-d77b64ef-08f4-4bd1-b7eb-c304bb68f3d8 ] Request (ListImageFiltersTestJSON:setUpClass): 200 GET http://10.180.1.21/compute/v2.1/servers/3ce62ec7-6274-441f-989b-6f27a64b0c18 0.054s
2024-10-24 12:10:40.666 63202 INFO tempest.lib.common.rest_client [req-15b2c31a-135d-43dc-aee0-d6a01d5b1605 req-15b2c31a-135d-43dc-aee0-d6a01d5b1605 ] Request (ServerShowV257Test:test_rebuild_server): 200 GET http://10.180.1.21/compute/v2.1/servers/44339b45-5183-4882-aaec-4070adc3c3dd 0.096s
2024-10-24 12:10:40.672 63190 INFO tempest.lib.common.rest_client [req-5061b400-d696-432d-9699-7ac40f145d10 req-5061b400-d696-432d-9699-7ac40f145d10 ] Request (ServersAdminTestJSON:setUpClass): 200 GET http://10.180.1.21/compute/v2.1/servers/220578cb-17b1-4b46-8c4a-f676c04fc5e8 0.068s
2024-10-24 12:10:40.728 63158 INFO tempest.lib.common.rest_client [req-73979fde-b97f-450f-b2d4-e0e04095e55d req-73979fde-b97f-450f-b2d4-e0e04095e55d ] Request (ServersAaction247Test:tearDownClass): 200 GET http://10.180.1.21/compute/v2.1/servers/e11079b9-5f15-41d6-8c8a-c08dc7f63b2f 0.070s
2024-10-24 12:10:40.756 63162 INFO tempest.lib.common.rest_client [req-8270c6e7-bea3-4439-8a80-b22b74b50878 req-8270c6e7-bea3-4439-8a80-b22b74b50878 ] Request (TenantUsagesTestJSON:setUpClass): 200 GET http://10.180.1.21/compute/v2.1/servers/d73f5ea8-529a-44e3-8239-5aaa4534d1cc 0.056s
2024-10-24 12:10:40.809 63197 INFO tempest.lib.common.rest_client [req-77c39f74-65f9-4d21-8990-423766e9e3a0 req-77c39f74-65f9-4d21-8990-423766e9e3a0 ] Request (ServersV294TestFqdnHostnames:setUpClass): 200 GET http://10.180.1.21/compute/v2.1/servers/821366f1-f1b0-4b78-8f7e-db8fd3bb123e 0.054s
2024-10-24 12:10:40.827 63194 INFO tempest.lib.common.rest_client [req-e678acb7-0d84-4fe3-9980-caed48a3dd12 req-e678acb7-0d84-4fe3-9980-caed48a3dd12 ] Request (ServerActionsTestJSON:setUpClass): 200 GET http://10.180.1.21/compute/v2.1/servers/15938dfe-a697-450b-8c88-ff4ef703ee1f 0.067s
2024-10-24 12:10:40.857 63198 INFO tempest.lib.common.rest_client [req-567f96a4-95b0-4ea7-ac0b-623e25b841a0 req-567f96a4-95b0-4ea7-ac0b-623e25b841a0 ] Request (AttachInterfacesV270Test:tearDownClass): 204 DELETE http://10.180.1.21:9696/networking/v2.0/routers/e8ccb686-4679-49e5-b23b-8967398be3ba 0.595s
2024-10-24 12:10:40.868 63164 INFO tempest.lib.common.rest_client [req-a917f0e9-b54b-4914-bd3e-d5690a5257ae req-a917f0e9-b54b-4914-bd3e-d5690a5257ae ] Request (ServerRescueNegativeTestJSON:setUpClass): 200 GET http://10.180.1.21/compute/v2.1/servers/e1f45ab1-53fe-417d-b9f1-8ca1e7ce1fa6 0.080s
2024-10-24 12:10:40.893 63180 INFO tempest.lib.common.rest_client [req-a6a469af-f467-4906-9306-25f4f0ae76f0 req-a6a469af-f467-4906-9306-25f4f0ae76f0 ] Request (ServerDiskConfigTestJSON:test_rebuild_server_with_manual_disk_config): 200 GET http://10.180.1.21/compute/v2.1/servers/c5aaadb0-f9a1-4af9-b882-86d847185a19 0.078s
2024-10-24 12:10:40.940 63174 INFO tempest.lib.common.rest_client [req-0b6cc7df-f6f5-48a1-b0ba-c6a7d6b935c6 req-0b6cc7df-f6f5-48a1-b0ba-c6a7d6b935c6 ] Request (SecurityGroupsTestJSON:test_list_security_groups_by_server): 200 GET http://10.180.1.21/compute/v2.1/servers/8399d066-43bc-4766-97c8-89d74f3283f0 0.071s
2024-10-24 12:10:41.000 63156 INFO tempest.lib.common.rest_client [req-e5d2d339-371d-412a-81db-08ae84269cca req-e5d2d339-371d-412a-81db-08ae84269cca ] Request (ServerTagsTestJSON:setUpClass): 200 GET http://10.180.1.21/compute/v2.1/servers/e24c8bf2-1616-4a5a-b6ce-0c256e78b213 0.059s
2024-10-24 12:10:41.044 63184 INFO tempest.lib.common.rest_client [req-383303cc-e998-4a7e-9977-389f273e3697 req-383303cc-e998-4a7e-9977-389f273e3697 ] Request (VolumesAdminNegativeTest:test_update_attached_volume_with_nonexistent_volume_in_uri): 200 GET http://10.180.1.21/compute/v2.1/servers/8bda7658-2b86-4869-89e2-b10d7119ae18 0.058s
2024-10-24 12:10:41.055 63198 INFO tempest.lib.common.rest_client [req-01367ac5-fbb9-4a2e-8e22-4557289b58ea req-01367ac5-fbb9-4a2e-8e22-4557289b58ea ] Request (AttachInterfacesV270Test:tearDownClass): 204 DELETE http://10.180.1.21:9696/networking/v2.0/subnets/02847445-46cc-49cd-986a-dd5ee7892b46 0.198s
2024-10-24 12:10:41.093 63166 INFO tempest.lib.common.rest_client [req-598b84c9-ff8f-4efd-9093-8318d96a4ff7 req-598b84c9-ff8f-4efd-9093-8318d96a4ff7 ] Request (ServerMetadataNegativeTestJSON:setUpClass): 200 GET http://10.180.1.21/compute/v2.1/servers/0419073e-5340-4805-a1e0-417ccf5fdd30 0.060s
2024-10-24 12:10:41.106 63178 INFO tempest.lib.common.rest_client [req-68f68cbe-143b-499d-9e7d-722aa6c53942 req-68f68cbe-143b-499d-9e7d-722aa6c53942 ] Request (ServersTestJSON:setUpClass): 200 GET http://10.180.1.21/compute/v2.1/servers/62cfca0a-e8c6-4f94-8e6f-1136cfcf3089 0.061s
2024-10-24 12:10:41.147 63188 INFO tempest.lib.common.rest_client [req-f2c51a74-853c-4bcb-997c-cc320947fe45 req-f2c51a74-853c-4bcb-997c-cc320947fe45 ] Request (InstanceActionsTestJSON:setUpClass): 200 GET http://10.180.1.21/compute/v2.1/servers/5e695914-afa5-4f79-972d-852a4ac8aa20 0.066s
2024-10-24 12:10:41.165 63206 INFO tempest.lib.common.rest_client [req-22952b66-b0fa-4f1b-94b9-9e3aac3f36ee req-22952b66-b0fa-4f1b-94b9-9e3aac3f36ee ] Request (MultipleCreateTestJSON:test_multiple_create): 200 GET http://10.180.1.21/compute/v2.1/servers/41218b72-0b79-496a-855f-57a972dabd0b 0.069s
2024-10-24 12:10:41.200 63154 INFO tempest.lib.common.rest_client [req-dd075cc3-99cf-47ac-9957-a9d07198f5c1 req-dd075cc3-99cf-47ac-9957-a9d07198f5c1 ] Request (AttachVolumeNegativeTest:test_attach_attached_volume_to_different_server): 200 GET http://10.180.1.21/compute/v2.1/servers/364c5d87-f261-439a-920e-874ee0bcf83b 0.052s
2024-10-24 12:10:41.324 63198 INFO tempest.lib.common.rest_client [req-db009674-c7a2-4dcb-be9e-7b3f32445530 req-db009674-c7a2-4dcb-be9e-7b3f32445530 ] Request (AttachInterfacesV270Test:tearDownClass): 204 DELETE http://10.180.1.21:9696/networking/v2.0/networks/8f6d62d9-4f84-4d30-9ab8-12842acae77a 0.268s
2024-10-24 12:10:41.330 63150 INFO tempest.lib.common.rest_client [req-ba8925dc-6bf9-4175-b532-984583bb654e req-ba8925dc-6bf9-4175-b532-984583bb654e ] Request (ServersTestFqdnHostnames:test_create_server_with_fqdn_name): 200 GET http://10.180.1.21/compute/v2.1/servers/c10d840e-ce05-4af3-ba2d-6214eefd8783 0.066s
2024-10-24 12:10:41.445 63172 INFO tempest.lib.common.rest_client [req-b7dcbefd-c5d2-4a1d-b020-f8d3ad6fe349 req-b7dcbefd-c5d2-4a1d-b020-f8d3ad6fe349 ] Request (ServerDiagnosticsTest:test_get_server_diagnostics): 200 GET http://10.180.1.21/compute/v2.1/servers/8213bc31-1bd5-40b6-99a0-1254b9517b6a 0.065s
2024-10-24 12:10:41.450 63198 INFO tempest.lib.common.rest_client [req-7542daed-136d-4175-88e3-cd1e8cbfc0e9 req-7542daed-136d-4175-88e3-cd1e8cbfc0e9 ] Request (AttachInterfacesV270Test:tearDownClass): 204 DELETE http://10.180.1.21/identity/v3/users/e502b585cc3546e191a3228cb154322c 0.126s
2024-10-24 12:10:41.450 63198 INFO tempest.lib.common.dynamic_creds [-] Deleting project and security group for project: 95ab27c882c7450dbfeeac909d5be4b1
2024-10-24 12:10:41.488 63168 INFO tempest.lib.common.rest_client [req-b130addf-a1d5-49f0-8d03-a86d391ac0e8 req-b130addf-a1d5-49f0-8d03-a86d391ac0e8 ] Request (DeleteServersAdminTestJSON:test_admin_delete_servers_of_others): 200 GET http://10.180.1.21/compute/v2.1/servers/91328e42-ba3c-4d63-a805-973c2bfa2afb 0.064s
2024-10-24 12:10:41.497 63198 INFO tempest.lib.common.rest_client [req-c6693801-5356-4188-8ec2-0768bbbeab84 req-c6693801-5356-4188-8ec2-0768bbbeab84 ] Request (AttachInterfacesV270Test:tearDownClass): 200 GET http://10.180.1.21:9696/networking/v2.0/security-groups?tenant_id=95ab27c882c7450dbfeeac909d5be4b1&name=default 0.046s
2024-10-24 12:10:41.517 63160 INFO tempest.lib.common.rest_client [req-0469a81b-f463-4311-aa90-71cefc55ec2f req-0469a81b-f463-4311-aa90-71cefc55ec2f ] Request (MigrationsAdminTest:test_resize_server_revert_deleted_flavor): 200 GET http://10.180.1.21/compute/v2.1/servers/ad283bc7-b422-4836-a503-d3d9ae4fe3c1 0.058s
2024-10-24 12:10:41.543 63170 INFO tempest.lib.common.rest_client [req-8701359a-caa3-4c8b-ac27-1977bfe88d21 req-8701359a-caa3-4c8b-ac27-1977bfe88d21 ] Request (FloatingIPsAssociationTestJSON:setUpClass): 200 GET http://10.180.1.21/compute/v2.1/servers/67554dc7-fb72-47e1-8201-f5fda035a2d3 0.069s
2024-10-24 12:10:41.568 63212 INFO tempest.lib.common.rest_client [req-dd1c121d-3ada-4ea3-b334-876cd0c10fa2 req-dd1c121d-3ada-4ea3-b334-876cd0c10fa2 ] Request (ServersTestMultiNic:test_verify_duplicate_network_nics): 200 GET http://10.180.1.21/compute/v2.1/servers/294e3321-e826-4a56-bbd0-893261d65283 0.059s
2024-10-24 12:10:41.587 63192 INFO tempest.lib.common.rest_client [req-3999a701-e65b-487c-905e-cb387938f6ef req-3999a701-e65b-487c-905e-cb387938f6ef ] Request (ServersTestJSON:test_create_server_specify_multibyte_character_name): 200 GET http://10.180.1.21/compute/v2.1/servers/98c19874-7c71-4e20-aa29-2ddc53df7e81 0.064s
2024-10-24 12:10:41.603 63198 INFO tempest.lib.common.rest_client [req-5f899c36-eadf-49b6-a259-9e348a4d6d33 req-5f899c36-eadf-49b6-a259-9e348a4d6d33 ] Request (AttachInterfacesV270Test:tearDownClass): 204 DELETE http://10.180.1.21:9696/networking/v2.0/security-groups/b2003a9b-6e6d-453b-aa8f-b4ca5f694d50 0.105s
2024-10-24 12:10:41.626 63210 INFO tempest.lib.common.rest_client [req-4261ec70-912f-4aef-878d-f1fe4deaff63 req-4261ec70-912f-4aef-878d-f1fe4deaff63 ] Request (ListServersNegativeTestJSON:setUpClass): 200 GET http://10.180.1.21/compute/v2.1/servers/283ffd74-3891-4b5e-bcf5-49b265978051 0.053s
2024-10-24 12:10:41.642 63200 INFO tempest.lib.common.rest_client [req-77f0425f-fa18-43aa-9e20-071dda3a4487 req-77f0425f-fa18-43aa-9e20-071dda3a4487 ] Request (ServerShowV247Test:tearDownClass): 200 GET http://10.180.1.21/compute/v2.1/servers/f3509973-013e-45ce-87f9-357e782f26d7 0.056s
2024-10-24 12:10:41.650 63200 INFO tempest.common.waiters [-] State transition "ACTIVE/deleting" ==> "DELETED/None" after 5 second wait
2024-10-24 12:10:41.679 63176 INFO tempest.lib.common.rest_client [req-0bdfa8d3-62ba-47e1-9d66-5ebd310ad08b req-0bdfa8d3-62ba-47e1-9d66-5ebd310ad08b ] Request (InstanceActionsNegativeTestJSON:setUpClass): 200 GET http://10.180.1.21/compute/v2.1/servers/964f98e4-3462-4362-b551-576302776f3a 0.056s
2024-10-24 12:10:41.686 63186 INFO tempest.lib.common.rest_client [req-c104cacc-01c7-4c0a-8d5e-93ee048ec7d4 req-c104cacc-01c7-4c0a-8d5e-93ee048ec7d4 ] Request (ListImageFiltersTestJSON:setUpClass): 200 GET http://10.180.1.21/compute/v2.1/servers/3ce62ec7-6274-441f-989b-6f27a64b0c18 0.052s
2024-10-24 12:10:41.704 63198 INFO tempest.lib.common.rest_client [req-2e85eafa-2892-4630-b8b1-030ead568b37 req-2e85eafa-2892-4630-b8b1-030ead568b37 ] Request (AttachInterfacesV270Test:tearDownClass): 204 DELETE http://10.180.1.21/identity/v3/projects/95ab27c882c7450dbfeeac909d5be4b1 0.100s
2024-10-24 12:10:41.729 63190 INFO tempest.lib.common.rest_client [req-8513ba4e-d05e-4b0a-ad31-0033b4ee6e3b req-8513ba4e-d05e-4b0a-ad31-0033b4ee6e3b ] Request (ServersAdminTestJSON:setUpClass): 200 GET http://10.180.1.21/compute/v2.1/servers/220578cb-17b1-4b46-8c4a-f676c04fc5e8 0.050s
2024-10-24 12:10:41.731 63202 INFO tempest.lib.common.rest_client [req-35ba9458-c16f-40bb-8573-a965a0e2df92 req-35ba9458-c16f-40bb-8573-a965a0e2df92 ] Request (ServerShowV257Test:test_rebuild_server): 200 GET http://10.180.1.21/compute/v2.1/servers/44339b45-5183-4882-aaec-4070adc3c3dd 0.056s
2024-10-24 12:10:41.766 63198 INFO tempest.lib.common.rest_client [req-f43cf156-6f8c-44c1-a893-74208e86c875 req-f43cf156-6f8c-44c1-a893-74208e86c875 ] Request (ServerGroup264TestJSON:setUpClass): 201 POST http://10.180.1.21/identity/v3/auth/tokens 0.061s
2024-10-24 12:10:41.792 63158 INFO tempest.lib.common.rest_client [req-14483da3-dc55-4315-8f22-5ce4d3604ba8 req-14483da3-dc55-4315-8f22-5ce4d3604ba8 ] Request (ServersAaction247Test:tearDownClass): 200 GET http://10.180.1.21/compute/v2.1/servers/e11079b9-5f15-41d6-8c8a-c08dc7f63b2f 0.055s
2024-10-24 12:10:41.799 63198 INFO tempest.lib.common.rest_client [req-8eaf7d70-d338-4fd8-ab4e-6abfec88c938 req-8eaf7d70-d338-4fd8-ab4e-6abfec88c938 ] Request (ServerGroup264TestJSON:setUpClass): 201 POST http://10.180.1.21/identity/v3/auth/tokens 0.031s
2024-10-24 12:10:41.818 63198 INFO tempest.lib.common.rest_client [req-7b2177cb-cd79-41dc-8812-4aa23ef15b5c req-7b2177cb-cd79-41dc-8812-4aa23ef15b5c ] Request (ServerGroup264TestJSON:setUpClass): 200 GET http://10.180.1.21/identity/v3/domains?name=Default 0.018s
2024-10-24 12:10:41.819 63162 INFO tempest.lib.common.rest_client [req-30f112de-8b11-42b8-9d15-645322181f81 req-30f112de-8b11-42b8-9d15-645322181f81 ] Request (TenantUsagesTestJSON:setUpClass): 200 GET http://10.180.1.21/compute/v2.1/servers/d73f5ea8-529a-44e3-8239-5aaa4534d1cc 0.054s
2024-10-24 12:10:41.845 63198 INFO tempest.lib.common.rest_client [req-0ff58122-7e40-4076-aabb-9ede9a5fddb9 req-0ff58122-7e40-4076-aabb-9ede9a5fddb9 ] Request (ServerGroup264TestJSON:setUpClass): 201 POST http://10.180.1.21/identity/v3/projects 0.026s
2024-10-24 12:10:41.877 63197 INFO tempest.lib.common.rest_client [req-d082baa7-eb38-4c52-af74-89b2022b3a84 req-d082baa7-eb38-4c52-af74-89b2022b3a84 ] Request (ServersV294TestFqdnHostnames:setUpClass): 200 GET http://10.180.1.21/compute/v2.1/servers/821366f1-f1b0-4b78-8f7e-db8fd3bb123e 0.058s
2024-10-24 12:10:41.884 63194 INFO tempest.lib.common.rest_client [req-f32ec326-81d7-438d-b10c-f8af3ef5937b req-f32ec326-81d7-438d-b10c-f8af3ef5937b ] Request (ServerActionsTestJSON:setUpClass): 200 GET http://10.180.1.21/compute/v2.1/servers/15938dfe-a697-450b-8c88-ff4ef703ee1f 0.050s
2024-10-24 12:10:41.904 63198 INFO tempest.lib.common.rest_client [req-892acd7a-381e-474e-b9ec-92a20975856e req-892acd7a-381e-474e-b9ec-92a20975856e ] Request (ServerGroup264TestJSON:setUpClass): 201 POST http://10.180.1.21/identity/v3/users 0.058s
2024-10-24 12:10:41.924 63198 INFO tempest.lib.common.rest_client [req-b8fc57b2-e78f-461e-9249-4dca3719338d req-b8fc57b2-e78f-461e-9249-4dca3719338d ] Request (ServerGroup264TestJSON:setUpClass): 200 GET http://10.180.1.21/identity/v3/roles 0.019s
2024-10-24 12:10:41.931 63164 INFO tempest.lib.common.rest_client [req-9788bdb5-598d-4484-801a-8007494f7003 req-9788bdb5-598d-4484-801a-8007494f7003 ] Request (ServerRescueNegativeTestJSON:setUpClass): 200 GET http://10.180.1.21/compute/v2.1/servers/e1f45ab1-53fe-417d-b9f1-8ca1e7ce1fa6 0.053s
2024-10-24 12:10:41.954 63198 INFO tempest.lib.common.rest_client [req-48b2ccdf-223f-4839-9388-fc6bf01faf33 req-48b2ccdf-223f-4839-9388-fc6bf01faf33 ] Request (ServerGroup264TestJSON:setUpClass): 204 PUT http://10.180.1.21/identity/v3/projects/aff34c590c804ec89489423b5bae6283/users/ad92be4863fe4dffbae68241814cd6df/roles/70c8c899908b4e47b078dd06c45f6846 0.029s
2024-10-24 12:10:41.954 63198 INFO tempest.lib.common.dynamic_creds [-] Dynamic test user ad92be4863fe4dffbae68241814cd6df is created with scope project and roles: ['member']
2024-10-24 12:10:41.954 63198 INFO tempest.lib.common.dynamic_creds [-] Acquired dynamic creds: credentials: Credentials: {'domain_id': 'default', 'domain_name': 'Default', 'username': 'tempest-ServerGroup264TestJSON-1200167443-project-member', 'project_domain_id': 'default', 'project_domain_name': 'Default', 'project_id': 'aff34c590c804ec89489423b5bae6283', 'project_name': 'tempest-ServerGroup264TestJSON-1200167443', 'tenant_id': 'aff34c590c804ec89489423b5bae6283', 'tenant_name': 'tempest-ServerGroup264TestJSON-1200167443', 'user_domain_id': 'default', 'user_domain_name': 'Default', 'user_id': 'ad92be4863fe4dffbae68241814cd6df', 'system': None}, Network: None, Subnet: None, Router: None
2024-10-24 12:10:41.956 63180 INFO tempest.lib.common.rest_client [req-59f09726-c765-4888-bccf-059067a5146e req-59f09726-c765-4888-bccf-059067a5146e ] Request (ServerDiskConfigTestJSON:test_rebuild_server_with_manual_disk_config): 200 GET http://10.180.1.21/compute/v2.1/servers/c5aaadb0-f9a1-4af9-b882-86d847185a19 0.055s
2024-10-24 12:10:41.995 63174 INFO tempest.lib.common.rest_client [req-a29488bb-e218-4ca4-9312-52e0762b666e req-a29488bb-e218-4ca4-9312-52e0762b666e ] Request (SecurityGroupsTestJSON:test_list_security_groups_by_server): 200 GET http://10.180.1.21/compute/v2.1/servers/8399d066-43bc-4766-97c8-89d74f3283f0 0.045s
2024-10-24 12:10:42.004 63198 INFO tempest.lib.common.rest_client [req-eb38cf4e-6065-4688-aa51-9d251c8ff790 req-eb38cf4e-6065-4688-aa51-9d251c8ff790 ] Request (ServerGroup264TestJSON:setUpClass): 201 POST http://10.180.1.21/identity/v3/auth/tokens 0.049s
2024-10-24 12:10:42.062 63156 INFO tempest.lib.common.rest_client [req-0b3d86b5-d01f-45c8-b8bf-24010f8bc553 req-0b3d86b5-d01f-45c8-b8bf-24010f8bc553 ] Request (ServerTagsTestJSON:setUpClass): 200 GET http://10.180.1.21/compute/v2.1/servers/e24c8bf2-1616-4a5a-b6ce-0c256e78b213 0.050s
2024-10-24 12:10:42.106 63184 INFO tempest.lib.common.rest_client [req-637c26ca-14ea-4088-8beb-fddb56e70e20 req-637c26ca-14ea-4088-8beb-fddb56e70e20 ] Request (VolumesAdminNegativeTest:test_update_attached_volume_with_nonexistent_volume_in_uri): 200 GET http://10.180.1.21/compute/v2.1/servers/8bda7658-2b86-4869-89e2-b10d7119ae18 0.050s
2024-10-24 12:10:42.148 63166 INFO tempest.lib.common.rest_client [req-93bf9c55-c298-43fc-bc26-4bcfb4e2ba19 req-93bf9c55-c298-43fc-bc26-4bcfb4e2ba19 ] Request (ServerMetadataNegativeTestJSON:setUpClass): 200 GET http://10.180.1.21/compute/v2.1/servers/0419073e-5340-4805-a1e0-417ccf5fdd30 0.047s
2024-10-24 12:10:42.176 63178 INFO tempest.lib.common.rest_client [req-4ff1999d-1127-4f9b-bc42-5d260b89af86 req-4ff1999d-1127-4f9b-bc42-5d260b89af86 ] Request (ServersTestJSON:setUpClass): 200 GET http://10.180.1.21/compute/v2.1/servers/62cfca0a-e8c6-4f94-8e6f-1136cfcf3089 0.058s
2024-10-24 12:10:42.199 63188 INFO tempest.lib.common.rest_client [req-72c361b1-7850-4f9b-b495-267cbc8d11c4 req-72c361b1-7850-4f9b-b495-267cbc8d11c4 ] Request (InstanceActionsTestJSON:setUpClass): 200 GET http://10.180.1.21/compute/v2.1/servers/5e695914-afa5-4f79-972d-852a4ac8aa20 0.046s
2024-10-24 12:10:42.224 63206 INFO tempest.lib.common.rest_client [req-24cfb658-6a9d-495a-950f-bf0f4b20072d req-24cfb658-6a9d-495a-950f-bf0f4b20072d ] Request (MultipleCreateTestJSON:test_multiple_create): 200 GET http://10.180.1.21/compute/v2.1/servers/41218b72-0b79-496a-855f-57a972dabd0b 0.052s
2024-10-24 12:10:42.255 63198 INFO tempest.lib.common.rest_client [req-25ac3e60-2ec3-4b22-b5ad-0f9ff4bc539a req-25ac3e60-2ec3-4b22-b5ad-0f9ff4bc539a ] Request (ServerGroup264TestJSON:setUpClass): 201 POST http://10.180.1.21:9696/networking/v2.0/networks 0.250s
2024-10-24 12:10:42.255 63154 INFO tempest.lib.common.rest_client [req-b1d2a622-8cf9-46e3-a5e6-d9827e54bfc4 req-b1d2a622-8cf9-46e3-a5e6-d9827e54bfc4 ] Request (AttachVolumeNegativeTest:test_attach_attached_volume_to_different_server): 200 GET http://10.180.1.21/compute/v2.1/servers/364c5d87-f261-439a-920e-874ee0bcf83b 0.047s
2024-10-24 12:10:42.394 63150 INFO tempest.lib.common.rest_client [req-07cbb9e5-5891-47a4-8c97-7a1ee6d3ca71 req-07cbb9e5-5891-47a4-8c97-7a1ee6d3ca71 ] Request (ServersTestFqdnHostnames:test_create_server_with_fqdn_name): 200 GET http://10.180.1.21/compute/v2.1/servers/c10d840e-ce05-4af3-ba2d-6214eefd8783 0.056s
2024-10-24 12:10:42.407 63198 INFO tempest.lib.common.rest_client [req-0e722cdd-f40b-4bea-b5c8-c1127078b406 req-0e722cdd-f40b-4bea-b5c8-c1127078b406 ] Request (ServerGroup264TestJSON:setUpClass): 201 POST http://10.180.1.21:9696/networking/v2.0/subnets 0.152s
2024-10-24 12:10:42.513 63172 INFO tempest.lib.common.rest_client [req-5583db7c-46a2-416e-b301-cbf02369832a req-5583db7c-46a2-416e-b301-cbf02369832a ] Request (ServerDiagnosticsTest:test_get_server_diagnostics): 200 GET http://10.180.1.21/compute/v2.1/servers/8213bc31-1bd5-40b6-99a0-1254b9517b6a 0.060s
2024-10-24 12:10:42.546 63168 INFO tempest.lib.common.rest_client [req-85ef4e55-8879-4580-9885-b5d7de21f75a req-85ef4e55-8879-4580-9885-b5d7de21f75a ] Request (DeleteServersAdminTestJSON:test_admin_delete_servers_of_others): 200 GET http://10.180.1.21/compute/v2.1/servers/91328e42-ba3c-4d63-a805-973c2bfa2afb 0.051s
2024-10-24 12:10:42.579 63160 INFO tempest.lib.common.rest_client [req-cd668a86-d908-4280-bcd5-2cbb6b4d23aa req-cd668a86-d908-4280-bcd5-2cbb6b4d23aa ] Request (MigrationsAdminTest:test_resize_server_revert_deleted_flavor): 200 GET http://10.180.1.21/compute/v2.1/servers/ad283bc7-b422-4836-a503-d3d9ae4fe3c1 0.052s
2024-10-24 12:10:42.614 63170 INFO tempest.lib.common.rest_client [req-0232668f-3084-4aa3-81cc-c3ecd7288211 req-0232668f-3084-4aa3-81cc-c3ecd7288211 ] Request (FloatingIPsAssociationTestJSON:setUpClass): 200 GET http://10.180.1.21/compute/v2.1/servers/67554dc7-fb72-47e1-8201-f5fda035a2d3 0.064s
2024-10-24 12:10:42.627 63212 INFO tempest.lib.common.rest_client [req-964639b9-b7eb-44f9-a019-3c3e8c6c2f86 req-964639b9-b7eb-44f9-a019-3c3e8c6c2f86 ] Request (ServersTestMultiNic:test_verify_duplicate_network_nics): 200 GET http://10.180.1.21/compute/v2.1/servers/294e3321-e826-4a56-bbd0-893261d65283 0.049s
2024-10-24 12:10:42.659 63192 INFO tempest.lib.common.rest_client [req-cabe8b81-390b-4634-b4fd-10b293f6ea44 req-cabe8b81-390b-4634-b4fd-10b293f6ea44 ] Request (ServersTestJSON:test_create_server_specify_multibyte_character_name): 200 GET http://10.180.1.21/compute/v2.1/servers/98c19874-7c71-4e20-aa29-2ddc53df7e81 0.060s
2024-10-24 12:10:42.687 63210 INFO tempest.lib.common.rest_client [req-7d62a4ed-12f1-4f57-8525-4bb0ac81e9da req-7d62a4ed-12f1-4f57-8525-4bb0ac81e9da ] Request (ListServersNegativeTestJSON:setUpClass): 200 GET http://10.180.1.21/compute/v2.1/servers/283ffd74-3891-4b5e-bcf5-49b265978051 0.049s
2024-10-24 12:10:42.714 63200 INFO tempest.lib.common.rest_client [req-d11ae4e7-5578-4fe9-909a-0f1ad792d68d req-d11ae4e7-5578-4fe9-909a-0f1ad792d68d ] Request (ServerShowV247Test:tearDownClass): 200 GET http://10.180.1.21/compute/v2.1/servers/f3509973-013e-45ce-87f9-357e782f26d7 0.062s
2024-10-24 12:10:42.735 63176 INFO tempest.lib.common.rest_client [req-b46425aa-f636-49c8-b3ea-8168fca83327 req-b46425aa-f636-49c8-b3ea-8168fca83327 ] Request (InstanceActionsNegativeTestJSON:setUpClass): 200 GET http://10.180.1.21/compute/v2.1/servers/964f98e4-3462-4362-b551-576302776f3a 0.049s
2024-10-24 12:10:42.764 63186 INFO tempest.lib.common.rest_client [req-759ec01d-fe06-4fc8-8419-ec7d7ff21883 req-759ec01d-fe06-4fc8-8419-ec7d7ff21883 ] Request (ListImageFiltersTestJSON:setUpClass): 200 GET http://10.180.1.21/compute/v2.1/servers/3ce62ec7-6274-441f-989b-6f27a64b0c18 0.069s
2024-10-24 12:10:42.785 63190 INFO tempest.lib.common.rest_client [req-2b78f2d6-45ff-44a1-800a-0859816d3324 req-2b78f2d6-45ff-44a1-800a-0859816d3324 ] Request (ServersAdminTestJSON:setUpClass): 200 GET http://10.180.1.21/compute/v2.1/servers/220578cb-17b1-4b46-8c4a-f676c04fc5e8 0.049s
2024-10-24 12:10:42.824 63202 INFO tempest.lib.common.rest_client [req-d1c5352d-ea62-4147-9f17-0e27d02fc607 req-d1c5352d-ea62-4147-9f17-0e27d02fc607 ] Request (ServerShowV257Test:test_rebuild_server): 200 GET http://10.180.1.21/compute/v2.1/servers/44339b45-5183-4882-aaec-4070adc3c3dd 0.083s
2024-10-24 12:10:42.857 63158 INFO tempest.lib.common.rest_client [req-17497d18-7753-4be9-8455-01e07f6d9d12 req-17497d18-7753-4be9-8455-01e07f6d9d12 ] Request (ServersAaction247Test:tearDownClass): 200 GET http://10.180.1.21/compute/v2.1/servers/e11079b9-5f15-41d6-8c8a-c08dc7f63b2f 0.057s
2024-10-24 12:10:42.875 63162 INFO tempest.lib.common.rest_client [req-ccb967ec-bb82-4e5a-9c13-a632b95eb155 req-ccb967ec-bb82-4e5a-9c13-a632b95eb155 ] Request (TenantUsagesTestJSON:setUpClass): 200 GET http://10.180.1.21/compute/v2.1/servers/d73f5ea8-529a-44e3-8239-5aaa4534d1cc 0.048s
2024-10-24 12:10:42.942 63197 INFO tempest.lib.common.rest_client [req-dd82199f-e808-4e8c-b078-2373b47d8c90 req-dd82199f-e808-4e8c-b078-2373b47d8c90 ] Request (ServersV294TestFqdnHostnames:setUpClass): 200 GET http://10.180.1.21/compute/v2.1/servers/821366f1-f1b0-4b78-8f7e-db8fd3bb123e 0.056s
2024-10-24 12:10:42.949 63194 INFO tempest.lib.common.rest_client [req-b6184c66-caa0-448e-a586-2cb1555022cd req-b6184c66-caa0-448e-a586-2cb1555022cd ] Request (ServerActionsTestJSON:setUpClass): 200 GET http://10.180.1.21/compute/v2.1/servers/15938dfe-a697-450b-8c88-ff4ef703ee1f 0.054s
2024-10-24 12:10:43.006 63164 INFO tempest.lib.common.rest_client [req-0776433a-624d-4ef2-8c35-b7c6e26859e8 req-0776433a-624d-4ef2-8c35-b7c6e26859e8 ] Request (ServerRescueNegativeTestJSON:setUpClass): 200 GET http://10.180.1.21/compute/v2.1/servers/e1f45ab1-53fe-417d-b9f1-8ca1e7ce1fa6 0.067s
2024-10-24 12:10:43.011 63180 INFO tempest.lib.common.rest_client [req-14181bcc-4605-443a-8357-756d6efbbdcc req-14181bcc-4605-443a-8357-756d6efbbdcc ] Request (ServerDiskConfigTestJSON:test_rebuild_server_with_manual_disk_config): 200 GET http://10.180.1.21/compute/v2.1/servers/c5aaadb0-f9a1-4af9-b882-86d847185a19 0.047s
2024-10-24 12:10:43.055 63174 INFO tempest.lib.common.rest_client [req-d5e935f8-bfa0-44d8-a23f-c247589f65fc req-d5e935f8-bfa0-44d8-a23f-c247589f65fc ] Request (SecurityGroupsTestJSON:test_list_security_groups_by_server): 200 GET http://10.180.1.21/compute/v2.1/servers/8399d066-43bc-4766-97c8-89d74f3283f0 0.053s
2024-10-24 12:10:43.120 63156 INFO tempest.lib.common.rest_client [req-a1828adf-fa6f-490a-aab2-ed1d6b77360e req-a1828adf-fa6f-490a-aab2-ed1d6b77360e ] Request (ServerTagsTestJSON:setUpClass): 200 GET http://10.180.1.21/compute/v2.1/servers/e24c8bf2-1616-4a5a-b6ce-0c256e78b213 0.049s
2024-10-24 12:10:43.127 63198 INFO tempest.lib.common.rest_client [req-96a6eb4d-7390-44d8-9325-650e1e35f2b9 req-96a6eb4d-7390-44d8-9325-650e1e35f2b9 ] Request (ServerGroup264TestJSON:setUpClass): 201 POST http://10.180.1.21:9696/networking/v2.0/routers 0.720s
2024-10-24 12:10:43.164 63184 INFO tempest.lib.common.rest_client [req-66e78a96-efe3-47bf-b0da-d68618dfd2cf req-66e78a96-efe3-47bf-b0da-d68618dfd2cf ] Request (VolumesAdminNegativeTest:test_update_attached_volume_with_nonexistent_volume_in_uri): 200 GET http://10.180.1.21/compute/v2.1/servers/8bda7658-2b86-4869-89e2-b10d7119ae18 0.051s
2024-10-24 12:10:43.209 63166 INFO tempest.lib.common.rest_client [req-561445fa-3510-4369-8962-a8b80a921421 req-561445fa-3510-4369-8962-a8b80a921421 ] Request (ServerMetadataNegativeTestJSON:setUpClass): 200 GET http://10.180.1.21/compute/v2.1/servers/0419073e-5340-4805-a1e0-417ccf5fdd30 0.054s
2024-10-24 12:10:43.236 63178 INFO tempest.lib.common.rest_client [req-02ffd6ab-b5f1-4c99-9afc-b801e415744e req-02ffd6ab-b5f1-4c99-9afc-b801e415744e ] Request (ServersTestJSON:setUpClass): 200 GET http://10.180.1.21/compute/v2.1/servers/62cfca0a-e8c6-4f94-8e6f-1136cfcf3089 0.053s
2024-10-24 12:10:43.268 63188 INFO tempest.lib.common.rest_client [req-ac7628c5-ad42-46ea-8685-48f2d372ac0c req-ac7628c5-ad42-46ea-8685-48f2d372ac0c ] Request (InstanceActionsTestJSON:setUpClass): 200 GET http://10.180.1.21/compute/v2.1/servers/5e695914-afa5-4f79-972d-852a4ac8aa20 0.058s
2024-10-24 12:10:43.288 63206 INFO tempest.lib.common.rest_client [req-a2584bb4-39c5-4555-bf08-2713b47d810d req-a2584bb4-39c5-4555-bf08-2713b47d810d ] Request (MultipleCreateTestJSON:test_multiple_create): 200 GET http://10.180.1.21/compute/v2.1/servers/41218b72-0b79-496a-855f-57a972dabd0b 0.057s
2024-10-24 12:10:43.319 63154 INFO tempest.lib.common.rest_client [req-8d7091e6-2e1a-4bf7-902e-a8b721b8e144 req-8d7091e6-2e1a-4bf7-902e-a8b721b8e144 ] Request (AttachVolumeNegativeTest:test_attach_attached_volume_to_different_server): 200 GET http://10.180.1.21/compute/v2.1/servers/364c5d87-f261-439a-920e-874ee0bcf83b 0.056s
2024-10-24 12:10:43.461 63150 INFO tempest.lib.common.rest_client [req-34cb5ce4-6d26-429b-a45d-9da9da36cad3 req-34cb5ce4-6d26-429b-a45d-9da9da36cad3 ] Request (ServersTestFqdnHostnames:test_create_server_with_fqdn_name): 200 GET http://10.180.1.21/compute/v2.1/servers/c10d840e-ce05-4af3-ba2d-6214eefd8783 0.060s
2024-10-24 12:10:43.579 63172 INFO tempest.lib.common.rest_client [req-7c08dff4-9a9c-4c66-87b4-a35f3fcc80bb req-7c08dff4-9a9c-4c66-87b4-a35f3fcc80bb ] Request (ServerDiagnosticsTest:test_get_server_diagnostics): 200 GET http://10.180.1.21/compute/v2.1/servers/8213bc31-1bd5-40b6-99a0-1254b9517b6a 0.058s
