2024-10-24 12:09:50.970 63182 INFO tempest.lib.common.dynamic_creds [-] Created isolated network resources for: credentials: Credentials: {'domain_id': 'default', 'domain_name': 'Default', 'username': 'tempest-SecurityGroupRulesNegativeTestJSON-419739479-project-member', 'project_domain_id': 'default', 'project_domain_name': 'Default', 'project_id': '9e362f4c77f0412ead58cf84bc366e65', 'project_name': 'tempest-SecurityGroupRulesNegativeTestJSON-419739479', 'tenant_id': '9e362f4c77f0412ead58cf84bc366e65', 'tenant_name': 'tempest-SecurityGroupRulesNegativeTestJSON-419739479', 'user_domain_id': 'default', 'user_domain_name': 'Default', 'user_id': '4268eb2874054d5897038c4437b10d5f', 'system': None}, Network: {'id': '56e60837-4a7e-4a05-b88f-15f4e05a2808', 'name': 'tempest-SecurityGroupRulesNegativeTestJSON-1195962253-network', 'tenant_id': '9e362f4c77f0412ead58cf84bc366e65', 'admin_state_up': True, 'mtu': 8950, 'status': 'ACTIVE', 'subnets': [], 'shared': False, 'project_id': '9e362f4c77f0412ead58cf84bc366e65', 'port_security_enabled': True, 'router:external': False, 'provider:network_type': 'vlan', 'provider:physical_network': 'default', 'provider:segmentation_id': 592, 'is_default': False, 'availability_zone_hints': [], 'availability_zones': [], 'ipv4_address_scope': None, 'ipv6_address_scope': None, 'description': '', 'tags': [], 'created_at': '2024-10-24T12:09:46Z', 'updated_at': '2024-10-24T12:09:46Z', 'revision_number': 1}, Subnet: {'id': '3663cf8e-e7c6-4805-81b1-e10953a141b6', 'name': 'tempest-SecurityGroupRulesNegativeTestJSON-1195962253-subnet', 'tenant_id': '9e362f4c77f0412ead58cf84bc366e65', 'network_id': '56e60837-4a7e-4a05-b88f-15f4e05a2808', 'ip_version': 4, 'subnetpool_id': None, 'enable_dhcp': True, 'ipv6_ra_mode': None, 'ipv6_address_mode': None, 'gateway_ip': '192.168.128.1', 'cidr': '192.168.128.0/28', 'allocation_pools': [{'start': '192.168.128.2', 'end': '192.168.128.14'}], 'host_routes': [], 'dns_nameservers': [], 'description': '', 'router:external': False, 'service_types': [], 'tags': [], 'created_at': '2024-10-24T12:09:47Z', 'updated_at': '2024-10-24T12:09:47Z', 'revision_number': 0, 'project_id': '9e362f4c77f0412ead58cf84bc366e65'}, Router: {'id': 'f2e7d4bc-b49a-40b0-8e9c-08ab2b037fb3', 'name': 'tempest-SecurityGroupRulesNegativeTestJSON-1195962253-router', 'tenant_id': '9e362f4c77f0412ead58cf84bc366e65', 'admin_state_up': True, 'status': 'ACTIVE', 'external_gateway_info': {'network_id': '611d0f1a-744c-400c-a15b-5738b29c4f6d', 'external_fixed_ips': [{'subnet_id': '15af82cb-1f59-4758-9f71-cd7cd1e30a5f', 'ip_address': '10.180.180.155'}], 'enable_snat': True}, 'description': '', 'availability_zones': [], 'distributed': False, 'ha': False, 'availability_zone_hints': [], 'routes': [], 'flavor_id': None, 'tags': [], 'created_at': '2024-10-24T12:09:47Z', 'updated_at': '2024-10-24T12:09:48Z', 'revision_number': 2, 'project_id': '9e362f4c77f0412ead58cf84bc366e65'}
2024-10-24 12:09:51.002 63202 INFO tempest.lib.common.rest_client [req-60debb4e-8e11-4219-a6cb-a6849ca8e184 req-60debb4e-8e11-4219-a6cb-a6849ca8e184 ] Request (ServerActionsV293TestJSON:setUpClass): 200 GET http://10.180.1.21/compute/v2.1/servers/4981a04f-98e6-474b-850a-634d977d9e42 0.995s
2024-10-24 12:09:51.041 63156 INFO tempest.lib.common.rest_client [req-2d94c1f9-e306-450f-8c10-0ced1ce09c6d req-2d94c1f9-e306-450f-8c10-0ced1ce09c6d ] Request (ServerTagsTestJSON:setUpClass): 201 POST http://10.180.1.21:9696/networking/v2.0/networks 0.395s
2024-10-24 12:09:51.053 63198 INFO tempest.lib.common.rest_client [req-beef5ffb-76a5-411d-b661-c895ab723cd9 req-beef5ffb-76a5-411d-b661-c895ab723cd9 ] Request (AttachInterfacesV270Test:test_create_get_list_interfaces): 200 GET http://10.180.1.21/compute/v2.1/servers/bfcba422-5ed0-4bfd-83e9-cdde324d899f 1.048s
2024-10-24 12:09:51.064 63152 INFO tempest.lib.common.rest_client [req-a458d02b-ba1c-4b6e-9149-3716e0d8afed req-a458d02b-ba1c-4b6e-9149-3716e0d8afed ] Request (KeyPairsV22TestJSON:test_keypairsv22_create_list_show): 200 GET http://10.180.1.21/compute/v2.1/os-keypairs/tempest-keypair-1775798616 1.029s
2024-10-24 12:09:51.077 63182 INFO tempest.lib.common.rest_client [req-b305098c-c853-48bc-9e12-04962a63905c req-b305098c-c853-48bc-9e12-04962a63905c ] Request (SecurityGroupRulesNegativeTestJSON:setUpClass): 201 POST http://10.180.1.21/identity/v3/auth/tokens 0.101s
2024-10-24 12:09:51.078 63170 INFO tempest.lib.common.rest_client [req-d6eae9ad-d68d-4f94-a096-5940601ed823 req-d6eae9ad-d68d-4f94-a096-5940601ed823 ] Request (FlavorsAdminTestJSON:test_list_public_flavor_with_other_user): 200 GET http://10.180.1.21/compute/v2.1/flavors/detail 1.025s
2024-10-24 12:09:51.138 63206 INFO tempest.lib.common.rest_client [req-83442c80-0c1b-4a3d-9f75-d90a8c1cff06 req-83442c80-0c1b-4a3d-9f75-d90a8c1cff06 ] Request (VolumesAssistedSnapshotsTest:test_volume_assisted_snapshot_create_delete): 200 GET http://10.180.1.21/compute/v2.1/servers/856b3816-d4f8-4c9e-b74c-ea15d67976ef 1.038s
2024-10-24 12:09:51.188 63194 INFO tempest.lib.common.rest_client [req-4b9d8810-6525-4ed3-9d8b-699518d12e87 req-4b9d8810-6525-4ed3-9d8b-699518d12e87 ] Request (ServerActionsTestJSON:setUpClass): 200 GET http://10.180.1.21/compute/v2.1/servers/15938dfe-a697-450b-8c88-ff4ef703ee1f 1.028s
2024-10-24 12:09:51.238 63156 INFO tempest.lib.common.rest_client [req-6368ea96-6869-41d2-a8b6-551ee81edabe req-6368ea96-6869-41d2-a8b6-551ee81edabe ] Request (ServerTagsTestJSON:setUpClass): 201 POST http://10.180.1.21:9696/networking/v2.0/subnets 0.196s
2024-10-24 12:09:51.243 63180 INFO tempest.lib.common.rest_client [req-4a2348f9-e6ab-47c1-9b1d-4db7777e3107 req-4a2348f9-e6ab-47c1-9b1d-4db7777e3107 ] Request (ServerDiskConfigTestJSON:test_rebuild_server_with_manual_disk_config): 200 GET http://10.180.1.21/compute/v2.1/servers/c5aaadb0-f9a1-4af9-b882-86d847185a19 1.080s
2024-10-24 12:09:51.293 63184 INFO tempest.lib.common.rest_client [req-8155769f-e9f2-44c8-ac1c-31425ab2ed8e req-8155769f-e9f2-44c8-ac1c-31425ab2ed8e ] Request (VolumesAdminNegativeTest:test_update_attached_volume_with_nonexistent_volume_in_uri): 200 GET http://10.180.1.21/compute/v2.1/servers/8bda7658-2b86-4869-89e2-b10d7119ae18 1.081s
2024-10-24 12:09:51.371 63174 INFO tempest.lib.common.rest_client [req-a8852b14-44b7-4180-bcdd-949928a301d2 req-a8852b14-44b7-4180-bcdd-949928a301d2 ] Request (ServerDiagnosticsV248Test:tearDownClass): 200 GET http://10.180.1.21/compute/v2.1/servers/d5c90d13-41bc-4cca-abf3-5a5b13171a6f 1.062s
2024-10-24 12:09:51.379 63212 INFO tempest.lib.common.rest_client [req-5d9e9405-5ce5-403c-ae00-1901fb9cf06e req-5d9e9405-5ce5-403c-ae00-1901fb9cf06e ] Request (ServersTestMultiNic:test_verify_duplicate_network_nics): 202 POST http://10.180.1.21/compute/v2.1/servers 1.463s
2024-10-24 12:09:51.435 63166 INFO tempest.lib.common.rest_client [req-6181344b-52c3-4744-a2a6-ea97cceafc8e req-6181344b-52c3-4744-a2a6-ea97cceafc8e ] Request (ServerMetadataNegativeTestJSON:setUpClass): 200 GET http://10.180.1.21/compute/v2.1/servers/0419073e-5340-4805-a1e0-417ccf5fdd30 0.915s
2024-10-24 12:09:51.437 63188 INFO tempest.lib.common.rest_client [req-10044b5f-1b87-4aac-951d-1f850fed4c81 req-10044b5f-1b87-4aac-951d-1f850fed4c81 ] Request (InstanceActionsTestJSON:setUpClass): 200 GET http://10.180.1.21/compute/v2.1/servers/5e695914-afa5-4f79-972d-852a4ac8aa20 1.038s
2024-10-24 12:09:51.466 63186 INFO tempest.lib.common.rest_client [req-a4e99dcb-d8f2-47bb-a25b-a8ae9419cbfb req-a4e99dcb-d8f2-47bb-a25b-a8ae9419cbfb ] Request (ListImageFiltersTestJSON:setUpClass): 200 GET http://10.180.1.21/compute/v2.1/images/af63c273-5e22-40b4-86c4-dc78bc6a4c27 0.932s
2024-10-24 12:09:51.509 63190 INFO tempest.lib.common.rest_client [req-08990f79-d25f-4a32-8445-b4d2c0506176 req-08990f79-d25f-4a32-8445-b4d2c0506176 ] Request (ServersAdmin275Test:tearDownClass): 200 GET http://10.180.1.21/compute/v2.1/servers/3786cd93-1a50-4997-8894-840afa1c8417 0.863s
2024-10-24 12:09:51.525 63178 INFO tempest.lib.common.rest_client [req-126946f6-2a04-4c17-a2c8-f496f9ea74c6 req-126946f6-2a04-4c17-a2c8-f496f9ea74c6 ] Request (ServersTestJSON:setUpClass): 200 GET http://10.180.1.21/compute/v2.1/servers/62cfca0a-e8c6-4f94-8e6f-1136cfcf3089 0.867s
2024-10-24 12:09:51.562 63186 INFO tempest.lib.common.rest_client [req-a1fa1c4e-9e18-4b58-bb81-1a865657bbb0 req-a1fa1c4e-9e18-4b58-bb81-1a865657bbb0 ] Request (ListImageFiltersTestJSON:setUpClass): 201 POST http://10.180.1.21/identity/v3/auth/tokens 0.085s
2024-10-24 12:09:51.562 63200 INFO tempest.lib.common.rest_client [req-05e8669c-bc86-4529-825b-3692364b441b req-05e8669c-bc86-4529-825b-3692364b441b ] Request (ServerShowV247Test:test_update_rebuild_list_server): 200 GET http://10.180.1.21/compute/v2.1/servers/f3509973-013e-45ce-87f9-357e782f26d7 0.815s
2024-10-24 12:09:51.562 63186 INFO tempest.lib.common.fixed_network [-] (ListImageFiltersTestJSON:setUpClass) Found network None available for tenant
2024-10-24 12:09:51.606 63160 INFO tempest.lib.common.rest_client [req-040e0666-a662-4938-a0ef-a85810752384 req-040e0666-a662-4938-a0ef-a85810752384 ] Request (MigrationsAdminTest:test_list_migrations_in_flavor_resize_situation): 200 GET http://10.180.1.21/compute/v2.1/servers/a8761350-3044-4822-8221-ed108e21cd62 0.614s
2024-10-24 12:09:51.615 63152 INFO tempest.lib.common.rest_client [req-6aa62d41-896f-4954-979f-bc783fb1083f req-6aa62d41-896f-4954-979f-bc783fb1083f ] Request (KeyPairsV22TestJSON:test_keypairsv22_create_list_show): 200 GET http://10.180.1.21/compute/v2.1/os-keypairs 0.548s
2024-10-24 12:09:51.772 63197 INFO tempest.lib.common.rest_client [req-98261f98-6b81-416f-8f3a-035a279325c9 req-98261f98-6b81-416f-8f3a-035a279325c9 ] Request (SecurityGroupRulesTestJSON:tearDownClass): 202 DELETE http://10.180.1.21/compute/v2.1/os-security-groups/2852ef8d-be70-436e-93a3-7fdeca04dd50 0.833s
2024-10-24 12:09:51.790 63170 INFO tempest.lib.common.rest_client [req-ab871e10-d50f-4dd4-8eba-c5bcf8bcfe0d req-ab871e10-d50f-4dd4-8eba-c5bcf8bcfe0d ] Request (FlavorsAdminTestJSON:_run_cleanups): 202 DELETE http://10.180.1.21/compute/v2.1/flavors/2018864201 0.706s
2024-10-24 12:09:51.796 63182 INFO tempest.lib.common.rest_client [req-0c2ab8ca-f324-4715-b785-a3cc96978f2e req-0c2ab8ca-f324-4715-b785-a3cc96978f2e ] Request (SecurityGroupRulesNegativeTestJSON:test_create_security_group_rule_duplicate): 200 POST http://10.180.1.21/compute/v2.1/os-security-groups 0.717s
2024-10-24 12:09:51.852 63158 INFO tempest.lib.common.rest_client [req-8a1e4b1f-35d5-475a-bbc5-45921327202d req-8a1e4b1f-35d5-475a-bbc5-45921327202d ] Request (ServersAaction247Test:test_create_backup): 200 GET http://10.180.1.21/compute/v2.1/servers/e11079b9-5f15-41d6-8c8a-c08dc7f63b2f 0.671s
2024-10-24 12:09:51.863 63162 INFO tempest.lib.common.rest_client [req-12b8354c-d420-415e-8cfe-28d66fe7efa1 req-12b8354c-d420-415e-8cfe-28d66fe7efa1 ] Request (ServersWithSpecificFlavorTestJSON:test_verify_created_server_ephemeral_disk): 200 GET http://10.180.1.21/compute/v2.1/servers/889af877-29c4-4c06-9995-49fb15b21a55 0.749s
2024-10-24 12:09:51.905 63210 INFO tempest.lib.common.rest_client [req-3083de7b-99a6-4c67-96b7-558d856d11a5 req-3083de7b-99a6-4c67-96b7-558d856d11a5 ] Request (ListServersNegativeTestJSON:setUpClass): 200 GET http://10.180.1.21/compute/v2.1/servers/283ffd74-3891-4b5e-bcf5-49b265978051 0.665s
2024-10-24 12:09:51.946 63172 INFO tempest.lib.common.rest_client [req-467efabf-87e0-4be2-91b8-81162060e97c req-467efabf-87e0-4be2-91b8-81162060e97c ] Request (ServerDiagnosticsTest:test_get_server_diagnostics): 200 GET http://10.180.1.21/compute/v2.1/servers/8213bc31-1bd5-40b6-99a0-1254b9517b6a 0.597s
2024-10-24 12:09:51.963 63212 INFO tempest.lib.common.rest_client [req-09f6cb21-3652-4095-afc8-efa148341962 req-09f6cb21-3652-4095-afc8-efa148341962 ] Request (ServersTestMultiNic:test_verify_duplicate_network_nics): 200 GET http://10.180.1.21/compute/v2.1/servers/294e3321-e826-4a56-bbd0-893261d65283 0.583s
2024-10-24 12:09:52.018 63168 INFO tempest.lib.common.rest_client [req-73252e17-daa2-457a-b706-58b18f1108f2 req-73252e17-daa2-457a-b706-58b18f1108f2 ] Request (DeleteServersAdminTestJSON:test_admin_delete_servers_of_others): 200 GET http://10.180.1.21/compute/v2.1/servers/91328e42-ba3c-4d63-a805-973c2bfa2afb 0.593s
2024-10-24 12:09:52.031 63192 INFO tempest.lib.common.rest_client [req-a9ad0e3c-8859-4296-a06a-8bb212995665 req-a9ad0e3c-8859-4296-a06a-8bb212995665 ] Request (ServersAdminNegativeTestJSON:setUpClass): 200 GET http://10.180.1.21/compute/v2.1/servers/f1cee1cb-aceb-47e8-b2da-b94563f922e2 0.528s
2024-10-24 12:09:52.089 63150 INFO tempest.lib.common.rest_client [req-6b5a93b5-7c0c-4627-ad1b-eb0b93ec45d3 req-6b5a93b5-7c0c-4627-ad1b-eb0b93ec45d3 ] Request (ServersTestFqdnHostnames:test_create_server_with_fqdn_name): 200 GET http://10.180.1.21/compute/v2.1/servers/c10d840e-ce05-4af3-ba2d-6214eefd8783 0.490s
2024-10-24 12:09:52.116 63152 INFO tempest.lib.common.rest_client [req-13cd0092-47bf-4fd7-aa43-8605b171eb10 req-13cd0092-47bf-4fd7-aa43-8605b171eb10 ] Request (KeyPairsV22TestJSON:_run_cleanups): 204 DELETE http://10.180.1.21/compute/v2.1/os-keypairs/tempest-keypair-1775798616 0.500s
2024-10-24 12:09:52.233 63154 INFO tempest.lib.common.rest_client [req-f633258f-c77d-491b-b9df-3aea71849262 req-f633258f-c77d-491b-b9df-3aea71849262 ] Request (FloatingIPsAssociationNegativeTestJSON:setUpClass): 200 GET http://10.180.1.21/compute/v2.1/servers/6ec0c746-2bb8-4387-8b31-b49b0d708614 0.552s
2024-10-24 12:09:52.242 63154 INFO tempest.common.waiters [-] State transition "BUILD/None" ==> "BUILD/block_device_mapping" after 36 second wait
2024-10-24 12:09:52.286 63164 INFO tempest.lib.common.rest_client [req-bbc4813f-e88b-41a9-bf2a-f4416a39095b req-bbc4813f-e88b-41a9-bf2a-f4416a39095b ] Request (ServerExternalEventsTest:test_create_server_external_events): 200 GET http://10.180.1.21/compute/v2.1/servers/16b4e8bd-d84f-45a6-b531-3200ea545931 0.561s
2024-10-24 12:09:52.296 63164 INFO tempest.common.waiters [-] State transition "BUILD/spawning" ==> "ERROR/None" after 50 second wait
2024-10-24 12:09:52.334 63186 INFO tempest.lib.common.rest_client [req-97e63cfe-8377-477f-b103-9bb2f69c4aea req-97e63cfe-8377-477f-b103-9bb2f69c4aea ] Request (ListImageFiltersTestJSON:setUpClass): 202 POST http://10.180.1.21/compute/v2.1/servers 0.771s
2024-10-24 12:09:52.357 63204 INFO tempest.lib.common.rest_client [req-2825177e-0916-4c60-8fd7-1ced33a87552 req-2825177e-0916-4c60-8fd7-1ced33a87552 ] Request (ServersNegativeTestJSON:setUpClass): 200 GET http://10.180.1.21/compute/v2.1/servers/723105bc-6810-4759-8240-af0a128475e4 0.625s
2024-10-24 12:09:52.371 63186 INFO tempest.lib.common.rest_client [req-e96d5574-01c7-442a-8d4f-af512230b9aa req-e96d5574-01c7-442a-8d4f-af512230b9aa ] Request (ListImageFiltersTestJSON:setUpClass): 201 POST http://10.180.1.21/identity/v3/auth/tokens 0.033s
2024-10-24 12:09:52.371 63186 INFO tempest.lib.common.fixed_network [-] (ListImageFiltersTestJSON:setUpClass) Found network None available for tenant
2024-10-24 12:09:52.417 63176 INFO tempest.lib.common.rest_client [req-b06e5f0c-4509-4edd-8448-92c10cd984c5 req-b06e5f0c-4509-4edd-8448-92c10cd984c5 ] Request (InstanceActionsNegativeTestJSON:setUpClass): 200 GET http://10.180.1.21/compute/v2.1/servers/964f98e4-3462-4362-b551-576302776f3a 0.628s
2024-10-24 12:09:52.437 63170 INFO tempest.lib.common.rest_client [req-db6144ee-a05b-4421-809d-ce2d50808bd1 req-db6144ee-a05b-4421-809d-ce2d50808bd1 ] Request (FlavorsAdminTestJSON:_run_cleanups): 200 GET http://10.180.1.21/compute/v2.1/flavors/detail 0.646s
2024-10-24 12:09:52.535 63156 INFO tempest.lib.common.rest_client [req-dc721c32-312f-4385-9f9c-4ec015246a96 req-dc721c32-312f-4385-9f9c-4ec015246a96 ] Request (ServerTagsTestJSON:setUpClass): 201 POST http://10.180.1.21:9696/networking/v2.0/routers 1.296s
2024-10-24 12:09:52.555 63170 INFO tempest.lib.common.rest_client [req-61ee0023-a6c8-4320-9ae6-6624469d556d req-61ee0023-a6c8-4320-9ae6-6624469d556d ] Request (FlavorsAdminTestJSON:tearDownClass): 204 DELETE http://10.180.1.21/identity/v3/users/9c4dcd95bafc428d9456a252a560e9dc 0.106s
2024-10-24 12:09:52.561 63182 INFO tempest.lib.common.rest_client [req-1cd1e82a-7387-49c1-8911-b75bc72f4cd4 req-1cd1e82a-7387-49c1-8911-b75bc72f4cd4 ] Request (SecurityGroupRulesNegativeTestJSON:test_create_security_group_rule_duplicate): 200 POST http://10.180.1.21/compute/v2.1/os-security-group-rules 0.762s
2024-10-24 12:09:52.587 63197 INFO tempest.lib.common.rest_client [req-451ed1ce-2728-44b0-8140-24f269c22167 req-451ed1ce-2728-44b0-8140-24f269c22167 ] Request (SecurityGroupRulesTestJSON:tearDownClass): 202 DELETE http://10.180.1.21/compute/v2.1/os-security-groups/cec52039-42a2-45cd-9248-eef41297b50f 0.815s
2024-10-24 12:09:52.635 63202 INFO tempest.lib.common.rest_client [req-23a119d6-5561-44eb-b059-310d0dc8be92 req-23a119d6-5561-44eb-b059-310d0dc8be92 ] Request (ServerActionsV293TestJSON:setUpClass): 200 GET http://10.180.1.21/compute/v2.1/servers/4981a04f-98e6-474b-850a-634d977d9e42 0.622s
2024-10-24 12:09:52.650 63198 INFO tempest.lib.common.rest_client [req-3fbcbffc-1294-4334-bb23-1ec1b3f17853 req-3fbcbffc-1294-4334-bb23-1ec1b3f17853 ] Request (AttachInterfacesV270Test:test_create_get_list_interfaces): 200 GET http://10.180.1.21/compute/v2.1/servers/bfcba422-5ed0-4bfd-83e9-cdde324d899f 0.583s
2024-10-24 12:09:52.670 63170 INFO tempest.lib.common.rest_client [req-23ad4cbc-abf3-434a-a6a7-47caa9e2b413 req-23ad4cbc-abf3-434a-a6a7-47caa9e2b413 ] Request (FlavorsAdminTestJSON:tearDownClass): 204 DELETE http://10.180.1.21/identity/v3/users/89848b68ae1b49428696d2098c1624a3 0.114s
2024-10-24 12:09:52.670 63170 INFO tempest.lib.common.dynamic_creds [-] Deleting project and security group for project: b4292ba4b8d14198a4926cd682660a2d
2024-10-24 12:09:52.715 63206 INFO tempest.lib.common.rest_client [req-d3f7b538-4b2d-48e3-9079-7abff119df18 req-d3f7b538-4b2d-48e3-9079-7abff119df18 ] Request (VolumesAssistedSnapshotsTest:test_volume_assisted_snapshot_create_delete): 200 GET http://10.180.1.21/compute/v2.1/servers/856b3816-d4f8-4c9e-b74c-ea15d67976ef 0.567s
2024-10-24 12:09:52.743 63170 INFO tempest.lib.common.rest_client [req-80ccbc2a-6036-4f17-94d8-5ae1fe1428b2 req-80ccbc2a-6036-4f17-94d8-5ae1fe1428b2 ] Request (FlavorsAdminTestJSON:tearDownClass): 201 POST http://10.180.1.21/identity/v3/auth/tokens 0.073s
2024-10-24 12:09:52.973 63194 INFO tempest.lib.common.rest_client [req-e9db0fc6-67a9-4f97-869e-13587e180835 req-e9db0fc6-67a9-4f97-869e-13587e180835 ] Request (ServerActionsTestJSON:setUpClass): 200 GET http://10.180.1.21/compute/v2.1/servers/15938dfe-a697-450b-8c88-ff4ef703ee1f 0.777s
2024-10-24 12:09:53.088 63180 INFO tempest.lib.common.rest_client [req-39fd64f5-84a3-4729-b814-947870adb370 req-39fd64f5-84a3-4729-b814-947870adb370 ] Request (ServerDiskConfigTestJSON:test_rebuild_server_with_manual_disk_config): 200 GET http://10.180.1.21/compute/v2.1/servers/c5aaadb0-f9a1-4af9-b882-86d847185a19 0.836s
2024-10-24 12:09:53.196 63170 INFO tempest.lib.common.rest_client [req-cb288b4d-62ad-4125-a548-294f65a3b6ea req-cb288b4d-62ad-4125-a548-294f65a3b6ea ] Request (FlavorsAdminTestJSON:tearDownClass): 200 GET http://10.180.1.21:9696/networking/v2.0/security-groups?tenant_id=b4292ba4b8d14198a4926cd682660a2d&name=default 0.452s
2024-10-24 12:09:53.215 63152 INFO tempest.lib.common.rest_client [req-7dfaf5e9-71b3-4846-be96-cf5643e5ecde req-7dfaf5e9-71b3-4846-be96-cf5643e5ecde ] Request (KeyPairsV22TestJSON:test_keypairsv22_create_list_show_with_type): 201 POST http://10.180.1.21/compute/v2.1/os-keypairs 1.097s
2024-10-24 12:09:53.276 63184 INFO tempest.lib.common.rest_client [req-74dea96c-b86c-4a46-9dcc-87de2e055f38 req-74dea96c-b86c-4a46-9dcc-87de2e055f38 ] Request (VolumesAdminNegativeTest:test_update_attached_volume_with_nonexistent_volume_in_uri): 200 GET http://10.180.1.21/compute/v2.1/servers/8bda7658-2b86-4869-89e2-b10d7119ae18 0.973s
2024-10-24 12:09:53.289 63164 INFO tempest.lib.common.rest_client [req-755440fb-acae-4d23-ba1b-01384ad820f5 req-755440fb-acae-4d23-ba1b-01384ad820f5 ] Request (ServerExternalEventsTest:test_create_server_external_events): 204 DELETE http://10.180.1.21/compute/v2.1/servers/16b4e8bd-d84f-45a6-b531-3200ea545931 0.993s
2024-10-24 12:09:53.296 63170 INFO tempest.lib.common.rest_client [req-097f01eb-38c2-43df-acae-bb8a8e0c47e4 req-097f01eb-38c2-43df-acae-bb8a8e0c47e4 ] Request (FlavorsAdminTestJSON:tearDownClass): 204 DELETE http://10.180.1.21:9696/networking/v2.0/security-groups/f19fb557-0ec6-462d-9b70-8664a204749c 0.099s
2024-10-24 12:09:53.371 63174 INFO tempest.lib.common.rest_client [req-ec1a1561-b884-44a4-8827-53588a5446c0 req-ec1a1561-b884-44a4-8827-53588a5446c0 ] Request (ServerDiagnosticsV248Test:tearDownClass): 200 GET http://10.180.1.21/compute/v2.1/servers/d5c90d13-41bc-4cca-abf3-5a5b13171a6f 0.989s
2024-10-24 12:09:53.373 63170 INFO tempest.lib.common.rest_client [req-3afa389f-b1aa-42b1-a0b9-fceb9c60acf8 req-3afa389f-b1aa-42b1-a0b9-fceb9c60acf8 ] Request (FlavorsAdminTestJSON:tearDownClass): 204 DELETE http://10.180.1.21/identity/v3/projects/b4292ba4b8d14198a4926cd682660a2d 0.076s
2024-10-24 12:09:53.373 63170 INFO tempest.lib.common.dynamic_creds [-] Deleting project and security group for project: 609a44e1439d47e182326991049527a5
2024-10-24 12:09:53.439 63166 INFO tempest.lib.common.rest_client [req-c24e29e3-ad8c-4d72-80cc-08ac3b3cb1e9 req-c24e29e3-ad8c-4d72-80cc-08ac3b3cb1e9 ] Request (ServerMetadataNegativeTestJSON:setUpClass): 200 GET http://10.180.1.21/compute/v2.1/servers/0419073e-5340-4805-a1e0-417ccf5fdd30 0.991s
2024-10-24 12:09:53.494 63186 INFO tempest.lib.common.rest_client [req-35da52c1-55ec-4703-8f9e-6fd42e58cce6 req-35da52c1-55ec-4703-8f9e-6fd42e58cce6 ] Request (ListImageFiltersTestJSON:setUpClass): 202 POST http://10.180.1.21/compute/v2.1/servers 1.122s
2024-10-24 12:09:53.508 63188 INFO tempest.lib.common.rest_client [req-ce5522fa-e75d-41f1-9488-f6eb0ba2350f req-ce5522fa-e75d-41f1-9488-f6eb0ba2350f ] Request (InstanceActionsTestJSON:setUpClass): 200 GET http://10.180.1.21/compute/v2.1/servers/5e695914-afa5-4f79-972d-852a4ac8aa20 1.057s
2024-10-24 12:09:53.560 63190 INFO tempest.lib.common.rest_client [req-611e5121-8878-41ae-9671-e179409d9155 req-611e5121-8878-41ae-9671-e179409d9155 ] Request (ServersAdmin275Test:tearDownClass): 200 GET http://10.180.1.21/compute/v2.1/servers/3786cd93-1a50-4997-8894-840afa1c8417 1.038s
2024-10-24 12:09:53.582 63178 INFO tempest.lib.common.rest_client [req-9044ffc3-6d77-4bcc-a080-402b29e2e247 req-9044ffc3-6d77-4bcc-a080-402b29e2e247 ] Request (ServersTestJSON:setUpClass): 200 GET http://10.180.1.21/compute/v2.1/servers/62cfca0a-e8c6-4f94-8e6f-1136cfcf3089 1.044s
2024-10-24 12:09:53.595 63182 INFO tempest.lib.common.rest_client [req-31b5dea4-ccd6-4dd6-b60c-0b1da3accb06 req-31b5dea4-ccd6-4dd6-b60c-0b1da3accb06 ] Request (SecurityGroupRulesNegativeTestJSON:test_create_security_group_rule_duplicate): 400 POST http://10.180.1.21/compute/v2.1/os-security-group-rules 1.032s
2024-10-24 12:09:53.615 63170 INFO tempest.lib.common.rest_client [req-7e6bc887-1d38-4234-8728-7a82a8d978a1 req-7e6bc887-1d38-4234-8728-7a82a8d978a1 ] Request (FlavorsAdminTestJSON:tearDownClass): 200 GET http://10.180.1.21:9696/networking/v2.0/security-groups?tenant_id=609a44e1439d47e182326991049527a5&name=default 0.242s
2024-10-24 12:09:53.659 63200 INFO tempest.lib.common.rest_client [req-277ca653-add8-4253-8e1a-79bfa5de8ed1 req-277ca653-add8-4253-8e1a-79bfa5de8ed1 ] Request (ServerShowV247Test:test_update_rebuild_list_server): 200 GET http://10.180.1.21/compute/v2.1/servers/f3509973-013e-45ce-87f9-357e782f26d7 1.085s
2024-10-24 12:09:53.671 63200 INFO tempest.common.waiters [-] State transition "BUILD/scheduling" ==> "BUILD/None" after 24 second wait
2024-10-24 12:09:53.722 63160 INFO tempest.lib.common.rest_client [req-17a3f534-7bc0-45a0-8456-8bd3deeeb905 req-17a3f534-7bc0-45a0-8456-8bd3deeeb905 ] Request (MigrationsAdminTest:test_list_migrations_in_flavor_resize_situation): 200 GET http://10.180.1.21/compute/v2.1/servers/a8761350-3044-4822-8221-ed108e21cd62 1.110s
2024-10-24 12:09:53.770 63197 INFO tempest.lib.common.rest_client [req-89b43eb0-7637-4353-9bc2-169b0a5b148a req-89b43eb0-7637-4353-9bc2-169b0a5b148a ] Request (SecurityGroupRulesTestJSON:tearDownClass): 202 DELETE http://10.180.1.21/compute/v2.1/os-security-groups/1377395a-d6b6-4cd4-b98d-715b7c4cadab 1.182s
2024-10-24 12:09:53.771 63170 INFO tempest.lib.common.rest_client [req-326c7fc2-914e-4775-bf5d-a03ca5532c47 req-326c7fc2-914e-4775-bf5d-a03ca5532c47 ] Request (FlavorsAdminTestJSON:tearDownClass): 204 DELETE http://10.180.1.21:9696/networking/v2.0/security-groups/3631b1e9-d230-4abc-8c86-189ddc26703c 0.154s
2024-10-24 12:09:53.788 63158 INFO tempest.lib.common.rest_client [req-55d78fef-39c4-4892-b95b-6c66bc9a2157 req-55d78fef-39c4-4892-b95b-6c66bc9a2157 ] Request (ServersAaction247Test:test_create_backup): 200 GET http://10.180.1.21/compute/v2.1/servers/e11079b9-5f15-41d6-8c8a-c08dc7f63b2f 0.923s
2024-10-24 12:09:53.840 63162 INFO tempest.lib.common.rest_client [req-1a7c2ef6-efc8-4c30-9b25-077feedae877 req-1a7c2ef6-efc8-4c30-9b25-077feedae877 ] Request (ServersWithSpecificFlavorTestJSON:test_verify_created_server_ephemeral_disk): 200 GET http://10.180.1.21/compute/v2.1/servers/889af877-29c4-4c06-9995-49fb15b21a55 0.970s
2024-10-24 12:09:53.862 63210 INFO tempest.lib.common.rest_client [req-2c20fdae-35e2-4a35-aa67-5e998deaf7f9 req-2c20fdae-35e2-4a35-aa67-5e998deaf7f9 ] Request (ListServersNegativeTestJSON:setUpClass): 200 GET http://10.180.1.21/compute/v2.1/servers/283ffd74-3891-4b5e-bcf5-49b265978051 0.948s
2024-10-24 12:09:53.898 63170 INFO tempest.lib.common.rest_client [req-b16221c9-218b-4a83-8c06-b1abf718b168 req-b16221c9-218b-4a83-8c06-b1abf718b168 ] Request (FlavorsAdminTestJSON:tearDownClass): 204 DELETE http://10.180.1.21/identity/v3/projects/609a44e1439d47e182326991049527a5 0.126s
2024-10-24 12:09:53.908 63172 INFO tempest.lib.common.rest_client [req-8560c57e-6a04-43dd-a8c9-296350199478 req-8560c57e-6a04-43dd-a8c9-296350199478 ] Request (ServerDiagnosticsTest:test_get_server_diagnostics): 200 GET http://10.180.1.21/compute/v2.1/servers/8213bc31-1bd5-40b6-99a0-1254b9517b6a 0.951s
2024-10-24 12:09:53.918 63212 INFO tempest.lib.common.rest_client [req-fd3ce133-3f16-4c92-83b2-d08c3e3e1c5d req-fd3ce133-3f16-4c92-83b2-d08c3e3e1c5d ] Request (ServersTestMultiNic:test_verify_duplicate_network_nics): 200 GET http://10.180.1.21/compute/v2.1/servers/294e3321-e826-4a56-bbd0-893261d65283 0.947s
2024-10-24 12:09:53.961 63168 INFO tempest.lib.common.rest_client [req-1548cf78-4691-456a-981b-a823a0b99f68 req-1548cf78-4691-456a-981b-a823a0b99f68 ] Request (DeleteServersAdminTestJSON:test_admin_delete_servers_of_others): 200 GET http://10.180.1.21/compute/v2.1/servers/91328e42-ba3c-4d63-a805-973c2bfa2afb 0.936s
2024-10-24 12:09:53.965 63170 INFO tempest.lib.common.rest_client [req-4f807cd5-e0ba-4ab7-9eb3-d9efe52a3e95 req-4f807cd5-e0ba-4ab7-9eb3-d9efe52a3e95 ] Request (QuotasSecurityGroupAdminNegativeTest:setUpClass): 201 POST http://10.180.1.21/identity/v3/auth/tokens 0.066s
2024-10-24 12:09:53.977 63192 INFO tempest.lib.common.rest_client [req-17255232-5d10-4717-a9a8-95ac4da21e27 req-17255232-5d10-4717-a9a8-95ac4da21e27 ] Request (ServersAdminNegativeTestJSON:setUpClass): 200 GET http://10.180.1.21/compute/v2.1/servers/f1cee1cb-aceb-47e8-b2da-b94563f922e2 0.938s
2024-10-24 12:09:53.991 63152 INFO tempest.lib.common.rest_client [req-d4e4b803-9323-4cc4-bd75-a859a4118ce1 req-d4e4b803-9323-4cc4-bd75-a859a4118ce1 ] Request (KeyPairsV22TestJSON:test_keypairsv22_create_list_show_with_type): 200 GET http://10.180.1.21/compute/v2.1/os-keypairs/tempest-keypair-1760169608 0.775s
2024-10-24 12:09:54.008 63170 INFO tempest.lib.common.rest_client [req-35ab1da6-831f-435c-9d95-0458fc3f26e4 req-35ab1da6-831f-435c-9d95-0458fc3f26e4 ] Request (QuotasSecurityGroupAdminNegativeTest:setUpClass): 201 POST http://10.180.1.21/identity/v3/auth/tokens 0.040s
2024-10-24 12:09:54.020 63150 INFO tempest.lib.common.rest_client [req-c92d8674-aab6-481f-bb5c-5af2068ead8e req-c92d8674-aab6-481f-bb5c-5af2068ead8e ] Request (ServersTestFqdnHostnames:test_create_server_with_fqdn_name): 200 GET http://10.180.1.21/compute/v2.1/servers/c10d840e-ce05-4af3-ba2d-6214eefd8783 0.921s
2024-10-24 12:09:54.035 63170 INFO tempest.lib.common.rest_client [req-6b8b99b1-af87-4866-bda8-4e94ed59cfab req-6b8b99b1-af87-4866-bda8-4e94ed59cfab ] Request (QuotasSecurityGroupAdminNegativeTest:setUpClass): 200 GET http://10.180.1.21/identity/v3/domains?name=Default 0.027s
2024-10-24 12:09:54.039 63164 INFO tempest.lib.common.rest_client [req-c811c068-1d11-4383-80ba-4cc9ff9ed740 req-c811c068-1d11-4383-80ba-4cc9ff9ed740 ] Request (ServerExternalEventsTest:test_create_server_external_events): 404 GET http://10.180.1.21/compute/v2.1/servers/16b4e8bd-d84f-45a6-b531-3200ea545931 0.748s
2024-10-24 12:09:54.069 63170 INFO tempest.lib.common.rest_client [req-dc88895b-ce18-4f66-b8e6-3bcd5f3785ba req-dc88895b-ce18-4f66-b8e6-3bcd5f3785ba ] Request (QuotasSecurityGroupAdminNegativeTest:setUpClass): 201 POST http://10.180.1.21/identity/v3/projects 0.034s
2024-10-24 12:09:54.113 63204 INFO tempest.lib.common.rest_client [req-9f5d8d43-cb39-462a-b013-3266461dafa2 req-9f5d8d43-cb39-462a-b013-3266461dafa2 ] Request (ServersNegativeTestJSON:setUpClass): 200 GET http://10.180.1.21/compute/v2.1/servers/723105bc-6810-4759-8240-af0a128475e4 0.747s
2024-10-24 12:09:54.130 63164 INFO tempest.lib.common.rest_client [req-39932e0b-21ef-438b-9292-4fdf71288d86 req-39932e0b-21ef-438b-9292-4fdf71288d86 ] Request (ServerExternalEventsTest:tearDownClass): 204 DELETE http://10.180.1.21/identity/v3/users/7cbf9a3bb65a4b83a484776607fea1fb 0.088s
2024-10-24 12:09:54.176 63170 INFO tempest.lib.common.rest_client [req-33232869-c431-49e4-99bd-65c1e82c4691 req-33232869-c431-49e4-99bd-65c1e82c4691 ] Request (QuotasSecurityGroupAdminNegativeTest:setUpClass): 201 POST http://10.180.1.21/identity/v3/users 0.106s
2024-10-24 12:09:54.182 63176 INFO tempest.lib.common.rest_client [req-a1fe2f2d-ed18-4ce3-b7e3-e6f5fcc0dd7f req-a1fe2f2d-ed18-4ce3-b7e3-e6f5fcc0dd7f ] Request (InstanceActionsNegativeTestJSON:setUpClass): 200 GET http://10.180.1.21/compute/v2.1/servers/964f98e4-3462-4362-b551-576302776f3a 0.755s
2024-10-24 12:09:54.202 63170 INFO tempest.lib.common.rest_client [req-cd2eaefa-5313-4015-b45f-90f17242f31b req-cd2eaefa-5313-4015-b45f-90f17242f31b ] Request (QuotasSecurityGroupAdminNegativeTest:setUpClass): 200 GET http://10.180.1.21/identity/v3/roles 0.025s
2024-10-24 12:09:54.220 63164 INFO tempest.lib.common.rest_client [req-2eb27924-a5e4-4aa4-a5f3-0675e6112aa6 req-2eb27924-a5e4-4aa4-a5f3-0675e6112aa6 ] Request (ServerExternalEventsTest:tearDownClass): 204 DELETE http://10.180.1.21/identity/v3/users/59a78d44784f42668ef105a491aa0262 0.090s
2024-10-24 12:09:54.237 63186 INFO tempest.lib.common.rest_client [req-fe7c22f0-2c97-44fc-a5cf-20af10fa6b43 req-fe7c22f0-2c97-44fc-a5cf-20af10fa6b43 ] Request (ListImageFiltersTestJSON:setUpClass): 200 GET http://10.180.1.21/compute/v2.1/servers/3ce62ec7-6274-441f-989b-6f27a64b0c18 0.741s
2024-10-24 12:09:54.244 63154 INFO tempest.lib.common.rest_client [req-cbddff03-9931-41ba-bf17-845561ba5c51 req-cbddff03-9931-41ba-bf17-845561ba5c51 ] Request (FloatingIPsAssociationNegativeTestJSON:setUpClass): 200 GET http://10.180.1.21/compute/v2.1/servers/6ec0c746-2bb8-4387-8b31-b49b0d708614 1.001s
2024-10-24 12:09:54.254 63154 INFO tempest.common.waiters [-] State transition "BUILD/block_device_mapping" ==> "BUILD/spawning" after 38 second wait
2024-10-24 12:09:54.272 63170 INFO tempest.lib.common.rest_client [req-ac89f8cb-c75b-4e87-8fe5-0ace6b5964c0 req-ac89f8cb-c75b-4e87-8fe5-0ace6b5964c0 ] Request (QuotasSecurityGroupAdminNegativeTest:setUpClass): 204 PUT http://10.180.1.21/identity/v3/projects/abc7b5fef016490d8c880cb693c2a7d0/users/d21486d23930451c9d6bd421212e89cc/roles/70c8c899908b4e47b078dd06c45f6846 0.068s
2024-10-24 12:09:54.272 63170 INFO tempest.lib.common.dynamic_creds [-] Dynamic test user d21486d23930451c9d6bd421212e89cc is created with scope project and roles: ['member']
2024-10-24 12:09:54.272 63170 INFO tempest.lib.common.dynamic_creds [-] Acquired dynamic creds: credentials: Credentials: {'domain_id': 'default', 'domain_name': 'Default', 'username': 'tempest-QuotasSecurityGroupAdminNegativeTest-2077230169-project-member', 'project_domain_id': 'default', 'project_domain_name': 'Default', 'project_id': 'abc7b5fef016490d8c880cb693c2a7d0', 'project_name': 'tempest-QuotasSecurityGroupAdminNegativeTest-2077230169', 'tenant_id': 'abc7b5fef016490d8c880cb693c2a7d0', 'tenant_name': 'tempest-QuotasSecurityGroupAdminNegativeTest-2077230169', 'user_domain_id': 'default', 'user_domain_name': 'Default', 'user_id': 'd21486d23930451c9d6bd421212e89cc', 'system': None}, Network: None, Subnet: None, Router: None
2024-10-24 12:09:54.272 63170 INFO tempest.lib.common.dynamic_creds [-] Created isolated network resources for: credentials: Credentials: {'domain_id': 'default', 'domain_name': 'Default', 'username': 'tempest-QuotasSecurityGroupAdminNegativeTest-2077230169-project-member', 'project_domain_id': 'default', 'project_domain_name': 'Default', 'project_id': 'abc7b5fef016490d8c880cb693c2a7d0', 'project_name': 'tempest-QuotasSecurityGroupAdminNegativeTest-2077230169', 'tenant_id': 'abc7b5fef016490d8c880cb693c2a7d0', 'tenant_name': 'tempest-QuotasSecurityGroupAdminNegativeTest-2077230169', 'user_domain_id': 'default', 'user_domain_name': 'Default', 'user_id': 'd21486d23930451c9d6bd421212e89cc', 'system': None}, Network: None, Subnet: None, Router: None
2024-10-24 12:09:54.322 63164 INFO tempest.lib.common.rest_client [req-c64b7980-8959-4922-b4fd-6403ec2d8db4 req-c64b7980-8959-4922-b4fd-6403ec2d8db4 ] Request (ServerExternalEventsTest:tearDownClass): 204 DELETE http://10.180.1.21/identity/v3/users/d66a897e00bc4255b729fc8e3003590d 0.101s
2024-10-24 12:09:54.322 63164 INFO tempest.lib.common.dynamic_creds [-] Deleting project and security group for project: b3828401ec074133afc4567d27227fc5
2024-10-24 12:09:54.341 63202 INFO tempest.lib.common.rest_client [req-83385025-ec8a-4f34-8188-81f0f22b70fd req-83385025-ec8a-4f34-8188-81f0f22b70fd ] Request (ServerActionsV293TestJSON:setUpClass): 200 GET http://10.180.1.21/compute/v2.1/servers/4981a04f-98e6-474b-850a-634d977d9e42 0.689s
2024-10-24 12:09:54.361 63170 INFO tempest.lib.common.rest_client [req-989f0e36-b656-4cee-9b2d-848ef134909c req-989f0e36-b656-4cee-9b2d-848ef134909c ] Request (QuotasSecurityGroupAdminNegativeTest:setUpClass): 201 POST http://10.180.1.21/identity/v3/auth/tokens 0.086s
2024-10-24 12:09:54.399 63164 INFO tempest.lib.common.rest_client [req-9cac284c-16f2-41ee-9533-913ac80cd377 req-9cac284c-16f2-41ee-9533-913ac80cd377 ] Request (ServerExternalEventsTest:tearDownClass): 201 POST http://10.180.1.21/identity/v3/auth/tokens 0.076s
2024-10-24 12:09:54.402 63182 INFO tempest.lib.common.rest_client [req-d383d7d2-dae2-4aac-82db-cb03154647ff req-d383d7d2-dae2-4aac-82db-cb03154647ff ] Request (SecurityGroupRulesNegativeTestJSON:_run_cleanups): 202 DELETE http://10.180.1.21/compute/v2.1/os-security-group-rules/391ba590-92df-4138-97a3-e3cd4c4e818b 0.806s
2024-10-24 12:09:54.441 63198 INFO tempest.lib.common.rest_client [req-cdd57667-1a8e-4988-aa10-b790291de657 req-cdd57667-1a8e-4988-aa10-b790291de657 ] Request (AttachInterfacesV270Test:test_create_get_list_interfaces): 200 GET http://10.180.1.21/compute/v2.1/servers/bfcba422-5ed0-4bfd-83e9-cdde324d899f 0.778s
2024-10-24 12:09:54.444 63170 INFO tempest.lib.common.rest_client [req-15b486df-1d2a-49fb-a458-2e56ae9df20e req-15b486df-1d2a-49fb-a458-2e56ae9df20e ] Request (QuotasSecurityGroupAdminNegativeTest:setUpClass): 201 POST http://10.180.1.21/identity/v3/projects 0.082s
2024-10-24 12:09:54.501 63170 INFO tempest.lib.common.rest_client [req-4e2ae131-b8d8-41b8-a5cf-a2a8ebd97a70 req-4e2ae131-b8d8-41b8-a5cf-a2a8ebd97a70 ] Request (QuotasSecurityGroupAdminNegativeTest:setUpClass): 201 POST http://10.180.1.21/identity/v3/users 0.056s
2024-10-24 12:09:54.503 63206 INFO tempest.lib.common.rest_client [req-86828f08-97d3-4f03-96c9-1be24d9d7b03 req-86828f08-97d3-4f03-96c9-1be24d9d7b03 ] Request (VolumesAssistedSnapshotsTest:test_volume_assisted_snapshot_create_delete): 200 GET http://10.180.1.21/compute/v2.1/servers/856b3816-d4f8-4c9e-b74c-ea15d67976ef 0.779s
2024-10-24 12:09:54.508 63194 INFO tempest.lib.common.rest_client [req-4ca16645-ab80-4921-9a30-81ce2e31bb47 req-4ca16645-ab80-4921-9a30-81ce2e31bb47 ] Request (ServerActionsTestJSON:setUpClass): 200 GET http://10.180.1.21/compute/v2.1/servers/15938dfe-a697-450b-8c88-ff4ef703ee1f 0.525s
2024-10-24 12:09:54.514 63152 INFO tempest.lib.common.rest_client [req-ca0779a6-dadf-4e5d-abce-1b84cf14beb8 req-ca0779a6-dadf-4e5d-abce-1b84cf14beb8 ] Request (KeyPairsV22TestJSON:test_keypairsv22_create_list_show_with_type): 200 GET http://10.180.1.21/compute/v2.1/os-keypairs 0.521s
2024-10-24 12:09:54.517 63156 INFO tempest.lib.common.rest_client [req-13510a1b-09a1-46b2-ad4b-cc3a110e6bc6 req-13510a1b-09a1-46b2-ad4b-cc3a110e6bc6 ] Request (ServerTagsTestJSON:setUpClass): 200 PUT http://10.180.1.21:9696/networking/v2.0/routers/63e8796a-ee6d-4d82-8aea-00dad358f0e4/add_router_interface 1.981s
2024-10-24 12:09:54.517 63156 INFO tempest.lib.common.dynamic_creds [-] Created isolated network resources for: credentials: Credentials: {'domain_id': 'default', 'domain_name': 'Default', 'username': 'tempest-ServerTagsTestJSON-1174078800-project-member', 'project_domain_id': 'default', 'project_domain_name': 'Default', 'project_id': 'd3ee6294864e4d6fa9abcf3199aa1083', 'project_name': 'tempest-ServerTagsTestJSON-1174078800', 'tenant_id': 'd3ee6294864e4d6fa9abcf3199aa1083', 'tenant_name': 'tempest-ServerTagsTestJSON-1174078800', 'user_domain_id': 'default', 'user_domain_name': 'Default', 'user_id': '1fb70900c272422583fd50fc271c65cb', 'system': None}, Network: {'id': '22a4dff3-d690-468b-ab8a-cc1e3e83709a', 'name': 'tempest-ServerTagsTestJSON-1209373016-network', 'tenant_id': 'd3ee6294864e4d6fa9abcf3199aa1083', 'admin_state_up': True, 'mtu': 8950, 'status': 'ACTIVE', 'subnets': [], 'shared': False, 'project_id': 'd3ee6294864e4d6fa9abcf3199aa1083', 'port_security_enabled': True, 'router:external': False, 'provider:network_type': 'vlan', 'provider:physical_network': 'default', 'provider:segmentation_id': 262, 'is_default': False, 'availability_zone_hints': [], 'availability_zones': [], 'ipv4_address_scope': None, 'ipv6_address_scope': None, 'description': '', 'tags': [], 'created_at': '2024-10-24T12:09:50Z', 'updated_at': '2024-10-24T12:09:50Z', 'revision_number': 1}, Subnet: {'id': 'd2dd427b-cfb2-4756-b59a-4f280cacca9e', 'name': 'tempest-ServerTagsTestJSON-1209373016-subnet', 'tenant_id': 'd3ee6294864e4d6fa9abcf3199aa1083', 'network_id': '22a4dff3-d690-468b-ab8a-cc1e3e83709a', 'ip_version': 4, 'subnetpool_id': None, 'enable_dhcp': True, 'ipv6_ra_mode': None, 'ipv6_address_mode': None, 'gateway_ip': '192.168.128.1', 'cidr': '192.168.128.0/28', 'allocation_pools': [{'start': '192.168.128.2', 'end': '192.168.128.14'}], 'host_routes': [], 'dns_nameservers': [], 'description': '', 'router:external': False, 'service_types': [], 'tags': [], 'created_at': '2024-10-24T12:09:51Z', 'updated_at': '2024-10-24T12:09:51Z', 'revision_number': 0, 'project_id': 'd3ee6294864e4d6fa9abcf3199aa1083'}, Router: {'id': '63e8796a-ee6d-4d82-8aea-00dad358f0e4', 'name': 'tempest-ServerTagsTestJSON-1209373016-router', 'tenant_id': 'd3ee6294864e4d6fa9abcf3199aa1083', 'admin_state_up': True, 'status': 'ACTIVE', 'external_gateway_info': {'network_id': '611d0f1a-744c-400c-a15b-5738b29c4f6d', 'external_fixed_ips': [{'subnet_id': '15af82cb-1f59-4758-9f71-cd7cd1e30a5f', 'ip_address': '10.180.180.163'}], 'enable_snat': True}, 'description': '', 'availability_zones': [], 'distributed': False, 'ha': False, 'availability_zone_hints': [], 'routes': [], 'flavor_id': None, 'tags': [], 'created_at': '2024-10-24T12:09:51Z', 'updated_at': '2024-10-24T12:09:51Z', 'revision_number': 2, 'project_id': 'd3ee6294864e4d6fa9abcf3199aa1083'}
2024-10-24 12:09:54.521 63170 INFO tempest.lib.common.rest_client [req-08834eb7-720f-4c51-a4b2-bc373b3dee5c req-08834eb7-720f-4c51-a4b2-bc373b3dee5c ] Request (QuotasSecurityGroupAdminNegativeTest:setUpClass): 200 GET http://10.180.1.21/identity/v3/roles 0.019s
2024-10-24 12:09:54.559 63170 INFO tempest.lib.common.rest_client [req-41d81235-76c0-4188-825d-e67ee3b16409 req-41d81235-76c0-4188-825d-e67ee3b16409 ] Request (QuotasSecurityGroupAdminNegativeTest:setUpClass): 204 PUT http://10.180.1.21/identity/v3/projects/f91d4cf2c48048c386c657d91244ffb6/users/c83ea343badb4a938ca81355dab7dddb/roles/2176bb1050644aa0a0c53be75a01dd1f 0.037s
2024-10-24 12:09:54.580 63180 INFO tempest.lib.common.rest_client [req-ad0e3209-ab99-4b9e-a49a-7cafbef8e2a2 req-ad0e3209-ab99-4b9e-a49a-7cafbef8e2a2 ] Request (ServerDiskConfigTestJSON:test_rebuild_server_with_manual_disk_config): 200 GET http://10.180.1.21/compute/v2.1/servers/c5aaadb0-f9a1-4af9-b882-86d847185a19 0.485s
2024-10-24 12:09:54.594 63184 INFO tempest.lib.common.rest_client [req-0adb0326-aa0b-44c3-a47d-683f8f153ef1 req-0adb0326-aa0b-44c3-a47d-683f8f153ef1 ] Request (VolumesAdminNegativeTest:test_update_attached_volume_with_nonexistent_volume_in_uri): 200 GET http://10.180.1.21/compute/v2.1/servers/8bda7658-2b86-4869-89e2-b10d7119ae18 0.309s
2024-10-24 12:09:54.605 63156 INFO tempest.lib.common.rest_client [req-01ad869e-5f1e-4494-8365-486cd352b7ea req-01ad869e-5f1e-4494-8365-486cd352b7ea ] Request (ServerTagsTestJSON:setUpClass): 201 POST http://10.180.1.21/identity/v3/auth/tokens 0.085s
2024-10-24 12:09:54.613 63170 INFO tempest.lib.common.rest_client [req-84f19544-df76-4fff-9f0a-f7c2a7f9ffce req-84f19544-df76-4fff-9f0a-f7c2a7f9ffce ] Request (QuotasSecurityGroupAdminNegativeTest:setUpClass): 200 GET http://10.180.1.21/identity/v3/roles 0.053s
2024-10-24 12:09:54.629 63170 INFO tempest.lib.common.rest_client [req-9526c769-d82b-4a58-8bba-79bcf84e0603 req-9526c769-d82b-4a58-8bba-79bcf84e0603 ] Request (QuotasSecurityGroupAdminNegativeTest:setUpClass): 204 PUT http://10.180.1.21/identity/v3/projects/f91d4cf2c48048c386c657d91244ffb6/users/c83ea343badb4a938ca81355dab7dddb/roles/2176bb1050644aa0a0c53be75a01dd1f 0.016s
2024-10-24 12:09:54.629 63170 INFO tempest.lib.common.dynamic_creds [-] Dynamic test user c83ea343badb4a938ca81355dab7dddb is created with scope project and roles: ['admin']
2024-10-24 12:09:54.630 63170 INFO tempest.lib.common.dynamic_creds [-] Acquired dynamic creds: credentials: Credentials: {'domain_id': 'default', 'domain_name': 'Default', 'username': 'tempest-QuotasSecurityGroupAdminNegativeTest-536539946-project-admin', 'project_domain_id': 'default', 'project_domain_name': 'Default', 'project_id': 'f91d4cf2c48048c386c657d91244ffb6', 'project_name': 'tempest-QuotasSecurityGroupAdminNegativeTest-536539946', 'tenant_id': 'f91d4cf2c48048c386c657d91244ffb6', 'tenant_name': 'tempest-QuotasSecurityGroupAdminNegativeTest-536539946', 'user_domain_id': 'default', 'user_domain_name': 'Default', 'user_id': 'c83ea343badb4a938ca81355dab7dddb', 'system': None}, Network: None, Subnet: None, Router: None
2024-10-24 12:09:54.630 63170 INFO tempest.lib.common.dynamic_creds [-] Created isolated network resources for: credentials: Credentials: {'domain_id': 'default', 'domain_name': 'Default', 'username': 'tempest-QuotasSecurityGroupAdminNegativeTest-536539946-project-admin', 'project_domain_id': 'default', 'project_domain_name': 'Default', 'project_id': 'f91d4cf2c48048c386c657d91244ffb6', 'project_name': 'tempest-QuotasSecurityGroupAdminNegativeTest-536539946', 'tenant_id': 'f91d4cf2c48048c386c657d91244ffb6', 'tenant_name': 'tempest-QuotasSecurityGroupAdminNegativeTest-536539946', 'user_domain_id': 'default', 'user_domain_name': 'Default', 'user_id': 'c83ea343badb4a938ca81355dab7dddb', 'system': None}, Network: None, Subnet: None, Router: None
2024-10-24 12:09:54.658 63174 INFO tempest.lib.common.rest_client [req-34e15283-f721-4685-959a-ae8a91dab581 req-34e15283-f721-4685-959a-ae8a91dab581 ] Request (ServerDiagnosticsV248Test:tearDownClass): 200 GET http://10.180.1.21/compute/v2.1/servers/d5c90d13-41bc-4cca-abf3-5a5b13171a6f 0.279s
2024-10-24 12:09:54.660 63156 INFO tempest.lib.common.rest_client [req-4bd9bbe9-648c-4b94-9d33-71db55bc487f req-4bd9bbe9-648c-4b94-9d33-71db55bc487f ] Request (ServerTagsTestJSON:setUpClass): 201 POST http://10.180.1.21/identity/v3/auth/tokens 0.049s
2024-10-24 12:09:54.660 63156 INFO tempest.lib.common.fixed_network [-] (ServerTagsTestJSON:setUpClass) Found network {'id': '22a4dff3-d690-468b-ab8a-cc1e3e83709a', 'name': 'tempest-ServerTagsTestJSON-1209373016-network', 'tenant_id': 'd3ee6294864e4d6fa9abcf3199aa1083', 'admin_state_up': True, 'mtu': 8950, 'status': 'ACTIVE', 'subnets': [], 'shared': False, 'project_id': 'd3ee6294864e4d6fa9abcf3199aa1083', 'port_security_enabled': True, 'router:external': False, 'provider:network_type': 'vlan', 'provider:physical_network': 'default', 'provider:segmentation_id': 262, 'is_default': False, 'availability_zone_hints': [], 'availability_zones': [], 'ipv4_address_scope': None, 'ipv6_address_scope': None, 'description': '', 'tags': [], 'created_at': '2024-10-24T12:09:50Z', 'updated_at': '2024-10-24T12:09:50Z', 'revision_number': 1} available for tenant
2024-10-24 12:09:54.696 63182 INFO tempest.lib.common.rest_client [req-59f528d8-c74a-41cc-9468-da0358840274 req-59f528d8-c74a-41cc-9468-da0358840274 ] Request (SecurityGroupRulesNegativeTestJSON:test_create_security_group_rule_with_invalid_from_port): 200 POST http://10.180.1.21/compute/v2.1/os-security-groups 0.292s
2024-10-24 12:09:54.707 63170 INFO tempest.lib.common.rest_client [req-6cae821f-cc79-404e-8d47-b78de89f4720 req-6cae821f-cc79-404e-8d47-b78de89f4720 ] Request (QuotasSecurityGroupAdminNegativeTest:setUpClass): 201 POST http://10.180.1.21/identity/v3/auth/tokens 0.074s
2024-10-24 12:09:54.708 63170 WARNING tempest.lib.common.rest_client [-] Deprecated: "tenant_id" property is deprecated for removal, use "project_id" instead
2024-10-24 12:09:54.721 63152 INFO tempest.lib.common.rest_client [req-f0279068-8049-44d7-8616-828b854294ab req-f0279068-8049-44d7-8616-828b854294ab ] Request (KeyPairsV22TestJSON:_run_cleanups): 204 DELETE http://10.180.1.21/compute/v2.1/os-keypairs/tempest-keypair-1760169608 0.204s
2024-10-24 12:09:54.721 63166 INFO tempest.lib.common.rest_client [req-026701ae-3532-4ab0-9bce-a4814fab146a req-026701ae-3532-4ab0-9bce-a4814fab146a ] Request (ServerMetadataNegativeTestJSON:setUpClass): 200 GET http://10.180.1.21/compute/v2.1/servers/0419073e-5340-4805-a1e0-417ccf5fdd30 0.271s
2024-10-24 12:09:54.735 63164 INFO tempest.lib.common.rest_client [req-5636ff5a-6985-490f-beb3-9a1d9fca2beb req-5636ff5a-6985-490f-beb3-9a1d9fca2beb ] Request (ServerExternalEventsTest:tearDownClass): 200 GET http://10.180.1.21:9696/networking/v2.0/security-groups?tenant_id=b3828401ec074133afc4567d27227fc5&name=default 0.336s
2024-10-24 12:09:54.775 63190 INFO tempest.lib.common.rest_client [req-9c980c3a-d2b9-40e2-99d9-1564d8681fe8 req-9c980c3a-d2b9-40e2-99d9-1564d8681fe8 ] Request (ServersAdmin275Test:tearDownClass): 200 GET http://10.180.1.21/compute/v2.1/servers/3786cd93-1a50-4997-8894-840afa1c8417 0.206s
2024-10-24 12:09:54.775 63188 INFO tempest.lib.common.rest_client [req-27642d72-407f-4bc0-9c77-47c4b294cea0 req-27642d72-407f-4bc0-9c77-47c4b294cea0 ] Request (InstanceActionsTestJSON:setUpClass): 200 GET http://10.180.1.21/compute/v2.1/servers/5e695914-afa5-4f79-972d-852a4ac8aa20 0.258s
2024-10-24 12:09:54.811 63170 INFO tempest.lib.common.rest_client [req-c5361383-b3cd-4036-8e88-325f379a1a95 req-c5361383-b3cd-4036-8e88-325f379a1a95 ] Request (QuotasSecurityGroupAdminNegativeTest:tearDownClass): 204 DELETE http://10.180.1.21/identity/v3/users/d21486d23930451c9d6bd421212e89cc 0.100s
2024-10-24 12:09:54.821 63164 INFO tempest.lib.common.rest_client [req-67d884a7-5355-4dc8-8fc4-c418063a4650 req-67d884a7-5355-4dc8-8fc4-c418063a4650 ] Request (ServerExternalEventsTest:tearDownClass): 204 DELETE http://10.180.1.21:9696/networking/v2.0/security-groups/f24c72b3-d9f6-41e1-bc83-601b46bd41e9 0.086s
2024-10-24 12:09:54.828 63152 INFO tempest.lib.common.rest_client [req-1521a2dd-bafd-4f27-bc61-a53d1812bcfd req-1521a2dd-bafd-4f27-bc61-a53d1812bcfd ] Request (KeyPairsV22TestJSON:tearDownClass): 204 DELETE http://10.180.1.21/identity/v3/users/0c0f2ac23ecd479a8892a5a34bec6b93 0.105s
2024-10-24 12:09:54.829 63152 INFO tempest.lib.common.dynamic_creds [-] Deleting project and security group for project: 3f210ccc11fc466f9f62cb222f06c115
2024-10-24 12:09:54.834 63178 INFO tempest.lib.common.rest_client [req-09f81e84-380f-4f1c-aafd-4670fe90c1bd req-09f81e84-380f-4f1c-aafd-4670fe90c1bd ] Request (ServersTestJSON:setUpClass): 200 GET http://10.180.1.21/compute/v2.1/servers/62cfca0a-e8c6-4f94-8e6f-1136cfcf3089 0.243s
2024-10-24 12:09:54.834 63197 INFO tempest.lib.common.rest_client [req-657152fb-a3d3-4f8a-a0dc-819daa76b1c0 req-657152fb-a3d3-4f8a-a0dc-819daa76b1c0 ] Request (SecurityGroupRulesTestJSON:tearDownClass): 200 PUT http://10.180.1.21:9696/networking/v2.0/routers/bfa92286-01f1-4b57-b3fd-7116646c0506/remove_router_interface 1.063s
2024-10-24 12:09:54.891 63200 INFO tempest.lib.common.rest_client [req-93b52ada-f717-403c-ab6b-0bf29b33856b req-93b52ada-f717-403c-ab6b-0bf29b33856b ] Request (ServerShowV247Test:test_update_rebuild_list_server): 200 GET http://10.180.1.21/compute/v2.1/servers/f3509973-013e-45ce-87f9-357e782f26d7 0.219s
2024-10-24 12:09:54.910 63170 INFO tempest.lib.common.rest_client [req-c012006e-0915-4ea6-87c7-afe3527f09da req-c012006e-0915-4ea6-87c7-afe3527f09da ] Request (QuotasSecurityGroupAdminNegativeTest:tearDownClass): 204 DELETE http://10.180.1.21/identity/v3/users/c83ea343badb4a938ca81355dab7dddb 0.099s
2024-10-24 12:09:54.911 63170 INFO tempest.lib.common.dynamic_creds [-] Deleting project and security group for project: f91d4cf2c48048c386c657d91244ffb6
