2024-10-24 12:09:05.417 63154 INFO tempest.lib.common.rest_client [req-52308490-4c08-486d-9cfe-1c1460a34bbe req-52308490-4c08-486d-9cfe-1c1460a34bbe ] Request (FloatingIPsAssociationNegativeTestJSON:setUpClass): 201 POST http://10.180.1.21/identity/v3/auth/tokens 0.042s
2024-10-24 12:09:05.420 63204 INFO tempest.lib.common.rest_client [req-56472131-b32e-4a66-9169-5e70bfdf3dcf req-56472131-b32e-4a66-9169-5e70bfdf3dcf ] Request (HypervisorAdminNegativeUnderV252Test:test_show_servers_with_non_admin_user): 200 GET http://10.180.1.21/compute/v2.1/os-hypervisors 0.772s
2024-10-24 12:09:05.452 63154 INFO tempest.lib.common.rest_client [req-3250e0e5-5441-45ba-a640-e184bb913bac req-3250e0e5-5441-45ba-a640-e184bb913bac ] Request (FloatingIPsAssociationNegativeTestJSON:setUpClass): 200 GET http://10.180.1.21/identity/v3/domains?name=Default 0.034s
2024-10-24 12:09:05.465 63194 INFO tempest.lib.common.rest_client [req-9948a75e-1e70-4d8c-a727-591644ca0e2b req-9948a75e-1e70-4d8c-a727-591644ca0e2b ] Request (HostsAdminTestJSON:tearDownClass): 200 GET http://10.180.1.21:9696/networking/v2.0/security-groups?tenant_id=12234c0f96984814b47e63bd1abbcfd9&name=default 0.269s
2024-10-24 12:09:05.480 63190 INFO tempest.lib.common.rest_client [req-9f92bcc6-d4e6-4b7f-bbeb-7d9d03d128df req-9f92bcc6-d4e6-4b7f-bbeb-7d9d03d128df ] Request (ServersAdmin275Test:test_rebuild_update_server_275): 200 GET http://10.180.1.21/compute/v2.1/servers/3786cd93-1a50-4997-8894-840afa1c8417 0.888s
2024-10-24 12:09:05.506 63206 INFO tempest.lib.common.rest_client [req-95f2705d-1870-4ff7-8a34-43ca3d506356 req-95f2705d-1870-4ff7-8a34-43ca3d506356 ] Request (VolumesAssistedSnapshotsTest:test_volume_assisted_snapshot_create_delete): 201 POST http://10.180.1.21/identity/v3/auth/tokens 0.087s
2024-10-24 12:09:05.507 63206 INFO tempest.lib.common.fixed_network [-] (VolumesAssistedSnapshotsTest:test_volume_assisted_snapshot_create_delete) Found network {'id': 'b4c68cca-d74f-4312-a2cc-015389a13e52', 'name': 'tempest-VolumesAssistedSnapshotsTest-1661947090-network', 'tenant_id': '57c073e6f15346bc8ca0d83b89bb167e', 'admin_state_up': True, 'mtu': 8950, 'status': 'ACTIVE', 'subnets': [], 'shared': False, 'project_id': '57c073e6f15346bc8ca0d83b89bb167e', 'port_security_enabled': True, 'router:external': False, 'provider:network_type': 'vlan', 'provider:physical_network': 'default', 'provider:segmentation_id': 342, 'is_default': False, 'availability_zone_hints': [], 'availability_zones': [], 'ipv4_address_scope': None, 'ipv6_address_scope': None, 'description': '', 'tags': [], 'created_at': '2024-10-24T12:08:43Z', 'updated_at': '2024-10-24T12:08:43Z', 'revision_number': 1} available for tenant
2024-10-24 12:09:05.516 63170 INFO tempest.lib.common.rest_client [req-f424497a-69f9-4752-9dde-69e7806fe7ae req-f424497a-69f9-4752-9dde-69e7806fe7ae ] Request (FlavorsAdminTestJSON:_run_cleanups): 202 DELETE http://10.180.1.21/compute/v2.1/flavors/3d76df34-117e-4f88-bdba-729fd2201835 0.831s
2024-10-24 12:09:05.523 63150 INFO tempest.lib.common.rest_client [req-9d1a375f-6fb9-4481-9aa8-21c6c37930c3 req-9d1a375f-6fb9-4481-9aa8-21c6c37930c3 ] Request (HostsAdminNegativeTestJSON:test_update_host_with_invalid_status): 400 PUT http://10.180.1.21/compute/v2.1/os-hosts/devstack 0.818s
2024-10-24 12:09:05.542 63154 INFO tempest.lib.common.rest_client [req-bfe86417-14c2-4ec0-a796-374819579370 req-bfe86417-14c2-4ec0-a796-374819579370 ] Request (FloatingIPsAssociationNegativeTestJSON:setUpClass): 201 POST http://10.180.1.21/identity/v3/projects 0.089s
2024-10-24 12:09:05.546 63188 INFO tempest.lib.common.rest_client [req-95a3cd6e-f2df-46a7-9bbf-8f02f3a401dc req-95a3cd6e-f2df-46a7-9bbf-8f02f3a401dc ] Request (FlavorsAccessTestJSON:tearDownClass): 204 DELETE http://10.180.1.21:9696/networking/v2.0/security-groups/4e465294-216c-4f89-9ded-dee40ed54266 0.163s
2024-10-24 12:09:05.549 63168 INFO tempest.lib.common.rest_client [req-e81bb955-bf22-40ab-9db6-b8cf7d2698e2 req-e81bb955-bf22-40ab-9db6-b8cf7d2698e2 ] Request (AggregatesAdminNegativeTestJSON:test_aggregate_add_non_exist_host): 404 POST http://10.180.1.21/compute/v2.1/os-aggregates/3/action 0.816s
2024-10-24 12:09:05.595 63156 INFO tempest.lib.common.rest_client [req-231b0463-2671-422e-9545-d7c67ecb5da1 req-231b0463-2671-422e-9545-d7c67ecb5da1 ] Request (FlavorsAccessNegativeTestJSON:test_flavor_non_admin_add): 403 POST http://10.180.1.21/compute/v2.1/flavors/1845581700/action 0.923s
2024-10-24 12:09:05.598 63194 INFO tempest.lib.common.rest_client [req-1cf9586b-f2da-47b5-a54c-e471e3eac302 req-1cf9586b-f2da-47b5-a54c-e471e3eac302 ] Request (HostsAdminTestJSON:tearDownClass): 204 DELETE http://10.180.1.21:9696/networking/v2.0/security-groups/f04bebec-2d7e-4485-8976-2e3f22424119 0.132s
2024-10-24 12:09:05.622 63154 INFO tempest.lib.common.rest_client [req-5edd33a4-4091-42ab-b033-e96f01ec2924 req-5edd33a4-4091-42ab-b033-e96f01ec2924 ] Request (FloatingIPsAssociationNegativeTestJSON:setUpClass): 201 POST http://10.180.1.21/identity/v3/users 0.080s
2024-10-24 12:09:05.657 63188 INFO tempest.lib.common.rest_client [req-d2f252dc-9027-4966-a44e-bead9202b0e2 req-d2f252dc-9027-4966-a44e-bead9202b0e2 ] Request (FlavorsAccessTestJSON:tearDownClass): 204 DELETE http://10.180.1.21/identity/v3/projects/3f70e3b5ee7843628aa82dcca23bd2d0 0.111s
2024-10-24 12:09:05.713 63202 INFO tempest.lib.common.rest_client [req-ada863f0-adc5-4e2e-bbdb-631cf957f0af req-ada863f0-adc5-4e2e-bbdb-631cf957f0af ] Request (ServerActionsV293TestJSON:setUpClass): 200 GET http://10.180.1.21/volume/v3/volumes/87946414-ae37-4cfd-b8b8-fd2a7c3942c4 0.037s
2024-10-24 12:09:05.740 63194 INFO tempest.lib.common.rest_client [req-2160dbb5-2ace-4adb-ad04-925e1149dbf3 req-2160dbb5-2ace-4adb-ad04-925e1149dbf3 ] Request (HostsAdminTestJSON:tearDownClass): 204 DELETE http://10.180.1.21/identity/v3/projects/12234c0f96984814b47e63bd1abbcfd9 0.142s
2024-10-24 12:09:05.740 63194 INFO tempest.lib.common.dynamic_creds [-] Deleting project and security group for project: 4b1b1e511ccc4704965b7ea10ff876db
2024-10-24 12:09:05.799 63197 INFO tempest.lib.common.rest_client [req-e59599a9-eeee-49f6-9e3f-63d3be08b595 req-e59599a9-eeee-49f6-9e3f-63d3be08b595 ] Request (FloatingIPDetailsNegativeTestJSON:test_get_nonexistent_floating_ip_details): 404 GET http://10.180.1.21/compute/v2.1/os-floating-ips/d4b808c1-02fc-4ddb-b7b5-7c52ef9628cc 0.910s
2024-10-24 12:09:05.837 63154 INFO tempest.lib.common.rest_client [req-a62eeb82-a3a6-4bf4-b28b-4f9f1d31e599 req-a62eeb82-a3a6-4bf4-b28b-4f9f1d31e599 ] Request (FloatingIPsAssociationNegativeTestJSON:setUpClass): 200 GET http://10.180.1.21/identity/v3/roles 0.214s
2024-10-24 12:09:05.877 63154 INFO tempest.lib.common.rest_client [req-df04a1b3-e319-4166-9177-5799626b1f84 req-df04a1b3-e319-4166-9177-5799626b1f84 ] Request (FloatingIPsAssociationNegativeTestJSON:setUpClass): 204 PUT http://10.180.1.21/identity/v3/projects/0d0af14f259b4f748bdf079156c5561f/users/86ccf67d949f4586b023ee45005e22dc/roles/70c8c899908b4e47b078dd06c45f6846 0.038s
2024-10-24 12:09:05.877 63154 INFO tempest.lib.common.dynamic_creds [-] Dynamic test user 86ccf67d949f4586b023ee45005e22dc is created with scope project and roles: ['member']
2024-10-24 12:09:05.877 63154 INFO tempest.lib.common.dynamic_creds [-] Acquired dynamic creds: credentials: Credentials: {'domain_id': 'default', 'domain_name': 'Default', 'username': 'tempest-FloatingIPsAssociationNegativeTestJSON-797914257-project-member', 'project_domain_id': 'default', 'project_domain_name': 'Default', 'project_id': '0d0af14f259b4f748bdf079156c5561f', 'project_name': 'tempest-FloatingIPsAssociationNegativeTestJSON-797914257', 'tenant_id': '0d0af14f259b4f748bdf079156c5561f', 'tenant_name': 'tempest-FloatingIPsAssociationNegativeTestJSON-797914257', 'user_domain_id': 'default', 'user_domain_name': 'Default', 'user_id': '86ccf67d949f4586b023ee45005e22dc', 'system': None}, Network: None, Subnet: None, Router: None
2024-10-24 12:09:05.877 63188 INFO tempest.lib.common.rest_client [req-8c73bc12-76bb-4ffc-9dd6-e7b7fd911cb3 req-8c73bc12-76bb-4ffc-9dd6-e7b7fd911cb3 ] Request (FlavorsV255TestJSON:setUpClass): 201 POST http://10.180.1.21/identity/v3/auth/tokens 0.218s
2024-10-24 12:09:05.928 63194 INFO tempest.lib.common.rest_client [req-0b1da40b-83fe-4f4f-8c46-e83f79331b77 req-0b1da40b-83fe-4f4f-8c46-e83f79331b77 ] Request (HostsAdminTestJSON:tearDownClass): 200 GET http://10.180.1.21:9696/networking/v2.0/security-groups?tenant_id=4b1b1e511ccc4704965b7ea10ff876db&name=default 0.188s
2024-10-24 12:09:05.956 63154 INFO tempest.lib.common.rest_client [req-fe678ff3-67a5-4e98-b506-d56d7809d2cb req-fe678ff3-67a5-4e98-b506-d56d7809d2cb ] Request (FloatingIPsAssociationNegativeTestJSON:setUpClass): 201 POST http://10.180.1.21/identity/v3/auth/tokens 0.078s
2024-10-24 12:09:05.963 63166 INFO tempest.lib.common.rest_client [req-843d024b-d4fc-4641-baa7-afe61d4ab14a req-843d024b-d4fc-4641-baa7-afe61d4ab14a ] Request (QuotasAdminTestJSON:test_get_updated_quotas): 200 PUT http://10.180.1.21/compute/v2.1/os-quota-sets/219156596e184ef9abebc20b11f96a85?user_id=8ccdea275d634e6bbf98d5aa1f8bc2d1 1.138s
2024-10-24 12:09:05.984 63212 INFO tempest.lib.common.rest_client [req-15fe10b0-90ce-4108-bf1c-9ee07d6ff5bf req-15fe10b0-90ce-4108-bf1c-9ee07d6ff5bf ] Request (ServicesAdminNegativeTestJSON:test_get_service_by_invalid_params): 200 GET http://10.180.1.21/compute/v2.1/os-services?xxx=nova-compute 1.047s
2024-10-24 12:09:06.000 63188 INFO tempest.lib.common.rest_client [req-a797b83e-6917-46a0-88ca-774fc06d2b70 req-a797b83e-6917-46a0-88ca-774fc06d2b70 ] Request (FlavorsV255TestJSON:setUpClass): 201 POST http://10.180.1.21/identity/v3/auth/tokens 0.121s
2024-10-24 12:09:06.024 63184 INFO tempest.lib.common.rest_client [req-76ecf71c-21a2-4ce5-92ba-7d216b493203 req-76ecf71c-21a2-4ce5-92ba-7d216b493203 ] Request (VolumesAdminNegativeTest:test_update_attached_volume_with_nonexistent_volume_in_body): 200 GET http://10.180.1.21/compute/v2.1/servers/c78502a7-266d-49cf-9d50-cc89ed266647 1.120s
2024-10-24 12:09:06.026 63188 INFO tempest.lib.common.rest_client [req-94e41fae-94d5-4edd-80ad-6ae52e7e3fac req-94e41fae-94d5-4edd-80ad-6ae52e7e3fac ] Request (FlavorsV255TestJSON:setUpClass): 200 GET http://10.180.1.21/identity/v3/domains?name=Default 0.025s
2024-10-24 12:09:06.052 63208 INFO tempest.lib.common.rest_client [req-6f02df88-d6eb-486c-b98f-68ea4c0cb171 req-6f02df88-d6eb-486c-b98f-68ea4c0cb171 ] Request (FloatingIPsNegativeTestJSON:setUpClass): 200 PUT http://10.180.1.21:9696/networking/v2.0/routers/028994db-c1e5-42aa-96f9-13e7e9018389/add_router_interface 1.869s
2024-10-24 12:09:06.053 63208 INFO tempest.lib.common.dynamic_creds [-] Created isolated network resources for: credentials: Credentials: {'domain_id': 'default', 'domain_name': 'Default', 'username': 'tempest-FloatingIPsNegativeTestJSON-800716323-project-member', 'project_domain_id': 'default', 'project_domain_name': 'Default', 'project_id': '2130b0fe3f2d44d981a3b3398ceb794a', 'project_name': 'tempest-FloatingIPsNegativeTestJSON-800716323', 'tenant_id': '2130b0fe3f2d44d981a3b3398ceb794a', 'tenant_name': 'tempest-FloatingIPsNegativeTestJSON-800716323', 'user_domain_id': 'default', 'user_domain_name': 'Default', 'user_id': '2f1e6a3d0a554286895823cb18111b3e', 'system': None}, Network: {'id': '5c211673-e68e-47dd-8bdd-fa8ae061af20', 'name': 'tempest-FloatingIPsNegativeTestJSON-1333636120-network', 'tenant_id': '2130b0fe3f2d44d981a3b3398ceb794a', 'admin_state_up': True, 'mtu': 8950, 'status': 'ACTIVE', 'subnets': [], 'shared': False, 'project_id': '2130b0fe3f2d44d981a3b3398ceb794a', 'port_security_enabled': True, 'router:external': False, 'provider:network_type': 'vlan', 'provider:physical_network': 'default', 'provider:segmentation_id': 793, 'is_default': False, 'availability_zone_hints': [], 'availability_zones': [], 'ipv4_address_scope': None, 'ipv6_address_scope': None, 'description': '', 'tags': [], 'created_at': '2024-10-24T12:09:01Z', 'updated_at': '2024-10-24T12:09:01Z', 'revision_number': 1}, Subnet: {'id': '7b5d4bb2-8f00-40e9-a534-e56dd00b32c4', 'name': 'tempest-FloatingIPsNegativeTestJSON-1333636120-subnet', 'tenant_id': '2130b0fe3f2d44d981a3b3398ceb794a', 'network_id': '5c211673-e68e-47dd-8bdd-fa8ae061af20', 'ip_version': 4, 'subnetpool_id': None, 'enable_dhcp': True, 'ipv6_ra_mode': None, 'ipv6_address_mode': None, 'gateway_ip': '192.168.128.1', 'cidr': '192.168.128.0/28', 'allocation_pools': [{'start': '192.168.128.2', 'end': '192.168.128.14'}], 'host_routes': [], 'dns_nameservers': [], 'description': '', 'router:external': False, 'service_types': [], 'tags': [], 'created_at': '2024-10-24T12:09:01Z', 'updated_at': '2024-10-24T12:09:01Z', 'revision_number': 0, 'project_id': '2130b0fe3f2d44d981a3b3398ceb794a'}, Router: {'id': '028994db-c1e5-42aa-96f9-13e7e9018389', 'name': 'tempest-FloatingIPsNegativeTestJSON-1333636120-router', 'tenant_id': '2130b0fe3f2d44d981a3b3398ceb794a', 'admin_state_up': True, 'status': 'ACTIVE', 'external_gateway_info': {'network_id': '611d0f1a-744c-400c-a15b-5738b29c4f6d', 'external_fixed_ips': [{'subnet_id': '15af82cb-1f59-4758-9f71-cd7cd1e30a5f', 'ip_address': '10.180.180.136'}], 'enable_snat': True}, 'description': '', 'availability_zones': [], 'distributed': False, 'ha': False, 'availability_zone_hints': [], 'routes': [], 'flavor_id': None, 'tags': [], 'created_at': '2024-10-24T12:09:02Z', 'updated_at': '2024-10-24T12:09:03Z', 'revision_number': 2, 'project_id': '2130b0fe3f2d44d981a3b3398ceb794a'}
2024-10-24 12:09:06.066 63188 INFO tempest.lib.common.rest_client [req-9ba0edfb-fb75-4fa0-809b-bd1e812e62ba req-9ba0edfb-fb75-4fa0-809b-bd1e812e62ba ] Request (FlavorsV255TestJSON:setUpClass): 201 POST http://10.180.1.21/identity/v3/projects 0.039s
2024-10-24 12:09:06.085 63180 INFO tempest.lib.common.rest_client [req-4dcd73fe-bbfa-471e-8caa-3570e8e069c3 req-4dcd73fe-bbfa-471e-8caa-3570e8e069c3 ] Request (ServerDiskConfigTestJSON:test_rebuild_server_with_auto_disk_config): 200 GET http://10.180.1.21/compute/v2.1/servers/df6047b8-8e4b-48e2-ae54-f5fda0aa77da 0.961s
2024-10-24 12:09:06.095 63186 INFO tempest.lib.common.rest_client [req-37a0c6db-9b74-44fe-bcd2-878ebbefd6cc req-37a0c6db-9b74-44fe-bcd2-878ebbefd6cc ] Request (ImagesNegativeTestJSON:test_create_image_from_deleted_server): 200 GET http://10.180.1.21/compute/v2.1/servers/3db8507b-52b8-4eeb-b801-56e817c3b728 1.053s
2024-10-24 12:09:06.113 63200 INFO tempest.lib.common.rest_client [req-a0aa3aaf-4d99-42ac-8c2d-4e56fdb837f3 req-a0aa3aaf-4d99-42ac-8c2d-4e56fdb837f3 ] Request (HypervisorAdminV253TestBase:test_list_show_detail_hypervisors): 200 GET http://10.180.1.21/compute/v2.1/os-hypervisors/8e1b3185-5ae3-4780-aee8-c507b157ad13 0.838s
2024-10-24 12:09:06.153 63208 INFO tempest.lib.common.rest_client [req-7502fadb-afa8-47fc-96ee-4508cf8f139d req-7502fadb-afa8-47fc-96ee-4508cf8f139d ] Request (FloatingIPsNegativeTestJSON:setUpClass): 201 POST http://10.180.1.21/identity/v3/auth/tokens 0.093s
2024-10-24 12:09:06.173 63188 INFO tempest.lib.common.rest_client [req-4328e475-5874-4a95-a415-cbc776d9d6c7 req-4328e475-5874-4a95-a415-cbc776d9d6c7 ] Request (FlavorsV255TestJSON:setUpClass): 201 POST http://10.180.1.21/identity/v3/users 0.105s
2024-10-24 12:09:06.207 63160 INFO tempest.lib.common.rest_client [req-0e21a545-09b1-4951-a8b8-8be2b836fba3 req-0e21a545-09b1-4951-a8b8-8be2b836fba3 ] Request (MigrationsAdminTest:test_list_migrations_in_flavor_resize_situation): 200 GET http://10.180.1.21/compute/v2.1/servers/a8761350-3044-4822-8221-ed108e21cd62 0.892s
2024-10-24 12:09:06.248 63162 INFO tempest.lib.common.rest_client [req-11ea265c-b109-40b8-849b-75b01add914c req-11ea265c-b109-40b8-849b-75b01add914c ] Request (ValidationResourcesFixture:setUp): 200 POST http://10.180.1.21/compute/v2.1/os-keypairs 0.902s
2024-10-24 12:09:06.277 63182 INFO tempest.lib.common.rest_client [req-bdcc4c8f-eb54-4fea-9151-361dab144cdb req-bdcc4c8f-eb54-4fea-9151-361dab144cdb ] Request (ServicesAdminNegativeV253TestJSON:test_get_service_with_valid_service_and_invalid_host): 200 GET http://10.180.1.21/compute/v2.1/os-services?host=xxx&binary=nova-scheduler 0.898s
2024-10-24 12:09:06.292 63210 INFO tempest.lib.common.rest_client [req-9e296cc9-f78d-4fd1-9d18-cfa924edc2a5 req-9e296cc9-f78d-4fd1-9d18-cfa924edc2a5 ] Request (FlavorsExtraSpecsTestJSON:test_flavor_set_get_update_show_unset_keys): 200 GET http://10.180.1.21/compute/v2.1/flavors/759382198/os-extra_specs 0.903s
2024-10-24 12:09:06.298 63200 INFO tempest.lib.common.rest_client [req-d4684752-d7a8-4cc7-80ba-0e850b3219d6 req-d4684752-d7a8-4cc7-80ba-0e850b3219d6 ] Request (HypervisorAdminV253TestBase:tearDownClass): 204 DELETE http://10.180.1.21/identity/v3/users/bd993f9b1fe64e5687293b7309f5d2a5 0.174s
2024-10-24 12:09:06.302 63194 INFO tempest.lib.common.rest_client [req-e659ae12-8287-4b80-b40b-5eb2f4f0b6f0 req-e659ae12-8287-4b80-b40b-5eb2f4f0b6f0 ] Request (HostsAdminTestJSON:tearDownClass): 204 DELETE http://10.180.1.21:9696/networking/v2.0/security-groups/0f494360-5e3f-4ad2-933e-dece91075b82 0.373s
2024-10-24 12:09:06.312 63192 INFO tempest.lib.common.rest_client [req-dd473555-8f1b-4f4f-9591-2bb0bac1ad59 req-dd473555-8f1b-4f4f-9591-2bb0bac1ad59 ] Request (FlavorsExtraSpecsNegativeTestJSON:tearDownClass): 200 GET http://10.180.1.21/compute/v2.1/flavors/detail 0.919s
2024-10-24 12:09:06.319 63204 INFO tempest.lib.common.rest_client [req-dfd92cad-1015-43b0-99d4-7f60d05de16a req-dfd92cad-1015-43b0-99d4-7f60d05de16a ] Request (HypervisorAdminNegativeUnderV252Test:test_show_servers_with_non_admin_user): 403 GET http://10.180.1.21/compute/v2.1/os-hypervisors/1/servers 0.897s
2024-10-24 12:09:06.407 63188 INFO tempest.lib.common.rest_client [req-556515c3-ac73-4383-916f-350d9e03e142 req-556515c3-ac73-4383-916f-350d9e03e142 ] Request (FlavorsV255TestJSON:setUpClass): 200 GET http://10.180.1.21/identity/v3/roles 0.233s
2024-10-24 12:09:06.423 63198 INFO tempest.lib.common.rest_client [req-ed849ba5-f0eb-40db-80d7-c396bebb4f01 req-ed849ba5-f0eb-40db-80d7-c396bebb4f01 ] Request (QuotasAdminNegativeTest:test_create_server_when_memory_quota_is_full): 200 PUT http://10.180.1.21/compute/v2.1/os-quota-sets/1d2273c70814407e948fbf87071475e2 1.231s
2024-10-24 12:09:06.436 63162 INFO tempest.lib.common.rest_client [req-62437347-e478-435a-8946-8650791273c1 req-62437347-e478-435a-8946-8650791273c1 ] Request (ValidationResourcesFixture:setUp): 201 POST http://10.180.1.21:9696/networking/v2.0/security-groups 0.186s
2024-10-24 12:09:06.496 63200 INFO tempest.lib.common.rest_client [req-87b9559f-a81f-4515-a97d-c6253b18fe5e req-87b9559f-a81f-4515-a97d-c6253b18fe5e ] Request (HypervisorAdminV253TestBase:tearDownClass): 204 DELETE http://10.180.1.21/identity/v3/users/705cb3f8bb5a4dd58cf90ac59be8793d 0.197s
2024-10-24 12:09:06.497 63200 INFO tempest.lib.common.dynamic_creds [-] Deleting project and security group for project: 12bfa4147ed2484f988913cf5a4922a7
2024-10-24 12:09:06.518 63176 INFO tempest.lib.common.rest_client [req-c99dbeec-288f-49d0-a905-1eff849a929f req-c99dbeec-288f-49d0-a905-1eff849a929f ] Request (ImagesOneServerNegativeTestJSON:setUpClass): 200 GET http://10.180.1.21/compute/v2.1/servers/33f4159e-4181-4345-a716-0dfc409cee78 1.009s
2024-10-24 12:09:06.539 63194 INFO tempest.lib.common.rest_client [req-63e3855b-efe9-4294-b09e-8ec7ff85f21f req-63e3855b-efe9-4294-b09e-8ec7ff85f21f ] Request (HostsAdminTestJSON:tearDownClass): 204 DELETE http://10.180.1.21/identity/v3/projects/4b1b1e511ccc4704965b7ea10ff876db 0.236s
2024-10-24 12:09:06.547 63170 INFO tempest.lib.common.rest_client [req-97ec9065-61f4-42b3-8b0b-16ff6e7fd5c7 req-97ec9065-61f4-42b3-8b0b-16ff6e7fd5c7 ] Request (FlavorsAdminTestJSON:_run_cleanups): 200 GET http://10.180.1.21/compute/v2.1/flavors/detail 1.029s
2024-10-24 12:09:06.555 63150 INFO tempest.lib.common.rest_client [req-c35623ef-9e57-4a12-b7f0-b17e8bbd626f req-c35623ef-9e57-4a12-b7f0-b17e8bbd626f ] Request (HostsAdminNegativeTestJSON:test_update_host_with_non_admin_user): 403 PUT http://10.180.1.21/compute/v2.1/os-hosts/devstack 1.031s
2024-10-24 12:09:06.587 63168 INFO tempest.lib.common.rest_client [req-eb6f4f30-8441-4b96-9ccc-8afb24e3ef8a req-eb6f4f30-8441-4b96-9ccc-8afb24e3ef8a ] Request (AggregatesAdminNegativeTestJSON:_run_cleanups): 200 DELETE http://10.180.1.21/compute/v2.1/os-aggregates/3 1.037s
2024-10-24 12:09:06.605 63156 INFO tempest.lib.common.rest_client [req-da54454c-3791-44af-8685-787b0f23755b req-da54454c-3791-44af-8685-787b0f23755b ] Request (FlavorsAccessNegativeTestJSON:_run_cleanups): 202 DELETE http://10.180.1.21/compute/v2.1/flavors/1845581700 1.009s
2024-10-24 12:09:06.630 63188 INFO tempest.lib.common.rest_client [req-523f3550-8813-4e93-b9c9-60bfc72f0c3a req-523f3550-8813-4e93-b9c9-60bfc72f0c3a ] Request (FlavorsV255TestJSON:setUpClass): 204 PUT http://10.180.1.21/identity/v3/projects/c411d4823fa54ab4b54b8ee94578b947/users/d1d36e61bd734b66b7388a718a40d6cc/roles/70c8c899908b4e47b078dd06c45f6846 0.223s
2024-10-24 12:09:06.630 63188 INFO tempest.lib.common.dynamic_creds [-] Dynamic test user d1d36e61bd734b66b7388a718a40d6cc is created with scope project and roles: ['member']
2024-10-24 12:09:06.630 63188 INFO tempest.lib.common.dynamic_creds [-] Acquired dynamic creds: credentials: Credentials: {'domain_id': 'default', 'domain_name': 'Default', 'username': 'tempest-FlavorsV255TestJSON-1839604801-project-member', 'project_domain_id': 'default', 'project_domain_name': 'Default', 'project_id': 'c411d4823fa54ab4b54b8ee94578b947', 'project_name': 'tempest-FlavorsV255TestJSON-1839604801', 'tenant_id': 'c411d4823fa54ab4b54b8ee94578b947', 'tenant_name': 'tempest-FlavorsV255TestJSON-1839604801', 'user_domain_id': 'default', 'user_domain_name': 'Default', 'user_id': 'd1d36e61bd734b66b7388a718a40d6cc', 'system': None}, Network: None, Subnet: None, Router: None
2024-10-24 12:09:06.631 63188 INFO tempest.lib.common.dynamic_creds [-] Created isolated network resources for: credentials: Credentials: {'domain_id': 'default', 'domain_name': 'Default', 'username': 'tempest-FlavorsV255TestJSON-1839604801-project-member', 'project_domain_id': 'default', 'project_domain_name': 'Default', 'project_id': 'c411d4823fa54ab4b54b8ee94578b947', 'project_name': 'tempest-FlavorsV255TestJSON-1839604801', 'tenant_id': 'c411d4823fa54ab4b54b8ee94578b947', 'tenant_name': 'tempest-FlavorsV255TestJSON-1839604801', 'user_domain_id': 'default', 'user_domain_name': 'Default', 'user_id': 'd1d36e61bd734b66b7388a718a40d6cc', 'system': None}, Network: None, Subnet: None, Router: None
2024-10-24 12:09:06.643 63162 INFO tempest.lib.common.rest_client [req-6e1d1331-1251-4511-b3e8-1ce3387fa722 req-6e1d1331-1251-4511-b3e8-1ce3387fa722 ] Request (ValidationResourcesFixture:setUp): 201 POST http://10.180.1.21:9696/networking/v2.0/security-group-rules 0.206s
2024-10-24 12:09:06.698 63178 INFO tempest.lib.common.rest_client [req-a956c012-4206-4adb-a9b9-2bb6824addcb req-a956c012-4206-4adb-a9b9-2bb6824addcb ] Request (AttachInterfacesUnderV243Test:test_add_remove_fixed_ip): 200 GET http://10.180.1.21/compute/v2.1/servers/a7ee1dbd-73d2-46be-bf43-008eebcd64e9 1.055s
2024-10-24 12:09:06.704 63192 INFO tempest.lib.common.rest_client [req-480a6b89-7e16-467f-80f7-f40fefa1cac3 req-480a6b89-7e16-467f-80f7-f40fefa1cac3 ] Request (FlavorsExtraSpecsNegativeTestJSON:tearDownClass): 204 DELETE http://10.180.1.21/identity/v3/users/96626d5f8dea4dd1b86cd61af98956a2 0.384s
2024-10-24 12:09:06.705 63198 INFO tempest.lib.common.rest_client [req-7eee7d54-ffba-43f2-b492-e86cea86a317 req-7eee7d54-ffba-43f2-b492-e86cea86a317 ] Request (QuotasAdminNegativeTest:test_create_server_when_memory_quota_is_full): 201 POST http://10.180.1.21/identity/v3/auth/tokens 0.264s
2024-10-24 12:09:06.707 63198 INFO tempest.lib.common.fixed_network [-] (QuotasAdminNegativeTest:test_create_server_when_memory_quota_is_full) Found network None available for tenant
2024-10-24 12:09:06.758 63200 INFO tempest.lib.common.rest_client [req-63d0076e-696d-4f5f-a02a-4f969d85c702 req-63d0076e-696d-4f5f-a02a-4f969d85c702 ] Request (HypervisorAdminV253TestBase:tearDownClass): 201 POST http://10.180.1.21/identity/v3/auth/tokens 0.260s
2024-10-24 12:09:06.762 63202 INFO tempest.lib.common.rest_client [req-57e5a1bd-904f-4bfd-b5d0-9ad3eaf1a419 req-57e5a1bd-904f-4bfd-b5d0-9ad3eaf1a419 ] Request (ServerActionsV293TestJSON:setUpClass): 200 GET http://10.180.1.21/volume/v3/volumes/87946414-ae37-4cfd-b8b8-fd2a7c3942c4 0.040s
2024-10-24 12:09:06.764 63164 INFO tempest.lib.common.rest_client [req-6f36ab02-aaa5-475f-a334-cf1b5b44c2df req-6f36ab02-aaa5-475f-a334-cf1b5b44c2df ] Request (ServerExternalEventsTest:test_create_server_external_events): 200 GET http://10.180.1.21/compute/v2.1/servers/16b4e8bd-d84f-45a6-b531-3200ea545931 1.005s
2024-10-24 12:09:06.777 63162 INFO tempest.lib.common.rest_client [req-b8357b81-5a62-40a2-8307-06cb5202cf7d req-b8357b81-5a62-40a2-8307-06cb5202cf7d ] Request (ValidationResourcesFixture:setUp): 201 POST http://10.180.1.21:9696/networking/v2.0/security-group-rules 0.134s
2024-10-24 12:09:06.782 63194 INFO tempest.lib.common.rest_client [req-60d79271-cc98-44e9-9a42-aa41ff7b4724 req-60d79271-cc98-44e9-9a42-aa41ff7b4724 ] Request (SecurityGroupsTestAdminJSON:setUpClass): 201 POST http://10.180.1.21/identity/v3/auth/tokens 0.240s
2024-10-24 12:09:06.826 63158 INFO tempest.lib.common.rest_client [req-c01480cb-eee7-4582-8cc7-2e5869ecbc6d req-c01480cb-eee7-4582-8cc7-2e5869ecbc6d ] Request (ServerDiagnosticsNegativeTest:test_get_server_diagnostics_by_non_admin): 200 GET http://10.180.1.21/compute/v2.1/servers/b100dbb2-7e2e-43da-bb5f-e31c6676d1bd 0.974s
2024-10-24 12:09:06.833 63188 INFO tempest.lib.common.rest_client [req-d6dd1621-4fe9-4d68-98b7-cb6c423fe657 req-d6dd1621-4fe9-4d68-98b7-cb6c423fe657 ] Request (FlavorsV255TestJSON:setUpClass): 201 POST http://10.180.1.21/identity/v3/auth/tokens 0.198s
2024-10-24 12:09:06.838 63154 INFO tempest.lib.common.rest_client [req-0b6db98b-99b2-45ce-b5d8-d72231938848 req-0b6db98b-99b2-45ce-b5d8-d72231938848 ] Request (FloatingIPsAssociationNegativeTestJSON:setUpClass): 201 POST http://10.180.1.21:9696/networking/v2.0/networks 0.878s
2024-10-24 12:09:06.850 63192 INFO tempest.lib.common.rest_client [req-0c8afd56-2068-4d8b-8db0-4bf9dcc06c76 req-0c8afd56-2068-4d8b-8db0-4bf9dcc06c76 ] Request (FlavorsExtraSpecsNegativeTestJSON:tearDownClass): 204 DELETE http://10.180.1.21/identity/v3/users/e0f4bc2768e84a5d87ca8a8a36bd1576 0.145s
2024-10-24 12:09:06.850 63192 INFO tempest.lib.common.dynamic_creds [-] Deleting project and security group for project: 12f3477ecd1640798b8ac7f8d00c7a22
2024-10-24 12:09:06.925 63194 INFO tempest.lib.common.rest_client [req-5dd14b27-7b52-45d9-a2be-0087dc6640d0 req-5dd14b27-7b52-45d9-a2be-0087dc6640d0 ] Request (SecurityGroupsTestAdminJSON:setUpClass): 201 POST http://10.180.1.21/identity/v3/auth/tokens 0.139s
2024-10-24 12:09:06.968 63188 INFO tempest.lib.common.rest_client [req-0420c0fc-766c-4ea2-85a3-afa7b3792196 req-0420c0fc-766c-4ea2-85a3-afa7b3792196 ] Request (FlavorsV255TestJSON:setUpClass): 201 POST http://10.180.1.21/identity/v3/projects 0.134s
2024-10-24 12:09:07.002 63192 INFO tempest.lib.common.rest_client [req-0d6b130b-7fb9-4f75-bdc4-8ee04d53171e req-0d6b130b-7fb9-4f75-bdc4-8ee04d53171e ] Request (FlavorsExtraSpecsNegativeTestJSON:tearDownClass): 201 POST http://10.180.1.21/identity/v3/auth/tokens 0.151s
2024-10-24 12:09:07.020 63194 INFO tempest.lib.common.rest_client [req-7f3d633c-72ba-4979-806e-8504b017ac46 req-7f3d633c-72ba-4979-806e-8504b017ac46 ] Request (SecurityGroupsTestAdminJSON:setUpClass): 200 GET http://10.180.1.21/identity/v3/domains?name=Default 0.095s
2024-10-24 12:09:07.051 63188 INFO tempest.lib.common.rest_client [req-dcb257a4-6a89-4f73-98cc-f45e4515ba55 req-dcb257a4-6a89-4f73-98cc-f45e4515ba55 ] Request (FlavorsV255TestJSON:setUpClass): 201 POST http://10.180.1.21/identity/v3/users 0.083s
2024-10-24 12:09:07.139 63194 INFO tempest.lib.common.rest_client [req-e2858344-b03d-4bbf-abcd-fa92357fc23f req-e2858344-b03d-4bbf-abcd-fa92357fc23f ] Request (SecurityGroupsTestAdminJSON:setUpClass): 201 POST http://10.180.1.21/identity/v3/projects 0.118s
2024-10-24 12:09:07.139 63188 INFO tempest.lib.common.rest_client [req-4a5dc453-c28d-41fa-acef-fc8417b84092 req-4a5dc453-c28d-41fa-acef-fc8417b84092 ] Request (FlavorsV255TestJSON:setUpClass): 200 GET http://10.180.1.21/identity/v3/roles 0.087s
2024-10-24 12:09:07.148 63166 INFO tempest.lib.common.rest_client [req-21a892bb-4904-4961-8b4a-9fb411d7ac42 req-21a892bb-4904-4961-8b4a-9fb411d7ac42 ] Request (QuotasAdminTestJSON:test_get_updated_quotas): 200 GET http://10.180.1.21/compute/v2.1/os-quota-sets/219156596e184ef9abebc20b11f96a85?user_id=8ccdea275d634e6bbf98d5aa1f8bc2d1 1.182s
2024-10-24 12:09:07.159 63200 INFO tempest.lib.common.rest_client [req-4ac47249-384a-469c-bce8-6c3b5381b753 req-4ac47249-384a-469c-bce8-6c3b5381b753 ] Request (HypervisorAdminV253TestBase:tearDownClass): 200 GET http://10.180.1.21:9696/networking/v2.0/security-groups?tenant_id=12bfa4147ed2484f988913cf5a4922a7&name=default 0.401s
2024-10-24 12:09:07.169 63212 INFO tempest.lib.common.rest_client [req-69c3eaea-9b0c-4cae-81dc-69dc33ff9fc6 req-69c3eaea-9b0c-4cae-81dc-69dc33ff9fc6 ] Request (ServicesAdminNegativeTestJSON:test_get_service_by_invalid_service_and_valid_host): 200 GET http://10.180.1.21/compute/v2.1/os-services 1.176s
2024-10-24 12:09:07.179 63154 INFO tempest.lib.common.rest_client [req-20fd076f-1e09-4ff7-98cb-6f0ca96ab9a5 req-20fd076f-1e09-4ff7-98cb-6f0ca96ab9a5 ] Request (FloatingIPsAssociationNegativeTestJSON:setUpClass): 201 POST http://10.180.1.21:9696/networking/v2.0/subnets 0.341s
2024-10-24 12:09:07.207 63206 INFO tempest.lib.common.rest_client [req-016295d3-224d-42e1-8d2e-fedad814dc4c req-016295d3-224d-42e1-8d2e-fedad814dc4c ] Request (VolumesAssistedSnapshotsTest:test_volume_assisted_snapshot_create_delete): 202 POST http://10.180.1.21/compute/v2.1/servers 1.699s
2024-10-24 12:09:07.213 63194 INFO tempest.lib.common.rest_client [req-bfb08b76-2ef6-4356-ab66-53f330db4adc req-bfb08b76-2ef6-4356-ab66-53f330db4adc ] Request (SecurityGroupsTestAdminJSON:setUpClass): 201 POST http://10.180.1.21/identity/v3/users 0.074s
2024-10-24 12:09:07.252 63188 INFO tempest.lib.common.rest_client [req-2e0ad036-4c61-4ccf-9f28-a64537de7196 req-2e0ad036-4c61-4ccf-9f28-a64537de7196 ] Request (FlavorsV255TestJSON:setUpClass): 204 PUT http://10.180.1.21/identity/v3/projects/acf57b067683450cb1ca38f4738c3308/users/aef3d3a627ed44948c2e589f059a9ddb/roles/2176bb1050644aa0a0c53be75a01dd1f 0.112s
2024-10-24 12:09:07.347 63200 INFO tempest.lib.common.rest_client [req-c4293821-f654-468c-8f0c-8183c86872b3 req-c4293821-f654-468c-8f0c-8183c86872b3 ] Request (HypervisorAdminV253TestBase:tearDownClass): 204 DELETE http://10.180.1.21:9696/networking/v2.0/security-groups/d4149ee6-0818-4eb5-b96e-59cefb5d65be 0.186s
2024-10-24 12:09:07.385 63166 INFO tempest.lib.common.rest_client [req-6b90748c-52a2-4949-a8a0-398bed2f0911 req-6b90748c-52a2-4949-a8a0-398bed2f0911 ] Request (QuotasAdminTestJSON:_run_cleanups): 204 DELETE http://10.180.1.21/identity/v3/users/8ccdea275d634e6bbf98d5aa1f8bc2d1 0.234s
2024-10-24 12:09:07.416 63208 INFO tempest.lib.common.rest_client [req-1abd7897-2aa3-43db-897b-5bac1868e5be req-1abd7897-2aa3-43db-897b-5bac1868e5be ] Request (FloatingIPsNegativeTestJSON:setUpClass): 200 GET http://10.180.1.21/compute/v2.1/os-floating-ips 1.261s
2024-10-24 12:09:07.440 63210 INFO tempest.lib.common.rest_client [req-19e069a8-60be-432b-8ccf-d63582b9b6d0 req-19e069a8-60be-432b-8ccf-d63582b9b6d0 ] Request (FlavorsExtraSpecsTestJSON:tearDownClass): 202 DELETE http://10.180.1.21/compute/v2.1/flavors/759382198 1.146s
2024-10-24 12:09:07.445 63194 INFO tempest.lib.common.rest_client [req-b8256c9f-f042-49a2-a91b-7ea5b78a53f9 req-b8256c9f-f042-49a2-a91b-7ea5b78a53f9 ] Request (SecurityGroupsTestAdminJSON:setUpClass): 200 GET http://10.180.1.21/identity/v3/roles 0.232s
2024-10-24 12:09:07.462 63204 INFO tempest.lib.common.rest_client [req-4ed982ac-91d6-46f6-b01c-258154f35637 req-4ed982ac-91d6-46f6-b01c-258154f35637 ] Request (HypervisorAdminNegativeUnderV252Test:test_show_servers_with_nonexistent_hypervisor): 404 GET http://10.180.1.21/compute/v2.1/os-hypervisors/8196b67b-68db-41c4-bbac-99d6b5db371c/servers 1.141s
2024-10-24 12:09:07.477 63182 INFO tempest.lib.common.rest_client [req-3c0c9949-505b-4c8f-94ff-60bd355cf000 req-3c0c9949-505b-4c8f-94ff-60bd355cf000 ] Request (ServicesAdminNegativeV253TestJSON:test_list_services_with_non_admin_user): 403 GET http://10.180.1.21/compute/v2.1/os-services 1.196s
2024-10-24 12:09:07.481 63188 INFO tempest.lib.common.rest_client [req-326397ac-6475-44ed-ac21-21dbf9c1bee6 req-326397ac-6475-44ed-ac21-21dbf9c1bee6 ] Request (FlavorsV255TestJSON:setUpClass): 200 GET http://10.180.1.21/identity/v3/roles 0.229s
2024-10-24 12:09:07.548 63174 INFO tempest.lib.common.rest_client [req-6aa2cba3-e666-4a3e-8973-b52e296d8567 req-6aa2cba3-e666-4a3e-8973-b52e296d8567 ] Request (ServerDiagnosticsV248Test:test_get_server_diagnostics): 200 GET http://10.180.1.21/compute/v2.1/servers/d5c90d13-41bc-4cca-abf3-5a5b13171a6f 1.173s
2024-10-24 12:09:07.557 63174 INFO tempest.common.waiters [-] State transition "BUILD/block_device_mapping" ==> "BUILD/spawning" after 11 second wait
2024-10-24 12:09:07.558 63150 INFO tempest.lib.common.rest_client [req-84fa9dc0-efb6-4f4c-a595-fe7142e533a6 req-84fa9dc0-efb6-4f4c-a595-fe7142e533a6 ] Request (HostsAdminNegativeTestJSON:test_update_host_without_param): 400 PUT http://10.180.1.21/compute/v2.1/os-hosts/devstack 1.000s
2024-10-24 12:09:07.564 63200 INFO tempest.lib.common.rest_client [req-f5211dc1-002b-4036-91a5-7ec92ca811ab req-f5211dc1-002b-4036-91a5-7ec92ca811ab ] Request (HypervisorAdminV253TestBase:tearDownClass): 204 DELETE http://10.180.1.21/identity/v3/projects/12bfa4147ed2484f988913cf5a4922a7 0.216s
2024-10-24 12:09:07.564 63200 INFO tempest.lib.common.dynamic_creds [-] Deleting project and security group for project: e5ae0c6578a14dd18bce0f86d003f4f1
2024-10-24 12:09:07.571 63190 INFO tempest.lib.common.rest_client [req-9bddd679-493c-4619-bf09-b20c4ad86fe1 req-9bddd679-493c-4619-bf09-b20c4ad86fe1 ] Request (ServersAdmin275Test:test_rebuild_update_server_275): 200 GET http://10.180.1.21/compute/v2.1/servers/3786cd93-1a50-4997-8894-840afa1c8417 1.080s
2024-10-24 12:09:07.573 63192 INFO tempest.lib.common.rest_client [req-ebdb917a-950b-4316-887f-10ad131084e9 req-ebdb917a-950b-4316-887f-10ad131084e9 ] Request (FlavorsExtraSpecsNegativeTestJSON:tearDownClass): 200 GET http://10.180.1.21:9696/networking/v2.0/security-groups?tenant_id=12f3477ecd1640798b8ac7f8d00c7a22&name=default 0.570s
2024-10-24 12:09:07.576 63170 INFO tempest.lib.common.rest_client [req-2dafbf25-98b4-4d60-b81c-17c91a947bf5 req-2dafbf25-98b4-4d60-b81c-17c91a947bf5 ] Request (FlavorsAdminTestJSON:test_create_flavor_with_uuid_id): 200 POST http://10.180.1.21/compute/v2.1/flavors 1.023s
2024-10-24 12:09:07.582 63168 INFO tempest.lib.common.rest_client [req-f6c86828-393c-4ad9-881a-6c5e41ba2d2c req-f6c86828-393c-4ad9-881a-6c5e41ba2d2c ] Request (AggregatesAdminNegativeTestJSON:test_aggregate_create_aggregate_name_length_exceeds_255): 400 POST http://10.180.1.21/compute/v2.1/os-aggregates 0.994s
2024-10-24 12:09:07.585 63162 INFO tempest.lib.common.rest_client [req-cc5b78dc-2fb5-4a97-9027-e741f60ebf61 req-cc5b78dc-2fb5-4a97-9027-e741f60ebf61 ] Request (ValidationResourcesFixture:setUp): 201 POST http://10.180.1.21:9696/networking/v2.0/floatingips 0.806s
2024-10-24 12:09:07.595 63156 INFO tempest.lib.common.rest_client [req-f4cad5f6-afd9-458c-bc4a-7c1b26821e94 req-f4cad5f6-afd9-458c-bc4a-7c1b26821e94 ] Request (FlavorsAccessNegativeTestJSON:_run_cleanups): 200 GET http://10.180.1.21/compute/v2.1/flavors/detail 0.990s
2024-10-24 12:09:07.597 63166 INFO tempest.lib.common.rest_client [req-2b416dd2-ac9c-44a6-8b2b-69ccb88a8972 req-2b416dd2-ac9c-44a6-8b2b-69ccb88a8972 ] Request (QuotasAdminTestJSON:_run_cleanups): 204 DELETE http://10.180.1.21/identity/v3/projects/219156596e184ef9abebc20b11f96a85 0.210s
2024-10-24 12:09:07.656 63184 INFO tempest.lib.common.rest_client [req-03dbf73f-20ae-4d6a-880a-6da27a8beadf req-03dbf73f-20ae-4d6a-880a-6da27a8beadf ] Request (VolumesAdminNegativeTest:test_update_attached_volume_with_nonexistent_volume_in_body): 200 GET http://10.180.1.21/compute/v2.1/servers/c78502a7-266d-49cf-9d50-cc89ed266647 0.614s
2024-10-24 12:09:07.664 63194 INFO tempest.lib.common.rest_client [req-ea0eee05-0069-40a7-8af1-74609ec0250d req-ea0eee05-0069-40a7-8af1-74609ec0250d ] Request (SecurityGroupsTestAdminJSON:setUpClass): 204 PUT http://10.180.1.21/identity/v3/projects/27b25cf2ce4241ae952a00e1cff33cc8/users/189cc4f209a045b3b1bcf1f0206be122/roles/70c8c899908b4e47b078dd06c45f6846 0.218s
2024-10-24 12:09:07.664 63194 INFO tempest.lib.common.dynamic_creds [-] Dynamic test user 189cc4f209a045b3b1bcf1f0206be122 is created with scope project and roles: ['member']
2024-10-24 12:09:07.664 63194 INFO tempest.lib.common.dynamic_creds [-] Acquired dynamic creds: credentials: Credentials: {'domain_id': 'default', 'domain_name': 'Default', 'username': 'tempest-SecurityGroupsTestAdminJSON-964038013-project-member', 'project_domain_id': 'default', 'project_domain_name': 'Default', 'project_id': '27b25cf2ce4241ae952a00e1cff33cc8', 'project_name': 'tempest-SecurityGroupsTestAdminJSON-964038013', 'tenant_id': '27b25cf2ce4241ae952a00e1cff33cc8', 'tenant_name': 'tempest-SecurityGroupsTestAdminJSON-964038013', 'user_domain_id': 'default', 'user_domain_name': 'Default', 'user_id': '189cc4f209a045b3b1bcf1f0206be122', 'system': None}, Network: None, Subnet: None, Router: None
2024-10-24 12:09:07.665 63194 INFO tempest.lib.common.dynamic_creds [-] Created isolated network resources for: credentials: Credentials: {'domain_id': 'default', 'domain_name': 'Default', 'username': 'tempest-SecurityGroupsTestAdminJSON-964038013-project-member', 'project_domain_id': 'default', 'project_domain_name': 'Default', 'project_id': '27b25cf2ce4241ae952a00e1cff33cc8', 'project_name': 'tempest-SecurityGroupsTestAdminJSON-964038013', 'tenant_id': '27b25cf2ce4241ae952a00e1cff33cc8', 'tenant_name': 'tempest-SecurityGroupsTestAdminJSON-964038013', 'user_domain_id': 'default', 'user_domain_name': 'Default', 'user_id': '189cc4f209a045b3b1bcf1f0206be122', 'system': None}, Network: None, Subnet: None, Router: None
2024-10-24 12:09:07.722 63200 INFO tempest.lib.common.rest_client [req-e0e96109-f8d2-449a-b3d7-e66a548678f2 req-e0e96109-f8d2-449a-b3d7-e66a548678f2 ] Request (HypervisorAdminV253TestBase:tearDownClass): 200 GET http://10.180.1.21:9696/networking/v2.0/security-groups?tenant_id=e5ae0c6578a14dd18bce0f86d003f4f1&name=default 0.157s
2024-10-24 12:09:07.723 63204 INFO tempest.lib.common.rest_client [req-8afcac7e-4c99-4412-9c9a-44ec48360378 req-8afcac7e-4c99-4412-9c9a-44ec48360378 ] Request (HypervisorAdminNegativeUnderV252Test:tearDownClass): 204 DELETE http://10.180.1.21/identity/v3/users/121cb65946834091bacd059b899a6c84 0.258s
2024-10-24 12:09:07.733 63180 INFO tempest.lib.common.rest_client [req-893eb4c3-f99d-4d91-b90e-5a65f4923024 req-893eb4c3-f99d-4d91-b90e-5a65f4923024 ] Request (ServerDiskConfigTestJSON:test_rebuild_server_with_auto_disk_config): 200 GET http://10.180.1.21/compute/v2.1/servers/df6047b8-8e4b-48e2-ae54-f5fda0aa77da 0.629s
2024-10-24 12:09:07.781 63182 INFO tempest.lib.common.rest_client [req-95911c83-e41c-4924-aa28-cc18593b34c3 req-95911c83-e41c-4924-aa28-cc18593b34c3 ] Request (ServicesAdminNegativeV253TestJSON:tearDownClass): 204 DELETE http://10.180.1.21/identity/v3/users/0ffd6f215a2246b9986ba39b3b34b09d 0.302s
2024-10-24 12:09:07.804 63188 INFO tempest.lib.common.rest_client [req-8a070f38-c9a4-4063-a1c5-cad5cb66c1c9 req-8a070f38-c9a4-4063-a1c5-cad5cb66c1c9 ] Request (FlavorsV255TestJSON:setUpClass): 204 PUT http://10.180.1.21/identity/v3/projects/acf57b067683450cb1ca38f4738c3308/users/aef3d3a627ed44948c2e589f059a9ddb/roles/2176bb1050644aa0a0c53be75a01dd1f 0.322s
2024-10-24 12:09:07.804 63188 INFO tempest.lib.common.dynamic_creds [-] Dynamic test user aef3d3a627ed44948c2e589f059a9ddb is created with scope project and roles: ['admin']
2024-10-24 12:09:07.804 63188 INFO tempest.lib.common.dynamic_creds [-] Acquired dynamic creds: credentials: Credentials: {'domain_id': 'default', 'domain_name': 'Default', 'username': 'tempest-FlavorsV255TestJSON-906176116-project-admin', 'project_domain_id': 'default', 'project_domain_name': 'Default', 'project_id': 'acf57b067683450cb1ca38f4738c3308', 'project_name': 'tempest-FlavorsV255TestJSON-906176116', 'tenant_id': 'acf57b067683450cb1ca38f4738c3308', 'tenant_name': 'tempest-FlavorsV255TestJSON-906176116', 'user_domain_id': 'default', 'user_domain_name': 'Default', 'user_id': 'aef3d3a627ed44948c2e589f059a9ddb', 'system': None}, Network: None, Subnet: None, Router: None
2024-10-24 12:09:07.804 63188 INFO tempest.lib.common.dynamic_creds [-] Created isolated network resources for: credentials: Credentials: {'domain_id': 'default', 'domain_name': 'Default', 'username': 'tempest-FlavorsV255TestJSON-906176116-project-admin', 'project_domain_id': 'default', 'project_domain_name': 'Default', 'project_id': 'acf57b067683450cb1ca38f4738c3308', 'project_name': 'tempest-FlavorsV255TestJSON-906176116', 'tenant_id': 'acf57b067683450cb1ca38f4738c3308', 'tenant_name': 'tempest-FlavorsV255TestJSON-906176116', 'user_domain_id': 'default', 'user_domain_name': 'Default', 'user_id': 'aef3d3a627ed44948c2e589f059a9ddb', 'system': None}, Network: None, Subnet: None, Router: None
2024-10-24 12:09:07.824 63202 INFO tempest.lib.common.rest_client [req-0e418c84-94f9-43dc-a8aa-285a3e9a104d req-0e418c84-94f9-43dc-a8aa-285a3e9a104d ] Request (ServerActionsV293TestJSON:setUpClass): 200 GET http://10.180.1.21/volume/v3/volumes/87946414-ae37-4cfd-b8b8-fd2a7c3942c4 0.051s
2024-10-24 12:09:07.830 63186 INFO tempest.lib.common.rest_client [req-26642532-b048-455c-be57-89796a996a42 req-26642532-b048-455c-be57-89796a996a42 ] Request (ImagesNegativeTestJSON:test_create_image_from_deleted_server): 200 GET http://10.180.1.21/compute/v2.1/servers/3db8507b-52b8-4eeb-b801-56e817c3b728 0.722s
2024-10-24 12:09:07.836 63162 INFO tempest.lib.common.rest_client [req-1cc23c90-f6c0-4aa7-aae4-a83b944c09aa req-1cc23c90-f6c0-4aa7-aae4-a83b944c09aa ] Request (ServersWithSpecificFlavorTestJSON:test_verify_created_server_ephemeral_disk): 201 POST http://10.180.1.21/identity/v3/auth/tokens 0.190s
2024-10-24 12:09:07.837 63162 INFO tempest.lib.common.fixed_network [-] (ServersWithSpecificFlavorTestJSON:test_verify_created_server_ephemeral_disk) Found network {'id': '32c0c0c9-b943-4d9c-a65e-482e4b65ba80', 'name': 'tempest-ServersWithSpecificFlavorTestJSON-671918528-network', 'tenant_id': 'ace2b948d31443d195070fa73cfbe24d', 'admin_state_up': True, 'mtu': 8950, 'status': 'ACTIVE', 'subnets': [], 'shared': False, 'project_id': 'ace2b948d31443d195070fa73cfbe24d', 'port_security_enabled': True, 'router:external': False, 'provider:network_type': 'vlan', 'provider:physical_network': 'default', 'provider:segmentation_id': 875, 'is_default': False, 'availability_zone_hints': [], 'availability_zones': [], 'ipv4_address_scope': None, 'ipv6_address_scope': None, 'description': '', 'tags': [], 'created_at': '2024-10-24T12:08:47Z', 'updated_at': '2024-10-24T12:08:47Z', 'revision_number': 1} available for tenant
2024-10-24 12:09:07.857 63212 INFO tempest.lib.common.rest_client [req-394fa0f8-93cb-43a9-95f4-c63be1b530c1 req-394fa0f8-93cb-43a9-95f4-c63be1b530c1 ] Request (ServicesAdminNegativeTestJSON:test_get_service_by_invalid_service_and_valid_host): 200 GET http://10.180.1.21/compute/v2.1/os-services?host=devstack&binary=xxx 0.686s
2024-10-24 12:09:07.874 63200 INFO tempest.lib.common.rest_client [req-b87181ce-da47-40df-976a-e5dbb9288a1b req-b87181ce-da47-40df-976a-e5dbb9288a1b ] Request (HypervisorAdminV253TestBase:tearDownClass): 204 DELETE http://10.180.1.21:9696/networking/v2.0/security-groups/565f43f8-ee51-4792-afbb-23d35120c193 0.152s
2024-10-24 12:09:07.877 63194 INFO tempest.lib.common.rest_client [req-3ec963da-7925-4fac-8601-4773976346e7 req-3ec963da-7925-4fac-8601-4773976346e7 ] Request (SecurityGroupsTestAdminJSON:setUpClass): 201 POST http://10.180.1.21/identity/v3/auth/tokens 0.208s
2024-10-24 12:09:07.907 63206 INFO tempest.lib.common.rest_client [req-e650224a-140e-4099-962d-15f39fa9124d req-e650224a-140e-4099-962d-15f39fa9124d ] Request (VolumesAssistedSnapshotsTest:test_volume_assisted_snapshot_create_delete): 200 GET http://10.180.1.21/compute/v2.1/servers/856b3816-d4f8-4c9e-b74c-ea15d67976ef 0.699s
2024-10-24 12:09:07.920 63192 INFO tempest.lib.common.rest_client [req-86a119ec-aa30-4393-b6f8-f4f5228bd8cb req-86a119ec-aa30-4393-b6f8-f4f5228bd8cb ] Request (FlavorsExtraSpecsNegativeTestJSON:tearDownClass): 204 DELETE http://10.180.1.21:9696/networking/v2.0/security-groups/47107980-bdae-4e91-abfd-22d2fd0e1962 0.347s
2024-10-24 12:09:07.959 63204 INFO tempest.lib.common.rest_client [req-8979a02a-02a0-40b4-a48f-37c71965b9c1 req-8979a02a-02a0-40b4-a48f-37c71965b9c1 ] Request (HypervisorAdminNegativeUnderV252Test:tearDownClass): 204 DELETE http://10.180.1.21/identity/v3/users/872ee1b7d37e40709256ffa116fe1d72 0.236s
2024-10-24 12:09:07.959 63204 INFO tempest.lib.common.dynamic_creds [-] Deleting project and security group for project: 9e62533291044354b90abbac216650db
2024-10-24 12:09:07.976 63198 INFO tempest.lib.common.rest_client [req-39e04db6-9d38-49bc-b9db-5eb9497f7e06 req-39e04db6-9d38-49bc-b9db-5eb9497f7e06 ] Request (QuotasAdminNegativeTest:test_create_server_when_memory_quota_is_full): 403 POST http://10.180.1.21/compute/v2.1/servers 1.268s
2024-10-24 12:09:07.987 63160 INFO tempest.lib.common.rest_client [req-c097eac2-28b5-42d2-81ca-0ce62769226e req-c097eac2-28b5-42d2-81ca-0ce62769226e ] Request (MigrationsAdminTest:test_list_migrations_in_flavor_resize_situation): 200 GET http://10.180.1.21/compute/v2.1/servers/a8761350-3044-4822-8221-ed108e21cd62 0.768s
2024-10-24 12:09:07.996 63182 INFO tempest.lib.common.rest_client [req-2658d0d4-941d-492e-8f29-f577e5f980ec req-2658d0d4-941d-492e-8f29-f577e5f980ec ] Request (ServicesAdminNegativeV253TestJSON:tearDownClass): 204 DELETE http://10.180.1.21/identity/v3/users/b5e7707b2a7a40be8585f281a64e5e4d 0.215s
2024-10-24 12:09:07.996 63182 INFO tempest.lib.common.dynamic_creds [-] Deleting project and security group for project: 161c4ec46a64478980aee3f103ca021b
2024-10-24 12:09:07.997 63160 INFO tempest.common.waiters [-] State transition "BUILD/scheduling" ==> "BUILD/None" after 1 second wait
2024-10-24 12:09:08.018 63208 INFO tempest.lib.common.rest_client [req-153691be-f166-48d3-a441-23afb4d196fe req-153691be-f166-48d3-a441-23afb4d196fe ] Request (FloatingIPsNegativeTestJSON:test_allocate_floating_ip_from_nonexistent_pool): 404 POST http://10.180.1.21/compute/v2.1/os-floating-ips 0.600s
2024-10-24 12:09:08.022 63210 INFO tempest.lib.common.rest_client [req-eff77e94-2d20-418b-abde-0b3cdc4b9abd req-eff77e94-2d20-418b-abde-0b3cdc4b9abd ] Request (FlavorsExtraSpecsTestJSON:tearDownClass): 200 GET http://10.180.1.21/compute/v2.1/flavors/detail 0.581s
2024-10-24 12:09:08.034 63150 INFO tempest.lib.common.rest_client [req-dfb1dd11-86f1-4261-a8bd-23cdddfb057f req-dfb1dd11-86f1-4261-a8bd-23cdddfb057f ] Request (HostsAdminNegativeTestJSON:test_update_nonexistent_host): 404 PUT http://10.180.1.21/compute/v2.1/os-hosts/nonexistent_hostname 0.475s
2024-10-24 12:09:08.051 63188 INFO tempest.lib.common.rest_client [req-c80c8852-4d4d-49e6-bb27-41bfc4a8d9b7 req-c80c8852-4d4d-49e6-bb27-41bfc4a8d9b7 ] Request (FlavorsV255TestJSON:setUpClass): 201 POST http://10.180.1.21/identity/v3/auth/tokens 0.240s
2024-10-24 12:09:08.057 63170 INFO tempest.lib.common.rest_client [req-3a5b7cd9-1187-4506-a5f3-5b44a4688380 req-3a5b7cd9-1187-4506-a5f3-5b44a4688380 ] Request (FlavorsAdminTestJSON:_run_cleanups): 202 DELETE http://10.180.1.21/compute/v2.1/flavors/41869b76-aeae-4cf9-a3b4-2286828de92a 0.479s
2024-10-24 12:09:08.061 63168 INFO tempest.lib.common.rest_client [req-1fd16198-74d5-42c5-afaf-036e6f5942c4 req-1fd16198-74d5-42c5-afaf-036e6f5942c4 ] Request (AggregatesAdminNegativeTestJSON:test_aggregate_create_aggregate_name_length_less_than_1): 400 POST http://10.180.1.21/compute/v2.1/os-aggregates 0.477s
2024-10-24 12:09:08.079 63194 INFO tempest.lib.common.rest_client [req-598b8b90-57d7-45a3-b562-047d51f1469b req-598b8b90-57d7-45a3-b562-047d51f1469b ] Request (SecurityGroupsTestAdminJSON:setUpClass): 201 POST http://10.180.1.21/identity/v3/projects 0.201s
2024-10-24 12:09:08.083 63176 INFO tempest.lib.common.rest_client [req-daf1e001-7314-458f-9aa8-ee5428b626da req-daf1e001-7314-458f-9aa8-ee5428b626da ] Request (ImagesOneServerNegativeTestJSON:setUpClass): 200 GET http://10.180.1.21/compute/v2.1/servers/33f4159e-4181-4345-a716-0dfc409cee78 0.554s
2024-10-24 12:09:08.097 63156 INFO tempest.lib.common.rest_client [req-8625d65c-958d-461f-90f2-dcf2d0ca6f0c req-8625d65c-958d-461f-90f2-dcf2d0ca6f0c ] Request (FlavorsAccessNegativeTestJSON:test_flavor_non_admin_remove): 200 POST http://10.180.1.21/compute/v2.1/flavors 0.494s
2024-10-24 12:09:08.117 63197 INFO tempest.lib.common.rest_client [req-ef311423-4ddf-4299-aeaf-a61dc666db5f req-ef311423-4ddf-4299-aeaf-a61dc666db5f ] Request (FloatingIPDetailsNegativeTestJSON:tearDownClass): 200 PUT http://10.180.1.21:9696/networking/v2.0/routers/c495bbd9-39a6-42a6-a171-3618360cdb9a/remove_router_interface 2.315s
2024-10-24 12:09:08.165 63178 INFO tempest.lib.common.rest_client [req-756c7324-001a-41d0-ab42-1945b04f97d6 req-756c7324-001a-41d0-ab42-1945b04f97d6 ] Request (AttachInterfacesUnderV243Test:test_add_remove_fixed_ip): 200 GET http://10.180.1.21/compute/v2.1/servers/a7ee1dbd-73d2-46be-bf43-008eebcd64e9 0.457s
2024-10-24 12:09:08.177 63178 INFO tempest.common.waiters [-] State transition "BUILD/None" ==> "BUILD/networking" after 12 second wait
