2024-10-24 12:09:24.583 63156 INFO tempest.lib.common.dynamic_creds [-] Acquired dynamic creds: credentials: Credentials: {'domain_id': 'default', 'domain_name': 'Default', 'username': 'tempest-ImagesMetadataTestJSON-532334780-project-member', 'project_domain_id': 'default', 'project_domain_name': 'Default', 'project_id': 'f20c97cb8e4e4f5986a537b13af84a3b', 'project_name': 'tempest-ImagesMetadataTestJSON-532334780', 'tenant_id': 'f20c97cb8e4e4f5986a537b13af84a3b', 'tenant_name': 'tempest-ImagesMetadataTestJSON-532334780', 'user_domain_id': 'default', 'user_domain_name': 'Default', 'user_id': 'c3130fdaa562493eb33927da3312e536', 'system': None}, Network: None, Subnet: None, Router: None
2024-10-24 12:09:24.583 63156 INFO tempest.lib.common.dynamic_creds [-] Created isolated network resources for: credentials: Credentials: {'domain_id': 'default', 'domain_name': 'Default', 'username': 'tempest-ImagesMetadataTestJSON-532334780-project-member', 'project_domain_id': 'default', 'project_domain_name': 'Default', 'project_id': 'f20c97cb8e4e4f5986a537b13af84a3b', 'project_name': 'tempest-ImagesMetadataTestJSON-532334780', 'tenant_id': 'f20c97cb8e4e4f5986a537b13af84a3b', 'tenant_name': 'tempest-ImagesMetadataTestJSON-532334780', 'user_domain_id': 'default', 'user_domain_name': 'Default', 'user_id': 'c3130fdaa562493eb33927da3312e536', 'system': None}, Network: None, Subnet: None, Router: None
2024-10-24 12:09:24.590 63202 INFO tempest.lib.common.rest_client [req-6654eb1a-5c53-4ce2-8d04-2b1e4a0ffbf4 req-6654eb1a-5c53-4ce2-8d04-2b1e4a0ffbf4 ] Request (ServerActionsV293TestJSON:setUpClass): 200 GET http://10.180.1.21/compute/v2.1/servers/4981a04f-98e6-474b-850a-634d977d9e42 2.257s
2024-10-24 12:09:24.607 63170 INFO tempest.lib.common.rest_client [req-b2e2090c-d001-4f80-b1e2-539f92d60bec req-b2e2090c-d001-4f80-b1e2-539f92d60bec ] Request (FlavorsAdminTestJSON:_run_cleanups): 200 GET http://10.180.1.21/compute/v2.1/flavors/detail 2.194s
2024-10-24 12:09:24.622 63158 INFO tempest.lib.common.rest_client [req-cac1b520-dfcb-4f1c-bf32-71ee894f82fe req-cac1b520-dfcb-4f1c-bf32-71ee894f82fe ] Request (ServerDiagnosticsNegativeTest:tearDownClass): 204 DELETE http://10.180.1.21/identity/v3/users/7151f7b1aa7b4be69a0fda545fa32957 0.080s
2024-10-24 12:09:24.630 63176 INFO tempest.lib.common.rest_client [req-e62ba271-4aff-4482-884d-1ba4132c1d49 req-e62ba271-4aff-4482-884d-1ba4132c1d49 ] Request (ImagesOneServerNegativeTestJSON:setUpClass): 200 GET http://10.180.1.21/compute/v2.1/servers/33f4159e-4181-4345-a716-0dfc409cee78 2.243s
2024-10-24 12:09:24.638 63176 INFO tempest.common.waiters [-] State transition "BUILD/spawning" ==> "ERROR/None" after 29 second wait
2024-10-24 12:09:24.677 63156 INFO tempest.lib.common.rest_client [req-4af978a9-7bcc-411d-b9a9-bf353332fef2 req-4af978a9-7bcc-411d-b9a9-bf353332fef2 ] Request (ImagesMetadataTestJSON:setUpClass): 201 POST http://10.180.1.21/identity/v3/auth/tokens 0.088s
2024-10-24 12:09:24.683 63192 INFO tempest.lib.common.rest_client [req-4f39dd5b-0a78-408e-afd0-1ec6d0b049fe req-4f39dd5b-0a78-408e-afd0-1ec6d0b049fe ] Request (ServersAdminNegativeTestJSON:setUpClass): 200 GET http://10.180.1.21/compute/v2.1/servers/f1cee1cb-aceb-47e8-b2da-b94563f922e2 2.225s
2024-10-24 12:09:24.689 63192 INFO tempest.common.waiters [-] State transition "BUILD/scheduling" ==> "BUILD/None" after 9 second wait
2024-10-24 12:09:24.734 63158 INFO tempest.lib.common.rest_client [req-b76ad121-8e8e-4316-88a3-747258c97c38 req-b76ad121-8e8e-4316-88a3-747258c97c38 ] Request (ServerDiagnosticsNegativeTest:tearDownClass): 204 DELETE http://10.180.1.21/identity/v3/users/f8c47d9702614d54be6cf223ed4a0e0b 0.112s
2024-10-24 12:09:24.734 63158 INFO tempest.lib.common.dynamic_creds [-] Deleting project and security group for project: fb4f24b607804a689f503f9ddc080ed8
2024-10-24 12:09:24.835 63158 INFO tempest.lib.common.rest_client [req-823164e9-ceb6-4d48-8593-18ba3d339043 req-823164e9-ceb6-4d48-8593-18ba3d339043 ] Request (ServerDiagnosticsNegativeTest:tearDownClass): 201 POST http://10.180.1.21/identity/v3/auth/tokens 0.100s
2024-10-24 12:09:24.864 63200 INFO tempest.lib.common.rest_client [req-686fb536-8863-4e95-9b86-d57dbb677390 req-686fb536-8863-4e95-9b86-d57dbb677390 ] Request (ServerShowV247Test:test_show_server): 200 GET http://10.180.1.21/compute/v2.1/servers/34b0b81e-fc98-4019-92c3-fe2ce2fdfd67 2.194s
2024-10-24 12:09:24.938 63200 INFO tempest.lib.common.rest_client [req-e9db17a2-b13f-4e66-b099-fe0723355ec2 req-e9db17a2-b13f-4e66-b099-fe0723355ec2 ] Request (ServerShowV247Test:test_update_rebuild_list_server): 201 POST http://10.180.1.21/identity/v3/auth/tokens 0.059s
2024-10-24 12:09:24.939 63200 INFO tempest.lib.common.fixed_network [-] (ServerShowV247Test:test_update_rebuild_list_server) Found network None available for tenant
2024-10-24 12:09:25.020 63197 INFO tempest.lib.common.rest_client [req-a89b02be-4578-495e-be76-172b5f4cf435 req-a89b02be-4578-495e-be76-172b5f4cf435 ] Request (SecurityGroupRulesTestJSON:test_security_group_rules_create_with_optional_cidr): 200 POST http://10.180.1.21/compute/v2.1/os-security-groups 2.340s
2024-10-24 12:09:25.043 63158 INFO tempest.lib.common.rest_client [req-565eacb8-ef6b-4111-ac38-c449a7950f53 req-565eacb8-ef6b-4111-ac38-c449a7950f53 ] Request (ServerDiagnosticsNegativeTest:tearDownClass): 200 GET http://10.180.1.21:9696/networking/v2.0/security-groups?tenant_id=fb4f24b607804a689f503f9ddc080ed8&name=default 0.207s
2024-10-24 12:09:25.044 63152 INFO tempest.lib.common.rest_client [req-978938a9-a1b9-49ec-92ac-65e39eb27d64 req-978938a9-a1b9-49ec-92ac-65e39eb27d64 ] Request (ImagesDeleteNegativeTestJSON:test_delete_image_negative_image_id): 404 DELETE http://10.180.1.21/compute/v2.1/images/-1 2.211s
2024-10-24 12:09:25.073 63156 INFO tempest.lib.common.rest_client [req-5e3df491-6fc4-4ba8-bf06-c95a2dcef9ae req-5e3df491-6fc4-4ba8-bf06-c95a2dcef9ae ] Request (ImagesMetadataTestJSON:setUpClass): 201 POST http://10.180.1.21/image/v2/images 0.396s
2024-10-24 12:09:25.169 63158 INFO tempest.lib.common.rest_client [req-d2c9c7ac-f8d6-4604-bccf-2c5fc531fa6a req-d2c9c7ac-f8d6-4604-bccf-2c5fc531fa6a ] Request (ServerDiagnosticsNegativeTest:tearDownClass): 204 DELETE http://10.180.1.21:9696/networking/v2.0/security-groups/81e41cca-d6f4-4d1d-8893-b5c77c41c0d2 0.126s
2024-10-24 12:09:25.229 63172 INFO tempest.lib.common.rest_client [req-c89ce5ae-9314-4276-b840-22ce8b435dae req-c89ce5ae-9314-4276-b840-22ce8b435dae ] Request (QuotasAdminTestV257:test_get_updated_quotas): 200 PUT http://10.180.1.21/compute/v2.1/os-quota-sets/603bd9f3d85d40d8b0520a3b9398c9b3?user_id=4432b0dfc499409aad3da1b6c7943668 2.115s
2024-10-24 12:09:25.275 63182 INFO tempest.lib.common.rest_client [req-3b8a041a-7da6-4698-9ee9-dfc679fa8a11 req-3b8a041a-7da6-4698-9ee9-dfc679fa8a11 ] Request (FloatingIPDetailsTestJSON:setUpClass): 200 POST http://10.180.1.21/compute/v2.1/os-floating-ips 2.852s
2024-10-24 12:09:25.289 63158 INFO tempest.lib.common.rest_client [req-b411fe62-5443-4002-aac5-145761de5ddc req-b411fe62-5443-4002-aac5-145761de5ddc ] Request (ServerDiagnosticsNegativeTest:tearDownClass): 204 DELETE http://10.180.1.21/identity/v3/projects/fb4f24b607804a689f503f9ddc080ed8 0.120s
2024-10-24 12:09:25.290 63158 INFO tempest.lib.common.dynamic_creds [-] Deleting project and security group for project: 885472ede2ff409c9a2f1e434c812fd3
2024-10-24 12:09:25.305 63150 INFO tempest.lib.common.rest_client [req-626b2a4f-b4a4-46ab-8c4e-964d62bc3ecd req-626b2a4f-b4a4-46ab-8c4e-964d62bc3ecd ] Request (HypervisorAdminNegativeTestJSON:test_show_hypervisor_with_non_admin_user): 200 GET http://10.180.1.21/compute/v2.1/os-hypervisors 1.980s
2024-10-24 12:09:25.310 63204 INFO tempest.lib.common.rest_client [req-13c69c99-4cb2-49c3-b928-a568e308eda2 req-13c69c99-4cb2-49c3-b928-a568e308eda2 ] Request (ServersNegativeTestJSON:setUpClass): 200 GET http://10.180.1.21/compute/v2.1/servers/723105bc-6810-4759-8240-af0a128475e4 1.994s
2024-10-24 12:09:25.350 63210 INFO tempest.lib.common.rest_client [req-0b75bfc5-b42a-468d-9e02-5d45553b3d63 req-0b75bfc5-b42a-468d-9e02-5d45553b3d63 ] Request (KeyPairsV210TestJSON:_run_cleanups): 204 DELETE http://10.180.1.21/compute/v2.1/os-keypairs/tempest-keypair-287713897?user_id=61fa2e52ba35476e8efa6e4ef0813f21 2.006s
2024-10-24 12:09:25.398 63168 INFO tempest.lib.common.rest_client [req-0c75b214-9f28-48c6-b4c6-9810b9c3bd34 req-0c75b214-9f28-48c6-b4c6-9810b9c3bd34 ] Request (AggregatesAdminNegativeTestJSON:_run_cleanups): 200 DELETE http://10.180.1.21/compute/v2.1/os-aggregates/6 2.040s
2024-10-24 12:09:25.501 63158 INFO tempest.lib.common.rest_client [req-fa72256f-a691-4d2b-a642-cffb36f24ac6 req-fa72256f-a691-4d2b-a642-cffb36f24ac6 ] Request (ServerDiagnosticsNegativeTest:tearDownClass): 200 GET http://10.180.1.21:9696/networking/v2.0/security-groups?tenant_id=885472ede2ff409c9a2f1e434c812fd3&name=default 0.211s
2024-10-24 12:09:25.527 63190 INFO tempest.lib.common.rest_client [req-908b528f-7114-48eb-9daf-761337b8929e req-908b528f-7114-48eb-9daf-761337b8929e ] Request (ServersAdmin275Test:test_rebuild_update_server_275): 200 GET http://10.180.1.21/compute/v2.1/servers/3786cd93-1a50-4997-8894-840afa1c8417 2.120s
2024-10-24 12:09:25.537 63190 INFO tempest.common.waiters [-] State transition "REBUILD/rebuild_spawning" ==> "ACTIVE/None" after 10 second wait
2024-10-24 12:09:25.558 63188 INFO tempest.lib.common.rest_client [req-8c27f512-f99f-460a-9cfd-ec183565c975 req-8c27f512-f99f-460a-9cfd-ec183565c975 ] Request (NetworksTest:test_get_network): 200 GET http://10.180.1.21/compute/v2.1/os-networks/611d0f1a-744c-400c-a15b-5738b29c4f6d 2.216s
2024-10-24 12:09:25.603 63178 INFO tempest.lib.common.rest_client [req-ace28ce3-52fc-4332-96a8-1081d6027762 req-ace28ce3-52fc-4332-96a8-1081d6027762 ] Request (AttachInterfacesUnderV243Test:test_add_remove_fixed_ip): 200 GET http://10.180.1.21/compute/v2.1/servers/a7ee1dbd-73d2-46be-bf43-008eebcd64e9 2.126s
2024-10-24 12:09:25.628 63164 INFO tempest.lib.common.rest_client [req-89d48097-ec98-4bf3-8816-cca9de497a3d req-89d48097-ec98-4bf3-8816-cca9de497a3d ] Request (ServerExternalEventsTest:test_create_server_external_events): 200 GET http://10.180.1.21/compute/v2.1/servers/16b4e8bd-d84f-45a6-b531-3200ea545931 2.097s
2024-10-24 12:09:25.662 63154 INFO tempest.lib.common.rest_client [req-d80d9ec6-4063-47e7-a4f0-4dfbd71e7df0 req-d80d9ec6-4063-47e7-a4f0-4dfbd71e7df0 ] Request (FloatingIPsAssociationNegativeTestJSON:setUpClass): 200 GET http://10.180.1.21/compute/v2.1/servers/6ec0c746-2bb8-4387-8b31-b49b0d708614 1.912s
2024-10-24 12:09:25.674 63154 INFO tempest.common.waiters [-] State transition "BUILD/scheduling" ==> "BUILD/None" after 9 second wait
2024-10-24 12:09:25.696 63184 INFO tempest.lib.common.rest_client [req-051b4151-f2e1-4c2c-a8d6-58d08d7ce364 req-051b4151-f2e1-4c2c-a8d6-58d08d7ce364 ] Request (VolumesAdminNegativeTest:test_update_attached_volume_with_nonexistent_volume_in_body): 200 GET http://10.180.1.21/compute/v2.1/servers/c78502a7-266d-49cf-9d50-cc89ed266647 1.881s
2024-10-24 12:09:25.727 63198 INFO tempest.lib.common.rest_client [req-ca70d4e1-6d59-454c-a231-9c3545e715be req-ca70d4e1-6d59-454c-a231-9c3545e715be ] Request (AttachInterfacesV270Test:test_create_get_list_interfaces): 200 GET http://10.180.1.21/compute/v2.1/servers/bfcba422-5ed0-4bfd-83e9-cdde324d899f 1.853s
2024-10-24 12:09:25.734 63166 INFO tempest.lib.common.rest_client [req-fb004b97-017e-4dd0-bc15-a882a77392f6 req-fb004b97-017e-4dd0-bc15-a882a77392f6 ] Request (SecurityGroupsNegativeTestJSON:test_delete_security_group_without_passing_id): 404 DELETE http://10.180.1.21/compute/v2.1/os-security-groups/ 1.583s
2024-10-24 12:09:25.748 63158 INFO tempest.lib.common.rest_client [req-9fc9a93c-5ebb-490c-8f36-caf60ff270ec req-9fc9a93c-5ebb-490c-8f36-caf60ff270ec ] Request (ServerDiagnosticsNegativeTest:tearDownClass): 204 DELETE http://10.180.1.21:9696/networking/v2.0/security-groups/d4464ebf-44cf-4ed5-acaf-806fe62d6ade 0.246s
2024-10-24 12:09:25.804 63180 INFO tempest.lib.common.rest_client [req-c3acdb00-bc61-4b52-ab10-222f0fef002f req-c3acdb00-bc61-4b52-ab10-222f0fef002f ] Request (ServerDiskConfigTestJSON:test_rebuild_server_with_auto_disk_config): 200 GET http://10.180.1.21/compute/v2.1/servers/df6047b8-8e4b-48e2-ae54-f5fda0aa77da 1.354s
2024-10-24 12:09:25.820 63194 INFO tempest.lib.common.rest_client [req-87e2bf74-de8b-43f0-a4dc-e44c8ebb68f4 req-87e2bf74-de8b-43f0-a4dc-e44c8ebb68f4 ] Request (SecurityGroupsTestAdminJSON:_run_cleanups): 202 DELETE http://10.180.1.21/compute/v2.1/os-security-groups/52ca5e97-d7c0-44b5-ab4a-bbc61b9c1c7e 1.807s
2024-10-24 12:09:25.858 63156 INFO tempest.lib.common.rest_client [req-848e1627-096f-4be0-a189-de1b2d9ca45b req-848e1627-096f-4be0-a189-de1b2d9ca45b ] Request (ImagesMetadataTestJSON:setUpClass): 204 PUT http://10.180.1.21/image/v2/images/a79a1122-a3f5-433f-8b0b-f5b7b7706149/file 0.784s
2024-10-24 12:09:25.865 63158 INFO tempest.lib.common.rest_client [req-02f6e617-1d3c-44d1-818a-2b63c388b0e3 req-02f6e617-1d3c-44d1-818a-2b63c388b0e3 ] Request (ServerDiagnosticsNegativeTest:tearDownClass): 204 DELETE http://10.180.1.21/identity/v3/projects/885472ede2ff409c9a2f1e434c812fd3 0.116s
2024-10-24 12:09:25.908 63212 INFO tempest.lib.common.rest_client [req-0fc3f67a-5d7e-467d-abe4-e03e731413cb req-0fc3f67a-5d7e-467d-abe4-e03e731413cb ] Request (FloatingIPsTestJSON:test_allocate_floating_ip): 200 GET http://10.180.1.21/compute/v2.1/os-floating-ips/0fc0a7b2-656b-4975-a74f-d8071511587b 1.352s
2024-10-24 12:09:25.928 63170 INFO tempest.lib.common.rest_client [req-ec5072ed-c794-42fc-a349-33014c2e48b4 req-ec5072ed-c794-42fc-a349-33014c2e48b4 ] Request (FlavorsAdminTestJSON:test_is_public_string_variations): 200 POST http://10.180.1.21/compute/v2.1/flavors 1.316s
2024-10-24 12:09:25.936 63158 INFO tempest.lib.common.rest_client [req-130861b2-59a8-449b-ba77-1f2a475d9b86 req-130861b2-59a8-449b-ba77-1f2a475d9b86 ] Request (ServersAaction247Test:setUpClass): 201 POST http://10.180.1.21/identity/v3/auth/tokens 0.070s
2024-10-24 12:09:25.968 63158 INFO tempest.lib.common.rest_client [req-dc36394e-2e54-4b70-873b-b05f83e44633 req-dc36394e-2e54-4b70-873b-b05f83e44633 ] Request (ServersAaction247Test:setUpClass): 201 POST http://10.180.1.21/identity/v3/auth/tokens 0.028s
2024-10-24 12:09:25.992 63158 INFO tempest.lib.common.rest_client [req-43a561b9-cad6-4726-91f7-32f72ec5dbc4 req-43a561b9-cad6-4726-91f7-32f72ec5dbc4 ] Request (ServersAaction247Test:setUpClass): 200 GET http://10.180.1.21/identity/v3/domains?name=Default 0.023s
2024-10-24 12:09:26.019 63158 INFO tempest.lib.common.rest_client [req-2a843fe1-48a4-4240-9a01-d4d8f94433f7 req-2a843fe1-48a4-4240-9a01-d4d8f94433f7 ] Request (ServersAaction247Test:setUpClass): 201 POST http://10.180.1.21/identity/v3/projects 0.026s
2024-10-24 12:09:26.061 63186 INFO tempest.lib.common.rest_client [req-c1676088-ff2d-44e6-86aa-1706311aa6f9 req-c1676088-ff2d-44e6-86aa-1706311aa6f9 ] Request (ImagesNegativeTestJSON:test_create_image_from_deleted_server): 204 DELETE http://10.180.1.21/compute/v2.1/servers/3db8507b-52b8-4eeb-b801-56e817c3b728 1.598s
2024-10-24 12:09:26.084 63158 INFO tempest.lib.common.rest_client [req-eea642af-5942-494f-9f83-caac3e221e26 req-eea642af-5942-494f-9f83-caac3e221e26 ] Request (ServersAaction247Test:setUpClass): 201 POST http://10.180.1.21/identity/v3/users 0.064s
2024-10-24 12:09:26.103 63158 INFO tempest.lib.common.rest_client [req-28e2a697-5ecb-450a-81f8-8b3ea99b5fbf req-28e2a697-5ecb-450a-81f8-8b3ea99b5fbf ] Request (ServersAaction247Test:setUpClass): 200 GET http://10.180.1.21/identity/v3/roles 0.018s
2024-10-24 12:09:26.118 63176 INFO tempest.lib.common.rest_client [req-26fed401-ad8e-46f1-914b-285c483ae340 req-26fed401-ad8e-46f1-914b-285c483ae340 ] Request (ImagesOneServerNegativeTestJSON:setUpClass): 204 DELETE http://10.180.1.21/compute/v2.1/servers/33f4159e-4181-4345-a716-0dfc409cee78 1.480s
2024-10-24 12:09:26.136 63158 INFO tempest.lib.common.rest_client [req-b14fd20a-d8a7-4f49-b615-af58311ab479 req-b14fd20a-d8a7-4f49-b615-af58311ab479 ] Request (ServersAaction247Test:setUpClass): 204 PUT http://10.180.1.21/identity/v3/projects/399584679d1246d9ab9bc323d441ae62/users/9a1d6c100d5342248982f6ee40d0e85e/roles/70c8c899908b4e47b078dd06c45f6846 0.032s
2024-10-24 12:09:26.136 63158 INFO tempest.lib.common.dynamic_creds [-] Dynamic test user 9a1d6c100d5342248982f6ee40d0e85e is created with scope project and roles: ['member']
2024-10-24 12:09:26.136 63158 INFO tempest.lib.common.dynamic_creds [-] Acquired dynamic creds: credentials: Credentials: {'domain_id': 'default', 'domain_name': 'Default', 'username': 'tempest-ServersAaction247Test-1885368857-project-member', 'project_domain_id': 'default', 'project_domain_name': 'Default', 'project_id': '399584679d1246d9ab9bc323d441ae62', 'project_name': 'tempest-ServersAaction247Test-1885368857', 'tenant_id': '399584679d1246d9ab9bc323d441ae62', 'tenant_name': 'tempest-ServersAaction247Test-1885368857', 'user_domain_id': 'default', 'user_domain_name': 'Default', 'user_id': '9a1d6c100d5342248982f6ee40d0e85e', 'system': None}, Network: None, Subnet: None, Router: None
2024-10-24 12:09:26.137 63158 INFO tempest.lib.common.dynamic_creds [-] Created isolated network resources for: credentials: Credentials: {'domain_id': 'default', 'domain_name': 'Default', 'username': 'tempest-ServersAaction247Test-1885368857-project-member', 'project_domain_id': 'default', 'project_domain_name': 'Default', 'project_id': '399584679d1246d9ab9bc323d441ae62', 'project_name': 'tempest-ServersAaction247Test-1885368857', 'tenant_id': '399584679d1246d9ab9bc323d441ae62', 'tenant_name': 'tempest-ServersAaction247Test-1885368857', 'user_domain_id': 'default', 'user_domain_name': 'Default', 'user_id': '9a1d6c100d5342248982f6ee40d0e85e', 'system': None}, Network: None, Subnet: None, Router: None
2024-10-24 12:09:26.177 63200 INFO tempest.lib.common.rest_client [req-2859a9ea-6729-4457-8c2a-3bb5d3b37184 req-2859a9ea-6729-4457-8c2a-3bb5d3b37184 ] Request (ServerShowV247Test:test_update_rebuild_list_server): 202 POST http://10.180.1.21/compute/v2.1/servers 1.238s
2024-10-24 12:09:26.197 63152 INFO tempest.lib.common.rest_client [req-3b2eb66f-81db-4b4c-8a11-6fc2b74826d6 req-3b2eb66f-81db-4b4c-8a11-6fc2b74826d6 ] Request (ImagesDeleteNegativeTestJSON:test_delete_image_non_hex_string_id): 404 DELETE http://10.180.1.21/compute/v2.1/images/0c33103e-58b0-4cde-b480-13499790114j 1.149s
2024-10-24 12:09:26.232 63158 INFO tempest.lib.common.rest_client [req-4e23e445-4e12-476b-973c-3f20001c0696 req-4e23e445-4e12-476b-973c-3f20001c0696 ] Request (ServersAaction247Test:setUpClass): 201 POST http://10.180.1.21/identity/v3/auth/tokens 0.091s
2024-10-24 12:09:26.265 63197 INFO tempest.lib.common.rest_client [req-de6f6d4f-42eb-40e1-914d-3b3a7b9ae996 req-de6f6d4f-42eb-40e1-914d-3b3a7b9ae996 ] Request (SecurityGroupRulesTestJSON:test_security_group_rules_create_with_optional_cidr): 200 POST http://10.180.1.21/compute/v2.1/os-security-group-rules 1.239s
2024-10-24 12:09:26.280 63158 INFO tempest.lib.common.rest_client [req-35f84c10-240d-42a7-b1c0-2727e6c740a7 req-35f84c10-240d-42a7-b1c0-2727e6c740a7 ] Request (ServersAaction247Test:test_create_backup): 201 POST http://10.180.1.21/identity/v3/auth/tokens 0.043s
2024-10-24 12:09:26.281 63158 INFO tempest.lib.common.fixed_network [-] (ServersAaction247Test:test_create_backup) Found network None available for tenant
2024-10-24 12:09:26.384 63206 INFO tempest.lib.common.rest_client [req-7ae46955-a214-4f29-8b2a-a962b893b78c req-7ae46955-a214-4f29-8b2a-a962b893b78c ] Request (VolumesAssistedSnapshotsTest:test_volume_assisted_snapshot_create_delete): 200 GET http://10.180.1.21/compute/v2.1/servers/856b3816-d4f8-4c9e-b74c-ea15d67976ef 1.159s
2024-10-24 12:09:26.391 63206 INFO tempest.common.waiters [-] State transition "BUILD/None" ==> "BUILD/spawning" after 19 second wait
2024-10-24 12:09:26.412 63172 INFO tempest.lib.common.rest_client [req-e0d90cc7-6af1-4113-90a0-209b8dd98c8d req-e0d90cc7-6af1-4113-90a0-209b8dd98c8d ] Request (QuotasAdminTestV257:test_get_updated_quotas): 200 GET http://10.180.1.21/compute/v2.1/os-quota-sets/603bd9f3d85d40d8b0520a3b9398c9b3?user_id=4432b0dfc499409aad3da1b6c7943668 1.181s
2024-10-24 12:09:26.420 63150 INFO tempest.lib.common.rest_client [req-1db80f9f-892e-466f-aebb-4d2c83bfbf29 req-1db80f9f-892e-466f-aebb-4d2c83bfbf29 ] Request (HypervisorAdminNegativeTestJSON:test_show_hypervisor_with_non_admin_user): 403 GET http://10.180.1.21/compute/v2.1/os-hypervisors/1 1.114s
2024-10-24 12:09:26.443 63210 INFO tempest.lib.common.rest_client [req-e697dd61-ae1b-477e-96d8-010c57944720 req-e697dd61-ae1b-477e-96d8-010c57944720 ] Request (KeyPairsV210TestJSON:_run_cleanups): 204 DELETE http://10.180.1.21/compute/v2.1/os-keypairs/tempest-keypair-361979057?user_id=61fa2e52ba35476e8efa6e4ef0813f21 1.091s
2024-10-24 12:09:26.493 63172 INFO tempest.lib.common.rest_client [req-9f85390c-c1a5-466a-9858-a42319d9bb28 req-9f85390c-c1a5-466a-9858-a42319d9bb28 ] Request (QuotasAdminTestV257:_run_cleanups): 204 DELETE http://10.180.1.21/identity/v3/users/4432b0dfc499409aad3da1b6c7943668 0.078s
2024-10-24 12:09:26.509 63160 INFO tempest.lib.common.rest_client [req-22b67a8b-8c08-4fc6-8600-10b3ded273fa req-22b67a8b-8c08-4fc6-8600-10b3ded273fa ] Request (MigrationsAdminTest:test_list_migrations_in_flavor_resize_situation): 200 GET http://10.180.1.21/compute/v2.1/servers/a8761350-3044-4822-8221-ed108e21cd62 1.113s
2024-10-24 12:09:26.518 63168 INFO tempest.lib.common.rest_client [req-d6b375cf-16dd-4195-9d92-e8e03b77637a req-d6b375cf-16dd-4195-9d92-e8e03b77637a ] Request (AggregatesAdminNegativeTestJSON:test_aggregate_get_details_with_invalid_id): 404 GET http://10.180.1.21/compute/v2.1/os-aggregates/-1 1.118s
2024-10-24 12:09:26.572 63162 INFO tempest.lib.common.rest_client [req-145076fd-9dce-425a-b25e-974d37658d5f req-145076fd-9dce-425a-b25e-974d37658d5f ] Request (ServersWithSpecificFlavorTestJSON:test_verify_created_server_ephemeral_disk): 200 GET http://10.180.1.21/compute/v2.1/servers/889af877-29c4-4c06-9995-49fb15b21a55 1.048s
2024-10-24 12:09:26.585 63210 INFO tempest.lib.common.rest_client [req-349475a5-171f-4e79-ba4d-2613f44861ae req-349475a5-171f-4e79-ba4d-2613f44861ae ] Request (KeyPairsV210TestJSON:tearDownClass): 204 DELETE http://10.180.1.21/identity/v3/users/61fa2e52ba35476e8efa6e4ef0813f21 0.140s
2024-10-24 12:09:26.609 63172 INFO tempest.lib.common.rest_client [req-04f7902a-8431-4100-b6de-c7500f8fefe7 req-04f7902a-8431-4100-b6de-c7500f8fefe7 ] Request (QuotasAdminTestV257:_run_cleanups): 204 DELETE http://10.180.1.21/identity/v3/projects/603bd9f3d85d40d8b0520a3b9398c9b3 0.116s
2024-10-24 12:09:26.756 63210 INFO tempest.lib.common.rest_client [req-6c786f7a-7cc0-40f1-8bf1-e53ee00bacc6 req-6c786f7a-7cc0-40f1-8bf1-e53ee00bacc6 ] Request (KeyPairsV210TestJSON:tearDownClass): 204 DELETE http://10.180.1.21/identity/v3/users/05686acb0cf6406e833fbdf8e5353568 0.170s
2024-10-24 12:09:26.756 63210 INFO tempest.lib.common.dynamic_creds [-] Deleting project and security group for project: f9a953a40dcf4254ad1907924d40522f
2024-10-24 12:09:26.760 63172 INFO tempest.lib.common.rest_client [req-80519af5-5ec8-4c59-a85b-9d72ad2a2e14 req-80519af5-5ec8-4c59-a85b-9d72ad2a2e14 ] Request (QuotasAdminTestV257:tearDownClass): 204 DELETE http://10.180.1.21/identity/v3/users/41208571de314fbfba4bcd80f1116b8b 0.150s
2024-10-24 12:09:26.821 63210 INFO tempest.lib.common.rest_client [req-681ea7c2-955d-4e62-8272-6cdd6bb77171 req-681ea7c2-955d-4e62-8272-6cdd6bb77171 ] Request (KeyPairsV210TestJSON:tearDownClass): 201 POST http://10.180.1.21/identity/v3/auth/tokens 0.064s
2024-10-24 12:09:26.874 63172 INFO tempest.lib.common.rest_client [req-71ceebfa-2152-4087-9f13-7f7d6cc3e93f req-71ceebfa-2152-4087-9f13-7f7d6cc3e93f ] Request (QuotasAdminTestV257:tearDownClass): 204 DELETE http://10.180.1.21/identity/v3/users/41e809f322b34412b8a00fdb9cff5f53 0.113s
2024-10-24 12:09:26.874 63172 INFO tempest.lib.common.dynamic_creds [-] Deleting project and security group for project: 1aaf763cbd1c49bd888b1e2596939aae
2024-10-24 12:09:26.942 63172 INFO tempest.lib.common.rest_client [req-fd5ed66f-c90c-4388-85f7-3498135bc0c7 req-fd5ed66f-c90c-4388-85f7-3498135bc0c7 ] Request (QuotasAdminTestV257:tearDownClass): 201 POST http://10.180.1.21/identity/v3/auth/tokens 0.067s
2024-10-24 12:09:26.944 63190 INFO tempest.lib.common.rest_client [req-6c61da85-db92-4980-8ef5-9d45250898aa req-6c61da85-db92-4980-8ef5-9d45250898aa ] Request (ServersAdmin275Test:test_rebuild_update_server_275): 202 POST http://10.180.1.21/compute/v2.1/servers/3786cd93-1a50-4997-8894-840afa1c8417/action 1.406s
2024-10-24 12:09:27.121 63188 INFO tempest.lib.common.rest_client [req-14b88ea6-3464-495a-abec-1a163494d9a5 req-14b88ea6-3464-495a-abec-1a163494d9a5 ] Request (NetworksTest:test_list_all_networks): 200 GET http://10.180.1.21/compute/v2.1/os-networks 1.560s
2024-10-24 12:09:27.172 63210 INFO tempest.lib.common.rest_client [req-98210276-0350-4ef7-9467-d784814c3e81 req-98210276-0350-4ef7-9467-d784814c3e81 ] Request (KeyPairsV210TestJSON:tearDownClass): 200 GET http://10.180.1.21:9696/networking/v2.0/security-groups?tenant_id=f9a953a40dcf4254ad1907924d40522f&name=default 0.351s
2024-10-24 12:09:27.196 63188 INFO tempest.lib.common.rest_client [req-efc5ce3d-0835-46f1-bbb2-c75b7fce0b53 req-efc5ce3d-0835-46f1-bbb2-c75b7fce0b53 ] Request (NetworksTest:tearDownClass): 204 DELETE http://10.180.1.21/identity/v3/users/2c4440f1aac74ffe81cc24199729d7b2 0.069s
2024-10-24 12:09:27.200 63202 INFO tempest.lib.common.rest_client [req-bc6c021d-971d-40c6-bb58-39c7d824f4e5 req-bc6c021d-971d-40c6-bb58-39c7d824f4e5 ] Request (ServerActionsV293TestJSON:setUpClass): 200 GET http://10.180.1.21/compute/v2.1/servers/4981a04f-98e6-474b-850a-634d977d9e42 1.597s
2024-10-24 12:09:27.220 63182 INFO tempest.lib.common.rest_client [req-01d25844-9fe6-4294-a9e5-e622d29a3515 req-01d25844-9fe6-4294-a9e5-e622d29a3515 ] Request (FloatingIPDetailsTestJSON:setUpClass): 200 POST http://10.180.1.21/compute/v2.1/os-floating-ips 1.943s
2024-10-24 12:09:27.231 63172 INFO tempest.lib.common.rest_client [req-1451ae82-6183-4ac2-9057-8a7579b953e8 req-1451ae82-6183-4ac2-9057-8a7579b953e8 ] Request (QuotasAdminTestV257:tearDownClass): 200 GET http://10.180.1.21:9696/networking/v2.0/security-groups?tenant_id=1aaf763cbd1c49bd888b1e2596939aae&name=default 0.288s
2024-10-24 12:09:27.266 63192 INFO tempest.lib.common.rest_client [req-b0f9040e-69b1-491a-8b82-c1ecb5953cf0 req-b0f9040e-69b1-491a-8b82-c1ecb5953cf0 ] Request (ServersAdminNegativeTestJSON:setUpClass): 200 GET http://10.180.1.21/compute/v2.1/servers/f1cee1cb-aceb-47e8-b2da-b94563f922e2 1.576s
2024-10-24 12:09:27.299 63188 INFO tempest.lib.common.rest_client [req-78e80c1a-19e3-4b2c-9df3-909e2c1d38dc req-78e80c1a-19e3-4b2c-9df3-909e2c1d38dc ] Request (NetworksTest:tearDownClass): 204 DELETE http://10.180.1.21/identity/v3/users/81d17c714770477b8839f632c15b0c0b 0.103s
2024-10-24 12:09:27.300 63188 INFO tempest.lib.common.dynamic_creds [-] Deleting project and security group for project: f6c67ba387cf4bd2979f4037f45f52eb
2024-10-24 12:09:27.327 63210 INFO tempest.lib.common.rest_client [req-9f5efab1-9955-447c-999d-e701558743a9 req-9f5efab1-9955-447c-999d-e701558743a9 ] Request (KeyPairsV210TestJSON:tearDownClass): 204 DELETE http://10.180.1.21:9696/networking/v2.0/security-groups/3f1a6e13-7f38-413b-b8ce-8414c016f46c 0.154s
2024-10-24 12:09:27.342 63166 INFO tempest.lib.common.rest_client [req-2422a28d-649c-4303-b7fd-8c553ef14518 req-2422a28d-649c-4303-b7fd-8c553ef14518 ] Request (SecurityGroupsNegativeTestJSON:test_delete_the_default_security_group): 200 GET http://10.180.1.21/compute/v2.1/os-security-groups 1.605s
2024-10-24 12:09:27.362 63188 INFO tempest.lib.common.rest_client [req-2c72ead6-1df7-4788-bd7f-20a04adcdcb1 req-2c72ead6-1df7-4788-bd7f-20a04adcdcb1 ] Request (NetworksTest:tearDownClass): 201 POST http://10.180.1.21/identity/v3/auth/tokens 0.062s
2024-10-24 12:09:27.369 63172 INFO tempest.lib.common.rest_client [req-4435df52-8a50-4b29-aae9-9b403391b64b req-4435df52-8a50-4b29-aae9-9b403391b64b ] Request (QuotasAdminTestV257:tearDownClass): 204 DELETE http://10.180.1.21:9696/networking/v2.0/security-groups/3fe14d05-8cb5-4e23-8a29-9493c40d3aea 0.137s
2024-10-24 12:09:27.377 63156 INFO tempest.lib.common.rest_client [req-135db2e7-ca84-49c2-93ef-5794219d7768 req-135db2e7-ca84-49c2-93ef-5794219d7768 ] Request (ImagesMetadataTestJSON:setUpClass): 200 GET http://10.180.1.21/compute/v2.1/images/a79a1122-a3f5-433f-8b0b-f5b7b7706149 1.517s
2024-10-24 12:09:27.387 63194 INFO tempest.lib.common.rest_client [req-f8856553-ccbf-43b5-ace5-6b7b8334619b req-f8856553-ccbf-43b5-ace5-6b7b8334619b ] Request (SecurityGroupsTestAdminJSON:_run_cleanups): 202 DELETE http://10.180.1.21/compute/v2.1/os-security-groups/2cf21f6f-c832-47b7-80a4-52b7514b3536 1.566s
2024-10-24 12:09:27.404 63170 INFO tempest.lib.common.rest_client [req-43f63d03-e486-4e2a-978c-d7d16fd521d1 req-43f63d03-e486-4e2a-978c-d7d16fd521d1 ] Request (FlavorsAdminTestJSON:test_is_public_string_variations): 200 POST http://10.180.1.21/compute/v2.1/flavors 1.473s
2024-10-24 12:09:27.427 63186 INFO tempest.lib.common.rest_client [req-a2bebdda-21fc-4877-89ae-cf8e8ce26f11 req-a2bebdda-21fc-4877-89ae-cf8e8ce26f11 ] Request (ImagesNegativeTestJSON:test_create_image_from_deleted_server): 404 GET http://10.180.1.21/compute/v2.1/servers/3db8507b-52b8-4eeb-b801-56e817c3b728 1.365s
2024-10-24 12:09:27.432 63210 INFO tempest.lib.common.rest_client [req-2b204360-6da5-43fa-9a11-051fc00e3279 req-2b204360-6da5-43fa-9a11-051fc00e3279 ] Request (KeyPairsV210TestJSON:tearDownClass): 204 DELETE http://10.180.1.21/identity/v3/projects/f9a953a40dcf4254ad1907924d40522f 0.104s
2024-10-24 12:09:27.432 63210 INFO tempest.lib.common.dynamic_creds [-] Deleting project and security group for project: 81c94218c4734a4bbbf20583594baef7
2024-10-24 12:09:27.445 63176 INFO tempest.lib.common.rest_client [req-93e10b1d-21e9-4a98-b953-0d389acf5489 req-93e10b1d-21e9-4a98-b953-0d389acf5489 ] Request (ImagesOneServerNegativeTestJSON:setUpClass): 404 GET http://10.180.1.21/compute/v2.1/servers/33f4159e-4181-4345-a716-0dfc409cee78 1.327s
2024-10-24 12:09:27.446 63176 INFO tempest.test [-] raised in ImagesOneServerNegativeTestJSON.setUpClass. Invoking tearDownClass.
2024-10-24 12:09:27.500 63212 INFO tempest.lib.common.rest_client [req-3ccf33d3-a1a2-48ae-9522-66fa03204fb3 req-3ccf33d3-a1a2-48ae-9522-66fa03204fb3 ] Request (FloatingIPsTestJSON:test_allocate_floating_ip): 200 GET http://10.180.1.21/compute/v2.1/os-floating-ips 1.590s
2024-10-24 12:09:27.504 63200 INFO tempest.lib.common.rest_client [req-34b31a10-27cd-4108-8b51-b041cce5f733 req-34b31a10-27cd-4108-8b51-b041cce5f733 ] Request (ServerShowV247Test:test_update_rebuild_list_server): 200 PUT http://10.180.1.21/compute/v2.1/servers/f3509973-013e-45ce-87f9-357e782f26d7 1.326s
2024-10-24 12:09:27.519 63152 INFO tempest.lib.common.rest_client [req-0f44f9ad-72e1-408c-902a-0cd4ff899787 req-0f44f9ad-72e1-408c-902a-0cd4ff899787 ] Request (ImagesDeleteNegativeTestJSON:test_delete_image_with_id_over_character_limit): 404 DELETE http://10.180.1.21/compute/v2.1/images/edc5e3c3-c215-4abf-b32c-bb95ed3701c81 1.321s
2024-10-24 12:09:27.528 63172 INFO tempest.lib.common.rest_client [req-f1628c95-f8c4-42b5-a6ce-8a5edcd796ed req-f1628c95-f8c4-42b5-a6ce-8a5edcd796ed ] Request (QuotasAdminTestV257:tearDownClass): 204 DELETE http://10.180.1.21/identity/v3/projects/1aaf763cbd1c49bd888b1e2596939aae 0.159s
2024-10-24 12:09:27.528 63172 INFO tempest.lib.common.dynamic_creds [-] Deleting project and security group for project: 7371dee5fb6b40408e0bc3976bc2fe14
2024-10-24 12:09:27.631 63210 INFO tempest.lib.common.rest_client [req-052c5d05-b0c8-426b-8bdc-7ef9a4fc0d2a req-052c5d05-b0c8-426b-8bdc-7ef9a4fc0d2a ] Request (KeyPairsV210TestJSON:tearDownClass): 200 GET http://10.180.1.21:9696/networking/v2.0/security-groups?tenant_id=81c94218c4734a4bbbf20583594baef7&name=default 0.199s
2024-10-24 12:09:27.671 63188 INFO tempest.lib.common.rest_client [req-1a7ba9c1-b2cf-43a9-a496-2d48e455f27f req-1a7ba9c1-b2cf-43a9-a496-2d48e455f27f ] Request (NetworksTest:tearDownClass): 200 GET http://10.180.1.21:9696/networking/v2.0/security-groups?tenant_id=f6c67ba387cf4bd2979f4037f45f52eb&name=default 0.308s
2024-10-24 12:09:27.770 63158 INFO tempest.lib.common.rest_client [req-30b6ee14-840e-4d5c-a956-2196cd09f6ea req-30b6ee14-840e-4d5c-a956-2196cd09f6ea ] Request (ServersAaction247Test:test_create_backup): 202 POST http://10.180.1.21/compute/v2.1/servers 1.489s
2024-10-24 12:09:27.781 63188 INFO tempest.lib.common.rest_client [req-95e45889-8a3c-4f2b-ba3d-135741122090 req-95e45889-8a3c-4f2b-ba3d-135741122090 ] Request (NetworksTest:tearDownClass): 204 DELETE http://10.180.1.21:9696/networking/v2.0/security-groups/2afe58aa-abfa-47f2-ad3b-e03538b484c8 0.109s
2024-10-24 12:09:27.795 63197 INFO tempest.lib.common.rest_client [req-ba3ee5a8-92b2-4908-8095-a857e5d54068 req-ba3ee5a8-92b2-4908-8095-a857e5d54068 ] Request (SecurityGroupRulesTestJSON:test_security_group_rules_create_with_optional_group_id): 200 POST http://10.180.1.21/compute/v2.1/os-security-groups 1.527s
2024-10-24 12:09:27.796 63172 INFO tempest.lib.common.rest_client [req-78f9c556-be4e-4250-a74c-910cbbe4c42d req-78f9c556-be4e-4250-a74c-910cbbe4c42d ] Request (QuotasAdminTestV257:tearDownClass): 200 GET http://10.180.1.21:9696/networking/v2.0/security-groups?tenant_id=7371dee5fb6b40408e0bc3976bc2fe14&name=default 0.268s
2024-10-24 12:09:27.803 63150 INFO tempest.lib.common.rest_client [req-6389c728-cbe6-452c-9114-1fe945a48534 req-6389c728-cbe6-452c-9114-1fe945a48534 ] Request (HypervisorAdminNegativeTestJSON:test_show_nonexistent_hypervisor): 404 GET http://10.180.1.21/compute/v2.1/os-hypervisors/66c96e15-b770-427d-b489-a75932f09a57 1.380s
2024-10-24 12:09:27.813 63168 INFO tempest.lib.common.rest_client [req-fd726370-98b7-475d-b4f0-9c724efd00d2 req-fd726370-98b7-475d-b4f0-9c724efd00d2 ] Request (AggregatesAdminNegativeTestJSON:test_aggregate_list_as_user): 403 GET http://10.180.1.21/compute/v2.1/os-aggregates 1.294s
2024-10-24 12:09:27.830 63204 INFO tempest.lib.common.rest_client [req-b17c4b36-1d3a-4bd9-9973-0324a1a5e25b req-b17c4b36-1d3a-4bd9-9973-0324a1a5e25b ] Request (ServersNegativeTestJSON:setUpClass): 200 GET http://10.180.1.21/compute/v2.1/servers/723105bc-6810-4759-8240-af0a128475e4 1.511s
2024-10-24 12:09:27.860 63210 INFO tempest.lib.common.rest_client [req-f63bf843-34aa-4518-aa40-b82f99611f5c req-f63bf843-34aa-4518-aa40-b82f99611f5c ] Request (KeyPairsV210TestJSON:tearDownClass): 204 DELETE http://10.180.1.21:9696/networking/v2.0/security-groups/4c572e27-b742-48dc-8fc6-25a09d1ca111 0.229s
2024-10-24 12:09:27.873 63178 INFO tempest.lib.common.rest_client [req-9ab4a6a9-dcd7-4953-9686-e495ff7cb208 req-9ab4a6a9-dcd7-4953-9686-e495ff7cb208 ] Request (AttachInterfacesUnderV243Test:test_add_remove_fixed_ip): 200 GET http://10.180.1.21/compute/v2.1/servers/a7ee1dbd-73d2-46be-bf43-008eebcd64e9 1.261s
2024-10-24 12:09:27.898 63172 INFO tempest.lib.common.rest_client [req-e06ecc42-e33f-4f33-99fa-c9a2f50ff916 req-e06ecc42-e33f-4f33-99fa-c9a2f50ff916 ] Request (QuotasAdminTestV257:tearDownClass): 204 DELETE http://10.180.1.21:9696/networking/v2.0/security-groups/2933d90d-ae6d-4d3b-a963-362979884303 0.101s
2024-10-24 12:09:27.922 63188 INFO tempest.lib.common.rest_client [req-d650adb9-b8ec-4d29-afb1-05b6ad601d21 req-d650adb9-b8ec-4d29-afb1-05b6ad601d21 ] Request (NetworksTest:tearDownClass): 204 DELETE http://10.180.1.21/identity/v3/projects/f6c67ba387cf4bd2979f4037f45f52eb 0.141s
2024-10-24 12:09:27.922 63188 INFO tempest.lib.common.dynamic_creds [-] Deleting project and security group for project: 40b02fc686344f639b5854a604468fec
2024-10-24 12:09:27.926 63150 INFO tempest.lib.common.rest_client [req-5c676b66-020c-4ebb-a1b5-f41bc8073476 req-5c676b66-020c-4ebb-a1b5-f41bc8073476 ] Request (HypervisorAdminNegativeTestJSON:tearDownClass): 204 DELETE http://10.180.1.21/identity/v3/users/ad978f1ec64b49d5956aa60d0b948b7c 0.120s
2024-10-24 12:09:27.932 63164 INFO tempest.lib.common.rest_client [req-56997735-f1fb-4117-a023-c962a8c123db req-56997735-f1fb-4117-a023-c962a8c123db ] Request (ServerExternalEventsTest:test_create_server_external_events): 200 GET http://10.180.1.21/compute/v2.1/servers/16b4e8bd-d84f-45a6-b531-3200ea545931 1.292s
2024-10-24 12:09:27.988 63154 INFO tempest.lib.common.rest_client [req-c190aecb-abac-4ab4-b80d-e2fa2016c22b req-c190aecb-abac-4ab4-b80d-e2fa2016c22b ] Request (FloatingIPsAssociationNegativeTestJSON:setUpClass): 200 GET http://10.180.1.21/compute/v2.1/servers/6ec0c746-2bb8-4387-8b31-b49b0d708614 1.311s
2024-10-24 12:09:28.024 63210 INFO tempest.lib.common.rest_client [req-4b0e781c-bd30-4b09-82c8-0076213e195b req-4b0e781c-bd30-4b09-82c8-0076213e195b ] Request (KeyPairsV210TestJSON:tearDownClass): 204 DELETE http://10.180.1.21/identity/v3/projects/81c94218c4734a4bbbf20583594baef7 0.163s
2024-10-24 12:09:28.046 63184 INFO tempest.lib.common.rest_client [req-2d133578-58c7-43c9-be6a-e4682bf3d598 req-2d133578-58c7-43c9-be6a-e4682bf3d598 ] Request (VolumesAdminNegativeTest:test_update_attached_volume_with_nonexistent_volume_in_body): 200 GET http://10.180.1.21/compute/v2.1/servers/c78502a7-266d-49cf-9d50-cc89ed266647 1.341s
2024-10-24 12:09:28.055 63188 INFO tempest.lib.common.rest_client [req-92c9e414-ab26-43e6-8678-b1b1392206a1 req-92c9e414-ab26-43e6-8678-b1b1392206a1 ] Request (NetworksTest:tearDownClass): 200 GET http://10.180.1.21:9696/networking/v2.0/security-groups?tenant_id=40b02fc686344f639b5854a604468fec&name=default 0.133s
2024-10-24 12:09:28.072 63208 INFO tempest.lib.common.rest_client [req-620a6d8e-fb7b-4cb1-b7c3-02c48a90b144 req-620a6d8e-fb7b-4cb1-b7c3-02c48a90b144 ] Request (AbsoluteLimitsNegativeTestJSON:test_max_metadata_exceed_limit): 200 GET http://10.180.1.21/compute/v2.1/limits 1.442s
2024-10-24 12:09:28.116 63172 INFO tempest.lib.common.rest_client [req-6fa19fb0-9a3c-448e-a609-41393f07ea21 req-6fa19fb0-9a3c-448e-a609-41393f07ea21 ] Request (QuotasAdminTestV257:tearDownClass): 204 DELETE http://10.180.1.21/identity/v3/projects/7371dee5fb6b40408e0bc3976bc2fe14 0.218s
2024-10-24 12:09:28.122 63198 INFO tempest.lib.common.rest_client [req-32085e0f-b417-4933-a78c-1e8eeecbb338 req-32085e0f-b417-4933-a78c-1e8eeecbb338 ] Request (AttachInterfacesV270Test:test_create_get_list_interfaces): 200 GET http://10.180.1.21/compute/v2.1/servers/bfcba422-5ed0-4bfd-83e9-cdde324d899f 1.383s
2024-10-24 12:09:28.137 63180 INFO tempest.lib.common.rest_client [req-128ead40-a9b1-44a6-a2b0-f3a9f45183b7 req-128ead40-a9b1-44a6-a2b0-f3a9f45183b7 ] Request (ServerDiskConfigTestJSON:test_rebuild_server_with_auto_disk_config): 200 GET http://10.180.1.21/compute/v2.1/servers/df6047b8-8e4b-48e2-ae54-f5fda0aa77da 1.321s
2024-10-24 12:09:28.137 63150 INFO tempest.lib.common.rest_client [req-f8e1d899-2c8d-4c1f-ad74-bc24e6c8edea req-f8e1d899-2c8d-4c1f-ad74-bc24e6c8edea ] Request (HypervisorAdminNegativeTestJSON:tearDownClass): 204 DELETE http://10.180.1.21/identity/v3/users/719c350b00df47e1bbe39f586a5f47ee 0.211s
2024-10-24 12:09:28.137 63150 INFO tempest.lib.common.dynamic_creds [-] Deleting project and security group for project: 8651dc70adff4ff1abd38d2fd2036f2b
2024-10-24 12:09:28.156 63188 INFO tempest.lib.common.rest_client [req-9c409f80-c7d1-4418-b6bc-3f93ccc7e1be req-9c409f80-c7d1-4418-b6bc-3f93ccc7e1be ] Request (NetworksTest:tearDownClass): 204 DELETE http://10.180.1.21:9696/networking/v2.0/security-groups/3450669d-72f1-4538-9c5d-e975a7ad0167 0.100s
2024-10-24 12:09:28.179 63210 INFO tempest.lib.common.rest_client [req-f17ddbc0-8e61-4d2e-bf3b-7b741414286c req-f17ddbc0-8e61-4d2e-bf3b-7b741414286c ] Request (ListImageFiltersNegativeTestJSON:setUpClass): 201 POST http://10.180.1.21/identity/v3/auth/tokens 0.154s
2024-10-24 12:09:28.191 63208 INFO tempest.lib.common.rest_client [req-8174fa02-6a03-49a3-9a0c-88a514745504 req-8174fa02-6a03-49a3-9a0c-88a514745504 ] Request (AbsoluteLimitsNegativeTestJSON:test_max_metadata_exceed_limit): 201 POST http://10.180.1.21/identity/v3/auth/tokens 0.112s
2024-10-24 12:09:28.192 63208 INFO tempest.lib.common.fixed_network [-] (AbsoluteLimitsNegativeTestJSON:test_max_metadata_exceed_limit) Found network None available for tenant
2024-10-24 12:09:28.210 63172 INFO tempest.lib.common.rest_client [req-73b18b3e-1193-4b31-be01-3e78486a1f23 req-73b18b3e-1193-4b31-be01-3e78486a1f23 ] Request (ServerDiagnosticsTest:setUpClass): 201 POST http://10.180.1.21/identity/v3/auth/tokens 0.091s
2024-10-24 12:09:28.213 63190 INFO tempest.lib.common.rest_client [req-4873e05c-376d-44ca-a5a7-cdd560f3813b req-4873e05c-376d-44ca-a5a7-cdd560f3813b ] Request (ServersAdmin275Test:_run_cleanups): 200 GET http://10.180.1.21/compute/v2.1/servers/3786cd93-1a50-4997-8894-840afa1c8417 1.257s
2024-10-24 12:09:28.214 63150 INFO tempest.lib.common.rest_client [req-cd621f28-2767-483f-9a16-21963b3bb3db req-cd621f28-2767-483f-9a16-21963b3bb3db ] Request (HypervisorAdminNegativeTestJSON:tearDownClass): 201 POST http://10.180.1.21/identity/v3/auth/tokens 0.077s
2024-10-24 12:09:28.241 63210 INFO tempest.lib.common.rest_client [req-db1b0a06-d24f-4798-80b4-c6b3517e1a4f req-db1b0a06-d24f-4798-80b4-c6b3517e1a4f ] Request (ListImageFiltersNegativeTestJSON:setUpClass): 201 POST http://10.180.1.21/identity/v3/auth/tokens 0.059s
2024-10-24 12:09:28.268 63188 INFO tempest.lib.common.rest_client [req-6c301e91-a2b3-47d3-909a-337bb362eaa8 req-6c301e91-a2b3-47d3-909a-337bb362eaa8 ] Request (NetworksTest:tearDownClass): 204 DELETE http://10.180.1.21/identity/v3/projects/40b02fc686344f639b5854a604468fec 0.111s
2024-10-24 12:09:28.310 63172 INFO tempest.lib.common.rest_client [req-d95d2d3c-56bd-4bfe-971a-4d00568fff79 req-d95d2d3c-56bd-4bfe-971a-4d00568fff79 ] Request (ServerDiagnosticsTest:setUpClass): 201 POST http://10.180.1.21/identity/v3/auth/tokens 0.096s
2024-10-24 12:09:28.323 63166 INFO tempest.lib.common.rest_client [req-0c1e6eac-cb73-4c5b-b23e-719ff1cf3263 req-0c1e6eac-cb73-4c5b-b23e-719ff1cf3263 ] Request (SecurityGroupsNegativeTestJSON:test_delete_the_default_security_group): 400 DELETE http://10.180.1.21/compute/v2.1/os-security-groups/e9ba9925-f5f1-4443-a3a7-c137e95754ea 0.978s
2024-10-24 12:09:28.337 63210 INFO tempest.lib.common.rest_client [req-34ba8773-037a-4d03-bafc-289dc5ee654e req-34ba8773-037a-4d03-bafc-289dc5ee654e ] Request (ListImageFiltersNegativeTestJSON:setUpClass): 200 GET http://10.180.1.21/identity/v3/domains?name=Default 0.096s
2024-10-24 12:09:28.349 63188 INFO tempest.lib.common.rest_client [req-06f303c9-51bb-4224-9e56-66fb26dfa6bf req-06f303c9-51bb-4224-9e56-66fb26dfa6bf ] Request (InstanceActionsTestJSON:setUpClass): 201 POST http://10.180.1.21/identity/v3/auth/tokens 0.078s
2024-10-24 12:09:28.359 63172 INFO tempest.lib.common.rest_client [req-4c66264c-ace6-4a57-a8b3-fa4cf90e8848 req-4c66264c-ace6-4a57-a8b3-fa4cf90e8848 ] Request (ServerDiagnosticsTest:setUpClass): 200 GET http://10.180.1.21/identity/v3/domains?name=Default 0.049s
2024-10-24 12:09:28.380 63210 INFO tempest.lib.common.rest_client [req-528287b1-b9d1-46be-9661-16da34717228 req-528287b1-b9d1-46be-9661-16da34717228 ] Request (ListImageFiltersNegativeTestJSON:setUpClass): 201 POST http://10.180.1.21/identity/v3/projects 0.042s
2024-10-24 12:09:28.421 63188 INFO tempest.lib.common.rest_client [req-b168bc9c-a015-41c4-9441-d53c160b71ca req-b168bc9c-a015-41c4-9441-d53c160b71ca ] Request (InstanceActionsTestJSON:setUpClass): 201 POST http://10.180.1.21/identity/v3/auth/tokens 0.069s
2024-10-24 12:09:28.442 63172 INFO tempest.lib.common.rest_client [req-cea74416-16ea-498a-9187-279fb353f982 req-cea74416-16ea-498a-9187-279fb353f982 ] Request (ServerDiagnosticsTest:setUpClass): 201 POST http://10.180.1.21/identity/v3/projects 0.083s
2024-10-24 12:09:28.443 63210 INFO tempest.lib.common.rest_client [req-0eaaa05b-bdb0-4ba2-8b39-b89b0f8eb4b3 req-0eaaa05b-bdb0-4ba2-8b39-b89b0f8eb4b3 ] Request (ListImageFiltersNegativeTestJSON:setUpClass): 201 POST http://10.180.1.21/identity/v3/users 0.063s
2024-10-24 12:09:28.488 63150 INFO tempest.lib.common.rest_client [req-8071f510-42a2-47d2-8bde-c51f4f24de65 req-8071f510-42a2-47d2-8bde-c51f4f24de65 ] Request (HypervisorAdminNegativeTestJSON:tearDownClass): 200 GET http://10.180.1.21:9696/networking/v2.0/security-groups?tenant_id=8651dc70adff4ff1abd38d2fd2036f2b&name=default 0.274s
2024-10-24 12:09:28.492 63172 INFO tempest.lib.common.rest_client [req-05b2226b-21ff-41af-9ca1-cbffc6852951 req-05b2226b-21ff-41af-9ca1-cbffc6852951 ] Request (ServerDiagnosticsTest:setUpClass): 201 POST http://10.180.1.21/identity/v3/users 0.049s
2024-10-24 12:09:28.496 63188 INFO tempest.lib.common.rest_client [req-8a4fea86-48f1-4772-b12a-b2146af53e25 req-8a4fea86-48f1-4772-b12a-b2146af53e25 ] Request (InstanceActionsTestJSON:setUpClass): 200 GET http://10.180.1.21/identity/v3/domains?name=Default 0.074s
2024-10-24 12:09:28.508 63210 INFO tempest.lib.common.rest_client [req-eceaf3e9-a539-419f-b210-5aae0bfe1ab6 req-eceaf3e9-a539-419f-b210-5aae0bfe1ab6 ] Request (ListImageFiltersNegativeTestJSON:setUpClass): 200 GET http://10.180.1.21/identity/v3/roles 0.063s
2024-10-24 12:09:28.511 63172 INFO tempest.lib.common.rest_client [req-5f147a56-2827-4242-9965-d562e4c11df2 req-5f147a56-2827-4242-9965-d562e4c11df2 ] Request (ServerDiagnosticsTest:setUpClass): 200 GET http://10.180.1.21/identity/v3/roles 0.018s
2024-10-24 12:09:28.533 63188 INFO tempest.lib.common.rest_client [req-44b2c39b-ec6c-470d-a470-1017ae8b5e48 req-44b2c39b-ec6c-470d-a470-1017ae8b5e48 ] Request (InstanceActionsTestJSON:setUpClass): 201 POST http://10.180.1.21/identity/v3/projects 0.036s
2024-10-24 12:09:28.534 63210 INFO tempest.lib.common.rest_client [req-1863a79b-8513-4a6c-bbad-7a3169f738bb req-1863a79b-8513-4a6c-bbad-7a3169f738bb ] Request (ListImageFiltersNegativeTestJSON:setUpClass): 204 PUT http://10.180.1.21/identity/v3/projects/40137e135c4c4254843376b1884daa78/users/b9714df3caea465c8ae67d2391c11806/roles/70c8c899908b4e47b078dd06c45f6846 0.025s
2024-10-24 12:09:28.534 63210 INFO tempest.lib.common.dynamic_creds [-] Dynamic test user b9714df3caea465c8ae67d2391c11806 is created with scope project and roles: ['member']
2024-10-24 12:09:28.534 63210 INFO tempest.lib.common.dynamic_creds [-] Acquired dynamic creds: credentials: Credentials: {'domain_id': 'default', 'domain_name': 'Default', 'username': 'tempest-ListImageFiltersNegativeTestJSON-2083354019-project-member', 'project_domain_id': 'default', 'project_domain_name': 'Default', 'project_id': '40137e135c4c4254843376b1884daa78', 'project_name': 'tempest-ListImageFiltersNegativeTestJSON-2083354019', 'tenant_id': '40137e135c4c4254843376b1884daa78', 'tenant_name': 'tempest-ListImageFiltersNegativeTestJSON-2083354019', 'user_domain_id': 'default', 'user_domain_name': 'Default', 'user_id': 'b9714df3caea465c8ae67d2391c11806', 'system': None}, Network: None, Subnet: None, Router: None
2024-10-24 12:09:28.535 63210 INFO tempest.lib.common.dynamic_creds [-] Created isolated network resources for: credentials: Credentials: {'domain_id': 'default', 'domain_name': 'Default', 'username': 'tempest-ListImageFiltersNegativeTestJSON-2083354019-project-member', 'project_domain_id': 'default', 'project_domain_name': 'Default', 'project_id': '40137e135c4c4254843376b1884daa78', 'project_name': 'tempest-ListImageFiltersNegativeTestJSON-2083354019', 'tenant_id': '40137e135c4c4254843376b1884daa78', 'tenant_name': 'tempest-ListImageFiltersNegativeTestJSON-2083354019', 'user_domain_id': 'default', 'user_domain_name': 'Default', 'user_id': 'b9714df3caea465c8ae67d2391c11806', 'system': None}, Network: None, Subnet: None, Router: None
2024-10-24 12:09:28.560 63176 INFO tempest.lib.common.rest_client [req-274e95d0-ae99-451e-99b1-be5d1a26ac9f req-274e95d0-ae99-451e-99b1-be5d1a26ac9f ] Request (ImagesOneServerNegativeTestJSON:tearDownClass): 200 PUT http://10.180.1.21:9696/networking/v2.0/routers/1c4c70ff-32ea-46e9-8588-67fbdb4dcb75/remove_router_interface 1.114s
2024-10-24 12:09:28.585 63188 INFO tempest.lib.common.rest_client [req-a3f74794-5b23-4228-be22-51308f853b45 req-a3f74794-5b23-4228-be22-51308f853b45 ] Request (InstanceActionsTestJSON:setUpClass): 201 POST http://10.180.1.21/identity/v3/users 0.052s
2024-10-24 12:09:28.592 63172 INFO tempest.lib.common.rest_client [req-2d3b21dd-b829-41a8-832f-6c976ed05740 req-2d3b21dd-b829-41a8-832f-6c976ed05740 ] Request (ServerDiagnosticsTest:setUpClass): 204 PUT http://10.180.1.21/identity/v3/projects/c09e038804814fe4aef75c79fa652413/users/961f770e6dd94b74ac253cb8fd6e43cd/roles/70c8c899908b4e47b078dd06c45f6846 0.080s
2024-10-24 12:09:28.592 63172 INFO tempest.lib.common.dynamic_creds [-] Dynamic test user 961f770e6dd94b74ac253cb8fd6e43cd is created with scope project and roles: ['member']
2024-10-24 12:09:28.592 63172 INFO tempest.lib.common.dynamic_creds [-] Acquired dynamic creds: credentials: Credentials: {'domain_id': 'default', 'domain_name': 'Default', 'username': 'tempest-ServerDiagnosticsTest-422723390-project-member', 'project_domain_id': 'default', 'project_domain_name': 'Default', 'project_id': 'c09e038804814fe4aef75c79fa652413', 'project_name': 'tempest-ServerDiagnosticsTest-422723390', 'tenant_id': 'c09e038804814fe4aef75c79fa652413', 'tenant_name': 'tempest-ServerDiagnosticsTest-422723390', 'user_domain_id': 'default', 'user_domain_name': 'Default', 'user_id': '961f770e6dd94b74ac253cb8fd6e43cd', 'system': None}, Network: None, Subnet: None, Router: None
