2024-10-24 12:09:31.603 63208 INFO tempest.lib.common.dynamic_creds [-] Dynamic test user aadc75d949954ec7befe9f31948bb430 is created with scope project and roles: ['reader']
2024-10-24 12:09:31.604 63208 INFO tempest.lib.common.dynamic_creds [-] Acquired dynamic creds: credentials: Credentials: {'domain_id': 'default', 'domain_name': 'Default', 'username': 'tempest-ServerShowV263Test-1949976050-project-reader', 'project_domain_id': 'default', 'project_domain_name': 'Default', 'project_id': 'beede9eb71364c79aada07051874b242', 'project_name': 'tempest-ServerShowV263Test-1949976050', 'tenant_id': 'beede9eb71364c79aada07051874b242', 'tenant_name': 'tempest-ServerShowV263Test-1949976050', 'user_domain_id': 'default', 'user_domain_name': 'Default', 'user_id': 'aadc75d949954ec7befe9f31948bb430', 'system': None}, Network: None, Subnet: None, Router: None
2024-10-24 12:09:31.604 63208 INFO tempest.lib.common.dynamic_creds [-] Network resources are not created for requested scope: project and credentials: Credentials: {'domain_id': 'default', 'domain_name': 'Default', 'username': 'tempest-ServerShowV263Test-1949976050-project-reader', 'project_domain_id': 'default', 'project_domain_name': 'Default', 'project_id': 'beede9eb71364c79aada07051874b242', 'project_name': 'tempest-ServerShowV263Test-1949976050', 'tenant_id': 'beede9eb71364c79aada07051874b242', 'tenant_name': 'tempest-ServerShowV263Test-1949976050', 'user_domain_id': 'default', 'user_domain_name': 'Default', 'user_id': 'aadc75d949954ec7befe9f31948bb430', 'system': None}, Network: None, Subnet: None, Router: None
2024-10-24 12:09:31.624 63194 INFO tempest.lib.common.rest_client [req-09d3ae5f-7020-40e4-9112-5ae694ae95ef req-09d3ae5f-7020-40e4-9112-5ae694ae95ef ] Request (SecurityGroupsTestAdminJSON:tearDownClass): 204 DELETE http://10.180.1.21:9696/networking/v2.0/security-groups/850c9b06-69f2-42d0-982f-1d64db179aaf 0.226s
2024-10-24 12:09:31.671 63208 INFO tempest.lib.common.rest_client [req-78d15b50-2595-45e4-a0b4-5fa85e15d18a req-78d15b50-2595-45e4-a0b4-5fa85e15d18a ] Request (ServerShowV263Test:setUpClass): 201 POST http://10.180.1.21/identity/v3/auth/tokens 0.065s
2024-10-24 12:09:31.716 63194 INFO tempest.lib.common.rest_client [req-0a921a25-3c74-402c-8da6-e53afa22469d req-0a921a25-3c74-402c-8da6-e53afa22469d ] Request (SecurityGroupsTestAdminJSON:tearDownClass): 204 DELETE http://10.180.1.21/identity/v3/projects/b0042e011e1449768d2be487ca6254fc 0.092s
2024-10-24 12:09:31.746 63188 INFO tempest.lib.common.rest_client [req-c86fd35b-3f3f-4528-b861-0f2248b1d466 req-c86fd35b-3f3f-4528-b861-0f2248b1d466 ] Request (InstanceActionsTestJSON:setUpClass): 201 POST http://10.180.1.21:9696/networking/v2.0/routers 1.924s
2024-10-24 12:09:31.748 63208 INFO tempest.lib.common.rest_client [req-a0bdfc55-95d9-491e-8414-0344c876e933 req-a0bdfc55-95d9-491e-8414-0344c876e933 ] Request (ServerShowV263Test:tearDownClass): 204 DELETE http://10.180.1.21/identity/v3/users/40b415aba7e9445dad068d28408f6abe 0.069s
2024-10-24 12:09:31.751 63178 INFO tempest.lib.common.rest_client [req-b84a924b-e0d5-4efb-ad5f-a15260cf6120 req-b84a924b-e0d5-4efb-ad5f-a15260cf6120 ] Request (AttachInterfacesUnderV243Test:test_add_remove_fixed_ip): 204 DELETE http://10.180.1.21/compute/v2.1/servers/a7ee1dbd-73d2-46be-bf43-008eebcd64e9 1.641s
2024-10-24 12:09:31.775 63152 INFO tempest.lib.common.rest_client [req-99981a02-3331-4f33-b80b-3274c81e3e5d req-99981a02-3331-4f33-b80b-3274c81e3e5d ] Request (ImagesDeleteNegativeTestJSON:tearDownClass): 204 DELETE http://10.180.1.21:9696/networking/v2.0/security-groups/eba8a153-50f1-4d6b-85a2-4a56136cf7b9 0.254s
2024-10-24 12:09:31.782 63194 INFO tempest.lib.common.rest_client [req-5654ce48-b081-46f1-8684-4554ce9dc14d req-5654ce48-b081-46f1-8684-4554ce9dc14d ] Request (ServerActionsTestJSON:setUpClass): 201 POST http://10.180.1.21/identity/v3/auth/tokens 0.064s
2024-10-24 12:09:31.836 63206 INFO tempest.lib.common.rest_client [req-e28a7f54-2b62-4b17-a1e2-7a5cbd093b99 req-e28a7f54-2b62-4b17-a1e2-7a5cbd093b99 ] Request (VolumesAssistedSnapshotsTest:test_volume_assisted_snapshot_create_delete): 200 GET http://10.180.1.21/compute/v2.1/servers/856b3816-d4f8-4c9e-b74c-ea15d67976ef 1.705s
2024-10-24 12:09:31.843 63152 INFO tempest.lib.common.rest_client [req-215f185d-0ca6-419c-ba96-b675c7180031 req-215f185d-0ca6-419c-ba96-b675c7180031 ] Request (ImagesDeleteNegativeTestJSON:tearDownClass): 204 DELETE http://10.180.1.21/identity/v3/projects/dcee873e46ec4ea49f324659210eb5d3 0.068s
2024-10-24 12:09:31.875 63208 INFO tempest.lib.common.rest_client [req-a2bd3aa1-3786-4daa-8014-d462df2db74c req-a2bd3aa1-3786-4daa-8014-d462df2db74c ] Request (ServerShowV263Test:tearDownClass): 204 DELETE http://10.180.1.21/identity/v3/users/aadc75d949954ec7befe9f31948bb430 0.127s
2024-10-24 12:09:31.875 63208 INFO tempest.lib.common.dynamic_creds [-] Deleting project and security group for project: beede9eb71364c79aada07051874b242
2024-10-24 12:09:31.923 63194 INFO tempest.lib.common.rest_client [req-14982c0a-16fe-42e1-b636-c904ae4b70fe req-14982c0a-16fe-42e1-b636-c904ae4b70fe ] Request (ServerActionsTestJSON:setUpClass): 201 POST http://10.180.1.21/identity/v3/auth/tokens 0.137s
2024-10-24 12:09:31.927 63176 INFO tempest.lib.common.rest_client [req-11770803-dd0e-47d5-bd44-61399f6a34f1 req-11770803-dd0e-47d5-bd44-61399f6a34f1 ] Request (InstanceActionsNegativeTestJSON:setUpClass): 201 POST http://10.180.1.21:9696/networking/v2.0/subnets 0.519s
2024-10-24 12:09:31.941 63152 INFO tempest.lib.common.rest_client [req-c12c429f-84e0-46ed-b9c0-f70a47e13f66 req-c12c429f-84e0-46ed-b9c0-f70a47e13f66 ] Request (KeyPairsV22TestJSON:setUpClass): 201 POST http://10.180.1.21/identity/v3/auth/tokens 0.094s
2024-10-24 12:09:31.945 63174 INFO tempest.lib.common.rest_client [req-88cc393e-0035-494e-be34-32d7c3b9c263 req-88cc393e-0035-494e-be34-32d7c3b9c263 ] Request (ServerDiagnosticsV248Test:tearDownClass): 200 GET http://10.180.1.21/compute/v2.1/servers/d5c90d13-41bc-4cca-abf3-5a5b13171a6f 1.803s
2024-10-24 12:09:31.948 63208 INFO tempest.lib.common.rest_client [req-ab3b059f-0fec-49ae-bfed-e3778fef5e9a req-ab3b059f-0fec-49ae-bfed-e3778fef5e9a ] Request (ServerShowV263Test:tearDownClass): 201 POST http://10.180.1.21/identity/v3/auth/tokens 0.073s
2024-10-24 12:09:31.964 63194 INFO tempest.lib.common.rest_client [req-3dc780f1-3b4b-4bb3-abb6-58e995e9669b req-3dc780f1-3b4b-4bb3-abb6-58e995e9669b ] Request (ServerActionsTestJSON:setUpClass): 200 GET http://10.180.1.21/identity/v3/domains?name=Default 0.040s
2024-10-24 12:09:31.985 63152 INFO tempest.lib.common.rest_client [req-c96a1ed5-66d6-4ccb-908d-bb734fdda7c9 req-c96a1ed5-66d6-4ccb-908d-bb734fdda7c9 ] Request (KeyPairsV22TestJSON:setUpClass): 201 POST http://10.180.1.21/identity/v3/auth/tokens 0.038s
2024-10-24 12:09:32.015 63194 INFO tempest.lib.common.rest_client [req-6dfa21dc-b75f-41e6-aec6-673ed3422ff5 req-6dfa21dc-b75f-41e6-aec6-673ed3422ff5 ] Request (ServerActionsTestJSON:setUpClass): 201 POST http://10.180.1.21/identity/v3/projects 0.050s
2024-10-24 12:09:32.075 63152 INFO tempest.lib.common.rest_client [req-c1ee5048-d112-4e82-8998-45eab5f06169 req-c1ee5048-d112-4e82-8998-45eab5f06169 ] Request (KeyPairsV22TestJSON:setUpClass): 200 GET http://10.180.1.21/identity/v3/domains?name=Default 0.089s
2024-10-24 12:09:32.076 63210 INFO tempest.lib.common.rest_client [req-e4ae91f4-6d8f-423d-bd21-9d3fc5920297 req-e4ae91f4-6d8f-423d-bd21-9d3fc5920297 ] Request (ListServersNegativeTestJSON:setUpClass): 201 POST http://10.180.1.21:9696/networking/v2.0/networks 0.554s
2024-10-24 12:09:32.077 63194 INFO tempest.lib.common.rest_client [req-d381111e-cc1d-4d9e-b964-58c5841e4980 req-d381111e-cc1d-4d9e-b964-58c5841e4980 ] Request (ServerActionsTestJSON:setUpClass): 201 POST http://10.180.1.21/identity/v3/users 0.062s
2024-10-24 12:09:32.097 63194 INFO tempest.lib.common.rest_client [req-d99a37e5-8a6f-4c46-8a7a-88b0ecab24d4 req-d99a37e5-8a6f-4c46-8a7a-88b0ecab24d4 ] Request (ServerActionsTestJSON:setUpClass): 200 GET http://10.180.1.21/identity/v3/roles 0.019s
2024-10-24 12:09:32.110 63152 INFO tempest.lib.common.rest_client [req-c0f1b36a-19a8-4d93-884f-1e03248c21f7 req-c0f1b36a-19a8-4d93-884f-1e03248c21f7 ] Request (KeyPairsV22TestJSON:setUpClass): 201 POST http://10.180.1.21/identity/v3/projects 0.034s
2024-10-24 12:09:32.125 63194 INFO tempest.lib.common.rest_client [req-9e8c5179-f9ba-446a-b4c7-5e25a12cae63 req-9e8c5179-f9ba-446a-b4c7-5e25a12cae63 ] Request (ServerActionsTestJSON:setUpClass): 204 PUT http://10.180.1.21/identity/v3/projects/56111979cb10452d9d49fec61eca4694/users/5d74ad5e0d554a6cb6f557373bf1d841/roles/70c8c899908b4e47b078dd06c45f6846 0.027s
2024-10-24 12:09:32.125 63194 INFO tempest.lib.common.dynamic_creds [-] Dynamic test user 5d74ad5e0d554a6cb6f557373bf1d841 is created with scope project and roles: ['member']
2024-10-24 12:09:32.125 63194 INFO tempest.lib.common.dynamic_creds [-] Acquired dynamic creds: credentials: Credentials: {'domain_id': 'default', 'domain_name': 'Default', 'username': 'tempest-ServerActionsTestJSON-1426609420-project-member', 'project_domain_id': 'default', 'project_domain_name': 'Default', 'project_id': '56111979cb10452d9d49fec61eca4694', 'project_name': 'tempest-ServerActionsTestJSON-1426609420', 'tenant_id': '56111979cb10452d9d49fec61eca4694', 'tenant_name': 'tempest-ServerActionsTestJSON-1426609420', 'user_domain_id': 'default', 'user_domain_name': 'Default', 'user_id': '5d74ad5e0d554a6cb6f557373bf1d841', 'system': None}, Network: None, Subnet: None, Router: None
2024-10-24 12:09:32.189 63194 INFO tempest.lib.common.rest_client [req-35ef7a2c-a62c-478d-93f1-344a143842e1 req-35ef7a2c-a62c-478d-93f1-344a143842e1 ] Request (ServerActionsTestJSON:setUpClass): 201 POST http://10.180.1.21/identity/v3/auth/tokens 0.064s
2024-10-24 12:09:32.215 63152 INFO tempest.lib.common.rest_client [req-1b4381c9-d67f-402f-8c27-8c63a2f1be55 req-1b4381c9-d67f-402f-8c27-8c63a2f1be55 ] Request (KeyPairsV22TestJSON:setUpClass): 201 POST http://10.180.1.21/identity/v3/users 0.104s
2024-10-24 12:09:32.235 63152 INFO tempest.lib.common.rest_client [req-2f5d6d8b-7ac9-477f-b8b5-77e3ddac5302 req-2f5d6d8b-7ac9-477f-b8b5-77e3ddac5302 ] Request (KeyPairsV22TestJSON:setUpClass): 200 GET http://10.180.1.21/identity/v3/roles 0.019s
2024-10-24 12:09:32.267 63152 INFO tempest.lib.common.rest_client [req-5b05998f-1b26-449e-8ad6-9da75d2ff695 req-5b05998f-1b26-449e-8ad6-9da75d2ff695 ] Request (KeyPairsV22TestJSON:setUpClass): 204 PUT http://10.180.1.21/identity/v3/projects/3f210ccc11fc466f9f62cb222f06c115/users/0c0f2ac23ecd479a8892a5a34bec6b93/roles/70c8c899908b4e47b078dd06c45f6846 0.031s
2024-10-24 12:09:32.267 63152 INFO tempest.lib.common.dynamic_creds [-] Dynamic test user 0c0f2ac23ecd479a8892a5a34bec6b93 is created with scope project and roles: ['member']
2024-10-24 12:09:32.267 63152 INFO tempest.lib.common.dynamic_creds [-] Acquired dynamic creds: credentials: Credentials: {'domain_id': 'default', 'domain_name': 'Default', 'username': 'tempest-KeyPairsV22TestJSON-981335916-project-member', 'project_domain_id': 'default', 'project_domain_name': 'Default', 'project_id': '3f210ccc11fc466f9f62cb222f06c115', 'project_name': 'tempest-KeyPairsV22TestJSON-981335916', 'tenant_id': '3f210ccc11fc466f9f62cb222f06c115', 'tenant_name': 'tempest-KeyPairsV22TestJSON-981335916', 'user_domain_id': 'default', 'user_domain_name': 'Default', 'user_id': '0c0f2ac23ecd479a8892a5a34bec6b93', 'system': None}, Network: None, Subnet: None, Router: None
2024-10-24 12:09:32.267 63152 INFO tempest.lib.common.dynamic_creds [-] Created isolated network resources for: credentials: Credentials: {'domain_id': 'default', 'domain_name': 'Default', 'username': 'tempest-KeyPairsV22TestJSON-981335916-project-member', 'project_domain_id': 'default', 'project_domain_name': 'Default', 'project_id': '3f210ccc11fc466f9f62cb222f06c115', 'project_name': 'tempest-KeyPairsV22TestJSON-981335916', 'tenant_id': '3f210ccc11fc466f9f62cb222f06c115', 'tenant_name': 'tempest-KeyPairsV22TestJSON-981335916', 'user_domain_id': 'default', 'user_domain_name': 'Default', 'user_id': '0c0f2ac23ecd479a8892a5a34bec6b93', 'system': None}, Network: None, Subnet: None, Router: None
2024-10-24 12:09:32.362 63152 INFO tempest.lib.common.rest_client [req-1867d251-5f80-4697-94e2-ca2ddab27951 req-1867d251-5f80-4697-94e2-ca2ddab27951 ] Request (KeyPairsV22TestJSON:setUpClass): 201 POST http://10.180.1.21/identity/v3/auth/tokens 0.092s
2024-10-24 12:09:32.466 63212 INFO tempest.lib.common.rest_client [req-148a4a35-1302-4cea-a9f3-e869b4ab89dd req-148a4a35-1302-4cea-a9f3-e869b4ab89dd ] Request (FloatingIPsTestJSON:test_delete_floating_ip): 200 POST http://10.180.1.21/compute/v2.1/os-floating-ips 2.679s
2024-10-24 12:09:32.554 63200 INFO tempest.lib.common.rest_client [req-aa50fda8-4f42-4c20-b0c6-bd5ecb665db9 req-aa50fda8-4f42-4c20-b0c6-bd5ecb665db9 ] Request (ServerShowV247Test:test_update_rebuild_list_server): 200 GET http://10.180.1.21/compute/v2.1/servers/f3509973-013e-45ce-87f9-357e782f26d7 2.351s
2024-10-24 12:09:32.576 63208 INFO tempest.lib.common.rest_client [req-0ed071f3-80b7-480f-8534-0482af7e396a req-0ed071f3-80b7-480f-8534-0482af7e396a ] Request (ServerShowV263Test:tearDownClass): 200 GET http://10.180.1.21:9696/networking/v2.0/security-groups?tenant_id=beede9eb71364c79aada07051874b242&name=default 0.627s
2024-10-24 12:09:32.626 63160 INFO tempest.lib.common.rest_client [req-37cbdc33-21b9-4c42-8837-15c968cef8da req-37cbdc33-21b9-4c42-8837-15c968cef8da ] Request (MigrationsAdminTest:test_list_migrations_in_flavor_resize_situation): 200 GET http://10.180.1.21/compute/v2.1/servers/a8761350-3044-4822-8221-ed108e21cd62 2.375s
2024-10-24 12:09:32.680 63210 INFO tempest.lib.common.rest_client [req-585825bc-1ca1-48e4-942f-3f38155db6c0 req-585825bc-1ca1-48e4-942f-3f38155db6c0 ] Request (ListServersNegativeTestJSON:setUpClass): 201 POST http://10.180.1.21:9696/networking/v2.0/subnets 0.603s
2024-10-24 12:09:32.790 63194 INFO tempest.lib.common.rest_client [req-679cfcb0-0643-419d-b9b6-be98fc4c0b3d req-679cfcb0-0643-419d-b9b6-be98fc4c0b3d ] Request (ServerActionsTestJSON:setUpClass): 201 POST http://10.180.1.21:9696/networking/v2.0/networks 0.600s
2024-10-24 12:09:32.833 63208 INFO tempest.lib.common.rest_client [req-ef942018-200e-4dac-87e8-2d5d1eea5424 req-ef942018-200e-4dac-87e8-2d5d1eea5424 ] Request (ServerShowV263Test:tearDownClass): 204 DELETE http://10.180.1.21:9696/networking/v2.0/security-groups/30f89f79-c48a-4ad4-990f-242311632b73 0.257s
2024-10-24 12:09:32.887 63162 INFO tempest.lib.common.rest_client [req-8f196609-a94d-423d-87c7-5eec31cf67d9 req-8f196609-a94d-423d-87c7-5eec31cf67d9 ] Request (ServersWithSpecificFlavorTestJSON:test_verify_created_server_ephemeral_disk): 200 GET http://10.180.1.21/compute/v2.1/servers/889af877-29c4-4c06-9995-49fb15b21a55 2.548s
2024-10-24 12:09:32.893 63162 INFO tempest.common.waiters [-] State transition "BUILD/networking" ==> "BUILD/spawning" after 23 second wait
2024-10-24 12:09:32.951 63158 INFO tempest.lib.common.rest_client [req-096fdc7b-bd3a-42cc-a23f-0c2d9632f2ce req-096fdc7b-bd3a-42cc-a23f-0c2d9632f2ce ] Request (ServersAaction247Test:test_create_backup): 200 GET http://10.180.1.21/compute/v2.1/servers/e11079b9-5f15-41d6-8c8a-c08dc7f63b2f 2.530s
2024-10-24 12:09:32.961 63208 INFO tempest.lib.common.rest_client [req-56f2841b-a859-4671-8867-ea53d0c17ed7 req-56f2841b-a859-4671-8867-ea53d0c17ed7 ] Request (ServerShowV263Test:tearDownClass): 204 DELETE http://10.180.1.21/identity/v3/projects/beede9eb71364c79aada07051874b242 0.127s
2024-10-24 12:09:32.969 63170 INFO tempest.lib.common.rest_client [req-0c287e85-dedb-49eb-be05-4e6020c69703 req-0c287e85-dedb-49eb-be05-4e6020c69703 ] Request (FlavorsAdminTestJSON:test_is_public_string_variations): 200 GET http://10.180.1.21/compute/v2.1/flavors/detail?is_public=no 2.519s
2024-10-24 12:09:33.004 63156 INFO tempest.lib.common.rest_client [req-ed8112ae-6cf2-4296-b22b-d9bc45ee008f req-ed8112ae-6cf2-4296-b22b-d9bc45ee008f ] Request (ImagesMetadataTestJSON:test_delete_image_metadata_item): 200 GET http://10.180.1.21/compute/v2.1/images/a79a1122-a3f5-433f-8b0b-f5b7b7706149/metadata 2.376s
2024-10-24 12:09:33.012 63186 INFO tempest.lib.common.rest_client [req-8cfe97a7-d730-4bdf-a091-a881a966f378 req-8cfe97a7-d730-4bdf-a091-a881a966f378 ] Request (ImagesNegativeTestJSON:test_create_image_specify_uuid_37_characters_or_more): 404 POST http://10.180.1.21/compute/v2.1/servers/aaaaaaaaaaaaaaaaaaaaaaaaaaaaaaaaaaaaa/action 2.308s
2024-10-24 12:09:33.077 63172 INFO tempest.lib.common.rest_client [req-a9cd47cc-720a-4224-b2a7-a05c5ed1f60f req-a9cd47cc-720a-4224-b2a7-a05c5ed1f60f ] Request (ServerDiagnosticsTest:test_get_server_diagnostics): 200 GET http://10.180.1.21/compute/v2.1/servers/8213bc31-1bd5-40b6-99a0-1254b9517b6a 2.230s
2024-10-24 12:09:33.144 63194 INFO tempest.lib.common.rest_client [req-a30874c7-0f70-48a1-9b6e-6e2f2c889435 req-a30874c7-0f70-48a1-9b6e-6e2f2c889435 ] Request (ServerActionsTestJSON:setUpClass): 201 POST http://10.180.1.21:9696/networking/v2.0/subnets 0.352s
2024-10-24 12:09:33.153 63202 INFO tempest.lib.common.rest_client [req-304f6fcf-b985-41cc-8f5d-60a31e2a6f35 req-304f6fcf-b985-41cc-8f5d-60a31e2a6f35 ] Request (ServerActionsV293TestJSON:setUpClass): 200 GET http://10.180.1.21/compute/v2.1/servers/4981a04f-98e6-474b-850a-634d977d9e42 2.291s
2024-10-24 12:09:33.215 63182 INFO tempest.lib.common.rest_client [req-491dba26-9f6c-458b-92dc-cc001cad3f0d req-491dba26-9f6c-458b-92dc-cc001cad3f0d ] Request (FloatingIPDetailsTestJSON:_run_cleanups): 202 DELETE http://10.180.1.21/compute/v2.1/os-floating-ips/e2746ec0-18e9-4891-86f3-b51ae862f28d 3.024s
2024-10-24 12:09:33.222 63168 INFO tempest.lib.common.rest_client [req-c796f45f-d889-45b9-ac26-d2de33bb17a8 req-c796f45f-d889-45b9-ac26-d2de33bb17a8 ] Request (AggregatesAdminNegativeTestJSON:test_aggregate_remove_host_as_user): 403 POST http://10.180.1.21/compute/v2.1/os-aggregates/7/action 2.230s
2024-10-24 12:09:33.242 63192 INFO tempest.lib.common.rest_client [req-0f657528-e8ee-4bb1-b895-a8dbb44d5913 req-0f657528-e8ee-4bb1-b895-a8dbb44d5913 ] Request (ServersAdminNegativeTestJSON:setUpClass): 200 GET http://10.180.1.21/compute/v2.1/servers/f1cee1cb-aceb-47e8-b2da-b94563f922e2 2.328s
2024-10-24 12:09:33.327 63204 INFO tempest.lib.common.rest_client [req-1c8bf40c-e6cf-496a-b584-b0601e1b453d req-1c8bf40c-e6cf-496a-b584-b0601e1b453d ] Request (ServersNegativeTestJSON:setUpClass): 200 GET http://10.180.1.21/compute/v2.1/servers/723105bc-6810-4759-8240-af0a128475e4 2.260s
2024-10-24 12:09:33.426 63164 INFO tempest.lib.common.rest_client [req-5f104c28-f3f0-4b22-9960-e17307fca024 req-5f104c28-f3f0-4b22-9960-e17307fca024 ] Request (ServerExternalEventsTest:test_create_server_external_events): 200 GET http://10.180.1.21/compute/v2.1/servers/16b4e8bd-d84f-45a6-b531-3200ea545931 2.139s
2024-10-24 12:09:33.439 63154 INFO tempest.lib.common.rest_client [req-2fce8bd4-7b7f-48f0-b443-c0cb6bfa4305 req-2fce8bd4-7b7f-48f0-b443-c0cb6bfa4305 ] Request (FloatingIPsAssociationNegativeTestJSON:setUpClass): 200 GET http://10.180.1.21/compute/v2.1/servers/6ec0c746-2bb8-4387-8b31-b49b0d708614 2.182s
2024-10-24 12:09:33.532 63184 INFO tempest.lib.common.rest_client [req-e977a378-a84d-4ac2-a1ad-e221f9eccf19 req-e977a378-a84d-4ac2-a1ad-e221f9eccf19 ] Request (VolumesAdminNegativeTest:test_update_attached_volume_with_nonexistent_volume_in_body): 200 GET http://10.180.1.21/compute/v2.1/servers/c78502a7-266d-49cf-9d50-cc89ed266647 2.166s
2024-10-24 12:09:33.614 63198 INFO tempest.lib.common.rest_client [req-805e526e-ddc2-4441-84f0-5536b3b9eeb2 req-805e526e-ddc2-4441-84f0-5536b3b9eeb2 ] Request (AttachInterfacesV270Test:test_create_get_list_interfaces): 200 GET http://10.180.1.21/compute/v2.1/servers/bfcba422-5ed0-4bfd-83e9-cdde324d899f 2.164s
2024-10-24 12:09:33.636 63150 INFO tempest.lib.common.rest_client [req-3bfe343c-66f1-41b4-b542-9afa6f3fdccb req-3bfe343c-66f1-41b4-b542-9afa6f3fdccb ] Request (ServicesAdminTestJSON:test_get_service_by_host_name): 200 GET http://10.180.1.21/compute/v2.1/os-services?host=devstack 2.141s
2024-10-24 12:09:33.722 63180 INFO tempest.lib.common.rest_client [req-deef91bb-f6d5-4ea6-af51-0f9e97021c52 req-deef91bb-f6d5-4ea6-af51-0f9e97021c52 ] Request (ServerDiskConfigTestJSON:test_rebuild_server_with_auto_disk_config): 200 GET http://10.180.1.21/compute/v2.1/servers/df6047b8-8e4b-48e2-ae54-f5fda0aa77da 2.016s
2024-10-24 12:09:33.760 63178 INFO tempest.lib.common.rest_client [req-256ab0b9-9ef8-467c-9819-7c889bff69bc req-256ab0b9-9ef8-467c-9819-7c889bff69bc ] Request (AttachInterfacesUnderV243Test:test_add_remove_fixed_ip): 404 GET http://10.180.1.21/compute/v2.1/servers/a7ee1dbd-73d2-46be-bf43-008eebcd64e9 2.009s
2024-10-24 12:09:33.840 63190 INFO tempest.lib.common.rest_client [req-12c41f7a-02b7-45da-b51a-3a7c25adc3d7 req-12c41f7a-02b7-45da-b51a-3a7c25adc3d7 ] Request (ServersAdmin275Test:_run_cleanups): 200 GET http://10.180.1.21/compute/v2.1/servers/3786cd93-1a50-4997-8894-840afa1c8417 2.011s
2024-10-24 12:09:33.987 63176 INFO tempest.lib.common.rest_client [req-57056124-2be4-4a2f-8953-60159aaabd73 req-57056124-2be4-4a2f-8953-60159aaabd73 ] Request (InstanceActionsNegativeTestJSON:setUpClass): 201 POST http://10.180.1.21:9696/networking/v2.0/routers 2.058s
2024-10-24 12:09:33.989 63197 INFO tempest.lib.common.rest_client [req-e739eef5-a4b0-435c-ab5a-50c140a217ec req-e739eef5-a4b0-435c-ab5a-50c140a217ec ] Request (SecurityGroupRulesTestJSON:test_security_group_rules_delete_when_peer_group_deleted): 200 POST http://10.180.1.21/compute/v2.1/os-security-groups 2.646s
2024-10-24 12:09:34.023 63152 INFO tempest.lib.common.rest_client [req-81ca8faa-6453-433a-9d84-d3f556f1cf88 req-81ca8faa-6453-433a-9d84-d3f556f1cf88 ] Request (KeyPairsV22TestJSON:test_get_keypair_detail): 201 POST http://10.180.1.21/compute/v2.1/os-keypairs 1.659s
2024-10-24 12:09:34.095 63206 INFO tempest.lib.common.rest_client [req-0a5565d3-6f24-4ba1-8884-89bb08a075c8 req-0a5565d3-6f24-4ba1-8884-89bb08a075c8 ] Request (VolumesAssistedSnapshotsTest:test_volume_assisted_snapshot_create_delete): 200 GET http://10.180.1.21/compute/v2.1/servers/856b3816-d4f8-4c9e-b74c-ea15d67976ef 1.250s
2024-10-24 12:09:34.185 63174 INFO tempest.lib.common.rest_client [req-0d6f84e0-acfb-498b-96ff-690fb8129062 req-0d6f84e0-acfb-498b-96ff-690fb8129062 ] Request (ServerDiagnosticsV248Test:tearDownClass): 200 GET http://10.180.1.21/compute/v2.1/servers/d5c90d13-41bc-4cca-abf3-5a5b13171a6f 1.231s
2024-10-24 12:09:34.194 63170 INFO tempest.lib.common.rest_client [req-560376bd-fd08-4e8f-9427-6c88e708dfc1 req-560376bd-fd08-4e8f-9427-6c88e708dfc1 ] Request (FlavorsAdminTestJSON:test_is_public_string_variations): 200 GET http://10.180.1.21/compute/v2.1/flavors/detail?is_public=0 1.223s
2024-10-24 12:09:34.196 63174 INFO tempest.common.waiters [-] State transition "ACTIVE/deleting" ==> "DELETED/None" after 3 second wait
2024-10-24 12:09:34.370 63166 INFO tempest.lib.common.rest_client [req-cf5d4c85-4a40-4d5c-a255-51c31e543f6f req-cf5d4c85-4a40-4d5c-a255-51c31e543f6f ] Request (SecurityGroupsNegativeTestJSON:tearDownClass): 200 PUT http://10.180.1.21:9696/networking/v2.0/routers/409bd170-9215-4446-818e-87c3487ef7df/remove_router_interface 2.832s
2024-10-24 12:09:34.441 63156 INFO tempest.lib.common.rest_client [req-83442ac7-2ab6-4e27-90aa-083a1d53866b req-83442ac7-2ab6-4e27-90aa-083a1d53866b ] Request (ImagesMetadataTestJSON:setUp): 200 PUT http://10.180.1.21/compute/v2.1/images/a79a1122-a3f5-433f-8b0b-f5b7b7706149/metadata 1.434s
2024-10-24 12:09:34.821 63182 INFO tempest.lib.common.rest_client [req-9c566a5d-0624-4a88-8a32-8eadd6859fce req-9c566a5d-0624-4a88-8a32-8eadd6859fce ] Request (FloatingIPDetailsTestJSON:test_list_floating_ips): 200 GET http://10.180.1.21/compute/v2.1/os-floating-ips 1.605s
2024-10-24 12:09:34.953 63168 INFO tempest.lib.common.rest_client [req-45e98a27-eb7a-4176-b1ac-fa99f95c1833 req-45e98a27-eb7a-4176-b1ac-fa99f95c1833 ] Request (AggregatesAdminNegativeTestJSON:_run_cleanups): 200 POST http://10.180.1.21/compute/v2.1/os-aggregates/7/action 1.731s
2024-10-24 12:09:35.058 63200 INFO tempest.lib.common.rest_client [req-df7fc79a-5d07-4f4e-a816-46f76a6e1411 req-df7fc79a-5d07-4f4e-a816-46f76a6e1411 ] Request (ServerShowV247Test:test_update_rebuild_list_server): 200 GET http://10.180.1.21/compute/v2.1/servers/f3509973-013e-45ce-87f9-357e782f26d7 1.495s
2024-10-24 12:09:35.113 63186 INFO tempest.lib.common.rest_client [req-d555f27a-bd5a-41ae-b620-5fcbdfe861c3 req-d555f27a-bd5a-41ae-b620-5fcbdfe861c3 ] Request (ImagesNegativeTestJSON:tearDownClass): 200 PUT http://10.180.1.21:9696/networking/v2.0/routers/8a7c4627-7b5d-4d59-a076-68dac850358d/remove_router_interface 2.099s
2024-10-24 12:09:35.132 63160 INFO tempest.lib.common.rest_client [req-a523793f-bb74-4756-93cb-ff8cef8c4551 req-a523793f-bb74-4756-93cb-ff8cef8c4551 ] Request (MigrationsAdminTest:test_list_migrations_in_flavor_resize_situation): 200 GET http://10.180.1.21/compute/v2.1/servers/a8761350-3044-4822-8221-ed108e21cd62 1.497s
2024-10-24 12:09:35.154 63150 INFO tempest.lib.common.rest_client [req-272cb5f6-5f1a-4b27-9443-9adcb82ad528 req-272cb5f6-5f1a-4b27-9443-9adcb82ad528 ] Request (ServicesAdminTestJSON:test_get_service_by_service_binary_name): 200 GET http://10.180.1.21/compute/v2.1/os-services?binary=nova-compute 1.514s
2024-10-24 12:09:35.172 63178 INFO tempest.lib.common.rest_client [req-423302a3-3a93-4fa3-93a0-3be9dbd0f8cb req-423302a3-3a93-4fa3-93a0-3be9dbd0f8cb ] Request (AttachInterfacesUnderV243Test:_run_cleanups): 202 DELETE http://10.180.1.21/compute/v2.1/os-keypairs/tempest-keypair-441249845 1.411s
2024-10-24 12:09:35.261 63212 INFO tempest.lib.common.rest_client [req-86d77a6f-2335-49ec-9855-12f9b3356a86 req-86d77a6f-2335-49ec-9855-12f9b3356a86 ] Request (FloatingIPsTestJSON:test_delete_floating_ip): 202 DELETE http://10.180.1.21/compute/v2.1/os-floating-ips/10a54453-fb21-4f6e-bf68-53d50c936266 2.793s
2024-10-24 12:09:35.263 63162 INFO tempest.lib.common.rest_client [req-5ec14f47-82d3-48de-925d-54463ee5c3e6 req-5ec14f47-82d3-48de-925d-54463ee5c3e6 ] Request (ServersWithSpecificFlavorTestJSON:test_verify_created_server_ephemeral_disk): 200 GET http://10.180.1.21/compute/v2.1/servers/889af877-29c4-4c06-9995-49fb15b21a55 1.369s
2024-10-24 12:09:35.314 63194 INFO tempest.lib.common.rest_client [req-4ca4bfc0-7cef-4da3-81e8-ac50342bec5d req-4ca4bfc0-7cef-4da3-81e8-ac50342bec5d ] Request (ServerActionsTestJSON:setUpClass): 201 POST http://10.180.1.21:9696/networking/v2.0/routers 2.170s
2024-10-24 12:09:35.346 63158 INFO tempest.lib.common.rest_client [req-eebe7bce-38e8-4827-990c-c7e02274ecd3 req-eebe7bce-38e8-4827-990c-c7e02274ecd3 ] Request (ServersAaction247Test:test_create_backup): 200 GET http://10.180.1.21/compute/v2.1/servers/e11079b9-5f15-41d6-8c8a-c08dc7f63b2f 1.385s
2024-10-24 12:09:35.356 63152 INFO tempest.lib.common.rest_client [req-36801bd8-6b18-4895-9765-dcdf3216b21e req-36801bd8-6b18-4895-9765-dcdf3216b21e ] Request (KeyPairsV22TestJSON:test_get_keypair_detail): 200 GET http://10.180.1.21/compute/v2.1/os-keypairs/tempest-keypair-1378774210 1.331s
2024-10-24 12:09:35.375 63188 INFO tempest.lib.common.rest_client [req-a23eb8da-664b-4b45-9e4a-11727122b4b8 req-a23eb8da-664b-4b45-9e4a-11727122b4b8 ] Request (InstanceActionsTestJSON:setUpClass): 200 PUT http://10.180.1.21:9696/networking/v2.0/routers/bd30b5a0-72d5-464f-9caf-4e0a79d7e24e/add_router_interface 3.628s
2024-10-24 12:09:35.377 63188 INFO tempest.lib.common.dynamic_creds [-] Created isolated network resources for: credentials: Credentials: {'domain_id': 'default', 'domain_name': 'Default', 'username': 'tempest-InstanceActionsTestJSON-1579593933-project-member', 'project_domain_id': 'default', 'project_domain_name': 'Default', 'project_id': 'f48fa131f322400cb28c969ceb9b7cc2', 'project_name': 'tempest-InstanceActionsTestJSON-1579593933', 'tenant_id': 'f48fa131f322400cb28c969ceb9b7cc2', 'tenant_name': 'tempest-InstanceActionsTestJSON-1579593933', 'user_domain_id': 'default', 'user_domain_name': 'Default', 'user_id': '322926325d12480c947dba38fda00899', 'system': None}, Network: {'id': '8efc9435-9b88-4324-a656-2847a8755525', 'name': 'tempest-InstanceActionsTestJSON-402582791-network', 'tenant_id': 'f48fa131f322400cb28c969ceb9b7cc2', 'admin_state_up': True, 'mtu': 8950, 'status': 'ACTIVE', 'subnets': [], 'shared': False, 'project_id': 'f48fa131f322400cb28c969ceb9b7cc2', 'port_security_enabled': True, 'router:external': False, 'provider:network_type': 'vlan', 'provider:physical_network': 'default', 'provider:segmentation_id': 570, 'is_default': False, 'availability_zone_hints': [], 'availability_zones': [], 'ipv4_address_scope': None, 'ipv6_address_scope': None, 'description': '', 'tags': [], 'created_at': '2024-10-24T12:09:29Z', 'updated_at': '2024-10-24T12:09:29Z', 'revision_number': 1}, Subnet: {'id': '676d658b-f593-4692-98da-21cabd38b26b', 'name': 'tempest-InstanceActionsTestJSON-402582791-subnet', 'tenant_id': 'f48fa131f322400cb28c969ceb9b7cc2', 'network_id': '8efc9435-9b88-4324-a656-2847a8755525', 'ip_version': 4, 'subnetpool_id': None, 'enable_dhcp': True, 'ipv6_ra_mode': None, 'ipv6_address_mode': None, 'gateway_ip': '192.168.128.1', 'cidr': '192.168.128.0/28', 'allocation_pools': [{'start': '192.168.128.2', 'end': '192.168.128.14'}], 'host_routes': [], 'dns_nameservers': [], 'description': '', 'router:external': False, 'service_types': [], 'tags': [], 'created_at': '2024-10-24T12:09:29Z', 'updated_at': '2024-10-24T12:09:29Z', 'revision_number': 0, 'project_id': 'f48fa131f322400cb28c969ceb9b7cc2'}, Router: {'id': 'bd30b5a0-72d5-464f-9caf-4e0a79d7e24e', 'name': 'tempest-InstanceActionsTestJSON-402582791-router', 'tenant_id': 'f48fa131f322400cb28c969ceb9b7cc2', 'admin_state_up': True, 'status': 'ACTIVE', 'external_gateway_info': {'network_id': '611d0f1a-744c-400c-a15b-5738b29c4f6d', 'external_fixed_ips': [{'subnet_id': '15af82cb-1f59-4758-9f71-cd7cd1e30a5f', 'ip_address': '10.180.180.164'}], 'enable_snat': True}, 'description': '', 'availability_zones': [], 'distributed': False, 'ha': False, 'availability_zone_hints': [], 'routes': [], 'flavor_id': None, 'tags': [], 'created_at': '2024-10-24T12:09:29Z', 'updated_at': '2024-10-24T12:09:30Z', 'revision_number': 2, 'project_id': 'f48fa131f322400cb28c969ceb9b7cc2'}
2024-10-24 12:09:35.385 63210 INFO tempest.lib.common.rest_client [req-92feac2a-4c3a-418a-9d60-995ba535f997 req-92feac2a-4c3a-418a-9d60-995ba535f997 ] Request (ListServersNegativeTestJSON:setUpClass): 201 POST http://10.180.1.21:9696/networking/v2.0/routers 2.705s
2024-10-24 12:09:35.448 63172 INFO tempest.lib.common.rest_client [req-dd6d21d0-f60b-468b-b68e-29054f6c095d req-dd6d21d0-f60b-468b-b68e-29054f6c095d ] Request (ServerDiagnosticsTest:test_get_server_diagnostics): 200 GET http://10.180.1.21/compute/v2.1/servers/8213bc31-1bd5-40b6-99a0-1254b9517b6a 1.362s
2024-10-24 12:09:35.489 63188 INFO tempest.lib.common.rest_client [req-3e61932f-14a8-4149-85ee-dd58abfdf679 req-3e61932f-14a8-4149-85ee-dd58abfdf679 ] Request (InstanceActionsTestJSON:setUpClass): 201 POST http://10.180.1.21/identity/v3/auth/tokens 0.107s
2024-10-24 12:09:35.522 63188 INFO tempest.lib.common.rest_client [req-52f5fbf3-3a40-472c-9ac3-fe25335ba411 req-52f5fbf3-3a40-472c-9ac3-fe25335ba411 ] Request (InstanceActionsTestJSON:setUpClass): 201 POST http://10.180.1.21/identity/v3/auth/tokens 0.029s
2024-10-24 12:09:35.522 63188 INFO tempest.lib.common.fixed_network [-] (InstanceActionsTestJSON:setUpClass) Found network {'id': '8efc9435-9b88-4324-a656-2847a8755525', 'name': 'tempest-InstanceActionsTestJSON-402582791-network', 'tenant_id': 'f48fa131f322400cb28c969ceb9b7cc2', 'admin_state_up': True, 'mtu': 8950, 'status': 'ACTIVE', 'subnets': [], 'shared': False, 'project_id': 'f48fa131f322400cb28c969ceb9b7cc2', 'port_security_enabled': True, 'router:external': False, 'provider:network_type': 'vlan', 'provider:physical_network': 'default', 'provider:segmentation_id': 570, 'is_default': False, 'availability_zone_hints': [], 'availability_zones': [], 'ipv4_address_scope': None, 'ipv6_address_scope': None, 'description': '', 'tags': [], 'created_at': '2024-10-24T12:09:29Z', 'updated_at': '2024-10-24T12:09:29Z', 'revision_number': 1} available for tenant
2024-10-24 12:09:35.527 63178 INFO tempest.lib.common.rest_client [req-ff6654ae-cc48-49bd-9f83-4b723fd67d83 req-ff6654ae-cc48-49bd-9f83-4b723fd67d83 ] Request (AttachInterfacesUnderV243Test:_run_cleanups): 204 DELETE http://10.180.1.21:9696/networking/v2.0/security-groups/bdddd5a8-f670-4a43-b7e5-03c22a8f958b 0.354s
2024-10-24 12:09:35.538 63202 INFO tempest.lib.common.rest_client [req-1d419e09-6da6-49e7-8048-42d31d04ce87 req-1d419e09-6da6-49e7-8048-42d31d04ce87 ] Request (ServerActionsV293TestJSON:setUpClass): 200 GET http://10.180.1.21/compute/v2.1/servers/4981a04f-98e6-474b-850a-634d977d9e42 1.376s
2024-10-24 12:09:35.554 63170 INFO tempest.lib.common.rest_client [req-c6ff1011-4bf1-456d-b9dd-f8dcb11528dd req-c6ff1011-4bf1-456d-b9dd-f8dcb11528dd ] Request (FlavorsAdminTestJSON:test_is_public_string_variations): 200 GET http://10.180.1.21/compute/v2.1/flavors/detail?is_public=t 1.356s
2024-10-24 12:09:35.562 63178 INFO tempest.lib.common.rest_client [req-2a5580d1-1b5b-47df-8aec-b47adfc38181 req-2a5580d1-1b5b-47df-8aec-b47adfc38181 ] Request (AttachInterfacesUnderV243Test:_run_cleanups): 404 GET http://10.180.1.21:9696/networking/v2.0/security-groups/bdddd5a8-f670-4a43-b7e5-03c22a8f958b 0.034s
2024-10-24 12:09:35.593 63166 INFO tempest.lib.common.rest_client [req-c2361538-19a4-4679-84bb-35a021924eae req-c2361538-19a4-4679-84bb-35a021924eae ] Request (SecurityGroupsNegativeTestJSON:tearDownClass): 204 DELETE http://10.180.1.21:9696/networking/v2.0/routers/409bd170-9215-4446-818e-87c3487ef7df 1.223s
2024-10-24 12:09:35.640 63192 INFO tempest.lib.common.rest_client [req-7eafc896-b136-46c6-b953-4c3335f35216 req-7eafc896-b136-46c6-b953-4c3335f35216 ] Request (ServersAdminNegativeTestJSON:setUpClass): 200 GET http://10.180.1.21/compute/v2.1/servers/f1cee1cb-aceb-47e8-b2da-b94563f922e2 1.389s
2024-10-24 12:09:35.708 63204 INFO tempest.lib.common.rest_client [req-d4e01d85-8b7b-40cb-835c-ffbcc2a3efb3 req-d4e01d85-8b7b-40cb-835c-ffbcc2a3efb3 ] Request (ServersNegativeTestJSON:setUpClass): 200 GET http://10.180.1.21/compute/v2.1/servers/723105bc-6810-4759-8240-af0a128475e4 1.370s
2024-10-24 12:09:35.715 63204 INFO tempest.common.waiters [-] State transition "BUILD/scheduling" ==> "BUILD/None" after 10 second wait
2024-10-24 12:09:35.735 63197 INFO tempest.lib.common.rest_client [req-c4bdcc30-a52c-405b-ba50-ea00c5b94299 req-c4bdcc30-a52c-405b-ba50-ea00c5b94299 ] Request (SecurityGroupRulesTestJSON:test_security_group_rules_delete_when_peer_group_deleted): 200 POST http://10.180.1.21/compute/v2.1/os-security-groups 1.743s
2024-10-24 12:09:35.786 63156 INFO tempest.lib.common.rest_client [req-1e0efea1-bb6e-4788-871c-ee6efeb74cb0 req-1e0efea1-bb6e-4788-871c-ee6efeb74cb0 ] Request (ImagesMetadataTestJSON:test_get_image_metadata_item): 200 GET http://10.180.1.21/compute/v2.1/images/a79a1122-a3f5-433f-8b0b-f5b7b7706149/metadata/os_distro 1.344s
2024-10-24 12:09:35.789 63164 INFO tempest.lib.common.rest_client [req-8bdee7ae-4c1c-431c-bd7a-66bc78a3216f req-8bdee7ae-4c1c-431c-bd7a-66bc78a3216f ] Request (ServerExternalEventsTest:test_create_server_external_events): 200 GET http://10.180.1.21/compute/v2.1/servers/16b4e8bd-d84f-45a6-b531-3200ea545931 1.354s
2024-10-24 12:09:35.864 63184 INFO tempest.lib.common.rest_client [req-c3a0ec3a-16ac-41c2-940e-ebae7fde4eec req-c3a0ec3a-16ac-41c2-940e-ebae7fde4eec ] Request (VolumesAdminNegativeTest:test_update_attached_volume_with_nonexistent_volume_in_body): 200 GET http://10.180.1.21/compute/v2.1/servers/c78502a7-266d-49cf-9d50-cc89ed266647 1.325s
2024-10-24 12:09:35.874 63184 INFO tempest.common.waiters [-] State transition "BUILD/spawning" ==> "ERROR/None" after 33 second wait
2024-10-24 12:09:35.879 63154 INFO tempest.lib.common.rest_client [req-f0381fa2-2735-4d0c-a989-34f2fdb0a321 req-f0381fa2-2735-4d0c-a989-34f2fdb0a321 ] Request (FloatingIPsAssociationNegativeTestJSON:setUpClass): 200 GET http://10.180.1.21/compute/v2.1/servers/6ec0c746-2bb8-4387-8b31-b49b0d708614 1.432s
2024-10-24 12:09:35.949 63180 INFO tempest.lib.common.rest_client [req-46968831-f821-42e2-89c8-c78b26cbc21a req-46968831-f821-42e2-89c8-c78b26cbc21a ] Request (ServerDiskConfigTestJSON:test_rebuild_server_with_auto_disk_config): 200 GET http://10.180.1.21/compute/v2.1/servers/df6047b8-8e4b-48e2-ae54-f5fda0aa77da 1.212s
2024-10-24 12:09:35.966 63198 INFO tempest.lib.common.rest_client [req-25c1e697-2b3f-4b0d-a4ac-e23e44e680f2 req-25c1e697-2b3f-4b0d-a4ac-e23e44e680f2 ] Request (AttachInterfacesV270Test:test_create_get_list_interfaces): 200 GET http://10.180.1.21/compute/v2.1/servers/bfcba422-5ed0-4bfd-83e9-cdde324d899f 1.342s
2024-10-24 12:09:35.968 63166 INFO tempest.lib.common.rest_client [req-913f9290-d6ad-4c04-8b1f-16fdebb10fb9 req-913f9290-d6ad-4c04-8b1f-16fdebb10fb9 ] Request (SecurityGroupsNegativeTestJSON:tearDownClass): 204 DELETE http://10.180.1.21:9696/networking/v2.0/subnets/3429dfea-a4ad-4e9b-9f65-a860ee5ab60b 0.374s
2024-10-24 12:09:36.034 63190 INFO tempest.lib.common.rest_client [req-71d72ec2-c297-4384-8d64-a409ba9ee658 req-71d72ec2-c297-4384-8d64-a409ba9ee658 ] Request (ServersAdmin275Test:_run_cleanups): 200 GET http://10.180.1.21/compute/v2.1/servers/3786cd93-1a50-4997-8894-840afa1c8417 1.185s
2024-10-24 12:09:36.044 63190 INFO tempest.common.waiters [-] State transition "REBUILD/rebuild_spawning" ==> "ACTIVE/None" after 8 second wait
2024-10-24 12:09:36.049 63178 INFO tempest.lib.common.rest_client [req-8a38c288-3673-4d6b-8e54-6fb9de03bfe5 req-8a38c288-3673-4d6b-8e54-6fb9de03bfe5 ] Request (AttachInterfacesUnderV243Test:_run_cleanups): 204 DELETE http://10.180.1.21:9696/networking/v2.0/floatingips/efdf19f1-b71a-4aac-9531-dd73f1fed85f 0.486s
2024-10-24 12:09:36.055 63168 INFO tempest.lib.common.rest_client [req-7bdf063d-c31c-4feb-9bb9-0eafd15e8b3a req-7bdf063d-c31c-4feb-9bb9-0eafd15e8b3a ] Request (AggregatesAdminNegativeTestJSON:_run_cleanups): 200 DELETE http://10.180.1.21/compute/v2.1/os-aggregates/7 1.098s
2024-10-24 12:09:36.124 63206 INFO tempest.lib.common.rest_client [req-a802a5fc-6602-4144-9189-cfa883e5e4da req-a802a5fc-6602-4144-9189-cfa883e5e4da ] Request (VolumesAssistedSnapshotsTest:test_volume_assisted_snapshot_create_delete): 200 GET http://10.180.1.21/compute/v2.1/servers/856b3816-d4f8-4c9e-b74c-ea15d67976ef 1.022s
2024-10-24 12:09:36.149 63150 INFO tempest.lib.common.rest_client [req-b59270fb-065c-433d-8ab2-0f800a7105fb req-b59270fb-065c-433d-8ab2-0f800a7105fb ] Request (ServicesAdminTestJSON:test_list_services): 200 GET http://10.180.1.21/compute/v2.1/os-services 0.991s
2024-10-24 12:09:36.242 63174 INFO tempest.lib.common.rest_client [req-7709a80b-3538-46ff-93e6-769725ff8133 req-7709a80b-3538-46ff-93e6-769725ff8133 ] Request (ServerDiagnosticsV248Test:tearDownClass): 200 GET http://10.180.1.21/compute/v2.1/servers/d5c90d13-41bc-4cca-abf3-5a5b13171a6f 1.045s
2024-10-24 12:09:36.278 63212 INFO tempest.lib.common.rest_client [req-4cce84a5-7b72-4b68-a914-676e44ace684 req-4cce84a5-7b72-4b68-a914-676e44ace684 ] Request (FloatingIPsTestJSON:test_delete_floating_ip): 404 GET http://10.180.1.21/compute/v2.1/os-floating-ips/10a54453-fb21-4f6e-bf68-53d50c936266 1.013s
2024-10-24 12:09:36.291 63150 INFO tempest.lib.common.rest_client [req-dc69c516-f063-4e46-a24f-9dae8c41f272 req-dc69c516-f063-4e46-a24f-9dae8c41f272 ] Request (ServicesAdminTestJSON:tearDownClass): 204 DELETE http://10.180.1.21/identity/v3/users/9343a5a9478c4b56a4160a4b4f54f0d9 0.138s
2024-10-24 12:09:36.303 63152 INFO tempest.lib.common.rest_client [req-1598782c-85bf-434d-99d9-6635e4637ec5 req-1598782c-85bf-434d-99d9-6635e4637ec5 ] Request (KeyPairsV22TestJSON:_run_cleanups): 204 DELETE http://10.180.1.21/compute/v2.1/os-keypairs/tempest-keypair-1378774210 0.943s
2024-10-24 12:09:36.421 63150 INFO tempest.lib.common.rest_client [req-c8146f7d-6075-48bf-b4fe-0f9cfcb991de req-c8146f7d-6075-48bf-b4fe-0f9cfcb991de ] Request (ServicesAdminTestJSON:tearDownClass): 204 DELETE http://10.180.1.21/identity/v3/users/09e37b0f736546a998aff591d427e41b 0.129s
2024-10-24 12:09:36.421 63150 INFO tempest.lib.common.dynamic_creds [-] Deleting project and security group for project: 0beefbf65b414a4581b4a9232e7aa975
2024-10-24 12:09:36.453 63186 INFO tempest.lib.common.rest_client [req-9c3c7124-f53f-4747-a421-6f1f6f338836 req-9c3c7124-f53f-4747-a421-6f1f6f338836 ] Request (ImagesNegativeTestJSON:tearDownClass): 204 DELETE http://10.180.1.21:9696/networking/v2.0/routers/8a7c4627-7b5d-4d59-a076-68dac850358d 1.339s
2024-10-24 12:09:36.490 63150 INFO tempest.lib.common.rest_client [req-ba846683-a319-42b3-9b66-672a8ff9555d req-ba846683-a319-42b3-9b66-672a8ff9555d ] Request (ServicesAdminTestJSON:tearDownClass): 201 POST http://10.180.1.21/identity/v3/auth/tokens 0.068s
2024-10-24 12:09:36.694 63166 INFO tempest.lib.common.rest_client [req-4ee50e01-5fa0-45d8-af39-51e1e1febf92 req-4ee50e01-5fa0-45d8-af39-51e1e1febf92 ] Request (SecurityGroupsNegativeTestJSON:tearDownClass): 204 DELETE http://10.180.1.21:9696/networking/v2.0/networks/c2a85f28-e462-4dbb-a23b-462f772f282e 0.725s
2024-10-24 12:09:36.775 63166 INFO tempest.lib.common.rest_client [req-601466a8-9c08-4274-9960-49b9c56bc14f req-601466a8-9c08-4274-9960-49b9c56bc14f ] Request (SecurityGroupsNegativeTestJSON:tearDownClass): 204 DELETE http://10.180.1.21/identity/v3/users/5626210996724f6996b9da7773c4db01 0.081s
2024-10-24 12:09:36.775 63166 INFO tempest.lib.common.dynamic_creds [-] Deleting project and security group for project: 19aa4b864b654e14a16a4679041ac367
2024-10-24 12:09:36.874 63186 INFO tempest.lib.common.rest_client [req-d01cf4b1-904b-47ef-8f3a-bca70606a633 req-d01cf4b1-904b-47ef-8f3a-bca70606a633 ] Request (ImagesNegativeTestJSON:tearDownClass): 204 DELETE http://10.180.1.21:9696/networking/v2.0/subnets/8ae070a0-ab19-4790-b8e5-017e57261fa3 0.420s
2024-10-24 12:09:36.875 63166 INFO tempest.lib.common.rest_client [req-8f6dcb17-1ed3-4fba-82a4-916389a79345 req-8f6dcb17-1ed3-4fba-82a4-916389a79345 ] Request (SecurityGroupsNegativeTestJSON:tearDownClass): 200 GET http://10.180.1.21:9696/networking/v2.0/security-groups?tenant_id=19aa4b864b654e14a16a4679041ac367&name=default 0.099s
2024-10-24 12:09:36.998 63150 INFO tempest.lib.common.rest_client [req-4b5ae68e-c994-45e5-b709-352465e0897e req-4b5ae68e-c994-45e5-b709-352465e0897e ] Request (ServicesAdminTestJSON:tearDownClass): 200 GET http://10.180.1.21:9696/networking/v2.0/security-groups?tenant_id=0beefbf65b414a4581b4a9232e7aa975&name=default 0.507s
2024-10-24 12:09:37.047 63182 INFO tempest.lib.common.rest_client [req-c3a45922-0e71-48a3-9262-b7df633366f1 req-c3a45922-0e71-48a3-9262-b7df633366f1 ] Request (FloatingIPDetailsTestJSON:tearDownClass): 202 DELETE http://10.180.1.21/compute/v2.1/os-floating-ips/fb867fe4-591d-49f1-8c2d-281790513009 2.218s
2024-10-24 12:09:37.055 63176 INFO tempest.lib.common.rest_client [req-cfd65e53-8fec-4e27-a494-c9c66e0b034c req-cfd65e53-8fec-4e27-a494-c9c66e0b034c ] Request (InstanceActionsNegativeTestJSON:setUpClass): 200 PUT http://10.180.1.21:9696/networking/v2.0/routers/12dac5c4-d0a0-4981-80a2-a8462075b030/add_router_interface 3.068s
2024-10-24 12:09:37.055 63176 INFO tempest.lib.common.dynamic_creds [-] Created isolated network resources for: credentials: Credentials: {'domain_id': 'default', 'domain_name': 'Default', 'username': 'tempest-InstanceActionsNegativeTestJSON-1634370216-project-member', 'project_domain_id': 'default', 'project_domain_name': 'Default', 'project_id': '455c8a5ff8c24e30a74432bed7a7fd54', 'project_name': 'tempest-InstanceActionsNegativeTestJSON-1634370216', 'tenant_id': '455c8a5ff8c24e30a74432bed7a7fd54', 'tenant_name': 'tempest-InstanceActionsNegativeTestJSON-1634370216', 'user_domain_id': 'default', 'user_domain_name': 'Default', 'user_id': 'b45ba0ad5a834147a064b83b7730fde9', 'system': None}, Network: {'id': '49451d4c-837e-4bca-8e00-f7f11edb2113', 'name': 'tempest-InstanceActionsNegativeTestJSON-1583503719-network', 'tenant_id': '455c8a5ff8c24e30a74432bed7a7fd54', 'admin_state_up': True, 'mtu': 8950, 'status': 'ACTIVE', 'subnets': [], 'shared': False, 'project_id': '455c8a5ff8c24e30a74432bed7a7fd54', 'port_security_enabled': True, 'router:external': False, 'provider:network_type': 'vlan', 'provider:physical_network': 'default', 'provider:segmentation_id': 269, 'is_default': False, 'availability_zone_hints': [], 'availability_zones': [], 'ipv4_address_scope': None, 'ipv6_address_scope': None, 'description': '', 'tags': [], 'created_at': '2024-10-24T12:09:31Z', 'updated_at': '2024-10-24T12:09:31Z', 'revision_number': 1}, Subnet: {'id': '7ae91180-ff2e-4c23-aef5-05e5e8f95c96', 'name': 'tempest-InstanceActionsNegativeTestJSON-1583503719-subnet', 'tenant_id': '455c8a5ff8c24e30a74432bed7a7fd54', 'network_id': '49451d4c-837e-4bca-8e00-f7f11edb2113', 'ip_version': 4, 'subnetpool_id': None, 'enable_dhcp': True, 'ipv6_ra_mode': None, 'ipv6_address_mode': None, 'gateway_ip': '192.168.128.1', 'cidr': '192.168.128.0/28', 'allocation_pools': [{'start': '192.168.128.2', 'end': '192.168.128.14'}], 'host_routes': [], 'dns_nameservers': [], 'description': '', 'router:external': False, 'service_types': [], 'tags': [], 'created_at': '2024-10-24T12:09:31Z', 'updated_at': '2024-10-24T12:09:31Z', 'revision_number': 0, 'project_id': '455c8a5ff8c24e30a74432bed7a7fd54'}, Router: {'id': '12dac5c4-d0a0-4981-80a2-a8462075b030', 'name': 'tempest-InstanceActionsNegativeTestJSON-1583503719-router', 'tenant_id': '455c8a5ff8c24e30a74432bed7a7fd54', 'admin_state_up': True, 'status': 'ACTIVE', 'external_gateway_info': {'network_id': '611d0f1a-744c-400c-a15b-5738b29c4f6d', 'external_fixed_ips': [{'subnet_id': '15af82cb-1f59-4758-9f71-cd7cd1e30a5f', 'ip_address': '10.180.180.212'}], 'enable_snat': True}, 'description': '', 'availability_zones': [], 'distributed': False, 'ha': False, 'availability_zone_hints': [], 'routes': [], 'flavor_id': None, 'tags': [], 'created_at': '2024-10-24T12:09:32Z', 'updated_at': '2024-10-24T12:09:32Z', 'revision_number': 2, 'project_id': '455c8a5ff8c24e30a74432bed7a7fd54'}
2024-10-24 12:09:37.074 63170 INFO tempest.lib.common.rest_client [req-6314b317-355c-4d50-958b-3051219b9429 req-6314b317-355c-4d50-958b-3051219b9429 ] Request (FlavorsAdminTestJSON:test_is_public_string_variations): 200 GET http://10.180.1.21/compute/v2.1/flavors/detail?is_public=true 1.512s
2024-10-24 12:09:37.165 63176 INFO tempest.lib.common.rest_client [req-d55ff8b4-2cf5-4199-a347-29b52b5a3c8c req-d55ff8b4-2cf5-4199-a347-29b52b5a3c8c ] Request (InstanceActionsNegativeTestJSON:setUpClass): 201 POST http://10.180.1.21/identity/v3/auth/tokens 0.103s
2024-10-24 12:09:37.203 63176 INFO tempest.lib.common.rest_client [req-8d150803-3eff-4e7c-85e2-4024e0893365 req-8d150803-3eff-4e7c-85e2-4024e0893365 ] Request (InstanceActionsNegativeTestJSON:setUpClass): 201 POST http://10.180.1.21/identity/v3/auth/tokens 0.032s
2024-10-24 12:09:37.203 63176 INFO tempest.lib.common.fixed_network [-] (InstanceActionsNegativeTestJSON:setUpClass) Found network {'id': '49451d4c-837e-4bca-8e00-f7f11edb2113', 'name': 'tempest-InstanceActionsNegativeTestJSON-1583503719-network', 'tenant_id': '455c8a5ff8c24e30a74432bed7a7fd54', 'admin_state_up': True, 'mtu': 8950, 'status': 'ACTIVE', 'subnets': [], 'shared': False, 'project_id': '455c8a5ff8c24e30a74432bed7a7fd54', 'port_security_enabled': True, 'router:external': False, 'provider:network_type': 'vlan', 'provider:physical_network': 'default', 'provider:segmentation_id': 269, 'is_default': False, 'availability_zone_hints': [], 'availability_zones': [], 'ipv4_address_scope': None, 'ipv6_address_scope': None, 'description': '', 'tags': [], 'created_at': '2024-10-24T12:09:31Z', 'updated_at': '2024-10-24T12:09:31Z', 'revision_number': 1} available for tenant
2024-10-24 12:09:37.348 63197 INFO tempest.lib.common.rest_client [req-fb879ee5-89f5-46b6-aaf7-a0b987511099 req-fb879ee5-89f5-46b6-aaf7-a0b987511099 ] Request (SecurityGroupRulesTestJSON:test_security_group_rules_delete_when_peer_group_deleted): 200 POST http://10.180.1.21/compute/v2.1/os-security-group-rules 1.603s
2024-10-24 12:09:37.431 63166 INFO tempest.lib.common.rest_client [req-610f4d25-2d07-4cb9-bfc3-a9f94c2ce572 req-610f4d25-2d07-4cb9-bfc3-a9f94c2ce572 ] Request (SecurityGroupsNegativeTestJSON:tearDownClass): 204 DELETE http://10.180.1.21:9696/networking/v2.0/security-groups/e9ba9925-f5f1-4443-a3a7-c137e95754ea 0.555s
2024-10-24 12:09:37.465 63188 INFO tempest.lib.common.rest_client [req-bab92ea3-4306-43c2-b169-bcea29457655 req-bab92ea3-4306-43c2-b169-bcea29457655 ] Request (InstanceActionsTestJSON:setUpClass): 202 POST http://10.180.1.21/compute/v2.1/servers 1.941s
2024-10-24 12:09:37.541 63150 INFO tempest.lib.common.rest_client [req-b5abcbcf-c6ed-4031-87a2-41471a766f70 req-b5abcbcf-c6ed-4031-87a2-41471a766f70 ] Request (ServicesAdminTestJSON:tearDownClass): 204 DELETE http://10.180.1.21:9696/networking/v2.0/security-groups/e3778bcd-ab2c-4185-8e01-7539990095c6 0.542s
2024-10-24 12:09:37.584 63156 INFO tempest.lib.common.rest_client [req-e08e94e0-03d9-4eb3-8096-0a7286e86348 req-e08e94e0-03d9-4eb3-8096-0a7286e86348 ] Request (ImagesMetadataTestJSON:setUp): 200 PUT http://10.180.1.21/compute/v2.1/images/a79a1122-a3f5-433f-8b0b-f5b7b7706149/metadata 1.797s
2024-10-24 12:09:37.646 63194 INFO tempest.lib.common.rest_client [req-6e5c8fe8-cdd8-4899-af34-7932452d0902 req-6e5c8fe8-cdd8-4899-af34-7932452d0902 ] Request (ServerActionsTestJSON:setUpClass): 200 PUT http://10.180.1.21:9696/networking/v2.0/routers/4bb8b243-d31a-4672-934c-87cbfc02cb27/add_router_interface 2.332s
