2024-10-24 12:11:05.796 63172 INFO tempest.lib.common.rest_client [req-dbcb1b17-a7e8-4208-ae70-db64a3a6f643 req-dbcb1b17-a7e8-4208-ae70-db64a3a6f643 ] Request (AttachVolumeShelveTestJSON:test_attach_volume_shelved_or_offload_server): 200 GET http://10.180.1.21/compute/v2.1/servers/39489032-5430-471c-8d44-2c74682ed03b 0.045s
2024-10-24 12:11:05.815 63176 INFO tempest.lib.common.rest_client [req-7c3db235-4d96-4414-94ce-5eba71d67699 req-7c3db235-4d96-4414-94ce-5eba71d67699 ] Request (InstanceActionsNegativeTestJSON:tearDownClass): 204 DELETE http://10.180.1.21/identity/v3/projects/455c8a5ff8c24e30a74432bed7a7fd54 0.075s
2024-10-24 12:11:05.843 63192 INFO tempest.lib.common.rest_client [req-a01e19a3-01e4-4b22-98bf-d94b58b87621 req-a01e19a3-01e4-4b22-98bf-d94b58b87621 ] Request (ServersTestJSON:test_create_server_specify_multibyte_character_name): 200 GET http://10.180.1.21/compute/v2.1/servers/98c19874-7c71-4e20-aa29-2ddc53df7e81 0.047s
2024-10-24 12:11:05.861 63212 INFO tempest.lib.common.rest_client [req-000be560-eb26-4023-bb9a-7a924ff3f745 req-000be560-eb26-4023-bb9a-7a924ff3f745 ] Request (ServersTestMultiNic:test_verify_duplicate_network_nics): 200 GET http://10.180.1.21/compute/v2.1/servers/294e3321-e826-4a56-bbd0-893261d65283 0.049s
2024-10-24 12:11:05.881 63176 INFO tempest.lib.common.rest_client [req-82960f58-8699-4430-bbb6-44b4d23d5ac0 req-82960f58-8699-4430-bbb6-44b4d23d5ac0 ] Request (ServerAddressesNegativeTestJSON:setUpClass): 201 POST http://10.180.1.21/identity/v3/auth/tokens 0.063s
2024-10-24 12:11:05.908 63176 INFO tempest.lib.common.rest_client [req-634a1649-a1cd-4d1c-ad1d-1bbd4c7449b4 req-634a1649-a1cd-4d1c-ad1d-1bbd4c7449b4 ] Request (ServerAddressesNegativeTestJSON:setUpClass): 201 POST http://10.180.1.21/identity/v3/auth/tokens 0.024s
2024-10-24 12:11:05.912 63168 INFO tempest.lib.common.rest_client [req-aa1886b3-8a57-4cea-9976-c273946798f3 req-aa1886b3-8a57-4cea-9976-c273946798f3 ] Request (DeleteServersAdminTestJSON:test_admin_delete_servers_of_others): 200 GET http://10.180.1.21/compute/v2.1/servers/91328e42-ba3c-4d63-a805-973c2bfa2afb 0.066s
2024-10-24 12:11:05.922 63186 INFO tempest.lib.common.rest_client [req-7af29802-ccce-4c3b-9da5-526a44d91dc8 req-7af29802-ccce-4c3b-9da5-526a44d91dc8 ] Request (ListImageFiltersTestJSON:setUpClass): 200 GET http://10.180.1.21/compute/v2.1/servers/3ce62ec7-6274-441f-989b-6f27a64b0c18 0.049s
2024-10-24 12:11:05.930 63176 INFO tempest.lib.common.rest_client [req-2a2c1b36-3b8d-4df3-a738-e4d9062dbd65 req-2a2c1b36-3b8d-4df3-a738-e4d9062dbd65 ] Request (ServerAddressesNegativeTestJSON:setUpClass): 200 GET http://10.180.1.21/identity/v3/domains?name=Default 0.022s
2024-10-24 12:11:05.955 63176 INFO tempest.lib.common.rest_client [req-69dba975-322f-44fe-a10c-2473bae40f94 req-69dba975-322f-44fe-a10c-2473bae40f94 ] Request (ServerAddressesNegativeTestJSON:setUpClass): 201 POST http://10.180.1.21/identity/v3/projects 0.025s
2024-10-24 12:11:05.956 63190 INFO tempest.lib.common.rest_client [req-4ef4698b-8edc-4c6b-8745-f2dafcbdc67c req-4ef4698b-8edc-4c6b-8745-f2dafcbdc67c ] Request (ServersAdminTestJSON:setUpClass): 200 GET http://10.180.1.21/compute/v2.1/servers/220578cb-17b1-4b46-8c4a-f676c04fc5e8 0.058s
2024-10-24 12:11:06.004 63162 INFO tempest.lib.common.rest_client [req-78bc23de-8e87-4d0e-b21e-d436687e2d3c req-78bc23de-8e87-4d0e-b21e-d436687e2d3c ] Request (TenantUsagesTestJSON:setUpClass): 200 GET http://10.180.1.21/compute/v2.1/servers/d73f5ea8-529a-44e3-8239-5aaa4534d1cc 0.053s
2024-10-24 12:11:06.011 63176 INFO tempest.lib.common.rest_client [req-75b1f45e-dc13-4cfe-afd1-9509677cb4bd req-75b1f45e-dc13-4cfe-afd1-9509677cb4bd ] Request (ServerAddressesNegativeTestJSON:setUpClass): 201 POST http://10.180.1.21/identity/v3/users 0.055s
2024-10-24 12:11:06.028 63176 INFO tempest.lib.common.rest_client [req-dedff527-375d-4197-8bc3-24bf6039e792 req-dedff527-375d-4197-8bc3-24bf6039e792 ] Request (ServerAddressesNegativeTestJSON:setUpClass): 200 GET http://10.180.1.21/identity/v3/roles 0.016s
2024-10-24 12:11:06.060 63176 INFO tempest.lib.common.rest_client [req-84e12c9a-0d78-481f-89dc-5be742062c6f req-84e12c9a-0d78-481f-89dc-5be742062c6f ] Request (ServerAddressesNegativeTestJSON:setUpClass): 204 PUT http://10.180.1.21/identity/v3/projects/849460c330c14eabafe765b3d63a2675/users/1d8b3f1914c24d3e9255ee1594120701/roles/70c8c899908b4e47b078dd06c45f6846 0.032s
2024-10-24 12:11:06.061 63176 INFO tempest.lib.common.dynamic_creds [-] Dynamic test user 1d8b3f1914c24d3e9255ee1594120701 is created with scope project and roles: ['member']
2024-10-24 12:11:06.061 63176 INFO tempest.lib.common.dynamic_creds [-] Acquired dynamic creds: credentials: Credentials: {'domain_id': 'default', 'domain_name': 'Default', 'username': 'tempest-ServerAddressesNegativeTestJSON-207972449-project-member', 'project_domain_id': 'default', 'project_domain_name': 'Default', 'project_id': '849460c330c14eabafe765b3d63a2675', 'project_name': 'tempest-ServerAddressesNegativeTestJSON-207972449', 'tenant_id': '849460c330c14eabafe765b3d63a2675', 'tenant_name': 'tempest-ServerAddressesNegativeTestJSON-207972449', 'user_domain_id': 'default', 'user_domain_name': 'Default', 'user_id': '1d8b3f1914c24d3e9255ee1594120701', 'system': None}, Network: None, Subnet: None, Router: None
2024-10-24 12:11:06.082 63202 INFO tempest.lib.common.rest_client [req-defefd22-2ac1-4765-967a-c9a30d14103e req-defefd22-2ac1-4765-967a-c9a30d14103e ] Request (ServerShowV257Test:test_rebuild_server): 200 GET http://10.180.1.21/compute/v2.1/servers/44339b45-5183-4882-aaec-4070adc3c3dd 0.069s
2024-10-24 12:11:06.106 63197 INFO tempest.lib.common.rest_client [req-eb25f1d1-f6db-4853-b7ba-708edf35e4b7 req-eb25f1d1-f6db-4853-b7ba-708edf35e4b7 ] Request (ServersV294TestFqdnHostnames:setUpClass): 200 GET http://10.180.1.21/compute/v2.1/servers/821366f1-f1b0-4b78-8f7e-db8fd3bb123e 0.058s
2024-10-24 12:11:06.137 63200 INFO tempest.lib.common.rest_client [req-b4f048a3-6749-46e7-920d-46090253e613 req-b4f048a3-6749-46e7-920d-46090253e613 ] Request (ServerShowV247Test:tearDownClass): 200 GET http://10.180.1.21/compute/v2.1/servers/34b0b81e-fc98-4019-92c3-fe2ce2fdfd67 0.077s
2024-10-24 12:11:06.139 63176 INFO tempest.lib.common.rest_client [req-deb2f64e-7262-4bc3-813d-c81fb7bfd9db req-deb2f64e-7262-4bc3-813d-c81fb7bfd9db ] Request (ServerAddressesNegativeTestJSON:setUpClass): 201 POST http://10.180.1.21/identity/v3/auth/tokens 0.078s
2024-10-24 12:11:06.302 63180 INFO tempest.lib.common.rest_client [req-0a4c69e1-19a4-4628-b44e-6043c8001593 req-0a4c69e1-19a4-4628-b44e-6043c8001593 ] Request (ServerDiskConfigTestJSON:test_rebuild_server_with_manual_disk_config): 200 GET http://10.180.1.21/compute/v2.1/servers/c5aaadb0-f9a1-4af9-b882-86d847185a19 0.050s
2024-10-24 12:11:06.306 63194 INFO tempest.lib.common.rest_client [req-214f27e8-4082-494a-9093-233488eb02e0 req-214f27e8-4082-494a-9093-233488eb02e0 ] Request (ServerActionsTestJSON:setUpClass): 200 GET http://10.180.1.21/compute/v2.1/servers/15938dfe-a697-450b-8c88-ff4ef703ee1f 0.054s
2024-10-24 12:11:06.358 63176 INFO tempest.lib.common.rest_client [req-0c6147de-2f29-4922-8ee0-7989fb4db44f req-0c6147de-2f29-4922-8ee0-7989fb4db44f ] Request (ServerAddressesNegativeTestJSON:setUpClass): 201 POST http://10.180.1.21:9696/networking/v2.0/networks 0.219s
2024-10-24 12:11:06.374 63164 INFO tempest.lib.common.rest_client [req-014e116a-632c-4719-b319-2bb1ef085c33 req-014e116a-632c-4719-b319-2bb1ef085c33 ] Request (ServerRescueNegativeTestJSON:setUpClass): 200 GET http://10.180.1.21/compute/v2.1/servers/e1f45ab1-53fe-417d-b9f1-8ca1e7ce1fa6 0.053s
2024-10-24 12:11:06.430 63174 INFO tempest.lib.common.rest_client [req-4a2b0b98-d11d-4f3b-99f7-e85bd99adf53 req-4a2b0b98-d11d-4f3b-99f7-e85bd99adf53 ] Request (SecurityGroupsTestJSON:test_list_security_groups_by_server): 200 GET http://10.180.1.21/compute/v2.1/servers/8399d066-43bc-4766-97c8-89d74f3283f0 0.053s
2024-10-24 12:11:06.432 63156 INFO tempest.lib.common.rest_client [req-a4c3b939-3748-4ab2-9d63-4f1d6d818baa req-a4c3b939-3748-4ab2-9d63-4f1d6d818baa ] Request (ServerTagsTestJSON:setUpClass): 200 GET http://10.180.1.21/compute/v2.1/servers/e24c8bf2-1616-4a5a-b6ce-0c256e78b213 0.067s
2024-10-24 12:11:06.481 63184 INFO tempest.lib.common.rest_client [req-d530c825-cdfa-4f66-8563-f3be9148e4d4 req-d530c825-cdfa-4f66-8563-f3be9148e4d4 ] Request (VolumesAdminNegativeTest:test_update_attached_volume_with_nonexistent_volume_in_uri): 200 GET http://10.180.1.21/compute/v2.1/servers/8bda7658-2b86-4869-89e2-b10d7119ae18 0.065s
2024-10-24 12:11:06.516 63206 INFO tempest.lib.common.rest_client [req-082c144c-0070-4495-a492-f22d38906175 req-082c144c-0070-4495-a492-f22d38906175 ] Request (MultipleCreateTestJSON:test_multiple_create): 200 GET http://10.180.1.21/compute/v2.1/servers/41218b72-0b79-496a-855f-57a972dabd0b 0.047s
2024-10-24 12:11:06.522 63176 INFO tempest.lib.common.rest_client [req-e176f902-3206-4161-951d-cdbbb6c7a5a1 req-e176f902-3206-4161-951d-cdbbb6c7a5a1 ] Request (ServerAddressesNegativeTestJSON:setUpClass): 201 POST http://10.180.1.21:9696/networking/v2.0/subnets 0.163s
2024-10-24 12:11:06.595 63178 INFO tempest.lib.common.rest_client [req-f77cfd1c-ccce-4204-987e-60f969063f1a req-f77cfd1c-ccce-4204-987e-60f969063f1a ] Request (ServersTestJSON:setUpClass): 200 GET http://10.180.1.21/compute/v2.1/servers/62cfca0a-e8c6-4f94-8e6f-1136cfcf3089 0.054s
2024-10-24 12:11:06.619 63166 INFO tempest.lib.common.rest_client [req-68df6b52-748c-4c12-8fcf-3b9eba7001bf req-68df6b52-748c-4c12-8fcf-3b9eba7001bf ] Request (ServerMetadataNegativeTestJSON:setUpClass): 200 GET http://10.180.1.21/compute/v2.1/servers/0419073e-5340-4805-a1e0-417ccf5fdd30 0.060s
2024-10-24 12:11:06.647 63154 INFO tempest.lib.common.rest_client [req-74183cd4-a5ec-4983-a201-bbc44d46b4c5 req-74183cd4-a5ec-4983-a201-bbc44d46b4c5 ] Request (AttachVolumeNegativeTest:test_attach_attached_volume_to_different_server): 200 GET http://10.180.1.21/compute/v2.1/servers/364c5d87-f261-439a-920e-874ee0bcf83b 0.058s
2024-10-24 12:11:06.681 63150 INFO tempest.lib.common.rest_client [req-0319fd74-e41a-4771-9fba-2e6c9073e522 req-0319fd74-e41a-4771-9fba-2e6c9073e522 ] Request (ServersTestFqdnHostnames:test_create_server_with_fqdn_name): 200 GET http://10.180.1.21/compute/v2.1/servers/c10d840e-ce05-4af3-ba2d-6214eefd8783 0.064s
2024-10-24 12:11:06.720 63160 INFO tempest.lib.common.rest_client [req-aad9097d-f036-4cff-83f6-1e23b6528437 req-aad9097d-f036-4cff-83f6-1e23b6528437 ] Request (MigrationsAdminTest:test_resize_server_revert_deleted_flavor): 200 GET http://10.180.1.21/compute/v2.1/servers/ad283bc7-b422-4836-a503-d3d9ae4fe3c1 0.074s
2024-10-24 12:11:06.744 63170 INFO tempest.lib.common.rest_client [req-14289adc-a1ed-4538-baa8-557fd015d848 req-14289adc-a1ed-4538-baa8-557fd015d848 ] Request (FloatingIPsAssociationTestJSON:setUpClass): 200 GET http://10.180.1.21/compute/v2.1/servers/67554dc7-fb72-47e1-8201-f5fda035a2d3 0.075s
2024-10-24 12:11:06.770 63158 INFO tempest.lib.common.rest_client [req-8c65c66a-3a23-4566-89a5-a7c89d2e0d9f req-8c65c66a-3a23-4566-89a5-a7c89d2e0d9f ] Request (ServerPasswordTestJSON:setUpClass): 200 GET http://10.180.1.21/compute/v2.1/servers/6201e8b7-ca3d-4eb0-8c45-67f54e66173c 0.062s
2024-10-24 12:11:06.804 63210 INFO tempest.lib.common.rest_client [req-4f8b4039-a9cf-4701-ab3a-fb9db1853ddb req-4f8b4039-a9cf-4701-ab3a-fb9db1853ddb ] Request (ListServersNegativeTestJSON:setUpClass): 200 GET http://10.180.1.21/compute/v2.1/servers/283ffd74-3891-4b5e-bcf5-49b265978051 0.053s
2024-10-24 12:11:06.855 63172 INFO tempest.lib.common.rest_client [req-d6fa0dab-1463-4306-9a23-055057eaaa10 req-d6fa0dab-1463-4306-9a23-055057eaaa10 ] Request (AttachVolumeShelveTestJSON:test_attach_volume_shelved_or_offload_server): 200 GET http://10.180.1.21/compute/v2.1/servers/39489032-5430-471c-8d44-2c74682ed03b 0.050s
2024-10-24 12:11:06.900 63192 INFO tempest.lib.common.rest_client [req-89102fae-19a5-4d01-9605-e338225876d5 req-89102fae-19a5-4d01-9605-e338225876d5 ] Request (ServersTestJSON:test_create_server_specify_multibyte_character_name): 200 GET http://10.180.1.21/compute/v2.1/servers/98c19874-7c71-4e20-aa29-2ddc53df7e81 0.049s
2024-10-24 12:11:06.917 63212 INFO tempest.lib.common.rest_client [req-8b7871f6-9aad-47ca-9d0e-ae7b3aef1e63 req-8b7871f6-9aad-47ca-9d0e-ae7b3aef1e63 ] Request (ServersTestMultiNic:test_verify_duplicate_network_nics): 200 GET http://10.180.1.21/compute/v2.1/servers/294e3321-e826-4a56-bbd0-893261d65283 0.047s
2024-10-24 12:11:06.974 63168 INFO tempest.lib.common.rest_client [req-d8c82d11-a17b-4338-b116-3c0b9039dba2 req-d8c82d11-a17b-4338-b116-3c0b9039dba2 ] Request (DeleteServersAdminTestJSON:test_admin_delete_servers_of_others): 200 GET http://10.180.1.21/compute/v2.1/servers/91328e42-ba3c-4d63-a805-973c2bfa2afb 0.055s
2024-10-24 12:11:06.975 63186 INFO tempest.lib.common.rest_client [req-a64c6167-6c83-4dc2-ac7e-d7ee7990ead1 req-a64c6167-6c83-4dc2-ac7e-d7ee7990ead1 ] Request (ListImageFiltersTestJSON:setUpClass): 200 GET http://10.180.1.21/compute/v2.1/servers/3ce62ec7-6274-441f-989b-6f27a64b0c18 0.046s
2024-10-24 12:11:07.030 63190 INFO tempest.lib.common.rest_client [req-33ea33dc-7c9c-4a47-8171-47064c11eb62 req-33ea33dc-7c9c-4a47-8171-47064c11eb62 ] Request (ServersAdminTestJSON:setUpClass): 200 GET http://10.180.1.21/compute/v2.1/servers/220578cb-17b1-4b46-8c4a-f676c04fc5e8 0.068s
2024-10-24 12:11:07.061 63162 INFO tempest.lib.common.rest_client [req-e74fb0f8-589a-4586-969e-b707861b65af req-e74fb0f8-589a-4586-969e-b707861b65af ] Request (TenantUsagesTestJSON:setUpClass): 200 GET http://10.180.1.21/compute/v2.1/servers/d73f5ea8-529a-44e3-8239-5aaa4534d1cc 0.045s
2024-10-24 12:11:07.154 63202 INFO tempest.lib.common.rest_client [req-a4546f4d-21b1-4627-a042-1c7e93605116 req-a4546f4d-21b1-4627-a042-1c7e93605116 ] Request (ServerShowV257Test:test_rebuild_server): 200 GET http://10.180.1.21/compute/v2.1/servers/44339b45-5183-4882-aaec-4070adc3c3dd 0.058s
2024-10-24 12:11:07.175 63197 INFO tempest.lib.common.rest_client [req-2db961a3-d396-4632-b7b7-0e86b40b231b req-2db961a3-d396-4632-b7b7-0e86b40b231b ] Request (ServersV294TestFqdnHostnames:setUpClass): 200 GET http://10.180.1.21/compute/v2.1/servers/821366f1-f1b0-4b78-8f7e-db8fd3bb123e 0.058s
2024-10-24 12:11:07.207 63200 INFO tempest.lib.common.rest_client [req-0b8de34c-e87c-425a-ba7c-a3f28337900b req-0b8de34c-e87c-425a-ba7c-a3f28337900b ] Request (ServerShowV247Test:tearDownClass): 200 GET http://10.180.1.21/compute/v2.1/servers/34b0b81e-fc98-4019-92c3-fe2ce2fdfd67 0.059s
2024-10-24 12:11:07.305 63176 INFO tempest.lib.common.rest_client [req-968c5447-c7ff-41cf-b03a-e417bdc0f644 req-968c5447-c7ff-41cf-b03a-e417bdc0f644 ] Request (ServerAddressesNegativeTestJSON:setUpClass): 201 POST http://10.180.1.21:9696/networking/v2.0/routers 0.782s
2024-10-24 12:11:07.370 63180 INFO tempest.lib.common.rest_client [req-cdbd939d-9138-43ab-baa2-14f2af30dd03 req-cdbd939d-9138-43ab-baa2-14f2af30dd03 ] Request (ServerDiskConfigTestJSON:test_rebuild_server_with_manual_disk_config): 200 GET http://10.180.1.21/compute/v2.1/servers/c5aaadb0-f9a1-4af9-b882-86d847185a19 0.061s
2024-10-24 12:11:07.447 63164 INFO tempest.lib.common.rest_client [req-fb5e90ff-2580-4c43-8379-70746d2f531f req-fb5e90ff-2580-4c43-8379-70746d2f531f ] Request (ServerRescueNegativeTestJSON:setUpClass): 200 GET http://10.180.1.21/compute/v2.1/servers/e1f45ab1-53fe-417d-b9f1-8ca1e7ce1fa6 0.065s
2024-10-24 12:11:07.490 63174 INFO tempest.lib.common.rest_client [req-699f3980-c9d6-4633-94d1-ecd8ce7e8feb req-699f3980-c9d6-4633-94d1-ecd8ce7e8feb ] Request (SecurityGroupsTestJSON:test_list_security_groups_by_server): 200 GET http://10.180.1.21/compute/v2.1/servers/8399d066-43bc-4766-97c8-89d74f3283f0 0.052s
2024-10-24 12:11:07.512 63194 INFO tempest.lib.common.rest_client [req-fdb261c0-f5e7-43d6-aa65-eb6db81b9158 req-fdb261c0-f5e7-43d6-aa65-eb6db81b9158 ] Request (ServerActionsTestJSON:setUpClass): 200 GET http://10.180.1.21/compute/v2.1/servers/15938dfe-a697-450b-8c88-ff4ef703ee1f 0.199s
2024-10-24 12:11:07.547 63156 INFO tempest.lib.common.rest_client [req-039fbc4d-073b-4a82-a82d-4e297a60746c req-039fbc4d-073b-4a82-a82d-4e297a60746c ] Request (ServerTagsTestJSON:setUpClass): 200 GET http://10.180.1.21/compute/v2.1/servers/e24c8bf2-1616-4a5a-b6ce-0c256e78b213 0.106s
2024-10-24 12:11:07.567 63184 INFO tempest.lib.common.rest_client [req-ded4cc85-3c79-4d76-83c2-6cf473d966e9 req-ded4cc85-3c79-4d76-83c2-6cf473d966e9 ] Request (VolumesAdminNegativeTest:test_update_attached_volume_with_nonexistent_volume_in_uri): 200 GET http://10.180.1.21/compute/v2.1/servers/8bda7658-2b86-4869-89e2-b10d7119ae18 0.079s
2024-10-24 12:11:07.597 63206 INFO tempest.lib.common.rest_client [req-7f8aa5d8-3d05-49fa-9fab-1bf75e5e2649 req-7f8aa5d8-3d05-49fa-9fab-1bf75e5e2649 ] Request (MultipleCreateTestJSON:test_multiple_create): 200 GET http://10.180.1.21/compute/v2.1/servers/41218b72-0b79-496a-855f-57a972dabd0b 0.075s
2024-10-24 12:11:07.654 63178 INFO tempest.lib.common.rest_client [req-fe22380c-935d-478d-9d21-8d6b9d3b34a8 req-fe22380c-935d-478d-9d21-8d6b9d3b34a8 ] Request (ServersTestJSON:setUpClass): 200 GET http://10.180.1.21/compute/v2.1/servers/62cfca0a-e8c6-4f94-8e6f-1136cfcf3089 0.052s
2024-10-24 12:11:07.684 63166 INFO tempest.lib.common.rest_client [req-14f7db86-77ed-4201-94d3-8fc33c65ee7d req-14f7db86-77ed-4201-94d3-8fc33c65ee7d ] Request (ServerMetadataNegativeTestJSON:setUpClass): 200 GET http://10.180.1.21/compute/v2.1/servers/0419073e-5340-4805-a1e0-417ccf5fdd30 0.056s
2024-10-24 12:11:07.702 63154 INFO tempest.lib.common.rest_client [req-1855afe3-7936-4b24-93aa-0ac5b6d8f4e6 req-1855afe3-7936-4b24-93aa-0ac5b6d8f4e6 ] Request (AttachVolumeNegativeTest:test_attach_attached_volume_to_different_server): 200 GET http://10.180.1.21/compute/v2.1/servers/364c5d87-f261-439a-920e-874ee0bcf83b 0.048s
2024-10-24 12:11:07.740 63150 INFO tempest.lib.common.rest_client [req-15cb9d8a-f645-4381-b7a0-f38248e6dfdc req-15cb9d8a-f645-4381-b7a0-f38248e6dfdc ] Request (ServersTestFqdnHostnames:test_create_server_with_fqdn_name): 200 GET http://10.180.1.21/compute/v2.1/servers/c10d840e-ce05-4af3-ba2d-6214eefd8783 0.052s
2024-10-24 12:11:07.781 63160 INFO tempest.lib.common.rest_client [req-06362e4e-d487-4d21-8f86-6d4db5a1acde req-06362e4e-d487-4d21-8f86-6d4db5a1acde ] Request (MigrationsAdminTest:test_resize_server_revert_deleted_flavor): 200 GET http://10.180.1.21/compute/v2.1/servers/ad283bc7-b422-4836-a503-d3d9ae4fe3c1 0.051s
2024-10-24 12:11:07.804 63170 INFO tempest.lib.common.rest_client [req-f5fb7979-0141-412e-be95-3ed86da48441 req-f5fb7979-0141-412e-be95-3ed86da48441 ] Request (FloatingIPsAssociationTestJSON:setUpClass): 200 GET http://10.180.1.21/compute/v2.1/servers/67554dc7-fb72-47e1-8201-f5fda035a2d3 0.054s
2024-10-24 12:11:07.831 63158 INFO tempest.lib.common.rest_client [req-09434f4a-00ff-40ea-9c55-29bcbda2e342 req-09434f4a-00ff-40ea-9c55-29bcbda2e342 ] Request (ServerPasswordTestJSON:setUpClass): 200 GET http://10.180.1.21/compute/v2.1/servers/6201e8b7-ca3d-4eb0-8c45-67f54e66173c 0.053s
2024-10-24 12:11:07.858 63210 INFO tempest.lib.common.rest_client [req-53a5404c-e80a-44d9-936c-1a63126e36ee req-53a5404c-e80a-44d9-936c-1a63126e36ee ] Request (ListServersNegativeTestJSON:setUpClass): 200 GET http://10.180.1.21/compute/v2.1/servers/283ffd74-3891-4b5e-bcf5-49b265978051 0.046s
2024-10-24 12:11:07.919 63172 INFO tempest.lib.common.rest_client [req-8318f30c-ef80-4105-a146-f0f46505074c req-8318f30c-ef80-4105-a146-f0f46505074c ] Request (AttachVolumeShelveTestJSON:test_attach_volume_shelved_or_offload_server): 200 GET http://10.180.1.21/compute/v2.1/servers/39489032-5430-471c-8d44-2c74682ed03b 0.056s
2024-10-24 12:11:07.956 63192 INFO tempest.lib.common.rest_client [req-b0f3d10c-39e3-4e0e-bb7a-cb5f49e47b3e req-b0f3d10c-39e3-4e0e-bb7a-cb5f49e47b3e ] Request (ServersTestJSON:test_create_server_specify_multibyte_character_name): 200 GET http://10.180.1.21/compute/v2.1/servers/98c19874-7c71-4e20-aa29-2ddc53df7e81 0.048s
2024-10-24 12:11:07.977 63212 INFO tempest.lib.common.rest_client [req-2407f90e-b48d-4d26-b148-614c11590c6a req-2407f90e-b48d-4d26-b148-614c11590c6a ] Request (ServersTestMultiNic:test_verify_duplicate_network_nics): 200 GET http://10.180.1.21/compute/v2.1/servers/294e3321-e826-4a56-bbd0-893261d65283 0.051s
2024-10-24 12:11:08.035 63186 INFO tempest.lib.common.rest_client [req-e26defc1-18b4-4adc-9d4e-655f00bc9cbe req-e26defc1-18b4-4adc-9d4e-655f00bc9cbe ] Request (ListImageFiltersTestJSON:setUpClass): 200 GET http://10.180.1.21/compute/v2.1/servers/3ce62ec7-6274-441f-989b-6f27a64b0c18 0.053s
2024-10-24 12:11:08.039 63168 INFO tempest.lib.common.rest_client [req-b5c3a82d-a038-49ac-b085-dfd054ca31b3 req-b5c3a82d-a038-49ac-b085-dfd054ca31b3 ] Request (DeleteServersAdminTestJSON:test_admin_delete_servers_of_others): 200 GET http://10.180.1.21/compute/v2.1/servers/91328e42-ba3c-4d63-a805-973c2bfa2afb 0.054s
2024-10-24 12:11:08.083 63190 INFO tempest.lib.common.rest_client [req-9824109b-08d8-487f-a1d9-5cf35af51c2c req-9824109b-08d8-487f-a1d9-5cf35af51c2c ] Request (ServersAdminTestJSON:setUpClass): 200 GET http://10.180.1.21/compute/v2.1/servers/220578cb-17b1-4b46-8c4a-f676c04fc5e8 0.047s
2024-10-24 12:11:08.122 63162 INFO tempest.lib.common.rest_client [req-aadba941-ab67-4241-8e39-419bf7715a00 req-aadba941-ab67-4241-8e39-419bf7715a00 ] Request (TenantUsagesTestJSON:setUpClass): 200 GET http://10.180.1.21/compute/v2.1/servers/d73f5ea8-529a-44e3-8239-5aaa4534d1cc 0.053s
2024-10-24 12:11:08.218 63202 INFO tempest.lib.common.rest_client [req-7560219a-0156-47c0-a9fa-8d61e66b6dd4 req-7560219a-0156-47c0-a9fa-8d61e66b6dd4 ] Request (ServerShowV257Test:test_rebuild_server): 200 GET http://10.180.1.21/compute/v2.1/servers/44339b45-5183-4882-aaec-4070adc3c3dd 0.054s
2024-10-24 12:11:08.245 63197 INFO tempest.lib.common.rest_client [req-7c778e98-5a14-4c43-a4ea-c61f47f68b7d req-7c778e98-5a14-4c43-a4ea-c61f47f68b7d ] Request (ServersV294TestFqdnHostnames:setUpClass): 200 GET http://10.180.1.21/compute/v2.1/servers/821366f1-f1b0-4b78-8f7e-db8fd3bb123e 0.057s
2024-10-24 12:11:08.277 63200 INFO tempest.lib.common.rest_client [req-d1ae6d50-0f36-4cb2-9286-8dfbcc988c1b req-d1ae6d50-0f36-4cb2-9286-8dfbcc988c1b ] Request (ServerShowV247Test:tearDownClass): 200 GET http://10.180.1.21/compute/v2.1/servers/34b0b81e-fc98-4019-92c3-fe2ce2fdfd67 0.062s
2024-10-24 12:11:08.341 63176 INFO tempest.lib.common.rest_client [req-4db11950-3b67-409f-9fdd-2ece2585fd7b req-4db11950-3b67-409f-9fdd-2ece2585fd7b ] Request (ServerAddressesNegativeTestJSON:setUpClass): 200 PUT http://10.180.1.21:9696/networking/v2.0/routers/600d071d-c04f-452a-82b4-312e89b2d556/add_router_interface 1.036s
2024-10-24 12:11:08.342 63176 INFO tempest.lib.common.dynamic_creds [-] Created isolated network resources for: credentials: Credentials: {'domain_id': 'default', 'domain_name': 'Default', 'username': 'tempest-ServerAddressesNegativeTestJSON-207972449-project-member', 'project_domain_id': 'default', 'project_domain_name': 'Default', 'project_id': '849460c330c14eabafe765b3d63a2675', 'project_name': 'tempest-ServerAddressesNegativeTestJSON-207972449', 'tenant_id': '849460c330c14eabafe765b3d63a2675', 'tenant_name': 'tempest-ServerAddressesNegativeTestJSON-207972449', 'user_domain_id': 'default', 'user_domain_name': 'Default', 'user_id': '1d8b3f1914c24d3e9255ee1594120701', 'system': None}, Network: {'id': '4536d089-720b-4868-b932-f99edfe87106', 'name': 'tempest-ServerAddressesNegativeTestJSON-1525308273-network', 'tenant_id': '849460c330c14eabafe765b3d63a2675', 'admin_state_up': True, 'mtu': 8950, 'status': 'ACTIVE', 'subnets': [], 'shared': False, 'project_id': '849460c330c14eabafe765b3d63a2675', 'port_security_enabled': True, 'router:external': False, 'provider:network_type': 'vlan', 'provider:physical_network': 'default', 'provider:segmentation_id': 455, 'is_default': False, 'availability_zone_hints': [], 'availability_zones': [], 'ipv4_address_scope': None, 'ipv6_address_scope': None, 'description': '', 'tags': [], 'created_at': '2024-10-24T12:11:06Z', 'updated_at': '2024-10-24T12:11:06Z', 'revision_number': 1}, Subnet: {'id': '6561d662-823c-4888-bfc2-e6f66c25daf3', 'name': 'tempest-ServerAddressesNegativeTestJSON-1525308273-subnet', 'tenant_id': '849460c330c14eabafe765b3d63a2675', 'network_id': '4536d089-720b-4868-b932-f99edfe87106', 'ip_version': 4, 'subnetpool_id': None, 'enable_dhcp': True, 'ipv6_ra_mode': None, 'ipv6_address_mode': None, 'gateway_ip': '192.168.128.1', 'cidr': '192.168.128.0/28', 'allocation_pools': [{'start': '192.168.128.2', 'end': '192.168.128.14'}], 'host_routes': [], 'dns_nameservers': [], 'description': '', 'router:external': False, 'service_types': [], 'tags': [], 'created_at': '2024-10-24T12:11:06Z', 'updated_at': '2024-10-24T12:11:06Z', 'revision_number': 0, 'project_id': '849460c330c14eabafe765b3d63a2675'}, Router: {'id': '600d071d-c04f-452a-82b4-312e89b2d556', 'name': 'tempest-ServerAddressesNegativeTestJSON-1525308273-router', 'tenant_id': '849460c330c14eabafe765b3d63a2675', 'admin_state_up': True, 'status': 'ACTIVE', 'external_gateway_info': {'network_id': '611d0f1a-744c-400c-a15b-5738b29c4f6d', 'external_fixed_ips': [{'subnet_id': '15af82cb-1f59-4758-9f71-cd7cd1e30a5f', 'ip_address': '10.180.180.222'}], 'enable_snat': True}, 'description': '', 'availability_zones': [], 'distributed': False, 'ha': False, 'availability_zone_hints': [], 'routes': [], 'flavor_id': None, 'tags': [], 'created_at': '2024-10-24T12:11:06Z', 'updated_at': '2024-10-24T12:11:07Z', 'revision_number': 2, 'project_id': '849460c330c14eabafe765b3d63a2675'}
2024-10-24 12:11:08.434 63176 INFO tempest.lib.common.rest_client [req-8dc2383e-6897-48c8-98cd-56d748dff972 req-8dc2383e-6897-48c8-98cd-56d748dff972 ] Request (ServerAddressesNegativeTestJSON:setUpClass): 201 POST http://10.180.1.21/identity/v3/auth/tokens 0.089s
2024-10-24 12:11:08.447 63180 INFO tempest.lib.common.rest_client [req-90eddf32-feb1-438d-bd9f-f8698642a40c req-90eddf32-feb1-438d-bd9f-f8698642a40c ] Request (ServerDiskConfigTestJSON:test_rebuild_server_with_manual_disk_config): 200 GET http://10.180.1.21/compute/v2.1/servers/c5aaadb0-f9a1-4af9-b882-86d847185a19 0.070s
2024-10-24 12:11:08.465 63176 INFO tempest.lib.common.rest_client [req-6de8da25-dc21-4d3f-abad-2de7f6e8d840 req-6de8da25-dc21-4d3f-abad-2de7f6e8d840 ] Request (ServerAddressesNegativeTestJSON:setUpClass): 201 POST http://10.180.1.21/identity/v3/auth/tokens 0.027s
2024-10-24 12:11:08.465 63176 INFO tempest.lib.common.fixed_network [-] (ServerAddressesNegativeTestJSON:setUpClass) Found network {'id': '4536d089-720b-4868-b932-f99edfe87106', 'name': 'tempest-ServerAddressesNegativeTestJSON-1525308273-network', 'tenant_id': '849460c330c14eabafe765b3d63a2675', 'admin_state_up': True, 'mtu': 8950, 'status': 'ACTIVE', 'subnets': [], 'shared': False, 'project_id': '849460c330c14eabafe765b3d63a2675', 'port_security_enabled': True, 'router:external': False, 'provider:network_type': 'vlan', 'provider:physical_network': 'default', 'provider:segmentation_id': 455, 'is_default': False, 'availability_zone_hints': [], 'availability_zones': [], 'ipv4_address_scope': None, 'ipv6_address_scope': None, 'description': '', 'tags': [], 'created_at': '2024-10-24T12:11:06Z', 'updated_at': '2024-10-24T12:11:06Z', 'revision_number': 1} available for tenant
2024-10-24 12:11:08.504 63164 INFO tempest.lib.common.rest_client [req-7aa7b897-4945-4d74-a019-f8c3c07d0e03 req-7aa7b897-4945-4d74-a019-f8c3c07d0e03 ] Request (ServerRescueNegativeTestJSON:setUpClass): 200 GET http://10.180.1.21/compute/v2.1/servers/e1f45ab1-53fe-417d-b9f1-8ca1e7ce1fa6 0.050s
2024-10-24 12:11:08.557 63174 INFO tempest.lib.common.rest_client [req-30f1b5c9-d6af-4d98-b2ea-19f95ce5c46b req-30f1b5c9-d6af-4d98-b2ea-19f95ce5c46b ] Request (SecurityGroupsTestJSON:test_list_security_groups_by_server): 200 GET http://10.180.1.21/compute/v2.1/servers/8399d066-43bc-4766-97c8-89d74f3283f0 0.060s
2024-10-24 12:11:08.615 63194 INFO tempest.lib.common.rest_client [req-00d0c015-dcd7-4ad1-8987-2da21e5f2368 req-00d0c015-dcd7-4ad1-8987-2da21e5f2368 ] Request (ServerActionsTestJSON:setUpClass): 200 GET http://10.180.1.21/compute/v2.1/servers/15938dfe-a697-450b-8c88-ff4ef703ee1f 0.096s
2024-10-24 12:11:08.673 63156 INFO tempest.lib.common.rest_client [req-661b5319-2ba8-436c-b332-98178ba3f279 req-661b5319-2ba8-436c-b332-98178ba3f279 ] Request (ServerTagsTestJSON:setUpClass): 200 GET http://10.180.1.21/compute/v2.1/servers/e24c8bf2-1616-4a5a-b6ce-0c256e78b213 0.118s
2024-10-24 12:11:08.724 63184 INFO tempest.lib.common.rest_client [req-6ecf5b5d-3c66-4c64-be6a-78b987e33819 req-6ecf5b5d-3c66-4c64-be6a-78b987e33819 ] Request (VolumesAdminNegativeTest:test_update_attached_volume_with_nonexistent_volume_in_uri): 200 GET http://10.180.1.21/compute/v2.1/servers/8bda7658-2b86-4869-89e2-b10d7119ae18 0.149s
2024-10-24 12:11:08.797 63206 INFO tempest.lib.common.rest_client [req-4d9c9acc-0c24-4eb9-9057-08643f1dc1dc req-4d9c9acc-0c24-4eb9-9057-08643f1dc1dc ] Request (MultipleCreateTestJSON:test_multiple_create): 200 GET http://10.180.1.21/compute/v2.1/servers/41218b72-0b79-496a-855f-57a972dabd0b 0.193s
2024-10-24 12:11:08.849 63178 INFO tempest.lib.common.rest_client [req-53ebdbc5-23a4-48dc-a372-43326b9b5503 req-53ebdbc5-23a4-48dc-a372-43326b9b5503 ] Request (ServersTestJSON:setUpClass): 200 GET http://10.180.1.21/compute/v2.1/servers/62cfca0a-e8c6-4f94-8e6f-1136cfcf3089 0.187s
2024-10-24 12:11:08.890 63176 INFO tempest.lib.common.rest_client [req-2707965f-9d78-4e2d-a418-f248a6c1421c req-2707965f-9d78-4e2d-a418-f248a6c1421c ] Request (ServerAddressesNegativeTestJSON:setUpClass): 202 POST http://10.180.1.21/compute/v2.1/servers 0.423s
2024-10-24 12:11:08.900 63166 INFO tempest.lib.common.rest_client [req-44a48ca9-833a-4170-ba67-e3bc4d2373a8 req-44a48ca9-833a-4170-ba67-e3bc4d2373a8 ] Request (ServerMetadataNegativeTestJSON:setUpClass): 200 GET http://10.180.1.21/compute/v2.1/servers/0419073e-5340-4805-a1e0-417ccf5fdd30 0.208s
2024-10-24 12:11:08.950 63154 INFO tempest.lib.common.rest_client [req-c77d0959-e800-47fb-8682-f7d5319ee251 req-c77d0959-e800-47fb-8682-f7d5319ee251 ] Request (AttachVolumeNegativeTest:test_attach_attached_volume_to_different_server): 200 GET http://10.180.1.21/compute/v2.1/servers/364c5d87-f261-439a-920e-874ee0bcf83b 0.240s
2024-10-24 12:11:08.953 63150 INFO tempest.lib.common.rest_client [req-fb86323e-ab1c-4ecd-9d21-a3b89d032d74 req-fb86323e-ab1c-4ecd-9d21-a3b89d032d74 ] Request (ServersTestFqdnHostnames:test_create_server_with_fqdn_name): 200 GET http://10.180.1.21/compute/v2.1/servers/c10d840e-ce05-4af3-ba2d-6214eefd8783 0.205s
2024-10-24 12:11:09.010 63160 INFO tempest.lib.common.rest_client [req-86e99b1f-b942-4bbd-8da6-fca914e27ef0 req-86e99b1f-b942-4bbd-8da6-fca914e27ef0 ] Request (MigrationsAdminTest:test_resize_server_revert_deleted_flavor): 200 GET http://10.180.1.21/compute/v2.1/servers/ad283bc7-b422-4836-a503-d3d9ae4fe3c1 0.221s
2024-10-24 12:11:09.020 63170 INFO tempest.lib.common.rest_client [req-781f1c25-fc07-4695-b828-1e0505ddec6e req-781f1c25-fc07-4695-b828-1e0505ddec6e ] Request (FloatingIPsAssociationTestJSON:setUpClass): 200 GET http://10.180.1.21/compute/v2.1/servers/67554dc7-fb72-47e1-8201-f5fda035a2d3 0.206s
2024-10-24 12:11:09.068 63210 INFO tempest.lib.common.rest_client [req-d7c9b2e0-04b9-4d63-bca7-65fbe23778db req-d7c9b2e0-04b9-4d63-bca7-65fbe23778db ] Request (ListServersNegativeTestJSON:setUpClass): 200 GET http://10.180.1.21/compute/v2.1/servers/283ffd74-3891-4b5e-bcf5-49b265978051 0.200s
2024-10-24 12:11:09.078 63210 INFO tempest.common.waiters [-] State transition "BUILD/spawning" ==> "BUILD/scheduling" after 87 second wait
2024-10-24 12:11:09.107 63176 INFO tempest.lib.common.rest_client [req-b57c687e-8320-46ce-b672-bc91c0cddc1f req-b57c687e-8320-46ce-b672-bc91c0cddc1f ] Request (ServerAddressesNegativeTestJSON:setUpClass): 200 GET http://10.180.1.21/compute/v2.1/servers/aa1e66d1-03fb-4340-83f1-eb79c29b6934 0.216s
2024-10-24 12:11:09.159 63172 INFO tempest.lib.common.rest_client [req-2348ae64-a0a5-4ae6-97be-cbe824d20d2a req-2348ae64-a0a5-4ae6-97be-cbe824d20d2a ] Request (AttachVolumeShelveTestJSON:test_attach_volume_shelved_or_offload_server): 200 GET http://10.180.1.21/compute/v2.1/servers/39489032-5430-471c-8d44-2c74682ed03b 0.232s
2024-10-24 12:11:09.212 63192 INFO tempest.lib.common.rest_client [req-5475916a-9fb3-4a11-892e-155737ea6c45 req-5475916a-9fb3-4a11-892e-155737ea6c45 ] Request (ServersTestJSON:test_create_server_specify_multibyte_character_name): 200 GET http://10.180.1.21/compute/v2.1/servers/98c19874-7c71-4e20-aa29-2ddc53df7e81 0.250s
2024-10-24 12:11:09.259 63212 INFO tempest.lib.common.rest_client [req-2af597cf-58a3-4be0-94b0-67944a7982e4 req-2af597cf-58a3-4be0-94b0-67944a7982e4 ] Request (ServersTestMultiNic:test_verify_duplicate_network_nics): 200 GET http://10.180.1.21/compute/v2.1/servers/294e3321-e826-4a56-bbd0-893261d65283 0.275s
2024-10-24 12:11:09.277 63158 INFO tempest.lib.common.rest_client [req-f94484fa-095c-4024-9870-066301aa479d req-f94484fa-095c-4024-9870-066301aa479d ] Request (ServerPasswordTestJSON:setUpClass): 200 GET http://10.180.1.21/compute/v2.1/servers/6201e8b7-ca3d-4eb0-8c45-67f54e66173c 0.438s
2024-10-24 12:11:09.312 63186 INFO tempest.lib.common.rest_client [req-4a456a47-d666-4ca0-992a-5bd2d16b40dd req-4a456a47-d666-4ca0-992a-5bd2d16b40dd ] Request (ListImageFiltersTestJSON:setUpClass): 200 GET http://10.180.1.21/compute/v2.1/servers/3ce62ec7-6274-441f-989b-6f27a64b0c18 0.269s
2024-10-24 12:11:09.330 63168 INFO tempest.lib.common.rest_client [req-84a2ad59-b867-4868-8ef0-550da2bee69b req-84a2ad59-b867-4868-8ef0-550da2bee69b ] Request (DeleteServersAdminTestJSON:test_admin_delete_servers_of_others): 200 GET http://10.180.1.21/compute/v2.1/servers/91328e42-ba3c-4d63-a805-973c2bfa2afb 0.279s
2024-10-24 12:11:09.366 63190 INFO tempest.lib.common.rest_client [req-65e516d0-8b6b-4ed3-8fce-8e442442ddff req-65e516d0-8b6b-4ed3-8fce-8e442442ddff ] Request (ServersAdminTestJSON:setUpClass): 200 GET http://10.180.1.21/compute/v2.1/servers/220578cb-17b1-4b46-8c4a-f676c04fc5e8 0.273s
2024-10-24 12:11:09.395 63162 INFO tempest.lib.common.rest_client [req-35913be4-40f2-45d3-9e25-8dec03a620b5 req-35913be4-40f2-45d3-9e25-8dec03a620b5 ] Request (TenantUsagesTestJSON:setUpClass): 200 GET http://10.180.1.21/compute/v2.1/servers/d73f5ea8-529a-44e3-8239-5aaa4534d1cc 0.265s
2024-10-24 12:11:09.424 63202 INFO tempest.lib.common.rest_client [req-c9aa81be-4b00-418f-9d9a-c87a2143eefe req-c9aa81be-4b00-418f-9d9a-c87a2143eefe ] Request (ServerShowV257Test:test_rebuild_server): 200 GET http://10.180.1.21/compute/v2.1/servers/44339b45-5183-4882-aaec-4070adc3c3dd 0.192s
2024-10-24 12:11:09.451 63197 INFO tempest.lib.common.rest_client [req-ae9363c8-d45f-435a-8b2f-62101e924cf4 req-ae9363c8-d45f-435a-8b2f-62101e924cf4 ] Request (ServersV294TestFqdnHostnames:setUpClass): 200 GET http://10.180.1.21/compute/v2.1/servers/821366f1-f1b0-4b78-8f7e-db8fd3bb123e 0.196s
2024-10-24 12:11:09.486 63200 INFO tempest.lib.common.rest_client [req-5a38f4cb-0412-46f3-8e26-bd6b9ff0494d req-5a38f4cb-0412-46f3-8e26-bd6b9ff0494d ] Request (ServerShowV247Test:tearDownClass): 200 GET http://10.180.1.21/compute/v2.1/servers/34b0b81e-fc98-4019-92c3-fe2ce2fdfd67 0.197s
2024-10-24 12:11:09.493 63200 INFO tempest.common.waiters [-] State transition "ACTIVE/deleting" ==> "DELETED/None" after 4 second wait
2024-10-24 12:11:09.502 63180 INFO tempest.lib.common.rest_client [req-84e716dc-9ed7-41a8-bce8-d959a996032b req-84e716dc-9ed7-41a8-bce8-d959a996032b ] Request (ServerDiskConfigTestJSON:test_rebuild_server_with_manual_disk_config): 200 GET http://10.180.1.21/compute/v2.1/servers/c5aaadb0-f9a1-4af9-b882-86d847185a19 0.048s
2024-10-24 12:11:09.556 63164 INFO tempest.lib.common.rest_client [req-6e93c50c-eac7-46b8-9682-e4876fca3b14 req-6e93c50c-eac7-46b8-9682-e4876fca3b14 ] Request (ServerRescueNegativeTestJSON:setUpClass): 200 GET http://10.180.1.21/compute/v2.1/servers/e1f45ab1-53fe-417d-b9f1-8ca1e7ce1fa6 0.045s
2024-10-24 12:11:09.613 63174 INFO tempest.lib.common.rest_client [req-2876cd28-0acb-4b7f-ad67-bbd11363aeeb req-2876cd28-0acb-4b7f-ad67-bbd11363aeeb ] Request (SecurityGroupsTestJSON:test_list_security_groups_by_server): 200 GET http://10.180.1.21/compute/v2.1/servers/8399d066-43bc-4766-97c8-89d74f3283f0 0.045s
2024-10-24 12:11:09.670 63194 INFO tempest.lib.common.rest_client [req-64d808f7-b504-421f-80de-98e3c815c5e9 req-64d808f7-b504-421f-80de-98e3c815c5e9 ] Request (ServerActionsTestJSON:setUpClass): 200 GET http://10.180.1.21/compute/v2.1/servers/15938dfe-a697-450b-8c88-ff4ef703ee1f 0.048s
2024-10-24 12:11:09.731 63156 INFO tempest.lib.common.rest_client [req-5281054d-8e09-49f9-a409-4b4dab814d66 req-5281054d-8e09-49f9-a409-4b4dab814d66 ] Request (ServerTagsTestJSON:setUpClass): 200 GET http://10.180.1.21/compute/v2.1/servers/e24c8bf2-1616-4a5a-b6ce-0c256e78b213 0.048s
2024-10-24 12:11:09.783 63184 INFO tempest.lib.common.rest_client [req-76797123-1e83-4e70-b02d-4fd9f3f890ec req-76797123-1e83-4e70-b02d-4fd9f3f890ec ] Request (VolumesAdminNegativeTest:test_update_attached_volume_with_nonexistent_volume_in_uri): 200 GET http://10.180.1.21/compute/v2.1/servers/8bda7658-2b86-4869-89e2-b10d7119ae18 0.045s
2024-10-24 12:11:09.848 63206 INFO tempest.lib.common.rest_client [req-f8339c06-099d-4619-bfbe-f60882a282ee req-f8339c06-099d-4619-bfbe-f60882a282ee ] Request (MultipleCreateTestJSON:test_multiple_create): 200 GET http://10.180.1.21/compute/v2.1/servers/41218b72-0b79-496a-855f-57a972dabd0b 0.044s
2024-10-24 12:11:09.900 63178 INFO tempest.lib.common.rest_client [req-d25ee6b0-e610-4b89-983b-5d98a65a7a26 req-d25ee6b0-e610-4b89-983b-5d98a65a7a26 ] Request (ServersTestJSON:setUpClass): 200 GET http://10.180.1.21/compute/v2.1/servers/62cfca0a-e8c6-4f94-8e6f-1136cfcf3089 0.045s
2024-10-24 12:11:09.959 63166 INFO tempest.lib.common.rest_client [req-170f6939-095b-4652-bf9b-23e660626c57 req-170f6939-095b-4652-bf9b-23e660626c57 ] Request (ServerMetadataNegativeTestJSON:setUpClass): 200 GET http://10.180.1.21/compute/v2.1/servers/0419073e-5340-4805-a1e0-417ccf5fdd30 0.050s
2024-10-24 12:11:10.008 63154 INFO tempest.lib.common.rest_client [req-dc278872-2c80-4c33-95cd-0fedaaf69c26 req-dc278872-2c80-4c33-95cd-0fedaaf69c26 ] Request (AttachVolumeNegativeTest:test_attach_attached_volume_to_different_server): 200 GET http://10.180.1.21/compute/v2.1/servers/364c5d87-f261-439a-920e-874ee0bcf83b 0.050s
2024-10-24 12:11:10.014 63150 INFO tempest.lib.common.rest_client [req-3c888c5b-c4bc-4808-b789-165bfbb38748 req-3c888c5b-c4bc-4808-b789-165bfbb38748 ] Request (ServersTestFqdnHostnames:test_create_server_with_fqdn_name): 200 GET http://10.180.1.21/compute/v2.1/servers/c10d840e-ce05-4af3-ba2d-6214eefd8783 0.047s
2024-10-24 12:11:10.062 63160 INFO tempest.lib.common.rest_client [req-f930a8d0-20f5-4133-b30e-db3c44f5f592 req-f930a8d0-20f5-4133-b30e-db3c44f5f592 ] Request (MigrationsAdminTest:test_resize_server_revert_deleted_flavor): 200 GET http://10.180.1.21/compute/v2.1/servers/ad283bc7-b422-4836-a503-d3d9ae4fe3c1 0.045s
2024-10-24 12:11:10.078 63170 INFO tempest.lib.common.rest_client [req-0a1dab24-4cf2-449f-a44b-1e73c458d706 req-0a1dab24-4cf2-449f-a44b-1e73c458d706 ] Request (FloatingIPsAssociationTestJSON:setUpClass): 200 GET http://10.180.1.21/compute/v2.1/servers/67554dc7-fb72-47e1-8201-f5fda035a2d3 0.047s
2024-10-24 12:11:10.134 63210 INFO tempest.lib.common.rest_client [req-47f9094b-dbf7-48ce-bb3d-ffca536363c0 req-47f9094b-dbf7-48ce-bb3d-ffca536363c0 ] Request (ListServersNegativeTestJSON:setUpClass): 200 GET http://10.180.1.21/compute/v2.1/servers/283ffd74-3891-4b5e-bcf5-49b265978051 0.053s
2024-10-24 12:11:10.141 63210 INFO tempest.common.waiters [-] State transition "BUILD/scheduling" ==> "ERROR/None" after 88 second wait
2024-10-24 12:11:10.159 63176 INFO tempest.lib.common.rest_client [req-240eb64d-f6e1-42db-ad10-b9b937d69f99 req-240eb64d-f6e1-42db-ad10-b9b937d69f99 ] Request (ServerAddressesNegativeTestJSON:setUpClass): 200 GET http://10.180.1.21/compute/v2.1/servers/aa1e66d1-03fb-4340-83f1-eb79c29b6934 0.045s
2024-10-24 12:11:10.216 63172 INFO tempest.lib.common.rest_client [req-f380b8ac-d084-4a60-b588-a43f4a9551f0 req-f380b8ac-d084-4a60-b588-a43f4a9551f0 ] Request (AttachVolumeShelveTestJSON:test_attach_volume_shelved_or_offload_server): 200 GET http://10.180.1.21/compute/v2.1/servers/39489032-5430-471c-8d44-2c74682ed03b 0.047s
2024-10-24 12:11:10.262 63192 INFO tempest.lib.common.rest_client [req-1c5a473b-3cdb-4022-8ca5-b010ff0f636f req-1c5a473b-3cdb-4022-8ca5-b010ff0f636f ] Request (ServersTestJSON:test_create_server_specify_multibyte_character_name): 200 GET http://10.180.1.21/compute/v2.1/servers/98c19874-7c71-4e20-aa29-2ddc53df7e81 0.043s
2024-10-24 12:11:10.298 63210 INFO tempest.lib.common.rest_client [req-89028193-d271-44b6-a1df-6ab0b5302b89 req-89028193-d271-44b6-a1df-6ab0b5302b89 ] Request (ListServersNegativeTestJSON:setUpClass): 204 DELETE http://10.180.1.21/compute/v2.1/servers/283ffd74-3891-4b5e-bcf5-49b265978051 0.157s
2024-10-24 12:11:10.312 63212 INFO tempest.lib.common.rest_client [req-2ddce895-e1d0-49bd-8e06-c2a93ad9951a req-2ddce895-e1d0-49bd-8e06-c2a93ad9951a ] Request (ServersTestMultiNic:test_verify_duplicate_network_nics): 200 GET http://10.180.1.21/compute/v2.1/servers/294e3321-e826-4a56-bbd0-893261d65283 0.046s
2024-10-24 12:11:10.340 63158 INFO tempest.lib.common.rest_client [req-3845a9b1-9f15-4fe2-a30b-54fb1cb83996 req-3845a9b1-9f15-4fe2-a30b-54fb1cb83996 ] Request (ServerPasswordTestJSON:setUpClass): 200 GET http://10.180.1.21/compute/v2.1/servers/6201e8b7-ca3d-4eb0-8c45-67f54e66173c 0.055s
2024-10-24 12:11:10.388 63186 INFO tempest.lib.common.rest_client [req-9fde1184-2148-40b5-b5d8-49bb2551415d req-9fde1184-2148-40b5-b5d8-49bb2551415d ] Request (ListImageFiltersTestJSON:setUpClass): 200 GET http://10.180.1.21/compute/v2.1/servers/3ce62ec7-6274-441f-989b-6f27a64b0c18 0.069s
2024-10-24 12:11:10.441 63168 INFO tempest.lib.common.rest_client [req-b8d362f4-189e-4466-891f-b491a3f53c6b req-b8d362f4-189e-4466-891f-b491a3f53c6b ] Request (DeleteServersAdminTestJSON:test_admin_delete_servers_of_others): 200 GET http://10.180.1.21/compute/v2.1/servers/91328e42-ba3c-4d63-a805-973c2bfa2afb 0.103s
2024-10-24 12:11:10.485 63190 INFO tempest.lib.common.rest_client [req-9f12097c-fb08-4970-b8b1-88e6f3f5c72f req-9f12097c-fb08-4970-b8b1-88e6f3f5c72f ] Request (ServersAdminTestJSON:setUpClass): 200 GET http://10.180.1.21/compute/v2.1/servers/220578cb-17b1-4b46-8c4a-f676c04fc5e8 0.112s
2024-10-24 12:11:10.504 63210 INFO tempest.lib.common.rest_client [req-0f8f67bd-19ec-4a55-8df5-f0376a32258e req-0f8f67bd-19ec-4a55-8df5-f0376a32258e ] Request (ListServersNegativeTestJSON:setUpClass): 204 DELETE http://10.180.1.21/compute/v2.1/servers/86784639-8ac7-4f67-be5b-05c3ab1229b7 0.205s
2024-10-24 12:11:10.532 63162 INFO tempest.lib.common.rest_client [req-3106524f-c42b-4747-b5be-031212f524ac req-3106524f-c42b-4747-b5be-031212f524ac ] Request (TenantUsagesTestJSON:setUpClass): 200 GET http://10.180.1.21/compute/v2.1/servers/d73f5ea8-529a-44e3-8239-5aaa4534d1cc 0.129s
2024-10-24 12:11:10.547 63202 INFO tempest.lib.common.rest_client [req-ec077d3e-9145-43b0-b44c-fda3bb55c0d9 req-ec077d3e-9145-43b0-b44c-fda3bb55c0d9 ] Request (ServerShowV257Test:test_rebuild_server): 200 GET http://10.180.1.21/compute/v2.1/servers/44339b45-5183-4882-aaec-4070adc3c3dd 0.115s
2024-10-24 12:11:10.582 63197 INFO tempest.lib.common.rest_client [req-b5adb3c9-7730-4a22-9599-fd4876970d53 req-b5adb3c9-7730-4a22-9599-fd4876970d53 ] Request (ServersV294TestFqdnHostnames:setUpClass): 200 GET http://10.180.1.21/compute/v2.1/servers/821366f1-f1b0-4b78-8f7e-db8fd3bb123e 0.122s
2024-10-24 12:11:10.600 63200 INFO tempest.lib.common.rest_client [req-03e38e86-797a-40f7-aeff-a8671ac477fd req-03e38e86-797a-40f7-aeff-a8671ac477fd ] Request (ServerShowV247Test:tearDownClass): 200 GET http://10.180.1.21/compute/v2.1/servers/34b0b81e-fc98-4019-92c3-fe2ce2fdfd67 0.104s
2024-10-24 12:11:10.646 63180 INFO tempest.lib.common.rest_client [req-8c6903eb-ca49-4215-87bf-f1f7d455f436 req-8c6903eb-ca49-4215-87bf-f1f7d455f436 ] Request (ServerDiskConfigTestJSON:test_rebuild_server_with_manual_disk_config): 200 GET http://10.180.1.21/compute/v2.1/servers/c5aaadb0-f9a1-4af9-b882-86d847185a19 0.137s
2024-10-24 12:11:10.718 63164 INFO tempest.lib.common.rest_client [req-fc50b61d-6f0d-4b91-b2fc-a6438ccc4497 req-fc50b61d-6f0d-4b91-b2fc-a6438ccc4497 ] Request (ServerRescueNegativeTestJSON:setUpClass): 200 GET http://10.180.1.21/compute/v2.1/servers/e1f45ab1-53fe-417d-b9f1-8ca1e7ce1fa6 0.155s
2024-10-24 12:11:10.765 63174 INFO tempest.lib.common.rest_client [req-c4bf4de6-8114-4127-9837-4712c249300b req-c4bf4de6-8114-4127-9837-4712c249300b ] Request (SecurityGroupsTestJSON:test_list_security_groups_by_server): 200 GET http://10.180.1.21/compute/v2.1/servers/8399d066-43bc-4766-97c8-89d74f3283f0 0.146s
2024-10-24 12:11:10.771 63210 INFO tempest.lib.common.rest_client [req-2157f0a4-eb99-4fe8-aecf-38c8471a8f9e req-2157f0a4-eb99-4fe8-aecf-38c8471a8f9e ] Request (ListServersNegativeTestJSON:setUpClass): 204 DELETE http://10.180.1.21/compute/v2.1/servers/bfcba5cb-d9c4-4ddd-9018-d316c13525d9 0.267s
2024-10-24 12:11:10.824 63194 INFO tempest.lib.common.rest_client [req-4256961f-36cc-40c9-beb8-bad4d5b9db1c req-4256961f-36cc-40c9-beb8-bad4d5b9db1c ] Request (ServerActionsTestJSON:setUpClass): 200 GET http://10.180.1.21/compute/v2.1/servers/15938dfe-a697-450b-8c88-ff4ef703ee1f 0.148s
2024-10-24 12:11:10.848 63210 INFO tempest.lib.common.rest_client [req-040c229a-5f07-4b54-89ef-28f7bb715b3d req-040c229a-5f07-4b54-89ef-28f7bb715b3d ] Request (ListServersNegativeTestJSON:setUpClass): 404 GET http://10.180.1.21/compute/v2.1/servers/283ffd74-3891-4b5e-bcf5-49b265978051 0.076s
2024-10-24 12:11:10.891 63184 INFO tempest.lib.common.rest_client [req-2b72bafe-5eff-4d06-9922-c2cb0a891846 req-2b72bafe-5eff-4d06-9922-c2cb0a891846 ] Request (VolumesAdminNegativeTest:test_update_attached_volume_with_nonexistent_volume_in_uri): 200 GET http://10.180.1.21/compute/v2.1/servers/8bda7658-2b86-4869-89e2-b10d7119ae18 0.101s
2024-10-24 12:11:10.908 63210 INFO tempest.lib.common.rest_client [req-4004f2e3-1338-4457-b557-1ee1d8991dd8 req-4004f2e3-1338-4457-b557-1ee1d8991dd8 ] Request (ListServersNegativeTestJSON:setUpClass): 404 GET http://10.180.1.21/compute/v2.1/servers/86784639-8ac7-4f67-be5b-05c3ab1229b7 0.059s
2024-10-24 12:11:10.950 63206 INFO tempest.lib.common.rest_client [req-80afc7df-d0aa-4469-97c9-ddafe283beb7 req-80afc7df-d0aa-4469-97c9-ddafe283beb7 ] Request (MultipleCreateTestJSON:test_multiple_create): 200 GET http://10.180.1.21/compute/v2.1/servers/41218b72-0b79-496a-855f-57a972dabd0b 0.091s
2024-10-24 12:11:10.994 63178 INFO tempest.lib.common.rest_client [req-480b3cce-78ad-4063-877e-73be56c98bf9 req-480b3cce-78ad-4063-877e-73be56c98bf9 ] Request (ServersTestJSON:setUpClass): 200 GET http://10.180.1.21/compute/v2.1/servers/62cfca0a-e8c6-4f94-8e6f-1136cfcf3089 0.087s
2024-10-24 12:11:11.012 63210 INFO tempest.lib.common.rest_client [req-15f5ef98-9a60-4a3f-a54a-ae199b23289b req-15f5ef98-9a60-4a3f-a54a-ae199b23289b ] Request (ListServersNegativeTestJSON:setUpClass): 404 GET http://10.180.1.21/compute/v2.1/servers/bfcba5cb-d9c4-4ddd-9018-d316c13525d9 0.102s
2024-10-24 12:11:11.012 63210 INFO tempest.test [-] raised in ListServersNegativeTestJSON.setUpClass. Invoking tearDownClass.
2024-10-24 12:11:11.050 63156 INFO tempest.lib.common.rest_client [req-ece5610a-a769-4948-8381-b620456812f6 req-ece5610a-a769-4948-8381-b620456812f6 ] Request (ServerTagsTestJSON:setUpClass): 200 GET http://10.180.1.21/compute/v2.1/servers/e24c8bf2-1616-4a5a-b6ce-0c256e78b213 0.311s
2024-10-24 12:11:11.067 63166 INFO tempest.lib.common.rest_client [req-d83ea13d-c9ba-46fb-a611-cf487d96aff4 req-d83ea13d-c9ba-46fb-a611-cf487d96aff4 ] Request (ServerMetadataNegativeTestJSON:setUpClass): 200 GET http://10.180.1.21/compute/v2.1/servers/0419073e-5340-4805-a1e0-417ccf5fdd30 0.100s
2024-10-24 12:11:11.094 63154 INFO tempest.lib.common.rest_client [req-acf8e7e3-ac62-430c-8037-c4432984a4e0 req-acf8e7e3-ac62-430c-8037-c4432984a4e0 ] Request (AttachVolumeNegativeTest:test_attach_attached_volume_to_different_server): 200 GET http://10.180.1.21/compute/v2.1/servers/364c5d87-f261-439a-920e-874ee0bcf83b 0.079s
2024-10-24 12:11:11.114 63150 INFO tempest.lib.common.rest_client [req-951b3f25-5b18-42c5-9ba3-2e5373c4712f req-951b3f25-5b18-42c5-9ba3-2e5373c4712f ] Request (ServersTestFqdnHostnames:test_create_server_with_fqdn_name): 200 GET http://10.180.1.21/compute/v2.1/servers/c10d840e-ce05-4af3-ba2d-6214eefd8783 0.090s
2024-10-24 12:11:11.138 63160 INFO tempest.lib.common.rest_client [req-e09f0ead-056f-480f-989b-9239526e9a51 req-e09f0ead-056f-480f-989b-9239526e9a51 ] Request (MigrationsAdminTest:test_resize_server_revert_deleted_flavor): 200 GET http://10.180.1.21/compute/v2.1/servers/ad283bc7-b422-4836-a503-d3d9ae4fe3c1 0.069s
2024-10-24 12:11:11.155 63170 INFO tempest.lib.common.rest_client [req-0b581da0-e3ed-49b3-b86e-baa9303a3fbb req-0b581da0-e3ed-49b3-b86e-baa9303a3fbb ] Request (FloatingIPsAssociationTestJSON:setUpClass): 200 GET http://10.180.1.21/compute/v2.1/servers/67554dc7-fb72-47e1-8201-f5fda035a2d3 0.071s
2024-10-24 12:11:11.215 63176 INFO tempest.lib.common.rest_client [req-905e1ac1-0354-4626-b971-f75a6a75e4b2 req-905e1ac1-0354-4626-b971-f75a6a75e4b2 ] Request (ServerAddressesNegativeTestJSON:setUpClass): 200 GET http://10.180.1.21/compute/v2.1/servers/aa1e66d1-03fb-4340-83f1-eb79c29b6934 0.048s
2024-10-24 12:11:11.286 63172 INFO tempest.lib.common.rest_client [req-fc6bdf9a-1191-464c-b821-6c285b9db529 req-fc6bdf9a-1191-464c-b821-6c285b9db529 ] Request (AttachVolumeShelveTestJSON:test_attach_volume_shelved_or_offload_server): 200 GET http://10.180.1.21/compute/v2.1/servers/39489032-5430-471c-8d44-2c74682ed03b 0.062s
