2024-10-24 12:08:41.876 63204 WARNING oslo_config.cfg [-] Deprecated: Option "auth_version" from group "identity" is deprecated for removal (Identity v2 API was removed and v3 is the only available identity API version now). Its value may be silently ignored in the future.
2024-10-24 12:08:41.878 63158 INFO tempest.lib.common.rest_client [req-78009f24-d3fd-4648-b34a-3014572641ff req-78009f24-d3fd-4648-b34a-3014572641ff ] Request (ServerDiagnosticsNegativeTest:setUpClass): 200 GET http://10.180.1.21/identity/v3/roles 0.116s
2024-10-24 12:08:41.882 63204 WARNING oslo_config.cfg [-] Deprecated: Option "access_rules" from group "identity-feature-enabled" is deprecated for removal (Access rules for application credentials is a default feature since Train). Its value may be silently ignored in the future.
2024-10-24 12:08:41.882 63156 INFO tempest.lib.common.rest_client [req-9afa1435-d091-4439-9370-b50c553ba587 req-9afa1435-d091-4439-9370-b50c553ba587 ] Request (FlavorsAccessNegativeTestJSON:setUpClass): 204 PUT http://10.180.1.21/identity/v3/projects/7aa7678a787a4eae80a3f67834eba837/users/9812e92de3f648f0a98599f045484679/roles/70c8c899908b4e47b078dd06c45f6846 0.145s
2024-10-24 12:08:41.882 63156 INFO tempest.lib.common.dynamic_creds [-] Dynamic test user 9812e92de3f648f0a98599f045484679 is created with scope project and roles: ['member']
2024-10-24 12:08:41.882 63156 INFO tempest.lib.common.dynamic_creds [-] Acquired dynamic creds: credentials: Credentials: {'domain_id': 'default', 'domain_name': 'Default', 'username': 'tempest-FlavorsAccessNegativeTestJSON-1778504974-project-member', 'project_domain_id': 'default', 'project_domain_name': 'Default', 'project_id': '7aa7678a787a4eae80a3f67834eba837', 'project_name': 'tempest-FlavorsAccessNegativeTestJSON-1778504974', 'tenant_id': '7aa7678a787a4eae80a3f67834eba837', 'tenant_name': 'tempest-FlavorsAccessNegativeTestJSON-1778504974', 'user_domain_id': 'default', 'user_domain_name': 'Default', 'user_id': '9812e92de3f648f0a98599f045484679', 'system': None}, Network: None, Subnet: None, Router: None
2024-10-24 12:08:41.883 63156 INFO tempest.lib.common.dynamic_creds [-] Created isolated network resources for: credentials: Credentials: {'domain_id': 'default', 'domain_name': 'Default', 'username': 'tempest-FlavorsAccessNegativeTestJSON-1778504974-project-member', 'project_domain_id': 'default', 'project_domain_name': 'Default', 'project_id': '7aa7678a787a4eae80a3f67834eba837', 'project_name': 'tempest-FlavorsAccessNegativeTestJSON-1778504974', 'tenant_id': '7aa7678a787a4eae80a3f67834eba837', 'tenant_name': 'tempest-FlavorsAccessNegativeTestJSON-1778504974', 'user_domain_id': 'default', 'user_domain_name': 'Default', 'user_id': '9812e92de3f648f0a98599f045484679', 'system': None}, Network: None, Subnet: None, Router: None
2024-10-24 12:08:41.883 63204 WARNING oslo_config.cfg [-] Deprecated: Option "import_image" from group "image-feature-enabled" is deprecated for removal (Issue with image import in WSGI mode was fixed in Victoria, and this feature works in any deployment architecture now.). Its value may be silently ignored in the future.
2024-10-24 12:08:41.883 63204 WARNING oslo_config.cfg [-] Deprecated: Option "os_glance_reserved" from group "image-feature-enabled" is deprecated for removal (os_glance namespace is always reserved since Wallaby). Its value may be silently ignored in the future.
2024-10-24 12:08:41.929 63178 INFO tempest.lib.common.rest_client [req-12a2c8d5-d622-40ad-871d-fe25603e9e5c req-12a2c8d5-d622-40ad-871d-fe25603e9e5c ] Request (AttachInterfacesUnderV243Test:setUpClass): 201 POST http://10.180.1.21/identity/v3/auth/tokens 0.161s
2024-10-24 12:08:41.945 63206 INFO tempest.lib.common.rest_client [req-7ec45931-66b3-4ecd-a46c-9d320e623bde req-7ec45931-66b3-4ecd-a46c-9d320e623bde ] Request (VolumesAssistedSnapshotsTest:setUpClass): 201 POST http://10.180.1.21/identity/v3/users 0.154s
2024-10-24 12:08:41.964 63164 INFO tempest.lib.common.rest_client [req-3cdeaf4f-ff20-4960-856b-76b81ca8956c req-3cdeaf4f-ff20-4960-856b-76b81ca8956c ] Request (InstanceUsageAuditLogNegativeTestJSON:setUpClass): 201 POST http://10.180.1.21/identity/v3/auth/tokens 0.147s
2024-10-24 12:08:41.971 63190 INFO tempest.lib.common.rest_client [req-b374d38c-3265-44cf-85ce-7e45957340c5 req-b374d38c-3265-44cf-85ce-7e45957340c5 ] Request (ServersAdmin275Test:setUpClass): 201 POST http://10.180.1.21/identity/v3/auth/tokens 0.144s
2024-10-24 12:08:41.980 63188 INFO tempest.lib.common.rest_client [req-d8851b4f-bc8e-4f6f-800e-19fb85d3de54 req-d8851b4f-bc8e-4f6f-800e-19fb85d3de54 ] Request (FlavorsAccessTestJSON:setUpClass): 201 POST http://10.180.1.21/identity/v3/projects 0.146s
2024-10-24 12:08:42.030 63186 INFO tempest.lib.common.rest_client [req-a48735ad-4d10-4066-b5fd-7f4c42ec5467 req-a48735ad-4d10-4066-b5fd-7f4c42ec5467 ] Request (ImagesNegativeTestJSON:setUpClass): 200 GET http://10.180.1.21/identity/v3/domains?name=Default 0.171s
2024-10-24 12:08:42.038 63180 INFO tempest.lib.common.rest_client [req-7bf1d4e6-bf7a-48f3-a139-35173bdbba17 req-7bf1d4e6-bf7a-48f3-a139-35173bdbba17 ] Request (ListImagesTestJSON:setUpClass): 201 POST http://10.180.1.21/identity/v3/auth/tokens 0.184s
2024-10-24 12:08:42.044 63158 INFO tempest.lib.common.rest_client [req-85a54212-0f3e-4513-b814-39222bea76f2 req-85a54212-0f3e-4513-b814-39222bea76f2 ] Request (ServerDiagnosticsNegativeTest:setUpClass): 204 PUT http://10.180.1.21/identity/v3/projects/885472ede2ff409c9a2f1e434c812fd3/users/7151f7b1aa7b4be69a0fda545fa32957/roles/70c8c899908b4e47b078dd06c45f6846 0.166s
2024-10-24 12:08:42.044 63158 INFO tempest.lib.common.dynamic_creds [-] Dynamic test user 7151f7b1aa7b4be69a0fda545fa32957 is created with scope project and roles: ['member']
2024-10-24 12:08:42.048 63158 INFO tempest.lib.common.dynamic_creds [-] Acquired dynamic creds: credentials: Credentials: {'domain_id': 'default', 'domain_name': 'Default', 'username': 'tempest-ServerDiagnosticsNegativeTest-582647436-project-member', 'project_domain_id': 'default', 'project_domain_name': 'Default', 'project_id': '885472ede2ff409c9a2f1e434c812fd3', 'project_name': 'tempest-ServerDiagnosticsNegativeTest-582647436', 'tenant_id': '885472ede2ff409c9a2f1e434c812fd3', 'tenant_name': 'tempest-ServerDiagnosticsNegativeTest-582647436', 'user_domain_id': 'default', 'user_domain_name': 'Default', 'user_id': '7151f7b1aa7b4be69a0fda545fa32957', 'system': None}, Network: None, Subnet: None, Router: None
2024-10-24 12:08:42.048 63158 INFO tempest.lib.common.dynamic_creds [-] Created isolated network resources for: credentials: Credentials: {'domain_id': 'default', 'domain_name': 'Default', 'username': 'tempest-ServerDiagnosticsNegativeTest-582647436-project-member', 'project_domain_id': 'default', 'project_domain_name': 'Default', 'project_id': '885472ede2ff409c9a2f1e434c812fd3', 'project_name': 'tempest-ServerDiagnosticsNegativeTest-582647436', 'tenant_id': '885472ede2ff409c9a2f1e434c812fd3', 'tenant_name': 'tempest-ServerDiagnosticsNegativeTest-582647436', 'user_domain_id': 'default', 'user_domain_name': 'Default', 'user_id': '7151f7b1aa7b4be69a0fda545fa32957', 'system': None}, Network: None, Subnet: None, Router: None
2024-10-24 12:08:42.098 63160 INFO tempest.lib.common.rest_client [req-64aa460a-88f7-4f77-a2ff-9d3332b9332a req-64aa460a-88f7-4f77-a2ff-9d3332b9332a ] Request (FlavorMetadataValidation:setUpClass): 201 POST http://10.180.1.21/identity/v3/auth/tokens 0.213s
2024-10-24 12:08:42.108 63178 INFO tempest.lib.common.rest_client [req-4426b351-5983-4460-8355-f3ca3e66a5ca req-4426b351-5983-4460-8355-f3ca3e66a5ca ] Request (AttachInterfacesUnderV243Test:setUpClass): 200 GET http://10.180.1.21/identity/v3/domains?name=Default 0.179s
2024-10-24 12:08:42.130 63164 INFO tempest.lib.common.rest_client [req-7e0d6a42-e590-47d8-a503-4184ad2af2bb req-7e0d6a42-e590-47d8-a503-4184ad2af2bb ] Request (InstanceUsageAuditLogNegativeTestJSON:setUpClass): 200 GET http://10.180.1.21/identity/v3/domains?name=Default 0.164s
2024-10-24 12:08:42.139 63206 INFO tempest.lib.common.rest_client [req-bc44506f-d77d-483d-bd05-620f746e5493 req-bc44506f-d77d-483d-bd05-620f746e5493 ] Request (VolumesAssistedSnapshotsTest:setUpClass): 200 GET http://10.180.1.21/identity/v3/roles 0.193s
2024-10-24 12:08:42.143 63156 INFO tempest.lib.common.rest_client [req-f705ea0e-74e4-4311-84d5-840ffb0896ac req-f705ea0e-74e4-4311-84d5-840ffb0896ac ] Request (FlavorsAccessNegativeTestJSON:setUpClass): 201 POST http://10.180.1.21/identity/v3/auth/tokens 0.254s
2024-10-24 12:08:42.162 63188 INFO tempest.lib.common.rest_client [req-1f710168-f35e-46b3-aade-bc06cc805519 req-1f710168-f35e-46b3-aade-bc06cc805519 ] Request (FlavorsAccessTestJSON:setUpClass): 201 POST http://10.180.1.21/identity/v3/users 0.181s
2024-10-24 12:08:42.171 63190 INFO tempest.lib.common.rest_client [req-baf1a219-1732-4ae9-bcd3-6dc0a46b7548 req-baf1a219-1732-4ae9-bcd3-6dc0a46b7548 ] Request (ServersAdmin275Test:setUpClass): 201 POST http://10.180.1.21/identity/v3/auth/tokens 0.185s
2024-10-24 12:08:42.183 63184 INFO tempest.lib.common.rest_client [req-9df35e54-315f-40d4-93ea-89d6c3932c2e req-9df35e54-315f-40d4-93ea-89d6c3932c2e ] Request (VolumesAdminNegativeTest:setUpClass): 201 POST http://10.180.1.21/identity/v3/auth/tokens 0.136s
2024-10-24 12:08:42.203 63186 INFO tempest.lib.common.rest_client [req-21ddd800-b2b4-44ef-9704-755cc98bce00 req-21ddd800-b2b4-44ef-9704-755cc98bce00 ] Request (ImagesNegativeTestJSON:setUpClass): 201 POST http://10.180.1.21/identity/v3/projects 0.131s
2024-10-24 12:08:42.242 63158 INFO tempest.lib.common.rest_client [req-f33bbd9c-5735-4e05-b7bd-c56cb02b7367 req-f33bbd9c-5735-4e05-b7bd-c56cb02b7367 ] Request (ServerDiagnosticsNegativeTest:setUpClass): 201 POST http://10.180.1.21/identity/v3/auth/tokens 0.183s
2024-10-24 12:08:42.282 63170 INFO tempest.lib.common.rest_client [req-351d0168-5888-41d4-b6c5-552613d70541 req-351d0168-5888-41d4-b6c5-552613d70541 ] Request (FlavorsAdminTestJSON:setUpClass): 201 POST http://10.180.1.21/identity/v3/auth/tokens 0.206s
2024-10-24 12:08:42.300 63166 INFO tempest.lib.common.rest_client [req-38aaa75a-63f4-4874-be12-0cad8ae66a06 req-38aaa75a-63f4-4874-be12-0cad8ae66a06 ] Request (QuotasAdminTestJSON:setUpClass): 201 POST http://10.180.1.21/identity/v3/auth/tokens 0.217s
2024-10-24 12:08:42.304 63180 INFO tempest.lib.common.rest_client [req-c2c87c8b-8093-4421-8829-80676550f408 req-c2c87c8b-8093-4421-8829-80676550f408 ] Request (ListImagesTestJSON:setUpClass): 201 POST http://10.180.1.21/identity/v3/auth/tokens 0.224s
2024-10-24 12:08:42.321 63160 INFO tempest.lib.common.rest_client [req-5518b373-4574-4c0f-9f8a-0d97996f3f6b req-5518b373-4574-4c0f-9f8a-0d97996f3f6b ] Request (FlavorMetadataValidation:setUpClass): 201 POST http://10.180.1.21/identity/v3/auth/tokens 0.191s
2024-10-24 12:08:42.327 63178 INFO tempest.lib.common.rest_client [req-1d159772-49f0-4c27-8255-9bb7f797c4b1 req-1d159772-49f0-4c27-8255-9bb7f797c4b1 ] Request (AttachInterfacesUnderV243Test:setUpClass): 201 POST http://10.180.1.21/identity/v3/projects 0.217s
2024-10-24 12:08:42.346 63206 INFO tempest.lib.common.rest_client [req-c31b6556-24ae-45f4-9fa8-0bc880bd0aad req-c31b6556-24ae-45f4-9fa8-0bc880bd0aad ] Request (VolumesAssistedSnapshotsTest:setUpClass): 204 PUT http://10.180.1.21/identity/v3/projects/57c073e6f15346bc8ca0d83b89bb167e/users/9fc6546d0209499c86b34b80e0ab1c50/roles/70c8c899908b4e47b078dd06c45f6846 0.206s
2024-10-24 12:08:42.347 63206 INFO tempest.lib.common.dynamic_creds [-] Dynamic test user 9fc6546d0209499c86b34b80e0ab1c50 is created with scope project and roles: ['member']
2024-10-24 12:08:42.347 63206 INFO tempest.lib.common.dynamic_creds [-] Acquired dynamic creds: credentials: Credentials: {'domain_id': 'default', 'domain_name': 'Default', 'username': 'tempest-VolumesAssistedSnapshotsTest-1322186147-project-member', 'project_domain_id': 'default', 'project_domain_name': 'Default', 'project_id': '57c073e6f15346bc8ca0d83b89bb167e', 'project_name': 'tempest-VolumesAssistedSnapshotsTest-1322186147', 'tenant_id': '57c073e6f15346bc8ca0d83b89bb167e', 'tenant_name': 'tempest-VolumesAssistedSnapshotsTest-1322186147', 'user_domain_id': 'default', 'user_domain_name': 'Default', 'user_id': '9fc6546d0209499c86b34b80e0ab1c50', 'system': None}, Network: None, Subnet: None, Router: None
2024-10-24 12:08:42.406 63188 INFO tempest.lib.common.rest_client [req-cf6b7339-bc54-490c-8802-511569f9ac2f req-cf6b7339-bc54-490c-8802-511569f9ac2f ] Request (FlavorsAccessTestJSON:setUpClass): 200 GET http://10.180.1.21/identity/v3/roles 0.243s
2024-10-24 12:08:42.421 63176 INFO tempest.test [-] raised in UpdateMultiattachVolumeNegativeTest.setUpClass. Invoking tearDownClass.
2024-10-24 12:08:42.425 63164 INFO tempest.lib.common.rest_client [req-a9fbbe7e-2fa4-4d12-b751-d9fdd435640c req-a9fbbe7e-2fa4-4d12-b751-d9fdd435640c ] Request (InstanceUsageAuditLogNegativeTestJSON:setUpClass): 201 POST http://10.180.1.21/identity/v3/projects 0.279s
2024-10-24 12:08:42.434 63156 INFO tempest.lib.common.rest_client [req-03b64b39-4c83-4296-957e-a7e42bda8d77 req-03b64b39-4c83-4296-957e-a7e42bda8d77 ] Request (FlavorsAccessNegativeTestJSON:setUpClass): 201 POST http://10.180.1.21/identity/v3/projects 0.282s
2024-10-24 12:08:42.491 63152 INFO tempest.lib.common.rest_client [req-5a2ee260-783d-4c5d-8d8d-42a3eb97f7c7 req-5a2ee260-783d-4c5d-8d8d-42a3eb97f7c7 ] Request (QuotaClassesAdminTestJSON:setUpClass): 201 POST http://10.180.1.21/identity/v3/auth/tokens 0.321s
2024-10-24 12:08:42.504 63190 INFO tempest.lib.common.rest_client [req-6118b258-3245-4010-8b2a-b578f1f16d5c req-6118b258-3245-4010-8b2a-b578f1f16d5c ] Request (ServersAdmin275Test:setUpClass): 200 GET http://10.180.1.21/identity/v3/domains?name=Default 0.330s
2024-10-24 12:08:42.515 63150 INFO tempest.lib.common.rest_client [req-88eba144-4817-47a8-84a1-2df98e116081 req-88eba144-4817-47a8-84a1-2df98e116081 ] Request (HostsAdminNegativeTestJSON:setUpClass): 201 POST http://10.180.1.21/identity/v3/auth/tokens 0.317s
2024-10-24 12:08:42.529 63184 INFO tempest.lib.common.rest_client [req-7f636993-ba60-40a5-bc69-9be7c717ea7e req-7f636993-ba60-40a5-bc69-9be7c717ea7e ] Request (VolumesAdminNegativeTest:setUpClass): 201 POST http://10.180.1.21/identity/v3/auth/tokens 0.329s
2024-10-24 12:08:42.544 63186 INFO tempest.lib.common.rest_client [req-45af9f0a-ba0c-42ef-9cca-28eca33cd167 req-45af9f0a-ba0c-42ef-9cca-28eca33cd167 ] Request (ImagesNegativeTestJSON:setUpClass): 201 POST http://10.180.1.21/identity/v3/users 0.340s
2024-10-24 12:08:42.569 63158 INFO tempest.lib.common.rest_client [req-1276b77c-abc8-4b5c-8515-c8f318805ef7 req-1276b77c-abc8-4b5c-8515-c8f318805ef7 ] Request (ServerDiagnosticsNegativeTest:setUpClass): 201 POST http://10.180.1.21/identity/v3/projects 0.326s
2024-10-24 12:08:42.572 63198 INFO tempest.lib.common.rest_client [req-3f9445a8-f821-4ef4-81a2-47088a96d1aa req-3f9445a8-f821-4ef4-81a2-47088a96d1aa ] Request (QuotasAdminNegativeTest:setUpClass): 201 POST http://10.180.1.21/identity/v3/auth/tokens 0.355s
2024-10-24 12:08:42.578 63180 INFO tempest.lib.common.rest_client [req-fb5e0cfa-83cc-4362-9005-d583f6be9499 req-fb5e0cfa-83cc-4362-9005-d583f6be9499 ] Request (ListImagesTestJSON:setUpClass): 200 GET http://10.180.1.21/identity/v3/domains?name=Default 0.273s
2024-10-24 12:08:42.619 63166 INFO tempest.lib.common.rest_client [req-e5ccd7a1-b5e3-4a8d-a010-9b69b88dd88f req-e5ccd7a1-b5e3-4a8d-a010-9b69b88dd88f ] Request (QuotasAdminTestJSON:setUpClass): 201 POST http://10.180.1.21/identity/v3/auth/tokens 0.306s
2024-10-24 12:08:42.628 63170 INFO tempest.lib.common.rest_client [req-106d9eda-5b2e-41a6-88ee-589c2c4024fa req-106d9eda-5b2e-41a6-88ee-589c2c4024fa ] Request (FlavorsAdminTestJSON:setUpClass): 201 POST http://10.180.1.21/identity/v3/auth/tokens 0.311s
2024-10-24 12:08:42.634 63160 INFO tempest.lib.common.rest_client [req-d2401aa3-dc1f-4ad8-aa8f-a5c855e9a57c req-d2401aa3-dc1f-4ad8-aa8f-a5c855e9a57c ] Request (FlavorMetadataValidation:setUpClass): 200 GET http://10.180.1.21/identity/v3/domains?name=Default 0.313s
2024-10-24 12:08:42.650 63204 INFO tempest.lib.common.rest_client [req-c264bb05-60bd-40e4-950b-56f3d7e2e7c2 req-c264bb05-60bd-40e4-950b-56f3d7e2e7c2 ] Request (HypervisorAdminV228Test:setUpClass): 201 POST http://10.180.1.21/identity/v3/auth/tokens 0.323s
2024-10-24 12:08:42.657 63178 INFO tempest.lib.common.rest_client [req-f5b8a907-6151-4a49-9d40-ae3b805d8934 req-f5b8a907-6151-4a49-9d40-ae3b805d8934 ] Request (AttachInterfacesUnderV243Test:setUpClass): 201 POST http://10.180.1.21/identity/v3/users 0.326s
2024-10-24 12:08:42.671 63206 INFO tempest.lib.common.rest_client [req-f9bc2b1e-c1e6-4249-a024-3fd65d0531fc req-f9bc2b1e-c1e6-4249-a024-3fd65d0531fc ] Request (VolumesAssistedSnapshotsTest:setUpClass): 201 POST http://10.180.1.21/identity/v3/auth/tokens 0.323s
2024-10-24 12:08:42.681 63168 INFO tempest.lib.common.rest_client [req-71901896-9964-4e2b-b847-7c8c6b37264a req-71901896-9964-4e2b-b847-7c8c6b37264a ] Request (AggregatesAdminNegativeTestJSON:setUpClass): 201 POST http://10.180.1.21/identity/v3/auth/tokens 0.318s
2024-10-24 12:08:42.690 63172 INFO tempest.lib.common.rest_client [req-cb636e4c-5a49-4a11-b78a-c8c8c08aa5f0 req-cb636e4c-5a49-4a11-b78a-c8c8c08aa5f0 ] Request (InstanceUsageAuditLogTestJSON:setUpClass): 201 POST http://10.180.1.21/identity/v3/auth/tokens 0.318s
2024-10-24 12:08:42.704 63188 INFO tempest.lib.common.rest_client [req-1c0111a5-aef6-4d21-bddd-119dd2ad6832 req-1c0111a5-aef6-4d21-bddd-119dd2ad6832 ] Request (FlavorsAccessTestJSON:setUpClass): 204 PUT http://10.180.1.21/identity/v3/projects/3f70e3b5ee7843628aa82dcca23bd2d0/users/c7d8ca50bb8f45bd94d0270387114bc2/roles/70c8c899908b4e47b078dd06c45f6846 0.298s
2024-10-24 12:08:42.704 63188 INFO tempest.lib.common.dynamic_creds [-] Dynamic test user c7d8ca50bb8f45bd94d0270387114bc2 is created with scope project and roles: ['member']
2024-10-24 12:08:42.705 63188 INFO tempest.lib.common.dynamic_creds [-] Acquired dynamic creds: credentials: Credentials: {'domain_id': 'default', 'domain_name': 'Default', 'username': 'tempest-FlavorsAccessTestJSON-1824876504-project-member', 'project_domain_id': 'default', 'project_domain_name': 'Default', 'project_id': '3f70e3b5ee7843628aa82dcca23bd2d0', 'project_name': 'tempest-FlavorsAccessTestJSON-1824876504', 'tenant_id': '3f70e3b5ee7843628aa82dcca23bd2d0', 'tenant_name': 'tempest-FlavorsAccessTestJSON-1824876504', 'user_domain_id': 'default', 'user_domain_name': 'Default', 'user_id': 'c7d8ca50bb8f45bd94d0270387114bc2', 'system': None}, Network: None, Subnet: None, Router: None
2024-10-24 12:08:42.705 63188 INFO tempest.lib.common.dynamic_creds [-] Created isolated network resources for: credentials: Credentials: {'domain_id': 'default', 'domain_name': 'Default', 'username': 'tempest-FlavorsAccessTestJSON-1824876504-project-member', 'project_domain_id': 'default', 'project_domain_name': 'Default', 'project_id': '3f70e3b5ee7843628aa82dcca23bd2d0', 'project_name': 'tempest-FlavorsAccessTestJSON-1824876504', 'tenant_id': '3f70e3b5ee7843628aa82dcca23bd2d0', 'tenant_name': 'tempest-FlavorsAccessTestJSON-1824876504', 'user_domain_id': 'default', 'user_domain_name': 'Default', 'user_id': 'c7d8ca50bb8f45bd94d0270387114bc2', 'system': None}, Network: None, Subnet: None, Router: None
2024-10-24 12:08:42.737 63174 INFO tempest.lib.common.rest_client [req-9c3201cc-d60a-431d-9d4e-12de14516e69 req-9c3201cc-d60a-431d-9d4e-12de14516e69 ] Request (ServerDiagnosticsV248Test:setUpClass): 201 POST http://10.180.1.21/identity/v3/auth/tokens 0.323s
2024-10-24 12:08:42.757 63164 INFO tempest.lib.common.rest_client [req-e0ce8db0-1967-471e-bac7-4f6ba281e281 req-e0ce8db0-1967-471e-bac7-4f6ba281e281 ] Request (InstanceUsageAuditLogNegativeTestJSON:setUpClass): 201 POST http://10.180.1.21/identity/v3/users 0.331s
2024-10-24 12:08:42.757 63156 INFO tempest.lib.common.rest_client [req-fd167488-f0eb-474c-8462-c1306679de20 req-fd167488-f0eb-474c-8462-c1306679de20 ] Request (FlavorsAccessNegativeTestJSON:setUpClass): 201 POST http://10.180.1.21/identity/v3/users 0.323s
2024-10-24 12:08:42.779 63176 INFO tempest.lib.common.rest_client [req-29136606-6353-461c-9975-74e2c82beef9 req-29136606-6353-461c-9975-74e2c82beef9 ] Request (ImagesOneServerNegativeTestJSON:setUpClass): 201 POST http://10.180.1.21/identity/v3/auth/tokens 0.336s
2024-10-24 12:08:42.779 63162 INFO tempest.lib.common.rest_client [req-4cd09a2b-0137-4d81-8bed-65e38600f42f req-4cd09a2b-0137-4d81-8bed-65e38600f42f ] Request (ServersWithSpecificFlavorTestJSON:setUpClass): 201 POST http://10.180.1.21/identity/v3/auth/tokens 0.340s
2024-10-24 12:08:42.798 63182 INFO tempest.lib.common.rest_client [req-f91d084b-132c-43ec-ae5b-d28a5385c73d req-f91d084b-132c-43ec-ae5b-d28a5385c73d ] Request (AZAdminNegativeTestJSON:setUpClass): 201 POST http://10.180.1.21/identity/v3/auth/tokens 0.339s
2024-10-24 12:08:42.800 63212 INFO tempest.lib.common.rest_client [req-407d50e8-7668-4393-8795-93f17a1f83a1 req-407d50e8-7668-4393-8795-93f17a1f83a1 ] Request (HypervisorAdminTestJSON:setUpClass): 201 POST http://10.180.1.21/identity/v3/auth/tokens 0.342s
2024-10-24 12:08:42.824 63210 INFO tempest.lib.common.rest_client [req-016c8375-71b3-4199-904d-3ddcbab4cb71 req-016c8375-71b3-4199-904d-3ddcbab4cb71 ] Request (FlavorsExtraSpecsTestJSON:setUpClass): 201 POST http://10.180.1.21/identity/v3/auth/tokens 0.365s
2024-10-24 12:08:42.826 63208 INFO tempest.lib.common.rest_client [req-03a85bc5-be2d-43b0-979b-09b43bc0bf90 req-03a85bc5-be2d-43b0-979b-09b43bc0bf90 ] Request (AZAdminV2TestJSON:setUpClass): 201 POST http://10.180.1.21/identity/v3/auth/tokens 0.354s
2024-10-24 12:08:42.835 63202 INFO tempest.lib.common.rest_client [req-8b2cce07-9b56-432d-8b5b-792389df69a0 req-8b2cce07-9b56-432d-8b5b-792389df69a0 ] Request (ServerActionsV293TestJSON:setUpClass): 201 POST http://10.180.1.21:9696/networking/v2.0/routers 1.007s
2024-10-24 12:08:42.849 63154 INFO tempest.lib.common.rest_client [req-2ccf87fb-4ddb-41f3-b590-3b6e1dd79d9a req-2ccf87fb-4ddb-41f3-b590-3b6e1dd79d9a ] Request (FlavorsV261TestJSON:setUpClass): 201 POST http://10.180.1.21/identity/v3/auth/tokens 0.355s
2024-10-24 12:08:42.849 63192 INFO tempest.lib.common.rest_client [req-6cbcdc65-55ec-4fa8-8e8e-75dfad5b3074 req-6cbcdc65-55ec-4fa8-8e8e-75dfad5b3074 ] Request (FlavorsExtraSpecsNegativeTestJSON:setUpClass): 201 POST http://10.180.1.21/identity/v3/auth/tokens 0.346s
2024-10-24 12:08:42.871 63152 INFO tempest.lib.common.rest_client [req-eb30ce80-742f-49cc-9d6e-986d611a4382 req-eb30ce80-742f-49cc-9d6e-986d611a4382 ] Request (QuotaClassesAdminTestJSON:setUpClass): 201 POST http://10.180.1.21/identity/v3/auth/tokens 0.353s
2024-10-24 12:08:42.877 63190 INFO tempest.lib.common.rest_client [req-2b9e1b86-255a-46fd-8053-19d9ff3ba5bd req-2b9e1b86-255a-46fd-8053-19d9ff3ba5bd ] Request (ServersAdmin275Test:setUpClass): 201 POST http://10.180.1.21/identity/v3/projects 0.360s
2024-10-24 12:08:42.925 63184 INFO tempest.lib.common.rest_client [req-d5aa88b2-0db5-49f0-bf83-e6003df45a71 req-d5aa88b2-0db5-49f0-bf83-e6003df45a71 ] Request (VolumesAdminNegativeTest:setUpClass): 200 GET http://10.180.1.21/identity/v3/domains?name=Default 0.395s
2024-10-24 12:08:42.926 63150 INFO tempest.lib.common.rest_client [req-58769627-8c41-44b4-8cc6-8ab950d770f8 req-58769627-8c41-44b4-8cc6-8ab950d770f8 ] Request (HostsAdminNegativeTestJSON:setUpClass): 201 POST http://10.180.1.21/identity/v3/auth/tokens 0.405s
2024-10-24 12:08:42.938 63186 INFO tempest.lib.common.rest_client [req-488be594-05c1-435d-904a-0e509aff8a36 req-488be594-05c1-435d-904a-0e509aff8a36 ] Request (ImagesNegativeTestJSON:setUpClass): 200 GET http://10.180.1.21/identity/v3/roles 0.394s
2024-10-24 12:08:42.946 63197 INFO tempest.lib.common.rest_client [req-63ace466-982f-4a49-a16b-01c2d166bc25 req-63ace466-982f-4a49-a16b-01c2d166bc25 ] Request (FlavorsV2NegativeTest:setUpClass): 201 POST http://10.180.1.21/identity/v3/auth/tokens 0.400s
2024-10-24 12:08:42.962 63198 INFO tempest.lib.common.rest_client [req-361afdd6-7dcc-49de-a654-484562592aef req-361afdd6-7dcc-49de-a654-484562592aef ] Request (QuotasAdminNegativeTest:setUpClass): 201 POST http://10.180.1.21/identity/v3/auth/tokens 0.384s
2024-10-24 12:08:42.964 63158 INFO tempest.lib.common.rest_client [req-fa1f3d6e-cede-43fb-a92e-4d05f6eda7c6 req-fa1f3d6e-cede-43fb-a92e-4d05f6eda7c6 ] Request (ServerDiagnosticsNegativeTest:setUpClass): 201 POST http://10.180.1.21/identity/v3/users 0.394s
2024-10-24 12:08:42.986 63180 INFO tempest.lib.common.rest_client [req-c82382d0-a279-406e-a46c-7456793c2376 req-c82382d0-a279-406e-a46c-7456793c2376 ] Request (ListImagesTestJSON:setUpClass): 201 POST http://10.180.1.21/identity/v3/projects 0.405s
2024-10-24 12:08:42.986 63194 INFO tempest.lib.common.rest_client [req-b34f52e4-7e45-4a3a-bf8f-ea0335f8381c req-b34f52e4-7e45-4a3a-bf8f-ea0335f8381c ] Request (HostsAdminTestJSON:setUpClass): 201 POST http://10.180.1.21/identity/v3/auth/tokens 0.379s
2024-10-24 12:08:43.026 63166 INFO tempest.lib.common.rest_client [req-a8b24b65-331d-4daa-bc26-6a3de85fd382 req-a8b24b65-331d-4daa-bc26-6a3de85fd382 ] Request (QuotasAdminTestJSON:setUpClass): 200 GET http://10.180.1.21/identity/v3/domains?name=Default 0.406s
2024-10-24 12:08:43.032 63200 INFO tempest.lib.common.rest_client [req-38b93f9f-91cc-4d60-92f9-7ff8eeb7133d req-38b93f9f-91cc-4d60-92f9-7ff8eeb7133d ] Request (HypervisorAdminUnderV252Test:setUpClass): 201 POST http://10.180.1.21/identity/v3/auth/tokens 0.408s
2024-10-24 12:08:43.042 63170 INFO tempest.lib.common.rest_client [req-0bda7d55-2963-4100-8130-4780821d9bf2 req-0bda7d55-2963-4100-8130-4780821d9bf2 ] Request (FlavorsAdminTestJSON:setUpClass): 200 GET http://10.180.1.21/identity/v3/domains?name=Default 0.413s
2024-10-24 12:08:43.054 63160 INFO tempest.lib.common.rest_client [req-d4a9d0cf-8c4b-47de-9edb-7e5fc9f8b24a req-d4a9d0cf-8c4b-47de-9edb-7e5fc9f8b24a ] Request (FlavorMetadataValidation:setUpClass): 201 POST http://10.180.1.21/identity/v3/projects 0.417s
2024-10-24 12:08:43.093 63204 INFO tempest.lib.common.rest_client [req-7567729a-b227-4a24-a19d-a4d3f3e68aa6 req-7567729a-b227-4a24-a19d-a4d3f3e68aa6 ] Request (HypervisorAdminV228Test:setUpClass): 201 POST http://10.180.1.21/identity/v3/auth/tokens 0.438s
2024-10-24 12:08:43.093 63178 INFO tempest.lib.common.rest_client [req-2e49a00d-4f15-496e-8881-d6fc18df4d9c req-2e49a00d-4f15-496e-8881-d6fc18df4d9c ] Request (AttachInterfacesUnderV243Test:setUpClass): 200 GET http://10.180.1.21/identity/v3/roles 0.435s
2024-10-24 12:08:43.116 63168 INFO tempest.lib.common.rest_client [req-b067373a-cd8b-4f17-850e-ae86dcd1a632 req-b067373a-cd8b-4f17-850e-ae86dcd1a632 ] Request (AggregatesAdminNegativeTestJSON:setUpClass): 201 POST http://10.180.1.21/identity/v3/auth/tokens 0.429s
2024-10-24 12:08:43.137 63172 INFO tempest.lib.common.rest_client [req-bd23f0fa-c162-49b5-abf3-a4e5da190bb0 req-bd23f0fa-c162-49b5-abf3-a4e5da190bb0 ] Request (InstanceUsageAuditLogTestJSON:setUpClass): 201 POST http://10.180.1.21/identity/v3/auth/tokens 0.442s
2024-10-24 12:08:43.160 63174 INFO tempest.lib.common.rest_client [req-22dfc7c1-42e0-4a57-b16f-ad3f6fc0bda2 req-22dfc7c1-42e0-4a57-b16f-ad3f6fc0bda2 ] Request (ServerDiagnosticsV248Test:setUpClass): 201 POST http://10.180.1.21/identity/v3/auth/tokens 0.419s
2024-10-24 12:08:43.174 63156 INFO tempest.lib.common.rest_client [req-3e2da0c9-9ef8-4646-b954-9697c020365d req-3e2da0c9-9ef8-4646-b954-9697c020365d ] Request (FlavorsAccessNegativeTestJSON:setUpClass): 200 GET http://10.180.1.21/identity/v3/roles 0.417s
2024-10-24 12:08:43.187 63164 INFO tempest.lib.common.rest_client [req-d8cecbce-e7ae-48db-ba69-b7d90d1dc781 req-d8cecbce-e7ae-48db-ba69-b7d90d1dc781 ] Request (InstanceUsageAuditLogNegativeTestJSON:setUpClass): 200 GET http://10.180.1.21/identity/v3/roles 0.429s
2024-10-24 12:08:43.199 63188 INFO tempest.lib.common.rest_client [req-ba0c5cec-98cf-4836-9fc2-9c84685f38ae req-ba0c5cec-98cf-4836-9fc2-9c84685f38ae ] Request (FlavorsAccessTestJSON:setUpClass): 201 POST http://10.180.1.21/identity/v3/auth/tokens 0.491s
2024-10-24 12:08:43.210 63176 INFO tempest.lib.common.rest_client [req-299d69ba-e5f8-45a8-8bf1-dad72de8c4a2 req-299d69ba-e5f8-45a8-8bf1-dad72de8c4a2 ] Request (ImagesOneServerNegativeTestJSON:setUpClass): 201 POST http://10.180.1.21/identity/v3/auth/tokens 0.429s
2024-10-24 12:08:43.225 63162 INFO tempest.lib.common.rest_client [req-5f0d14bf-1075-45ed-a4f1-cbd4550f4de0 req-5f0d14bf-1075-45ed-a4f1-cbd4550f4de0 ] Request (ServersWithSpecificFlavorTestJSON:setUpClass): 201 POST http://10.180.1.21/identity/v3/auth/tokens 0.441s
2024-10-24 12:08:43.235 63182 INFO tempest.lib.common.rest_client [req-bcf010eb-42bf-4dea-bc4f-c3e37152bd01 req-bcf010eb-42bf-4dea-bc4f-c3e37152bd01 ] Request (AZAdminNegativeTestJSON:setUpClass): 201 POST http://10.180.1.21/identity/v3/auth/tokens 0.432s
2024-10-24 12:08:43.248 63212 INFO tempest.lib.common.rest_client [req-becc4a52-1415-4258-8caf-7ced0898fdc0 req-becc4a52-1415-4258-8caf-7ced0898fdc0 ] Request (HypervisorAdminTestJSON:setUpClass): 201 POST http://10.180.1.21/identity/v3/auth/tokens 0.444s
2024-10-24 12:08:43.262 63210 INFO tempest.lib.common.rest_client [req-f47519f1-2402-45dd-a53a-4c51d7a09c71 req-f47519f1-2402-45dd-a53a-4c51d7a09c71 ] Request (FlavorsExtraSpecsTestJSON:setUpClass): 201 POST http://10.180.1.21/identity/v3/auth/tokens 0.432s
2024-10-24 12:08:43.272 63208 INFO tempest.lib.common.rest_client [req-7c29a97c-ec13-4fa2-99b2-9b2b2629cc10 req-7c29a97c-ec13-4fa2-99b2-9b2b2629cc10 ] Request (AZAdminV2TestJSON:setUpClass): 201 POST http://10.180.1.21/identity/v3/auth/tokens 0.437s
2024-10-24 12:08:43.285 63192 INFO tempest.lib.common.rest_client [req-027309ff-0515-45ac-a05b-afd3ed866b4b req-027309ff-0515-45ac-a05b-afd3ed866b4b ] Request (FlavorsExtraSpecsNegativeTestJSON:setUpClass): 201 POST http://10.180.1.21/identity/v3/auth/tokens 0.432s
2024-10-24 12:08:43.292 63154 INFO tempest.lib.common.rest_client [req-a2a2d163-3547-4153-9918-807ffe4131a0 req-a2a2d163-3547-4153-9918-807ffe4131a0 ] Request (FlavorsV261TestJSON:setUpClass): 201 POST http://10.180.1.21/identity/v3/auth/tokens 0.438s
2024-10-24 12:08:43.305 63152 INFO tempest.lib.common.rest_client [req-411ce820-7577-468f-b9aa-0dbd458872fe req-411ce820-7577-468f-b9aa-0dbd458872fe ] Request (QuotaClassesAdminTestJSON:setUpClass): 200 GET http://10.180.1.21/identity/v3/domains?name=Default 0.433s
2024-10-24 12:08:43.319 63190 INFO tempest.lib.common.rest_client [req-e01c4744-fcb5-4312-ab74-384757340604 req-e01c4744-fcb5-4312-ab74-384757340604 ] Request (ServersAdmin275Test:setUpClass): 201 POST http://10.180.1.21/identity/v3/users 0.441s
2024-10-24 12:08:43.324 63150 INFO tempest.lib.common.rest_client [req-a05aad12-1594-4c0d-a9f4-fdf099d6692d req-a05aad12-1594-4c0d-a9f4-fdf099d6692d ] Request (HostsAdminNegativeTestJSON:setUpClass): 200 GET http://10.180.1.21/identity/v3/domains?name=Default 0.397s
2024-10-24 12:08:43.330 63206 INFO tempest.lib.common.rest_client [req-d617ee4e-9bc3-4c8b-a6da-529cb919f9bf req-d617ee4e-9bc3-4c8b-a6da-529cb919f9bf ] Request (VolumesAssistedSnapshotsTest:setUpClass): 201 POST http://10.180.1.21:9696/networking/v2.0/networks 0.659s
2024-10-24 12:08:43.351 63184 INFO tempest.lib.common.rest_client [req-731eed6e-c37a-4fb7-9353-4a9dfc289551 req-731eed6e-c37a-4fb7-9353-4a9dfc289551 ] Request (VolumesAdminNegativeTest:setUpClass): 201 POST http://10.180.1.21/identity/v3/projects 0.423s
2024-10-24 12:08:43.352 63186 INFO tempest.lib.common.rest_client [req-d450f4f6-00ab-41cc-afa3-6372955558db req-d450f4f6-00ab-41cc-afa3-6372955558db ] Request (ImagesNegativeTestJSON:setUpClass): 204 PUT http://10.180.1.21/identity/v3/projects/8661754805184e2abf74c6fb8b54fe5a/users/93ae51875f3949cc8be30c571a55e36a/roles/70c8c899908b4e47b078dd06c45f6846 0.413s
2024-10-24 12:08:43.352 63186 INFO tempest.lib.common.dynamic_creds [-] Dynamic test user 93ae51875f3949cc8be30c571a55e36a is created with scope project and roles: ['member']
2024-10-24 12:08:43.352 63186 INFO tempest.lib.common.dynamic_creds [-] Acquired dynamic creds: credentials: Credentials: {'domain_id': 'default', 'domain_name': 'Default', 'username': 'tempest-ImagesNegativeTestJSON-214482843-project-member', 'project_domain_id': 'default', 'project_domain_name': 'Default', 'project_id': '8661754805184e2abf74c6fb8b54fe5a', 'project_name': 'tempest-ImagesNegativeTestJSON-214482843', 'tenant_id': '8661754805184e2abf74c6fb8b54fe5a', 'tenant_name': 'tempest-ImagesNegativeTestJSON-214482843', 'user_domain_id': 'default', 'user_domain_name': 'Default', 'user_id': '93ae51875f3949cc8be30c571a55e36a', 'system': None}, Network: None, Subnet: None, Router: None
2024-10-24 12:08:43.403 63198 INFO tempest.lib.common.rest_client [req-eb4bf6ab-b847-4bb9-8c5c-643a2113feb2 req-eb4bf6ab-b847-4bb9-8c5c-643a2113feb2 ] Request (QuotasAdminNegativeTest:setUpClass): 200 GET http://10.180.1.21/identity/v3/domains?name=Default 0.440s
2024-10-24 12:08:43.405 63197 INFO tempest.lib.common.rest_client [req-1d6a1612-39db-43df-bf32-780f564df07d req-1d6a1612-39db-43df-bf32-780f564df07d ] Request (FlavorsV2NegativeTest:setUpClass): 201 POST http://10.180.1.21/identity/v3/auth/tokens 0.454s
2024-10-24 12:08:43.425 63158 INFO tempest.lib.common.rest_client [req-0936fad0-e471-48c6-9464-b16a445737e4 req-0936fad0-e471-48c6-9464-b16a445737e4 ] Request (ServerDiagnosticsNegativeTest:setUpClass): 200 GET http://10.180.1.21/identity/v3/roles 0.461s
2024-10-24 12:08:43.431 63180 INFO tempest.lib.common.rest_client [req-8b7509fe-c665-424b-8a0d-681ba1407699 req-8b7509fe-c665-424b-8a0d-681ba1407699 ] Request (ListImagesTestJSON:setUpClass): 201 POST http://10.180.1.21/identity/v3/users 0.444s
2024-10-24 12:08:43.452 63194 INFO tempest.lib.common.rest_client [req-5be0d9ec-3cf3-4709-a1e5-d27433e372a6 req-5be0d9ec-3cf3-4709-a1e5-d27433e372a6 ] Request (HostsAdminTestJSON:setUpClass): 201 POST http://10.180.1.21/identity/v3/auth/tokens 0.462s
2024-10-24 12:08:43.462 63166 INFO tempest.lib.common.rest_client [req-68f92a5c-86d3-4224-9c0a-7beb9fb35ac3 req-68f92a5c-86d3-4224-9c0a-7beb9fb35ac3 ] Request (QuotasAdminTestJSON:setUpClass): 201 POST http://10.180.1.21/identity/v3/projects 0.433s
2024-10-24 12:08:43.484 63206 INFO tempest.lib.common.rest_client [req-d6b6a664-654f-4437-883e-960cfc62bf17 req-d6b6a664-654f-4437-883e-960cfc62bf17 ] Request (VolumesAssistedSnapshotsTest:setUpClass): 201 POST http://10.180.1.21:9696/networking/v2.0/subnets 0.153s
2024-10-24 12:08:43.511 63200 INFO tempest.lib.common.rest_client [req-07e6746a-fa6a-4058-9d1e-9a09a4e5d911 req-07e6746a-fa6a-4058-9d1e-9a09a4e5d911 ] Request (HypervisorAdminUnderV252Test:setUpClass): 201 POST http://10.180.1.21/identity/v3/auth/tokens 0.475s
2024-10-24 12:08:43.518 63170 INFO tempest.lib.common.rest_client [req-6e49498b-1dda-41dc-a22d-6b0e94f98fa0 req-6e49498b-1dda-41dc-a22d-6b0e94f98fa0 ] Request (FlavorsAdminTestJSON:setUpClass): 201 POST http://10.180.1.21/identity/v3/projects 0.474s
2024-10-24 12:08:43.530 63160 INFO tempest.lib.common.rest_client [req-8e35db1a-269b-427d-9e2a-2477f828121e req-8e35db1a-269b-427d-9e2a-2477f828121e ] Request (FlavorMetadataValidation:setUpClass): 201 POST http://10.180.1.21/identity/v3/users 0.476s
2024-10-24 12:08:43.574 63178 INFO tempest.lib.common.rest_client [req-3f007415-eb55-463f-b641-d35bccf48891 req-3f007415-eb55-463f-b641-d35bccf48891 ] Request (AttachInterfacesUnderV243Test:setUpClass): 204 PUT http://10.180.1.21/identity/v3/projects/42f0d7b082f0488bb6cf4e4599e20c92/users/5aa76264662243279f141cf4074b09ca/roles/70c8c899908b4e47b078dd06c45f6846 0.480s
2024-10-24 12:08:43.574 63178 INFO tempest.lib.common.dynamic_creds [-] Dynamic test user 5aa76264662243279f141cf4074b09ca is created with scope project and roles: ['member']
2024-10-24 12:08:43.574 63178 INFO tempest.lib.common.dynamic_creds [-] Acquired dynamic creds: credentials: Credentials: {'domain_id': 'default', 'domain_name': 'Default', 'username': 'tempest-AttachInterfacesUnderV243Test-1462606334-project-member', 'project_domain_id': 'default', 'project_domain_name': 'Default', 'project_id': '42f0d7b082f0488bb6cf4e4599e20c92', 'project_name': 'tempest-AttachInterfacesUnderV243Test-1462606334', 'tenant_id': '42f0d7b082f0488bb6cf4e4599e20c92', 'tenant_name': 'tempest-AttachInterfacesUnderV243Test-1462606334', 'user_domain_id': 'default', 'user_domain_name': 'Default', 'user_id': '5aa76264662243279f141cf4074b09ca', 'system': None}, Network: None, Subnet: None, Router: None
2024-10-24 12:08:43.584 63204 INFO tempest.lib.common.rest_client [req-d7bbd882-f8d1-44f0-bff4-2c53f630dda9 req-d7bbd882-f8d1-44f0-bff4-2c53f630dda9 ] Request (HypervisorAdminV228Test:setUpClass): 200 GET http://10.180.1.21/identity/v3/domains?name=Default 0.490s
2024-10-24 12:08:43.621 63168 INFO tempest.lib.common.rest_client [req-c9307740-cfd2-4c3c-9d33-e343bdbe22a4 req-c9307740-cfd2-4c3c-9d33-e343bdbe22a4 ] Request (AggregatesAdminNegativeTestJSON:setUpClass): 200 GET http://10.180.1.21/identity/v3/domains?name=Default 0.504s
2024-10-24 12:08:43.634 63172 INFO tempest.lib.common.rest_client [req-9f3c308b-9313-4a37-b02a-d2a721c79003 req-9f3c308b-9313-4a37-b02a-d2a721c79003 ] Request (InstanceUsageAuditLogTestJSON:setUpClass): 200 GET http://10.180.1.21/identity/v3/domains?name=Default 0.496s
2024-10-24 12:08:43.636 63174 INFO tempest.lib.common.rest_client [req-1d22a3c1-ba79-45e3-9be0-b853f311959a req-1d22a3c1-ba79-45e3-9be0-b853f311959a ] Request (ServerDiagnosticsV248Test:setUpClass): 200 GET http://10.180.1.21/identity/v3/domains?name=Default 0.475s
2024-10-24 12:08:43.645 63202 INFO tempest.lib.common.rest_client [req-4901cc68-8040-4e85-8ee2-38e7f32fb494 req-4901cc68-8040-4e85-8ee2-38e7f32fb494 ] Request (ServerActionsV293TestJSON:setUpClass): 200 PUT http://10.180.1.21:9696/networking/v2.0/routers/8c463b87-e388-4a8d-aefa-3d27c3aa9985/add_router_interface 0.809s
2024-10-24 12:08:43.645 63202 INFO tempest.lib.common.dynamic_creds [-] Created isolated network resources for: credentials: Credentials: {'domain_id': 'default', 'domain_name': 'Default', 'username': 'tempest-ServerActionsV293TestJSON-1140230643-project-member', 'project_domain_id': 'default', 'project_domain_name': 'Default', 'project_id': 'c08bc55c33c3464eae078eaef8b0f8bf', 'project_name': 'tempest-ServerActionsV293TestJSON-1140230643', 'tenant_id': 'c08bc55c33c3464eae078eaef8b0f8bf', 'tenant_name': 'tempest-ServerActionsV293TestJSON-1140230643', 'user_domain_id': 'default', 'user_domain_name': 'Default', 'user_id': 'c1b78520da3e4766b11a2bb58f7835b5', 'system': None}, Network: {'id': '4ac2fb20-5a32-4f9d-837e-fef4058c11b2', 'name': 'tempest-ServerActionsV293TestJSON-787108649-network', 'tenant_id': 'c08bc55c33c3464eae078eaef8b0f8bf', 'admin_state_up': True, 'mtu': 8950, 'status': 'ACTIVE', 'subnets': [], 'shared': False, 'project_id': 'c08bc55c33c3464eae078eaef8b0f8bf', 'port_security_enabled': True, 'router:external': False, 'provider:network_type': 'vlan', 'provider:physical_network': 'default', 'provider:segmentation_id': 119, 'is_default': False, 'availability_zone_hints': [], 'availability_zones': [], 'ipv4_address_scope': None, 'ipv6_address_scope': None, 'description': '', 'tags': [], 'created_at': '2024-10-24T12:08:41Z', 'updated_at': '2024-10-24T12:08:41Z', 'revision_number': 1}, Subnet: {'id': 'd8a88aa1-d555-4d1d-89bc-2a89e09074eb', 'name': 'tempest-ServerActionsV293TestJSON-787108649-subnet', 'tenant_id': 'c08bc55c33c3464eae078eaef8b0f8bf', 'network_id': '4ac2fb20-5a32-4f9d-837e-fef4058c11b2', 'ip_version': 4, 'subnetpool_id': None, 'enable_dhcp': True, 'ipv6_ra_mode': None, 'ipv6_address_mode': None, 'gateway_ip': '192.168.128.1', 'cidr': '192.168.128.0/28', 'allocation_pools': [{'start': '192.168.128.2', 'end': '192.168.128.14'}], 'host_routes': [], 'dns_nameservers': [], 'description': '', 'router:external': False, 'service_types': [], 'tags': [], 'created_at': '2024-10-24T12:08:41Z', 'updated_at': '2024-10-24T12:08:41Z', 'revision_number': 0, 'project_id': 'c08bc55c33c3464eae078eaef8b0f8bf'}, Router: {'id': '8c463b87-e388-4a8d-aefa-3d27c3aa9985', 'name': 'tempest-ServerActionsV293TestJSON-787108649-router', 'tenant_id': 'c08bc55c33c3464eae078eaef8b0f8bf', 'admin_state_up': True, 'status': 'ACTIVE', 'external_gateway_info': {'network_id': '611d0f1a-744c-400c-a15b-5738b29c4f6d', 'external_fixed_ips': [{'subnet_id': '15af82cb-1f59-4758-9f71-cd7cd1e30a5f', 'ip_address': '10.180.180.129'}], 'enable_snat': True}, 'description': '', 'availability_zones': [], 'distributed': False, 'ha': False, 'availability_zone_hints': [], 'routes': [], 'flavor_id': None, 'tags': [], 'created_at': '2024-10-24T12:08:41Z', 'updated_at': '2024-10-24T12:08:42Z', 'revision_number': 2, 'project_id': 'c08bc55c33c3464eae078eaef8b0f8bf'}
2024-10-24 12:08:43.657 63164 INFO tempest.lib.common.rest_client [req-180a0f42-5ef1-45e1-8baf-fa37cc279ec3 req-180a0f42-5ef1-45e1-8baf-fa37cc279ec3 ] Request (InstanceUsageAuditLogNegativeTestJSON:setUpClass): 204 PUT http://10.180.1.21/identity/v3/projects/296658644122438aa344c7d1a23c47dc/users/e35e7ffbf2564f91900cb7c555e89cc8/roles/70c8c899908b4e47b078dd06c45f6846 0.470s
2024-10-24 12:08:43.657 63164 INFO tempest.lib.common.dynamic_creds [-] Dynamic test user e35e7ffbf2564f91900cb7c555e89cc8 is created with scope project and roles: ['member']
2024-10-24 12:08:43.657 63156 INFO tempest.lib.common.rest_client [req-b19deef9-f756-4cc3-a502-5d3f374254fa req-b19deef9-f756-4cc3-a502-5d3f374254fa ] Request (FlavorsAccessNegativeTestJSON:setUpClass): 204 PUT http://10.180.1.21/identity/v3/projects/1247d5767382473e8556e27823726641/users/5541c2c8ff334dd589ef54f6621a7370/roles/2176bb1050644aa0a0c53be75a01dd1f 0.482s
2024-10-24 12:08:43.658 63164 INFO tempest.lib.common.dynamic_creds [-] Acquired dynamic creds: credentials: Credentials: {'domain_id': 'default', 'domain_name': 'Default', 'username': 'tempest-InstanceUsageAuditLogNegativeTestJSON-1624850032-project-member', 'project_domain_id': 'default', 'project_domain_name': 'Default', 'project_id': '296658644122438aa344c7d1a23c47dc', 'project_name': 'tempest-InstanceUsageAuditLogNegativeTestJSON-1624850032', 'tenant_id': '296658644122438aa344c7d1a23c47dc', 'tenant_name': 'tempest-InstanceUsageAuditLogNegativeTestJSON-1624850032', 'user_domain_id': 'default', 'user_domain_name': 'Default', 'user_id': 'e35e7ffbf2564f91900cb7c555e89cc8', 'system': None}, Network: None, Subnet: None, Router: None
2024-10-24 12:08:43.658 63164 INFO tempest.lib.common.dynamic_creds [-] Created isolated network resources for: credentials: Credentials: {'domain_id': 'default', 'domain_name': 'Default', 'username': 'tempest-InstanceUsageAuditLogNegativeTestJSON-1624850032-project-member', 'project_domain_id': 'default', 'project_domain_name': 'Default', 'project_id': '296658644122438aa344c7d1a23c47dc', 'project_name': 'tempest-InstanceUsageAuditLogNegativeTestJSON-1624850032', 'tenant_id': '296658644122438aa344c7d1a23c47dc', 'tenant_name': 'tempest-InstanceUsageAuditLogNegativeTestJSON-1624850032', 'user_domain_id': 'default', 'user_domain_name': 'Default', 'user_id': 'e35e7ffbf2564f91900cb7c555e89cc8', 'system': None}, Network: None, Subnet: None, Router: None
2024-10-24 12:08:43.705 63176 INFO tempest.lib.common.rest_client [req-744a6552-dd14-4955-9783-c3e0bbc348b2 req-744a6552-dd14-4955-9783-c3e0bbc348b2 ] Request (ImagesOneServerNegativeTestJSON:setUpClass): 200 GET http://10.180.1.21/identity/v3/domains?name=Default 0.494s
2024-10-24 12:08:43.720 63162 INFO tempest.lib.common.rest_client [req-d1396efb-c84c-4230-8cca-0134071d072e req-d1396efb-c84c-4230-8cca-0134071d072e ] Request (ServersWithSpecificFlavorTestJSON:setUpClass): 200 GET http://10.180.1.21/identity/v3/domains?name=Default 0.494s
2024-10-24 12:08:43.734 63188 INFO tempest.lib.common.rest_client [req-69bf5c13-ff00-4f6f-babf-2ed04c1b884d req-69bf5c13-ff00-4f6f-babf-2ed04c1b884d ] Request (FlavorsAccessTestJSON:setUpClass): 201 POST http://10.180.1.21/identity/v3/projects 0.534s
2024-10-24 12:08:43.736 63182 INFO tempest.lib.common.rest_client [req-35e981c1-2501-498c-8219-d9a3810b5a85 req-35e981c1-2501-498c-8219-d9a3810b5a85 ] Request (AZAdminNegativeTestJSON:setUpClass): 200 GET http://10.180.1.21/identity/v3/domains?name=Default 0.500s
2024-10-24 12:08:43.778 63212 INFO tempest.lib.common.rest_client [req-5f3f304d-de27-458f-ba0c-80209bcf0e38 req-5f3f304d-de27-458f-ba0c-80209bcf0e38 ] Request (HypervisorAdminTestJSON:setUpClass): 200 GET http://10.180.1.21/identity/v3/domains?name=Default 0.529s
2024-10-24 12:08:43.783 63210 INFO tempest.lib.common.rest_client [req-6561bd3b-7fbb-462d-92e2-6657725da350 req-6561bd3b-7fbb-462d-92e2-6657725da350 ] Request (FlavorsExtraSpecsTestJSON:setUpClass): 200 GET http://10.180.1.21/identity/v3/domains?name=Default 0.520s
2024-10-24 12:08:43.793 63208 INFO tempest.lib.common.rest_client [req-50b5eb75-44b8-4fe6-9d0c-b34a97914089 req-50b5eb75-44b8-4fe6-9d0c-b34a97914089 ] Request (AZAdminV2TestJSON:setUpClass): 200 GET http://10.180.1.21/identity/v3/domains?name=Default 0.519s
2024-10-24 12:08:43.803 63192 INFO tempest.lib.common.rest_client [req-438a865e-359a-4c90-a50f-e61f8cd4c033 req-438a865e-359a-4c90-a50f-e61f8cd4c033 ] Request (FlavorsExtraSpecsNegativeTestJSON:setUpClass): 200 GET http://10.180.1.21/identity/v3/domains?name=Default 0.517s
2024-10-24 12:08:43.810 63154 INFO tempest.lib.common.rest_client [req-a8b9ac42-4596-4ed0-8c20-f09b14ead30a req-a8b9ac42-4596-4ed0-8c20-f09b14ead30a ] Request (FlavorsV261TestJSON:setUpClass): 200 GET http://10.180.1.21/identity/v3/domains?name=Default 0.517s
2024-10-24 12:08:43.822 63190 INFO tempest.lib.common.rest_client [req-08d6ad09-d7b9-4c04-b348-15eb794ba9cf req-08d6ad09-d7b9-4c04-b348-15eb794ba9cf ] Request (ServersAdmin275Test:setUpClass): 200 GET http://10.180.1.21/identity/v3/roles 0.502s
2024-10-24 12:08:43.829 63152 INFO tempest.lib.common.rest_client [req-b3f2aee7-40fa-4650-8d71-0d84431bbe84 req-b3f2aee7-40fa-4650-8d71-0d84431bbe84 ] Request (QuotaClassesAdminTestJSON:setUpClass): 201 POST http://10.180.1.21/identity/v3/projects 0.522s
2024-10-24 12:08:43.843 63150 INFO tempest.lib.common.rest_client [req-66530827-481e-4c66-a6bd-7bfb43e0d634 req-66530827-481e-4c66-a6bd-7bfb43e0d634 ] Request (HostsAdminNegativeTestJSON:setUpClass): 201 POST http://10.180.1.21/identity/v3/projects 0.516s
2024-10-24 12:08:43.911 63186 INFO tempest.lib.common.rest_client [req-646e7449-c47f-4946-8e61-065656edf92f req-646e7449-c47f-4946-8e61-065656edf92f ] Request (ImagesNegativeTestJSON:setUpClass): 201 POST http://10.180.1.21/identity/v3/auth/tokens 0.558s
2024-10-24 12:08:43.921 63184 INFO tempest.lib.common.rest_client [req-57e6b9cb-34eb-4c71-a959-16ec1b9dbe4e req-57e6b9cb-34eb-4c71-a959-16ec1b9dbe4e ] Request (VolumesAdminNegativeTest:setUpClass): 201 POST http://10.180.1.21/identity/v3/users 0.570s
2024-10-24 12:08:43.929 63197 INFO tempest.lib.common.rest_client [req-530fd805-6ce9-419d-91aa-cacf4ffaeca1 req-530fd805-6ce9-419d-91aa-cacf4ffaeca1 ] Request (FlavorsV2NegativeTest:setUpClass): 200 GET http://10.180.1.21/identity/v3/domains?name=Default 0.524s
2024-10-24 12:08:43.947 63198 INFO tempest.lib.common.rest_client [req-edb571a0-31c3-43bf-b9fa-b4877bc6f217 req-edb571a0-31c3-43bf-b9fa-b4877bc6f217 ] Request (QuotasAdminNegativeTest:setUpClass): 201 POST http://10.180.1.21/identity/v3/projects 0.541s
2024-10-24 12:08:43.955 63158 INFO tempest.lib.common.rest_client [req-49dd91ee-b921-455b-8e1f-aed73afd593c req-49dd91ee-b921-455b-8e1f-aed73afd593c ] Request (ServerDiagnosticsNegativeTest:setUpClass): 204 PUT http://10.180.1.21/identity/v3/projects/fb4f24b607804a689f503f9ddc080ed8/users/f8c47d9702614d54be6cf223ed4a0e0b/roles/2176bb1050644aa0a0c53be75a01dd1f 0.529s
2024-10-24 12:08:43.997 63194 INFO tempest.lib.common.rest_client [req-151d6b18-0995-4029-92ac-9e11ae568225 req-151d6b18-0995-4029-92ac-9e11ae568225 ] Request (HostsAdminTestJSON:setUpClass): 200 GET http://10.180.1.21/identity/v3/domains?name=Default 0.544s
2024-10-24 12:08:44.001 63180 INFO tempest.lib.common.rest_client [req-ccb8d8ca-1ea0-47a8-b48d-869c11aaefa0 req-ccb8d8ca-1ea0-47a8-b48d-869c11aaefa0 ] Request (ListImagesTestJSON:setUpClass): 200 GET http://10.180.1.21/identity/v3/roles 0.570s
2024-10-24 12:08:44.015 63166 INFO tempest.lib.common.rest_client [req-9b4cb206-627c-466d-98e1-c9710bf90785 req-9b4cb206-627c-466d-98e1-c9710bf90785 ] Request (QuotasAdminTestJSON:setUpClass): 201 POST http://10.180.1.21/identity/v3/users 0.552s
2024-10-24 12:08:44.018 63200 INFO tempest.lib.common.rest_client [req-64b80b63-0336-4bad-803e-0f1c2b31844b req-64b80b63-0336-4bad-803e-0f1c2b31844b ] Request (HypervisorAdminUnderV252Test:setUpClass): 200 GET http://10.180.1.21/identity/v3/domains?name=Default 0.506s
2024-10-24 12:08:44.030 63160 INFO tempest.lib.common.rest_client [req-bdf59182-0a11-495d-af9b-9e461ccd63fb req-bdf59182-0a11-495d-af9b-9e461ccd63fb ] Request (FlavorMetadataValidation:setUpClass): 200 GET http://10.180.1.21/identity/v3/roles 0.500s
2024-10-24 12:08:44.040 63170 INFO tempest.lib.common.rest_client [req-b5e0e873-6a6d-4cda-9db1-0b75f714a5b1 req-b5e0e873-6a6d-4cda-9db1-0b75f714a5b1 ] Request (FlavorsAdminTestJSON:setUpClass): 201 POST http://10.180.1.21/identity/v3/users 0.521s
2024-10-24 12:08:44.054 63178 INFO tempest.lib.common.rest_client [req-573882ed-b339-49af-961d-ddae03178e56 req-573882ed-b339-49af-961d-ddae03178e56 ] Request (AttachInterfacesUnderV243Test:setUpClass): 201 POST http://10.180.1.21/identity/v3/auth/tokens 0.480s
2024-10-24 12:08:44.065 63204 INFO tempest.lib.common.rest_client [req-2f02c73e-e38f-4b72-b1eb-46cb654db256 req-2f02c73e-e38f-4b72-b1eb-46cb654db256 ] Request (HypervisorAdminV228Test:setUpClass): 201 POST http://10.180.1.21/identity/v3/projects 0.476s
2024-10-24 12:08:44.076 63168 INFO tempest.lib.common.rest_client [req-2caacf79-6811-484d-a99b-0da253d53745 req-2caacf79-6811-484d-a99b-0da253d53745 ] Request (AggregatesAdminNegativeTestJSON:setUpClass): 201 POST http://10.180.1.21/identity/v3/projects 0.453s
