2024-10-24 12:10:54.753 63190 INFO tempest.lib.common.rest_client [req-d1625516-970b-4923-942d-177dc669a6db req-d1625516-970b-4923-942d-177dc669a6db ] Request (ServersAdminTestJSON:setUpClass): 200 GET http://10.180.1.21/compute/v2.1/servers/220578cb-17b1-4b46-8c4a-f676c04fc5e8 0.052s
2024-10-24 12:10:54.793 63158 INFO tempest.lib.common.rest_client [req-f3667958-6677-4875-8742-7807b7ad836f req-f3667958-6677-4875-8742-7807b7ad836f ] Request (ServersAaction247Test:tearDownClass): 204 DELETE http://10.180.1.21/identity/v3/users/9a1d6c100d5342248982f6ee40d0e85e 0.078s
2024-10-24 12:10:54.794 63158 INFO tempest.lib.common.dynamic_creds [-] Deleting project and security group for project: 399584679d1246d9ab9bc323d441ae62
2024-10-24 12:10:54.851 63197 INFO tempest.lib.common.rest_client [req-25e03780-e71e-4543-abc5-4c6919c0e826 req-25e03780-e71e-4543-abc5-4c6919c0e826 ] Request (ServersV294TestFqdnHostnames:setUpClass): 200 GET http://10.180.1.21/compute/v2.1/servers/821366f1-f1b0-4b78-8f7e-db8fd3bb123e 0.077s
2024-10-24 12:10:54.857 63162 INFO tempest.lib.common.rest_client [req-83c1b7b2-fc0f-48c0-96a5-83e6a5fdab83 req-83c1b7b2-fc0f-48c0-96a5-83e6a5fdab83 ] Request (TenantUsagesTestJSON:setUpClass): 200 GET http://10.180.1.21/compute/v2.1/servers/d73f5ea8-529a-44e3-8239-5aaa4534d1cc 0.066s
2024-10-24 12:10:54.859 63158 INFO tempest.lib.common.rest_client [req-9cb4bfbd-501e-494d-bc2c-8902e83ae7e8 req-9cb4bfbd-501e-494d-bc2c-8902e83ae7e8 ] Request (ServersAaction247Test:tearDownClass): 201 POST http://10.180.1.21/identity/v3/auth/tokens 0.065s
2024-10-24 12:10:54.908 63164 INFO tempest.lib.common.rest_client [req-c07f69e9-1e1b-4bb4-a911-4491f0c11ee4 req-c07f69e9-1e1b-4bb4-a911-4491f0c11ee4 ] Request (ServerRescueNegativeTestJSON:setUpClass): 200 GET http://10.180.1.21/compute/v2.1/servers/e1f45ab1-53fe-417d-b9f1-8ca1e7ce1fa6 0.069s
2024-10-24 12:10:54.924 63194 INFO tempest.lib.common.rest_client [req-9654b398-bdb2-4cfb-9a4f-82057af23eb3 req-9654b398-bdb2-4cfb-9a4f-82057af23eb3 ] Request (ServerActionsTestJSON:setUpClass): 200 GET http://10.180.1.21/compute/v2.1/servers/15938dfe-a697-450b-8c88-ff4ef703ee1f 0.100s
2024-10-24 12:10:54.961 63180 INFO tempest.lib.common.rest_client [req-66eaa75b-2c03-4b4e-bef6-7dc1a7d8bf00 req-66eaa75b-2c03-4b4e-bef6-7dc1a7d8bf00 ] Request (ServerDiskConfigTestJSON:test_rebuild_server_with_manual_disk_config): 200 GET http://10.180.1.21/compute/v2.1/servers/c5aaadb0-f9a1-4af9-b882-86d847185a19 0.093s
2024-10-24 12:10:55.001 63156 INFO tempest.lib.common.rest_client [req-1ef7b6d8-7af2-42c4-a28d-60de54766b23 req-1ef7b6d8-7af2-42c4-a28d-60de54766b23 ] Request (ServerTagsTestJSON:setUpClass): 200 GET http://10.180.1.21/compute/v2.1/servers/e24c8bf2-1616-4a5a-b6ce-0c256e78b213 0.109s
2024-10-24 12:10:55.014 63174 INFO tempest.lib.common.rest_client [req-99ccc314-28ba-4724-9b89-f8e95eec0caf req-99ccc314-28ba-4724-9b89-f8e95eec0caf ] Request (SecurityGroupsTestJSON:test_list_security_groups_by_server): 200 GET http://10.180.1.21/compute/v2.1/servers/8399d066-43bc-4766-97c8-89d74f3283f0 0.103s
2024-10-24 12:10:55.054 63166 INFO tempest.lib.common.rest_client [req-6342dbf7-8ede-4f66-9c78-d9fd8ba731c7 req-6342dbf7-8ede-4f66-9c78-d9fd8ba731c7 ] Request (ServerMetadataNegativeTestJSON:setUpClass): 200 GET http://10.180.1.21/compute/v2.1/servers/0419073e-5340-4805-a1e0-417ccf5fdd30 0.120s
2024-10-24 12:10:55.057 63158 INFO tempest.lib.common.rest_client [req-69fa72ab-d510-455d-8338-6a172f436d49 req-69fa72ab-d510-455d-8338-6a172f436d49 ] Request (ServersAaction247Test:tearDownClass): 200 GET http://10.180.1.21:9696/networking/v2.0/security-groups?tenant_id=399584679d1246d9ab9bc323d441ae62&name=default 0.197s
2024-10-24 12:10:55.081 63188 INFO tempest.lib.common.rest_client [req-86102ffe-b6ae-4d65-aac3-94efd2a46f5b req-86102ffe-b6ae-4d65-aac3-94efd2a46f5b ] Request (InstanceActionsTestJSON:setUpClass): 200 GET http://10.180.1.21/compute/v2.1/servers/5e695914-afa5-4f79-972d-852a4ac8aa20 0.068s
2024-10-24 12:10:55.087 63188 INFO tempest.common.waiters [-] State transition "BUILD/spawning" ==> "ERROR/None" after 76 second wait
2024-10-24 12:10:55.118 63184 INFO tempest.lib.common.rest_client [req-b45a2919-c26b-48c0-aa2b-7b6a4896d200 req-b45a2919-c26b-48c0-aa2b-7b6a4896d200 ] Request (VolumesAdminNegativeTest:test_update_attached_volume_with_nonexistent_volume_in_uri): 200 GET http://10.180.1.21/compute/v2.1/servers/8bda7658-2b86-4869-89e2-b10d7119ae18 0.060s
2024-10-24 12:10:55.181 63206 INFO tempest.lib.common.rest_client [req-cfcbe6fe-055d-4d1b-903b-09d8aaf4b4e6 req-cfcbe6fe-055d-4d1b-903b-09d8aaf4b4e6 ] Request (MultipleCreateTestJSON:test_multiple_create): 200 GET http://10.180.1.21/compute/v2.1/servers/41218b72-0b79-496a-855f-57a972dabd0b 0.078s
2024-10-24 12:10:55.194 63158 INFO tempest.lib.common.rest_client [req-e146122d-d5bc-4166-bc34-d6326d1071c7 req-e146122d-d5bc-4166-bc34-d6326d1071c7 ] Request (ServersAaction247Test:tearDownClass): 204 DELETE http://10.180.1.21:9696/networking/v2.0/security-groups/8de16df8-9c36-4ec1-918a-d5d225b9df55 0.137s
2024-10-24 12:10:55.240 63178 INFO tempest.lib.common.rest_client [req-1e1f1754-309a-4ad4-97a9-35eaf91e9475 req-1e1f1754-309a-4ad4-97a9-35eaf91e9475 ] Request (ServersTestJSON:setUpClass): 200 GET http://10.180.1.21/compute/v2.1/servers/62cfca0a-e8c6-4f94-8e6f-1136cfcf3089 0.127s
2024-10-24 12:10:55.262 63158 INFO tempest.lib.common.rest_client [req-05623443-3e49-4c93-bdf6-a30ee5abbdc5 req-05623443-3e49-4c93-bdf6-a30ee5abbdc5 ] Request (ServersAaction247Test:tearDownClass): 204 DELETE http://10.180.1.21/identity/v3/projects/399584679d1246d9ab9bc323d441ae62 0.067s
2024-10-24 12:10:55.281 63188 INFO tempest.lib.common.rest_client [req-d2fd4e87-8c42-49c7-8dfe-18c57f3ff26b req-d2fd4e87-8c42-49c7-8dfe-18c57f3ff26b ] Request (InstanceActionsTestJSON:setUpClass): 204 DELETE http://10.180.1.21/compute/v2.1/servers/5e695914-afa5-4f79-972d-852a4ac8aa20 0.194s
2024-10-24 12:10:55.296 63154 INFO tempest.lib.common.rest_client [req-a3840fb9-a278-4e62-a2c3-a469a8607d8f req-a3840fb9-a278-4e62-a2c3-a469a8607d8f ] Request (AttachVolumeNegativeTest:test_attach_attached_volume_to_different_server): 200 GET http://10.180.1.21/compute/v2.1/servers/364c5d87-f261-439a-920e-874ee0bcf83b 0.151s
2024-10-24 12:10:55.329 63150 INFO tempest.lib.common.rest_client [req-a2875014-4ff0-464f-a391-7272ab6f27f4 req-a2875014-4ff0-464f-a391-7272ab6f27f4 ] Request (ServersTestFqdnHostnames:test_create_server_with_fqdn_name): 200 GET http://10.180.1.21/compute/v2.1/servers/c10d840e-ce05-4af3-ba2d-6214eefd8783 0.180s
2024-10-24 12:10:55.329 63158 INFO tempest.lib.common.rest_client [req-7dcc3c59-ed25-4d86-8ae0-dfdfca27c20d req-7dcc3c59-ed25-4d86-8ae0-dfdfca27c20d ] Request (ServerPasswordTestJSON:setUpClass): 201 POST http://10.180.1.21/identity/v3/auth/tokens 0.065s
2024-10-24 12:10:55.349 63160 INFO tempest.lib.common.rest_client [req-eaa29f5d-1dae-4d9e-8a05-e948b13e3103 req-eaa29f5d-1dae-4d9e-8a05-e948b13e3103 ] Request (MigrationsAdminTest:test_resize_server_revert_deleted_flavor): 200 GET http://10.180.1.21/compute/v2.1/servers/ad283bc7-b422-4836-a503-d3d9ae4fe3c1 0.156s
2024-10-24 12:10:55.375 63158 INFO tempest.lib.common.rest_client [req-4e4a50e1-24b9-4f2b-b103-08eab339eb57 req-4e4a50e1-24b9-4f2b-b103-08eab339eb57 ] Request (ServerPasswordTestJSON:setUpClass): 201 POST http://10.180.1.21/identity/v3/auth/tokens 0.044s
2024-10-24 12:10:55.382 63188 INFO tempest.lib.common.rest_client [req-58e0087d-50bc-48df-898c-615c9993f967 req-58e0087d-50bc-48df-898c-615c9993f967 ] Request (InstanceActionsTestJSON:setUpClass): 404 GET http://10.180.1.21/compute/v2.1/servers/5e695914-afa5-4f79-972d-852a4ac8aa20 0.100s
2024-10-24 12:10:55.382 63188 INFO tempest.test [-] raised in InstanceActionsTestJSON.setUpClass. Invoking tearDownClass.
2024-10-24 12:10:55.387 63170 INFO tempest.lib.common.rest_client [req-9545134a-8b26-4f79-b531-430954f720d1 req-9545134a-8b26-4f79-b531-430954f720d1 ] Request (FloatingIPsAssociationTestJSON:setUpClass): 200 GET http://10.180.1.21/compute/v2.1/servers/67554dc7-fb72-47e1-8201-f5fda035a2d3 0.126s
2024-10-24 12:10:55.404 63158 INFO tempest.lib.common.rest_client [req-3136df56-3512-44d5-8422-2563cb59753e req-3136df56-3512-44d5-8422-2563cb59753e ] Request (ServerPasswordTestJSON:setUpClass): 200 GET http://10.180.1.21/identity/v3/domains?name=Default 0.029s
2024-10-24 12:10:55.438 63158 INFO tempest.lib.common.rest_client [req-d2415565-5c7b-499f-8da6-5f1a7a5475af req-d2415565-5c7b-499f-8da6-5f1a7a5475af ] Request (ServerPasswordTestJSON:setUpClass): 201 POST http://10.180.1.21/identity/v3/projects 0.033s
2024-10-24 12:10:55.447 63168 INFO tempest.lib.common.rest_client [req-4cf5acb2-0a98-4f12-bc73-af2ffc1d8783 req-4cf5acb2-0a98-4f12-bc73-af2ffc1d8783 ] Request (DeleteServersAdminTestJSON:test_admin_delete_servers_of_others): 200 GET http://10.180.1.21/compute/v2.1/servers/91328e42-ba3c-4d63-a805-973c2bfa2afb 0.094s
2024-10-24 12:10:55.449 63212 INFO tempest.lib.common.rest_client [req-881a7339-19ee-40a2-ba75-9454fdd38290 req-881a7339-19ee-40a2-ba75-9454fdd38290 ] Request (ServersTestMultiNic:test_verify_duplicate_network_nics): 200 GET http://10.180.1.21/compute/v2.1/servers/294e3321-e826-4a56-bbd0-893261d65283 0.149s
2024-10-24 12:10:55.503 63158 INFO tempest.lib.common.rest_client [req-fd3caf62-d118-405f-b921-b68e53899987 req-fd3caf62-d118-405f-b921-b68e53899987 ] Request (ServerPasswordTestJSON:setUpClass): 201 POST http://10.180.1.21/identity/v3/users 0.064s
2024-10-24 12:10:55.503 63210 INFO tempest.lib.common.rest_client [req-5504e227-a0e5-464f-a240-dbcdaf997c76 req-5504e227-a0e5-464f-a240-dbcdaf997c76 ] Request (ListServersNegativeTestJSON:setUpClass): 200 GET http://10.180.1.21/compute/v2.1/servers/283ffd74-3891-4b5e-bcf5-49b265978051 0.097s
2024-10-24 12:10:55.505 63192 INFO tempest.lib.common.rest_client [req-d5effe68-ad3b-41b4-a4c2-5e4493072e86 req-d5effe68-ad3b-41b4-a4c2-5e4493072e86 ] Request (ServersTestJSON:test_create_server_specify_multibyte_character_name): 200 GET http://10.180.1.21/compute/v2.1/servers/98c19874-7c71-4e20-aa29-2ddc53df7e81 0.099s
2024-10-24 12:10:55.522 63158 INFO tempest.lib.common.rest_client [req-a2f8715a-25dd-4e27-8180-f71b9d400e4e req-a2f8715a-25dd-4e27-8180-f71b9d400e4e ] Request (ServerPasswordTestJSON:setUpClass): 200 GET http://10.180.1.21/identity/v3/roles 0.018s
2024-10-24 12:10:55.544 63158 INFO tempest.lib.common.rest_client [req-3b9dae30-51b9-45c2-8ca3-fedd6e3c7b24 req-3b9dae30-51b9-45c2-8ca3-fedd6e3c7b24 ] Request (ServerPasswordTestJSON:setUpClass): 204 PUT http://10.180.1.21/identity/v3/projects/08363f37cd4246ba97abde2dbb87bf8b/users/b6dcc35fb57b46a2a753d8e4319ff290/roles/70c8c899908b4e47b078dd06c45f6846 0.022s
2024-10-24 12:10:55.545 63158 INFO tempest.lib.common.dynamic_creds [-] Dynamic test user b6dcc35fb57b46a2a753d8e4319ff290 is created with scope project and roles: ['member']
2024-10-24 12:10:55.545 63158 INFO tempest.lib.common.dynamic_creds [-] Acquired dynamic creds: credentials: Credentials: {'domain_id': 'default', 'domain_name': 'Default', 'username': 'tempest-ServerPasswordTestJSON-132971919-project-member', 'project_domain_id': 'default', 'project_domain_name': 'Default', 'project_id': '08363f37cd4246ba97abde2dbb87bf8b', 'project_name': 'tempest-ServerPasswordTestJSON-132971919', 'tenant_id': '08363f37cd4246ba97abde2dbb87bf8b', 'tenant_name': 'tempest-ServerPasswordTestJSON-132971919', 'user_domain_id': 'default', 'user_domain_name': 'Default', 'user_id': 'b6dcc35fb57b46a2a753d8e4319ff290', 'system': None}, Network: None, Subnet: None, Router: None
2024-10-24 12:10:55.555 63176 INFO tempest.lib.common.rest_client [req-efd9632d-199a-4f18-a566-8ccf70c91e92 req-efd9632d-199a-4f18-a566-8ccf70c91e92 ] Request (InstanceActionsNegativeTestJSON:setUpClass): 200 GET http://10.180.1.21/compute/v2.1/servers/964f98e4-3462-4362-b551-576302776f3a 0.057s
2024-10-24 12:10:55.575 63172 INFO tempest.lib.common.rest_client [req-daad3064-aac8-4f73-b0e4-bb29f141eb9f req-daad3064-aac8-4f73-b0e4-bb29f141eb9f ] Request (AttachVolumeShelveTestJSON:setUpClass): 201 POST http://10.180.1.21:9696/networking/v2.0/routers 0.845s
2024-10-24 12:10:55.610 63158 INFO tempest.lib.common.rest_client [req-588d7115-ffc8-4392-ba25-41e29d39f532 req-588d7115-ffc8-4392-ba25-41e29d39f532 ] Request (ServerPasswordTestJSON:setUpClass): 201 POST http://10.180.1.21/identity/v3/auth/tokens 0.064s
2024-10-24 12:10:55.625 63186 INFO tempest.lib.common.rest_client [req-d1520f15-6b66-4e0f-a04c-8177093e64d6 req-d1520f15-6b66-4e0f-a04c-8177093e64d6 ] Request (ListImageFiltersTestJSON:setUpClass): 200 GET http://10.180.1.21/compute/v2.1/servers/3ce62ec7-6274-441f-989b-6f27a64b0c18 0.057s
2024-10-24 12:10:55.638 63200 INFO tempest.lib.common.rest_client [req-0b5f187a-b1ba-453e-a2d7-df9c12fbbfab req-0b5f187a-b1ba-453e-a2d7-df9c12fbbfab ] Request (ServerShowV247Test:tearDownClass): 200 GET http://10.180.1.21/compute/v2.1/servers/f3509973-013e-45ce-87f9-357e782f26d7 0.065s
2024-10-24 12:10:55.689 63202 INFO tempest.lib.common.rest_client [req-89194534-c6b1-4cd2-9eee-5c5310b9c442 req-89194534-c6b1-4cd2-9eee-5c5310b9c442 ] Request (ServerShowV257Test:test_rebuild_server): 200 GET http://10.180.1.21/compute/v2.1/servers/44339b45-5183-4882-aaec-4070adc3c3dd 0.069s
2024-10-24 12:10:55.830 63190 INFO tempest.lib.common.rest_client [req-5c02ee3d-2b2c-43e0-8eec-30ff963ebcb2 req-5c02ee3d-2b2c-43e0-8eec-30ff963ebcb2 ] Request (ServersAdminTestJSON:setUpClass): 200 GET http://10.180.1.21/compute/v2.1/servers/220578cb-17b1-4b46-8c4a-f676c04fc5e8 0.069s
2024-10-24 12:10:55.931 63197 INFO tempest.lib.common.rest_client [req-76e6186d-31ee-49ff-8083-2cbaaf06879d req-76e6186d-31ee-49ff-8083-2cbaaf06879d ] Request (ServersV294TestFqdnHostnames:setUpClass): 200 GET http://10.180.1.21/compute/v2.1/servers/821366f1-f1b0-4b78-8f7e-db8fd3bb123e 0.065s
2024-10-24 12:10:55.941 63162 INFO tempest.lib.common.rest_client [req-1293c0f7-4074-4b14-a0a0-89201e398e26 req-1293c0f7-4074-4b14-a0a0-89201e398e26 ] Request (TenantUsagesTestJSON:setUpClass): 200 GET http://10.180.1.21/compute/v2.1/servers/d73f5ea8-529a-44e3-8239-5aaa4534d1cc 0.074s
2024-10-24 12:10:55.959 63158 INFO tempest.lib.common.rest_client [req-734362df-a698-4d4b-9a64-ff8740d5f7fb req-734362df-a698-4d4b-9a64-ff8740d5f7fb ] Request (ServerPasswordTestJSON:setUpClass): 201 POST http://10.180.1.21:9696/networking/v2.0/networks 0.348s
2024-10-24 12:10:55.999 63194 INFO tempest.lib.common.rest_client [req-8e3f50e0-740c-4931-9ed3-f63de75ea399 req-8e3f50e0-740c-4931-9ed3-f63de75ea399 ] Request (ServerActionsTestJSON:setUpClass): 200 GET http://10.180.1.21/compute/v2.1/servers/15938dfe-a697-450b-8c88-ff4ef703ee1f 0.068s
2024-10-24 12:10:56.051 63180 INFO tempest.lib.common.rest_client [req-1eab5b24-935f-471c-801f-6eb257352ae7 req-1eab5b24-935f-471c-801f-6eb257352ae7 ] Request (ServerDiskConfigTestJSON:test_rebuild_server_with_manual_disk_config): 200 GET http://10.180.1.21/compute/v2.1/servers/c5aaadb0-f9a1-4af9-b882-86d847185a19 0.082s
2024-10-24 12:10:56.062 63180 INFO tempest.common.waiters [-] State transition "BUILD/scheduling" ==> "BUILD/None" after 65 second wait
2024-10-24 12:10:56.111 63156 INFO tempest.lib.common.rest_client [req-cf07d837-ee45-4d99-b1d7-808161c3dd9c req-cf07d837-ee45-4d99-b1d7-808161c3dd9c ] Request (ServerTagsTestJSON:setUpClass): 200 GET http://10.180.1.21/compute/v2.1/servers/e24c8bf2-1616-4a5a-b6ce-0c256e78b213 0.092s
2024-10-24 12:10:56.145 63164 INFO tempest.lib.common.rest_client [req-09582972-6116-4572-8f43-83a2fcc0b727 req-09582972-6116-4572-8f43-83a2fcc0b727 ] Request (ServerRescueNegativeTestJSON:setUpClass): 200 GET http://10.180.1.21/compute/v2.1/servers/e1f45ab1-53fe-417d-b9f1-8ca1e7ce1fa6 0.224s
2024-10-24 12:10:56.164 63174 INFO tempest.lib.common.rest_client [req-05a2b2a5-c364-4cba-9431-3842ab7b0c4c req-05a2b2a5-c364-4cba-9431-3842ab7b0c4c ] Request (SecurityGroupsTestJSON:test_list_security_groups_by_server): 200 GET http://10.180.1.21/compute/v2.1/servers/8399d066-43bc-4766-97c8-89d74f3283f0 0.142s
2024-10-24 12:10:56.217 63166 INFO tempest.lib.common.rest_client [req-2b3f4f00-d281-44ff-afeb-c8df57ff28d2 req-2b3f4f00-d281-44ff-afeb-c8df57ff28d2 ] Request (ServerMetadataNegativeTestJSON:setUpClass): 200 GET http://10.180.1.21/compute/v2.1/servers/0419073e-5340-4805-a1e0-417ccf5fdd30 0.156s
2024-10-24 12:10:56.242 63184 INFO tempest.lib.common.rest_client [req-0e752856-3b88-4e26-8db8-063f0ccaadbb req-0e752856-3b88-4e26-8db8-063f0ccaadbb ] Request (VolumesAdminNegativeTest:test_update_attached_volume_with_nonexistent_volume_in_uri): 200 GET http://10.180.1.21/compute/v2.1/servers/8bda7658-2b86-4869-89e2-b10d7119ae18 0.116s
2024-10-24 12:10:56.285 63206 INFO tempest.lib.common.rest_client [req-b6e4598d-df3b-4285-a454-b5704c4aa3ab req-b6e4598d-df3b-4285-a454-b5704c4aa3ab ] Request (MultipleCreateTestJSON:test_multiple_create): 200 GET http://10.180.1.21/compute/v2.1/servers/41218b72-0b79-496a-855f-57a972dabd0b 0.092s
2024-10-24 12:10:56.301 63178 INFO tempest.lib.common.rest_client [req-fabb0458-6b99-4584-beed-12ac78f793ab req-fabb0458-6b99-4584-beed-12ac78f793ab ] Request (ServersTestJSON:setUpClass): 200 GET http://10.180.1.21/compute/v2.1/servers/62cfca0a-e8c6-4f94-8e6f-1136cfcf3089 0.054s
2024-10-24 12:10:56.317 63188 INFO tempest.lib.common.rest_client [req-6d34c1c7-6384-474e-a4c8-71bc6dadbb9e req-6d34c1c7-6384-474e-a4c8-71bc6dadbb9e ] Request (InstanceActionsTestJSON:tearDownClass): 200 PUT http://10.180.1.21:9696/networking/v2.0/routers/bd30b5a0-72d5-464f-9caf-4e0a79d7e24e/remove_router_interface 0.935s
2024-10-24 12:10:56.362 63154 INFO tempest.lib.common.rest_client [req-1d10050e-8b84-47af-bb6d-38db2428cdb5 req-1d10050e-8b84-47af-bb6d-38db2428cdb5 ] Request (AttachVolumeNegativeTest:test_attach_attached_volume_to_different_server): 200 GET http://10.180.1.21/compute/v2.1/servers/364c5d87-f261-439a-920e-874ee0bcf83b 0.055s
2024-10-24 12:10:56.406 63150 INFO tempest.lib.common.rest_client [req-b6733c6c-2b3c-41d5-8d25-232a299fde0c req-b6733c6c-2b3c-41d5-8d25-232a299fde0c ] Request (ServersTestFqdnHostnames:test_create_server_with_fqdn_name): 200 GET http://10.180.1.21/compute/v2.1/servers/c10d840e-ce05-4af3-ba2d-6214eefd8783 0.070s
2024-10-24 12:10:56.429 63160 INFO tempest.lib.common.rest_client [req-7b0e0f85-73e4-43bb-8dc7-be1cb9a82b8a req-7b0e0f85-73e4-43bb-8dc7-be1cb9a82b8a ] Request (MigrationsAdminTest:test_resize_server_revert_deleted_flavor): 200 GET http://10.180.1.21/compute/v2.1/servers/ad283bc7-b422-4836-a503-d3d9ae4fe3c1 0.064s
2024-10-24 12:10:56.463 63158 INFO tempest.lib.common.rest_client [req-83811ba3-8f39-4427-847a-94feb1ce2256 req-83811ba3-8f39-4427-847a-94feb1ce2256 ] Request (ServerPasswordTestJSON:setUpClass): 201 POST http://10.180.1.21:9696/networking/v2.0/subnets 0.504s
2024-10-24 12:10:56.509 63170 INFO tempest.lib.common.rest_client [req-4392a1f0-9b1c-4938-ae97-a801f6f30913 req-4392a1f0-9b1c-4938-ae97-a801f6f30913 ] Request (FloatingIPsAssociationTestJSON:setUpClass): 200 GET http://10.180.1.21/compute/v2.1/servers/67554dc7-fb72-47e1-8201-f5fda035a2d3 0.114s
2024-10-24 12:10:56.517 63168 INFO tempest.lib.common.rest_client [req-46756244-9aa9-4437-b4f0-c8e85a086a52 req-46756244-9aa9-4437-b4f0-c8e85a086a52 ] Request (DeleteServersAdminTestJSON:test_admin_delete_servers_of_others): 200 GET http://10.180.1.21/compute/v2.1/servers/91328e42-ba3c-4d63-a805-973c2bfa2afb 0.062s
2024-10-24 12:10:56.523 63168 INFO tempest.common.waiters [-] State transition "BUILD/None" ==> "BUILD/networking" after 70 second wait
2024-10-24 12:10:56.604 63210 INFO tempest.lib.common.rest_client [req-7e20c7ca-aedf-4abf-a5ff-f2f5044ca485 req-7e20c7ca-aedf-4abf-a5ff-f2f5044ca485 ] Request (ListServersNegativeTestJSON:setUpClass): 200 GET http://10.180.1.21/compute/v2.1/servers/283ffd74-3891-4b5e-bcf5-49b265978051 0.093s
2024-10-24 12:10:56.608 63212 INFO tempest.lib.common.rest_client [req-1cf509ae-78f0-479c-87b8-5f080f06c470 req-1cf509ae-78f0-479c-87b8-5f080f06c470 ] Request (ServersTestMultiNic:test_verify_duplicate_network_nics): 200 GET http://10.180.1.21/compute/v2.1/servers/294e3321-e826-4a56-bbd0-893261d65283 0.150s
2024-10-24 12:10:56.666 63192 INFO tempest.lib.common.rest_client [req-b408760c-73ee-4860-bf8a-d1e864601f6c req-b408760c-73ee-4860-bf8a-d1e864601f6c ] Request (ServersTestJSON:test_create_server_specify_multibyte_character_name): 200 GET http://10.180.1.21/compute/v2.1/servers/98c19874-7c71-4e20-aa29-2ddc53df7e81 0.154s
2024-10-24 12:10:56.737 63186 INFO tempest.lib.common.rest_client [req-c47b46fa-eefb-41de-8427-133592afa536 req-c47b46fa-eefb-41de-8427-133592afa536 ] Request (ListImageFiltersTestJSON:setUpClass): 200 GET http://10.180.1.21/compute/v2.1/servers/3ce62ec7-6274-441f-989b-6f27a64b0c18 0.105s
2024-10-24 12:10:56.835 63200 INFO tempest.lib.common.rest_client [req-c275ad71-23ec-44da-92d3-797c40b5ebe8 req-c275ad71-23ec-44da-92d3-797c40b5ebe8 ] Request (ServerShowV247Test:tearDownClass): 200 GET http://10.180.1.21/compute/v2.1/servers/f3509973-013e-45ce-87f9-357e782f26d7 0.189s
2024-10-24 12:10:56.860 63176 INFO tempest.lib.common.rest_client [req-6b556cbb-e037-4c8f-8367-734f364930f5 req-6b556cbb-e037-4c8f-8367-734f364930f5 ] Request (InstanceActionsNegativeTestJSON:setUpClass): 200 GET http://10.180.1.21/compute/v2.1/servers/964f98e4-3462-4362-b551-576302776f3a 0.298s
2024-10-24 12:10:56.897 63202 INFO tempest.lib.common.rest_client [req-f55579b3-afdf-438c-b21a-17288c0961bd req-f55579b3-afdf-438c-b21a-17288c0961bd ] Request (ServerShowV257Test:test_rebuild_server): 200 GET http://10.180.1.21/compute/v2.1/servers/44339b45-5183-4882-aaec-4070adc3c3dd 0.199s
2024-10-24 12:10:56.921 63190 INFO tempest.lib.common.rest_client [req-2ec695c9-696f-40b3-bda9-1613dab421c1 req-2ec695c9-696f-40b3-bda9-1613dab421c1 ] Request (ServersAdminTestJSON:setUpClass): 200 GET http://10.180.1.21/compute/v2.1/servers/220578cb-17b1-4b46-8c4a-f676c04fc5e8 0.085s
2024-10-24 12:10:57.000 63172 INFO tempest.lib.common.rest_client [req-52ca15e7-99bb-4cd7-989d-7e7b53342939 req-52ca15e7-99bb-4cd7-989d-7e7b53342939 ] Request (AttachVolumeShelveTestJSON:setUpClass): 200 PUT http://10.180.1.21:9696/networking/v2.0/routers/bb8c5221-664f-407c-9716-4d28728e078a/add_router_interface 1.424s
2024-10-24 12:10:57.000 63172 INFO tempest.lib.common.dynamic_creds [-] Created isolated network resources for: credentials: Credentials: {'domain_id': 'default', 'domain_name': 'Default', 'username': 'tempest-AttachVolumeShelveTestJSON-2108206369-project-member', 'project_domain_id': 'default', 'project_domain_name': 'Default', 'project_id': '15315f8e77d749a4b2b0211c3b22b546', 'project_name': 'tempest-AttachVolumeShelveTestJSON-2108206369', 'tenant_id': '15315f8e77d749a4b2b0211c3b22b546', 'tenant_name': 'tempest-AttachVolumeShelveTestJSON-2108206369', 'user_domain_id': 'default', 'user_domain_name': 'Default', 'user_id': 'baf190d4a357468a9eb18dfad17e3da0', 'system': None}, Network: {'id': 'c4298e11-ab16-4b37-be29-48fc406e74b0', 'name': 'tempest-AttachVolumeShelveTestJSON-695272838-network', 'tenant_id': '15315f8e77d749a4b2b0211c3b22b546', 'admin_state_up': True, 'mtu': 8950, 'status': 'ACTIVE', 'subnets': [], 'shared': False, 'project_id': '15315f8e77d749a4b2b0211c3b22b546', 'port_security_enabled': True, 'router:external': False, 'provider:network_type': 'vlan', 'provider:physical_network': 'default', 'provider:segmentation_id': 432, 'is_default': False, 'availability_zone_hints': [], 'availability_zones': [], 'ipv4_address_scope': None, 'ipv6_address_scope': None, 'description': '', 'tags': [], 'created_at': '2024-10-24T12:10:54Z', 'updated_at': '2024-10-24T12:10:54Z', 'revision_number': 1}, Subnet: {'id': '3263d79f-5a64-4c3f-8e1e-60e6320a150d', 'name': 'tempest-AttachVolumeShelveTestJSON-695272838-subnet', 'tenant_id': '15315f8e77d749a4b2b0211c3b22b546', 'network_id': 'c4298e11-ab16-4b37-be29-48fc406e74b0', 'ip_version': 4, 'subnetpool_id': None, 'enable_dhcp': True, 'ipv6_ra_mode': None, 'ipv6_address_mode': None, 'gateway_ip': '192.168.128.1', 'cidr': '192.168.128.0/28', 'allocation_pools': [{'start': '192.168.128.2', 'end': '192.168.128.14'}], 'host_routes': [], 'dns_nameservers': [], 'description': '', 'router:external': False, 'service_types': [], 'tags': [], 'created_at': '2024-10-24T12:10:54Z', 'updated_at': '2024-10-24T12:10:54Z', 'revision_number': 0, 'project_id': '15315f8e77d749a4b2b0211c3b22b546'}, Router: {'id': 'bb8c5221-664f-407c-9716-4d28728e078a', 'name': 'tempest-AttachVolumeShelveTestJSON-695272838-router', 'tenant_id': '15315f8e77d749a4b2b0211c3b22b546', 'admin_state_up': True, 'status': 'ACTIVE', 'external_gateway_info': {'network_id': '611d0f1a-744c-400c-a15b-5738b29c4f6d', 'external_fixed_ips': [{'subnet_id': '15af82cb-1f59-4758-9f71-cd7cd1e30a5f', 'ip_address': '10.180.180.214'}], 'enable_snat': True}, 'description': '', 'availability_zones': [], 'distributed': False, 'ha': False, 'availability_zone_hints': [], 'routes': [], 'flavor_id': None, 'tags': [], 'created_at': '2024-10-24T12:10:54Z', 'updated_at': '2024-10-24T12:10:55Z', 'revision_number': 2, 'project_id': '15315f8e77d749a4b2b0211c3b22b546'}
2024-10-24 12:10:57.061 63162 INFO tempest.lib.common.rest_client [req-4c4d5e94-afb1-4fe8-847e-e7d64c51954d req-4c4d5e94-afb1-4fe8-847e-e7d64c51954d ] Request (TenantUsagesTestJSON:setUpClass): 200 GET http://10.180.1.21/compute/v2.1/servers/d73f5ea8-529a-44e3-8239-5aaa4534d1cc 0.110s
2024-10-24 12:10:57.086 63197 INFO tempest.lib.common.rest_client [req-859b5d70-f8b1-424b-876c-b9a31fb6fa40 req-859b5d70-f8b1-424b-876c-b9a31fb6fa40 ] Request (ServersV294TestFqdnHostnames:setUpClass): 200 GET http://10.180.1.21/compute/v2.1/servers/821366f1-f1b0-4b78-8f7e-db8fd3bb123e 0.143s
2024-10-24 12:10:57.147 63180 INFO tempest.lib.common.rest_client [req-8e23bb02-4110-4162-b700-48d4dff42d12 req-8e23bb02-4110-4162-b700-48d4dff42d12 ] Request (ServerDiskConfigTestJSON:test_rebuild_server_with_manual_disk_config): 200 GET http://10.180.1.21/compute/v2.1/servers/c5aaadb0-f9a1-4af9-b882-86d847185a19 0.080s
2024-10-24 12:10:57.152 63194 INFO tempest.lib.common.rest_client [req-9822e479-9ae0-4122-a521-419e76346aff req-9822e479-9ae0-4122-a521-419e76346aff ] Request (ServerActionsTestJSON:setUpClass): 200 GET http://10.180.1.21/compute/v2.1/servers/15938dfe-a697-450b-8c88-ff4ef703ee1f 0.141s
2024-10-24 12:10:57.186 63172 INFO tempest.lib.common.rest_client [req-1935c536-7814-4b13-ad97-a917481b09ad req-1935c536-7814-4b13-ad97-a917481b09ad ] Request (AttachVolumeShelveTestJSON:setUpClass): 201 POST http://10.180.1.21/identity/v3/auth/tokens 0.182s
2024-10-24 12:10:57.230 63164 INFO tempest.lib.common.rest_client [req-7c80fa19-aadc-48df-ac3a-a13fb58d586f req-7c80fa19-aadc-48df-ac3a-a13fb58d586f ] Request (ServerRescueNegativeTestJSON:setUpClass): 200 GET http://10.180.1.21/compute/v2.1/servers/e1f45ab1-53fe-417d-b9f1-8ca1e7ce1fa6 0.074s
2024-10-24 12:10:57.231 63156 INFO tempest.lib.common.rest_client [req-ab64339b-3a6f-41b8-b500-7e54790318a5 req-ab64339b-3a6f-41b8-b500-7e54790318a5 ] Request (ServerTagsTestJSON:setUpClass): 200 GET http://10.180.1.21/compute/v2.1/servers/e24c8bf2-1616-4a5a-b6ce-0c256e78b213 0.112s
2024-10-24 12:10:57.241 63188 INFO tempest.lib.common.rest_client [req-59bb0454-42cf-429f-a84d-e385d438a97c req-59bb0454-42cf-429f-a84d-e385d438a97c ] Request (InstanceActionsTestJSON:tearDownClass): 204 DELETE http://10.180.1.21:9696/networking/v2.0/routers/bd30b5a0-72d5-464f-9caf-4e0a79d7e24e 0.923s
2024-10-24 12:10:57.296 63174 INFO tempest.lib.common.rest_client [req-0a51b29e-e4a3-4412-8feb-6782508588aa req-0a51b29e-e4a3-4412-8feb-6782508588aa ] Request (SecurityGroupsTestJSON:test_list_security_groups_by_server): 200 GET http://10.180.1.21/compute/v2.1/servers/8399d066-43bc-4766-97c8-89d74f3283f0 0.124s
2024-10-24 12:10:57.356 63166 INFO tempest.lib.common.rest_client [req-4df1babe-8e46-4765-8fbf-7b3cfc63f9e0 req-4df1babe-8e46-4765-8fbf-7b3cfc63f9e0 ] Request (ServerMetadataNegativeTestJSON:setUpClass): 200 GET http://10.180.1.21/compute/v2.1/servers/0419073e-5340-4805-a1e0-417ccf5fdd30 0.129s
2024-10-24 12:10:57.419 63184 INFO tempest.lib.common.rest_client [req-c6b8229c-00c0-4ab5-a273-1867120c4e8b req-c6b8229c-00c0-4ab5-a273-1867120c4e8b ] Request (VolumesAdminNegativeTest:test_update_attached_volume_with_nonexistent_volume_in_uri): 200 GET http://10.180.1.21/compute/v2.1/servers/8bda7658-2b86-4869-89e2-b10d7119ae18 0.170s
2024-10-24 12:10:57.443 63172 INFO tempest.lib.common.rest_client [req-ac82f82e-2d51-4e7c-9bf8-f9d9bc87dda9 req-ac82f82e-2d51-4e7c-9bf8-f9d9bc87dda9 ] Request (ValidationResourcesFixture:setUp): 201 POST http://10.180.1.21/compute/v2.1/os-keypairs 0.255s
2024-10-24 12:10:57.468 63188 INFO tempest.lib.common.rest_client [req-98a1f3db-0937-4652-b7d5-498fe7a1420f req-98a1f3db-0937-4652-b7d5-498fe7a1420f ] Request (InstanceActionsTestJSON:tearDownClass): 204 DELETE http://10.180.1.21:9696/networking/v2.0/subnets/676d658b-f593-4692-98da-21cabd38b26b 0.226s
2024-10-24 12:10:57.478 63206 INFO tempest.lib.common.rest_client [req-9376a50e-b6b4-4587-9b74-9d4c62c5a99c req-9376a50e-b6b4-4587-9b74-9d4c62c5a99c ] Request (MultipleCreateTestJSON:test_multiple_create): 200 GET http://10.180.1.21/compute/v2.1/servers/41218b72-0b79-496a-855f-57a972dabd0b 0.185s
2024-10-24 12:10:57.525 63178 INFO tempest.lib.common.rest_client [req-3c8dca65-9cba-4771-b812-0764c0e3d064 req-3c8dca65-9cba-4771-b812-0764c0e3d064 ] Request (ServersTestJSON:setUpClass): 200 GET http://10.180.1.21/compute/v2.1/servers/62cfca0a-e8c6-4f94-8e6f-1136cfcf3089 0.217s
2024-10-24 12:10:57.535 63154 INFO tempest.lib.common.rest_client [req-93b6815c-e58f-4ca0-ae6d-a559aad512d7 req-93b6815c-e58f-4ca0-ae6d-a559aad512d7 ] Request (AttachVolumeNegativeTest:test_attach_attached_volume_to_different_server): 200 GET http://10.180.1.21/compute/v2.1/servers/364c5d87-f261-439a-920e-874ee0bcf83b 0.165s
2024-10-24 12:10:57.593 63160 INFO tempest.lib.common.rest_client [req-c811ebe9-83f3-494c-909c-a7f9a1c06b3c req-c811ebe9-83f3-494c-909c-a7f9a1c06b3c ] Request (MigrationsAdminTest:test_resize_server_revert_deleted_flavor): 200 GET http://10.180.1.21/compute/v2.1/servers/ad283bc7-b422-4836-a503-d3d9ae4fe3c1 0.155s
2024-10-24 12:10:57.595 63150 INFO tempest.lib.common.rest_client [req-02247b96-d390-4f5b-97d1-c23a1a38b43b req-02247b96-d390-4f5b-97d1-c23a1a38b43b ] Request (ServersTestFqdnHostnames:test_create_server_with_fqdn_name): 200 GET http://10.180.1.21/compute/v2.1/servers/c10d840e-ce05-4af3-ba2d-6214eefd8783 0.180s
2024-10-24 12:10:57.661 63170 INFO tempest.lib.common.rest_client [req-c1d47acb-bbca-46cc-9690-77886084f835 req-c1d47acb-bbca-46cc-9690-77886084f835 ] Request (FloatingIPsAssociationTestJSON:setUpClass): 200 GET http://10.180.1.21/compute/v2.1/servers/67554dc7-fb72-47e1-8201-f5fda035a2d3 0.141s
2024-10-24 12:10:57.719 63212 INFO tempest.lib.common.rest_client [req-7bb859f2-5c72-47ae-a17b-eaa148a27137 req-7bb859f2-5c72-47ae-a17b-eaa148a27137 ] Request (ServersTestMultiNic:test_verify_duplicate_network_nics): 200 GET http://10.180.1.21/compute/v2.1/servers/294e3321-e826-4a56-bbd0-893261d65283 0.099s
2024-10-24 12:10:57.746 63172 INFO tempest.lib.common.rest_client [req-eea4e59e-6cf2-473f-bdd6-00307cd4dfa8 req-eea4e59e-6cf2-473f-bdd6-00307cd4dfa8 ] Request (ValidationResourcesFixture:setUp): 201 POST http://10.180.1.21:9696/networking/v2.0/security-groups 0.301s
2024-10-24 12:10:57.785 63158 INFO tempest.lib.common.rest_client [req-9653a2f6-f0a9-45c6-9f39-ac048a18aeac req-9653a2f6-f0a9-45c6-9f39-ac048a18aeac ] Request (ServerPasswordTestJSON:setUpClass): 201 POST http://10.180.1.21:9696/networking/v2.0/routers 1.321s
2024-10-24 12:10:57.806 63210 INFO tempest.lib.common.rest_client [req-fea148b7-8969-436b-b1b3-b061bf4d92d9 req-fea148b7-8969-436b-b1b3-b061bf4d92d9 ] Request (ListServersNegativeTestJSON:setUpClass): 200 GET http://10.180.1.21/compute/v2.1/servers/283ffd74-3891-4b5e-bcf5-49b265978051 0.187s
2024-10-24 12:10:57.840 63168 INFO tempest.lib.common.rest_client [req-4b7ffdec-7c04-4091-8915-e913d4233456 req-4b7ffdec-7c04-4091-8915-e913d4233456 ] Request (DeleteServersAdminTestJSON:test_admin_delete_servers_of_others): 200 GET http://10.180.1.21/compute/v2.1/servers/91328e42-ba3c-4d63-a805-973c2bfa2afb 0.316s
2024-10-24 12:10:57.852 63168 INFO tempest.common.waiters [-] State transition "BUILD/networking" ==> "BUILD/block_device_mapping" after 71 second wait
2024-10-24 12:10:57.895 63192 INFO tempest.lib.common.rest_client [req-f6966bde-3a00-4008-9f78-538dab982cfc req-f6966bde-3a00-4008-9f78-538dab982cfc ] Request (ServersTestJSON:test_create_server_specify_multibyte_character_name): 200 GET http://10.180.1.21/compute/v2.1/servers/98c19874-7c71-4e20-aa29-2ddc53df7e81 0.222s
2024-10-24 12:10:57.911 63186 INFO tempest.lib.common.rest_client [req-8b36ba5f-5739-42de-b02a-8ed7c3600a1c req-8b36ba5f-5739-42de-b02a-8ed7c3600a1c ] Request (ListImageFiltersTestJSON:setUpClass): 200 GET http://10.180.1.21/compute/v2.1/servers/3ce62ec7-6274-441f-989b-6f27a64b0c18 0.163s
2024-10-24 12:10:57.991 63176 INFO tempest.lib.common.rest_client [req-e71fea11-88cb-4660-89bc-1b4da001e563 req-e71fea11-88cb-4660-89bc-1b4da001e563 ] Request (InstanceActionsNegativeTestJSON:setUpClass): 200 GET http://10.180.1.21/compute/v2.1/servers/964f98e4-3462-4362-b551-576302776f3a 0.124s
2024-10-24 12:10:57.993 63200 INFO tempest.lib.common.rest_client [req-3e308786-84f8-4469-b839-bfe301a7a259 req-3e308786-84f8-4469-b839-bfe301a7a259 ] Request (ServerShowV247Test:tearDownClass): 200 GET http://10.180.1.21/compute/v2.1/servers/f3509973-013e-45ce-87f9-357e782f26d7 0.141s
2024-10-24 12:10:58.049 63172 INFO tempest.lib.common.rest_client [req-5994f4bf-2d20-4e84-bb2c-eb8976599643 req-5994f4bf-2d20-4e84-bb2c-eb8976599643 ] Request (ValidationResourcesFixture:setUp): 201 POST http://10.180.1.21:9696/networking/v2.0/security-group-rules 0.300s
2024-10-24 12:10:58.093 63188 INFO tempest.lib.common.rest_client [req-534c6bdd-a3d7-48a7-9a42-cbc21b99a040 req-534c6bdd-a3d7-48a7-9a42-cbc21b99a040 ] Request (InstanceActionsTestJSON:tearDownClass): 204 DELETE http://10.180.1.21:9696/networking/v2.0/networks/8efc9435-9b88-4324-a656-2847a8755525 0.625s
2024-10-24 12:10:58.139 63190 INFO tempest.lib.common.rest_client [req-bfc87176-79cf-4864-b75f-76064de392d0 req-bfc87176-79cf-4864-b75f-76064de392d0 ] Request (ServersAdminTestJSON:setUpClass): 200 GET http://10.180.1.21/compute/v2.1/servers/220578cb-17b1-4b46-8c4a-f676c04fc5e8 0.209s
2024-10-24 12:10:58.140 63202 INFO tempest.lib.common.rest_client [req-650f6d24-c1f9-400c-9f97-dbe60770b4e7 req-650f6d24-c1f9-400c-9f97-dbe60770b4e7 ] Request (ServerShowV257Test:test_rebuild_server): 200 GET http://10.180.1.21/compute/v2.1/servers/44339b45-5183-4882-aaec-4070adc3c3dd 0.229s
2024-10-24 12:10:58.235 63162 INFO tempest.lib.common.rest_client [req-1e6a238b-794f-4e31-a2f9-20676cf2fd21 req-1e6a238b-794f-4e31-a2f9-20676cf2fd21 ] Request (TenantUsagesTestJSON:setUpClass): 200 GET http://10.180.1.21/compute/v2.1/servers/d73f5ea8-529a-44e3-8239-5aaa4534d1cc 0.160s
2024-10-24 12:10:58.262 63197 INFO tempest.lib.common.rest_client [req-a38cd0fb-9207-4b06-b52c-517a1700dfa8 req-a38cd0fb-9207-4b06-b52c-517a1700dfa8 ] Request (ServersV294TestFqdnHostnames:setUpClass): 200 GET http://10.180.1.21/compute/v2.1/servers/821366f1-f1b0-4b78-8f7e-db8fd3bb123e 0.163s
2024-10-24 12:10:58.294 63172 INFO tempest.lib.common.rest_client [req-837dea2b-c45b-4cf2-8c93-097ef683fe27 req-837dea2b-c45b-4cf2-8c93-097ef683fe27 ] Request (ValidationResourcesFixture:setUp): 201 POST http://10.180.1.21:9696/networking/v2.0/security-group-rules 0.244s
2024-10-24 12:10:58.310 63180 INFO tempest.lib.common.rest_client [req-0a410e0e-02e4-4dd3-a78a-de5f85726c1e req-0a410e0e-02e4-4dd3-a78a-de5f85726c1e ] Request (ServerDiskConfigTestJSON:test_rebuild_server_with_manual_disk_config): 200 GET http://10.180.1.21/compute/v2.1/servers/c5aaadb0-f9a1-4af9-b882-86d847185a19 0.153s
2024-10-24 12:10:58.313 63188 INFO tempest.lib.common.rest_client [req-643acc98-ae68-404e-818e-3c76c43c9cd2 req-643acc98-ae68-404e-818e-3c76c43c9cd2 ] Request (InstanceActionsTestJSON:tearDownClass): 204 DELETE http://10.180.1.21/identity/v3/users/322926325d12480c947dba38fda00899 0.219s
2024-10-24 12:10:58.313 63188 INFO tempest.lib.common.dynamic_creds [-] Deleting project and security group for project: f48fa131f322400cb28c969ceb9b7cc2
2024-10-24 12:10:58.335 63194 INFO tempest.lib.common.rest_client [req-da0a4416-9427-432d-969e-36a7e59210d5 req-da0a4416-9427-432d-969e-36a7e59210d5 ] Request (ServerActionsTestJSON:setUpClass): 200 GET http://10.180.1.21/compute/v2.1/servers/15938dfe-a697-450b-8c88-ff4ef703ee1f 0.168s
2024-10-24 12:10:58.374 63164 INFO tempest.lib.common.rest_client [req-e3a2a57c-770f-4b7d-afd4-f11ba84ac172 req-e3a2a57c-770f-4b7d-afd4-f11ba84ac172 ] Request (ServerRescueNegativeTestJSON:setUpClass): 200 GET http://10.180.1.21/compute/v2.1/servers/e1f45ab1-53fe-417d-b9f1-8ca1e7ce1fa6 0.135s
2024-10-24 12:10:58.384 63188 INFO tempest.lib.common.rest_client [req-3e56f725-c71b-482e-b9f0-f8947fe568e4 req-3e56f725-c71b-482e-b9f0-f8947fe568e4 ] Request (InstanceActionsTestJSON:tearDownClass): 200 GET http://10.180.1.21:9696/networking/v2.0/security-groups?tenant_id=f48fa131f322400cb28c969ceb9b7cc2&name=default 0.071s
2024-10-24 12:10:58.427 63156 INFO tempest.lib.common.rest_client [req-960a4837-e959-4998-ad6a-3605e3763d1b req-960a4837-e959-4998-ad6a-3605e3763d1b ] Request (ServerTagsTestJSON:setUpClass): 200 GET http://10.180.1.21/compute/v2.1/servers/e24c8bf2-1616-4a5a-b6ce-0c256e78b213 0.188s
2024-10-24 12:10:58.441 63174 INFO tempest.lib.common.rest_client [req-cd01635a-765f-4312-9980-af5179d4fc3c req-cd01635a-765f-4312-9980-af5179d4fc3c ] Request (SecurityGroupsTestJSON:test_list_security_groups_by_server): 200 GET http://10.180.1.21/compute/v2.1/servers/8399d066-43bc-4766-97c8-89d74f3283f0 0.136s
2024-10-24 12:10:58.536 63184 INFO tempest.lib.common.rest_client [req-8b634a45-c885-47e7-9dff-9f0acf1c0548 req-8b634a45-c885-47e7-9dff-9f0acf1c0548 ] Request (VolumesAdminNegativeTest:test_update_attached_volume_with_nonexistent_volume_in_uri): 200 GET http://10.180.1.21/compute/v2.1/servers/8bda7658-2b86-4869-89e2-b10d7119ae18 0.111s
2024-10-24 12:10:58.539 63166 INFO tempest.lib.common.rest_client [req-fbdaeb02-4990-4d40-ba5e-afbe346e3b2b req-fbdaeb02-4990-4d40-ba5e-afbe346e3b2b ] Request (ServerMetadataNegativeTestJSON:setUpClass): 200 GET http://10.180.1.21/compute/v2.1/servers/0419073e-5340-4805-a1e0-417ccf5fdd30 0.175s
2024-10-24 12:10:58.598 63178 INFO tempest.lib.common.rest_client [req-d4350288-e85c-452e-a9a0-3d3b8d771bb2 req-d4350288-e85c-452e-a9a0-3d3b8d771bb2 ] Request (ServersTestJSON:setUpClass): 200 GET http://10.180.1.21/compute/v2.1/servers/62cfca0a-e8c6-4f94-8e6f-1136cfcf3089 0.062s
2024-10-24 12:10:58.606 63206 INFO tempest.lib.common.rest_client [req-63549af1-4eed-451b-afb6-5ef43610a616 req-63549af1-4eed-451b-afb6-5ef43610a616 ] Request (MultipleCreateTestJSON:test_multiple_create): 200 GET http://10.180.1.21/compute/v2.1/servers/41218b72-0b79-496a-855f-57a972dabd0b 0.121s
2024-10-24 12:10:58.654 63150 INFO tempest.lib.common.rest_client [req-fbb6803d-e21f-4b84-9645-b4f3239345c2 req-fbb6803d-e21f-4b84-9645-b4f3239345c2 ] Request (ServersTestFqdnHostnames:test_create_server_with_fqdn_name): 200 GET http://10.180.1.21/compute/v2.1/servers/c10d840e-ce05-4af3-ba2d-6214eefd8783 0.050s
2024-10-24 12:10:58.665 63154 INFO tempest.lib.common.rest_client [req-f0466146-e49e-48ce-8b95-c4d3c05060c5 req-f0466146-e49e-48ce-8b95-c4d3c05060c5 ] Request (AttachVolumeNegativeTest:test_attach_attached_volume_to_different_server): 200 GET http://10.180.1.21/compute/v2.1/servers/364c5d87-f261-439a-920e-874ee0bcf83b 0.122s
2024-10-24 12:10:58.679 63188 INFO tempest.lib.common.rest_client [req-e7c54df8-7dbb-4438-be37-f2a3d973f196 req-e7c54df8-7dbb-4438-be37-f2a3d973f196 ] Request (InstanceActionsTestJSON:tearDownClass): 204 DELETE http://10.180.1.21:9696/networking/v2.0/security-groups/4c5e2d80-728d-4f7b-8ec8-fc2a0ee0b2b7 0.293s
2024-10-24 12:10:58.706 63160 INFO tempest.lib.common.rest_client [req-a19ab923-c9c4-49b2-9f08-f679e1a9044d req-a19ab923-c9c4-49b2-9f08-f679e1a9044d ] Request (MigrationsAdminTest:test_resize_server_revert_deleted_flavor): 200 GET http://10.180.1.21/compute/v2.1/servers/ad283bc7-b422-4836-a503-d3d9ae4fe3c1 0.101s
2024-10-24 12:10:58.734 63170 INFO tempest.lib.common.rest_client [req-28ebcd29-4c49-4e29-8786-aad896d38e6e req-28ebcd29-4c49-4e29-8786-aad896d38e6e ] Request (FloatingIPsAssociationTestJSON:setUpClass): 200 GET http://10.180.1.21/compute/v2.1/servers/67554dc7-fb72-47e1-8201-f5fda035a2d3 0.063s
2024-10-24 12:10:58.806 63212 INFO tempest.lib.common.rest_client [req-b9b7b7e1-82c6-4b0a-9b0d-87c71e91bee6 req-b9b7b7e1-82c6-4b0a-9b0d-87c71e91bee6 ] Request (ServersTestMultiNic:test_verify_duplicate_network_nics): 200 GET http://10.180.1.21/compute/v2.1/servers/294e3321-e826-4a56-bbd0-893261d65283 0.077s
2024-10-24 12:10:58.895 63188 INFO tempest.lib.common.rest_client [req-42485ffc-651b-411c-bbc1-1c44d63fae1d req-42485ffc-651b-411c-bbc1-1c44d63fae1d ] Request (InstanceActionsTestJSON:tearDownClass): 204 DELETE http://10.180.1.21/identity/v3/projects/f48fa131f322400cb28c969ceb9b7cc2 0.216s
2024-10-24 12:10:58.952 63210 INFO tempest.lib.common.rest_client [req-e2cb3d42-e7f6-4d53-9ecc-d5058ca05681 req-e2cb3d42-e7f6-4d53-9ecc-d5058ca05681 ] Request (ListServersNegativeTestJSON:setUpClass): 200 GET http://10.180.1.21/compute/v2.1/servers/283ffd74-3891-4b5e-bcf5-49b265978051 0.135s
2024-10-24 12:10:59.023 63192 INFO tempest.lib.common.rest_client [req-44ddfba5-457b-4983-92b4-83041adc587b req-44ddfba5-457b-4983-92b4-83041adc587b ] Request (ServersTestJSON:test_create_server_specify_multibyte_character_name): 200 GET http://10.180.1.21/compute/v2.1/servers/98c19874-7c71-4e20-aa29-2ddc53df7e81 0.115s
2024-10-24 12:10:59.091 63168 INFO tempest.lib.common.rest_client [req-508f34c0-96bc-46b0-8151-242670487dc6 req-508f34c0-96bc-46b0-8151-242670487dc6 ] Request (DeleteServersAdminTestJSON:test_admin_delete_servers_of_others): 200 GET http://10.180.1.21/compute/v2.1/servers/91328e42-ba3c-4d63-a805-973c2bfa2afb 0.238s
2024-10-24 12:10:59.099 63186 INFO tempest.lib.common.rest_client [req-7cb1a53a-6454-481b-94d2-2c7fb4a35ffa req-7cb1a53a-6454-481b-94d2-2c7fb4a35ffa ] Request (ListImageFiltersTestJSON:setUpClass): 200 GET http://10.180.1.21/compute/v2.1/servers/3ce62ec7-6274-441f-989b-6f27a64b0c18 0.178s
2024-10-24 12:10:59.103 63168 INFO tempest.common.waiters [-] State transition "BUILD/block_device_mapping" ==> "BUILD/spawning" after 73 second wait
2024-10-24 12:10:59.155 63176 INFO tempest.lib.common.rest_client [req-a7a3c273-0b93-421d-89e1-7441865ccbcd req-a7a3c273-0b93-421d-89e1-7441865ccbcd ] Request (InstanceActionsNegativeTestJSON:setUpClass): 200 GET http://10.180.1.21/compute/v2.1/servers/964f98e4-3462-4362-b551-576302776f3a 0.151s
2024-10-24 12:10:59.159 63158 INFO tempest.lib.common.rest_client [req-7e1a54df-c178-46dd-964e-c66ef5991d11 req-7e1a54df-c178-46dd-964e-c66ef5991d11 ] Request (ServerPasswordTestJSON:setUpClass): 200 PUT http://10.180.1.21:9696/networking/v2.0/routers/bbe096dc-d5f8-42a4-9166-a8e90768bbed/add_router_interface 1.374s
2024-10-24 12:10:59.159 63158 INFO tempest.lib.common.dynamic_creds [-] Created isolated network resources for: credentials: Credentials: {'domain_id': 'default', 'domain_name': 'Default', 'username': 'tempest-ServerPasswordTestJSON-132971919-project-member', 'project_domain_id': 'default', 'project_domain_name': 'Default', 'project_id': '08363f37cd4246ba97abde2dbb87bf8b', 'project_name': 'tempest-ServerPasswordTestJSON-132971919', 'tenant_id': '08363f37cd4246ba97abde2dbb87bf8b', 'tenant_name': 'tempest-ServerPasswordTestJSON-132971919', 'user_domain_id': 'default', 'user_domain_name': 'Default', 'user_id': 'b6dcc35fb57b46a2a753d8e4319ff290', 'system': None}, Network: {'id': '19a190dd-0996-4534-8d30-8ae49815447e', 'name': 'tempest-ServerPasswordTestJSON-2100593340-network', 'tenant_id': '08363f37cd4246ba97abde2dbb87bf8b', 'admin_state_up': True, 'mtu': 8950, 'status': 'ACTIVE', 'subnets': [], 'shared': False, 'project_id': '08363f37cd4246ba97abde2dbb87bf8b', 'port_security_enabled': True, 'router:external': False, 'provider:network_type': 'vlan', 'provider:physical_network': 'default', 'provider:segmentation_id': 679, 'is_default': False, 'availability_zone_hints': [], 'availability_zones': [], 'ipv4_address_scope': None, 'ipv6_address_scope': None, 'description': '', 'tags': [], 'created_at': '2024-10-24T12:10:55Z', 'updated_at': '2024-10-24T12:10:55Z', 'revision_number': 1}, Subnet: {'id': 'b29d2793-5b92-4831-9c87-dee54bc37b62', 'name': 'tempest-ServerPasswordTestJSON-2100593340-subnet', 'tenant_id': '08363f37cd4246ba97abde2dbb87bf8b', 'network_id': '19a190dd-0996-4534-8d30-8ae49815447e', 'ip_version': 4, 'subnetpool_id': None, 'enable_dhcp': True, 'ipv6_ra_mode': None, 'ipv6_address_mode': None, 'gateway_ip': '192.168.128.1', 'cidr': '192.168.128.0/28', 'allocation_pools': [{'start': '192.168.128.2', 'end': '192.168.128.14'}], 'host_routes': [], 'dns_nameservers': [], 'description': '', 'router:external': False, 'service_types': [], 'tags': [], 'created_at': '2024-10-24T12:10:56Z', 'updated_at': '2024-10-24T12:10:56Z', 'revision_number': 0, 'project_id': '08363f37cd4246ba97abde2dbb87bf8b'}, Router: {'id': 'bbe096dc-d5f8-42a4-9166-a8e90768bbed', 'name': 'tempest-ServerPasswordTestJSON-2100593340-router', 'tenant_id': '08363f37cd4246ba97abde2dbb87bf8b', 'admin_state_up': True, 'status': 'ACTIVE', 'external_gateway_info': {'network_id': '611d0f1a-744c-400c-a15b-5738b29c4f6d', 'external_fixed_ips': [{'subnet_id': '15af82cb-1f59-4758-9f71-cd7cd1e30a5f', 'ip_address': '10.180.180.213'}], 'enable_snat': True}, 'description': '', 'availability_zones': [], 'distributed': False, 'ha': False, 'availability_zone_hints': [], 'routes': [], 'flavor_id': None, 'tags': [], 'created_at': '2024-10-24T12:10:56Z', 'updated_at': '2024-10-24T12:10:57Z', 'revision_number': 2, 'project_id': '08363f37cd4246ba97abde2dbb87bf8b'}
2024-10-24 12:10:59.182 63200 INFO tempest.lib.common.rest_client [req-656f2176-e339-4ebe-95c4-1d7c016282cc req-656f2176-e339-4ebe-95c4-1d7c016282cc ] Request (ServerShowV247Test:tearDownClass): 200 GET http://10.180.1.21/compute/v2.1/servers/f3509973-013e-45ce-87f9-357e782f26d7 0.176s
2024-10-24 12:10:59.189 63172 INFO tempest.lib.common.rest_client [req-a3ed967a-8d87-4d78-830d-42e472657c62 req-a3ed967a-8d87-4d78-830d-42e472657c62 ] Request (ValidationResourcesFixture:setUp): 201 POST http://10.180.1.21:9696/networking/v2.0/floatingips 0.894s
2024-10-24 12:10:59.218 63190 INFO tempest.lib.common.rest_client [req-a0ce9366-4676-4e64-a847-cfce2d7c1440 req-a0ce9366-4676-4e64-a847-cfce2d7c1440 ] Request (ServersAdminTestJSON:setUpClass): 200 GET http://10.180.1.21/compute/v2.1/servers/220578cb-17b1-4b46-8c4a-f676c04fc5e8 0.070s
2024-10-24 12:10:59.248 63202 INFO tempest.lib.common.rest_client [req-aaaaf55b-0871-4583-b24d-dc6b012c94fa req-aaaaf55b-0871-4583-b24d-dc6b012c94fa ] Request (ServerShowV257Test:test_rebuild_server): 200 GET http://10.180.1.21/compute/v2.1/servers/44339b45-5183-4882-aaec-4070adc3c3dd 0.094s
2024-10-24 12:10:59.260 63172 INFO tempest.lib.common.rest_client [req-1ef13464-a255-41cc-8f35-76e9c4012153 req-1ef13464-a255-41cc-8f35-76e9c4012153 ] Request (AttachVolumeShelveTestJSON:test_attach_volume_shelved_or_offload_server): 201 POST http://10.180.1.21/identity/v3/auth/tokens 0.064s
2024-10-24 12:10:59.260 63172 INFO tempest.lib.common.fixed_network [-] (AttachVolumeShelveTestJSON:test_attach_volume_shelved_or_offload_server) Found network {'id': 'c4298e11-ab16-4b37-be29-48fc406e74b0', 'name': 'tempest-AttachVolumeShelveTestJSON-695272838-network', 'tenant_id': '15315f8e77d749a4b2b0211c3b22b546', 'admin_state_up': True, 'mtu': 8950, 'status': 'ACTIVE', 'subnets': [], 'shared': False, 'project_id': '15315f8e77d749a4b2b0211c3b22b546', 'port_security_enabled': True, 'router:external': False, 'provider:network_type': 'vlan', 'provider:physical_network': 'default', 'provider:segmentation_id': 432, 'is_default': False, 'availability_zone_hints': [], 'availability_zones': [], 'ipv4_address_scope': None, 'ipv6_address_scope': None, 'description': '', 'tags': [], 'created_at': '2024-10-24T12:10:54Z', 'updated_at': '2024-10-24T12:10:54Z', 'revision_number': 1} available for tenant
2024-10-24 12:10:59.282 63158 INFO tempest.lib.common.rest_client [req-22cf6100-f07b-4ba6-bcad-6451cd6a2386 req-22cf6100-f07b-4ba6-bcad-6451cd6a2386 ] Request (ServerPasswordTestJSON:setUpClass): 201 POST http://10.180.1.21/identity/v3/auth/tokens 0.120s
2024-10-24 12:10:59.311 63162 INFO tempest.lib.common.rest_client [req-808e1198-5044-4e01-9337-53b161df18d8 req-808e1198-5044-4e01-9337-53b161df18d8 ] Request (TenantUsagesTestJSON:setUpClass): 200 GET http://10.180.1.21/compute/v2.1/servers/d73f5ea8-529a-44e3-8239-5aaa4534d1cc 0.068s
2024-10-24 12:10:59.314 63158 INFO tempest.lib.common.rest_client [req-ed961162-3166-4a46-8884-8457d5fd38a1 req-ed961162-3166-4a46-8884-8457d5fd38a1 ] Request (ServerPasswordTestJSON:setUpClass): 201 POST http://10.180.1.21/identity/v3/auth/tokens 0.028s
