2024-09-10 08:54:28.195 62261 INFO tempest.lib.common.rest_client [req-a45c2ffd-30e2-4aaa-84a7-e7a885cc03b9 req-a45c2ffd-30e2-4aaa-84a7-e7a885cc03b9 ] Request (ServersAdminNegativeTestJSON:setUpClass): 200 GET http://10.180.1.21/compute/v2.1/servers/ebd55d0b-c807-4adc-b1e4-b738f61b9bb3 0.514s
2024-09-10 08:54:28.277 62241 INFO tempest.lib.common.rest_client [req-be54e5cd-b3b1-40de-85ef-a94769f93f37 req-be54e5cd-b3b1-40de-85ef-a94769f93f37 ] Request (ServerDiagnosticsV248Test:setUpClass): 201 POST http://10.180.1.21/identity/v3/auth/tokens 0.088s
2024-09-10 08:54:28.288 62283 INFO tempest.lib.common.rest_client [req-d1a7e0e5-71d4-42c4-9122-50a8dc4909d7 req-d1a7e0e5-71d4-42c4-9122-50a8dc4909d7 ] Request (ServerRescueTestJSONUnderV235:setUpClass): 200 GET http://10.180.1.21/compute/v2.1/servers/ac219077-ed13-45ee-8d47-ff5dd5abe89a 0.501s
2024-09-10 08:54:28.296 62269 INFO tempest.lib.common.rest_client [req-a5892896-8d0e-4d86-a445-263b833428e9 req-a5892896-8d0e-4d86-a445-263b833428e9 ] Request (QuotasAdminTestJSON:test_update_all_quota_resources_for_tenant): 200 PUT http://10.180.1.21/compute/v2.1/os-quota-sets/d91457ddb1f74a53ab01c86b716326e1 0.758s
2024-09-10 08:54:28.313 62273 INFO tempest.lib.common.rest_client [req-bd445ab1-4df4-4c69-bd96-239d1bc84962 req-bd445ab1-4df4-4c69-bd96-239d1bc84962 ] Request (MultipleCreateTestJSON:test_multiple_create): 404 GET http://10.180.1.21/compute/v2.1/servers/becd14dd-9ad6-4c5d-86b9-babd03dc0d92 0.521s
2024-09-10 08:54:28.338 62241 INFO tempest.lib.common.rest_client [req-b9c6756c-7269-447f-9478-d113905aa418 req-b9c6756c-7269-447f-9478-d113905aa418 ] Request (ServerDiagnosticsV248Test:test_get_server_diagnostics): 201 POST http://10.180.1.21/identity/v3/auth/tokens 0.056s
2024-09-10 08:54:28.339 62241 INFO tempest.lib.common.fixed_network [-] (ServerDiagnosticsV248Test:test_get_server_diagnostics) Found network None available for tenant
2024-09-10 08:54:28.378 62291 INFO tempest.lib.common.rest_client [req-43eaf878-e63f-42f8-b565-a60f60cee99c req-43eaf878-e63f-42f8-b565-a60f60cee99c ] Request (ServerAddressesNegativeTestJSON:setUpClass): 201 POST http://10.180.1.21:9696/networking/v2.0/networks 0.962s
2024-09-10 08:54:28.403 62275 INFO tempest.lib.common.rest_client [req-614c7f4c-8a52-46ee-bc43-41a6903265f9 req-614c7f4c-8a52-46ee-bc43-41a6903265f9 ] Request (ServerExternalEventsTest:test_create_server_external_events): 200 GET http://10.180.1.21/compute/v2.1/servers/3252888a-31ec-4d93-a8e2-b67aa0bab1e8 0.607s
2024-09-10 08:54:28.451 62282 INFO tempest.lib.common.rest_client [req-85d22c5e-a676-430c-9977-3ba21b87796d req-85d22c5e-a676-430c-9977-3ba21b87796d ] Request (FlavorsAccessNegativeTestJSON:tearDownClass): 200 GET http://10.180.1.21:9696/networking/v2.0/security-groups?tenant_id=7d381b90fcb84d1f816425247810886c&name=default 0.444s
2024-09-10 08:54:28.469 62273 INFO tempest.lib.common.rest_client [req-3c69ced4-83b2-4543-8ebb-5468422e1143 req-3c69ced4-83b2-4543-8ebb-5468422e1143 ] Request (MultipleCreateTestJSON:test_multiple_create_with_reservation_return): 201 POST http://10.180.1.21/identity/v3/auth/tokens 0.085s
2024-09-10 08:54:28.470 62273 INFO tempest.lib.common.fixed_network [-] (MultipleCreateTestJSON:test_multiple_create_with_reservation_return) Found network {'id': 'a40cc2c5-85a3-4ff0-a6c0-36f98fc96249', 'name': 'tempest-MultipleCreateTestJSON-783559288-network', 'tenant_id': '496222f4ed8a400b99044de6e97c439c', 'admin_state_up': True, 'mtu': 8950, 'status': 'ACTIVE', 'subnets': [], 'shared': False, 'project_id': '496222f4ed8a400b99044de6e97c439c', 'port_security_enabled': True, 'router:external': False, 'provider:network_type': 'vlan', 'provider:physical_network': 'default', 'provider:segmentation_id': 642, 'is_default': False, 'availability_zone_hints': [], 'availability_zones': [], 'ipv4_address_scope': None, 'ipv6_address_scope': None, 'description': '', 'tags': [], 'created_at': '2024-09-10T08:53:43Z', 'updated_at': '2024-09-10T08:53:43Z', 'revision_number': 1} available for tenant
2024-09-10 08:54:28.502 62245 INFO tempest.lib.common.rest_client [req-d45c212b-0f9b-49a9-8b9e-7e70c9394852 req-d45c212b-0f9b-49a9-8b9e-7e70c9394852 ] Request (TenantUsagesTestJSON:setUpClass): 200 GET http://10.180.1.21/compute/v2.1/servers/278cba4c-5bfb-42e0-b502-8f524ba1f380 0.617s
2024-09-10 08:54:28.505 62251 INFO tempest.lib.common.rest_client [req-eb325ba2-c104-42b1-a2b8-590f7a241649 req-eb325ba2-c104-42b1-a2b8-590f7a241649 ] Request (InstanceActionsTestJSON:tearDownClass): 204 DELETE http://10.180.1.21:9696/networking/v2.0/routers/d9a1b10d-58c2-4572-b1e5-596c5ed49954 1.568s
2024-09-10 08:54:28.562 62271 INFO tempest.lib.common.rest_client [req-0f10c038-8104-41e4-a8f9-094101ad01d7 req-0f10c038-8104-41e4-a8f9-094101ad01d7 ] Request (QuotasAdminNegativeTest:tearDownClass): 204 DELETE http://10.180.1.21:9696/networking/v2.0/security-groups/0af6825d-65cc-4a28-b54e-a5d2f15cbf84 0.418s
2024-09-10 08:54:28.573 62295 INFO tempest.lib.common.rest_client [req-397b145f-c289-411f-8dfa-74fbb5cc0629 req-397b145f-c289-411f-8dfa-74fbb5cc0629 ] Request (ServerRescueTestJSON:setUpClass): 200 GET http://10.180.1.21/compute/v2.1/servers/853dd1f7-e8f7-4d55-b53b-933ed8861b3d 0.676s
2024-09-10 08:54:28.605 62293 INFO tempest.lib.common.rest_client [req-900cfa8e-7c41-4294-8f82-055c5807466a req-900cfa8e-7c41-4294-8f82-055c5807466a ] Request (ImagesMetadataTestJSON:setUp): 200 PUT http://10.180.1.21/compute/v2.1/images/1d3e5ac7-c034-4f6b-96ea-06bb799651bb/metadata 0.743s
2024-09-10 08:54:28.642 62237 INFO tempest.lib.common.rest_client [req-8ac01ef0-3ee5-417e-95bc-6a03f9eefd36 req-8ac01ef0-3ee5-417e-95bc-6a03f9eefd36 ] Request (ListImageFiltersTestJSON:setUpClass): 200 GET http://10.180.1.21/compute/v2.1/servers/d5a54c46-1a45-4bd5-8694-0defc757c455 0.688s
2024-09-10 08:54:28.648 62267 INFO tempest.lib.common.rest_client [req-6471f3b8-f925-45e4-8bf8-cb5851e878ac req-6471f3b8-f925-45e4-8bf8-cb5851e878ac ] Request (AggregatesAdminNegativeTestJSON:test_aggregate_remove_host_as_user): 403 POST http://10.180.1.21/compute/v2.1/os-aggregates/7/action 0.654s
2024-09-10 08:54:28.681 62289 INFO tempest.lib.common.rest_client [req-3578ee06-dc4f-4408-bbbe-d9d6e9d04ded req-3578ee06-dc4f-4408-bbbe-d9d6e9d04ded ] Request (FloatingIPsNegativeTestJSON:tearDownClass): 204 DELETE http://10.180.1.21:9696/networking/v2.0/routers/18c6b193-3c48-4815-bdc7-1ce77870f811 1.382s
2024-09-10 08:54:28.686 62271 INFO tempest.lib.common.rest_client [req-56254923-717f-44bd-82f4-8ffcad6249d0 req-56254923-717f-44bd-82f4-8ffcad6249d0 ] Request (QuotasAdminNegativeTest:tearDownClass): 204 DELETE http://10.180.1.21/identity/v3/projects/e12087f20e2d497e81ca5e418a01ed69 0.123s
2024-09-10 08:54:28.687 62271 INFO tempest.lib.common.dynamic_creds [-] Deleting project and security group for project: 18f84f0b915d4696a052829d251f5ef5
2024-09-10 08:54:28.714 62263 INFO tempest.lib.common.rest_client [req-e089b22d-8016-4c47-9b2f-61a27abb11b5 req-e089b22d-8016-4c47-9b2f-61a27abb11b5 ] Request (ServersTestJSON:setUpClass): 200 GET http://10.180.1.21/compute/v2.1/servers/303d1ec5-cc8a-4f25-a36f-aec39e856766 0.721s
2024-09-10 08:54:28.742 62253 INFO tempest.lib.common.rest_client [req-79a30e3a-3579-49d7-919c-8e289fd97a40 req-79a30e3a-3579-49d7-919c-8e289fd97a40 ] Request (VolumesAdminNegativeTest:test_update_attached_volume_with_nonexistent_volume_in_body): 200 GET http://10.180.1.21/compute/v2.1/servers/f59d6eee-6c40-4a99-b141-626e68308270 0.690s
2024-09-10 08:54:28.763 62257 INFO tempest.lib.common.rest_client [req-89ee112e-953c-484a-b7d4-8eb15c87404c req-89ee112e-953c-484a-b7d4-8eb15c87404c ] Request (ServicesAdminNegativeV253TestJSON:test_get_service_by_invalid_params): 200 GET http://10.180.1.21/compute/v2.1/os-services?xxx=nova-compute 0.650s
2024-09-10 08:54:28.787 62247 INFO tempest.lib.common.rest_client [req-7f88b0e2-47e2-4abc-92de-bbe10e6a1870 req-7f88b0e2-47e2-4abc-92de-bbe10e6a1870 ] Request (ServersWithSpecificFlavorTestJSON:test_verify_created_server_ephemeral_disk): 200 GET http://10.180.1.21/compute/v2.1/servers/596463d7-04ca-4f29-8adf-c451310aaf15 0.712s
2024-09-10 08:54:28.793 62247 INFO tempest.common.waiters [-] State transition "BUILD/scheduling" ==> "BUILD/None" after 13 second wait
2024-09-10 08:54:28.834 62282 INFO tempest.lib.common.rest_client [req-2421eb80-7bd4-42fd-87dc-fdcc65890439 req-2421eb80-7bd4-42fd-87dc-fdcc65890439 ] Request (FlavorsAccessNegativeTestJSON:tearDownClass): 204 DELETE http://10.180.1.21:9696/networking/v2.0/security-groups/60439b1e-bc80-4e1a-b2ec-bc1abcc0c19a 0.383s
2024-09-10 08:54:28.859 62287 INFO tempest.lib.common.rest_client [req-94870028-ab01-4c9d-afad-ca2712e992b1 req-94870028-ab01-4c9d-afad-ca2712e992b1 ] Request (SecurityGroupsTestJSON:test_list_security_groups_by_server): 200 GET http://10.180.1.21/compute/v2.1/servers/862694a5-63f8-4e2d-982a-329f4a071d29 0.709s
2024-09-10 08:54:28.887 62277 INFO tempest.lib.common.rest_client [req-0aeacd83-9bdb-40fc-9dca-fa46cf08dc27 req-0aeacd83-9bdb-40fc-9dca-fa46cf08dc27 ] Request (ServerActionsTestJSON:setUpClass): 200 PUT http://10.180.1.21:9696/networking/v2.0/routers/13a187d1-8fc1-4d24-b065-b997238beb69/add_router_interface 2.760s
2024-09-10 08:54:28.887 62277 INFO tempest.lib.common.dynamic_creds [-] Created isolated network resources for: credentials: Credentials: {'domain_id': 'default', 'domain_name': 'Default', 'username': 'tempest-ServerActionsTestJSON-2147235425-project-member', 'project_domain_id': 'default', 'project_domain_name': 'Default', 'project_id': '4c3e03b3825c43ca987d60b339fc0a52', 'project_name': 'tempest-ServerActionsTestJSON-2147235425', 'tenant_id': '4c3e03b3825c43ca987d60b339fc0a52', 'tenant_name': 'tempest-ServerActionsTestJSON-2147235425', 'user_domain_id': 'default', 'user_domain_name': 'Default', 'user_id': '64e08719d59b456786fce984cc1508e4', 'system': None}, Network: {'id': '31703010-5e86-4661-b23f-4a11092c3e0d', 'name': 'tempest-ServerActionsTestJSON-1952919046-network', 'tenant_id': '4c3e03b3825c43ca987d60b339fc0a52', 'admin_state_up': True, 'mtu': 8950, 'status': 'ACTIVE', 'subnets': [], 'shared': False, 'project_id': '4c3e03b3825c43ca987d60b339fc0a52', 'port_security_enabled': True, 'router:external': False, 'provider:network_type': 'vlan', 'provider:physical_network': 'default', 'provider:segmentation_id': 242, 'is_default': False, 'availability_zone_hints': [], 'availability_zones': [], 'ipv4_address_scope': None, 'ipv6_address_scope': None, 'description': '', 'tags': [], 'created_at': '2024-09-10T08:54:23Z', 'updated_at': '2024-09-10T08:54:23Z', 'revision_number': 1}, Subnet: {'id': 'fbb47f68-20c3-433e-ba3d-633b74f12de2', 'name': 'tempest-ServerActionsTestJSON-1952919046-subnet', 'tenant_id': '4c3e03b3825c43ca987d60b339fc0a52', 'network_id': '31703010-5e86-4661-b23f-4a11092c3e0d', 'ip_version': 4, 'subnetpool_id': None, 'enable_dhcp': True, 'ipv6_ra_mode': None, 'ipv6_address_mode': None, 'gateway_ip': '192.168.128.1', 'cidr': '192.168.128.0/28', 'allocation_pools': [{'start': '192.168.128.2', 'end': '192.168.128.14'}], 'host_routes': [], 'dns_nameservers': [], 'description': '', 'router:external': False, 'service_types': [], 'tags': [], 'created_at': '2024-09-10T08:54:24Z', 'updated_at': '2024-09-10T08:54:24Z', 'revision_number': 0, 'project_id': '4c3e03b3825c43ca987d60b339fc0a52'}, Router: {'id': '13a187d1-8fc1-4d24-b065-b997238beb69', 'name': 'tempest-ServerActionsTestJSON-1952919046-router', 'tenant_id': '4c3e03b3825c43ca987d60b339fc0a52', 'admin_state_up': True, 'status': 'ACTIVE', 'external_gateway_info': {'network_id': '87706325-4721-49e4-a802-5ebf35e1f8c5', 'external_fixed_ips': [{'subnet_id': 'ac6eef7a-3562-4e76-bf55-557a43aae022', 'ip_address': '10.180.180.235'}], 'enable_snat': True}, 'description': '', 'availability_zones': [], 'distributed': False, 'ha': False, 'availability_zone_hints': [], 'routes': [], 'flavor_id': None, 'tags': [], 'created_at': '2024-09-10T08:54:24Z', 'updated_at': '2024-09-10T08:54:25Z', 'revision_number': 2, 'project_id': '4c3e03b3825c43ca987d60b339fc0a52'}
2024-09-10 08:54:28.892 62291 INFO tempest.lib.common.rest_client [req-0a2bed0e-6367-4e67-b630-f9e3566880a6 req-0a2bed0e-6367-4e67-b630-f9e3566880a6 ] Request (ServerAddressesNegativeTestJSON:setUpClass): 201 POST http://10.180.1.21:9696/networking/v2.0/subnets 0.513s
2024-09-10 08:54:28.938 62251 INFO tempest.lib.common.rest_client [req-bedb32fb-fae0-4da0-b440-1a0db979440f req-bedb32fb-fae0-4da0-b440-1a0db979440f ] Request (InstanceActionsTestJSON:tearDownClass): 204 DELETE http://10.180.1.21:9696/networking/v2.0/subnets/0d38f5dd-42e0-4fbc-b8a6-4af1f1092bf2 0.433s
2024-09-10 08:54:28.948 62282 INFO tempest.lib.common.rest_client [req-3a640582-8dd4-497e-aef3-f610cf1bf260 req-3a640582-8dd4-497e-aef3-f610cf1bf260 ] Request (FlavorsAccessNegativeTestJSON:tearDownClass): 204 DELETE http://10.180.1.21/identity/v3/projects/7d381b90fcb84d1f816425247810886c 0.113s
2024-09-10 08:54:28.948 62282 INFO tempest.lib.common.dynamic_creds [-] Deleting project and security group for project: 01e60e35903746ab8d7556a3a87acd3f
2024-09-10 08:54:29.008 62277 INFO tempest.lib.common.rest_client [req-a166155a-987c-4f95-aa24-e50f89f00d58 req-a166155a-987c-4f95-aa24-e50f89f00d58 ] Request (ServerActionsTestJSON:setUpClass): 201 POST http://10.180.1.21/identity/v3/auth/tokens 0.113s
2024-09-10 08:54:29.090 62269 INFO tempest.lib.common.rest_client [req-831748fc-3756-4c4d-b7e3-2288c17327a1 req-831748fc-3756-4c4d-b7e3-2288c17327a1 ] Request (QuotasAdminTestJSON:_run_cleanups): 200 PUT http://10.180.1.21/compute/v2.1/os-quota-sets/d91457ddb1f74a53ab01c86b716326e1 0.792s
2024-09-10 08:54:29.113 62241 INFO tempest.lib.common.rest_client [req-18de3737-3b8f-4dc0-8cfb-cf6093f4debd req-18de3737-3b8f-4dc0-8cfb-cf6093f4debd ] Request (ServerDiagnosticsV248Test:test_get_server_diagnostics): 202 POST http://10.180.1.21/compute/v2.1/servers 0.773s
2024-09-10 08:54:29.179 62265 INFO tempest.lib.common.rest_client [req-eb992374-cdc8-458f-b1aa-e72dea929836 req-eb992374-cdc8-458f-b1aa-e72dea929836 ] Request (ImagesNegativeTestJSON:test_create_image_from_deleted_server): 200 GET http://10.180.1.21/compute/v2.1/servers/7bdf0b12-25d2-45a5-af57-b1bb31148f3d 0.713s
2024-09-10 08:54:29.275 62269 INFO tempest.lib.common.rest_client [req-2ca5c638-fa40-4d6d-ad6c-aecaf2c35ab2 req-2ca5c638-fa40-4d6d-ad6c-aecaf2c35ab2 ] Request (QuotasAdminTestJSON:tearDownClass): 204 DELETE http://10.180.1.21/identity/v3/users/7b38161dbd754118b38afb6bd7deef8a 0.182s
2024-09-10 08:54:29.313 62271 INFO tempest.lib.common.rest_client [req-569f63e7-8120-4d8b-bae5-ac17e0399e2b req-569f63e7-8120-4d8b-bae5-ac17e0399e2b ] Request (QuotasAdminNegativeTest:tearDownClass): 200 GET http://10.180.1.21:9696/networking/v2.0/security-groups?tenant_id=18f84f0b915d4696a052829d251f5ef5&name=default 0.626s
2024-09-10 08:54:29.359 62293 INFO tempest.lib.common.rest_client [req-c24641fe-dfa9-4cf0-901c-ae4331551066 req-c24641fe-dfa9-4cf0-901c-ae4331551066 ] Request (ImagesMetadataTestJSON:test_delete_image_metadata_item): 204 DELETE http://10.180.1.21/compute/v2.1/images/1d3e5ac7-c034-4f6b-96ea-06bb799651bb/metadata/os_version 0.753s
2024-09-10 08:54:29.362 62269 INFO tempest.lib.common.rest_client [req-ee3ca340-47cb-4e1c-bb59-b382227ac823 req-ee3ca340-47cb-4e1c-bb59-b382227ac823 ] Request (QuotasAdminTestJSON:tearDownClass): 204 DELETE http://10.180.1.21/identity/v3/users/f17465f992d5417d9d30deccc0f1bc92 0.086s
2024-09-10 08:54:29.362 62269 INFO tempest.lib.common.dynamic_creds [-] Deleting project and security group for project: d91457ddb1f74a53ab01c86b716326e1
2024-09-10 08:54:29.378 62289 INFO tempest.lib.common.rest_client [req-0f79b95c-4310-4437-b064-6661202c53fe req-0f79b95c-4310-4437-b064-6661202c53fe ] Request (FloatingIPsNegativeTestJSON:tearDownClass): 204 DELETE http://10.180.1.21:9696/networking/v2.0/subnets/cf5354b6-777a-4518-b30a-9e001ab3c2e4 0.697s
2024-09-10 08:54:29.423 62269 INFO tempest.lib.common.rest_client [req-0acb9001-652b-40f9-9e75-650e428d6cec req-0acb9001-652b-40f9-9e75-650e428d6cec ] Request (QuotasAdminTestJSON:tearDownClass): 201 POST http://10.180.1.21/identity/v3/auth/tokens 0.060s
2024-09-10 08:54:29.446 62255 INFO tempest.lib.common.rest_client [req-eae19630-8c60-44c3-b9ac-51816ad01ad3 req-eae19630-8c60-44c3-b9ac-51816ad01ad3 ] Request (ServersAdmin275Test:test_rebuild_update_server_275): 200 GET http://10.180.1.21/compute/v2.1/servers/2eeecb76-ff2d-4a9d-a86f-9e2b8e1fc6cc 0.818s
2024-09-10 08:54:29.525 62251 INFO tempest.lib.common.rest_client [req-3aca0864-2fa7-49f5-8c13-1ea1d5850c57 req-3aca0864-2fa7-49f5-8c13-1ea1d5850c57 ] Request (InstanceActionsTestJSON:tearDownClass): 204 DELETE http://10.180.1.21:9696/networking/v2.0/networks/99d47699-5b71-4ac4-9878-e0f94dad681e 0.587s
2024-09-10 08:54:29.582 62267 INFO tempest.lib.common.rest_client [req-5739dc6c-a17e-4dca-89f9-fca04eda9adf req-5739dc6c-a17e-4dca-89f9-fca04eda9adf ] Request (AggregatesAdminNegativeTestJSON:_run_cleanups): 200 POST http://10.180.1.21/compute/v2.1/os-aggregates/7/action 0.932s
2024-09-10 08:54:29.592 62282 INFO tempest.lib.common.rest_client [req-d898ea1d-870a-4835-b024-0ab84f9e5a97 req-d898ea1d-870a-4835-b024-0ab84f9e5a97 ] Request (FlavorsAccessNegativeTestJSON:tearDownClass): 200 GET http://10.180.1.21:9696/networking/v2.0/security-groups?tenant_id=01e60e35903746ab8d7556a3a87acd3f&name=default 0.644s
2024-09-10 08:54:29.599 62251 INFO tempest.lib.common.rest_client [req-1e74e95c-3b92-4780-ab44-cc391d4d639f req-1e74e95c-3b92-4780-ab44-cc391d4d639f ] Request (InstanceActionsTestJSON:tearDownClass): 204 DELETE http://10.180.1.21/identity/v3/users/a4ee8e14984f452c8465a887a8c8bf1b 0.073s
2024-09-10 08:54:29.599 62251 INFO tempest.lib.common.dynamic_creds [-] Deleting project and security group for project: 522f72e2c3874eeb81c670117759d980
2024-09-10 08:54:29.683 62243 INFO tempest.lib.common.rest_client [req-de10c188-b6dd-46fc-a7d7-4a0ca6b491b4 req-de10c188-b6dd-46fc-a7d7-4a0ca6b491b4 ] Request (FloatingIPsAssociationTestJSON:setUpClass): 200 PUT http://10.180.1.21:9696/networking/v2.0/routers/8a305898-33a1-4ef9-8bcb-725d38962965/add_router_interface 3.455s
2024-09-10 08:54:29.683 62243 INFO tempest.lib.common.dynamic_creds [-] Created isolated network resources for: credentials: Credentials: {'domain_id': 'default', 'domain_name': 'Default', 'username': 'tempest-FloatingIPsAssociationTestJSON-1227433622-project-member', 'project_domain_id': 'default', 'project_domain_name': 'Default', 'project_id': 'df7381568d0e44fbb8bb161e9d5e8bb7', 'project_name': 'tempest-FloatingIPsAssociationTestJSON-1227433622', 'tenant_id': 'df7381568d0e44fbb8bb161e9d5e8bb7', 'tenant_name': 'tempest-FloatingIPsAssociationTestJSON-1227433622', 'user_domain_id': 'default', 'user_domain_name': 'Default', 'user_id': 'fda120058c42481f9b06de4b03539f44', 'system': None}, Network: {'id': '751238cd-fe57-43f1-a0fe-f0282f02f685', 'name': 'tempest-FloatingIPsAssociationTestJSON-258090236-network', 'tenant_id': 'df7381568d0e44fbb8bb161e9d5e8bb7', 'admin_state_up': True, 'mtu': 8950, 'status': 'ACTIVE', 'subnets': [], 'shared': False, 'project_id': 'df7381568d0e44fbb8bb161e9d5e8bb7', 'port_security_enabled': True, 'router:external': False, 'provider:network_type': 'vlan', 'provider:physical_network': 'default', 'provider:segmentation_id': 926, 'is_default': False, 'availability_zone_hints': [], 'availability_zones': [], 'ipv4_address_scope': None, 'ipv6_address_scope': None, 'description': '', 'tags': [], 'created_at': '2024-09-10T08:54:24Z', 'updated_at': '2024-09-10T08:54:24Z', 'revision_number': 1}, Subnet: {'id': 'cff9fc9b-60cc-4e1a-85ed-c514c6332040', 'name': 'tempest-FloatingIPsAssociationTestJSON-258090236-subnet', 'tenant_id': 'df7381568d0e44fbb8bb161e9d5e8bb7', 'network_id': '751238cd-fe57-43f1-a0fe-f0282f02f685', 'ip_version': 4, 'subnetpool_id': None, 'enable_dhcp': True, 'ipv6_ra_mode': None, 'ipv6_address_mode': None, 'gateway_ip': '192.168.128.1', 'cidr': '192.168.128.0/28', 'allocation_pools': [{'start': '192.168.128.2', 'end': '192.168.128.14'}], 'host_routes': [], 'dns_nameservers': [], 'description': '', 'router:external': False, 'service_types': [], 'tags': [], 'created_at': '2024-09-10T08:54:24Z', 'updated_at': '2024-09-10T08:54:24Z', 'revision_number': 0, 'project_id': 'df7381568d0e44fbb8bb161e9d5e8bb7'}, Router: {'id': '8a305898-33a1-4ef9-8bcb-725d38962965', 'name': 'tempest-FloatingIPsAssociationTestJSON-258090236-router', 'tenant_id': 'df7381568d0e44fbb8bb161e9d5e8bb7', 'admin_state_up': True, 'status': 'ACTIVE', 'external_gateway_info': {'network_id': '87706325-4721-49e4-a802-5ebf35e1f8c5', 'external_fixed_ips': [{'subnet_id': 'ac6eef7a-3562-4e76-bf55-557a43aae022', 'ip_address': '10.180.180.129'}], 'enable_snat': True}, 'description': '', 'availability_zones': [], 'distributed': False, 'ha': False, 'availability_zone_hints': [], 'routes': [], 'flavor_id': None, 'tags': [], 'created_at': '2024-09-10T08:54:24Z', 'updated_at': '2024-09-10T08:54:25Z', 'revision_number': 2, 'project_id': 'df7381568d0e44fbb8bb161e9d5e8bb7'}
2024-09-10 08:54:29.689 62233 INFO tempest.lib.common.rest_client [req-deefb3a9-6724-4367-966e-fdc9aa583aff req-deefb3a9-6724-4367-966e-fdc9aa583aff ] Request (ServerDiagnosticsTest:test_get_server_diagnostics): 200 GET http://10.180.1.21/compute/v2.1/servers/9073413b-fc16-440b-84ad-6d8b826dc68a 0.977s
2024-09-10 08:54:29.697 62233 INFO tempest.common.waiters [-] State transition "BUILD/spawning" ==> "ERROR/None" after 33 second wait
2024-09-10 08:54:29.775 62251 INFO tempest.lib.common.rest_client [req-afc84855-516c-42b1-96bd-584ec3bdaee2 req-afc84855-516c-42b1-96bd-584ec3bdaee2 ] Request (InstanceActionsTestJSON:tearDownClass): 200 GET http://10.180.1.21:9696/networking/v2.0/security-groups?tenant_id=522f72e2c3874eeb81c670117759d980&name=default 0.174s
2024-09-10 08:54:29.810 62243 INFO tempest.lib.common.rest_client [req-16bb3118-8f26-447b-bfc0-e307954442f5 req-16bb3118-8f26-447b-bfc0-e307954442f5 ] Request (FloatingIPsAssociationTestJSON:setUpClass): 201 POST http://10.180.1.21/identity/v3/auth/tokens 0.121s
2024-09-10 08:54:29.822 62271 INFO tempest.lib.common.rest_client [req-f46c9b81-752a-4b77-983f-6994375c08f8 req-f46c9b81-752a-4b77-983f-6994375c08f8 ] Request (QuotasAdminNegativeTest:tearDownClass): 204 DELETE http://10.180.1.21:9696/networking/v2.0/security-groups/f7f15ec0-a8a5-4b86-aa60-a7993cd65265 0.508s
2024-09-10 08:54:29.825 62249 INFO tempest.lib.common.rest_client [req-b116a26a-e592-4bd2-bb57-47f0edb7380b req-b116a26a-e592-4bd2-bb57-47f0edb7380b ] Request (VolumesAssistedSnapshotsTest:test_volume_assisted_snapshot_create_delete): 200 GET http://10.180.1.21/compute/v2.1/servers/bdc007d4-59d9-4fc8-8a63-c2ae0d058d48 1.057s
2024-09-10 08:54:29.850 62257 INFO tempest.lib.common.rest_client [req-ab46bddc-21f5-4974-8c6e-94a7a94b39dd req-ab46bddc-21f5-4974-8c6e-94a7a94b39dd ] Request (ServicesAdminNegativeV253TestJSON:test_get_service_by_invalid_service_and_valid_host): 200 GET http://10.180.1.21/compute/v2.1/os-services 1.083s
2024-09-10 08:54:29.850 62243 INFO tempest.lib.common.rest_client [req-e81c218e-78cb-4862-aa44-656ae6237968 req-e81c218e-78cb-4862-aa44-656ae6237968 ] Request (FloatingIPsAssociationTestJSON:setUpClass): 201 POST http://10.180.1.21/identity/v3/auth/tokens 0.035s
2024-09-10 08:54:29.851 62243 INFO tempest.lib.common.fixed_network [-] (FloatingIPsAssociationTestJSON:setUpClass) Found network {'id': '751238cd-fe57-43f1-a0fe-f0282f02f685', 'name': 'tempest-FloatingIPsAssociationTestJSON-258090236-network', 'tenant_id': 'df7381568d0e44fbb8bb161e9d5e8bb7', 'admin_state_up': True, 'mtu': 8950, 'status': 'ACTIVE', 'subnets': [], 'shared': False, 'project_id': 'df7381568d0e44fbb8bb161e9d5e8bb7', 'port_security_enabled': True, 'router:external': False, 'provider:network_type': 'vlan', 'provider:physical_network': 'default', 'provider:segmentation_id': 926, 'is_default': False, 'availability_zone_hints': [], 'availability_zones': [], 'ipv4_address_scope': None, 'ipv6_address_scope': None, 'description': '', 'tags': [], 'created_at': '2024-09-10T08:54:24Z', 'updated_at': '2024-09-10T08:54:24Z', 'revision_number': 1} available for tenant
2024-09-10 08:54:29.922 62271 INFO tempest.lib.common.rest_client [req-79388a2a-c4bf-4974-baf7-4994e990f882 req-79388a2a-c4bf-4974-baf7-4994e990f882 ] Request (QuotasAdminNegativeTest:tearDownClass): 204 DELETE http://10.180.1.21/identity/v3/projects/18f84f0b915d4696a052829d251f5ef5 0.099s
2024-09-10 08:54:29.965 62269 INFO tempest.lib.common.rest_client [req-e0bf20dd-012f-48b2-ba65-1f981869d790 req-e0bf20dd-012f-48b2-ba65-1f981869d790 ] Request (QuotasAdminTestJSON:tearDownClass): 200 GET http://10.180.1.21:9696/networking/v2.0/security-groups?tenant_id=d91457ddb1f74a53ab01c86b716326e1&name=default 0.542s
2024-09-10 08:54:29.993 62271 INFO tempest.lib.common.rest_client [req-22a58f4f-4ddf-4ad0-b605-b509c02c5de6 req-22a58f4f-4ddf-4ad0-b605-b509c02c5de6 ] Request (SecurityGroupRulesNegativeTestJSON:setUpClass): 201 POST http://10.180.1.21/identity/v3/auth/tokens 0.069s
2024-09-10 08:54:30.022 62271 INFO tempest.lib.common.rest_client [req-c38079ad-39db-4a27-b7b3-38cf1c39632a req-c38079ad-39db-4a27-b7b3-38cf1c39632a ] Request (SecurityGroupRulesNegativeTestJSON:setUpClass): 201 POST http://10.180.1.21/identity/v3/auth/tokens 0.027s
2024-09-10 08:54:30.045 62271 INFO tempest.lib.common.rest_client [req-05a6b71c-0c54-4446-b65d-e9d02a91261d req-05a6b71c-0c54-4446-b65d-e9d02a91261d ] Request (SecurityGroupRulesNegativeTestJSON:setUpClass): 200 GET http://10.180.1.21/identity/v3/domains?name=Default 0.022s
2024-09-10 08:54:30.073 62271 INFO tempest.lib.common.rest_client [req-0ebf77cf-e8cc-421a-b668-b72f2d7341fc req-0ebf77cf-e8cc-421a-b668-b72f2d7341fc ] Request (SecurityGroupRulesNegativeTestJSON:setUpClass): 201 POST http://10.180.1.21/identity/v3/projects 0.027s
2024-09-10 08:54:30.091 62259 INFO tempest.lib.common.rest_client [req-d8cac03b-57c9-47b8-a7dd-6b8a18228279 req-d8cac03b-57c9-47b8-a7dd-6b8a18228279 ] Request (ImagesOneServerNegativeTestJSON:setUpClass): 200 GET http://10.180.1.21/compute/v2.1/servers/adb60754-9217-4b1b-b5cd-98553ff5bbbf 1.283s
2024-09-10 08:54:30.112 62282 INFO tempest.lib.common.rest_client [req-a2ddc734-8efd-455e-8bc9-0da16b90302d req-a2ddc734-8efd-455e-8bc9-0da16b90302d ] Request (FlavorsAccessNegativeTestJSON:tearDownClass): 204 DELETE http://10.180.1.21:9696/networking/v2.0/security-groups/e362eac6-93fe-4f0d-9fda-d0ccdb624660 0.519s
2024-09-10 08:54:30.151 62271 INFO tempest.lib.common.rest_client [req-62606574-40d6-4602-bf84-a1f863da8320 req-62606574-40d6-4602-bf84-a1f863da8320 ] Request (SecurityGroupRulesNegativeTestJSON:setUpClass): 201 POST http://10.180.1.21/identity/v3/users 0.077s
2024-09-10 08:54:30.169 62269 INFO tempest.lib.common.rest_client [req-f08f91a7-ee7b-4790-b8e9-4613f3921bdd req-f08f91a7-ee7b-4790-b8e9-4613f3921bdd ] Request (QuotasAdminTestJSON:tearDownClass): 204 DELETE http://10.180.1.21:9696/networking/v2.0/security-groups/f33233db-0884-4abf-92ee-955598a181de 0.203s
2024-09-10 08:54:30.178 62271 INFO tempest.lib.common.rest_client [req-3b988d93-d304-4da6-ada8-0083f753f7b7 req-3b988d93-d304-4da6-ada8-0083f753f7b7 ] Request (SecurityGroupRulesNegativeTestJSON:setUpClass): 200 GET http://10.180.1.21/identity/v3/roles 0.027s
2024-09-10 08:54:30.188 62273 INFO tempest.lib.common.rest_client [req-780b3aed-53b4-4c40-a045-46ff93dbd61d req-780b3aed-53b4-4c40-a045-46ff93dbd61d ] Request (MultipleCreateTestJSON:test_multiple_create_with_reservation_return): 202 POST http://10.180.1.21/compute/v2.1/servers 1.717s
2024-09-10 08:54:30.194 62239 INFO tempest.lib.common.rest_client [req-7d8d2b03-4de5-44c6-9dda-38f439be1963 req-7d8d2b03-4de5-44c6-9dda-38f439be1963 ] Request (ServersV294TestFqdnHostnames:setUpClass): 200 GET http://10.180.1.21/compute/v2.1/servers/5ca64ce9-9856-4e65-a2e7-af11ae0211da 1.245s
2024-09-10 08:54:30.237 62282 INFO tempest.lib.common.rest_client [req-441987e1-043b-4d88-ae35-2e940b9c09bc req-441987e1-043b-4d88-ae35-2e940b9c09bc ] Request (FlavorsAccessNegativeTestJSON:tearDownClass): 204 DELETE http://10.180.1.21/identity/v3/projects/01e60e35903746ab8d7556a3a87acd3f 0.124s
2024-09-10 08:54:30.265 62269 INFO tempest.lib.common.rest_client [req-59ce7cb3-70c6-49fe-8e87-ecf295134537 req-59ce7cb3-70c6-49fe-8e87-ecf295134537 ] Request (QuotasAdminTestJSON:tearDownClass): 204 DELETE http://10.180.1.21/identity/v3/projects/d91457ddb1f74a53ab01c86b716326e1 0.096s
2024-09-10 08:54:30.265 62269 INFO tempest.lib.common.dynamic_creds [-] Deleting project and security group for project: b9bf19c06f354986b6dfcd7cbb4a55f1
2024-09-10 08:54:30.268 62235 INFO tempest.lib.common.rest_client [req-7f703cce-a7d5-4f29-9c91-8ca6f4a8cb1c req-7f703cce-a7d5-4f29-9c91-8ca6f4a8cb1c ] Request (DeleteServersAdminTestJSON:test_delete_server_while_in_error_state): 200 GET http://10.180.1.21/compute/v2.1/servers/06496d6a-324d-41d4-b3e5-52e3d93636bb 1.171s
2024-09-10 08:54:30.270 62251 INFO tempest.lib.common.rest_client [req-1914c7f8-2085-4ae3-add1-e9f4fad909bd req-1914c7f8-2085-4ae3-add1-e9f4fad909bd ] Request (InstanceActionsTestJSON:tearDownClass): 204 DELETE http://10.180.1.21:9696/networking/v2.0/security-groups/042b8abf-49ec-4ae6-a46b-75da9176b447 0.495s
2024-09-10 08:54:30.271 62289 INFO tempest.lib.common.rest_client [req-c531213c-05b4-45e6-913b-6c08081fcfb4 req-c531213c-05b4-45e6-913b-6c08081fcfb4 ] Request (FloatingIPsNegativeTestJSON:tearDownClass): 204 DELETE http://10.180.1.21:9696/networking/v2.0/networks/5764d845-71e1-49bf-a340-277eb0f9932b 0.892s
2024-09-10 08:54:30.361 62271 INFO tempest.lib.common.rest_client [req-b305c0ac-a785-4fe0-96f3-01eaec507df6 req-b305c0ac-a785-4fe0-96f3-01eaec507df6 ] Request (SecurityGroupRulesNegativeTestJSON:setUpClass): 204 PUT http://10.180.1.21/identity/v3/projects/677b1de2cf4a4fc5a565f3cae96b1246/users/5a1637aa72b84df0b6b488d6f6ee8ebf/roles/f7cbbbffe02f4f0e8389aa5e04509b91 0.182s
2024-09-10 08:54:30.361 62271 INFO tempest.lib.common.dynamic_creds [-] Dynamic test user 5a1637aa72b84df0b6b488d6f6ee8ebf is created with scope project and roles: ['member']
2024-09-10 08:54:30.361 62271 INFO tempest.lib.common.dynamic_creds [-] Acquired dynamic creds: credentials: Credentials: {'domain_id': 'default', 'domain_name': 'Default', 'username': 'tempest-SecurityGroupRulesNegativeTestJSON-1767596400-project-member', 'project_domain_id': 'default', 'project_domain_name': 'Default', 'project_id': '677b1de2cf4a4fc5a565f3cae96b1246', 'project_name': 'tempest-SecurityGroupRulesNegativeTestJSON-1767596400', 'tenant_id': '677b1de2cf4a4fc5a565f3cae96b1246', 'tenant_name': 'tempest-SecurityGroupRulesNegativeTestJSON-1767596400', 'user_domain_id': 'default', 'user_domain_name': 'Default', 'user_id': '5a1637aa72b84df0b6b488d6f6ee8ebf', 'system': None}, Network: None, Subnet: None, Router: None
2024-09-10 08:54:30.367 62241 INFO tempest.lib.common.rest_client [req-3c4d73ab-dbb4-4de2-9491-82a50cd50570 req-3c4d73ab-dbb4-4de2-9491-82a50cd50570 ] Request (ServerDiagnosticsV248Test:test_get_server_diagnostics): 200 GET http://10.180.1.21/compute/v2.1/servers/e78f8718-e0be-4b2a-ab70-9565ce01ab9d 1.253s
2024-09-10 08:54:30.422 62282 INFO tempest.lib.common.rest_client [req-447532cd-f877-43d3-9411-d5322dce1f6d req-447532cd-f877-43d3-9411-d5322dce1f6d ] Request (FlavorsV261TestJSON:setUpClass): 201 POST http://10.180.1.21/identity/v3/auth/tokens 0.181s
2024-09-10 08:54:30.446 62277 INFO tempest.lib.common.rest_client [req-e98ef3ec-1780-42f6-85ff-c3d48d458f83 req-e98ef3ec-1780-42f6-85ff-c3d48d458f83 ] Request (ServerActionsTestJSON:setUpClass): 200 POST http://10.180.1.21/compute/v2.1/os-keypairs 1.436s
2024-09-10 08:54:30.484 62269 INFO tempest.lib.common.rest_client [req-ff006089-556d-42a1-a89d-f564636461f2 req-ff006089-556d-42a1-a89d-f564636461f2 ] Request (QuotasAdminTestJSON:tearDownClass): 200 GET http://10.180.1.21:9696/networking/v2.0/security-groups?tenant_id=b9bf19c06f354986b6dfcd7cbb4a55f1&name=default 0.219s
2024-09-10 08:54:30.484 62279 INFO tempest.lib.common.rest_client [req-1d484f9d-dd3f-4532-954f-ea5608f3f936 req-1d484f9d-dd3f-4532-954f-ea5608f3f936 ] Request (ServersTestMultiNic:setUpClass): 200 PUT http://10.180.1.21:9696/networking/v2.0/routers/37b7b97a-e4bc-496b-8754-4bff1eaf2880/add_router_interface 2.462s
2024-09-10 08:54:30.485 62279 INFO tempest.lib.common.dynamic_creds [-] Created isolated network resources for: credentials: Credentials: {'domain_id': 'default', 'domain_name': 'Default', 'username': 'tempest-ServersTestMultiNic-803055499-project-member', 'project_domain_id': 'default', 'project_domain_name': 'Default', 'project_id': 'f22192b1bd12430e9f2de0288d1e7e2a', 'project_name': 'tempest-ServersTestMultiNic-803055499', 'tenant_id': 'f22192b1bd12430e9f2de0288d1e7e2a', 'tenant_name': 'tempest-ServersTestMultiNic-803055499', 'user_domain_id': 'default', 'user_domain_name': 'Default', 'user_id': '9456ac4a7aa64ef09b256834206d2608', 'system': None}, Network: {'id': '34070db2-0fee-4751-9cd7-05bd34e1f2fe', 'name': 'tempest-ServersTestMultiNic-1860079758-network', 'tenant_id': 'f22192b1bd12430e9f2de0288d1e7e2a', 'admin_state_up': True, 'mtu': 8950, 'status': 'ACTIVE', 'subnets': [], 'shared': False, 'project_id': 'f22192b1bd12430e9f2de0288d1e7e2a', 'port_security_enabled': True, 'router:external': False, 'provider:network_type': 'vlan', 'provider:physical_network': 'default', 'provider:segmentation_id': 704, 'is_default': False, 'availability_zone_hints': [], 'availability_zones': [], 'ipv4_address_scope': None, 'ipv6_address_scope': None, 'description': '', 'tags': [], 'created_at': '2024-09-10T08:54:25Z', 'updated_at': '2024-09-10T08:54:25Z', 'revision_number': 1}, Subnet: {'id': '0e519265-65b4-4ed6-a570-70530caa37cc', 'name': 'tempest-ServersTestMultiNic-1860079758-subnet', 'tenant_id': 'f22192b1bd12430e9f2de0288d1e7e2a', 'network_id': '34070db2-0fee-4751-9cd7-05bd34e1f2fe', 'ip_version': 4, 'subnetpool_id': None, 'enable_dhcp': True, 'ipv6_ra_mode': None, 'ipv6_address_mode': None, 'gateway_ip': '192.168.128.1', 'cidr': '192.168.128.0/28', 'allocation_pools': [{'start': '192.168.128.2', 'end': '192.168.128.14'}], 'host_routes': [], 'dns_nameservers': [], 'description': '', 'router:external': False, 'service_types': [], 'tags': [], 'created_at': '2024-09-10T08:54:25Z', 'updated_at': '2024-09-10T08:54:25Z', 'revision_number': 0, 'project_id': 'f22192b1bd12430e9f2de0288d1e7e2a'}, Router: {'id': '37b7b97a-e4bc-496b-8754-4bff1eaf2880', 'name': 'tempest-ServersTestMultiNic-1860079758-router', 'tenant_id': 'f22192b1bd12430e9f2de0288d1e7e2a', 'admin_state_up': True, 'status': 'ACTIVE', 'external_gateway_info': {'network_id': '87706325-4721-49e4-a802-5ebf35e1f8c5', 'external_fixed_ips': [{'subnet_id': 'ac6eef7a-3562-4e76-bf55-557a43aae022', 'ip_address': '10.180.180.154'}], 'enable_snat': True}, 'description': '', 'availability_zones': [], 'distributed': False, 'ha': False, 'availability_zone_hints': [], 'routes': [], 'flavor_id': None, 'tags': [], 'created_at': '2024-09-10T08:54:26Z', 'updated_at': '2024-09-10T08:54:26Z', 'revision_number': 2, 'project_id': 'f22192b1bd12430e9f2de0288d1e7e2a'}
2024-09-10 08:54:30.489 62261 INFO tempest.lib.common.rest_client [req-78a1ed1c-eb63-4d8e-b535-c3098e95e50c req-78a1ed1c-eb63-4d8e-b535-c3098e95e50c ] Request (ServersAdminNegativeTestJSON:setUpClass): 200 GET http://10.180.1.21/compute/v2.1/servers/ebd55d0b-c807-4adc-b1e4-b738f61b9bb3 1.284s
2024-09-10 08:54:30.493 62251 INFO tempest.lib.common.rest_client [req-39277f30-1af3-4cff-ae8d-f17e48eaa0d8 req-39277f30-1af3-4cff-ae8d-f17e48eaa0d8 ] Request (InstanceActionsTestJSON:tearDownClass): 204 DELETE http://10.180.1.21/identity/v3/projects/522f72e2c3874eeb81c670117759d980 0.222s
2024-09-10 08:54:30.495 62251 INFO tempest.test [-] raised in ServerStableDeviceRescueTestIDE.setUpClass. Invoking tearDownClass.
2024-09-10 08:54:30.520 62283 INFO tempest.lib.common.rest_client [req-4d235540-12ba-4408-9dab-c8eb505990ff req-4d235540-12ba-4408-9dab-c8eb505990ff ] Request (ServerRescueTestJSONUnderV235:setUpClass): 200 GET http://10.180.1.21/compute/v2.1/servers/ac219077-ed13-45ee-8d47-ff5dd5abe89a 1.223s
2024-09-10 08:54:30.537 62289 INFO tempest.lib.common.rest_client [req-8ca2cd2d-f8ae-4579-a47d-819bc99247a4 req-8ca2cd2d-f8ae-4579-a47d-819bc99247a4 ] Request (FloatingIPsNegativeTestJSON:tearDownClass): 204 DELETE http://10.180.1.21/identity/v3/users/f8a9fbe8bc424a8da94be28ef3290923 0.266s
2024-09-10 08:54:30.538 62289 INFO tempest.lib.common.dynamic_creds [-] Deleting project and security group for project: db2ec2f0bb35451a8d829f1d21d51948
2024-09-10 08:54:30.548 62293 INFO tempest.lib.common.rest_client [req-b72acf31-e033-402e-9359-2f6dddfa1118 req-b72acf31-e033-402e-9359-2f6dddfa1118 ] Request (ImagesMetadataTestJSON:test_delete_image_metadata_item): 200 GET http://10.180.1.21/compute/v2.1/images/1d3e5ac7-c034-4f6b-96ea-06bb799651bb/metadata 1.188s
2024-09-10 08:54:30.549 62291 INFO tempest.lib.common.rest_client [req-398fa17e-723f-469e-93a4-3e4010d55446 req-398fa17e-723f-469e-93a4-3e4010d55446 ] Request (ServerAddressesNegativeTestJSON:setUpClass): 201 POST http://10.180.1.21:9696/networking/v2.0/routers 1.657s
2024-09-10 08:54:30.570 62271 INFO tempest.lib.common.rest_client [req-e69fd824-5fa1-4047-b31a-ec7640837896 req-e69fd824-5fa1-4047-b31a-ec7640837896 ] Request (SecurityGroupRulesNegativeTestJSON:setUpClass): 201 POST http://10.180.1.21/identity/v3/auth/tokens 0.208s
2024-09-10 08:54:30.626 62245 INFO tempest.lib.common.rest_client [req-fe3e452a-f50c-4d60-bdc0-2668d13af500 req-fe3e452a-f50c-4d60-bdc0-2668d13af500 ] Request (TenantUsagesTestJSON:setUpClass): 200 GET http://10.180.1.21/compute/v2.1/servers/278cba4c-5bfb-42e0-b502-8f524ba1f380 1.114s
2024-09-10 08:54:30.636 62289 INFO tempest.lib.common.rest_client [req-8cfc95f0-3886-4b1f-8b3f-83324940cb74 req-8cfc95f0-3886-4b1f-8b3f-83324940cb74 ] Request (FloatingIPsNegativeTestJSON:tearDownClass): 200 GET http://10.180.1.21:9696/networking/v2.0/security-groups?tenant_id=db2ec2f0bb35451a8d829f1d21d51948&name=default 0.098s
2024-09-10 08:54:30.638 62279 INFO tempest.lib.common.rest_client [req-20aba71a-d698-4dd7-b4c4-c0a523da9b3c req-20aba71a-d698-4dd7-b4c4-c0a523da9b3c ] Request (ServersTestMultiNic:setUpClass): 201 POST http://10.180.1.21/identity/v3/auth/tokens 0.143s
2024-09-10 08:54:30.658 62282 INFO tempest.lib.common.rest_client [req-2ae96849-d884-49d0-a76b-8a03025c230c req-2ae96849-d884-49d0-a76b-8a03025c230c ] Request (FlavorsV261TestJSON:setUpClass): 201 POST http://10.180.1.21/identity/v3/auth/tokens 0.232s
2024-09-10 08:54:30.666 62275 INFO tempest.lib.common.rest_client [req-788ef8e0-1a49-4776-8c1a-63867c4e11e6 req-788ef8e0-1a49-4776-8c1a-63867c4e11e6 ] Request (ServerExternalEventsTest:test_create_server_external_events): 200 GET http://10.180.1.21/compute/v2.1/servers/3252888a-31ec-4d93-a8e2-b67aa0bab1e8 1.254s
2024-09-10 08:54:30.673 62275 INFO tempest.common.waiters [-] State transition "BUILD/scheduling" ==> "BUILD/None" after 13 second wait
2024-09-10 08:54:30.677 62251 INFO tempest.lib.common.rest_client [req-514a6d40-4bf1-483f-ae4d-82dafbaf5991 req-514a6d40-4bf1-483f-ae4d-82dafbaf5991 ] Request (ServersNegativeTestMultiTenantJSON:setUpClass): 201 POST http://10.180.1.21/identity/v3/auth/tokens 0.177s
2024-09-10 08:54:30.678 62277 INFO tempest.lib.common.rest_client [req-cb2032dd-5513-40c8-b43f-c5501da82aa3 req-cb2032dd-5513-40c8-b43f-c5501da82aa3 ] Request (ServerActionsTestJSON:setUpClass): 201 POST http://10.180.1.21:9696/networking/v2.0/security-groups 0.230s
2024-09-10 08:54:30.707 62267 INFO tempest.lib.common.rest_client [req-fda6683f-1901-4974-922d-f0081a628d68 req-fda6683f-1901-4974-922d-f0081a628d68 ] Request (AggregatesAdminNegativeTestJSON:_run_cleanups): 200 DELETE http://10.180.1.21/compute/v2.1/os-aggregates/7 1.122s
2024-09-10 08:54:30.721 62295 INFO tempest.lib.common.rest_client [req-92f32e08-a9ea-43e2-a326-7efd384b0ad7 req-92f32e08-a9ea-43e2-a326-7efd384b0ad7 ] Request (ServerRescueTestJSON:setUpClass): 200 GET http://10.180.1.21/compute/v2.1/servers/853dd1f7-e8f7-4d55-b53b-933ed8861b3d 1.142s
2024-09-10 08:54:30.778 62282 INFO tempest.lib.common.rest_client [req-a749ae4f-d64c-42bf-89b5-35725f0262f7 req-a749ae4f-d64c-42bf-89b5-35725f0262f7 ] Request (FlavorsV261TestJSON:setUpClass): 200 GET http://10.180.1.21/identity/v3/domains?name=Default 0.119s
2024-09-10 08:54:30.789 62251 INFO tempest.lib.common.rest_client [req-655c3415-68b9-4004-8182-433ddc2fac88 req-655c3415-68b9-4004-8182-433ddc2fac88 ] Request (ServersNegativeTestMultiTenantJSON:setUpClass): 201 POST http://10.180.1.21/identity/v3/auth/tokens 0.109s
2024-09-10 08:54:30.814 62282 INFO tempest.lib.common.rest_client [req-45e2a5ac-c007-4414-8cd7-9484c0dae0ff req-45e2a5ac-c007-4414-8cd7-9484c0dae0ff ] Request (FlavorsV261TestJSON:setUpClass): 201 POST http://10.180.1.21/identity/v3/projects 0.035s
2024-09-10 08:54:30.814 62251 INFO tempest.lib.common.rest_client [req-6e933cd3-e425-4f74-a16e-9af4c5514893 req-6e933cd3-e425-4f74-a16e-9af4c5514893 ] Request (ServersNegativeTestMultiTenantJSON:setUpClass): 200 GET http://10.180.1.21/identity/v3/domains?name=Default 0.025s
2024-09-10 08:54:30.876 62237 INFO tempest.lib.common.rest_client [req-0ce7ee15-81a6-4617-a53a-a01d6c69f126 req-0ce7ee15-81a6-4617-a53a-a01d6c69f126 ] Request (ListImageFiltersTestJSON:setUpClass): 200 GET http://10.180.1.21/compute/v2.1/servers/d5a54c46-1a45-4bd5-8694-0defc757c455 1.224s
2024-09-10 08:54:30.894 62251 INFO tempest.lib.common.rest_client [req-e8a08b98-227b-40f3-bdc5-7d243d0ad480 req-e8a08b98-227b-40f3-bdc5-7d243d0ad480 ] Request (ServersNegativeTestMultiTenantJSON:setUpClass): 201 POST http://10.180.1.21/identity/v3/projects 0.079s
2024-09-10 08:54:30.896 62277 INFO tempest.lib.common.rest_client [req-eb1449bc-aba1-470e-a5cf-360a982728ec req-eb1449bc-aba1-470e-a5cf-360a982728ec ] Request (ServerActionsTestJSON:setUpClass): 201 POST http://10.180.1.21:9696/networking/v2.0/security-group-rules 0.218s
2024-09-10 08:54:30.902 62269 INFO tempest.lib.common.rest_client [req-ffaf3be5-31dd-4a2e-80b7-a415bc4fa641 req-ffaf3be5-31dd-4a2e-80b7-a415bc4fa641 ] Request (QuotasAdminTestJSON:tearDownClass): 204 DELETE http://10.180.1.21:9696/networking/v2.0/security-groups/7dad9dde-1aac-41e2-ad79-ef85b76c70b5 0.417s
2024-09-10 08:54:30.923 62282 INFO tempest.lib.common.rest_client [req-db246e6e-623f-46da-9ad3-b67a988b046b req-db246e6e-623f-46da-9ad3-b67a988b046b ] Request (FlavorsV261TestJSON:setUpClass): 201 POST http://10.180.1.21/identity/v3/users 0.108s
2024-09-10 08:54:30.967 62263 INFO tempest.lib.common.rest_client [req-a27ec6d9-457c-49e3-bc10-7af9aac23de5 req-a27ec6d9-457c-49e3-bc10-7af9aac23de5 ] Request (ServersTestJSON:setUpClass): 200 GET http://10.180.1.21/compute/v2.1/servers/303d1ec5-cc8a-4f25-a36f-aec39e856766 1.244s
2024-09-10 08:54:30.993 62251 INFO tempest.lib.common.rest_client [req-9c426058-6604-4477-b7ae-12e266e48f2f req-9c426058-6604-4477-b7ae-12e266e48f2f ] Request (ServersNegativeTestMultiTenantJSON:setUpClass): 201 POST http://10.180.1.21/identity/v3/users 0.099s
2024-09-10 08:54:31.017 62282 INFO tempest.lib.common.rest_client [req-801e4410-3671-4c0f-83c3-b1df79a5eee0 req-801e4410-3671-4c0f-83c3-b1df79a5eee0 ] Request (FlavorsV261TestJSON:setUpClass): 200 GET http://10.180.1.21/identity/v3/roles 0.094s
2024-09-10 08:54:31.030 62251 INFO tempest.lib.common.rest_client [req-5e5b5b11-5408-4068-93e9-a5b00a81f61b req-5e5b5b11-5408-4068-93e9-a5b00a81f61b ] Request (ServersNegativeTestMultiTenantJSON:setUpClass): 200 GET http://10.180.1.21/identity/v3/roles 0.037s
2024-09-10 08:54:31.059 62282 INFO tempest.lib.common.rest_client [req-7941e729-6908-4b12-92fe-4cc66a53c1bc req-7941e729-6908-4b12-92fe-4cc66a53c1bc ] Request (FlavorsV261TestJSON:setUpClass): 204 PUT http://10.180.1.21/identity/v3/projects/db8045d09e034917bfc5d87eb8480191/users/72d7e9e51ce7400289652f922eeb5531/roles/f7cbbbffe02f4f0e8389aa5e04509b91 0.041s
2024-09-10 08:54:31.059 62282 INFO tempest.lib.common.dynamic_creds [-] Dynamic test user 72d7e9e51ce7400289652f922eeb5531 is created with scope project and roles: ['member']
2024-09-10 08:54:31.059 62282 INFO tempest.lib.common.dynamic_creds [-] Acquired dynamic creds: credentials: Credentials: {'domain_id': 'default', 'domain_name': 'Default', 'username': 'tempest-FlavorsV261TestJSON-1554516820-project-member', 'project_domain_id': 'default', 'project_domain_name': 'Default', 'project_id': 'db8045d09e034917bfc5d87eb8480191', 'project_name': 'tempest-FlavorsV261TestJSON-1554516820', 'tenant_id': 'db8045d09e034917bfc5d87eb8480191', 'tenant_name': 'tempest-FlavorsV261TestJSON-1554516820', 'user_domain_id': 'default', 'user_domain_name': 'Default', 'user_id': '72d7e9e51ce7400289652f922eeb5531', 'system': None}, Network: None, Subnet: None, Router: None
2024-09-10 08:54:31.059 62282 INFO tempest.lib.common.dynamic_creds [-] Created isolated network resources for: credentials: Credentials: {'domain_id': 'default', 'domain_name': 'Default', 'username': 'tempest-FlavorsV261TestJSON-1554516820-project-member', 'project_domain_id': 'default', 'project_domain_name': 'Default', 'project_id': 'db8045d09e034917bfc5d87eb8480191', 'project_name': 'tempest-FlavorsV261TestJSON-1554516820', 'tenant_id': 'db8045d09e034917bfc5d87eb8480191', 'tenant_name': 'tempest-FlavorsV261TestJSON-1554516820', 'user_domain_id': 'default', 'user_domain_name': 'Default', 'user_id': '72d7e9e51ce7400289652f922eeb5531', 'system': None}, Network: None, Subnet: None, Router: None
2024-09-10 08:54:31.069 62269 INFO tempest.lib.common.rest_client [req-f85fb493-a474-405d-acda-4ace10dda4f3 req-f85fb493-a474-405d-acda-4ace10dda4f3 ] Request (QuotasAdminTestJSON:tearDownClass): 204 DELETE http://10.180.1.21/identity/v3/projects/b9bf19c06f354986b6dfcd7cbb4a55f1 0.167s
2024-09-10 08:54:31.070 62269 INFO tempest.test [-] raised in ServersOnMultiNodesTest.setUpClass. Invoking tearDownClass.
2024-09-10 08:54:31.082 62277 INFO tempest.lib.common.rest_client [req-10820ab8-e313-4f85-bce0-07a5777af4f7 req-10820ab8-e313-4f85-bce0-07a5777af4f7 ] Request (ServerActionsTestJSON:setUpClass): 201 POST http://10.180.1.21:9696/networking/v2.0/security-group-rules 0.186s
2024-09-10 08:54:31.091 62253 INFO tempest.lib.common.rest_client [req-60308420-0761-4d55-ab44-48c678966d8d req-60308420-0761-4d55-ab44-48c678966d8d ] Request (VolumesAdminNegativeTest:test_update_attached_volume_with_nonexistent_volume_in_body): 200 GET http://10.180.1.21/compute/v2.1/servers/f59d6eee-6c40-4a99-b141-626e68308270 1.339s
2024-09-10 08:54:31.124 62233 INFO tempest.lib.common.rest_client [req-7f83615b-ee93-4090-95e2-6b076bea6dfd req-7f83615b-ee93-4090-95e2-6b076bea6dfd ] Request (ServerDiagnosticsTest:test_get_server_diagnostics): 204 DELETE http://10.180.1.21/compute/v2.1/servers/9073413b-fc16-440b-84ad-6d8b826dc68a 1.427s
2024-09-10 08:54:31.141 62251 INFO tempest.lib.common.rest_client [req-8ca59839-2d40-4374-b92a-1345c38fb2e5 req-8ca59839-2d40-4374-b92a-1345c38fb2e5 ] Request (ServersNegativeTestMultiTenantJSON:setUpClass): 204 PUT http://10.180.1.21/identity/v3/projects/da64cb2aceb445a3b13d15376de7f852/users/d2ec99435d404ea1a22caadbdfd2ed5b/roles/f7cbbbffe02f4f0e8389aa5e04509b91 0.110s
2024-09-10 08:54:31.142 62251 INFO tempest.lib.common.dynamic_creds [-] Dynamic test user d2ec99435d404ea1a22caadbdfd2ed5b is created with scope project and roles: ['member']
2024-09-10 08:54:31.142 62282 INFO tempest.lib.common.rest_client [req-7be43468-d49c-4c44-a66c-6d3080c16080 req-7be43468-d49c-4c44-a66c-6d3080c16080 ] Request (FlavorsV261TestJSON:setUpClass): 201 POST http://10.180.1.21/identity/v3/auth/tokens 0.077s
2024-09-10 08:54:31.142 62251 INFO tempest.lib.common.dynamic_creds [-] Acquired dynamic creds: credentials: Credentials: {'domain_id': 'default', 'domain_name': 'Default', 'username': 'tempest-ServersNegativeTestMultiTenantJSON-903261949-project-member', 'project_domain_id': 'default', 'project_domain_name': 'Default', 'project_id': 'da64cb2aceb445a3b13d15376de7f852', 'project_name': 'tempest-ServersNegativeTestMultiTenantJSON-903261949', 'tenant_id': 'da64cb2aceb445a3b13d15376de7f852', 'tenant_name': 'tempest-ServersNegativeTestMultiTenantJSON-903261949', 'user_domain_id': 'default', 'user_domain_name': 'Default', 'user_id': 'd2ec99435d404ea1a22caadbdfd2ed5b', 'system': None}, Network: None, Subnet: None, Router: None
2024-09-10 08:54:31.156 62247 INFO tempest.lib.common.rest_client [req-b00d3c4d-07b5-4a60-b06c-36457cb3e53b req-b00d3c4d-07b5-4a60-b06c-36457cb3e53b ] Request (ServersWithSpecificFlavorTestJSON:test_verify_created_server_ephemeral_disk): 200 GET http://10.180.1.21/compute/v2.1/servers/596463d7-04ca-4f29-8adf-c451310aaf15 1.362s
2024-09-10 08:54:31.178 62257 INFO tempest.lib.common.rest_client [req-c3837e45-5c2e-4626-9138-7b5f25b484b2 req-c3837e45-5c2e-4626-9138-7b5f25b484b2 ] Request (ServicesAdminNegativeV253TestJSON:test_get_service_by_invalid_service_and_valid_host): 200 GET http://10.180.1.21/compute/v2.1/os-services?host=devstack&binary=xxx 1.325s
2024-09-10 08:54:31.195 62269 INFO tempest.lib.common.rest_client [req-5873c024-1275-4134-a90d-9ec2a088d061 req-5873c024-1275-4134-a90d-9ec2a088d061 ] Request (AttachInterfacesTestJSON:setUpClass): 201 POST http://10.180.1.21/identity/v3/auth/tokens 0.122s
2024-09-10 08:54:31.223 62251 INFO tempest.lib.common.rest_client [req-3fc787df-5152-45ea-aec6-63e350a77bbf req-3fc787df-5152-45ea-aec6-63e350a77bbf ] Request (ServersNegativeTestMultiTenantJSON:setUpClass): 201 POST http://10.180.1.21/identity/v3/auth/tokens 0.081s
2024-09-10 08:54:31.236 62289 INFO tempest.lib.common.rest_client [req-ad00e464-b7a5-4987-a229-51284f8c959e req-ad00e464-b7a5-4987-a229-51284f8c959e ] Request (FloatingIPsNegativeTestJSON:tearDownClass): 204 DELETE http://10.180.1.21:9696/networking/v2.0/security-groups/757e3c76-d66a-40f8-9da0-8b7f80a47bf7 0.599s
