2024-09-10 08:56:10.495 62235 INFO tempest.lib.common.rest_client [req-c1a2bae1-3c4f-4204-8b1a-37f432925146 req-c1a2bae1-3c4f-4204-8b1a-37f432925146 ] Request (DeleteServersAdminTestJSON:tearDownClass): 200 GET http://10.180.1.21:9696/networking/v2.0/security-groups?tenant_id=a5820926d4644aa9bbfe5bc46a4220eb&name=default 0.271s
2024-09-10 08:56:10.521 62263 INFO tempest.lib.common.rest_client [req-a9184310-e053-4935-b259-07912d009f09 req-a9184310-e053-4935-b259-07912d009f09 ] Request (ServersTestManualDisk:setUpClass): 200 GET http://10.180.1.21/compute/v2.1/servers/eef1cf32-e71e-4696-8170-1023e3a5518d 0.140s
2024-09-10 08:56:10.561 62241 INFO tempest.lib.common.rest_client [req-a54dc002-f1e6-474b-b8a7-0f7f44fd96a3 req-a54dc002-f1e6-474b-b8a7-0f7f44fd96a3 ] Request (ServerDiagnosticsV248Test:tearDownClass): 200 GET http://10.180.1.21/compute/v2.1/servers/e78f8718-e0be-4b2a-ab70-9565ce01ab9d 0.111s
2024-09-10 08:56:10.583 62273 INFO tempest.lib.common.rest_client [req-e4e2acfd-eed6-4cdc-860d-fc18fe9ac0be req-e4e2acfd-eed6-4cdc-860d-fc18fe9ac0be ] Request (MultipleCreateTestJSON:tearDownClass): 200 GET http://10.180.1.21/compute/v2.1/servers/f47e5bbb-f4a8-4686-8195-8348d2ffb08d 0.078s
2024-09-10 08:56:10.615 62282 INFO tempest.lib.common.rest_client [req-3e7b1f8e-dba5-4804-9db5-0aa881c38101 req-3e7b1f8e-dba5-4804-9db5-0aa881c38101 ] Request (ServersAdminTestJSON:setUpClass): 200 GET http://10.180.1.21/compute/v2.1/servers/fcdc7c33-8c46-4f4d-bb39-e6f943256cb0 0.057s
2024-09-10 08:56:10.662 62261 INFO tempest.lib.common.rest_client [req-c71790de-c450-42b2-9a6d-c092e7c2a10d req-c71790de-c450-42b2-9a6d-c092e7c2a10d ] Request (ServerAddressesTestJSON:setUpClass): 200 GET http://10.180.1.21/compute/v2.1/servers/0d7238b3-d7a3-4a35-ba33-bf2e7e7a9afa 0.053s
2024-09-10 08:56:10.675 62235 INFO tempest.lib.common.rest_client [req-a7d28999-9395-4edd-8f7c-4a85478fce11 req-a7d28999-9395-4edd-8f7c-4a85478fce11 ] Request (DeleteServersAdminTestJSON:tearDownClass): 204 DELETE http://10.180.1.21:9696/networking/v2.0/security-groups/1eba7327-2061-4dab-8115-d309551bbe08 0.179s
2024-09-10 08:56:10.713 62295 INFO tempest.lib.common.rest_client [req-cec4ffc7-70df-430e-874e-5a23e0704f76 req-cec4ffc7-70df-430e-874e-5a23e0704f76 ] Request (ServerShowV247Test:test_update_rebuild_list_server): 200 GET http://10.180.1.21/compute/v2.1/servers/ecb72668-caa4-4117-9f8d-e0c6e4831f3d 0.055s
2024-09-10 08:56:10.744 62235 INFO tempest.lib.common.rest_client [req-f0d4aca1-53b3-45e1-961b-08dc0ef0203c req-f0d4aca1-53b3-45e1-961b-08dc0ef0203c ] Request (DeleteServersAdminTestJSON:tearDownClass): 204 DELETE http://10.180.1.21/identity/v3/projects/a5820926d4644aa9bbfe5bc46a4220eb 0.069s
2024-09-10 08:56:10.744 62235 INFO tempest.lib.common.dynamic_creds [-] Deleting project and security group for project: b368dcb48f8e4b18bee5814674080022
2024-09-10 08:56:10.759 62247 INFO tempest.lib.common.rest_client [req-5f2bf02a-8dea-4b4c-a574-974add430683 req-5f2bf02a-8dea-4b4c-a574-974add430683 ] Request (AttachInterfacesUnderV243Test:test_add_remove_fixed_ip): 200 GET http://10.180.1.21/compute/v2.1/servers/f9c1424f-6096-481c-aa91-acc25bfd8f6e 0.052s
2024-09-10 08:56:10.805 62235 INFO tempest.lib.common.rest_client [req-14b225bb-89dd-49f1-a328-a6d069322c7e req-14b225bb-89dd-49f1-a328-a6d069322c7e ] Request (DeleteServersAdminTestJSON:tearDownClass): 200 GET http://10.180.1.21:9696/networking/v2.0/security-groups?tenant_id=b368dcb48f8e4b18bee5814674080022&name=default 0.060s
2024-09-10 08:56:10.846 62251 INFO tempest.lib.common.rest_client [req-78ed29c8-5a2c-4533-948a-92c51dd9e419 req-78ed29c8-5a2c-4533-948a-92c51dd9e419 ] Request (ServersNegativeTestMultiTenantJSON:setUpClass): 200 GET http://10.180.1.21/compute/v2.1/servers/c350194c-ed3e-4996-871a-70b4cb99c7db 0.069s
2024-09-10 08:56:10.850 62233 INFO tempest.lib.common.rest_client [req-b944bbc8-c104-4907-9dcd-29e7e0db307b req-b944bbc8-c104-4907-9dcd-29e7e0db307b ] Request (ServerDiskConfigTestJSON:test_rebuild_server_with_auto_disk_config): 200 GET http://10.180.1.21/compute/v2.1/servers/45fdae21-bec2-438a-8f2a-c23b0e428057 0.126s
2024-09-10 08:56:10.899 62253 INFO tempest.lib.common.rest_client [req-6f23b6cb-0ed9-4d4e-9932-44158d9b2e37 req-6f23b6cb-0ed9-4d4e-9932-44158d9b2e37 ] Request (VolumesAdminNegativeTest:test_update_attached_volume_with_nonexistent_volume_in_uri): 200 GET http://10.180.1.21/compute/v2.1/servers/a04fbe7e-e53e-43ef-9a6f-ba3895ce7597 0.070s
2024-09-10 08:56:10.943 62235 INFO tempest.lib.common.rest_client [req-792c3dc0-5106-42c7-8114-e18848b083c9 req-792c3dc0-5106-42c7-8114-e18848b083c9 ] Request (DeleteServersAdminTestJSON:tearDownClass): 204 DELETE http://10.180.1.21:9696/networking/v2.0/security-groups/e7d8c667-ffba-4ddc-933d-095c8216b949 0.138s
2024-09-10 08:56:11.041 62235 INFO tempest.lib.common.rest_client [req-147e35be-4baf-4a01-8bc1-d7dea492a347 req-147e35be-4baf-4a01-8bc1-d7dea492a347 ] Request (DeleteServersAdminTestJSON:tearDownClass): 204 DELETE http://10.180.1.21/identity/v3/projects/b368dcb48f8e4b18bee5814674080022 0.097s
2024-09-10 08:56:11.046 62257 INFO tempest.lib.common.rest_client [req-29a62ff8-a2b4-4846-8272-b8d76f91e9b9 req-29a62ff8-a2b4-4846-8272-b8d76f91e9b9 ] Request (AttachInterfacesV270Test:test_create_get_list_interfaces): 200 GET http://10.180.1.21/compute/v2.1/servers/19fd0358-32e4-434f-b0b3-c8cc6c07ba51 0.159s
2024-09-10 08:56:11.113 62239 INFO tempest.lib.common.rest_client [req-9b78b2ae-2f6b-4a7b-b717-9f8818edfeaa req-9b78b2ae-2f6b-4a7b-b717-9f8818edfeaa ] Request (InstanceActionsV221TestJSON:test_get_list_deleted_instance_actions): 200 GET http://10.180.1.21/compute/v2.1/servers/f6db353f-f7b5-4ba4-8f70-f3b65281da93 0.219s
2024-09-10 08:56:11.118 62235 INFO tempest.lib.common.rest_client [req-0b5cb9a9-ccf3-4554-a4a8-15bedab11cd5 req-0b5cb9a9-ccf3-4554-a4a8-15bedab11cd5 ] Request (FlavorsV2TestJSON:setUpClass): 201 POST http://10.180.1.21/identity/v3/auth/tokens 0.075s
2024-09-10 08:56:11.129 62255 INFO tempest.lib.common.rest_client [req-18337c6b-59d7-487f-9821-7172cebae5fc req-18337c6b-59d7-487f-9821-7172cebae5fc ] Request (InstanceActionsNegativeTestJSON:setUpClass): 200 GET http://10.180.1.21/compute/v2.1/servers/d056dadd-492d-4a4d-abc2-fc5f113f865b 0.186s
2024-09-10 08:56:11.155 62235 INFO tempest.lib.common.rest_client [req-29279eb2-3b81-49da-b920-dcfa1cddb56b req-29279eb2-3b81-49da-b920-dcfa1cddb56b ] Request (FlavorsV2TestJSON:setUpClass): 201 POST http://10.180.1.21/identity/v3/auth/tokens 0.034s
2024-09-10 08:56:11.161 62249 INFO tempest.lib.common.rest_client [req-9605ea9c-9575-4523-8edc-82517721913b req-9605ea9c-9575-4523-8edc-82517721913b ] Request (MigrationsAdminTest:test_list_migrations_in_flavor_resize_situation): 200 GET http://10.180.1.21/compute/v2.1/servers/4edbf65d-eaca-47e1-b6bf-03ccb908b52e 0.185s
2024-09-10 08:56:11.173 62243 INFO tempest.lib.common.rest_client [req-4bbce2ea-69ad-4daf-8ca7-858efdc58407 req-4bbce2ea-69ad-4daf-8ca7-858efdc58407 ] Request (FloatingIPsAssociationTestJSON:test_associate_already_associated_floating_ip): 200 GET http://10.180.1.21/compute/v2.1/servers/0d34066f-5b8f-4bac-9b83-67d78987c4b3 0.185s
2024-09-10 08:56:11.180 62235 INFO tempest.lib.common.rest_client [req-36c052a0-808c-4c00-825c-c7825f4779c9 req-36c052a0-808c-4c00-825c-c7825f4779c9 ] Request (FlavorsV2TestJSON:setUpClass): 200 GET http://10.180.1.21/identity/v3/domains?name=Default 0.025s
2024-09-10 08:56:11.207 62235 INFO tempest.lib.common.rest_client [req-5629e187-61ce-4d24-b7af-df46aa159af1 req-5629e187-61ce-4d24-b7af-df46aa159af1 ] Request (FlavorsV2TestJSON:setUpClass): 201 POST http://10.180.1.21/identity/v3/projects 0.026s
2024-09-10 08:56:11.209 62245 INFO tempest.lib.common.rest_client [req-c00feba0-3c6f-474d-aa6e-823a6c1a04b7 req-c00feba0-3c6f-474d-aa6e-823a6c1a04b7 ] Request (ImagesOneServerTestJSON:setUpClass): 200 GET http://10.180.1.21/compute/v2.1/servers/4da426a1-7af9-4e4e-82ed-c45687a19b86 0.179s
2024-09-10 08:56:11.217 62275 INFO tempest.lib.common.rest_client [req-83f49477-b18e-41fe-9ff0-1f0f455b6ddf req-83f49477-b18e-41fe-9ff0-1f0f455b6ddf ] Request (ServerPasswordTestJSON:setUpClass): 200 GET http://10.180.1.21/compute/v2.1/servers/2da17a43-2260-4a82-9ed3-eafd25bb9a6a 0.178s
2024-09-10 08:56:11.266 62235 INFO tempest.lib.common.rest_client [req-ef394d2c-094b-433b-aba7-29c2540da2e3 req-ef394d2c-094b-433b-aba7-29c2540da2e3 ] Request (FlavorsV2TestJSON:setUpClass): 201 POST http://10.180.1.21/identity/v3/users 0.059s
2024-09-10 08:56:11.283 62235 INFO tempest.lib.common.rest_client [req-83b3c2cb-17f4-41f3-bed2-372dfc780efa req-83b3c2cb-17f4-41f3-bed2-372dfc780efa ] Request (FlavorsV2TestJSON:setUpClass): 200 GET http://10.180.1.21/identity/v3/roles 0.017s
2024-09-10 08:56:11.306 62235 INFO tempest.lib.common.rest_client [req-2e49ed1a-c53d-4ef0-a566-b304678607de req-2e49ed1a-c53d-4ef0-a566-b304678607de ] Request (FlavorsV2TestJSON:setUpClass): 204 PUT http://10.180.1.21/identity/v3/projects/190f7580d5534f8284e37698f8d2f44f/users/493b243a732e49888260528559e21da2/roles/f7cbbbffe02f4f0e8389aa5e04509b91 0.022s
2024-09-10 08:56:11.306 62235 INFO tempest.lib.common.dynamic_creds [-] Dynamic test user 493b243a732e49888260528559e21da2 is created with scope project and roles: ['member']
2024-09-10 08:56:11.306 62235 INFO tempest.lib.common.dynamic_creds [-] Acquired dynamic creds: credentials: Credentials: {'domain_id': 'default', 'domain_name': 'Default', 'username': 'tempest-FlavorsV2TestJSON-1740989207-project-member', 'project_domain_id': 'default', 'project_domain_name': 'Default', 'project_id': '190f7580d5534f8284e37698f8d2f44f', 'project_name': 'tempest-FlavorsV2TestJSON-1740989207', 'tenant_id': '190f7580d5534f8284e37698f8d2f44f', 'tenant_name': 'tempest-FlavorsV2TestJSON-1740989207', 'user_domain_id': 'default', 'user_domain_name': 'Default', 'user_id': '493b243a732e49888260528559e21da2', 'system': None}, Network: None, Subnet: None, Router: None
2024-09-10 08:56:11.306 62235 INFO tempest.lib.common.dynamic_creds [-] Created isolated network resources for: credentials: Credentials: {'domain_id': 'default', 'domain_name': 'Default', 'username': 'tempest-FlavorsV2TestJSON-1740989207-project-member', 'project_domain_id': 'default', 'project_domain_name': 'Default', 'project_id': '190f7580d5534f8284e37698f8d2f44f', 'project_name': 'tempest-FlavorsV2TestJSON-1740989207', 'tenant_id': '190f7580d5534f8284e37698f8d2f44f', 'tenant_name': 'tempest-FlavorsV2TestJSON-1740989207', 'user_domain_id': 'default', 'user_domain_name': 'Default', 'user_id': '493b243a732e49888260528559e21da2', 'system': None}, Network: None, Subnet: None, Router: None
2024-09-10 08:56:11.371 62235 INFO tempest.lib.common.rest_client [req-efa37bff-807b-4101-99e6-29cf5ef9cfc6 req-efa37bff-807b-4101-99e6-29cf5ef9cfc6 ] Request (FlavorsV2TestJSON:setUpClass): 201 POST http://10.180.1.21/identity/v3/auth/tokens 0.061s
2024-09-10 08:56:11.453 62291 INFO tempest.lib.common.rest_client [req-4fa27ac0-967c-459f-b153-418f8e4f4c94 req-4fa27ac0-967c-459f-b153-418f8e4f4c94 ] Request (ServerAddressesNegativeTestJSON:setUpClass): 200 GET http://10.180.1.21/compute/v2.1/servers/24db5fad-52fd-4689-a8aa-2ae4b0a06710 0.125s
2024-09-10 08:56:11.501 62279 INFO tempest.lib.common.rest_client [req-a67e0107-4640-415f-9dc9-1d0a6e8cce26 req-a67e0107-4640-415f-9dc9-1d0a6e8cce26 ] Request (ServersTestMultiNic:test_verify_duplicate_network_nics): 200 GET http://10.180.1.21/compute/v2.1/servers/1c4eb398-c4e9-4588-ba48-2805e3fee750 0.165s
2024-09-10 08:56:11.534 62235 INFO tempest.lib.common.rest_client [req-693de58e-4464-4881-9668-3c210bffdd4d req-693de58e-4464-4881-9668-3c210bffdd4d ] Request (FlavorsV2TestJSON:test_get_flavor): 200 GET http://10.180.1.21/compute/v2.1/flavors/42 0.162s
2024-09-10 08:56:11.565 62237 INFO tempest.lib.common.rest_client [req-43463448-e042-42f4-94e2-bfff3ac25650 req-43463448-e042-42f4-94e2-bfff3ac25650 ] Request (ListImageFiltersTestJSON:tearDownClass): 200 GET http://10.180.1.21/compute/v2.1/servers/d5a54c46-1a45-4bd5-8694-0defc757c455 0.164s
2024-09-10 08:56:11.600 62287 INFO tempest.lib.common.rest_client [req-f54d90aa-4520-441f-9461-e1bdb7d05ac9 req-f54d90aa-4520-441f-9461-e1bdb7d05ac9 ] Request (SecurityGroupsTestJSON:test_server_security_groups): 200 GET http://10.180.1.21/compute/v2.1/servers/c51184b6-d2c7-49ff-b061-ab0f9a69cdbf 0.123s
2024-09-10 08:56:11.663 62263 INFO tempest.lib.common.rest_client [req-065ba337-410b-43da-b39f-1684ec010c80 req-065ba337-410b-43da-b39f-1684ec010c80 ] Request (ServersTestManualDisk:setUpClass): 200 GET http://10.180.1.21/compute/v2.1/servers/eef1cf32-e71e-4696-8170-1023e3a5518d 0.133s
2024-09-10 08:56:11.679 62235 INFO tempest.lib.common.rest_client [req-97a68e32-49bb-412b-9c54-b40cd5ccb776 req-97a68e32-49bb-412b-9c54-b40cd5ccb776 ] Request (FlavorsV2TestJSON:test_list_flavors): 200 GET http://10.180.1.21/compute/v2.1/flavors 0.141s
2024-09-10 08:56:11.736 62241 INFO tempest.lib.common.rest_client [req-97888b9f-d88c-48ec-96ed-3a6992cbd391 req-97888b9f-d88c-48ec-96ed-3a6992cbd391 ] Request (ServerDiagnosticsV248Test:tearDownClass): 200 GET http://10.180.1.21/compute/v2.1/servers/e78f8718-e0be-4b2a-ab70-9565ce01ab9d 0.165s
2024-09-10 08:56:11.753 62269 INFO tempest.lib.common.rest_client [req-9659e909-71a5-4cb9-871f-ee7ccba0acb9 req-9659e909-71a5-4cb9-871f-ee7ccba0acb9 ] Request (AttachInterfacesTestJSON:test_create_list_show_delete_interfaces_by_fixed_ip): 200 GET http://10.180.1.21/compute/v2.1/servers/b1bd98d9-bd0f-4abd-a188-e5267ada4852 0.267s
2024-09-10 08:56:11.794 62273 INFO tempest.lib.common.rest_client [req-aa999bf2-d03c-4632-994e-7e200f16f33c req-aa999bf2-d03c-4632-994e-7e200f16f33c ] Request (MultipleCreateTestJSON:tearDownClass): 200 GET http://10.180.1.21/compute/v2.1/servers/f47e5bbb-f4a8-4686-8195-8348d2ffb08d 0.203s
2024-09-10 08:56:11.806 62282 INFO tempest.lib.common.rest_client [req-0e943b5a-8520-4de8-9569-df434300e4d2 req-0e943b5a-8520-4de8-9569-df434300e4d2 ] Request (ServersAdminTestJSON:setUpClass): 200 GET http://10.180.1.21/compute/v2.1/servers/fcdc7c33-8c46-4f4d-bb39-e6f943256cb0 0.173s
2024-09-10 08:56:11.815 62235 INFO tempest.lib.common.rest_client [req-2de962e1-9dad-4e1a-b61e-010dc544d88c req-2de962e1-9dad-4e1a-b61e-010dc544d88c ] Request (FlavorsV2TestJSON:test_list_flavors): 200 GET http://10.180.1.21/compute/v2.1/flavors/42 0.133s
2024-09-10 08:56:11.845 62261 INFO tempest.lib.common.rest_client [req-46f36edb-cf2d-4dee-a632-d2d2f98949eb req-46f36edb-cf2d-4dee-a632-d2d2f98949eb ] Request (ServerAddressesTestJSON:setUpClass): 200 GET http://10.180.1.21/compute/v2.1/servers/0d7238b3-d7a3-4a35-ba33-bf2e7e7a9afa 0.176s
2024-09-10 08:56:11.880 62295 INFO tempest.lib.common.rest_client [req-a0fc1507-fb49-42d5-a37c-b31239718c54 req-a0fc1507-fb49-42d5-a37c-b31239718c54 ] Request (ServerShowV247Test:test_update_rebuild_list_server): 200 GET http://10.180.1.21/compute/v2.1/servers/ecb72668-caa4-4117-9f8d-e0c6e4831f3d 0.159s
2024-09-10 08:56:11.888 62235 INFO tempest.lib.common.rest_client [req-3158d2c6-b109-47b1-bac3-0301cca19e04 req-3158d2c6-b109-47b1-bac3-0301cca19e04 ] Request (FlavorsV2TestJSON:test_list_flavors_detailed_filter_by_min_disk): 200 GET http://10.180.1.21/compute/v2.1/flavors/42 0.070s
2024-09-10 08:56:11.899 62247 INFO tempest.lib.common.rest_client [req-26abfa10-0cce-43da-8ade-4328ed903fc6 req-26abfa10-0cce-43da-8ade-4328ed903fc6 ] Request (AttachInterfacesUnderV243Test:test_add_remove_fixed_ip): 200 GET http://10.180.1.21/compute/v2.1/servers/f9c1424f-6096-481c-aa91-acc25bfd8f6e 0.130s
2024-09-10 08:56:11.944 62251 INFO tempest.lib.common.rest_client [req-684aec16-981b-4207-90ce-0455f7d0fd8e req-684aec16-981b-4207-90ce-0455f7d0fd8e ] Request (ServersNegativeTestMultiTenantJSON:setUpClass): 200 GET http://10.180.1.21/compute/v2.1/servers/c350194c-ed3e-4996-871a-70b4cb99c7db 0.090s
2024-09-10 08:56:11.950 62251 INFO tempest.common.waiters [-] State transition "BUILD/None" ==> "BUILD/networking" after 87 second wait
2024-09-10 08:56:11.963 62235 INFO tempest.lib.common.rest_client [req-22f7e5bb-726b-4400-a970-e4ab7543efbe req-22f7e5bb-726b-4400-a970-e4ab7543efbe ] Request (FlavorsV2TestJSON:test_list_flavors_detailed_filter_by_min_disk): 200 GET http://10.180.1.21/compute/v2.1/flavors/detail?minDisk=2 0.073s
2024-09-10 08:56:12.011 62253 INFO tempest.lib.common.rest_client [req-b5998d13-a336-422c-ac94-38f80341c067 req-b5998d13-a336-422c-ac94-38f80341c067 ] Request (VolumesAdminNegativeTest:test_update_attached_volume_with_nonexistent_volume_in_uri): 200 GET http://10.180.1.21/compute/v2.1/servers/a04fbe7e-e53e-43ef-9a6f-ba3895ce7597 0.104s
2024-09-10 08:56:12.012 62233 INFO tempest.lib.common.rest_client [req-f8de7154-42c4-4be8-8e94-eae4bd71bca1 req-f8de7154-42c4-4be8-8e94-eae4bd71bca1 ] Request (ServerDiskConfigTestJSON:test_rebuild_server_with_auto_disk_config): 200 GET http://10.180.1.21/compute/v2.1/servers/45fdae21-bec2-438a-8f2a-c23b0e428057 0.152s
2024-09-10 08:56:12.022 62235 INFO tempest.lib.common.rest_client [req-69895b8d-e04e-411a-9d08-0ec44e7bb827 req-69895b8d-e04e-411a-9d08-0ec44e7bb827 ] Request (FlavorsV2TestJSON:test_list_flavors_detailed_filter_by_min_ram): 200 GET http://10.180.1.21/compute/v2.1/flavors/42 0.054s
2024-09-10 08:56:12.044 62277 WARNING tempest.lib.common.ssh [-] Failed to establish authenticated ssh connection to cirros@10.180.180.184 ([Errno None] Unable to connect to port 22 on 10.180.180.184). Number attempts: 1. Retry after 2 seconds.: paramiko.ssh_exception.NoValidConnectionsError: [Errno None] Unable to connect to port 22 on 10.180.180.184
2024-09-10 08:56:12.046 62235 INFO tempest.lib.common.rest_client [req-ebb3f64e-5ef2-4683-ad5b-ed43b79e6afc req-ebb3f64e-5ef2-4683-ad5b-ed43b79e6afc ] Request (FlavorsV2TestJSON:test_list_flavors_detailed_filter_by_min_ram): 200 GET http://10.180.1.21/compute/v2.1/flavors/detail?minRam=193 0.022s
2024-09-10 08:56:12.067 62235 INFO tempest.lib.common.rest_client [req-1825f3aa-01a4-41ab-957d-fe1224dd98d0 req-1825f3aa-01a4-41ab-957d-fe1224dd98d0 ] Request (FlavorsV2TestJSON:test_list_flavors_detailed_limit_results): 200 GET http://10.180.1.21/compute/v2.1/flavors/detail?limit=1 0.015s
2024-09-10 08:56:12.082 62235 INFO tempest.lib.common.rest_client [req-57772a73-678a-42f4-96c8-aaa8081a9776 req-57772a73-678a-42f4-96c8-aaa8081a9776 ] Request (FlavorsV2TestJSON:test_list_flavors_detailed_using_marker): 200 GET http://10.180.1.21/compute/v2.1/flavors/42 0.012s
2024-09-10 08:56:12.114 62235 INFO tempest.lib.common.rest_client [req-9189b755-1482-4eaf-9587-c4589a2c1949 req-9189b755-1482-4eaf-9587-c4589a2c1949 ] Request (FlavorsV2TestJSON:test_list_flavors_detailed_using_marker): 200 GET http://10.180.1.21/compute/v2.1/flavors/detail?marker=42 0.029s
2024-09-10 08:56:12.134 62235 INFO tempest.lib.common.rest_client [req-b5dc2e5c-1319-4eab-9488-added3cc3de5 req-b5dc2e5c-1319-4eab-9488-added3cc3de5 ] Request (FlavorsV2TestJSON:test_list_flavors_filter_by_min_disk): 200 GET http://10.180.1.21/compute/v2.1/flavors/42 0.015s
2024-09-10 08:56:12.185 62239 INFO tempest.lib.common.rest_client [req-67ca3675-4929-4034-887e-ffbbdbd6856f req-67ca3675-4929-4034-887e-ffbbdbd6856f ] Request (InstanceActionsV221TestJSON:test_get_list_deleted_instance_actions): 200 GET http://10.180.1.21/compute/v2.1/servers/f6db353f-f7b5-4ba4-8f70-f3b65281da93 0.065s
2024-09-10 08:56:12.189 62257 INFO tempest.lib.common.rest_client [req-68e8e494-b2b5-4aae-a247-c9fb13820dec req-68e8e494-b2b5-4aae-a247-c9fb13820dec ] Request (AttachInterfacesV270Test:test_create_get_list_interfaces): 200 GET http://10.180.1.21/compute/v2.1/servers/19fd0358-32e4-434f-b0b3-c8cc6c07ba51 0.124s
2024-09-10 08:56:12.200 62235 INFO tempest.lib.common.rest_client [req-725161b3-3216-4699-9611-d0ce484ae4db req-725161b3-3216-4699-9611-d0ce484ae4db ] Request (FlavorsV2TestJSON:test_list_flavors_filter_by_min_disk): 200 GET http://10.180.1.21/compute/v2.1/flavors?minDisk=2 0.063s
2024-09-10 08:56:12.240 62255 INFO tempest.lib.common.rest_client [req-5602e5b3-7ccf-4fb7-b605-e1dd2895cbf4 req-5602e5b3-7ccf-4fb7-b605-e1dd2895cbf4 ] Request (InstanceActionsNegativeTestJSON:setUpClass): 200 GET http://10.180.1.21/compute/v2.1/servers/d056dadd-492d-4a4d-abc2-fc5f113f865b 0.103s
2024-09-10 08:56:12.250 62249 INFO tempest.lib.common.rest_client [req-55273d3c-b213-4f78-9f66-9b461a02a2df req-55273d3c-b213-4f78-9f66-9b461a02a2df ] Request (MigrationsAdminTest:test_list_migrations_in_flavor_resize_situation): 200 GET http://10.180.1.21/compute/v2.1/servers/4edbf65d-eaca-47e1-b6bf-03ccb908b52e 0.081s
2024-09-10 08:56:12.262 62235 INFO tempest.lib.common.rest_client [req-dd8d3c38-ff93-4eca-bd22-5e10ef4a744a req-dd8d3c38-ff93-4eca-bd22-5e10ef4a744a ] Request (FlavorsV2TestJSON:test_list_flavors_filter_by_min_ram): 200 GET http://10.180.1.21/compute/v2.1/flavors/42 0.059s
2024-09-10 08:56:12.291 62243 INFO tempest.lib.common.rest_client [req-15e12898-0c3a-4eb5-9a6b-c32f896eac07 req-15e12898-0c3a-4eb5-9a6b-c32f896eac07 ] Request (FloatingIPsAssociationTestJSON:test_associate_already_associated_floating_ip): 200 GET http://10.180.1.21/compute/v2.1/servers/0d34066f-5b8f-4bac-9b83-67d78987c4b3 0.111s
2024-09-10 08:56:12.309 62245 INFO tempest.lib.common.rest_client [req-8bd9c517-ba70-4d33-8b23-c4222d3191a9 req-8bd9c517-ba70-4d33-8b23-c4222d3191a9 ] Request (ImagesOneServerTestJSON:setUpClass): 200 GET http://10.180.1.21/compute/v2.1/servers/4da426a1-7af9-4e4e-82ed-c45687a19b86 0.093s
2024-09-10 08:56:12.331 62235 INFO tempest.lib.common.rest_client [req-021f202b-26e4-4c31-a40a-40c11510c104 req-021f202b-26e4-4c31-a40a-40c11510c104 ] Request (FlavorsV2TestJSON:test_list_flavors_filter_by_min_ram): 200 GET http://10.180.1.21/compute/v2.1/flavors?minRam=193 0.067s
2024-09-10 08:56:12.342 62275 INFO tempest.lib.common.rest_client [req-9c89076f-d4f2-4c86-a3ce-191a834b5e66 req-9c89076f-d4f2-4c86-a3ce-191a834b5e66 ] Request (ServerPasswordTestJSON:setUpClass): 200 GET http://10.180.1.21/compute/v2.1/servers/2da17a43-2260-4a82-9ed3-eafd25bb9a6a 0.118s
2024-09-10 08:56:12.351 62235 INFO tempest.lib.common.rest_client [req-e4d9530b-9702-452d-99cd-3be5f55c1fed req-e4d9530b-9702-452d-99cd-3be5f55c1fed ] Request (FlavorsV2TestJSON:test_list_flavors_limit_results): 200 GET http://10.180.1.21/compute/v2.1/flavors?limit=1 0.016s
2024-09-10 08:56:12.367 62235 INFO tempest.lib.common.rest_client [req-af1ed93f-a9d5-4d36-bdfb-b41b28afbd8b req-af1ed93f-a9d5-4d36-bdfb-b41b28afbd8b ] Request (FlavorsV2TestJSON:test_list_flavors_using_marker): 200 GET http://10.180.1.21/compute/v2.1/flavors/42 0.014s
2024-09-10 08:56:12.392 62235 INFO tempest.lib.common.rest_client [req-24b728b6-ba30-4314-ba9c-12ad6645df45 req-24b728b6-ba30-4314-ba9c-12ad6645df45 ] Request (FlavorsV2TestJSON:test_list_flavors_using_marker): 200 GET http://10.180.1.21/compute/v2.1/flavors?marker=42 0.022s
2024-09-10 08:56:12.415 62235 INFO tempest.lib.common.rest_client [req-16fd3e8c-6d34-453d-83ee-45e5c840b3d2 req-16fd3e8c-6d34-453d-83ee-45e5c840b3d2 ] Request (FlavorsV2TestJSON:test_list_flavors_with_detail): 200 GET http://10.180.1.21/compute/v2.1/flavors/detail 0.019s
2024-09-10 08:56:12.435 62235 INFO tempest.lib.common.rest_client [req-e6796956-2284-45da-aee1-417a737041f3 req-e6796956-2284-45da-aee1-417a737041f3 ] Request (FlavorsV2TestJSON:test_list_flavors_with_detail): 200 GET http://10.180.1.21/compute/v2.1/flavors/42 0.015s
2024-09-10 08:56:12.570 62235 INFO tempest.lib.common.rest_client [req-2b2f509d-0946-4c04-a756-fb9ee9c7c923 req-2b2f509d-0946-4c04-a756-fb9ee9c7c923 ] Request (FlavorsV2TestJSON:tearDownClass): 204 DELETE http://10.180.1.21/identity/v3/users/493b243a732e49888260528559e21da2 0.132s
2024-09-10 08:56:12.571 62235 INFO tempest.lib.common.dynamic_creds [-] Deleting project and security group for project: 190f7580d5534f8284e37698f8d2f44f
2024-09-10 08:56:12.589 62291 INFO tempest.lib.common.rest_client [req-a36af605-1f22-4ed1-9004-e837ea08afb1 req-a36af605-1f22-4ed1-9004-e837ea08afb1 ] Request (ServerAddressesNegativeTestJSON:setUpClass): 200 GET http://10.180.1.21/compute/v2.1/servers/24db5fad-52fd-4689-a8aa-2ae4b0a06710 0.129s
2024-09-10 08:56:12.596 62291 INFO tempest.common.waiters [-] State transition "BUILD/spawning" ==> "ACTIVE/None" after 97 second wait
2024-09-10 08:56:12.646 62235 INFO tempest.lib.common.rest_client [req-bfd767be-2009-4f95-b4a7-08d1ab2fd668 req-bfd767be-2009-4f95-b4a7-08d1ab2fd668 ] Request (FlavorsV2TestJSON:tearDownClass): 201 POST http://10.180.1.21/identity/v3/auth/tokens 0.075s
2024-09-10 08:56:12.668 62237 INFO tempest.lib.common.rest_client [req-75c92d51-0d9c-4b4e-89c4-d6e6318e40d9 req-75c92d51-0d9c-4b4e-89c4-d6e6318e40d9 ] Request (ListImageFiltersTestJSON:tearDownClass): 200 GET http://10.180.1.21/compute/v2.1/servers/d5a54c46-1a45-4bd5-8694-0defc757c455 0.096s
2024-09-10 08:56:12.703 62279 INFO tempest.lib.common.rest_client [req-797769cf-f11b-4156-bbde-02256e4af418 req-797769cf-f11b-4156-bbde-02256e4af418 ] Request (ServersTestMultiNic:test_verify_duplicate_network_nics): 200 GET http://10.180.1.21/compute/v2.1/servers/1c4eb398-c4e9-4588-ba48-2805e3fee750 0.194s
2024-09-10 08:56:12.708 62291 INFO tempest.lib.common.rest_client [req-3a99fd53-942c-4727-9a4a-53338e94bb58 req-3a99fd53-942c-4727-9a4a-53338e94bb58 ] Request (ServerAddressesNegativeTestJSON:test_list_server_addresses_by_network_neg): 404 GET http://10.180.1.21/compute/v2.1/servers/24db5fad-52fd-4689-a8aa-2ae4b0a06710/ips/invalid 0.110s
2024-09-10 08:56:12.765 62287 INFO tempest.lib.common.rest_client [req-d1d1ba22-d90e-4b81-a97c-283cf0b31d90 req-d1d1ba22-d90e-4b81-a97c-283cf0b31d90 ] Request (SecurityGroupsTestJSON:test_server_security_groups): 200 GET http://10.180.1.21/compute/v2.1/servers/c51184b6-d2c7-49ff-b061-ab0f9a69cdbf 0.157s
2024-09-10 08:56:12.772 62263 INFO tempest.lib.common.rest_client [req-9c1b4926-1557-40f6-b465-17de8cc88593 req-9c1b4926-1557-40f6-b465-17de8cc88593 ] Request (ServersTestManualDisk:setUpClass): 200 GET http://10.180.1.21/compute/v2.1/servers/eef1cf32-e71e-4696-8170-1023e3a5518d 0.102s
2024-09-10 08:56:12.774 62291 INFO tempest.lib.common.rest_client [req-282192c6-0393-414e-b2db-0ca62b99ee1b req-282192c6-0393-414e-b2db-0ca62b99ee1b ] Request (ServerAddressesNegativeTestJSON:test_list_server_addresses_invalid_server_id): 404 GET http://10.180.1.21/compute/v2.1/servers/999/ips 0.063s
2024-09-10 08:56:12.850 62241 INFO tempest.lib.common.rest_client [req-c27bf69d-b916-42a4-9253-4e5196c7c7aa req-c27bf69d-b916-42a4-9253-4e5196c7c7aa ] Request (ServerDiagnosticsV248Test:tearDownClass): 200 GET http://10.180.1.21/compute/v2.1/servers/e78f8718-e0be-4b2a-ab70-9565ce01ab9d 0.103s
2024-09-10 08:56:12.952 62291 INFO tempest.lib.common.rest_client [req-9ebde63d-954d-48ee-9a9e-e5f7336a9ce3 req-9ebde63d-954d-48ee-9a9e-e5f7336a9ce3 ] Request (ServerAddressesNegativeTestJSON:tearDownClass): 204 DELETE http://10.180.1.21/compute/v2.1/servers/24db5fad-52fd-4689-a8aa-2ae4b0a06710 0.175s
2024-09-10 08:56:12.963 62235 INFO tempest.lib.common.rest_client [req-791132d1-10ad-4d78-b5e1-4eae8abe671f req-791132d1-10ad-4d78-b5e1-4eae8abe671f ] Request (FlavorsV2TestJSON:tearDownClass): 200 GET http://10.180.1.21:9696/networking/v2.0/security-groups?tenant_id=190f7580d5534f8284e37698f8d2f44f&name=default 0.316s
2024-09-10 08:56:12.966 62269 INFO tempest.lib.common.rest_client [req-7ed03d6d-0359-45da-8fcd-dc3c48485e1f req-7ed03d6d-0359-45da-8fcd-dc3c48485e1f ] Request (AttachInterfacesTestJSON:test_create_list_show_delete_interfaces_by_fixed_ip): 200 GET http://10.180.1.21/compute/v2.1/servers/b1bd98d9-bd0f-4abd-a188-e5267ada4852 0.206s
2024-09-10 08:56:13.020 62273 INFO tempest.lib.common.rest_client [req-c19b091b-142e-4e22-88b7-20f958f759ac req-c19b091b-142e-4e22-88b7-20f958f759ac ] Request (MultipleCreateTestJSON:tearDownClass): 200 GET http://10.180.1.21/compute/v2.1/servers/f47e5bbb-f4a8-4686-8195-8348d2ffb08d 0.217s
2024-09-10 08:56:13.029 62282 INFO tempest.lib.common.rest_client [req-52bb79ea-a8f1-4bd5-a607-48434f0b8132 req-52bb79ea-a8f1-4bd5-a607-48434f0b8132 ] Request (ServersAdminTestJSON:setUpClass): 200 GET http://10.180.1.21/compute/v2.1/servers/fcdc7c33-8c46-4f4d-bb39-e6f943256cb0 0.213s
2024-09-10 08:56:13.073 62261 INFO tempest.lib.common.rest_client [req-e11499e2-1e50-4f20-ac37-68faa5a9e3e4 req-e11499e2-1e50-4f20-ac37-68faa5a9e3e4 ] Request (ServerAddressesTestJSON:setUpClass): 200 GET http://10.180.1.21/compute/v2.1/servers/0d7238b3-d7a3-4a35-ba33-bf2e7e7a9afa 0.218s
2024-09-10 08:56:13.085 62295 INFO tempest.lib.common.rest_client [req-c1809c3c-5a53-4c76-9fab-673ad4dc860d req-c1809c3c-5a53-4c76-9fab-673ad4dc860d ] Request (ServerShowV247Test:test_update_rebuild_list_server): 200 GET http://10.180.1.21/compute/v2.1/servers/ecb72668-caa4-4117-9f8d-e0c6e4831f3d 0.195s
2024-09-10 08:56:13.125 62247 INFO tempest.lib.common.rest_client [req-0e9b1fee-17ed-448f-9bac-61774038a32c req-0e9b1fee-17ed-448f-9bac-61774038a32c ] Request (AttachInterfacesUnderV243Test:test_add_remove_fixed_ip): 200 GET http://10.180.1.21/compute/v2.1/servers/f9c1424f-6096-481c-aa91-acc25bfd8f6e 0.217s
2024-09-10 08:56:13.189 62235 INFO tempest.lib.common.rest_client [req-a2eab9d9-7447-492e-9690-acd430c9a615 req-a2eab9d9-7447-492e-9690-acd430c9a615 ] Request (FlavorsV2TestJSON:tearDownClass): 204 DELETE http://10.180.1.21:9696/networking/v2.0/security-groups/4780d2b8-bc88-4441-8cd5-8e29768ef666 0.225s
2024-09-10 08:56:13.259 62235 INFO tempest.lib.common.rest_client [req-ea2fb730-eb74-4ff5-aa99-d6b33d61c22a req-ea2fb730-eb74-4ff5-aa99-d6b33d61c22a ] Request (FlavorsV2TestJSON:tearDownClass): 204 DELETE http://10.180.1.21/identity/v3/projects/190f7580d5534f8284e37698f8d2f44f 0.070s
2024-09-10 08:56:13.294 62291 INFO tempest.lib.common.rest_client [req-8116af31-c1eb-42b0-9815-3687848cd524 req-8116af31-c1eb-42b0-9815-3687848cd524 ] Request (ServerAddressesNegativeTestJSON:tearDownClass): 200 GET http://10.180.1.21/compute/v2.1/servers/24db5fad-52fd-4689-a8aa-2ae4b0a06710 0.342s
2024-09-10 08:56:13.295 62251 INFO tempest.lib.common.rest_client [req-0b0a35e9-f478-4b6d-b58b-46eeeff421e0 req-0b0a35e9-f478-4b6d-b58b-46eeeff421e0 ] Request (ServersNegativeTestMultiTenantJSON:setUpClass): 200 GET http://10.180.1.21/compute/v2.1/servers/c350194c-ed3e-4996-871a-70b4cb99c7db 0.344s
2024-09-10 08:56:13.304 62251 INFO tempest.common.waiters [-] State transition "BUILD/networking" ==> "BUILD/block_device_mapping" after 89 second wait
2024-09-10 08:56:13.346 62235 INFO tempest.lib.common.rest_client [req-4a592647-76ef-433a-be5f-e1df10775adb req-4a592647-76ef-433a-be5f-e1df10775adb ] Request (ListImageFiltersNegativeTestJSON:setUpClass): 201 POST http://10.180.1.21/identity/v3/auth/tokens 0.085s
2024-09-10 08:56:13.348 62253 INFO tempest.lib.common.rest_client [req-d5003422-1246-4ed0-b5f1-dc62cd1eb890 req-d5003422-1246-4ed0-b5f1-dc62cd1eb890 ] Request (VolumesAdminNegativeTest:test_update_attached_volume_with_nonexistent_volume_in_uri): 200 GET http://10.180.1.21/compute/v2.1/servers/a04fbe7e-e53e-43ef-9a6f-ba3895ce7597 0.331s
2024-09-10 08:56:13.385 62235 INFO tempest.lib.common.rest_client [req-3ca4bfc2-888b-4775-b551-f9dfb27f8f76 req-3ca4bfc2-888b-4775-b551-f9dfb27f8f76 ] Request (ListImageFiltersNegativeTestJSON:setUpClass): 201 POST http://10.180.1.21/identity/v3/auth/tokens 0.033s
2024-09-10 08:56:13.402 62239 INFO tempest.lib.common.rest_client [req-248c0eba-bd6d-44b3-9097-a0200e6c131c req-248c0eba-bd6d-44b3-9097-a0200e6c131c ] Request (InstanceActionsV221TestJSON:test_get_list_deleted_instance_actions): 200 GET http://10.180.1.21/compute/v2.1/servers/f6db353f-f7b5-4ba4-8f70-f3b65281da93 0.208s
2024-09-10 08:56:13.417 62233 INFO tempest.lib.common.rest_client [req-8e80acf8-a444-4234-be93-b4d261d60699 req-8e80acf8-a444-4234-be93-b4d261d60699 ] Request (ServerDiskConfigTestJSON:test_rebuild_server_with_auto_disk_config): 200 GET http://10.180.1.21/compute/v2.1/servers/45fdae21-bec2-438a-8f2a-c23b0e428057 0.398s
2024-09-10 08:56:13.423 62235 INFO tempest.lib.common.rest_client [req-7f02842e-f02f-4a48-a0cf-9dd0268a565b req-7f02842e-f02f-4a48-a0cf-9dd0268a565b ] Request (ListImageFiltersNegativeTestJSON:setUpClass): 200 GET http://10.180.1.21/identity/v3/domains?name=Default 0.037s
2024-09-10 08:56:13.425 62233 INFO tempest.common.waiters [-] State transition "BUILD/spawning" ==> "ACTIVE/None" after 93 second wait
2024-09-10 08:56:13.468 62235 INFO tempest.lib.common.rest_client [req-c7d90a50-5e87-4089-b9af-d1559cbbe5c6 req-c7d90a50-5e87-4089-b9af-d1559cbbe5c6 ] Request (ListImageFiltersNegativeTestJSON:setUpClass): 201 POST http://10.180.1.21/identity/v3/projects 0.042s
2024-09-10 08:56:13.477 62255 INFO tempest.lib.common.rest_client [req-cf8320d6-b96b-4d3d-b68a-ed2812345a9f req-cf8320d6-b96b-4d3d-b68a-ed2812345a9f ] Request (InstanceActionsNegativeTestJSON:setUpClass): 200 GET http://10.180.1.21/compute/v2.1/servers/d056dadd-492d-4a4d-abc2-fc5f113f865b 0.230s
2024-09-10 08:56:13.523 62249 INFO tempest.lib.common.rest_client [req-70354d20-6573-4c41-ae68-03a61db56a3c req-70354d20-6573-4c41-ae68-03a61db56a3c ] Request (MigrationsAdminTest:test_list_migrations_in_flavor_resize_situation): 200 GET http://10.180.1.21/compute/v2.1/servers/4edbf65d-eaca-47e1-b6bf-03ccb908b52e 0.263s
2024-09-10 08:56:13.529 62235 INFO tempest.lib.common.rest_client [req-59d3c53e-654a-48e9-8312-dcfaec865aa0 req-59d3c53e-654a-48e9-8312-dcfaec865aa0 ] Request (ListImageFiltersNegativeTestJSON:setUpClass): 201 POST http://10.180.1.21/identity/v3/users 0.061s
2024-09-10 08:56:13.548 62257 INFO tempest.lib.common.rest_client [req-437f2d6a-9494-4ada-aebf-02969ef51dd3 req-437f2d6a-9494-4ada-aebf-02969ef51dd3 ] Request (AttachInterfacesV270Test:test_create_get_list_interfaces): 200 GET http://10.180.1.21/compute/v2.1/servers/19fd0358-32e4-434f-b0b3-c8cc6c07ba51 0.349s
2024-09-10 08:56:13.554 62235 INFO tempest.lib.common.rest_client [req-5ece7201-75f2-443f-afad-aecb33254df1 req-5ece7201-75f2-443f-afad-aecb33254df1 ] Request (ListImageFiltersNegativeTestJSON:setUpClass): 200 GET http://10.180.1.21/identity/v3/roles 0.024s
2024-09-10 08:56:13.581 62243 INFO tempest.lib.common.rest_client [req-d3498ab7-dbbc-4c46-9b95-c615cdc57a11 req-d3498ab7-dbbc-4c46-9b95-c615cdc57a11 ] Request (FloatingIPsAssociationTestJSON:test_associate_already_associated_floating_ip): 200 GET http://10.180.1.21/compute/v2.1/servers/0d34066f-5b8f-4bac-9b83-67d78987c4b3 0.282s
2024-09-10 08:56:13.591 62235 INFO tempest.lib.common.rest_client [req-53aded70-1535-45c7-b9e7-fc46b8331bac req-53aded70-1535-45c7-b9e7-fc46b8331bac ] Request (ListImageFiltersNegativeTestJSON:setUpClass): 204 PUT http://10.180.1.21/identity/v3/projects/e785098801434b929556b8f8838f09b7/users/39acf21f0dce46bb82306d730fc4f738/roles/f7cbbbffe02f4f0e8389aa5e04509b91 0.037s
2024-09-10 08:56:13.591 62235 INFO tempest.lib.common.dynamic_creds [-] Dynamic test user 39acf21f0dce46bb82306d730fc4f738 is created with scope project and roles: ['member']
2024-09-10 08:56:13.592 62235 INFO tempest.lib.common.dynamic_creds [-] Acquired dynamic creds: credentials: Credentials: {'domain_id': 'default', 'domain_name': 'Default', 'username': 'tempest-ListImageFiltersNegativeTestJSON-697265320-project-member', 'project_domain_id': 'default', 'project_domain_name': 'Default', 'project_id': 'e785098801434b929556b8f8838f09b7', 'project_name': 'tempest-ListImageFiltersNegativeTestJSON-697265320', 'tenant_id': 'e785098801434b929556b8f8838f09b7', 'tenant_name': 'tempest-ListImageFiltersNegativeTestJSON-697265320', 'user_domain_id': 'default', 'user_domain_name': 'Default', 'user_id': '39acf21f0dce46bb82306d730fc4f738', 'system': None}, Network: None, Subnet: None, Router: None
2024-09-10 08:56:13.592 62235 INFO tempest.lib.common.dynamic_creds [-] Created isolated network resources for: credentials: Credentials: {'domain_id': 'default', 'domain_name': 'Default', 'username': 'tempest-ListImageFiltersNegativeTestJSON-697265320-project-member', 'project_domain_id': 'default', 'project_domain_name': 'Default', 'project_id': 'e785098801434b929556b8f8838f09b7', 'project_name': 'tempest-ListImageFiltersNegativeTestJSON-697265320', 'tenant_id': 'e785098801434b929556b8f8838f09b7', 'tenant_name': 'tempest-ListImageFiltersNegativeTestJSON-697265320', 'user_domain_id': 'default', 'user_domain_name': 'Default', 'user_id': '39acf21f0dce46bb82306d730fc4f738', 'system': None}, Network: None, Subnet: None, Router: None
2024-09-10 08:56:13.607 62245 INFO tempest.lib.common.rest_client [req-c5448d73-829e-4d35-be7d-bd9f7792ee80 req-c5448d73-829e-4d35-be7d-bd9f7792ee80 ] Request (ImagesOneServerTestJSON:setUpClass): 200 GET http://10.180.1.21/compute/v2.1/servers/4da426a1-7af9-4e4e-82ed-c45687a19b86 0.289s
2024-09-10 08:56:13.628 62275 INFO tempest.lib.common.rest_client [req-871e7c5d-04a8-401b-9d09-05e473615bf6 req-871e7c5d-04a8-401b-9d09-05e473615bf6 ] Request (ServerPasswordTestJSON:setUpClass): 200 GET http://10.180.1.21/compute/v2.1/servers/2da17a43-2260-4a82-9ed3-eafd25bb9a6a 0.277s
2024-09-10 08:56:13.669 62235 INFO tempest.lib.common.rest_client [req-2878a56e-c270-4118-889d-97ce54f52e7c req-2878a56e-c270-4118-889d-97ce54f52e7c ] Request (ListImageFiltersNegativeTestJSON:setUpClass): 201 POST http://10.180.1.21/identity/v3/auth/tokens 0.071s
2024-09-10 08:56:13.746 62233 INFO tempest.lib.common.rest_client [req-b11d4e84-43f2-44ac-91ec-30b2f51c0129 req-b11d4e84-43f2-44ac-91ec-30b2f51c0129 ] Request (ServerDiskConfigTestJSON:test_rebuild_server_with_auto_disk_config): 200 GET http://10.180.1.21/compute/v2.1/servers/45fdae21-bec2-438a-8f2a-c23b0e428057 0.320s
2024-09-10 08:56:13.755 62235 INFO tempest.lib.common.rest_client [req-1b3bc930-d76f-4e73-aea3-b27f8ce6b808 req-1b3bc930-d76f-4e73-aea3-b27f8ce6b808 ] Request (ListImageFiltersNegativeTestJSON:test_get_nonexistent_image): 404 GET http://10.180.1.21/compute/v2.1/images/5739d5cc-e398-48ac-89da-14068e494f3f 0.083s
2024-09-10 08:56:13.814 62237 INFO tempest.lib.common.rest_client [req-2049d890-d608-47ed-89ad-46a79cb833c7 req-2049d890-d608-47ed-89ad-46a79cb833c7 ] Request (ListImageFiltersTestJSON:tearDownClass): 200 GET http://10.180.1.21/compute/v2.1/servers/d5a54c46-1a45-4bd5-8694-0defc757c455 0.137s
2024-09-10 08:56:13.857 62235 INFO tempest.lib.common.rest_client [req-eeabbf18-51ad-4fba-ab8f-2cf9126b04c9 req-eeabbf18-51ad-4fba-ab8f-2cf9126b04c9 ] Request (ListImageFiltersNegativeTestJSON:tearDownClass): 204 DELETE http://10.180.1.21/identity/v3/users/39acf21f0dce46bb82306d730fc4f738 0.100s
2024-09-10 08:56:13.857 62235 INFO tempest.lib.common.dynamic_creds [-] Deleting project and security group for project: e785098801434b929556b8f8838f09b7
2024-09-10 08:56:13.941 62235 INFO tempest.lib.common.rest_client [req-23c85f54-8566-428c-ac70-eda2ad29cc5c req-23c85f54-8566-428c-ac70-eda2ad29cc5c ] Request (ListImageFiltersNegativeTestJSON:tearDownClass): 201 POST http://10.180.1.21/identity/v3/auth/tokens 0.084s
2024-09-10 08:56:13.979 62279 INFO tempest.lib.common.rest_client [req-a0f1505a-d076-4a00-8f03-c03c1a02ef84 req-a0f1505a-d076-4a00-8f03-c03c1a02ef84 ] Request (ServersTestMultiNic:test_verify_duplicate_network_nics): 200 GET http://10.180.1.21/compute/v2.1/servers/1c4eb398-c4e9-4588-ba48-2805e3fee750 0.268s
2024-09-10 08:56:14.020 62233 INFO tempest.lib.common.rest_client [req-6c16f1e5-f977-436f-b742-9a1520479d81 req-6c16f1e5-f977-436f-b742-9a1520479d81 ] Request (ServerDiskConfigTestJSON:test_rebuild_server_with_auto_disk_config): 202 POST http://10.180.1.21/compute/v2.1/servers/45fdae21-bec2-438a-8f2a-c23b0e428057/action 0.267s
2024-09-10 08:56:14.038 62287 INFO tempest.lib.common.rest_client [req-efa54644-c5ba-491c-b5ca-ad6c5a2f1228 req-efa54644-c5ba-491c-b5ca-ad6c5a2f1228 ] Request (SecurityGroupsTestJSON:test_server_security_groups): 200 GET http://10.180.1.21/compute/v2.1/servers/c51184b6-d2c7-49ff-b061-ab0f9a69cdbf 0.264s
2024-09-10 08:56:14.083 62263 INFO tempest.lib.common.rest_client [req-2bdfa37f-2786-47e9-b2d1-535581c60d06 req-2bdfa37f-2786-47e9-b2d1-535581c60d06 ] Request (ServersTestManualDisk:setUpClass): 200 GET http://10.180.1.21/compute/v2.1/servers/eef1cf32-e71e-4696-8170-1023e3a5518d 0.301s
2024-09-10 08:56:14.102 62241 INFO tempest.lib.common.rest_client [req-09e6d470-dc1e-4756-a990-e69b6a7d8bfb req-09e6d470-dc1e-4756-a990-e69b6a7d8bfb ] Request (ServerDiagnosticsV248Test:tearDownClass): 200 GET http://10.180.1.21/compute/v2.1/servers/e78f8718-e0be-4b2a-ab70-9565ce01ab9d 0.238s
2024-09-10 08:56:14.191 62235 INFO tempest.lib.common.rest_client [req-97dcf797-52af-4c3c-8d9c-040d96235404 req-97dcf797-52af-4c3c-8d9c-040d96235404 ] Request (ListImageFiltersNegativeTestJSON:tearDownClass): 200 GET http://10.180.1.21:9696/networking/v2.0/security-groups?tenant_id=e785098801434b929556b8f8838f09b7&name=default 0.250s
2024-09-10 08:56:14.210 62233 INFO tempest.lib.common.rest_client [req-4abecdaf-d4a8-4ab4-a398-b11f3acd14ce req-4abecdaf-d4a8-4ab4-a398-b11f3acd14ce ] Request (ServerDiskConfigTestJSON:test_rebuild_server_with_auto_disk_config): 200 GET http://10.180.1.21/compute/v2.1/servers/45fdae21-bec2-438a-8f2a-c23b0e428057 0.183s
2024-09-10 08:56:14.238 62269 INFO tempest.lib.common.rest_client [req-6e84d41b-e12e-4974-883f-82bb309a87a2 req-6e84d41b-e12e-4974-883f-82bb309a87a2 ] Request (AttachInterfacesTestJSON:test_create_list_show_delete_interfaces_by_fixed_ip): 200 GET http://10.180.1.21/compute/v2.1/servers/b1bd98d9-bd0f-4abd-a188-e5267ada4852 0.263s
2024-09-10 08:56:14.273 62273 INFO tempest.lib.common.rest_client [req-902c9ca5-0b74-404e-9950-93a37b46d6cb req-902c9ca5-0b74-404e-9950-93a37b46d6cb ] Request (MultipleCreateTestJSON:tearDownClass): 200 GET http://10.180.1.21/compute/v2.1/servers/f47e5bbb-f4a8-4686-8195-8348d2ffb08d 0.244s
2024-09-10 08:56:14.311 62282 INFO tempest.lib.common.rest_client [req-7799914a-61cb-45fb-b0a7-fbbdc0f2add4 req-7799914a-61cb-45fb-b0a7-fbbdc0f2add4 ] Request (ServersAdminTestJSON:setUpClass): 200 GET http://10.180.1.21/compute/v2.1/servers/fcdc7c33-8c46-4f4d-bb39-e6f943256cb0 0.273s
2024-09-10 08:56:14.318 62261 INFO tempest.lib.common.rest_client [req-276cd70f-c1ef-418b-8a88-4f46cecfd9a2 req-276cd70f-c1ef-418b-8a88-4f46cecfd9a2 ] Request (ServerAddressesTestJSON:setUpClass): 200 GET http://10.180.1.21/compute/v2.1/servers/0d7238b3-d7a3-4a35-ba33-bf2e7e7a9afa 0.234s
2024-09-10 08:56:14.361 62235 INFO tempest.lib.common.rest_client [req-1dafbc9a-22cf-44ee-ac35-dd797fafdb5a req-1dafbc9a-22cf-44ee-ac35-dd797fafdb5a ] Request (ListImageFiltersNegativeTestJSON:tearDownClass): 204 DELETE http://10.180.1.21:9696/networking/v2.0/security-groups/76849ce4-ed47-4d54-905d-bbcbde2c7a9f 0.169s
2024-09-10 08:56:14.366 62295 INFO tempest.lib.common.rest_client [req-6bbdad0e-b696-49b6-9eec-1eeaa83d360a req-6bbdad0e-b696-49b6-9eec-1eeaa83d360a ] Request (ServerShowV247Test:test_update_rebuild_list_server): 200 GET http://10.180.1.21/compute/v2.1/servers/ecb72668-caa4-4117-9f8d-e0c6e4831f3d 0.272s
2024-09-10 08:56:14.374 62295 INFO tempest.common.waiters [-] State transition "BUILD/scheduling" ==> "BUILD/None" after 83 second wait
2024-09-10 08:56:14.428 62235 INFO tempest.lib.common.rest_client [req-775f84b1-eb8e-4f58-a848-24f251fe63f2 req-775f84b1-eb8e-4f58-a848-24f251fe63f2 ] Request (ListImageFiltersNegativeTestJSON:tearDownClass): 204 DELETE http://10.180.1.21/identity/v3/projects/e785098801434b929556b8f8838f09b7 0.067s
2024-09-10 08:56:14.484 62235 INFO tempest.lib.common.rest_client [req-fb3d0a93-57bb-4d52-918c-435d0de47508 req-fb3d0a93-57bb-4d52-918c-435d0de47508 ] Request (AZV2TestJSON:setUpClass): 201 POST http://10.180.1.21/identity/v3/auth/tokens 0.054s
2024-09-10 08:56:14.509 62291 INFO tempest.lib.common.rest_client [req-3146c772-5363-4f3e-bc54-13a24387b33e req-3146c772-5363-4f3e-bc54-13a24387b33e ] Request (ServerAddressesNegativeTestJSON:tearDownClass): 200 GET http://10.180.1.21/compute/v2.1/servers/24db5fad-52fd-4689-a8aa-2ae4b0a06710 0.200s
2024-09-10 08:56:14.524 62235 INFO tempest.lib.common.rest_client [req-492c8d2f-8425-4dd5-99cf-c0d81c988e67 req-492c8d2f-8425-4dd5-99cf-c0d81c988e67 ] Request (AZV2TestJSON:setUpClass): 201 POST http://10.180.1.21/identity/v3/auth/tokens 0.037s
2024-09-10 08:56:14.541 62247 INFO tempest.lib.common.rest_client [req-cc652c97-ab3c-4536-b3fa-73872cf1c88f req-cc652c97-ab3c-4536-b3fa-73872cf1c88f ] Request (AttachInterfacesUnderV243Test:test_add_remove_fixed_ip): 200 GET http://10.180.1.21/compute/v2.1/servers/f9c1424f-6096-481c-aa91-acc25bfd8f6e 0.409s
2024-09-10 08:56:14.548 62235 INFO tempest.lib.common.rest_client [req-7e365da1-30b3-4f4e-a634-ba56357a4562 req-7e365da1-30b3-4f4e-a634-ba56357a4562 ] Request (AZV2TestJSON:setUpClass): 200 GET http://10.180.1.21/identity/v3/domains?name=Default 0.024s
2024-09-10 08:56:14.577 62235 INFO tempest.lib.common.rest_client [req-2f4ea00f-0052-42bf-98c3-b49195516ab0 req-2f4ea00f-0052-42bf-98c3-b49195516ab0 ] Request (AZV2TestJSON:setUpClass): 201 POST http://10.180.1.21/identity/v3/projects 0.028s
2024-09-10 08:56:14.596 62253 INFO tempest.lib.common.rest_client [req-9682e1d8-6899-430b-a64c-7663e568c9ce req-9682e1d8-6899-430b-a64c-7663e568c9ce ] Request (VolumesAdminNegativeTest:test_update_attached_volume_with_nonexistent_volume_in_uri): 200 GET http://10.180.1.21/compute/v2.1/servers/a04fbe7e-e53e-43ef-9a6f-ba3895ce7597 0.239s
2024-09-10 08:56:14.646 62235 INFO tempest.lib.common.rest_client [req-a4714e48-8ab5-4787-8daa-b99d876c16e1 req-a4714e48-8ab5-4787-8daa-b99d876c16e1 ] Request (AZV2TestJSON:setUpClass): 201 POST http://10.180.1.21/identity/v3/users 0.069s
2024-09-10 08:56:14.665 62235 INFO tempest.lib.common.rest_client [req-8ba94d72-8a94-45c6-a370-628b03432945 req-8ba94d72-8a94-45c6-a370-628b03432945 ] Request (AZV2TestJSON:setUpClass): 200 GET http://10.180.1.21/identity/v3/roles 0.018s
2024-09-10 08:56:14.671 62239 INFO tempest.lib.common.rest_client [req-b6c491ad-7fac-40be-8088-a39e7e596b22 req-b6c491ad-7fac-40be-8088-a39e7e596b22 ] Request (InstanceActionsV221TestJSON:test_get_list_deleted_instance_actions): 200 GET http://10.180.1.21/compute/v2.1/servers/f6db353f-f7b5-4ba4-8f70-f3b65281da93 0.259s
2024-09-10 08:56:14.698 62235 INFO tempest.lib.common.rest_client [req-b6c22cdf-28c4-47fb-93f8-5940329ec33f req-b6c22cdf-28c4-47fb-93f8-5940329ec33f ] Request (AZV2TestJSON:setUpClass): 204 PUT http://10.180.1.21/identity/v3/projects/ddbe8bb7ff84470aa336af97df08ac7d/users/7da31b87f53544b49b60d3a6758e9055/roles/f7cbbbffe02f4f0e8389aa5e04509b91 0.032s
2024-09-10 08:56:14.698 62235 INFO tempest.lib.common.dynamic_creds [-] Dynamic test user 7da31b87f53544b49b60d3a6758e9055 is created with scope project and roles: ['member']
2024-09-10 08:56:14.699 62235 INFO tempest.lib.common.dynamic_creds [-] Acquired dynamic creds: credentials: Credentials: {'domain_id': 'default', 'domain_name': 'Default', 'username': 'tempest-AZV2TestJSON-938630790-project-member', 'project_domain_id': 'default', 'project_domain_name': 'Default', 'project_id': 'ddbe8bb7ff84470aa336af97df08ac7d', 'project_name': 'tempest-AZV2TestJSON-938630790', 'tenant_id': 'ddbe8bb7ff84470aa336af97df08ac7d', 'tenant_name': 'tempest-AZV2TestJSON-938630790', 'user_domain_id': 'default', 'user_domain_name': 'Default', 'user_id': '7da31b87f53544b49b60d3a6758e9055', 'system': None}, Network: None, Subnet: None, Router: None
2024-09-10 08:56:14.699 62235 INFO tempest.lib.common.dynamic_creds [-] Created isolated network resources for: credentials: Credentials: {'domain_id': 'default', 'domain_name': 'Default', 'username': 'tempest-AZV2TestJSON-938630790-project-member', 'project_domain_id': 'default', 'project_domain_name': 'Default', 'project_id': 'ddbe8bb7ff84470aa336af97df08ac7d', 'project_name': 'tempest-AZV2TestJSON-938630790', 'tenant_id': 'ddbe8bb7ff84470aa336af97df08ac7d', 'tenant_name': 'tempest-AZV2TestJSON-938630790', 'user_domain_id': 'default', 'user_domain_name': 'Default', 'user_id': '7da31b87f53544b49b60d3a6758e9055', 'system': None}, Network: None, Subnet: None, Router: None
2024-09-10 08:56:14.728 62251 INFO tempest.lib.common.rest_client [req-c3973ee4-a20a-46dc-a542-099979400e63 req-c3973ee4-a20a-46dc-a542-099979400e63 ] Request (ServersNegativeTestMultiTenantJSON:setUpClass): 200 GET http://10.180.1.21/compute/v2.1/servers/c350194c-ed3e-4996-871a-70b4cb99c7db 0.423s
2024-09-10 08:56:14.736 62251 INFO tempest.common.waiters [-] State transition "BUILD/block_device_mapping" ==> "BUILD/spawning" after 90 second wait
2024-09-10 08:56:14.736 62255 INFO tempest.lib.common.rest_client [req-0fabbe77-6511-444e-a6a0-88c7a335da46 req-0fabbe77-6511-444e-a6a0-88c7a335da46 ] Request (InstanceActionsNegativeTestJSON:setUpClass): 200 GET http://10.180.1.21/compute/v2.1/servers/d056dadd-492d-4a4d-abc2-fc5f113f865b 0.252s
2024-09-10 08:56:14.804 62249 INFO tempest.lib.common.rest_client [req-b86ece0b-3caf-4397-8a49-7f94431ec100 req-b86ece0b-3caf-4397-8a49-7f94431ec100 ] Request (MigrationsAdminTest:test_list_migrations_in_flavor_resize_situation): 200 GET http://10.180.1.21/compute/v2.1/servers/4edbf65d-eaca-47e1-b6bf-03ccb908b52e 0.268s
2024-09-10 08:56:14.820 62235 INFO tempest.lib.common.rest_client [req-7a6975d5-7fa5-4d3c-bc4c-6d72a2daf5be req-7a6975d5-7fa5-4d3c-bc4c-6d72a2daf5be ] Request (AZV2TestJSON:setUpClass): 201 POST http://10.180.1.21/identity/v3/auth/tokens 0.117s
2024-09-10 08:56:14.885 62243 INFO tempest.lib.common.rest_client [req-2f088d1c-e81e-4f52-ad24-ec5a54d54820 req-2f088d1c-e81e-4f52-ad24-ec5a54d54820 ] Request (FloatingIPsAssociationTestJSON:test_associate_already_associated_floating_ip): 200 GET http://10.180.1.21/compute/v2.1/servers/0d34066f-5b8f-4bac-9b83-67d78987c4b3 0.295s
2024-09-10 08:56:14.919 62257 INFO tempest.lib.common.rest_client [req-c6ea53c1-4e33-4f29-9525-1e2f6311accc req-c6ea53c1-4e33-4f29-9525-1e2f6311accc ] Request (AttachInterfacesV270Test:test_create_get_list_interfaces): 200 GET http://10.180.1.21/compute/v2.1/servers/19fd0358-32e4-434f-b0b3-c8cc6c07ba51 0.361s
