2024-09-10 08:55:45.383 62265 INFO tempest.lib.common.rest_client [req-bf0fdd37-0372-432a-bb4d-78acfa8d4144 req-bf0fdd37-0372-432a-bb4d-78acfa8d4144 ] Request (ServerGroup264TestJSON:tearDownClass): 204 DELETE http://10.180.1.21/identity/v3/projects/1f59b880c6f9437890f7f5d6b3cc90b1 0.091s
2024-09-10 08:55:45.419 62263 INFO tempest.lib.common.rest_client [req-e3126a58-1c85-408d-8f73-61389d665e93 req-e3126a58-1c85-408d-8f73-61389d665e93 ] Request (ServersTestJSON:tearDownClass): 204 DELETE http://10.180.1.21:9696/networking/v2.0/routers/9fd6b57b-2655-44a0-ab74-5e0d6f894470 0.557s
2024-09-10 08:55:45.567 62237 INFO tempest.lib.common.rest_client [req-a6345d77-2d05-4387-b91b-7ee5f5e2aee2 req-a6345d77-2d05-4387-b91b-7ee5f5e2aee2 ] Request (ListImageFiltersTestJSON:setUpClass): 200 GET http://10.180.1.21/compute/v2.1/servers/d5a54c46-1a45-4bd5-8694-0defc757c455 0.134s
2024-09-10 08:55:45.575 62237 INFO tempest.common.waiters [-] State transition "BUILD/spawning" ==> "ACTIVE/None" after 82 second wait
2024-09-10 08:55:45.625 62269 INFO tempest.lib.common.rest_client [req-b492b0b6-79e2-4144-89a3-e13cd6b9e10f req-b492b0b6-79e2-4144-89a3-e13cd6b9e10f ] Request (AttachInterfacesTestJSON:test_create_list_show_delete_interfaces_by_fixed_ip): 200 GET http://10.180.1.21/compute/v2.1/servers/b1bd98d9-bd0f-4abd-a188-e5267ada4852 0.169s
2024-09-10 08:55:45.676 62233 INFO tempest.lib.common.rest_client [req-f4c829c4-d189-495d-b0a7-03b6881d6535 req-f4c829c4-d189-495d-b0a7-03b6881d6535 ] Request (ServerDiskConfigTestJSON:test_rebuild_server_with_auto_disk_config): 200 GET http://10.180.1.21/compute/v2.1/servers/45fdae21-bec2-438a-8f2a-c23b0e428057 0.185s
2024-09-10 08:55:45.722 62287 INFO tempest.lib.common.rest_client [req-e545283a-3c0b-4dd8-b2f5-cc36a4d53fd0 req-e545283a-3c0b-4dd8-b2f5-cc36a4d53fd0 ] Request (SecurityGroupsTestJSON:test_server_security_groups): 200 GET http://10.180.1.21/compute/v2.1/servers/c51184b6-d2c7-49ff-b061-ab0f9a69cdbf 0.200s
2024-09-10 08:55:45.758 62235 INFO tempest.lib.common.rest_client [req-d7283f91-352d-4779-a4f5-e140239a1180 req-d7283f91-352d-4779-a4f5-e140239a1180 ] Request (DeleteServersAdminTestJSON:test_delete_server_while_in_error_state): 200 GET http://10.180.1.21/compute/v2.1/servers/06496d6a-324d-41d4-b3e5-52e3d93636bb 0.371s
2024-09-10 08:55:45.778 62257 INFO tempest.lib.common.rest_client [req-756f58ba-5982-4394-821a-bd8d9b7dbf84 req-756f58ba-5982-4394-821a-bd8d9b7dbf84 ] Request (AttachInterfacesV270Test:test_create_get_list_interfaces): 200 GET http://10.180.1.21/compute/v2.1/servers/19fd0358-32e4-434f-b0b3-c8cc6c07ba51 0.229s
2024-09-10 08:55:45.779 62263 INFO tempest.lib.common.rest_client [req-ff0d04b6-5d2b-4042-9a6f-9a0dfe66c779 req-ff0d04b6-5d2b-4042-9a6f-9a0dfe66c779 ] Request (ServersTestJSON:tearDownClass): 204 DELETE http://10.180.1.21:9696/networking/v2.0/subnets/82100a43-ff83-41a3-b0b7-da554a13ffb0 0.359s
2024-09-10 08:55:45.833 62282 INFO tempest.lib.common.rest_client [req-ba248e36-a218-4e57-a2fa-ae027274e126 req-ba248e36-a218-4e57-a2fa-ae027274e126 ] Request (ServersAdminTestJSON:setUpClass): 200 GET http://10.180.1.21/compute/v2.1/servers/fcdc7c33-8c46-4f4d-bb39-e6f943256cb0 0.215s
2024-09-10 08:55:45.847 62237 INFO tempest.lib.common.rest_client [req-9ad237ac-a6cf-40cc-9f5d-50e91384f4e2 req-9ad237ac-a6cf-40cc-9f5d-50e91384f4e2 ] Request (ListImageFiltersTestJSON:setUpClass): 200 GET http://10.180.1.21/compute/v2.1/servers/9f5024ce-5a48-4d27-a412-35149ee843f3 0.272s
2024-09-10 08:55:45.901 62261 INFO tempest.lib.common.rest_client [req-fa8e7233-6edb-4422-bf58-a1121e8d1c59 req-fa8e7233-6edb-4422-bf58-a1121e8d1c59 ] Request (ServerAddressesTestJSON:setUpClass): 200 GET http://10.180.1.21/compute/v2.1/servers/0d7238b3-d7a3-4a35-ba33-bf2e7e7a9afa 0.223s
2024-09-10 08:55:45.952 62277 INFO tempest.lib.common.rest_client [req-966752fb-1e5c-44f5-bdb5-5e983f2cfa92 req-966752fb-1e5c-44f5-bdb5-5e983f2cfa92 ] Request (ServerActionsTestJSON:setUpClass): 200 GET http://10.180.1.21/compute/v2.1/servers/d9c53806-68c0-4872-a262-36bc05573674 0.086s
2024-09-10 08:55:45.958 62255 INFO tempest.lib.common.rest_client [req-fd4dc4cc-b4a0-4e67-a839-8dc11287f04c req-fd4dc4cc-b4a0-4e67-a839-8dc11287f04c ] Request (ServersAdmin275Test:tearDownClass): 200 GET http://10.180.1.21/compute/v2.1/servers/2eeecb76-ff2d-4a9d-a86f-9e2b8e1fc6cc 0.130s
2024-09-10 08:55:46.007 62247 INFO tempest.lib.common.rest_client [req-3055a177-9293-4206-8156-326e5c064fd5 req-3055a177-9293-4206-8156-326e5c064fd5 ] Request (AttachInterfacesUnderV243Test:setUpClass): 201 POST http://10.180.1.21:9696/networking/v2.0/networks 0.679s
2024-09-10 08:55:46.014 62291 INFO tempest.lib.common.rest_client [req-fa826122-da6a-4a5a-9d05-016a0aa3f286 req-fa826122-da6a-4a5a-9d05-016a0aa3f286 ] Request (ServerAddressesNegativeTestJSON:setUpClass): 200 GET http://10.180.1.21/compute/v2.1/servers/24db5fad-52fd-4689-a8aa-2ae4b0a06710 0.122s
2024-09-10 08:55:46.051 62239 INFO tempest.lib.common.rest_client [req-a52d4b0f-e06d-4745-8187-3bf27aa106d9 req-a52d4b0f-e06d-4745-8187-3bf27aa106d9 ] Request (InstanceActionsV221TestJSON:test_get_list_deleted_instance_actions): 200 GET http://10.180.1.21/compute/v2.1/servers/f6db353f-f7b5-4ba4-8f70-f3b65281da93 0.078s
2024-09-10 08:55:46.071 62251 INFO tempest.lib.common.rest_client [req-a4b43100-5050-45d6-ba5d-968d01d1f3e8 req-a4b43100-5050-45d6-ba5d-968d01d1f3e8 ] Request (ServersNegativeTestMultiTenantJSON:setUpClass): 200 GET http://10.180.1.21/compute/v2.1/servers/c350194c-ed3e-4996-871a-70b4cb99c7db 0.062s
2024-09-10 08:55:46.110 62279 INFO tempest.lib.common.rest_client [req-8150b594-6122-4090-af36-29707d74c710 req-8150b594-6122-4090-af36-29707d74c710 ] Request (ServersTestMultiNic:test_verify_duplicate_network_nics): 200 GET http://10.180.1.21/compute/v2.1/servers/1c4eb398-c4e9-4588-ba48-2805e3fee750 0.082s
2024-09-10 08:55:46.130 62253 INFO tempest.lib.common.rest_client [req-b07a3f3a-9e32-430d-898d-a5e5d9b65626 req-b07a3f3a-9e32-430d-898d-a5e5d9b65626 ] Request (VolumesAdminNegativeTest:test_update_attached_volume_with_nonexistent_volume_in_uri): 200 GET http://10.180.1.21/compute/v2.1/servers/a04fbe7e-e53e-43ef-9a6f-ba3895ce7597 0.068s
2024-09-10 08:55:46.143 62263 INFO tempest.lib.common.rest_client [req-66a22684-4875-49d7-b6fa-aa6e55e46205 req-66a22684-4875-49d7-b6fa-aa6e55e46205 ] Request (ServersTestJSON:tearDownClass): 204 DELETE http://10.180.1.21:9696/networking/v2.0/networks/b92af073-7f15-418b-9afc-b34efe67a1e5 0.364s
2024-09-10 08:55:46.175 62249 INFO tempest.lib.common.rest_client [req-4841d312-902d-49fe-83bc-b19cf10f120c req-4841d312-902d-49fe-83bc-b19cf10f120c ] Request (MigrationsAdminTest:test_list_migrations_in_flavor_resize_situation): 200 GET http://10.180.1.21/compute/v2.1/servers/4edbf65d-eaca-47e1-b6bf-03ccb908b52e 0.064s
2024-09-10 08:55:46.223 62275 INFO tempest.lib.common.rest_client [req-3ac87f98-e6d5-438e-9ec4-3f9c0727f9b1 req-3ac87f98-e6d5-438e-9ec4-3f9c0727f9b1 ] Request (ServerPasswordTestJSON:setUpClass): 200 GET http://10.180.1.21/compute/v2.1/servers/2da17a43-2260-4a82-9ed3-eafd25bb9a6a 0.057s
2024-09-10 08:55:46.237 62247 INFO tempest.lib.common.rest_client [req-4c9088d9-0d28-47cb-9acd-657f58b6bd4b req-4c9088d9-0d28-47cb-9acd-657f58b6bd4b ] Request (AttachInterfacesUnderV243Test:setUpClass): 201 POST http://10.180.1.21:9696/networking/v2.0/subnets 0.230s
2024-09-10 08:55:46.249 62263 INFO tempest.lib.common.rest_client [req-59b764f9-cd1c-4681-a48a-7c4a64537b55 req-59b764f9-cd1c-4681-a48a-7c4a64537b55 ] Request (ServersTestJSON:tearDownClass): 204 DELETE http://10.180.1.21/identity/v3/users/e49ca6cd1fe04c0a8e6e2e9945940798 0.106s
2024-09-10 08:55:46.250 62263 INFO tempest.lib.common.dynamic_creds [-] Deleting project and security group for project: ba083ad7c24c4aceba2cf151ad528d82
2024-09-10 08:55:46.276 62273 INFO tempest.lib.common.rest_client [req-f54f87c5-ed42-475f-9d09-ea0f43855ac4 req-f54f87c5-ed42-475f-9d09-ea0f43855ac4 ] Request (MultipleCreateTestJSON:test_multiple_create_with_reservation_return): 200 GET http://10.180.1.21/compute/v2.1/servers/08489e01-2ce3-45a1-8f87-2a4c89230aa2 0.060s
2024-09-10 08:55:46.303 62243 INFO tempest.lib.common.rest_client [req-6d9656bb-1030-48ed-8b0b-1b403ca80b2b req-6d9656bb-1030-48ed-8b0b-1b403ca80b2b ] Request (FloatingIPsAssociationTestJSON:setUpClass): 200 GET http://10.180.1.21/compute/v2.1/servers/e53d10a3-1d16-498d-b4d8-abe7205410ec 0.066s
2024-09-10 08:55:46.328 62263 INFO tempest.lib.common.rest_client [req-61e90af7-7d80-4d54-b75a-11cc9338db69 req-61e90af7-7d80-4d54-b75a-11cc9338db69 ] Request (ServersTestJSON:tearDownClass): 200 GET http://10.180.1.21:9696/networking/v2.0/security-groups?tenant_id=ba083ad7c24c4aceba2cf151ad528d82&name=default 0.078s
2024-09-10 08:55:46.355 62245 INFO tempest.lib.common.rest_client [req-642c89a4-0064-498f-a269-d7b260eac0fe req-642c89a4-0064-498f-a269-d7b260eac0fe ] Request (ImagesOneServerTestJSON:setUpClass): 200 GET http://10.180.1.21/compute/v2.1/servers/4da426a1-7af9-4e4e-82ed-c45687a19b86 0.079s
2024-09-10 08:55:46.382 62295 INFO tempest.lib.common.rest_client [req-a4ad3f60-1234-468b-b06f-4e09afa2921c req-a4ad3f60-1234-468b-b06f-4e09afa2921c ] Request (ServerShowV247Test:test_update_rebuild_list_server): 200 GET http://10.180.1.21/compute/v2.1/servers/ecb72668-caa4-4117-9f8d-e0c6e4831f3d 0.054s
2024-09-10 08:55:46.460 62241 INFO tempest.lib.common.rest_client [req-945fafdf-3c74-4579-961b-61758dabfae6 req-945fafdf-3c74-4579-961b-61758dabfae6 ] Request (ServerDiagnosticsV248Test:test_get_server_diagnostics): 200 GET http://10.180.1.21/compute/v2.1/servers/e78f8718-e0be-4b2a-ab70-9565ce01ab9d 0.069s
2024-09-10 08:55:46.468 62241 INFO tempest.common.waiters [-] State transition "BUILD/spawning" ==> "ACTIVE/None" after 76 second wait
2024-09-10 08:55:46.532 62263 INFO tempest.lib.common.rest_client [req-13057e31-d374-4448-8efb-db2954406861 req-13057e31-d374-4448-8efb-db2954406861 ] Request (ServersTestJSON:tearDownClass): 204 DELETE http://10.180.1.21:9696/networking/v2.0/security-groups/d123094b-d631-43a2-a8a3-a8b17c24c766 0.204s
2024-09-10 08:55:46.628 62263 INFO tempest.lib.common.rest_client [req-b3812611-5f43-4384-b9ce-a5fd99893a9d req-b3812611-5f43-4384-b9ce-a5fd99893a9d ] Request (ServersTestJSON:tearDownClass): 204 DELETE http://10.180.1.21/identity/v3/projects/ba083ad7c24c4aceba2cf151ad528d82 0.096s
2024-09-10 08:55:46.689 62263 INFO tempest.lib.common.rest_client [req-04ad4f69-1e81-4ce5-ad1c-c7bc02a685d3 req-04ad4f69-1e81-4ce5-ad1c-c7bc02a685d3 ] Request (ServersTestManualDisk:setUpClass): 201 POST http://10.180.1.21/identity/v3/auth/tokens 0.058s
2024-09-10 08:55:46.691 62269 INFO tempest.lib.common.rest_client [req-e06ffed2-1448-4f8d-91b2-efdc7ebe9bb3 req-e06ffed2-1448-4f8d-91b2-efdc7ebe9bb3 ] Request (AttachInterfacesTestJSON:test_create_list_show_delete_interfaces_by_fixed_ip): 200 GET http://10.180.1.21/compute/v2.1/servers/b1bd98d9-bd0f-4abd-a188-e5267ada4852 0.051s
2024-09-10 08:55:46.696 62269 INFO tempest.common.waiters [-] State transition "BUILD/scheduling" ==> "BUILD/None" after 65 second wait
2024-09-10 08:55:46.726 62263 INFO tempest.lib.common.rest_client [req-4d47e494-bd23-4469-ac61-ae283a63512d req-4d47e494-bd23-4469-ac61-ae283a63512d ] Request (ServersTestManualDisk:setUpClass): 201 POST http://10.180.1.21/identity/v3/auth/tokens 0.035s
2024-09-10 08:55:46.742 62233 INFO tempest.lib.common.rest_client [req-9ab07413-539b-44cc-b892-5c8164828e37 req-9ab07413-539b-44cc-b892-5c8164828e37 ] Request (ServerDiskConfigTestJSON:test_rebuild_server_with_auto_disk_config): 200 GET http://10.180.1.21/compute/v2.1/servers/45fdae21-bec2-438a-8f2a-c23b0e428057 0.054s
2024-09-10 08:55:46.751 62263 INFO tempest.lib.common.rest_client [req-b694e32b-0228-4234-9726-aa8519b3e6ed req-b694e32b-0228-4234-9726-aa8519b3e6ed ] Request (ServersTestManualDisk:setUpClass): 200 GET http://10.180.1.21/identity/v3/domains?name=Default 0.024s
2024-09-10 08:55:46.780 62263 INFO tempest.lib.common.rest_client [req-b0cb595e-790e-4707-9543-d737a100970d req-b0cb595e-790e-4707-9543-d737a100970d ] Request (ServersTestManualDisk:setUpClass): 201 POST http://10.180.1.21/identity/v3/projects 0.028s
2024-09-10 08:55:46.793 62287 INFO tempest.lib.common.rest_client [req-dc0e456b-ee2b-48ea-872a-6e317667cac6 req-dc0e456b-ee2b-48ea-872a-6e317667cac6 ] Request (SecurityGroupsTestJSON:test_server_security_groups): 200 GET http://10.180.1.21/compute/v2.1/servers/c51184b6-d2c7-49ff-b061-ab0f9a69cdbf 0.065s
2024-09-10 08:55:46.833 62263 INFO tempest.lib.common.rest_client [req-552be282-345b-4adb-b87b-b0d3902a4663 req-552be282-345b-4adb-b87b-b0d3902a4663 ] Request (ServersTestManualDisk:setUpClass): 201 POST http://10.180.1.21/identity/v3/users 0.052s
2024-09-10 08:55:46.853 62263 INFO tempest.lib.common.rest_client [req-84e6c7b3-a046-4388-88ac-816a28821e8a req-84e6c7b3-a046-4388-88ac-816a28821e8a ] Request (ServersTestManualDisk:setUpClass): 200 GET http://10.180.1.21/identity/v3/roles 0.019s
2024-09-10 08:55:46.861 62235 INFO tempest.lib.common.rest_client [req-7fca02d4-f3f4-461d-b78f-615dca7c5589 req-7fca02d4-f3f4-461d-b78f-615dca7c5589 ] Request (DeleteServersAdminTestJSON:test_delete_server_while_in_error_state): 200 GET http://10.180.1.21/compute/v2.1/servers/06496d6a-324d-41d4-b3e5-52e3d93636bb 0.096s
2024-09-10 08:55:46.886 62263 INFO tempest.lib.common.rest_client [req-29042403-6884-4279-9b10-9a380604d67c req-29042403-6884-4279-9b10-9a380604d67c ] Request (ServersTestManualDisk:setUpClass): 204 PUT http://10.180.1.21/identity/v3/projects/079a11ce311d40f9b8344fcce2e03683/users/938522473ebd4eb18c2f7632c4ad73fc/roles/f7cbbbffe02f4f0e8389aa5e04509b91 0.033s
2024-09-10 08:55:46.886 62263 INFO tempest.lib.common.dynamic_creds [-] Dynamic test user 938522473ebd4eb18c2f7632c4ad73fc is created with scope project and roles: ['member']
2024-09-10 08:55:46.886 62263 INFO tempest.lib.common.dynamic_creds [-] Acquired dynamic creds: credentials: Credentials: {'domain_id': 'default', 'domain_name': 'Default', 'username': 'tempest-ServersTestManualDisk-1774981459-project-member', 'project_domain_id': 'default', 'project_domain_name': 'Default', 'project_id': '079a11ce311d40f9b8344fcce2e03683', 'project_name': 'tempest-ServersTestManualDisk-1774981459', 'tenant_id': '079a11ce311d40f9b8344fcce2e03683', 'tenant_name': 'tempest-ServersTestManualDisk-1774981459', 'user_domain_id': 'default', 'user_domain_name': 'Default', 'user_id': '938522473ebd4eb18c2f7632c4ad73fc', 'system': None}, Network: None, Subnet: None, Router: None
2024-09-10 08:55:46.915 62257 INFO tempest.lib.common.rest_client [req-d01ab953-ce1a-497b-8faa-c831d08c5e64 req-d01ab953-ce1a-497b-8faa-c831d08c5e64 ] Request (AttachInterfacesV270Test:test_create_get_list_interfaces): 200 GET http://10.180.1.21/compute/v2.1/servers/19fd0358-32e4-434f-b0b3-c8cc6c07ba51 0.124s
2024-09-10 08:55:46.923 62257 INFO tempest.common.waiters [-] State transition "BUILD/scheduling" ==> "BUILD/None" after 63 second wait
2024-09-10 08:55:46.924 62247 INFO tempest.lib.common.rest_client [req-84db2147-12b3-468f-b969-00cb75ee47db req-84db2147-12b3-468f-b969-00cb75ee47db ] Request (AttachInterfacesUnderV243Test:setUpClass): 201 POST http://10.180.1.21:9696/networking/v2.0/routers 0.686s
2024-09-10 08:55:46.949 62263 INFO tempest.lib.common.rest_client [req-9e4a274c-80bf-4f61-bdd0-98d6546edbc3 req-9e4a274c-80bf-4f61-bdd0-98d6546edbc3 ] Request (ServersTestManualDisk:setUpClass): 201 POST http://10.180.1.21/identity/v3/auth/tokens 0.062s
2024-09-10 08:55:46.967 62282 INFO tempest.lib.common.rest_client [req-92ddfad9-cad6-4992-aaec-72bbf0217494 req-92ddfad9-cad6-4992-aaec-72bbf0217494 ] Request (ServersAdminTestJSON:setUpClass): 200 GET http://10.180.1.21/compute/v2.1/servers/fcdc7c33-8c46-4f4d-bb39-e6f943256cb0 0.124s
2024-09-10 08:55:47.046 62237 INFO tempest.lib.common.rest_client [req-0a4b0dd7-32c7-40a8-b123-9daed990c1a8 req-0a4b0dd7-32c7-40a8-b123-9daed990c1a8 ] Request (ListImageFiltersTestJSON:setUpClass): 200 GET http://10.180.1.21/compute/v2.1/servers/9f5024ce-5a48-4d27-a412-35149ee843f3 0.191s
2024-09-10 08:55:47.053 62237 INFO tempest.test [-] raised in ListImageFiltersTestJSON.setUpClass. Invoking tearDownClass.
2024-09-10 08:55:47.112 62261 INFO tempest.lib.common.rest_client [req-67c3ca34-0d27-4367-8cfc-39535916b0af req-67c3ca34-0d27-4367-8cfc-39535916b0af ] Request (ServerAddressesTestJSON:setUpClass): 200 GET http://10.180.1.21/compute/v2.1/servers/0d7238b3-d7a3-4a35-ba33-bf2e7e7a9afa 0.202s
2024-09-10 08:55:47.153 62241 INFO tempest.lib.common.rest_client [req-cab27d61-c548-4a9e-9097-513b6f1a3f27 req-cab27d61-c548-4a9e-9097-513b6f1a3f27 ] Request (ServerDiagnosticsV248Test:test_get_server_diagnostics): 200 GET http://10.180.1.21/compute/v2.1/servers/e78f8718-e0be-4b2a-ab70-9565ce01ab9d/diagnostics 0.684s
2024-09-10 08:55:47.174 62255 INFO tempest.lib.common.rest_client [req-e771e883-19d3-42d3-a889-d95f2da9f190 req-e771e883-19d3-42d3-a889-d95f2da9f190 ] Request (ServersAdmin275Test:tearDownClass): 404 GET http://10.180.1.21/compute/v2.1/servers/2eeecb76-ff2d-4a9d-a86f-9e2b8e1fc6cc 0.202s
2024-09-10 08:55:47.177 62277 INFO tempest.lib.common.rest_client [req-d072033e-4151-4c2f-b23a-ba8a4ce3f80e req-d072033e-4151-4c2f-b23a-ba8a4ce3f80e ] Request (ServerActionsTestJSON:setUpClass): 200 GET http://10.180.1.21/compute/v2.1/servers/d9c53806-68c0-4872-a262-36bc05573674 0.213s
2024-09-10 08:55:47.241 62291 INFO tempest.lib.common.rest_client [req-68c9cde5-1292-496e-99aa-dc1f4a6a3447 req-68c9cde5-1292-496e-99aa-dc1f4a6a3447 ] Request (ServerAddressesNegativeTestJSON:setUpClass): 200 GET http://10.180.1.21/compute/v2.1/servers/24db5fad-52fd-4689-a8aa-2ae4b0a06710 0.219s
2024-09-10 08:55:47.245 62263 INFO tempest.lib.common.rest_client [req-0458be9a-58c2-4817-ba0f-47fa3d840895 req-0458be9a-58c2-4817-ba0f-47fa3d840895 ] Request (ServersTestManualDisk:setUpClass): 201 POST http://10.180.1.21:9696/networking/v2.0/networks 0.296s
2024-09-10 08:55:47.257 62255 INFO tempest.lib.common.rest_client [req-c9521921-66e5-4bc8-9e2a-d048002172de req-c9521921-66e5-4bc8-9e2a-d048002172de ] Request (ServersAdmin275Test:tearDownClass): 204 DELETE http://10.180.1.21/identity/v3/users/180efbd546cb43b993b123decf7e6d3c 0.083s
2024-09-10 08:55:47.264 62237 INFO tempest.lib.common.rest_client [req-b245ced6-33c6-43a7-824d-3e266725719d req-b245ced6-33c6-43a7-824d-3e266725719d ] Request (ListImageFiltersTestJSON:tearDownClass): 204 DELETE http://10.180.1.21/compute/v2.1/servers/d5a54c46-1a45-4bd5-8694-0defc757c455 0.211s
2024-09-10 08:55:47.310 62239 INFO tempest.lib.common.rest_client [req-ffdcb53b-16b4-4798-abdb-60d727fcba2c req-ffdcb53b-16b4-4798-abdb-60d727fcba2c ] Request (InstanceActionsV221TestJSON:test_get_list_deleted_instance_actions): 200 GET http://10.180.1.21/compute/v2.1/servers/f6db353f-f7b5-4ba4-8f70-f3b65281da93 0.250s
2024-09-10 08:55:47.320 62251 INFO tempest.lib.common.rest_client [req-0dd2e275-f31d-4779-a7d0-ed9fcbabf137 req-0dd2e275-f31d-4779-a7d0-ed9fcbabf137 ] Request (ServersNegativeTestMultiTenantJSON:setUpClass): 200 GET http://10.180.1.21/compute/v2.1/servers/c350194c-ed3e-4996-871a-70b4cb99c7db 0.241s
2024-09-10 08:55:47.360 62255 INFO tempest.lib.common.rest_client [req-dbabe32e-9206-4309-8d32-00c4f679463e req-dbabe32e-9206-4309-8d32-00c4f679463e ] Request (ServersAdmin275Test:tearDownClass): 204 DELETE http://10.180.1.21/identity/v3/users/e5086c68d81849f595a590924f393b48 0.103s
2024-09-10 08:55:47.361 62255 INFO tempest.lib.common.dynamic_creds [-] Deleting project and security group for project: 52b0dc6a166a42cdb619b56041a53991
2024-09-10 08:55:47.368 62279 INFO tempest.lib.common.rest_client [req-aed3c27c-6fdb-44e4-94ba-c0db04a1b703 req-aed3c27c-6fdb-44e4-94ba-c0db04a1b703 ] Request (ServersTestMultiNic:test_verify_duplicate_network_nics): 200 GET http://10.180.1.21/compute/v2.1/servers/1c4eb398-c4e9-4588-ba48-2805e3fee750 0.251s
2024-09-10 08:55:47.375 62253 INFO tempest.lib.common.rest_client [req-f291b358-2573-4812-986b-fb09b5e789bc req-f291b358-2573-4812-986b-fb09b5e789bc ] Request (VolumesAdminNegativeTest:test_update_attached_volume_with_nonexistent_volume_in_uri): 200 GET http://10.180.1.21/compute/v2.1/servers/a04fbe7e-e53e-43ef-9a6f-ba3895ce7597 0.236s
2024-09-10 08:55:47.426 62255 INFO tempest.lib.common.rest_client [req-5b03473b-e880-4800-82e3-985af6b80177 req-5b03473b-e880-4800-82e3-985af6b80177 ] Request (ServersAdmin275Test:tearDownClass): 201 POST http://10.180.1.21/identity/v3/auth/tokens 0.065s
2024-09-10 08:55:47.427 62249 INFO tempest.lib.common.rest_client [req-72e6c584-bda1-4728-8846-11404080841d req-72e6c584-bda1-4728-8846-11404080841d ] Request (MigrationsAdminTest:test_list_migrations_in_flavor_resize_situation): 200 GET http://10.180.1.21/compute/v2.1/servers/4edbf65d-eaca-47e1-b6bf-03ccb908b52e 0.244s
2024-09-10 08:55:47.437 62275 INFO tempest.lib.common.rest_client [req-8565f705-e2e2-4297-9a89-b6dc07e8fb12 req-8565f705-e2e2-4297-9a89-b6dc07e8fb12 ] Request (ServerPasswordTestJSON:setUpClass): 200 GET http://10.180.1.21/compute/v2.1/servers/2da17a43-2260-4a82-9ed3-eafd25bb9a6a 0.204s
2024-09-10 08:55:47.453 62263 INFO tempest.lib.common.rest_client [req-0c9c3455-f0cc-436b-9f53-0f83087995fb req-0c9c3455-f0cc-436b-9f53-0f83087995fb ] Request (ServersTestManualDisk:setUpClass): 201 POST http://10.180.1.21:9696/networking/v2.0/subnets 0.207s
2024-09-10 08:55:47.488 62273 INFO tempest.lib.common.rest_client [req-75b92cb8-a931-4875-855e-eeea6c94165d req-75b92cb8-a931-4875-855e-eeea6c94165d ] Request (MultipleCreateTestJSON:test_multiple_create_with_reservation_return): 200 GET http://10.180.1.21/compute/v2.1/servers/08489e01-2ce3-45a1-8f87-2a4c89230aa2 0.203s
2024-09-10 08:55:47.539 62243 INFO tempest.lib.common.rest_client [req-ec66d096-1564-406d-b2c1-876432beb01e req-ec66d096-1564-406d-b2c1-876432beb01e ] Request (FloatingIPsAssociationTestJSON:setUpClass): 200 GET http://10.180.1.21/compute/v2.1/servers/e53d10a3-1d16-498d-b4d8-abe7205410ec 0.229s
2024-09-10 08:55:47.596 62245 INFO tempest.lib.common.rest_client [req-17a833f4-ebcc-4464-a907-3d79fb1f3de5 req-17a833f4-ebcc-4464-a907-3d79fb1f3de5 ] Request (ImagesOneServerTestJSON:setUpClass): 200 GET http://10.180.1.21/compute/v2.1/servers/4da426a1-7af9-4e4e-82ed-c45687a19b86 0.234s
2024-09-10 08:55:47.621 62237 INFO tempest.lib.common.rest_client [req-3216c904-521d-48a5-83b9-9e3f0f75b637 req-3216c904-521d-48a5-83b9-9e3f0f75b637 ] Request (ListImageFiltersTestJSON:tearDownClass): 200 GET http://10.180.1.21/compute/v2.1/servers/d5a54c46-1a45-4bd5-8694-0defc757c455 0.356s
2024-09-10 08:55:47.659 62295 INFO tempest.lib.common.rest_client [req-b32393e7-97fb-41f1-a94a-2e48ba75c0bd req-b32393e7-97fb-41f1-a94a-2e48ba75c0bd ] Request (ServerShowV247Test:test_update_rebuild_list_server): 200 GET http://10.180.1.21/compute/v2.1/servers/ecb72668-caa4-4117-9f8d-e0c6e4831f3d 0.269s
2024-09-10 08:55:47.715 62255 INFO tempest.lib.common.rest_client [req-8d9a8de2-78d7-4c3b-8ea1-23383e7e70de req-8d9a8de2-78d7-4c3b-8ea1-23383e7e70de ] Request (ServersAdmin275Test:tearDownClass): 200 GET http://10.180.1.21:9696/networking/v2.0/security-groups?tenant_id=52b0dc6a166a42cdb619b56041a53991&name=default 0.289s
2024-09-10 08:55:47.757 62269 INFO tempest.lib.common.rest_client [req-d0b81f9b-f99f-439f-91c1-0e3881bfce7b req-d0b81f9b-f99f-439f-91c1-0e3881bfce7b ] Request (AttachInterfacesTestJSON:test_create_list_show_delete_interfaces_by_fixed_ip): 200 GET http://10.180.1.21/compute/v2.1/servers/b1bd98d9-bd0f-4abd-a188-e5267ada4852 0.059s
2024-09-10 08:55:47.824 62233 INFO tempest.lib.common.rest_client [req-454768a5-8e88-4f2d-bd16-48f55227efe3 req-454768a5-8e88-4f2d-bd16-48f55227efe3 ] Request (ServerDiskConfigTestJSON:test_rebuild_server_with_auto_disk_config): 200 GET http://10.180.1.21/compute/v2.1/servers/45fdae21-bec2-438a-8f2a-c23b0e428057 0.073s
2024-09-10 08:55:47.871 62287 INFO tempest.lib.common.rest_client [req-2f8eeb69-8efc-4ea7-b9f0-73c2fed907f3 req-2f8eeb69-8efc-4ea7-b9f0-73c2fed907f3 ] Request (SecurityGroupsTestJSON:test_server_security_groups): 200 GET http://10.180.1.21/compute/v2.1/servers/c51184b6-d2c7-49ff-b061-ab0f9a69cdbf 0.069s
2024-09-10 08:55:47.964 62235 INFO tempest.lib.common.rest_client [req-f71482ae-23dd-4e7e-a618-2a2b07caa619 req-f71482ae-23dd-4e7e-a618-2a2b07caa619 ] Request (DeleteServersAdminTestJSON:test_delete_server_while_in_error_state): 200 GET http://10.180.1.21/compute/v2.1/servers/06496d6a-324d-41d4-b3e5-52e3d93636bb 0.095s
2024-09-10 08:55:47.971 62235 INFO tempest.common.waiters [-] State transition "ERROR/deleting" ==> "DELETED/None" after 3 second wait
2024-09-10 08:55:47.982 62255 INFO tempest.lib.common.rest_client [req-c1f4ef6d-8b1a-4d61-8a85-7ceca4e75ffb req-c1f4ef6d-8b1a-4d61-8a85-7ceca4e75ffb ] Request (ServersAdmin275Test:tearDownClass): 204 DELETE http://10.180.1.21:9696/networking/v2.0/security-groups/307b322b-862f-4012-9917-d648ca5b52f6 0.266s
2024-09-10 08:55:47.995 62257 INFO tempest.lib.common.rest_client [req-c6fc43ea-7cc1-4a2d-9dee-9521529ad990 req-c6fc43ea-7cc1-4a2d-9dee-9521529ad990 ] Request (AttachInterfacesV270Test:test_create_get_list_interfaces): 200 GET http://10.180.1.21/compute/v2.1/servers/19fd0358-32e4-434f-b0b3-c8cc6c07ba51 0.072s
2024-09-10 08:55:48.053 62282 INFO tempest.lib.common.rest_client [req-a9ebb43e-088f-48dc-afc6-40817722925b req-a9ebb43e-088f-48dc-afc6-40817722925b ] Request (ServersAdminTestJSON:setUpClass): 200 GET http://10.180.1.21/compute/v2.1/servers/fcdc7c33-8c46-4f4d-bb39-e6f943256cb0 0.076s
2024-09-10 08:55:48.072 62255 INFO tempest.lib.common.rest_client [req-fdda4eaa-fdae-48ae-a373-fa85da0ec5b1 req-fdda4eaa-fdae-48ae-a373-fa85da0ec5b1 ] Request (ServersAdmin275Test:tearDownClass): 204 DELETE http://10.180.1.21/identity/v3/projects/52b0dc6a166a42cdb619b56041a53991 0.090s
2024-09-10 08:55:48.072 62255 INFO tempest.lib.common.dynamic_creds [-] Deleting project and security group for project: c42710db14154be3bcfb761b7e309702
2024-09-10 08:55:48.180 62261 INFO tempest.lib.common.rest_client [req-d2de89ec-0426-4ea8-a41a-2476421067a1 req-d2de89ec-0426-4ea8-a41a-2476421067a1 ] Request (ServerAddressesTestJSON:setUpClass): 200 GET http://10.180.1.21/compute/v2.1/servers/0d7238b3-d7a3-4a35-ba33-bf2e7e7a9afa 0.058s
2024-09-10 08:55:48.248 62247 INFO tempest.lib.common.rest_client [req-05aeae9c-a678-4a70-942c-4aca5ff7c833 req-05aeae9c-a678-4a70-942c-4aca5ff7c833 ] Request (AttachInterfacesUnderV243Test:setUpClass): 200 PUT http://10.180.1.21:9696/networking/v2.0/routers/8fd79752-b5f7-47c4-b923-e7c119334920/add_router_interface 1.323s
2024-09-10 08:55:48.248 62247 INFO tempest.lib.common.dynamic_creds [-] Created isolated network resources for: credentials: Credentials: {'domain_id': 'default', 'domain_name': 'Default', 'username': 'tempest-AttachInterfacesUnderV243Test-308775099-project-member', 'project_domain_id': 'default', 'project_domain_name': 'Default', 'project_id': 'b1b27447bed34a35911f7585608107b4', 'project_name': 'tempest-AttachInterfacesUnderV243Test-308775099', 'tenant_id': 'b1b27447bed34a35911f7585608107b4', 'tenant_name': 'tempest-AttachInterfacesUnderV243Test-308775099', 'user_domain_id': 'default', 'user_domain_name': 'Default', 'user_id': 'ba6205c1911642f186c45b2b621aae92', 'system': None}, Network: {'id': '48c0e237-2e25-4514-98b6-b29dd702e626', 'name': 'tempest-AttachInterfacesUnderV243Test-1859010663-network', 'tenant_id': 'b1b27447bed34a35911f7585608107b4', 'admin_state_up': True, 'mtu': 8950, 'status': 'ACTIVE', 'subnets': [], 'shared': False, 'project_id': 'b1b27447bed34a35911f7585608107b4', 'port_security_enabled': True, 'router:external': False, 'provider:network_type': 'vlan', 'provider:physical_network': 'default', 'provider:segmentation_id': 416, 'is_default': False, 'availability_zone_hints': [], 'availability_zones': [], 'ipv4_address_scope': None, 'ipv6_address_scope': None, 'description': '', 'tags': [], 'created_at': '2024-09-10T08:55:45Z', 'updated_at': '2024-09-10T08:55:45Z', 'revision_number': 1}, Subnet: {'id': 'cfc19e82-1530-4379-8598-26ea1ba6c32b', 'name': 'tempest-AttachInterfacesUnderV243Test-1859010663-subnet', 'tenant_id': 'b1b27447bed34a35911f7585608107b4', 'network_id': '48c0e237-2e25-4514-98b6-b29dd702e626', 'ip_version': 4, 'subnetpool_id': None, 'enable_dhcp': True, 'ipv6_ra_mode': None, 'ipv6_address_mode': None, 'gateway_ip': '192.168.128.1', 'cidr': '192.168.128.0/28', 'allocation_pools': [{'start': '192.168.128.2', 'end': '192.168.128.14'}], 'host_routes': [], 'dns_nameservers': [], 'description': '', 'router:external': False, 'service_types': [], 'tags': [], 'created_at': '2024-09-10T08:55:46Z', 'updated_at': '2024-09-10T08:55:46Z', 'revision_number': 0, 'project_id': 'b1b27447bed34a35911f7585608107b4'}, Router: {'id': '8fd79752-b5f7-47c4-b923-e7c119334920', 'name': 'tempest-AttachInterfacesUnderV243Test-1859010663-router', 'tenant_id': 'b1b27447bed34a35911f7585608107b4', 'admin_state_up': True, 'status': 'ACTIVE', 'external_gateway_info': {'network_id': '87706325-4721-49e4-a802-5ebf35e1f8c5', 'external_fixed_ips': [{'subnet_id': 'ac6eef7a-3562-4e76-bf55-557a43aae022', 'ip_address': '10.180.180.218'}], 'enable_snat': True}, 'description': '', 'availability_zones': [], 'distributed': False, 'ha': False, 'availability_zone_hints': [], 'routes': [], 'flavor_id': None, 'tags': [], 'created_at': '2024-09-10T08:55:46Z', 'updated_at': '2024-09-10T08:55:46Z', 'revision_number': 2, 'project_id': 'b1b27447bed34a35911f7585608107b4'}
2024-09-10 08:55:48.260 62277 INFO tempest.lib.common.rest_client [req-f5017084-ff87-4513-b518-f441b6cc944a req-f5017084-ff87-4513-b518-f441b6cc944a ] Request (ServerActionsTestJSON:setUpClass): 200 GET http://10.180.1.21/compute/v2.1/servers/d9c53806-68c0-4872-a262-36bc05573674 0.074s
2024-09-10 08:55:48.313 62255 INFO tempest.lib.common.rest_client [req-849b9e47-2cf3-4544-a724-ec7c547a2a49 req-849b9e47-2cf3-4544-a724-ec7c547a2a49 ] Request (ServersAdmin275Test:tearDownClass): 200 GET http://10.180.1.21:9696/networking/v2.0/security-groups?tenant_id=c42710db14154be3bcfb761b7e309702&name=default 0.241s
2024-09-10 08:55:48.353 62247 INFO tempest.lib.common.rest_client [req-c3fedefd-eb74-4031-8438-32b34d84328b req-c3fedefd-eb74-4031-8438-32b34d84328b ] Request (AttachInterfacesUnderV243Test:setUpClass): 201 POST http://10.180.1.21/identity/v3/auth/tokens 0.096s
2024-09-10 08:55:48.370 62291 INFO tempest.lib.common.rest_client [req-015be053-5a31-4fbd-ade3-05e796d46e54 req-015be053-5a31-4fbd-ade3-05e796d46e54 ] Request (ServerAddressesNegativeTestJSON:setUpClass): 200 GET http://10.180.1.21/compute/v2.1/servers/24db5fad-52fd-4689-a8aa-2ae4b0a06710 0.115s
2024-09-10 08:55:48.402 62239 INFO tempest.lib.common.rest_client [req-fa177923-507a-4cf7-b63a-40f9c4b332fc req-fa177923-507a-4cf7-b63a-40f9c4b332fc ] Request (InstanceActionsV221TestJSON:test_get_list_deleted_instance_actions): 200 GET http://10.180.1.21/compute/v2.1/servers/f6db353f-f7b5-4ba4-8f70-f3b65281da93 0.081s
2024-09-10 08:55:48.426 62251 INFO tempest.lib.common.rest_client [req-36f47c53-279d-4a3d-807d-5587613c00e7 req-36f47c53-279d-4a3d-807d-5587613c00e7 ] Request (ServersNegativeTestMultiTenantJSON:setUpClass): 200 GET http://10.180.1.21/compute/v2.1/servers/c350194c-ed3e-4996-871a-70b4cb99c7db 0.093s
2024-09-10 08:55:48.434 62251 INFO tempest.common.waiters [-] State transition "BUILD/scheduling" ==> "BUILD/None" after 64 second wait
2024-09-10 08:55:48.488 62279 INFO tempest.lib.common.rest_client [req-362dfb72-6c56-4fbb-b9e0-bb7b87b8ab02 req-362dfb72-6c56-4fbb-b9e0-bb7b87b8ab02 ] Request (ServersTestMultiNic:test_verify_duplicate_network_nics): 200 GET http://10.180.1.21/compute/v2.1/servers/1c4eb398-c4e9-4588-ba48-2805e3fee750 0.113s
2024-09-10 08:55:48.524 62247 INFO tempest.lib.common.rest_client [req-992ce278-fa79-41cb-b89d-05c235ee3b5b req-992ce278-fa79-41cb-b89d-05c235ee3b5b ] Request (ValidationResourcesFixture:setUp): 200 POST http://10.180.1.21/compute/v2.1/os-keypairs 0.169s
2024-09-10 08:55:48.524 62263 INFO tempest.lib.common.rest_client [req-96610277-4e3a-4910-89aa-3392f66b9241 req-96610277-4e3a-4910-89aa-3392f66b9241 ] Request (ServersTestManualDisk:setUpClass): 201 POST http://10.180.1.21:9696/networking/v2.0/routers 1.070s
2024-09-10 08:55:48.555 62253 INFO tempest.lib.common.rest_client [req-2867cfc2-9977-4971-984f-35d0502c60ec req-2867cfc2-9977-4971-984f-35d0502c60ec ] Request (VolumesAdminNegativeTest:test_update_attached_volume_with_nonexistent_volume_in_uri): 200 GET http://10.180.1.21/compute/v2.1/servers/a04fbe7e-e53e-43ef-9a6f-ba3895ce7597 0.168s
2024-09-10 08:55:48.612 62249 INFO tempest.lib.common.rest_client [req-0e1d5c5e-9c06-40a5-b30e-2c839d5411b9 req-0e1d5c5e-9c06-40a5-b30e-2c839d5411b9 ] Request (MigrationsAdminTest:test_list_migrations_in_flavor_resize_situation): 200 GET http://10.180.1.21/compute/v2.1/servers/4edbf65d-eaca-47e1-b6bf-03ccb908b52e 0.174s
2024-09-10 08:55:48.628 62275 INFO tempest.lib.common.rest_client [req-f17af255-22ca-45b3-a7c7-fa9ebe421ba7 req-f17af255-22ca-45b3-a7c7-fa9ebe421ba7 ] Request (ServerPasswordTestJSON:setUpClass): 200 GET http://10.180.1.21/compute/v2.1/servers/2da17a43-2260-4a82-9ed3-eafd25bb9a6a 0.184s
2024-09-10 08:55:48.664 62255 INFO tempest.lib.common.rest_client [req-7131eaed-2cc1-4119-8738-f91192ff2daf req-7131eaed-2cc1-4119-8738-f91192ff2daf ] Request (ServersAdmin275Test:tearDownClass): 204 DELETE http://10.180.1.21:9696/networking/v2.0/security-groups/cf18adef-0cb0-451d-974b-edfc9cd5f7dc 0.350s
2024-09-10 08:55:48.674 62273 INFO tempest.lib.common.rest_client [req-a878b328-fd15-4397-bedd-09a709a7805c req-a878b328-fd15-4397-bedd-09a709a7805c ] Request (MultipleCreateTestJSON:test_multiple_create_with_reservation_return): 200 GET http://10.180.1.21/compute/v2.1/servers/08489e01-2ce3-45a1-8f87-2a4c89230aa2 0.177s
2024-09-10 08:55:48.708 62243 INFO tempest.lib.common.rest_client [req-3a4baf6a-3788-4a58-b76c-c7932e7ed9a4 req-3a4baf6a-3788-4a58-b76c-c7932e7ed9a4 ] Request (FloatingIPsAssociationTestJSON:setUpClass): 200 GET http://10.180.1.21/compute/v2.1/servers/e53d10a3-1d16-498d-b4d8-abe7205410ec 0.159s
2024-09-10 08:55:48.743 62245 INFO tempest.lib.common.rest_client [req-b22ae65a-6751-4663-9502-396404f33a5b req-b22ae65a-6751-4663-9502-396404f33a5b ] Request (ImagesOneServerTestJSON:setUpClass): 200 GET http://10.180.1.21/compute/v2.1/servers/4da426a1-7af9-4e4e-82ed-c45687a19b86 0.139s
2024-09-10 08:55:48.753 62247 INFO tempest.lib.common.rest_client [req-cd36aeb0-5f3e-453e-82f0-178dff4638d2 req-cd36aeb0-5f3e-453e-82f0-178dff4638d2 ] Request (ValidationResourcesFixture:setUp): 201 POST http://10.180.1.21:9696/networking/v2.0/security-groups 0.227s
2024-09-10 08:55:48.802 62255 INFO tempest.lib.common.rest_client [req-d31ab355-ff97-4011-9f20-227853c9101d req-d31ab355-ff97-4011-9f20-227853c9101d ] Request (ServersAdmin275Test:tearDownClass): 204 DELETE http://10.180.1.21/identity/v3/projects/c42710db14154be3bcfb761b7e309702 0.137s
2024-09-10 08:55:48.815 62295 INFO tempest.lib.common.rest_client [req-8d3eacc9-e1a3-4893-acf8-5f92fb471e13 req-8d3eacc9-e1a3-4893-acf8-5f92fb471e13 ] Request (ServerShowV247Test:test_update_rebuild_list_server): 200 GET http://10.180.1.21/compute/v2.1/servers/ecb72668-caa4-4117-9f8d-e0c6e4831f3d 0.147s
2024-09-10 08:55:48.887 62269 INFO tempest.lib.common.rest_client [req-c122b55f-4ae5-4a7a-accf-bbc49996e866 req-c122b55f-4ae5-4a7a-accf-bbc49996e866 ] Request (AttachInterfacesTestJSON:test_create_list_show_delete_interfaces_by_fixed_ip): 200 GET http://10.180.1.21/compute/v2.1/servers/b1bd98d9-bd0f-4abd-a188-e5267ada4852 0.119s
2024-09-10 08:55:48.911 62255 INFO tempest.lib.common.rest_client [req-9526fb74-278d-4acc-9304-0dc8eb18bada req-9526fb74-278d-4acc-9304-0dc8eb18bada ] Request (FloatingIPsTestJSON:setUpClass): 201 POST http://10.180.1.21/identity/v3/auth/tokens 0.107s
2024-09-10 08:55:48.944 62255 INFO tempest.lib.common.rest_client [req-c16ad571-991e-4e02-a632-d7e0b66c54e0 req-c16ad571-991e-4e02-a632-d7e0b66c54e0 ] Request (FloatingIPsTestJSON:setUpClass): 201 POST http://10.180.1.21/identity/v3/auth/tokens 0.030s
2024-09-10 08:55:48.973 62233 INFO tempest.lib.common.rest_client [req-bb4fc019-5414-4d9e-bfed-7d41eb2f2eee req-bb4fc019-5414-4d9e-bfed-7d41eb2f2eee ] Request (ServerDiskConfigTestJSON:test_rebuild_server_with_auto_disk_config): 200 GET http://10.180.1.21/compute/v2.1/servers/45fdae21-bec2-438a-8f2a-c23b0e428057 0.136s
2024-09-10 08:55:48.973 62237 INFO tempest.lib.common.rest_client [req-64d00a5f-3e4c-4e02-a915-2e518cab8e64 req-64d00a5f-3e4c-4e02-a915-2e518cab8e64 ] Request (ListImageFiltersTestJSON:tearDownClass): 200 GET http://10.180.1.21/compute/v2.1/servers/d5a54c46-1a45-4bd5-8694-0defc757c455 0.343s
2024-09-10 08:55:48.978 62255 INFO tempest.lib.common.rest_client [req-d4eba67d-f209-4b38-be4c-1c2faa35f71a req-d4eba67d-f209-4b38-be4c-1c2faa35f71a ] Request (FloatingIPsTestJSON:setUpClass): 200 GET http://10.180.1.21/identity/v3/domains?name=Default 0.034s
2024-09-10 08:55:49.018 62255 INFO tempest.lib.common.rest_client [req-0d4b6cde-9585-42a1-a826-601b0d51a97d req-0d4b6cde-9585-42a1-a826-601b0d51a97d ] Request (FloatingIPsTestJSON:setUpClass): 201 POST http://10.180.1.21/identity/v3/projects 0.039s
2024-09-10 08:55:49.055 62247 INFO tempest.lib.common.rest_client [req-a36ee16d-d4ca-4604-8ccf-fb303a0b3f18 req-a36ee16d-d4ca-4604-8ccf-fb303a0b3f18 ] Request (ValidationResourcesFixture:setUp): 201 POST http://10.180.1.21:9696/networking/v2.0/security-group-rules 0.300s
2024-09-10 08:55:49.070 62287 INFO tempest.lib.common.rest_client [req-0555613e-e13b-40d9-8158-c0acffe84c39 req-0555613e-e13b-40d9-8158-c0acffe84c39 ] Request (SecurityGroupsTestJSON:test_server_security_groups): 200 GET http://10.180.1.21/compute/v2.1/servers/c51184b6-d2c7-49ff-b061-ab0f9a69cdbf 0.184s
2024-09-10 08:55:49.079 62235 INFO tempest.lib.common.rest_client [req-a8156757-15b8-4385-a342-30ab54d93232 req-a8156757-15b8-4385-a342-30ab54d93232 ] Request (DeleteServersAdminTestJSON:test_delete_server_while_in_error_state): 200 GET http://10.180.1.21/compute/v2.1/servers/06496d6a-324d-41d4-b3e5-52e3d93636bb 0.105s
2024-09-10 08:55:49.103 62255 INFO tempest.lib.common.rest_client [req-86fc0104-2cde-4ca7-a590-3e760ddfca66 req-86fc0104-2cde-4ca7-a590-3e760ddfca66 ] Request (FloatingIPsTestJSON:setUpClass): 201 POST http://10.180.1.21/identity/v3/users 0.082s
2024-09-10 08:55:49.129 62255 INFO tempest.lib.common.rest_client [req-f06b3043-4fe2-4603-a6fd-a25577f20bb7 req-f06b3043-4fe2-4603-a6fd-a25577f20bb7 ] Request (FloatingIPsTestJSON:setUpClass): 200 GET http://10.180.1.21/identity/v3/roles 0.026s
2024-09-10 08:55:49.151 62282 INFO tempest.lib.common.rest_client [req-6bf4eb95-1dee-49de-93ee-0aee7f9559ea req-6bf4eb95-1dee-49de-93ee-0aee7f9559ea ] Request (ServersAdminTestJSON:setUpClass): 200 GET http://10.180.1.21/compute/v2.1/servers/fcdc7c33-8c46-4f4d-bb39-e6f943256cb0 0.091s
2024-09-10 08:55:49.159 62257 INFO tempest.lib.common.rest_client [req-5cd9a19b-752f-4617-8c05-f05fdc2813db req-5cd9a19b-752f-4617-8c05-f05fdc2813db ] Request (AttachInterfacesV270Test:test_create_get_list_interfaces): 200 GET http://10.180.1.21/compute/v2.1/servers/19fd0358-32e4-434f-b0b3-c8cc6c07ba51 0.151s
2024-09-10 08:55:49.165 62255 INFO tempest.lib.common.rest_client [req-1c981729-be99-4370-be97-85768846ce48 req-1c981729-be99-4370-be97-85768846ce48 ] Request (FloatingIPsTestJSON:setUpClass): 204 PUT http://10.180.1.21/identity/v3/projects/1711894cac564d0380c9ce987d7d0333/users/f31b5a7443e74baa9cf7697233b5e80b/roles/f7cbbbffe02f4f0e8389aa5e04509b91 0.035s
2024-09-10 08:55:49.165 62255 INFO tempest.lib.common.dynamic_creds [-] Dynamic test user f31b5a7443e74baa9cf7697233b5e80b is created with scope project and roles: ['member']
2024-09-10 08:55:49.165 62255 INFO tempest.lib.common.dynamic_creds [-] Acquired dynamic creds: credentials: Credentials: {'domain_id': 'default', 'domain_name': 'Default', 'username': 'tempest-FloatingIPsTestJSON-1673161380-project-member', 'project_domain_id': 'default', 'project_domain_name': 'Default', 'project_id': '1711894cac564d0380c9ce987d7d0333', 'project_name': 'tempest-FloatingIPsTestJSON-1673161380', 'tenant_id': '1711894cac564d0380c9ce987d7d0333', 'tenant_name': 'tempest-FloatingIPsTestJSON-1673161380', 'user_domain_id': 'default', 'user_domain_name': 'Default', 'user_id': 'f31b5a7443e74baa9cf7697233b5e80b', 'system': None}, Network: None, Subnet: None, Router: None
2024-09-10 08:55:49.252 62247 INFO tempest.lib.common.rest_client [req-e1340618-b735-4b8a-81d0-de23d88905e7 req-e1340618-b735-4b8a-81d0-de23d88905e7 ] Request (ValidationResourcesFixture:setUp): 201 POST http://10.180.1.21:9696/networking/v2.0/security-group-rules 0.196s
2024-09-10 08:55:49.254 62255 INFO tempest.lib.common.rest_client [req-2b5264f7-e576-4808-9ad5-2c73e80bf1ea req-2b5264f7-e576-4808-9ad5-2c73e80bf1ea ] Request (FloatingIPsTestJSON:setUpClass): 201 POST http://10.180.1.21/identity/v3/auth/tokens 0.089s
2024-09-10 08:55:49.260 62261 INFO tempest.lib.common.rest_client [req-322dac40-7bb3-49f5-8c6f-7dfd1a15769b req-322dac40-7bb3-49f5-8c6f-7dfd1a15769b ] Request (ServerAddressesTestJSON:setUpClass): 200 GET http://10.180.1.21/compute/v2.1/servers/0d7238b3-d7a3-4a35-ba33-bf2e7e7a9afa 0.073s
2024-09-10 08:55:49.326 62277 INFO tempest.lib.common.rest_client [req-788448ee-7f77-4873-bc3b-8232b541b347 req-788448ee-7f77-4873-bc3b-8232b541b347 ] Request (ServerActionsTestJSON:setUpClass): 200 GET http://10.180.1.21/compute/v2.1/servers/d9c53806-68c0-4872-a262-36bc05573674 0.055s
2024-09-10 08:55:49.451 62291 INFO tempest.lib.common.rest_client [req-fa3b39c5-dca6-4dbc-b9f0-5f877f6f23cd req-fa3b39c5-dca6-4dbc-b9f0-5f877f6f23cd ] Request (ServerAddressesNegativeTestJSON:setUpClass): 200 GET http://10.180.1.21/compute/v2.1/servers/24db5fad-52fd-4689-a8aa-2ae4b0a06710 0.069s
2024-09-10 08:55:49.462 62239 INFO tempest.lib.common.rest_client [req-ef21655a-3a3f-4404-98c0-576be6f2676f req-ef21655a-3a3f-4404-98c0-576be6f2676f ] Request (InstanceActionsV221TestJSON:test_get_list_deleted_instance_actions): 200 GET http://10.180.1.21/compute/v2.1/servers/f6db353f-f7b5-4ba4-8f70-f3b65281da93 0.052s
2024-09-10 08:55:49.528 62251 INFO tempest.lib.common.rest_client [req-14667111-392c-4554-9ee1-9fc2ca4c890c req-14667111-392c-4554-9ee1-9fc2ca4c890c ] Request (ServersNegativeTestMultiTenantJSON:setUpClass): 200 GET http://10.180.1.21/compute/v2.1/servers/c350194c-ed3e-4996-871a-70b4cb99c7db 0.093s
2024-09-10 08:55:49.567 62279 INFO tempest.lib.common.rest_client [req-90580918-e661-4a03-a8ac-ae0c86f68cbe req-90580918-e661-4a03-a8ac-ae0c86f68cbe ] Request (ServersTestMultiNic:test_verify_duplicate_network_nics): 200 GET http://10.180.1.21/compute/v2.1/servers/1c4eb398-c4e9-4588-ba48-2805e3fee750 0.065s
2024-09-10 08:55:49.632 62253 INFO tempest.lib.common.rest_client [req-fc5dd135-327d-4068-9b88-aeacc5cc6b4b req-fc5dd135-327d-4068-9b88-aeacc5cc6b4b ] Request (VolumesAdminNegativeTest:test_update_attached_volume_with_nonexistent_volume_in_uri): 200 GET http://10.180.1.21/compute/v2.1/servers/a04fbe7e-e53e-43ef-9a6f-ba3895ce7597 0.070s
2024-09-10 08:55:49.652 62255 INFO tempest.lib.common.rest_client [req-9f4eea9c-894a-4333-9c34-b95cc58c3160 req-9f4eea9c-894a-4333-9c34-b95cc58c3160 ] Request (FloatingIPsTestJSON:setUpClass): 201 POST http://10.180.1.21:9696/networking/v2.0/networks 0.397s
2024-09-10 08:55:49.682 62249 INFO tempest.lib.common.rest_client [req-4fe5dd95-9fb8-4f3c-938b-7c76ad43d7a3 req-4fe5dd95-9fb8-4f3c-938b-7c76ad43d7a3 ] Request (MigrationsAdminTest:test_list_migrations_in_flavor_resize_situation): 200 GET http://10.180.1.21/compute/v2.1/servers/4edbf65d-eaca-47e1-b6bf-03ccb908b52e 0.060s
2024-09-10 08:55:49.691 62247 INFO tempest.lib.common.rest_client [req-f19c4248-9a21-4225-9a5e-5fdf66d44b75 req-f19c4248-9a21-4225-9a5e-5fdf66d44b75 ] Request (ValidationResourcesFixture:setUp): 201 POST http://10.180.1.21:9696/networking/v2.0/floatingips 0.438s
2024-09-10 08:55:49.712 62275 INFO tempest.lib.common.rest_client [req-9ea761f7-3267-46c0-9d41-fec8a5349629 req-9ea761f7-3267-46c0-9d41-fec8a5349629 ] Request (ServerPasswordTestJSON:setUpClass): 200 GET http://10.180.1.21/compute/v2.1/servers/2da17a43-2260-4a82-9ed3-eafd25bb9a6a 0.070s
2024-09-10 08:55:49.745 62273 INFO tempest.lib.common.rest_client [req-5a3f51e9-0a25-49db-9aa3-66cd5644bb88 req-5a3f51e9-0a25-49db-9aa3-66cd5644bb88 ] Request (MultipleCreateTestJSON:test_multiple_create_with_reservation_return): 200 GET http://10.180.1.21/compute/v2.1/servers/08489e01-2ce3-45a1-8f87-2a4c89230aa2 0.059s
2024-09-10 08:55:49.755 62273 INFO tempest.common.waiters [-] State transition "BUILD/None" ==> "BUILD/networking" after 77 second wait
2024-09-10 08:55:49.756 62247 INFO tempest.lib.common.rest_client [req-7362cd4b-bfdd-4b25-bcab-bf0995324761 req-7362cd4b-bfdd-4b25-bcab-bf0995324761 ] Request (AttachInterfacesUnderV243Test:test_add_remove_fixed_ip): 201 POST http://10.180.1.21/identity/v3/auth/tokens 0.061s
2024-09-10 08:55:49.756 62247 INFO tempest.lib.common.fixed_network [-] (AttachInterfacesUnderV243Test:test_add_remove_fixed_ip) Found network {'id': '48c0e237-2e25-4514-98b6-b29dd702e626', 'name': 'tempest-AttachInterfacesUnderV243Test-1859010663-network', 'tenant_id': 'b1b27447bed34a35911f7585608107b4', 'admin_state_up': True, 'mtu': 8950, 'status': 'ACTIVE', 'subnets': [], 'shared': False, 'project_id': 'b1b27447bed34a35911f7585608107b4', 'port_security_enabled': True, 'router:external': False, 'provider:network_type': 'vlan', 'provider:physical_network': 'default', 'provider:segmentation_id': 416, 'is_default': False, 'availability_zone_hints': [], 'availability_zones': [], 'ipv4_address_scope': None, 'ipv6_address_scope': None, 'description': '', 'tags': [], 'created_at': '2024-09-10T08:55:45Z', 'updated_at': '2024-09-10T08:55:45Z', 'revision_number': 1} available for tenant
2024-09-10 08:55:49.788 62243 INFO tempest.lib.common.rest_client [req-57655868-d962-4daa-82f7-095b8280bbf8 req-57655868-d962-4daa-82f7-095b8280bbf8 ] Request (FloatingIPsAssociationTestJSON:setUpClass): 200 GET http://10.180.1.21/compute/v2.1/servers/e53d10a3-1d16-498d-b4d8-abe7205410ec 0.072s
2024-09-10 08:55:49.823 62245 INFO tempest.lib.common.rest_client [req-6ae7916d-4811-4490-8434-9c8fa1372683 req-6ae7916d-4811-4490-8434-9c8fa1372683 ] Request (ImagesOneServerTestJSON:setUpClass): 200 GET http://10.180.1.21/compute/v2.1/servers/4da426a1-7af9-4e4e-82ed-c45687a19b86 0.071s
2024-09-10 08:55:49.905 62295 INFO tempest.lib.common.rest_client [req-fe3e18b5-2422-4891-a3bc-bb29cfb4a6ae req-fe3e18b5-2422-4891-a3bc-bb29cfb4a6ae ] Request (ServerShowV247Test:test_update_rebuild_list_server): 200 GET http://10.180.1.21/compute/v2.1/servers/ecb72668-caa4-4117-9f8d-e0c6e4831f3d 0.082s
2024-09-10 08:55:49.954 62269 INFO tempest.lib.common.rest_client [req-6aedef8e-607e-4e0e-b458-17761e2a147d req-6aedef8e-607e-4e0e-b458-17761e2a147d ] Request (AttachInterfacesTestJSON:test_create_list_show_delete_interfaces_by_fixed_ip): 200 GET http://10.180.1.21/compute/v2.1/servers/b1bd98d9-bd0f-4abd-a188-e5267ada4852 0.056s
2024-09-10 08:55:49.972 62255 INFO tempest.lib.common.rest_client [req-f700b418-daf8-49d1-8a40-feca8c613ac4 req-f700b418-daf8-49d1-8a40-feca8c613ac4 ] Request (FloatingIPsTestJSON:setUpClass): 201 POST http://10.180.1.21:9696/networking/v2.0/subnets 0.319s
2024-09-10 08:55:50.067 62237 INFO tempest.lib.common.rest_client [req-8c87b3ea-fd25-42df-b6eb-e09bdd41900e req-8c87b3ea-fd25-42df-b6eb-e09bdd41900e ] Request (ListImageFiltersTestJSON:tearDownClass): 200 GET http://10.180.1.21/compute/v2.1/servers/d5a54c46-1a45-4bd5-8694-0defc757c455 0.085s
2024-09-10 08:55:50.077 62263 INFO tempest.lib.common.rest_client [req-d7e97c0c-90ad-47b8-b17f-47dfd981ab9d req-d7e97c0c-90ad-47b8-b17f-47dfd981ab9d ] Request (ServersTestManualDisk:setUpClass): 200 PUT http://10.180.1.21:9696/networking/v2.0/routers/5a34faa3-abe7-407a-90e6-d6c263eaad43/add_router_interface 1.553s
