2024-09-10 08:54:38.090 62233 INFO tempest.lib.common.dynamic_creds [-] Created isolated network resources for: credentials: Credentials: {'domain_id': 'default', 'domain_name': 'Default', 'username': 'tempest-ServerDiskConfigTestJSON-302716645-project-member', 'project_domain_id': 'default', 'project_domain_name': 'Default', 'project_id': '9301d14211a1464eb740d9bb745b631a', 'project_name': 'tempest-ServerDiskConfigTestJSON-302716645', 'tenant_id': '9301d14211a1464eb740d9bb745b631a', 'tenant_name': 'tempest-ServerDiskConfigTestJSON-302716645', 'user_domain_id': 'default', 'user_domain_name': 'Default', 'user_id': '2388a3bd1587413285ff9f9ec07739b5', 'system': None}, Network: {'id': '0ac6cb3b-daaf-45e1-b6ce-661de419b804', 'name': 'tempest-ServerDiskConfigTestJSON-1492817454-network', 'tenant_id': '9301d14211a1464eb740d9bb745b631a', 'admin_state_up': True, 'mtu': 8950, 'status': 'ACTIVE', 'subnets': [], 'shared': False, 'project_id': '9301d14211a1464eb740d9bb745b631a', 'port_security_enabled': True, 'router:external': False, 'provider:network_type': 'vlan', 'provider:physical_network': 'default', 'provider:segmentation_id': 679, 'is_default': False, 'availability_zone_hints': [], 'availability_zones': [], 'ipv4_address_scope': None, 'ipv6_address_scope': None, 'description': '', 'tags': [], 'created_at': '2024-09-10T08:54:34Z', 'updated_at': '2024-09-10T08:54:34Z', 'revision_number': 1}, Subnet: {'id': '273c2bd7-80d3-4551-b369-04eb6951cb75', 'name': 'tempest-ServerDiskConfigTestJSON-1492817454-subnet', 'tenant_id': '9301d14211a1464eb740d9bb745b631a', 'network_id': '0ac6cb3b-daaf-45e1-b6ce-661de419b804', 'ip_version': 4, 'subnetpool_id': None, 'enable_dhcp': True, 'ipv6_ra_mode': None, 'ipv6_address_mode': None, 'gateway_ip': '192.168.128.1', 'cidr': '192.168.128.0/28', 'allocation_pools': [{'start': '192.168.128.2', 'end': '192.168.128.14'}], 'host_routes': [], 'dns_nameservers': [], 'description': '', 'router:external': False, 'service_types': [], 'tags': [], 'created_at': '2024-09-10T08:54:34Z', 'updated_at': '2024-09-10T08:54:34Z', 'revision_number': 0, 'project_id': '9301d14211a1464eb740d9bb745b631a'}, Router: {'id': 'f2f3b3c2-9b06-4b82-b116-62007f55aea3', 'name': 'tempest-ServerDiskConfigTestJSON-1492817454-router', 'tenant_id': '9301d14211a1464eb740d9bb745b631a', 'admin_state_up': True, 'status': 'ACTIVE', 'external_gateway_info': {'network_id': '87706325-4721-49e4-a802-5ebf35e1f8c5', 'external_fixed_ips': [{'subnet_id': 'ac6eef7a-3562-4e76-bf55-557a43aae022', 'ip_address': '10.180.180.170'}], 'enable_snat': True}, 'description': '', 'availability_zones': [], 'distributed': False, 'ha': False, 'availability_zone_hints': [], 'routes': [], 'flavor_id': None, 'tags': [], 'created_at': '2024-09-10T08:54:35Z', 'updated_at': '2024-09-10T08:54:36Z', 'revision_number': 2, 'project_id': '9301d14211a1464eb740d9bb745b631a'}
2024-09-10 08:54:38.092 62257 INFO tempest.lib.common.rest_client [req-60e9b4b5-f7f5-49ca-8959-fe0c728653e6 req-60e9b4b5-f7f5-49ca-8959-fe0c728653e6 ] Request (AttachInterfacesV270Test:setUpClass): 201 POST http://10.180.1.21/identity/v3/auth/tokens 0.067s
2024-09-10 08:54:38.103 62293 INFO tempest.lib.common.rest_client [req-cfe8b2f3-4e2c-46c0-aa50-55d5883c858b req-cfe8b2f3-4e2c-46c0-aa50-55d5883c858b ] Request (ImagesMetadataTestJSON:test_set_image_metadata_item): 200 PUT http://10.180.1.21/compute/v2.1/images/1d3e5ac7-c034-4f6b-96ea-06bb799651bb/metadata/os_version 0.732s
2024-09-10 08:54:38.139 62289 INFO tempest.lib.common.rest_client [req-0c2abc6a-df34-4a71-a5bc-1337c8d13b62 req-0c2abc6a-df34-4a71-a5bc-1337c8d13b62 ] Request (KeyPairsV2TestJSON:test_keypairs_create_list_delete): 200 POST http://10.180.1.21/compute/v2.1/os-keypairs 0.554s
2024-09-10 08:54:38.168 62282 INFO tempest.lib.common.rest_client [req-030a573d-f6cb-4827-91a9-58a4d2127330 req-030a573d-f6cb-4827-91a9-58a4d2127330 ] Request (FlavorsV261TestJSON:tearDownClass): 204 DELETE http://10.180.1.21:9696/networking/v2.0/security-groups/9416c244-db35-4ded-83c8-91f9505c47d6 0.226s
2024-09-10 08:54:38.174 62251 INFO tempest.lib.common.rest_client [req-4038ec50-73ae-434a-84d7-0087d1dd2a94 req-4038ec50-73ae-434a-84d7-0087d1dd2a94 ] Request (ServersNegativeTestMultiTenantJSON:setUpClass): 201 POST http://10.180.1.21:9696/networking/v2.0/subnets 0.356s
2024-09-10 08:54:38.187 62267 INFO tempest.lib.common.rest_client [req-c38f0aee-c9f4-423c-b106-12a159d07197 req-c38f0aee-c9f4-423c-b106-12a159d07197 ] Request (FlavorMetadataValidation:test_flavor_update_with_custom_namespace): 200 POST http://10.180.1.21/compute/v2.1/flavors/2037788267/os-extra_specs 0.661s
2024-09-10 08:54:38.192 62233 INFO tempest.lib.common.rest_client [req-4dd26fb4-35bb-48e2-aa29-c26f86f61a05 req-4dd26fb4-35bb-48e2-aa29-c26f86f61a05 ] Request (ServerDiskConfigTestJSON:setUpClass): 201 POST http://10.180.1.21/identity/v3/auth/tokens 0.098s
2024-09-10 08:54:38.209 62295 INFO tempest.lib.common.rest_client [req-aa057e41-7d29-4e4e-bb05-56daeb9c05a9 req-aa057e41-7d29-4e4e-bb05-56daeb9c05a9 ] Request (ServerRescueTestJSON:setUpClass): 200 GET http://10.180.1.21/compute/v2.1/servers/853dd1f7-e8f7-4d55-b53b-933ed8861b3d 0.623s
2024-09-10 08:54:38.269 62282 INFO tempest.lib.common.rest_client [req-5a3cede8-a917-4c4b-93c9-016b514cb3e9 req-5a3cede8-a917-4c4b-93c9-016b514cb3e9 ] Request (FlavorsV261TestJSON:tearDownClass): 204 DELETE http://10.180.1.21/identity/v3/projects/c1c57648b35c4d25bc7aed30843ebed6 0.099s
2024-09-10 08:54:38.285 62263 INFO tempest.lib.common.rest_client [req-ec15e6c2-a540-4449-a0e2-be5925f8c5ea req-ec15e6c2-a540-4449-a0e2-be5925f8c5ea ] Request (ServersTestJSON:setUpClass): 200 GET http://10.180.1.21/compute/v2.1/servers/303d1ec5-cc8a-4f25-a36f-aec39e856766 0.611s
2024-09-10 08:54:38.333 62233 INFO tempest.lib.common.rest_client [req-b731cf28-06ce-4087-b348-0ecd54bd7c19 req-b731cf28-06ce-4087-b348-0ecd54bd7c19 ] Request (ServerDiskConfigTestJSON:test_rebuild_server_with_auto_disk_config): 201 POST http://10.180.1.21/identity/v3/auth/tokens 0.136s
2024-09-10 08:54:38.333 62233 INFO tempest.lib.common.fixed_network [-] (ServerDiskConfigTestJSON:test_rebuild_server_with_auto_disk_config) Found network {'id': '0ac6cb3b-daaf-45e1-b6ce-661de419b804', 'name': 'tempest-ServerDiskConfigTestJSON-1492817454-network', 'tenant_id': '9301d14211a1464eb740d9bb745b631a', 'admin_state_up': True, 'mtu': 8950, 'status': 'ACTIVE', 'subnets': [], 'shared': False, 'project_id': '9301d14211a1464eb740d9bb745b631a', 'port_security_enabled': True, 'router:external': False, 'provider:network_type': 'vlan', 'provider:physical_network': 'default', 'provider:segmentation_id': 679, 'is_default': False, 'availability_zone_hints': [], 'availability_zones': [], 'ipv4_address_scope': None, 'ipv6_address_scope': None, 'description': '', 'tags': [], 'created_at': '2024-09-10T08:54:34Z', 'updated_at': '2024-09-10T08:54:34Z', 'revision_number': 1} available for tenant
2024-09-10 08:54:38.348 62253 INFO tempest.lib.common.rest_client [req-79f61c43-b21b-448f-9e30-24743afbcb30 req-79f61c43-b21b-448f-9e30-24743afbcb30 ] Request (VolumesAdminNegativeTest:test_update_attached_volume_with_nonexistent_volume_in_body): 200 GET http://10.180.1.21/compute/v2.1/servers/f59d6eee-6c40-4a99-b141-626e68308270 0.673s
2024-09-10 08:54:38.396 62269 INFO tempest.lib.common.rest_client [req-91c59df7-226a-4359-a6d3-844cfe9012df req-91c59df7-226a-4359-a6d3-844cfe9012df ] Request (ValidationResourcesFixture:setUp): 200 POST http://10.180.1.21/compute/v2.1/os-keypairs 0.766s
2024-09-10 08:54:38.399 62282 INFO tempest.lib.common.rest_client [req-f9848171-5c71-4b02-b9d0-c0805c0bcb3f req-f9848171-5c71-4b02-b9d0-c0805c0bcb3f ] Request (ServersAdminTestJSON:setUpClass): 201 POST http://10.180.1.21/identity/v3/auth/tokens 0.128s
2024-09-10 08:54:38.429 62243 INFO tempest.lib.common.rest_client [req-7b5d1226-6805-48b0-8ae0-39ff285d86ab req-7b5d1226-6805-48b0-8ae0-39ff285d86ab ] Request (FloatingIPsAssociationTestJSON:setUpClass): 200 GET http://10.180.1.21/compute/v2.1/servers/e53d10a3-1d16-498d-b4d8-abe7205410ec 0.667s
2024-09-10 08:54:38.449 62282 INFO tempest.lib.common.rest_client [req-6ccd4b54-3a69-4357-862e-76d6395a255e req-6ccd4b54-3a69-4357-862e-76d6395a255e ] Request (ServersAdminTestJSON:setUpClass): 201 POST http://10.180.1.21/identity/v3/auth/tokens 0.045s
2024-09-10 08:54:38.473 62247 INFO tempest.lib.common.rest_client [req-a7e68b17-dd24-45b9-a1ac-be973ef56d82 req-a7e68b17-dd24-45b9-a1ac-be973ef56d82 ] Request (ServersWithSpecificFlavorTestJSON:test_verify_created_server_ephemeral_disk): 200 GET http://10.180.1.21/compute/v2.1/servers/596463d7-04ca-4f29-8adf-c451310aaf15 0.608s
2024-09-10 08:54:38.478 62282 INFO tempest.lib.common.rest_client [req-7913870a-fe55-49d3-9bea-a95c4a44c8fa req-7913870a-fe55-49d3-9bea-a95c4a44c8fa ] Request (ServersAdminTestJSON:setUpClass): 200 GET http://10.180.1.21/identity/v3/domains?name=Default 0.029s
2024-09-10 08:54:38.505 62265 INFO tempest.lib.common.rest_client [req-0ed525d9-f639-489f-842c-0b2a327ba312 req-0ed525d9-f639-489f-842c-0b2a327ba312 ] Request (ImagesNegativeTestJSON:test_create_image_from_deleted_server): 200 GET http://10.180.1.21/compute/v2.1/servers/7bdf0b12-25d2-45a5-af57-b1bb31148f3d 0.604s
2024-09-10 08:54:38.524 62282 INFO tempest.lib.common.rest_client [req-a93d54fb-29d2-4001-827a-ef704c973a97 req-a93d54fb-29d2-4001-827a-ef704c973a97 ] Request (ServersAdminTestJSON:setUpClass): 201 POST http://10.180.1.21/identity/v3/projects 0.045s
2024-09-10 08:54:38.569 62255 INFO tempest.lib.common.rest_client [req-6ecf1973-f7e6-4d6a-94e0-ae9c6390e8ca req-6ecf1973-f7e6-4d6a-94e0-ae9c6390e8ca ] Request (ServersAdmin275Test:test_rebuild_update_server_275): 200 GET http://10.180.1.21/compute/v2.1/servers/2eeecb76-ff2d-4a9d-a86f-9e2b8e1fc6cc 0.632s
2024-09-10 08:54:38.590 62269 INFO tempest.lib.common.rest_client [req-232eec20-5b46-4337-9f1f-a6aca7a7b234 req-232eec20-5b46-4337-9f1f-a6aca7a7b234 ] Request (ValidationResourcesFixture:setUp): 201 POST http://10.180.1.21:9696/networking/v2.0/security-groups 0.192s
2024-09-10 08:54:38.597 62282 INFO tempest.lib.common.rest_client [req-5e5cd5d5-04c2-4320-9f27-a90c9036bfdf req-5e5cd5d5-04c2-4320-9f27-a90c9036bfdf ] Request (ServersAdminTestJSON:setUpClass): 201 POST http://10.180.1.21/identity/v3/users 0.072s
2024-09-10 08:54:38.619 62282 INFO tempest.lib.common.rest_client [req-ca5bac82-5b80-4f31-a626-e6758fcbd402 req-ca5bac82-5b80-4f31-a626-e6758fcbd402 ] Request (ServersAdminTestJSON:setUpClass): 200 GET http://10.180.1.21/identity/v3/roles 0.022s
2024-09-10 08:54:38.641 62287 INFO tempest.lib.common.rest_client [req-f65f5798-801a-492e-b6e2-03aaf77c1790 req-f65f5798-801a-492e-b6e2-03aaf77c1790 ] Request (SecurityGroupsTestJSON:test_list_security_groups_by_server): 200 GET http://10.180.1.21/compute/v2.1/servers/862694a5-63f8-4e2d-982a-329f4a071d29 0.638s
2024-09-10 08:54:38.650 62282 INFO tempest.lib.common.rest_client [req-0dd1f7e5-f477-4eea-8c12-930d96007a8e req-0dd1f7e5-f477-4eea-8c12-930d96007a8e ] Request (ServersAdminTestJSON:setUpClass): 204 PUT http://10.180.1.21/identity/v3/projects/0a269227b55044d38154a50fbc722723/users/ce97dbfe04a349738a0e5ee9cf177338/roles/f7cbbbffe02f4f0e8389aa5e04509b91 0.030s
2024-09-10 08:54:38.650 62282 INFO tempest.lib.common.dynamic_creds [-] Dynamic test user ce97dbfe04a349738a0e5ee9cf177338 is created with scope project and roles: ['member']
2024-09-10 08:54:38.651 62282 INFO tempest.lib.common.dynamic_creds [-] Acquired dynamic creds: credentials: Credentials: {'domain_id': 'default', 'domain_name': 'Default', 'username': 'tempest-ServersAdminTestJSON-901921000-project-member', 'project_domain_id': 'default', 'project_domain_name': 'Default', 'project_id': '0a269227b55044d38154a50fbc722723', 'project_name': 'tempest-ServersAdminTestJSON-901921000', 'tenant_id': '0a269227b55044d38154a50fbc722723', 'tenant_name': 'tempest-ServersAdminTestJSON-901921000', 'user_domain_id': 'default', 'user_domain_name': 'Default', 'user_id': 'ce97dbfe04a349738a0e5ee9cf177338', 'system': None}, Network: None, Subnet: None, Router: None
2024-09-10 08:54:38.704 62279 INFO tempest.lib.common.rest_client [req-7f3877fe-5519-4fac-9c0e-2bac88db3064 req-7f3877fe-5519-4fac-9c0e-2bac88db3064 ] Request (ServersTestMultiNic:test_verify_duplicate_network_nics): 200 GET http://10.180.1.21/compute/v2.1/servers/1c4eb398-c4e9-4588-ba48-2805e3fee750 0.635s
2024-09-10 08:54:38.716 62257 INFO tempest.lib.common.rest_client [req-ae414763-47cc-4406-81d4-56d860b817e0 req-ae414763-47cc-4406-81d4-56d860b817e0 ] Request (AttachInterfacesV270Test:setUpClass): 201 POST http://10.180.1.21:9696/networking/v2.0/networks 0.624s
2024-09-10 08:54:38.723 62282 INFO tempest.lib.common.rest_client [req-f19c6b11-f871-4905-bb8d-81eb2bc2e197 req-f19c6b11-f871-4905-bb8d-81eb2bc2e197 ] Request (ServersAdminTestJSON:setUpClass): 201 POST http://10.180.1.21/identity/v3/auth/tokens 0.072s
2024-09-10 08:54:38.755 62293 INFO tempest.lib.common.rest_client [req-cfed4f10-9b02-4915-bd9d-077e897b9018 req-cfed4f10-9b02-4915-bd9d-077e897b9018 ] Request (ImagesMetadataTestJSON:test_set_image_metadata_item): 200 GET http://10.180.1.21/compute/v2.1/images/1d3e5ac7-c034-4f6b-96ea-06bb799651bb/metadata 0.652s
2024-09-10 08:54:38.784 62269 INFO tempest.lib.common.rest_client [req-d1162ee5-bbec-4618-9715-8e620101057f req-d1162ee5-bbec-4618-9715-8e620101057f ] Request (ValidationResourcesFixture:setUp): 201 POST http://10.180.1.21:9696/networking/v2.0/security-group-rules 0.194s
2024-09-10 08:54:38.836 62249 INFO tempest.lib.common.rest_client [req-d90c420f-b5a1-458a-bd81-7bac2b03bdaa req-d90c420f-b5a1-458a-bd81-7bac2b03bdaa ] Request (VolumesAssistedSnapshotsTest:test_volume_assisted_snapshot_create_delete): 200 GET http://10.180.1.21/compute/v2.1/servers/bdc007d4-59d9-4fc8-8a63-c2ae0d058d48 0.717s
2024-09-10 08:54:38.879 62289 INFO tempest.lib.common.rest_client [req-621e31c1-5571-45d3-b9c8-5818da7afb8f req-621e31c1-5571-45d3-b9c8-5818da7afb8f ] Request (KeyPairsV2TestJSON:test_keypairs_create_list_delete): 200 POST http://10.180.1.21/compute/v2.1/os-keypairs 0.738s
2024-09-10 08:54:38.946 62271 INFO tempest.lib.common.rest_client [req-de121ba1-58ad-4696-8bcf-27e71bf84e23 req-de121ba1-58ad-4696-8bcf-27e71bf84e23 ] Request (SecurityGroupRulesNegativeTestJSON:test_create_security_group_rule_duplicate): 200 POST http://10.180.1.21/compute/v2.1/os-security-group-rules 0.984s
2024-09-10 08:54:38.947 62291 INFO tempest.lib.common.rest_client [req-97d3760b-8ace-4a62-9d60-0e010c7344d5 req-97d3760b-8ace-4a62-9d60-0e010c7344d5 ] Request (ServerAddressesNegativeTestJSON:setUpClass): 200 GET http://10.180.1.21/compute/v2.1/servers/24db5fad-52fd-4689-a8aa-2ae4b0a06710 0.789s
2024-09-10 08:54:38.970 62267 INFO tempest.lib.common.rest_client [req-7e5e48ce-8107-49fb-94c9-b24dd7bbd3a7 req-7e5e48ce-8107-49fb-94c9-b24dd7bbd3a7 ] Request (FlavorMetadataValidation:_run_cleanups): 202 DELETE http://10.180.1.21/compute/v2.1/flavors/2037788267 0.782s
2024-09-10 08:54:39.011 62259 INFO tempest.lib.common.rest_client [req-9af05964-572b-406c-8920-74285323884c req-9af05964-572b-406c-8920-74285323884c ] Request (ImagesOneServerNegativeTestJSON:setUpClass): 200 GET http://10.180.1.21/compute/v2.1/servers/adb60754-9217-4b1b-b5cd-98553ff5bbbf 0.768s
2024-09-10 08:54:39.027 62282 INFO tempest.lib.common.rest_client [req-5e78eacc-75e7-4d46-8d23-0b20932071de req-5e78eacc-75e7-4d46-8d23-0b20932071de ] Request (ServersAdminTestJSON:setUpClass): 201 POST http://10.180.1.21:9696/networking/v2.0/networks 0.304s
2024-09-10 08:54:39.043 62239 INFO tempest.lib.common.rest_client [req-e03ade40-921c-4e30-8a5c-b4a30b784d32 req-e03ade40-921c-4e30-8a5c-b4a30b784d32 ] Request (ServersV294TestFqdnHostnames:setUpClass): 200 GET http://10.180.1.21/compute/v2.1/servers/5ca64ce9-9856-4e65-a2e7-af11ae0211da 0.715s
2024-09-10 08:54:39.122 62269 INFO tempest.lib.common.rest_client [req-88790f30-ffd0-41c4-8bae-de0449edc1a0 req-88790f30-ffd0-41c4-8bae-de0449edc1a0 ] Request (ValidationResourcesFixture:setUp): 201 POST http://10.180.1.21:9696/networking/v2.0/security-group-rules 0.336s
2024-09-10 08:54:39.131 62235 INFO tempest.lib.common.rest_client [req-32f04df9-1692-467d-94ff-7d6414ffac09 req-32f04df9-1692-467d-94ff-7d6414ffac09 ] Request (DeleteServersAdminTestJSON:test_delete_server_while_in_error_state): 200 GET http://10.180.1.21/compute/v2.1/servers/06496d6a-324d-41d4-b3e5-52e3d93636bb 0.672s
2024-09-10 08:54:39.195 62277 INFO tempest.lib.common.rest_client [req-964b0e2f-aa99-463d-b17a-d6b877ba8edb req-964b0e2f-aa99-463d-b17a-d6b877ba8edb ] Request (ServerActionsTestJSON:setUpClass): 200 GET http://10.180.1.21/compute/v2.1/servers/d9c53806-68c0-4872-a262-36bc05573674 0.661s
2024-09-10 08:54:39.211 62257 INFO tempest.lib.common.rest_client [req-720594d1-2c73-4be1-b766-0ceedda5f326 req-720594d1-2c73-4be1-b766-0ceedda5f326 ] Request (AttachInterfacesV270Test:setUpClass): 201 POST http://10.180.1.21:9696/networking/v2.0/subnets 0.492s
2024-09-10 08:54:39.255 62273 INFO tempest.lib.common.rest_client [req-91a77f74-7d73-457c-946e-c86590cbd4a3 req-91a77f74-7d73-457c-946e-c86590cbd4a3 ] Request (MultipleCreateTestJSON:test_multiple_create_with_reservation_return): 200 GET http://10.180.1.21/compute/v2.1/servers/08489e01-2ce3-45a1-8f87-2a4c89230aa2 0.638s
2024-09-10 08:54:39.312 62241 INFO tempest.lib.common.rest_client [req-4c51d145-763a-483d-8205-ae991aab824e req-4c51d145-763a-483d-8205-ae991aab824e ] Request (ServerDiagnosticsV248Test:test_get_server_diagnostics): 200 GET http://10.180.1.21/compute/v2.1/servers/e78f8718-e0be-4b2a-ab70-9565ce01ab9d 0.647s
2024-09-10 08:54:39.376 62261 INFO tempest.lib.common.rest_client [req-f0a7bb64-4690-4409-b46b-0a63e4b78dc3 req-f0a7bb64-4690-4409-b46b-0a63e4b78dc3 ] Request (ServersAdminNegativeTestJSON:setUpClass): 200 GET http://10.180.1.21/compute/v2.1/servers/ebd55d0b-c807-4adc-b1e4-b738f61b9bb3 0.634s
2024-09-10 08:54:39.405 62282 INFO tempest.lib.common.rest_client [req-44d0136d-0988-4cd7-b3ec-037932e8d504 req-44d0136d-0988-4cd7-b3ec-037932e8d504 ] Request (ServersAdminTestJSON:setUpClass): 201 POST http://10.180.1.21:9696/networking/v2.0/subnets 0.377s
2024-09-10 08:54:39.615 62293 INFO tempest.lib.common.rest_client [req-31639c9f-d5a4-416d-aa6c-57f8ffca790f req-31639c9f-d5a4-416d-aa6c-57f8ffca790f ] Request (ImagesMetadataTestJSON:setUp): 200 PUT http://10.180.1.21/compute/v2.1/images/1d3e5ac7-c034-4f6b-96ea-06bb799651bb/metadata 0.857s
2024-09-10 08:54:39.711 62283 INFO tempest.lib.common.rest_client [req-132a53ad-39ac-4964-bed8-b70196af9a69 req-132a53ad-39ac-4964-bed8-b70196af9a69 ] Request (ServerRescueTestJSONUnderV235:setUpClass): 200 GET http://10.180.1.21/compute/v2.1/servers/ac219077-ed13-45ee-8d47-ff5dd5abe89a 0.884s
2024-09-10 08:54:39.723 62289 INFO tempest.lib.common.rest_client [req-6f410073-3ed9-4284-9a85-af4adfd7db3d req-6f410073-3ed9-4284-9a85-af4adfd7db3d ] Request (KeyPairsV2TestJSON:test_keypairs_create_list_delete): 200 GET http://10.180.1.21/compute/v2.1/os-keypairs 0.843s
2024-09-10 08:54:39.788 62245 INFO tempest.lib.common.rest_client [req-8472fa42-a994-49b7-a3d3-7f33746a409f req-8472fa42-a994-49b7-a3d3-7f33746a409f ] Request (TenantUsagesTestJSON:setUpClass): 200 GET http://10.180.1.21/compute/v2.1/servers/278cba4c-5bfb-42e0-b502-8f524ba1f380 0.889s
2024-09-10 08:54:39.811 62233 INFO tempest.lib.common.rest_client [req-59fa135e-7751-4af1-99a4-dacb34fc4058 req-59fa135e-7751-4af1-99a4-dacb34fc4058 ] Request (ServerDiskConfigTestJSON:test_rebuild_server_with_auto_disk_config): 202 POST http://10.180.1.21/compute/v2.1/servers 1.477s
2024-09-10 08:54:39.829 62267 INFO tempest.lib.common.rest_client [req-9343a744-821a-4abd-aa24-589249014c4c req-9343a744-821a-4abd-aa24-589249014c4c ] Request (FlavorMetadataValidation:_run_cleanups): 200 GET http://10.180.1.21/compute/v2.1/flavors/detail 0.858s
2024-09-10 08:54:39.893 62275 INFO tempest.lib.common.rest_client [req-b975bede-2b00-4ef0-bc85-87faefb67bd5 req-b975bede-2b00-4ef0-bc85-87faefb67bd5 ] Request (ServerExternalEventsTest:test_create_server_external_events): 200 GET http://10.180.1.21/compute/v2.1/servers/3252888a-31ec-4d93-a8e2-b67aa0bab1e8 0.865s
2024-09-10 08:54:39.909 62271 INFO tempest.lib.common.rest_client [req-e1bd70df-6160-4538-bd85-d202f3c4fa0c req-e1bd70df-6160-4538-bd85-d202f3c4fa0c ] Request (SecurityGroupRulesNegativeTestJSON:test_create_security_group_rule_duplicate): 400 POST http://10.180.1.21/compute/v2.1/os-security-group-rules 0.956s
2024-09-10 08:54:39.930 62251 INFO tempest.lib.common.rest_client [req-6ed8be95-39e6-4355-867b-73bed7747577 req-6ed8be95-39e6-4355-867b-73bed7747577 ] Request (ServersNegativeTestMultiTenantJSON:setUpClass): 201 POST http://10.180.1.21:9696/networking/v2.0/routers 1.754s
2024-09-10 08:54:39.943 62267 INFO tempest.lib.common.rest_client [req-cab59be2-5e28-4f41-bb44-dae0cf54e5c3 req-cab59be2-5e28-4f41-bb44-dae0cf54e5c3 ] Request (FlavorMetadataValidation:tearDownClass): 204 DELETE http://10.180.1.21/identity/v3/users/47b307e4219d42aaa833a3845a34de41 0.107s
2024-09-10 08:54:39.959 62269 INFO tempest.lib.common.rest_client [req-b689b46f-f26e-4ac3-b560-5423c21d6b55 req-b689b46f-f26e-4ac3-b560-5423c21d6b55 ] Request (ValidationResourcesFixture:setUp): 201 POST http://10.180.1.21:9696/networking/v2.0/floatingips 0.836s
2024-09-10 08:54:39.960 62237 INFO tempest.lib.common.rest_client [req-c1f998a5-b3be-4722-a3a1-3316f2592d23 req-c1f998a5-b3be-4722-a3a1-3316f2592d23 ] Request (ListImageFiltersTestJSON:setUpClass): 200 GET http://10.180.1.21/compute/v2.1/servers/d5a54c46-1a45-4bd5-8694-0defc757c455 0.881s
2024-09-10 08:54:39.985 62295 INFO tempest.lib.common.rest_client [req-b7631478-3d67-482b-932f-2e1cc02a9ddb req-b7631478-3d67-482b-932f-2e1cc02a9ddb ] Request (ServerRescueTestJSON:setUpClass): 200 GET http://10.180.1.21/compute/v2.1/servers/853dd1f7-e8f7-4d55-b53b-933ed8861b3d 0.766s
2024-09-10 08:54:40.018 62263 INFO tempest.lib.common.rest_client [req-c03b469f-4c38-4c79-9964-81d924c262f9 req-c03b469f-4c38-4c79-9964-81d924c262f9 ] Request (ServersTestJSON:setUpClass): 200 GET http://10.180.1.21/compute/v2.1/servers/303d1ec5-cc8a-4f25-a36f-aec39e856766 0.725s
2024-09-10 08:54:40.026 62269 INFO tempest.lib.common.rest_client [req-3f9b6ebd-c93e-4d39-b07b-4809a298af99 req-3f9b6ebd-c93e-4d39-b07b-4809a298af99 ] Request (AttachInterfacesTestJSON:test_create_list_show_delete_interfaces_by_fixed_ip): 201 POST http://10.180.1.21/identity/v3/auth/tokens 0.063s
2024-09-10 08:54:40.026 62269 INFO tempest.lib.common.fixed_network [-] (AttachInterfacesTestJSON:test_create_list_show_delete_interfaces_by_fixed_ip) Found network {'id': '67eef3c3-44a6-48d3-9548-e77c76e98379', 'name': 'tempest-AttachInterfacesTestJSON-1779718710-network', 'tenant_id': 'a660ec6d4d7e4e76827642cf247f53c9', 'admin_state_up': True, 'mtu': 8950, 'status': 'ACTIVE', 'subnets': [], 'shared': False, 'project_id': 'a660ec6d4d7e4e76827642cf247f53c9', 'port_security_enabled': True, 'router:external': False, 'provider:network_type': 'vlan', 'provider:physical_network': 'default', 'provider:segmentation_id': 486, 'is_default': False, 'availability_zone_hints': [], 'availability_zones': [], 'ipv4_address_scope': None, 'ipv6_address_scope': None, 'description': '', 'tags': [], 'created_at': '2024-09-10T08:54:32Z', 'updated_at': '2024-09-10T08:54:32Z', 'revision_number': 1} available for tenant
2024-09-10 08:54:40.048 62253 INFO tempest.lib.common.rest_client [req-2cad14c1-1c30-4fa9-98ee-f64e8a6de382 req-2cad14c1-1c30-4fa9-98ee-f64e8a6de382 ] Request (VolumesAdminNegativeTest:test_update_attached_volume_with_nonexistent_volume_in_body): 200 GET http://10.180.1.21/compute/v2.1/servers/f59d6eee-6c40-4a99-b141-626e68308270 0.693s
2024-09-10 08:54:40.054 62267 INFO tempest.lib.common.rest_client [req-cdfd49c4-4ea6-4979-806c-94e34617e603 req-cdfd49c4-4ea6-4979-806c-94e34617e603 ] Request (FlavorMetadataValidation:tearDownClass): 204 DELETE http://10.180.1.21/identity/v3/users/ae4954d91f744c0e9fababac73177eee 0.110s
2024-09-10 08:54:40.054 62267 INFO tempest.lib.common.dynamic_creds [-] Deleting project and security group for project: 42849e5cce2842aaa0f1e225c93a52f7
2024-09-10 08:54:40.074 62243 INFO tempest.lib.common.rest_client [req-13af6361-b4c2-49ce-a28e-686f6a88fb80 req-13af6361-b4c2-49ce-a28e-686f6a88fb80 ] Request (FloatingIPsAssociationTestJSON:setUpClass): 200 GET http://10.180.1.21/compute/v2.1/servers/e53d10a3-1d16-498d-b4d8-abe7205410ec 0.635s
2024-09-10 08:54:40.118 62247 INFO tempest.lib.common.rest_client [req-e18a423f-4d99-449d-aef7-1d155cd92f03 req-e18a423f-4d99-449d-aef7-1d155cd92f03 ] Request (ServersWithSpecificFlavorTestJSON:test_verify_created_server_ephemeral_disk): 200 GET http://10.180.1.21/compute/v2.1/servers/596463d7-04ca-4f29-8adf-c451310aaf15 0.633s
2024-09-10 08:54:40.119 62267 INFO tempest.lib.common.rest_client [req-9a2506f7-c726-4d71-affd-bf90ffae589a req-9a2506f7-c726-4d71-affd-bf90ffae589a ] Request (FlavorMetadataValidation:tearDownClass): 201 POST http://10.180.1.21/identity/v3/auth/tokens 0.065s
2024-09-10 08:54:40.127 62265 INFO tempest.lib.common.rest_client [req-3f5defd3-181e-4c32-a7e6-1f95c7050f4b req-3f5defd3-181e-4c32-a7e6-1f95c7050f4b ] Request (ImagesNegativeTestJSON:test_create_image_from_deleted_server): 200 GET http://10.180.1.21/compute/v2.1/servers/7bdf0b12-25d2-45a5-af57-b1bb31148f3d 0.610s
2024-09-10 08:54:40.188 62255 INFO tempest.lib.common.rest_client [req-cb50e133-17f1-49ad-8047-877a9d9dbe2a req-cb50e133-17f1-49ad-8047-877a9d9dbe2a ] Request (ServersAdmin275Test:test_rebuild_update_server_275): 200 GET http://10.180.1.21/compute/v2.1/servers/2eeecb76-ff2d-4a9d-a86f-9e2b8e1fc6cc 0.602s
2024-09-10 08:54:40.258 62287 INFO tempest.lib.common.rest_client [req-dc5dc614-59d5-4789-80e6-536b93013681 req-dc5dc614-59d5-4789-80e6-536b93013681 ] Request (SecurityGroupsTestJSON:test_list_security_groups_by_server): 200 GET http://10.180.1.21/compute/v2.1/servers/862694a5-63f8-4e2d-982a-329f4a071d29 0.608s
2024-09-10 08:54:40.319 62279 INFO tempest.lib.common.rest_client [req-09ce4e1f-9fef-4ebc-9ba3-1bae6918b95a req-09ce4e1f-9fef-4ebc-9ba3-1bae6918b95a ] Request (ServersTestMultiNic:test_verify_duplicate_network_nics): 200 GET http://10.180.1.21/compute/v2.1/servers/1c4eb398-c4e9-4588-ba48-2805e3fee750 0.600s
2024-09-10 08:54:40.342 62289 INFO tempest.lib.common.rest_client [req-de0b86ea-8a07-45ab-9b5f-7e44beb774a5 req-de0b86ea-8a07-45ab-9b5f-7e44beb774a5 ] Request (KeyPairsV2TestJSON:_run_cleanups): 202 DELETE http://10.180.1.21/compute/v2.1/os-keypairs/tempest-KeyPairsV2TestJSON-keypair-498085610 0.617s
2024-09-10 08:54:40.387 62293 INFO tempest.lib.common.rest_client [req-e840dc1f-f7a6-43e4-b940-38892eaa038e req-e840dc1f-f7a6-43e4-b940-38892eaa038e ] Request (ImagesMetadataTestJSON:test_update_image_metadata): 200 POST http://10.180.1.21/compute/v2.1/images/1d3e5ac7-c034-4f6b-96ea-06bb799651bb/metadata 0.772s
2024-09-10 08:54:40.404 62233 INFO tempest.lib.common.rest_client [req-6bc19c63-97eb-415a-954d-40b24f5c6827 req-6bc19c63-97eb-415a-954d-40b24f5c6827 ] Request (ServerDiskConfigTestJSON:test_rebuild_server_with_auto_disk_config): 200 GET http://10.180.1.21/compute/v2.1/servers/45fdae21-bec2-438a-8f2a-c23b0e428057 0.591s
2024-09-10 08:54:40.404 62267 INFO tempest.lib.common.rest_client [req-55554016-8799-4ce1-8c02-d22d65b5070a req-55554016-8799-4ce1-8c02-d22d65b5070a ] Request (FlavorMetadataValidation:tearDownClass): 200 GET http://10.180.1.21:9696/networking/v2.0/security-groups?tenant_id=42849e5cce2842aaa0f1e225c93a52f7&name=default 0.284s
2024-09-10 08:54:40.415 62257 INFO tempest.lib.common.rest_client [req-4b16a090-6c4a-4458-9872-6393e924c26b req-4b16a090-6c4a-4458-9872-6393e924c26b ] Request (AttachInterfacesV270Test:setUpClass): 201 POST http://10.180.1.21:9696/networking/v2.0/routers 1.203s
2024-09-10 08:54:40.461 62249 INFO tempest.lib.common.rest_client [req-9190fa63-7fdc-455c-8abe-b2adcbd9cbc6 req-9190fa63-7fdc-455c-8abe-b2adcbd9cbc6 ] Request (VolumesAssistedSnapshotsTest:test_volume_assisted_snapshot_create_delete): 200 GET http://10.180.1.21/compute/v2.1/servers/bdc007d4-59d9-4fc8-8a63-c2ae0d058d48 0.614s
2024-09-10 08:54:40.522 62291 INFO tempest.lib.common.rest_client [req-65831059-066b-4ba6-97a0-ade1eca88003 req-65831059-066b-4ba6-97a0-ade1eca88003 ] Request (ServerAddressesNegativeTestJSON:setUpClass): 200 GET http://10.180.1.21/compute/v2.1/servers/24db5fad-52fd-4689-a8aa-2ae4b0a06710 0.565s
2024-09-10 08:54:40.574 62259 INFO tempest.lib.common.rest_client [req-f4981c2c-85a8-4b25-9e37-4d2d54181983 req-f4981c2c-85a8-4b25-9e37-4d2d54181983 ] Request (ImagesOneServerNegativeTestJSON:setUpClass): 200 GET http://10.180.1.21/compute/v2.1/servers/adb60754-9217-4b1b-b5cd-98553ff5bbbf 0.553s
2024-09-10 08:54:40.889 62271 INFO tempest.lib.common.rest_client [req-236ccbf5-6254-46e6-a237-ae3144b1b310 req-236ccbf5-6254-46e6-a237-ae3144b1b310 ] Request (SecurityGroupRulesNegativeTestJSON:_run_cleanups): 202 DELETE http://10.180.1.21/compute/v2.1/os-security-group-rules/bd41c7d7-516d-45a7-90fd-0f2f05a487d7 0.977s
2024-09-10 08:54:40.908 62267 INFO tempest.lib.common.rest_client [req-23bdb811-4705-44f9-b1d8-a1e59ce1a657 req-23bdb811-4705-44f9-b1d8-a1e59ce1a657 ] Request (FlavorMetadataValidation:tearDownClass): 204 DELETE http://10.180.1.21:9696/networking/v2.0/security-groups/94d2117c-a4d0-42e8-bb31-63d4c2d1c4c3 0.504s
2024-09-10 08:54:41.077 62267 INFO tempest.lib.common.rest_client [req-eec07769-a085-49c3-821c-3171bfcc03cc req-eec07769-a085-49c3-821c-3171bfcc03cc ] Request (FlavorMetadataValidation:tearDownClass): 204 DELETE http://10.180.1.21/identity/v3/projects/42849e5cce2842aaa0f1e225c93a52f7 0.168s
2024-09-10 08:54:41.077 62267 INFO tempest.lib.common.dynamic_creds [-] Deleting project and security group for project: 6d7a7d67267741ccaba867f794db9a98
2024-09-10 08:54:41.085 62239 INFO tempest.lib.common.rest_client [req-b5c2297e-3ebf-49c1-8a14-1b4ee7525b06 req-b5c2297e-3ebf-49c1-8a14-1b4ee7525b06 ] Request (ServersV294TestFqdnHostnames:setUpClass): 200 GET http://10.180.1.21/compute/v2.1/servers/5ca64ce9-9856-4e65-a2e7-af11ae0211da 1.025s
2024-09-10 08:54:41.130 62269 INFO tempest.lib.common.rest_client [req-40fa8269-e1d0-4bc8-a6cd-4bdc759e36fe req-40fa8269-e1d0-4bc8-a6cd-4bdc759e36fe ] Request (AttachInterfacesTestJSON:test_create_list_show_delete_interfaces_by_fixed_ip): 202 POST http://10.180.1.21/compute/v2.1/servers 1.103s
2024-09-10 08:54:41.161 62235 INFO tempest.lib.common.rest_client [req-66aa0653-42a6-44a2-9f90-60aaaa2f2339 req-66aa0653-42a6-44a2-9f90-60aaaa2f2339 ] Request (DeleteServersAdminTestJSON:test_delete_server_while_in_error_state): 200 GET http://10.180.1.21/compute/v2.1/servers/06496d6a-324d-41d4-b3e5-52e3d93636bb 1.020s
2024-09-10 08:54:41.193 62277 INFO tempest.lib.common.rest_client [req-ccfe792a-d4b8-4484-a6e1-67d853fc9fbb req-ccfe792a-d4b8-4484-a6e1-67d853fc9fbb ] Request (ServerActionsTestJSON:setUpClass): 200 GET http://10.180.1.21/compute/v2.1/servers/d9c53806-68c0-4872-a262-36bc05573674 0.990s
2024-09-10 08:54:41.229 62273 INFO tempest.lib.common.rest_client [req-eaf34743-2ac8-4fd7-9ab0-ab2abf66020d req-eaf34743-2ac8-4fd7-9ab0-ab2abf66020d ] Request (MultipleCreateTestJSON:test_multiple_create_with_reservation_return): 200 GET http://10.180.1.21/compute/v2.1/servers/08489e01-2ce3-45a1-8f87-2a4c89230aa2 0.960s
2024-09-10 08:54:41.234 62282 INFO tempest.lib.common.rest_client [req-fec414a1-00d3-421e-b2b6-44d04859c076 req-fec414a1-00d3-421e-b2b6-44d04859c076 ] Request (ServersAdminTestJSON:setUpClass): 201 POST http://10.180.1.21:9696/networking/v2.0/routers 1.828s
2024-09-10 08:54:41.246 62289 INFO tempest.lib.common.rest_client [req-5de38021-46ec-4d8f-9088-05789763c230 req-5de38021-46ec-4d8f-9088-05789763c230 ] Request (KeyPairsV2TestJSON:_run_cleanups): 202 DELETE http://10.180.1.21/compute/v2.1/os-keypairs/tempest-KeyPairsV2TestJSON-keypair-1504052494 0.902s
2024-09-10 08:54:41.286 62293 INFO tempest.lib.common.rest_client [req-acd6204d-3c0b-4dfc-a1ca-95cc3e458d77 req-acd6204d-3c0b-4dfc-a1ca-95cc3e458d77 ] Request (ImagesMetadataTestJSON:test_update_image_metadata): 200 GET http://10.180.1.21/compute/v2.1/images/1d3e5ac7-c034-4f6b-96ea-06bb799651bb/metadata 0.898s
2024-09-10 08:54:41.351 62293 INFO tempest.lib.common.rest_client [req-9dad21ad-5842-4167-80ec-d20dcb35e87a req-9dad21ad-5842-4167-80ec-d20dcb35e87a ] Request (ImagesMetadataTestJSON:tearDownClass): 204 DELETE http://10.180.1.21/image/v2/images/1d3e5ac7-c034-4f6b-96ea-06bb799651bb 0.057s
2024-09-10 08:54:41.378 62261 INFO tempest.lib.common.rest_client [req-110a1595-6cbe-4564-95e9-ecc29aa19f17 req-110a1595-6cbe-4564-95e9-ecc29aa19f17 ] Request (ServersAdminNegativeTestJSON:setUpClass): 200 GET http://10.180.1.21/compute/v2.1/servers/ebd55d0b-c807-4adc-b1e4-b738f61b9bb3 0.988s
2024-09-10 08:54:41.384 62261 INFO tempest.common.waiters [-] State transition "BUILD/spawning" ==> "ERROR/None" after 45 second wait
2024-09-10 08:54:41.422 62241 INFO tempest.lib.common.rest_client [req-53851905-ace3-455f-a076-3d18a6e44d00 req-53851905-ace3-455f-a076-3d18a6e44d00 ] Request (ServerDiagnosticsV248Test:test_get_server_diagnostics): 200 GET http://10.180.1.21/compute/v2.1/servers/e78f8718-e0be-4b2a-ab70-9565ce01ab9d 1.098s
2024-09-10 08:54:41.437 62267 INFO tempest.lib.common.rest_client [req-0d876ca0-35db-4094-bb8b-d4befe2d4cef req-0d876ca0-35db-4094-bb8b-d4befe2d4cef ] Request (FlavorMetadataValidation:tearDownClass): 200 GET http://10.180.1.21:9696/networking/v2.0/security-groups?tenant_id=6d7a7d67267741ccaba867f794db9a98&name=default 0.360s
2024-09-10 08:54:41.457 62283 INFO tempest.lib.common.rest_client [req-32df1668-2f74-4587-9b92-860669aceff1 req-32df1668-2f74-4587-9b92-860669aceff1 ] Request (ServerRescueTestJSONUnderV235:setUpClass): 200 GET http://10.180.1.21/compute/v2.1/servers/ac219077-ed13-45ee-8d47-ff5dd5abe89a 0.736s
2024-09-10 08:54:41.478 62293 INFO tempest.lib.common.rest_client [req-85f3c296-b6e0-45c2-8cd1-7ffee441bbba req-85f3c296-b6e0-45c2-8cd1-7ffee441bbba ] Request (ImagesMetadataTestJSON:tearDownClass): 204 DELETE http://10.180.1.21/identity/v3/users/764af9f606734aad94d6a81759ca84ca 0.127s
2024-09-10 08:54:41.479 62293 INFO tempest.lib.common.dynamic_creds [-] Deleting project and security group for project: fdace5e23ecf41919594a68f0bfb821c
2024-09-10 08:54:41.499 62245 INFO tempest.lib.common.rest_client [req-cba55604-bca7-442d-a160-b460a7503003 req-cba55604-bca7-442d-a160-b460a7503003 ] Request (TenantUsagesTestJSON:setUpClass): 200 GET http://10.180.1.21/compute/v2.1/servers/278cba4c-5bfb-42e0-b502-8f524ba1f380 0.700s
2024-09-10 08:54:41.546 62293 INFO tempest.lib.common.rest_client [req-b20fb13b-2b3f-4deb-8c44-8921f6d1bc59 req-b20fb13b-2b3f-4deb-8c44-8921f6d1bc59 ] Request (ImagesMetadataTestJSON:tearDownClass): 201 POST http://10.180.1.21/identity/v3/auth/tokens 0.067s
2024-09-10 08:54:41.561 62275 INFO tempest.lib.common.rest_client [req-e58cd20d-4a35-4e7a-9b47-b11054b44981 req-e58cd20d-4a35-4e7a-9b47-b11054b44981 ] Request (ServerExternalEventsTest:test_create_server_external_events): 200 GET http://10.180.1.21/compute/v2.1/servers/3252888a-31ec-4d93-a8e2-b67aa0bab1e8 0.655s
2024-09-10 08:54:41.628 62237 INFO tempest.lib.common.rest_client [req-79450e2b-6edf-4133-8f05-c37e37c5c7ee req-79450e2b-6edf-4133-8f05-c37e37c5c7ee ] Request (ListImageFiltersTestJSON:setUpClass): 200 GET http://10.180.1.21/compute/v2.1/servers/d5a54c46-1a45-4bd5-8694-0defc757c455 0.656s
2024-09-10 08:54:41.659 62267 INFO tempest.lib.common.rest_client [req-195971fb-f92c-4779-aa9e-b483797a4610 req-195971fb-f92c-4779-aa9e-b483797a4610 ] Request (FlavorMetadataValidation:tearDownClass): 204 DELETE http://10.180.1.21:9696/networking/v2.0/security-groups/05fb0862-873b-4958-aef3-547fc8c9adee 0.221s
2024-09-10 08:54:41.701 62295 INFO tempest.lib.common.rest_client [req-27c5d36e-bcad-4dc8-9356-234a1bee23fc req-27c5d36e-bcad-4dc8-9356-234a1bee23fc ] Request (ServerRescueTestJSON:setUpClass): 200 GET http://10.180.1.21/compute/v2.1/servers/853dd1f7-e8f7-4d55-b53b-933ed8861b3d 0.706s
2024-09-10 08:54:41.753 62271 INFO tempest.lib.common.rest_client [req-4851c3de-a5d6-4769-ac17-976abe4c2c6e req-4851c3de-a5d6-4769-ac17-976abe4c2c6e ] Request (SecurityGroupRulesNegativeTestJSON:test_create_security_group_rule_with_invalid_from_port): 200 POST http://10.180.1.21/compute/v2.1/os-security-groups 0.862s
2024-09-10 08:54:41.775 62267 INFO tempest.lib.common.rest_client [req-23761813-8e60-4396-b07f-765458ee9b83 req-23761813-8e60-4396-b07f-765458ee9b83 ] Request (FlavorMetadataValidation:tearDownClass): 204 DELETE http://10.180.1.21/identity/v3/projects/6d7a7d67267741ccaba867f794db9a98 0.116s
2024-09-10 08:54:41.806 62263 INFO tempest.lib.common.rest_client [req-043c74bc-a08a-458a-973c-2549d3710758 req-043c74bc-a08a-458a-973c-2549d3710758 ] Request (ServersTestJSON:setUpClass): 200 GET http://10.180.1.21/compute/v2.1/servers/303d1ec5-cc8a-4f25-a36f-aec39e856766 0.777s
2024-09-10 08:54:41.884 62243 INFO tempest.lib.common.rest_client [req-69720fd3-9b6a-4c4e-ba05-6ca01c3915f0 req-69720fd3-9b6a-4c4e-ba05-6ca01c3915f0 ] Request (FloatingIPsAssociationTestJSON:setUpClass): 200 GET http://10.180.1.21/compute/v2.1/servers/e53d10a3-1d16-498d-b4d8-abe7205410ec 0.801s
2024-09-10 08:54:41.886 62267 INFO tempest.lib.common.rest_client [req-57cb7e62-4468-4c81-80f2-ce739f8c4dde req-57cb7e62-4468-4c81-80f2-ce739f8c4dde ] Request (KeyPairsNegativeTestJSON:setUpClass): 201 POST http://10.180.1.21/identity/v3/auth/tokens 0.109s
2024-09-10 08:54:41.915 62257 INFO tempest.lib.common.rest_client [req-770e96c4-5881-4dcd-bca4-5343d4cb83d7 req-770e96c4-5881-4dcd-bca4-5343d4cb83d7 ] Request (AttachInterfacesV270Test:setUpClass): 200 PUT http://10.180.1.21:9696/networking/v2.0/routers/e73fdc3a-b5eb-4dc7-8113-30f035916f88/add_router_interface 1.500s
2024-09-10 08:54:41.916 62257 INFO tempest.lib.common.dynamic_creds [-] Created isolated network resources for: credentials: Credentials: {'domain_id': 'default', 'domain_name': 'Default', 'username': 'tempest-AttachInterfacesV270Test-122437301-project-member', 'project_domain_id': 'default', 'project_domain_name': 'Default', 'project_id': '64e0bdabc3cf4eb7b606adda78f9a0b4', 'project_name': 'tempest-AttachInterfacesV270Test-122437301', 'tenant_id': '64e0bdabc3cf4eb7b606adda78f9a0b4', 'tenant_name': 'tempest-AttachInterfacesV270Test-122437301', 'user_domain_id': 'default', 'user_domain_name': 'Default', 'user_id': '18d2cb50dbc24b87983ac8f24b0ebe09', 'system': None}, Network: {'id': '05b3b850-c61b-42fe-897a-6a21fee9311b', 'name': 'tempest-AttachInterfacesV270Test-1871881368-network', 'tenant_id': '64e0bdabc3cf4eb7b606adda78f9a0b4', 'admin_state_up': True, 'mtu': 8950, 'status': 'ACTIVE', 'subnets': [], 'shared': False, 'project_id': '64e0bdabc3cf4eb7b606adda78f9a0b4', 'port_security_enabled': True, 'router:external': False, 'provider:network_type': 'vlan', 'provider:physical_network': 'default', 'provider:segmentation_id': 778, 'is_default': False, 'availability_zone_hints': [], 'availability_zones': [], 'ipv4_address_scope': None, 'ipv6_address_scope': None, 'description': '', 'tags': [], 'created_at': '2024-09-10T08:54:38Z', 'updated_at': '2024-09-10T08:54:38Z', 'revision_number': 1}, Subnet: {'id': '22ae332d-2e97-46ff-917e-e00132afd312', 'name': 'tempest-AttachInterfacesV270Test-1871881368-subnet', 'tenant_id': '64e0bdabc3cf4eb7b606adda78f9a0b4', 'network_id': '05b3b850-c61b-42fe-897a-6a21fee9311b', 'ip_version': 4, 'subnetpool_id': None, 'enable_dhcp': True, 'ipv6_ra_mode': None, 'ipv6_address_mode': None, 'gateway_ip': '192.168.128.1', 'cidr': '192.168.128.0/28', 'allocation_pools': [{'start': '192.168.128.2', 'end': '192.168.128.14'}], 'host_routes': [], 'dns_nameservers': [], 'description': '', 'router:external': False, 'service_types': [], 'tags': [], 'created_at': '2024-09-10T08:54:38Z', 'updated_at': '2024-09-10T08:54:38Z', 'revision_number': 0, 'project_id': '64e0bdabc3cf4eb7b606adda78f9a0b4'}, Router: {'id': 'e73fdc3a-b5eb-4dc7-8113-30f035916f88', 'name': 'tempest-AttachInterfacesV270Test-1871881368-router', 'tenant_id': '64e0bdabc3cf4eb7b606adda78f9a0b4', 'admin_state_up': True, 'status': 'ACTIVE', 'external_gateway_info': {'network_id': '87706325-4721-49e4-a802-5ebf35e1f8c5', 'external_fixed_ips': [{'subnet_id': 'ac6eef7a-3562-4e76-bf55-557a43aae022', 'ip_address': '10.180.180.130'}], 'enable_snat': True}, 'description': '', 'availability_zones': [], 'distributed': False, 'ha': False, 'availability_zone_hints': [], 'routes': [], 'flavor_id': None, 'tags': [], 'created_at': '2024-09-10T08:54:39Z', 'updated_at': '2024-09-10T08:54:40Z', 'revision_number': 2, 'project_id': '64e0bdabc3cf4eb7b606adda78f9a0b4'}
2024-09-10 08:54:41.930 62267 INFO tempest.lib.common.rest_client [req-f22a4f48-dbce-497b-807c-415f20812389 req-f22a4f48-dbce-497b-807c-415f20812389 ] Request (KeyPairsNegativeTestJSON:setUpClass): 201 POST http://10.180.1.21/identity/v3/auth/tokens 0.041s
2024-09-10 08:54:41.961 62269 INFO tempest.lib.common.rest_client [req-81ad55e9-e294-4b10-a737-4d85d4af9650 req-81ad55e9-e294-4b10-a737-4d85d4af9650 ] Request (AttachInterfacesTestJSON:test_create_list_show_delete_interfaces_by_fixed_ip): 200 GET http://10.180.1.21/compute/v2.1/servers/b1bd98d9-bd0f-4abd-a188-e5267ada4852 0.829s
2024-09-10 08:54:41.970 62267 INFO tempest.lib.common.rest_client [req-fae5104c-f876-447f-8960-5ea9c54b51e2 req-fae5104c-f876-447f-8960-5ea9c54b51e2 ] Request (KeyPairsNegativeTestJSON:setUpClass): 200 GET http://10.180.1.21/identity/v3/domains?name=Default 0.040s
2024-09-10 08:54:41.996 62257 INFO tempest.lib.common.rest_client [req-aa15bb50-2158-41a1-a896-78cceea9f7dc req-aa15bb50-2158-41a1-a896-78cceea9f7dc ] Request (AttachInterfacesV270Test:setUpClass): 201 POST http://10.180.1.21/identity/v3/auth/tokens 0.076s
2024-09-10 08:54:42.008 62267 INFO tempest.lib.common.rest_client [req-0eba792c-19f6-40f1-a55a-f7bb7983e07e req-0eba792c-19f6-40f1-a55a-f7bb7983e07e ] Request (KeyPairsNegativeTestJSON:setUpClass): 201 POST http://10.180.1.21/identity/v3/projects 0.037s
2024-09-10 08:54:42.023 62247 INFO tempest.lib.common.rest_client [req-4144f2a1-93ef-4764-b705-17a1b9408fa1 req-4144f2a1-93ef-4764-b705-17a1b9408fa1 ] Request (ServersWithSpecificFlavorTestJSON:test_verify_created_server_ephemeral_disk): 200 GET http://10.180.1.21/compute/v2.1/servers/596463d7-04ca-4f29-8adf-c451310aaf15 0.888s
2024-09-10 08:54:42.043 62253 INFO tempest.lib.common.rest_client [req-334dc9ec-b88b-401b-bb8e-92a734590309 req-334dc9ec-b88b-401b-bb8e-92a734590309 ] Request (VolumesAdminNegativeTest:test_update_attached_volume_with_nonexistent_volume_in_body): 200 GET http://10.180.1.21/compute/v2.1/servers/f59d6eee-6c40-4a99-b141-626e68308270 0.982s
2024-09-10 08:54:42.065 62257 INFO tempest.lib.common.rest_client [req-9b628cae-87c4-4d0e-abf6-dadb85cad03a req-9b628cae-87c4-4d0e-abf6-dadb85cad03a ] Request (AttachInterfacesV270Test:test_create_get_list_interfaces): 201 POST http://10.180.1.21/identity/v3/auth/tokens 0.064s
2024-09-10 08:54:42.066 62257 INFO tempest.lib.common.fixed_network [-] (AttachInterfacesV270Test:test_create_get_list_interfaces) Found network {'id': '05b3b850-c61b-42fe-897a-6a21fee9311b', 'name': 'tempest-AttachInterfacesV270Test-1871881368-network', 'tenant_id': '64e0bdabc3cf4eb7b606adda78f9a0b4', 'admin_state_up': True, 'mtu': 8950, 'status': 'ACTIVE', 'subnets': [], 'shared': False, 'project_id': '64e0bdabc3cf4eb7b606adda78f9a0b4', 'port_security_enabled': True, 'router:external': False, 'provider:network_type': 'vlan', 'provider:physical_network': 'default', 'provider:segmentation_id': 778, 'is_default': False, 'availability_zone_hints': [], 'availability_zones': [], 'ipv4_address_scope': None, 'ipv6_address_scope': None, 'description': '', 'tags': [], 'created_at': '2024-09-10T08:54:38Z', 'updated_at': '2024-09-10T08:54:38Z', 'revision_number': 1} available for tenant
2024-09-10 08:54:42.085 62267 INFO tempest.lib.common.rest_client [req-32242958-edf2-4da2-b58c-55d1ce246c63 req-32242958-edf2-4da2-b58c-55d1ce246c63 ] Request (KeyPairsNegativeTestJSON:setUpClass): 201 POST http://10.180.1.21/identity/v3/users 0.077s
2024-09-10 08:54:42.097 62265 INFO tempest.lib.common.rest_client [req-5bd7cd11-68f0-4a85-a0c2-450bf3081c01 req-5bd7cd11-68f0-4a85-a0c2-450bf3081c01 ] Request (ImagesNegativeTestJSON:test_create_image_from_deleted_server): 200 GET http://10.180.1.21/compute/v2.1/servers/7bdf0b12-25d2-45a5-af57-b1bb31148f3d 0.956s
2024-09-10 08:54:42.118 62289 INFO tempest.lib.common.rest_client [req-af778d6c-9fb6-4c88-bd16-0e5c232efb3d req-af778d6c-9fb6-4c88-bd16-0e5c232efb3d ] Request (KeyPairsV2TestJSON:_run_cleanups): 202 DELETE http://10.180.1.21/compute/v2.1/os-keypairs/tempest-KeyPairsV2TestJSON-keypair-1580399325 0.872s
2024-09-10 08:54:42.122 62267 INFO tempest.lib.common.rest_client [req-d3180f77-0bb0-42dd-b0f1-f51dfc5d2ce4 req-d3180f77-0bb0-42dd-b0f1-f51dfc5d2ce4 ] Request (KeyPairsNegativeTestJSON:setUpClass): 200 GET http://10.180.1.21/identity/v3/roles 0.037s
2024-09-10 08:54:42.153 62267 INFO tempest.lib.common.rest_client [req-2fa04362-b0cc-47f4-83c0-cb9746b03693 req-2fa04362-b0cc-47f4-83c0-cb9746b03693 ] Request (KeyPairsNegativeTestJSON:setUpClass): 204 PUT http://10.180.1.21/identity/v3/projects/a260e055963e4de39446648e32ce2e9e/users/8fc02fceaf2e45cfb3e96e5634ed8684/roles/f7cbbbffe02f4f0e8389aa5e04509b91 0.030s
2024-09-10 08:54:42.153 62267 INFO tempest.lib.common.dynamic_creds [-] Dynamic test user 8fc02fceaf2e45cfb3e96e5634ed8684 is created with scope project and roles: ['member']
2024-09-10 08:54:42.154 62267 INFO tempest.lib.common.dynamic_creds [-] Acquired dynamic creds: credentials: Credentials: {'domain_id': 'default', 'domain_name': 'Default', 'username': 'tempest-KeyPairsNegativeTestJSON-1999530976-project-member', 'project_domain_id': 'default', 'project_domain_name': 'Default', 'project_id': 'a260e055963e4de39446648e32ce2e9e', 'project_name': 'tempest-KeyPairsNegativeTestJSON-1999530976', 'tenant_id': 'a260e055963e4de39446648e32ce2e9e', 'tenant_name': 'tempest-KeyPairsNegativeTestJSON-1999530976', 'user_domain_id': 'default', 'user_domain_name': 'Default', 'user_id': '8fc02fceaf2e45cfb3e96e5634ed8684', 'system': None}, Network: None, Subnet: None, Router: None
2024-09-10 08:54:42.154 62267 INFO tempest.lib.common.dynamic_creds [-] Created isolated network resources for: credentials: Credentials: {'domain_id': 'default', 'domain_name': 'Default', 'username': 'tempest-KeyPairsNegativeTestJSON-1999530976-project-member', 'project_domain_id': 'default', 'project_domain_name': 'Default', 'project_id': 'a260e055963e4de39446648e32ce2e9e', 'project_name': 'tempest-KeyPairsNegativeTestJSON-1999530976', 'tenant_id': 'a260e055963e4de39446648e32ce2e9e', 'tenant_name': 'tempest-KeyPairsNegativeTestJSON-1999530976', 'user_domain_id': 'default', 'user_domain_name': 'Default', 'user_id': '8fc02fceaf2e45cfb3e96e5634ed8684', 'system': None}, Network: None, Subnet: None, Router: None
2024-09-10 08:54:42.172 62255 INFO tempest.lib.common.rest_client [req-e38ea2af-ed9f-4987-a061-d6d91e2abd57 req-e38ea2af-ed9f-4987-a061-d6d91e2abd57 ] Request (ServersAdmin275Test:test_rebuild_update_server_275): 200 GET http://10.180.1.21/compute/v2.1/servers/2eeecb76-ff2d-4a9d-a86f-9e2b8e1fc6cc 0.967s
2024-09-10 08:54:42.187 62287 INFO tempest.lib.common.rest_client [req-b9424919-7727-4ef2-b8e9-c47ce2235aad req-b9424919-7727-4ef2-b8e9-c47ce2235aad ] Request (SecurityGroupsTestJSON:test_list_security_groups_by_server): 200 GET http://10.180.1.21/compute/v2.1/servers/862694a5-63f8-4e2d-982a-329f4a071d29 0.922s
2024-09-10 08:54:42.209 62289 INFO tempest.lib.common.rest_client [req-939d02e0-4d5b-49fa-86a3-f232ad92119f req-939d02e0-4d5b-49fa-86a3-f232ad92119f ] Request (KeyPairsV2TestJSON:tearDownClass): 204 DELETE http://10.180.1.21/identity/v3/users/786df8f4d7c84411b80f9f9379948b52 0.090s
2024-09-10 08:54:42.210 62289 INFO tempest.lib.common.dynamic_creds [-] Deleting project and security group for project: d48dfe9cdea3406ca25e52f79799266e
2024-09-10 08:54:42.232 62293 INFO tempest.lib.common.rest_client [req-d24a6793-d1e4-41b9-b742-486624ec6df7 req-d24a6793-d1e4-41b9-b742-486624ec6df7 ] Request (ImagesMetadataTestJSON:tearDownClass): 200 GET http://10.180.1.21:9696/networking/v2.0/security-groups?tenant_id=fdace5e23ecf41919594a68f0bfb821c&name=default 0.686s
2024-09-10 08:54:42.244 62279 INFO tempest.lib.common.rest_client [req-ae6fa681-e81f-422d-85b7-dfcaae560def req-ae6fa681-e81f-422d-85b7-dfcaae560def ] Request (ServersTestMultiNic:test_verify_duplicate_network_nics): 200 GET http://10.180.1.21/compute/v2.1/servers/1c4eb398-c4e9-4588-ba48-2805e3fee750 0.917s
2024-09-10 08:54:42.270 62267 INFO tempest.lib.common.rest_client [req-9cac7e2f-0ad3-40cc-abca-e0468f527f43 req-9cac7e2f-0ad3-40cc-abca-e0468f527f43 ] Request (KeyPairsNegativeTestJSON:setUpClass): 201 POST http://10.180.1.21/identity/v3/auth/tokens 0.111s
2024-09-10 08:54:42.276 62289 INFO tempest.lib.common.rest_client [req-1c78d2d5-2353-40ca-9c03-d1e5fa1588da req-1c78d2d5-2353-40ca-9c03-d1e5fa1588da ] Request (KeyPairsV2TestJSON:tearDownClass): 201 POST http://10.180.1.21/identity/v3/auth/tokens 0.066s
2024-09-10 08:54:42.320 62233 INFO tempest.lib.common.rest_client [req-e8a551d8-b1a0-4e7e-8ba3-a87977343476 req-e8a551d8-b1a0-4e7e-8ba3-a87977343476 ] Request (ServerDiskConfigTestJSON:test_rebuild_server_with_auto_disk_config): 200 GET http://10.180.1.21/compute/v2.1/servers/45fdae21-bec2-438a-8f2a-c23b0e428057 0.909s
2024-09-10 08:54:42.392 62251 INFO tempest.lib.common.rest_client [req-27fbd16d-89d8-4940-b28e-16e3afb7f5e3 req-27fbd16d-89d8-4940-b28e-16e3afb7f5e3 ] Request (ServersNegativeTestMultiTenantJSON:setUpClass): 200 PUT http://10.180.1.21:9696/networking/v2.0/routers/fab7e8a6-81db-4cbc-955a-1a541909bec1/add_router_interface 2.461s
