2024-09-10 08:55:56.382 62279 INFO tempest.lib.common.rest_client [req-46d7ed6b-2cd5-439a-b817-dde8baa058cc req-46d7ed6b-2cd5-439a-b817-dde8baa058cc ] Request (ServersTestMultiNic:test_verify_duplicate_network_nics): 200 GET http://10.180.1.21/compute/v2.1/servers/1c4eb398-c4e9-4588-ba48-2805e3fee750 0.130s
2024-09-10 08:55:56.398 62253 INFO tempest.lib.common.rest_client [req-94a07f84-5374-4a60-9fd1-8655a9991f0e req-94a07f84-5374-4a60-9fd1-8655a9991f0e ] Request (VolumesAdminNegativeTest:test_update_attached_volume_with_nonexistent_volume_in_uri): 200 GET http://10.180.1.21/compute/v2.1/servers/a04fbe7e-e53e-43ef-9a6f-ba3895ce7597 0.092s
2024-09-10 08:55:56.426 62249 INFO tempest.lib.common.rest_client [req-8c4a28bc-dafa-4898-8e1a-bfdd75b01c33 req-8c4a28bc-dafa-4898-8e1a-bfdd75b01c33 ] Request (MigrationsAdminTest:test_list_migrations_in_flavor_resize_situation): 200 GET http://10.180.1.21/compute/v2.1/servers/4edbf65d-eaca-47e1-b6bf-03ccb908b52e 0.080s
2024-09-10 08:55:56.456 62275 INFO tempest.lib.common.rest_client [req-118fcf23-c074-44ba-a427-9795e507912a req-118fcf23-c074-44ba-a427-9795e507912a ] Request (ServerPasswordTestJSON:setUpClass): 200 GET http://10.180.1.21/compute/v2.1/servers/2da17a43-2260-4a82-9ed3-eafd25bb9a6a 0.070s
2024-09-10 08:55:56.630 62245 INFO tempest.lib.common.rest_client [req-a061e09c-873a-4a66-885a-acbc4ef891f7 req-a061e09c-873a-4a66-885a-acbc4ef891f7 ] Request (ImagesOneServerTestJSON:setUpClass): 200 GET http://10.180.1.21/compute/v2.1/servers/4da426a1-7af9-4e4e-82ed-c45687a19b86 0.057s
2024-09-10 08:55:56.630 62243 INFO tempest.lib.common.rest_client [req-71ff0476-3293-4e1b-80b0-7cd5b110117f req-71ff0476-3293-4e1b-80b0-7cd5b110117f ] Request (FloatingIPsAssociationTestJSON:setUpClass): 200 GET http://10.180.1.21/compute/v2.1/servers/e53d10a3-1d16-498d-b4d8-abe7205410ec 0.103s
2024-09-10 08:55:56.820 62269 INFO tempest.lib.common.rest_client [req-7fe4d9b0-7f37-49c4-aae1-119c14d5f303 req-7fe4d9b0-7f37-49c4-aae1-119c14d5f303 ] Request (AttachInterfacesTestJSON:test_create_list_show_delete_interfaces_by_fixed_ip): 200 GET http://10.180.1.21/compute/v2.1/servers/b1bd98d9-bd0f-4abd-a188-e5267ada4852 0.069s
2024-09-10 08:55:56.856 62255 INFO tempest.lib.common.rest_client [req-30f1fe96-f9d2-42ac-b909-1948337f0b39 req-30f1fe96-f9d2-42ac-b909-1948337f0b39 ] Request (FloatingIPsTestJSON:tearDownClass): 200 PUT http://10.180.1.21:9696/networking/v2.0/routers/1de10b31-d1c4-4951-aca1-cb7867fad2f0/remove_router_interface 0.899s
2024-09-10 08:55:56.889 62273 INFO tempest.lib.common.rest_client [req-4c3083b0-2065-408e-9448-1a56126c66f1 req-4c3083b0-2065-408e-9448-1a56126c66f1 ] Request (MultipleCreateTestJSON:test_multiple_create_with_reservation_return): 200 GET http://10.180.1.21/compute/v2.1/servers/08489e01-2ce3-45a1-8f87-2a4c89230aa2 0.198s
2024-09-10 08:55:56.932 62237 INFO tempest.lib.common.rest_client [req-38d0ac55-7ed9-4b95-81f7-db44d841c735 req-38d0ac55-7ed9-4b95-81f7-db44d841c735 ] Request (ListImageFiltersTestJSON:tearDownClass): 200 GET http://10.180.1.21/compute/v2.1/servers/d5a54c46-1a45-4bd5-8694-0defc757c455 0.112s
2024-09-10 08:55:56.948 62263 INFO tempest.lib.common.rest_client [req-96a3c1ca-17f9-47d9-99a8-9c3e1042006b req-96a3c1ca-17f9-47d9-99a8-9c3e1042006b ] Request (ServersTestManualDisk:setUpClass): 200 GET http://10.180.1.21/compute/v2.1/servers/eef1cf32-e71e-4696-8170-1023e3a5518d 0.127s
2024-09-10 08:55:57.013 62233 INFO tempest.lib.common.rest_client [req-85b80a75-cc86-444e-b624-d35b2e5e336c req-85b80a75-cc86-444e-b624-d35b2e5e336c ] Request (ServerDiskConfigTestJSON:test_rebuild_server_with_auto_disk_config): 200 GET http://10.180.1.21/compute/v2.1/servers/45fdae21-bec2-438a-8f2a-c23b0e428057 0.089s
2024-09-10 08:55:57.065 62287 INFO tempest.lib.common.rest_client [req-c8f923df-28fa-4c34-bb40-00b5ba3c3582 req-c8f923df-28fa-4c34-bb40-00b5ba3c3582 ] Request (SecurityGroupsTestJSON:test_server_security_groups): 200 GET http://10.180.1.21/compute/v2.1/servers/c51184b6-d2c7-49ff-b061-ab0f9a69cdbf 0.111s
2024-09-10 08:55:57.136 62235 INFO tempest.lib.common.rest_client [req-ff51d31b-7419-4940-8888-69cbd051ae58 req-ff51d31b-7419-4940-8888-69cbd051ae58 ] Request (DeleteServersAdminTestJSON:test_delete_server_while_in_error_state): 200 GET http://10.180.1.21/compute/v2.1/servers/06496d6a-324d-41d4-b3e5-52e3d93636bb 0.107s
2024-09-10 08:55:57.167 62295 INFO tempest.lib.common.rest_client [req-91fd38bd-f4ae-460f-846f-ea2e71f25067 req-91fd38bd-f4ae-460f-846f-ea2e71f25067 ] Request (ServerShowV247Test:test_update_rebuild_list_server): 200 GET http://10.180.1.21/compute/v2.1/servers/ecb72668-caa4-4117-9f8d-e0c6e4831f3d 0.272s
2024-09-10 08:55:57.198 62282 INFO tempest.lib.common.rest_client [req-00cb79b3-32e2-4ab9-809c-d827fb55a325 req-00cb79b3-32e2-4ab9-809c-d827fb55a325 ] Request (ServersAdminTestJSON:setUpClass): 200 GET http://10.180.1.21/compute/v2.1/servers/fcdc7c33-8c46-4f4d-bb39-e6f943256cb0 0.170s
2024-09-10 08:55:57.239 62257 INFO tempest.lib.common.rest_client [req-83bd7516-bf69-4dee-bad0-a6f494119535 req-83bd7516-bf69-4dee-bad0-a6f494119535 ] Request (AttachInterfacesV270Test:test_create_get_list_interfaces): 200 GET http://10.180.1.21/compute/v2.1/servers/19fd0358-32e4-434f-b0b3-c8cc6c07ba51 0.156s
2024-09-10 08:55:57.302 62261 INFO tempest.lib.common.rest_client [req-31f2d027-141f-44ff-bd5f-6cf1999b207f req-31f2d027-141f-44ff-bd5f-6cf1999b207f ] Request (ServerAddressesTestJSON:setUpClass): 200 GET http://10.180.1.21/compute/v2.1/servers/0d7238b3-d7a3-4a35-ba33-bf2e7e7a9afa 0.131s
2024-09-10 08:55:57.369 62291 INFO tempest.lib.common.rest_client [req-f0aa118f-492c-4804-8be6-afa5088eab6d req-f0aa118f-492c-4804-8be6-afa5088eab6d ] Request (ServerAddressesNegativeTestJSON:setUpClass): 200 GET http://10.180.1.21/compute/v2.1/servers/24db5fad-52fd-4689-a8aa-2ae4b0a06710 0.143s
2024-09-10 08:55:57.441 62247 INFO tempest.lib.common.rest_client [req-b6bf2ff3-4351-4e2d-921e-71398ee8ed0d req-b6bf2ff3-4351-4e2d-921e-71398ee8ed0d ] Request (AttachInterfacesUnderV243Test:test_add_remove_fixed_ip): 200 GET http://10.180.1.21/compute/v2.1/servers/f9c1424f-6096-481c-aa91-acc25bfd8f6e 0.182s
2024-09-10 08:55:57.498 62251 INFO tempest.lib.common.rest_client [req-2d1e8e05-5e29-43c3-8624-7e60228716fd req-2d1e8e05-5e29-43c3-8624-7e60228716fd ] Request (ServersNegativeTestMultiTenantJSON:setUpClass): 200 GET http://10.180.1.21/compute/v2.1/servers/c350194c-ed3e-4996-871a-70b4cb99c7db 0.192s
2024-09-10 08:55:57.682 62277 INFO tempest.lib.common.rest_client [req-0f816429-2005-4296-b28a-fc8647e571b9 req-0f816429-2005-4296-b28a-fc8647e571b9 ] Request (ServerActionsTestJSON:setUpClass): 200 GET http://10.180.1.21/compute/v2.1/servers/d9c53806-68c0-4872-a262-36bc05573674 0.337s
2024-09-10 08:55:57.727 62241 INFO tempest.lib.common.rest_client [req-f4ea2ddd-c469-46d5-8d1d-febe8af1ff7e req-f4ea2ddd-c469-46d5-8d1d-febe8af1ff7e ] Request (ServerDiagnosticsV248Test:test_get_server_diagnostics): 200 GET http://10.180.1.21/compute/v2.1/servers/e78f8718-e0be-4b2a-ab70-9565ce01ab9d/diagnostics 0.559s
2024-09-10 08:55:57.771 62239 INFO tempest.lib.common.rest_client [req-d2f50af2-e2c4-4120-abb7-e86990b8c5b4 req-d2f50af2-e2c4-4120-abb7-e86990b8c5b4 ] Request (InstanceActionsV221TestJSON:test_get_list_deleted_instance_actions): 200 GET http://10.180.1.21/compute/v2.1/servers/f6db353f-f7b5-4ba4-8f70-f3b65281da93 0.415s
2024-09-10 08:55:57.786 62279 INFO tempest.lib.common.rest_client [req-7a963b10-f160-446e-aa2f-25cf2a75dd95 req-7a963b10-f160-446e-aa2f-25cf2a75dd95 ] Request (ServersTestMultiNic:test_verify_duplicate_network_nics): 200 GET http://10.180.1.21/compute/v2.1/servers/1c4eb398-c4e9-4588-ba48-2805e3fee750 0.397s
2024-09-10 08:55:57.792 62279 INFO tempest.common.waiters [-] State transition "BUILD/None" ==> "BUILD/networking" after 82 second wait
2024-09-10 08:55:57.837 62255 INFO tempest.lib.common.rest_client [req-0824d032-c8fd-43f4-b841-6115ded0d485 req-0824d032-c8fd-43f4-b841-6115ded0d485 ] Request (FloatingIPsTestJSON:tearDownClass): 204 DELETE http://10.180.1.21:9696/networking/v2.0/routers/1de10b31-d1c4-4951-aca1-cb7867fad2f0 0.981s
2024-09-10 08:55:57.837 62253 INFO tempest.lib.common.rest_client [req-f908ebae-ce4d-4735-acaf-a3bad6fe8df6 req-f908ebae-ce4d-4735-acaf-a3bad6fe8df6 ] Request (VolumesAdminNegativeTest:test_update_attached_volume_with_nonexistent_volume_in_uri): 200 GET http://10.180.1.21/compute/v2.1/servers/a04fbe7e-e53e-43ef-9a6f-ba3895ce7597 0.424s
2024-09-10 08:55:57.847 62253 INFO tempest.common.waiters [-] State transition "BUILD/scheduling" ==> "BUILD/None" after 68 second wait
2024-09-10 08:55:57.850 62249 INFO tempest.lib.common.rest_client [req-e05c2f53-d7b7-4277-991e-5342b18bc7c3 req-e05c2f53-d7b7-4277-991e-5342b18bc7c3 ] Request (MigrationsAdminTest:test_list_migrations_in_flavor_resize_situation): 200 GET http://10.180.1.21/compute/v2.1/servers/4edbf65d-eaca-47e1-b6bf-03ccb908b52e 0.414s
2024-09-10 08:55:57.921 62275 INFO tempest.lib.common.rest_client [req-ac9cd60d-dddf-4ecc-991e-c423f410caf2 req-ac9cd60d-dddf-4ecc-991e-c423f410caf2 ] Request (ServerPasswordTestJSON:setUpClass): 200 GET http://10.180.1.21/compute/v2.1/servers/2da17a43-2260-4a82-9ed3-eafd25bb9a6a 0.455s
2024-09-10 08:55:57.986 62245 INFO tempest.lib.common.rest_client [req-dfa1d1a3-3bce-462c-a979-e6f0b161bbc9 req-dfa1d1a3-3bce-462c-a979-e6f0b161bbc9 ] Request (ImagesOneServerTestJSON:setUpClass): 200 GET http://10.180.1.21/compute/v2.1/servers/4da426a1-7af9-4e4e-82ed-c45687a19b86 0.348s
2024-09-10 08:55:58.020 62243 INFO tempest.lib.common.rest_client [req-b4e50f1d-3428-45b9-a44c-364d2b37d939 req-b4e50f1d-3428-45b9-a44c-364d2b37d939 ] Request (FloatingIPsAssociationTestJSON:setUpClass): 200 GET http://10.180.1.21/compute/v2.1/servers/e53d10a3-1d16-498d-b4d8-abe7205410ec 0.382s
2024-09-10 08:55:58.071 62269 INFO tempest.lib.common.rest_client [req-66aa9992-2f42-4309-9637-ef7132b002e1 req-66aa9992-2f42-4309-9637-ef7132b002e1 ] Request (AttachInterfacesTestJSON:test_create_list_show_delete_interfaces_by_fixed_ip): 200 GET http://10.180.1.21/compute/v2.1/servers/b1bd98d9-bd0f-4abd-a188-e5267ada4852 0.241s
2024-09-10 08:55:58.082 62241 INFO tempest.lib.common.rest_client [req-3cf30c4d-c9ee-4a92-af65-16f0cebc7184 req-3cf30c4d-c9ee-4a92-af65-16f0cebc7184 ] Request (ServerDiagnosticsV248Test:tearDownClass): 204 DELETE http://10.180.1.21/compute/v2.1/servers/e78f8718-e0be-4b2a-ab70-9565ce01ab9d 0.347s
2024-09-10 08:55:58.090 62255 INFO tempest.lib.common.rest_client [req-4940dff9-de0b-4b71-becc-d98fc141cf53 req-4940dff9-de0b-4b71-becc-d98fc141cf53 ] Request (FloatingIPsTestJSON:tearDownClass): 204 DELETE http://10.180.1.21:9696/networking/v2.0/subnets/ec9cdd69-d8d0-4f23-a77d-c2ce3e796474 0.252s
2024-09-10 08:55:58.136 62237 INFO tempest.lib.common.rest_client [req-4c1689f6-141f-45cf-8d2e-38993d133d06 req-4c1689f6-141f-45cf-8d2e-38993d133d06 ] Request (ListImageFiltersTestJSON:tearDownClass): 200 GET http://10.180.1.21/compute/v2.1/servers/d5a54c46-1a45-4bd5-8694-0defc757c455 0.195s
2024-09-10 08:55:58.188 62263 INFO tempest.lib.common.rest_client [req-205d4796-4471-4365-a6d1-a2191d71ed29 req-205d4796-4471-4365-a6d1-a2191d71ed29 ] Request (ServersTestManualDisk:setUpClass): 200 GET http://10.180.1.21/compute/v2.1/servers/eef1cf32-e71e-4696-8170-1023e3a5518d 0.230s
2024-09-10 08:55:58.209 62273 INFO tempest.lib.common.rest_client [req-55859b70-eea7-4984-bf76-7496fd8410cd req-55859b70-eea7-4984-bf76-7496fd8410cd ] Request (MultipleCreateTestJSON:test_multiple_create_with_reservation_return): 200 GET http://10.180.1.21/compute/v2.1/servers/08489e01-2ce3-45a1-8f87-2a4c89230aa2 0.312s
2024-09-10 08:55:58.238 62233 INFO tempest.lib.common.rest_client [req-c533d59d-fdfe-4f5d-92d9-c1d99d18ffdb req-c533d59d-fdfe-4f5d-92d9-c1d99d18ffdb ] Request (ServerDiskConfigTestJSON:test_rebuild_server_with_auto_disk_config): 200 GET http://10.180.1.21/compute/v2.1/servers/45fdae21-bec2-438a-8f2a-c23b0e428057 0.218s
2024-09-10 08:55:58.258 62287 INFO tempest.lib.common.rest_client [req-0267c216-83d6-491e-a193-e78172c16eb2 req-0267c216-83d6-491e-a193-e78172c16eb2 ] Request (SecurityGroupsTestJSON:test_server_security_groups): 200 GET http://10.180.1.21/compute/v2.1/servers/c51184b6-d2c7-49ff-b061-ab0f9a69cdbf 0.183s
2024-09-10 08:55:58.292 62241 INFO tempest.lib.common.rest_client [req-2be5e6a5-ac1e-40b5-8f49-ce13de6a630c req-2be5e6a5-ac1e-40b5-8f49-ce13de6a630c ] Request (ServerDiagnosticsV248Test:tearDownClass): 200 GET http://10.180.1.21/compute/v2.1/servers/e78f8718-e0be-4b2a-ab70-9565ce01ab9d 0.210s
2024-09-10 08:55:58.318 62235 INFO tempest.lib.common.rest_client [req-b3528446-ec59-4288-ac6a-8c21f37be54d req-b3528446-ec59-4288-ac6a-8c21f37be54d ] Request (DeleteServersAdminTestJSON:test_delete_server_while_in_error_state): 200 GET http://10.180.1.21/compute/v2.1/servers/06496d6a-324d-41d4-b3e5-52e3d93636bb 0.165s
2024-09-10 08:55:58.357 62295 INFO tempest.lib.common.rest_client [req-9dbb8f8d-5d9f-426d-bd02-6065558ab892 req-9dbb8f8d-5d9f-426d-bd02-6065558ab892 ] Request (ServerShowV247Test:test_update_rebuild_list_server): 200 GET http://10.180.1.21/compute/v2.1/servers/ecb72668-caa4-4117-9f8d-e0c6e4831f3d 0.178s
2024-09-10 08:55:58.374 62282 INFO tempest.lib.common.rest_client [req-6b6277ac-8e9b-4547-b2e9-4479c2ea2e1c req-6b6277ac-8e9b-4547-b2e9-4479c2ea2e1c ] Request (ServersAdminTestJSON:setUpClass): 200 GET http://10.180.1.21/compute/v2.1/servers/fcdc7c33-8c46-4f4d-bb39-e6f943256cb0 0.168s
2024-09-10 08:55:58.413 62257 INFO tempest.lib.common.rest_client [req-d25c26b6-7bcb-48cf-9fdc-88f2c3ff2a91 req-d25c26b6-7bcb-48cf-9fdc-88f2c3ff2a91 ] Request (AttachInterfacesV270Test:test_create_get_list_interfaces): 200 GET http://10.180.1.21/compute/v2.1/servers/19fd0358-32e4-434f-b0b3-c8cc6c07ba51 0.164s
2024-09-10 08:55:58.434 62255 INFO tempest.lib.common.rest_client [req-028e8537-342a-43ad-96ec-46d0048787f8 req-028e8537-342a-43ad-96ec-46d0048787f8 ] Request (FloatingIPsTestJSON:tearDownClass): 204 DELETE http://10.180.1.21:9696/networking/v2.0/networks/8c390484-61ea-418b-ab12-ec10f2472ddf 0.344s
2024-09-10 08:55:58.435 62261 INFO tempest.lib.common.rest_client [req-406b6b33-b241-4b47-8f0e-c5949e245780 req-406b6b33-b241-4b47-8f0e-c5949e245780 ] Request (ServerAddressesTestJSON:setUpClass): 200 GET http://10.180.1.21/compute/v2.1/servers/0d7238b3-d7a3-4a35-ba33-bf2e7e7a9afa 0.124s
2024-09-10 08:55:58.469 62291 INFO tempest.lib.common.rest_client [req-4b35b953-f77f-485e-bf06-b2b861f6b3de req-4b35b953-f77f-485e-bf06-b2b861f6b3de ] Request (ServerAddressesNegativeTestJSON:setUpClass): 200 GET http://10.180.1.21/compute/v2.1/servers/24db5fad-52fd-4689-a8aa-2ae4b0a06710 0.093s
2024-09-10 08:55:58.519 62247 INFO tempest.lib.common.rest_client [req-ed9f8967-3681-46ed-8fbe-438f11016c94 req-ed9f8967-3681-46ed-8fbe-438f11016c94 ] Request (AttachInterfacesUnderV243Test:test_add_remove_fixed_ip): 200 GET http://10.180.1.21/compute/v2.1/servers/f9c1424f-6096-481c-aa91-acc25bfd8f6e 0.071s
2024-09-10 08:55:58.525 62255 INFO tempest.lib.common.rest_client [req-d870920e-f93a-4372-9bb6-424d00c378d0 req-d870920e-f93a-4372-9bb6-424d00c378d0 ] Request (FloatingIPsTestJSON:tearDownClass): 204 DELETE http://10.180.1.21/identity/v3/users/f31b5a7443e74baa9cf7697233b5e80b 0.090s
2024-09-10 08:55:58.526 62255 INFO tempest.lib.common.dynamic_creds [-] Deleting project and security group for project: 1711894cac564d0380c9ce987d7d0333
2024-09-10 08:55:58.569 62255 INFO tempest.lib.common.rest_client [req-ff44457c-d36f-4374-918b-17a2608a37c7 req-ff44457c-d36f-4374-918b-17a2608a37c7 ] Request (FloatingIPsTestJSON:tearDownClass): 200 GET http://10.180.1.21:9696/networking/v2.0/security-groups?tenant_id=1711894cac564d0380c9ce987d7d0333&name=default 0.043s
2024-09-10 08:55:58.570 62251 INFO tempest.lib.common.rest_client [req-975f7b5b-222c-4ce8-ae80-1ab99adef22d req-975f7b5b-222c-4ce8-ae80-1ab99adef22d ] Request (ServersNegativeTestMultiTenantJSON:setUpClass): 200 GET http://10.180.1.21/compute/v2.1/servers/c350194c-ed3e-4996-871a-70b4cb99c7db 0.064s
2024-09-10 08:55:58.684 62255 INFO tempest.lib.common.rest_client [req-3291e683-171f-4e8b-a6f4-fcfb17c127e2 req-3291e683-171f-4e8b-a6f4-fcfb17c127e2 ] Request (FloatingIPsTestJSON:tearDownClass): 204 DELETE http://10.180.1.21:9696/networking/v2.0/security-groups/3734b027-aec6-411b-a895-ee5e61ac6250 0.113s
2024-09-10 08:55:58.769 62255 INFO tempest.lib.common.rest_client [req-e8e7f984-7449-44b1-861a-be3644e4d729 req-e8e7f984-7449-44b1-861a-be3644e4d729 ] Request (FloatingIPsTestJSON:tearDownClass): 204 DELETE http://10.180.1.21/identity/v3/projects/1711894cac564d0380c9ce987d7d0333 0.085s
2024-09-10 08:55:58.836 62277 INFO tempest.lib.common.rest_client [req-584b9a4c-556c-40bc-ba0a-e49d183bc778 req-584b9a4c-556c-40bc-ba0a-e49d183bc778 ] Request (ServerActionsTestJSON:setUpClass): 200 GET http://10.180.1.21/compute/v2.1/servers/d9c53806-68c0-4872-a262-36bc05573674 0.146s
2024-09-10 08:55:58.837 62255 INFO tempest.lib.common.rest_client [req-fb5b15c5-c992-40a2-a041-344c25672430 req-fb5b15c5-c992-40a2-a041-344c25672430 ] Request (InstanceActionsNegativeTestJSON:setUpClass): 201 POST http://10.180.1.21/identity/v3/auth/tokens 0.066s
2024-09-10 08:55:58.847 62239 INFO tempest.lib.common.rest_client [req-fa467404-4795-40a0-b3f2-521ea434edd5 req-fa467404-4795-40a0-b3f2-521ea434edd5 ] Request (InstanceActionsV221TestJSON:test_get_list_deleted_instance_actions): 200 GET http://10.180.1.21/compute/v2.1/servers/f6db353f-f7b5-4ba4-8f70-f3b65281da93 0.065s
2024-09-10 08:55:58.879 62255 INFO tempest.lib.common.rest_client [req-eae94756-43ed-4938-aac0-540331b588d2 req-eae94756-43ed-4938-aac0-540331b588d2 ] Request (InstanceActionsNegativeTestJSON:setUpClass): 201 POST http://10.180.1.21/identity/v3/auth/tokens 0.039s
2024-09-10 08:55:58.904 62253 INFO tempest.lib.common.rest_client [req-39ebb0bc-549c-4235-bb4c-6904c1f37c16 req-39ebb0bc-549c-4235-bb4c-6904c1f37c16 ] Request (VolumesAdminNegativeTest:test_update_attached_volume_with_nonexistent_volume_in_uri): 200 GET http://10.180.1.21/compute/v2.1/servers/a04fbe7e-e53e-43ef-9a6f-ba3895ce7597 0.056s
2024-09-10 08:55:58.918 62255 INFO tempest.lib.common.rest_client [req-3cbbcebb-9103-4cfb-88cf-91a04007bfb9 req-3cbbcebb-9103-4cfb-88cf-91a04007bfb9 ] Request (InstanceActionsNegativeTestJSON:setUpClass): 200 GET http://10.180.1.21/identity/v3/domains?name=Default 0.039s
2024-09-10 08:55:58.951 62255 INFO tempest.lib.common.rest_client [req-0adfab10-facd-4131-a544-508b3dc6e782 req-0adfab10-facd-4131-a544-508b3dc6e782 ] Request (InstanceActionsNegativeTestJSON:setUpClass): 201 POST http://10.180.1.21/identity/v3/projects 0.033s
2024-09-10 08:55:58.958 62249 INFO tempest.lib.common.rest_client [req-397f9353-c7ce-4baf-8fcb-ad71342cecc6 req-397f9353-c7ce-4baf-8fcb-ad71342cecc6 ] Request (MigrationsAdminTest:test_list_migrations_in_flavor_resize_situation): 200 GET http://10.180.1.21/compute/v2.1/servers/4edbf65d-eaca-47e1-b6bf-03ccb908b52e 0.095s
2024-09-10 08:55:59.022 62275 INFO tempest.lib.common.rest_client [req-1c51103c-78f6-4907-9ef8-22bf84645627 req-1c51103c-78f6-4907-9ef8-22bf84645627 ] Request (ServerPasswordTestJSON:setUpClass): 200 GET http://10.180.1.21/compute/v2.1/servers/2da17a43-2260-4a82-9ed3-eafd25bb9a6a 0.093s
2024-09-10 08:55:59.028 62255 INFO tempest.lib.common.rest_client [req-bb59ae20-045a-468f-8293-95ef828f583d req-bb59ae20-045a-468f-8293-95ef828f583d ] Request (InstanceActionsNegativeTestJSON:setUpClass): 201 POST http://10.180.1.21/identity/v3/users 0.076s
2024-09-10 08:55:59.048 62255 INFO tempest.lib.common.rest_client [req-b91618e1-92c8-458f-ab94-7e0e775139b9 req-b91618e1-92c8-458f-ab94-7e0e775139b9 ] Request (InstanceActionsNegativeTestJSON:setUpClass): 200 GET http://10.180.1.21/identity/v3/roles 0.019s
2024-09-10 08:55:59.064 62279 INFO tempest.lib.common.rest_client [req-ed95ac55-dbff-45a4-ac34-9041d7ee4b9f req-ed95ac55-dbff-45a4-ac34-9041d7ee4b9f ] Request (ServersTestMultiNic:test_verify_duplicate_network_nics): 200 GET http://10.180.1.21/compute/v2.1/servers/1c4eb398-c4e9-4588-ba48-2805e3fee750 0.270s
2024-09-10 08:55:59.072 62279 INFO tempest.common.waiters [-] State transition "BUILD/networking" ==> "BUILD/spawning" after 84 second wait
2024-09-10 08:55:59.079 62255 INFO tempest.lib.common.rest_client [req-e375762c-2dbf-4d58-9845-d8551af92dec req-e375762c-2dbf-4d58-9845-d8551af92dec ] Request (InstanceActionsNegativeTestJSON:setUpClass): 204 PUT http://10.180.1.21/identity/v3/projects/dd4b615cdd3044a18c62dde884955839/users/03c34fda698048d4ac4040bfa553606d/roles/f7cbbbffe02f4f0e8389aa5e04509b91 0.030s
2024-09-10 08:55:59.079 62255 INFO tempest.lib.common.dynamic_creds [-] Dynamic test user 03c34fda698048d4ac4040bfa553606d is created with scope project and roles: ['member']
2024-09-10 08:55:59.079 62255 INFO tempest.lib.common.dynamic_creds [-] Acquired dynamic creds: credentials: Credentials: {'domain_id': 'default', 'domain_name': 'Default', 'username': 'tempest-InstanceActionsNegativeTestJSON-1175069309-project-member', 'project_domain_id': 'default', 'project_domain_name': 'Default', 'project_id': 'dd4b615cdd3044a18c62dde884955839', 'project_name': 'tempest-InstanceActionsNegativeTestJSON-1175069309', 'tenant_id': 'dd4b615cdd3044a18c62dde884955839', 'tenant_name': 'tempest-InstanceActionsNegativeTestJSON-1175069309', 'user_domain_id': 'default', 'user_domain_name': 'Default', 'user_id': '03c34fda698048d4ac4040bfa553606d', 'system': None}, Network: None, Subnet: None, Router: None
2024-09-10 08:55:59.082 62245 INFO tempest.lib.common.rest_client [req-f587075d-e257-429a-9904-136edbfe221d req-f587075d-e257-429a-9904-136edbfe221d ] Request (ImagesOneServerTestJSON:setUpClass): 200 GET http://10.180.1.21/compute/v2.1/servers/4da426a1-7af9-4e4e-82ed-c45687a19b86 0.085s
2024-09-10 08:55:59.138 62255 INFO tempest.lib.common.rest_client [req-069ed84b-bf64-4e01-9b99-f1a8b8f77aed req-069ed84b-bf64-4e01-9b99-f1a8b8f77aed ] Request (InstanceActionsNegativeTestJSON:setUpClass): 201 POST http://10.180.1.21/identity/v3/auth/tokens 0.058s
2024-09-10 08:55:59.159 62269 INFO tempest.lib.common.rest_client [req-852b7fcb-2ccb-4ec0-a1d2-ece631e9e0af req-852b7fcb-2ccb-4ec0-a1d2-ece631e9e0af ] Request (AttachInterfacesTestJSON:test_create_list_show_delete_interfaces_by_fixed_ip): 200 GET http://10.180.1.21/compute/v2.1/servers/b1bd98d9-bd0f-4abd-a188-e5267ada4852 0.078s
2024-09-10 08:55:59.194 62243 INFO tempest.lib.common.rest_client [req-57397df2-f6c3-4d79-8ead-b2b77f82dd21 req-57397df2-f6c3-4d79-8ead-b2b77f82dd21 ] Request (FloatingIPsAssociationTestJSON:setUpClass): 200 GET http://10.180.1.21/compute/v2.1/servers/e53d10a3-1d16-498d-b4d8-abe7205410ec 0.164s
2024-09-10 08:55:59.241 62237 INFO tempest.lib.common.rest_client [req-f9c8ddb8-4720-4e1e-8246-ae44a179f6ad req-f9c8ddb8-4720-4e1e-8246-ae44a179f6ad ] Request (ListImageFiltersTestJSON:tearDownClass): 200 GET http://10.180.1.21/compute/v2.1/servers/d5a54c46-1a45-4bd5-8694-0defc757c455 0.098s
2024-09-10 08:55:59.265 62263 INFO tempest.lib.common.rest_client [req-9f8e1f33-404c-48bd-886e-9f060b6c7e18 req-9f8e1f33-404c-48bd-886e-9f060b6c7e18 ] Request (ServersTestManualDisk:setUpClass): 200 GET http://10.180.1.21/compute/v2.1/servers/eef1cf32-e71e-4696-8170-1023e3a5518d 0.070s
2024-09-10 08:55:59.328 62233 INFO tempest.lib.common.rest_client [req-bb72463d-55fe-46fe-b268-f1bff886be7f req-bb72463d-55fe-46fe-b268-f1bff886be7f ] Request (ServerDiskConfigTestJSON:test_rebuild_server_with_auto_disk_config): 200 GET http://10.180.1.21/compute/v2.1/servers/45fdae21-bec2-438a-8f2a-c23b0e428057 0.078s
2024-09-10 08:55:59.398 62287 INFO tempest.lib.common.rest_client [req-79ef90dd-c053-41f8-be4b-8c957fbe64ae req-79ef90dd-c053-41f8-be4b-8c957fbe64ae ] Request (SecurityGroupsTestJSON:test_server_security_groups): 200 GET http://10.180.1.21/compute/v2.1/servers/c51184b6-d2c7-49ff-b061-ab0f9a69cdbf 0.132s
2024-09-10 08:55:59.457 62241 INFO tempest.lib.common.rest_client [req-a2d6fa8f-c53f-47b7-8b0b-653d3c3b5874 req-a2d6fa8f-c53f-47b7-8b0b-653d3c3b5874 ] Request (ServerDiagnosticsV248Test:tearDownClass): 200 GET http://10.180.1.21/compute/v2.1/servers/e78f8718-e0be-4b2a-ab70-9565ce01ab9d 0.149s
2024-09-10 08:55:59.519 62235 INFO tempest.lib.common.rest_client [req-eb46f72b-630f-413a-bafd-309eb0f768f9 req-eb46f72b-630f-413a-bafd-309eb0f768f9 ] Request (DeleteServersAdminTestJSON:test_delete_server_while_in_error_state): 200 GET http://10.180.1.21/compute/v2.1/servers/06496d6a-324d-41d4-b3e5-52e3d93636bb 0.186s
2024-09-10 08:55:59.582 62295 INFO tempest.lib.common.rest_client [req-4764c0b7-a403-48c7-beb5-9238d3873981 req-4764c0b7-a403-48c7-beb5-9238d3873981 ] Request (ServerShowV247Test:test_update_rebuild_list_server): 200 GET http://10.180.1.21/compute/v2.1/servers/ecb72668-caa4-4117-9f8d-e0c6e4831f3d 0.213s
2024-09-10 08:55:59.623 62273 INFO tempest.lib.common.rest_client [req-26db1673-8f06-4f85-a4a1-0aad80e821ae req-26db1673-8f06-4f85-a4a1-0aad80e821ae ] Request (MultipleCreateTestJSON:test_multiple_create_with_reservation_return): 200 GET http://10.180.1.21/compute/v2.1/servers/08489e01-2ce3-45a1-8f87-2a4c89230aa2 0.402s
2024-09-10 08:55:59.626 62282 INFO tempest.lib.common.rest_client [req-bd7c3ddb-6a13-4988-8be9-07c701916e4d req-bd7c3ddb-6a13-4988-8be9-07c701916e4d ] Request (ServersAdminTestJSON:setUpClass): 200 GET http://10.180.1.21/compute/v2.1/servers/fcdc7c33-8c46-4f4d-bb39-e6f943256cb0 0.243s
2024-09-10 08:55:59.684 62261 INFO tempest.lib.common.rest_client [req-43eeadb5-33da-4f94-9ba6-bc27b6130469 req-43eeadb5-33da-4f94-9ba6-bc27b6130469 ] Request (ServerAddressesTestJSON:setUpClass): 200 GET http://10.180.1.21/compute/v2.1/servers/0d7238b3-d7a3-4a35-ba33-bf2e7e7a9afa 0.241s
2024-09-10 08:55:59.694 62257 INFO tempest.lib.common.rest_client [req-64ef02d1-a8a7-43ff-b02f-0cd6c36495d7 req-64ef02d1-a8a7-43ff-b02f-0cd6c36495d7 ] Request (AttachInterfacesV270Test:test_create_get_list_interfaces): 200 GET http://10.180.1.21/compute/v2.1/servers/19fd0358-32e4-434f-b0b3-c8cc6c07ba51 0.265s
2024-09-10 08:55:59.711 62255 INFO tempest.lib.common.rest_client [req-c1efbbdc-7bea-49c8-adfd-6c9fa70dcdc1 req-c1efbbdc-7bea-49c8-adfd-6c9fa70dcdc1 ] Request (InstanceActionsNegativeTestJSON:setUpClass): 201 POST http://10.180.1.21:9696/networking/v2.0/networks 0.573s
2024-09-10 08:55:59.737 62247 INFO tempest.lib.common.rest_client [req-7bfabc39-cdaf-4052-a60c-72d769ff88ea req-7bfabc39-cdaf-4052-a60c-72d769ff88ea ] Request (AttachInterfacesUnderV243Test:test_add_remove_fixed_ip): 200 GET http://10.180.1.21/compute/v2.1/servers/f9c1424f-6096-481c-aa91-acc25bfd8f6e 0.210s
2024-09-10 08:55:59.743 62291 INFO tempest.lib.common.rest_client [req-f7bc59f1-1e13-4044-a2e4-a7b0cf609a82 req-f7bc59f1-1e13-4044-a2e4-a7b0cf609a82 ] Request (ServerAddressesNegativeTestJSON:setUpClass): 200 GET http://10.180.1.21/compute/v2.1/servers/24db5fad-52fd-4689-a8aa-2ae4b0a06710 0.263s
2024-09-10 08:55:59.749 62291 INFO tempest.common.waiters [-] State transition "BUILD/None" ==> "BUILD/networking" after 84 second wait
2024-09-10 08:55:59.779 62251 INFO tempest.lib.common.rest_client [req-bedd115f-04e2-4322-944e-a07b1e27f6dc req-bedd115f-04e2-4322-944e-a07b1e27f6dc ] Request (ServersNegativeTestMultiTenantJSON:setUpClass): 200 GET http://10.180.1.21/compute/v2.1/servers/c350194c-ed3e-4996-871a-70b4cb99c7db 0.200s
2024-09-10 08:55:59.868 62255 INFO tempest.lib.common.rest_client [req-32fde692-77cc-45d6-94a0-cf4238d92a11 req-32fde692-77cc-45d6-94a0-cf4238d92a11 ] Request (InstanceActionsNegativeTestJSON:setUpClass): 201 POST http://10.180.1.21:9696/networking/v2.0/subnets 0.156s
2024-09-10 08:55:59.926 62239 INFO tempest.lib.common.rest_client [req-8c23b637-e9ea-4b20-93e8-6411332981ce req-8c23b637-e9ea-4b20-93e8-6411332981ce ] Request (InstanceActionsV221TestJSON:test_get_list_deleted_instance_actions): 200 GET http://10.180.1.21/compute/v2.1/servers/f6db353f-f7b5-4ba4-8f70-f3b65281da93 0.067s
2024-09-10 08:55:59.966 62277 INFO tempest.lib.common.rest_client [req-682e4b7b-a989-440c-a798-97f0fc7eaeb7 req-682e4b7b-a989-440c-a798-97f0fc7eaeb7 ] Request (ServerActionsTestJSON:setUpClass): 200 GET http://10.180.1.21/compute/v2.1/servers/d9c53806-68c0-4872-a262-36bc05573674 0.122s
2024-09-10 08:56:00.007 62253 INFO tempest.lib.common.rest_client [req-7bfcac75-89ce-4ec8-a6fc-bfab26a8bbf7 req-7bfcac75-89ce-4ec8-a6fc-bfab26a8bbf7 ] Request (VolumesAdminNegativeTest:test_update_attached_volume_with_nonexistent_volume_in_uri): 200 GET http://10.180.1.21/compute/v2.1/servers/a04fbe7e-e53e-43ef-9a6f-ba3895ce7597 0.096s
2024-09-10 08:56:00.016 62249 INFO tempest.lib.common.rest_client [req-d8dceed6-83a6-4628-8f9b-fc6c476b5f40 req-d8dceed6-83a6-4628-8f9b-fc6c476b5f40 ] Request (MigrationsAdminTest:test_list_migrations_in_flavor_resize_situation): 200 GET http://10.180.1.21/compute/v2.1/servers/4edbf65d-eaca-47e1-b6bf-03ccb908b52e 0.051s
2024-09-10 08:56:00.093 62275 INFO tempest.lib.common.rest_client [req-173aed19-267f-428d-83d4-003f3ce886cb req-173aed19-267f-428d-83d4-003f3ce886cb ] Request (ServerPasswordTestJSON:setUpClass): 200 GET http://10.180.1.21/compute/v2.1/servers/2da17a43-2260-4a82-9ed3-eafd25bb9a6a 0.062s
2024-09-10 08:56:00.155 62245 INFO tempest.lib.common.rest_client [req-f439ed80-4d86-467a-bb1d-3e7c09b3e54a req-f439ed80-4d86-467a-bb1d-3e7c09b3e54a ] Request (ImagesOneServerTestJSON:setUpClass): 200 GET http://10.180.1.21/compute/v2.1/servers/4da426a1-7af9-4e4e-82ed-c45687a19b86 0.064s
2024-09-10 08:56:00.201 62279 INFO tempest.lib.common.rest_client [req-a15d92be-4f11-4539-8e35-e66f6d20558f req-a15d92be-4f11-4539-8e35-e66f6d20558f ] Request (ServersTestMultiNic:test_verify_duplicate_network_nics): 200 GET http://10.180.1.21/compute/v2.1/servers/1c4eb398-c4e9-4588-ba48-2805e3fee750 0.128s
2024-09-10 08:56:00.256 62269 INFO tempest.lib.common.rest_client [req-94876101-ae36-454c-a520-65625c95f72f req-94876101-ae36-454c-a520-65625c95f72f ] Request (AttachInterfacesTestJSON:test_create_list_show_delete_interfaces_by_fixed_ip): 200 GET http://10.180.1.21/compute/v2.1/servers/b1bd98d9-bd0f-4abd-a188-e5267ada4852 0.089s
2024-09-10 08:56:00.318 62243 INFO tempest.lib.common.rest_client [req-09ecffc3-8ba5-4bea-bfb8-8dcc4dbc1965 req-09ecffc3-8ba5-4bea-bfb8-8dcc4dbc1965 ] Request (FloatingIPsAssociationTestJSON:setUpClass): 200 GET http://10.180.1.21/compute/v2.1/servers/e53d10a3-1d16-498d-b4d8-abe7205410ec 0.114s
2024-09-10 08:56:00.332 62237 INFO tempest.lib.common.rest_client [req-d81e48f1-07b4-48b7-8316-6f7fae9f841d req-d81e48f1-07b4-48b7-8316-6f7fae9f841d ] Request (ListImageFiltersTestJSON:tearDownClass): 200 GET http://10.180.1.21/compute/v2.1/servers/d5a54c46-1a45-4bd5-8694-0defc757c455 0.084s
2024-09-10 08:56:00.380 62263 INFO tempest.lib.common.rest_client [req-991103b2-4c50-41e6-b5c3-7615b6e3b100 req-991103b2-4c50-41e6-b5c3-7615b6e3b100 ] Request (ServersTestManualDisk:setUpClass): 200 GET http://10.180.1.21/compute/v2.1/servers/eef1cf32-e71e-4696-8170-1023e3a5518d 0.106s
2024-09-10 08:56:00.409 62233 INFO tempest.lib.common.rest_client [req-ec64f7ad-b32d-4aa6-bc81-39ffbeb17833 req-ec64f7ad-b32d-4aa6-bc81-39ffbeb17833 ] Request (ServerDiskConfigTestJSON:test_rebuild_server_with_auto_disk_config): 200 GET http://10.180.1.21/compute/v2.1/servers/45fdae21-bec2-438a-8f2a-c23b0e428057 0.074s
2024-09-10 08:56:00.455 62287 INFO tempest.lib.common.rest_client [req-bdd0fa16-ee05-4505-941a-7dcd6f1b4182 req-bdd0fa16-ee05-4505-941a-7dcd6f1b4182 ] Request (SecurityGroupsTestJSON:test_server_security_groups): 200 GET http://10.180.1.21/compute/v2.1/servers/c51184b6-d2c7-49ff-b061-ab0f9a69cdbf 0.048s
2024-09-10 08:56:00.541 62241 INFO tempest.lib.common.rest_client [req-48794722-4c89-4102-8822-87e747f56f69 req-48794722-4c89-4102-8822-87e747f56f69 ] Request (ServerDiagnosticsV248Test:tearDownClass): 200 GET http://10.180.1.21/compute/v2.1/servers/e78f8718-e0be-4b2a-ab70-9565ce01ab9d 0.069s
2024-09-10 08:56:00.581 62235 INFO tempest.lib.common.rest_client [req-c0e4935d-fe82-4f31-a102-97fcc374e9a3 req-c0e4935d-fe82-4f31-a102-97fcc374e9a3 ] Request (DeleteServersAdminTestJSON:test_delete_server_while_in_error_state): 200 GET http://10.180.1.21/compute/v2.1/servers/06496d6a-324d-41d4-b3e5-52e3d93636bb 0.054s
2024-09-10 08:56:00.741 62273 INFO tempest.lib.common.rest_client [req-fbe246f4-bd06-4c46-948e-d29513f7565d req-fbe246f4-bd06-4c46-948e-d29513f7565d ] Request (MultipleCreateTestJSON:test_multiple_create_with_reservation_return): 200 GET http://10.180.1.21/compute/v2.1/servers/08489e01-2ce3-45a1-8f87-2a4c89230aa2 0.110s
2024-09-10 08:56:00.749 62273 INFO tempest.common.waiters [-] State transition "BUILD/spawning" ==> "ACTIVE/None" after 88 second wait
2024-09-10 08:56:00.788 62282 INFO tempest.lib.common.rest_client [req-56f4f5d7-4e14-4e32-a702-d85ea0bbf4d5 req-56f4f5d7-4e14-4e32-a702-d85ea0bbf4d5 ] Request (ServersAdminTestJSON:setUpClass): 200 GET http://10.180.1.21/compute/v2.1/servers/fcdc7c33-8c46-4f4d-bb39-e6f943256cb0 0.154s
2024-09-10 08:56:00.846 62261 INFO tempest.lib.common.rest_client [req-75b02c78-8131-414a-bbb8-74cb3aa6b05d req-75b02c78-8131-414a-bbb8-74cb3aa6b05d ] Request (ServerAddressesTestJSON:setUpClass): 200 GET http://10.180.1.21/compute/v2.1/servers/0d7238b3-d7a3-4a35-ba33-bf2e7e7a9afa 0.148s
2024-09-10 08:56:00.849 62295 INFO tempest.lib.common.rest_client [req-762bd3cb-528e-47ab-af39-a1cd22444808 req-762bd3cb-528e-47ab-af39-a1cd22444808 ] Request (ServerShowV247Test:test_update_rebuild_list_server): 200 GET http://10.180.1.21/compute/v2.1/servers/ecb72668-caa4-4117-9f8d-e0c6e4831f3d 0.251s
2024-09-10 08:56:00.908 62257 INFO tempest.lib.common.rest_client [req-8e985d71-425f-4663-b45c-b8b4dbbc7568 req-8e985d71-425f-4663-b45c-b8b4dbbc7568 ] Request (AttachInterfacesV270Test:test_create_get_list_interfaces): 200 GET http://10.180.1.21/compute/v2.1/servers/19fd0358-32e4-434f-b0b3-c8cc6c07ba51 0.202s
2024-09-10 08:56:00.938 62247 INFO tempest.lib.common.rest_client [req-054c6cb6-ad90-433b-ae36-8b2314293979 req-054c6cb6-ad90-433b-ae36-8b2314293979 ] Request (AttachInterfacesUnderV243Test:test_add_remove_fixed_ip): 200 GET http://10.180.1.21/compute/v2.1/servers/f9c1424f-6096-481c-aa91-acc25bfd8f6e 0.193s
2024-09-10 08:56:01.016 62291 INFO tempest.lib.common.rest_client [req-af085f9a-58e7-4575-bbef-1524677b67fb req-af085f9a-58e7-4575-bbef-1524677b67fb ] Request (ServerAddressesNegativeTestJSON:setUpClass): 200 GET http://10.180.1.21/compute/v2.1/servers/24db5fad-52fd-4689-a8aa-2ae4b0a06710 0.266s
2024-09-10 08:56:01.027 62291 INFO tempest.common.waiters [-] State transition "BUILD/networking" ==> "BUILD/block_device_mapping" after 86 second wait
2024-09-10 08:56:01.040 62273 INFO tempest.lib.common.rest_client [req-ec5f74fa-b21d-42c5-a92d-fa6191d5e21f req-ec5f74fa-b21d-42c5-a92d-fa6191d5e21f ] Request (MultipleCreateTestJSON:test_multiple_create_with_reservation_return): 200 GET http://10.180.1.21/compute/v2.1/servers/f47e5bbb-f4a8-4686-8195-8348d2ffb08d 0.290s
2024-09-10 08:56:01.076 62251 INFO tempest.lib.common.rest_client [req-7360f428-375b-49e1-b53f-fc9ba69af023 req-7360f428-375b-49e1-b53f-fc9ba69af023 ] Request (ServersNegativeTestMultiTenantJSON:setUpClass): 200 GET http://10.180.1.21/compute/v2.1/servers/c350194c-ed3e-4996-871a-70b4cb99c7db 0.288s
2024-09-10 08:56:01.101 62239 INFO tempest.lib.common.rest_client [req-b62f8dd1-2326-416e-a633-dbbc69e5d787 req-b62f8dd1-2326-416e-a633-dbbc69e5d787 ] Request (InstanceActionsV221TestJSON:test_get_list_deleted_instance_actions): 200 GET http://10.180.1.21/compute/v2.1/servers/f6db353f-f7b5-4ba4-8f70-f3b65281da93 0.167s
2024-09-10 08:56:01.148 62253 INFO tempest.lib.common.rest_client [req-a211d997-97ed-47ad-8ff0-8ef8c3d75c5e req-a211d997-97ed-47ad-8ff0-8ef8c3d75c5e ] Request (VolumesAdminNegativeTest:test_update_attached_volume_with_nonexistent_volume_in_uri): 200 GET http://10.180.1.21/compute/v2.1/servers/a04fbe7e-e53e-43ef-9a6f-ba3895ce7597 0.133s
2024-09-10 08:56:01.197 62249 INFO tempest.lib.common.rest_client [req-dc1c414a-5177-4dc7-83fc-243c6e92765c req-dc1c414a-5177-4dc7-83fc-243c6e92765c ] Request (MigrationsAdminTest:test_list_migrations_in_flavor_resize_situation): 200 GET http://10.180.1.21/compute/v2.1/servers/4edbf65d-eaca-47e1-b6bf-03ccb908b52e 0.171s
2024-09-10 08:56:01.267 62273 INFO tempest.lib.common.rest_client [req-376fc3de-2f40-42d3-a6b4-1a5921b40356 req-376fc3de-2f40-42d3-a6b4-1a5921b40356 ] Request (MultipleCreateTestJSON:tearDownClass): 204 DELETE http://10.180.1.21/compute/v2.1/servers/f47e5bbb-f4a8-4686-8195-8348d2ffb08d 0.212s
2024-09-10 08:56:01.303 62277 INFO tempest.lib.common.rest_client [req-fe492e8b-e8bb-4d4c-8486-940efe119d75 req-fe492e8b-e8bb-4d4c-8486-940efe119d75 ] Request (ServerActionsTestJSON:setUpClass): 200 GET http://10.180.1.21/compute/v2.1/servers/d9c53806-68c0-4872-a262-36bc05573674 0.331s
2024-09-10 08:56:01.317 62275 INFO tempest.lib.common.rest_client [req-42a336b7-9c00-4d9b-8e44-7a71c57b7a45 req-42a336b7-9c00-4d9b-8e44-7a71c57b7a45 ] Request (ServerPasswordTestJSON:setUpClass): 200 GET http://10.180.1.21/compute/v2.1/servers/2da17a43-2260-4a82-9ed3-eafd25bb9a6a 0.217s
2024-09-10 08:56:01.368 62245 INFO tempest.lib.common.rest_client [req-bbfe7822-3a3d-4e86-ae3c-99b8492c2f27 req-bbfe7822-3a3d-4e86-ae3c-99b8492c2f27 ] Request (ImagesOneServerTestJSON:setUpClass): 200 GET http://10.180.1.21/compute/v2.1/servers/4da426a1-7af9-4e4e-82ed-c45687a19b86 0.205s
2024-09-10 08:56:01.423 62279 INFO tempest.lib.common.rest_client [req-07491297-90a1-4f2a-87e7-d373547c742b req-07491297-90a1-4f2a-87e7-d373547c742b ] Request (ServersTestMultiNic:test_verify_duplicate_network_nics): 200 GET http://10.180.1.21/compute/v2.1/servers/1c4eb398-c4e9-4588-ba48-2805e3fee750 0.210s
2024-09-10 08:56:01.435 62269 INFO tempest.lib.common.rest_client [req-931f3a62-ee3f-4569-aa09-bc0f2554cbd6 req-931f3a62-ee3f-4569-aa09-bc0f2554cbd6 ] Request (AttachInterfacesTestJSON:test_create_list_show_delete_interfaces_by_fixed_ip): 200 GET http://10.180.1.21/compute/v2.1/servers/b1bd98d9-bd0f-4abd-a188-e5267ada4852 0.170s
2024-09-10 08:56:01.493 62273 INFO tempest.lib.common.rest_client [req-874edf07-48d6-4020-9b54-2f6a63eae9c6 req-874edf07-48d6-4020-9b54-2f6a63eae9c6 ] Request (MultipleCreateTestJSON:tearDownClass): 204 DELETE http://10.180.1.21/compute/v2.1/servers/08489e01-2ce3-45a1-8f87-2a4c89230aa2 0.225s
2024-09-10 08:56:01.557 62237 INFO tempest.lib.common.rest_client [req-81ed13c5-d846-432c-aafc-17bf136ee875 req-81ed13c5-d846-432c-aafc-17bf136ee875 ] Request (ListImageFiltersTestJSON:tearDownClass): 200 GET http://10.180.1.21/compute/v2.1/servers/d5a54c46-1a45-4bd5-8694-0defc757c455 0.214s
2024-09-10 08:56:01.592 62255 INFO tempest.lib.common.rest_client [req-da68ee74-67aa-47d5-9a40-b5ca883787e5 req-da68ee74-67aa-47d5-9a40-b5ca883787e5 ] Request (InstanceActionsNegativeTestJSON:setUpClass): 201 POST http://10.180.1.21:9696/networking/v2.0/routers 1.723s
2024-09-10 08:56:01.614 62263 INFO tempest.lib.common.rest_client [req-fa923c4d-e888-4f46-88cc-a29d6ae2f3c1 req-fa923c4d-e888-4f46-88cc-a29d6ae2f3c1 ] Request (ServersTestManualDisk:setUpClass): 200 GET http://10.180.1.21/compute/v2.1/servers/eef1cf32-e71e-4696-8170-1023e3a5518d 0.224s
2024-09-10 08:56:01.676 62233 INFO tempest.lib.common.rest_client [req-d7900008-4cec-44ec-b1a4-1f1603702528 req-d7900008-4cec-44ec-b1a4-1f1603702528 ] Request (ServerDiskConfigTestJSON:test_rebuild_server_with_auto_disk_config): 200 GET http://10.180.1.21/compute/v2.1/servers/45fdae21-bec2-438a-8f2a-c23b0e428057 0.258s
2024-09-10 08:56:01.739 62287 INFO tempest.lib.common.rest_client [req-c1e7a47d-20c3-467b-b6b7-4c45979b238c req-c1e7a47d-20c3-467b-b6b7-4c45979b238c ] Request (SecurityGroupsTestJSON:test_server_security_groups): 200 GET http://10.180.1.21/compute/v2.1/servers/c51184b6-d2c7-49ff-b061-ab0f9a69cdbf 0.276s
2024-09-10 08:56:01.765 62243 INFO tempest.lib.common.rest_client [req-0e683a31-ca58-4390-ab09-2101cbcb88cd req-0e683a31-ca58-4390-ab09-2101cbcb88cd ] Request (FloatingIPsAssociationTestJSON:setUpClass): 200 GET http://10.180.1.21/compute/v2.1/servers/e53d10a3-1d16-498d-b4d8-abe7205410ec 0.441s
2024-09-10 08:56:01.836 62241 INFO tempest.lib.common.rest_client [req-d9210b40-dfd4-4a24-9307-395b80cfa710 req-d9210b40-dfd4-4a24-9307-395b80cfa710 ] Request (ServerDiagnosticsV248Test:tearDownClass): 200 GET http://10.180.1.21/compute/v2.1/servers/e78f8718-e0be-4b2a-ab70-9565ce01ab9d 0.285s
2024-09-10 08:56:01.864 62273 INFO tempest.lib.common.rest_client [req-1697700b-22be-4e2e-88f2-ae950926ff5d req-1697700b-22be-4e2e-88f2-ae950926ff5d ] Request (MultipleCreateTestJSON:tearDownClass): 200 GET http://10.180.1.21/compute/v2.1/servers/f47e5bbb-f4a8-4686-8195-8348d2ffb08d 0.371s
2024-09-10 08:56:01.922 62282 INFO tempest.lib.common.rest_client [req-88b9b757-b630-42cd-97c8-c2602791f702 req-88b9b757-b630-42cd-97c8-c2602791f702 ] Request (ServersAdminTestJSON:setUpClass): 200 GET http://10.180.1.21/compute/v2.1/servers/fcdc7c33-8c46-4f4d-bb39-e6f943256cb0 0.123s
2024-09-10 08:56:01.927 62235 INFO tempest.lib.common.rest_client [req-3321b9fd-9b18-4a01-936b-d6111ee3c8d9 req-3321b9fd-9b18-4a01-936b-d6111ee3c8d9 ] Request (DeleteServersAdminTestJSON:test_delete_server_while_in_error_state): 200 GET http://10.180.1.21/compute/v2.1/servers/06496d6a-324d-41d4-b3e5-52e3d93636bb 0.338s
2024-09-10 08:56:01.980 62261 INFO tempest.lib.common.rest_client [req-d72a1bc0-4d69-4dc3-8620-f36e3d552030 req-d72a1bc0-4d69-4dc3-8620-f36e3d552030 ] Request (ServerAddressesTestJSON:setUpClass): 200 GET http://10.180.1.21/compute/v2.1/servers/0d7238b3-d7a3-4a35-ba33-bf2e7e7a9afa 0.128s
2024-09-10 08:56:01.992 62295 INFO tempest.lib.common.rest_client [req-3dfcb6db-e274-47c4-b2e3-53fde7c5b41b req-3dfcb6db-e274-47c4-b2e3-53fde7c5b41b ] Request (ServerShowV247Test:test_update_rebuild_list_server): 200 GET http://10.180.1.21/compute/v2.1/servers/ecb72668-caa4-4117-9f8d-e0c6e4831f3d 0.127s
2024-09-10 08:56:02.046 62257 INFO tempest.lib.common.rest_client [req-697b6224-e0f4-4bf5-aeb4-580a25a2e0e0 req-697b6224-e0f4-4bf5-aeb4-580a25a2e0e0 ] Request (AttachInterfacesV270Test:test_create_get_list_interfaces): 200 GET http://10.180.1.21/compute/v2.1/servers/19fd0358-32e4-434f-b0b3-c8cc6c07ba51 0.126s
2024-09-10 08:56:02.053 62247 INFO tempest.lib.common.rest_client [req-9bb26624-b5bc-47da-af0b-926469550405 req-9bb26624-b5bc-47da-af0b-926469550405 ] Request (AttachInterfacesUnderV243Test:test_add_remove_fixed_ip): 200 GET http://10.180.1.21/compute/v2.1/servers/f9c1424f-6096-481c-aa91-acc25bfd8f6e 0.104s
2024-09-10 08:56:02.141 62251 INFO tempest.lib.common.rest_client [req-64587a85-fb01-4356-a072-f2d43da38d65 req-64587a85-fb01-4356-a072-f2d43da38d65 ] Request (ServersNegativeTestMultiTenantJSON:setUpClass): 200 GET http://10.180.1.21/compute/v2.1/servers/c350194c-ed3e-4996-871a-70b4cb99c7db 0.057s
2024-09-10 08:56:02.206 62239 INFO tempest.lib.common.rest_client [req-df326313-51e7-4fa7-ba53-ea365bdc929c req-df326313-51e7-4fa7-ba53-ea365bdc929c ] Request (InstanceActionsV221TestJSON:test_get_list_deleted_instance_actions): 200 GET http://10.180.1.21/compute/v2.1/servers/f6db353f-f7b5-4ba4-8f70-f3b65281da93 0.097s
2024-09-10 08:56:02.252 62253 INFO tempest.lib.common.rest_client [req-bad63d6e-97d0-4023-8bcb-ac4f25e6102b req-bad63d6e-97d0-4023-8bcb-ac4f25e6102b ] Request (VolumesAdminNegativeTest:test_update_attached_volume_with_nonexistent_volume_in_uri): 200 GET http://10.180.1.21/compute/v2.1/servers/a04fbe7e-e53e-43ef-9a6f-ba3895ce7597 0.096s
2024-09-10 08:56:02.278 62291 INFO tempest.lib.common.rest_client [req-3a1421a0-5200-408c-8492-79ef0a3e7fc5 req-3a1421a0-5200-408c-8492-79ef0a3e7fc5 ] Request (ServerAddressesNegativeTestJSON:setUpClass): 200 GET http://10.180.1.21/compute/v2.1/servers/24db5fad-52fd-4689-a8aa-2ae4b0a06710 0.250s
2024-09-10 08:56:02.284 62291 INFO tempest.common.waiters [-] State transition "BUILD/block_device_mapping" ==> "BUILD/spawning" after 87 second wait
2024-09-10 08:56:02.300 62249 INFO tempest.lib.common.rest_client [req-9c7e8b8e-b7ff-4121-8456-4eac58935b6f req-9c7e8b8e-b7ff-4121-8456-4eac58935b6f ] Request (MigrationsAdminTest:test_list_migrations_in_flavor_resize_situation): 200 GET http://10.180.1.21/compute/v2.1/servers/4edbf65d-eaca-47e1-b6bf-03ccb908b52e 0.090s
2024-09-10 08:56:02.375 62275 INFO tempest.lib.common.rest_client [req-054c0792-cad5-4116-8def-082292e6f57d req-054c0792-cad5-4116-8def-082292e6f57d ] Request (ServerPasswordTestJSON:setUpClass): 200 GET http://10.180.1.21/compute/v2.1/servers/2da17a43-2260-4a82-9ed3-eafd25bb9a6a 0.052s
2024-09-10 08:56:02.431 62245 INFO tempest.lib.common.rest_client [req-b287a3ff-2832-40c2-bb0a-62192bf7bf90 req-b287a3ff-2832-40c2-bb0a-62192bf7bf90 ] Request (ImagesOneServerTestJSON:setUpClass): 200 GET http://10.180.1.21/compute/v2.1/servers/4da426a1-7af9-4e4e-82ed-c45687a19b86 0.053s
2024-09-10 08:56:02.552 62279 INFO tempest.lib.common.rest_client [req-8fb1e8ef-9fdc-4750-bd9a-124e973ba537 req-8fb1e8ef-9fdc-4750-bd9a-124e973ba537 ] Request (ServersTestMultiNic:test_verify_duplicate_network_nics): 200 GET http://10.180.1.21/compute/v2.1/servers/1c4eb398-c4e9-4588-ba48-2805e3fee750 0.117s
2024-09-10 08:56:02.562 62277 INFO tempest.lib.common.rest_client [req-2d93464e-fed0-4a75-b9a0-cd2a9166c0e1 req-2d93464e-fed0-4a75-b9a0-cd2a9166c0e1 ] Request (ServerActionsTestJSON:setUpClass): 200 GET http://10.180.1.21/compute/v2.1/servers/d9c53806-68c0-4872-a262-36bc05573674 0.250s
2024-09-10 08:56:02.618 62269 INFO tempest.lib.common.rest_client [req-c9c41967-89cf-4519-93e2-2b18fb20c0e5 req-c9c41967-89cf-4519-93e2-2b18fb20c0e5 ] Request (AttachInterfacesTestJSON:test_create_list_show_delete_interfaces_by_fixed_ip): 200 GET http://10.180.1.21/compute/v2.1/servers/b1bd98d9-bd0f-4abd-a188-e5267ada4852 0.175s
2024-09-10 08:56:02.669 62237 INFO tempest.lib.common.rest_client [req-5f8d17ec-f0cb-4b87-bfa3-4d42ba568d01 req-5f8d17ec-f0cb-4b87-bfa3-4d42ba568d01 ] Request (ListImageFiltersTestJSON:tearDownClass): 200 GET http://10.180.1.21/compute/v2.1/servers/d5a54c46-1a45-4bd5-8694-0defc757c455 0.101s
2024-09-10 08:56:02.766 62233 INFO tempest.lib.common.rest_client [req-d5d3a6f7-37a6-4bdf-92e7-538cad21ac2c req-d5d3a6f7-37a6-4bdf-92e7-538cad21ac2c ] Request (ServerDiskConfigTestJSON:test_rebuild_server_with_auto_disk_config): 200 GET http://10.180.1.21/compute/v2.1/servers/45fdae21-bec2-438a-8f2a-c23b0e428057 0.082s
2024-09-10 08:56:02.774 62233 INFO tempest.common.waiters [-] State transition "BUILD/None" ==> "BUILD/networking" after 82 second wait
2024-09-10 08:56:02.847 62287 INFO tempest.lib.common.rest_client [req-0180c24c-e4dc-490f-970d-fad27459d020 req-0180c24c-e4dc-490f-970d-fad27459d020 ] Request (SecurityGroupsTestJSON:test_server_security_groups): 200 GET http://10.180.1.21/compute/v2.1/servers/c51184b6-d2c7-49ff-b061-ab0f9a69cdbf 0.099s
2024-09-10 08:56:02.929 62263 INFO tempest.lib.common.rest_client [req-321934ce-763f-4914-a05c-24a88f1b5077 req-321934ce-763f-4914-a05c-24a88f1b5077 ] Request (ServersTestManualDisk:setUpClass): 200 GET http://10.180.1.21/compute/v2.1/servers/eef1cf32-e71e-4696-8170-1023e3a5518d 0.308s
2024-09-10 08:56:03.000 62241 INFO tempest.lib.common.rest_client [req-51fe9d4b-2b0f-475f-909c-a889d675b291 req-51fe9d4b-2b0f-475f-909c-a889d675b291 ] Request (ServerDiagnosticsV248Test:tearDownClass): 200 GET http://10.180.1.21/compute/v2.1/servers/e78f8718-e0be-4b2a-ab70-9565ce01ab9d 0.156s
2024-09-10 08:56:03.010 62241 INFO tempest.common.waiters [-] State transition "ACTIVE/deleting" ==> "DELETED/None" after 5 second wait
2024-09-10 08:56:03.256 62273 INFO tempest.lib.common.rest_client [req-3156b3ff-62ff-4d52-a579-7892300d26eb req-3156b3ff-62ff-4d52-a579-7892300d26eb ] Request (MultipleCreateTestJSON:tearDownClass): 200 GET http://10.180.1.21/compute/v2.1/servers/f47e5bbb-f4a8-4686-8195-8348d2ffb08d 0.383s
2024-09-10 08:56:03.270 62243 INFO tempest.lib.common.rest_client [req-caf525f0-5b3f-4489-9a59-9b2edb5629b7 req-caf525f0-5b3f-4489-9a59-9b2edb5629b7 ] Request (FloatingIPsAssociationTestJSON:setUpClass): 200 GET http://10.180.1.21/compute/v2.1/servers/e53d10a3-1d16-498d-b4d8-abe7205410ec 0.498s
2024-09-10 08:56:03.278 62243 INFO tempest.common.waiters [-] State transition "BUILD/spawning" ==> "ACTIVE/None" after 90 second wait
2024-09-10 08:56:03.315 62282 INFO tempest.lib.common.rest_client [req-43c08f29-7655-49d7-ac72-77e054d2ce34 req-43c08f29-7655-49d7-ac72-77e054d2ce34 ] Request (ServersAdminTestJSON:setUpClass): 200 GET http://10.180.1.21/compute/v2.1/servers/fcdc7c33-8c46-4f4d-bb39-e6f943256cb0 0.379s
2024-09-10 08:56:03.369 62261 INFO tempest.lib.common.rest_client [req-2dbd799b-ad11-420b-9137-c4f31e9bb8d4 req-2dbd799b-ad11-420b-9137-c4f31e9bb8d4 ] Request (ServerAddressesTestJSON:setUpClass): 200 GET http://10.180.1.21/compute/v2.1/servers/0d7238b3-d7a3-4a35-ba33-bf2e7e7a9afa 0.381s
2024-09-10 08:56:03.375 62235 INFO tempest.lib.common.rest_client [req-a5ad904f-8fcc-4d70-820e-4a2951c6b9ad req-a5ad904f-8fcc-4d70-820e-4a2951c6b9ad ] Request (DeleteServersAdminTestJSON:test_delete_server_while_in_error_state): 200 GET http://10.180.1.21/compute/v2.1/servers/06496d6a-324d-41d4-b3e5-52e3d93636bb 0.434s
2024-09-10 08:56:03.430 62295 INFO tempest.lib.common.rest_client [req-9eca9f76-b4a1-4af4-8e17-835cf2657760 req-9eca9f76-b4a1-4af4-8e17-835cf2657760 ] Request (ServerShowV247Test:test_update_rebuild_list_server): 200 GET http://10.180.1.21/compute/v2.1/servers/ecb72668-caa4-4117-9f8d-e0c6e4831f3d 0.427s
2024-09-10 08:56:03.452 62257 INFO tempest.lib.common.rest_client [req-cad658b7-87e2-4155-b986-706b7a0097ac req-cad658b7-87e2-4155-b986-706b7a0097ac ] Request (AttachInterfacesV270Test:test_create_get_list_interfaces): 200 GET http://10.180.1.21/compute/v2.1/servers/19fd0358-32e4-434f-b0b3-c8cc6c07ba51 0.396s
2024-09-10 08:56:03.482 62247 INFO tempest.lib.common.rest_client [req-931c8e4e-1668-419e-b689-3f309b2ff1ca req-931c8e4e-1668-419e-b689-3f309b2ff1ca ] Request (AttachInterfacesUnderV243Test:test_add_remove_fixed_ip): 200 GET http://10.180.1.21/compute/v2.1/servers/f9c1424f-6096-481c-aa91-acc25bfd8f6e 0.421s
