2024-10-29 12:02:49.706 63179 INFO tempest.lib.common.rest_client [req-7b96aaf0-5fa1-4159-9eb3-e847b6636899 req-7b96aaf0-5fa1-4159-9eb3-e847b6636899 ] Request (ServersTestManualDisk:setUpClass): 201 POST http://10.180.1.21/identity/v3/auth/tokens 0.064s
2024-10-29 12:02:49.739 63179 INFO tempest.lib.common.rest_client [req-2d7ba4a8-edff-422f-9e19-f934fcc89457 req-2d7ba4a8-edff-422f-9e19-f934fcc89457 ] Request (ServersTestManualDisk:setUpClass): 201 POST http://10.180.1.21/identity/v3/auth/tokens 0.030s
2024-10-29 12:02:49.763 63179 INFO tempest.lib.common.rest_client [req-d5f44064-e74e-47c7-a846-c0d9b8c9ddb4 req-d5f44064-e74e-47c7-a846-c0d9b8c9ddb4 ] Request (ServersTestManualDisk:setUpClass): 200 GET http://10.180.1.21/identity/v3/domains?name=Default 0.023s
2024-10-29 12:02:49.791 63183 INFO tempest.lib.common.rest_client [req-dc22f48b-584a-424f-819e-7528684df325 req-dc22f48b-584a-424f-819e-7528684df325 ] Request (ServerExternalEventsTest:test_create_server_external_events): 200 GET http://10.180.1.21/compute/v2.1/servers/f247b499-0a04-47ae-98b0-cb3f7f088a62 1.662s
2024-10-29 12:02:49.801 63179 INFO tempest.lib.common.rest_client [req-8e4cd88d-f381-4965-8b4a-ba370a8c1724 req-8e4cd88d-f381-4965-8b4a-ba370a8c1724 ] Request (ServersTestManualDisk:setUpClass): 201 POST http://10.180.1.21/identity/v3/projects 0.038s
2024-10-29 12:02:49.877 63179 INFO tempest.lib.common.rest_client [req-eb4d889a-d1f4-482c-92df-8b104677fa07 req-eb4d889a-d1f4-482c-92df-8b104677fa07 ] Request (ServersTestManualDisk:setUpClass): 201 POST http://10.180.1.21/identity/v3/users 0.075s
2024-10-29 12:02:49.884 63207 INFO tempest.lib.common.rest_client [req-182c6f5f-2a8a-4bf6-8149-f7e6643323cf req-182c6f5f-2a8a-4bf6-8149-f7e6643323cf ] Request (ServerActionsTestOtherB:setUpClass): 200 GET http://10.180.1.21/compute/v2.1/servers/353b72b2-cd56-442f-9010-c75baf8f5a48 1.672s
2024-10-29 12:02:49.899 63179 INFO tempest.lib.common.rest_client [req-cc0d15a1-d780-4b4e-a25e-4f3166015f18 req-cc0d15a1-d780-4b4e-a25e-4f3166015f18 ] Request (ServersTestManualDisk:setUpClass): 200 GET http://10.180.1.21/identity/v3/roles 0.021s
2024-10-29 12:02:49.929 63179 INFO tempest.lib.common.rest_client [req-d960b3a2-ff95-4387-8e82-b24b0cf90f9d req-d960b3a2-ff95-4387-8e82-b24b0cf90f9d ] Request (ServersTestManualDisk:setUpClass): 204 PUT http://10.180.1.21/identity/v3/projects/b5d530fb253140899a6611ba9b6339cd/users/3f4a85a64c5045c2a64e3fab12c5d673/roles/f5694afb255643a29cd92d56d5a9a672 0.030s
2024-10-29 12:02:49.930 63179 INFO tempest.lib.common.dynamic_creds [-] Dynamic test user 3f4a85a64c5045c2a64e3fab12c5d673 is created with scope project and roles: ['member']
2024-10-29 12:02:49.930 63179 INFO tempest.lib.common.dynamic_creds [-] Acquired dynamic creds: credentials: Credentials: {'domain_id': 'default', 'domain_name': 'Default', 'username': 'tempest-ServersTestManualDisk-1306562133-project-member', 'project_domain_id': 'default', 'project_domain_name': 'Default', 'project_id': 'b5d530fb253140899a6611ba9b6339cd', 'project_name': 'tempest-ServersTestManualDisk-1306562133', 'tenant_id': 'b5d530fb253140899a6611ba9b6339cd', 'tenant_name': 'tempest-ServersTestManualDisk-1306562133', 'user_domain_id': 'default', 'user_domain_name': 'Default', 'user_id': '3f4a85a64c5045c2a64e3fab12c5d673', 'system': None}, Network: None, Subnet: None, Router: None
2024-10-29 12:02:49.958 63161 INFO tempest.lib.common.rest_client [req-0b33f933-33c5-4027-a311-86719738504c req-0b33f933-33c5-4027-a311-86719738504c ] Request (FloatingIPsAssociationTestJSON:setUpClass): 200 GET http://10.180.1.21/compute/v2.1/servers/33910d6d-0911-4e2a-82af-1b705cedd3fe 1.675s
2024-10-29 12:02:49.981 63199 INFO tempest.lib.common.rest_client [req-f3babae7-903e-4ad0-a262-a4b491ffdc8f req-f3babae7-903e-4ad0-a262-a4b491ffdc8f ] Request (ServerRescueNegativeTestJSON:setUpClass): 201 POST http://10.180.1.21:9696/networking/v2.0/routers 1.378s
2024-10-29 12:02:50.015 63179 INFO tempest.lib.common.rest_client [req-21c72b59-f08b-4584-afef-eff4049a418e req-21c72b59-f08b-4584-afef-eff4049a418e ] Request (ServersTestManualDisk:setUpClass): 201 POST http://10.180.1.21/identity/v3/auth/tokens 0.085s
2024-10-29 12:02:50.035 63209 INFO tempest.lib.common.rest_client [req-06463c15-22fa-46ca-b803-494f076c3668 req-06463c15-22fa-46ca-b803-494f076c3668 ] Request (VolumesTestJSON:test_volume_list_param_limit): 200 GET http://10.180.1.21/compute/v2.1/os-volumes?limit=2 1.671s
2024-10-29 12:02:50.076 63167 INFO tempest.lib.common.rest_client [req-c44976f5-ddc9-4ea5-b79a-428bea031118 req-c44976f5-ddc9-4ea5-b79a-428bea031118 ] Request (AttachInterfacesTestJSON:test_create_list_show_delete_interfaces_by_fixed_ip): 202 POST http://10.180.1.21/compute/v2.1/servers 2.161s
2024-10-29 12:02:50.098 63181 INFO tempest.lib.common.rest_client [req-c2ac7bc1-70fd-49dd-971d-9961f71676e8 req-c2ac7bc1-70fd-49dd-971d-9961f71676e8 ] Request (ServersTestBootFromVolume:setUpClass): 201 POST http://10.180.1.21:9696/networking/v2.0/routers 1.870s
2024-10-29 12:02:50.115 63219 INFO tempest.lib.common.rest_client [req-5ef2502f-f669-49e0-92e7-11d6bed88b7b req-5ef2502f-f669-49e0-92e7-11d6bed88b7b ] Request (VolumesAssistedSnapshotsTest:test_volume_assisted_snapshot_create_delete): 200 GET http://10.180.1.21/compute/v2.1/servers/e08d9f27-d2b3-4532-862f-b68e830e8d17 1.223s
2024-10-29 12:02:50.154 63203 INFO tempest.lib.common.rest_client [req-a23c8a04-f88c-4188-ae93-86aafd7cdde9 req-a23c8a04-f88c-4188-ae93-86aafd7cdde9 ] Request (ServerGroupTestJSON:test_create_server_with_scheduler_hint_group): 200 GET http://10.180.1.21/compute/v2.1/servers/5a825d36-7563-4792-8f68-8814ec96cfde 1.203s
2024-10-29 12:02:50.194 63171 INFO tempest.lib.common.rest_client [req-fe79b944-3bea-4b6a-a052-cb53f2886e8d req-fe79b944-3bea-4b6a-a052-cb53f2886e8d ] Request (ServersNegativeTestJSON:setUpClass): 200 GET http://10.180.1.21/compute/v2.1/servers/2e1217a9-e3b5-4f8c-af4e-3d5da315b3ab 1.187s
2024-10-29 12:02:50.241 63185 INFO tempest.lib.common.rest_client [req-bedf4a8b-2a49-4890-b3f3-d576513d45d7 req-bedf4a8b-2a49-4890-b3f3-d576513d45d7 ] Request (ServersWithSpecificFlavorTestJSON:test_verify_created_server_ephemeral_disk): 200 GET http://10.180.1.21/compute/v2.1/servers/25758cb8-6635-4284-bc94-a95389af3c8a 1.139s
2024-10-29 12:02:50.277 63190 INFO tempest.lib.common.rest_client [req-d7b7339e-5f8e-4f0b-8020-139da5eed6bd req-d7b7339e-5f8e-4f0b-8020-139da5eed6bd ] Request (ServersV294TestFqdnHostnames:tearDownClass): 204 DELETE http://10.180.1.21:9696/networking/v2.0/networks/9e1756cc-c50f-4daf-9fe5-3a307f4b96ec 0.643s
2024-10-29 12:02:50.340 63217 INFO tempest.lib.common.rest_client [req-4b6b583d-5a1b-48a1-8ff2-d8b2709ea33a req-4b6b583d-5a1b-48a1-8ff2-d8b2709ea33a ] Request (ServerAddressesTestJSON:setUpClass): 200 GET http://10.180.1.21/compute/v2.1/servers/2a8c7285-35dd-4112-b84a-ea384aead074 1.101s
2024-10-29 12:02:50.340 63192 INFO tempest.lib.common.rest_client [req-9c6c8842-739a-440f-9e83-fcf30fdfe65c req-9c6c8842-739a-440f-9e83-fcf30fdfe65c ] Request (ServersAdmin275Test:tearDownClass): 200 GET http://10.180.1.21/compute/v2.1/servers/a33da17c-bbb2-4307-b4b3-56cec5cb757e 1.157s
2024-10-29 12:02:50.386 63190 INFO tempest.lib.common.rest_client [req-b9d05810-4b35-458a-af61-60b327a8a4b8 req-b9d05810-4b35-458a-af61-60b327a8a4b8 ] Request (ServersV294TestFqdnHostnames:tearDownClass): 204 DELETE http://10.180.1.21/identity/v3/users/43da24d2342947f1824eb19a33f2f791 0.109s
2024-10-29 12:02:50.387 63190 INFO tempest.lib.common.dynamic_creds [-] Deleting project and security group for project: d355586106ec4d27ac6ee442cfd04d73
2024-10-29 12:02:50.569 63190 INFO tempest.lib.common.rest_client [req-8a4d0ef4-d9e1-41b8-aa1f-52b0b6fbaa11 req-8a4d0ef4-d9e1-41b8-aa1f-52b0b6fbaa11 ] Request (ServersV294TestFqdnHostnames:tearDownClass): 200 GET http://10.180.1.21:9696/networking/v2.0/security-groups?tenant_id=d355586106ec4d27ac6ee442cfd04d73&name=default 0.181s
2024-10-29 12:02:50.611 63169 INFO tempest.lib.common.rest_client [req-984e5b01-90e1-4af7-8ca6-11ccf95ff6b0 req-984e5b01-90e1-4af7-8ca6-11ccf95ff6b0 ] Request (ServersAdminNegativeTestJSON:setUpClass): 200 GET http://10.180.1.21/compute/v2.1/servers/6f5cc707-70e8-48fb-8d9d-904f3e0130af 1.346s
2024-10-29 12:02:50.694 63190 INFO tempest.lib.common.rest_client [req-8650cc51-8fd4-41a5-a00a-20e3dd68a7f6 req-8650cc51-8fd4-41a5-a00a-20e3dd68a7f6 ] Request (ServersV294TestFqdnHostnames:tearDownClass): 204 DELETE http://10.180.1.21:9696/networking/v2.0/security-groups/fcea8976-067c-45ce-8d14-cd16b9c45476 0.125s
2024-10-29 12:02:50.712 63179 INFO tempest.lib.common.rest_client [req-6aa498e7-c892-477c-9ec3-1739917eff42 req-6aa498e7-c892-477c-9ec3-1739917eff42 ] Request (ServersTestManualDisk:setUpClass): 201 POST http://10.180.1.21:9696/networking/v2.0/networks 0.695s
2024-10-29 12:02:50.726 63215 INFO tempest.lib.common.rest_client [req-dde48a7f-ab1b-446a-8b68-b5d6ae0df4f0 req-dde48a7f-ab1b-446a-8b68-b5d6ae0df4f0 ] Request (ServersTestJSON:test_create_server_specify_multibyte_character_name): 200 GET http://10.180.1.21/compute/v2.1/servers/147165a4-9071-4516-9498-fa4c706a5e37 1.421s
2024-10-29 12:02:50.796 63175 INFO tempest.lib.common.rest_client [req-fa22e4a8-81c9-48e0-9ee1-ed3f48be0d22 req-fa22e4a8-81c9-48e0-9ee1-ed3f48be0d22 ] Request (SecurityGroupRulesTestJSON:test_security_group_rules_delete_when_peer_group_deleted): 202 DELETE http://10.180.1.21/compute/v2.1/os-security-groups/5f31fd4a-a3bd-4467-9f6c-715fb86af4f9 1.539s
2024-10-29 12:02:50.806 63173 INFO tempest.lib.common.rest_client [req-3db8bc8c-5380-4c54-a467-fda5f4824ea6 req-3db8bc8c-5380-4c54-a467-fda5f4824ea6 ] Request (ServerMetadataNegativeTestJSON:setUpClass): 200 GET http://10.180.1.21/compute/v2.1/servers/bb28249e-a9d3-4d7d-bd05-128f1110dbca 1.418s
2024-10-29 12:02:50.849 63190 INFO tempest.lib.common.rest_client [req-f2ac88fe-df8c-4b3a-aba0-2118aaa6f93d req-f2ac88fe-df8c-4b3a-aba0-2118aaa6f93d ] Request (ServersV294TestFqdnHostnames:tearDownClass): 204 DELETE http://10.180.1.21/identity/v3/projects/d355586106ec4d27ac6ee442cfd04d73 0.155s
2024-10-29 12:02:50.901 63193 INFO tempest.lib.common.rest_client [req-2b666d9a-66e9-4142-b6bc-6543de14ac9d req-2b666d9a-66e9-4142-b6bc-6543de14ac9d ] Request (DeleteServersTestJSON:test_delete_active_server): 200 GET http://10.180.1.21/compute/v2.1/servers/0dba167b-aa56-4463-9749-b74fbc7430d9 1.437s
2024-10-29 12:02:50.906 63177 INFO tempest.lib.common.rest_client [req-0848ad08-c5f3-4c78-9682-d2da4af7905f req-0848ad08-c5f3-4c78-9682-d2da4af7905f ] Request (ServersTestJSON:setUpClass): 200 GET http://10.180.1.21/compute/v2.1/servers/f106b311-fc2f-4811-b7e0-d680de236b78 1.430s
2024-10-29 12:02:50.930 63190 INFO tempest.lib.common.rest_client [req-f06e45de-46b9-49e3-8538-9a2217c59cfc req-f06e45de-46b9-49e3-8538-9a2217c59cfc ] Request (ServersTestMultiNic:setUpClass): 201 POST http://10.180.1.21/identity/v3/auth/tokens 0.077s
2024-10-29 12:02:50.969 63190 INFO tempest.lib.common.rest_client [req-0cea9485-29ed-448d-8a9d-a6e6eb788912 req-0cea9485-29ed-448d-8a9d-a6e6eb788912 ] Request (ServersTestMultiNic:setUpClass): 201 POST http://10.180.1.21/identity/v3/auth/tokens 0.036s
2024-10-29 12:02:50.981 63179 INFO tempest.lib.common.rest_client [req-b86532ed-106e-4bb4-97f1-858ae60bf9de req-b86532ed-106e-4bb4-97f1-858ae60bf9de ] Request (ServersTestManualDisk:setUpClass): 201 POST http://10.180.1.21:9696/networking/v2.0/subnets 0.268s
2024-10-29 12:02:51.001 63190 INFO tempest.lib.common.rest_client [req-abece904-a0ec-47da-a4a3-05cc44785f88 req-abece904-a0ec-47da-a4a3-05cc44785f88 ] Request (ServersTestMultiNic:setUpClass): 200 GET http://10.180.1.21/identity/v3/domains?name=Default 0.031s
2024-10-29 12:02:51.032 63190 INFO tempest.lib.common.rest_client [req-2eff71b6-a791-495f-abaa-21d2c652e4c0 req-2eff71b6-a791-495f-abaa-21d2c652e4c0 ] Request (ServersTestMultiNic:setUpClass): 201 POST http://10.180.1.21/identity/v3/projects 0.030s
2024-10-29 12:02:51.109 63190 INFO tempest.lib.common.rest_client [req-f7bec02d-4ae2-4d24-a56a-df4e4757cac5 req-f7bec02d-4ae2-4d24-a56a-df4e4757cac5 ] Request (ServersTestMultiNic:setUpClass): 201 POST http://10.180.1.21/identity/v3/users 0.077s
2024-10-29 12:02:51.133 63190 INFO tempest.lib.common.rest_client [req-830f46f5-0316-477b-925d-897123b699ee req-830f46f5-0316-477b-925d-897123b699ee ] Request (ServersTestMultiNic:setUpClass): 200 GET http://10.180.1.21/identity/v3/roles 0.023s
2024-10-29 12:02:51.168 63211 INFO tempest.lib.common.rest_client [req-0c2d9210-373a-4ad2-96a6-0b2f421f97fe req-0c2d9210-373a-4ad2-96a6-0b2f421f97fe ] Request (ServerDiskConfigTestJSON:test_rebuild_server_with_auto_disk_config): 200 GET http://10.180.1.21/compute/v2.1/servers/ab6d68e8-d1c0-429d-a99b-6c40d66fb6d6 1.680s
2024-10-29 12:02:51.172 63190 INFO tempest.lib.common.rest_client [req-b3c7e838-b689-4c74-be19-ca8e3250bda8 req-b3c7e838-b689-4c74-be19-ca8e3250bda8 ] Request (ServersTestMultiNic:setUpClass): 204 PUT http://10.180.1.21/identity/v3/projects/eb4fde1412c240b288e7337a06fae728/users/10e6ab2f8c50450d9ce9c06079726912/roles/f5694afb255643a29cd92d56d5a9a672 0.039s
2024-10-29 12:02:51.172 63165 INFO tempest.lib.common.rest_client [req-74628fa5-456c-498c-aaa9-699dba8b0da7 req-74628fa5-456c-498c-aaa9-699dba8b0da7 ] Request (ImagesNegativeTestJSON:test_create_image_from_deleted_server): 200 GET http://10.180.1.21/compute/v2.1/servers/ab0f02a1-f883-4ad6-8f8c-5c300fff0f70 1.644s
2024-10-29 12:02:51.172 63190 INFO tempest.lib.common.dynamic_creds [-] Dynamic test user 10e6ab2f8c50450d9ce9c06079726912 is created with scope project and roles: ['member']
2024-10-29 12:02:51.173 63190 INFO tempest.lib.common.dynamic_creds [-] Acquired dynamic creds: credentials: Credentials: {'domain_id': 'default', 'domain_name': 'Default', 'username': 'tempest-ServersTestMultiNic-5523554-project-member', 'project_domain_id': 'default', 'project_domain_name': 'Default', 'project_id': 'eb4fde1412c240b288e7337a06fae728', 'project_name': 'tempest-ServersTestMultiNic-5523554', 'tenant_id': 'eb4fde1412c240b288e7337a06fae728', 'tenant_name': 'tempest-ServersTestMultiNic-5523554', 'user_domain_id': 'default', 'user_domain_name': 'Default', 'user_id': '10e6ab2f8c50450d9ce9c06079726912', 'system': None}, Network: None, Subnet: None, Router: None
2024-10-29 12:02:51.237 63199 INFO tempest.lib.common.rest_client [req-fe750c6f-77a7-4692-be87-a31d763f8b08 req-fe750c6f-77a7-4692-be87-a31d763f8b08 ] Request (ServerRescueNegativeTestJSON:setUpClass): 200 PUT http://10.180.1.21:9696/networking/v2.0/routers/9324a76e-f390-41f0-a42a-ac621791f1e0/add_router_interface 1.255s
2024-10-29 12:02:51.237 63199 INFO tempest.lib.common.dynamic_creds [-] Created isolated network resources for: credentials: Credentials: {'domain_id': 'default', 'domain_name': 'Default', 'username': 'tempest-ServerRescueNegativeTestJSON-896304397-project-member', 'project_domain_id': 'default', 'project_domain_name': 'Default', 'project_id': 'b5dce93a611f490baf6fcdbcd9416e36', 'project_name': 'tempest-ServerRescueNegativeTestJSON-896304397', 'tenant_id': 'b5dce93a611f490baf6fcdbcd9416e36', 'tenant_name': 'tempest-ServerRescueNegativeTestJSON-896304397', 'user_domain_id': 'default', 'user_domain_name': 'Default', 'user_id': 'd02dc5d31a68497c880095c8dfe907f9', 'system': None}, Network: {'id': '6029e40e-b68e-4dd6-9583-da7cb29a89b1', 'name': 'tempest-ServerRescueNegativeTestJSON-59185317-network', 'tenant_id': 'b5dce93a611f490baf6fcdbcd9416e36', 'admin_state_up': True, 'mtu': 8950, 'status': 'ACTIVE', 'subnets': [], 'shared': False, 'project_id': 'b5dce93a611f490baf6fcdbcd9416e36', 'port_security_enabled': True, 'router:external': False, 'provider:network_type': 'vlan', 'provider:physical_network': 'default', 'provider:segmentation_id': 50, 'availability_zone_hints': [], 'availability_zones': [], 'ipv4_address_scope': None, 'ipv6_address_scope': None, 'description': '', 'tags': [], 'created_at': '2024-10-29T12:02:48Z', 'updated_at': '2024-10-29T12:02:48Z', 'revision_number': 1}, Subnet: {'id': 'a2186e8d-9088-43f3-afad-833236cdf284', 'name': 'tempest-ServerRescueNegativeTestJSON-59185317-subnet', 'tenant_id': 'b5dce93a611f490baf6fcdbcd9416e36', 'network_id': '6029e40e-b68e-4dd6-9583-da7cb29a89b1', 'ip_version': 4, 'subnetpool_id': None, 'enable_dhcp': True, 'ipv6_ra_mode': None, 'ipv6_address_mode': None, 'gateway_ip': '192.168.128.1', 'cidr': '192.168.128.0/28', 'allocation_pools': [{'start': '192.168.128.2', 'end': '192.168.128.14'}], 'host_routes': [], 'dns_nameservers': [], 'description': '', 'router:external': False, 'service_types': [], 'tags': [], 'created_at': '2024-10-29T12:02:48Z', 'updated_at': '2024-10-29T12:02:48Z', 'revision_number': 0, 'project_id': 'b5dce93a611f490baf6fcdbcd9416e36'}, Router: {'id': '9324a76e-f390-41f0-a42a-ac621791f1e0', 'name': 'tempest-ServerRescueNegativeTestJSON-59185317-router', 'tenant_id': 'b5dce93a611f490baf6fcdbcd9416e36', 'admin_state_up': True, 'status': 'ACTIVE', 'external_gateway_info': {'network_id': '5d40c542-af37-4d26-9780-567483bd9b4f', 'external_fixed_ips': [{'subnet_id': '17e9f324-f5f7-4a44-8d5e-97d507a8cd81', 'ip_address': '10.180.180.179'}], 'enable_snat': True}, 'description': '', 'availability_zones': [], 'distributed': False, 'ha': False, 'availability_zone_hints': [], 'routes': [], 'flavor_id': None, 'tags': [], 'created_at': '2024-10-29T12:02:48Z', 'updated_at': '2024-10-29T12:02:49Z', 'revision_number': 2, 'project_id': 'b5dce93a611f490baf6fcdbcd9416e36'}
2024-10-29 12:02:51.254 63190 INFO tempest.lib.common.rest_client [req-b4db150f-e55f-470b-a614-ad1122099797 req-b4db150f-e55f-470b-a614-ad1122099797 ] Request (ServersTestMultiNic:setUpClass): 201 POST http://10.180.1.21/identity/v3/auth/tokens 0.081s
2024-10-29 12:02:51.274 63163 INFO tempest.lib.common.rest_client [req-78ad5ad7-d6d4-4227-bdbd-79869544edcf req-78ad5ad7-d6d4-4227-bdbd-79869544edcf ] Request (FloatingIPsAssociationNegativeTestJSON:setUpClass): 200 GET http://10.180.1.21/compute/v2.1/servers/03ee0097-1200-43ce-9baa-e9da80105516 1.719s
2024-10-29 12:02:51.334 63199 INFO tempest.lib.common.rest_client [req-dca0c35c-9862-4ae0-9dfb-8eee5e9b35cb req-dca0c35c-9862-4ae0-9dfb-8eee5e9b35cb ] Request (ServerRescueNegativeTestJSON:setUpClass): 201 POST http://10.180.1.21/identity/v3/auth/tokens 0.091s
2024-10-29 12:02:51.346 63195 INFO tempest.lib.common.rest_client [req-6f6d4284-7272-4e90-90c1-fb9ff459b059 req-6f6d4284-7272-4e90-90c1-fb9ff459b059 ] Request (AttachInterfacesUnderV243Test:test_add_remove_fixed_ip): 200 GET http://10.180.1.21/compute/v2.1/servers/386ffe8a-a160-4dea-88e6-529219eaf99f 1.741s
2024-10-29 12:02:51.386 63199 INFO tempest.lib.common.rest_client [req-6a9c86bd-6991-4bec-add7-886db67b998d req-6a9c86bd-6991-4bec-add7-886db67b998d ] Request (ServerRescueNegativeTestJSON:setUpClass): 201 POST http://10.180.1.21/identity/v3/auth/tokens 0.045s
2024-10-29 12:02:51.386 63199 INFO tempest.lib.common.fixed_network [-] (ServerRescueNegativeTestJSON:setUpClass) Found network {'id': '6029e40e-b68e-4dd6-9583-da7cb29a89b1', 'name': 'tempest-ServerRescueNegativeTestJSON-59185317-network', 'tenant_id': 'b5dce93a611f490baf6fcdbcd9416e36', 'admin_state_up': True, 'mtu': 8950, 'status': 'ACTIVE', 'subnets': [], 'shared': False, 'project_id': 'b5dce93a611f490baf6fcdbcd9416e36', 'port_security_enabled': True, 'router:external': False, 'provider:network_type': 'vlan', 'provider:physical_network': 'default', 'provider:segmentation_id': 50, 'availability_zone_hints': [], 'availability_zones': [], 'ipv4_address_scope': None, 'ipv6_address_scope': None, 'description': '', 'tags': [], 'created_at': '2024-10-29T12:02:48Z', 'updated_at': '2024-10-29T12:02:48Z', 'revision_number': 1} available for tenant
2024-10-29 12:02:51.410 63201 INFO tempest.lib.common.rest_client [req-ca410673-2f84-4aa8-b4c5-9d0cafdbc30d req-ca410673-2f84-4aa8-b4c5-9d0cafdbc30d ] Request (ServerDiagnosticsNegativeTest:test_get_server_diagnostics_by_non_admin): 200 GET http://10.180.1.21/compute/v2.1/servers/0c569bd2-7622-4285-9439-209a88f2e84d 1.723s
2024-10-29 12:02:51.448 63157 INFO tempest.lib.common.rest_client [req-0e6aed28-903c-4ef1-bd81-3bad2b6d334c req-0e6aed28-903c-4ef1-bd81-3bad2b6d334c ] Request (ServersAdminTestJSON:tearDownClass): 204 DELETE http://10.180.1.21/compute/v2.1/servers/e0ce4383-cade-4d85-a8a5-2437b9203d98 1.851s
2024-10-29 12:02:51.456 63209 INFO tempest.lib.common.rest_client [req-b0921ada-bd73-4a54-b70a-c52dc4be09ff req-b0921ada-bd73-4a54-b70a-c52dc4be09ff ] Request (VolumesTestJSON:test_volume_list_param_offset_and_limit): 200 GET http://10.180.1.21/compute/v2.1/os-volumes 1.417s
2024-10-29 12:02:51.502 63167 INFO tempest.lib.common.rest_client [req-4a5626cd-227d-4d8a-bc87-092197a94de5 req-4a5626cd-227d-4d8a-bc87-092197a94de5 ] Request (AttachInterfacesTestJSON:test_create_list_show_delete_interfaces_by_fixed_ip): 200 GET http://10.180.1.21/compute/v2.1/servers/7ab06c90-5d19-43fa-b91b-7d17f85d3258 1.424s
2024-10-29 12:02:51.531 63213 INFO tempest.lib.common.rest_client [req-9678e4aa-84ab-49d3-bda4-3ea6347f9159 req-9678e4aa-84ab-49d3-bda4-3ea6347f9159 ] Request (DeleteServersAdminTestJSON:test_delete_server_while_in_error_state): 200 GET http://10.180.1.21/compute/v2.1/servers/a8e4d6d3-3908-4fe8-be33-5b70eb5a62a1 1.163s
2024-10-29 12:02:51.568 63187 INFO tempest.lib.common.rest_client [req-8da29417-3af2-4049-a230-97b8e89692d6 req-8da29417-3af2-4049-a230-97b8e89692d6 ] Request (MigrationsAdminTest:test_list_migrations_in_flavor_resize_situation): 200 GET http://10.180.1.21/compute/v2.1/servers/66b7e04a-968b-44b0-9bb2-e467810bbf6b 0.994s
2024-10-29 12:02:51.568 63205 INFO tempest.lib.common.rest_client [req-bfea436d-40fb-4502-81ec-fa38abd0cb51 req-bfea436d-40fb-4502-81ec-fa38abd0cb51 ] Request (ServerDiagnosticsV248Test:tearDownClass): 404 GET http://10.180.1.21/compute/v2.1/servers/6ca62d1b-9533-4b83-8e8a-7f62a34c90a3 0.852s
2024-10-29 12:02:51.575 63187 INFO tempest.common.waiters [-] State transition "BUILD/spawning" ==> "ERROR/None" after 41 second wait
2024-10-29 12:02:51.619 63175 INFO tempest.lib.common.rest_client [req-3a0d5b2e-f298-415b-860a-d0acc31cef72 req-3a0d5b2e-f298-415b-860a-d0acc31cef72 ] Request (SecurityGroupRulesTestJSON:test_security_group_rules_delete_when_peer_group_deleted): 200 GET http://10.180.1.21/compute/v2.1/os-security-groups/28705a47-8d29-4b80-b2ea-40137358da23 0.822s
2024-10-29 12:02:51.629 63183 INFO tempest.lib.common.rest_client [req-1fa00d42-8806-4133-8f76-83b26510f312 req-1fa00d42-8806-4133-8f76-83b26510f312 ] Request (ServerExternalEventsTest:test_create_server_external_events): 200 GET http://10.180.1.21/compute/v2.1/servers/f247b499-0a04-47ae-98b0-cb3f7f088a62 0.823s
2024-10-29 12:02:51.674 63205 INFO tempest.lib.common.rest_client [req-d7df7aca-5fa1-464d-8633-47519a7a2c5c req-d7df7aca-5fa1-464d-8633-47519a7a2c5c ] Request (ServerDiagnosticsV248Test:tearDownClass): 204 DELETE http://10.180.1.21/identity/v3/users/b0f596cea1564a5a86871109ab8edcac 0.106s
2024-10-29 12:02:51.690 63161 INFO tempest.lib.common.rest_client [req-e0483584-2ffa-41c1-b5a6-8802ab0f3a9f req-e0483584-2ffa-41c1-b5a6-8802ab0f3a9f ] Request (FloatingIPsAssociationTestJSON:setUpClass): 200 GET http://10.180.1.21/compute/v2.1/servers/33910d6d-0911-4e2a-82af-1b705cedd3fe 0.724s
2024-10-29 12:02:51.691 63207 INFO tempest.lib.common.rest_client [req-a41a325b-39fb-4266-bba6-201067d84c59 req-a41a325b-39fb-4266-bba6-201067d84c59 ] Request (ServerActionsTestOtherB:setUpClass): 200 GET http://10.180.1.21/compute/v2.1/servers/353b72b2-cd56-442f-9010-c75baf8f5a48 0.797s
2024-10-29 12:02:51.705 63190 INFO tempest.lib.common.rest_client [req-53fd8058-f7b6-48b7-8a72-cefee31e8234 req-53fd8058-f7b6-48b7-8a72-cefee31e8234 ] Request (ServersTestMultiNic:setUpClass): 201 POST http://10.180.1.21:9696/networking/v2.0/networks 0.450s
2024-10-29 12:02:51.763 63219 INFO tempest.lib.common.rest_client [req-5e725c71-69cf-4473-923f-ed53b82db011 req-5e725c71-69cf-4473-923f-ed53b82db011 ] Request (VolumesAssistedSnapshotsTest:test_volume_assisted_snapshot_create_delete): 200 GET http://10.180.1.21/compute/v2.1/servers/e08d9f27-d2b3-4532-862f-b68e830e8d17 0.635s
2024-10-29 12:02:51.766 63203 INFO tempest.lib.common.rest_client [req-0f7e9e4b-cea6-47fb-9369-c212c74ec516 req-0f7e9e4b-cea6-47fb-9369-c212c74ec516 ] Request (ServerGroupTestJSON:test_create_server_with_scheduler_hint_group): 200 GET http://10.180.1.21/compute/v2.1/servers/5a825d36-7563-4792-8f68-8814ec96cfde 0.605s
2024-10-29 12:02:51.789 63205 INFO tempest.lib.common.rest_client [req-8ce3c8d9-76cd-4bbe-adcc-dc942668d152 req-8ce3c8d9-76cd-4bbe-adcc-dc942668d152 ] Request (ServerDiagnosticsV248Test:tearDownClass): 204 DELETE http://10.180.1.21/identity/v3/users/d248459aace142768505a661971d0be0 0.115s
2024-10-29 12:02:51.790 63205 INFO tempest.lib.common.dynamic_creds [-] Deleting project and security group for project: f7d0f66793ef44469f3c9cbc93e8697b
2024-10-29 12:02:51.838 63171 INFO tempest.lib.common.rest_client [req-54658efd-cae7-4d63-993a-1178e078a842 req-54658efd-cae7-4d63-993a-1178e078a842 ] Request (ServersNegativeTestJSON:setUpClass): 200 GET http://10.180.1.21/compute/v2.1/servers/2e1217a9-e3b5-4f8c-af4e-3d5da315b3ab 0.636s
2024-10-29 12:02:51.847 63185 INFO tempest.lib.common.rest_client [req-59081cfe-f433-4ccd-b5a1-c5de23ab8884 req-59081cfe-f433-4ccd-b5a1-c5de23ab8884 ] Request (ServersWithSpecificFlavorTestJSON:test_verify_created_server_ephemeral_disk): 200 GET http://10.180.1.21/compute/v2.1/servers/25758cb8-6635-4284-bc94-a95389af3c8a 0.590s
2024-10-29 12:02:51.874 63205 INFO tempest.lib.common.rest_client [req-f37819da-990b-4bd0-b655-374a69e9796d req-f37819da-990b-4bd0-b655-374a69e9796d ] Request (ServerDiagnosticsV248Test:tearDownClass): 201 POST http://10.180.1.21/identity/v3/auth/tokens 0.084s
2024-10-29 12:02:51.953 63217 INFO tempest.lib.common.rest_client [req-db8f6fb6-3560-4abf-8a86-231f70ea1c50 req-db8f6fb6-3560-4abf-8a86-231f70ea1c50 ] Request (ServerAddressesTestJSON:setUpClass): 200 GET http://10.180.1.21/compute/v2.1/servers/2a8c7285-35dd-4112-b84a-ea384aead074 0.601s
2024-10-29 12:02:51.963 63192 INFO tempest.lib.common.rest_client [req-dc50c18f-892d-4869-8ed4-4e05fab242d5 req-dc50c18f-892d-4869-8ed4-4e05fab242d5 ] Request (ServersAdmin275Test:tearDownClass): 200 GET http://10.180.1.21/compute/v2.1/servers/a33da17c-bbb2-4307-b4b3-56cec5cb757e 0.613s
2024-10-29 12:02:51.976 63179 INFO tempest.lib.common.rest_client [req-29cb0e8e-6ea7-43a6-b717-64f916f0922c req-29cb0e8e-6ea7-43a6-b717-64f916f0922c ] Request (ServersTestManualDisk:setUpClass): 201 POST http://10.180.1.21:9696/networking/v2.0/routers 0.994s
2024-10-29 12:02:51.986 63157 INFO tempest.lib.common.rest_client [req-79ee0541-2c39-4c4e-89e5-069efb103520 req-79ee0541-2c39-4c4e-89e5-069efb103520 ] Request (ServersAdminTestJSON:tearDownClass): 404 GET http://10.180.1.21/compute/v2.1/servers/e0ce4383-cade-4d85-a8a5-2437b9203d98 0.537s
2024-10-29 12:02:52.029 63209 INFO tempest.lib.common.rest_client [req-e7a56fa2-e0b9-47a7-af61-9b0cf5add9b9 req-e7a56fa2-e0b9-47a7-af61-9b0cf5add9b9 ] Request (VolumesTestJSON:test_volume_list_param_offset_and_limit): 200 GET http://10.180.1.21/compute/v2.1/os-volumes?offset=1&limit=1 0.569s
2024-10-29 12:02:52.160 63205 INFO tempest.lib.common.rest_client [req-2a739666-a9de-44a8-b38e-a63a1615f964 req-2a739666-a9de-44a8-b38e-a63a1615f964 ] Request (ServerDiagnosticsV248Test:tearDownClass): 200 GET http://10.180.1.21:9696/networking/v2.0/security-groups?tenant_id=f7d0f66793ef44469f3c9cbc93e8697b&name=default 0.285s
2024-10-29 12:02:52.232 63190 INFO tempest.lib.common.rest_client [req-f1c76a76-6589-4db4-9f54-35882c2d1a1a req-f1c76a76-6589-4db4-9f54-35882c2d1a1a ] Request (ServersTestMultiNic:setUpClass): 201 POST http://10.180.1.21:9696/networking/v2.0/subnets 0.527s
2024-10-29 12:02:52.237 63187 INFO tempest.lib.common.rest_client [req-5c1ed2ef-37fc-4191-9dbb-5922bebbf34b req-5c1ed2ef-37fc-4191-9dbb-5922bebbf34b ] Request (MigrationsAdminTest:test_list_migrations_in_flavor_resize_situation): 204 DELETE http://10.180.1.21/compute/v2.1/servers/66b7e04a-968b-44b0-9bb2-e467810bbf6b 0.662s
2024-10-29 12:02:52.317 63169 INFO tempest.lib.common.rest_client [req-60b6fc71-8d0b-4139-b47b-dd7f6003ca23 req-60b6fc71-8d0b-4139-b47b-dd7f6003ca23 ] Request (ServersAdminNegativeTestJSON:setUpClass): 200 GET http://10.180.1.21/compute/v2.1/servers/6f5cc707-70e8-48fb-8d9d-904f3e0130af 0.696s
2024-10-29 12:02:52.317 63205 INFO tempest.lib.common.rest_client [req-37e7833e-d3dd-4838-b030-f08fb8ccec92 req-37e7833e-d3dd-4838-b030-f08fb8ccec92 ] Request (ServerDiagnosticsV248Test:tearDownClass): 204 DELETE http://10.180.1.21:9696/networking/v2.0/security-groups/ca288ff5-7e0c-4565-9f5d-9cb9c938ed78 0.156s
2024-10-29 12:02:52.437 63205 INFO tempest.lib.common.rest_client [req-f6d5794b-e191-449b-a674-e61f58826efa req-f6d5794b-e191-449b-a674-e61f58826efa ] Request (ServerDiagnosticsV248Test:tearDownClass): 204 DELETE http://10.180.1.21/identity/v3/projects/f7d0f66793ef44469f3c9cbc93e8697b 0.119s
2024-10-29 12:02:52.437 63205 INFO tempest.lib.common.dynamic_creds [-] Deleting project and security group for project: d3f01faee2af42929c030052505138a6
2024-10-29 12:02:52.608 63205 INFO tempest.lib.common.rest_client [req-fa00cdde-1ccb-4ed3-bd5f-24aa2c2ed166 req-fa00cdde-1ccb-4ed3-bd5f-24aa2c2ed166 ] Request (ServerDiagnosticsV248Test:tearDownClass): 200 GET http://10.180.1.21:9696/networking/v2.0/security-groups?tenant_id=d3f01faee2af42929c030052505138a6&name=default 0.170s
2024-10-29 12:02:52.713 63181 INFO tempest.lib.common.rest_client [req-9a2dba4b-c813-4696-80c4-70cce136af3b req-9a2dba4b-c813-4696-80c4-70cce136af3b ] Request (ServersTestBootFromVolume:setUpClass): 200 PUT http://10.180.1.21:9696/networking/v2.0/routers/1bf24b58-64e0-4c6f-9831-8757486cf741/add_router_interface 2.614s
2024-10-29 12:02:52.714 63181 INFO tempest.lib.common.dynamic_creds [-] Created isolated network resources for: credentials: Credentials: {'domain_id': 'default', 'domain_name': 'Default', 'username': 'tempest-ServersTestBootFromVolume-414653886-project-member', 'project_domain_id': 'default', 'project_domain_name': 'Default', 'project_id': '2b5f5b3d8f59493683027a660f8b8274', 'project_name': 'tempest-ServersTestBootFromVolume-414653886', 'tenant_id': '2b5f5b3d8f59493683027a660f8b8274', 'tenant_name': 'tempest-ServersTestBootFromVolume-414653886', 'user_domain_id': 'default', 'user_domain_name': 'Default', 'user_id': '7586849ffa63400e890616df1a5e8c59', 'system': None}, Network: {'id': 'd5b868e3-5b5b-4465-96f8-0cf0aacc4dd8', 'name': 'tempest-ServersTestBootFromVolume-821099030-network', 'tenant_id': '2b5f5b3d8f59493683027a660f8b8274', 'admin_state_up': True, 'mtu': 8950, 'status': 'ACTIVE', 'subnets': [], 'shared': False, 'project_id': '2b5f5b3d8f59493683027a660f8b8274', 'port_security_enabled': True, 'router:external': False, 'provider:network_type': 'vlan', 'provider:physical_network': 'default', 'provider:segmentation_id': 48, 'availability_zone_hints': [], 'availability_zones': [], 'ipv4_address_scope': None, 'ipv6_address_scope': None, 'description': '', 'tags': [], 'created_at': '2024-10-29T12:02:47Z', 'updated_at': '2024-10-29T12:02:47Z', 'revision_number': 1}, Subnet: {'id': '13cce7f6-04f0-4085-b949-37e8b3b5da02', 'name': 'tempest-ServersTestBootFromVolume-821099030-subnet', 'tenant_id': '2b5f5b3d8f59493683027a660f8b8274', 'network_id': 'd5b868e3-5b5b-4465-96f8-0cf0aacc4dd8', 'ip_version': 4, 'subnetpool_id': None, 'enable_dhcp': True, 'ipv6_ra_mode': None, 'ipv6_address_mode': None, 'gateway_ip': '192.168.128.1', 'cidr': '192.168.128.0/28', 'allocation_pools': [{'start': '192.168.128.2', 'end': '192.168.128.14'}], 'host_routes': [], 'dns_nameservers': [], 'description': '', 'router:external': False, 'service_types': [], 'tags': [], 'created_at': '2024-10-29T12:02:47Z', 'updated_at': '2024-10-29T12:02:47Z', 'revision_number': 0, 'project_id': '2b5f5b3d8f59493683027a660f8b8274'}, Router: {'id': '1bf24b58-64e0-4c6f-9831-8757486cf741', 'name': 'tempest-ServersTestBootFromVolume-821099030-router', 'tenant_id': '2b5f5b3d8f59493683027a660f8b8274', 'admin_state_up': True, 'status': 'ACTIVE', 'external_gateway_info': {'network_id': '5d40c542-af37-4d26-9780-567483bd9b4f', 'external_fixed_ips': [{'subnet_id': '17e9f324-f5f7-4a44-8d5e-97d507a8cd81', 'ip_address': '10.180.180.243'}], 'enable_snat': True}, 'description': '', 'availability_zones': [], 'distributed': False, 'ha': False, 'availability_zone_hints': [], 'routes': [], 'flavor_id': None, 'tags': [], 'created_at': '2024-10-29T12:02:48Z', 'updated_at': '2024-10-29T12:02:49Z', 'revision_number': 2, 'project_id': '2b5f5b3d8f59493683027a660f8b8274'}
2024-10-29 12:02:52.749 63205 INFO tempest.lib.common.rest_client [req-80026011-81e5-4ca9-9032-85be4d7e66a2 req-80026011-81e5-4ca9-9032-85be4d7e66a2 ] Request (ServerDiagnosticsV248Test:tearDownClass): 204 DELETE http://10.180.1.21:9696/networking/v2.0/security-groups/85fd25b8-145d-49fb-91c8-a507b51a6d1c 0.139s
2024-10-29 12:02:52.761 63175 INFO tempest.lib.common.rest_client [req-513dede4-07ff-4900-b38e-53ebcdbf857b req-513dede4-07ff-4900-b38e-53ebcdbf857b ] Request (SecurityGroupRulesTestJSON:test_security_group_rules_list): 200 POST http://10.180.1.21/compute/v2.1/os-security-groups 1.137s
2024-10-29 12:02:52.812 63181 INFO tempest.lib.common.rest_client [req-f1a88094-6e9f-4331-92b7-aa48bb7f3691 req-f1a88094-6e9f-4331-92b7-aa48bb7f3691 ] Request (ServersTestBootFromVolume:setUpClass): 201 POST http://10.180.1.21/identity/v3/auth/tokens 0.093s
2024-10-29 12:02:52.847 63215 INFO tempest.lib.common.rest_client [req-3f564067-7e33-44ef-ac23-9186f05b39bb req-3f564067-7e33-44ef-ac23-9186f05b39bb ] Request (ServersTestJSON:test_create_server_specify_multibyte_character_name): 200 GET http://10.180.1.21/compute/v2.1/servers/147165a4-9071-4516-9498-fa4c706a5e37 1.114s
2024-10-29 12:02:52.855 63215 INFO tempest.common.waiters [-] State transition "BUILD/None" ==> "BUILD/networking" after 28 second wait
2024-10-29 12:02:52.868 63205 INFO tempest.lib.common.rest_client [req-c39b17a2-4a04-4495-9981-6ffd0f6fc897 req-c39b17a2-4a04-4495-9981-6ffd0f6fc897 ] Request (ServerDiagnosticsV248Test:tearDownClass): 204 DELETE http://10.180.1.21/identity/v3/projects/d3f01faee2af42929c030052505138a6 0.118s
2024-10-29 12:02:52.910 63199 INFO tempest.lib.common.rest_client [req-ad8de4c4-a5e3-48cb-966b-9cd5c915be38 req-ad8de4c4-a5e3-48cb-966b-9cd5c915be38 ] Request (ServerRescueNegativeTestJSON:setUpClass): 202 POST http://10.180.1.21/compute/v2.1/servers 1.523s
2024-10-29 12:02:52.950 63173 INFO tempest.lib.common.rest_client [req-f4986b0b-bf64-4b37-8c4a-d6d45d62610d req-f4986b0b-bf64-4b37-8c4a-d6d45d62610d ] Request (ServerMetadataNegativeTestJSON:setUpClass): 200 GET http://10.180.1.21/compute/v2.1/servers/bb28249e-a9d3-4d7d-bd05-128f1110dbca 1.132s
2024-10-29 12:02:52.951 63205 INFO tempest.lib.common.rest_client [req-c2a4a7c7-f01d-4cbb-b146-b9a500382fee req-c2a4a7c7-f01d-4cbb-b146-b9a500382fee ] Request (FloatingIPsNegativeTestJSON:setUpClass): 201 POST http://10.180.1.21/identity/v3/auth/tokens 0.081s
2024-10-29 12:02:52.976 63193 INFO tempest.lib.common.rest_client [req-2d5fbd51-0a3b-47ae-91cf-b8383d0d1ab1 req-2d5fbd51-0a3b-47ae-91cf-b8383d0d1ab1 ] Request (DeleteServersTestJSON:test_delete_active_server): 200 GET http://10.180.1.21/compute/v2.1/servers/0dba167b-aa56-4463-9749-b74fbc7430d9 1.062s
2024-10-29 12:02:52.984 63193 INFO tempest.common.waiters [-] State transition "BUILD/scheduling" ==> "BUILD/None" after 22 second wait
2024-10-29 12:02:52.992 63205 INFO tempest.lib.common.rest_client [req-79d13faa-9ef4-48e3-991c-3c9de28fcf25 req-79d13faa-9ef4-48e3-991c-3c9de28fcf25 ] Request (FloatingIPsNegativeTestJSON:setUpClass): 201 POST http://10.180.1.21/identity/v3/auth/tokens 0.037s
2024-10-29 12:02:53.022 63209 INFO tempest.lib.common.rest_client [req-d4db414c-03bd-4bfa-acd2-f8ea4413bc6a req-d4db414c-03bd-4bfa-acd2-f8ea4413bc6a ] Request (VolumesTestJSON:test_volume_list_with_detail_param_limit): 200 GET http://10.180.1.21/compute/v2.1/os-volumes/detail?limit=2 0.989s
2024-10-29 12:02:53.028 63205 INFO tempest.lib.common.rest_client [req-4510f5b6-4e56-45a5-91c3-2993692652eb req-4510f5b6-4e56-45a5-91c3-2993692652eb ] Request (FloatingIPsNegativeTestJSON:setUpClass): 200 GET http://10.180.1.21/identity/v3/domains?name=Default 0.035s
2024-10-29 12:02:53.055 63177 INFO tempest.lib.common.rest_client [req-d316bf9d-14be-4a07-bc27-a4f8b1faf488 req-d316bf9d-14be-4a07-bc27-a4f8b1faf488 ] Request (ServersTestJSON:setUpClass): 200 GET http://10.180.1.21/compute/v2.1/servers/f106b311-fc2f-4811-b7e0-d680de236b78 1.139s
2024-10-29 12:02:53.066 63205 INFO tempest.lib.common.rest_client [req-99bd5abe-c3ee-4c42-81e8-cad02b167248 req-99bd5abe-c3ee-4c42-81e8-cad02b167248 ] Request (FloatingIPsNegativeTestJSON:setUpClass): 201 POST http://10.180.1.21/identity/v3/projects 0.036s
2024-10-29 12:02:53.077 63179 INFO tempest.lib.common.rest_client [req-808da34a-131f-451f-af57-10b5660e71b2 req-808da34a-131f-451f-af57-10b5660e71b2 ] Request (ServersTestManualDisk:setUpClass): 200 PUT http://10.180.1.21:9696/networking/v2.0/routers/68bafc13-439a-4feb-a7f0-c08501a10be6/add_router_interface 1.100s
2024-10-29 12:02:53.077 63179 INFO tempest.lib.common.dynamic_creds [-] Created isolated network resources for: credentials: Credentials: {'domain_id': 'default', 'domain_name': 'Default', 'username': 'tempest-ServersTestManualDisk-1306562133-project-member', 'project_domain_id': 'default', 'project_domain_name': 'Default', 'project_id': 'b5d530fb253140899a6611ba9b6339cd', 'project_name': 'tempest-ServersTestManualDisk-1306562133', 'tenant_id': 'b5d530fb253140899a6611ba9b6339cd', 'tenant_name': 'tempest-ServersTestManualDisk-1306562133', 'user_domain_id': 'default', 'user_domain_name': 'Default', 'user_id': '3f4a85a64c5045c2a64e3fab12c5d673', 'system': None}, Network: {'id': '8d195f7e-92be-4e6e-aad3-1fa05f6ec26a', 'name': 'tempest-ServersTestManualDisk-2102038651-network', 'tenant_id': 'b5d530fb253140899a6611ba9b6339cd', 'admin_state_up': True, 'mtu': 8950, 'status': 'ACTIVE', 'subnets': [], 'shared': False, 'project_id': 'b5d530fb253140899a6611ba9b6339cd', 'port_security_enabled': True, 'router:external': False, 'provider:network_type': 'vlan', 'provider:physical_network': 'default', 'provider:segmentation_id': 944, 'availability_zone_hints': [], 'availability_zones': [], 'ipv4_address_scope': None, 'ipv6_address_scope': None, 'description': '', 'tags': [], 'created_at': '2024-10-29T12:02:50Z', 'updated_at': '2024-10-29T12:02:50Z', 'revision_number': 1}, Subnet: {'id': 'fcf1a1a7-2d22-4dc1-b3da-498962fe7f2b', 'name': 'tempest-ServersTestManualDisk-2102038651-subnet', 'tenant_id': 'b5d530fb253140899a6611ba9b6339cd', 'network_id': '8d195f7e-92be-4e6e-aad3-1fa05f6ec26a', 'ip_version': 4, 'subnetpool_id': None, 'enable_dhcp': True, 'ipv6_ra_mode': None, 'ipv6_address_mode': None, 'gateway_ip': '192.168.128.1', 'cidr': '192.168.128.0/28', 'allocation_pools': [{'start': '192.168.128.2', 'end': '192.168.128.14'}], 'host_routes': [], 'dns_nameservers': [], 'description': '', 'router:external': False, 'service_types': [], 'tags': [], 'created_at': '2024-10-29T12:02:50Z', 'updated_at': '2024-10-29T12:02:50Z', 'revision_number': 0, 'project_id': 'b5d530fb253140899a6611ba9b6339cd'}, Router: {'id': '68bafc13-439a-4feb-a7f0-c08501a10be6', 'name': 'tempest-ServersTestManualDisk-2102038651-router', 'tenant_id': 'b5d530fb253140899a6611ba9b6339cd', 'admin_state_up': True, 'status': 'ACTIVE', 'external_gateway_info': {'network_id': '5d40c542-af37-4d26-9780-567483bd9b4f', 'external_fixed_ips': [{'subnet_id': '17e9f324-f5f7-4a44-8d5e-97d507a8cd81', 'ip_address': '10.180.180.160'}], 'enable_snat': True}, 'description': '', 'availability_zones': [], 'distributed': False, 'ha': False, 'availability_zone_hints': [], 'routes': [], 'flavor_id': None, 'tags': [], 'created_at': '2024-10-29T12:02:51Z', 'updated_at': '2024-10-29T12:02:51Z', 'revision_number': 2, 'project_id': 'b5d530fb253140899a6611ba9b6339cd'}
2024-10-29 12:02:53.141 63211 INFO tempest.lib.common.rest_client [req-b9ae1fea-8d4a-4f5e-9e3e-317f6343ea61 req-b9ae1fea-8d4a-4f5e-9e3e-317f6343ea61 ] Request (ServerDiskConfigTestJSON:test_rebuild_server_with_auto_disk_config): 200 GET http://10.180.1.21/compute/v2.1/servers/ab6d68e8-d1c0-429d-a99b-6c40d66fb6d6 0.964s
2024-10-29 12:02:53.149 63205 INFO tempest.lib.common.rest_client [req-9cfdb59e-1da3-40d1-bb9c-b8b90cbc1aa7 req-9cfdb59e-1da3-40d1-bb9c-b8b90cbc1aa7 ] Request (FloatingIPsNegativeTestJSON:setUpClass): 201 POST http://10.180.1.21/identity/v3/users 0.082s
2024-10-29 12:02:53.152 63165 INFO tempest.lib.common.rest_client [req-3f5cfb91-f8c1-4e07-aad9-b78450cc8920 req-3f5cfb91-f8c1-4e07-aad9-b78450cc8920 ] Request (ImagesNegativeTestJSON:test_create_image_from_deleted_server): 200 GET http://10.180.1.21/compute/v2.1/servers/ab0f02a1-f883-4ad6-8f8c-5c300fff0f70 0.968s
2024-10-29 12:02:53.159 63187 INFO tempest.lib.common.rest_client [req-22cc4d4e-65c1-4fd0-a383-f311272880a9 req-22cc4d4e-65c1-4fd0-a383-f311272880a9 ] Request (MigrationsAdminTest:test_list_migrations_in_flavor_resize_situation): 404 GET http://10.180.1.21/compute/v2.1/servers/66b7e04a-968b-44b0-9bb2-e467810bbf6b 0.921s
2024-10-29 12:02:53.161 63179 INFO tempest.lib.common.rest_client [req-5c54e484-13e4-470d-aae7-9f94b151db49 req-5c54e484-13e4-470d-aae7-9f94b151db49 ] Request (ServersTestManualDisk:setUpClass): 201 POST http://10.180.1.21/identity/v3/auth/tokens 0.078s
2024-10-29 12:02:53.176 63205 INFO tempest.lib.common.rest_client [req-892eaa60-64a7-472b-a46f-12e7c57f331b req-892eaa60-64a7-472b-a46f-12e7c57f331b ] Request (FloatingIPsNegativeTestJSON:setUpClass): 200 GET http://10.180.1.21/identity/v3/roles 0.026s
2024-10-29 12:02:53.204 63205 INFO tempest.lib.common.rest_client [req-7ec73e95-21c3-4c26-ab6a-e0561358f99b req-7ec73e95-21c3-4c26-ab6a-e0561358f99b ] Request (FloatingIPsNegativeTestJSON:setUpClass): 204 PUT http://10.180.1.21/identity/v3/projects/90ffb19528694b95b58c257f1cf5fe73/users/c9d30d4501614d5e8f7c32cc5abd0275/roles/f5694afb255643a29cd92d56d5a9a672 0.028s
2024-10-29 12:02:53.204 63205 INFO tempest.lib.common.dynamic_creds [-] Dynamic test user c9d30d4501614d5e8f7c32cc5abd0275 is created with scope project and roles: ['member']
2024-10-29 12:02:53.205 63205 INFO tempest.lib.common.dynamic_creds [-] Acquired dynamic creds: credentials: Credentials: {'domain_id': 'default', 'domain_name': 'Default', 'username': 'tempest-FloatingIPsNegativeTestJSON-1707400566-project-member', 'project_domain_id': 'default', 'project_domain_name': 'Default', 'project_id': '90ffb19528694b95b58c257f1cf5fe73', 'project_name': 'tempest-FloatingIPsNegativeTestJSON-1707400566', 'tenant_id': '90ffb19528694b95b58c257f1cf5fe73', 'tenant_name': 'tempest-FloatingIPsNegativeTestJSON-1707400566', 'user_domain_id': 'default', 'user_domain_name': 'Default', 'user_id': 'c9d30d4501614d5e8f7c32cc5abd0275', 'system': None}, Network: None, Subnet: None, Router: None
2024-10-29 12:02:53.258 63205 INFO tempest.lib.common.rest_client [req-6960398c-f7d9-43d8-a5c0-c99f5f0c8198 req-6960398c-f7d9-43d8-a5c0-c99f5f0c8198 ] Request (FloatingIPsNegativeTestJSON:setUpClass): 201 POST http://10.180.1.21/identity/v3/auth/tokens 0.053s
2024-10-29 12:02:53.404 63163 INFO tempest.lib.common.rest_client [req-d892ad05-5bc4-4935-8dbe-63d9d227438b req-d892ad05-5bc4-4935-8dbe-63d9d227438b ] Request (FloatingIPsAssociationNegativeTestJSON:setUpClass): 200 GET http://10.180.1.21/compute/v2.1/servers/03ee0097-1200-43ce-9baa-e9da80105516 1.119s
2024-10-29 12:02:53.409 63195 INFO tempest.lib.common.rest_client [req-519a17cf-6433-4920-bced-33b82eb8e6a8 req-519a17cf-6433-4920-bced-33b82eb8e6a8 ] Request (AttachInterfacesUnderV243Test:test_add_remove_fixed_ip): 200 GET http://10.180.1.21/compute/v2.1/servers/386ffe8a-a160-4dea-88e6-529219eaf99f 1.054s
2024-10-29 12:02:53.491 63201 INFO tempest.lib.common.rest_client [req-6722daaf-9a18-4cfb-8ebc-c8a5665ffd05 req-6722daaf-9a18-4cfb-8ebc-c8a5665ffd05 ] Request (ServerDiagnosticsNegativeTest:test_get_server_diagnostics_by_non_admin): 200 GET http://10.180.1.21/compute/v2.1/servers/0c569bd2-7622-4285-9439-209a88f2e84d 1.073s
2024-10-29 12:02:53.507 63167 INFO tempest.lib.common.rest_client [req-f875290d-833b-4832-9dd8-fff6c3e25a94 req-f875290d-833b-4832-9dd8-fff6c3e25a94 ] Request (AttachInterfacesTestJSON:test_create_list_show_delete_interfaces_by_fixed_ip): 200 GET http://10.180.1.21/compute/v2.1/servers/7ab06c90-5d19-43fa-b91b-7d17f85d3258 0.995s
2024-10-29 12:02:53.532 63205 INFO tempest.lib.common.rest_client [req-872a19d0-5f0a-41e9-bfe1-f904e821a4bd req-872a19d0-5f0a-41e9-bfe1-f904e821a4bd ] Request (FloatingIPsNegativeTestJSON:setUpClass): 201 POST http://10.180.1.21:9696/networking/v2.0/networks 0.273s
2024-10-29 12:02:53.559 63213 INFO tempest.lib.common.rest_client [req-f4f3ba76-b4d5-4dfc-b89d-f5779efd593a req-f4f3ba76-b4d5-4dfc-b89d-f5779efd593a ] Request (DeleteServersAdminTestJSON:test_delete_server_while_in_error_state): 200 GET http://10.180.1.21/compute/v2.1/servers/a8e4d6d3-3908-4fe8-be33-5b70eb5a62a1 1.021s
2024-10-29 12:02:53.596 63183 INFO tempest.lib.common.rest_client [req-4bebab32-db86-439e-90bd-69d0baa04e42 req-4bebab32-db86-439e-90bd-69d0baa04e42 ] Request (ServerExternalEventsTest:test_create_server_external_events): 200 GET http://10.180.1.21/compute/v2.1/servers/f247b499-0a04-47ae-98b0-cb3f7f088a62 0.958s
2024-10-29 12:02:53.633 63161 INFO tempest.lib.common.rest_client [req-d97c31ec-11ba-4b88-b919-8790a1c0dfee req-d97c31ec-11ba-4b88-b919-8790a1c0dfee ] Request (FloatingIPsAssociationTestJSON:setUpClass): 200 GET http://10.180.1.21/compute/v2.1/servers/33910d6d-0911-4e2a-82af-1b705cedd3fe 0.935s
2024-10-29 12:02:53.680 63207 INFO tempest.lib.common.rest_client [req-5b7b94f4-983b-43d2-a1df-b9d2cf28400c req-5b7b94f4-983b-43d2-a1df-b9d2cf28400c ] Request (ServerActionsTestOtherB:setUpClass): 200 GET http://10.180.1.21/compute/v2.1/servers/353b72b2-cd56-442f-9010-c75baf8f5a48 0.980s
2024-10-29 12:02:53.681 63205 INFO tempest.lib.common.rest_client [req-38a45f35-72b8-4148-9bef-36252ff73879 req-38a45f35-72b8-4148-9bef-36252ff73879 ] Request (FloatingIPsNegativeTestJSON:setUpClass): 201 POST http://10.180.1.21:9696/networking/v2.0/subnets 0.148s
2024-10-29 12:02:53.752 63219 INFO tempest.lib.common.rest_client [req-625b3afb-3bf7-40f8-b632-a632960f76b3 req-625b3afb-3bf7-40f8-b632-a632960f76b3 ] Request (VolumesAssistedSnapshotsTest:test_volume_assisted_snapshot_create_delete): 200 GET http://10.180.1.21/compute/v2.1/servers/e08d9f27-d2b3-4532-862f-b68e830e8d17 0.981s
2024-10-29 12:02:53.841 63203 INFO tempest.lib.common.rest_client [req-1e436f55-c7ad-4129-be40-b62c946603c0 req-1e436f55-c7ad-4129-be40-b62c946603c0 ] Request (ServerGroupTestJSON:test_create_server_with_scheduler_hint_group): 200 GET http://10.180.1.21/compute/v2.1/servers/5a825d36-7563-4792-8f68-8814ec96cfde 1.064s
2024-10-29 12:02:54.033 63181 INFO tempest.lib.common.rest_client [req-8c934f7f-a476-4826-9fab-00cbf47bb674 req-8c934f7f-a476-4826-9fab-00cbf47bb674 ] Request (ServersTestBootFromVolume:setUpClass): 200 POST http://10.180.1.21/compute/v2.1/os-keypairs 1.218s
2024-10-29 12:02:54.067 63175 INFO tempest.lib.common.rest_client [req-c5f6230b-8586-460d-9b08-72b084bb9f3a req-c5f6230b-8586-460d-9b08-72b084bb9f3a ] Request (SecurityGroupRulesTestJSON:test_security_group_rules_list): 200 POST http://10.180.1.21/compute/v2.1/os-security-group-rules 1.301s
2024-10-29 12:02:54.143 63171 INFO tempest.lib.common.rest_client [req-3393fefd-891b-46aa-84a4-f2fca9ea257b req-3393fefd-891b-46aa-84a4-f2fca9ea257b ] Request (ServersNegativeTestJSON:setUpClass): 200 GET http://10.180.1.21/compute/v2.1/servers/2e1217a9-e3b5-4f8c-af4e-3d5da315b3ab 1.294s
2024-10-29 12:02:54.158 63185 INFO tempest.lib.common.rest_client [req-42435ec9-8bd5-46a2-8c44-aa2c9d70f3ce req-42435ec9-8bd5-46a2-8c44-aa2c9d70f3ce ] Request (ServersWithSpecificFlavorTestJSON:test_verify_created_server_ephemeral_disk): 200 GET http://10.180.1.21/compute/v2.1/servers/25758cb8-6635-4284-bc94-a95389af3c8a 1.298s
2024-10-29 12:02:54.205 63199 INFO tempest.lib.common.rest_client [req-76a4068b-5b8b-48c7-94d9-af5f3cc6feed req-76a4068b-5b8b-48c7-94d9-af5f3cc6feed ] Request (ServerRescueNegativeTestJSON:setUpClass): 200 GET http://10.180.1.21/compute/v2.1/servers/7559e4b7-1cfe-438e-8a14-a964c1a76d52 1.293s
2024-10-29 12:02:54.231 63217 INFO tempest.lib.common.rest_client [req-cc746cb2-73dc-4f0e-82b4-56d06bfe64c2 req-cc746cb2-73dc-4f0e-82b4-56d06bfe64c2 ] Request (ServerAddressesTestJSON:setUpClass): 200 GET http://10.180.1.21/compute/v2.1/servers/2a8c7285-35dd-4112-b84a-ea384aead074 1.268s
2024-10-29 12:02:54.285 63209 INFO tempest.lib.common.rest_client [req-9e1aaea2-c13a-462b-9056-f2a714c51d3a req-9e1aaea2-c13a-462b-9056-f2a714c51d3a ] Request (VolumesTestJSON:test_volume_list_with_detail_param_offset_and_limit): 200 GET http://10.180.1.21/compute/v2.1/os-volumes/detail 1.258s
2024-10-29 12:02:54.293 63199 INFO tempest.lib.common.rest_client [req-3c2ed9a8-7b4d-4e88-9e19-4a488d4028ac req-3c2ed9a8-7b4d-4e88-9e19-4a488d4028ac ] Request (ServerRescueNegativeTestJSON:setUpClass): 201 POST http://10.180.1.21/identity/v3/auth/tokens 0.079s
