2024-10-29 12:03:20.798 63169 INFO tempest.lib.common.dynamic_creds [-] Deleting project and security group for project: 9e4b027d903242b89c8b9ae4f83b735c
2024-10-29 12:03:20.804 63173 INFO tempest.lib.common.rest_client [req-90ca6622-3886-4231-8565-9837d840a9ef req-90ca6622-3886-4231-8565-9837d840a9ef ] Request (ServerMetadataNegativeTestJSON:setUpClass): 200 GET http://10.180.1.21/compute/v2.1/servers/bb28249e-a9d3-4d7d-bd05-128f1110dbca 0.057s
2024-10-29 12:03:20.882 63169 INFO tempest.lib.common.rest_client [req-df1e37aa-b77d-4b6b-bb7d-5736e00974df req-df1e37aa-b77d-4b6b-bb7d-5736e00974df ] Request (ServersAdminNegativeTestJSON:tearDownClass): 200 GET http://10.180.1.21:9696/networking/v2.0/security-groups?tenant_id=9e4b027d903242b89c8b9ae4f83b735c&name=default 0.083s
2024-10-29 12:03:20.930 63207 INFO tempest.lib.common.rest_client [req-4b8b3b74-5d47-4115-9028-ff8c8f266905 req-4b8b3b74-5d47-4115-9028-ff8c8f266905 ] Request (ServerActionsTestOtherB:setUpClass): 200 GET http://10.180.1.21/compute/v2.1/servers/353b72b2-cd56-442f-9010-c75baf8f5a48 0.085s
2024-10-29 12:03:20.950 63193 INFO tempest.lib.common.rest_client [req-9082bd99-5bad-47c8-b993-2d09e83a89eb req-9082bd99-5bad-47c8-b993-2d09e83a89eb ] Request (DeleteServersTestJSON:test_delete_active_server): 200 GET http://10.180.1.21/compute/v2.1/servers/0dba167b-aa56-4463-9749-b74fbc7430d9 0.063s
2024-10-29 12:03:20.995 63169 INFO tempest.lib.common.rest_client [req-3b3b901f-1120-4ba8-a5fa-82eb9de79eea req-3b3b901f-1120-4ba8-a5fa-82eb9de79eea ] Request (ServersAdminNegativeTestJSON:tearDownClass): 204 DELETE http://10.180.1.21:9696/networking/v2.0/security-groups/76c18415-b571-4a1f-a337-baac5a65b4b3 0.113s
2024-10-29 12:03:21.020 63161 INFO tempest.lib.common.rest_client [req-a93ad406-8e8d-4496-b2c5-cb3c4f05776b req-a93ad406-8e8d-4496-b2c5-cb3c4f05776b ] Request (ListImageFiltersTestJSON:setUpClass): 200 GET http://10.180.1.21/compute/v2.1/servers/f853c572-ad40-4cce-83d4-d5f11b42c37f 0.055s
2024-10-29 12:03:21.093 63177 INFO tempest.lib.common.rest_client [req-9051021d-a88c-4a05-ab70-9f2cee8d3127 req-9051021d-a88c-4a05-ab70-9f2cee8d3127 ] Request (ServersTestJSON:setUpClass): 200 GET http://10.180.1.21/compute/v2.1/servers/f106b311-fc2f-4811-b7e0-d680de236b78 0.057s
2024-10-29 12:03:21.129 63169 INFO tempest.lib.common.rest_client [req-55f2c750-e757-490c-94a3-92b8292ac9b8 req-55f2c750-e757-490c-94a3-92b8292ac9b8 ] Request (ServersAdminNegativeTestJSON:tearDownClass): 204 DELETE http://10.180.1.21/identity/v3/projects/9e4b027d903242b89c8b9ae4f83b735c 0.132s
2024-10-29 12:03:21.131 63169 INFO tempest.test [-] raised in ServersOnMultiNodesTest.setUpClass. Invoking tearDownClass.
2024-10-29 12:03:21.168 63157 INFO tempest.lib.common.rest_client [req-76ec5bcd-bb6b-446a-b30a-91a67531d1f2 req-76ec5bcd-bb6b-446a-b30a-91a67531d1f2 ] Request (InstanceActionsNegativeTestJSON:setUpClass): 200 GET http://10.180.1.21/compute/v2.1/servers/81c87881-bf63-4622-a0cb-6e38680a8f14 0.075s
2024-10-29 12:03:21.185 63217 INFO tempest.lib.common.rest_client [req-cd81cdb7-6047-4571-b269-b533e4e11c49 req-cd81cdb7-6047-4571-b269-b533e4e11c49 ] Request (ServerAddressesTestJSON:setUpClass): 200 GET http://10.180.1.21/compute/v2.1/servers/2a8c7285-35dd-4112-b84a-ea384aead074 0.070s
2024-10-29 12:03:21.212 63169 INFO tempest.lib.common.rest_client [req-7ab7e815-4b74-4aa2-8e7d-3ef421f2f822 req-7ab7e815-4b74-4aa2-8e7d-3ef421f2f822 ] Request (FloatingIPDetailsNegativeTestJSON:setUpClass): 201 POST http://10.180.1.21/identity/v3/auth/tokens 0.078s
2024-10-29 12:03:21.231 63211 INFO tempest.lib.common.rest_client [req-4ed0b381-7885-4ba7-bd3b-8a3a1f85a248 req-4ed0b381-7885-4ba7-bd3b-8a3a1f85a248 ] Request (ServerDiskConfigTestJSON:test_rebuild_server_with_auto_disk_config): 200 GET http://10.180.1.21/compute/v2.1/servers/ab6d68e8-d1c0-429d-a99b-6c40d66fb6d6 0.082s
2024-10-29 12:03:21.245 63169 INFO tempest.lib.common.rest_client [req-a190afab-dc7e-4a5a-b51f-9424facb72b3 req-a190afab-dc7e-4a5a-b51f-9424facb72b3 ] Request (FloatingIPDetailsNegativeTestJSON:setUpClass): 201 POST http://10.180.1.21/identity/v3/auth/tokens 0.029s
2024-10-29 12:03:21.245 63181 INFO tempest.lib.common.rest_client [req-3b1e9105-dd11-417c-bd71-b810d7072457 req-3b1e9105-dd11-417c-bd71-b810d7072457 ] Request (ServersTestBootFromVolume:setUpClass): 200 GET http://10.180.1.21/compute/v2.1/servers/b48be393-189f-4093-b079-fe555192e7ed 0.072s
2024-10-29 12:03:21.265 63169 INFO tempest.lib.common.rest_client [req-15970a5e-7dbb-4af3-91b1-cb0e6fda5084 req-15970a5e-7dbb-4af3-91b1-cb0e6fda5084 ] Request (FloatingIPDetailsNegativeTestJSON:setUpClass): 200 GET http://10.180.1.21/identity/v3/domains?name=Default 0.020s
2024-10-29 12:03:21.285 63199 INFO tempest.lib.common.rest_client [req-8f7a78c3-6120-4fdc-a0f7-4d42a7486dfa req-8f7a78c3-6120-4fdc-a0f7-4d42a7486dfa ] Request (ServerRescueNegativeTestJSON:setUpClass): 200 GET http://10.180.1.21/compute/v2.1/servers/9654e9d5-a809-4875-99bb-fd99d7a7fbd6 0.082s
2024-10-29 12:03:21.294 63215 INFO tempest.lib.common.rest_client [req-dd18be15-2202-4855-972d-f70582846410 req-dd18be15-2202-4855-972d-f70582846410 ] Request (ServersTestJSON:test_create_server_specify_multibyte_character_name): 200 GET http://10.180.1.21/compute/v2.1/servers/147165a4-9071-4516-9498-fa4c706a5e37 0.070s
2024-10-29 12:03:21.304 63215 INFO tempest.common.waiters [-] State transition "BUILD/spawning" ==> "BUILD/scheduling" after 57 second wait
2024-10-29 12:03:21.311 63169 INFO tempest.lib.common.rest_client [req-224f8091-4c8f-4f3b-9ca1-6fdbced2d07d req-224f8091-4c8f-4f3b-9ca1-6fdbced2d07d ] Request (FloatingIPDetailsNegativeTestJSON:setUpClass): 201 POST http://10.180.1.21/identity/v3/projects 0.045s
2024-10-29 12:03:21.346 63163 INFO tempest.lib.common.rest_client [req-7c46252e-6896-4385-8221-7d4be29c8545 req-7c46252e-6896-4385-8221-7d4be29c8545 ] Request (FloatingIPsAssociationNegativeTestJSON:setUpClass): 200 GET http://10.180.1.21/compute/v2.1/servers/03ee0097-1200-43ce-9baa-e9da80105516 0.081s
2024-10-29 12:03:21.353 63201 INFO tempest.lib.common.rest_client [req-e96e380e-9b22-4837-a78e-d65f1a54bf9e req-e96e380e-9b22-4837-a78e-d65f1a54bf9e ] Request (ServerDiagnosticsNegativeTest:test_get_server_diagnostics_by_non_admin): 200 GET http://10.180.1.21/compute/v2.1/servers/0c569bd2-7622-4285-9439-209a88f2e84d 0.068s
2024-10-29 12:03:21.368 63169 INFO tempest.lib.common.rest_client [req-a1b5d43c-b851-4339-8512-16a078d7e115 req-a1b5d43c-b851-4339-8512-16a078d7e115 ] Request (FloatingIPDetailsNegativeTestJSON:setUpClass): 201 POST http://10.180.1.21/identity/v3/users 0.056s
2024-10-29 12:03:21.386 63169 INFO tempest.lib.common.rest_client [req-601bbc56-e1a2-4156-91b6-38ec0e0ca902 req-601bbc56-e1a2-4156-91b6-38ec0e0ca902 ] Request (FloatingIPDetailsNegativeTestJSON:setUpClass): 200 GET http://10.180.1.21/identity/v3/roles 0.018s
2024-10-29 12:03:21.405 63165 INFO tempest.lib.common.rest_client [req-0ac838b3-6588-4bea-9bee-8883b88cc310 req-0ac838b3-6588-4bea-9bee-8883b88cc310 ] Request (ImagesNegativeTestJSON:test_create_image_from_deleted_server): 200 GET http://10.180.1.21/compute/v2.1/servers/ab0f02a1-f883-4ad6-8f8c-5c300fff0f70 0.081s
2024-10-29 12:03:21.411 63205 INFO tempest.lib.common.rest_client [req-eafbf0d9-d7b3-4e9f-a582-31b9af5e4068 req-eafbf0d9-d7b3-4e9f-a582-31b9af5e4068 ] Request (ListServersNegativeTestJSON:setUpClass): 200 GET http://10.180.1.21/compute/v2.1/servers/627ebcab-90f9-4ebe-baf9-52fe808ec8c6 0.069s
2024-10-29 12:03:21.414 63169 INFO tempest.lib.common.rest_client [req-082b8d71-cb03-49d9-8ad3-6ed763e0f39e req-082b8d71-cb03-49d9-8ad3-6ed763e0f39e ] Request (FloatingIPDetailsNegativeTestJSON:setUpClass): 204 PUT http://10.180.1.21/identity/v3/projects/d02407deeb0e4ddab717f962f5db7cb7/users/d370e969955d4d1992460de62ba56279/roles/f5694afb255643a29cd92d56d5a9a672 0.028s
2024-10-29 12:03:21.414 63169 INFO tempest.lib.common.dynamic_creds [-] Dynamic test user d370e969955d4d1992460de62ba56279 is created with scope project and roles: ['member']
2024-10-29 12:03:21.414 63169 INFO tempest.lib.common.dynamic_creds [-] Acquired dynamic creds: credentials: Credentials: {'domain_id': 'default', 'domain_name': 'Default', 'username': 'tempest-FloatingIPDetailsNegativeTestJSON-1250109789-project-member', 'project_domain_id': 'default', 'project_domain_name': 'Default', 'project_id': 'd02407deeb0e4ddab717f962f5db7cb7', 'project_name': 'tempest-FloatingIPDetailsNegativeTestJSON-1250109789', 'tenant_id': 'd02407deeb0e4ddab717f962f5db7cb7', 'tenant_name': 'tempest-FloatingIPDetailsNegativeTestJSON-1250109789', 'user_domain_id': 'default', 'user_domain_name': 'Default', 'user_id': 'd370e969955d4d1992460de62ba56279', 'system': None}, Network: None, Subnet: None, Router: None
2024-10-29 12:03:21.483 63169 INFO tempest.lib.common.rest_client [req-3b7c4146-9491-401a-b23b-d8abdb36dff6 req-3b7c4146-9491-401a-b23b-d8abdb36dff6 ] Request (FloatingIPDetailsNegativeTestJSON:setUpClass): 201 POST http://10.180.1.21/identity/v3/auth/tokens 0.068s
2024-10-29 12:03:21.489 63167 INFO tempest.lib.common.rest_client [req-cf64724b-a156-4c86-a492-31484eb4a436 req-cf64724b-a156-4c86-a492-31484eb4a436 ] Request (AttachInterfacesTestJSON:test_create_list_show_delete_interfaces_by_fixed_ip): 200 GET http://10.180.1.21/compute/v2.1/servers/7ab06c90-5d19-43fa-b91b-7d17f85d3258 0.117s
2024-10-29 12:03:21.494 63195 INFO tempest.lib.common.rest_client [req-36dd7deb-df4a-42e1-8cf2-d93888ee6a9e req-36dd7deb-df4a-42e1-8cf2-d93888ee6a9e ] Request (AttachInterfacesUnderV243Test:test_add_remove_fixed_ip): 200 GET http://10.180.1.21/compute/v2.1/servers/386ffe8a-a160-4dea-88e6-529219eaf99f 0.093s
2024-10-29 12:03:21.503 63195 INFO tempest.common.waiters [-] State transition "BUILD/None" ==> "BUILD/networking" after 51 second wait
2024-10-29 12:03:21.547 63219 INFO tempest.lib.common.rest_client [req-7456ba1d-69c6-4389-ab58-a3ae4bf9c0ae req-7456ba1d-69c6-4389-ab58-a3ae4bf9c0ae ] Request (InstanceActionsTestJSON:setUpClass): 201 POST http://10.180.1.21:9696/networking/v2.0/routers 1.131s
2024-10-29 12:03:21.567 63187 INFO tempest.lib.common.rest_client [req-edd91331-d638-4e6b-98f5-389250f86d6f req-edd91331-d638-4e6b-98f5-389250f86d6f ] Request (MigrationsAdminTest:test_resize_server_revert_deleted_flavor): 200 GET http://10.180.1.21/compute/v2.1/servers/91043784-2e4a-4fa4-87de-1c45971e64c5 0.132s
2024-10-29 12:03:21.567 63190 INFO tempest.lib.common.rest_client [req-8045e30d-921e-4d16-8961-4f13edf60b2a req-8045e30d-921e-4d16-8961-4f13edf60b2a ] Request (ServersTestMultiNic:test_verify_duplicate_network_nics): 200 GET http://10.180.1.21/compute/v2.1/servers/c11d0dcc-e5aa-4d7c-bba5-2853622dde44 0.120s
2024-10-29 12:03:21.630 63213 INFO tempest.lib.common.rest_client [req-d94874fd-13c5-49b1-b647-848e38dd546b req-d94874fd-13c5-49b1-b647-848e38dd546b ] Request (DeleteServersAdminTestJSON:test_delete_server_while_in_error_state): 200 GET http://10.180.1.21/compute/v2.1/servers/a8e4d6d3-3908-4fe8-be33-5b70eb5a62a1 0.152s
2024-10-29 12:03:21.673 63192 INFO tempest.lib.common.rest_client [req-8a4dc7a4-bc7d-495e-8a04-86f80ebf6c69 req-8a4dc7a4-bc7d-495e-8a04-86f80ebf6c69 ] Request (SecurityGroupsTestJSON:test_list_security_groups_by_server): 200 GET http://10.180.1.21/compute/v2.1/servers/d45fe9ea-8538-47da-b8dd-c67f8863a812 0.062s
2024-10-29 12:03:21.692 63183 INFO tempest.lib.common.rest_client [req-23545869-e649-43b8-9468-2238cdc5fe73 req-23545869-e649-43b8-9468-2238cdc5fe73 ] Request (ServerExternalEventsTest:test_create_server_external_events): 200 GET http://10.180.1.21/compute/v2.1/servers/f247b499-0a04-47ae-98b0-cb3f7f088a62 0.069s
2024-10-29 12:03:21.752 63179 INFO tempest.lib.common.rest_client [req-3428e9a7-db43-4f5c-9cac-8262b5fa33e1 req-3428e9a7-db43-4f5c-9cac-8262b5fa33e1 ] Request (ServersTestManualDisk:setUpClass): 200 GET http://10.180.1.21/compute/v2.1/servers/13e71116-cb20-4fc5-8ceb-3a6098bae438 0.079s
2024-10-29 12:03:21.799 63203 INFO tempest.lib.common.rest_client [req-0cb8ba36-952a-4845-b49f-9d560d8b166e req-0cb8ba36-952a-4845-b49f-9d560d8b166e ] Request (ServerGroupTestJSON:test_create_server_with_scheduler_hint_group): 200 GET http://10.180.1.21/compute/v2.1/servers/5a825d36-7563-4792-8f68-8814ec96cfde 0.071s
2024-10-29 12:03:21.837 63169 INFO tempest.lib.common.rest_client [req-487032a3-5769-4ed6-8f4c-c06f9a093d05 req-487032a3-5769-4ed6-8f4c-c06f9a093d05 ] Request (FloatingIPDetailsNegativeTestJSON:setUpClass): 201 POST http://10.180.1.21:9696/networking/v2.0/networks 0.353s
2024-10-29 12:03:21.844 63171 INFO tempest.lib.common.rest_client [req-38b649c6-2ae8-454f-b8e5-3ee81550145d req-38b649c6-2ae8-454f-b8e5-3ee81550145d ] Request (ServersNegativeTestJSON:setUpClass): 200 GET http://10.180.1.21/compute/v2.1/servers/2e1217a9-e3b5-4f8c-af4e-3d5da315b3ab 0.077s
2024-10-29 12:03:21.911 63173 INFO tempest.lib.common.rest_client [req-fecb5a97-b20d-4408-adf5-a49fdc2c2b6f req-fecb5a97-b20d-4408-adf5-a49fdc2c2b6f ] Request (ServerMetadataNegativeTestJSON:setUpClass): 200 GET http://10.180.1.21/compute/v2.1/servers/bb28249e-a9d3-4d7d-bd05-128f1110dbca 0.099s
2024-10-29 12:03:22.052 63193 INFO tempest.lib.common.rest_client [req-60318ad3-cc31-402c-be6e-92c5bcb7e5e9 req-60318ad3-cc31-402c-be6e-92c5bcb7e5e9 ] Request (DeleteServersTestJSON:test_delete_active_server): 200 GET http://10.180.1.21/compute/v2.1/servers/0dba167b-aa56-4463-9749-b74fbc7430d9 0.093s
2024-10-29 12:03:22.062 63207 INFO tempest.lib.common.rest_client [req-e44a22df-f008-4f44-ba64-4ef08882a9c2 req-e44a22df-f008-4f44-ba64-4ef08882a9c2 ] Request (ServerActionsTestOtherB:setUpClass): 200 GET http://10.180.1.21/compute/v2.1/servers/353b72b2-cd56-442f-9010-c75baf8f5a48 0.122s
2024-10-29 12:03:22.135 63161 INFO tempest.lib.common.rest_client [req-fba9bedb-df21-4648-8b37-966d01bca8ec req-fba9bedb-df21-4648-8b37-966d01bca8ec ] Request (ListImageFiltersTestJSON:setUpClass): 200 GET http://10.180.1.21/compute/v2.1/servers/f853c572-ad40-4cce-83d4-d5f11b42c37f 0.104s
2024-10-29 12:03:22.142 63185 INFO tempest.lib.common.rest_client [req-bd6f4d80-ae5c-4f16-a103-561a2f0c14b6 req-bd6f4d80-ae5c-4f16-a103-561a2f0c14b6 ] Request (ImagesTestJSON:setUpClass): 200 PUT http://10.180.1.21:9696/networking/v2.0/routers/670c24ca-f5ee-4899-adae-8fe0896b3e04/add_router_interface 1.395s
2024-10-29 12:03:22.142 63185 INFO tempest.lib.common.dynamic_creds [-] Created isolated network resources for: credentials: Credentials: {'domain_id': 'default', 'domain_name': 'Default', 'username': 'tempest-ImagesTestJSON-863450638-project-member', 'project_domain_id': 'default', 'project_domain_name': 'Default', 'project_id': '2d1559d2844647aba922cae8e9d992e6', 'project_name': 'tempest-ImagesTestJSON-863450638', 'tenant_id': '2d1559d2844647aba922cae8e9d992e6', 'tenant_name': 'tempest-ImagesTestJSON-863450638', 'user_domain_id': 'default', 'user_domain_name': 'Default', 'user_id': '3ad76ea94b62472fa3318cbbdb308ebe', 'system': None}, Network: {'id': '2beb4718-469b-47f0-94d1-7bc1c52e79db', 'name': 'tempest-ImagesTestJSON-615155455-network', 'tenant_id': '2d1559d2844647aba922cae8e9d992e6', 'admin_state_up': True, 'mtu': 8950, 'status': 'ACTIVE', 'subnets': [], 'shared': False, 'project_id': '2d1559d2844647aba922cae8e9d992e6', 'port_security_enabled': True, 'router:external': False, 'provider:network_type': 'vlan', 'provider:physical_network': 'default', 'provider:segmentation_id': 636, 'availability_zone_hints': [], 'availability_zones': [], 'ipv4_address_scope': None, 'ipv6_address_scope': None, 'description': '', 'tags': [], 'created_at': '2024-10-29T12:03:19Z', 'updated_at': '2024-10-29T12:03:19Z', 'revision_number': 1}, Subnet: {'id': '6c5b444d-1f7f-4e5a-b1a9-6be222599787', 'name': 'tempest-ImagesTestJSON-615155455-subnet', 'tenant_id': '2d1559d2844647aba922cae8e9d992e6', 'network_id': '2beb4718-469b-47f0-94d1-7bc1c52e79db', 'ip_version': 4, 'subnetpool_id': None, 'enable_dhcp': True, 'ipv6_ra_mode': None, 'ipv6_address_mode': None, 'gateway_ip': '192.168.128.1', 'cidr': '192.168.128.0/28', 'allocation_pools': [{'start': '192.168.128.2', 'end': '192.168.128.14'}], 'host_routes': [], 'dns_nameservers': [], 'description': '', 'router:external': False, 'service_types': [], 'tags': [], 'created_at': '2024-10-29T12:03:19Z', 'updated_at': '2024-10-29T12:03:19Z', 'revision_number': 0, 'project_id': '2d1559d2844647aba922cae8e9d992e6'}, Router: {'id': '670c24ca-f5ee-4899-adae-8fe0896b3e04', 'name': 'tempest-ImagesTestJSON-615155455-router', 'tenant_id': '2d1559d2844647aba922cae8e9d992e6', 'admin_state_up': True, 'status': 'ACTIVE', 'external_gateway_info': {'network_id': '5d40c542-af37-4d26-9780-567483bd9b4f', 'external_fixed_ips': [{'subnet_id': '17e9f324-f5f7-4a44-8d5e-97d507a8cd81', 'ip_address': '10.180.180.155'}], 'enable_snat': True}, 'description': '', 'availability_zones': [], 'distributed': False, 'ha': False, 'availability_zone_hints': [], 'routes': [], 'flavor_id': None, 'tags': [], 'created_at': '2024-10-29T12:03:19Z', 'updated_at': '2024-10-29T12:03:20Z', 'revision_number': 2, 'project_id': '2d1559d2844647aba922cae8e9d992e6'}
2024-10-29 12:03:22.183 63177 INFO tempest.lib.common.rest_client [req-7f2ece49-d784-41d4-8c2a-827a04d14ad6 req-7f2ece49-d784-41d4-8c2a-827a04d14ad6 ] Request (ServersTestJSON:setUpClass): 200 GET http://10.180.1.21/compute/v2.1/servers/f106b311-fc2f-4811-b7e0-d680de236b78 0.081s
2024-10-29 12:03:22.238 63185 INFO tempest.lib.common.rest_client [req-2b058652-0d2f-414d-a1be-733222ecfbc9 req-2b058652-0d2f-414d-a1be-733222ecfbc9 ] Request (ImagesTestJSON:setUpClass): 201 POST http://10.180.1.21/identity/v3/auth/tokens 0.092s
2024-10-29 12:03:22.249 63157 INFO tempest.lib.common.rest_client [req-387c0ab1-bb87-43eb-9c42-cef5fcd10fbb req-387c0ab1-bb87-43eb-9c42-cef5fcd10fbb ] Request (InstanceActionsNegativeTestJSON:setUpClass): 200 GET http://10.180.1.21/compute/v2.1/servers/81c87881-bf63-4622-a0cb-6e38680a8f14 0.072s
2024-10-29 12:03:22.270 63217 INFO tempest.lib.common.rest_client [req-93b42119-23d5-4b8f-a795-69df2ac2420e req-93b42119-23d5-4b8f-a795-69df2ac2420e ] Request (ServerAddressesTestJSON:setUpClass): 200 GET http://10.180.1.21/compute/v2.1/servers/2a8c7285-35dd-4112-b84a-ea384aead074 0.076s
2024-10-29 12:03:22.270 63185 INFO tempest.lib.common.rest_client [req-b8e83e56-0a1d-4e57-b46e-99c0bb1b4c11 req-b8e83e56-0a1d-4e57-b46e-99c0bb1b4c11 ] Request (ImagesTestJSON:test_create_image_from_stopped_server): 201 POST http://10.180.1.21/identity/v3/auth/tokens 0.028s
2024-10-29 12:03:22.271 63185 INFO tempest.lib.common.fixed_network [-] (ImagesTestJSON:test_create_image_from_stopped_server) Found network {'id': '2beb4718-469b-47f0-94d1-7bc1c52e79db', 'name': 'tempest-ImagesTestJSON-615155455-network', 'tenant_id': '2d1559d2844647aba922cae8e9d992e6', 'admin_state_up': True, 'mtu': 8950, 'status': 'ACTIVE', 'subnets': [], 'shared': False, 'project_id': '2d1559d2844647aba922cae8e9d992e6', 'port_security_enabled': True, 'router:external': False, 'provider:network_type': 'vlan', 'provider:physical_network': 'default', 'provider:segmentation_id': 636, 'availability_zone_hints': [], 'availability_zones': [], 'ipv4_address_scope': None, 'ipv6_address_scope': None, 'description': '', 'tags': [], 'created_at': '2024-10-29T12:03:19Z', 'updated_at': '2024-10-29T12:03:19Z', 'revision_number': 1} available for tenant
2024-10-29 12:03:22.313 63211 INFO tempest.lib.common.rest_client [req-e33d0fd9-d5d1-4525-929f-90b3fbc7edce req-e33d0fd9-d5d1-4525-929f-90b3fbc7edce ] Request (ServerDiskConfigTestJSON:test_rebuild_server_with_auto_disk_config): 200 GET http://10.180.1.21/compute/v2.1/servers/ab6d68e8-d1c0-429d-a99b-6c40d66fb6d6 0.074s
2024-10-29 12:03:22.356 63181 INFO tempest.lib.common.rest_client [req-ed1bcfff-0731-43a2-80ea-27c02164cc0b req-ed1bcfff-0731-43a2-80ea-27c02164cc0b ] Request (ServersTestBootFromVolume:setUpClass): 200 GET http://10.180.1.21/compute/v2.1/servers/b48be393-189f-4093-b079-fe555192e7ed 0.102s
2024-10-29 12:03:22.359 63169 INFO tempest.lib.common.rest_client [req-5bcf2398-08c2-44f2-af22-f4e0e22d9842 req-5bcf2398-08c2-44f2-af22-f4e0e22d9842 ] Request (FloatingIPDetailsNegativeTestJSON:setUpClass): 201 POST http://10.180.1.21:9696/networking/v2.0/subnets 0.520s
2024-10-29 12:03:22.420 63199 INFO tempest.lib.common.rest_client [req-b4071860-fb03-41dc-97f9-b7027485f598 req-b4071860-fb03-41dc-97f9-b7027485f598 ] Request (ServerRescueNegativeTestJSON:setUpClass): 200 GET http://10.180.1.21/compute/v2.1/servers/9654e9d5-a809-4875-99bb-fd99d7a7fbd6 0.119s
2024-10-29 12:03:22.502 63215 INFO tempest.lib.common.rest_client [req-c1758e67-5712-41af-a19f-c82290d71dd4 req-c1758e67-5712-41af-a19f-c82290d71dd4 ] Request (ServersTestJSON:test_create_server_specify_multibyte_character_name): 200 GET http://10.180.1.21/compute/v2.1/servers/147165a4-9071-4516-9498-fa4c706a5e37 0.198s
2024-10-29 12:03:22.511 63215 INFO tempest.common.waiters [-] State transition "BUILD/scheduling" ==> "ERROR/None" after 58 second wait
2024-10-29 12:03:22.704 63163 INFO tempest.lib.common.rest_client [req-485a8a2f-09b1-4be6-acbb-0e57c4ffd320 req-485a8a2f-09b1-4be6-acbb-0e57c4ffd320 ] Request (FloatingIPsAssociationNegativeTestJSON:setUpClass): 200 GET http://10.180.1.21/compute/v2.1/servers/03ee0097-1200-43ce-9baa-e9da80105516 0.348s
2024-10-29 12:03:22.771 63201 INFO tempest.lib.common.rest_client [req-e2f9eb24-fe6e-479a-97a0-57853fc579ad req-e2f9eb24-fe6e-479a-97a0-57853fc579ad ] Request (ServerDiagnosticsNegativeTest:test_get_server_diagnostics_by_non_admin): 200 GET http://10.180.1.21/compute/v2.1/servers/0c569bd2-7622-4285-9439-209a88f2e84d 0.412s
2024-10-29 12:03:22.832 63165 INFO tempest.lib.common.rest_client [req-811fb2d5-7183-41f1-be71-911bfdf5ba66 req-811fb2d5-7183-41f1-be71-911bfdf5ba66 ] Request (ImagesNegativeTestJSON:test_create_image_from_deleted_server): 200 GET http://10.180.1.21/compute/v2.1/servers/ab0f02a1-f883-4ad6-8f8c-5c300fff0f70 0.415s
2024-10-29 12:03:22.904 63205 INFO tempest.lib.common.rest_client [req-e304b64c-7ff3-4911-91ea-14097be68879 req-e304b64c-7ff3-4911-91ea-14097be68879 ] Request (ListServersNegativeTestJSON:setUpClass): 200 GET http://10.180.1.21/compute/v2.1/servers/627ebcab-90f9-4ebe-baf9-52fe808ec8c6 0.485s
2024-10-29 12:03:22.973 63167 INFO tempest.lib.common.rest_client [req-bd5473a0-b7fd-4a76-8780-32fb0bc7aaa9 req-bd5473a0-b7fd-4a76-8780-32fb0bc7aaa9 ] Request (AttachInterfacesTestJSON:test_create_list_show_delete_interfaces_by_fixed_ip): 200 GET http://10.180.1.21/compute/v2.1/servers/7ab06c90-5d19-43fa-b91b-7d17f85d3258 0.478s
2024-10-29 12:03:23.050 63169 INFO tempest.lib.common.rest_client [req-eda447ec-479f-4c3e-898b-246229583087 req-eda447ec-479f-4c3e-898b-246229583087 ] Request (FloatingIPDetailsNegativeTestJSON:setUpClass): 201 POST http://10.180.1.21:9696/networking/v2.0/routers 0.690s
2024-10-29 12:03:23.207 63185 INFO tempest.lib.common.rest_client [req-419e16ed-5e76-47b4-87e3-51f493e5e66d req-419e16ed-5e76-47b4-87e3-51f493e5e66d ] Request (ImagesTestJSON:test_create_image_from_stopped_server): 202 POST http://10.180.1.21/compute/v2.1/servers 0.933s
2024-10-29 12:03:23.255 63195 INFO tempest.lib.common.rest_client [req-8c3f5c49-f724-4eb0-9262-980eab557067 req-8c3f5c49-f724-4eb0-9262-980eab557067 ] Request (AttachInterfacesUnderV243Test:test_add_remove_fixed_ip): 200 GET http://10.180.1.21/compute/v2.1/servers/386ffe8a-a160-4dea-88e6-529219eaf99f 0.750s
2024-10-29 12:03:23.264 63195 INFO tempest.common.waiters [-] State transition "BUILD/networking" ==> "BUILD/spawning" after 53 second wait
2024-10-29 12:03:23.331 63190 INFO tempest.lib.common.rest_client [req-946959aa-54fb-493a-bcd6-a05963050297 req-946959aa-54fb-493a-bcd6-a05963050297 ] Request (ServersTestMultiNic:test_verify_duplicate_network_nics): 200 GET http://10.180.1.21/compute/v2.1/servers/c11d0dcc-e5aa-4d7c-bba5-2853622dde44 0.755s
2024-10-29 12:03:23.392 63187 INFO tempest.lib.common.rest_client [req-6075ded5-7e75-4c8e-97ba-86977012b661 req-6075ded5-7e75-4c8e-97ba-86977012b661 ] Request (MigrationsAdminTest:test_resize_server_revert_deleted_flavor): 200 GET http://10.180.1.21/compute/v2.1/servers/91043784-2e4a-4fa4-87de-1c45971e64c5 0.813s
2024-10-29 12:03:23.421 63215 INFO tempest.lib.common.rest_client [req-a9e2f660-35ee-4ae5-b262-7ad10497bb83 req-a9e2f660-35ee-4ae5-b262-7ad10497bb83 ] Request (ServersTestJSON:test_create_server_specify_multibyte_character_name): 204 DELETE http://10.180.1.21/compute/v2.1/servers/147165a4-9071-4516-9498-fa4c706a5e37 0.909s
2024-10-29 12:03:23.462 63213 INFO tempest.lib.common.rest_client [req-fb09e0ec-6e09-4863-8243-99530b7540d8 req-fb09e0ec-6e09-4863-8243-99530b7540d8 ] Request (DeleteServersAdminTestJSON:test_delete_server_while_in_error_state): 200 GET http://10.180.1.21/compute/v2.1/servers/a8e4d6d3-3908-4fe8-be33-5b70eb5a62a1 0.819s
2024-10-29 12:03:23.484 63192 INFO tempest.lib.common.rest_client [req-41e59d75-4105-413d-afc8-199b4faff000 req-41e59d75-4105-413d-afc8-199b4faff000 ] Request (SecurityGroupsTestJSON:test_list_security_groups_by_server): 200 GET http://10.180.1.21/compute/v2.1/servers/d45fe9ea-8538-47da-b8dd-c67f8863a812 0.798s
2024-10-29 12:03:23.534 63183 INFO tempest.lib.common.rest_client [req-42c51d36-6c00-406c-a4aa-01ba7ef6a986 req-42c51d36-6c00-406c-a4aa-01ba7ef6a986 ] Request (ServerExternalEventsTest:test_create_server_external_events): 200 GET http://10.180.1.21/compute/v2.1/servers/f247b499-0a04-47ae-98b0-cb3f7f088a62 0.832s
2024-10-29 12:03:23.556 63179 INFO tempest.lib.common.rest_client [req-e1815517-fff3-4acb-971d-4b0d96ebb1e2 req-e1815517-fff3-4acb-971d-4b0d96ebb1e2 ] Request (ServersTestManualDisk:setUpClass): 200 GET http://10.180.1.21/compute/v2.1/servers/13e71116-cb20-4fc5-8ceb-3a6098bae438 0.792s
2024-10-29 12:03:23.606 63171 INFO tempest.lib.common.rest_client [req-2a0bc77c-318d-454d-b8c2-1cc4352a7eb4 req-2a0bc77c-318d-454d-b8c2-1cc4352a7eb4 ] Request (ServersNegativeTestJSON:setUpClass): 200 GET http://10.180.1.21/compute/v2.1/servers/2e1217a9-e3b5-4f8c-af4e-3d5da315b3ab 0.752s
2024-10-29 12:03:23.609 63203 INFO tempest.lib.common.rest_client [req-96132963-f263-41ad-86b3-63863f459160 req-96132963-f263-41ad-86b3-63863f459160 ] Request (ServerGroupTestJSON:test_create_server_with_scheduler_hint_group): 200 GET http://10.180.1.21/compute/v2.1/servers/5a825d36-7563-4792-8f68-8814ec96cfde 0.803s
2024-10-29 12:03:23.684 63173 INFO tempest.lib.common.rest_client [req-935976ea-6d5a-44da-bbc2-776ac29e591e req-935976ea-6d5a-44da-bbc2-776ac29e591e ] Request (ServerMetadataNegativeTestJSON:setUpClass): 200 GET http://10.180.1.21/compute/v2.1/servers/bb28249e-a9d3-4d7d-bd05-128f1110dbca 0.766s
2024-10-29 12:03:23.689 63193 INFO tempest.lib.common.rest_client [req-e01b3876-bd10-4149-8ef3-423db02918b5 req-e01b3876-bd10-4149-8ef3-423db02918b5 ] Request (DeleteServersTestJSON:test_delete_active_server): 200 GET http://10.180.1.21/compute/v2.1/servers/0dba167b-aa56-4463-9749-b74fbc7430d9 0.628s
2024-10-29 12:03:23.755 63161 INFO tempest.lib.common.rest_client [req-93bfacea-8525-4e1f-adbc-7b34e6ff0893 req-93bfacea-8525-4e1f-adbc-7b34e6ff0893 ] Request (ListImageFiltersTestJSON:setUpClass): 200 GET http://10.180.1.21/compute/v2.1/servers/f853c572-ad40-4cce-83d4-d5f11b42c37f 0.611s
2024-10-29 12:03:23.758 63207 INFO tempest.lib.common.rest_client [req-6f3448af-2558-4670-8b60-c8bd3ae6b507 req-6f3448af-2558-4670-8b60-c8bd3ae6b507 ] Request (ServerActionsTestOtherB:setUpClass): 200 GET http://10.180.1.21/compute/v2.1/servers/353b72b2-cd56-442f-9010-c75baf8f5a48 0.682s
2024-10-29 12:03:23.821 63177 INFO tempest.lib.common.rest_client [req-a51c7f92-fbf9-4078-9de7-348d10f2d51d req-a51c7f92-fbf9-4078-9de7-348d10f2d51d ] Request (ServersTestJSON:setUpClass): 200 GET http://10.180.1.21/compute/v2.1/servers/f106b311-fc2f-4811-b7e0-d680de236b78 0.628s
2024-10-29 12:03:23.821 63185 INFO tempest.lib.common.rest_client [req-06bc3c0a-bfd5-4ed1-8d5f-3debba9dd104 req-06bc3c0a-bfd5-4ed1-8d5f-3debba9dd104 ] Request (ImagesTestJSON:test_create_image_from_stopped_server): 200 GET http://10.180.1.21/compute/v2.1/servers/a701b2b9-10df-4ba3-8b78-b6b486d8f1db 0.612s
2024-10-29 12:03:23.836 63177 INFO tempest.common.waiters [-] State transition "BUILD/scheduling" ==> "BUILD/None" after 39 second wait
2024-10-29 12:03:23.857 63169 INFO tempest.lib.common.rest_client [req-a50398fd-8a0e-4f5a-be4b-f159a7aed802 req-a50398fd-8a0e-4f5a-be4b-f159a7aed802 ] Request (FloatingIPDetailsNegativeTestJSON:setUpClass): 200 PUT http://10.180.1.21:9696/networking/v2.0/routers/f162eb6d-8819-407b-867a-931e917c2348/add_router_interface 0.806s
2024-10-29 12:03:23.857 63169 INFO tempest.lib.common.dynamic_creds [-] Created isolated network resources for: credentials: Credentials: {'domain_id': 'default', 'domain_name': 'Default', 'username': 'tempest-FloatingIPDetailsNegativeTestJSON-1250109789-project-member', 'project_domain_id': 'default', 'project_domain_name': 'Default', 'project_id': 'd02407deeb0e4ddab717f962f5db7cb7', 'project_name': 'tempest-FloatingIPDetailsNegativeTestJSON-1250109789', 'tenant_id': 'd02407deeb0e4ddab717f962f5db7cb7', 'tenant_name': 'tempest-FloatingIPDetailsNegativeTestJSON-1250109789', 'user_domain_id': 'default', 'user_domain_name': 'Default', 'user_id': 'd370e969955d4d1992460de62ba56279', 'system': None}, Network: {'id': '75906cf5-739d-4456-b268-92550cf5cf58', 'name': 'tempest-FloatingIPDetailsNegativeTestJSON-1924648460-network', 'tenant_id': 'd02407deeb0e4ddab717f962f5db7cb7', 'admin_state_up': True, 'mtu': 8950, 'status': 'ACTIVE', 'subnets': [], 'shared': False, 'project_id': 'd02407deeb0e4ddab717f962f5db7cb7', 'port_security_enabled': True, 'router:external': False, 'provider:network_type': 'vlan', 'provider:physical_network': 'default', 'provider:segmentation_id': 674, 'availability_zone_hints': [], 'availability_zones': [], 'ipv4_address_scope': None, 'ipv6_address_scope': None, 'description': '', 'tags': [], 'created_at': '2024-10-29T12:03:21Z', 'updated_at': '2024-10-29T12:03:21Z', 'revision_number': 1}, Subnet: {'id': 'e745d59a-f267-4a0d-87d1-b36d341ab01a', 'name': 'tempest-FloatingIPDetailsNegativeTestJSON-1924648460-subnet', 'tenant_id': 'd02407deeb0e4ddab717f962f5db7cb7', 'network_id': '75906cf5-739d-4456-b268-92550cf5cf58', 'ip_version': 4, 'subnetpool_id': None, 'enable_dhcp': True, 'ipv6_ra_mode': None, 'ipv6_address_mode': None, 'gateway_ip': '192.168.128.1', 'cidr': '192.168.128.0/28', 'allocation_pools': [{'start': '192.168.128.2', 'end': '192.168.128.14'}], 'host_routes': [], 'dns_nameservers': [], 'description': '', 'router:external': False, 'service_types': [], 'tags': [], 'created_at': '2024-10-29T12:03:21Z', 'updated_at': '2024-10-29T12:03:21Z', 'revision_number': 0, 'project_id': 'd02407deeb0e4ddab717f962f5db7cb7'}, Router: {'id': 'f162eb6d-8819-407b-867a-931e917c2348', 'name': 'tempest-FloatingIPDetailsNegativeTestJSON-1924648460-router', 'tenant_id': 'd02407deeb0e4ddab717f962f5db7cb7', 'admin_state_up': True, 'status': 'ACTIVE', 'external_gateway_info': {'network_id': '5d40c542-af37-4d26-9780-567483bd9b4f', 'external_fixed_ips': [{'subnet_id': '17e9f324-f5f7-4a44-8d5e-97d507a8cd81', 'ip_address': '10.180.180.159'}], 'enable_snat': True}, 'description': '', 'availability_zones': [], 'distributed': False, 'ha': False, 'availability_zone_hints': [], 'routes': [], 'flavor_id': None, 'tags': [], 'created_at': '2024-10-29T12:03:22Z', 'updated_at': '2024-10-29T12:03:22Z', 'revision_number': 2, 'project_id': 'd02407deeb0e4ddab717f962f5db7cb7'}
2024-10-29 12:03:23.870 63219 INFO tempest.lib.common.rest_client [req-8e654aba-9503-4517-9b60-1c0f5df6dfc5 req-8e654aba-9503-4517-9b60-1c0f5df6dfc5 ] Request (InstanceActionsTestJSON:setUpClass): 200 PUT http://10.180.1.21:9696/networking/v2.0/routers/cf83e783-0ae5-4353-bd6e-810fdd8d4914/add_router_interface 2.323s
2024-10-29 12:03:23.870 63219 INFO tempest.lib.common.dynamic_creds [-] Created isolated network resources for: credentials: Credentials: {'domain_id': 'default', 'domain_name': 'Default', 'username': 'tempest-InstanceActionsTestJSON-1075584289-project-member', 'project_domain_id': 'default', 'project_domain_name': 'Default', 'project_id': 'c41559af62b24a90adea8d6dba02413a', 'project_name': 'tempest-InstanceActionsTestJSON-1075584289', 'tenant_id': 'c41559af62b24a90adea8d6dba02413a', 'tenant_name': 'tempest-InstanceActionsTestJSON-1075584289', 'user_domain_id': 'default', 'user_domain_name': 'Default', 'user_id': '45458b16e5834b11a26bea3468558efa', 'system': None}, Network: {'id': '8d29ccb8-bced-4f2b-aeaf-4f6c3dc8218b', 'name': 'tempest-InstanceActionsTestJSON-350798823-network', 'tenant_id': 'c41559af62b24a90adea8d6dba02413a', 'admin_state_up': True, 'mtu': 8950, 'status': 'ACTIVE', 'subnets': [], 'shared': False, 'project_id': 'c41559af62b24a90adea8d6dba02413a', 'port_security_enabled': True, 'router:external': False, 'provider:network_type': 'vlan', 'provider:physical_network': 'default', 'provider:segmentation_id': 544, 'availability_zone_hints': [], 'availability_zones': [], 'ipv4_address_scope': None, 'ipv6_address_scope': None, 'description': '', 'tags': [], 'created_at': '2024-10-29T12:03:20Z', 'updated_at': '2024-10-29T12:03:20Z', 'revision_number': 1}, Subnet: {'id': '0f10f6e5-0535-4a28-8d64-e976a66a8d09', 'name': 'tempest-InstanceActionsTestJSON-350798823-subnet', 'tenant_id': 'c41559af62b24a90adea8d6dba02413a', 'network_id': '8d29ccb8-bced-4f2b-aeaf-4f6c3dc8218b', 'ip_version': 4, 'subnetpool_id': None, 'enable_dhcp': True, 'ipv6_ra_mode': None, 'ipv6_address_mode': None, 'gateway_ip': '192.168.128.1', 'cidr': '192.168.128.0/28', 'allocation_pools': [{'start': '192.168.128.2', 'end': '192.168.128.14'}], 'host_routes': [], 'dns_nameservers': [], 'description': '', 'router:external': False, 'service_types': [], 'tags': [], 'created_at': '2024-10-29T12:03:20Z', 'updated_at': '2024-10-29T12:03:20Z', 'revision_number': 0, 'project_id': 'c41559af62b24a90adea8d6dba02413a'}, Router: {'id': 'cf83e783-0ae5-4353-bd6e-810fdd8d4914', 'name': 'tempest-InstanceActionsTestJSON-350798823-router', 'tenant_id': 'c41559af62b24a90adea8d6dba02413a', 'admin_state_up': True, 'status': 'ACTIVE', 'external_gateway_info': {'network_id': '5d40c542-af37-4d26-9780-567483bd9b4f', 'external_fixed_ips': [{'subnet_id': '17e9f324-f5f7-4a44-8d5e-97d507a8cd81', 'ip_address': '10.180.180.164'}], 'enable_snat': True}, 'description': '', 'availability_zones': [], 'distributed': False, 'ha': False, 'availability_zone_hints': [], 'routes': [], 'flavor_id': None, 'tags': [], 'created_at': '2024-10-29T12:03:20Z', 'updated_at': '2024-10-29T12:03:20Z', 'revision_number': 2, 'project_id': 'c41559af62b24a90adea8d6dba02413a'}
2024-10-29 12:03:23.910 63217 INFO tempest.lib.common.rest_client [req-d11eec6d-dd11-4404-8b9d-34ca737d2c46 req-d11eec6d-dd11-4404-8b9d-34ca737d2c46 ] Request (ServerAddressesTestJSON:setUpClass): 200 GET http://10.180.1.21/compute/v2.1/servers/2a8c7285-35dd-4112-b84a-ea384aead074 0.632s
2024-10-29 12:03:23.916 63157 INFO tempest.lib.common.rest_client [req-a394f826-4ab5-4d05-a0f1-e720e54f346e req-a394f826-4ab5-4d05-a0f1-e720e54f346e ] Request (InstanceActionsNegativeTestJSON:setUpClass): 200 GET http://10.180.1.21/compute/v2.1/servers/81c87881-bf63-4622-a0cb-6e38680a8f14 0.658s
2024-10-29 12:03:23.976 63219 INFO tempest.lib.common.rest_client [req-fa7bd080-3d2f-4d97-90c6-2ec26e7f7333 req-fa7bd080-3d2f-4d97-90c6-2ec26e7f7333 ] Request (InstanceActionsTestJSON:setUpClass): 201 POST http://10.180.1.21/identity/v3/auth/tokens 0.101s
2024-10-29 12:03:23.976 63169 INFO tempest.lib.common.rest_client [req-e01caa81-71eb-460a-be6a-e47bb3b12010 req-e01caa81-71eb-460a-be6a-e47bb3b12010 ] Request (FloatingIPDetailsNegativeTestJSON:setUpClass): 201 POST http://10.180.1.21/identity/v3/auth/tokens 0.113s
2024-10-29 12:03:23.985 63211 INFO tempest.lib.common.rest_client [req-c8c5fbd6-bd99-4704-8166-b5063a275f45 req-c8c5fbd6-bd99-4704-8166-b5063a275f45 ] Request (ServerDiskConfigTestJSON:test_rebuild_server_with_auto_disk_config): 200 GET http://10.180.1.21/compute/v2.1/servers/ab6d68e8-d1c0-429d-a99b-6c40d66fb6d6 0.661s
2024-10-29 12:03:23.985 63181 INFO tempest.lib.common.rest_client [req-cbf04d16-ba69-4d28-af94-47a483b2980a req-cbf04d16-ba69-4d28-af94-47a483b2980a ] Request (ServersTestBootFromVolume:setUpClass): 200 GET http://10.180.1.21/compute/v2.1/servers/b48be393-189f-4093-b079-fe555192e7ed 0.621s
2024-10-29 12:03:24.010 63215 INFO tempest.lib.common.rest_client [req-6e47cea6-39c0-44cc-894b-e5e55a91189e req-6e47cea6-39c0-44cc-894b-e5e55a91189e ] Request (ServersTestJSON:test_create_server_specify_multibyte_character_name): 404 GET http://10.180.1.21/compute/v2.1/servers/147165a4-9071-4516-9498-fa4c706a5e37 0.588s
2024-10-29 12:03:24.011 63215 ERROR tempest.lib.decorators [-] Hints: This test was made for the bug_type 1730756. The failure could be related to https://launchpad.net/bugs/1730756: tempest.exceptions.BuildErrorException: Server 147165a4-9071-4516-9498-fa4c706a5e37 failed to build and is in ERROR status
2024-10-29 12:03:24.011 63219 INFO tempest.lib.common.rest_client [req-f0a2e73d-50a8-4c04-bb8b-3aeaf17b6658 req-f0a2e73d-50a8-4c04-bb8b-3aeaf17b6658 ] Request (InstanceActionsTestJSON:setUpClass): 201 POST http://10.180.1.21/identity/v3/auth/tokens 0.032s
2024-10-29 12:03:24.012 63219 INFO tempest.lib.common.fixed_network [-] (InstanceActionsTestJSON:setUpClass) Found network {'id': '8d29ccb8-bced-4f2b-aeaf-4f6c3dc8218b', 'name': 'tempest-InstanceActionsTestJSON-350798823-network', 'tenant_id': 'c41559af62b24a90adea8d6dba02413a', 'admin_state_up': True, 'mtu': 8950, 'status': 'ACTIVE', 'subnets': [], 'shared': False, 'project_id': 'c41559af62b24a90adea8d6dba02413a', 'port_security_enabled': True, 'router:external': False, 'provider:network_type': 'vlan', 'provider:physical_network': 'default', 'provider:segmentation_id': 544, 'availability_zone_hints': [], 'availability_zones': [], 'ipv4_address_scope': None, 'ipv6_address_scope': None, 'description': '', 'tags': [], 'created_at': '2024-10-29T12:03:20Z', 'updated_at': '2024-10-29T12:03:20Z', 'revision_number': 1} available for tenant
2024-10-29 12:03:24.046 63199 INFO tempest.lib.common.rest_client [req-2ef2fcfa-2db4-44be-a38d-03ffafe1c393 req-2ef2fcfa-2db4-44be-a38d-03ffafe1c393 ] Request (ServerRescueNegativeTestJSON:setUpClass): 200 GET http://10.180.1.21/compute/v2.1/servers/9654e9d5-a809-4875-99bb-fd99d7a7fbd6 0.615s
2024-10-29 12:03:24.071 63215 INFO tempest.lib.common.rest_client [req-aa12ca02-a8f6-4c1b-8d56-0f72e97ae790 req-aa12ca02-a8f6-4c1b-8d56-0f72e97ae790 ] Request (ServersTestJSON:test_create_server_with_admin_password): 201 POST http://10.180.1.21/identity/v3/auth/tokens 0.051s
2024-10-29 12:03:24.072 63215 INFO tempest.lib.common.fixed_network [-] (ServersTestJSON:test_create_server_with_admin_password) Found network {'id': '9ed96510-533e-4ed6-bf9b-e1a401a9df79', 'name': 'tempest-ServersTestJSON-1060581969-network', 'tenant_id': '2948b6c7e6f04cf98b36777c2fc94fc1', 'admin_state_up': True, 'mtu': 8950, 'status': 'ACTIVE', 'subnets': [], 'shared': False, 'project_id': '2948b6c7e6f04cf98b36777c2fc94fc1', 'port_security_enabled': True, 'router:external': False, 'provider:network_type': 'vlan', 'provider:physical_network': 'default', 'provider:segmentation_id': 534, 'availability_zone_hints': [], 'availability_zones': [], 'ipv4_address_scope': None, 'ipv6_address_scope': None, 'description': '', 'tags': [], 'created_at': '2024-10-29T12:02:08Z', 'updated_at': '2024-10-29T12:02:08Z', 'revision_number': 1} available for tenant
2024-10-29 12:03:24.074 63163 INFO tempest.lib.common.rest_client [req-023290f6-2970-43c9-990f-c7815a542cd9 req-023290f6-2970-43c9-990f-c7815a542cd9 ] Request (FloatingIPsAssociationNegativeTestJSON:setUpClass): 200 GET http://10.180.1.21/compute/v2.1/servers/03ee0097-1200-43ce-9baa-e9da80105516 0.360s
2024-10-29 12:03:24.105 63201 INFO tempest.lib.common.rest_client [req-a084b356-4d54-4d00-9880-6aa59ff60720 req-a084b356-4d54-4d00-9880-6aa59ff60720 ] Request (ServerDiagnosticsNegativeTest:test_get_server_diagnostics_by_non_admin): 200 GET http://10.180.1.21/compute/v2.1/servers/0c569bd2-7622-4285-9439-209a88f2e84d 0.324s
2024-10-29 12:03:24.130 63165 INFO tempest.lib.common.rest_client [req-b7b22526-ee0c-4493-b9f5-2a4f6bee3ca5 req-b7b22526-ee0c-4493-b9f5-2a4f6bee3ca5 ] Request (ImagesNegativeTestJSON:test_create_image_from_deleted_server): 200 GET http://10.180.1.21/compute/v2.1/servers/ab0f02a1-f883-4ad6-8f8c-5c300fff0f70 0.290s
2024-10-29 12:03:24.162 63205 INFO tempest.lib.common.rest_client [req-967fa4de-358e-4a4f-9086-b1bcbe03c543 req-967fa4de-358e-4a4f-9086-b1bcbe03c543 ] Request (ListServersNegativeTestJSON:setUpClass): 200 GET http://10.180.1.21/compute/v2.1/servers/627ebcab-90f9-4ebe-baf9-52fe808ec8c6 0.250s
2024-10-29 12:03:24.183 63169 INFO tempest.lib.common.rest_client [req-830d37cb-9189-4003-ab2f-4fdf70740ba4 req-830d37cb-9189-4003-ab2f-4fdf70740ba4 ] Request (FloatingIPDetailsNegativeTestJSON:test_get_nonexistent_floating_ip_details): 404 GET http://10.180.1.21/compute/v2.1/os-floating-ips/2ed3b5e4-8212-4e4a-9fdc-6e77a89c09d8 0.206s
2024-10-29 12:03:24.216 63167 INFO tempest.lib.common.rest_client [req-b940ecb4-7965-4ebf-8a05-224fe6d5eff8 req-b940ecb4-7965-4ebf-8a05-224fe6d5eff8 ] Request (AttachInterfacesTestJSON:test_create_list_show_delete_interfaces_by_fixed_ip): 200 GET http://10.180.1.21/compute/v2.1/servers/7ab06c90-5d19-43fa-b91b-7d17f85d3258 0.233s
2024-10-29 12:03:24.851 63169 INFO tempest.lib.common.rest_client [req-fb5c1423-b182-476b-9232-bf1022bc045c req-fb5c1423-b182-476b-9232-bf1022bc045c ] Request (FloatingIPDetailsNegativeTestJSON:tearDownClass): 200 PUT http://10.180.1.21:9696/networking/v2.0/routers/f162eb6d-8819-407b-867a-931e917c2348/remove_router_interface 0.659s
2024-10-29 12:03:24.919 63219 INFO tempest.lib.common.rest_client [req-da2f1280-54c5-4936-96c4-e24a74c50f84 req-da2f1280-54c5-4936-96c4-e24a74c50f84 ] Request (InstanceActionsTestJSON:setUpClass): 202 POST http://10.180.1.21/compute/v2.1/servers 0.906s
2024-10-29 12:03:24.925 63215 INFO tempest.lib.common.rest_client [req-19d3d9cd-0b44-409e-a4e4-0e4c73a02172 req-19d3d9cd-0b44-409e-a4e4-0e4c73a02172 ] Request (ServersTestJSON:test_create_server_with_admin_password): 202 POST http://10.180.1.21/compute/v2.1/servers 0.852s
2024-10-29 12:03:25.029 63195 INFO tempest.lib.common.rest_client [req-c39c4eb2-7b62-4fdf-9f62-dc6b27ff11d2 req-c39c4eb2-7b62-4fdf-9f62-dc6b27ff11d2 ] Request (AttachInterfacesUnderV243Test:test_add_remove_fixed_ip): 200 GET http://10.180.1.21/compute/v2.1/servers/386ffe8a-a160-4dea-88e6-529219eaf99f 0.761s
2024-10-29 12:03:25.033 63190 INFO tempest.lib.common.rest_client [req-1a141344-3399-4c31-b929-6b3b27630d23 req-1a141344-3399-4c31-b929-6b3b27630d23 ] Request (ServersTestMultiNic:test_verify_duplicate_network_nics): 200 GET http://10.180.1.21/compute/v2.1/servers/c11d0dcc-e5aa-4d7c-bba5-2853622dde44 0.695s
2024-10-29 12:03:25.123 63187 INFO tempest.lib.common.rest_client [req-86fb3fd3-ade7-49b7-9b97-f3b634940978 req-86fb3fd3-ade7-49b7-9b97-f3b634940978 ] Request (MigrationsAdminTest:test_resize_server_revert_deleted_flavor): 200 GET http://10.180.1.21/compute/v2.1/servers/91043784-2e4a-4fa4-87de-1c45971e64c5 0.719s
2024-10-29 12:03:25.190 63192 INFO tempest.lib.common.rest_client [req-79c94989-0fc8-4e7b-8d49-4378e2f1e032 req-79c94989-0fc8-4e7b-8d49-4378e2f1e032 ] Request (SecurityGroupsTestJSON:test_list_security_groups_by_server): 200 GET http://10.180.1.21/compute/v2.1/servers/d45fe9ea-8538-47da-b8dd-c67f8863a812 0.700s
2024-10-29 12:03:25.257 63183 INFO tempest.lib.common.rest_client [req-4f207482-a1c1-4125-83ab-12f1961b7cf5 req-4f207482-a1c1-4125-83ab-12f1961b7cf5 ] Request (ServerExternalEventsTest:test_create_server_external_events): 200 GET http://10.180.1.21/compute/v2.1/servers/f247b499-0a04-47ae-98b0-cb3f7f088a62 0.713s
2024-10-29 12:03:25.310 63179 INFO tempest.lib.common.rest_client [req-8eeabb64-083a-40bb-85f1-6958cbb0a6e8 req-8eeabb64-083a-40bb-85f1-6958cbb0a6e8 ] Request (ServersTestManualDisk:setUpClass): 200 GET http://10.180.1.21/compute/v2.1/servers/13e71116-cb20-4fc5-8ceb-3a6098bae438 0.748s
2024-10-29 12:03:25.329 63213 INFO tempest.lib.common.rest_client [req-aa6488e1-f745-47cb-9440-870e3e9065e0 req-aa6488e1-f745-47cb-9440-870e3e9065e0 ] Request (DeleteServersAdminTestJSON:test_delete_server_while_in_error_state): 200 GET http://10.180.1.21/compute/v2.1/servers/a8e4d6d3-3908-4fe8-be33-5b70eb5a62a1 0.856s
2024-10-29 12:03:25.338 63169 INFO tempest.lib.common.rest_client [req-4cc420f1-9c6f-4fab-96c2-426128fdc5f2 req-4cc420f1-9c6f-4fab-96c2-426128fdc5f2 ] Request (FloatingIPDetailsNegativeTestJSON:tearDownClass): 204 DELETE http://10.180.1.21:9696/networking/v2.0/routers/f162eb6d-8819-407b-867a-931e917c2348 0.485s
2024-10-29 12:03:25.340 63213 INFO tempest.common.waiters [-] State transition "BUILD/None" ==> "BUILD/spawning" after 53 second wait
2024-10-29 12:03:25.379 63203 INFO tempest.lib.common.rest_client [req-42b0e66e-6c06-4990-94f6-67e9018a37c4 req-42b0e66e-6c06-4990-94f6-67e9018a37c4 ] Request (ServerGroupTestJSON:test_create_server_with_scheduler_hint_group): 200 GET http://10.180.1.21/compute/v2.1/servers/5a825d36-7563-4792-8f68-8814ec96cfde 0.762s
2024-10-29 12:03:25.382 63171 INFO tempest.lib.common.rest_client [req-a807039c-f353-4d32-b38d-9172dc8ba2e3 req-a807039c-f353-4d32-b38d-9172dc8ba2e3 ] Request (ServersNegativeTestJSON:setUpClass): 200 GET http://10.180.1.21/compute/v2.1/servers/2e1217a9-e3b5-4f8c-af4e-3d5da315b3ab 0.770s
2024-10-29 12:03:25.447 63169 INFO tempest.lib.common.rest_client [req-26de6032-b74b-4bf8-8d80-345a5314142a req-26de6032-b74b-4bf8-8d80-345a5314142a ] Request (FloatingIPDetailsNegativeTestJSON:tearDownClass): 204 DELETE http://10.180.1.21:9696/networking/v2.0/subnets/e745d59a-f267-4a0d-87d1-b36d341ab01a 0.109s
2024-10-29 12:03:25.459 63173 INFO tempest.lib.common.rest_client [req-7d06cec1-f257-436e-b8db-fc7ef9d359e4 req-7d06cec1-f257-436e-b8db-fc7ef9d359e4 ] Request (ServerMetadataNegativeTestJSON:setUpClass): 200 GET http://10.180.1.21/compute/v2.1/servers/bb28249e-a9d3-4d7d-bd05-128f1110dbca 0.763s
2024-10-29 12:03:25.464 63193 INFO tempest.lib.common.rest_client [req-d218df80-ec97-4aac-8793-498f3688515d req-d218df80-ec97-4aac-8793-498f3688515d ] Request (DeleteServersTestJSON:test_delete_active_server): 200 GET http://10.180.1.21/compute/v2.1/servers/0dba167b-aa56-4463-9749-b74fbc7430d9 0.766s
2024-10-29 12:03:25.529 63161 INFO tempest.lib.common.rest_client [req-dd10f0e6-01dd-4d98-8ea1-a83ce6ebe3ab req-dd10f0e6-01dd-4d98-8ea1-a83ce6ebe3ab ] Request (ListImageFiltersTestJSON:setUpClass): 200 GET http://10.180.1.21/compute/v2.1/servers/f853c572-ad40-4cce-83d4-d5f11b42c37f 0.765s
2024-10-29 12:03:25.538 63207 INFO tempest.lib.common.rest_client [req-901e3c8c-c6f2-4c95-af2d-07b7e001dc7b req-901e3c8c-c6f2-4c95-af2d-07b7e001dc7b ] Request (ServerActionsTestOtherB:setUpClass): 200 GET http://10.180.1.21/compute/v2.1/servers/353b72b2-cd56-442f-9010-c75baf8f5a48 0.769s
2024-10-29 12:03:25.609 63169 INFO tempest.lib.common.rest_client [req-3fd47552-fdcf-4452-aa04-70d9668cbe94 req-3fd47552-fdcf-4452-aa04-70d9668cbe94 ] Request (FloatingIPDetailsNegativeTestJSON:tearDownClass): 204 DELETE http://10.180.1.21:9696/networking/v2.0/networks/75906cf5-739d-4456-b268-92550cf5cf58 0.162s
2024-10-29 12:03:25.686 63169 INFO tempest.lib.common.rest_client [req-f571b27d-22ff-4758-a62b-01c67d33e806 req-f571b27d-22ff-4758-a62b-01c67d33e806 ] Request (FloatingIPDetailsNegativeTestJSON:tearDownClass): 204 DELETE http://10.180.1.21/identity/v3/users/d370e969955d4d1992460de62ba56279 0.077s
2024-10-29 12:03:25.686 63169 INFO tempest.lib.common.dynamic_creds [-] Deleting project and security group for project: d02407deeb0e4ddab717f962f5db7cb7
2024-10-29 12:03:25.728 63169 INFO tempest.lib.common.rest_client [req-6770d575-0c8a-45f3-8fc5-edb9bb9de74f req-6770d575-0c8a-45f3-8fc5-edb9bb9de74f ] Request (FloatingIPDetailsNegativeTestJSON:tearDownClass): 200 GET http://10.180.1.21:9696/networking/v2.0/security-groups?tenant_id=d02407deeb0e4ddab717f962f5db7cb7&name=default 0.041s
2024-10-29 12:03:25.774 63185 INFO tempest.lib.common.rest_client [req-e166c280-a212-4672-8f2b-18f1ba573662 req-e166c280-a212-4672-8f2b-18f1ba573662 ] Request (ImagesTestJSON:test_create_image_from_stopped_server): 200 GET http://10.180.1.21/compute/v2.1/servers/a701b2b9-10df-4ba3-8b78-b6b486d8f1db 0.945s
2024-10-29 12:03:25.780 63177 INFO tempest.lib.common.rest_client [req-f4341e83-a816-4e3d-9521-d1040050ce5a req-f4341e83-a816-4e3d-9521-d1040050ce5a ] Request (ServersTestJSON:setUpClass): 200 GET http://10.180.1.21/compute/v2.1/servers/f106b311-fc2f-4811-b7e0-d680de236b78 0.943s
2024-10-29 12:03:25.815 63169 INFO tempest.lib.common.rest_client [req-33780c9b-10c3-4fd0-9824-9184695a308f req-33780c9b-10c3-4fd0-9824-9184695a308f ] Request (FloatingIPDetailsNegativeTestJSON:tearDownClass): 204 DELETE http://10.180.1.21:9696/networking/v2.0/security-groups/6ff0845d-79c9-4e15-992c-935a8c39af38 0.086s
2024-10-29 12:03:25.848 63219 INFO tempest.lib.common.rest_client [req-aa1cf618-1d65-4837-824b-b5c45b3049a6 req-aa1cf618-1d65-4837-824b-b5c45b3049a6 ] Request (InstanceActionsTestJSON:setUpClass): 200 GET http://10.180.1.21/compute/v2.1/servers/fcee63c5-eaa3-4d8c-a612-9c30087433e1 0.926s
2024-10-29 12:03:25.849 63217 INFO tempest.lib.common.rest_client [req-f5246fd3-d877-4d7e-93d8-ed772ad4869b req-f5246fd3-d877-4d7e-93d8-ed772ad4869b ] Request (ServerAddressesTestJSON:setUpClass): 200 GET http://10.180.1.21/compute/v2.1/servers/2a8c7285-35dd-4112-b84a-ea384aead074 0.931s
2024-10-29 12:03:25.909 63157 INFO tempest.lib.common.rest_client [req-834550b7-8b87-4249-ba3a-1796e05523f1 req-834550b7-8b87-4249-ba3a-1796e05523f1 ] Request (InstanceActionsNegativeTestJSON:setUpClass): 200 GET http://10.180.1.21/compute/v2.1/servers/81c87881-bf63-4622-a0cb-6e38680a8f14 0.981s
