2024-10-29 12:02:45.630 63209 INFO tempest.lib.common.rest_client [req-c727c907-3f4e-4b61-97d0-8a9bbb0284c3 req-c727c907-3f4e-4b61-97d0-8a9bbb0284c3 ] Request (VolumesTestJSON:setUpClass): 200 GET http://10.180.1.21/compute/v2.1/os-volumes/c35d55a1-1021-4f22-b5dd-3144103a278c 0.763s
2024-10-29 12:02:45.650 63181 INFO tempest.lib.common.rest_client [req-c3d60058-a02c-4b5d-b15e-fd01f3bc43cb req-c3d60058-a02c-4b5d-b15e-fd01f3bc43cb ] Request (ImagesMetadataNegativeTestJSON:test_update_nonexistent_image_metadata): 404 POST http://10.180.1.21/compute/v2.1/images/9b466685-44d7-412d-9416-8b51f07c51c6/metadata 0.723s
2024-10-29 12:02:45.663 63201 INFO tempest.lib.common.rest_client [req-23c8fcc1-844e-493e-8861-dc5ca5fd1874 req-23c8fcc1-844e-493e-8861-dc5ca5fd1874 ] Request (ServerDiagnosticsNegativeTest:setUpClass): 200 GET http://10.180.1.21/identity/v3/domains?name=Default 0.031s
2024-10-29 12:02:45.748 63181 INFO tempest.lib.common.rest_client [req-82d6c75c-373c-48d6-b411-9e5dcbfcecaf req-82d6c75c-373c-48d6-b411-9e5dcbfcecaf ] Request (ImagesMetadataNegativeTestJSON:tearDownClass): 204 DELETE http://10.180.1.21/identity/v3/users/ffad1a1d47fe4d8b82bddf725b106431 0.097s
2024-10-29 12:02:45.749 63181 INFO tempest.lib.common.dynamic_creds [-] Deleting project and security group for project: 7081a732123c4d4cbf323b0492c0d33a
2024-10-29 12:02:45.750 63173 INFO tempest.lib.common.rest_client [req-2eda5f35-2a36-4e3c-9689-852075684c01 req-2eda5f35-2a36-4e3c-9689-852075684c01 ] Request (ServerMetadataNegativeTestJSON:setUpClass): 202 POST http://10.180.1.21/compute/v2.1/servers 1.250s
2024-10-29 12:02:45.789 63209 INFO tempest.lib.common.rest_client [req-78e7b095-53f3-4491-bfe5-94d8255433a2 req-78e7b095-53f3-4491-bfe5-94d8255433a2 ] Request (VolumesTestJSON:setUpClass): 202 POST http://10.180.1.21/volume/v3/volumes 0.156s
2024-10-29 12:02:45.831 63181 INFO tempest.lib.common.rest_client [req-fb8d1b55-893b-49c1-86a8-20c20643d4e9 req-fb8d1b55-893b-49c1-86a8-20c20643d4e9 ] Request (ImagesMetadataNegativeTestJSON:tearDownClass): 201 POST http://10.180.1.21/identity/v3/auth/tokens 0.082s
2024-10-29 12:02:45.844 63167 INFO tempest.lib.common.rest_client [req-92626d65-eb04-47ea-b1e0-a4e36d0b020b req-92626d65-eb04-47ea-b1e0-a4e36d0b020b ] Request (ValidationResourcesFixture:setUp): 200 POST http://10.180.1.21/compute/v2.1/os-keypairs 0.894s
2024-10-29 12:02:45.849 63209 INFO tempest.lib.common.rest_client [req-67422863-e5b6-4c5d-b753-8fa2128eea29 req-67422863-e5b6-4c5d-b753-8fa2128eea29 ] Request (VolumesTestJSON:setUpClass): 200 GET http://10.180.1.21/volume/v3/volumes/8c3d9765-31c8-408e-986c-7ce2b06f787c 0.051s
2024-10-29 12:02:45.853 63201 INFO tempest.lib.common.rest_client [req-ff183ddb-8f12-4717-b29f-3c7ef0c63253 req-ff183ddb-8f12-4717-b29f-3c7ef0c63253 ] Request (ServerDiagnosticsNegativeTest:setUpClass): 201 POST http://10.180.1.21/identity/v3/projects 0.190s
2024-10-29 12:02:45.949 63201 INFO tempest.lib.common.rest_client [req-d8410775-cec5-4bff-ade9-4b0a1e9eb332 req-d8410775-cec5-4bff-ade9-4b0a1e9eb332 ] Request (ServerDiagnosticsNegativeTest:setUpClass): 201 POST http://10.180.1.21/identity/v3/users 0.095s
2024-10-29 12:02:45.954 63219 INFO tempest.lib.common.rest_client [req-232364d7-7e77-451d-bed1-ee1ea06888e3 req-232364d7-7e77-451d-bed1-ee1ea06888e3 ] Request (VolumesAssistedSnapshotsTest:test_volume_assisted_snapshot_create_delete): 200 GET http://10.180.1.21/compute/v2.1/servers/e08d9f27-d2b3-4532-862f-b68e830e8d17 0.826s
2024-10-29 12:02:45.968 63201 INFO tempest.lib.common.rest_client [req-a32287f4-75b7-40df-a36e-75f54d9f330c req-a32287f4-75b7-40df-a36e-75f54d9f330c ] Request (ServerDiagnosticsNegativeTest:setUpClass): 200 GET http://10.180.1.21/identity/v3/roles 0.018s
2024-10-29 12:02:46.018 63201 INFO tempest.lib.common.rest_client [req-70e2d871-fab6-4c36-826e-788acb5fe88a req-70e2d871-fab6-4c36-826e-788acb5fe88a ] Request (ServerDiagnosticsNegativeTest:setUpClass): 204 PUT http://10.180.1.21/identity/v3/projects/e70f424c9eed4a659b19c858ff277027/users/7c78663339634954800ce721b3bd24f3/roles/f5694afb255643a29cd92d56d5a9a672 0.049s
2024-10-29 12:02:46.018 63201 INFO tempest.lib.common.dynamic_creds [-] Dynamic test user 7c78663339634954800ce721b3bd24f3 is created with scope project and roles: ['member']
2024-10-29 12:02:46.019 63201 INFO tempest.lib.common.dynamic_creds [-] Acquired dynamic creds: credentials: Credentials: {'domain_id': 'default', 'domain_name': 'Default', 'username': 'tempest-ServerDiagnosticsNegativeTest-1223502785-project-member', 'project_domain_id': 'default', 'project_domain_name': 'Default', 'project_id': 'e70f424c9eed4a659b19c858ff277027', 'project_name': 'tempest-ServerDiagnosticsNegativeTest-1223502785', 'tenant_id': 'e70f424c9eed4a659b19c858ff277027', 'tenant_name': 'tempest-ServerDiagnosticsNegativeTest-1223502785', 'user_domain_id': 'default', 'user_domain_name': 'Default', 'user_id': '7c78663339634954800ce721b3bd24f3', 'system': None}, Network: None, Subnet: None, Router: None
2024-10-29 12:02:46.019 63201 INFO tempest.lib.common.dynamic_creds [-] Created isolated network resources for: credentials: Credentials: {'domain_id': 'default', 'domain_name': 'Default', 'username': 'tempest-ServerDiagnosticsNegativeTest-1223502785-project-member', 'project_domain_id': 'default', 'project_domain_name': 'Default', 'project_id': 'e70f424c9eed4a659b19c858ff277027', 'project_name': 'tempest-ServerDiagnosticsNegativeTest-1223502785', 'tenant_id': 'e70f424c9eed4a659b19c858ff277027', 'tenant_name': 'tempest-ServerDiagnosticsNegativeTest-1223502785', 'user_domain_id': 'default', 'user_domain_name': 'Default', 'user_id': '7c78663339634954800ce721b3bd24f3', 'system': None}, Network: None, Subnet: None, Router: None
2024-10-29 12:02:46.050 63203 INFO tempest.lib.common.rest_client [req-6e09c97c-a84c-4d1d-bde2-d385d4868acc req-6e09c97c-a84c-4d1d-bde2-d385d4868acc ] Request (ServerGroupTestJSON:test_create_server_with_scheduler_hint_group): 200 GET http://10.180.1.21/compute/v2.1/servers/5a825d36-7563-4792-8f68-8814ec96cfde 0.887s
2024-10-29 12:02:46.073 63190 INFO tempest.lib.common.rest_client [req-f46a851a-cb1a-437e-92df-3f5a7a8f530c req-f46a851a-cb1a-437e-92df-3f5a7a8f530c ] Request (ServersV294TestFqdnHostnames:setUpClass): 404 GET http://10.180.1.21/compute/v2.1/servers/3cb4806d-dffa-4c41-9730-f29d2aad059a 0.897s
2024-10-29 12:02:46.074 63190 INFO tempest.test [-] raised in ServersV294TestFqdnHostnames.setUpClass. Invoking tearDownClass.
2024-10-29 12:02:46.074 63167 INFO tempest.lib.common.rest_client [req-d55cdc3d-51ce-442b-9a9a-53adaa270c7e req-d55cdc3d-51ce-442b-9a9a-53adaa270c7e ] Request (ValidationResourcesFixture:setUp): 201 POST http://10.180.1.21:9696/networking/v2.0/security-groups 0.228s
2024-10-29 12:02:46.099 63175 INFO tempest.lib.common.rest_client [req-812b628d-85f7-4c16-8f6c-43ccaf9d466e req-812b628d-85f7-4c16-8f6c-43ccaf9d466e ] Request (SecurityGroupRulesTestJSON:test_security_group_rules_create_with_optional_group_id): 200 POST http://10.180.1.21/compute/v2.1/os-security-group-rules 1.124s
2024-10-29 12:02:46.102 63175 WARNING tempest.lib.common.rest_client [-] Deprecated: "tenant_id" property is deprecated for removal, use "project_id" instead
2024-10-29 12:02:46.110 63201 INFO tempest.lib.common.rest_client [req-a42000b3-3a03-4a61-b638-57dab355d4de req-a42000b3-3a03-4a61-b638-57dab355d4de ] Request (ServerDiagnosticsNegativeTest:setUpClass): 201 POST http://10.180.1.21/identity/v3/auth/tokens 0.087s
2024-10-29 12:02:46.132 63171 INFO tempest.lib.common.rest_client [req-651b7662-3bc6-4a96-af5f-c3f7eb76fa9d req-651b7662-3bc6-4a96-af5f-c3f7eb76fa9d ] Request (ServersNegativeTestJSON:setUpClass): 200 GET http://10.180.1.21/compute/v2.1/servers/2e1217a9-e3b5-4f8c-af4e-3d5da315b3ab 0.935s
2024-10-29 12:02:46.161 63211 INFO tempest.lib.common.rest_client [req-c9473acc-ad3c-4a5a-af66-a2e8cacedf2d req-c9473acc-ad3c-4a5a-af66-a2e8cacedf2d ] Request (ServerDiskConfigTestJSON:setUpClass): 201 POST http://10.180.1.21:9696/networking/v2.0/routers 0.978s
2024-10-29 12:02:46.165 63169 INFO tempest.lib.common.rest_client [req-1d07877a-3fd9-45aa-8c5e-e28fe1fe90f6 req-1d07877a-3fd9-45aa-8c5e-e28fe1fe90f6 ] Request (ServersAdminNegativeTestJSON:setUpClass): 200 GET http://10.180.1.21/compute/v2.1/servers/6f5cc707-70e8-48fb-8d9d-904f3e0130af 0.948s
2024-10-29 12:02:46.171 63169 INFO tempest.common.waiters [-] State transition "BUILD/None" ==> "BUILD/networking" after 28 second wait
2024-10-29 12:02:46.174 63201 INFO tempest.lib.common.rest_client [req-f1b1082b-be0c-457d-b24f-f2df492f44c6 req-f1b1082b-be0c-457d-b24f-f2df492f44c6 ] Request (ServerDiagnosticsNegativeTest:setUpClass): 201 POST http://10.180.1.21/identity/v3/projects 0.063s
2024-10-29 12:02:46.198 63185 INFO tempest.lib.common.rest_client [req-aa9523e3-2232-40f4-83c8-caf06fa21807 req-aa9523e3-2232-40f4-83c8-caf06fa21807 ] Request (ServersWithSpecificFlavorTestJSON:test_verify_created_server_ephemeral_disk): 200 GET http://10.180.1.21/compute/v2.1/servers/25758cb8-6635-4284-bc94-a95389af3c8a 0.925s
2024-10-29 12:02:46.228 63181 INFO tempest.lib.common.rest_client [req-2f9f3459-a154-4ee7-8f08-813f837d12f3 req-2f9f3459-a154-4ee7-8f08-813f837d12f3 ] Request (ImagesMetadataNegativeTestJSON:tearDownClass): 200 GET http://10.180.1.21:9696/networking/v2.0/security-groups?tenant_id=7081a732123c4d4cbf323b0492c0d33a&name=default 0.396s
2024-10-29 12:02:46.250 63201 INFO tempest.lib.common.rest_client [req-863d245a-7d0c-479a-97a2-9d8c7c5e927a req-863d245a-7d0c-479a-97a2-9d8c7c5e927a ] Request (ServerDiagnosticsNegativeTest:setUpClass): 201 POST http://10.180.1.21/identity/v3/users 0.075s
2024-10-29 12:02:46.256 63192 INFO tempest.lib.common.rest_client [req-b8937d4e-d508-46b7-92f4-eb24b1aa7bb5 req-b8937d4e-d508-46b7-92f4-eb24b1aa7bb5 ] Request (ServersAdmin275Test:tearDownClass): 200 GET http://10.180.1.21/compute/v2.1/servers/a33da17c-bbb2-4307-b4b3-56cec5cb757e 0.778s
2024-10-29 12:02:46.259 63217 INFO tempest.lib.common.rest_client [req-ffeb7a35-ce80-46be-ae99-144f8191daec req-ffeb7a35-ce80-46be-ae99-144f8191daec ] Request (ServerAddressesTestJSON:setUpClass): 200 GET http://10.180.1.21/compute/v2.1/servers/2a8c7285-35dd-4112-b84a-ea384aead074 0.722s
2024-10-29 12:02:46.260 63167 INFO tempest.lib.common.rest_client [req-688898e5-bf2a-4ca7-b9ec-71cf46c22a3d req-688898e5-bf2a-4ca7-b9ec-71cf46c22a3d ] Request (ValidationResourcesFixture:setUp): 201 POST http://10.180.1.21:9696/networking/v2.0/security-group-rules 0.186s
2024-10-29 12:02:46.278 63201 INFO tempest.lib.common.rest_client [req-0eccb256-d2ea-4cbc-965d-becc6006390f req-0eccb256-d2ea-4cbc-965d-becc6006390f ] Request (ServerDiagnosticsNegativeTest:setUpClass): 200 GET http://10.180.1.21/identity/v3/roles 0.027s
2024-10-29 12:02:46.310 63201 INFO tempest.lib.common.rest_client [req-d8a5f45f-45ba-4def-ab84-063ef0db8cf4 req-d8a5f45f-45ba-4def-ab84-063ef0db8cf4 ] Request (ServerDiagnosticsNegativeTest:setUpClass): 204 PUT http://10.180.1.21/identity/v3/projects/33c4e413e60949cda3b5f0efafd292cb/users/00419dce1c474e1297f41669b1a589f4/roles/1742d81d1aeb483a919a1b6c2a5e0153 0.030s
2024-10-29 12:02:46.313 63215 INFO tempest.lib.common.rest_client [req-5663843f-b313-4e32-806b-f438d07c9d80 req-5663843f-b313-4e32-806b-f438d07c9d80 ] Request (ServersTestJSON:test_create_server_specify_multibyte_character_name): 200 GET http://10.180.1.21/compute/v2.1/servers/147165a4-9071-4516-9498-fa4c706a5e37 0.703s
2024-10-29 12:02:46.325 63199 INFO tempest.lib.common.rest_client [req-c50e35bf-f9d4-46c0-88d9-fe0f12671c96 req-c50e35bf-f9d4-46c0-88d9-fe0f12671c96 ] Request (ListImagesTestJSON:test_list_images_with_detail): 200 GET http://10.180.1.21/compute/v2.1/images/detail 0.745s
2024-10-29 12:02:46.349 63167 INFO tempest.lib.common.rest_client [req-f6694922-03bf-48f4-b6e8-ca6e24c28842 req-f6694922-03bf-48f4-b6e8-ca6e24c28842 ] Request (ValidationResourcesFixture:setUp): 201 POST http://10.180.1.21:9696/networking/v2.0/security-group-rules 0.088s
2024-10-29 12:02:46.377 63201 INFO tempest.lib.common.rest_client [req-22a7a94a-5663-49d5-ad6d-b4f49be0c51a req-22a7a94a-5663-49d5-ad6d-b4f49be0c51a ] Request (ServerDiagnosticsNegativeTest:setUpClass): 200 GET http://10.180.1.21/identity/v3/roles 0.067s
2024-10-29 12:02:46.388 63173 INFO tempest.lib.common.rest_client [req-12ae7bcc-4109-4fa6-a8e0-e91691c6c58b req-12ae7bcc-4109-4fa6-a8e0-e91691c6c58b ] Request (ServerMetadataNegativeTestJSON:setUpClass): 200 GET http://10.180.1.21/compute/v2.1/servers/bb28249e-a9d3-4d7d-bd05-128f1110dbca 0.636s
2024-10-29 12:02:46.400 63179 INFO tempest.lib.common.rest_client [req-cc4e2c70-a32e-4714-acd3-c32d93aa12ad req-cc4e2c70-a32e-4714-acd3-c32d93aa12ad ] Request (ServerDiagnosticsTest:test_get_server_diagnostics): 200 GET http://10.180.1.21/compute/v2.1/servers/4fe36f05-d730-4fb1-ab05-0425be619dfb 0.721s
2024-10-29 12:02:46.406 63181 INFO tempest.lib.common.rest_client [req-694ee1fd-f024-43bb-8b16-411316cd3551 req-694ee1fd-f024-43bb-8b16-411316cd3551 ] Request (ImagesMetadataNegativeTestJSON:tearDownClass): 204 DELETE http://10.180.1.21:9696/networking/v2.0/security-groups/6e474ee0-9d54-4375-9c4f-6b8b4c2fdd38 0.177s
2024-10-29 12:02:46.408 63201 INFO tempest.lib.common.rest_client [req-ecb39d6b-63c5-413f-a4e8-e36a92b02b8d req-ecb39d6b-63c5-413f-a4e8-e36a92b02b8d ] Request (ServerDiagnosticsNegativeTest:setUpClass): 204 PUT http://10.180.1.21/identity/v3/projects/33c4e413e60949cda3b5f0efafd292cb/users/00419dce1c474e1297f41669b1a589f4/roles/1742d81d1aeb483a919a1b6c2a5e0153 0.030s
2024-10-29 12:02:46.409 63201 INFO tempest.lib.common.dynamic_creds [-] Dynamic test user 00419dce1c474e1297f41669b1a589f4 is created with scope project and roles: ['admin']
2024-10-29 12:02:46.411 63201 INFO tempest.lib.common.dynamic_creds [-] Acquired dynamic creds: credentials: Credentials: {'domain_id': 'default', 'domain_name': 'Default', 'username': 'tempest-ServerDiagnosticsNegativeTest-595332353-project-admin', 'project_domain_id': 'default', 'project_domain_name': 'Default', 'project_id': '33c4e413e60949cda3b5f0efafd292cb', 'project_name': 'tempest-ServerDiagnosticsNegativeTest-595332353', 'tenant_id': '33c4e413e60949cda3b5f0efafd292cb', 'tenant_name': 'tempest-ServerDiagnosticsNegativeTest-595332353', 'user_domain_id': 'default', 'user_domain_name': 'Default', 'user_id': '00419dce1c474e1297f41669b1a589f4', 'system': None}, Network: None, Subnet: None, Router: None
2024-10-29 12:02:46.411 63201 INFO tempest.lib.common.dynamic_creds [-] Created isolated network resources for: credentials: Credentials: {'domain_id': 'default', 'domain_name': 'Default', 'username': 'tempest-ServerDiagnosticsNegativeTest-595332353-project-admin', 'project_domain_id': 'default', 'project_domain_name': 'Default', 'project_id': '33c4e413e60949cda3b5f0efafd292cb', 'project_name': 'tempest-ServerDiagnosticsNegativeTest-595332353', 'tenant_id': '33c4e413e60949cda3b5f0efafd292cb', 'tenant_name': 'tempest-ServerDiagnosticsNegativeTest-595332353', 'user_domain_id': 'default', 'user_domain_name': 'Default', 'user_id': '00419dce1c474e1297f41669b1a589f4', 'system': None}, Network: None, Subnet: None, Router: None
2024-10-29 12:02:46.416 63179 INFO tempest.common.waiters [-] State transition "BUILD/scheduling" ==> "ERROR/None" after 41 second wait
2024-10-29 12:02:46.465 63193 INFO tempest.lib.common.rest_client [req-89c895b0-ad3a-468f-9ab8-217d85b5770c req-89c895b0-ad3a-468f-9ab8-217d85b5770c ] Request (DeleteServersTestJSON:test_delete_active_server): 200 GET http://10.180.1.21/compute/v2.1/servers/0dba167b-aa56-4463-9749-b74fbc7430d9 0.679s
2024-10-29 12:02:46.466 63199 INFO tempest.lib.common.rest_client [req-64282b9e-4cf7-4a9e-8c55-65e4a4eb4287 req-64282b9e-4cf7-4a9e-8c55-65e4a4eb4287 ] Request (ListImagesTestJSON:tearDownClass): 204 DELETE http://10.180.1.21/identity/v3/users/5ddab4f927d444738d79ac769256fccb 0.135s
2024-10-29 12:02:46.466 63199 INFO tempest.lib.common.dynamic_creds [-] Deleting project and security group for project: 2dd5fc8f73c54e189c5af9b6a58f572d
2024-10-29 12:02:46.475 63177 INFO tempest.lib.common.rest_client [req-5df47048-7d93-4ee7-964c-467c5c549c7a req-5df47048-7d93-4ee7-964c-467c5c549c7a ] Request (ServersTestJSON:setUpClass): 200 GET http://10.180.1.21/compute/v2.1/servers/f106b311-fc2f-4811-b7e0-d680de236b78 0.569s
2024-10-29 12:02:46.497 63190 INFO tempest.lib.common.rest_client [req-913d2b8e-dd40-4895-a34f-bc2575f4ba21 req-913d2b8e-dd40-4895-a34f-bc2575f4ba21 ] Request (ServersV294TestFqdnHostnames:tearDownClass): 204 DELETE http://10.180.1.21/compute/v2.1/os-keypairs/tempest-keypair-1724409099 0.423s
2024-10-29 12:02:46.533 63165 INFO tempest.lib.common.rest_client [req-a9140a5d-7f84-42b2-9892-9a045988b4ec req-a9140a5d-7f84-42b2-9892-9a045988b4ec ] Request (ImagesNegativeTestJSON:test_create_image_from_deleted_server): 200 GET http://10.180.1.21/compute/v2.1/servers/ab0f02a1-f883-4ad6-8f8c-5c300fff0f70 0.494s
2024-10-29 12:02:46.534 63181 INFO tempest.lib.common.rest_client [req-baafefa7-7b74-4dbc-875b-3e0ed5212b64 req-baafefa7-7b74-4dbc-875b-3e0ed5212b64 ] Request (ImagesMetadataNegativeTestJSON:tearDownClass): 204 DELETE http://10.180.1.21/identity/v3/projects/7081a732123c4d4cbf323b0492c0d33a 0.127s
2024-10-29 12:02:46.552 63201 INFO tempest.lib.common.rest_client [req-beb6d5f8-9488-43a1-af4b-31cee444ab5c req-beb6d5f8-9488-43a1-af4b-31cee444ab5c ] Request (ServerDiagnosticsNegativeTest:setUpClass): 201 POST http://10.180.1.21/identity/v3/auth/tokens 0.137s
2024-10-29 12:02:46.576 63163 INFO tempest.lib.common.rest_client [req-3171b26d-18c1-4278-a1d1-0f5d5a22281d req-3171b26d-18c1-4278-a1d1-0f5d5a22281d ] Request (FloatingIPsAssociationNegativeTestJSON:setUpClass): 200 GET http://10.180.1.21/compute/v2.1/servers/03ee0097-1200-43ce-9baa-e9da80105516 0.485s
2024-10-29 12:02:46.597 63199 INFO tempest.lib.common.rest_client [req-ef674590-8855-46ee-ba75-fcd799c61826 req-ef674590-8855-46ee-ba75-fcd799c61826 ] Request (ListImagesTestJSON:tearDownClass): 201 POST http://10.180.1.21/identity/v3/auth/tokens 0.131s
2024-10-29 12:02:46.626 63181 INFO tempest.lib.common.rest_client [req-9d0ff571-5399-412e-a1d1-c6cfe4eb8fc4 req-9d0ff571-5399-412e-a1d1-c6cfe4eb8fc4 ] Request (ServersTestBootFromVolume:setUpClass): 201 POST http://10.180.1.21/identity/v3/auth/tokens 0.090s
2024-10-29 12:02:46.661 63201 INFO tempest.lib.common.rest_client [req-56113398-0ce0-4259-97eb-258c9c718a57 req-56113398-0ce0-4259-97eb-258c9c718a57 ] Request (ServerDiagnosticsNegativeTest:test_get_server_diagnostics_by_non_admin): 201 POST http://10.180.1.21/identity/v3/auth/tokens 0.104s
2024-10-29 12:02:46.662 63201 INFO tempest.lib.common.fixed_network [-] (ServerDiagnosticsNegativeTest:test_get_server_diagnostics_by_non_admin) Found network None available for tenant
2024-10-29 12:02:46.668 63195 INFO tempest.lib.common.rest_client [req-f7504650-a40c-48eb-b0b0-6dabbeb81075 req-f7504650-a40c-48eb-b0b0-6dabbeb81075 ] Request (AttachInterfacesUnderV243Test:test_add_remove_fixed_ip): 200 GET http://10.180.1.21/compute/v2.1/servers/386ffe8a-a160-4dea-88e6-529219eaf99f 0.522s
2024-10-29 12:02:46.692 63181 INFO tempest.lib.common.rest_client [req-fc262e8e-7d50-45f7-93a3-dba6c05f65cd req-fc262e8e-7d50-45f7-93a3-dba6c05f65cd ] Request (ServersTestBootFromVolume:setUpClass): 201 POST http://10.180.1.21/identity/v3/auth/tokens 0.063s
2024-10-29 12:02:46.712 63181 INFO tempest.lib.common.rest_client [req-6e2891db-afcf-439e-ac66-85da992a672b req-6e2891db-afcf-439e-ac66-85da992a672b ] Request (ServersTestBootFromVolume:setUpClass): 200 GET http://10.180.1.21/identity/v3/domains?name=Default 0.019s
2024-10-29 12:02:46.742 63181 INFO tempest.lib.common.rest_client [req-93c0fb97-632a-4e22-ae1f-a1a31507b493 req-93c0fb97-632a-4e22-ae1f-a1a31507b493 ] Request (ServersTestBootFromVolume:setUpClass): 201 POST http://10.180.1.21/identity/v3/projects 0.029s
2024-10-29 12:02:46.818 63213 INFO tempest.lib.common.rest_client [req-1bba5a70-94d4-47b0-8880-fd0c70f65fea req-1bba5a70-94d4-47b0-8880-fd0c70f65fea ] Request (DeleteServersAdminTestJSON:test_delete_server_while_in_error_state): 200 GET http://10.180.1.21/compute/v2.1/servers/a8e4d6d3-3908-4fe8-be33-5b70eb5a62a1 0.620s
2024-10-29 12:02:46.835 63181 INFO tempest.lib.common.rest_client [req-7957826e-a88e-4ce8-8ce5-921adb6be757 req-7957826e-a88e-4ce8-8ce5-921adb6be757 ] Request (ServersTestBootFromVolume:setUpClass): 201 POST http://10.180.1.21/identity/v3/users 0.093s
2024-10-29 12:02:46.858 63190 INFO tempest.lib.common.rest_client [req-c5a15281-de6c-445e-b002-22057fa47714 req-c5a15281-de6c-445e-b002-22057fa47714 ] Request (ServersV294TestFqdnHostnames:tearDownClass): 204 DELETE http://10.180.1.21:9696/networking/v2.0/security-groups/ab4426c1-6cc6-4f38-8b9b-c26ce1b225f3 0.360s
2024-10-29 12:02:46.870 63181 INFO tempest.lib.common.rest_client [req-a869c0a1-1ce3-46db-8fca-f7f366edf85d req-a869c0a1-1ce3-46db-8fca-f7f366edf85d ] Request (ServersTestBootFromVolume:setUpClass): 200 GET http://10.180.1.21/identity/v3/roles 0.035s
2024-10-29 12:02:46.901 63190 INFO tempest.lib.common.rest_client [req-2e52ee08-1e40-49f8-b277-e87dd1a7c02b req-2e52ee08-1e40-49f8-b277-e87dd1a7c02b ] Request (ServersV294TestFqdnHostnames:tearDownClass): 404 GET http://10.180.1.21:9696/networking/v2.0/security-groups/ab4426c1-6cc6-4f38-8b9b-c26ce1b225f3 0.043s
2024-10-29 12:02:46.902 63209 INFO tempest.lib.common.rest_client [req-b8fc0882-d094-4306-a82c-13e633132c30 req-b8fc0882-d094-4306-a82c-13e633132c30 ] Request (VolumesTestJSON:setUpClass): 200 GET http://10.180.1.21/volume/v3/volumes/8c3d9765-31c8-408e-986c-7ce2b06f787c 0.037s
2024-10-29 12:02:46.908 63209 INFO tempest.common.waiters [-] volume 8c3d9765-31c8-408e-986c-7ce2b06f787c reached available after waiting for 1.908256 seconds
2024-10-29 12:02:46.914 63175 INFO tempest.lib.common.rest_client [req-3a504cb7-f0b9-480e-b6d9-823a98ce57c9 req-3a504cb7-f0b9-480e-b6d9-823a98ce57c9 ] Request (SecurityGroupRulesTestJSON:test_security_group_rules_delete_when_peer_group_deleted): 200 POST http://10.180.1.21/compute/v2.1/os-security-groups 0.811s
2024-10-29 12:02:46.917 63181 INFO tempest.lib.common.rest_client [req-3d64e9d4-09cf-4c1a-9d02-1010e6104dc7 req-3d64e9d4-09cf-4c1a-9d02-1010e6104dc7 ] Request (ServersTestBootFromVolume:setUpClass): 204 PUT http://10.180.1.21/identity/v3/projects/2b5f5b3d8f59493683027a660f8b8274/users/7586849ffa63400e890616df1a5e8c59/roles/f5694afb255643a29cd92d56d5a9a672 0.046s
2024-10-29 12:02:46.917 63181 INFO tempest.lib.common.dynamic_creds [-] Dynamic test user 7586849ffa63400e890616df1a5e8c59 is created with scope project and roles: ['member']
2024-10-29 12:02:46.917 63181 INFO tempest.lib.common.dynamic_creds [-] Acquired dynamic creds: credentials: Credentials: {'domain_id': 'default', 'domain_name': 'Default', 'username': 'tempest-ServersTestBootFromVolume-414653886-project-member', 'project_domain_id': 'default', 'project_domain_name': 'Default', 'project_id': '2b5f5b3d8f59493683027a660f8b8274', 'project_name': 'tempest-ServersTestBootFromVolume-414653886', 'tenant_id': '2b5f5b3d8f59493683027a660f8b8274', 'tenant_name': 'tempest-ServersTestBootFromVolume-414653886', 'user_domain_id': 'default', 'user_domain_name': 'Default', 'user_id': '7586849ffa63400e890616df1a5e8c59', 'system': None}, Network: None, Subnet: None, Router: None
2024-10-29 12:02:46.942 63157 INFO tempest.lib.common.rest_client [req-319fcd88-3af0-4e82-bd0b-ce983142bd5e req-319fcd88-3af0-4e82-bd0b-ce983142bd5e ] Request (ServersAdminTestJSON:setUpClass): 200 GET http://10.180.1.21/compute/v2.1/servers/04d96512-dc09-42ff-96d0-961f7359318c 0.691s
2024-10-29 12:02:46.952 63157 INFO tempest.common.waiters [-] State transition "BUILD/spawning" ==> "ERROR/None" after 40 second wait
2024-10-29 12:02:46.985 63181 INFO tempest.lib.common.rest_client [req-c3ba0b41-a5ed-44ea-9848-02185ca76b36 req-c3ba0b41-a5ed-44ea-9848-02185ca76b36 ] Request (ServersTestBootFromVolume:setUpClass): 201 POST http://10.180.1.21/identity/v3/auth/tokens 0.067s
2024-10-29 12:02:47.022 63187 INFO tempest.lib.common.rest_client [req-020765fd-1894-4591-af97-be7599201ed7 req-020765fd-1894-4591-af97-be7599201ed7 ] Request (MigrationsAdminTest:test_list_migrations_in_flavor_resize_situation): 200 GET http://10.180.1.21/compute/v2.1/servers/66b7e04a-968b-44b0-9bb2-e467810bbf6b 0.756s
2024-10-29 12:02:47.065 63205 INFO tempest.lib.common.rest_client [req-0c0b137c-d102-4af0-a51a-a31bd4f8ae3d req-0c0b137c-d102-4af0-a51a-a31bd4f8ae3d ] Request (ServerDiagnosticsV248Test:tearDownClass): 200 GET http://10.180.1.21/compute/v2.1/servers/6ca62d1b-9533-4b83-8e8a-7f62a34c90a3 0.724s
2024-10-29 12:02:47.119 63183 INFO tempest.lib.common.rest_client [req-2e801814-c98e-49f1-bec3-51c4dfad06f9 req-2e801814-c98e-49f1-bec3-51c4dfad06f9 ] Request (ServerExternalEventsTest:test_create_server_external_events): 200 GET http://10.180.1.21/compute/v2.1/servers/f247b499-0a04-47ae-98b0-cb3f7f088a62 0.721s
2024-10-29 12:02:47.161 63199 INFO tempest.lib.common.rest_client [req-3ea119e3-5460-4aba-99a1-d96d7e5e964c req-3ea119e3-5460-4aba-99a1-d96d7e5e964c ] Request (ListImagesTestJSON:tearDownClass): 200 GET http://10.180.1.21:9696/networking/v2.0/security-groups?tenant_id=2dd5fc8f73c54e189c5af9b6a58f572d&name=default 0.563s
2024-10-29 12:02:47.199 63207 INFO tempest.lib.common.rest_client [req-39c99d99-b389-438f-8130-baa5dc7c1a58 req-39c99d99-b389-438f-8130-baa5dc7c1a58 ] Request (ServerActionsTestOtherB:setUpClass): 200 GET http://10.180.1.21/compute/v2.1/servers/353b72b2-cd56-442f-9010-c75baf8f5a48 0.733s
2024-10-29 12:02:47.211 63207 INFO tempest.common.waiters [-] State transition "BUILD/scheduling" ==> "BUILD/None" after 21 second wait
2024-10-29 12:02:47.272 63161 INFO tempest.lib.common.rest_client [req-0e7709db-c3f7-45b2-89fb-fd932aea2bc0 req-0e7709db-c3f7-45b2-89fb-fd932aea2bc0 ] Request (FloatingIPsAssociationTestJSON:setUpClass): 200 GET http://10.180.1.21/compute/v2.1/servers/33910d6d-0911-4e2a-82af-1b705cedd3fe 0.741s
2024-10-29 12:02:47.334 63179 INFO tempest.lib.common.rest_client [req-e2a1e6ee-b8de-4e5a-b150-add86c0b8a18 req-e2a1e6ee-b8de-4e5a-b150-add86c0b8a18 ] Request (ServerDiagnosticsTest:test_get_server_diagnostics): 204 DELETE http://10.180.1.21/compute/v2.1/servers/4fe36f05-d730-4fb1-ab05-0425be619dfb 0.917s
2024-10-29 12:02:47.353 63199 INFO tempest.lib.common.rest_client [req-e6adf525-7e55-408e-a886-8e274280a036 req-e6adf525-7e55-408e-a886-8e274280a036 ] Request (ListImagesTestJSON:tearDownClass): 204 DELETE http://10.180.1.21:9696/networking/v2.0/security-groups/600d6aa9-bf24-4b3c-b680-6bbe7d27c1ba 0.192s
2024-10-29 12:02:47.366 63190 INFO tempest.lib.common.rest_client [req-1d7d01e7-9912-4e11-8916-8b40e2acd495 req-1d7d01e7-9912-4e11-8916-8b40e2acd495 ] Request (ServersV294TestFqdnHostnames:tearDownClass): 204 DELETE http://10.180.1.21:9696/networking/v2.0/floatingips/afd186fc-10ce-4d6a-971f-9bedbee1049d 0.464s
2024-10-29 12:02:47.387 63209 INFO tempest.lib.common.rest_client [req-69b5d217-4b82-4ccb-a2be-e73a27c298a9 req-69b5d217-4b82-4ccb-a2be-e73a27c298a9 ] Request (VolumesTestJSON:setUpClass): 200 GET http://10.180.1.21/compute/v2.1/os-volumes/8c3d9765-31c8-408e-986c-7ce2b06f787c 0.479s
2024-10-29 12:02:47.443 63199 INFO tempest.lib.common.rest_client [req-aae4caa8-a5be-4e4a-9f5d-e04d65b462b7 req-aae4caa8-a5be-4e4a-9f5d-e04d65b462b7 ] Request (ListImagesTestJSON:tearDownClass): 204 DELETE http://10.180.1.21/identity/v3/projects/2dd5fc8f73c54e189c5af9b6a58f572d 0.089s
2024-10-29 12:02:47.515 63199 INFO tempest.lib.common.rest_client [req-e2d549ce-0bc3-4614-a14c-5a34f1cd052f req-e2d549ce-0bc3-4614-a14c-5a34f1cd052f ] Request (ServerRescueNegativeTestJSON:setUpClass): 201 POST http://10.180.1.21/identity/v3/auth/tokens 0.070s
2024-10-29 12:02:47.548 63199 INFO tempest.lib.common.rest_client [req-8f8b5273-4b34-43d8-9503-20e7c484ee21 req-8f8b5273-4b34-43d8-9503-20e7c484ee21 ] Request (ServerRescueNegativeTestJSON:setUpClass): 201 POST http://10.180.1.21/identity/v3/auth/tokens 0.030s
2024-10-29 12:02:47.578 63199 INFO tempest.lib.common.rest_client [req-c90a601e-307c-425b-b51a-9ac28ecefd4a req-c90a601e-307c-425b-b51a-9ac28ecefd4a ] Request (ServerRescueNegativeTestJSON:setUpClass): 200 GET http://10.180.1.21/identity/v3/domains?name=Default 0.029s
2024-10-29 12:02:47.599 63211 INFO tempest.lib.common.rest_client [req-fce34e64-8424-4fed-aa58-eeb0f6b67765 req-fce34e64-8424-4fed-aa58-eeb0f6b67765 ] Request (ServerDiskConfigTestJSON:setUpClass): 200 PUT http://10.180.1.21:9696/networking/v2.0/routers/b2c2910e-5695-40c8-9405-b7a172fd31a5/add_router_interface 1.437s
2024-10-29 12:02:47.599 63211 INFO tempest.lib.common.dynamic_creds [-] Created isolated network resources for: credentials: Credentials: {'domain_id': 'default', 'domain_name': 'Default', 'username': 'tempest-ServerDiskConfigTestJSON-92227930-project-member', 'project_domain_id': 'default', 'project_domain_name': 'Default', 'project_id': 'b3b09245b63144e9bbcb2262aef33a21', 'project_name': 'tempest-ServerDiskConfigTestJSON-92227930', 'tenant_id': 'b3b09245b63144e9bbcb2262aef33a21', 'tenant_name': 'tempest-ServerDiskConfigTestJSON-92227930', 'user_domain_id': 'default', 'user_domain_name': 'Default', 'user_id': '68e62d519b19448c8cac7f1b2e55a087', 'system': None}, Network: {'id': 'fc5929c8-fd33-4434-b4f6-6f77c7ea46cc', 'name': 'tempest-ServerDiskConfigTestJSON-1972639428-network', 'tenant_id': 'b3b09245b63144e9bbcb2262aef33a21', 'admin_state_up': True, 'mtu': 8950, 'status': 'ACTIVE', 'subnets': [], 'shared': False, 'project_id': 'b3b09245b63144e9bbcb2262aef33a21', 'port_security_enabled': True, 'router:external': False, 'provider:network_type': 'vlan', 'provider:physical_network': 'default', 'provider:segmentation_id': 512, 'availability_zone_hints': [], 'availability_zones': [], 'ipv4_address_scope': None, 'ipv6_address_scope': None, 'description': '', 'tags': [], 'created_at': '2024-10-29T12:02:44Z', 'updated_at': '2024-10-29T12:02:44Z', 'revision_number': 1}, Subnet: {'id': '80b856d5-0b41-40f1-ae73-4ae957dc6935', 'name': 'tempest-ServerDiskConfigTestJSON-1972639428-subnet', 'tenant_id': 'b3b09245b63144e9bbcb2262aef33a21', 'network_id': 'fc5929c8-fd33-4434-b4f6-6f77c7ea46cc', 'ip_version': 4, 'subnetpool_id': None, 'enable_dhcp': True, 'ipv6_ra_mode': None, 'ipv6_address_mode': None, 'gateway_ip': '192.168.128.1', 'cidr': '192.168.128.0/28', 'allocation_pools': [{'start': '192.168.128.2', 'end': '192.168.128.14'}], 'host_routes': [], 'dns_nameservers': [], 'description': '', 'router:external': False, 'service_types': [], 'tags': [], 'created_at': '2024-10-29T12:02:45Z', 'updated_at': '2024-10-29T12:02:45Z', 'revision_number': 0, 'project_id': 'b3b09245b63144e9bbcb2262aef33a21'}, Router: {'id': 'b2c2910e-5695-40c8-9405-b7a172fd31a5', 'name': 'tempest-ServerDiskConfigTestJSON-1972639428-router', 'tenant_id': 'b3b09245b63144e9bbcb2262aef33a21', 'admin_state_up': True, 'status': 'ACTIVE', 'external_gateway_info': {'network_id': '5d40c542-af37-4d26-9780-567483bd9b4f', 'external_fixed_ips': [{'subnet_id': '17e9f324-f5f7-4a44-8d5e-97d507a8cd81', 'ip_address': '10.180.180.193'}], 'enable_snat': True}, 'description': '', 'availability_zones': [], 'distributed': False, 'ha': False, 'availability_zone_hints': [], 'routes': [], 'flavor_id': None, 'tags': [], 'created_at': '2024-10-29T12:02:45Z', 'updated_at': '2024-10-29T12:02:45Z', 'revision_number': 2, 'project_id': 'b3b09245b63144e9bbcb2262aef33a21'}
2024-10-29 12:02:47.615 63199 INFO tempest.lib.common.rest_client [req-eac65b5e-4c4c-427f-a753-2bab544b3a4e req-eac65b5e-4c4c-427f-a753-2bab544b3a4e ] Request (ServerRescueNegativeTestJSON:setUpClass): 201 POST http://10.180.1.21/identity/v3/projects 0.036s
2024-10-29 12:02:47.673 63199 INFO tempest.lib.common.rest_client [req-068b607b-90cd-4465-b62a-0aa248a7f762 req-068b607b-90cd-4465-b62a-0aa248a7f762 ] Request (ServerRescueNegativeTestJSON:setUpClass): 201 POST http://10.180.1.21/identity/v3/users 0.057s
2024-10-29 12:02:47.674 63211 INFO tempest.lib.common.rest_client [req-dd5c625e-2b9d-42d2-a0bb-92c2e7bf1d2c req-dd5c625e-2b9d-42d2-a0bb-92c2e7bf1d2c ] Request (ServerDiskConfigTestJSON:setUpClass): 201 POST http://10.180.1.21/identity/v3/auth/tokens 0.071s
2024-10-29 12:02:47.691 63199 INFO tempest.lib.common.rest_client [req-908ead80-7dac-44c7-8cf6-e5c466a0af0d req-908ead80-7dac-44c7-8cf6-e5c466a0af0d ] Request (ServerRescueNegativeTestJSON:setUpClass): 200 GET http://10.180.1.21/identity/v3/roles 0.018s
2024-10-29 12:02:47.706 63211 INFO tempest.lib.common.rest_client [req-177b9dbd-f25e-4db2-aea5-ffb4e4a338b6 req-177b9dbd-f25e-4db2-aea5-ffb4e4a338b6 ] Request (ServerDiskConfigTestJSON:test_rebuild_server_with_auto_disk_config): 201 POST http://10.180.1.21/identity/v3/auth/tokens 0.026s
2024-10-29 12:02:47.706 63211 INFO tempest.lib.common.fixed_network [-] (ServerDiskConfigTestJSON:test_rebuild_server_with_auto_disk_config) Found network {'id': 'fc5929c8-fd33-4434-b4f6-6f77c7ea46cc', 'name': 'tempest-ServerDiskConfigTestJSON-1972639428-network', 'tenant_id': 'b3b09245b63144e9bbcb2262aef33a21', 'admin_state_up': True, 'mtu': 8950, 'status': 'ACTIVE', 'subnets': [], 'shared': False, 'project_id': 'b3b09245b63144e9bbcb2262aef33a21', 'port_security_enabled': True, 'router:external': False, 'provider:network_type': 'vlan', 'provider:physical_network': 'default', 'provider:segmentation_id': 512, 'availability_zone_hints': [], 'availability_zones': [], 'ipv4_address_scope': None, 'ipv6_address_scope': None, 'description': '', 'tags': [], 'created_at': '2024-10-29T12:02:44Z', 'updated_at': '2024-10-29T12:02:44Z', 'revision_number': 1} available for tenant
2024-10-29 12:02:47.718 63199 INFO tempest.lib.common.rest_client [req-52bf0ee5-e944-41cd-b160-fe04b0a5f8f2 req-52bf0ee5-e944-41cd-b160-fe04b0a5f8f2 ] Request (ServerRescueNegativeTestJSON:setUpClass): 204 PUT http://10.180.1.21/identity/v3/projects/b5dce93a611f490baf6fcdbcd9416e36/users/d02dc5d31a68497c880095c8dfe907f9/roles/f5694afb255643a29cd92d56d5a9a672 0.026s
2024-10-29 12:02:47.718 63199 INFO tempest.lib.common.dynamic_creds [-] Dynamic test user d02dc5d31a68497c880095c8dfe907f9 is created with scope project and roles: ['member']
2024-10-29 12:02:47.718 63199 INFO tempest.lib.common.dynamic_creds [-] Acquired dynamic creds: credentials: Credentials: {'domain_id': 'default', 'domain_name': 'Default', 'username': 'tempest-ServerRescueNegativeTestJSON-896304397-project-member', 'project_domain_id': 'default', 'project_domain_name': 'Default', 'project_id': 'b5dce93a611f490baf6fcdbcd9416e36', 'project_name': 'tempest-ServerRescueNegativeTestJSON-896304397', 'tenant_id': 'b5dce93a611f490baf6fcdbcd9416e36', 'tenant_name': 'tempest-ServerRescueNegativeTestJSON-896304397', 'user_domain_id': 'default', 'user_domain_name': 'Default', 'user_id': 'd02dc5d31a68497c880095c8dfe907f9', 'system': None}, Network: None, Subnet: None, Router: None
2024-10-29 12:02:47.782 63199 INFO tempest.lib.common.rest_client [req-b4ecfd68-b600-4440-a8a6-5bc6a88b1fe5 req-b4ecfd68-b600-4440-a8a6-5bc6a88b1fe5 ] Request (ServerRescueNegativeTestJSON:setUpClass): 201 POST http://10.180.1.21/identity/v3/auth/tokens 0.063s
2024-10-29 12:02:47.793 63201 INFO tempest.lib.common.rest_client [req-c7bb7320-855c-4c1f-989b-95e89d5c2d31 req-c7bb7320-855c-4c1f-989b-95e89d5c2d31 ] Request (ServerDiagnosticsNegativeTest:test_get_server_diagnostics_by_non_admin): 202 POST http://10.180.1.21/compute/v2.1/servers 1.130s
2024-10-29 12:02:47.794 63181 INFO tempest.lib.common.rest_client [req-477d3a4a-6eb1-40b3-b585-31b98f78290e req-477d3a4a-6eb1-40b3-b585-31b98f78290e ] Request (ServersTestBootFromVolume:setUpClass): 201 POST http://10.180.1.21:9696/networking/v2.0/networks 0.808s
2024-10-29 12:02:47.805 63175 INFO tempest.lib.common.rest_client [req-30583f4c-bf83-4085-b93f-c0a18d149614 req-30583f4c-bf83-4085-b93f-c0a18d149614 ] Request (SecurityGroupRulesTestJSON:test_security_group_rules_delete_when_peer_group_deleted): 200 POST http://10.180.1.21/compute/v2.1/os-security-groups 0.888s
2024-10-29 12:02:47.821 63167 INFO tempest.lib.common.rest_client [req-3cb1404e-e119-4489-8eb7-40b0e4647e15 req-3cb1404e-e119-4489-8eb7-40b0e4647e15 ] Request (ValidationResourcesFixture:setUp): 201 POST http://10.180.1.21:9696/networking/v2.0/floatingips 1.472s
2024-10-29 12:02:47.881 63219 INFO tempest.lib.common.rest_client [req-25328c6e-7389-459c-bcf5-1896f92ad893 req-25328c6e-7389-459c-bcf5-1896f92ad893 ] Request (VolumesAssistedSnapshotsTest:test_volume_assisted_snapshot_create_delete): 200 GET http://10.180.1.21/compute/v2.1/servers/e08d9f27-d2b3-4532-862f-b68e830e8d17 0.915s
2024-10-29 12:02:47.913 63167 INFO tempest.lib.common.rest_client [req-eaf88218-eddd-4dc6-94b4-d10fba70e797 req-eaf88218-eddd-4dc6-94b4-d10fba70e797 ] Request (AttachInterfacesTestJSON:test_create_list_show_delete_interfaces_by_fixed_ip): 201 POST http://10.180.1.21/identity/v3/auth/tokens 0.085s
2024-10-29 12:02:47.913 63167 INFO tempest.lib.common.fixed_network [-] (AttachInterfacesTestJSON:test_create_list_show_delete_interfaces_by_fixed_ip) Found network {'id': 'dc0481d3-aa80-48c6-bea8-294b2d1f77ec', 'name': 'tempest-AttachInterfacesTestJSON-996225709-network', 'tenant_id': '0db41047d1004a1d9ca7f663178058da', 'admin_state_up': True, 'mtu': 8950, 'status': 'ACTIVE', 'subnets': [], 'shared': False, 'project_id': '0db41047d1004a1d9ca7f663178058da', 'port_security_enabled': True, 'router:external': False, 'provider:network_type': 'vlan', 'provider:physical_network': 'default', 'provider:segmentation_id': 272, 'availability_zone_hints': [], 'availability_zones': [], 'ipv4_address_scope': None, 'ipv6_address_scope': None, 'description': '', 'tags': [], 'created_at': '2024-10-29T12:02:40Z', 'updated_at': '2024-10-29T12:02:40Z', 'revision_number': 1} available for tenant
2024-10-29 12:02:47.942 63203 INFO tempest.lib.common.rest_client [req-f8391dfa-5f58-46c9-89e0-2347e5a69992 req-f8391dfa-5f58-46c9-89e0-2347e5a69992 ] Request (ServerGroupTestJSON:test_create_server_with_scheduler_hint_group): 200 GET http://10.180.1.21/compute/v2.1/servers/5a825d36-7563-4792-8f68-8814ec96cfde 0.884s
2024-10-29 12:02:47.999 63171 INFO tempest.lib.common.rest_client [req-acfa7fd5-8b67-4594-b814-bfaa1c1bc676 req-acfa7fd5-8b67-4594-b814-bfaa1c1bc676 ] Request (ServersNegativeTestJSON:setUpClass): 200 GET http://10.180.1.21/compute/v2.1/servers/2e1217a9-e3b5-4f8c-af4e-3d5da315b3ab 0.857s
2024-10-29 12:02:48.034 63157 INFO tempest.lib.common.rest_client [req-062e2c17-bbd6-4c4a-b6c0-b42cc5202888 req-062e2c17-bbd6-4c4a-b6c0-b42cc5202888 ] Request (ServersAdminTestJSON:setUpClass): 204 DELETE http://10.180.1.21/compute/v2.1/servers/04d96512-dc09-42ff-96d0-961f7359318c 1.079s
2024-10-29 12:02:48.093 63185 INFO tempest.lib.common.rest_client [req-9a77cd5a-d48a-43ea-bd6a-392919d3af86 req-9a77cd5a-d48a-43ea-bd6a-392919d3af86 ] Request (ServersWithSpecificFlavorTestJSON:test_verify_created_server_ephemeral_disk): 200 GET http://10.180.1.21/compute/v2.1/servers/25758cb8-6635-4284-bc94-a95389af3c8a 0.884s
2024-10-29 12:02:48.175 63192 INFO tempest.lib.common.rest_client [req-58420ab8-4a95-4f6d-8703-9c294f94e956 req-58420ab8-4a95-4f6d-8703-9c294f94e956 ] Request (ServersAdmin275Test:tearDownClass): 200 GET http://10.180.1.21/compute/v2.1/servers/a33da17c-bbb2-4307-b4b3-56cec5cb757e 0.907s
2024-10-29 12:02:48.228 63181 INFO tempest.lib.common.rest_client [req-11b71a8d-0f0b-4f80-a2dd-136fbf103aca req-11b71a8d-0f0b-4f80-a2dd-136fbf103aca ] Request (ServersTestBootFromVolume:setUpClass): 201 POST http://10.180.1.21:9696/networking/v2.0/subnets 0.433s
2024-10-29 12:02:48.230 63217 INFO tempest.lib.common.rest_client [req-58988fd8-b2e8-4fef-a6a9-d257fee88be2 req-58988fd8-b2e8-4fef-a6a9-d257fee88be2 ] Request (ServerAddressesTestJSON:setUpClass): 200 GET http://10.180.1.21/compute/v2.1/servers/2a8c7285-35dd-4112-b84a-ea384aead074 0.959s
2024-10-29 12:02:48.256 63169 INFO tempest.lib.common.rest_client [req-7a7a4f7d-490c-4e70-9368-86142bc88329 req-7a7a4f7d-490c-4e70-9368-86142bc88329 ] Request (ServersAdminNegativeTestJSON:setUpClass): 200 GET http://10.180.1.21/compute/v2.1/servers/6f5cc707-70e8-48fb-8d9d-904f3e0130af 1.084s
2024-10-29 12:02:48.263 63169 INFO tempest.common.waiters [-] State transition "BUILD/networking" ==> "BUILD/spawning" after 30 second wait
2024-10-29 12:02:48.274 63199 INFO tempest.lib.common.rest_client [req-e36e7f9f-5247-48f4-bf4c-80a959193c84 req-e36e7f9f-5247-48f4-bf4c-80a959193c84 ] Request (ServerRescueNegativeTestJSON:setUpClass): 201 POST http://10.180.1.21:9696/networking/v2.0/networks 0.492s
2024-10-29 12:02:48.281 63179 INFO tempest.lib.common.rest_client [req-7119a169-54c5-4ddf-ac5f-5c940e21c185 req-7119a169-54c5-4ddf-ac5f-5c940e21c185 ] Request (ServerDiagnosticsTest:test_get_server_diagnostics): 404 GET http://10.180.1.21/compute/v2.1/servers/4fe36f05-d730-4fb1-ab05-0425be619dfb 0.947s
2024-10-29 12:02:48.296 63215 INFO tempest.lib.common.rest_client [req-9633e9fb-c4a5-4135-9949-b5cf3a2c6baa req-9633e9fb-c4a5-4135-9949-b5cf3a2c6baa ] Request (ServersTestJSON:test_create_server_specify_multibyte_character_name): 200 GET http://10.180.1.21/compute/v2.1/servers/147165a4-9071-4516-9498-fa4c706a5e37 0.969s
2024-10-29 12:02:48.359 63209 INFO tempest.lib.common.rest_client [req-fc4a78ce-3a7f-47bb-aa95-473a3e8dd38e req-fc4a78ce-3a7f-47bb-aa95-473a3e8dd38e ] Request (VolumesTestJSON:test_volume_list): 200 GET http://10.180.1.21/compute/v2.1/os-volumes 0.967s
2024-10-29 12:02:48.376 63173 INFO tempest.lib.common.rest_client [req-66c8c156-8224-41c1-bd6e-84af13d05f1a req-66c8c156-8224-41c1-bd6e-84af13d05f1a ] Request (ServerMetadataNegativeTestJSON:setUpClass): 200 GET http://10.180.1.21/compute/v2.1/servers/bb28249e-a9d3-4d7d-bd05-128f1110dbca 0.977s
2024-10-29 12:02:48.398 63179 INFO tempest.lib.common.rest_client [req-9818fbf9-8680-4130-add3-96eb8c80b0cf req-9818fbf9-8680-4130-add3-96eb8c80b0cf ] Request (ServerDiagnosticsTest:tearDownClass): 204 DELETE http://10.180.1.21/identity/v3/users/a7d8405027a74caf8e069bb8a05dc70c 0.114s
2024-10-29 12:02:48.452 63193 INFO tempest.lib.common.rest_client [req-c2813e95-af36-4d06-97c7-6867614be9ba req-c2813e95-af36-4d06-97c7-6867614be9ba ] Request (DeleteServersTestJSON:test_delete_active_server): 200 GET http://10.180.1.21/compute/v2.1/servers/0dba167b-aa56-4463-9749-b74fbc7430d9 0.976s
2024-10-29 12:02:48.469 63177 INFO tempest.lib.common.rest_client [req-017a0521-5793-4a5e-aa61-e28d32a5aa93 req-017a0521-5793-4a5e-aa61-e28d32a5aa93 ] Request (ServersTestJSON:setUpClass): 200 GET http://10.180.1.21/compute/v2.1/servers/f106b311-fc2f-4811-b7e0-d680de236b78 0.985s
2024-10-29 12:02:48.509 63179 INFO tempest.lib.common.rest_client [req-d147341f-fd00-48cd-9ce1-d6b514022097 req-d147341f-fd00-48cd-9ce1-d6b514022097 ] Request (ServerDiagnosticsTest:tearDownClass): 204 DELETE http://10.180.1.21/identity/v3/users/4ad7ff7f8ca4420fb1300e3d47c683f0 0.111s
2024-10-29 12:02:48.509 63179 INFO tempest.lib.common.dynamic_creds [-] Deleting project and security group for project: 5b0d04c0a52b428ba859794cd3720416
2024-10-29 12:02:48.516 63165 INFO tempest.lib.common.rest_client [req-17a62bbf-53a3-4fa5-8f1c-4c5d48e8a8bb req-17a62bbf-53a3-4fa5-8f1c-4c5d48e8a8bb ] Request (ImagesNegativeTestJSON:test_create_image_from_deleted_server): 200 GET http://10.180.1.21/compute/v2.1/servers/ab0f02a1-f883-4ad6-8f8c-5c300fff0f70 0.974s
2024-10-29 12:02:48.542 63163 INFO tempest.lib.common.rest_client [req-cad5932a-194e-4104-9a6f-314ae0ff9c69 req-cad5932a-194e-4104-9a6f-314ae0ff9c69 ] Request (FloatingIPsAssociationNegativeTestJSON:setUpClass): 200 GET http://10.180.1.21/compute/v2.1/servers/03ee0097-1200-43ce-9baa-e9da80105516 0.954s
2024-10-29 12:02:48.553 63163 INFO tempest.common.waiters [-] State transition "BUILD/scheduling" ==> "BUILD/None" after 20 second wait
2024-10-29 12:02:48.580 63179 INFO tempest.lib.common.rest_client [req-d07aa4c8-ec49-40d8-9e24-1861be6bbc22 req-d07aa4c8-ec49-40d8-9e24-1861be6bbc22 ] Request (ServerDiagnosticsTest:tearDownClass): 201 POST http://10.180.1.21/identity/v3/auth/tokens 0.070s
2024-10-29 12:02:48.596 63195 INFO tempest.lib.common.rest_client [req-acd96af7-fcbd-4d33-a323-ce4348a0d695 req-acd96af7-fcbd-4d33-a323-ce4348a0d695 ] Request (AttachInterfacesUnderV243Test:test_add_remove_fixed_ip): 200 GET http://10.180.1.21/compute/v2.1/servers/386ffe8a-a160-4dea-88e6-529219eaf99f 0.917s
2024-10-29 12:02:48.603 63199 INFO tempest.lib.common.rest_client [req-56a3b137-eb3d-4faf-aa6a-b4a66ef93f7c req-56a3b137-eb3d-4faf-aa6a-b4a66ef93f7c ] Request (ServerRescueNegativeTestJSON:setUpClass): 201 POST http://10.180.1.21:9696/networking/v2.0/subnets 0.328s
2024-10-29 12:02:48.616 63190 INFO tempest.lib.common.rest_client [req-ca4328a3-bf92-49f7-9644-760bf7372190 req-ca4328a3-bf92-49f7-9644-760bf7372190 ] Request (ServersV294TestFqdnHostnames:tearDownClass): 200 PUT http://10.180.1.21:9696/networking/v2.0/routers/96de62f4-2c03-4c60-a8d9-675634e43872/remove_router_interface 1.249s
2024-10-29 12:02:48.678 63201 INFO tempest.lib.common.rest_client [req-115a1783-4553-492d-bae6-6a577c61fc38 req-115a1783-4553-492d-bae6-6a577c61fc38 ] Request (ServerDiagnosticsNegativeTest:test_get_server_diagnostics_by_non_admin): 200 GET http://10.180.1.21/compute/v2.1/servers/0c569bd2-7622-4285-9439-209a88f2e84d 0.882s
2024-10-29 12:02:48.782 63179 INFO tempest.lib.common.rest_client [req-ac2a359e-09b6-4532-a691-4c91b0ea11ed req-ac2a359e-09b6-4532-a691-4c91b0ea11ed ] Request (ServerDiagnosticsTest:tearDownClass): 200 GET http://10.180.1.21:9696/networking/v2.0/security-groups?tenant_id=5b0d04c0a52b428ba859794cd3720416&name=default 0.201s
2024-10-29 12:02:48.984 63179 INFO tempest.lib.common.rest_client [req-8e8d2270-88c6-4e81-bcfb-00e779f26c56 req-8e8d2270-88c6-4e81-bcfb-00e779f26c56 ] Request (ServerDiagnosticsTest:tearDownClass): 204 DELETE http://10.180.1.21:9696/networking/v2.0/security-groups/9ced156e-2cf6-41a8-ac1a-f425a682d169 0.201s
2024-10-29 12:02:49.049 63179 INFO tempest.lib.common.rest_client [req-e6695c36-6d0a-400d-b580-cf400b9cba7b req-e6695c36-6d0a-400d-b580-cf400b9cba7b ] Request (ServerDiagnosticsTest:tearDownClass): 204 DELETE http://10.180.1.21/identity/v3/projects/5b0d04c0a52b428ba859794cd3720416 0.064s
2024-10-29 12:02:49.049 63179 INFO tempest.lib.common.dynamic_creds [-] Deleting project and security group for project: 508437ac25cb47c5b0c0a1f944970c50
2024-10-29 12:02:49.255 63175 INFO tempest.lib.common.rest_client [req-82ff04a9-695a-42a1-995d-edbc282f0c54 req-82ff04a9-695a-42a1-995d-edbc282f0c54 ] Request (SecurityGroupRulesTestJSON:test_security_group_rules_delete_when_peer_group_deleted): 200 POST http://10.180.1.21/compute/v2.1/os-security-group-rules 1.447s
2024-10-29 12:02:49.279 63179 INFO tempest.lib.common.rest_client [req-0cef5b65-3667-4d96-bbf7-7d1071a0f1e3 req-0cef5b65-3667-4d96-bbf7-7d1071a0f1e3 ] Request (ServerDiagnosticsTest:tearDownClass): 200 GET http://10.180.1.21:9696/networking/v2.0/security-groups?tenant_id=508437ac25cb47c5b0c0a1f944970c50&name=default 0.230s
2024-10-29 12:02:49.360 63213 INFO tempest.lib.common.rest_client [req-c277c3a9-35ee-430e-8895-e699bd64c3eb req-c277c3a9-35ee-430e-8895-e699bd64c3eb ] Request (DeleteServersAdminTestJSON:test_delete_server_while_in_error_state): 200 GET http://10.180.1.21/compute/v2.1/servers/a8e4d6d3-3908-4fe8-be33-5b70eb5a62a1 1.531s
2024-10-29 12:02:49.385 63190 INFO tempest.lib.common.rest_client [req-8e75f1ed-546e-45c7-b738-cb7bce8543dd req-8e75f1ed-546e-45c7-b738-cb7bce8543dd ] Request (ServersV294TestFqdnHostnames:tearDownClass): 204 DELETE http://10.180.1.21:9696/networking/v2.0/routers/96de62f4-2c03-4c60-a8d9-675634e43872 0.768s
2024-10-29 12:02:49.486 63211 INFO tempest.lib.common.rest_client [req-f5410637-17dd-41d5-8c23-30f73a1958b3 req-f5410637-17dd-41d5-8c23-30f73a1958b3 ] Request (ServerDiskConfigTestJSON:test_rebuild_server_with_auto_disk_config): 202 POST http://10.180.1.21/compute/v2.1/servers 1.779s
2024-10-29 12:02:49.510 63179 INFO tempest.lib.common.rest_client [req-15511639-1b59-4538-83fc-d015cad942a5 req-15511639-1b59-4538-83fc-d015cad942a5 ] Request (ServerDiagnosticsTest:tearDownClass): 204 DELETE http://10.180.1.21:9696/networking/v2.0/security-groups/010d0e5f-290d-44ed-9d8e-9e2a878187ba 0.230s
2024-10-29 12:02:49.566 63187 INFO tempest.lib.common.rest_client [req-2f79c171-ba5b-4ab7-a3ee-38bc85c76c07 req-2f79c171-ba5b-4ab7-a3ee-38bc85c76c07 ] Request (MigrationsAdminTest:test_list_migrations_in_flavor_resize_situation): 200 GET http://10.180.1.21/compute/v2.1/servers/66b7e04a-968b-44b0-9bb2-e467810bbf6b 1.533s
2024-10-29 12:02:49.591 63157 INFO tempest.lib.common.rest_client [req-a230a6c6-38a8-4aa8-a730-0b6abbe0e72f req-a230a6c6-38a8-4aa8-a730-0b6abbe0e72f ] Request (ServersAdminTestJSON:setUpClass): 404 GET http://10.180.1.21/compute/v2.1/servers/04d96512-dc09-42ff-96d0-961f7359318c 1.557s
2024-10-29 12:02:49.596 63157 INFO tempest.test [-] raised in ServersAdminTestJSON.setUpClass. Invoking tearDownClass.
2024-10-29 12:02:49.633 63190 INFO tempest.lib.common.rest_client [req-c4f6e4e0-d1a0-4a31-b77b-5f937bc5d12c req-c4f6e4e0-d1a0-4a31-b77b-5f937bc5d12c ] Request (ServersV294TestFqdnHostnames:tearDownClass): 204 DELETE http://10.180.1.21:9696/networking/v2.0/subnets/a501f7df-fd66-47f1-a52b-98f731162e31 0.248s
2024-10-29 12:02:49.640 63179 INFO tempest.lib.common.rest_client [req-354800a6-e966-4756-a739-63f9bdda0fae req-354800a6-e966-4756-a739-63f9bdda0fae ] Request (ServerDiagnosticsTest:tearDownClass): 204 DELETE http://10.180.1.21/identity/v3/projects/508437ac25cb47c5b0c0a1f944970c50 0.128s
2024-10-29 12:02:49.706 63205 INFO tempest.lib.common.rest_client [req-a312bb4f-8515-49fd-937b-f54b5b898b48 req-a312bb4f-8515-49fd-937b-f54b5b898b48 ] Request (ServerDiagnosticsV248Test:tearDownClass): 200 GET http://10.180.1.21/compute/v2.1/servers/6ca62d1b-9533-4b83-8e8a-7f62a34c90a3 1.631s
