2024-10-29 12:03:56.568 63207 INFO tempest.lib.common.rest_client [req-8278678f-5c89-4fd8-8142-2c4c76540944 req-8278678f-5c89-4fd8-8142-2c4c76540944 ] Request (ServerMetadataTestJSON:setUpClass): 200 GET http://10.180.1.21/compute/v2.1/servers/78daba16-0c0f-4db6-bde1-70d960a6e7ae 0.060s
2024-10-29 12:03:56.583 63187 INFO tempest.lib.common.rest_client [req-42459a0a-cfcb-403d-a878-e469f024341c req-42459a0a-cfcb-403d-a878-e469f024341c ] Request (MigrationsAdminTest:test_resize_server_revert_deleted_flavor): 200 GET http://10.180.1.21/compute/v2.1/servers/91043784-2e4a-4fa4-87de-1c45971e64c5 0.070s
2024-10-29 12:03:56.647 63213 INFO tempest.lib.common.rest_client [req-9d545d4c-9256-4275-8da6-c99db4c9ccf8 req-9d545d4c-9256-4275-8da6-c99db4c9ccf8 ] Request (VolumesAdminNegativeTest:setUpClass): 200 PUT http://10.180.1.21:9696/networking/v2.0/routers/e80cc78a-5d38-4d77-92f6-6478ca5f08b2/add_router_interface 0.845s
2024-10-29 12:03:56.647 63213 INFO tempest.lib.common.dynamic_creds [-] Created isolated network resources for: credentials: Credentials: {'domain_id': 'default', 'domain_name': 'Default', 'username': 'tempest-VolumesAdminNegativeTest-1105086217-project-member', 'project_domain_id': 'default', 'project_domain_name': 'Default', 'project_id': '035c2eb849e3432e8cb52d31d69b895b', 'project_name': 'tempest-VolumesAdminNegativeTest-1105086217', 'tenant_id': '035c2eb849e3432e8cb52d31d69b895b', 'tenant_name': 'tempest-VolumesAdminNegativeTest-1105086217', 'user_domain_id': 'default', 'user_domain_name': 'Default', 'user_id': 'fd2eb4fc8d9b47db8b8384731aff11b9', 'system': None}, Network: {'id': 'a011b9fb-b28a-42f9-8dd0-595d56320977', 'name': 'tempest-VolumesAdminNegativeTest-319942915-network', 'tenant_id': '035c2eb849e3432e8cb52d31d69b895b', 'admin_state_up': True, 'mtu': 8950, 'status': 'ACTIVE', 'subnets': [], 'shared': False, 'project_id': '035c2eb849e3432e8cb52d31d69b895b', 'port_security_enabled': True, 'router:external': False, 'provider:network_type': 'vlan', 'provider:physical_network': 'default', 'provider:segmentation_id': 599, 'availability_zone_hints': [], 'availability_zones': [], 'ipv4_address_scope': None, 'ipv6_address_scope': None, 'description': '', 'tags': [], 'created_at': '2024-10-29T12:03:53Z', 'updated_at': '2024-10-29T12:03:53Z', 'revision_number': 1}, Subnet: {'id': '41020aa3-d547-4388-b498-230dda041d4d', 'name': 'tempest-VolumesAdminNegativeTest-319942915-subnet', 'tenant_id': '035c2eb849e3432e8cb52d31d69b895b', 'network_id': 'a011b9fb-b28a-42f9-8dd0-595d56320977', 'ip_version': 4, 'subnetpool_id': None, 'enable_dhcp': True, 'ipv6_ra_mode': None, 'ipv6_address_mode': None, 'gateway_ip': '192.168.128.1', 'cidr': '192.168.128.0/28', 'allocation_pools': [{'start': '192.168.128.2', 'end': '192.168.128.14'}], 'host_routes': [], 'dns_nameservers': [], 'description': '', 'router:external': False, 'service_types': [], 'tags': [], 'created_at': '2024-10-29T12:03:54Z', 'updated_at': '2024-10-29T12:03:54Z', 'revision_number': 0, 'project_id': '035c2eb849e3432e8cb52d31d69b895b'}, Router: {'id': 'e80cc78a-5d38-4d77-92f6-6478ca5f08b2', 'name': 'tempest-VolumesAdminNegativeTest-319942915-router', 'tenant_id': '035c2eb849e3432e8cb52d31d69b895b', 'admin_state_up': True, 'status': 'ACTIVE', 'external_gateway_info': {'network_id': '5d40c542-af37-4d26-9780-567483bd9b4f', 'external_fixed_ips': [{'subnet_id': '17e9f324-f5f7-4a44-8d5e-97d507a8cd81', 'ip_address': '10.180.180.250'}], 'enable_snat': True}, 'description': '', 'availability_zones': [], 'distributed': False, 'ha': False, 'availability_zone_hints': [], 'routes': [], 'flavor_id': None, 'tags': [], 'created_at': '2024-10-29T12:03:54Z', 'updated_at': '2024-10-29T12:03:55Z', 'revision_number': 2, 'project_id': '035c2eb849e3432e8cb52d31d69b895b'}
2024-10-29 12:03:56.734 63213 INFO tempest.lib.common.rest_client [req-e133f304-46d7-4015-8cb8-607bde384394 req-e133f304-46d7-4015-8cb8-607bde384394 ] Request (VolumesAdminNegativeTest:setUpClass): 201 POST http://10.180.1.21/identity/v3/auth/tokens 0.083s
2024-10-29 12:03:56.807 63193 INFO tempest.lib.common.rest_client [req-d9d493c5-3f6e-4f3b-bfd5-a58d986429b5 req-d9d493c5-3f6e-4f3b-bfd5-a58d986429b5 ] Request (DeleteServersTestJSON:test_delete_server_while_in_attached_volume): 200 GET http://10.180.1.21/compute/v2.1/servers/ac14f710-41c0-429c-92a3-46acceace3fc 0.238s
2024-10-29 12:03:56.826 63213 INFO tempest.lib.common.rest_client [req-193db50e-897b-4d86-8333-fb0b0ea2218b req-193db50e-897b-4d86-8333-fb0b0ea2218b ] Request (VolumesAdminNegativeTest:setUpClass): 201 POST http://10.180.1.21/identity/v3/projects 0.091s
2024-10-29 12:03:56.832 63192 INFO tempest.lib.common.rest_client [req-b3a58ea8-8f6c-41c4-95a2-79651e3463bc req-b3a58ea8-8f6c-41c4-95a2-79651e3463bc ] Request (SecurityGroupsTestJSON:test_list_security_groups_by_server): 200 GET http://10.180.1.21/compute/v2.1/servers/d45fe9ea-8538-47da-b8dd-c67f8863a812 0.251s
2024-10-29 12:03:56.877 63195 INFO tempest.lib.common.rest_client [req-7b1a469a-9fff-4cf3-ad88-fa71c28ffe9e req-7b1a469a-9fff-4cf3-ad88-fa71c28ffe9e ] Request (ListServerFiltersTestJSON:setUpClass): 200 GET http://10.180.1.21/compute/v2.1/servers/d65ce1f0-e9de-4fc8-828b-95aec5615f95 0.261s
2024-10-29 12:03:56.912 63213 INFO tempest.lib.common.rest_client [req-760d370a-c5de-4c98-a329-5446d39f0c4e req-760d370a-c5de-4c98-a329-5446d39f0c4e ] Request (VolumesAdminNegativeTest:setUpClass): 201 POST http://10.180.1.21/identity/v3/users 0.085s
2024-10-29 12:03:56.914 63179 INFO tempest.lib.common.rest_client [req-9dc1ec6f-abe8-4fbd-b5ac-1e1ddd94cd13 req-9dc1ec6f-abe8-4fbd-b5ac-1e1ddd94cd13 ] Request (ServersTestManualDisk:setUpClass): 200 GET http://10.180.1.21/compute/v2.1/servers/13e71116-cb20-4fc5-8ceb-3a6098bae438 0.225s
2024-10-29 12:03:56.935 63213 INFO tempest.lib.common.rest_client [req-e2d3a784-84b0-4567-ad34-b02d86bd246a req-e2d3a784-84b0-4567-ad34-b02d86bd246a ] Request (VolumesAdminNegativeTest:setUpClass): 200 GET http://10.180.1.21/identity/v3/roles 0.023s
2024-10-29 12:03:56.965 63213 INFO tempest.lib.common.rest_client [req-e428e295-feab-49d3-94af-03a76a8d15c0 req-e428e295-feab-49d3-94af-03a76a8d15c0 ] Request (VolumesAdminNegativeTest:setUpClass): 204 PUT http://10.180.1.21/identity/v3/projects/48fab3b8473a4d44af679c079deaa5ab/users/ba1c059efc684532b03e46e81a16ad0f/roles/1742d81d1aeb483a919a1b6c2a5e0153 0.029s
2024-10-29 12:03:56.970 63183 INFO tempest.lib.common.rest_client [req-c253b5f9-0525-4db8-ad29-7dcc96bde1a6 req-c253b5f9-0525-4db8-ad29-7dcc96bde1a6 ] Request (ServerExternalEventsTest:test_create_server_external_events): 200 GET http://10.180.1.21/compute/v2.1/servers/f247b499-0a04-47ae-98b0-cb3f7f088a62 0.212s
2024-10-29 12:03:56.994 63161 INFO tempest.lib.common.rest_client [req-0b5de304-f853-417c-a1e9-1e3436d56c59 req-0b5de304-f853-417c-a1e9-1e3436d56c59 ] Request (ListImageFiltersTestJSON:setUpClass): 200 GET http://10.180.1.21/compute/v2.1/servers/f853c572-ad40-4cce-83d4-d5f11b42c37f 0.152s
2024-10-29 12:03:57.039 63213 INFO tempest.lib.common.rest_client [req-9e9249e2-1892-4393-b382-5429a34d9452 req-9e9249e2-1892-4393-b382-5429a34d9452 ] Request (VolumesAdminNegativeTest:setUpClass): 200 GET http://10.180.1.21/identity/v3/roles 0.073s
2024-10-29 12:03:57.046 63171 INFO tempest.lib.common.rest_client [req-429d5922-2721-4fa4-9544-c35f4a517236 req-429d5922-2721-4fa4-9544-c35f4a517236 ] Request (ServersNegativeTestJSON:setUpClass): 200 GET http://10.180.1.21/compute/v2.1/servers/2e1217a9-e3b5-4f8c-af4e-3d5da315b3ab 0.124s
2024-10-29 12:03:57.066 63213 INFO tempest.lib.common.rest_client [req-911608cb-3612-431f-8cca-9414e0851832 req-911608cb-3612-431f-8cca-9414e0851832 ] Request (VolumesAdminNegativeTest:setUpClass): 204 PUT http://10.180.1.21/identity/v3/projects/48fab3b8473a4d44af679c079deaa5ab/users/ba1c059efc684532b03e46e81a16ad0f/roles/1742d81d1aeb483a919a1b6c2a5e0153 0.026s
2024-10-29 12:03:57.066 63173 INFO tempest.lib.common.rest_client [req-590da056-eaaa-435c-9166-84c2f1e98357 req-590da056-eaaa-435c-9166-84c2f1e98357 ] Request (ServerMetadataNegativeTestJSON:setUpClass): 200 GET http://10.180.1.21/compute/v2.1/servers/bb28249e-a9d3-4d7d-bd05-128f1110dbca 0.113s
2024-10-29 12:03:57.066 63213 INFO tempest.lib.common.dynamic_creds [-] Dynamic test user ba1c059efc684532b03e46e81a16ad0f is created with scope project and roles: ['admin']
2024-10-29 12:03:57.066 63213 INFO tempest.lib.common.dynamic_creds [-] Acquired dynamic creds: credentials: Credentials: {'domain_id': 'default', 'domain_name': 'Default', 'username': 'tempest-VolumesAdminNegativeTest-1198387776-project-admin', 'project_domain_id': 'default', 'project_domain_name': 'Default', 'project_id': '48fab3b8473a4d44af679c079deaa5ab', 'project_name': 'tempest-VolumesAdminNegativeTest-1198387776', 'tenant_id': '48fab3b8473a4d44af679c079deaa5ab', 'tenant_name': 'tempest-VolumesAdminNegativeTest-1198387776', 'user_domain_id': 'default', 'user_domain_name': 'Default', 'user_id': 'ba1c059efc684532b03e46e81a16ad0f', 'system': None}, Network: None, Subnet: None, Router: None
2024-10-29 12:03:57.112 63215 INFO tempest.lib.common.rest_client [req-82e74be8-ee8f-467f-8c34-e6bae1349114 req-82e74be8-ee8f-467f-8c34-e6bae1349114 ] Request (ServersTestJSON:test_create_server_with_ipv6_addr_only): 200 GET http://10.180.1.21/compute/v2.1/servers/9b334c72-11f5-4165-a350-09fe5487a9a0 0.087s
2024-10-29 12:03:57.122 63163 INFO tempest.lib.common.rest_client [req-9c9c446e-7105-42fb-97c5-a1973320e5cb req-9c9c446e-7105-42fb-97c5-a1973320e5cb ] Request (ServerAddressesNegativeTestJSON:setUpClass): 200 GET http://10.180.1.21/compute/v2.1/servers/7831bfb8-b336-4338-923f-c759a5c67c06 0.092s
2024-10-29 12:03:57.201 63219 INFO tempest.lib.common.rest_client [req-ffb824b2-25e9-445e-96a1-128e39faf6c6 req-ffb824b2-25e9-445e-96a1-128e39faf6c6 ] Request (InstanceActionsTestJSON:setUpClass): 200 GET http://10.180.1.21/compute/v2.1/servers/fcee63c5-eaa3-4d8c-a612-9c30087433e1 0.088s
2024-10-29 12:03:57.205 63157 INFO tempest.lib.common.rest_client [req-6f483245-9e0b-4b1c-91c2-4a0d8ca9a134 req-6f483245-9e0b-4b1c-91c2-4a0d8ca9a134 ] Request (InstanceActionsNegativeTestJSON:setUpClass): 200 GET http://10.180.1.21/compute/v2.1/servers/81c87881-bf63-4622-a0cb-6e38680a8f14 0.082s
2024-10-29 12:03:57.264 63211 INFO tempest.lib.common.rest_client [req-922a9b6b-f4ec-4578-9f64-6c21573d6975 req-922a9b6b-f4ec-4578-9f64-6c21573d6975 ] Request (ServerDiskConfigTestJSON:test_rebuild_server_with_auto_disk_config): 200 GET http://10.180.1.21/compute/v2.1/servers/ab6d68e8-d1c0-429d-a99b-6c40d66fb6d6 0.090s
2024-10-29 12:03:57.272 63177 INFO tempest.lib.common.rest_client [req-3498663b-c118-4184-b7ad-a885289061ad req-3498663b-c118-4184-b7ad-a885289061ad ] Request (ServersTestJSON:setUpClass): 200 GET http://10.180.1.21/compute/v2.1/servers/f106b311-fc2f-4811-b7e0-d680de236b78 0.084s
2024-10-29 12:03:57.317 63213 INFO tempest.lib.common.rest_client [req-20e80162-b47a-412e-916d-2db1c038ab3e req-20e80162-b47a-412e-916d-2db1c038ab3e ] Request (VolumesAdminNegativeTest:setUpClass): 201 POST http://10.180.1.21:9696/networking/v2.0/networks 0.250s
2024-10-29 12:03:57.353 63181 INFO tempest.lib.common.rest_client [req-81163219-efd1-45c4-876e-5fafe4bd9c3c req-81163219-efd1-45c4-876e-5fafe4bd9c3c ] Request (ServersTestBootFromVolume:setUpClass): 200 GET http://10.180.1.21/compute/v2.1/servers/b48be393-189f-4093-b079-fe555192e7ed 0.066s
2024-10-29 12:03:57.368 63185 INFO tempest.lib.common.rest_client [req-9a49ec45-f71a-4a4e-93f9-c36e7f81e5d0 req-9a49ec45-f71a-4a4e-93f9-c36e7f81e5d0 ] Request (ImagesTestJSON:test_create_image_from_stopped_server): 200 GET http://10.180.1.21/compute/v2.1/servers/a701b2b9-10df-4ba3-8b78-b6b486d8f1db 0.068s
2024-10-29 12:03:57.439 63199 INFO tempest.lib.common.rest_client [req-e2f30fba-0f09-4e0b-8b1e-9866ae4d4c91 req-e2f30fba-0f09-4e0b-8b1e-9866ae4d4c91 ] Request (ServerRescueNegativeTestJSON:setUpClass): 200 GET http://10.180.1.21/compute/v2.1/servers/9654e9d5-a809-4875-99bb-fd99d7a7fbd6 0.064s
2024-10-29 12:03:57.470 63213 INFO tempest.lib.common.rest_client [req-9ae34620-a444-4b74-a672-aa32455d6b09 req-9ae34620-a444-4b74-a672-aa32455d6b09 ] Request (VolumesAdminNegativeTest:setUpClass): 201 POST http://10.180.1.21:9696/networking/v2.0/subnets 0.153s
2024-10-29 12:03:57.506 63167 INFO tempest.lib.common.rest_client [req-2c7467ec-7181-43b2-b9ba-4e3ef74c3726 req-2c7467ec-7181-43b2-b9ba-4e3ef74c3726 ] Request (AttachInterfacesTestJSON:test_create_list_show_delete_interfaces_by_fixed_ip): 200 GET http://10.180.1.21/compute/v2.1/servers/7ab06c90-5d19-43fa-b91b-7d17f85d3258 0.076s
2024-10-29 12:03:57.567 63205 INFO tempest.lib.common.rest_client [req-0d65f252-76c9-4d44-990f-7c45a962b264 req-0d65f252-76c9-4d44-990f-7c45a962b264 ] Request (ListServersNegativeTestJSON:setUpClass): 200 GET http://10.180.1.21/compute/v2.1/servers/627ebcab-90f9-4ebe-baf9-52fe808ec8c6 0.121s
2024-10-29 12:03:57.609 63201 INFO tempest.lib.common.rest_client [req-175a693c-04e6-49b0-831c-859324779d7c req-175a693c-04e6-49b0-831c-859324779d7c ] Request (ServerDiagnosticsNegativeTest:test_get_server_diagnostics_by_non_admin): 200 GET http://10.180.1.21/compute/v2.1/servers/0c569bd2-7622-4285-9439-209a88f2e84d 0.228s
2024-10-29 12:03:57.620 63201 INFO tempest.common.waiters [-] State transition "BUILD/networking" ==> "BUILD/spawning" after 69 second wait
2024-10-29 12:03:57.626 63190 INFO tempest.lib.common.rest_client [req-5b241603-5f9e-44f7-9f91-977cb9dfec43 req-5b241603-5f9e-44f7-9f91-977cb9dfec43 ] Request (ServersTestMultiNic:test_verify_duplicate_network_nics): 200 GET http://10.180.1.21/compute/v2.1/servers/c11d0dcc-e5aa-4d7c-bba5-2853622dde44 0.128s
2024-10-29 12:03:57.657 63165 INFO tempest.lib.common.rest_client [req-9ab0770f-c768-43f4-9fa6-8e54ce92e4a7 req-9ab0770f-c768-43f4-9fa6-8e54ce92e4a7 ] Request (ServerRescueTestJSON:setUpClass): 200 GET http://10.180.1.21/compute/v2.1/servers/bf0222ef-b86f-4d85-ab75-96661b90a4b4 0.145s
2024-10-29 12:03:57.673 63207 INFO tempest.lib.common.rest_client [req-737bce75-8355-43d5-b5de-2c297e282b98 req-737bce75-8355-43d5-b5de-2c297e282b98 ] Request (ServerMetadataTestJSON:setUpClass): 200 GET http://10.180.1.21/compute/v2.1/servers/78daba16-0c0f-4db6-bde1-70d960a6e7ae 0.098s
2024-10-29 12:03:57.713 63187 INFO tempest.lib.common.rest_client [req-81f98885-bee4-43ab-a96d-f86fac965bfe req-81f98885-bee4-43ab-a96d-f86fac965bfe ] Request (MigrationsAdminTest:test_resize_server_revert_deleted_flavor): 200 GET http://10.180.1.21/compute/v2.1/servers/91043784-2e4a-4fa4-87de-1c45971e64c5 0.117s
2024-10-29 12:03:57.865 63193 INFO tempest.lib.common.rest_client [req-6878a83c-2bfa-43cb-942e-c441e8ff0758 req-6878a83c-2bfa-43cb-942e-c441e8ff0758 ] Request (DeleteServersTestJSON:test_delete_server_while_in_attached_volume): 200 GET http://10.180.1.21/compute/v2.1/servers/ac14f710-41c0-429c-92a3-46acceace3fc 0.052s
2024-10-29 12:03:57.913 63192 INFO tempest.lib.common.rest_client [req-0507a958-7f7e-44ef-801a-4d2c2db5210c req-0507a958-7f7e-44ef-801a-4d2c2db5210c ] Request (SecurityGroupsTestJSON:test_list_security_groups_by_server): 200 GET http://10.180.1.21/compute/v2.1/servers/d45fe9ea-8538-47da-b8dd-c67f8863a812 0.070s
2024-10-29 12:03:57.945 63195 INFO tempest.lib.common.rest_client [req-78be94a2-c7f0-49f6-a40c-d44a38857bd7 req-78be94a2-c7f0-49f6-a40c-d44a38857bd7 ] Request (ListServerFiltersTestJSON:setUpClass): 200 GET http://10.180.1.21/compute/v2.1/servers/d65ce1f0-e9de-4fc8-828b-95aec5615f95 0.058s
2024-10-29 12:03:57.993 63179 INFO tempest.lib.common.rest_client [req-184f470d-a8c7-4af7-b657-4766abb58003 req-184f470d-a8c7-4af7-b657-4766abb58003 ] Request (ServersTestManualDisk:setUpClass): 200 GET http://10.180.1.21/compute/v2.1/servers/13e71116-cb20-4fc5-8ceb-3a6098bae438 0.066s
2024-10-29 12:03:58.037 63183 INFO tempest.lib.common.rest_client [req-1ca5e89c-115d-4280-b880-d8055e85db0c req-1ca5e89c-115d-4280-b880-d8055e85db0c ] Request (ServerExternalEventsTest:test_create_server_external_events): 200 GET http://10.180.1.21/compute/v2.1/servers/f247b499-0a04-47ae-98b0-cb3f7f088a62 0.058s
2024-10-29 12:03:58.062 63161 INFO tempest.lib.common.rest_client [req-5580a5fb-448a-4256-bbf2-4b2624ec7d18 req-5580a5fb-448a-4256-bbf2-4b2624ec7d18 ] Request (ListImageFiltersTestJSON:setUpClass): 200 GET http://10.180.1.21/compute/v2.1/servers/f853c572-ad40-4cce-83d4-d5f11b42c37f 0.056s
2024-10-29 12:03:58.112 63213 INFO tempest.lib.common.rest_client [req-abb4cb50-36f9-41d2-9989-20e157ad86e0 req-abb4cb50-36f9-41d2-9989-20e157ad86e0 ] Request (VolumesAdminNegativeTest:setUpClass): 201 POST http://10.180.1.21:9696/networking/v2.0/routers 0.641s
2024-10-29 12:03:58.112 63171 INFO tempest.lib.common.rest_client [req-d15dfe3d-51c5-4ef3-8d2d-9397ab9bdc84 req-d15dfe3d-51c5-4ef3-8d2d-9397ab9bdc84 ] Request (ServersNegativeTestJSON:setUpClass): 200 GET http://10.180.1.21/compute/v2.1/servers/2e1217a9-e3b5-4f8c-af4e-3d5da315b3ab 0.056s
2024-10-29 12:03:58.140 63173 INFO tempest.lib.common.rest_client [req-29f325c7-fe11-4559-a352-743223af6a45 req-29f325c7-fe11-4559-a352-743223af6a45 ] Request (ServerMetadataNegativeTestJSON:setUpClass): 200 GET http://10.180.1.21/compute/v2.1/servers/bb28249e-a9d3-4d7d-bd05-128f1110dbca 0.067s
2024-10-29 12:03:58.191 63215 INFO tempest.lib.common.rest_client [req-b8925f2b-4a63-415e-bdb0-cf929a16a8f1 req-b8925f2b-4a63-415e-bdb0-cf929a16a8f1 ] Request (ServersTestJSON:test_create_server_with_ipv6_addr_only): 200 GET http://10.180.1.21/compute/v2.1/servers/9b334c72-11f5-4165-a350-09fe5487a9a0 0.072s
2024-10-29 12:03:58.205 63163 INFO tempest.lib.common.rest_client [req-83716787-30a4-43d2-b452-952ce5ca29a1 req-83716787-30a4-43d2-b452-952ce5ca29a1 ] Request (ServerAddressesNegativeTestJSON:setUpClass): 200 GET http://10.180.1.21/compute/v2.1/servers/7831bfb8-b336-4338-923f-c759a5c67c06 0.075s
2024-10-29 12:03:58.279 63219 INFO tempest.lib.common.rest_client [req-5889a6b8-f312-4157-a84a-230b8793bec6 req-5889a6b8-f312-4157-a84a-230b8793bec6 ] Request (InstanceActionsTestJSON:setUpClass): 200 GET http://10.180.1.21/compute/v2.1/servers/fcee63c5-eaa3-4d8c-a612-9c30087433e1 0.068s
2024-10-29 12:03:58.285 63157 INFO tempest.lib.common.rest_client [req-796829cc-47f0-42a5-b337-cb67e2843b55 req-796829cc-47f0-42a5-b337-cb67e2843b55 ] Request (InstanceActionsNegativeTestJSON:setUpClass): 200 GET http://10.180.1.21/compute/v2.1/servers/81c87881-bf63-4622-a0cb-6e38680a8f14 0.070s
2024-10-29 12:03:58.335 63211 INFO tempest.lib.common.rest_client [req-f021ecfe-2cda-4e8a-ab0b-5a4f90adb147 req-f021ecfe-2cda-4e8a-ab0b-5a4f90adb147 ] Request (ServerDiskConfigTestJSON:test_rebuild_server_with_auto_disk_config): 200 GET http://10.180.1.21/compute/v2.1/servers/ab6d68e8-d1c0-429d-a99b-6c40d66fb6d6 0.064s
2024-10-29 12:03:58.346 63177 INFO tempest.lib.common.rest_client [req-b5b41d84-d235-4d01-ba0e-48477d91049d req-b5b41d84-d235-4d01-ba0e-48477d91049d ] Request (ServersTestJSON:setUpClass): 200 GET http://10.180.1.21/compute/v2.1/servers/f106b311-fc2f-4811-b7e0-d680de236b78 0.067s
2024-10-29 12:03:58.412 63181 INFO tempest.lib.common.rest_client [req-0eedf0fa-09ab-41d8-b2cd-4476eb7ebd6e req-0eedf0fa-09ab-41d8-b2cd-4476eb7ebd6e ] Request (ServersTestBootFromVolume:setUpClass): 200 GET http://10.180.1.21/compute/v2.1/servers/b48be393-189f-4093-b079-fe555192e7ed 0.052s
2024-10-29 12:03:58.423 63185 INFO tempest.lib.common.rest_client [req-ff60acb4-9eab-48f8-9515-9f1554ca847f req-ff60acb4-9eab-48f8-9515-9f1554ca847f ] Request (ImagesTestJSON:test_create_image_from_stopped_server): 200 GET http://10.180.1.21/compute/v2.1/servers/a701b2b9-10df-4ba3-8b78-b6b486d8f1db 0.046s
2024-10-29 12:03:58.499 63199 INFO tempest.lib.common.rest_client [req-7518a6c1-248e-4064-94c3-f9f33cd16020 req-7518a6c1-248e-4064-94c3-f9f33cd16020 ] Request (ServerRescueNegativeTestJSON:setUpClass): 200 GET http://10.180.1.21/compute/v2.1/servers/9654e9d5-a809-4875-99bb-fd99d7a7fbd6 0.052s
2024-10-29 12:03:58.570 63167 INFO tempest.lib.common.rest_client [req-f9523157-8d0b-40a1-91b5-fd1228711a78 req-f9523157-8d0b-40a1-91b5-fd1228711a78 ] Request (AttachInterfacesTestJSON:test_create_list_show_delete_interfaces_by_fixed_ip): 200 GET http://10.180.1.21/compute/v2.1/servers/7ab06c90-5d19-43fa-b91b-7d17f85d3258 0.055s
2024-10-29 12:03:58.633 63205 INFO tempest.lib.common.rest_client [req-214499e4-d4b7-43ee-acd4-d57d86bdc9f6 req-214499e4-d4b7-43ee-acd4-d57d86bdc9f6 ] Request (ListServersNegativeTestJSON:setUpClass): 200 GET http://10.180.1.21/compute/v2.1/servers/627ebcab-90f9-4ebe-baf9-52fe808ec8c6 0.052s
2024-10-29 12:03:58.674 63201 INFO tempest.lib.common.rest_client [req-17e9a862-5f4f-4eba-aedf-ffd945e5546b req-17e9a862-5f4f-4eba-aedf-ffd945e5546b ] Request (ServerDiagnosticsNegativeTest:test_get_server_diagnostics_by_non_admin): 200 GET http://10.180.1.21/compute/v2.1/servers/0c569bd2-7622-4285-9439-209a88f2e84d 0.053s
2024-10-29 12:03:58.692 63190 INFO tempest.lib.common.rest_client [req-c5dbdfa6-a057-42b9-a932-e950662d2516 req-c5dbdfa6-a057-42b9-a932-e950662d2516 ] Request (ServersTestMultiNic:test_verify_duplicate_network_nics): 200 GET http://10.180.1.21/compute/v2.1/servers/c11d0dcc-e5aa-4d7c-bba5-2853622dde44 0.059s
2024-10-29 12:03:58.726 63165 INFO tempest.lib.common.rest_client [req-727bb3d6-1712-480f-8764-cc0c34917a60 req-727bb3d6-1712-480f-8764-cc0c34917a60 ] Request (ServerRescueTestJSON:setUpClass): 200 GET http://10.180.1.21/compute/v2.1/servers/bf0222ef-b86f-4d85-ab75-96661b90a4b4 0.061s
2024-10-29 12:03:58.740 63207 INFO tempest.lib.common.rest_client [req-ca4ae762-4091-43e0-88bb-5ee2538b4406 req-ca4ae762-4091-43e0-88bb-5ee2538b4406 ] Request (ServerMetadataTestJSON:setUpClass): 200 GET http://10.180.1.21/compute/v2.1/servers/78daba16-0c0f-4db6-bde1-70d960a6e7ae 0.059s
2024-10-29 12:03:58.770 63187 INFO tempest.lib.common.rest_client [req-4b334d05-5888-4a25-8465-26b5664b7f64 req-4b334d05-5888-4a25-8465-26b5664b7f64 ] Request (MigrationsAdminTest:test_resize_server_revert_deleted_flavor): 200 GET http://10.180.1.21/compute/v2.1/servers/91043784-2e4a-4fa4-87de-1c45971e64c5 0.050s
2024-10-29 12:03:58.853 63213 INFO tempest.lib.common.rest_client [req-e6e00d32-7111-48d9-b209-7c69f86839bf req-e6e00d32-7111-48d9-b209-7c69f86839bf ] Request (VolumesAdminNegativeTest:setUpClass): 200 PUT http://10.180.1.21:9696/networking/v2.0/routers/6458abae-2277-4226-b2e3-bada127fcd48/add_router_interface 0.740s
2024-10-29 12:03:58.853 63213 INFO tempest.lib.common.dynamic_creds [-] Created isolated network resources for: credentials: Credentials: {'domain_id': 'default', 'domain_name': 'Default', 'username': 'tempest-VolumesAdminNegativeTest-1198387776-project-admin', 'project_domain_id': 'default', 'project_domain_name': 'Default', 'project_id': '48fab3b8473a4d44af679c079deaa5ab', 'project_name': 'tempest-VolumesAdminNegativeTest-1198387776', 'tenant_id': '48fab3b8473a4d44af679c079deaa5ab', 'tenant_name': 'tempest-VolumesAdminNegativeTest-1198387776', 'user_domain_id': 'default', 'user_domain_name': 'Default', 'user_id': 'ba1c059efc684532b03e46e81a16ad0f', 'system': None}, Network: {'id': '0037ab4b-87ea-4442-a0a5-57320814016f', 'name': 'tempest-VolumesAdminNegativeTest-1182482165-network', 'tenant_id': '48fab3b8473a4d44af679c079deaa5ab', 'admin_state_up': True, 'mtu': 8950, 'status': 'ACTIVE', 'subnets': [], 'shared': False, 'project_id': '48fab3b8473a4d44af679c079deaa5ab', 'port_security_enabled': True, 'router:external': False, 'provider:network_type': 'vlan', 'provider:physical_network': 'default', 'provider:segmentation_id': 689, 'availability_zone_hints': [], 'availability_zones': [], 'ipv4_address_scope': None, 'ipv6_address_scope': None, 'description': '', 'tags': [], 'created_at': '2024-10-29T12:03:57Z', 'updated_at': '2024-10-29T12:03:57Z', 'revision_number': 1}, Subnet: {'id': '1b6ad21a-5bca-4d14-b2fe-e1183c589b15', 'name': 'tempest-VolumesAdminNegativeTest-1182482165-subnet', 'tenant_id': '48fab3b8473a4d44af679c079deaa5ab', 'network_id': '0037ab4b-87ea-4442-a0a5-57320814016f', 'ip_version': 4, 'subnetpool_id': None, 'enable_dhcp': True, 'ipv6_ra_mode': None, 'ipv6_address_mode': None, 'gateway_ip': '192.168.128.1', 'cidr': '192.168.128.0/28', 'allocation_pools': [{'start': '192.168.128.2', 'end': '192.168.128.14'}], 'host_routes': [], 'dns_nameservers': [], 'description': '', 'router:external': False, 'service_types': [], 'tags': [], 'created_at': '2024-10-29T12:03:57Z', 'updated_at': '2024-10-29T12:03:57Z', 'revision_number': 0, 'project_id': '48fab3b8473a4d44af679c079deaa5ab'}, Router: {'id': '6458abae-2277-4226-b2e3-bada127fcd48', 'name': 'tempest-VolumesAdminNegativeTest-1182482165-router', 'tenant_id': '48fab3b8473a4d44af679c079deaa5ab', 'admin_state_up': True, 'status': 'ACTIVE', 'external_gateway_info': {'network_id': '5d40c542-af37-4d26-9780-567483bd9b4f', 'external_fixed_ips': [{'subnet_id': '17e9f324-f5f7-4a44-8d5e-97d507a8cd81', 'ip_address': '10.180.180.163'}], 'enable_snat': True}, 'description': '', 'availability_zones': [], 'distributed': False, 'ha': False, 'availability_zone_hints': [], 'routes': [], 'flavor_id': None, 'tags': [], 'created_at': '2024-10-29T12:03:57Z', 'updated_at': '2024-10-29T12:03:57Z', 'revision_number': 2, 'project_id': '48fab3b8473a4d44af679c079deaa5ab'}
2024-10-29 12:03:58.943 63193 INFO tempest.lib.common.rest_client [req-e64ad805-18ea-487c-ac55-1f35069ad633 req-e64ad805-18ea-487c-ac55-1f35069ad633 ] Request (DeleteServersTestJSON:test_delete_server_while_in_attached_volume): 200 GET http://10.180.1.21/compute/v2.1/servers/ac14f710-41c0-429c-92a3-46acceace3fc 0.064s
2024-10-29 12:03:58.945 63213 INFO tempest.lib.common.rest_client [req-e22ad2a2-90dc-4441-b648-c513933016ac req-e22ad2a2-90dc-4441-b648-c513933016ac ] Request (VolumesAdminNegativeTest:setUpClass): 201 POST http://10.180.1.21/identity/v3/auth/tokens 0.087s
2024-10-29 12:03:58.981 63192 INFO tempest.lib.common.rest_client [req-ada083be-3b1f-4605-b7bf-72d110648080 req-ada083be-3b1f-4605-b7bf-72d110648080 ] Request (SecurityGroupsTestJSON:test_list_security_groups_by_server): 200 GET http://10.180.1.21/compute/v2.1/servers/d45fe9ea-8538-47da-b8dd-c67f8863a812 0.062s
2024-10-29 12:03:59.035 63195 INFO tempest.lib.common.rest_client [req-bab64271-3545-4281-bb57-6e6a7724f521 req-bab64271-3545-4281-bb57-6e6a7724f521 ] Request (ListServerFiltersTestJSON:setUpClass): 200 GET http://10.180.1.21/compute/v2.1/servers/d65ce1f0-e9de-4fc8-828b-95aec5615f95 0.083s
2024-10-29 12:03:59.082 63179 INFO tempest.lib.common.rest_client [req-fde0d8d0-a1b9-43e1-99c3-a6a210dd6e7d req-fde0d8d0-a1b9-43e1-99c3-a6a210dd6e7d ] Request (ServersTestManualDisk:setUpClass): 200 GET http://10.180.1.21/compute/v2.1/servers/13e71116-cb20-4fc5-8ceb-3a6098bae438 0.079s
2024-10-29 12:03:59.099 63213 INFO tempest.lib.common.rest_client [req-13207338-4028-434e-a620-744e342d117b req-13207338-4028-434e-a620-744e342d117b ] Request (VolumesAdminNegativeTest:test_update_attached_volume_with_nonexistent_volume_in_body): 200 POST http://10.180.1.21/compute/v2.1/os-keypairs 0.152s
2024-10-29 12:03:59.144 63183 INFO tempest.lib.common.rest_client [req-ca02b4a3-dfef-4690-99cc-f5843231bdde req-ca02b4a3-dfef-4690-99cc-f5843231bdde ] Request (ServerExternalEventsTest:test_create_server_external_events): 200 GET http://10.180.1.21/compute/v2.1/servers/f247b499-0a04-47ae-98b0-cb3f7f088a62 0.097s
2024-10-29 12:03:59.157 63161 INFO tempest.lib.common.rest_client [req-63771476-18fd-4306-817d-31fdd8067253 req-63771476-18fd-4306-817d-31fdd8067253 ] Request (ListImageFiltersTestJSON:setUpClass): 200 GET http://10.180.1.21/compute/v2.1/servers/f853c572-ad40-4cce-83d4-d5f11b42c37f 0.086s
2024-10-29 12:03:59.202 63171 INFO tempest.lib.common.rest_client [req-d4373a4d-ccd5-41ba-ba50-c4842dce1de5 req-d4373a4d-ccd5-41ba-ba50-c4842dce1de5 ] Request (ServersNegativeTestJSON:setUpClass): 200 GET http://10.180.1.21/compute/v2.1/servers/2e1217a9-e3b5-4f8c-af4e-3d5da315b3ab 0.082s
2024-10-29 12:03:59.231 63173 INFO tempest.lib.common.rest_client [req-c88de7b7-150b-4019-8d15-df3fb6291441 req-c88de7b7-150b-4019-8d15-df3fb6291441 ] Request (ServerMetadataNegativeTestJSON:setUpClass): 200 GET http://10.180.1.21/compute/v2.1/servers/bb28249e-a9d3-4d7d-bd05-128f1110dbca 0.080s
2024-10-29 12:03:59.251 63213 INFO tempest.lib.common.rest_client [req-d9e68faa-3a7a-45ea-937c-8036fe3e3011 req-d9e68faa-3a7a-45ea-937c-8036fe3e3011 ] Request (VolumesAdminNegativeTest:test_update_attached_volume_with_nonexistent_volume_in_body): 201 POST http://10.180.1.21:9696/networking/v2.0/security-groups 0.150s
2024-10-29 12:03:59.255 63215 INFO tempest.lib.common.rest_client [req-b651b56f-bf6b-4c96-bb20-f9a3f3fc8d20 req-b651b56f-bf6b-4c96-bb20-f9a3f3fc8d20 ] Request (ServersTestJSON:test_create_server_with_ipv6_addr_only): 200 GET http://10.180.1.21/compute/v2.1/servers/9b334c72-11f5-4165-a350-09fe5487a9a0 0.055s
2024-10-29 12:03:59.280 63163 INFO tempest.lib.common.rest_client [req-f017b99a-fe0c-4cd5-961e-2b5ec0852249 req-f017b99a-fe0c-4cd5-961e-2b5ec0852249 ] Request (ServerAddressesNegativeTestJSON:setUpClass): 200 GET http://10.180.1.21/compute/v2.1/servers/7831bfb8-b336-4338-923f-c759a5c67c06 0.068s
2024-10-29 12:03:59.328 63213 INFO tempest.lib.common.rest_client [req-9e9025d4-5dfe-46ea-9e83-76f3d43f2ce3 req-9e9025d4-5dfe-46ea-9e83-76f3d43f2ce3 ] Request (VolumesAdminNegativeTest:test_update_attached_volume_with_nonexistent_volume_in_body): 201 POST http://10.180.1.21:9696/networking/v2.0/security-group-rules 0.076s
2024-10-29 12:03:59.340 63219 INFO tempest.lib.common.rest_client [req-dd44b818-c210-4bc0-b508-41af7d474330 req-dd44b818-c210-4bc0-b508-41af7d474330 ] Request (InstanceActionsTestJSON:setUpClass): 200 GET http://10.180.1.21/compute/v2.1/servers/fcee63c5-eaa3-4d8c-a612-9c30087433e1 0.052s
2024-10-29 12:03:59.346 63157 INFO tempest.lib.common.rest_client [req-6a257e29-2fb5-4b91-b35e-aef601742edd req-6a257e29-2fb5-4b91-b35e-aef601742edd ] Request (InstanceActionsNegativeTestJSON:setUpClass): 200 GET http://10.180.1.21/compute/v2.1/servers/81c87881-bf63-4622-a0cb-6e38680a8f14 0.053s
2024-10-29 12:03:59.398 63211 INFO tempest.lib.common.rest_client [req-38de4ba6-2df1-4790-a8c8-e190c5f558cd req-38de4ba6-2df1-4790-a8c8-e190c5f558cd ] Request (ServerDiskConfigTestJSON:test_rebuild_server_with_auto_disk_config): 200 GET http://10.180.1.21/compute/v2.1/servers/ab6d68e8-d1c0-429d-a99b-6c40d66fb6d6 0.051s
2024-10-29 12:03:59.405 63213 INFO tempest.lib.common.rest_client [req-c9232465-bc2b-4c3d-b95a-81ced7c1f7fc req-c9232465-bc2b-4c3d-b95a-81ced7c1f7fc ] Request (VolumesAdminNegativeTest:test_update_attached_volume_with_nonexistent_volume_in_body): 201 POST http://10.180.1.21:9696/networking/v2.0/security-group-rules 0.077s
2024-10-29 12:03:59.406 63177 INFO tempest.lib.common.rest_client [req-d5d3f0c2-482b-4914-84fd-943314e18ab3 req-d5d3f0c2-482b-4914-84fd-943314e18ab3 ] Request (ServersTestJSON:setUpClass): 200 GET http://10.180.1.21/compute/v2.1/servers/f106b311-fc2f-4811-b7e0-d680de236b78 0.053s
2024-10-29 12:03:59.486 63181 INFO tempest.lib.common.rest_client [req-0ec34750-a060-4e57-9361-044f338388cd req-0ec34750-a060-4e57-9361-044f338388cd ] Request (ServersTestBootFromVolume:setUpClass): 200 GET http://10.180.1.21/compute/v2.1/servers/b48be393-189f-4093-b079-fe555192e7ed 0.064s
2024-10-29 12:03:59.493 63185 INFO tempest.lib.common.rest_client [req-1e8f31f9-7fce-47b3-a670-12ffe86d3c5f req-1e8f31f9-7fce-47b3-a670-12ffe86d3c5f ] Request (ImagesTestJSON:test_create_image_from_stopped_server): 200 GET http://10.180.1.21/compute/v2.1/servers/a701b2b9-10df-4ba3-8b78-b6b486d8f1db 0.062s
2024-10-29 12:03:59.556 63199 INFO tempest.lib.common.rest_client [req-d0d31ded-80a2-4f4c-9001-10491f516a76 req-d0d31ded-80a2-4f4c-9001-10491f516a76 ] Request (ServerRescueNegativeTestJSON:setUpClass): 200 GET http://10.180.1.21/compute/v2.1/servers/9654e9d5-a809-4875-99bb-fd99d7a7fbd6 0.047s
2024-10-29 12:03:59.627 63167 INFO tempest.lib.common.rest_client [req-3f4b1854-f5d0-40f3-a201-70d292a70a98 req-3f4b1854-f5d0-40f3-a201-70d292a70a98 ] Request (AttachInterfacesTestJSON:test_create_list_show_delete_interfaces_by_fixed_ip): 200 GET http://10.180.1.21/compute/v2.1/servers/7ab06c90-5d19-43fa-b91b-7d17f85d3258 0.050s
2024-10-29 12:03:59.691 63205 INFO tempest.lib.common.rest_client [req-f4c67907-74c2-4dfd-8505-10f69bd39e9a req-f4c67907-74c2-4dfd-8505-10f69bd39e9a ] Request (ListServersNegativeTestJSON:setUpClass): 200 GET http://10.180.1.21/compute/v2.1/servers/627ebcab-90f9-4ebe-baf9-52fe808ec8c6 0.050s
2024-10-29 12:03:59.748 63201 INFO tempest.lib.common.rest_client [req-ab36bbbb-60d1-450b-8281-270b58064dd6 req-ab36bbbb-60d1-450b-8281-270b58064dd6 ] Request (ServerDiagnosticsNegativeTest:test_get_server_diagnostics_by_non_admin): 200 GET http://10.180.1.21/compute/v2.1/servers/0c569bd2-7622-4285-9439-209a88f2e84d 0.064s
2024-10-29 12:03:59.761 63190 INFO tempest.lib.common.rest_client [req-7597d602-ff97-4830-b288-35d61263596c req-7597d602-ff97-4830-b288-35d61263596c ] Request (ServersTestMultiNic:test_verify_duplicate_network_nics): 200 GET http://10.180.1.21/compute/v2.1/servers/c11d0dcc-e5aa-4d7c-bba5-2853622dde44 0.058s
2024-10-29 12:03:59.794 63165 INFO tempest.lib.common.rest_client [req-a19b9bc5-720e-445b-8c6f-61f4dd8d41be req-a19b9bc5-720e-445b-8c6f-61f4dd8d41be ] Request (ServerRescueTestJSON:setUpClass): 200 GET http://10.180.1.21/compute/v2.1/servers/bf0222ef-b86f-4d85-ab75-96661b90a4b4 0.061s
2024-10-29 12:03:59.796 63213 INFO tempest.lib.common.rest_client [req-3b6b218a-cba1-4c8a-ac86-074f65b9cd80 req-3b6b218a-cba1-4c8a-ac86-074f65b9cd80 ] Request (VolumesAdminNegativeTest:test_update_attached_volume_with_nonexistent_volume_in_body): 201 POST http://10.180.1.21:9696/networking/v2.0/floatingips 0.390s
2024-10-29 12:03:59.821 63207 INFO tempest.lib.common.rest_client [req-1e1f6210-30b4-4396-b1ce-14ab575e2bd4 req-1e1f6210-30b4-4396-b1ce-14ab575e2bd4 ] Request (ServerMetadataTestJSON:setUpClass): 200 GET http://10.180.1.21/compute/v2.1/servers/78daba16-0c0f-4db6-bde1-70d960a6e7ae 0.073s
2024-10-29 12:03:59.837 63213 INFO tempest.lib.common.rest_client [req-adca2cbf-84e4-492b-a639-3816fb4c2f4a req-adca2cbf-84e4-492b-a639-3816fb4c2f4a ] Request (VolumesAdminNegativeTest:test_update_attached_volume_with_nonexistent_volume_in_body): 201 POST http://10.180.1.21/identity/v3/auth/tokens 0.038s
2024-10-29 12:03:59.838 63213 INFO tempest.lib.common.fixed_network [-] (VolumesAdminNegativeTest:test_update_attached_volume_with_nonexistent_volume_in_body) Found network {'id': 'a011b9fb-b28a-42f9-8dd0-595d56320977', 'name': 'tempest-VolumesAdminNegativeTest-319942915-network', 'tenant_id': '035c2eb849e3432e8cb52d31d69b895b', 'admin_state_up': True, 'mtu': 8950, 'status': 'ACTIVE', 'subnets': [], 'shared': False, 'project_id': '035c2eb849e3432e8cb52d31d69b895b', 'port_security_enabled': True, 'router:external': False, 'provider:network_type': 'vlan', 'provider:physical_network': 'default', 'provider:segmentation_id': 599, 'availability_zone_hints': [], 'availability_zones': [], 'ipv4_address_scope': None, 'ipv6_address_scope': None, 'description': '', 'tags': [], 'created_at': '2024-10-29T12:03:53Z', 'updated_at': '2024-10-29T12:03:53Z', 'revision_number': 1} available for tenant
2024-10-29 12:03:59.846 63187 INFO tempest.lib.common.rest_client [req-0817b386-9f26-4eb9-9a6e-bba191b6ed82 req-0817b386-9f26-4eb9-9a6e-bba191b6ed82 ] Request (MigrationsAdminTest:test_resize_server_revert_deleted_flavor): 200 GET http://10.180.1.21/compute/v2.1/servers/91043784-2e4a-4fa4-87de-1c45971e64c5 0.065s
2024-10-29 12:04:00.019 63193 INFO tempest.lib.common.rest_client [req-2a0740b0-21b3-486d-a73d-fdb6ce553542 req-2a0740b0-21b3-486d-a73d-fdb6ce553542 ] Request (DeleteServersTestJSON:test_delete_server_while_in_attached_volume): 200 GET http://10.180.1.21/compute/v2.1/servers/ac14f710-41c0-429c-92a3-46acceace3fc 0.069s
2024-10-29 12:04:00.068 63192 INFO tempest.lib.common.rest_client [req-6e9e8104-5a2e-4154-a372-9450fdb0e2aa req-6e9e8104-5a2e-4154-a372-9450fdb0e2aa ] Request (SecurityGroupsTestJSON:test_list_security_groups_by_server): 200 GET http://10.180.1.21/compute/v2.1/servers/d45fe9ea-8538-47da-b8dd-c67f8863a812 0.076s
2024-10-29 12:04:00.118 63195 INFO tempest.lib.common.rest_client [req-94c48041-ae48-4b67-8ec6-bf00fb075ee6 req-94c48041-ae48-4b67-8ec6-bf00fb075ee6 ] Request (ListServerFiltersTestJSON:setUpClass): 200 GET http://10.180.1.21/compute/v2.1/servers/d65ce1f0-e9de-4fc8-828b-95aec5615f95 0.068s
2024-10-29 12:04:00.170 63179 INFO tempest.lib.common.rest_client [req-ad41bdfd-17dd-42db-88dc-b176c3afd92c req-ad41bdfd-17dd-42db-88dc-b176c3afd92c ] Request (ServersTestManualDisk:setUpClass): 200 GET http://10.180.1.21/compute/v2.1/servers/13e71116-cb20-4fc5-8ceb-3a6098bae438 0.075s
2024-10-29 12:04:00.220 63183 INFO tempest.lib.common.rest_client [req-3859b5d1-5aa4-47d7-8604-4a3ebd88b314 req-3859b5d1-5aa4-47d7-8604-4a3ebd88b314 ] Request (ServerExternalEventsTest:test_create_server_external_events): 200 GET http://10.180.1.21/compute/v2.1/servers/f247b499-0a04-47ae-98b0-cb3f7f088a62 0.065s
2024-10-29 12:04:00.265 63161 INFO tempest.lib.common.rest_client [req-3e40c77b-c566-4865-b5db-3a0a2475ffa0 req-3e40c77b-c566-4865-b5db-3a0a2475ffa0 ] Request (ListImageFiltersTestJSON:setUpClass): 200 GET http://10.180.1.21/compute/v2.1/servers/f853c572-ad40-4cce-83d4-d5f11b42c37f 0.095s
2024-10-29 12:04:00.266 63213 INFO tempest.lib.common.rest_client [req-b4bd0262-d137-4f3a-b70f-7705c679331c req-b4bd0262-d137-4f3a-b70f-7705c679331c ] Request (VolumesAdminNegativeTest:test_update_attached_volume_with_nonexistent_volume_in_body): 202 POST http://10.180.1.21/compute/v2.1/servers 0.427s
2024-10-29 12:04:00.318 63173 INFO tempest.lib.common.rest_client [req-24ffb93d-b9d4-4c96-aedc-fd67279e2214 req-24ffb93d-b9d4-4c96-aedc-fd67279e2214 ] Request (ServerMetadataNegativeTestJSON:setUpClass): 200 GET http://10.180.1.21/compute/v2.1/servers/bb28249e-a9d3-4d7d-bd05-128f1110dbca 0.077s
2024-10-29 12:04:00.323 63171 INFO tempest.lib.common.rest_client [req-08906c48-6f1f-490e-8825-74049ec79513 req-08906c48-6f1f-490e-8825-74049ec79513 ] Request (ServersNegativeTestJSON:setUpClass): 200 GET http://10.180.1.21/compute/v2.1/servers/2e1217a9-e3b5-4f8c-af4e-3d5da315b3ab 0.115s
2024-10-29 12:04:00.371 63215 INFO tempest.lib.common.rest_client [req-1590cda7-ed11-4cf7-9f55-f185de1a38e0 req-1590cda7-ed11-4cf7-9f55-f185de1a38e0 ] Request (ServersTestJSON:test_create_server_with_ipv6_addr_only): 200 GET http://10.180.1.21/compute/v2.1/servers/9b334c72-11f5-4165-a350-09fe5487a9a0 0.109s
2024-10-29 12:04:00.376 63213 INFO tempest.lib.common.rest_client [req-f212a9bb-b14e-40b0-953d-8919c9a86f4c req-f212a9bb-b14e-40b0-953d-8919c9a86f4c ] Request (VolumesAdminNegativeTest:test_update_attached_volume_with_nonexistent_volume_in_body): 200 GET http://10.180.1.21/compute/v2.1/servers/f76d2304-7a4e-4f18-80de-ecb0b67bec28 0.108s
2024-10-29 12:04:00.426 63219 INFO tempest.lib.common.rest_client [req-dd23bfef-e86e-476a-8d09-a9cd86eb5e4a req-dd23bfef-e86e-476a-8d09-a9cd86eb5e4a ] Request (InstanceActionsTestJSON:setUpClass): 200 GET http://10.180.1.21/compute/v2.1/servers/fcee63c5-eaa3-4d8c-a612-9c30087433e1 0.076s
2024-10-29 12:04:00.431 63163 INFO tempest.lib.common.rest_client [req-8c9c7569-d7fe-460d-bf54-6967bd8d0214 req-8c9c7569-d7fe-460d-bf54-6967bd8d0214 ] Request (ServerAddressesNegativeTestJSON:setUpClass): 200 GET http://10.180.1.21/compute/v2.1/servers/7831bfb8-b336-4338-923f-c759a5c67c06 0.145s
2024-10-29 12:04:00.476 63157 INFO tempest.lib.common.rest_client [req-9a6cd6ac-e308-4a9b-a512-60ce725d60b0 req-9a6cd6ac-e308-4a9b-a512-60ce725d60b0 ] Request (InstanceActionsNegativeTestJSON:setUpClass): 200 GET http://10.180.1.21/compute/v2.1/servers/81c87881-bf63-4622-a0cb-6e38680a8f14 0.122s
2024-10-29 12:04:00.481 63211 INFO tempest.lib.common.rest_client [req-80953726-5af1-4e37-806a-c1bb12aa5c1e req-80953726-5af1-4e37-806a-c1bb12aa5c1e ] Request (ServerDiskConfigTestJSON:test_rebuild_server_with_auto_disk_config): 200 GET http://10.180.1.21/compute/v2.1/servers/ab6d68e8-d1c0-429d-a99b-6c40d66fb6d6 0.077s
2024-10-29 12:04:00.519 63177 INFO tempest.lib.common.rest_client [req-3a328d2c-6882-4ff6-afcb-23eb02ca6a30 req-3a328d2c-6882-4ff6-afcb-23eb02ca6a30 ] Request (ServersTestJSON:setUpClass): 200 GET http://10.180.1.21/compute/v2.1/servers/f106b311-fc2f-4811-b7e0-d680de236b78 0.107s
2024-10-29 12:04:00.549 63181 INFO tempest.lib.common.rest_client [req-09323835-2cbb-42ad-a776-6e8da5eb6a3f req-09323835-2cbb-42ad-a776-6e8da5eb6a3f ] Request (ServersTestBootFromVolume:setUpClass): 200 GET http://10.180.1.21/compute/v2.1/servers/b48be393-189f-4093-b079-fe555192e7ed 0.053s
2024-10-29 12:04:00.564 63185 INFO tempest.lib.common.rest_client [req-057141ca-abfc-4682-a6bf-c683b54734b4 req-057141ca-abfc-4682-a6bf-c683b54734b4 ] Request (ImagesTestJSON:test_create_image_from_stopped_server): 200 GET http://10.180.1.21/compute/v2.1/servers/a701b2b9-10df-4ba3-8b78-b6b486d8f1db 0.063s
2024-10-29 12:04:00.606 63199 INFO tempest.lib.common.rest_client [req-dc3a9c2c-d537-4639-962d-10371ed8ace3 req-dc3a9c2c-d537-4639-962d-10371ed8ace3 ] Request (ServerRescueNegativeTestJSON:setUpClass): 200 GET http://10.180.1.21/compute/v2.1/servers/9654e9d5-a809-4875-99bb-fd99d7a7fbd6 0.044s
2024-10-29 12:04:00.679 63167 INFO tempest.lib.common.rest_client [req-2db298f1-46c3-4426-bde7-b6ddd6487c59 req-2db298f1-46c3-4426-bde7-b6ddd6487c59 ] Request (AttachInterfacesTestJSON:test_create_list_show_delete_interfaces_by_fixed_ip): 200 GET http://10.180.1.21/compute/v2.1/servers/7ab06c90-5d19-43fa-b91b-7d17f85d3258 0.045s
2024-10-29 12:04:00.746 63205 INFO tempest.lib.common.rest_client [req-57e864ac-f045-4484-97e6-4fbfe69d07db req-57e864ac-f045-4484-97e6-4fbfe69d07db ] Request (ListServersNegativeTestJSON:setUpClass): 200 GET http://10.180.1.21/compute/v2.1/servers/627ebcab-90f9-4ebe-baf9-52fe808ec8c6 0.046s
2024-10-29 12:04:00.806 63201 INFO tempest.lib.common.rest_client [req-98b48cbc-d7a9-497f-b6b3-f8de00b6f9d0 req-98b48cbc-d7a9-497f-b6b3-f8de00b6f9d0 ] Request (ServerDiagnosticsNegativeTest:test_get_server_diagnostics_by_non_admin): 200 GET http://10.180.1.21/compute/v2.1/servers/0c569bd2-7622-4285-9439-209a88f2e84d 0.051s
2024-10-29 12:04:00.822 63190 INFO tempest.lib.common.rest_client [req-fa395d91-dbda-4e43-bf94-8296513a82de req-fa395d91-dbda-4e43-bf94-8296513a82de ] Request (ServersTestMultiNic:test_verify_duplicate_network_nics): 200 GET http://10.180.1.21/compute/v2.1/servers/c11d0dcc-e5aa-4d7c-bba5-2853622dde44 0.051s
2024-10-29 12:04:00.847 63165 INFO tempest.lib.common.rest_client [req-50c04564-0dac-4ee0-97f8-3b336b72e5d7 req-50c04564-0dac-4ee0-97f8-3b336b72e5d7 ] Request (ServerRescueTestJSON:setUpClass): 200 GET http://10.180.1.21/compute/v2.1/servers/bf0222ef-b86f-4d85-ab75-96661b90a4b4 0.045s
2024-10-29 12:04:00.884 63207 INFO tempest.lib.common.rest_client [req-7f4c968e-afff-411b-97a3-7dc0410913d6 req-7f4c968e-afff-411b-97a3-7dc0410913d6 ] Request (ServerMetadataTestJSON:setUpClass): 200 GET http://10.180.1.21/compute/v2.1/servers/78daba16-0c0f-4db6-bde1-70d960a6e7ae 0.050s
2024-10-29 12:04:00.900 63187 INFO tempest.lib.common.rest_client [req-2b61724c-f29d-4b7e-b333-64573ceaf295 req-2b61724c-f29d-4b7e-b333-64573ceaf295 ] Request (MigrationsAdminTest:test_resize_server_revert_deleted_flavor): 200 GET http://10.180.1.21/compute/v2.1/servers/91043784-2e4a-4fa4-87de-1c45971e64c5 0.048s
2024-10-29 12:04:01.075 63193 INFO tempest.lib.common.rest_client [req-26c4ff49-5412-4933-8aad-d1c27316dce1 req-26c4ff49-5412-4933-8aad-d1c27316dce1 ] Request (DeleteServersTestJSON:test_delete_server_while_in_attached_volume): 200 GET http://10.180.1.21/compute/v2.1/servers/ac14f710-41c0-429c-92a3-46acceace3fc 0.047s
2024-10-29 12:04:01.123 63192 INFO tempest.lib.common.rest_client [req-c0b9c3e0-3ad8-49fe-8599-1e441a72e65c req-c0b9c3e0-3ad8-49fe-8599-1e441a72e65c ] Request (SecurityGroupsTestJSON:test_list_security_groups_by_server): 200 GET http://10.180.1.21/compute/v2.1/servers/d45fe9ea-8538-47da-b8dd-c67f8863a812 0.047s
2024-10-29 12:04:01.169 63195 INFO tempest.lib.common.rest_client [req-c10746ae-543c-4f38-965d-858a037c150b req-c10746ae-543c-4f38-965d-858a037c150b ] Request (ListServerFiltersTestJSON:setUpClass): 200 GET http://10.180.1.21/compute/v2.1/servers/d65ce1f0-e9de-4fc8-828b-95aec5615f95 0.044s
2024-10-29 12:04:01.225 63179 INFO tempest.lib.common.rest_client [req-8be183bd-66b8-4345-9004-410b39933870 req-8be183bd-66b8-4345-9004-410b39933870 ] Request (ServersTestManualDisk:setUpClass): 200 GET http://10.180.1.21/compute/v2.1/servers/13e71116-cb20-4fc5-8ceb-3a6098bae438 0.046s
2024-10-29 12:04:01.276 63183 INFO tempest.lib.common.rest_client [req-723d89d3-57f1-49de-abf1-912c0ba06800 req-723d89d3-57f1-49de-abf1-912c0ba06800 ] Request (ServerExternalEventsTest:test_create_server_external_events): 200 GET http://10.180.1.21/compute/v2.1/servers/f247b499-0a04-47ae-98b0-cb3f7f088a62 0.049s
2024-10-29 12:04:01.320 63161 INFO tempest.lib.common.rest_client [req-e3dc1f0f-5f76-45a6-96f5-3e0c715b1fde req-e3dc1f0f-5f76-45a6-96f5-3e0c715b1fde ] Request (ListImageFiltersTestJSON:setUpClass): 200 GET http://10.180.1.21/compute/v2.1/servers/f853c572-ad40-4cce-83d4-d5f11b42c37f 0.048s
2024-10-29 12:04:01.375 63173 INFO tempest.lib.common.rest_client [req-718941b2-6adb-48ac-9f06-62235fa38dff req-718941b2-6adb-48ac-9f06-62235fa38dff ] Request (ServerMetadataNegativeTestJSON:setUpClass): 200 GET http://10.180.1.21/compute/v2.1/servers/bb28249e-a9d3-4d7d-bd05-128f1110dbca 0.051s
2024-10-29 12:04:01.380 63171 INFO tempest.lib.common.rest_client [req-d61a1e20-bc40-472b-b0ca-2888be61010d req-d61a1e20-bc40-472b-b0ca-2888be61010d ] Request (ServersNegativeTestJSON:setUpClass): 200 GET http://10.180.1.21/compute/v2.1/servers/2e1217a9-e3b5-4f8c-af4e-3d5da315b3ab 0.049s
2024-10-29 12:04:01.421 63215 INFO tempest.lib.common.rest_client [req-de5e70c7-2172-44f9-9891-08f3f86b7504 req-de5e70c7-2172-44f9-9891-08f3f86b7504 ] Request (ServersTestJSON:test_create_server_with_ipv6_addr_only): 200 GET http://10.180.1.21/compute/v2.1/servers/9b334c72-11f5-4165-a350-09fe5487a9a0 0.043s
2024-10-29 12:04:01.431 63213 INFO tempest.lib.common.rest_client [req-a6aed59f-c681-4c23-8c3a-13bbb6e5f473 req-a6aed59f-c681-4c23-8c3a-13bbb6e5f473 ] Request (VolumesAdminNegativeTest:test_update_attached_volume_with_nonexistent_volume_in_body): 200 GET http://10.180.1.21/compute/v2.1/servers/f76d2304-7a4e-4f18-80de-ecb0b67bec28 0.043s
2024-10-29 12:04:01.485 63219 INFO tempest.lib.common.rest_client [req-ba8360e4-4247-4f42-b30d-851de8a0f82e req-ba8360e4-4247-4f42-b30d-851de8a0f82e ] Request (InstanceActionsTestJSON:setUpClass): 200 GET http://10.180.1.21/compute/v2.1/servers/fcee63c5-eaa3-4d8c-a612-9c30087433e1 0.053s
2024-10-29 12:04:01.491 63163 INFO tempest.lib.common.rest_client [req-da90372f-94f7-4eed-9db0-95776884a1bb req-da90372f-94f7-4eed-9db0-95776884a1bb ] Request (ServerAddressesNegativeTestJSON:setUpClass): 200 GET http://10.180.1.21/compute/v2.1/servers/7831bfb8-b336-4338-923f-c759a5c67c06 0.053s
2024-10-29 12:04:01.532 63157 INFO tempest.lib.common.rest_client [req-e94bb25f-b9d1-44f3-a142-08b50fe16343 req-e94bb25f-b9d1-44f3-a142-08b50fe16343 ] Request (InstanceActionsNegativeTestJSON:setUpClass): 200 GET http://10.180.1.21/compute/v2.1/servers/81c87881-bf63-4622-a0cb-6e38680a8f14 0.049s
2024-10-29 12:04:01.537 63211 INFO tempest.lib.common.rest_client [req-0e8da766-184f-46b4-9fc9-66a83067ed47 req-0e8da766-184f-46b4-9fc9-66a83067ed47 ] Request (ServerDiskConfigTestJSON:test_rebuild_server_with_auto_disk_config): 200 GET http://10.180.1.21/compute/v2.1/servers/ab6d68e8-d1c0-429d-a99b-6c40d66fb6d6 0.048s
2024-10-29 12:04:01.573 63177 INFO tempest.lib.common.rest_client [req-6e0f42a3-8a0d-4fe3-a92b-59086f0f2b8e req-6e0f42a3-8a0d-4fe3-a92b-59086f0f2b8e ] Request (ServersTestJSON:setUpClass): 200 GET http://10.180.1.21/compute/v2.1/servers/f106b311-fc2f-4811-b7e0-d680de236b78 0.044s
2024-10-29 12:04:01.598 63181 INFO tempest.lib.common.rest_client [req-dfac80d1-d0bf-4f51-819d-30b5f3bb00ec req-dfac80d1-d0bf-4f51-819d-30b5f3bb00ec ] Request (ServersTestBootFromVolume:setUpClass): 200 GET http://10.180.1.21/compute/v2.1/servers/b48be393-189f-4093-b079-fe555192e7ed 0.042s
2024-10-29 12:04:01.611 63185 INFO tempest.lib.common.rest_client [req-69b1b27e-355d-40e6-81a9-66a54481b2f6 req-69b1b27e-355d-40e6-81a9-66a54481b2f6 ] Request (ImagesTestJSON:test_create_image_from_stopped_server): 200 GET http://10.180.1.21/compute/v2.1/servers/a701b2b9-10df-4ba3-8b78-b6b486d8f1db 0.040s
2024-10-29 12:04:01.659 63199 INFO tempest.lib.common.rest_client [req-fb25cbb0-a5b4-4194-81b7-a1915cf17e1a req-fb25cbb0-a5b4-4194-81b7-a1915cf17e1a ] Request (ServerRescueNegativeTestJSON:setUpClass): 200 GET http://10.180.1.21/compute/v2.1/servers/9654e9d5-a809-4875-99bb-fd99d7a7fbd6 0.046s
2024-10-29 12:04:01.732 63167 INFO tempest.lib.common.rest_client [req-7ff57917-05b5-450c-a279-4efdd403cdd7 req-7ff57917-05b5-450c-a279-4efdd403cdd7 ] Request (AttachInterfacesTestJSON:test_create_list_show_delete_interfaces_by_fixed_ip): 200 GET http://10.180.1.21/compute/v2.1/servers/7ab06c90-5d19-43fa-b91b-7d17f85d3258 0.046s
2024-10-29 12:04:01.799 63205 INFO tempest.lib.common.rest_client [req-bf8d4aa2-9780-4024-a494-352e0ddb5bca req-bf8d4aa2-9780-4024-a494-352e0ddb5bca ] Request (ListServersNegativeTestJSON:setUpClass): 200 GET http://10.180.1.21/compute/v2.1/servers/627ebcab-90f9-4ebe-baf9-52fe808ec8c6 0.046s
2024-10-29 12:04:01.858 63201 INFO tempest.lib.common.rest_client [req-579f6dca-85e7-4e4b-9963-69ab3d92c0d3 req-579f6dca-85e7-4e4b-9963-69ab3d92c0d3 ] Request (ServerDiagnosticsNegativeTest:test_get_server_diagnostics_by_non_admin): 200 GET http://10.180.1.21/compute/v2.1/servers/0c569bd2-7622-4285-9439-209a88f2e84d 0.045s
