2024-10-29 12:02:02.500 63199 INFO tempest.lib.common.rest_client [req-01fcf90a-26ca-4c15-ba79-cf68f603415a req-01fcf90a-26ca-4c15-ba79-cf68f603415a ] Request (QuotasAdminTestV257:tearDownClass): 204 DELETE http://10.180.1.21/identity/v3/projects/1511233749944302acf9ab8d48469180 0.315s
2024-10-29 12:02:02.515 63165 INFO tempest.lib.common.rest_client [req-9a2b39e1-987f-439c-bda2-079c95058eb1 req-9a2b39e1-987f-439c-bda2-079c95058eb1 ] Request (HypervisorAdminNegativeTestJSON:test_show_hypervisor_with_non_admin_user): 200 GET http://10.180.1.21/compute/v2.1/os-hypervisors 2.004s
2024-10-29 12:02:02.526 63173 INFO tempest.lib.common.rest_client [req-a1a2f251-1322-49b5-81bc-441dd0ac35c5 req-a1a2f251-1322-49b5-81bc-441dd0ac35c5 ] Request (FlavorsExtraSpecsTestJSON:test_flavor_set_get_update_show_unset_keys): 200 GET http://10.180.1.21/compute/v2.1/flavors/1937604175/os-extra_specs 1.992s
2024-10-29 12:02:02.550 63161 INFO tempest.lib.common.rest_client [req-9d1c7fc2-1be3-4af6-8066-e038b1064c08 req-9d1c7fc2-1be3-4af6-8066-e038b1064c08 ] Request (FloatingIPsAssociationTestJSON:setUpClass): 200 GET http://10.180.1.21/identity/v3/roles 0.311s
2024-10-29 12:02:02.552 63159 INFO tempest.lib.common.rest_client [req-554fcbc1-7063-4d6a-bcdc-3c16f83c6691 req-554fcbc1-7063-4d6a-bcdc-3c16f83c6691 ] Request (ServicesAdminNegativeV253TestJSON:test_get_service_with_valid_service_and_invalid_host): 200 GET http://10.180.1.21/compute/v2.1/os-services?host=xxx&binary=nova-scheduler 1.898s
2024-10-29 12:02:02.562 63195 INFO tempest.lib.common.rest_client [req-b7570d1b-ed32-4aa4-8ad9-bd37d6abb066 req-b7570d1b-ed32-4aa4-8ad9-bd37d6abb066 ] Request (KeyPairsV22TestJSON:test_keypairs_create_list_delete): 200 GET http://10.180.1.21/compute/v2.1/os-keypairs 1.873s
2024-10-29 12:02:02.586 63187 INFO tempest.lib.common.rest_client [req-ceff6a5c-3f45-4523-a5ce-062488d6cf8d req-ceff6a5c-3f45-4523-a5ce-062488d6cf8d ] Request (MigrationsAdminTest:setUpClass): 201 POST http://10.180.1.21/identity/v3/users 0.316s
2024-10-29 12:02:02.598 63183 INFO tempest.lib.common.rest_client [req-f1fa2dab-52d5-464d-b9df-7f164e43c24c req-f1fa2dab-52d5-464d-b9df-7f164e43c24c ] Request (FlavorsAccessTestJSON:_run_cleanups): 200 GET http://10.180.1.21/compute/v2.1/flavors/detail 1.885s
2024-10-29 12:02:02.608 63197 INFO tempest.lib.common.rest_client [req-9d62f741-86b2-44b9-bf13-1427f29278ab req-9d62f741-86b2-44b9-bf13-1427f29278ab ] Request (FlavorsV255TestJSON:tearDownClass): 204 DELETE http://10.180.1.21/identity/v3/projects/2ff2798b3ba64ab9bc028944bb36fdf1 0.343s
2024-10-29 12:02:02.608 63197 INFO tempest.lib.common.dynamic_creds [-] Deleting project and security group for project: 73315d0dd4a74cbf90408ff6339d52e6
2024-10-29 12:02:02.609 63175 INFO tempest.lib.common.rest_client [req-de04930d-4bee-42d4-9d47-4c5f0ff88745 req-de04930d-4bee-42d4-9d47-4c5f0ff88745 ] Request (FlavorsExtraSpecsNegativeTestJSON:test_flavor_non_admin_update_specific_key): 403 PUT http://10.180.1.21/compute/v2.1/flavors/1266779109/os-extra_specs/hw:numa_nodes 1.876s
2024-10-29 12:02:02.630 63215 INFO tempest.lib.common.rest_client [req-277b6404-92eb-42d8-9e5d-6e700ee2c390 req-277b6404-92eb-42d8-9e5d-6e700ee2c390 ] Request (ImagesDeleteNegativeTestJSON:test_delete_non_existent_image): 404 DELETE http://10.180.1.21/compute/v2.1/images/54d84b43-013b-468b-894e-d614e45578a7 1.865s
2024-10-29 12:02:02.646 63201 INFO tempest.lib.common.rest_client [req-7e3b243e-662c-47c1-b065-4afe01bdc37c req-7e3b243e-662c-47c1-b065-4afe01bdc37c ] Request (FlavorsAdminTestJSON:test_create_flavor_with_int_id): 200 POST http://10.180.1.21/compute/v2.1/flavors 1.833s
2024-10-29 12:02:02.674 63163 INFO tempest.lib.common.rest_client [req-033dfbb9-dfda-44b8-8a03-60114e1c3112 req-033dfbb9-dfda-44b8-8a03-60114e1c3112 ] Request (KeyPairsV210TestJSON:setUpClass): 201 POST http://10.180.1.21/identity/v3/users 0.338s
2024-10-29 12:02:02.718 63207 INFO tempest.lib.common.rest_client [req-8d708ecd-88a6-4b96-8fc9-4089a5af5e53 req-8d708ecd-88a6-4b96-8fc9-4089a5af5e53 ] Request (FlavorsV2NegativeTest:tearDownClass): 204 DELETE http://10.180.1.21:9696/networking/v2.0/security-groups/b6d8d237-2a13-4ad1-bc7b-cd68c8cc0b0e 0.334s
2024-10-29 12:02:02.729 63169 INFO tempest.lib.common.rest_client [req-e3851106-7a13-43c4-bce2-9a602c22e847 req-e3851106-7a13-43c4-bce2-9a602c22e847 ] Request (InstanceUsageAuditLogTestJSON:setUpClass): 201 POST http://10.180.1.21/identity/v3/projects 0.315s
2024-10-29 12:02:02.750 63177 INFO tempest.lib.common.rest_client [req-20be6f6f-1d67-4a63-b840-c761feb4efc1 req-20be6f6f-1d67-4a63-b840-c761feb4efc1 ] Request (FlavorsV261TestJSON:tearDownClass): 204 DELETE http://10.180.1.21/identity/v3/projects/bd3e65805e6348a6b78e44096275da56 0.354s
2024-10-29 12:02:02.750 63177 INFO tempest.lib.common.dynamic_creds [-] Deleting project and security group for project: 82e8cf89212c4893989e14ec3620fef0
2024-10-29 12:02:02.807 63192 INFO tempest.lib.common.rest_client [req-5bd9ec15-6550-4a55-b01a-85bc951c5abd req-5bd9ec15-6550-4a55-b01a-85bc951c5abd ] Request (ServersAdmin275Test:test_rebuild_update_server_275): 200 GET http://10.180.1.21/compute/v2.1/servers/a33da17c-bbb2-4307-b4b3-56cec5cb757e 1.909s
2024-10-29 12:02:02.830 63211 INFO tempest.lib.common.rest_client [req-43135aa9-41ab-4d15-a8c0-67d380944b8d req-43135aa9-41ab-4d15-a8c0-67d380944b8d ] Request (QuotasAdminNegativeTest:test_create_server_when_instances_quota_is_full): 201 POST http://10.180.1.21/identity/v3/auth/tokens 0.397s
2024-10-29 12:02:02.831 63211 INFO tempest.lib.common.fixed_network [-] (QuotasAdminNegativeTest:test_create_server_when_instances_quota_is_full) Found network None available for tenant
2024-10-29 12:02:02.835 63203 INFO tempest.lib.common.rest_client [req-e78ca829-316e-4728-a578-9ffd7bd20dbc req-e78ca829-316e-4728-a578-9ffd7bd20dbc ] Request (ServicesAdminNegativeTestJSON:test_get_service_with_valid_service_and_invalid_host): 200 GET http://10.180.1.21/compute/v2.1/os-services?host=xxx&binary=nova-scheduler 1.559s
2024-10-29 12:02:02.838 63219 INFO tempest.lib.common.rest_client [req-617762c6-24b9-4e94-85a5-2c9094a9ca2c req-617762c6-24b9-4e94-85a5-2c9094a9ca2c ] Request (VolumesAssistedSnapshotsTest:setUpClass): 200 PUT http://10.180.1.21:9696/networking/v2.0/routers/5fb605f1-6da5-47d1-914d-be603e92c1cb/add_router_interface 2.727s
2024-10-29 12:02:02.838 63219 INFO tempest.lib.common.dynamic_creds [-] Created isolated network resources for: credentials: Credentials: {'domain_id': 'default', 'domain_name': 'Default', 'username': 'tempest-VolumesAssistedSnapshotsTest-162076865-project', 'project_domain_id': 'default', 'project_domain_name': 'Default', 'project_id': 'ad9c5e19d83a449bac0496df9229c561', 'project_name': 'tempest-VolumesAssistedSnapshotsTest-162076865', 'tenant_id': 'ad9c5e19d83a449bac0496df9229c561', 'tenant_name': 'tempest-VolumesAssistedSnapshotsTest-162076865', 'user_domain_id': 'default', 'user_domain_name': 'Default', 'user_id': 'e964984a8e3c43ea8f066b32c0e2e8bc', 'system': None}, Network: {'id': '01d8adb3-ae97-4460-b69f-12b01dbb4a60', 'name': 'tempest-VolumesAssistedSnapshotsTest-841877771-network', 'tenant_id': 'ad9c5e19d83a449bac0496df9229c561', 'admin_state_up': True, 'mtu': 8950, 'status': 'ACTIVE', 'subnets': [], 'shared': False, 'project_id': 'ad9c5e19d83a449bac0496df9229c561', 'port_security_enabled': True, 'router:external': False, 'provider:network_type': 'vlan', 'provider:physical_network': 'default', 'provider:segmentation_id': 253, 'availability_zone_hints': [], 'availability_zones': [], 'ipv4_address_scope': None, 'ipv6_address_scope': None, 'description': '', 'tags': [], 'created_at': '2024-10-29T12:01:58Z', 'updated_at': '2024-10-29T12:01:58Z', 'revision_number': 1}, Subnet: {'id': '72514de2-e6a3-4e5b-b92e-f333e2f11775', 'name': 'tempest-VolumesAssistedSnapshotsTest-841877771-subnet', 'tenant_id': 'ad9c5e19d83a449bac0496df9229c561', 'network_id': '01d8adb3-ae97-4460-b69f-12b01dbb4a60', 'ip_version': 4, 'subnetpool_id': None, 'enable_dhcp': True, 'ipv6_ra_mode': None, 'ipv6_address_mode': None, 'gateway_ip': '192.168.128.1', 'cidr': '192.168.128.0/28', 'allocation_pools': [{'start': '192.168.128.2', 'end': '192.168.128.14'}], 'host_routes': [], 'dns_nameservers': [], 'description': '', 'router:external': False, 'service_types': [], 'tags': [], 'created_at': '2024-10-29T12:01:58Z', 'updated_at': '2024-10-29T12:01:58Z', 'revision_number': 0, 'project_id': 'ad9c5e19d83a449bac0496df9229c561'}, Router: {'id': '5fb605f1-6da5-47d1-914d-be603e92c1cb', 'name': 'tempest-VolumesAssistedSnapshotsTest-841877771-router', 'tenant_id': 'ad9c5e19d83a449bac0496df9229c561', 'admin_state_up': True, 'status': 'ACTIVE', 'external_gateway_info': {'network_id': '5d40c542-af37-4d26-9780-567483bd9b4f', 'external_fixed_ips': [{'subnet_id': '17e9f324-f5f7-4a44-8d5e-97d507a8cd81', 'ip_address': '10.180.180.168'}], 'enable_snat': True}, 'description': '', 'availability_zones': [], 'distributed': False, 'ha': False, 'availability_zone_hints': [], 'routes': [], 'flavor_id': None, 'tags': [], 'created_at': '2024-10-29T12:01:58Z', 'updated_at': '2024-10-29T12:01:59Z', 'revision_number': 2, 'project_id': 'ad9c5e19d83a449bac0496df9229c561'}
2024-10-29 12:02:02.863 63181 INFO tempest.lib.common.rest_client [req-aa1324fe-fd34-49a9-946a-2d8a307e4572 req-aa1324fe-fd34-49a9-946a-2d8a307e4572 ] Request (AggregatesAdminNegativeTestJSON:test_aggregate_add_host_as_user): 200 POST http://10.180.1.21/compute/v2.1/os-aggregates 1.570s
2024-10-29 12:02:02.880 63179 INFO tempest.lib.common.rest_client [req-63385a53-9cde-4536-b07d-feafe72b6fd3 req-63385a53-9cde-4536-b07d-feafe72b6fd3 ] Request (ServerDiagnosticsTest:test_get_server_diagnostics): 201 POST http://10.180.1.21/identity/v3/auth/tokens 0.446s
2024-10-29 12:02:02.880 63179 INFO tempest.lib.common.fixed_network [-] (ServerDiagnosticsTest:test_get_server_diagnostics) Found network None available for tenant
2024-10-29 12:02:02.914 63171 INFO tempest.lib.common.rest_client [req-b944143d-c8e0-4c19-80a0-9dc7da3a6349 req-b944143d-c8e0-4c19-80a0-9dc7da3a6349 ] Request (FloatingIPsTestJSON:setUpClass): 201 POST http://10.180.1.21/identity/v3/users 0.453s
2024-10-29 12:02:02.934 63157 INFO tempest.lib.common.rest_client [req-1111f8aa-bbf2-494a-9c8e-57ec0d7059bb req-1111f8aa-bbf2-494a-9c8e-57ec0d7059bb ] Request (ServersAdminTestJSON:setUpClass): 201 POST http://10.180.1.21/identity/v3/auth/tokens 0.467s
2024-10-29 12:02:02.935 63157 INFO tempest.lib.common.fixed_network [-] (ServersAdminTestJSON:setUpClass) Found network {'id': '288cfabd-0930-4662-a1b5-a81dc269b4b3', 'name': 'tempest-ServersAdminTestJSON-1416340399-network', 'tenant_id': '836bad5bd552469984890ff6a1a916d2', 'admin_state_up': True, 'mtu': 8950, 'status': 'ACTIVE', 'subnets': [], 'shared': False, 'project_id': '836bad5bd552469984890ff6a1a916d2', 'port_security_enabled': True, 'router:external': False, 'provider:network_type': 'vlan', 'provider:physical_network': 'default', 'provider:segmentation_id': 959, 'availability_zone_hints': [], 'availability_zones': [], 'ipv4_address_scope': None, 'ipv6_address_scope': None, 'description': '', 'tags': [], 'created_at': '2024-10-29T12:01:47Z', 'updated_at': '2024-10-29T12:01:47Z', 'revision_number': 1} available for tenant
2024-10-29 12:02:02.939 63199 INFO tempest.lib.common.rest_client [req-dd60d79e-faea-4467-804d-6d4587a9993b req-dd60d79e-faea-4467-804d-6d4587a9993b ] Request (FloatingIPDetailsTestJSON:setUpClass): 201 POST http://10.180.1.21/identity/v3/auth/tokens 0.437s
2024-10-29 12:02:02.952 63213 INFO tempest.lib.common.rest_client [req-90f876c4-087d-46d4-a2af-116e2f3edc89 req-90f876c4-087d-46d4-a2af-116e2f3edc89 ] Request (DeleteServersAdminTestJSON:test_admin_delete_servers_of_others): 200 GET http://10.180.1.21/compute/v2.1/servers/795b645d-3aee-4dd8-9537-2277f86c5b10 1.461s
2024-10-29 12:02:02.962 63213 INFO tempest.common.waiters [-] State transition "BUILD/None" ==> "BUILD/networking" after 6 second wait
2024-10-29 12:02:02.964 63205 INFO tempest.lib.common.rest_client [req-1de17cba-c503-45ee-9b15-37163f13f4b8 req-1de17cba-c503-45ee-9b15-37163f13f4b8 ] Request (ServerDiagnosticsV248Test:test_get_server_diagnostics): 200 GET http://10.180.1.21/compute/v2.1/servers/6ca62d1b-9533-4b83-8e8a-7f62a34c90a3 1.469s
2024-10-29 12:02:02.970 63187 INFO tempest.lib.common.rest_client [req-f45623b6-87d7-4f51-a092-7b85f74f7051 req-f45623b6-87d7-4f51-a092-7b85f74f7051 ] Request (MigrationsAdminTest:setUpClass): 200 GET http://10.180.1.21/identity/v3/roles 0.383s
2024-10-29 12:02:02.974 63161 INFO tempest.lib.common.rest_client [req-e7c9762c-fb8c-4bfb-a39a-c5b2b9607813 req-e7c9762c-fb8c-4bfb-a39a-c5b2b9607813 ] Request (FloatingIPsAssociationTestJSON:setUpClass): 204 PUT http://10.180.1.21/identity/v3/projects/bfeac5ab1021421a9c0b10d4abe9c8d5/users/51e91e333cbd4850ae0b45f2650178c5/roles/f5694afb255643a29cd92d56d5a9a672 0.423s
2024-10-29 12:02:02.975 63161 INFO tempest.lib.common.dynamic_creds [-] Dynamic test user 51e91e333cbd4850ae0b45f2650178c5 is created with scope project and roles: ['member']
2024-10-29 12:02:02.975 63161 INFO tempest.lib.common.dynamic_creds [-] Acquired dynamic creds: credentials: Credentials: {'domain_id': 'default', 'domain_name': 'Default', 'username': 'tempest-FloatingIPsAssociationTestJSON-1089918034-project-member', 'project_domain_id': 'default', 'project_domain_name': 'Default', 'project_id': 'bfeac5ab1021421a9c0b10d4abe9c8d5', 'project_name': 'tempest-FloatingIPsAssociationTestJSON-1089918034', 'tenant_id': 'bfeac5ab1021421a9c0b10d4abe9c8d5', 'tenant_name': 'tempest-FloatingIPsAssociationTestJSON-1089918034', 'user_domain_id': 'default', 'user_domain_name': 'Default', 'user_id': '51e91e333cbd4850ae0b45f2650178c5', 'system': None}, Network: None, Subnet: None, Router: None
2024-10-29 12:02:02.978 63205 INFO tempest.common.waiters [-] State transition "BUILD/None" ==> "BUILD/spawning" after 6 second wait
2024-10-29 12:02:03.037 63197 INFO tempest.lib.common.rest_client [req-d6d4f05c-b14c-4f1d-88a0-9bcb5f799e94 req-d6d4f05c-b14c-4f1d-88a0-9bcb5f799e94 ] Request (FlavorsV255TestJSON:tearDownClass): 200 GET http://10.180.1.21:9696/networking/v2.0/security-groups?tenant_id=73315d0dd4a74cbf90408ff6339d52e6&name=default 0.428s
2024-10-29 12:02:03.053 63163 INFO tempest.lib.common.rest_client [req-2b9839da-b43b-41f2-913e-2f24550b89a9 req-2b9839da-b43b-41f2-913e-2f24550b89a9 ] Request (KeyPairsV210TestJSON:setUpClass): 200 GET http://10.180.1.21/identity/v3/roles 0.376s
2024-10-29 12:02:03.068 63167 INFO tempest.lib.common.rest_client [req-905bb40e-345f-4a2c-82bc-6381c994552d req-905bb40e-345f-4a2c-82bc-6381c994552d ] Request (ImagesOneServerNegativeTestJSON:setUpClass): 200 GET http://10.180.1.21/compute/v2.1/servers/f81af398-7382-4433-9a24-07d16fd1223b 1.442s
2024-10-29 12:02:03.080 63185 INFO tempest.lib.common.rest_client [req-5542aad1-a7be-493b-95bb-f3a0737576cc req-5542aad1-a7be-493b-95bb-f3a0737576cc ] Request (ServersWithSpecificFlavorTestJSON:test_verify_created_server_ephemeral_disk): 200 GET http://10.180.1.21/compute/v2.1/flavors/42/os-extra_specs 1.248s
2024-10-29 12:02:03.099 63215 INFO tempest.lib.common.rest_client [req-eb6dd2b6-cfa6-47fd-b33f-760488e6ed42 req-eb6dd2b6-cfa6-47fd-b33f-760488e6ed42 ] Request (ImagesDeleteNegativeTestJSON:tearDownClass): 204 DELETE http://10.180.1.21/identity/v3/users/052bf50bda3e45c79a71675c0df0cd52 0.467s
2024-10-29 12:02:03.100 63215 INFO tempest.lib.common.dynamic_creds [-] Deleting project and security group for project: fb5a33ce0d32447a81a3f5330c15e85d
2024-10-29 12:02:03.155 63207 INFO tempest.lib.common.rest_client [req-a8857c54-5b98-4879-b7ef-a8614ddb5503 req-a8857c54-5b98-4879-b7ef-a8614ddb5503 ] Request (FlavorsV2NegativeTest:tearDownClass): 204 DELETE http://10.180.1.21/identity/v3/projects/2e0e3f8a369b43658836f98e37ea2be4 0.437s
2024-10-29 12:02:03.174 63193 INFO tempest.lib.common.rest_client [req-90ff77cb-6777-4524-b925-37564b744ef4 req-90ff77cb-6777-4524-b925-37564b744ef4 ] Request (ImagesOneServerTestJSON:setUpClass): 200 GET http://10.180.1.21/compute/v2.1/servers/04f788bb-19ea-456d-93eb-7398f5dbee35 0.787s
2024-10-29 12:02:03.188 63177 INFO tempest.lib.common.rest_client [req-8cf31fda-371c-4c86-8dcd-21de24caa185 req-8cf31fda-371c-4c86-8dcd-21de24caa185 ] Request (FlavorsV261TestJSON:tearDownClass): 200 GET http://10.180.1.21:9696/networking/v2.0/security-groups?tenant_id=82e8cf89212c4893989e14ec3620fef0&name=default 0.438s
2024-10-29 12:02:03.193 63209 INFO tempest.lib.common.rest_client [req-62fed455-7e89-42cf-b06f-b7eab405d2cc req-62fed455-7e89-42cf-b06f-b7eab405d2cc ] Request (FlavorsAccessNegativeTestJSON:test_flavor_access_list_with_public_flavor): 200 POST http://10.180.1.21/compute/v2.1/flavors 0.691s
2024-10-29 12:02:03.201 63165 INFO tempest.lib.common.rest_client [req-74de8d5f-4096-422f-8ca6-77079fe0a46e req-74de8d5f-4096-422f-8ca6-77079fe0a46e ] Request (HypervisorAdminNegativeTestJSON:test_show_hypervisor_with_non_admin_user): 403 GET http://10.180.1.21/compute/v2.1/os-hypervisors/1 0.682s
2024-10-29 12:02:03.204 63169 INFO tempest.lib.common.rest_client [req-c048b391-45cf-4b80-9c60-75de9abde347 req-c048b391-45cf-4b80-9c60-75de9abde347 ] Request (InstanceUsageAuditLogTestJSON:setUpClass): 201 POST http://10.180.1.21/identity/v3/users 0.474s
2024-10-29 12:02:03.229 63173 INFO tempest.lib.common.rest_client [req-9ddd1b46-7188-49b7-89b8-ae38031bc43b req-9ddd1b46-7188-49b7-89b8-ae38031bc43b ] Request (FlavorsExtraSpecsTestJSON:test_flavor_set_get_update_show_unset_keys): 200 PUT http://10.180.1.21/compute/v2.1/flavors/1937604175/os-extra_specs/hw:numa_nodes 0.700s
2024-10-29 12:02:03.230 63171 INFO tempest.lib.common.rest_client [req-915b242e-4d8c-4b9b-9b97-b493e49a6b2e req-915b242e-4d8c-4b9b-9b97-b493e49a6b2e ] Request (FloatingIPsTestJSON:setUpClass): 200 GET http://10.180.1.21/identity/v3/roles 0.314s
2024-10-29 12:02:03.233 63219 INFO tempest.lib.common.rest_client [req-9ec0bf3d-7046-4b8d-bd1b-311d4ae2cd3f req-9ec0bf3d-7046-4b8d-bd1b-311d4ae2cd3f ] Request (VolumesAssistedSnapshotsTest:setUpClass): 201 POST http://10.180.1.21/identity/v3/auth/tokens 0.343s
2024-10-29 12:02:03.254 63199 INFO tempest.lib.common.rest_client [req-70aa860b-abb9-41d4-8c13-73b922a61a4f req-70aa860b-abb9-41d4-8c13-73b922a61a4f ] Request (FloatingIPDetailsTestJSON:setUpClass): 201 POST http://10.180.1.21/identity/v3/auth/tokens 0.310s
2024-10-29 12:02:03.261 63187 INFO tempest.lib.common.rest_client [req-461244dc-491f-43fa-9a43-48dbf92096bd req-461244dc-491f-43fa-9a43-48dbf92096bd ] Request (MigrationsAdminTest:setUpClass): 204 PUT http://10.180.1.21/identity/v3/projects/8e4e0c7bf0f94416bd94174df3d0c3f8/users/f1d0006f37a245429e9a2d890d9ed438/roles/f5694afb255643a29cd92d56d5a9a672 0.290s
2024-10-29 12:02:03.261 63187 INFO tempest.lib.common.dynamic_creds [-] Dynamic test user f1d0006f37a245429e9a2d890d9ed438 is created with scope project and roles: ['member']
2024-10-29 12:02:03.262 63187 INFO tempest.lib.common.dynamic_creds [-] Acquired dynamic creds: credentials: Credentials: {'domain_id': 'default', 'domain_name': 'Default', 'username': 'tempest-MigrationsAdminTest-1309469553-project-member', 'project_domain_id': 'default', 'project_domain_name': 'Default', 'project_id': '8e4e0c7bf0f94416bd94174df3d0c3f8', 'project_name': 'tempest-MigrationsAdminTest-1309469553', 'tenant_id': '8e4e0c7bf0f94416bd94174df3d0c3f8', 'tenant_name': 'tempest-MigrationsAdminTest-1309469553', 'user_domain_id': 'default', 'user_domain_name': 'Default', 'user_id': 'f1d0006f37a245429e9a2d890d9ed438', 'system': None}, Network: None, Subnet: None, Router: None
2024-10-29 12:02:03.262 63187 INFO tempest.lib.common.dynamic_creds [-] Created isolated network resources for: credentials: Credentials: {'domain_id': 'default', 'domain_name': 'Default', 'username': 'tempest-MigrationsAdminTest-1309469553-project-member', 'project_domain_id': 'default', 'project_domain_name': 'Default', 'project_id': '8e4e0c7bf0f94416bd94174df3d0c3f8', 'project_name': 'tempest-MigrationsAdminTest-1309469553', 'tenant_id': '8e4e0c7bf0f94416bd94174df3d0c3f8', 'tenant_name': 'tempest-MigrationsAdminTest-1309469553', 'user_domain_id': 'default', 'user_domain_name': 'Default', 'user_id': 'f1d0006f37a245429e9a2d890d9ed438', 'system': None}, Network: None, Subnet: None, Router: None
2024-10-29 12:02:03.304 63161 INFO tempest.lib.common.rest_client [req-7a5e639e-01a9-45c7-b513-ca879867abbb req-7a5e639e-01a9-45c7-b513-ca879867abbb ] Request (FloatingIPsAssociationTestJSON:setUpClass): 201 POST http://10.180.1.21/identity/v3/auth/tokens 0.328s
2024-10-29 12:02:03.318 63163 INFO tempest.lib.common.rest_client [req-1bfc6bf7-5766-4aff-8e65-ca6abec2f291 req-1bfc6bf7-5766-4aff-8e65-ca6abec2f291 ] Request (KeyPairsV210TestJSON:setUpClass): 204 PUT http://10.180.1.21/identity/v3/projects/b8cfc1e1e9724bec9b0fdc3541f44db1/users/fc26c1668c7749efb9be7e565d168075/roles/1742d81d1aeb483a919a1b6c2a5e0153 0.265s
2024-10-29 12:02:03.365 63215 INFO tempest.lib.common.rest_client [req-56f9e487-eabf-499c-9e31-007598e25626 req-56f9e487-eabf-499c-9e31-007598e25626 ] Request (ImagesDeleteNegativeTestJSON:tearDownClass): 201 POST http://10.180.1.21/identity/v3/auth/tokens 0.265s
2024-10-29 12:02:03.372 63177 INFO tempest.lib.common.rest_client [req-b517ca44-0a24-48f6-b29a-4a693dfb2204 req-b517ca44-0a24-48f6-b29a-4a693dfb2204 ] Request (FlavorsV261TestJSON:tearDownClass): 204 DELETE http://10.180.1.21:9696/networking/v2.0/security-groups/1969ea61-aa99-408f-a735-185eb1b291ad 0.183s
2024-10-29 12:02:03.377 63207 INFO tempest.lib.common.rest_client [req-df9ef394-26c7-4a77-a3b2-728dca8f2350 req-df9ef394-26c7-4a77-a3b2-728dca8f2350 ] Request (ServerActionsTestOtherB:setUpClass): 201 POST http://10.180.1.21/identity/v3/auth/tokens 0.219s
2024-10-29 12:02:03.383 63169 INFO tempest.lib.common.rest_client [req-6329e322-2780-4061-84f3-bfacd394246c req-6329e322-2780-4061-84f3-bfacd394246c ] Request (InstanceUsageAuditLogTestJSON:setUpClass): 200 GET http://10.180.1.21/identity/v3/roles 0.178s
2024-10-29 12:02:03.420 63171 INFO tempest.lib.common.rest_client [req-e8868d25-da45-4f03-a469-8bbc3ad52570 req-e8868d25-da45-4f03-a469-8bbc3ad52570 ] Request (FloatingIPsTestJSON:setUpClass): 204 PUT http://10.180.1.21/identity/v3/projects/30a839c1e5b34c138d66fe46a393e3e7/users/9691e458aa8e479bbb2d7e67bfff8f0e/roles/f5694afb255643a29cd92d56d5a9a672 0.190s
2024-10-29 12:02:03.421 63171 INFO tempest.lib.common.dynamic_creds [-] Dynamic test user 9691e458aa8e479bbb2d7e67bfff8f0e is created with scope project and roles: ['member']
2024-10-29 12:02:03.421 63171 INFO tempest.lib.common.dynamic_creds [-] Acquired dynamic creds: credentials: Credentials: {'domain_id': 'default', 'domain_name': 'Default', 'username': 'tempest-FloatingIPsTestJSON-1560460336-project-member', 'project_domain_id': 'default', 'project_domain_name': 'Default', 'project_id': '30a839c1e5b34c138d66fe46a393e3e7', 'project_name': 'tempest-FloatingIPsTestJSON-1560460336', 'tenant_id': '30a839c1e5b34c138d66fe46a393e3e7', 'tenant_name': 'tempest-FloatingIPsTestJSON-1560460336', 'user_domain_id': 'default', 'user_domain_name': 'Default', 'user_id': '9691e458aa8e479bbb2d7e67bfff8f0e', 'system': None}, Network: None, Subnet: None, Router: None
2024-10-29 12:02:03.433 63217 INFO tempest.lib.common.rest_client [req-9a9f4188-4c8c-4215-80a6-d87ae809a551 req-9a9f4188-4c8c-4215-80a6-d87ae809a551 ] Request (SecurityGroupsNegativeTestJSON:tearDownClass): 204 DELETE http://10.180.1.21:9696/networking/v2.0/routers/65124d11-1397-46f5-a49a-b561af6dd2b4 1.133s
2024-10-29 12:02:03.466 63190 INFO tempest.lib.common.rest_client [req-420844ca-7e2b-49c4-9d1f-da119b804662 req-420844ca-7e2b-49c4-9d1f-da119b804662 ] Request (ServersV294TestFqdnHostnames:setUpClass): 202 POST http://10.180.1.21/compute/v2.1/servers 1.934s
2024-10-29 12:02:03.469 63197 INFO tempest.lib.common.rest_client [req-1be74253-2f36-431c-a1cd-f17bc8ca4976 req-1be74253-2f36-431c-a1cd-f17bc8ca4976 ] Request (FlavorsV255TestJSON:tearDownClass): 204 DELETE http://10.180.1.21:9696/networking/v2.0/security-groups/589ca869-6ba5-45e8-80fa-f5cfca4441c2 0.432s
2024-10-29 12:02:03.490 63195 INFO tempest.lib.common.rest_client [req-7a367ef3-e9ac-4dd0-9efe-46695660ebef req-7a367ef3-e9ac-4dd0-9efe-46695660ebef ] Request (KeyPairsV22TestJSON:_run_cleanups): 204 DELETE http://10.180.1.21/compute/v2.1/os-keypairs/tempest-KeyPairsV22TestJSON-keypair-161968840 0.926s
2024-10-29 12:02:03.499 63175 INFO tempest.lib.common.rest_client [req-4cd61f80-f772-43fc-a3a8-c6155351076b req-4cd61f80-f772-43fc-a3a8-c6155351076b ] Request (FlavorsExtraSpecsNegativeTestJSON:test_flavor_unset_nonexistent_key): 404 DELETE http://10.180.1.21/compute/v2.1/flavors/1266779109/os-extra_specs/hw:cpu_thread_policy 0.887s
2024-10-29 12:02:03.514 63201 INFO tempest.lib.common.rest_client [req-14cb554e-ea73-4599-898f-5c374e6bea5e req-14cb554e-ea73-4599-898f-5c374e6bea5e ] Request (FlavorsAdminTestJSON:_run_cleanups): 202 DELETE http://10.180.1.21/compute/v2.1/flavors/1354881092 0.865s
2024-10-29 12:02:03.526 63183 INFO tempest.lib.common.rest_client [req-61cc2343-1384-490a-ac5c-773df74094a9 req-61cc2343-1384-490a-ac5c-773df74094a9 ] Request (FlavorsAccessTestJSON:test_flavor_access_list_with_private_flavor): 200 POST http://10.180.1.21/compute/v2.1/flavors 0.851s
2024-10-29 12:02:03.558 63159 INFO tempest.lib.common.rest_client [req-d83e1d51-4d23-4648-8836-8fecd0b6cd66 req-d83e1d51-4d23-4648-8836-8fecd0b6cd66 ] Request (ServicesAdminNegativeV253TestJSON:test_list_services_with_non_admin_user): 403 GET http://10.180.1.21/compute/v2.1/os-services 0.995s
2024-10-29 12:02:03.610 63199 INFO tempest.lib.common.rest_client [req-0f02c81a-3684-4e4c-91ce-36d36a45b01c req-0f02c81a-3684-4e4c-91ce-36d36a45b01c ] Request (FloatingIPDetailsTestJSON:setUpClass): 200 GET http://10.180.1.21/identity/v3/domains?name=Default 0.356s
2024-10-29 12:02:03.665 63187 INFO tempest.lib.common.rest_client [req-696f22e8-5e0f-4f6b-9d96-79c7f9b3e35b req-696f22e8-5e0f-4f6b-9d96-79c7f9b3e35b ] Request (MigrationsAdminTest:setUpClass): 201 POST http://10.180.1.21/identity/v3/auth/tokens 0.399s
2024-10-29 12:02:03.696 63163 INFO tempest.lib.common.rest_client [req-989f051e-5dda-44d0-82a9-27398d474c17 req-989f051e-5dda-44d0-82a9-27398d474c17 ] Request (KeyPairsV210TestJSON:setUpClass): 200 GET http://10.180.1.21/identity/v3/roles 0.376s
2024-10-29 12:02:03.698 63217 INFO tempest.lib.common.rest_client [req-f49fc18f-3631-40de-8202-180dbc789ef4 req-f49fc18f-3631-40de-8202-180dbc789ef4 ] Request (SecurityGroupsNegativeTestJSON:tearDownClass): 204 DELETE http://10.180.1.21:9696/networking/v2.0/subnets/2b086b6f-f7f6-4f3e-8dc8-3c8e3531a4cc 0.262s
2024-10-29 12:02:03.752 63207 INFO tempest.lib.common.rest_client [req-42920880-ae6e-48fb-9637-1d675838a75e req-42920880-ae6e-48fb-9637-1d675838a75e ] Request (ServerActionsTestOtherB:setUpClass): 201 POST http://10.180.1.21/identity/v3/auth/tokens 0.373s
2024-10-29 12:02:03.796 63177 INFO tempest.lib.common.rest_client [req-aefda989-1ff4-4167-96c9-36651cbe0892 req-aefda989-1ff4-4167-96c9-36651cbe0892 ] Request (FlavorsV261TestJSON:tearDownClass): 204 DELETE http://10.180.1.21/identity/v3/projects/82e8cf89212c4893989e14ec3620fef0 0.423s
2024-10-29 12:02:03.849 63169 INFO tempest.lib.common.rest_client [req-e72d59d8-8736-48a5-be54-2ae8b15d38f6 req-e72d59d8-8736-48a5-be54-2ae8b15d38f6 ] Request (InstanceUsageAuditLogTestJSON:setUpClass): 204 PUT http://10.180.1.21/identity/v3/projects/85be740a44884992bd49c2ecff95f638/users/ca131082090d4329999e90b850b69dc2/roles/f5694afb255643a29cd92d56d5a9a672 0.465s
2024-10-29 12:02:03.849 63169 INFO tempest.lib.common.dynamic_creds [-] Dynamic test user ca131082090d4329999e90b850b69dc2 is created with scope project and roles: ['member']
2024-10-29 12:02:03.849 63169 INFO tempest.lib.common.dynamic_creds [-] Acquired dynamic creds: credentials: Credentials: {'domain_id': 'default', 'domain_name': 'Default', 'username': 'tempest-InstanceUsageAuditLogTestJSON-1185323783-project-member', 'project_domain_id': 'default', 'project_domain_name': 'Default', 'project_id': '85be740a44884992bd49c2ecff95f638', 'project_name': 'tempest-InstanceUsageAuditLogTestJSON-1185323783', 'tenant_id': '85be740a44884992bd49c2ecff95f638', 'tenant_name': 'tempest-InstanceUsageAuditLogTestJSON-1185323783', 'user_domain_id': 'default', 'user_domain_name': 'Default', 'user_id': 'ca131082090d4329999e90b850b69dc2', 'system': None}, Network: None, Subnet: None, Router: None
2024-10-29 12:02:03.849 63169 INFO tempest.lib.common.dynamic_creds [-] Created isolated network resources for: credentials: Credentials: {'domain_id': 'default', 'domain_name': 'Default', 'username': 'tempest-InstanceUsageAuditLogTestJSON-1185323783-project-member', 'project_domain_id': 'default', 'project_domain_name': 'Default', 'project_id': '85be740a44884992bd49c2ecff95f638', 'project_name': 'tempest-InstanceUsageAuditLogTestJSON-1185323783', 'tenant_id': '85be740a44884992bd49c2ecff95f638', 'tenant_name': 'tempest-InstanceUsageAuditLogTestJSON-1185323783', 'user_domain_id': 'default', 'user_domain_name': 'Default', 'user_id': 'ca131082090d4329999e90b850b69dc2', 'system': None}, Network: None, Subnet: None, Router: None
2024-10-29 12:02:03.877 63211 INFO tempest.lib.common.rest_client [req-7afdc61a-f3a2-4d1a-96e4-705f7353876f req-7afdc61a-f3a2-4d1a-96e4-705f7353876f ] Request (QuotasAdminNegativeTest:test_create_server_when_instances_quota_is_full): 403 POST http://10.180.1.21/compute/v2.1/servers 1.045s
2024-10-29 12:02:03.933 63171 INFO tempest.lib.common.rest_client [req-aac818a5-a720-4613-9db9-eeebba329a2b req-aac818a5-a720-4613-9db9-eeebba329a2b ] Request (FloatingIPsTestJSON:setUpClass): 201 POST http://10.180.1.21/identity/v3/auth/tokens 0.512s
2024-10-29 12:02:04.015 63197 INFO tempest.lib.common.rest_client [req-2af51b12-d2c3-45b9-ab97-9ddfa8e1341b req-2af51b12-d2c3-45b9-ab97-9ddfa8e1341b ] Request (FlavorsV255TestJSON:tearDownClass): 204 DELETE http://10.180.1.21/identity/v3/projects/73315d0dd4a74cbf90408ff6339d52e6 0.545s
2024-10-29 12:02:04.022 63219 INFO tempest.lib.common.rest_client [req-5766cbcb-b87d-4934-8d47-9cd93ade0054 req-5766cbcb-b87d-4934-8d47-9cd93ade0054 ] Request (VolumesAssistedSnapshotsTest:test_volume_assisted_snapshot_create_delete): 202 POST http://10.180.1.21/volume/v3/volumes 0.788s
2024-10-29 12:02:04.149 63219 INFO tempest.lib.common.rest_client [req-2e114b9c-46a0-4f25-bd4a-c9d6859b9cc4 req-2e114b9c-46a0-4f25-bd4a-c9d6859b9cc4 ] Request (VolumesAssistedSnapshotsTest:test_volume_assisted_snapshot_create_delete): 200 GET http://10.180.1.21/volume/v3/volumes/c05faefc-2e72-42d1-93e9-956d4f63f291 0.117s
2024-10-29 12:02:04.224 63159 INFO tempest.lib.common.rest_client [req-70e48dae-b953-447c-819e-a1df32ab6f41 req-70e48dae-b953-447c-819e-a1df32ab6f41 ] Request (ServicesAdminNegativeV253TestJSON:tearDownClass): 204 DELETE http://10.180.1.21/identity/v3/users/ef361fd88abf42fc9915e8ec6cad097c 0.663s
2024-10-29 12:02:04.252 63161 INFO tempest.lib.common.rest_client [req-78beefc1-4fe9-4bfb-920e-0b40fe08d629 req-78beefc1-4fe9-4bfb-920e-0b40fe08d629 ] Request (FloatingIPsAssociationTestJSON:setUpClass): 201 POST http://10.180.1.21:9696/networking/v2.0/networks 0.946s
2024-10-29 12:02:04.265 63203 INFO tempest.lib.common.rest_client [req-79edf35b-1291-483e-94b1-b32dfb162716 req-79edf35b-1291-483e-94b1-b32dfb162716 ] Request (ServicesAdminNegativeTestJSON:test_list_services_with_non_admin_user): 403 GET http://10.180.1.21/compute/v2.1/os-services 1.425s
2024-10-29 12:02:04.306 63215 INFO tempest.lib.common.rest_client [req-548010fa-c75c-4bd6-ac50-afce51096894 req-548010fa-c75c-4bd6-ac50-afce51096894 ] Request (ImagesDeleteNegativeTestJSON:tearDownClass): 200 GET http://10.180.1.21:9696/networking/v2.0/security-groups?tenant_id=fb5a33ce0d32447a81a3f5330c15e85d&name=default 0.941s
2024-10-29 12:02:04.309 63187 INFO tempest.lib.common.rest_client [req-42523145-3c64-43e2-90f0-18049c46cc42 req-42523145-3c64-43e2-90f0-18049c46cc42 ] Request (MigrationsAdminTest:setUpClass): 201 POST http://10.180.1.21/identity/v3/projects 0.644s
2024-10-29 12:02:04.309 63199 INFO tempest.lib.common.rest_client [req-6a3e26ab-5bea-4176-8b87-075b0160bd66 req-6a3e26ab-5bea-4176-8b87-075b0160bd66 ] Request (FloatingIPDetailsTestJSON:setUpClass): 201 POST http://10.180.1.21/identity/v3/projects 0.697s
2024-10-29 12:02:04.332 63217 INFO tempest.lib.common.rest_client [req-68ef892e-06de-4d17-a340-0feaf91f3f03 req-68ef892e-06de-4d17-a340-0feaf91f3f03 ] Request (SecurityGroupsNegativeTestJSON:tearDownClass): 204 DELETE http://10.180.1.21:9696/networking/v2.0/networks/542304f1-2301-4890-8332-6d098d869427 0.633s
2024-10-29 12:02:04.386 63207 INFO tempest.lib.common.rest_client [req-948d15d6-6cbc-455c-b701-418a23b716f6 req-948d15d6-6cbc-455c-b701-418a23b716f6 ] Request (ServerActionsTestOtherB:setUpClass): 200 GET http://10.180.1.21/identity/v3/domains?name=Default 0.632s
2024-10-29 12:02:04.407 63163 INFO tempest.lib.common.rest_client [req-ed811903-a729-4da9-a780-53f30c7599b8 req-ed811903-a729-4da9-a780-53f30c7599b8 ] Request (KeyPairsV210TestJSON:setUpClass): 204 PUT http://10.180.1.21/identity/v3/projects/b8cfc1e1e9724bec9b0fdc3541f44db1/users/fc26c1668c7749efb9be7e565d168075/roles/1742d81d1aeb483a919a1b6c2a5e0153 0.710s
2024-10-29 12:02:04.407 63163 INFO tempest.lib.common.dynamic_creds [-] Dynamic test user fc26c1668c7749efb9be7e565d168075 is created with scope project and roles: ['admin']
2024-10-29 12:02:04.407 63163 INFO tempest.lib.common.dynamic_creds [-] Acquired dynamic creds: credentials: Credentials: {'domain_id': 'default', 'domain_name': 'Default', 'username': 'tempest-KeyPairsV210TestJSON-2000115744-project-admin', 'project_domain_id': 'default', 'project_domain_name': 'Default', 'project_id': 'b8cfc1e1e9724bec9b0fdc3541f44db1', 'project_name': 'tempest-KeyPairsV210TestJSON-2000115744', 'tenant_id': 'b8cfc1e1e9724bec9b0fdc3541f44db1', 'tenant_name': 'tempest-KeyPairsV210TestJSON-2000115744', 'user_domain_id': 'default', 'user_domain_name': 'Default', 'user_id': 'fc26c1668c7749efb9be7e565d168075', 'system': None}, Network: None, Subnet: None, Router: None
2024-10-29 12:02:04.408 63163 INFO tempest.lib.common.dynamic_creds [-] Created isolated network resources for: credentials: Credentials: {'domain_id': 'default', 'domain_name': 'Default', 'username': 'tempest-KeyPairsV210TestJSON-2000115744-project-admin', 'project_domain_id': 'default', 'project_domain_name': 'Default', 'project_id': 'b8cfc1e1e9724bec9b0fdc3541f44db1', 'project_name': 'tempest-KeyPairsV210TestJSON-2000115744', 'tenant_id': 'b8cfc1e1e9724bec9b0fdc3541f44db1', 'tenant_name': 'tempest-KeyPairsV210TestJSON-2000115744', 'user_domain_id': 'default', 'user_domain_name': 'Default', 'user_id': 'fc26c1668c7749efb9be7e565d168075', 'system': None}, Network: None, Subnet: None, Router: None
2024-10-29 12:02:04.410 63215 INFO tempest.lib.common.rest_client [req-bb4e16e5-5560-42fb-8d26-ff06364f92cf req-bb4e16e5-5560-42fb-8d26-ff06364f92cf ] Request (ImagesDeleteNegativeTestJSON:tearDownClass): 204 DELETE http://10.180.1.21:9696/networking/v2.0/security-groups/e49bcec5-2523-4619-ab44-5141b90ca2ce 0.103s
2024-10-29 12:02:04.445 63177 INFO tempest.lib.common.rest_client [req-16cc1c2f-6571-4050-9ffe-a1e8c42093a3 req-16cc1c2f-6571-4050-9ffe-a1e8c42093a3 ] Request (QuotasAdminTestJSON:setUpClass): 201 POST http://10.180.1.21/identity/v3/auth/tokens 0.648s
2024-10-29 12:02:04.459 63161 INFO tempest.lib.common.rest_client [req-ded7b103-9bba-4956-a5bf-d463fae97d3f req-ded7b103-9bba-4956-a5bf-d463fae97d3f ] Request (FloatingIPsAssociationTestJSON:setUpClass): 201 POST http://10.180.1.21:9696/networking/v2.0/subnets 0.206s
2024-10-29 12:02:04.479 63169 INFO tempest.lib.common.rest_client [req-44b94173-a956-4785-925d-cbdfec931367 req-44b94173-a956-4785-925d-cbdfec931367 ] Request (InstanceUsageAuditLogTestJSON:setUpClass): 201 POST http://10.180.1.21/identity/v3/auth/tokens 0.623s
2024-10-29 12:02:04.535 63181 INFO tempest.lib.common.rest_client [req-e77564a4-df6d-4435-a48c-7cac109761e3 req-e77564a4-df6d-4435-a48c-7cac109761e3 ] Request (AggregatesAdminNegativeTestJSON:test_aggregate_add_host_as_user): 403 POST http://10.180.1.21/compute/v2.1/os-aggregates/2/action 1.670s
2024-10-29 12:02:04.552 63197 INFO tempest.lib.common.rest_client [req-fe6c8aac-c6d9-4dfe-a78b-7384af866b95 req-fe6c8aac-c6d9-4dfe-a78b-7384af866b95 ] Request (MultipleCreateNegativeTestJSON:setUpClass): 201 POST http://10.180.1.21/identity/v3/auth/tokens 0.532s
2024-10-29 12:02:04.620 63159 INFO tempest.lib.common.rest_client [req-b1556bf9-f59e-422c-907a-82063d603399 req-b1556bf9-f59e-422c-907a-82063d603399 ] Request (ServicesAdminNegativeV253TestJSON:tearDownClass): 204 DELETE http://10.180.1.21/identity/v3/users/681419af275a4e12ba4595dea10d3bc8 0.396s
2024-10-29 12:02:04.620 63159 INFO tempest.lib.common.dynamic_creds [-] Deleting project and security group for project: 440df564382d48a887845be61f83ad47
2024-10-29 12:02:04.681 63187 INFO tempest.lib.common.rest_client [req-6c61a5c0-e313-428c-a031-0a9b917a9151 req-6c61a5c0-e313-428c-a031-0a9b917a9151 ] Request (MigrationsAdminTest:setUpClass): 201 POST http://10.180.1.21/identity/v3/users 0.371s
2024-10-29 12:02:04.690 63203 INFO tempest.lib.common.rest_client [req-b34ce4dd-9dcc-4ac1-b4d8-89426ee6a616 req-b34ce4dd-9dcc-4ac1-b4d8-89426ee6a616 ] Request (ServicesAdminNegativeTestJSON:tearDownClass): 204 DELETE http://10.180.1.21/identity/v3/users/816fedcf3f0d47cfa287ac8183c5075a 0.423s
2024-10-29 12:02:04.739 63199 INFO tempest.lib.common.rest_client [req-f375ed5f-383e-4a0d-916d-2bbba46e425c req-f375ed5f-383e-4a0d-916d-2bbba46e425c ] Request (FloatingIPDetailsTestJSON:setUpClass): 201 POST http://10.180.1.21/identity/v3/users 0.428s
2024-10-29 12:02:04.770 63207 INFO tempest.lib.common.rest_client [req-48080aaf-83d4-4c06-b681-a78572fcda40 req-48080aaf-83d4-4c06-b681-a78572fcda40 ] Request (ServerActionsTestOtherB:setUpClass): 201 POST http://10.180.1.21/identity/v3/projects 0.383s
2024-10-29 12:02:04.783 63217 INFO tempest.lib.common.rest_client [req-40f7ebc2-209b-4612-82f7-c03867a0ad7c req-40f7ebc2-209b-4612-82f7-c03867a0ad7c ] Request (SecurityGroupsNegativeTestJSON:tearDownClass): 204 DELETE http://10.180.1.21/identity/v3/users/f9b90d92f0cd4c8b916a618c5ca2c2a4 0.450s
2024-10-29 12:02:04.784 63217 INFO tempest.lib.common.dynamic_creds [-] Deleting project and security group for project: 883012a2fba2475ebad75185be60e9ea
2024-10-29 12:02:04.839 63217 INFO tempest.lib.common.rest_client [req-8842da98-037b-46bc-8135-0815283ece93 req-8842da98-037b-46bc-8135-0815283ece93 ] Request (SecurityGroupsNegativeTestJSON:tearDownClass): 200 GET http://10.180.1.21:9696/networking/v2.0/security-groups?tenant_id=883012a2fba2475ebad75185be60e9ea&name=default 0.054s
2024-10-29 12:02:04.868 63179 INFO tempest.lib.common.rest_client [req-65e2b4dd-0ab0-4536-acd3-a219e098b086 req-65e2b4dd-0ab0-4536-acd3-a219e098b086 ] Request (ServerDiagnosticsTest:test_get_server_diagnostics): 202 POST http://10.180.1.21/compute/v2.1/servers 1.987s
2024-10-29 12:02:04.881 63163 INFO tempest.lib.common.rest_client [req-dc4bef93-944b-4410-82f6-3e259525c7ff req-dc4bef93-944b-4410-82f6-3e259525c7ff ] Request (KeyPairsV210TestJSON:setUpClass): 201 POST http://10.180.1.21/identity/v3/auth/tokens 0.468s
2024-10-29 12:02:04.903 63177 INFO tempest.lib.common.rest_client [req-091c1cdf-72de-4d60-bcb1-1d50812da06e req-091c1cdf-72de-4d60-bcb1-1d50812da06e ] Request (QuotasAdminTestJSON:setUpClass): 201 POST http://10.180.1.21/identity/v3/auth/tokens 0.455s
2024-10-29 12:02:04.928 63185 INFO tempest.lib.common.rest_client [req-5602f546-6053-4a2a-bc58-c38eb806ea37 req-5602f546-6053-4a2a-bc58-c38eb806ea37 ] Request (ServersWithSpecificFlavorTestJSON:test_verify_created_server_ephemeral_disk): 200 POST http://10.180.1.21/compute/v2.1/flavors/1424110487/os-extra_specs 1.846s
2024-10-29 12:02:04.946 63209 INFO tempest.lib.common.rest_client [req-67697792-dc2f-4fc9-9a77-30b4431d4e34 req-67697792-dc2f-4fc9-9a77-30b4431d4e34 ] Request (FlavorsAccessNegativeTestJSON:test_flavor_access_list_with_public_flavor): 404 GET http://10.180.1.21/compute/v2.1/flavors/1981987821/os-flavor-access 1.750s
2024-10-29 12:02:04.951 63157 INFO tempest.lib.common.rest_client [req-443e6465-0b30-4a44-9082-47679b274cd1 req-443e6465-0b30-4a44-9082-47679b274cd1 ] Request (ServersAdminTestJSON:setUpClass): 202 POST http://10.180.1.21/compute/v2.1/servers 2.016s
2024-10-29 12:02:04.955 63165 INFO tempest.lib.common.rest_client [req-ba4b957a-ac7c-43b7-85aa-429c7fdf8a39 req-ba4b957a-ac7c-43b7-85aa-429c7fdf8a39 ] Request (HypervisorAdminNegativeTestJSON:test_show_nonexistent_hypervisor): 404 GET http://10.180.1.21/compute/v2.1/os-hypervisors/7c92794e-b256-45f5-ba69-9ffee7c59598 1.750s
2024-10-29 12:02:04.964 63173 INFO tempest.lib.common.rest_client [req-aa11ea9c-82cf-4e8a-8e3f-1357661c2325 req-aa11ea9c-82cf-4e8a-8e3f-1357661c2325 ] Request (FlavorsExtraSpecsTestJSON:test_flavor_set_get_update_show_unset_keys): 200 GET http://10.180.1.21/compute/v2.1/flavors/1937604175/os-extra_specs 1.734s
2024-10-29 12:02:04.967 63169 INFO tempest.lib.common.rest_client [req-e9dbd063-5634-4ca1-ad75-dfb8c9b82cf7 req-e9dbd063-5634-4ca1-ad75-dfb8c9b82cf7 ] Request (InstanceUsageAuditLogTestJSON:setUpClass): 201 POST http://10.180.1.21/identity/v3/projects 0.487s
2024-10-29 12:02:05.004 63195 INFO tempest.lib.common.rest_client [req-a4f0cb05-11ae-44f6-a178-4eacafba682d req-a4f0cb05-11ae-44f6-a178-4eacafba682d ] Request (KeyPairsV22TestJSON:_run_cleanups): 204 DELETE http://10.180.1.21/compute/v2.1/os-keypairs/tempest-KeyPairsV22TestJSON-keypair-411552687 1.513s
2024-10-29 12:02:05.023 63175 INFO tempest.lib.common.rest_client [req-c6734b43-1252-4619-b70b-3a5587710c71 req-c6734b43-1252-4619-b70b-3a5587710c71 ] Request (FlavorsExtraSpecsNegativeTestJSON:test_flavor_update_mismatch_key): 400 PUT http://10.180.1.21/compute/v2.1/flavors/1266779109/os-extra_specs/hw:numa_nodes 1.523s
2024-10-29 12:02:05.038 63215 INFO tempest.lib.common.rest_client [req-302b9063-a92c-4472-9076-127a4cdadccf req-302b9063-a92c-4472-9076-127a4cdadccf ] Request (ImagesDeleteNegativeTestJSON:tearDownClass): 204 DELETE http://10.180.1.21/identity/v3/projects/fb5a33ce0d32447a81a3f5330c15e85d 0.628s
2024-10-29 12:02:05.053 63201 INFO tempest.lib.common.rest_client [req-2b48e348-8bff-4ccd-8753-074b66f96c49 req-2b48e348-8bff-4ccd-8753-074b66f96c49 ] Request (FlavorsAdminTestJSON:_run_cleanups): 200 GET http://10.180.1.21/compute/v2.1/flavors/detail 1.538s
2024-10-29 12:02:05.091 63183 INFO tempest.lib.common.rest_client [req-58d9e8cd-a86c-4c05-b21a-5c008b660805 req-58d9e8cd-a86c-4c05-b21a-5c008b660805 ] Request (FlavorsAccessTestJSON:test_flavor_access_list_with_private_flavor): 200 GET http://10.180.1.21/compute/v2.1/flavors/1741843050/os-flavor-access 1.561s
2024-10-29 12:02:05.104 63197 INFO tempest.lib.common.rest_client [req-659dca0b-ac83-4ad1-98b6-2d6c4eebdf0d req-659dca0b-ac83-4ad1-98b6-2d6c4eebdf0d ] Request (MultipleCreateNegativeTestJSON:setUpClass): 201 POST http://10.180.1.21/identity/v3/auth/tokens 0.550s
2024-10-29 12:02:05.112 63190 INFO tempest.lib.common.rest_client [req-81f808a8-d9e3-40d4-b893-482a45323154 req-81f808a8-d9e3-40d4-b893-482a45323154 ] Request (ServersV294TestFqdnHostnames:setUpClass): 200 GET http://10.180.1.21/compute/v2.1/servers/3cb4806d-dffa-4c41-9730-f29d2aad059a 1.644s
2024-10-29 12:02:05.146 63187 INFO tempest.lib.common.rest_client [req-7a4c5373-a64d-4874-96ee-367aeb674f7f req-7a4c5373-a64d-4874-96ee-367aeb674f7f ] Request (MigrationsAdminTest:setUpClass): 200 GET http://10.180.1.21/identity/v3/roles 0.464s
2024-10-29 12:02:05.148 63159 INFO tempest.lib.common.rest_client [req-42a3730e-d839-4733-9c6c-bc6715854087 req-42a3730e-d839-4733-9c6c-bc6715854087 ] Request (ServicesAdminNegativeV253TestJSON:tearDownClass): 201 POST http://10.180.1.21/identity/v3/auth/tokens 0.528s
2024-10-29 12:02:05.154 63171 INFO tempest.lib.common.rest_client [req-ba9de10b-49e0-4c98-83d1-ea052f24ee28 req-ba9de10b-49e0-4c98-83d1-ea052f24ee28 ] Request (FloatingIPsTestJSON:setUpClass): 201 POST http://10.180.1.21:9696/networking/v2.0/networks 1.221s
2024-10-29 12:02:05.166 63199 INFO tempest.lib.common.rest_client [req-cba7bec2-2256-421b-90fa-32ce52454943 req-cba7bec2-2256-421b-90fa-32ce52454943 ] Request (FloatingIPDetailsTestJSON:setUpClass): 200 GET http://10.180.1.21/identity/v3/roles 0.427s
2024-10-29 12:02:05.202 63217 INFO tempest.lib.common.rest_client [req-ef077fab-e6b6-438c-9f5c-01007281b234 req-ef077fab-e6b6-438c-9f5c-01007281b234 ] Request (SecurityGroupsNegativeTestJSON:tearDownClass): 204 DELETE http://10.180.1.21:9696/networking/v2.0/security-groups/593683f2-11ec-4055-b201-7f08f2fb5d87 0.362s
2024-10-29 12:02:05.203 63207 INFO tempest.lib.common.rest_client [req-6e9e478a-da02-4797-8c74-5eb1eb2f728c req-6e9e478a-da02-4797-8c74-5eb1eb2f728c ] Request (ServerActionsTestOtherB:setUpClass): 201 POST http://10.180.1.21/identity/v3/users 0.433s
2024-10-29 12:02:05.206 63219 INFO tempest.lib.common.rest_client [req-49de161f-1b8f-4421-ae3c-3ba241dc8eeb req-49de161f-1b8f-4421-ae3c-3ba241dc8eeb ] Request (VolumesAssistedSnapshotsTest:test_volume_assisted_snapshot_create_delete): 200 GET http://10.180.1.21/volume/v3/volumes/c05faefc-2e72-42d1-93e9-956d4f63f291 0.044s
2024-10-29 12:02:05.216 63219 INFO tempest.common.waiters [-] volume c05faefc-2e72-42d1-93e9-956d4f63f291 reached available after waiting for 1.216524 seconds
2024-10-29 12:02:05.229 63192 INFO tempest.lib.common.rest_client [req-d283b1fe-1dce-4423-b1f2-26377133071c req-d283b1fe-1dce-4423-b1f2-26377133071c ] Request (ServersAdmin275Test:test_rebuild_update_server_275): 200 GET http://10.180.1.21/compute/v2.1/servers/a33da17c-bbb2-4307-b4b3-56cec5cb757e 1.404s
2024-10-29 12:02:05.231 63177 INFO tempest.lib.common.rest_client [req-b7b86068-538c-42f8-a575-462bb86fc989 req-b7b86068-538c-42f8-a575-462bb86fc989 ] Request (QuotasAdminTestJSON:setUpClass): 200 GET http://10.180.1.21/identity/v3/domains?name=Default 0.328s
2024-10-29 12:02:05.260 63203 INFO tempest.lib.common.rest_client [req-3eff225f-2722-4cd7-a1fb-1aa10661dcbe req-3eff225f-2722-4cd7-a1fb-1aa10661dcbe ] Request (ServicesAdminNegativeTestJSON:tearDownClass): 204 DELETE http://10.180.1.21/identity/v3/users/24cadd4eb624461b99b624546a4f2961 0.570s
2024-10-29 12:02:05.260 63203 INFO tempest.lib.common.dynamic_creds [-] Deleting project and security group for project: 2e83c8c9dfcd4976b13130fea32afe9c
2024-10-29 12:02:05.319 63169 INFO tempest.lib.common.rest_client [req-eb6596ec-789e-4e2c-9618-03043f11310c req-eb6596ec-789e-4e2c-9618-03043f11310c ] Request (InstanceUsageAuditLogTestJSON:setUpClass): 201 POST http://10.180.1.21/identity/v3/users 0.351s
2024-10-29 12:02:05.329 63165 INFO tempest.lib.common.rest_client [req-3a78f87f-48ce-4c9b-a894-f11528d56417 req-3a78f87f-48ce-4c9b-a894-f11528d56417 ] Request (HypervisorAdminNegativeTestJSON:tearDownClass): 204 DELETE http://10.180.1.21/identity/v3/users/a19491092f154750b3cdd6a046084bc4 0.370s
2024-10-29 12:02:05.391 63197 INFO tempest.lib.common.rest_client [req-f468a5c7-3f23-4847-abda-876198b182d0 req-f468a5c7-3f23-4847-abda-876198b182d0 ] Request (MultipleCreateNegativeTestJSON:setUpClass): 200 GET http://10.180.1.21/identity/v3/domains?name=Default 0.285s
2024-10-29 12:02:05.394 63215 INFO tempest.lib.common.rest_client [req-a0f5196a-e9c9-40f7-bff3-985c09e94d9b req-a0f5196a-e9c9-40f7-bff3-985c09e94d9b ] Request (ServersTestJSON:setUpClass): 201 POST http://10.180.1.21/identity/v3/auth/tokens 0.354s
2024-10-29 12:02:05.431 63187 INFO tempest.lib.common.rest_client [req-60791a91-fc62-463c-bd7f-69fd380c5739 req-60791a91-fc62-463c-bd7f-69fd380c5739 ] Request (MigrationsAdminTest:setUpClass): 204 PUT http://10.180.1.21/identity/v3/projects/f62734d22c8b453eb5d1e78408b1f113/users/c4d71caeb13b4e68818eafb4cffdf0f4/roles/1742d81d1aeb483a919a1b6c2a5e0153 0.282s
2024-10-29 12:02:05.447 63199 INFO tempest.lib.common.rest_client [req-b37a7169-4dc0-4f60-be57-db97496d31ed req-b37a7169-4dc0-4f60-be57-db97496d31ed ] Request (FloatingIPDetailsTestJSON:setUpClass): 204 PUT http://10.180.1.21/identity/v3/projects/a0413cbadf4445b987094c032ec732a6/users/f357f6de6bd24546b9804133b991a3fb/roles/f5694afb255643a29cd92d56d5a9a672 0.280s
2024-10-29 12:02:05.447 63199 INFO tempest.lib.common.dynamic_creds [-] Dynamic test user f357f6de6bd24546b9804133b991a3fb is created with scope project and roles: ['member']
2024-10-29 12:02:05.448 63199 INFO tempest.lib.common.dynamic_creds [-] Acquired dynamic creds: credentials: Credentials: {'domain_id': 'default', 'domain_name': 'Default', 'username': 'tempest-FloatingIPDetailsTestJSON-1702926256-project-member', 'project_domain_id': 'default', 'project_domain_name': 'Default', 'project_id': 'a0413cbadf4445b987094c032ec732a6', 'project_name': 'tempest-FloatingIPDetailsTestJSON-1702926256', 'tenant_id': 'a0413cbadf4445b987094c032ec732a6', 'tenant_name': 'tempest-FloatingIPDetailsTestJSON-1702926256', 'user_domain_id': 'default', 'user_domain_name': 'Default', 'user_id': 'f357f6de6bd24546b9804133b991a3fb', 'system': None}, Network: None, Subnet: None, Router: None
2024-10-29 12:02:05.462 63213 INFO tempest.lib.common.rest_client [req-ebf91bd9-6616-49ee-a25f-a18838902f3f req-ebf91bd9-6616-49ee-a25f-a18838902f3f ] Request (DeleteServersAdminTestJSON:test_admin_delete_servers_of_others): 200 GET http://10.180.1.21/compute/v2.1/servers/795b645d-3aee-4dd8-9537-2277f86c5b10 1.500s
2024-10-29 12:02:05.476 63213 INFO tempest.common.waiters [-] State transition "BUILD/networking" ==> "BUILD/spawning" after 9 second wait
2024-10-29 12:02:05.553 63207 INFO tempest.lib.common.rest_client [req-d4c8cfcc-bf25-4923-9f39-f03de6ecee35 req-d4c8cfcc-bf25-4923-9f39-f03de6ecee35 ] Request (ServerActionsTestOtherB:setUpClass): 200 GET http://10.180.1.21/identity/v3/roles 0.349s
