2024-10-29 12:03:03.118 63199 INFO tempest.lib.common.rest_client [req-542984a0-112b-4d54-ae23-d07a45af430b req-542984a0-112b-4d54-ae23-d07a45af430b ] Request (ServerRescueNegativeTestJSON:setUpClass): 200 GET http://10.180.1.21/compute/v2.1/servers/9654e9d5-a809-4875-99bb-fd99d7a7fbd6 0.088s
2024-10-29 12:03:03.159 63165 INFO tempest.lib.common.rest_client [req-f96ad107-f770-40f3-9ebb-3584adb22391 req-f96ad107-f770-40f3-9ebb-3584adb22391 ] Request (ImagesNegativeTestJSON:test_create_image_from_deleted_server): 200 GET http://10.180.1.21/compute/v2.1/servers/ab0f02a1-f883-4ad6-8f8c-5c300fff0f70 0.069s
2024-10-29 12:03:03.235 63205 INFO tempest.lib.common.rest_client [req-29628d88-e64a-49bc-b174-0255aee0b92b req-29628d88-e64a-49bc-b174-0255aee0b92b ] Request (KeyPairsV2TestJSON:tearDownClass): 204 DELETE http://10.180.1.21/identity/v3/users/a4a4459b273e4cd2994642666a60149b 0.155s
2024-10-29 12:03:03.236 63205 INFO tempest.lib.common.dynamic_creds [-] Deleting project and security group for project: 56ed4f6078254ce7b83b068c02f42690
2024-10-29 12:03:03.280 63163 INFO tempest.lib.common.rest_client [req-9d9ca8ea-6274-427e-8b4b-dc240790709e req-9d9ca8ea-6274-427e-8b4b-dc240790709e ] Request (FloatingIPsAssociationNegativeTestJSON:setUpClass): 200 GET http://10.180.1.21/compute/v2.1/servers/03ee0097-1200-43ce-9baa-e9da80105516 0.092s
2024-10-29 12:03:03.281 63215 INFO tempest.lib.common.rest_client [req-a2120395-1c3b-427d-bf1d-8b6d5552812f req-a2120395-1c3b-427d-bf1d-8b6d5552812f ] Request (ServersTestJSON:test_create_server_specify_multibyte_character_name): 200 GET http://10.180.1.21/compute/v2.1/servers/147165a4-9071-4516-9498-fa4c706a5e37 0.096s
2024-10-29 12:03:03.291 63192 INFO tempest.lib.common.rest_client [req-dd683089-f069-4e5f-8b3f-18140a2147c2 req-dd683089-f069-4e5f-8b3f-18140a2147c2 ] Request (SecurityGroupsTestJSON:setUpClass): 201 POST http://10.180.1.21:9696/networking/v2.0/subnets 0.439s
2024-10-29 12:03:03.306 63219 INFO tempest.lib.common.rest_client [req-bfd69552-067d-49fc-9726-3ccc8540eef8 req-bfd69552-067d-49fc-9726-3ccc8540eef8 ] Request (VolumesAssistedSnapshotsTest:tearDownClass): 204 DELETE http://10.180.1.21:9696/networking/v2.0/floatingips/8519e867-9d49-4250-8d6f-68ee1cc85b26 0.585s
2024-10-29 12:03:03.317 63205 INFO tempest.lib.common.rest_client [req-76372e59-63d9-4bea-8a2f-501a8ad154a4 req-76372e59-63d9-4bea-8a2f-501a8ad154a4 ] Request (KeyPairsV2TestJSON:tearDownClass): 201 POST http://10.180.1.21/identity/v3/auth/tokens 0.081s
2024-10-29 12:03:03.324 63219 INFO tempest.lib.common.rest_client [req-73b52bb6-5d09-470b-8157-2910d5a4efec req-73b52bb6-5d09-470b-8157-2910d5a4efec ] Request (VolumesAssistedSnapshotsTest:tearDownClass): 404 DELETE http://10.180.1.21/volume/v3/volumes/c05faefc-2e72-42d1-93e9-956d4f63f291 0.018s
2024-10-29 12:03:03.343 63219 INFO tempest.lib.common.rest_client [req-0a415e05-677d-4f16-9099-3fb9ca7ec998 req-0a415e05-677d-4f16-9099-3fb9ca7ec998 ] Request (VolumesAssistedSnapshotsTest:tearDownClass): 404 GET http://10.180.1.21/volume/v3/volumes/c05faefc-2e72-42d1-93e9-956d4f63f291 0.015s
2024-10-29 12:03:03.374 63201 INFO tempest.lib.common.rest_client [req-bd3d7fd5-577d-446c-976a-15df4abff78c req-bd3d7fd5-577d-446c-976a-15df4abff78c ] Request (ServerDiagnosticsNegativeTest:test_get_server_diagnostics_by_non_admin): 200 GET http://10.180.1.21/compute/v2.1/servers/0c569bd2-7622-4285-9439-209a88f2e84d 0.112s
2024-10-29 12:03:03.384 63195 INFO tempest.lib.common.rest_client [req-0352150b-e90a-4d83-baf4-391182cd3079 req-0352150b-e90a-4d83-baf4-391182cd3079 ] Request (AttachInterfacesUnderV243Test:test_add_remove_fixed_ip): 200 GET http://10.180.1.21/compute/v2.1/servers/386ffe8a-a160-4dea-88e6-529219eaf99f 0.121s
2024-10-29 12:03:03.459 63175 INFO tempest.lib.common.rest_client [req-d2c6dffa-12d6-4656-adda-7b3ef7de098d req-d2c6dffa-12d6-4656-adda-7b3ef7de098d ] Request (SecurityGroupRulesTestJSON:tearDownClass): 200 PUT http://10.180.1.21:9696/networking/v2.0/routers/02a29874-4fa2-48c5-92bc-c9cec1bb6946/remove_router_interface 1.363s
2024-10-29 12:03:03.469 63167 INFO tempest.lib.common.rest_client [req-5fb52a86-18f0-4925-8081-604d631505c6 req-5fb52a86-18f0-4925-8081-604d631505c6 ] Request (AttachInterfacesTestJSON:test_create_list_show_delete_interfaces_by_fixed_ip): 200 GET http://10.180.1.21/compute/v2.1/servers/7ab06c90-5d19-43fa-b91b-7d17f85d3258 0.139s
2024-10-29 12:03:03.491 63187 INFO tempest.lib.common.rest_client [req-3b7e2acb-9163-4b32-a9a3-4a5b1f03d1b0 req-3b7e2acb-9163-4b32-a9a3-4a5b1f03d1b0 ] Request (MigrationsAdminTest:test_resize_server_revert_deleted_flavor): 200 GET http://10.180.1.21/compute/v2.1/servers/91043784-2e4a-4fa4-87de-1c45971e64c5 0.159s
2024-10-29 12:03:03.546 63157 INFO tempest.lib.common.rest_client [req-9177a667-26b9-4231-a37e-499ad1015dc7 req-9177a667-26b9-4231-a37e-499ad1015dc7 ] Request (InstanceActionsNegativeTestJSON:setUpClass): 201 POST http://10.180.1.21:9696/networking/v2.0/routers 1.719s
2024-10-29 12:03:03.660 63161 INFO tempest.lib.common.rest_client [req-917d717e-5124-4f83-8966-78a5af1cd4d1 req-917d717e-5124-4f83-8966-78a5af1cd4d1 ] Request (FloatingIPsAssociationTestJSON:tearDownClass): 200 PUT http://10.180.1.21:9696/networking/v2.0/routers/23662050-6b9b-45d8-b0f7-1cd0d6a47941/remove_router_interface 1.785s
2024-10-29 12:03:03.711 63190 INFO tempest.lib.common.rest_client [req-88264c68-ce80-489e-8f41-b0c17d9bf01f req-88264c68-ce80-489e-8f41-b0c17d9bf01f ] Request (ServersTestMultiNic:test_verify_duplicate_network_nics): 200 GET http://10.180.1.21/compute/v2.1/servers/c11d0dcc-e5aa-4d7c-bba5-2853622dde44 0.316s
2024-10-29 12:03:03.713 63213 INFO tempest.lib.common.rest_client [req-1cda4876-5d01-487e-897c-0f88fe5deb14 req-1cda4876-5d01-487e-897c-0f88fe5deb14 ] Request (DeleteServersAdminTestJSON:test_delete_server_while_in_error_state): 200 GET http://10.180.1.21/compute/v2.1/servers/a8e4d6d3-3908-4fe8-be33-5b70eb5a62a1 0.311s
2024-10-29 12:03:03.803 63183 INFO tempest.lib.common.rest_client [req-3c1c75f9-91a3-4e45-8a68-32446e515678 req-3c1c75f9-91a3-4e45-8a68-32446e515678 ] Request (ServerExternalEventsTest:test_create_server_external_events): 200 GET http://10.180.1.21/compute/v2.1/servers/f247b499-0a04-47ae-98b0-cb3f7f088a62 0.337s
2024-10-29 12:03:03.805 63179 INFO tempest.lib.common.rest_client [req-1ddf7796-5e9f-4b2b-a0e7-118536dfc1ef req-1ddf7796-5e9f-4b2b-a0e7-118536dfc1ef ] Request (ServersTestManualDisk:setUpClass): 200 GET http://10.180.1.21/compute/v2.1/servers/13e71116-cb20-4fc5-8ceb-3a6098bae438 0.341s
2024-10-29 12:03:03.839 63181 INFO tempest.lib.common.rest_client [req-1fff95ae-e510-43e6-873d-420782269cc4 req-1fff95ae-e510-43e6-873d-420782269cc4 ] Request (ServersTestBootFromVolume:setUpClass): 200 GET http://10.180.1.21/volume/v3/volumes/aa425a3d-1cae-44c2-aaae-1815c2ed4319 0.049s
2024-10-29 12:03:03.890 63207 INFO tempest.lib.common.rest_client [req-98ebead6-526a-4509-bdff-562a69e4ad90 req-98ebead6-526a-4509-bdff-562a69e4ad90 ] Request (ServerActionsTestOtherB:setUpClass): 200 GET http://10.180.1.21/compute/v2.1/servers/353b72b2-cd56-442f-9010-c75baf8f5a48 0.359s
2024-10-29 12:03:03.896 63203 INFO tempest.lib.common.rest_client [req-fa892036-d29b-470e-bdfc-16b2846ed3b4 req-fa892036-d29b-470e-bdfc-16b2846ed3b4 ] Request (ServerGroupTestJSON:test_create_server_with_scheduler_hint_group): 200 GET http://10.180.1.21/compute/v2.1/servers/5a825d36-7563-4792-8f68-8814ec96cfde 0.363s
2024-10-29 12:03:03.899 63205 INFO tempest.lib.common.rest_client [req-eb1626b3-f5a2-49a9-991b-72c78755c35c req-eb1626b3-f5a2-49a9-991b-72c78755c35c ] Request (KeyPairsV2TestJSON:tearDownClass): 200 GET http://10.180.1.21:9696/networking/v2.0/security-groups?tenant_id=56ed4f6078254ce7b83b068c02f42690&name=default 0.582s
2024-10-29 12:03:03.997 63171 INFO tempest.lib.common.rest_client [req-cee18333-e624-4bcc-8b00-0a75300ca84d req-cee18333-e624-4bcc-8b00-0a75300ca84d ] Request (ServersNegativeTestJSON:setUpClass): 200 GET http://10.180.1.21/compute/v2.1/servers/2e1217a9-e3b5-4f8c-af4e-3d5da315b3ab 0.413s
2024-10-29 12:03:04.078 63185 INFO tempest.lib.common.rest_client [req-7352bd3c-f0d3-4e30-a28e-1a61065b2e1f req-7352bd3c-f0d3-4e30-a28e-1a61065b2e1f ] Request (ServersWithSpecificFlavorTestJSON:test_verify_created_server_ephemeral_disk): 200 GET http://10.180.1.21/compute/v2.1/servers/25758cb8-6635-4284-bc94-a95389af3c8a 0.411s
2024-10-29 12:03:04.147 63169 INFO tempest.lib.common.rest_client [req-4ada4163-34b1-4e69-8b32-069471052d61 req-4ada4163-34b1-4e69-8b32-069471052d61 ] Request (ServersAdminNegativeTestJSON:setUpClass): 200 GET http://10.180.1.21/compute/v2.1/servers/6f5cc707-70e8-48fb-8d9d-904f3e0130af 0.353s
2024-10-29 12:03:04.199 63205 INFO tempest.lib.common.rest_client [req-ea735ca8-525d-4154-a2d0-57e19ca07b15 req-ea735ca8-525d-4154-a2d0-57e19ca07b15 ] Request (KeyPairsV2TestJSON:tearDownClass): 204 DELETE http://10.180.1.21:9696/networking/v2.0/security-groups/bf96156a-6809-49bc-b190-357e713114b3 0.296s
2024-10-29 12:03:04.220 63173 INFO tempest.lib.common.rest_client [req-8986be7d-5edd-4a55-be3a-7a91ec623fb4 req-8986be7d-5edd-4a55-be3a-7a91ec623fb4 ] Request (ServerMetadataNegativeTestJSON:setUpClass): 200 GET http://10.180.1.21/compute/v2.1/servers/bb28249e-a9d3-4d7d-bd05-128f1110dbca 0.361s
2024-10-29 12:03:04.254 63217 INFO tempest.lib.common.rest_client [req-4c744d94-4502-4b4c-b398-4a79af6412cf req-4c744d94-4502-4b4c-b398-4a79af6412cf ] Request (ServerAddressesTestJSON:setUpClass): 200 GET http://10.180.1.21/compute/v2.1/servers/2a8c7285-35dd-4112-b84a-ea384aead074 0.610s
2024-10-29 12:03:04.262 63217 INFO tempest.common.waiters [-] State transition "BUILD/networking" ==> "BUILD/spawning" after 40 second wait
2024-10-29 12:03:04.284 63193 INFO tempest.lib.common.rest_client [req-b197ea05-61c5-4e5e-a36f-3e4146321e44 req-b197ea05-61c5-4e5e-a36f-3e4146321e44 ] Request (DeleteServersTestJSON:test_delete_active_server): 200 GET http://10.180.1.21/compute/v2.1/servers/0dba167b-aa56-4463-9749-b74fbc7430d9 0.311s
2024-10-29 12:03:04.309 63205 INFO tempest.lib.common.rest_client [req-09708ebf-cbab-442b-8aa5-225ed389d6b3 req-09708ebf-cbab-442b-8aa5-225ed389d6b3 ] Request (KeyPairsV2TestJSON:tearDownClass): 204 DELETE http://10.180.1.21/identity/v3/projects/56ed4f6078254ce7b83b068c02f42690 0.110s
2024-10-29 12:03:04.321 63177 INFO tempest.lib.common.rest_client [req-e386721e-e882-4ee8-a28f-014630d060d7 req-e386721e-e882-4ee8-a28f-014630d060d7 ] Request (ServersTestJSON:setUpClass): 200 GET http://10.180.1.21/compute/v2.1/servers/f106b311-fc2f-4811-b7e0-d680de236b78 0.280s
2024-10-29 12:03:04.344 63211 INFO tempest.lib.common.rest_client [req-3684d30b-3b3e-4ee3-aa17-1ac5dc7dcdc0 req-3684d30b-3b3e-4ee3-aa17-1ac5dc7dcdc0 ] Request (ServerDiskConfigTestJSON:test_rebuild_server_with_auto_disk_config): 200 GET http://10.180.1.21/compute/v2.1/servers/ab6d68e8-d1c0-429d-a99b-6c40d66fb6d6 0.274s
2024-10-29 12:03:04.385 63205 INFO tempest.lib.common.rest_client [req-042b7f2f-0ba7-4b81-a1f1-63ec41893dfd req-042b7f2f-0ba7-4b81-a1f1-63ec41893dfd ] Request (ListServersNegativeTestJSON:setUpClass): 201 POST http://10.180.1.21/identity/v3/auth/tokens 0.074s
2024-10-29 12:03:04.398 63199 INFO tempest.lib.common.rest_client [req-f8178e38-eae3-4a26-b42f-6186de13f511 req-f8178e38-eae3-4a26-b42f-6186de13f511 ] Request (ServerRescueNegativeTestJSON:setUpClass): 200 GET http://10.180.1.21/compute/v2.1/servers/9654e9d5-a809-4875-99bb-fd99d7a7fbd6 0.272s
2024-10-29 12:03:04.430 63165 INFO tempest.lib.common.rest_client [req-1b8535e8-5099-43b0-918d-8d96f53238b7 req-1b8535e8-5099-43b0-918d-8d96f53238b7 ] Request (ImagesNegativeTestJSON:test_create_image_from_deleted_server): 200 GET http://10.180.1.21/compute/v2.1/servers/ab0f02a1-f883-4ad6-8f8c-5c300fff0f70 0.263s
2024-10-29 12:03:04.430 63205 INFO tempest.lib.common.rest_client [req-ead7a3ab-381c-49a4-8ad9-29c7b6e33383 req-ead7a3ab-381c-49a4-8ad9-29c7b6e33383 ] Request (ListServersNegativeTestJSON:setUpClass): 201 POST http://10.180.1.21/identity/v3/auth/tokens 0.042s
2024-10-29 12:03:04.459 63205 INFO tempest.lib.common.rest_client [req-4de1f544-f1b1-48fa-8c7f-3da1f9678682 req-4de1f544-f1b1-48fa-8c7f-3da1f9678682 ] Request (ListServersNegativeTestJSON:setUpClass): 200 GET http://10.180.1.21/identity/v3/domains?name=Default 0.028s
2024-10-29 12:03:04.472 63163 INFO tempest.lib.common.rest_client [req-47f46d11-891b-4466-8d55-7daed348bcc7 req-47f46d11-891b-4466-8d55-7daed348bcc7 ] Request (FloatingIPsAssociationNegativeTestJSON:setUpClass): 200 GET http://10.180.1.21/compute/v2.1/servers/03ee0097-1200-43ce-9baa-e9da80105516 0.179s
2024-10-29 12:03:04.489 63205 INFO tempest.lib.common.rest_client [req-edcd364e-55e5-4a7d-a9aa-b1ccc6e1d5d0 req-edcd364e-55e5-4a7d-a9aa-b1ccc6e1d5d0 ] Request (ListServersNegativeTestJSON:setUpClass): 201 POST http://10.180.1.21/identity/v3/projects 0.030s
2024-10-29 12:03:04.517 63215 INFO tempest.lib.common.rest_client [req-2f8822b9-3fc8-4144-a470-c7b09384a1e8 req-2f8822b9-3fc8-4144-a470-c7b09384a1e8 ] Request (ServersTestJSON:test_create_server_specify_multibyte_character_name): 200 GET http://10.180.1.21/compute/v2.1/servers/147165a4-9071-4516-9498-fa4c706a5e37 0.220s
2024-10-29 12:03:04.530 63201 INFO tempest.lib.common.rest_client [req-17406195-df71-4698-9108-9819d696d067 req-17406195-df71-4698-9108-9819d696d067 ] Request (ServerDiagnosticsNegativeTest:test_get_server_diagnostics_by_non_admin): 200 GET http://10.180.1.21/compute/v2.1/servers/0c569bd2-7622-4285-9439-209a88f2e84d 0.149s
2024-10-29 12:03:04.585 63205 INFO tempest.lib.common.rest_client [req-f804930e-f031-4ff5-b081-f97fdc36c347 req-f804930e-f031-4ff5-b081-f97fdc36c347 ] Request (ListServersNegativeTestJSON:setUpClass): 201 POST http://10.180.1.21/identity/v3/users 0.093s
2024-10-29 12:03:04.607 63205 INFO tempest.lib.common.rest_client [req-3958790b-d8b3-4593-ac10-59400e43a51b req-3958790b-d8b3-4593-ac10-59400e43a51b ] Request (ListServersNegativeTestJSON:setUpClass): 200 GET http://10.180.1.21/identity/v3/roles 0.022s
2024-10-29 12:03:04.612 63195 INFO tempest.lib.common.rest_client [req-23dc915c-880e-4e80-be1e-0d18c32ab625 req-23dc915c-880e-4e80-be1e-0d18c32ab625 ] Request (AttachInterfacesUnderV243Test:test_add_remove_fixed_ip): 200 GET http://10.180.1.21/compute/v2.1/servers/386ffe8a-a160-4dea-88e6-529219eaf99f 0.205s
2024-10-29 12:03:04.612 63167 INFO tempest.lib.common.rest_client [req-744e3d40-b08b-4c37-9cc2-771f52f2d6e1 req-744e3d40-b08b-4c37-9cc2-771f52f2d6e1 ] Request (AttachInterfacesTestJSON:test_create_list_show_delete_interfaces_by_fixed_ip): 200 GET http://10.180.1.21/compute/v2.1/servers/7ab06c90-5d19-43fa-b91b-7d17f85d3258 0.132s
2024-10-29 12:03:04.642 63205 INFO tempest.lib.common.rest_client [req-ce4a88fc-6f2c-4775-a48d-61f1b4f4e1c8 req-ce4a88fc-6f2c-4775-a48d-61f1b4f4e1c8 ] Request (ListServersNegativeTestJSON:setUpClass): 204 PUT http://10.180.1.21/identity/v3/projects/702e4460131b45049ed40bd29339c46b/users/b4b4e513201d4f72bfcf256f1910c52c/roles/f5694afb255643a29cd92d56d5a9a672 0.034s
2024-10-29 12:03:04.642 63205 INFO tempest.lib.common.dynamic_creds [-] Dynamic test user b4b4e513201d4f72bfcf256f1910c52c is created with scope project and roles: ['member']
2024-10-29 12:03:04.643 63205 INFO tempest.lib.common.dynamic_creds [-] Acquired dynamic creds: credentials: Credentials: {'domain_id': 'default', 'domain_name': 'Default', 'username': 'tempest-ListServersNegativeTestJSON-762248896-project-member', 'project_domain_id': 'default', 'project_domain_name': 'Default', 'project_id': '702e4460131b45049ed40bd29339c46b', 'project_name': 'tempest-ListServersNegativeTestJSON-762248896', 'tenant_id': '702e4460131b45049ed40bd29339c46b', 'tenant_name': 'tempest-ListServersNegativeTestJSON-762248896', 'user_domain_id': 'default', 'user_domain_name': 'Default', 'user_id': 'b4b4e513201d4f72bfcf256f1910c52c', 'system': None}, Network: None, Subnet: None, Router: None
2024-10-29 12:03:04.683 63187 INFO tempest.lib.common.rest_client [req-cdf1d2d0-d8d3-434e-af95-f719fea7b78b req-cdf1d2d0-d8d3-434e-af95-f719fea7b78b ] Request (MigrationsAdminTest:test_resize_server_revert_deleted_flavor): 200 GET http://10.180.1.21/compute/v2.1/servers/91043784-2e4a-4fa4-87de-1c45971e64c5 0.184s
2024-10-29 12:03:04.713 63205 INFO tempest.lib.common.rest_client [req-efe8ef1a-3432-4bf8-91c0-92c953398481 req-efe8ef1a-3432-4bf8-91c0-92c953398481 ] Request (ListServersNegativeTestJSON:setUpClass): 201 POST http://10.180.1.21/identity/v3/auth/tokens 0.070s
2024-10-29 12:03:04.716 63175 INFO tempest.lib.common.rest_client [req-932b9a7f-c75a-4ed2-980c-a5230a4ada2a req-932b9a7f-c75a-4ed2-980c-a5230a4ada2a ] Request (SecurityGroupRulesTestJSON:tearDownClass): 204 DELETE http://10.180.1.21:9696/networking/v2.0/routers/02a29874-4fa2-48c5-92bc-c9cec1bb6946 1.257s
2024-10-29 12:03:04.823 63190 INFO tempest.lib.common.rest_client [req-c0f7d33f-3070-4a5b-aa6a-4f5a99299773 req-c0f7d33f-3070-4a5b-aa6a-4f5a99299773 ] Request (ServersTestMultiNic:test_verify_duplicate_network_nics): 200 GET http://10.180.1.21/compute/v2.1/servers/c11d0dcc-e5aa-4d7c-bba5-2853622dde44 0.099s
2024-10-29 12:03:04.848 63213 INFO tempest.lib.common.rest_client [req-fe28a777-2536-453f-8209-4cb950b723f7 req-fe28a777-2536-453f-8209-4cb950b723f7 ] Request (DeleteServersAdminTestJSON:test_delete_server_while_in_error_state): 200 GET http://10.180.1.21/compute/v2.1/servers/a8e4d6d3-3908-4fe8-be33-5b70eb5a62a1 0.128s
2024-10-29 12:03:04.894 63181 INFO tempest.lib.common.rest_client [req-43f74669-f5c4-41c4-8f14-3e79cbe24f9f req-43f74669-f5c4-41c4-8f14-3e79cbe24f9f ] Request (ServersTestBootFromVolume:setUpClass): 200 GET http://10.180.1.21/volume/v3/volumes/aa425a3d-1cae-44c2-aaae-1815c2ed4319 0.044s
2024-10-29 12:03:04.925 63161 INFO tempest.lib.common.rest_client [req-83298bd2-23d3-4f0f-ae4c-464fcb6eb327 req-83298bd2-23d3-4f0f-ae4c-464fcb6eb327 ] Request (FloatingIPsAssociationTestJSON:tearDownClass): 204 DELETE http://10.180.1.21:9696/networking/v2.0/routers/23662050-6b9b-45d8-b0f7-1cd0d6a47941 1.264s
2024-10-29 12:03:04.957 63183 INFO tempest.lib.common.rest_client [req-f647cf91-3526-426b-915e-c637a8e85dbd req-f647cf91-3526-426b-915e-c637a8e85dbd ] Request (ServerExternalEventsTest:test_create_server_external_events): 200 GET http://10.180.1.21/compute/v2.1/servers/f247b499-0a04-47ae-98b0-cb3f7f088a62 0.136s
2024-10-29 12:03:04.961 63179 INFO tempest.lib.common.rest_client [req-497d3e48-0a11-4e3e-bd7b-25428c1e58af req-497d3e48-0a11-4e3e-bd7b-25428c1e58af ] Request (ServersTestManualDisk:setUpClass): 200 GET http://10.180.1.21/compute/v2.1/servers/13e71116-cb20-4fc5-8ceb-3a6098bae438 0.140s
2024-10-29 12:03:05.088 63207 INFO tempest.lib.common.rest_client [req-869ec08b-eeea-4efd-8127-ab59928a3dc2 req-869ec08b-eeea-4efd-8127-ab59928a3dc2 ] Request (ServerActionsTestOtherB:setUpClass): 200 GET http://10.180.1.21/compute/v2.1/servers/353b72b2-cd56-442f-9010-c75baf8f5a48 0.185s
2024-10-29 12:03:05.090 63203 INFO tempest.lib.common.rest_client [req-7d49ee09-9c8c-4214-97b3-96da3ac92a63 req-7d49ee09-9c8c-4214-97b3-96da3ac92a63 ] Request (ServerGroupTestJSON:test_create_server_with_scheduler_hint_group): 200 GET http://10.180.1.21/compute/v2.1/servers/5a825d36-7563-4792-8f68-8814ec96cfde 0.187s
2024-10-29 12:03:05.190 63171 INFO tempest.lib.common.rest_client [req-00903e33-84a7-4ceb-baee-2517e6135d43 req-00903e33-84a7-4ceb-baee-2517e6135d43 ] Request (ServersNegativeTestJSON:setUpClass): 200 GET http://10.180.1.21/compute/v2.1/servers/2e1217a9-e3b5-4f8c-af4e-3d5da315b3ab 0.184s
2024-10-29 12:03:05.196 63185 INFO tempest.lib.common.rest_client [req-4ee08f35-6b28-4a25-95cb-51c8456eab35 req-4ee08f35-6b28-4a25-95cb-51c8456eab35 ] Request (ServersWithSpecificFlavorTestJSON:test_verify_created_server_ephemeral_disk): 200 GET http://10.180.1.21/compute/v2.1/servers/25758cb8-6635-4284-bc94-a95389af3c8a 0.107s
2024-10-29 12:03:05.205 63161 INFO tempest.lib.common.rest_client [req-f33aa933-6143-48df-97b8-1d8ecee2e73d req-f33aa933-6143-48df-97b8-1d8ecee2e73d ] Request (FloatingIPsAssociationTestJSON:tearDownClass): 204 DELETE http://10.180.1.21:9696/networking/v2.0/subnets/962693fe-718b-4e96-8ef3-a299624e0062 0.279s
2024-10-29 12:03:05.267 63175 INFO tempest.lib.common.rest_client [req-82c22b3e-bd07-4652-94a3-d03f64dc6e00 req-82c22b3e-bd07-4652-94a3-d03f64dc6e00 ] Request (SecurityGroupRulesTestJSON:tearDownClass): 204 DELETE http://10.180.1.21:9696/networking/v2.0/subnets/a1c75d72-466b-4fb4-acd9-9328133e2a63 0.550s
2024-10-29 12:03:05.280 63169 INFO tempest.lib.common.rest_client [req-2954662d-5ebf-4635-9e48-d1e9cdea3edd req-2954662d-5ebf-4635-9e48-d1e9cdea3edd ] Request (ServersAdminNegativeTestJSON:setUpClass): 200 GET http://10.180.1.21/compute/v2.1/servers/6f5cc707-70e8-48fb-8d9d-904f3e0130af 0.126s
2024-10-29 12:03:05.300 63173 INFO tempest.lib.common.rest_client [req-c50ccf60-dc52-4c92-aa4e-c8eb7d820889 req-c50ccf60-dc52-4c92-aa4e-c8eb7d820889 ] Request (ServerMetadataNegativeTestJSON:setUpClass): 200 GET http://10.180.1.21/compute/v2.1/servers/bb28249e-a9d3-4d7d-bd05-128f1110dbca 0.071s
2024-10-29 12:03:05.406 63193 INFO tempest.lib.common.rest_client [req-cca60f3a-cad7-41e6-8afa-a1c40dd84c52 req-cca60f3a-cad7-41e6-8afa-a1c40dd84c52 ] Request (DeleteServersTestJSON:test_delete_active_server): 200 GET http://10.180.1.21/compute/v2.1/servers/0dba167b-aa56-4463-9749-b74fbc7430d9 0.111s
2024-10-29 12:03:05.486 63177 INFO tempest.lib.common.rest_client [req-e7bb599f-c517-480c-9778-4012d7210890 req-e7bb599f-c517-480c-9778-4012d7210890 ] Request (ServersTestJSON:setUpClass): 200 GET http://10.180.1.21/compute/v2.1/servers/f106b311-fc2f-4811-b7e0-d680de236b78 0.154s
2024-10-29 12:03:05.568 63217 INFO tempest.lib.common.rest_client [req-f56e9054-9bd1-4fb7-9cea-6761ba19ebe8 req-f56e9054-9bd1-4fb7-9cea-6761ba19ebe8 ] Request (ServerAddressesTestJSON:setUpClass): 200 GET http://10.180.1.21/compute/v2.1/servers/2a8c7285-35dd-4112-b84a-ea384aead074 0.303s
2024-10-29 12:03:05.588 63211 INFO tempest.lib.common.rest_client [req-bbfaee25-7161-47fe-ac31-2dee5838c877 req-bbfaee25-7161-47fe-ac31-2dee5838c877 ] Request (ServerDiskConfigTestJSON:test_rebuild_server_with_auto_disk_config): 200 GET http://10.180.1.21/compute/v2.1/servers/ab6d68e8-d1c0-429d-a99b-6c40d66fb6d6 0.233s
2024-10-29 12:03:05.599 63192 INFO tempest.lib.common.rest_client [req-131a67ee-2dcf-4101-8984-a2d08243812c req-131a67ee-2dcf-4101-8984-a2d08243812c ] Request (SecurityGroupsTestJSON:setUpClass): 201 POST http://10.180.1.21:9696/networking/v2.0/routers 2.307s
2024-10-29 12:03:05.604 63205 INFO tempest.lib.common.rest_client [req-32e03a69-af1c-435c-9098-110689e1ef87 req-32e03a69-af1c-435c-9098-110689e1ef87 ] Request (ListServersNegativeTestJSON:setUpClass): 201 POST http://10.180.1.21:9696/networking/v2.0/networks 0.891s
2024-10-29 12:03:05.634 63219 INFO tempest.lib.common.rest_client [req-8db406d7-4f9f-402a-aaba-7cc1c6f4f083 req-8db406d7-4f9f-402a-aaba-7cc1c6f4f083 ] Request (VolumesAssistedSnapshotsTest:tearDownClass): 200 PUT http://10.180.1.21:9696/networking/v2.0/routers/c25ff919-3e15-4c1e-bb30-074f73499d70/remove_router_interface 2.290s
2024-10-29 12:03:05.652 63199 INFO tempest.lib.common.rest_client [req-1f125f61-9589-4bd8-9d3a-c3f1d8ac4606 req-1f125f61-9589-4bd8-9d3a-c3f1d8ac4606 ] Request (ServerRescueNegativeTestJSON:setUpClass): 200 GET http://10.180.1.21/compute/v2.1/servers/9654e9d5-a809-4875-99bb-fd99d7a7fbd6 0.244s
2024-10-29 12:03:05.680 63165 INFO tempest.lib.common.rest_client [req-b6279764-bbe9-41a4-83b7-0bf335295494 req-b6279764-bbe9-41a4-83b7-0bf335295494 ] Request (ImagesNegativeTestJSON:test_create_image_from_deleted_server): 200 GET http://10.180.1.21/compute/v2.1/servers/ab0f02a1-f883-4ad6-8f8c-5c300fff0f70 0.239s
2024-10-29 12:03:05.715 63163 INFO tempest.lib.common.rest_client [req-45cd47c4-efbb-4ea6-8afc-fe1f38c59d80 req-45cd47c4-efbb-4ea6-8afc-fe1f38c59d80 ] Request (FloatingIPsAssociationNegativeTestJSON:setUpClass): 200 GET http://10.180.1.21/compute/v2.1/servers/03ee0097-1200-43ce-9baa-e9da80105516 0.233s
2024-10-29 12:03:05.749 63215 INFO tempest.lib.common.rest_client [req-48db0c26-960b-46c0-9ec7-373d210d5b5e req-48db0c26-960b-46c0-9ec7-373d210d5b5e ] Request (ServersTestJSON:test_create_server_specify_multibyte_character_name): 200 GET http://10.180.1.21/compute/v2.1/servers/147165a4-9071-4516-9498-fa4c706a5e37 0.225s
2024-10-29 12:03:05.773 63201 INFO tempest.lib.common.rest_client [req-901e5266-9330-48c0-9f33-3e97c03f2ecf req-901e5266-9330-48c0-9f33-3e97c03f2ecf ] Request (ServerDiagnosticsNegativeTest:test_get_server_diagnostics_by_non_admin): 200 GET http://10.180.1.21/compute/v2.1/servers/0c569bd2-7622-4285-9439-209a88f2e84d 0.233s
2024-10-29 12:03:05.822 63195 INFO tempest.lib.common.rest_client [req-7b016e1d-a9e1-4231-b444-3920209d67ba req-7b016e1d-a9e1-4231-b444-3920209d67ba ] Request (AttachInterfacesUnderV243Test:test_add_remove_fixed_ip): 200 GET http://10.180.1.21/compute/v2.1/servers/386ffe8a-a160-4dea-88e6-529219eaf99f 0.202s
2024-10-29 12:03:05.840 63167 INFO tempest.lib.common.rest_client [req-95de9773-af7a-4444-92f5-43483aeac901 req-95de9773-af7a-4444-92f5-43483aeac901 ] Request (AttachInterfacesTestJSON:test_create_list_show_delete_interfaces_by_fixed_ip): 200 GET http://10.180.1.21/compute/v2.1/servers/7ab06c90-5d19-43fa-b91b-7d17f85d3258 0.212s
2024-10-29 12:03:05.928 63190 INFO tempest.lib.common.rest_client [req-aeef9aca-daa9-4a00-9c21-960c25952e58 req-aeef9aca-daa9-4a00-9c21-960c25952e58 ] Request (ServersTestMultiNic:test_verify_duplicate_network_nics): 200 GET http://10.180.1.21/compute/v2.1/servers/c11d0dcc-e5aa-4d7c-bba5-2853622dde44 0.097s
2024-10-29 12:03:05.931 63187 INFO tempest.lib.common.rest_client [req-6bf52c87-bb5d-41e8-867b-6f10f3b7ee82 req-6bf52c87-bb5d-41e8-867b-6f10f3b7ee82 ] Request (MigrationsAdminTest:test_resize_server_revert_deleted_flavor): 200 GET http://10.180.1.21/compute/v2.1/servers/91043784-2e4a-4fa4-87de-1c45971e64c5 0.236s
2024-10-29 12:03:05.943 63181 INFO tempest.lib.common.rest_client [req-d3c3c5cf-6e0a-404a-a253-95f7d5182671 req-d3c3c5cf-6e0a-404a-a253-95f7d5182671 ] Request (ServersTestBootFromVolume:setUpClass): 200 GET http://10.180.1.21/volume/v3/volumes/aa425a3d-1cae-44c2-aaae-1815c2ed4319 0.040s
2024-10-29 12:03:05.968 63161 INFO tempest.lib.common.rest_client [req-d71c64bf-a9c4-413c-84fe-00fb0c85e41b req-d71c64bf-a9c4-413c-84fe-00fb0c85e41b ] Request (FloatingIPsAssociationTestJSON:tearDownClass): 204 DELETE http://10.180.1.21:9696/networking/v2.0/networks/73a8901c-1358-4994-b961-db09c27e0e80 0.763s
2024-10-29 12:03:06.017 63213 INFO tempest.lib.common.rest_client [req-2a4a6359-20d2-48a7-84e1-7c6055199fca req-2a4a6359-20d2-48a7-84e1-7c6055199fca ] Request (DeleteServersAdminTestJSON:test_delete_server_while_in_error_state): 200 GET http://10.180.1.21/compute/v2.1/servers/a8e4d6d3-3908-4fe8-be33-5b70eb5a62a1 0.158s
2024-10-29 12:03:06.021 63183 INFO tempest.lib.common.rest_client [req-041baec5-ae32-4190-b95b-691fca5f474f req-041baec5-ae32-4190-b95b-691fca5f474f ] Request (ServerExternalEventsTest:test_create_server_external_events): 200 GET http://10.180.1.21/compute/v2.1/servers/f247b499-0a04-47ae-98b0-cb3f7f088a62 0.055s
2024-10-29 12:03:06.058 63161 INFO tempest.lib.common.rest_client [req-654e9b7e-bb4b-4a43-87dc-58648c611498 req-654e9b7e-bb4b-4a43-87dc-58648c611498 ] Request (FloatingIPsAssociationTestJSON:tearDownClass): 204 DELETE http://10.180.1.21/identity/v3/users/51e91e333cbd4850ae0b45f2650178c5 0.089s
2024-10-29 12:03:06.058 63161 INFO tempest.lib.common.dynamic_creds [-] Deleting project and security group for project: bfeac5ab1021421a9c0b10d4abe9c8d5
2024-10-29 12:03:06.077 63179 INFO tempest.lib.common.rest_client [req-7c37a410-d76a-4320-9cbc-e6dddbba06b7 req-7c37a410-d76a-4320-9cbc-e6dddbba06b7 ] Request (ServersTestManualDisk:setUpClass): 200 GET http://10.180.1.21/compute/v2.1/servers/13e71116-cb20-4fc5-8ceb-3a6098bae438 0.106s
2024-10-29 12:03:06.166 63203 INFO tempest.lib.common.rest_client [req-d03c8c99-4795-4eca-b967-76e8de42bb96 req-d03c8c99-4795-4eca-b967-76e8de42bb96 ] Request (ServerGroupTestJSON:test_create_server_with_scheduler_hint_group): 200 GET http://10.180.1.21/compute/v2.1/servers/5a825d36-7563-4792-8f68-8814ec96cfde 0.064s
2024-10-29 12:03:06.174 63207 INFO tempest.lib.common.rest_client [req-58613885-ecad-4fa1-95bb-45d2adff1464 req-58613885-ecad-4fa1-95bb-45d2adff1464 ] Request (ServerActionsTestOtherB:setUpClass): 200 GET http://10.180.1.21/compute/v2.1/servers/353b72b2-cd56-442f-9010-c75baf8f5a48 0.072s
2024-10-29 12:03:06.188 63161 INFO tempest.lib.common.rest_client [req-098d9b12-3797-449f-838c-56844a220583 req-098d9b12-3797-449f-838c-56844a220583 ] Request (FloatingIPsAssociationTestJSON:tearDownClass): 200 GET http://10.180.1.21:9696/networking/v2.0/security-groups?tenant_id=bfeac5ab1021421a9c0b10d4abe9c8d5&name=default 0.129s
2024-10-29 12:03:06.297 63175 INFO tempest.lib.common.rest_client [req-db7ea6d7-63cd-488f-8115-e855fdfcb8bb req-db7ea6d7-63cd-488f-8115-e855fdfcb8bb ] Request (SecurityGroupRulesTestJSON:tearDownClass): 204 DELETE http://10.180.1.21:9696/networking/v2.0/networks/e42252f7-ad66-4e3e-b77a-1feb32375e3e 1.030s
2024-10-29 12:03:06.330 63205 INFO tempest.lib.common.rest_client [req-9b30d942-3573-4a4c-bffc-b4d5575a9e34 req-9b30d942-3573-4a4c-bffc-b4d5575a9e34 ] Request (ListServersNegativeTestJSON:setUpClass): 201 POST http://10.180.1.21:9696/networking/v2.0/subnets 0.725s
2024-10-29 12:03:06.378 63175 INFO tempest.lib.common.rest_client [req-afe21411-8d75-4d71-b5d3-33210e17e429 req-afe21411-8d75-4d71-b5d3-33210e17e429 ] Request (SecurityGroupRulesTestJSON:tearDownClass): 204 DELETE http://10.180.1.21/identity/v3/users/e5d37902134c4a67b0e1a6cdb35a8015 0.080s
2024-10-29 12:03:06.378 63175 INFO tempest.lib.common.dynamic_creds [-] Deleting project and security group for project: 1b075af38c714f74a97dda6018d71a61
2024-10-29 12:03:06.415 63185 INFO tempest.lib.common.rest_client [req-edc5bd71-bea1-45f6-91fd-0f70af7cab64 req-edc5bd71-bea1-45f6-91fd-0f70af7cab64 ] Request (ServersWithSpecificFlavorTestJSON:test_verify_created_server_ephemeral_disk): 200 GET http://10.180.1.21/compute/v2.1/servers/25758cb8-6635-4284-bc94-a95389af3c8a 0.208s
2024-10-29 12:03:06.419 63171 INFO tempest.lib.common.rest_client [req-64657ec2-cd6c-4288-bb7d-0c5cbb303201 req-64657ec2-cd6c-4288-bb7d-0c5cbb303201 ] Request (ServersNegativeTestJSON:setUpClass): 200 GET http://10.180.1.21/compute/v2.1/servers/2e1217a9-e3b5-4f8c-af4e-3d5da315b3ab 0.218s
2024-10-29 12:03:06.484 63169 INFO tempest.lib.common.rest_client [req-16540da6-b03e-4723-b9a4-debd9acea9a3 req-16540da6-b03e-4723-b9a4-debd9acea9a3 ] Request (ServersAdminNegativeTestJSON:setUpClass): 200 GET http://10.180.1.21/compute/v2.1/servers/6f5cc707-70e8-48fb-8d9d-904f3e0130af 0.197s
2024-10-29 12:03:06.498 63175 INFO tempest.lib.common.rest_client [req-70ebec4f-fc34-4a80-82d4-485af9a234dd req-70ebec4f-fc34-4a80-82d4-485af9a234dd ] Request (SecurityGroupRulesTestJSON:tearDownClass): 200 GET http://10.180.1.21:9696/networking/v2.0/security-groups?tenant_id=1b075af38c714f74a97dda6018d71a61&name=default 0.120s
2024-10-29 12:03:06.509 63173 INFO tempest.lib.common.rest_client [req-7e1e3370-0574-4354-ab95-1a8f2c931afb req-7e1e3370-0574-4354-ab95-1a8f2c931afb ] Request (ServerMetadataNegativeTestJSON:setUpClass): 200 GET http://10.180.1.21/compute/v2.1/servers/bb28249e-a9d3-4d7d-bd05-128f1110dbca 0.194s
2024-10-29 12:03:06.544 63193 INFO tempest.lib.common.rest_client [req-235b94ec-e919-46ce-83a6-a60962aa1501 req-235b94ec-e919-46ce-83a6-a60962aa1501 ] Request (DeleteServersTestJSON:test_delete_active_server): 200 GET http://10.180.1.21/compute/v2.1/servers/0dba167b-aa56-4463-9749-b74fbc7430d9 0.130s
2024-10-29 12:03:06.565 63161 INFO tempest.lib.common.rest_client [req-91297d45-85a6-4712-ab16-b53749ea1bd1 req-91297d45-85a6-4712-ab16-b53749ea1bd1 ] Request (FloatingIPsAssociationTestJSON:tearDownClass): 204 DELETE http://10.180.1.21:9696/networking/v2.0/security-groups/da9317f7-262e-461e-ab86-7fe130c453a4 0.376s
2024-10-29 12:03:06.579 63177 INFO tempest.lib.common.rest_client [req-e79e93cf-e5df-484b-9721-c6d8315531eb req-e79e93cf-e5df-484b-9721-c6d8315531eb ] Request (ServersTestJSON:setUpClass): 200 GET http://10.180.1.21/compute/v2.1/servers/f106b311-fc2f-4811-b7e0-d680de236b78 0.086s
2024-10-29 12:03:06.582 63157 INFO tempest.lib.common.rest_client [req-8223cf5c-a675-43e0-8507-93e157a5bf19 req-8223cf5c-a675-43e0-8507-93e157a5bf19 ] Request (InstanceActionsNegativeTestJSON:setUpClass): 200 PUT http://10.180.1.21:9696/networking/v2.0/routers/6544e9f0-1772-4267-b9c6-8314e1268c64/add_router_interface 3.036s
2024-10-29 12:03:06.582 63157 INFO tempest.lib.common.dynamic_creds [-] Created isolated network resources for: credentials: Credentials: {'domain_id': 'default', 'domain_name': 'Default', 'username': 'tempest-InstanceActionsNegativeTestJSON-588136524-project-member', 'project_domain_id': 'default', 'project_domain_name': 'Default', 'project_id': 'e339423ef410434b84559c961226923f', 'project_name': 'tempest-InstanceActionsNegativeTestJSON-588136524', 'tenant_id': 'e339423ef410434b84559c961226923f', 'tenant_name': 'tempest-InstanceActionsNegativeTestJSON-588136524', 'user_domain_id': 'default', 'user_domain_name': 'Default', 'user_id': '22d443c30c7f4cc39435b80259652537', 'system': None}, Network: {'id': 'c9b82454-4d86-4b48-9894-8fdaac2e4d69', 'name': 'tempest-InstanceActionsNegativeTestJSON-937210984-network', 'tenant_id': 'e339423ef410434b84559c961226923f', 'admin_state_up': True, 'mtu': 8950, 'status': 'ACTIVE', 'subnets': [], 'shared': False, 'project_id': 'e339423ef410434b84559c961226923f', 'port_security_enabled': True, 'router:external': False, 'provider:network_type': 'vlan', 'provider:physical_network': 'default', 'provider:segmentation_id': 855, 'availability_zone_hints': [], 'availability_zones': [], 'ipv4_address_scope': None, 'ipv6_address_scope': None, 'description': '', 'tags': [], 'created_at': '2024-10-29T12:03:01Z', 'updated_at': '2024-10-29T12:03:01Z', 'revision_number': 1}, Subnet: {'id': '00c69eca-cc0e-4753-b883-53591c860dba', 'name': 'tempest-InstanceActionsNegativeTestJSON-937210984-subnet', 'tenant_id': 'e339423ef410434b84559c961226923f', 'network_id': 'c9b82454-4d86-4b48-9894-8fdaac2e4d69', 'ip_version': 4, 'subnetpool_id': None, 'enable_dhcp': True, 'ipv6_ra_mode': None, 'ipv6_address_mode': None, 'gateway_ip': '192.168.128.1', 'cidr': '192.168.128.0/28', 'allocation_pools': [{'start': '192.168.128.2', 'end': '192.168.128.14'}], 'host_routes': [], 'dns_nameservers': [], 'description': '', 'router:external': False, 'service_types': [], 'tags': [], 'created_at': '2024-10-29T12:03:01Z', 'updated_at': '2024-10-29T12:03:01Z', 'revision_number': 0, 'project_id': 'e339423ef410434b84559c961226923f'}, Router: {'id': '6544e9f0-1772-4267-b9c6-8314e1268c64', 'name': 'tempest-InstanceActionsNegativeTestJSON-937210984-router', 'tenant_id': 'e339423ef410434b84559c961226923f', 'admin_state_up': True, 'status': 'ACTIVE', 'external_gateway_info': {'network_id': '5d40c542-af37-4d26-9780-567483bd9b4f', 'external_fixed_ips': [{'subnet_id': '17e9f324-f5f7-4a44-8d5e-97d507a8cd81', 'ip_address': '10.180.180.208'}], 'enable_snat': True}, 'description': '', 'availability_zones': [], 'distributed': False, 'ha': False, 'availability_zone_hints': [], 'routes': [], 'flavor_id': None, 'tags': [], 'created_at': '2024-10-29T12:03:01Z', 'updated_at': '2024-10-29T12:03:02Z', 'revision_number': 2, 'project_id': 'e339423ef410434b84559c961226923f'}
2024-10-29 12:03:06.676 63211 INFO tempest.lib.common.rest_client [req-17e9f7ba-35f7-4814-9cce-0b5f54260de0 req-17e9f7ba-35f7-4814-9cce-0b5f54260de0 ] Request (ServerDiskConfigTestJSON:test_rebuild_server_with_auto_disk_config): 200 GET http://10.180.1.21/compute/v2.1/servers/ab6d68e8-d1c0-429d-a99b-6c40d66fb6d6 0.081s
2024-10-29 12:03:06.717 63175 INFO tempest.lib.common.rest_client [req-1935f438-119c-47fa-86e4-83981b84e8f4 req-1935f438-119c-47fa-86e4-83981b84e8f4 ] Request (SecurityGroupRulesTestJSON:tearDownClass): 204 DELETE http://10.180.1.21:9696/networking/v2.0/security-groups/122ad115-83e4-4a10-a788-d93cc3ef079f 0.218s
2024-10-29 12:03:06.719 63157 INFO tempest.lib.common.rest_client [req-c178816f-d11d-4415-8674-807261860786 req-c178816f-d11d-4415-8674-807261860786 ] Request (InstanceActionsNegativeTestJSON:setUpClass): 201 POST http://10.180.1.21/identity/v3/auth/tokens 0.132s
2024-10-29 12:03:06.723 63161 INFO tempest.lib.common.rest_client [req-5811c1b7-2b98-44cb-b842-319efa6150f5 req-5811c1b7-2b98-44cb-b842-319efa6150f5 ] Request (FloatingIPsAssociationTestJSON:tearDownClass): 204 DELETE http://10.180.1.21/identity/v3/projects/bfeac5ab1021421a9c0b10d4abe9c8d5 0.158s
2024-10-29 12:03:06.751 63199 INFO tempest.lib.common.rest_client [req-4b146b01-9796-4985-938a-48a4aa29507f req-4b146b01-9796-4985-938a-48a4aa29507f ] Request (ServerRescueNegativeTestJSON:setUpClass): 200 GET http://10.180.1.21/compute/v2.1/servers/9654e9d5-a809-4875-99bb-fd99d7a7fbd6 0.088s
2024-10-29 12:03:06.766 63217 INFO tempest.lib.common.rest_client [req-2280dcf3-52b0-47c4-bab5-4e6e7c54031a req-2280dcf3-52b0-47c4-bab5-4e6e7c54031a ] Request (ServerAddressesTestJSON:setUpClass): 200 GET http://10.180.1.21/compute/v2.1/servers/2a8c7285-35dd-4112-b84a-ea384aead074 0.188s
2024-10-29 12:03:06.793 63219 INFO tempest.lib.common.rest_client [req-6ed7d21a-2d89-40d4-bc61-5f626e84f3c7 req-6ed7d21a-2d89-40d4-bc61-5f626e84f3c7 ] Request (VolumesAssistedSnapshotsTest:tearDownClass): 204 DELETE http://10.180.1.21:9696/networking/v2.0/routers/c25ff919-3e15-4c1e-bb30-074f73499d70 1.158s
2024-10-29 12:03:06.809 63157 INFO tempest.lib.common.rest_client [req-fb5a6782-da98-423d-a07c-65cf3e6b0eff req-fb5a6782-da98-423d-a07c-65cf3e6b0eff ] Request (InstanceActionsNegativeTestJSON:setUpClass): 201 POST http://10.180.1.21/identity/v3/auth/tokens 0.085s
2024-10-29 12:03:06.809 63157 INFO tempest.lib.common.fixed_network [-] (InstanceActionsNegativeTestJSON:setUpClass) Found network {'id': 'c9b82454-4d86-4b48-9894-8fdaac2e4d69', 'name': 'tempest-InstanceActionsNegativeTestJSON-937210984-network', 'tenant_id': 'e339423ef410434b84559c961226923f', 'admin_state_up': True, 'mtu': 8950, 'status': 'ACTIVE', 'subnets': [], 'shared': False, 'project_id': 'e339423ef410434b84559c961226923f', 'port_security_enabled': True, 'router:external': False, 'provider:network_type': 'vlan', 'provider:physical_network': 'default', 'provider:segmentation_id': 855, 'availability_zone_hints': [], 'availability_zones': [], 'ipv4_address_scope': None, 'ipv6_address_scope': None, 'description': '', 'tags': [], 'created_at': '2024-10-29T12:03:01Z', 'updated_at': '2024-10-29T12:03:01Z', 'revision_number': 1} available for tenant
2024-10-29 12:03:06.819 63175 INFO tempest.lib.common.rest_client [req-431af9ec-81c2-4629-904f-53be6dbfb3fe req-431af9ec-81c2-4629-904f-53be6dbfb3fe ] Request (SecurityGroupRulesTestJSON:tearDownClass): 204 DELETE http://10.180.1.21/identity/v3/projects/1b075af38c714f74a97dda6018d71a61 0.102s
2024-10-29 12:03:06.828 63165 INFO tempest.lib.common.rest_client [req-e307cc43-6f97-4f59-8aa8-17138ca16c68 req-e307cc43-6f97-4f59-8aa8-17138ca16c68 ] Request (ImagesNegativeTestJSON:test_create_image_from_deleted_server): 200 GET http://10.180.1.21/compute/v2.1/servers/ab0f02a1-f883-4ad6-8f8c-5c300fff0f70 0.139s
2024-10-29 12:03:06.832 63163 INFO tempest.lib.common.rest_client [req-99b71bcc-3fda-4d08-820a-047c42b29bc2 req-99b71bcc-3fda-4d08-820a-047c42b29bc2 ] Request (FloatingIPsAssociationNegativeTestJSON:setUpClass): 200 GET http://10.180.1.21/compute/v2.1/servers/03ee0097-1200-43ce-9baa-e9da80105516 0.106s
2024-10-29 12:03:06.838 63165 INFO tempest.common.waiters [-] State transition "BUILD/None" ==> "BUILD/networking" after 42 second wait
2024-10-29 12:03:06.897 63175 INFO tempest.lib.common.rest_client [req-e80a7281-4cb5-48b0-9f37-abf3032fbe9d req-e80a7281-4cb5-48b0-9f37-abf3032fbe9d ] Request (ServerShowV263Test:setUpClass): 201 POST http://10.180.1.21/identity/v3/auth/tokens 0.075s
2024-10-29 12:03:06.906 63215 INFO tempest.lib.common.rest_client [req-d06a6260-4371-4fcf-bfa8-5ccf40a8db3c req-d06a6260-4371-4fcf-bfa8-5ccf40a8db3c ] Request (ServersTestJSON:test_create_server_specify_multibyte_character_name): 200 GET http://10.180.1.21/compute/v2.1/servers/147165a4-9071-4516-9498-fa4c706a5e37 0.149s
2024-10-29 12:03:06.912 63201 INFO tempest.lib.common.rest_client [req-781ccd13-08e2-4613-a71a-c6a7cf649a37 req-781ccd13-08e2-4613-a71a-c6a7cf649a37 ] Request (ServerDiagnosticsNegativeTest:test_get_server_diagnostics_by_non_admin): 200 GET http://10.180.1.21/compute/v2.1/servers/0c569bd2-7622-4285-9439-209a88f2e84d 0.129s
2024-10-29 12:03:06.912 63161 INFO tempest.lib.common.rest_client [req-28e1c97f-fdbd-4cc1-ae13-80588bd8599f req-28e1c97f-fdbd-4cc1-ae13-80588bd8599f ] Request (ListImageFiltersTestJSON:setUpClass): 201 POST http://10.180.1.21/identity/v3/auth/tokens 0.181s
2024-10-29 12:03:06.941 63175 INFO tempest.lib.common.rest_client [req-30653aa5-bafa-419d-9834-25af8c8dde45 req-30653aa5-bafa-419d-9834-25af8c8dde45 ] Request (ServerShowV263Test:setUpClass): 201 POST http://10.180.1.21/identity/v3/auth/tokens 0.042s
2024-10-29 12:03:06.976 63161 INFO tempest.lib.common.rest_client [req-87c56a2a-785b-43c3-bcdd-360fa36a0d9a req-87c56a2a-785b-43c3-bcdd-360fa36a0d9a ] Request (ListImageFiltersTestJSON:setUpClass): 201 POST http://10.180.1.21/identity/v3/auth/tokens 0.061s
2024-10-29 12:03:07.000 63195 INFO tempest.lib.common.rest_client [req-df542769-1b6b-4b35-bc31-061b6492cfdc req-df542769-1b6b-4b35-bc31-061b6492cfdc ] Request (AttachInterfacesUnderV243Test:test_add_remove_fixed_ip): 200 GET http://10.180.1.21/compute/v2.1/servers/386ffe8a-a160-4dea-88e6-529219eaf99f 0.169s
2024-10-29 12:03:07.002 63181 INFO tempest.lib.common.rest_client [req-7fc98051-ab0e-4c80-810b-7ffd5e76ab3b req-7fc98051-ab0e-4c80-810b-7ffd5e76ab3b ] Request (ServersTestBootFromVolume:setUpClass): 200 GET http://10.180.1.21/volume/v3/volumes/aa425a3d-1cae-44c2-aaae-1815c2ed4319 0.050s
2024-10-29 12:03:07.008 63175 INFO tempest.lib.common.rest_client [req-e2220ea4-fa5c-473f-9361-484a5ef8b40c req-e2220ea4-fa5c-473f-9361-484a5ef8b40c ] Request (ServerShowV263Test:setUpClass): 200 GET http://10.180.1.21/identity/v3/domains?name=Default 0.067s
2024-10-29 12:03:07.033 63161 INFO tempest.lib.common.rest_client [req-735b8438-97d1-4456-9cf8-3bb6b37e9509 req-735b8438-97d1-4456-9cf8-3bb6b37e9509 ] Request (ListImageFiltersTestJSON:setUpClass): 200 GET http://10.180.1.21/identity/v3/domains?name=Default 0.055s
2024-10-29 12:03:07.075 63161 INFO tempest.lib.common.rest_client [req-c3514bc5-50bd-4fb4-b358-b64e48a02258 req-c3514bc5-50bd-4fb4-b358-b64e48a02258 ] Request (ListImageFiltersTestJSON:setUpClass): 201 POST http://10.180.1.21/identity/v3/projects 0.041s
2024-10-29 12:03:07.080 63175 INFO tempest.lib.common.rest_client [req-e9efab5e-5b5b-4bee-8209-17dd6654acff req-e9efab5e-5b5b-4bee-8209-17dd6654acff ] Request (ServerShowV263Test:setUpClass): 201 POST http://10.180.1.21/identity/v3/projects 0.071s
2024-10-29 12:03:07.088 63167 INFO tempest.lib.common.rest_client [req-89b21afa-4f92-4e80-a280-02268958fc0c req-89b21afa-4f92-4e80-a280-02268958fc0c ] Request (AttachInterfacesTestJSON:test_create_list_show_delete_interfaces_by_fixed_ip): 200 GET http://10.180.1.21/compute/v2.1/servers/7ab06c90-5d19-43fa-b91b-7d17f85d3258 0.232s
2024-10-29 12:03:07.141 63175 INFO tempest.lib.common.rest_client [req-2874cdf7-893a-4ebe-8901-588625cef392 req-2874cdf7-893a-4ebe-8901-588625cef392 ] Request (ServerShowV263Test:setUpClass): 201 POST http://10.180.1.21/identity/v3/users 0.060s
2024-10-29 12:03:07.141 63161 INFO tempest.lib.common.rest_client [req-79717892-6cf8-43cf-a6ed-ba3e85e332ac req-79717892-6cf8-43cf-a6ed-ba3e85e332ac ] Request (ListImageFiltersTestJSON:setUpClass): 201 POST http://10.180.1.21/identity/v3/users 0.065s
2024-10-29 12:03:07.159 63161 INFO tempest.lib.common.rest_client [req-a2e1d75a-4725-4d65-990b-01e02615f7c7 req-a2e1d75a-4725-4d65-990b-01e02615f7c7 ] Request (ListImageFiltersTestJSON:setUpClass): 200 GET http://10.180.1.21/identity/v3/roles 0.017s
2024-10-29 12:03:07.161 63175 INFO tempest.lib.common.rest_client [req-4633b6bb-ed89-4841-86d8-dbcbc719f336 req-4633b6bb-ed89-4841-86d8-dbcbc719f336 ] Request (ServerShowV263Test:setUpClass): 200 GET http://10.180.1.21/identity/v3/roles 0.019s
2024-10-29 12:03:07.167 63190 INFO tempest.lib.common.rest_client [req-394484f6-20fb-4712-a57e-ac083e7803e8 req-394484f6-20fb-4712-a57e-ac083e7803e8 ] Request (ServersTestMultiNic:test_verify_duplicate_network_nics): 200 GET http://10.180.1.21/compute/v2.1/servers/c11d0dcc-e5aa-4d7c-bba5-2853622dde44 0.230s
2024-10-29 12:03:07.184 63161 INFO tempest.lib.common.rest_client [req-fa8e2403-3695-4fc2-86b1-e66077202c2c req-fa8e2403-3695-4fc2-86b1-e66077202c2c ] Request (ListImageFiltersTestJSON:setUpClass): 204 PUT http://10.180.1.21/identity/v3/projects/e421d924fa054e0d9aadefdda118b102/users/9e46f3881aec41d8be37a2f53265b333/roles/f5694afb255643a29cd92d56d5a9a672 0.024s
2024-10-29 12:03:07.184 63161 INFO tempest.lib.common.dynamic_creds [-] Dynamic test user 9e46f3881aec41d8be37a2f53265b333 is created with scope project and roles: ['member']
2024-10-29 12:03:07.184 63161 INFO tempest.lib.common.dynamic_creds [-] Acquired dynamic creds: credentials: Credentials: {'domain_id': 'default', 'domain_name': 'Default', 'username': 'tempest-ListImageFiltersTestJSON-353085782-project-member', 'project_domain_id': 'default', 'project_domain_name': 'Default', 'project_id': 'e421d924fa054e0d9aadefdda118b102', 'project_name': 'tempest-ListImageFiltersTestJSON-353085782', 'tenant_id': 'e421d924fa054e0d9aadefdda118b102', 'tenant_name': 'tempest-ListImageFiltersTestJSON-353085782', 'user_domain_id': 'default', 'user_domain_name': 'Default', 'user_id': '9e46f3881aec41d8be37a2f53265b333', 'system': None}, Network: None, Subnet: None, Router: None
2024-10-29 12:03:07.185 63161 INFO tempest.lib.common.dynamic_creds [-] Created isolated network resources for: credentials: Credentials: {'domain_id': 'default', 'domain_name': 'Default', 'username': 'tempest-ListImageFiltersTestJSON-353085782-project-member', 'project_domain_id': 'default', 'project_domain_name': 'Default', 'project_id': 'e421d924fa054e0d9aadefdda118b102', 'project_name': 'tempest-ListImageFiltersTestJSON-353085782', 'tenant_id': 'e421d924fa054e0d9aadefdda118b102', 'tenant_name': 'tempest-ListImageFiltersTestJSON-353085782', 'user_domain_id': 'default', 'user_domain_name': 'Default', 'user_id': '9e46f3881aec41d8be37a2f53265b333', 'system': None}, Network: None, Subnet: None, Router: None
2024-10-29 12:03:07.209 63175 INFO tempest.lib.common.rest_client [req-f1167291-210a-4f75-bce7-adf9ecfae3ad req-f1167291-210a-4f75-bce7-adf9ecfae3ad ] Request (ServerShowV263Test:setUpClass): 204 PUT http://10.180.1.21/identity/v3/projects/a63fde6378e44200803e564fe8f260ff/users/9aa0adbc5c5745cbb8701a9cb8230c9c/roles/f5694afb255643a29cd92d56d5a9a672 0.048s
2024-10-29 12:03:07.209 63175 INFO tempest.lib.common.dynamic_creds [-] Dynamic test user 9aa0adbc5c5745cbb8701a9cb8230c9c is created with scope project and roles: ['member']
2024-10-29 12:03:07.210 63175 INFO tempest.lib.common.dynamic_creds [-] Acquired dynamic creds: credentials: Credentials: {'domain_id': 'default', 'domain_name': 'Default', 'username': 'tempest-ServerShowV263Test-2104491625-project-member', 'project_domain_id': 'default', 'project_domain_name': 'Default', 'project_id': 'a63fde6378e44200803e564fe8f260ff', 'project_name': 'tempest-ServerShowV263Test-2104491625', 'tenant_id': 'a63fde6378e44200803e564fe8f260ff', 'tenant_name': 'tempest-ServerShowV263Test-2104491625', 'user_domain_id': 'default', 'user_domain_name': 'Default', 'user_id': '9aa0adbc5c5745cbb8701a9cb8230c9c', 'system': None}, Network: None, Subnet: None, Router: None
2024-10-29 12:03:07.210 63175 INFO tempest.lib.common.dynamic_creds [-] Created isolated network resources for: credentials: Credentials: {'domain_id': 'default', 'domain_name': 'Default', 'username': 'tempest-ServerShowV263Test-2104491625-project-member', 'project_domain_id': 'default', 'project_domain_name': 'Default', 'project_id': 'a63fde6378e44200803e564fe8f260ff', 'project_name': 'tempest-ServerShowV263Test-2104491625', 'tenant_id': 'a63fde6378e44200803e564fe8f260ff', 'tenant_name': 'tempest-ServerShowV263Test-2104491625', 'user_domain_id': 'default', 'user_domain_name': 'Default', 'user_id': '9aa0adbc5c5745cbb8701a9cb8230c9c', 'system': None}, Network: None, Subnet: None, Router: None
2024-10-29 12:03:07.232 63219 INFO tempest.lib.common.rest_client [req-f76d28c7-d01d-42e1-8f3d-99c8d6b6bccc req-f76d28c7-d01d-42e1-8f3d-99c8d6b6bccc ] Request (VolumesAssistedSnapshotsTest:tearDownClass): 204 DELETE http://10.180.1.21:9696/networking/v2.0/subnets/58b2618a-c32a-4dba-a57b-172f74629422 0.439s
2024-10-29 12:03:07.264 63161 INFO tempest.lib.common.rest_client [req-0c99331f-9a17-4a15-b0d7-077b329c2906 req-0c99331f-9a17-4a15-b0d7-077b329c2906 ] Request (ListImageFiltersTestJSON:setUpClass): 201 POST http://10.180.1.21/identity/v3/auth/tokens 0.073s
2024-10-29 12:03:07.269 63187 INFO tempest.lib.common.rest_client [req-f6af796b-3076-4005-b15c-878dfd612374 req-f6af796b-3076-4005-b15c-878dfd612374 ] Request (MigrationsAdminTest:test_resize_server_revert_deleted_flavor): 200 GET http://10.180.1.21/compute/v2.1/servers/91043784-2e4a-4fa4-87de-1c45971e64c5 0.326s
2024-10-29 12:03:07.299 63175 INFO tempest.lib.common.rest_client [req-fda2bfdb-cd56-432a-bcd5-8aade74449c5 req-fda2bfdb-cd56-432a-bcd5-8aade74449c5 ] Request (ServerShowV263Test:setUpClass): 201 POST http://10.180.1.21/identity/v3/auth/tokens 0.083s
2024-10-29 12:03:07.344 63213 INFO tempest.lib.common.rest_client [req-aa8d98a5-7de8-4adf-b814-beff6f3dd018 req-aa8d98a5-7de8-4adf-b814-beff6f3dd018 ] Request (DeleteServersAdminTestJSON:test_delete_server_while_in_error_state): 200 GET http://10.180.1.21/compute/v2.1/servers/a8e4d6d3-3908-4fe8-be33-5b70eb5a62a1 0.317s
