2025-02-19 12:57:13.686 62991 INFO tempest.lib.common.rest_client [req-c60f0060-3ebf-4523-8fec-046ab4965083 req-c60f0060-3ebf-4523-8fec-046ab4965083 ] Request (ServerActionsV293TestJSON:test_rebuild_volume_backed_server): 200 GET http://10.180.1.21/compute/v2.1/servers/49be8bf1-44e4-4729-9934-6d9bcfc2d581 0.199s
2025-02-19 12:57:13.699 62991 INFO tempest.common.waiters [-] State transition "REBUILD/rebuilding" ==> "ERROR/None" after 5 second wait
2025-02-19 12:57:13.762 63021 INFO tempest.lib.common.rest_client [req-ef543318-69aa-4026-9587-79c041eb7f81 req-ef543318-69aa-4026-9587-79c041eb7f81 ] Request (ServersTestFqdnHostnames:tearDownClass): 200 GET http://10.180.1.21/compute/v2.1/servers/304d1582-d380-41e8-9651-a28895a33fca 0.072s
2025-02-19 12:57:13.773 63025 INFO tempest.lib.common.rest_client [req-34bfe752-06d3-4489-a89a-f4c720e189dc req-34bfe752-06d3-4489-a89a-f4c720e189dc ] Request (ServersAdminNegativeTestJSON:tearDownClass): 200 GET http://10.180.1.21/compute/v2.1/servers/4b9cb307-1070-45b0-a262-047e38df02fb 0.088s
2025-02-19 12:57:13.853 63001 INFO tempest.lib.common.rest_client [req-e58eb207-f91c-47f5-b19c-ae9a0b3db03d req-e58eb207-f91c-47f5-b19c-ae9a0b3db03d ] Request (MultipleCreateTestJSON:test_multiple_create): 200 GET http://10.180.1.21/compute/v2.1/servers/379210e6-bd63-4029-9d46-7462cff00c7f 0.119s
2025-02-19 12:57:13.857 62991 INFO tempest.lib.common.rest_client [req-fe98e8aa-3b63-4d4a-9fba-0409a8573ae4 req-fe98e8aa-3b63-4d4a-9fba-0409a8573ae4 ] Request (ServerActionsV293TestJSON:tearDownClass): 204 DELETE http://10.180.1.21/compute/v2.1/servers/49be8bf1-44e4-4729-9934-6d9bcfc2d581 0.153s
2025-02-19 12:57:13.922 63037 INFO tempest.lib.common.rest_client [req-19bbdbe8-2603-4074-9827-5be309077f05 req-19bbdbe8-2603-4074-9827-5be309077f05 ] Request (ServerDiskConfigTestJSON:test_resize_server_from_auto_to_manual): 200 GET http://10.180.1.21/compute/v2.1/servers/d47926ed-d2ef-4600-abfe-d508fbc3ddc2 0.181s
2025-02-19 12:57:13.929 63037 INFO tempest.common.waiters [-] State transition "BUILD/scheduling" ==> "BUILD/None" after 8 second wait
2025-02-19 12:57:13.948 62989 INFO tempest.lib.common.rest_client [req-c954e2d2-51c4-402d-9813-0862f45a50c4 req-c954e2d2-51c4-402d-9813-0862f45a50c4 ] Request (ListServersNegativeTestJSON:tearDownClass): 200 GET http://10.180.1.21/compute/v2.1/servers/ff000eaa-3edf-4c8a-a089-64430da4850d 0.120s
2025-02-19 12:57:13.955 62989 INFO tempest.common.waiters [-] State transition "ACTIVE/deleting" ==> "DELETED/None" after 3 second wait
2025-02-19 12:57:14.065 63003 INFO tempest.lib.common.rest_client [req-02344e56-67b7-4e6b-a567-2583e901bc40 req-02344e56-67b7-4e6b-a567-2583e901bc40 ] Request (InstanceActionsNegativeTestJSON:setUpClass): 200 GET http://10.180.1.21/compute/v2.1/servers/9e2fda18-07bc-4adc-a067-569d6cca1577 0.161s
2025-02-19 12:57:14.077 62991 INFO tempest.lib.common.rest_client [req-845e4c7c-8a79-4bec-8ee7-82ab4be717fa req-845e4c7c-8a79-4bec-8ee7-82ab4be717fa ] Request (ServerActionsV293TestJSON:tearDownClass): 200 GET http://10.180.1.21/compute/v2.1/servers/49be8bf1-44e4-4729-9934-6d9bcfc2d581 0.220s
2025-02-19 12:57:14.130 63023 INFO tempest.lib.common.rest_client [req-339dcdad-71df-439b-9df7-89be51ce30c5 req-339dcdad-71df-439b-9df7-89be51ce30c5 ] Request (ServersWithSpecificFlavorTestJSON:test_verify_created_server_ephemeral_disk): 200 GET http://10.180.1.21/compute/v2.1/servers/c96f0187-c1c6-4631-8ff8-20328ac6ba7f 0.138s
2025-02-19 12:57:14.172 62999 INFO tempest.lib.common.rest_client [req-c1512466-d197-4050-973f-5b2795876c13 req-c1512466-d197-4050-973f-5b2795876c13 ] Request (DeleteServersTestJSON:test_delete_active_server): 200 GET http://10.180.1.21/compute/v2.1/servers/48dc29f6-f436-4d87-9580-02f812763c74 0.224s
2025-02-19 12:57:14.223 63043 INFO tempest.lib.common.rest_client [req-63a9c04e-2007-4976-8d65-fbd7af7ffa37 req-63a9c04e-2007-4976-8d65-fbd7af7ffa37 ] Request (SecurityGroupsTestJSON:test_server_security_groups): 200 GET http://10.180.1.21/compute/v2.1/servers/9ee56466-2609-4c8c-b237-670449a00dd9 0.083s
2025-02-19 12:57:14.238 63019 INFO tempest.lib.common.rest_client [req-427cf3cc-88ea-47b4-9d8a-f5a932c4f611 req-427cf3cc-88ea-47b4-9d8a-f5a932c4f611 ] Request (ImagesOneServerNegativeTestJSON:tearDown): 200 GET http://10.180.1.21/compute/v2.1/servers/c781bdbe-e55b-4744-9fd8-29cf2b131c9c 0.130s
2025-02-19 12:57:14.290 63017 INFO tempest.lib.common.rest_client [req-dc8cedfd-45ae-4880-af90-b715f4e386cb req-dc8cedfd-45ae-4880-af90-b715f4e386cb ] Request (VolumesAdminNegativeTest:test_update_attached_volume_with_nonexistent_volume_in_uri): 200 GET http://10.180.1.21/compute/v2.1/servers/0e5e5991-987f-463a-baa9-a3f4d54bc58c 0.131s
2025-02-19 12:57:14.297 63047 INFO tempest.lib.common.rest_client [req-72b40abf-5131-44e9-b745-cc68c6114bbf req-72b40abf-5131-44e9-b745-cc68c6114bbf ] Request (ServersTestBootFromVolume:tearDownClass): 200 GET http://10.180.1.21/compute/v2.1/servers/5e104993-6b3d-4cca-addf-34106ee5de9b 0.064s
2025-02-19 12:57:14.331 62997 INFO tempest.lib.common.rest_client [req-58da6c60-4b13-4d6a-96c9-a4d20dbdad06 req-58da6c60-4b13-4d6a-96c9-a4d20dbdad06 ] Request (ListImageFiltersTestJSON:setUpClass): 200 GET http://10.180.1.21/compute/v2.1/images/8c8571c7-bcb4-4b5f-b8ce-102949e0b83c 0.034s
2025-02-19 12:57:14.455 62995 INFO tempest.lib.common.rest_client [req-bfbee8d1-7b11-4eac-8033-5238731c93a0 req-bfbee8d1-7b11-4eac-8033-5238731c93a0 ] Request (ServerRescueTestJSON:setUpClass): 200 GET http://10.180.1.21/compute/v2.1/servers/f47f3c1e-b9cb-4631-984b-bcdaa7fdbec9 0.095s
2025-02-19 12:57:14.503 63039 INFO tempest.lib.common.rest_client [req-e98fe206-b8da-473e-98fd-f621b9df64b0 req-e98fe206-b8da-473e-98fd-f621b9df64b0 ] Request (VolumesAssistedSnapshotsTest:tearDownClass): 200 GET http://10.180.1.21/compute/v2.1/servers/9d9b1e4b-7844-459f-8f44-1d9976281292 0.093s
2025-02-19 12:57:14.504 63015 INFO tempest.lib.common.rest_client [req-d3d58f93-613b-4079-9e3e-a4741d5dfbfa req-d3d58f93-613b-4079-9e3e-a4741d5dfbfa ] Request (ImagesTestJSON:test_create_server_from_snapshot): 200 GET http://10.180.1.21/compute/v2.1/servers/b19b1d40-bf94-47cb-860e-af27a0bdfbbc 0.090s
2025-02-19 12:57:14.603 63035 INFO tempest.lib.common.rest_client [req-bddc7e90-e3c3-4f60-b43a-7e43d01c0d21 req-bddc7e90-e3c3-4f60-b43a-7e43d01c0d21 ] Request (MigrationsAdminTest:test_resize_server_revert_deleted_flavor): 200 GET http://10.180.1.21/compute/v2.1/servers/6d54c14e-cb02-43a3-9f5d-5f91f649e026 0.089s
2025-02-19 12:57:14.675 63009 INFO tempest.lib.common.rest_client [req-e8c14766-32f5-4651-874b-b24713eb3795 req-e8c14766-32f5-4651-874b-b24713eb3795 ] Request (ServersAdminTestJSON:test_create_server_with_scheduling_hint): 200 GET http://10.180.1.21/compute/v2.1/servers/8b745d45-7cdb-4ccc-b1aa-f7b5b9fb4547 0.052s
2025-02-19 12:57:14.753 63005 INFO tempest.lib.common.rest_client [req-44fcaa7a-b53d-454b-bff7-03b23cf927dd req-44fcaa7a-b53d-454b-bff7-03b23cf927dd ] Request (ServersTestJSON:tearDownClass): 200 GET http://10.180.1.21/compute/v2.1/servers/0658fbfd-0f3c-4883-9f97-9e74b42f7b8c 0.060s
2025-02-19 12:57:14.846 63021 INFO tempest.lib.common.rest_client [req-cd31db7a-6318-4a1a-9cb2-7cb249581e92 req-cd31db7a-6318-4a1a-9cb2-7cb249581e92 ] Request (ServersTestFqdnHostnames:tearDownClass): 200 GET http://10.180.1.21/compute/v2.1/servers/304d1582-d380-41e8-9651-a28895a33fca 0.076s
2025-02-19 12:57:14.854 63021 INFO tempest.common.waiters [-] State transition "ACTIVE/deleting" ==> "DELETED/None" after 4 second wait
2025-02-19 12:57:14.864 63025 INFO tempest.lib.common.rest_client [req-4c69c84f-01ca-4335-b374-1dd7a942013d req-4c69c84f-01ca-4335-b374-1dd7a942013d ] Request (ServersAdminNegativeTestJSON:tearDownClass): 200 GET http://10.180.1.21/compute/v2.1/servers/4b9cb307-1070-45b0-a262-047e38df02fb 0.079s
2025-02-19 12:57:14.933 63001 INFO tempest.lib.common.rest_client [req-72adaf1f-2f63-47a9-a88e-43b8fc771f61 req-72adaf1f-2f63-47a9-a88e-43b8fc771f61 ] Request (MultipleCreateTestJSON:test_multiple_create): 200 GET http://10.180.1.21/compute/v2.1/servers/379210e6-bd63-4029-9d46-7462cff00c7f 0.068s
2025-02-19 12:57:14.943 63001 INFO tempest.common.waiters [-] State transition "BUILD/None" ==> "BUILD/networking" after 55 second wait
2025-02-19 12:57:15.025 63037 INFO tempest.lib.common.rest_client [req-cf500620-3c84-42aa-a6a4-6e36bbe5f2e4 req-cf500620-3c84-42aa-a6a4-6e36bbe5f2e4 ] Request (ServerDiskConfigTestJSON:test_resize_server_from_auto_to_manual): 200 GET http://10.180.1.21/compute/v2.1/servers/d47926ed-d2ef-4600-abfe-d508fbc3ddc2 0.094s
2025-02-19 12:57:15.051 62989 INFO tempest.lib.common.rest_client [req-c0aa008b-365f-40fb-8752-044bc73b57ec req-c0aa008b-365f-40fb-8752-044bc73b57ec ] Request (ListServersNegativeTestJSON:tearDownClass): 200 GET http://10.180.1.21/compute/v2.1/servers/ff000eaa-3edf-4c8a-a089-64430da4850d 0.094s
2025-02-19 12:57:15.133 63003 INFO tempest.lib.common.rest_client [req-b6eb3e72-2001-4f9b-b378-3193e6b44fbb req-b6eb3e72-2001-4f9b-b378-3193e6b44fbb ] Request (InstanceActionsNegativeTestJSON:setUpClass): 200 GET http://10.180.1.21/compute/v2.1/servers/9e2fda18-07bc-4adc-a067-569d6cca1577 0.059s
2025-02-19 12:57:15.235 63023 INFO tempest.lib.common.rest_client [req-77b1e7f4-3648-4cd7-83fe-d9879062cc85 req-77b1e7f4-3648-4cd7-83fe-d9879062cc85 ] Request (ServersWithSpecificFlavorTestJSON:test_verify_created_server_ephemeral_disk): 200 GET http://10.180.1.21/compute/v2.1/servers/c96f0187-c1c6-4631-8ff8-20328ac6ba7f 0.096s
2025-02-19 12:57:15.270 62991 INFO tempest.lib.common.rest_client [req-5c71e911-1dce-4a83-861f-80d52a751882 req-5c71e911-1dce-4a83-861f-80d52a751882 ] Request (ServerActionsV293TestJSON:tearDownClass): 200 GET http://10.180.1.21/compute/v2.1/servers/49be8bf1-44e4-4729-9934-6d9bcfc2d581 0.179s
2025-02-19 12:57:15.345 63043 INFO tempest.lib.common.rest_client [req-45bf5d0d-4abe-47eb-a981-585202c6c718 req-45bf5d0d-4abe-47eb-a981-585202c6c718 ] Request (SecurityGroupsTestJSON:test_server_security_groups): 200 GET http://10.180.1.21/compute/v2.1/servers/9ee56466-2609-4c8c-b237-670449a00dd9 0.113s
2025-02-19 12:57:15.495 63019 INFO tempest.lib.common.rest_client [req-fbeb277e-d139-4eb9-bdb3-29f031eabcf2 req-fbeb277e-d139-4eb9-bdb3-29f031eabcf2 ] Request (ImagesOneServerNegativeTestJSON:tearDown): 200 GET http://10.180.1.21/compute/v2.1/servers/c781bdbe-e55b-4744-9fd8-29cf2b131c9c 0.249s
2025-02-19 12:57:15.506 63019 INFO tempest.common.waiters [-] State transition "ACTIVE/image_pending_upload" ==> "ACTIVE/image_uploading" after 5 second wait
2025-02-19 12:57:15.520 62991 INFO tempest.lib.common.rest_client [req-08ba5f2d-5337-4b8f-b07d-a62b2092eda5 req-08ba5f2d-5337-4b8f-b07d-a62b2092eda5 ] Request (ServerActionsV293TestJSON:tearDownClass): 204 DELETE http://10.180.1.21/compute/v2.1/os-keypairs/tempest-keypair-105223642 0.238s
2025-02-19 12:57:15.577 62991 INFO tempest.lib.common.rest_client [req-eb02f262-513b-45cd-9e05-757ee1795b9b req-eb02f262-513b-45cd-9e05-757ee1795b9b ] Request (ServerActionsV293TestJSON:tearDownClass): 409 DELETE http://10.180.1.21:9696/networking/v2.0/security-groups/3f33b6ee-188f-4fec-9793-9f1514d7f1c4 0.056s
2025-02-19 12:57:15.577 62991 ERROR tempest.lib.common.validation_resources [-] Conflict while deleting security group 3f33b6ee-188f-4fec-9793-9f1514d7f1c4 VM might not be deleted: tempest.lib.exceptions.Conflict: Conflict with state of target resource Details: {'type': 'SecurityGroupInUse', 'message': 'Security Group 3f33b6ee-188f-4fec-9793-9f1514d7f1c4 in use.', 'detail': ''}
2025-02-19 12:57:15.577 62991 ERROR tempest.lib.common.validation_resources
Traceback (most recent call last):
2025-02-19 12:57:15.577 62991 ERROR tempest.lib.common.validation_resources
File "/opt/stack/tempest/tempest/lib/common/validation_resources.py", line 315, in clear_validation_resources
2025-02-19 12:57:15.577 62991 ERROR tempest.lib.common.validation_resources security_group_client.delete_security_group(sec_id)
2025-02-19 12:57:15.577 62991 ERROR tempest.lib.common.validation_resources
File "/opt/stack/tempest/tempest/lib/services/network/security_groups_client.py", line 59, in delete_security_group
2025-02-19 12:57:15.577 62991 ERROR tempest.lib.common.validation_resources return self.delete_resource(uri)
2025-02-19 12:57:15.577 62991 ERROR tempest.lib.common.validation_resources
File "/opt/stack/tempest/tempest/lib/services/network/base.py", line 42, in delete_resource
2025-02-19 12:57:15.577 62991 ERROR tempest.lib.common.validation_resources resp, body = self.delete(req_uri)
2025-02-19 12:57:15.577 62991 ERROR tempest.lib.common.validation_resources
File "/opt/stack/tempest/tempest/lib/common/rest_client.py", line 359, in delete
2025-02-19 12:57:15.577 62991 ERROR tempest.lib.common.validation_resources return self.request('DELETE', url, extra_headers, headers, body)
2025-02-19 12:57:15.577 62991 ERROR tempest.lib.common.validation_resources
File "/opt/stack/tempest/tempest/lib/common/rest_client.py", line 762, in request
2025-02-19 12:57:15.577 62991 ERROR tempest.lib.common.validation_resources self._error_checker(resp, resp_body)
2025-02-19 12:57:15.577 62991 ERROR tempest.lib.common.validation_resources
File "/opt/stack/tempest/tempest/lib/common/rest_client.py", line 892, in _error_checker
2025-02-19 12:57:15.577 62991 ERROR tempest.lib.common.validation_resources raise exceptions.Conflict(resp_body, resp=resp)
2025-02-19 12:57:15.577 62991 ERROR tempest.lib.common.validation_resources tempest.lib.exceptions.Conflict: Conflict with state of target resource
2025-02-19 12:57:15.577 62991 ERROR tempest.lib.common.validation_resources Details: {'type': 'SecurityGroupInUse', 'message': 'Security Group 3f33b6ee-188f-4fec-9793-9f1514d7f1c4 in use.', 'detail': ''}
2025-02-19 12:57:15.577 62991 ERROR tempest.lib.common.validation_resources
2025-02-19 12:57:15.597 63017 INFO tempest.lib.common.rest_client [req-aac3f56b-bf86-4213-8d48-0fe841c6be48 req-aac3f56b-bf86-4213-8d48-0fe841c6be48 ] Request (VolumesAdminNegativeTest:test_update_attached_volume_with_nonexistent_volume_in_uri): 200 GET http://10.180.1.21/compute/v2.1/servers/0e5e5991-987f-463a-baa9-a3f4d54bc58c 0.297s
2025-02-19 12:57:15.688 63047 INFO tempest.lib.common.rest_client [req-a6ae7a9c-4bbb-48b5-9c8b-979fdbb4d5c8 req-a6ae7a9c-4bbb-48b5-9c8b-979fdbb4d5c8 ] Request (ServersTestBootFromVolume:tearDownClass): 200 GET http://10.180.1.21/compute/v2.1/servers/5e104993-6b3d-4cca-addf-34106ee5de9b 0.383s
2025-02-19 12:57:15.732 62999 INFO tempest.lib.common.rest_client [req-7bc53111-bb9a-4848-878e-00e6a0b7c89e req-7bc53111-bb9a-4848-878e-00e6a0b7c89e ] Request (DeleteServersTestJSON:test_delete_active_server): 200 GET http://10.180.1.21/compute/v2.1/servers/48dc29f6-f436-4d87-9580-02f812763c74 0.551s
2025-02-19 12:57:15.733 62997 INFO tempest.lib.common.rest_client [req-1d8359d2-b199-4171-b786-981027df41c1 req-1d8359d2-b199-4171-b786-981027df41c1 ] Request (ListImageFiltersTestJSON:setUpClass): 200 GET http://10.180.1.21/compute/v2.1/images/8c8571c7-bcb4-4b5f-b8ce-102949e0b83c 0.397s
2025-02-19 12:57:15.900 63039 INFO tempest.lib.common.rest_client [req-b2ca0cd8-8a2b-4d5d-a259-08b7c27bbe55 req-b2ca0cd8-8a2b-4d5d-a259-08b7c27bbe55 ] Request (VolumesAssistedSnapshotsTest:tearDownClass): 200 GET http://10.180.1.21/compute/v2.1/servers/9d9b1e4b-7844-459f-8f44-1d9976281292 0.388s
2025-02-19 12:57:15.972 62995 INFO tempest.lib.common.rest_client [req-2fd0150b-8502-4604-8f47-ba08f2acff13 req-2fd0150b-8502-4604-8f47-ba08f2acff13 ] Request (ServerRescueTestJSON:setUpClass): 200 GET http://10.180.1.21/compute/v2.1/servers/f47f3c1e-b9cb-4631-984b-bcdaa7fdbec9 0.507s
2025-02-19 12:57:15.992 63015 INFO tempest.lib.common.rest_client [req-9ae9108c-a07f-49d2-b679-080ae234fbc8 req-9ae9108c-a07f-49d2-b679-080ae234fbc8 ] Request (ImagesTestJSON:test_create_server_from_snapshot): 200 GET http://10.180.1.21/compute/v2.1/servers/b19b1d40-bf94-47cb-860e-af27a0bdfbbc 0.480s
2025-02-19 12:57:16.064 63009 INFO tempest.lib.common.rest_client [req-2a43dbc0-4512-4228-9190-8a814ab784ca req-2a43dbc0-4512-4228-9190-8a814ab784ca ] Request (ServersAdminTestJSON:test_create_server_with_scheduling_hint): 200 GET http://10.180.1.21/compute/v2.1/servers/8b745d45-7cdb-4ccc-b1aa-f7b5b9fb4547 0.381s
2025-02-19 12:57:16.136 63005 INFO tempest.lib.common.rest_client [req-4a898a2c-f181-44ae-868c-2aefe30ea03c req-4a898a2c-f181-44ae-868c-2aefe30ea03c ] Request (ServersTestJSON:tearDownClass): 200 GET http://10.180.1.21/compute/v2.1/servers/0658fbfd-0f3c-4883-9f97-9e74b42f7b8c 0.374s
2025-02-19 12:57:16.193 63035 INFO tempest.lib.common.rest_client [req-0d472eb6-1aef-4234-a216-8511c0dcc59c req-0d472eb6-1aef-4234-a216-8511c0dcc59c ] Request (MigrationsAdminTest:test_resize_server_revert_deleted_flavor): 200 GET http://10.180.1.21/compute/v2.1/servers/6d54c14e-cb02-43a3-9f5d-5f91f649e026 0.583s
2025-02-19 12:57:16.217 63021 INFO tempest.lib.common.rest_client [req-ddeb6b91-ed47-47d9-8c5e-84617976e4cb req-ddeb6b91-ed47-47d9-8c5e-84617976e4cb ] Request (ServersTestFqdnHostnames:tearDownClass): 200 GET http://10.180.1.21/compute/v2.1/servers/304d1582-d380-41e8-9651-a28895a33fca 0.362s
2025-02-19 12:57:16.308 63025 INFO tempest.lib.common.rest_client [req-64500927-070c-4c72-822d-38c7db92df69 req-64500927-070c-4c72-822d-38c7db92df69 ] Request (ServersAdminNegativeTestJSON:tearDownClass): 200 GET http://10.180.1.21/compute/v2.1/servers/4b9cb307-1070-45b0-a262-047e38df02fb 0.435s
2025-02-19 12:57:16.325 63001 INFO tempest.lib.common.rest_client [req-dc9e2246-75f8-4b9f-b722-223ef66288d4 req-dc9e2246-75f8-4b9f-b722-223ef66288d4 ] Request (MultipleCreateTestJSON:test_multiple_create): 200 GET http://10.180.1.21/compute/v2.1/servers/379210e6-bd63-4029-9d46-7462cff00c7f 0.381s
2025-02-19 12:57:16.334 63001 INFO tempest.common.waiters [-] State transition "BUILD/networking" ==> "BUILD/spawning" after 57 second wait
2025-02-19 12:57:16.408 63037 INFO tempest.lib.common.rest_client [req-e0b07d9b-61cb-42fb-a49b-dcf159088773 req-e0b07d9b-61cb-42fb-a49b-dcf159088773 ] Request (ServerDiskConfigTestJSON:test_resize_server_from_auto_to_manual): 200 GET http://10.180.1.21/compute/v2.1/servers/d47926ed-d2ef-4600-abfe-d508fbc3ddc2 0.368s
2025-02-19 12:57:16.430 62989 INFO tempest.lib.common.rest_client [req-ed0c7b71-327c-4c20-be9e-78e231791ca6 req-ed0c7b71-327c-4c20-be9e-78e231791ca6 ] Request (ListServersNegativeTestJSON:tearDownClass): 200 GET http://10.180.1.21/compute/v2.1/servers/ff000eaa-3edf-4c8a-a089-64430da4850d 0.365s
2025-02-19 12:57:16.487 63023 INFO tempest.lib.common.rest_client [req-9161253d-253f-46ff-9159-2a38877b87f6 req-9161253d-253f-46ff-9159-2a38877b87f6 ] Request (ServersWithSpecificFlavorTestJSON:test_verify_created_server_ephemeral_disk): 200 GET http://10.180.1.21/compute/v2.1/servers/c96f0187-c1c6-4631-8ff8-20328ac6ba7f 0.240s
2025-02-19 12:57:16.504 63003 INFO tempest.lib.common.rest_client [req-31db5a86-06e6-49d4-a2ba-5e723ba104d4 req-31db5a86-06e6-49d4-a2ba-5e723ba104d4 ] Request (InstanceActionsNegativeTestJSON:setUpClass): 200 GET http://10.180.1.21/compute/v2.1/servers/9e2fda18-07bc-4adc-a067-569d6cca1577 0.358s
2025-02-19 12:57:16.564 63043 INFO tempest.lib.common.rest_client [req-63942a10-56e0-4496-b5d6-69af852ace50 req-63942a10-56e0-4496-b5d6-69af852ace50 ] Request (SecurityGroupsTestJSON:test_server_security_groups): 200 GET http://10.180.1.21/compute/v2.1/servers/9ee56466-2609-4c8c-b237-670449a00dd9 0.208s
2025-02-19 12:57:16.666 63017 INFO tempest.lib.common.rest_client [req-1acb95b4-231f-4c3f-9304-998c63a041f2 req-1acb95b4-231f-4c3f-9304-998c63a041f2 ] Request (VolumesAdminNegativeTest:test_update_attached_volume_with_nonexistent_volume_in_uri): 200 GET http://10.180.1.21/compute/v2.1/servers/0e5e5991-987f-463a-baa9-a3f4d54bc58c 0.059s
2025-02-19 12:57:16.729 63019 INFO tempest.lib.common.rest_client [req-b1157ef6-c617-4558-b1be-a7b55debcd26 req-b1157ef6-c617-4558-b1be-a7b55debcd26 ] Request (ImagesOneServerNegativeTestJSON:tearDown): 200 GET http://10.180.1.21/compute/v2.1/servers/c781bdbe-e55b-4744-9fd8-29cf2b131c9c 0.222s
2025-02-19 12:57:16.738 63045 WARNING tempest.lib.common.ssh [-] Failed to establish authenticated ssh connection to cirros@10.180.180.136 ([Errno None] Unable to connect to port 22 on 10.180.180.136). Number attempts: 4. Retry after 5 seconds.: paramiko.ssh_exception.NoValidConnectionsError: [Errno None] Unable to connect to port 22 on 10.180.180.136
2025-02-19 12:57:16.745 62991 INFO tempest.lib.common.rest_client [req-19b74e64-8fb9-41d5-a8e0-f531f478039d req-19b74e64-8fb9-41d5-a8e0-f531f478039d ] Request (ServerActionsV293TestJSON:tearDownClass): 204 DELETE http://10.180.1.21:9696/networking/v2.0/floatingips/d820b9a6-e044-4faf-8aa9-a73c1fb6517b 1.167s
2025-02-19 12:57:16.746 62991 ERROR tempest.test [-] teardown of resources failed: ((, Resource %(resource_id)s failed to delete and is in ERROR status Details: Server 49be8bf1-44e4-4729-9934-6d9bcfc2d581 failed to delete and is in ERROR status. Fault: {'code': 500, 'created': '2025-02-19T12:57:11Z', 'message': 'Build of instance 49be8bf1-44e4-4729-9934-6d9bcfc2d581 aborted: Failed to rebuild volume backed instance.'}., ), (, Conflict with state of target resource Details: {'type': 'SecurityGroupInUse', 'message': 'Security Group 3f33b6ee-188f-4fec-9793-9f1514d7f1c4 in use.', 'detail': ''}, )): testtools.runtest.MultipleExceptions: ((, Resource %(resource_id)s failed to delete and is in ERROR status Details: Server 49be8bf1-44e4-4729-9934-6d9bcfc2d581 failed to delete and is in ERROR status. Fault: {'code': 500, 'created': '2025-02-19T12:57:11Z', 'message': 'Build of instance 49be8bf1-44e4-4729-9934-6d9bcfc2d581 aborted: Failed to rebuild volume backed instance.'}., ), (, Conflict with state of target resource Details: {'type': 'SecurityGroupInUse', 'message': 'Security Group 3f33b6ee-188f-4fec-9793-9f1514d7f1c4 in use.', 'detail': ''}, ))
2025-02-19 12:57:16.746 62991 ERROR tempest.test
Traceback (most recent call last):
2025-02-19 12:57:16.746 62991 ERROR tempest.test
File "/opt/stack/tempest/tempest/test.py", line 210, in tearDownClass
2025-02-19 12:57:16.746 62991 ERROR tempest.test teardown()
2025-02-19 12:57:16.746 62991 ERROR tempest.test
File "/opt/stack/tempest/tempest/test.py", line 628, in resource_cleanup
2025-02-19 12:57:16.746 62991 ERROR tempest.test raise testtools.MultipleExceptions(*cleanup_errors)
2025-02-19 12:57:16.746 62991 ERROR tempest.test testtools.runtest.MultipleExceptions: ((, Resource %(resource_id)s failed to delete and is in ERROR status
2025-02-19 12:57:16.746 62991 ERROR tempest.test Details: Server 49be8bf1-44e4-4729-9934-6d9bcfc2d581 failed to delete and is in ERROR status. Fault: {'code': 500, 'created': '2025-02-19T12:57:11Z', 'message': 'Build of instance 49be8bf1-44e4-4729-9934-6d9bcfc2d581 aborted: Failed to rebuild volume backed instance.'}., ), (, Conflict with state of target resource
2025-02-19 12:57:16.746 62991 ERROR tempest.test Details: {'type': 'SecurityGroupInUse', 'message': 'Security Group 3f33b6ee-188f-4fec-9793-9f1514d7f1c4 in use.', 'detail': ''}, ))
2025-02-19 12:57:16.746 62991 ERROR tempest.test
2025-02-19 12:57:16.784 62997 INFO tempest.lib.common.rest_client [req-3c2a0f12-89a6-4fe1-9e53-6093a0b434c7 req-3c2a0f12-89a6-4fe1-9e53-6093a0b434c7 ] Request (ListImageFiltersTestJSON:setUpClass): 200 GET http://10.180.1.21/compute/v2.1/images/8c8571c7-bcb4-4b5f-b8ce-102949e0b83c 0.047s
2025-02-19 12:57:16.789 63047 INFO tempest.lib.common.rest_client [req-af593406-cf5d-45fa-81a3-e95af5d2ec72 req-af593406-cf5d-45fa-81a3-e95af5d2ec72 ] Request (ServersTestBootFromVolume:tearDownClass): 200 GET http://10.180.1.21/compute/v2.1/servers/5e104993-6b3d-4cca-addf-34106ee5de9b 0.088s
2025-02-19 12:57:16.929 62987 WARNING tempest.lib.common.ssh [-] Failed to establish authenticated ssh connection to cirros@10.180.180.221 ([Errno None] Unable to connect to port 22 on 10.180.180.221). Number attempts: 10. Retry after 11 seconds.: paramiko.ssh_exception.NoValidConnectionsError: [Errno None] Unable to connect to port 22 on 10.180.180.221
2025-02-19 12:57:16.943 62999 INFO tempest.lib.common.rest_client [req-91470275-7bd3-4fb8-8ffa-1b04aaa849e4 req-91470275-7bd3-4fb8-8ffa-1b04aaa849e4 ] Request (DeleteServersTestJSON:test_delete_active_server): 200 GET http://10.180.1.21/compute/v2.1/servers/48dc29f6-f436-4d87-9580-02f812763c74 0.196s
2025-02-19 12:57:16.988 63039 INFO tempest.lib.common.rest_client [req-a2852926-adfd-403c-8529-21ae923eec71 req-a2852926-adfd-403c-8529-21ae923eec71 ] Request (VolumesAssistedSnapshotsTest:tearDownClass): 200 GET http://10.180.1.21/compute/v2.1/servers/9d9b1e4b-7844-459f-8f44-1d9976281292 0.072s
2025-02-19 12:57:17.066 63015 INFO tempest.lib.common.rest_client [req-c641a2a0-8878-4eee-940e-d68798e19797 req-c641a2a0-8878-4eee-940e-d68798e19797 ] Request (ImagesTestJSON:test_create_server_from_snapshot): 200 GET http://10.180.1.21/compute/v2.1/servers/b19b1d40-bf94-47cb-860e-af27a0bdfbbc 0.065s
2025-02-19 12:57:17.148 63009 INFO tempest.lib.common.rest_client [req-0ccb43f5-485f-493a-a05a-7d5077a05725 req-0ccb43f5-485f-493a-a05a-7d5077a05725 ] Request (ServersAdminTestJSON:test_create_server_with_scheduling_hint): 200 GET http://10.180.1.21/compute/v2.1/servers/8b745d45-7cdb-4ccc-b1aa-f7b5b9fb4547 0.074s
2025-02-19 12:57:17.167 62995 INFO tempest.lib.common.rest_client [req-8dddbee0-a5b1-4035-a15b-c2cb80e11182 req-8dddbee0-a5b1-4035-a15b-c2cb80e11182 ] Request (ServerRescueTestJSON:setUpClass): 200 GET http://10.180.1.21/compute/v2.1/servers/f47f3c1e-b9cb-4631-984b-bcdaa7fdbec9 0.186s
2025-02-19 12:57:17.242 63005 INFO tempest.lib.common.rest_client [req-79a419cc-109e-4d7f-b583-1c46f3a9f7df req-79a419cc-109e-4d7f-b583-1c46f3a9f7df ] Request (ServersTestJSON:tearDownClass): 200 GET http://10.180.1.21/compute/v2.1/servers/0658fbfd-0f3c-4883-9f97-9e74b42f7b8c 0.096s
2025-02-19 12:57:17.313 63021 INFO tempest.lib.common.rest_client [req-e5a3ac87-adaf-4274-a50e-8c35e0dd3b65 req-e5a3ac87-adaf-4274-a50e-8c35e0dd3b65 ] Request (ServersTestFqdnHostnames:tearDownClass): 200 GET http://10.180.1.21/compute/v2.1/servers/304d1582-d380-41e8-9651-a28895a33fca 0.081s
2025-02-19 12:57:17.383 63035 INFO tempest.lib.common.rest_client [req-17a8d8fe-c1df-4896-b7f3-21512db7335b req-17a8d8fe-c1df-4896-b7f3-21512db7335b ] Request (MigrationsAdminTest:test_resize_server_revert_deleted_flavor): 200 GET http://10.180.1.21/compute/v2.1/servers/6d54c14e-cb02-43a3-9f5d-5f91f649e026 0.177s
2025-02-19 12:57:17.396 63035 INFO tempest.common.waiters [-] State transition "BUILD/spawning" ==> "ACTIVE/None" after 81 second wait
2025-02-19 12:57:17.413 63025 INFO tempest.lib.common.rest_client [req-3f0e849b-35f7-4b82-a649-254668a5c0fd req-3f0e849b-35f7-4b82-a649-254668a5c0fd ] Request (ServersAdminNegativeTestJSON:tearDownClass): 200 GET http://10.180.1.21/compute/v2.1/servers/4b9cb307-1070-45b0-a262-047e38df02fb 0.093s
2025-02-19 12:57:17.445 63050 WARNING tempest.lib.common.ssh [-] Failed to establish authenticated ssh connection to cirros@10.180.180.142 ([Errno None] Unable to connect to port 22 on 10.180.180.142). Number attempts: 1. Retry after 2 seconds.: paramiko.ssh_exception.NoValidConnectionsError: [Errno None] Unable to connect to port 22 on 10.180.180.142
2025-02-19 12:57:17.508 63001 INFO tempest.lib.common.rest_client [req-cfa337f6-9024-4773-b9de-c641fed61320 req-cfa337f6-9024-4773-b9de-c641fed61320 ] Request (MultipleCreateTestJSON:test_multiple_create): 200 GET http://10.180.1.21/compute/v2.1/servers/379210e6-bd63-4029-9d46-7462cff00c7f 0.173s
2025-02-19 12:57:17.517 62993 WARNING tempest.lib.common.ssh [-] Failed to establish authenticated ssh connection to cirros@10.180.180.213 ([Errno None] Unable to connect to port 22 on 10.180.180.213). Number attempts: 10. Retry after 11 seconds.: paramiko.ssh_exception.NoValidConnectionsError: [Errno None] Unable to connect to port 22 on 10.180.180.213
2025-02-19 12:57:17.569 63037 INFO tempest.lib.common.rest_client [req-acbc7554-6616-47a2-b071-7033ba32d0e6 req-acbc7554-6616-47a2-b071-7033ba32d0e6 ] Request (ServerDiskConfigTestJSON:test_resize_server_from_auto_to_manual): 200 GET http://10.180.1.21/compute/v2.1/servers/d47926ed-d2ef-4600-abfe-d508fbc3ddc2 0.150s
2025-02-19 12:57:17.603 63035 INFO tempest.lib.common.rest_client [req-d46a74c5-de1d-4051-b64c-128bfdcbe922 req-d46a74c5-de1d-4051-b64c-128bfdcbe922 ] Request (MigrationsAdminTest:test_resize_server_revert_deleted_flavor): 200 GET http://10.180.1.21/compute/v2.1/servers/6d54c14e-cb02-43a3-9f5d-5f91f649e026 0.206s
2025-02-19 12:57:17.643 62989 INFO tempest.lib.common.rest_client [req-4de42077-6aba-4661-9bef-175af1a66ffd req-4de42077-6aba-4661-9bef-175af1a66ffd ] Request (ListServersNegativeTestJSON:tearDownClass): 200 GET http://10.180.1.21/compute/v2.1/servers/ff000eaa-3edf-4c8a-a089-64430da4850d 0.200s
2025-02-19 12:57:17.670 63023 INFO tempest.lib.common.rest_client [req-18975994-13d5-4720-9fff-c6541be48fc5 req-18975994-13d5-4720-9fff-c6541be48fc5 ] Request (ServersWithSpecificFlavorTestJSON:test_verify_created_server_ephemeral_disk): 200 GET http://10.180.1.21/compute/v2.1/servers/c96f0187-c1c6-4631-8ff8-20328ac6ba7f 0.172s
2025-02-19 12:57:17.688 63003 INFO tempest.lib.common.rest_client [req-bbae08a3-b6e8-4f5b-a425-6b9c49cd238e req-bbae08a3-b6e8-4f5b-a425-6b9c49cd238e ] Request (InstanceActionsNegativeTestJSON:setUpClass): 200 GET http://10.180.1.21/compute/v2.1/servers/9e2fda18-07bc-4adc-a067-569d6cca1577 0.175s
2025-02-19 12:57:17.708 63035 INFO tempest.lib.common.rest_client [req-58eef2c4-db74-4433-8a81-ef9aeace44d1 req-58eef2c4-db74-4433-8a81-ef9aeace44d1 ] Request (MigrationsAdminTest:test_resize_server_revert_deleted_flavor): 202 DELETE http://10.180.1.21/compute/v2.1/flavors/013b2f7f-dbe3-4f88-9d3a-59011a75658f 0.097s
2025-02-19 12:57:17.736 63043 INFO tempest.lib.common.rest_client [req-a6dd21d0-d8e7-47cc-8553-98c1f1616413 req-a6dd21d0-d8e7-47cc-8553-98c1f1616413 ] Request (SecurityGroupsTestJSON:test_server_security_groups): 200 GET http://10.180.1.21/compute/v2.1/servers/9ee56466-2609-4c8c-b237-670449a00dd9 0.161s
2025-02-19 12:57:17.748 62991 INFO tempest.lib.common.rest_client [req-a9e39ea4-69c9-48da-92ff-553e288934ff req-a9e39ea4-69c9-48da-92ff-553e288934ff ] Request (ServerActionsV293TestJSON:tearDownClass): 200 PUT http://10.180.1.21:9696/networking/v2.0/routers/84be7338-bf9d-4209-861b-8103599a70c7/remove_router_interface 1.001s
2025-02-19 12:57:17.765 63035 INFO tempest.lib.common.rest_client [req-9c062e99-5b36-46b0-a459-09d5dd1c2c82 req-9c062e99-5b36-46b0-a459-09d5dd1c2c82 ] Request (MigrationsAdminTest:test_resize_server_revert_deleted_flavor): 200 GET http://10.180.1.21/compute/v2.1/flavors/detail 0.056s
2025-02-19 12:57:17.770 63017 INFO tempest.lib.common.rest_client [req-80728489-8ba4-42ce-8dab-4062bedfcf4e req-80728489-8ba4-42ce-8dab-4062bedfcf4e ] Request (VolumesAdminNegativeTest:test_update_attached_volume_with_nonexistent_volume_in_uri): 200 GET http://10.180.1.21/compute/v2.1/servers/0e5e5991-987f-463a-baa9-a3f4d54bc58c 0.096s
2025-02-19 12:57:17.784 63013 WARNING tempest.lib.common.ssh [-] Failed to establish authenticated ssh connection to cirros@10.180.180.157 ([Errno None] Unable to connect to port 22 on 10.180.180.157). Number attempts: 11. Retry after 12 seconds.: paramiko.ssh_exception.NoValidConnectionsError: [Errno None] Unable to connect to port 22 on 10.180.180.157
2025-02-19 12:57:17.940 63035 INFO tempest.lib.common.rest_client [req-77b9e494-c679-43e0-b690-81212f508955 req-77b9e494-c679-43e0-b690-81212f508955 ] Request (MigrationsAdminTest:test_resize_server_revert_deleted_flavor): 202 POST http://10.180.1.21/compute/v2.1/servers/6d54c14e-cb02-43a3-9f5d-5f91f649e026/action 0.169s
2025-02-19 12:57:17.983 62997 INFO tempest.lib.common.rest_client [req-d18e4884-d0e2-4d92-b5a8-e1b715c752d5 req-d18e4884-d0e2-4d92-b5a8-e1b715c752d5 ] Request (ListImageFiltersTestJSON:setUpClass): 200 GET http://10.180.1.21/compute/v2.1/images/8c8571c7-bcb4-4b5f-b8ce-102949e0b83c 0.193s
2025-02-19 12:57:18.062 63047 INFO tempest.lib.common.rest_client [req-2d1e752f-d110-450f-b005-569e9166224c req-2d1e752f-d110-450f-b005-569e9166224c ] Request (ServersTestBootFromVolume:tearDownClass): 200 GET http://10.180.1.21/compute/v2.1/servers/5e104993-6b3d-4cca-addf-34106ee5de9b 0.257s
2025-02-19 12:57:18.187 63019 INFO tempest.lib.common.rest_client [req-72ca3042-0c9d-4473-8fd6-6f62b33c9e7e req-72ca3042-0c9d-4473-8fd6-6f62b33c9e7e ] Request (ImagesOneServerNegativeTestJSON:tearDown): 200 GET http://10.180.1.21/compute/v2.1/servers/c781bdbe-e55b-4744-9fd8-29cf2b131c9c 0.450s
2025-02-19 12:57:18.208 63035 INFO tempest.lib.common.rest_client [req-9500f3e5-a057-4e2d-ac8f-293f207ee3c8 req-9500f3e5-a057-4e2d-ac8f-293f207ee3c8 ] Request (MigrationsAdminTest:test_resize_server_revert_deleted_flavor): 200 GET http://10.180.1.21/compute/v2.1/servers/6d54c14e-cb02-43a3-9f5d-5f91f649e026 0.267s
2025-02-19 12:57:18.279 63039 INFO tempest.lib.common.rest_client [req-577aa64b-dfbd-4d77-94c4-6d56a12236ff req-577aa64b-dfbd-4d77-94c4-6d56a12236ff ] Request (VolumesAssistedSnapshotsTest:tearDownClass): 200 GET http://10.180.1.21/compute/v2.1/servers/9d9b1e4b-7844-459f-8f44-1d9976281292 0.280s
2025-02-19 12:57:18.287 63039 INFO tempest.common.waiters [-] State transition "ACTIVE/deleting" ==> "DELETED/None" after 6 second wait
2025-02-19 12:57:18.349 63015 INFO tempest.lib.common.rest_client [req-9340ac34-03e4-4eeb-bac3-18db2cac2d86 req-9340ac34-03e4-4eeb-bac3-18db2cac2d86 ] Request (ImagesTestJSON:test_create_server_from_snapshot): 200 GET http://10.180.1.21/compute/v2.1/servers/b19b1d40-bf94-47cb-860e-af27a0bdfbbc 0.271s
2025-02-19 12:57:18.363 62999 INFO tempest.lib.common.rest_client [req-8e1b288b-395d-46b1-ade2-5f6d5093030d req-8e1b288b-395d-46b1-ade2-5f6d5093030d ] Request (DeleteServersTestJSON:test_delete_active_server): 200 GET http://10.180.1.21/compute/v2.1/servers/48dc29f6-f436-4d87-9580-02f812763c74 0.411s
2025-02-19 12:57:18.526 62995 INFO tempest.lib.common.rest_client [req-cc1aafd2-8af6-4384-ac44-10ffd92316b8 req-cc1aafd2-8af6-4384-ac44-10ffd92316b8 ] Request (ServerRescueTestJSON:setUpClass): 200 GET http://10.180.1.21/compute/v2.1/servers/f47f3c1e-b9cb-4631-984b-bcdaa7fdbec9 0.347s
2025-02-19 12:57:18.597 63009 INFO tempest.lib.common.rest_client [req-073306eb-dae3-4e42-8de9-34c45d7254af req-073306eb-dae3-4e42-8de9-34c45d7254af ] Request (ServersAdminTestJSON:test_create_server_with_scheduling_hint): 200 GET http://10.180.1.21/compute/v2.1/servers/8b745d45-7cdb-4ccc-b1aa-f7b5b9fb4547 0.439s
2025-02-19 12:57:18.605 63009 INFO tempest.common.waiters [-] State transition "BUILD/None" ==> "BUILD/networking" after 57 second wait
2025-02-19 12:57:18.652 63005 INFO tempest.lib.common.rest_client [req-af038702-eedc-4821-95be-20c527825c8c req-af038702-eedc-4821-95be-20c527825c8c ] Request (ServersTestJSON:tearDownClass): 200 GET http://10.180.1.21/compute/v2.1/servers/0658fbfd-0f3c-4883-9f97-9e74b42f7b8c 0.401s
2025-02-19 12:57:18.673 63021 INFO tempest.lib.common.rest_client [req-5bc3b5bb-1e4a-4ea1-bac3-d96fae2095b5 req-5bc3b5bb-1e4a-4ea1-bac3-d96fae2095b5 ] Request (ServersTestFqdnHostnames:tearDownClass): 200 GET http://10.180.1.21/compute/v2.1/servers/304d1582-d380-41e8-9651-a28895a33fca 0.346s
2025-02-19 12:57:18.734 63025 INFO tempest.lib.common.rest_client [req-68a5a086-4c0e-450c-8ff2-5073431432a1 req-68a5a086-4c0e-450c-8ff2-5073431432a1 ] Request (ServersAdminNegativeTestJSON:tearDownClass): 200 GET http://10.180.1.21/compute/v2.1/servers/4b9cb307-1070-45b0-a262-047e38df02fb 0.313s
2025-02-19 12:57:18.820 63037 INFO tempest.lib.common.rest_client [req-7e6405f5-847a-440b-b938-6913733da431 req-7e6405f5-847a-440b-b938-6913733da431 ] Request (ServerDiskConfigTestJSON:test_resize_server_from_auto_to_manual): 200 GET http://10.180.1.21/compute/v2.1/servers/d47926ed-d2ef-4600-abfe-d508fbc3ddc2 0.241s
2025-02-19 12:57:18.825 63001 INFO tempest.lib.common.rest_client [req-920e92fa-d1c7-4d67-8933-17cac6a488b3 req-920e92fa-d1c7-4d67-8933-17cac6a488b3 ] Request (MultipleCreateTestJSON:test_multiple_create): 200 GET http://10.180.1.21/compute/v2.1/servers/379210e6-bd63-4029-9d46-7462cff00c7f 0.306s
2025-02-19 12:57:18.856 62991 INFO tempest.lib.common.rest_client [req-8962a8ae-02b7-4729-8307-43ff4b67387e req-8962a8ae-02b7-4729-8307-43ff4b67387e ] Request (ServerActionsV293TestJSON:tearDownClass): 204 DELETE http://10.180.1.21:9696/networking/v2.0/routers/84be7338-bf9d-4209-861b-8103599a70c7 1.108s
2025-02-19 12:57:18.899 63023 INFO tempest.lib.common.rest_client [req-c5fe426f-e8b8-4bd1-a4e6-30b5325f12cc req-c5fe426f-e8b8-4bd1-a4e6-30b5325f12cc ] Request (ServersWithSpecificFlavorTestJSON:test_verify_created_server_ephemeral_disk): 200 GET http://10.180.1.21/compute/v2.1/servers/c96f0187-c1c6-4631-8ff8-20328ac6ba7f 0.220s
2025-02-19 12:57:18.912 62989 INFO tempest.lib.common.rest_client [req-ec6ef948-2c70-4884-be07-c1ba6b998993 req-ec6ef948-2c70-4884-be07-c1ba6b998993 ] Request (ListServersNegativeTestJSON:tearDownClass): 200 GET http://10.180.1.21/compute/v2.1/servers/ff000eaa-3edf-4c8a-a089-64430da4850d 0.260s
2025-02-19 12:57:18.958 63003 INFO tempest.lib.common.rest_client [req-48e7c0fc-a807-4df2-b613-a08d74e851be req-48e7c0fc-a807-4df2-b613-a08d74e851be ] Request (InstanceActionsNegativeTestJSON:setUpClass): 200 GET http://10.180.1.21/compute/v2.1/servers/9e2fda18-07bc-4adc-a067-569d6cca1577 0.261s
2025-02-19 12:57:18.969 63043 INFO tempest.lib.common.rest_client [req-e9f733e9-36de-4833-853e-3ddf7cae56c9 req-e9f733e9-36de-4833-853e-3ddf7cae56c9 ] Request (SecurityGroupsTestJSON:test_server_security_groups): 200 GET http://10.180.1.21/compute/v2.1/servers/9ee56466-2609-4c8c-b237-670449a00dd9 0.219s
2025-02-19 12:57:18.999 62991 INFO tempest.lib.common.rest_client [req-37626c6b-6b07-46aa-9ff7-869d98f74830 req-37626c6b-6b07-46aa-9ff7-869d98f74830 ] Request (ServerActionsV293TestJSON:tearDownClass): 204 DELETE http://10.180.1.21:9696/networking/v2.0/subnets/958f41d5-77b1-45c2-8156-602754625d33 0.142s
2025-02-19 12:57:19.010 63017 INFO tempest.lib.common.rest_client [req-66680593-5bc7-4b59-9c98-34e1871b75ef req-66680593-5bc7-4b59-9c98-34e1871b75ef ] Request (VolumesAdminNegativeTest:test_update_attached_volume_with_nonexistent_volume_in_uri): 200 GET http://10.180.1.21/compute/v2.1/servers/0e5e5991-987f-463a-baa9-a3f4d54bc58c 0.230s
2025-02-19 12:57:19.032 62997 INFO tempest.lib.common.rest_client [req-cd682cc1-9eca-47d6-9049-5d7d3e03f1e6 req-cd682cc1-9eca-47d6-9049-5d7d3e03f1e6 ] Request (ListImageFiltersTestJSON:setUpClass): 200 GET http://10.180.1.21/compute/v2.1/images/8c8571c7-bcb4-4b5f-b8ce-102949e0b83c 0.045s
2025-02-19 12:57:19.139 63047 INFO tempest.lib.common.rest_client [req-9af05ec5-75cc-4bbd-9f74-5e00ed1d9d14 req-9af05ec5-75cc-4bbd-9f74-5e00ed1d9d14 ] Request (ServersTestBootFromVolume:tearDownClass): 200 GET http://10.180.1.21/compute/v2.1/servers/5e104993-6b3d-4cca-addf-34106ee5de9b 0.063s
2025-02-19 12:57:19.216 62991 INFO tempest.lib.common.rest_client [req-65034ea4-4076-4cc6-b561-b23bf85d198b req-65034ea4-4076-4cc6-b561-b23bf85d198b ] Request (ServerActionsV293TestJSON:tearDownClass): 204 DELETE http://10.180.1.21:9696/networking/v2.0/networks/5ebf1d27-d408-4814-9981-7602c34cf0a8 0.217s
2025-02-19 12:57:19.295 63019 INFO tempest.lib.common.rest_client [req-df436241-f61e-4966-8a49-70d10b719bf3 req-df436241-f61e-4966-8a49-70d10b719bf3 ] Request (ImagesOneServerNegativeTestJSON:tearDown): 200 GET http://10.180.1.21/compute/v2.1/servers/c781bdbe-e55b-4744-9fd8-29cf2b131c9c 0.099s
2025-02-19 12:57:19.304 63019 INFO tempest.common.waiters [-] State transition "ACTIVE/image_uploading" ==> "ACTIVE/None" after 9 second wait
2025-02-19 12:57:19.311 63035 INFO tempest.lib.common.rest_client [req-4cb04ffd-ae23-4679-91b8-4378417617e2 req-4cb04ffd-ae23-4679-91b8-4378417617e2 ] Request (MigrationsAdminTest:test_resize_server_revert_deleted_flavor): 200 GET http://10.180.1.21/compute/v2.1/servers/6d54c14e-cb02-43a3-9f5d-5f91f649e026 0.091s
2025-02-19 12:57:19.340 62991 INFO tempest.lib.common.rest_client [req-00e7b51a-f5ef-4216-a82b-d04f35169a67 req-00e7b51a-f5ef-4216-a82b-d04f35169a67 ] Request (ServerActionsV293TestJSON:tearDownClass): 204 DELETE http://10.180.1.21/identity/v3/users/816d1b5b42f84031981331649559457f 0.123s
2025-02-19 12:57:19.340 62991 INFO tempest.lib.common.dynamic_creds [-] Deleting project and security group for project: 383c216bf89542a5808fee85bda40332
2025-02-19 12:57:19.360 63039 INFO tempest.lib.common.rest_client [req-966f5f96-8d4e-44ed-9792-3ea43c6ea54f req-966f5f96-8d4e-44ed-9792-3ea43c6ea54f ] Request (VolumesAssistedSnapshotsTest:tearDownClass): 200 GET http://10.180.1.21/compute/v2.1/servers/9d9b1e4b-7844-459f-8f44-1d9976281292 0.072s
2025-02-19 12:57:19.370 62991 INFO tempest.lib.common.rest_client [req-c76d3fa6-792d-498d-b16d-34191b509c77 req-c76d3fa6-792d-498d-b16d-34191b509c77 ] Request (ServerActionsV293TestJSON:tearDownClass): 200 GET http://10.180.1.21:9696/networking/v2.0/security-groups?tenant_id=383c216bf89542a5808fee85bda40332&name=default 0.029s
2025-02-19 12:57:19.391 63019 INFO tempest.lib.common.rest_client [req-7f786e42-3c6a-41cb-8cc2-23ff0e3a2b03 req-7f786e42-3c6a-41cb-8cc2-23ff0e3a2b03 ] Request (ImagesOneServerNegativeTestJSON:_run_cleanups): 204 DELETE http://10.180.1.21/compute/v2.1/servers/c781bdbe-e55b-4744-9fd8-29cf2b131c9c 0.087s
2025-02-19 12:57:19.435 63015 INFO tempest.lib.common.rest_client [req-ca32ec29-db87-4338-a437-4b4d8783cc96 req-ca32ec29-db87-4338-a437-4b4d8783cc96 ] Request (ImagesTestJSON:test_create_server_from_snapshot): 200 GET http://10.180.1.21/compute/v2.1/servers/b19b1d40-bf94-47cb-860e-af27a0bdfbbc 0.076s
2025-02-19 12:57:19.533 63019 INFO tempest.lib.common.rest_client [req-725e7dc6-bb6e-4b04-a3b5-6de244c2d8ea req-725e7dc6-bb6e-4b04-a3b5-6de244c2d8ea ] Request (ImagesOneServerNegativeTestJSON:_run_cleanups): 200 GET http://10.180.1.21/compute/v2.1/servers/c781bdbe-e55b-4744-9fd8-29cf2b131c9c 0.142s
2025-02-19 12:57:19.633 62995 INFO tempest.lib.common.rest_client [req-8bea0474-a8c9-4887-b466-0bbccfce9c85 req-8bea0474-a8c9-4887-b466-0bbccfce9c85 ] Request (ServerRescueTestJSON:setUpClass): 200 GET http://10.180.1.21/compute/v2.1/servers/f47f3c1e-b9cb-4631-984b-bcdaa7fdbec9 0.095s
2025-02-19 12:57:19.707 62991 INFO tempest.lib.common.rest_client [req-7a0f327e-9de7-41f2-8d2d-58f4ef518dab req-7a0f327e-9de7-41f2-8d2d-58f4ef518dab ] Request (ServerActionsV293TestJSON:tearDownClass): 204 DELETE http://10.180.1.21:9696/networking/v2.0/security-groups/3e33ac2f-934e-4ecb-9c05-e990d404000d 0.336s
2025-02-19 12:57:19.761 62999 INFO tempest.lib.common.rest_client [req-9bcd0034-2388-46ad-bc05-e1cc867159f0 req-9bcd0034-2388-46ad-bc05-e1cc867159f0 ] Request (DeleteServersTestJSON:test_delete_active_server): 200 GET http://10.180.1.21/compute/v2.1/servers/48dc29f6-f436-4d87-9580-02f812763c74 0.381s
2025-02-19 12:57:19.765 63009 INFO tempest.lib.common.rest_client [req-d21b7393-e8bb-47f5-84bb-0fe66d637472 req-d21b7393-e8bb-47f5-84bb-0fe66d637472 ] Request (ServersAdminTestJSON:test_create_server_with_scheduling_hint): 200 GET http://10.180.1.21/compute/v2.1/servers/8b745d45-7cdb-4ccc-b1aa-f7b5b9fb4547 0.158s
2025-02-19 12:57:19.768 62999 INFO tempest.common.waiters [-] State transition "BUILD/spawning" ==> "ACTIVE/None" after 67 second wait
2025-02-19 12:57:19.773 63009 INFO tempest.common.waiters [-] State transition "BUILD/networking" ==> "BUILD/spawning" after 58 second wait
2025-02-19 12:57:19.827 62991 INFO tempest.lib.common.rest_client [req-557014bc-2f1e-4c07-bcd6-9a4f99063da6 req-557014bc-2f1e-4c07-bcd6-9a4f99063da6 ] Request (ServerActionsV293TestJSON:tearDownClass): 204 DELETE http://10.180.1.21/identity/v3/projects/383c216bf89542a5808fee85bda40332 0.120s
2025-02-19 12:57:19.839 63021 INFO tempest.lib.common.rest_client [req-24427869-8840-4198-8d50-6db604ea0580 req-24427869-8840-4198-8d50-6db604ea0580 ] Request (ServersTestFqdnHostnames:tearDownClass): 200 GET http://10.180.1.21/compute/v2.1/servers/304d1582-d380-41e8-9651-a28895a33fca 0.153s
2025-02-19 12:57:19.840 63005 INFO tempest.lib.common.rest_client [req-54410cc6-ecf0-45c5-85b8-edf8f14128b3 req-54410cc6-ecf0-45c5-85b8-edf8f14128b3 ] Request (ServersTestJSON:tearDownClass): 200 GET http://10.180.1.21/compute/v2.1/servers/0658fbfd-0f3c-4883-9f97-9e74b42f7b8c 0.173s
2025-02-19 12:57:19.898 63029 INFO paramiko.transport [-] Connected (version 2.0, client dropbear_2020.81)
2025-02-19 12:57:19.901 63025 INFO tempest.lib.common.rest_client [req-e1c1cecd-0252-4c6c-8352-96267d6e3231 req-e1c1cecd-0252-4c6c-8352-96267d6e3231 ] Request (ServersAdminNegativeTestJSON:tearDownClass): 200 GET http://10.180.1.21/compute/v2.1/servers/4b9cb307-1070-45b0-a262-047e38df02fb 0.158s
2025-02-19 12:57:19.912 62991 INFO tempest.lib.common.rest_client [req-72eb403b-680e-455f-b6ad-fcda927de654 req-72eb403b-680e-455f-b6ad-fcda927de654 ] Request (ServerMetadataTestJSON:setUpClass): 201 POST http://10.180.1.21/identity/v3/auth/tokens 0.081s
2025-02-19 12:57:19.936 62999 INFO tempest.lib.common.rest_client [req-2072c473-a36e-4a9c-b7bb-02183bbc383b req-2072c473-a36e-4a9c-b7bb-02183bbc383b ] Request (DeleteServersTestJSON:test_delete_active_server): 204 DELETE http://10.180.1.21/compute/v2.1/servers/48dc29f6-f436-4d87-9580-02f812763c74 0.168s
2025-02-19 12:57:19.964 63029 INFO paramiko.transport [-] Authentication (publickey) successful!
2025-02-19 12:57:19.967 63029 INFO tempest.lib.common.ssh [-] ssh connection to cirros@10.180.180.229 successfully created
2025-02-19 12:57:19.974 62991 INFO tempest.lib.common.rest_client [req-bbb7671a-2209-493b-aed2-0dedc76327ef req-bbb7671a-2209-493b-aed2-0dedc76327ef ] Request (ServerMetadataTestJSON:setUpClass): 201 POST http://10.180.1.21/identity/v3/auth/tokens 0.057s
2025-02-19 12:57:19.982 63037 INFO tempest.lib.common.rest_client [req-dc406270-8921-4d38-9dde-ec5b8d81fc99 req-dc406270-8921-4d38-9dde-ec5b8d81fc99 ] Request (ServerDiskConfigTestJSON:test_resize_server_from_auto_to_manual): 200 GET http://10.180.1.21/compute/v2.1/servers/d47926ed-d2ef-4600-abfe-d508fbc3ddc2 0.152s
2025-02-19 12:57:20.007 62991 INFO tempest.lib.common.rest_client [req-3ecc7e78-0659-4d5f-890b-a54c578ddb97 req-3ecc7e78-0659-4d5f-890b-a54c578ddb97 ] Request (ServerMetadataTestJSON:setUpClass): 200 GET http://10.180.1.21/identity/v3/domains?name=Default 0.033s
2025-02-19 12:57:20.044 62991 INFO tempest.lib.common.rest_client [req-0d500d93-85ba-407a-9931-5e3bd8df5f95 req-0d500d93-85ba-407a-9931-5e3bd8df5f95 ] Request (ServerMetadataTestJSON:setUpClass): 201 POST http://10.180.1.21/identity/v3/projects 0.036s
2025-02-19 12:57:20.051 63023 INFO tempest.lib.common.rest_client [req-58c5d9d9-91b4-4953-b791-51b0d7f8a570 req-58c5d9d9-91b4-4953-b791-51b0d7f8a570 ] Request (ServersWithSpecificFlavorTestJSON:test_verify_created_server_ephemeral_disk): 200 GET http://10.180.1.21/compute/v2.1/servers/c96f0187-c1c6-4631-8ff8-20328ac6ba7f 0.138s
2025-02-19 12:57:20.059 63001 INFO tempest.lib.common.rest_client [req-fd37e415-6bb3-4b98-b429-235fa295cb35 req-fd37e415-6bb3-4b98-b429-235fa295cb35 ] Request (MultipleCreateTestJSON:test_multiple_create): 200 GET http://10.180.1.21/compute/v2.1/servers/379210e6-bd63-4029-9d46-7462cff00c7f 0.219s
2025-02-19 12:57:20.118 62991 INFO tempest.lib.common.rest_client [req-5d225993-a9fd-495f-a46b-e8d7e6a85e9c req-5d225993-a9fd-495f-a46b-e8d7e6a85e9c ] Request (ServerMetadataTestJSON:setUpClass): 201 POST http://10.180.1.21/identity/v3/users 0.073s
2025-02-19 12:57:20.132 62989 INFO tempest.lib.common.rest_client [req-9707e131-cc2b-4685-b6aa-49c3f91b2259 req-9707e131-cc2b-4685-b6aa-49c3f91b2259 ] Request (ListServersNegativeTestJSON:tearDownClass): 200 GET http://10.180.1.21/compute/v2.1/servers/ff000eaa-3edf-4c8a-a089-64430da4850d 0.207s
2025-02-19 12:57:20.141 62991 INFO tempest.lib.common.rest_client [req-79651885-e915-4af8-8173-f1e9e811df8a req-79651885-e915-4af8-8173-f1e9e811df8a ] Request (ServerMetadataTestJSON:setUpClass): 200 GET http://10.180.1.21/identity/v3/roles 0.022s
2025-02-19 12:57:20.160 62999 INFO tempest.lib.common.rest_client [req-96fd1524-70e0-4e4f-8919-becc2a7964b8 req-96fd1524-70e0-4e4f-8919-becc2a7964b8 ] Request (DeleteServersTestJSON:test_delete_active_server): 200 GET http://10.180.1.21/compute/v2.1/servers/48dc29f6-f436-4d87-9580-02f812763c74 0.223s
2025-02-19 12:57:20.170 62991 INFO tempest.lib.common.rest_client [req-dd836525-4f07-4dd7-a16f-0814268511de req-dd836525-4f07-4dd7-a16f-0814268511de ] Request (ServerMetadataTestJSON:setUpClass): 204 PUT http://10.180.1.21/identity/v3/projects/1daa436f16ea4929a7720e8dbf50bc2e/users/bd9d4ea1d2364fa3aea2bbe0cb43d3a7/roles/93051d0667c749fca80780c0cf641ae9 0.029s
2025-02-19 12:57:20.170 62991 INFO tempest.lib.common.dynamic_creds [-] Dynamic test user bd9d4ea1d2364fa3aea2bbe0cb43d3a7 is created with scope project and roles: ['member']
2025-02-19 12:57:20.171 62991 INFO tempest.lib.common.dynamic_creds [-] Acquired dynamic creds: credentials: Credentials: {'domain_id': 'default', 'domain_name': 'Default', 'username': 'tempest-ServerMetadataTestJSON-1513950496-project-member', 'project_domain_id': 'default', 'project_domain_name': 'Default', 'project_id': '1daa436f16ea4929a7720e8dbf50bc2e', 'project_name': 'tempest-ServerMetadataTestJSON-1513950496', 'tenant_id': '1daa436f16ea4929a7720e8dbf50bc2e', 'tenant_name': 'tempest-ServerMetadataTestJSON-1513950496', 'user_domain_id': 'default', 'user_domain_name': 'Default', 'user_id': 'bd9d4ea1d2364fa3aea2bbe0cb43d3a7', 'system': None}, Network: None, Subnet: None, Router: None
2025-02-19 12:57:20.227 63003 INFO tempest.lib.common.rest_client [req-a43bef66-174b-4db6-ab8d-192dc2a4f734 req-a43bef66-174b-4db6-ab8d-192dc2a4f734 ] Request (InstanceActionsNegativeTestJSON:setUpClass): 200 GET http://10.180.1.21/compute/v2.1/servers/9e2fda18-07bc-4adc-a067-569d6cca1577 0.257s
