2025-02-19 12:55:17.215 63021 INFO tempest.lib.common.rest_client [req-81d7ebf4-d644-451d-968c-d011082330f5 req-81d7ebf4-d644-451d-968c-d011082330f5 ] Request (ServersTestFqdnHostnames:test_create_server_with_fqdn_name): 200 GET http://10.180.1.21/compute/v2.1/servers/304d1582-d380-41e8-9651-a28895a33fca 1.978s
2025-02-19 12:55:17.220 63009 INFO tempest.lib.common.rest_client [req-44c57fe8-2557-42d6-be1d-b2fdfba2e772 req-44c57fe8-2557-42d6-be1d-b2fdfba2e772 ] Request (ServersAdminTestJSON:setUpClass): 201 POST http://10.180.1.21/identity/v3/users 0.089s
2025-02-19 12:55:17.239 63045 INFO tempest.lib.common.rest_client [req-10287a29-7aac-4cab-8e45-9f02e92958fd req-10287a29-7aac-4cab-8e45-9f02e92958fd ] Request (ImagesNegativeTestJSON:test_create_image_from_deleted_server): 404 GET http://10.180.1.21/compute/v2.1/servers/8a1c515b-5345-431e-9cb6-a88a1261a5d9 1.736s
2025-02-19 12:55:17.245 63009 INFO tempest.lib.common.rest_client [req-6f933b0e-ec6b-424e-bb58-963a775c3565 req-6f933b0e-ec6b-424e-bb58-963a775c3565 ] Request (ServersAdminTestJSON:setUpClass): 200 GET http://10.180.1.21/identity/v3/roles 0.024s
2025-02-19 12:55:17.283 63009 INFO tempest.lib.common.rest_client [req-d60ad27c-6060-4651-b685-99e970fc5081 req-d60ad27c-6060-4651-b685-99e970fc5081 ] Request (ServersAdminTestJSON:setUpClass): 204 PUT http://10.180.1.21/identity/v3/projects/3799313a11e9415bb3182d5ebd95ace1/users/bc022f4b8b3c411c96245c266b060290/roles/988a453fbeb44a75b05662428ed7b703 0.038s
2025-02-19 12:55:17.348 63009 INFO tempest.lib.common.rest_client [req-d77b7d57-3efe-4d88-af11-0ae55460107e req-d77b7d57-3efe-4d88-af11-0ae55460107e ] Request (ServersAdminTestJSON:setUpClass): 200 GET http://10.180.1.21/identity/v3/roles 0.064s
2025-02-19 12:55:17.349 63043 INFO tempest.lib.common.rest_client [req-e6a580fc-db31-4aec-8f61-177a31824b82 req-e6a580fc-db31-4aec-8f61-177a31824b82 ] Request (SecurityGroupsTestJSON:test_security_groups_create_list_delete): 200 GET http://10.180.1.21/compute/v2.1/os-security-groups 1.787s
2025-02-19 12:55:17.370 63009 INFO tempest.lib.common.rest_client [req-8153d58b-60d5-4037-88c3-40419980bfad req-8153d58b-60d5-4037-88c3-40419980bfad ] Request (ServersAdminTestJSON:setUpClass): 204 PUT http://10.180.1.21/identity/v3/projects/3799313a11e9415bb3182d5ebd95ace1/users/bc022f4b8b3c411c96245c266b060290/roles/988a453fbeb44a75b05662428ed7b703 0.021s
2025-02-19 12:55:17.370 63009 INFO tempest.lib.common.dynamic_creds [-] Dynamic test user bc022f4b8b3c411c96245c266b060290 is created with scope project and roles: ['admin']
2025-02-19 12:55:17.370 63009 INFO tempest.lib.common.dynamic_creds [-] Acquired dynamic creds: credentials: Credentials: {'domain_id': 'default', 'domain_name': 'Default', 'username': 'tempest-ServersAdminTestJSON-1362641542-project-admin', 'project_domain_id': 'default', 'project_domain_name': 'Default', 'project_id': '3799313a11e9415bb3182d5ebd95ace1', 'project_name': 'tempest-ServersAdminTestJSON-1362641542', 'tenant_id': '3799313a11e9415bb3182d5ebd95ace1', 'tenant_name': 'tempest-ServersAdminTestJSON-1362641542', 'user_domain_id': 'default', 'user_domain_name': 'Default', 'user_id': 'bc022f4b8b3c411c96245c266b060290', 'system': None}, Network: None, Subnet: None, Router: None
2025-02-19 12:55:17.419 63013 INFO tempest.lib.common.rest_client [req-c5a6637e-b55e-4b0b-9ba4-6fe7b015928e req-c5a6637e-b55e-4b0b-9ba4-6fe7b015928e ] Request (AttachVolumeShelveTestJSON:test_attach_volume_shelved_or_offload_server): 200 GET http://10.180.1.21/compute/v2.1/servers/a9b63d1b-69be-4b6a-a3b8-9f6237644428 1.835s
2025-02-19 12:55:17.470 62993 INFO tempest.lib.common.rest_client [req-e95e05ae-b69f-480d-9223-272281245f9b req-e95e05ae-b69f-480d-9223-272281245f9b ] Request (AttachInterfacesTestJSON:test_create_list_show_delete_interfaces_by_fixed_ip): 200 GET http://10.180.1.21/compute/v2.1/servers/c8c1c0a6-3027-4521-bbfb-5bba34401af2 1.816s
2025-02-19 12:55:17.536 62991 INFO tempest.lib.common.rest_client [req-3eaf94f0-5963-47fc-bcd0-2ec2f3a8927b req-3eaf94f0-5963-47fc-bcd0-2ec2f3a8927b ] Request (ServerActionsV293TestJSON:setUpClass): 200 GET http://10.180.1.21/compute/v2.1/servers/49be8bf1-44e4-4729-9934-6d9bcfc2d581 1.708s
2025-02-19 12:55:17.558 63050 INFO tempest.lib.common.rest_client [req-4c3fd7f4-456d-4825-a3f6-72bd9138f4ba req-4c3fd7f4-456d-4825-a3f6-72bd9138f4ba ] Request (FlavorsAdminTestJSON:test_list_non_public_flavor): 200 GET http://10.180.1.21/compute/v2.1/flavors/detail 1.499s
2025-02-19 12:55:17.665 63009 INFO tempest.lib.common.rest_client [req-1aad2837-9260-42cf-bcee-1d9a6d8e1656 req-1aad2837-9260-42cf-bcee-1d9a6d8e1656 ] Request (ServersAdminTestJSON:setUpClass): 201 POST http://10.180.1.21:9696/networking/v2.0/networks 0.294s
2025-02-19 12:55:17.722 62989 INFO tempest.lib.common.rest_client [req-86557ee6-1d47-4485-9d17-f6fae5aa2aed req-86557ee6-1d47-4485-9d17-f6fae5aa2aed ] Request (SecurityGroupRulesNegativeTestJSON:tearDownClass): 202 DELETE http://10.180.1.21/compute/v2.1/os-security-groups/4de93e6d-689c-438c-ba2d-cdce78fdb4f2 1.427s
2025-02-19 12:55:17.847 63037 INFO tempest.lib.common.rest_client [req-0a938a06-a87f-459a-a8e3-970ee3b71a33 req-0a938a06-a87f-459a-a8e3-970ee3b71a33 ] Request (ServerDiskConfigTestJSON:test_rebuild_server_with_auto_disk_config): 200 GET http://10.180.1.21/compute/v2.1/servers/5c88dc2b-0ee2-4bf2-b665-54fe750dadaa 1.531s
2025-02-19 12:55:17.858 63037 INFO tempest.common.waiters [-] State transition "BUILD/spawning" ==> "ACTIVE/None" after 32 second wait
2025-02-19 12:55:18.137 63009 INFO tempest.lib.common.rest_client [req-11281477-d644-44e0-9b62-396c670026f8 req-11281477-d644-44e0-9b62-396c670026f8 ] Request (ServersAdminTestJSON:setUpClass): 201 POST http://10.180.1.21:9696/networking/v2.0/subnets 0.472s
2025-02-19 12:55:18.143 63041 INFO tempest.lib.common.rest_client [req-6a34d23e-c674-4152-bbf1-32f4832bbab5 req-6a34d23e-c674-4152-bbf1-32f4832bbab5 ] Request (ServersListShow296Test:test_list_show_server_296): 202 POST http://10.180.1.21/compute/v2.1/servers 1.816s
2025-02-19 12:55:18.186 62999 INFO tempest.lib.common.rest_client [req-8330f686-6cd9-4b9b-ab49-9df5ff9c1e8f req-8330f686-6cd9-4b9b-ab49-9df5ff9c1e8f ] Request (ImagesOneServerTestJSON:test_create_image_specify_multibyte_character_image_name): 200 GET http://10.180.1.21/compute/v2.1/images/691092e8-4a33-4a9b-8fdd-35949c095d57 1.826s
2025-02-19 12:55:18.201 62995 INFO tempest.lib.common.rest_client [req-196c4acc-0492-4bff-86b3-75b49479596a req-196c4acc-0492-4bff-86b3-75b49479596a ] Request (SecurityGroupsTestAdminJSON:test_list_security_groups_list_all_tenants_filter): 200 GET http://10.180.1.21/compute/v2.1/os-security-groups?all_tenants=true 4.499s
2025-02-19 12:55:18.248 62997 INFO tempest.lib.common.rest_client [req-2a5376fe-ed3a-444a-85ce-3deb941996fd req-2a5376fe-ed3a-444a-85ce-3deb941996fd ] Request (ListImageFiltersTestJSON:setUpClass): 200 GET http://10.180.1.21/compute/v2.1/images/890f5431-b8de-43f8-872b-0ac1535c4d03 1.585s
2025-02-19 12:55:18.257 63025 INFO tempest.lib.common.rest_client [req-96518308-d0e3-45ec-8d81-7a3bc86c6cbd req-96518308-d0e3-45ec-8d81-7a3bc86c6cbd ] Request (ServersAdminNegativeTestJSON:setUpClass): 200 GET http://10.180.1.21/compute/v2.1/servers/dce2dfc5-fcf3-44a1-b523-907cd2247634 1.600s
2025-02-19 12:55:18.265 63025 INFO tempest.common.waiters [-] State transition "BUILD/None" ==> "BUILD/block_device_mapping" after 17 second wait
2025-02-19 12:55:18.370 63019 INFO tempest.lib.common.rest_client [req-1ca52046-1d9a-4110-bdba-21bcf217253f req-1ca52046-1d9a-4110-bdba-21bcf217253f ] Request (ImagesOneServerNegativeTestJSON:_run_cleanups): 200 GET http://10.180.1.21/compute/v2.1/servers/704619f9-21eb-41ce-9163-b33f3200cc21 1.643s
2025-02-19 12:55:18.377 63027 INFO tempest.lib.common.rest_client [req-08addf08-0373-473d-afa6-bc39c37f609e req-08addf08-0373-473d-afa6-bc39c37f609e ] Request (SecurityGroupRulesTestJSON:test_security_group_rules_create_with_optional_cidr): 200 POST http://10.180.1.21/compute/v2.1/os-security-groups 1.682s
2025-02-19 12:55:18.456 63011 INFO tempest.lib.common.rest_client [req-ed5b86d3-4bf7-40a3-93dc-f634cb6f1436 req-ed5b86d3-4bf7-40a3-93dc-f634cb6f1436 ] Request (FloatingIPsAssociationTestJSON:test_associate_already_associated_floating_ip): 200 GET http://10.180.1.21/compute/v2.1/servers/e2497c37-4c32-416d-89e1-90b4deeea4ed 1.638s
2025-02-19 12:55:18.604 63007 INFO tempest.lib.common.rest_client [req-ce9ea596-76bd-407a-9d16-a35f962d3211 req-ce9ea596-76bd-407a-9d16-a35f962d3211 ] Request (ServersAdmin275Test:test_rebuild_update_server_275): 202 POST http://10.180.1.21/compute/v2.1/servers 1.581s
2025-02-19 12:55:18.673 62987 INFO tempest.lib.common.rest_client [req-71d036ad-97f0-4914-b267-10cc332ffcab req-71d036ad-97f0-4914-b267-10cc332ffcab ] Request (ServersTestManualDisk:setUpClass): 200 GET http://10.180.1.21/compute/v2.1/servers/6bec2128-2991-42c8-a527-5566d7cea371 1.538s
2025-02-19 12:55:18.683 62987 INFO tempest.common.waiters [-] State transition "BUILD/scheduling" ==> "BUILD/None" after 7 second wait
2025-02-19 12:55:18.696 63035 INFO tempest.lib.common.rest_client [req-1b513b76-7f65-455d-b35b-fec69e1881bd req-1b513b76-7f65-455d-b35b-fec69e1881bd ] Request (MigrationsAdminTest:test_list_migrations_in_flavor_resize_situation): 200 GET http://10.180.1.21/compute/v2.1/servers/a69ba441-7bb7-4eb0-83c3-72fd09086028 1.664s
2025-02-19 12:55:18.696 63045 INFO tempest.lib.common.rest_client [req-bf82d5e4-2342-4c78-8583-8a3dc8c763f2 req-bf82d5e4-2342-4c78-8583-8a3dc8c763f2 ] Request (ImagesNegativeTestJSON:test_create_image_from_deleted_server): 404 POST http://10.180.1.21/compute/v2.1/servers/8a1c515b-5345-431e-9cb6-a88a1261a5d9/action 1.456s
2025-02-19 12:55:18.831 63043 INFO tempest.lib.common.rest_client [req-33c1f4a0-03b8-487e-82b6-6a7009356a68 req-33c1f4a0-03b8-487e-82b6-6a7009356a68 ] Request (SecurityGroupsTestJSON:test_security_groups_create_list_delete): 202 DELETE http://10.180.1.21/compute/v2.1/os-security-groups/ea02d0be-a4a1-4703-9247-9f70a0760123 1.478s
2025-02-19 12:55:18.866 63050 INFO tempest.lib.common.rest_client [req-e1a897dc-56df-48db-b7e3-afc6b02749f1 req-e1a897dc-56df-48db-b7e3-afc6b02749f1 ] Request (FlavorsAdminTestJSON:test_list_non_public_flavor): 200 GET http://10.180.1.21/compute/v2.1/flavors/detail 1.303s
2025-02-19 12:55:18.968 63005 INFO tempest.lib.common.rest_client [req-49e6d3c5-d0db-4e2c-947b-f55206551068 req-49e6d3c5-d0db-4e2c-947b-f55206551068 ] Request (ServersTestJSON:setUpClass): 200 GET http://10.180.1.21/compute/v2.1/servers/0658fbfd-0f3c-4883-9f97-9e74b42f7b8c 1.483s
2025-02-19 12:55:18.977 63005 INFO tempest.common.waiters [-] State transition "BUILD/spawning" ==> "ACTIVE/None" after 33 second wait
2025-02-19 12:55:18.979 62989 INFO tempest.lib.common.rest_client [req-b1679110-0c25-4f4c-9a37-4a76d5af2eea req-b1679110-0c25-4f4c-9a37-4a76d5af2eea ] Request (SecurityGroupRulesNegativeTestJSON:tearDownClass): 202 DELETE http://10.180.1.21/compute/v2.1/os-security-groups/8c794877-6458-4fd6-a6d8-d96e05832d37 1.256s
2025-02-19 12:55:19.045 63047 INFO tempest.lib.common.rest_client [req-53b0514e-a624-4092-b234-b0865f363336 req-53b0514e-a624-4092-b234-b0865f363336 ] Request (ServersTestBootFromVolume:setUpClass): 200 GET http://10.180.1.21/compute/v2.1/servers/5e104993-6b3d-4cca-addf-34106ee5de9b 1.259s
2025-02-19 12:55:19.052 63029 INFO tempest.lib.common.rest_client [req-d680b7e8-f1dc-4bdb-af1b-d32e7a8d9e0e req-d680b7e8-f1dc-4bdb-af1b-d32e7a8d9e0e ] Request (AttachInterfacesUnderV243Test:test_add_remove_fixed_ip): 200 GET http://10.180.1.21/compute/v2.1/servers/69186eb4-17b1-4f7c-9826-3130db408500 1.204s
2025-02-19 12:55:19.090 63015 INFO tempest.lib.common.rest_client [req-b2670583-e7a4-4e06-a376-a0c93218fb5f req-b2670583-e7a4-4e06-a376-a0c93218fb5f ] Request (ImagesTestJSON:test_create_image_from_stopped_server): 200 GET http://10.180.1.21/compute/v2.1/images/7147b574-502c-432e-9413-98f455c5d333 1.204s
2025-02-19 12:55:19.146 63031 INFO tempest.lib.common.rest_client [req-a56c5e02-6899-45bd-9a2b-dcaadaeef9e0 req-a56c5e02-6899-45bd-9a2b-dcaadaeef9e0 ] Request (ServerPasswordTestJSON:setUpClass): 200 GET http://10.180.1.21/compute/v2.1/servers/4c2f7cca-4369-4c0c-83a2-567281381883 1.191s
2025-02-19 12:55:19.212 63001 INFO tempest.lib.common.rest_client [req-22121d43-cca8-464e-bcb7-0d7f89e4eec7 req-22121d43-cca8-464e-bcb7-0d7f89e4eec7 ] Request (DeleteServersAdminTestJSON:test_delete_server_while_in_error_state): 200 GET http://10.180.1.21/compute/v2.1/servers/d1d162c6-7bad-45c2-b7f3-52e5ac65f98d 1.183s
2025-02-19 12:55:19.270 63003 INFO tempest.lib.common.rest_client [req-874482f2-0340-49db-83a5-5b850ff364dc req-874482f2-0340-49db-83a5-5b850ff364dc ] Request (TenantUsagesTestJSON:setUpClass): 200 GET http://10.180.1.21/compute/v2.1/servers/fc26fcf9-0a2f-49cc-9ab7-279df1863069 1.178s
2025-02-19 12:55:19.276 63037 INFO tempest.lib.common.rest_client [req-300b489f-098b-4c11-9c1c-b88ebd9aa493 req-300b489f-098b-4c11-9c1c-b88ebd9aa493 ] Request (ServerDiskConfigTestJSON:test_rebuild_server_with_auto_disk_config): 200 GET http://10.180.1.21/compute/v2.1/servers/5c88dc2b-0ee2-4bf2-b665-54fe750dadaa 1.417s
2025-02-19 12:55:19.407 62995 INFO tempest.lib.common.rest_client [req-64f17541-12f2-49bb-bc7b-875619104a91 req-64f17541-12f2-49bb-bc7b-875619104a91 ] Request (SecurityGroupsTestAdminJSON:test_list_security_groups_list_all_tenants_filter): 200 GET http://10.180.1.21/compute/v2.1/os-security-groups?all_tenants=true 1.190s
2025-02-19 12:55:19.446 63041 INFO tempest.lib.common.rest_client [req-38e42761-4337-4bc8-bd9f-02f00900daec req-38e42761-4337-4bc8-bd9f-02f00900daec ] Request (ServersListShow296Test:test_list_show_server_296): 200 GET http://10.180.1.21/compute/v2.1/servers/detail 1.300s
2025-02-19 12:55:19.483 62997 INFO tempest.lib.common.rest_client [req-81b70683-cc93-43ba-9b41-a611cb27b94d req-81b70683-cc93-43ba-9b41-a611cb27b94d ] Request (ListImageFiltersTestJSON:setUpClass): 200 GET http://10.180.1.21/compute/v2.1/images/890f5431-b8de-43f8-872b-0ac1535c4d03 1.228s
2025-02-19 12:55:19.534 63009 INFO tempest.lib.common.rest_client [req-39568a13-818c-402b-bcc8-3befbb9efae2 req-39568a13-818c-402b-bcc8-3befbb9efae2 ] Request (ServersAdminTestJSON:setUpClass): 201 POST http://10.180.1.21:9696/networking/v2.0/routers 1.396s
2025-02-19 12:55:19.606 63021 INFO tempest.lib.common.rest_client [req-0213a4bf-3a28-461e-9add-6bba29c45808 req-0213a4bf-3a28-461e-9add-6bba29c45808 ] Request (ServersTestFqdnHostnames:test_create_server_with_fqdn_name): 200 GET http://10.180.1.21/compute/v2.1/servers/304d1582-d380-41e8-9651-a28895a33fca 1.380s
2025-02-19 12:55:19.616 63021 INFO tempest.common.waiters [-] State transition "BUILD/spawning" ==> "ACTIVE/None" after 30 second wait
2025-02-19 12:55:19.698 63027 INFO tempest.lib.common.rest_client [req-d8c68a9a-b14a-422f-897f-cb4ebff284a4 req-d8c68a9a-b14a-422f-897f-cb4ebff284a4 ] Request (SecurityGroupRulesTestJSON:test_security_group_rules_create_with_optional_cidr): 200 POST http://10.180.1.21/compute/v2.1/os-security-group-rules 1.318s
2025-02-19 12:55:19.703 63013 INFO tempest.lib.common.rest_client [req-3d7e8325-4b50-4d64-a51f-1ec9c64aa546 req-3d7e8325-4b50-4d64-a51f-1ec9c64aa546 ] Request (AttachVolumeShelveTestJSON:test_attach_volume_shelved_or_offload_server): 200 GET http://10.180.1.21/compute/v2.1/servers/a9b63d1b-69be-4b6a-a3b8-9f6237644428 1.271s
2025-02-19 12:55:19.789 62993 INFO tempest.lib.common.rest_client [req-7d99f6b8-ed31-4d8e-aba9-10ff9c530544 req-7d99f6b8-ed31-4d8e-aba9-10ff9c530544 ] Request (AttachInterfacesTestJSON:test_create_list_show_delete_interfaces_by_fixed_ip): 200 GET http://10.180.1.21/compute/v2.1/servers/c8c1c0a6-3027-4521-bbfb-5bba34401af2 1.308s
2025-02-19 12:55:19.798 62993 INFO tempest.common.waiters [-] State transition "BUILD/scheduling" ==> "BUILD/None" after 7 second wait
2025-02-19 12:55:19.810 62989 INFO tempest.lib.common.rest_client [req-dd116e8e-d177-4e21-b2b0-7595b4607d2f req-dd116e8e-d177-4e21-b2b0-7595b4607d2f ] Request (SecurityGroupRulesNegativeTestJSON:tearDownClass): 200 PUT http://10.180.1.21:9696/networking/v2.0/routers/ec9da900-7add-4aac-8801-3eacfb107dd6/remove_router_interface 0.831s
2025-02-19 12:55:19.818 62991 INFO tempest.lib.common.rest_client [req-a77022d7-4c36-4e9a-a1e8-8edf2d99f10c req-a77022d7-4c36-4e9a-a1e8-8edf2d99f10c ] Request (ServerActionsV293TestJSON:setUpClass): 200 GET http://10.180.1.21/compute/v2.1/servers/49be8bf1-44e4-4729-9934-6d9bcfc2d581 1.271s
2025-02-19 12:55:19.826 63045 INFO tempest.lib.common.rest_client [req-36302e89-4f97-453b-a7be-b51f32e00989 req-36302e89-4f97-453b-a7be-b51f32e00989 ] Request (ImagesNegativeTestJSON:test_create_image_from_invalid_server): 404 POST http://10.180.1.21/compute/v2.1/servers/tempest-invalid-1403302410/action 1.128s
2025-02-19 12:55:19.857 63043 INFO tempest.lib.common.rest_client [req-a19237b8-edda-4c9a-b222-dd061077accd req-a19237b8-edda-4c9a-b222-dd061077accd ] Request (SecurityGroupsTestJSON:test_security_groups_create_list_delete): 404 GET http://10.180.1.21/compute/v2.1/os-security-groups/ea02d0be-a4a1-4703-9247-9f70a0760123 1.026s
2025-02-19 12:55:19.882 63050 INFO tempest.lib.common.rest_client [req-8e4d0740-2c61-4a76-9de3-87bb6ed76d7c req-8e4d0740-2c61-4a76-9de3-87bb6ed76d7c ] Request (FlavorsAdminTestJSON:_run_cleanups): 202 DELETE http://10.180.1.21/compute/v2.1/flavors/1546274549 1.011s
2025-02-19 12:55:19.912 63007 INFO tempest.lib.common.rest_client [req-bf66ee23-590c-4da1-9b97-3f9ce3ee9e7f req-bf66ee23-590c-4da1-9b97-3f9ce3ee9e7f ] Request (ServersAdmin275Test:test_rebuild_update_server_275): 200 PUT http://10.180.1.21/compute/v2.1/servers/d547c3ed-e5c6-4ced-ab16-5b05f21515e8 1.306s
2025-02-19 12:55:19.930 62997 INFO tempest.lib.common.rest_client [req-60b9b686-2f13-459d-84e3-1b3d3a87a1df req-60b9b686-2f13-459d-84e3-1b3d3a87a1df ] Request (ListImageFiltersTestJSON:setUpClass): 201 POST http://10.180.1.21/image/v2/images 0.444s
2025-02-19 12:55:19.959 63015 INFO tempest.lib.common.rest_client [req-59db8b06-7c37-4725-86ba-1beb906dc512 req-59db8b06-7c37-4725-86ba-1beb906dc512 ] Request (ImagesTestJSON:test_create_image_from_stopped_server): 200 GET http://10.180.1.21/compute/v2.1/images/7147b574-502c-432e-9413-98f455c5d333 0.863s
2025-02-19 12:55:19.975 63005 INFO tempest.lib.common.rest_client [req-3ec65327-3670-49cf-98b9-0d3de26b1348 req-3ec65327-3670-49cf-98b9-0d3de26b1348 ] Request (ServersTestJSON:setUpClass): 200 GET http://10.180.1.21/compute/v2.1/servers/0658fbfd-0f3c-4883-9f97-9e74b42f7b8c/os-interface 0.997s
2025-02-19 12:55:20.032 63015 INFO tempest.lib.common.rest_client [req-3468d02a-b851-4812-882e-308b59dc8e12 req-3468d02a-b851-4812-882e-308b59dc8e12 ] Request (ImagesTestJSON:test_create_image_from_stopped_server): 200 GET http://10.180.1.21/image/v2/images/7147b574-502c-432e-9413-98f455c5d333/tasks 0.068s
2025-02-19 12:55:20.045 62999 INFO tempest.lib.common.rest_client [req-740c4ce0-3da2-4299-ab64-0d8e5cd41c90 req-740c4ce0-3da2-4299-ab64-0d8e5cd41c90 ] Request (ImagesOneServerTestJSON:test_create_image_specify_multibyte_character_image_name): 200 GET http://10.180.1.21/compute/v2.1/images/691092e8-4a33-4a9b-8fdd-35949c095d57 0.852s
2025-02-19 12:55:20.182 63025 INFO tempest.lib.common.rest_client [req-ce0026b5-e2f3-4a05-83d0-e97acb12a71a req-ce0026b5-e2f3-4a05-83d0-e97acb12a71a ] Request (ServersAdminNegativeTestJSON:setUpClass): 200 GET http://10.180.1.21/compute/v2.1/servers/dce2dfc5-fcf3-44a1-b523-907cd2247634 0.917s
2025-02-19 12:55:20.198 63025 INFO tempest.common.waiters [-] State transition "BUILD/block_device_mapping" ==> "BUILD/spawning" after 19 second wait
2025-02-19 12:55:20.207 62989 INFO tempest.lib.common.rest_client [req-950e1c76-e9f6-4cee-b586-05b66a48b9a0 req-950e1c76-e9f6-4cee-b586-05b66a48b9a0 ] Request (SecurityGroupRulesNegativeTestJSON:tearDownClass): 204 DELETE http://10.180.1.21:9696/networking/v2.0/routers/ec9da900-7add-4aac-8801-3eacfb107dd6 0.396s
2025-02-19 12:55:20.250 63037 INFO tempest.lib.common.rest_client [req-f1502117-63c2-49ab-93b7-a7aee42f8577 req-f1502117-63c2-49ab-93b7-a7aee42f8577 ] Request (ServerDiskConfigTestJSON:test_rebuild_server_with_auto_disk_config): 202 POST http://10.180.1.21/compute/v2.1/servers/5c88dc2b-0ee2-4bf2-b665-54fe750dadaa/action 0.965s
2025-02-19 12:55:20.317 63019 INFO tempest.lib.common.rest_client [req-2b1cfd98-f87b-4182-96c7-5d6e9c70f130 req-2b1cfd98-f87b-4182-96c7-5d6e9c70f130 ] Request (ImagesOneServerNegativeTestJSON:_run_cleanups): 200 GET http://10.180.1.21/compute/v2.1/servers/704619f9-21eb-41ce-9163-b33f3200cc21 0.939s
2025-02-19 12:55:20.415 62989 INFO tempest.lib.common.rest_client [req-a015424c-9360-42c7-953c-a458c041af72 req-a015424c-9360-42c7-953c-a458c041af72 ] Request (SecurityGroupRulesNegativeTestJSON:tearDownClass): 204 DELETE http://10.180.1.21:9696/networking/v2.0/subnets/7b63a272-99b0-4a91-a431-849506b4e37c 0.208s
2025-02-19 12:55:20.447 62995 INFO tempest.lib.common.rest_client [req-eb423477-7194-4ca6-8fae-702f10fdca74 req-eb423477-7194-4ca6-8fae-702f10fdca74 ] Request (SecurityGroupsTestAdminJSON:_run_cleanups): 202 DELETE http://10.180.1.21/compute/v2.1/os-security-groups/fdea3269-c361-4539-9816-4198f3e8a39e 1.036s
2025-02-19 12:55:20.466 63041 INFO tempest.lib.common.rest_client [req-c2835293-6e0e-4548-8829-062511184b23 req-c2835293-6e0e-4548-8829-062511184b23 ] Request (ServersListShow296Test:test_list_show_server_296): 200 GET http://10.180.1.21/compute/v2.1/servers/baa5e195-6c35-4b29-b982-d6a4a3fabad7 1.008s
2025-02-19 12:55:20.539 63011 INFO tempest.lib.common.rest_client [req-a21ed030-6342-44ff-a750-37c142a0a5db req-a21ed030-6342-44ff-a750-37c142a0a5db ] Request (FloatingIPsAssociationTestJSON:test_associate_already_associated_floating_ip): 200 GET http://10.180.1.21/compute/v2.1/servers/e2497c37-4c32-416d-89e1-90b4deeea4ed 1.067s
2025-02-19 12:55:20.546 63011 INFO tempest.common.waiters [-] State transition "BUILD/scheduling" ==> "BUILD/None" after 7 second wait
2025-02-19 12:55:20.605 62987 INFO tempest.lib.common.rest_client [req-ffe133cd-0b0b-4441-a493-58a8409c275d req-ffe133cd-0b0b-4441-a493-58a8409c275d ] Request (ServersTestManualDisk:setUpClass): 200 GET http://10.180.1.21/compute/v2.1/servers/6bec2128-2991-42c8-a527-5566d7cea371 0.921s
2025-02-19 12:55:20.642 63023 WARNING tempest.lib.common.ssh [-] Failed to establish authenticated ssh connection to cirros@10.180.180.183 ([Errno None] Unable to connect to port 22 on 10.180.180.183). Number attempts: 3. Retry after 4 seconds.: paramiko.ssh_exception.NoValidConnectionsError: [Errno None] Unable to connect to port 22 on 10.180.180.183
2025-02-19 12:55:20.811 63027 INFO tempest.lib.common.rest_client [req-1a9a78f3-ca4c-49e6-98f3-6647fa61c879 req-1a9a78f3-ca4c-49e6-98f3-6647fa61c879 ] Request (SecurityGroupRulesTestJSON:test_security_group_rules_create_with_optional_group_id): 200 POST http://10.180.1.21/compute/v2.1/os-security-groups 1.109s
2025-02-19 12:55:20.815 63021 INFO tempest.lib.common.rest_client [req-7520608d-87e3-4031-aefa-1be76968456c req-7520608d-87e3-4031-aefa-1be76968456c ] Request (ServersTestFqdnHostnames:test_create_server_with_fqdn_name): 200 GET http://10.180.1.21/compute/v2.1/servers/304d1582-d380-41e8-9651-a28895a33fca/os-interface 1.199s
2025-02-19 12:55:20.815 62989 INFO tempest.lib.common.rest_client [req-e34b8b66-d6b9-47dc-b3ea-9ad634fd1e25 req-e34b8b66-d6b9-47dc-b3ea-9ad634fd1e25 ] Request (SecurityGroupRulesNegativeTestJSON:tearDownClass): 204 DELETE http://10.180.1.21:9696/networking/v2.0/networks/00a76cbf-8820-4831-a094-1c6944acd77b 0.399s
2025-02-19 12:55:20.818 63045 INFO tempest.lib.common.rest_client [req-9c222220-0b59-466b-86e6-b21a3568bbae req-9c222220-0b59-466b-86e6-b21a3568bbae ] Request (ImagesNegativeTestJSON:test_create_image_specify_uuid_35_characters_or_less): 404 POST http://10.180.1.21/compute/v2.1/servers/aaaaaaaaaaaaaaaaaaaaaaaaaaaaaaaaaaa/action 0.991s
2025-02-19 12:55:20.967 62989 INFO tempest.lib.common.rest_client [req-dc3e368c-2c59-4444-bc73-c823038b76d0 req-dc3e368c-2c59-4444-bc73-c823038b76d0 ] Request (SecurityGroupRulesNegativeTestJSON:tearDownClass): 204 DELETE http://10.180.1.21/identity/v3/users/015381ee1395437e82160468a4783110 0.151s
2025-02-19 12:55:20.967 62989 INFO tempest.lib.common.dynamic_creds [-] Deleting project and security group for project: 11392e6df5954f5ab7962aa8255e09ed
2025-02-19 12:55:20.971 63035 INFO tempest.lib.common.rest_client [req-b44a0291-2b2b-4457-b8fb-eab51753d599 req-b44a0291-2b2b-4457-b8fb-eab51753d599 ] Request (MigrationsAdminTest:test_list_migrations_in_flavor_resize_situation): 200 GET http://10.180.1.21/compute/v2.1/servers/a69ba441-7bb7-4eb0-83c3-72fd09086028 1.260s
2025-02-19 12:55:20.979 63035 INFO tempest.common.waiters [-] State transition "RESIZE/resize_migrating" ==> "RESIZE/resize_migrated" after 28 second wait
2025-02-19 12:55:21.000 63050 INFO tempest.lib.common.rest_client [req-2bea0f56-f1d3-4535-9799-d8eac015c2f9 req-2bea0f56-f1d3-4535-9799-d8eac015c2f9 ] Request (FlavorsAdminTestJSON:_run_cleanups): 200 GET http://10.180.1.21/compute/v2.1/flavors/detail 1.117s
2025-02-19 12:55:21.115 62989 INFO tempest.lib.common.rest_client [req-36892f46-0fb0-4b4b-95a9-7610d149acd0 req-36892f46-0fb0-4b4b-95a9-7610d149acd0 ] Request (SecurityGroupRulesNegativeTestJSON:tearDownClass): 200 GET http://10.180.1.21:9696/networking/v2.0/security-groups?tenant_id=11392e6df5954f5ab7962aa8255e09ed&name=default 0.148s
2025-02-19 12:55:21.236 63043 INFO tempest.lib.common.rest_client [req-883b7d54-f98f-431e-ae6b-7b6dc3d4e924 req-883b7d54-f98f-431e-ae6b-7b6dc3d4e924 ] Request (SecurityGroupsTestJSON:test_security_groups_create_list_delete): 202 DELETE http://10.180.1.21/compute/v2.1/os-security-groups/283afc98-a501-45b0-a560-cb87c42cc5b4 1.379s
2025-02-19 12:55:21.301 63007 INFO tempest.lib.common.rest_client [req-f4bf1c0b-679a-4cab-9adb-defc39d2d812 req-f4bf1c0b-679a-4cab-9adb-defc39d2d812 ] Request (ServersAdmin275Test:test_rebuild_update_server_275): 200 GET http://10.180.1.21/compute/v2.1/servers/d547c3ed-e5c6-4ced-ab16-5b05f21515e8 1.372s
2025-02-19 12:55:21.376 63047 INFO tempest.lib.common.rest_client [req-60f7081e-8411-46b4-a93c-96773079425b req-60f7081e-8411-46b4-a93c-96773079425b ] Request (ServersTestBootFromVolume:setUpClass): 200 GET http://10.180.1.21/compute/v2.1/servers/5e104993-6b3d-4cca-addf-34106ee5de9b 1.318s
2025-02-19 12:55:21.450 63029 INFO tempest.lib.common.rest_client [req-f9656aee-12e1-4b18-9b4c-e118a6e0d419 req-f9656aee-12e1-4b18-9b4c-e118a6e0d419 ] Request (AttachInterfacesUnderV243Test:test_add_remove_fixed_ip): 200 GET http://10.180.1.21/compute/v2.1/servers/69186eb4-17b1-4f7c-9826-3130db408500 1.388s
2025-02-19 12:55:21.464 63029 INFO tempest.common.waiters [-] State transition "BUILD/None" ==> "BUILD/spawning" after 19 second wait
2025-02-19 12:55:21.466 62989 INFO tempest.lib.common.rest_client [req-81257823-3933-477a-bea9-a8a8a0edd361 req-81257823-3933-477a-bea9-a8a8a0edd361 ] Request (SecurityGroupRulesNegativeTestJSON:tearDownClass): 204 DELETE http://10.180.1.21:9696/networking/v2.0/security-groups/0888bd6b-6e49-4ec4-8ba1-af2c72735d5e 0.351s
2025-02-19 12:55:21.518 63031 INFO tempest.lib.common.rest_client [req-5c23254c-3c93-4c9b-a7d8-9f272b8005e7 req-5c23254c-3c93-4c9b-a7d8-9f272b8005e7 ] Request (ServerPasswordTestJSON:setUpClass): 200 GET http://10.180.1.21/compute/v2.1/servers/4c2f7cca-4369-4c0c-83a2-567281381883 1.360s
2025-02-19 12:55:21.595 63001 INFO tempest.lib.common.rest_client [req-2864b0e8-568d-4de3-b8b8-aaac66240ecd req-2864b0e8-568d-4de3-b8b8-aaac66240ecd ] Request (DeleteServersAdminTestJSON:test_delete_server_while_in_error_state): 200 GET http://10.180.1.21/compute/v2.1/servers/d1d162c6-7bad-45c2-b7f3-52e5ac65f98d 1.372s
2025-02-19 12:55:21.611 62997 INFO tempest.lib.common.rest_client [req-756b4db5-9eee-4fd0-ba4a-ea873a718e63 req-756b4db5-9eee-4fd0-ba4a-ea873a718e63 ] Request (ListImageFiltersTestJSON:setUpClass): 204 PUT http://10.180.1.21/image/v2/images/729bc897-b183-44bd-8118-fb7961d3c52d/file 0.679s
2025-02-19 12:55:21.616 62989 INFO tempest.lib.common.rest_client [req-5f39bffe-ae3b-41e1-a426-a0d437aa5bdd req-5f39bffe-ae3b-41e1-a426-a0d437aa5bdd ] Request (SecurityGroupRulesNegativeTestJSON:tearDownClass): 204 DELETE http://10.180.1.21/identity/v3/projects/11392e6df5954f5ab7962aa8255e09ed 0.149s
2025-02-19 12:55:21.707 62989 INFO tempest.lib.common.rest_client [req-c37f30c9-e23c-4015-b433-c99f24f28d9d req-c37f30c9-e23c-4015-b433-c99f24f28d9d ] Request (ListServersNegativeTestJSON:setUpClass): 201 POST http://10.180.1.21/identity/v3/auth/tokens 0.088s
2025-02-19 12:55:21.716 63015 INFO tempest.lib.common.rest_client [req-da9e690d-7b41-48dc-9dd1-dfa1e2c08ad6 req-da9e690d-7b41-48dc-9dd1-dfa1e2c08ad6 ] Request (ImagesTestJSON:_run_cleanups): 204 DELETE http://10.180.1.21/compute/v2.1/images/7147b574-502c-432e-9413-98f455c5d333 1.683s
2025-02-19 12:55:21.729 63021 INFO tempest.lib.common.rest_client [req-a4757320-d744-4482-b257-2beba7e0e4f6 req-a4757320-d744-4482-b257-2beba7e0e4f6 ] Request (ServersTestFqdnHostnames:test_create_server_with_fqdn_name): 200 PUT http://10.180.1.21:9696/networking/v2.0/floatingips/71327c53-0aae-4b70-8b7a-180c79069b8d 0.911s
2025-02-19 12:55:21.730 63021 INFO tempest.lib.common.ssh [-] Creating ssh connection to '10.180.180.154:22' as 'cirros' with public key authentication
2025-02-19 12:55:21.730 63005 INFO tempest.lib.common.rest_client [req-70cf4806-aa7c-4fd3-bcfd-7f3e998c2c47 req-70cf4806-aa7c-4fd3-bcfd-7f3e998c2c47 ] Request (ServersTestJSON:setUpClass): 200 PUT http://10.180.1.21:9696/networking/v2.0/floatingips/21dff7e5-b40f-4ea6-b733-c315fb99946d 1.750s
2025-02-19 12:55:21.766 62989 INFO tempest.lib.common.rest_client [req-51af4530-8f31-4f9e-9711-111e8e5ee3f2 req-51af4530-8f31-4f9e-9711-111e8e5ee3f2 ] Request (ListServersNegativeTestJSON:setUpClass): 201 POST http://10.180.1.21/identity/v3/auth/tokens 0.051s
2025-02-19 12:55:21.804 63037 INFO tempest.lib.common.rest_client [req-ae780c6c-41f0-43c0-9ea9-f65071d00d36 req-ae780c6c-41f0-43c0-9ea9-f65071d00d36 ] Request (ServerDiskConfigTestJSON:test_rebuild_server_with_auto_disk_config): 200 GET http://10.180.1.21/compute/v2.1/servers/5c88dc2b-0ee2-4bf2-b665-54fe750dadaa 1.548s
2025-02-19 12:55:21.805 62989 INFO tempest.lib.common.rest_client [req-5446a24b-9eb7-4971-b454-ae3d00f4010c req-5446a24b-9eb7-4971-b454-ae3d00f4010c ] Request (ListServersNegativeTestJSON:setUpClass): 200 GET http://10.180.1.21/identity/v3/domains?name=Default 0.037s
2025-02-19 12:55:21.816 63003 INFO tempest.lib.common.rest_client [req-3309eebf-e984-4c53-a49b-70e9a37a7d2f req-3309eebf-e984-4c53-a49b-70e9a37a7d2f ] Request (TenantUsagesTestJSON:setUpClass): 200 GET http://10.180.1.21/compute/v2.1/servers/fc26fcf9-0a2f-49cc-9ab7-279df1863069 1.532s
2025-02-19 12:55:21.850 62989 INFO tempest.lib.common.rest_client [req-b74dc8cd-4ab8-4286-8b70-64b2150c1191 req-b74dc8cd-4ab8-4286-8b70-64b2150c1191 ] Request (ListServersNegativeTestJSON:setUpClass): 201 POST http://10.180.1.21/identity/v3/projects 0.044s
2025-02-19 12:55:21.941 62989 INFO tempest.lib.common.rest_client [req-d86939d6-595e-4b69-93f5-644446cf27aa req-d86939d6-595e-4b69-93f5-644446cf27aa ] Request (ListServersNegativeTestJSON:setUpClass): 201 POST http://10.180.1.21/identity/v3/users 0.091s
2025-02-19 12:55:21.946 62995 INFO tempest.lib.common.rest_client [req-58e5c460-49c7-47d7-b9c0-dfa1d7fb8d08 req-58e5c460-49c7-47d7-b9c0-dfa1d7fb8d08 ] Request (SecurityGroupsTestAdminJSON:_run_cleanups): 202 DELETE http://10.180.1.21/compute/v2.1/os-security-groups/b3cc3a4b-902f-40a3-b9ea-6440f8bd22d0 1.499s
2025-02-19 12:55:21.968 62989 INFO tempest.lib.common.rest_client [req-f7c0d627-fba1-430e-ad3f-b64304fd5187 req-f7c0d627-fba1-430e-ad3f-b64304fd5187 ] Request (ListServersNegativeTestJSON:setUpClass): 200 GET http://10.180.1.21/identity/v3/roles 0.025s
2025-02-19 12:55:22.004 62989 INFO tempest.lib.common.rest_client [req-5957d73c-5cbe-4f70-b88b-bf5766c5cfa0 req-5957d73c-5cbe-4f70-b88b-bf5766c5cfa0 ] Request (ListServersNegativeTestJSON:setUpClass): 204 PUT http://10.180.1.21/identity/v3/projects/cb3d74687a20457fb0bc326228b07f21/users/fd2a966c608a454b891627041a94146e/roles/93051d0667c749fca80780c0cf641ae9 0.035s
2025-02-19 12:55:22.004 62989 INFO tempest.lib.common.dynamic_creds [-] Dynamic test user fd2a966c608a454b891627041a94146e is created with scope project and roles: ['member']
2025-02-19 12:55:22.004 62989 INFO tempest.lib.common.dynamic_creds [-] Acquired dynamic creds: credentials: Credentials: {'domain_id': 'default', 'domain_name': 'Default', 'username': 'tempest-ListServersNegativeTestJSON-20386487-project-member', 'project_domain_id': 'default', 'project_domain_name': 'Default', 'project_id': 'cb3d74687a20457fb0bc326228b07f21', 'project_name': 'tempest-ListServersNegativeTestJSON-20386487', 'tenant_id': 'cb3d74687a20457fb0bc326228b07f21', 'tenant_name': 'tempest-ListServersNegativeTestJSON-20386487', 'user_domain_id': 'default', 'user_domain_name': 'Default', 'user_id': 'fd2a966c608a454b891627041a94146e', 'system': None}, Network: None, Subnet: None, Router: None
2025-02-19 12:55:22.018 63013 INFO tempest.lib.common.rest_client [req-254bdbe1-1075-4f65-bccc-a770b275d948 req-254bdbe1-1075-4f65-bccc-a770b275d948 ] Request (AttachVolumeShelveTestJSON:test_attach_volume_shelved_or_offload_server): 200 GET http://10.180.1.21/compute/v2.1/servers/a9b63d1b-69be-4b6a-a3b8-9f6237644428 1.297s
2025-02-19 12:55:22.020 63009 INFO tempest.lib.common.rest_client [req-2899cf50-876f-4f91-a0f2-05f31ab32e65 req-2899cf50-876f-4f91-a0f2-05f31ab32e65 ] Request (ServersAdminTestJSON:setUpClass): 200 PUT http://10.180.1.21:9696/networking/v2.0/routers/e7859bd9-90bc-40fa-9dae-a9fddf956d2e/add_router_interface 2.481s
2025-02-19 12:55:22.021 63009 INFO tempest.lib.common.dynamic_creds [-] Created isolated network resources for: credentials: Credentials: {'domain_id': 'default', 'domain_name': 'Default', 'username': 'tempest-ServersAdminTestJSON-1362641542-project-admin', 'project_domain_id': 'default', 'project_domain_name': 'Default', 'project_id': '3799313a11e9415bb3182d5ebd95ace1', 'project_name': 'tempest-ServersAdminTestJSON-1362641542', 'tenant_id': '3799313a11e9415bb3182d5ebd95ace1', 'tenant_name': 'tempest-ServersAdminTestJSON-1362641542', 'user_domain_id': 'default', 'user_domain_name': 'Default', 'user_id': 'bc022f4b8b3c411c96245c266b060290', 'system': None}, Network: {'id': '372be2be-c875-4b16-b5d1-2442cca534aa', 'name': 'tempest-ServersAdminTestJSON-1063983638-network', 'tenant_id': '3799313a11e9415bb3182d5ebd95ace1', 'admin_state_up': True, 'mtu': 8950, 'status': 'ACTIVE', 'subnets': [], 'shared': False, 'project_id': '3799313a11e9415bb3182d5ebd95ace1', 'port_security_enabled': True, 'router:external': False, 'provider:network_type': 'vlan', 'provider:physical_network': 'default', 'provider:segmentation_id': 20, 'availability_zone_hints': [], 'availability_zones': [], 'ipv4_address_scope': None, 'ipv6_address_scope': None, 'description': '', 'tags': [], 'created_at': '2025-02-19T12:55:17Z', 'updated_at': '2025-02-19T12:55:17Z', 'revision_number': 1}, Subnet: {'id': 'b472dad2-7d82-4ba0-a121-42b45de3611f', 'name': 'tempest-ServersAdminTestJSON-1063983638-subnet', 'tenant_id': '3799313a11e9415bb3182d5ebd95ace1', 'network_id': '372be2be-c875-4b16-b5d1-2442cca534aa', 'ip_version': 4, 'subnetpool_id': None, 'enable_dhcp': True, 'ipv6_ra_mode': None, 'ipv6_address_mode': None, 'gateway_ip': '192.168.128.1', 'cidr': '192.168.128.0/28', 'allocation_pools': [{'start': '192.168.128.2', 'end': '192.168.128.14'}], 'host_routes': [], 'dns_nameservers': [], 'description': '', 'router:external': False, 'service_types': [], 'tags': [], 'created_at': '2025-02-19T12:55:17Z', 'updated_at': '2025-02-19T12:55:17Z', 'revision_number': 0, 'project_id': '3799313a11e9415bb3182d5ebd95ace1'}, Router: {'id': 'e7859bd9-90bc-40fa-9dae-a9fddf956d2e', 'name': 'tempest-ServersAdminTestJSON-1063983638-router', 'tenant_id': '3799313a11e9415bb3182d5ebd95ace1', 'admin_state_up': True, 'status': 'ACTIVE', 'external_gateway_info': {'network_id': 'a755ca55-5c64-41c4-9c16-f76b7f52f169', 'external_fixed_ips': [{'subnet_id': '187e5fda-de9e-4f85-add7-eae0f770bc4c', 'ip_address': '10.180.180.228'}], 'enable_snat': True}, 'description': '', 'availability_zones': [], 'distributed': False, 'ha': False, 'availability_zone_hints': [], 'routes': [], 'flavor_id': None, 'tags': [], 'created_at': '2025-02-19T12:55:18Z', 'updated_at': '2025-02-19T12:55:18Z', 'revision_number': 2, 'project_id': '3799313a11e9415bb3182d5ebd95ace1'}
2025-02-19 12:55:22.090 62993 INFO tempest.lib.common.rest_client [req-17da1da3-37b7-4c5f-9a43-b029866e33e1 req-17da1da3-37b7-4c5f-9a43-b029866e33e1 ] Request (AttachInterfacesTestJSON:test_create_list_show_delete_interfaces_by_fixed_ip): 200 GET http://10.180.1.21/compute/v2.1/servers/c8c1c0a6-3027-4521-bbfb-5bba34401af2 1.290s
2025-02-19 12:55:22.095 62989 INFO tempest.lib.common.rest_client [req-7ca25995-0840-4043-b648-8574ebff1671 req-7ca25995-0840-4043-b648-8574ebff1671 ] Request (ListServersNegativeTestJSON:setUpClass): 201 POST http://10.180.1.21/identity/v3/auth/tokens 0.091s
2025-02-19 12:55:22.102 63041 INFO tempest.lib.common.rest_client [req-75e7573e-87cc-4164-9012-b7fdc1f6cc48 req-75e7573e-87cc-4164-9012-b7fdc1f6cc48 ] Request (ServersListShow296Test:tearDownClass): 204 DELETE http://10.180.1.21/compute/v2.1/servers/baa5e195-6c35-4b29-b982-d6a4a3fabad7 1.605s
2025-02-19 12:55:22.110 63045 INFO tempest.lib.common.rest_client [req-6dd968c4-9c74-4c26-a2eb-2423bb37fe36 req-6dd968c4-9c74-4c26-a2eb-2423bb37fe36 ] Request (ImagesNegativeTestJSON:test_create_image_specify_uuid_37_characters_or_more): 404 POST http://10.180.1.21/compute/v2.1/servers/aaaaaaaaaaaaaaaaaaaaaaaaaaaaaaaaaaaaa/action 1.290s
2025-02-19 12:55:22.131 63009 INFO tempest.lib.common.rest_client [req-acdbf2b8-edba-432f-9400-cc65e7471e72 req-acdbf2b8-edba-432f-9400-cc65e7471e72 ] Request (ServersAdminTestJSON:setUpClass): 201 POST http://10.180.1.21/identity/v3/auth/tokens 0.105s
2025-02-19 12:55:22.185 62991 INFO tempest.lib.common.rest_client [req-bccb94ee-98b1-4511-951c-12b356b93e9d req-bccb94ee-98b1-4511-951c-12b356b93e9d ] Request (ServerActionsV293TestJSON:setUpClass): 200 GET http://10.180.1.21/compute/v2.1/servers/49be8bf1-44e4-4729-9934-6d9bcfc2d581 1.351s
2025-02-19 12:55:22.203 63009 INFO tempest.lib.common.rest_client [req-91590d85-d142-44ad-baef-acb6eb6922bd req-91590d85-d142-44ad-baef-acb6eb6922bd ] Request (ServersAdminTestJSON:setUpClass): 201 POST http://10.180.1.21/identity/v3/auth/tokens 0.067s
2025-02-19 12:55:22.204 63009 INFO tempest.lib.common.fixed_network [-] (ServersAdminTestJSON:setUpClass) Found network {'id': '4ba5c7c0-8e70-4063-9811-5d4defdebdbc', 'name': 'tempest-ServersAdminTestJSON-2040256250-network', 'tenant_id': '978dd68d776c45d1a89553cba5d0a847', 'admin_state_up': True, 'mtu': 8950, 'status': 'ACTIVE', 'subnets': [], 'shared': False, 'project_id': '978dd68d776c45d1a89553cba5d0a847', 'port_security_enabled': True, 'router:external': False, 'provider:network_type': 'vlan', 'provider:physical_network': 'default', 'provider:segmentation_id': 976, 'availability_zone_hints': [], 'availability_zones': [], 'ipv4_address_scope': None, 'ipv6_address_scope': None, 'description': '', 'tags': [], 'created_at': '2025-02-19T12:55:13Z', 'updated_at': '2025-02-19T12:55:13Z', 'revision_number': 1} available for tenant
2025-02-19 12:55:22.280 63050 INFO tempest.lib.common.rest_client [req-e6fc184a-553e-41e5-9c14-10e495bc1268 req-e6fc184a-553e-41e5-9c14-10e495bc1268 ] Request (FlavorsAdminTestJSON:test_list_public_flavor_with_other_user): 200 POST http://10.180.1.21/compute/v2.1/flavors 1.265s
2025-02-19 12:55:22.323 62999 INFO tempest.lib.common.rest_client [req-6e271f63-4e0f-44b1-98c0-acbd9b388e60 req-6e271f63-4e0f-44b1-98c0-acbd9b388e60 ] Request (ImagesOneServerTestJSON:test_create_image_specify_multibyte_character_image_name): 200 GET http://10.180.1.21/compute/v2.1/images/691092e8-4a33-4a9b-8fdd-35949c095d57 1.273s
2025-02-19 12:55:22.328 63027 INFO tempest.lib.common.rest_client [req-a7f4d5e7-8c31-4fdb-b830-034504dd0255 req-a7f4d5e7-8c31-4fdb-b830-034504dd0255 ] Request (SecurityGroupRulesTestJSON:test_security_group_rules_create_with_optional_group_id): 200 POST http://10.180.1.21/compute/v2.1/os-security-groups 1.511s
2025-02-19 12:55:22.355 63043 INFO tempest.lib.common.rest_client [req-96511f00-3e02-4e1a-ba1f-cc3f47e037ea req-96511f00-3e02-4e1a-ba1f-cc3f47e037ea ] Request (SecurityGroupsTestJSON:test_security_groups_create_list_delete): 404 GET http://10.180.1.21/compute/v2.1/os-security-groups/283afc98-a501-45b0-a560-cb87c42cc5b4 1.118s
2025-02-19 12:55:22.458 62989 INFO tempest.lib.common.rest_client [req-985c7d8b-1479-4725-a62d-f0672d1d6aa6 req-985c7d8b-1479-4725-a62d-f0672d1d6aa6 ] Request (ListServersNegativeTestJSON:setUpClass): 201 POST http://10.180.1.21:9696/networking/v2.0/networks 0.362s
2025-02-19 12:55:22.460 63025 INFO tempest.lib.common.rest_client [req-d9b4668c-2010-40d9-bdf4-96ba8d744efc req-d9b4668c-2010-40d9-bdf4-96ba8d744efc ] Request (ServersAdminNegativeTestJSON:setUpClass): 200 GET http://10.180.1.21/compute/v2.1/servers/dce2dfc5-fcf3-44a1-b523-907cd2247634 1.261s
2025-02-19 12:55:22.462 63019 INFO tempest.lib.common.rest_client [req-b5b61b2c-abc4-4b84-85cf-3a2a319c3818 req-b5b61b2c-abc4-4b84-85cf-3a2a319c3818 ] Request (ImagesOneServerNegativeTestJSON:_run_cleanups): 200 GET http://10.180.1.21/compute/v2.1/servers/704619f9-21eb-41ce-9163-b33f3200cc21 1.134s
2025-02-19 12:55:22.496 62997 INFO tempest.lib.common.rest_client [req-fa7dd653-c7ad-4311-bba0-9aa9ecaeeea1 req-fa7dd653-c7ad-4311-bba0-9aa9ecaeeea1 ] Request (ListImageFiltersTestJSON:setUpClass): 200 GET http://10.180.1.21/compute/v2.1/images/729bc897-b183-44bd-8118-fb7961d3c52d 0.883s
2025-02-19 12:55:22.520 63011 INFO tempest.lib.common.rest_client [req-35c5c992-de2c-4c5f-8a01-cb55120a1406 req-35c5c992-de2c-4c5f-8a01-cb55120a1406 ] Request (FloatingIPsAssociationTestJSON:test_associate_already_associated_floating_ip): 200 GET http://10.180.1.21/compute/v2.1/servers/e2497c37-4c32-416d-89e1-90b4deeea4ed 0.972s
2025-02-19 12:55:22.546 62987 INFO tempest.lib.common.rest_client [req-a103a579-d38d-470e-aa43-f08fb92fec35 req-a103a579-d38d-470e-aa43-f08fb92fec35 ] Request (ServersTestManualDisk:setUpClass): 200 GET http://10.180.1.21/compute/v2.1/servers/6bec2128-2991-42c8-a527-5566d7cea371 0.930s
2025-02-19 12:55:22.599 63015 INFO tempest.lib.common.rest_client [req-a49ccbcc-e6b9-444f-9643-5018c93ad2e9 req-a49ccbcc-e6b9-444f-9643-5018c93ad2e9 ] Request (ImagesTestJSON:_run_cleanups): 204 DELETE http://10.180.1.21/compute/v2.1/servers/fb42d038-408e-4c58-9794-5af09e02f4ac 0.882s
2025-02-19 12:55:22.672 63005 INFO tempest.lib.common.rest_client [req-43bc68b6-858b-45a7-bf85-e71e2790932f req-43bc68b6-858b-45a7-bf85-e71e2790932f ] Request (ServersTestJSON:setUpClass): 200 GET http://10.180.1.21/compute/v2.1/servers/0658fbfd-0f3c-4883-9f97-9e74b42f7b8c 0.941s
2025-02-19 12:55:22.672 62989 INFO tempest.lib.common.rest_client [req-25d71510-e95f-4c7f-81e9-7ec2d296d257 req-25d71510-e95f-4c7f-81e9-7ec2d296d257 ] Request (ListServersNegativeTestJSON:setUpClass): 201 POST http://10.180.1.21:9696/networking/v2.0/subnets 0.213s
2025-02-19 12:55:22.681 63005 INFO tempest.lib.common.ssh [-] Creating ssh connection to '10.180.180.232:22' as 'cirros' with public key authentication
2025-02-19 12:55:22.693 63015 INFO tempest.lib.common.rest_client [req-d31f98d9-5158-494a-a6b4-4c0548e636f4 req-d31f98d9-5158-494a-a6b4-4c0548e636f4 ] Request (ImagesTestJSON:test_create_image_from_suspended_server): 201 POST http://10.180.1.21/identity/v3/auth/tokens 0.088s
2025-02-19 12:55:22.694 63015 INFO tempest.lib.common.fixed_network [-] (ImagesTestJSON:test_create_image_from_suspended_server) Found network {'id': '7942d453-25cf-41a4-90df-a93f804c4291', 'name': 'tempest-ImagesTestJSON-975492150-network', 'tenant_id': '493b2b18c820495d82181e349c686c39', 'admin_state_up': True, 'mtu': 8950, 'status': 'ACTIVE', 'subnets': [], 'shared': False, 'project_id': '493b2b18c820495d82181e349c686c39', 'port_security_enabled': True, 'router:external': False, 'provider:network_type': 'vlan', 'provider:physical_network': 'default', 'provider:segmentation_id': 351, 'availability_zone_hints': [], 'availability_zones': [], 'ipv4_address_scope': None, 'ipv6_address_scope': None, 'description': '', 'tags': [], 'created_at': '2025-02-19T12:54:15Z', 'updated_at': '2025-02-19T12:54:15Z', 'revision_number': 1} available for tenant
2025-02-19 12:55:22.755 63039 WARNING tempest.lib.common.ssh [-] Failed to establish authenticated ssh connection to cirros@10.180.180.250 ([Errno None] Unable to connect to port 22 on 10.180.180.250). Number attempts: 3. Retry after 4 seconds.: paramiko.ssh_exception.NoValidConnectionsError: [Errno None] Unable to connect to port 22 on 10.180.180.250
2025-02-19 12:55:22.757 62995 INFO tempest.lib.common.rest_client [req-522d6a19-98a4-49f7-adeb-9ca660584806 req-522d6a19-98a4-49f7-adeb-9ca660584806 ] Request (SecurityGroupsTestAdminJSON:_run_cleanups): 202 DELETE http://10.180.1.21/compute/v2.1/os-security-groups/18201e71-ff94-4025-a5db-e50f98164fe2 0.810s
2025-02-19 12:55:22.788 63041 INFO tempest.lib.common.rest_client [req-7513cd37-bfba-488a-b45e-fbb15df9358e req-7513cd37-bfba-488a-b45e-fbb15df9358e ] Request (ServersListShow296Test:tearDownClass): 404 GET http://10.180.1.21/compute/v2.1/servers/baa5e195-6c35-4b29-b982-d6a4a3fabad7 0.685s
2025-02-19 12:55:22.812 63045 INFO tempest.lib.common.rest_client [req-7cafdc68-2d43-4b49-ae36-bc625cca8aa2 req-7cafdc68-2d43-4b49-ae36-bc625cca8aa2 ] Request (ImagesNegativeTestJSON:tearDownClass): 404 DELETE http://10.180.1.21/compute/v2.1/servers/8a1c515b-5345-431e-9cb6-a88a1261a5d9 0.699s
2025-02-19 12:55:22.879 63035 INFO tempest.lib.common.rest_client [req-93db8cba-013d-44bc-b5de-61c821d73d2b req-93db8cba-013d-44bc-b5de-61c821d73d2b ] Request (MigrationsAdminTest:test_list_migrations_in_flavor_resize_situation): 200 GET http://10.180.1.21/compute/v2.1/servers/a69ba441-7bb7-4eb0-83c3-72fd09086028 0.898s
2025-02-19 12:55:22.911 63050 INFO tempest.lib.common.rest_client [req-257cd116-a3ec-4e15-86c9-596aa75ed354 req-257cd116-a3ec-4e15-86c9-596aa75ed354 ] Request (FlavorsAdminTestJSON:test_list_public_flavor_with_other_user): 200 GET http://10.180.1.21/compute/v2.1/flavors/detail 0.628s
2025-02-19 12:55:22.933 63041 INFO tempest.lib.common.rest_client [req-c7b7bce2-9ded-4db2-8d34-5007ec2689d8 req-c7b7bce2-9ded-4db2-8d34-5007ec2689d8 ] Request (ServersListShow296Test:tearDownClass): 204 DELETE http://10.180.1.21/identity/v3/users/449e9c5164b7420f8450297a8a635d07 0.144s
2025-02-19 12:55:22.933 63041 INFO tempest.lib.common.dynamic_creds [-] Deleting project and security group for project: 1f04f234c6bb4587b49dd056dedf3edd
2025-02-19 12:55:22.991 63007 INFO tempest.lib.common.rest_client [req-f59b0e8d-ce3e-4ebf-96f1-9144b82cde15 req-f59b0e8d-ce3e-4ebf-96f1-9144b82cde15 ] Request (ServersAdmin275Test:test_rebuild_update_server_275): 200 GET http://10.180.1.21/compute/v2.1/servers/d547c3ed-e5c6-4ced-ab16-5b05f21515e8 0.675s
2025-02-19 12:55:23.006 63041 INFO tempest.lib.common.rest_client [req-09e5c02a-68e3-47f7-8314-d94cf48d2878 req-09e5c02a-68e3-47f7-8314-d94cf48d2878 ] Request (ServersListShow296Test:tearDownClass): 201 POST http://10.180.1.21/identity/v3/auth/tokens 0.073s
2025-02-19 12:55:23.306 63027 INFO tempest.lib.common.rest_client [req-34bdddc4-8f7d-4efa-a481-bbbc3b9b2784 req-34bdddc4-8f7d-4efa-a481-bbbc3b9b2784 ] Request (SecurityGroupRulesTestJSON:test_security_group_rules_create_with_optional_group_id): 200 POST http://10.180.1.21/compute/v2.1/os-security-group-rules 0.975s
2025-02-19 12:55:23.462 63041 INFO tempest.lib.common.rest_client [req-ada4722f-f6c8-4c81-8351-addc8ede0845 req-ada4722f-f6c8-4c81-8351-addc8ede0845 ] Request (ServersListShow296Test:tearDownClass): 200 GET http://10.180.1.21:9696/networking/v2.0/security-groups?tenant_id=1f04f234c6bb4587b49dd056dedf3edd&name=default 0.456s
2025-02-19 12:55:23.498 63043 INFO tempest.lib.common.rest_client [req-611d4a5f-174c-4bd0-a03c-e81692d92073 req-611d4a5f-174c-4bd0-a03c-e81692d92073 ] Request (SecurityGroupsTestJSON:test_security_groups_create_list_delete): 202 DELETE http://10.180.1.21/compute/v2.1/os-security-groups/ff619c87-465b-4e05-8804-8a2314119094 1.143s
2025-02-19 12:55:23.587 63017 WARNING tempest.lib.common.ssh [-] Failed to establish authenticated ssh connection to cirros@10.180.180.209 ([Errno None] Unable to connect to port 22 on 10.180.180.209). Number attempts: 3. Retry after 4 seconds.: paramiko.ssh_exception.NoValidConnectionsError: [Errno None] Unable to connect to port 22 on 10.180.180.209
2025-02-19 12:55:23.743 63009 INFO tempest.lib.common.rest_client [req-81d7ee82-7573-4cb4-a4ed-1b3613e369b2 req-81d7ee82-7573-4cb4-a4ed-1b3613e369b2 ] Request (ServersAdminTestJSON:setUpClass): 202 POST http://10.180.1.21/compute/v2.1/servers 1.538s
2025-02-19 12:55:23.821 63047 INFO tempest.lib.common.rest_client [req-ba233993-5fce-4491-8f81-b9ea4613f6f7 req-ba233993-5fce-4491-8f81-b9ea4613f6f7 ] Request (ServersTestBootFromVolume:setUpClass): 200 GET http://10.180.1.21/compute/v2.1/servers/5e104993-6b3d-4cca-addf-34106ee5de9b 1.431s
2025-02-19 12:55:23.872 62997 INFO tempest.lib.common.rest_client [req-4343bf32-f688-4b7e-9f42-b91fbfe1afb7 req-4343bf32-f688-4b7e-9f42-b91fbfe1afb7 ] Request (ListImageFiltersTestJSON:setUpClass): 200 GET http://10.180.1.21/compute/v2.1/images/729bc897-b183-44bd-8118-fb7961d3c52d 1.372s
2025-02-19 12:55:23.879 63009 INFO tempest.lib.common.rest_client [req-b0f89856-7ab1-4e0b-876b-ea6047e2beb5 req-b0f89856-7ab1-4e0b-876b-ea6047e2beb5 ] Request (ServersAdminTestJSON:setUpClass): 201 POST http://10.180.1.21/identity/v3/auth/tokens 0.129s
