2025-02-19 12:54:28.210 63013 INFO tempest.lib.common.dynamic_creds [-] Created isolated network resources for: credentials: Credentials: {'domain_id': 'default', 'domain_name': 'Default', 'username': 'tempest-ServicesAdminNegativeV253TestJSON-913501141-project-member', 'project_domain_id': 'default', 'project_domain_name': 'Default', 'project_id': '928f4751c56f40a69a11a46ac256cf17', 'project_name': 'tempest-ServicesAdminNegativeV253TestJSON-913501141', 'tenant_id': '928f4751c56f40a69a11a46ac256cf17', 'tenant_name': 'tempest-ServicesAdminNegativeV253TestJSON-913501141', 'user_domain_id': 'default', 'user_domain_name': 'Default', 'user_id': '0f5be54d192c4c2c960999ee2f7c365e', 'system': None}, Network: None, Subnet: None, Router: None
2025-02-19 12:54:28.217 63050 INFO tempest.lib.common.rest_client [req-4d5f91d7-9b4f-4017-b3d4-4f311ef12347 req-4d5f91d7-9b4f-4017-b3d4-4f311ef12347 ] Request (FlavorsAdminTestJSON:_run_cleanups): 202 DELETE http://10.180.1.21/compute/v2.1/flavors/f98991ad-5de9-4c6f-8e4b-9c5ccd15bf4e 1.307s
2025-02-19 12:54:28.262 63035 INFO tempest.lib.common.rest_client [req-61deff12-12df-4fba-bc9e-dee0fccfc39a req-61deff12-12df-4fba-bc9e-dee0fccfc39a ] Request (MigrationsAdminTest:test_list_migrations_in_flavor_resize_situation): 200 GET http://10.180.1.21/compute/v2.1/servers/a69ba441-7bb7-4eb0-83c3-72fd09086028 1.488s
2025-02-19 12:54:28.266 63045 INFO tempest.lib.common.rest_client [req-f889403b-065e-4052-91c6-214751b1ba05 req-f889403b-065e-4052-91c6-214751b1ba05 ] Request (ImagesNegativeTestJSON:test_create_image_from_deleted_server): 201 POST http://10.180.1.21/identity/v3/auth/tokens 0.098s
2025-02-19 12:54:28.266 63011 INFO tempest.lib.common.rest_client [req-ae799e7e-f29c-4413-a22c-fc7b3c4a9196 req-ae799e7e-f29c-4413-a22c-fc7b3c4a9196 ] Request (FloatingIPsAssociationTestJSON:setUpClass): 201 POST http://10.180.1.21:9696/networking/v2.0/subnets 1.526s
2025-02-19 12:54:28.267 63045 INFO tempest.lib.common.fixed_network [-] (ImagesNegativeTestJSON:test_create_image_from_deleted_server) Found network {'id': '982b39e6-c2b2-49d8-a89c-1fcb8c28226c', 'name': 'tempest-ImagesNegativeTestJSON-1727644699-network', 'tenant_id': '33c65bfee6584daab23129de102bb08c', 'admin_state_up': True, 'mtu': 8950, 'status': 'ACTIVE', 'subnets': [], 'shared': False, 'project_id': '33c65bfee6584daab23129de102bb08c', 'port_security_enabled': True, 'router:external': False, 'provider:network_type': 'vlan', 'provider:physical_network': 'default', 'provider:segmentation_id': 576, 'availability_zone_hints': [], 'availability_zones': [], 'ipv4_address_scope': None, 'ipv6_address_scope': None, 'description': '', 'tags': [], 'created_at': '2025-02-19T12:54:22Z', 'updated_at': '2025-02-19T12:54:23Z', 'revision_number': 1} available for tenant
2025-02-19 12:54:28.282 62995 INFO tempest.lib.common.rest_client [req-a9c00065-0aec-4fde-aa00-ab5659b07702 req-a9c00065-0aec-4fde-aa00-ab5659b07702 ] Request (FlavorsAccessNegativeTestJSON:test_flavor_non_admin_add): 200 POST http://10.180.1.21/compute/v2.1/flavors 1.363s
2025-02-19 12:54:28.288 63031 INFO tempest.lib.common.rest_client [req-113c4d66-7674-4d58-aad6-94b71ea5a480 req-113c4d66-7674-4d58-aad6-94b71ea5a480 ] Request (HostsAdminNegativeTestJSON:test_update_host_with_invalid_status): 400 PUT http://10.180.1.21/compute/v2.1/os-hosts/devstack 1.370s
2025-02-19 12:54:28.295 63033 INFO tempest.lib.common.rest_client [req-f0a3eedb-6e6e-47a1-a634-2676075cb03b req-f0a3eedb-6e6e-47a1-a634-2676075cb03b ] Request (FlavorsV261TestJSON:tearDownClass): 200 GET http://10.180.1.21:9696/networking/v2.0/security-groups?tenant_id=41c16d450d794891b7f6ece4ab1051ac&name=default 0.821s
2025-02-19 12:54:28.320 63027 INFO tempest.lib.common.rest_client [req-fd6558ee-2b6a-4514-a9ba-58f506603209 req-fd6558ee-2b6a-4514-a9ba-58f506603209 ] Request (QuotasAdminTestJSON:test_get_updated_quotas): 200 GET http://10.180.1.21/identity/v3/domains?name=Default 0.119s
2025-02-19 12:54:28.375 63027 INFO tempest.lib.common.rest_client [req-3df26e80-8c61-4bc1-b298-79e30f39ddb1 req-3df26e80-8c61-4bc1-b298-79e30f39ddb1 ] Request (QuotasAdminTestJSON:test_get_updated_quotas): 201 POST http://10.180.1.21/identity/v3/projects 0.054s
2025-02-19 12:54:28.384 63013 INFO tempest.lib.common.rest_client [req-cb81168c-c15d-4c74-8ead-b76f7a4ae579 req-cb81168c-c15d-4c74-8ead-b76f7a4ae579 ] Request (ServicesAdminNegativeV253TestJSON:setUpClass): 201 POST http://10.180.1.21/identity/v3/auth/tokens 0.167s
2025-02-19 12:54:28.456 63027 INFO tempest.lib.common.rest_client [req-17db43f9-46c8-4878-acba-6ea529f3bae3 req-17db43f9-46c8-4878-acba-6ea529f3bae3 ] Request (QuotasAdminTestJSON:test_get_updated_quotas): 200 GET http://10.180.1.21/identity/v3/domains?name=Default 0.081s
2025-02-19 12:54:28.479 63013 INFO tempest.lib.common.rest_client [req-8d0a4945-1d63-4944-92ec-72622c3c75b1 req-8d0a4945-1d63-4944-92ec-72622c3c75b1 ] Request (ServicesAdminNegativeV253TestJSON:setUpClass): 201 POST http://10.180.1.21/identity/v3/projects 0.094s
2025-02-19 12:54:28.542 63013 INFO tempest.lib.common.rest_client [req-60bc3cb3-95b5-4760-9b80-a6ec8b7dffa8 req-60bc3cb3-95b5-4760-9b80-a6ec8b7dffa8 ] Request (ServicesAdminNegativeV253TestJSON:setUpClass): 201 POST http://10.180.1.21/identity/v3/users 0.062s
2025-02-19 12:54:28.570 63013 INFO tempest.lib.common.rest_client [req-e6f4c157-6495-49c6-8929-f0e24e482641 req-e6f4c157-6495-49c6-8929-f0e24e482641 ] Request (ServicesAdminNegativeV253TestJSON:setUpClass): 200 GET http://10.180.1.21/identity/v3/roles 0.027s
2025-02-19 12:54:28.603 63019 INFO tempest.lib.common.rest_client [req-354f6823-42f4-4640-9101-bb7b7a9a7a09 req-354f6823-42f4-4640-9101-bb7b7a9a7a09 ] Request (ImagesOneServerNegativeTestJSON:setUpClass): 200 GET http://10.180.1.21/compute/v2.1/servers/704619f9-21eb-41ce-9163-b33f3200cc21 1.669s
2025-02-19 12:54:28.604 63013 INFO tempest.lib.common.rest_client [req-0191c98e-a41e-48df-8f19-54a9d0c4afff req-0191c98e-a41e-48df-8f19-54a9d0c4afff ] Request (ServicesAdminNegativeV253TestJSON:setUpClass): 204 PUT http://10.180.1.21/identity/v3/projects/1553d1e77d6545efbb0a073e6df19849/users/301eb5f0efda41fd94b1ed0723393de3/roles/988a453fbeb44a75b05662428ed7b703 0.033s
2025-02-19 12:54:28.630 63033 INFO tempest.lib.common.rest_client [req-ad2395b3-3a04-4517-ae51-507163025a6d req-ad2395b3-3a04-4517-ae51-507163025a6d ] Request (FlavorsV261TestJSON:tearDownClass): 204 DELETE http://10.180.1.21:9696/networking/v2.0/security-groups/3f28d7ee-196f-4d34-8d01-4efdf07b1884 0.335s
2025-02-19 12:54:28.654 63039 INFO tempest.lib.common.rest_client [req-8dc45d1a-66a6-4f94-9b34-89b74a3a382a req-8dc45d1a-66a6-4f94-9b34-89b74a3a382a ] Request (VolumesAssistedSnapshotsTest:test_volume_assisted_snapshot_create_delete): 201 POST http://10.180.1.21:9696/networking/v2.0/security-group-rules 0.516s
2025-02-19 12:54:28.664 63013 INFO tempest.lib.common.rest_client [req-d6c110bf-977d-474f-b991-271a293ee98d req-d6c110bf-977d-474f-b991-271a293ee98d ] Request (ServicesAdminNegativeV253TestJSON:setUpClass): 200 GET http://10.180.1.21/identity/v3/roles 0.060s
2025-02-19 12:54:28.689 63013 INFO tempest.lib.common.rest_client [req-ac21b70d-6633-4c61-a52e-40299112597f req-ac21b70d-6633-4c61-a52e-40299112597f ] Request (ServicesAdminNegativeV253TestJSON:setUpClass): 204 PUT http://10.180.1.21/identity/v3/projects/1553d1e77d6545efbb0a073e6df19849/users/301eb5f0efda41fd94b1ed0723393de3/roles/988a453fbeb44a75b05662428ed7b703 0.024s
2025-02-19 12:54:28.689 63013 INFO tempest.lib.common.dynamic_creds [-] Dynamic test user 301eb5f0efda41fd94b1ed0723393de3 is created with scope project and roles: ['admin']
2025-02-19 12:54:28.689 63013 INFO tempest.lib.common.dynamic_creds [-] Acquired dynamic creds: credentials: Credentials: {'domain_id': 'default', 'domain_name': 'Default', 'username': 'tempest-ServicesAdminNegativeV253TestJSON-2115204310-project-admin', 'project_domain_id': 'default', 'project_domain_name': 'Default', 'project_id': '1553d1e77d6545efbb0a073e6df19849', 'project_name': 'tempest-ServicesAdminNegativeV253TestJSON-2115204310', 'tenant_id': '1553d1e77d6545efbb0a073e6df19849', 'tenant_name': 'tempest-ServicesAdminNegativeV253TestJSON-2115204310', 'user_domain_id': 'default', 'user_domain_name': 'Default', 'user_id': '301eb5f0efda41fd94b1ed0723393de3', 'system': None}, Network: None, Subnet: None, Router: None
2025-02-19 12:54:28.689 63013 INFO tempest.lib.common.dynamic_creds [-] Created isolated network resources for: credentials: Credentials: {'domain_id': 'default', 'domain_name': 'Default', 'username': 'tempest-ServicesAdminNegativeV253TestJSON-2115204310-project-admin', 'project_domain_id': 'default', 'project_domain_name': 'Default', 'project_id': '1553d1e77d6545efbb0a073e6df19849', 'project_name': 'tempest-ServicesAdminNegativeV253TestJSON-2115204310', 'tenant_id': '1553d1e77d6545efbb0a073e6df19849', 'tenant_name': 'tempest-ServicesAdminNegativeV253TestJSON-2115204310', 'user_domain_id': 'default', 'user_domain_name': 'Default', 'user_id': '301eb5f0efda41fd94b1ed0723393de3', 'system': None}, Network: None, Subnet: None, Router: None
2025-02-19 12:54:28.744 63033 INFO tempest.lib.common.rest_client [req-92c8405c-3a74-4e7f-831b-15e718d21a08 req-92c8405c-3a74-4e7f-831b-15e718d21a08 ] Request (FlavorsV261TestJSON:tearDownClass): 204 DELETE http://10.180.1.21/identity/v3/projects/41c16d450d794891b7f6ece4ab1051ac 0.111s
2025-02-19 12:54:28.745 63033 INFO tempest.lib.common.dynamic_creds [-] Deleting project and security group for project: 96333b125c3940ec9f50d594cc558608
2025-02-19 12:54:28.786 63013 INFO tempest.lib.common.rest_client [req-3208588d-cbb5-4c4c-b008-42cfb099a917 req-3208588d-cbb5-4c4c-b008-42cfb099a917 ] Request (ServicesAdminNegativeV253TestJSON:setUpClass): 201 POST http://10.180.1.21/identity/v3/auth/tokens 0.090s
2025-02-19 12:54:28.891 63001 INFO tempest.lib.common.rest_client [req-f87b9548-c581-4b66-8cde-f689d8ceb501 req-f87b9548-c581-4b66-8cde-f689d8ceb501 ] Request (DeleteServersAdminTestJSON:test_admin_delete_servers_of_others): 200 GET http://10.180.1.21/compute/v2.1/servers/65ef84e4-50b9-48f4-8ae2-a38e1afdf396 1.976s
2025-02-19 12:54:28.911 63007 INFO tempest.lib.common.rest_client [req-4ad5a9d4-7757-4f27-84c9-956518da6951 req-4ad5a9d4-7757-4f27-84c9-956518da6951 ] Request (AggregatesAdminNegativeTestJSON:_run_cleanups): 200 DELETE http://10.180.1.21/compute/v2.1/os-aggregates/3 1.502s
2025-02-19 12:54:28.929 62993 INFO tempest.lib.common.rest_client [req-63064a17-2c79-431c-9caf-96e5ef0a19bf req-63064a17-2c79-431c-9caf-96e5ef0a19bf ] Request (FlavorsV2TestJSON:test_list_flavors): 200 GET http://10.180.1.21/compute/v2.1/flavors/42 1.477s
2025-02-19 12:54:28.940 63021 INFO tempest.lib.common.rest_client [req-70c922c5-dde4-4696-8fcc-6ad32056e8b5 req-70c922c5-dde4-4696-8fcc-6ad32056e8b5 ] Request (FlavorsAccessTestJSON:tearDownClass): 200 GET http://10.180.1.21:9696/networking/v2.0/security-groups?tenant_id=d005c8c17e7549a5960c54a1eeb6a09f&name=default 0.845s
2025-02-19 12:54:29.070 62991 INFO tempest.lib.common.rest_client [req-f468ee0e-6df7-4158-8d4e-5c595a8cc7b4 req-f468ee0e-6df7-4158-8d4e-5c595a8cc7b4 ] Request (FloatingIPDetailsNegativeTestJSON:setUpClass): 201 POST http://10.180.1.21:9696/networking/v2.0/subnets 1.062s
2025-02-19 12:54:29.224 63047 INFO tempest.lib.common.rest_client [req-7a57a1ff-fbd0-401e-9228-867c0ca637dc req-7a57a1ff-fbd0-401e-9228-867c0ca637dc ] Request (ServersTestBootFromVolume:setUpClass): 201 POST http://10.180.1.21:9696/networking/v2.0/subnets 1.037s
2025-02-19 12:54:29.307 63021 INFO tempest.lib.common.rest_client [req-88be7c71-fe60-4746-a3a7-40fbf7118cb8 req-88be7c71-fe60-4746-a3a7-40fbf7118cb8 ] Request (FlavorsAccessTestJSON:tearDownClass): 204 DELETE http://10.180.1.21:9696/networking/v2.0/security-groups/e8f36920-d8aa-40b1-9669-7cb0e4e449f6 0.366s
2025-02-19 12:54:29.327 62987 INFO tempest.lib.common.rest_client [req-064776e3-cc64-48a5-b041-1a4933459e4f req-064776e3-cc64-48a5-b041-1a4933459e4f ] Request (QuotasAdminNegativeTest:test_create_server_when_memory_quota_is_full): 403 POST http://10.180.1.21/compute/v2.1/servers 1.722s
2025-02-19 12:54:29.351 63003 INFO tempest.lib.common.rest_client [req-483ed608-cd64-4639-83b3-650c86bb2e25 req-483ed608-cd64-4639-83b3-650c86bb2e25 ] Request (FlavorsExtraSpecsNegativeTestJSON:tearDownClass): 200 GET http://10.180.1.21/compute/v2.1/flavors/detail 1.669s
2025-02-19 12:54:29.380 63039 INFO tempest.lib.common.rest_client [req-7453ebd4-74b6-4b3d-8b82-a7b171867366 req-7453ebd4-74b6-4b3d-8b82-a7b171867366 ] Request (VolumesAssistedSnapshotsTest:test_volume_assisted_snapshot_create_delete): 201 POST http://10.180.1.21:9696/networking/v2.0/security-group-rules 0.725s
2025-02-19 12:54:29.414 63021 INFO tempest.lib.common.rest_client [req-cf88ebd0-6e19-44a5-a807-a62f89e60bd7 req-cf88ebd0-6e19-44a5-a807-a62f89e60bd7 ] Request (FlavorsAccessTestJSON:tearDownClass): 204 DELETE http://10.180.1.21/identity/v3/projects/d005c8c17e7549a5960c54a1eeb6a09f 0.107s
2025-02-19 12:54:29.415 63021 INFO tempest.lib.common.dynamic_creds [-] Deleting project and security group for project: 40242c5980d14ba1b652b8b239048627
2025-02-19 12:54:29.442 63003 INFO tempest.lib.common.rest_client [req-4254636e-1752-4520-9caa-73217d9156f9 req-4254636e-1752-4520-9caa-73217d9156f9 ] Request (FlavorsExtraSpecsNegativeTestJSON:tearDownClass): 204 DELETE http://10.180.1.21/identity/v3/users/a9e6739e63704e2cac778bfa8b2dba26 0.086s
2025-02-19 12:54:29.520 63033 INFO tempest.lib.common.rest_client [req-4047d23b-0f81-4704-abb1-7b022be86f85 req-4047d23b-0f81-4704-abb1-7b022be86f85 ] Request (FlavorsV261TestJSON:tearDownClass): 200 GET http://10.180.1.21:9696/networking/v2.0/security-groups?tenant_id=96333b125c3940ec9f50d594cc558608&name=default 0.775s
2025-02-19 12:54:29.558 63003 INFO tempest.lib.common.rest_client [req-1883ba00-4f00-47d0-bd0f-2087bc8bf71f req-1883ba00-4f00-47d0-bd0f-2087bc8bf71f ] Request (FlavorsExtraSpecsNegativeTestJSON:tearDownClass): 204 DELETE http://10.180.1.21/identity/v3/users/4f759186b1ed49c9995ed23abc040bae 0.115s
2025-02-19 12:54:29.559 63003 INFO tempest.lib.common.dynamic_creds [-] Deleting project and security group for project: f2b5ccbe46cd46aab7d8117024873286
2025-02-19 12:54:29.589 63037 INFO tempest.lib.common.rest_client [req-b77d52fe-c860-4cc1-a57b-8b127e60bd3f req-b77d52fe-c860-4cc1-a57b-8b127e60bd3f ] Request (ServerDiskConfigTestJSON:setUpClass): 201 POST http://10.180.1.21:9696/networking/v2.0/networks 1.401s
2025-02-19 12:54:29.624 63003 INFO tempest.lib.common.rest_client [req-2522efa4-a750-4d68-a30f-54bcb7cdd746 req-2522efa4-a750-4d68-a30f-54bcb7cdd746 ] Request (FlavorsExtraSpecsNegativeTestJSON:tearDownClass): 201 POST http://10.180.1.21/identity/v3/auth/tokens 0.065s
2025-02-19 12:54:29.770 63009 INFO tempest.lib.common.rest_client [req-29dbb8e7-0a29-4e03-be6f-acb325624131 req-29dbb8e7-0a29-4e03-be6f-acb325624131 ] Request (ServerDiagnosticsTest:test_get_server_diagnostics): 200 GET http://10.180.1.21/compute/v2.1/servers/cf36c877-b859-40ee-85a8-e79fa377f2eb 2.038s
2025-02-19 12:54:29.779 63009 INFO tempest.common.waiters [-] State transition "BUILD/networking" ==> "BUILD/spawning" after 12 second wait
2025-02-19 12:54:29.786 62989 INFO tempest.lib.common.rest_client [req-8093054b-16da-4161-a08f-e069b6a7371e req-8093054b-16da-4161-a08f-e069b6a7371e ] Request (FlavorsExtraSpecsTestJSON:test_flavor_set_get_update_show_unset_keys): 200 GET http://10.180.1.21/compute/v2.1/flavors/1483426141/os-extra_specs 2.045s
2025-02-19 12:54:29.812 63043 INFO tempest.lib.common.rest_client [req-0892cf55-34c5-4493-b72e-84c63c7e5f2d req-0892cf55-34c5-4493-b72e-84c63c7e5f2d ] Request (SecurityGroupsTestJSON:test_list_security_groups_by_server): 202 POST http://10.180.1.21/compute/v2.1/servers 2.778s
2025-02-19 12:54:29.884 63029 INFO tempest.lib.common.rest_client [req-1ad2b52d-508b-46f4-af67-bb37509eeae0 req-1ad2b52d-508b-46f4-af67-bb37509eeae0 ] Request (KeyPairsV22TestJSON:test_keypairsv22_create_list_show): 201 POST http://10.180.1.21/compute/v2.1/os-keypairs 1.735s
2025-02-19 12:54:29.912 63015 INFO tempest.lib.common.rest_client [req-610c6b11-5621-464a-b454-82a7e90d556a req-610c6b11-5621-464a-b454-82a7e90d556a ] Request (ImagesTestJSON:test_create_image_from_stopped_server): 200 GET http://10.180.1.21/compute/v2.1/servers/fb42d038-408e-4c58-9794-5af09e02f4ac 2.029s
2025-02-19 12:54:29.923 63050 INFO tempest.lib.common.rest_client [req-a0ed46c6-f4a5-4790-8a2c-cdd088658177 req-a0ed46c6-f4a5-4790-8a2c-cdd088658177 ] Request (FlavorsAdminTestJSON:_run_cleanups): 200 GET http://10.180.1.21/compute/v2.1/flavors/detail 1.706s
2025-02-19 12:54:29.978 63023 INFO tempest.lib.common.rest_client [req-f1c1d289-5be3-4d79-a330-a5a842eceef1 req-f1c1d289-5be3-4d79-a330-a5a842eceef1 ] Request (ValidationResourcesFixture:setUp): 201 POST http://10.180.1.21:9696/networking/v2.0/floatingips 2.545s
2025-02-19 12:54:30.066 62995 INFO tempest.lib.common.rest_client [req-0f660b8d-fd09-473d-a0f9-191745cb3f07 req-0f660b8d-fd09-473d-a0f9-191745cb3f07 ] Request (FlavorsAccessNegativeTestJSON:test_flavor_non_admin_add): 403 POST http://10.180.1.21/compute/v2.1/flavors/964878558/action 1.781s
2025-02-19 12:54:30.069 63031 INFO tempest.lib.common.rest_client [req-77113e7f-6ca4-41a5-849d-8e40863fe3d5 req-77113e7f-6ca4-41a5-849d-8e40863fe3d5 ] Request (HostsAdminNegativeTestJSON:test_update_host_with_non_admin_user): 403 PUT http://10.180.1.21/compute/v2.1/os-hosts/devstack 1.779s
2025-02-19 12:54:30.121 63023 INFO tempest.lib.common.rest_client [req-727024f6-5e87-405a-9604-c4e1dcb20cfe req-727024f6-5e87-405a-9604-c4e1dcb20cfe ] Request (ServersWithSpecificFlavorTestJSON:test_verify_created_server_ephemeral_disk): 201 POST http://10.180.1.21/identity/v3/auth/tokens 0.140s
2025-02-19 12:54:30.122 63023 INFO tempest.lib.common.fixed_network [-] (ServersWithSpecificFlavorTestJSON:test_verify_created_server_ephemeral_disk) Found network {'id': '91bdf422-87e4-420d-ab3b-ed44b21e7ca3', 'name': 'tempest-ServersWithSpecificFlavorTestJSON-1138141258-network', 'tenant_id': '95e2e338a3cb4cba834be74217b58691', 'admin_state_up': True, 'mtu': 8950, 'status': 'ACTIVE', 'subnets': [], 'shared': False, 'project_id': '95e2e338a3cb4cba834be74217b58691', 'port_security_enabled': True, 'router:external': False, 'provider:network_type': 'vlan', 'provider:physical_network': 'default', 'provider:segmentation_id': 189, 'availability_zone_hints': [], 'availability_zones': [], 'ipv4_address_scope': None, 'ipv6_address_scope': None, 'description': '', 'tags': [], 'created_at': '2025-02-19T12:54:07Z', 'updated_at': '2025-02-19T12:54:07Z', 'revision_number': 1} available for tenant
2025-02-19 12:54:30.150 63021 INFO tempest.lib.common.rest_client [req-78363cbd-3d23-4fb5-9496-f85f3d5a6f03 req-78363cbd-3d23-4fb5-9496-f85f3d5a6f03 ] Request (FlavorsAccessTestJSON:tearDownClass): 200 GET http://10.180.1.21:9696/networking/v2.0/security-groups?tenant_id=40242c5980d14ba1b652b8b239048627&name=default 0.735s
2025-02-19 12:54:30.193 63033 INFO tempest.lib.common.rest_client [req-cc303757-7f46-41f4-bdac-e3817fc2f685 req-cc303757-7f46-41f4-bdac-e3817fc2f685 ] Request (FlavorsV261TestJSON:tearDownClass): 204 DELETE http://10.180.1.21:9696/networking/v2.0/security-groups/45e6387b-58e4-42f0-b65e-e38ea5f44695 0.673s
2025-02-19 12:54:30.271 63033 INFO tempest.lib.common.rest_client [req-ff4b4ddf-43f4-4610-9a3e-7b7466979584 req-ff4b4ddf-43f4-4610-9a3e-7b7466979584 ] Request (FlavorsV261TestJSON:tearDownClass): 204 DELETE http://10.180.1.21/identity/v3/projects/96333b125c3940ec9f50d594cc558608 0.077s
2025-02-19 12:54:30.292 63003 INFO tempest.lib.common.rest_client [req-9804a38a-f5e4-41b9-a6f8-36f94309a538 req-9804a38a-f5e4-41b9-a6f8-36f94309a538 ] Request (FlavorsExtraSpecsNegativeTestJSON:tearDownClass): 200 GET http://10.180.1.21:9696/networking/v2.0/security-groups?tenant_id=f2b5ccbe46cd46aab7d8117024873286&name=default 0.667s
2025-02-19 12:54:30.334 63033 INFO tempest.lib.common.rest_client [req-475dcde9-689e-46cd-86f1-e5c1cc3a43be req-475dcde9-689e-46cd-86f1-e5c1cc3a43be ] Request (InstanceUsageAuditLogNegativeTestJSON:setUpClass): 201 POST http://10.180.1.21/identity/v3/auth/tokens 0.061s
2025-02-19 12:54:30.379 63033 INFO tempest.lib.common.rest_client [req-1d6733df-4fad-4e36-8392-610b5932c0cf req-1d6733df-4fad-4e36-8392-610b5932c0cf ] Request (InstanceUsageAuditLogNegativeTestJSON:setUpClass): 201 POST http://10.180.1.21/identity/v3/auth/tokens 0.042s
2025-02-19 12:54:30.417 63033 INFO tempest.lib.common.rest_client [req-745ac8a1-5f8b-49c5-9804-496b2eaeab4b req-745ac8a1-5f8b-49c5-9804-496b2eaeab4b ] Request (InstanceUsageAuditLogNegativeTestJSON:setUpClass): 200 GET http://10.180.1.21/identity/v3/domains?name=Default 0.038s
2025-02-19 12:54:30.454 63033 INFO tempest.lib.common.rest_client [req-af684e65-15e6-4f14-9181-57bbc244f41a req-af684e65-15e6-4f14-9181-57bbc244f41a ] Request (InstanceUsageAuditLogNegativeTestJSON:setUpClass): 201 POST http://10.180.1.21/identity/v3/projects 0.037s
2025-02-19 12:54:30.470 63017 INFO tempest.lib.common.rest_client [req-4ec1d7d1-498a-48f3-ab36-4e31ad9da118 req-4ec1d7d1-498a-48f3-ab36-4e31ad9da118 ] Request (VolumesAdminNegativeTest:setUpClass): 200 PUT http://10.180.1.21:9696/networking/v2.0/routers/942833fa-f88a-4f48-bfee-2277bb11f9c0/add_router_interface 5.334s
2025-02-19 12:54:30.471 63017 INFO tempest.lib.common.dynamic_creds [-] Created isolated network resources for: credentials: Credentials: {'domain_id': 'default', 'domain_name': 'Default', 'username': 'tempest-VolumesAdminNegativeTest-1715698485-project-admin', 'project_domain_id': 'default', 'project_domain_name': 'Default', 'project_id': '61e9b9b2107047cd9f34dc48a99467eb', 'project_name': 'tempest-VolumesAdminNegativeTest-1715698485', 'tenant_id': '61e9b9b2107047cd9f34dc48a99467eb', 'tenant_name': 'tempest-VolumesAdminNegativeTest-1715698485', 'user_domain_id': 'default', 'user_domain_name': 'Default', 'user_id': '9f457d63938f483ab5211a7d9b1269f6', 'system': None}, Network: {'id': '5dd0f019-2ac2-4a13-859d-a69d2165f72d', 'name': 'tempest-VolumesAdminNegativeTest-516875656-network', 'tenant_id': '61e9b9b2107047cd9f34dc48a99467eb', 'admin_state_up': True, 'mtu': 8950, 'status': 'ACTIVE', 'subnets': [], 'shared': False, 'project_id': '61e9b9b2107047cd9f34dc48a99467eb', 'port_security_enabled': True, 'router:external': False, 'provider:network_type': 'vlan', 'provider:physical_network': 'default', 'provider:segmentation_id': 347, 'availability_zone_hints': [], 'availability_zones': [], 'ipv4_address_scope': None, 'ipv6_address_scope': None, 'description': '', 'tags': [], 'created_at': '2025-02-19T12:54:20Z', 'updated_at': '2025-02-19T12:54:20Z', 'revision_number': 1}, Subnet: {'id': '10190a66-a1e8-401c-81ac-7f5d83db44cb', 'name': 'tempest-VolumesAdminNegativeTest-516875656-subnet', 'tenant_id': '61e9b9b2107047cd9f34dc48a99467eb', 'network_id': '5dd0f019-2ac2-4a13-859d-a69d2165f72d', 'ip_version': 4, 'subnetpool_id': None, 'enable_dhcp': True, 'ipv6_ra_mode': None, 'ipv6_address_mode': None, 'gateway_ip': '192.168.128.1', 'cidr': '192.168.128.0/28', 'allocation_pools': [{'start': '192.168.128.2', 'end': '192.168.128.14'}], 'host_routes': [], 'dns_nameservers': [], 'description': '', 'router:external': False, 'service_types': [], 'tags': [], 'created_at': '2025-02-19T12:54:21Z', 'updated_at': '2025-02-19T12:54:21Z', 'revision_number': 0, 'project_id': '61e9b9b2107047cd9f34dc48a99467eb'}, Router: {'id': '942833fa-f88a-4f48-bfee-2277bb11f9c0', 'name': 'tempest-VolumesAdminNegativeTest-516875656-router', 'tenant_id': '61e9b9b2107047cd9f34dc48a99467eb', 'admin_state_up': True, 'status': 'ACTIVE', 'external_gateway_info': {'network_id': 'a755ca55-5c64-41c4-9c16-f76b7f52f169', 'external_fixed_ips': [{'subnet_id': '187e5fda-de9e-4f85-add7-eae0f770bc4c', 'ip_address': '10.180.180.190'}], 'enable_snat': True}, 'description': '', 'availability_zones': [], 'distributed': False, 'ha': False, 'availability_zone_hints': [], 'routes': [], 'flavor_id': None, 'tags': [], 'created_at': '2025-02-19T12:54:22Z', 'updated_at': '2025-02-19T12:54:24Z', 'revision_number': 2, 'project_id': '61e9b9b2107047cd9f34dc48a99467eb'}
2025-02-19 12:54:30.541 63033 INFO tempest.lib.common.rest_client [req-b460ac80-7abd-496d-8ba6-34381214f387 req-b460ac80-7abd-496d-8ba6-34381214f387 ] Request (InstanceUsageAuditLogNegativeTestJSON:setUpClass): 201 POST http://10.180.1.21/identity/v3/users 0.086s
2025-02-19 12:54:30.574 63033 INFO tempest.lib.common.rest_client [req-0b71a249-de4a-4ccf-a7bd-aac87bcbba8c req-0b71a249-de4a-4ccf-a7bd-aac87bcbba8c ] Request (InstanceUsageAuditLogNegativeTestJSON:setUpClass): 200 GET http://10.180.1.21/identity/v3/roles 0.032s
2025-02-19 12:54:30.577 63017 INFO tempest.lib.common.rest_client [req-e78cf04a-35af-4b3d-b15a-b03b818859c2 req-e78cf04a-35af-4b3d-b15a-b03b818859c2 ] Request (VolumesAdminNegativeTest:setUpClass): 201 POST http://10.180.1.21/identity/v3/auth/tokens 0.102s
2025-02-19 12:54:30.599 62999 INFO tempest.lib.common.rest_client [req-e7454a91-0aaa-4138-a2fd-16539f64f243 req-e7454a91-0aaa-4138-a2fd-16539f64f243 ] Request (ImagesOneServerTestJSON:setUpClass): 200 GET http://10.180.1.21/compute/v2.1/servers/b9a91452-834c-4bce-8b00-05152fcc4c87 2.221s
2025-02-19 12:54:30.619 63033 INFO tempest.lib.common.rest_client [req-db0dc813-c36f-4b47-a145-b4c0122621a2 req-db0dc813-c36f-4b47-a145-b4c0122621a2 ] Request (InstanceUsageAuditLogNegativeTestJSON:setUpClass): 204 PUT http://10.180.1.21/identity/v3/projects/c3341b855c264acc8697339e603c8007/users/57589bf1a02548fbb27796010ad788b3/roles/93051d0667c749fca80780c0cf641ae9 0.045s
2025-02-19 12:54:30.620 63033 INFO tempest.lib.common.dynamic_creds [-] Dynamic test user 57589bf1a02548fbb27796010ad788b3 is created with scope project and roles: ['member']
2025-02-19 12:54:30.620 63033 INFO tempest.lib.common.dynamic_creds [-] Acquired dynamic creds: credentials: Credentials: {'domain_id': 'default', 'domain_name': 'Default', 'username': 'tempest-InstanceUsageAuditLogNegativeTestJSON-2023592647-project-member', 'project_domain_id': 'default', 'project_domain_name': 'Default', 'project_id': 'c3341b855c264acc8697339e603c8007', 'project_name': 'tempest-InstanceUsageAuditLogNegativeTestJSON-2023592647', 'tenant_id': 'c3341b855c264acc8697339e603c8007', 'tenant_name': 'tempest-InstanceUsageAuditLogNegativeTestJSON-2023592647', 'user_domain_id': 'default', 'user_domain_name': 'Default', 'user_id': '57589bf1a02548fbb27796010ad788b3', 'system': None}, Network: None, Subnet: None, Router: None
2025-02-19 12:54:30.620 63033 INFO tempest.lib.common.dynamic_creds [-] Created isolated network resources for: credentials: Credentials: {'domain_id': 'default', 'domain_name': 'Default', 'username': 'tempest-InstanceUsageAuditLogNegativeTestJSON-2023592647-project-member', 'project_domain_id': 'default', 'project_domain_name': 'Default', 'project_id': 'c3341b855c264acc8697339e603c8007', 'project_name': 'tempest-InstanceUsageAuditLogNegativeTestJSON-2023592647', 'tenant_id': 'c3341b855c264acc8697339e603c8007', 'tenant_name': 'tempest-InstanceUsageAuditLogNegativeTestJSON-2023592647', 'user_domain_id': 'default', 'user_domain_name': 'Default', 'user_id': '57589bf1a02548fbb27796010ad788b3', 'system': None}, Network: None, Subnet: None, Router: None
2025-02-19 12:54:30.664 63021 INFO tempest.lib.common.rest_client [req-94a3cc21-d393-4223-bb75-6a4ebec5bb8c req-94a3cc21-d393-4223-bb75-6a4ebec5bb8c ] Request (FlavorsAccessTestJSON:tearDownClass): 204 DELETE http://10.180.1.21:9696/networking/v2.0/security-groups/be53cced-f1ce-470f-a88a-4c910faadef7 0.513s
2025-02-19 12:54:30.671 63003 INFO tempest.lib.common.rest_client [req-2e1109fc-73e2-4ac9-96f9-7949e90d078f req-2e1109fc-73e2-4ac9-96f9-7949e90d078f ] Request (FlavorsExtraSpecsNegativeTestJSON:tearDownClass): 204 DELETE http://10.180.1.21:9696/networking/v2.0/security-groups/84d0400f-fb64-48e0-8858-ed7473c8ad97 0.378s
2025-02-19 12:54:30.732 63033 INFO tempest.lib.common.rest_client [req-dfda69ce-482c-4743-9dc0-4df4683ba231 req-dfda69ce-482c-4743-9dc0-4df4683ba231 ] Request (InstanceUsageAuditLogNegativeTestJSON:setUpClass): 201 POST http://10.180.1.21/identity/v3/auth/tokens 0.103s
2025-02-19 12:54:30.831 63021 INFO tempest.lib.common.rest_client [req-6844335e-6f06-43ec-a542-3b8e139fdfb0 req-6844335e-6f06-43ec-a542-3b8e139fdfb0 ] Request (FlavorsAccessTestJSON:tearDownClass): 204 DELETE http://10.180.1.21/identity/v3/projects/40242c5980d14ba1b652b8b239048627 0.167s
2025-02-19 12:54:30.904 63027 INFO tempest.lib.common.rest_client [req-fcd82b2a-1ef0-4b0b-9277-3e4ef68ae006 req-fcd82b2a-1ef0-4b0b-9277-3e4ef68ae006 ] Request (QuotasAdminTestJSON:test_get_updated_quotas): 200 PUT http://10.180.1.21/compute/v2.1/os-quota-sets/a9284488a50f4cafb404f9c4f14deeda 2.447s
2025-02-19 12:54:30.926 63033 INFO tempest.lib.common.rest_client [req-4c607631-9b04-4494-bfac-4ef0059750a2 req-4c607631-9b04-4494-bfac-4ef0059750a2 ] Request (InstanceUsageAuditLogNegativeTestJSON:setUpClass): 201 POST http://10.180.1.21/identity/v3/projects 0.194s
2025-02-19 12:54:30.957 63003 INFO tempest.lib.common.rest_client [req-63c3f166-b285-4538-9ae5-509423abd201 req-63c3f166-b285-4538-9ae5-509423abd201 ] Request (FlavorsExtraSpecsNegativeTestJSON:tearDownClass): 204 DELETE http://10.180.1.21/identity/v3/projects/f2b5ccbe46cd46aab7d8117024873286 0.286s
2025-02-19 12:54:30.958 63003 INFO tempest.lib.common.dynamic_creds [-] Deleting project and security group for project: bef71ca789934710b57dc9c92b101a6e
2025-02-19 12:54:30.995 63021 INFO tempest.lib.common.rest_client [req-d47efe2a-bf27-46d6-a393-19bb85e482b0 req-d47efe2a-bf27-46d6-a393-19bb85e482b0 ] Request (AZV2TestJSON:setUpClass): 201 POST http://10.180.1.21/identity/v3/auth/tokens 0.160s
2025-02-19 12:54:31.064 63033 INFO tempest.lib.common.rest_client [req-3b0a11b2-93e5-4633-b406-d16ccc996c31 req-3b0a11b2-93e5-4633-b406-d16ccc996c31 ] Request (InstanceUsageAuditLogNegativeTestJSON:setUpClass): 201 POST http://10.180.1.21/identity/v3/users 0.137s
2025-02-19 12:54:31.094 63021 INFO tempest.lib.common.rest_client [req-c15ce935-6c3e-4b3f-9148-19a5eee54d38 req-c15ce935-6c3e-4b3f-9148-19a5eee54d38 ] Request (AZV2TestJSON:setUpClass): 201 POST http://10.180.1.21/identity/v3/auth/tokens 0.096s
2025-02-19 12:54:31.096 63013 INFO tempest.lib.common.rest_client [req-20737a89-30a6-4329-a4d6-724cc624dbf2 req-20737a89-30a6-4329-a4d6-724cc624dbf2 ] Request (ServicesAdminNegativeV253TestJSON:test_disable_log_reason_with_invalid_service_id): 404 PUT http://10.180.1.21/compute/v2.1/os-services/e4f51369-0e31-48d5-aa92-87a8d52100ee 2.308s
2025-02-19 12:54:31.099 63037 INFO tempest.lib.common.rest_client [req-2f4517f5-406e-4f41-b00e-228ddca48c3d req-2f4517f5-406e-4f41-b00e-228ddca48c3d ] Request (ServerDiskConfigTestJSON:setUpClass): 201 POST http://10.180.1.21:9696/networking/v2.0/subnets 1.509s
2025-02-19 12:54:31.117 63033 INFO tempest.lib.common.rest_client [req-de8ebee6-980a-4776-adb3-f77d5a79d9a5 req-de8ebee6-980a-4776-adb3-f77d5a79d9a5 ] Request (InstanceUsageAuditLogNegativeTestJSON:setUpClass): 200 GET http://10.180.1.21/identity/v3/roles 0.052s
2025-02-19 12:54:31.149 63021 INFO tempest.lib.common.rest_client [req-1ec52dd7-a144-4004-8044-d381e08560c2 req-1ec52dd7-a144-4004-8044-d381e08560c2 ] Request (AZV2TestJSON:setUpClass): 200 GET http://10.180.1.21/identity/v3/domains?name=Default 0.054s
2025-02-19 12:54:31.167 63033 INFO tempest.lib.common.rest_client [req-2079a389-cf6e-47e7-a9a7-fbca8a67ae61 req-2079a389-cf6e-47e7-a9a7-fbca8a67ae61 ] Request (InstanceUsageAuditLogNegativeTestJSON:setUpClass): 204 PUT http://10.180.1.21/identity/v3/projects/06580165f1e84af8bca7b2c7cdfaaab9/users/98dae20aa2994c1ab9ef3d8345b52d49/roles/988a453fbeb44a75b05662428ed7b703 0.049s
2025-02-19 12:54:31.223 63033 INFO tempest.lib.common.rest_client [req-d0ba919d-fe61-417b-a4c8-102892ea67e6 req-d0ba919d-fe61-417b-a4c8-102892ea67e6 ] Request (InstanceUsageAuditLogNegativeTestJSON:setUpClass): 200 GET http://10.180.1.21/identity/v3/roles 0.054s
2025-02-19 12:54:31.235 63021 INFO tempest.lib.common.rest_client [req-2543c2c6-b5fc-48e8-a0cc-21d252588253 req-2543c2c6-b5fc-48e8-a0cc-21d252588253 ] Request (AZV2TestJSON:setUpClass): 201 POST http://10.180.1.21/identity/v3/projects 0.085s
2025-02-19 12:54:31.244 63033 INFO tempest.lib.common.rest_client [req-81e4a238-0801-45f8-8017-bde1733b0739 req-81e4a238-0801-45f8-8017-bde1733b0739 ] Request (InstanceUsageAuditLogNegativeTestJSON:setUpClass): 204 PUT http://10.180.1.21/identity/v3/projects/06580165f1e84af8bca7b2c7cdfaaab9/users/98dae20aa2994c1ab9ef3d8345b52d49/roles/988a453fbeb44a75b05662428ed7b703 0.020s
2025-02-19 12:54:31.244 63033 INFO tempest.lib.common.dynamic_creds [-] Dynamic test user 98dae20aa2994c1ab9ef3d8345b52d49 is created with scope project and roles: ['admin']
2025-02-19 12:54:31.244 63033 INFO tempest.lib.common.dynamic_creds [-] Acquired dynamic creds: credentials: Credentials: {'domain_id': 'default', 'domain_name': 'Default', 'username': 'tempest-InstanceUsageAuditLogNegativeTestJSON-1982085979-project-admin', 'project_domain_id': 'default', 'project_domain_name': 'Default', 'project_id': '06580165f1e84af8bca7b2c7cdfaaab9', 'project_name': 'tempest-InstanceUsageAuditLogNegativeTestJSON-1982085979', 'tenant_id': '06580165f1e84af8bca7b2c7cdfaaab9', 'tenant_name': 'tempest-InstanceUsageAuditLogNegativeTestJSON-1982085979', 'user_domain_id': 'default', 'user_domain_name': 'Default', 'user_id': '98dae20aa2994c1ab9ef3d8345b52d49', 'system': None}, Network: None, Subnet: None, Router: None
2025-02-19 12:54:31.244 63033 INFO tempest.lib.common.dynamic_creds [-] Created isolated network resources for: credentials: Credentials: {'domain_id': 'default', 'domain_name': 'Default', 'username': 'tempest-InstanceUsageAuditLogNegativeTestJSON-1982085979-project-admin', 'project_domain_id': 'default', 'project_domain_name': 'Default', 'project_id': '06580165f1e84af8bca7b2c7cdfaaab9', 'project_name': 'tempest-InstanceUsageAuditLogNegativeTestJSON-1982085979', 'tenant_id': '06580165f1e84af8bca7b2c7cdfaaab9', 'tenant_name': 'tempest-InstanceUsageAuditLogNegativeTestJSON-1982085979', 'user_domain_id': 'default', 'user_domain_name': 'Default', 'user_id': '98dae20aa2994c1ab9ef3d8345b52d49', 'system': None}, Network: None, Subnet: None, Router: None
2025-02-19 12:54:31.262 63041 INFO tempest.lib.common.rest_client [req-50afc1c5-d20b-4625-acdb-486d95029e38 req-50afc1c5-d20b-4625-acdb-486d95029e38 ] Request (ServerExternalEventsTest:test_create_server_external_events): 200 GET http://10.180.1.21/compute/v2.1/servers/6055eede-0999-4ce0-b776-926673076fba 2.351s
2025-02-19 12:54:31.272 63007 INFO tempest.lib.common.rest_client [req-cfa4dae7-d0e9-4850-ad7e-9de50df9701c req-cfa4dae7-d0e9-4850-ad7e-9de50df9701c ] Request (AggregatesAdminNegativeTestJSON:test_aggregate_create_aggregate_name_length_exceeds_255): 400 POST http://10.180.1.21/compute/v2.1/os-aggregates 2.360s
2025-02-19 12:54:31.273 63041 INFO tempest.common.waiters [-] State transition "BUILD/None" ==> "BUILD/spawning" after 12 second wait
2025-02-19 12:54:31.295 62993 INFO tempest.lib.common.rest_client [req-c6bedd1d-5ba0-4682-bb54-095666915c3a req-c6bedd1d-5ba0-4682-bb54-095666915c3a ] Request (FlavorsV2TestJSON:test_list_flavors_detailed_filter_by_min_disk): 200 GET http://10.180.1.21/compute/v2.1/flavors/42 2.363s
2025-02-19 12:54:31.331 63021 INFO tempest.lib.common.rest_client [req-a31b3237-5e7e-4523-81c4-d0db07b3efac req-a31b3237-5e7e-4523-81c4-d0db07b3efac ] Request (AZV2TestJSON:setUpClass): 201 POST http://10.180.1.21/identity/v3/users 0.096s
2025-02-19 12:54:31.338 63033 INFO tempest.lib.common.rest_client [req-17139fba-8eb0-4314-a2d2-3fd44055620e req-17139fba-8eb0-4314-a2d2-3fd44055620e ] Request (InstanceUsageAuditLogNegativeTestJSON:setUpClass): 201 POST http://10.180.1.21/identity/v3/auth/tokens 0.090s
2025-02-19 12:54:31.355 63021 INFO tempest.lib.common.rest_client [req-e23c8f32-ec1a-42a7-93ff-bbbd3592b70f req-e23c8f32-ec1a-42a7-93ff-bbbd3592b70f ] Request (AZV2TestJSON:setUpClass): 200 GET http://10.180.1.21/identity/v3/roles 0.023s
2025-02-19 12:54:31.389 63021 INFO tempest.lib.common.rest_client [req-9f58f769-6058-43b4-ab32-9559c92a5990 req-9f58f769-6058-43b4-ab32-9559c92a5990 ] Request (AZV2TestJSON:setUpClass): 204 PUT http://10.180.1.21/identity/v3/projects/86a6f6fdc6914970b63a19fd56b388fc/users/b2d18c8397334bf6ba3110b8812cf0ed/roles/93051d0667c749fca80780c0cf641ae9 0.033s
2025-02-19 12:54:31.389 63021 INFO tempest.lib.common.dynamic_creds [-] Dynamic test user b2d18c8397334bf6ba3110b8812cf0ed is created with scope project and roles: ['member']
2025-02-19 12:54:31.389 63021 INFO tempest.lib.common.dynamic_creds [-] Acquired dynamic creds: credentials: Credentials: {'domain_id': 'default', 'domain_name': 'Default', 'username': 'tempest-AZV2TestJSON-181735668-project-member', 'project_domain_id': 'default', 'project_domain_name': 'Default', 'project_id': '86a6f6fdc6914970b63a19fd56b388fc', 'project_name': 'tempest-AZV2TestJSON-181735668', 'tenant_id': '86a6f6fdc6914970b63a19fd56b388fc', 'tenant_name': 'tempest-AZV2TestJSON-181735668', 'user_domain_id': 'default', 'user_domain_name': 'Default', 'user_id': 'b2d18c8397334bf6ba3110b8812cf0ed', 'system': None}, Network: None, Subnet: None, Router: None
2025-02-19 12:54:31.390 63021 INFO tempest.lib.common.dynamic_creds [-] Created isolated network resources for: credentials: Credentials: {'domain_id': 'default', 'domain_name': 'Default', 'username': 'tempest-AZV2TestJSON-181735668-project-member', 'project_domain_id': 'default', 'project_domain_name': 'Default', 'project_id': '86a6f6fdc6914970b63a19fd56b388fc', 'project_name': 'tempest-AZV2TestJSON-181735668', 'tenant_id': '86a6f6fdc6914970b63a19fd56b388fc', 'tenant_name': 'tempest-AZV2TestJSON-181735668', 'user_domain_id': 'default', 'user_domain_name': 'Default', 'user_id': 'b2d18c8397334bf6ba3110b8812cf0ed', 'system': None}, Network: None, Subnet: None, Router: None
2025-02-19 12:54:31.431 62997 INFO tempest.lib.common.rest_client [req-d95f2b20-b79d-4092-b4bf-7d407ffa3217 req-d95f2b20-b79d-4092-b4bf-7d407ffa3217 ] Request (ServerDiagnosticsNegativeTest:test_get_server_diagnostics_by_non_admin): 200 GET http://10.180.1.21/compute/v2.1/servers/f4fee1b1-133c-436e-993d-9c79a95b4ffe 2.296s
2025-02-19 12:54:31.469 63021 INFO tempest.lib.common.rest_client [req-1aef3395-0330-41a8-8c07-7d3d2a2f89e7 req-1aef3395-0330-41a8-8c07-7d3d2a2f89e7 ] Request (AZV2TestJSON:setUpClass): 201 POST http://10.180.1.21/identity/v3/auth/tokens 0.074s
2025-02-19 12:54:31.511 62991 INFO tempest.lib.common.rest_client [req-42884aeb-f7a6-43db-a511-fa7332e60bd1 req-42884aeb-f7a6-43db-a511-fa7332e60bd1 ] Request (FloatingIPDetailsNegativeTestJSON:setUpClass): 201 POST http://10.180.1.21:9696/networking/v2.0/routers 2.440s
2025-02-19 12:54:31.514 63035 INFO tempest.lib.common.rest_client [req-99a5003a-55e2-487e-998c-2246cc54028d req-99a5003a-55e2-487e-998c-2246cc54028d ] Request (MigrationsAdminTest:test_list_migrations_in_flavor_resize_situation): 200 GET http://10.180.1.21/compute/v2.1/servers/a69ba441-7bb7-4eb0-83c3-72fd09086028 2.241s
2025-02-19 12:54:31.699 62987 INFO tempest.lib.common.rest_client [req-75955ee2-8b41-4035-b81f-1a1bc3cd3e06 req-75955ee2-8b41-4035-b81f-1a1bc3cd3e06 ] Request (QuotasAdminNegativeTest:_run_cleanups): 200 PUT http://10.180.1.21/compute/v2.1/os-quota-sets/b3e70f87adba443186743b5213d739dc 2.371s
2025-02-19 12:54:31.765 63003 INFO tempest.lib.common.rest_client [req-d3a77e32-8542-4418-ac65-127b28422d86 req-d3a77e32-8542-4418-ac65-127b28422d86 ] Request (FlavorsExtraSpecsNegativeTestJSON:tearDownClass): 200 GET http://10.180.1.21:9696/networking/v2.0/security-groups?tenant_id=bef71ca789934710b57dc9c92b101a6e&name=default 0.807s
2025-02-19 12:54:31.874 63019 INFO tempest.lib.common.rest_client [req-e8692a32-fc53-43cf-a375-32f840c68be2 req-e8692a32-fc53-43cf-a375-32f840c68be2 ] Request (ImagesOneServerNegativeTestJSON:setUpClass): 200 GET http://10.180.1.21/compute/v2.1/servers/704619f9-21eb-41ce-9163-b33f3200cc21 2.261s
2025-02-19 12:54:31.901 62989 INFO tempest.lib.common.rest_client [req-a84122a9-7827-4c9d-a289-d0ebb0a353e0 req-a84122a9-7827-4c9d-a289-d0ebb0a353e0 ] Request (FlavorsExtraSpecsTestJSON:tearDownClass): 202 DELETE http://10.180.1.21/compute/v2.1/flavors/1483426141 2.112s
2025-02-19 12:54:31.971 63043 INFO tempest.lib.common.rest_client [req-97017c9a-569f-4e8a-9aeb-c3b25c49933e req-97017c9a-569f-4e8a-9aeb-c3b25c49933e ] Request (SecurityGroupsTestJSON:test_list_security_groups_by_server): 200 GET http://10.180.1.21/compute/v2.1/servers/87eb2dd6-f2ff-4ac8-9d56-80e34daafeb4 2.156s
2025-02-19 12:54:31.985 63029 INFO tempest.lib.common.rest_client [req-7d8db586-70d4-4906-a3b6-4b20046d7f7d req-7d8db586-70d4-4906-a3b6-4b20046d7f7d ] Request (KeyPairsV22TestJSON:test_keypairsv22_create_list_show): 200 GET http://10.180.1.21/compute/v2.1/os-keypairs/tempest-keypair-1325755447 2.100s
2025-02-19 12:54:32.089 63045 INFO tempest.lib.common.rest_client [req-cdc97f89-98a4-44af-a054-be53b9d8e26a req-cdc97f89-98a4-44af-a054-be53b9d8e26a ] Request (ImagesNegativeTestJSON:test_create_image_from_deleted_server): 202 POST http://10.180.1.21/compute/v2.1/servers 3.821s
2025-02-19 12:54:32.118 63050 INFO tempest.lib.common.rest_client [req-b89a1c4a-4529-4f73-91c1-fed05247a3dd req-b89a1c4a-4529-4f73-91c1-fed05247a3dd ] Request (FlavorsAdminTestJSON:test_create_flavor_with_uuid_id): 200 POST http://10.180.1.21/compute/v2.1/flavors 2.186s
2025-02-19 12:54:32.131 62995 INFO tempest.lib.common.rest_client [req-a4889847-e35e-47dd-9088-651b66d3c10b req-a4889847-e35e-47dd-9088-651b66d3c10b ] Request (FlavorsAccessNegativeTestJSON:_run_cleanups): 202 DELETE http://10.180.1.21/compute/v2.1/flavors/964878558 2.065s
2025-02-19 12:54:32.141 63031 INFO tempest.lib.common.rest_client [req-e9004416-2a4e-45e6-9802-a3eed6160e72 req-e9004416-2a4e-45e6-9802-a3eed6160e72 ] Request (HostsAdminNegativeTestJSON:test_update_host_without_param): 400 PUT http://10.180.1.21/compute/v2.1/os-hosts/devstack 2.068s
2025-02-19 12:54:32.207 63001 INFO tempest.lib.common.rest_client [req-c32ae99a-9f11-4f9e-a8f3-6eba497ebb38 req-c32ae99a-9f11-4f9e-a8f3-6eba497ebb38 ] Request (DeleteServersAdminTestJSON:test_admin_delete_servers_of_others): 200 GET http://10.180.1.21/compute/v2.1/servers/65ef84e4-50b9-48f4-8ae2-a38e1afdf396 2.307s
2025-02-19 12:54:32.352 63017 INFO tempest.lib.common.rest_client [req-9c26098c-077f-4fa9-b82f-6239cbbf6661 req-9c26098c-077f-4fa9-b82f-6239cbbf6661 ] Request (VolumesAdminNegativeTest:test_update_attached_volume_with_nonexistent_volume_in_body): 200 POST http://10.180.1.21/compute/v2.1/os-keypairs 1.773s
2025-02-19 12:54:32.394 63005 INFO tempest.lib.common.rest_client [req-0d97daf8-4c73-4c1f-9ef2-1b119deaf61b req-0d97daf8-4c73-4c1f-9ef2-1b119deaf61b ] Request (ServersTestJSON:setUpClass): 201 POST http://10.180.1.21:9696/networking/v2.0/routers 4.366s
2025-02-19 12:54:32.446 63039 INFO tempest.lib.common.rest_client [req-85c29d6e-4904-449d-8a4f-5d15f5a1d7ab req-85c29d6e-4904-449d-8a4f-5d15f5a1d7ab ] Request (VolumesAssistedSnapshotsTest:test_volume_assisted_snapshot_create_delete): 201 POST http://10.180.1.21:9696/networking/v2.0/floatingips 3.065s
2025-02-19 12:54:32.490 63003 INFO tempest.lib.common.rest_client [req-390fee1a-d061-4f46-901d-db38bd9165e6 req-390fee1a-d061-4f46-901d-db38bd9165e6 ] Request (FlavorsExtraSpecsNegativeTestJSON:tearDownClass): 204 DELETE http://10.180.1.21:9696/networking/v2.0/security-groups/d6edc894-63fd-42cb-8671-cdde739e6d23 0.724s
2025-02-19 12:54:32.518 63039 INFO tempest.lib.common.rest_client [req-3d56ef6e-0019-4f02-84ce-fd17458e43f2 req-3d56ef6e-0019-4f02-84ce-fd17458e43f2 ] Request (VolumesAssistedSnapshotsTest:test_volume_assisted_snapshot_create_delete): 201 POST http://10.180.1.21/identity/v3/auth/tokens 0.068s
2025-02-19 12:54:32.519 63039 INFO tempest.lib.common.fixed_network [-] (VolumesAssistedSnapshotsTest:test_volume_assisted_snapshot_create_delete) Found network {'id': '838f7555-68cf-4b30-bcfc-887f051fe20f', 'name': 'tempest-VolumesAssistedSnapshotsTest-1325675823-network', 'tenant_id': '56d36fbb6ea94b0c8ecacec39305f247', 'admin_state_up': True, 'mtu': 8950, 'status': 'ACTIVE', 'subnets': [], 'shared': False, 'project_id': '56d36fbb6ea94b0c8ecacec39305f247', 'port_security_enabled': True, 'router:external': False, 'provider:network_type': 'vlan', 'provider:physical_network': 'default', 'provider:segmentation_id': 455, 'availability_zone_hints': [], 'availability_zones': [], 'ipv4_address_scope': None, 'ipv6_address_scope': None, 'description': '', 'tags': [], 'created_at': '2025-02-19T12:54:09Z', 'updated_at': '2025-02-19T12:54:09Z', 'revision_number': 1} available for tenant
2025-02-19 12:54:32.626 63003 INFO tempest.lib.common.rest_client [req-e5b339f9-2e87-429a-b964-9e0f9f1071d4 req-e5b339f9-2e87-429a-b964-9e0f9f1071d4 ] Request (FlavorsExtraSpecsNegativeTestJSON:tearDownClass): 204 DELETE http://10.180.1.21/identity/v3/projects/bef71ca789934710b57dc9c92b101a6e 0.136s
2025-02-19 12:54:32.676 63009 INFO tempest.lib.common.rest_client [req-e4f28afb-0414-4e0c-aa48-5c5b427dde41 req-e4f28afb-0414-4e0c-aa48-5c5b427dde41 ] Request (ServerDiagnosticsTest:test_get_server_diagnostics): 200 GET http://10.180.1.21/compute/v2.1/servers/cf36c877-b859-40ee-85a8-e79fa377f2eb 1.890s
2025-02-19 12:54:32.772 63003 INFO tempest.lib.common.rest_client [req-601b5a4c-8def-4b65-99ca-fdedaa179b71 req-601b5a4c-8def-4b65-99ca-fdedaa179b71 ] Request (QuotaClassesAdminTestJSON:setUpClass): 201 POST http://10.180.1.21/identity/v3/auth/tokens 0.143s
2025-02-19 12:54:32.787 63011 INFO tempest.lib.common.rest_client [req-5baf87c2-6a46-4dc0-bf40-485972cf5585 req-5baf87c2-6a46-4dc0-bf40-485972cf5585 ] Request (FloatingIPsAssociationTestJSON:setUpClass): 201 POST http://10.180.1.21:9696/networking/v2.0/routers 4.521s
2025-02-19 12:54:32.820 63003 INFO tempest.lib.common.rest_client [req-c06d6b21-aa24-48cf-9712-8d16b41fb5fc req-c06d6b21-aa24-48cf-9712-8d16b41fb5fc ] Request (QuotaClassesAdminTestJSON:setUpClass): 201 POST http://10.180.1.21/identity/v3/auth/tokens 0.045s
2025-02-19 12:54:32.862 63003 INFO tempest.lib.common.rest_client [req-8699b39d-e39f-4024-b189-7337891bec77 req-8699b39d-e39f-4024-b189-7337891bec77 ] Request (QuotaClassesAdminTestJSON:setUpClass): 200 GET http://10.180.1.21/identity/v3/domains?name=Default 0.042s
2025-02-19 12:54:32.894 63003 INFO tempest.lib.common.rest_client [req-60ecba22-bed5-4d11-9af7-48da510e7155 req-60ecba22-bed5-4d11-9af7-48da510e7155 ] Request (QuotaClassesAdminTestJSON:setUpClass): 201 POST http://10.180.1.21/identity/v3/projects 0.031s
2025-02-19 12:54:32.914 63027 INFO tempest.lib.common.rest_client [req-e1fa3923-fed7-4ab5-96f7-4499ba380bdd req-e1fa3923-fed7-4ab5-96f7-4499ba380bdd ] Request (QuotasAdminTestJSON:test_get_updated_quotas): 200 GET http://10.180.1.21/compute/v2.1/os-quota-sets/a9284488a50f4cafb404f9c4f14deeda/detail 2.006s
2025-02-19 12:54:32.974 63003 INFO tempest.lib.common.rest_client [req-6c1eb51f-b4a1-4575-943c-7f93c28817b6 req-6c1eb51f-b4a1-4575-943c-7f93c28817b6 ] Request (QuotaClassesAdminTestJSON:setUpClass): 201 POST http://10.180.1.21/identity/v3/users 0.079s
2025-02-19 12:54:32.993 63027 INFO tempest.lib.common.rest_client [req-e0fca5c0-c054-405d-af97-16975fa29b67 req-e0fca5c0-c054-405d-af97-16975fa29b67 ] Request (QuotasAdminTestJSON:test_get_updated_quotas): 200 GET http://10.180.1.21/identity/v3/domains?name=Default 0.073s
2025-02-19 12:54:32.999 63003 INFO tempest.lib.common.rest_client [req-cf2e090c-328f-4625-8018-602e0efeeec0 req-cf2e090c-328f-4625-8018-602e0efeeec0 ] Request (QuotaClassesAdminTestJSON:setUpClass): 200 GET http://10.180.1.21/identity/v3/roles 0.024s
2025-02-19 12:54:33.023 63015 INFO tempest.lib.common.rest_client [req-4ef709b2-60fa-48c1-8250-cb1a791e0cb2 req-4ef709b2-60fa-48c1-8250-cb1a791e0cb2 ] Request (ImagesTestJSON:test_create_image_from_stopped_server): 200 GET http://10.180.1.21/compute/v2.1/servers/fb42d038-408e-4c58-9794-5af09e02f4ac 2.099s
2025-02-19 12:54:33.040 63003 INFO tempest.lib.common.rest_client [req-184ef641-d320-4de8-b4f4-9b9a836a980c req-184ef641-d320-4de8-b4f4-9b9a836a980c ] Request (QuotaClassesAdminTestJSON:setUpClass): 204 PUT http://10.180.1.21/identity/v3/projects/a6c61abba99c4fa09921561ecef1cdb4/users/0a5d4f8f00814d25897aec44e9ea5374/roles/93051d0667c749fca80780c0cf641ae9 0.039s
2025-02-19 12:54:33.040 63003 INFO tempest.lib.common.dynamic_creds [-] Dynamic test user 0a5d4f8f00814d25897aec44e9ea5374 is created with scope project and roles: ['member']
2025-02-19 12:54:33.040 63003 INFO tempest.lib.common.dynamic_creds [-] Acquired dynamic creds: credentials: Credentials: {'domain_id': 'default', 'domain_name': 'Default', 'username': 'tempest-QuotaClassesAdminTestJSON-59977355-project-member', 'project_domain_id': 'default', 'project_domain_name': 'Default', 'project_id': 'a6c61abba99c4fa09921561ecef1cdb4', 'project_name': 'tempest-QuotaClassesAdminTestJSON-59977355', 'tenant_id': 'a6c61abba99c4fa09921561ecef1cdb4', 'tenant_name': 'tempest-QuotaClassesAdminTestJSON-59977355', 'user_domain_id': 'default', 'user_domain_name': 'Default', 'user_id': '0a5d4f8f00814d25897aec44e9ea5374', 'system': None}, Network: None, Subnet: None, Router: None
2025-02-19 12:54:33.041 63003 INFO tempest.lib.common.dynamic_creds [-] Created isolated network resources for: credentials: Credentials: {'domain_id': 'default', 'domain_name': 'Default', 'username': 'tempest-QuotaClassesAdminTestJSON-59977355-project-member', 'project_domain_id': 'default', 'project_domain_name': 'Default', 'project_id': 'a6c61abba99c4fa09921561ecef1cdb4', 'project_name': 'tempest-QuotaClassesAdminTestJSON-59977355', 'tenant_id': 'a6c61abba99c4fa09921561ecef1cdb4', 'tenant_name': 'tempest-QuotaClassesAdminTestJSON-59977355', 'user_domain_id': 'default', 'user_domain_name': 'Default', 'user_id': '0a5d4f8f00814d25897aec44e9ea5374', 'system': None}, Network: None, Subnet: None, Router: None
