2025-02-19 12:54:12.570 63029 INFO tempest.lib.common.rest_client [req-858193d3-edd5-4705-9dd7-d085df1f593e req-858193d3-edd5-4705-9dd7-d085df1f593e ] Request (KeyPairsV22TestJSON:test_get_keypair_detail): 200 GET http://10.180.1.21/compute/v2.1/os-keypairs/tempest-keypair-781718057 2.209s
2025-02-19 12:54:12.576 63015 INFO tempest.lib.common.rest_client [req-79a7f785-168e-499e-b86c-d813e52eeefd req-79a7f785-168e-499e-b86c-d813e52eeefd ] Request (AZAdminV2TestJSON:tearDownClass): 204 DELETE http://10.180.1.21:9696/networking/v2.0/security-groups/f66b3f5e-3a17-4057-b098-32a6005a0a50 0.122s
2025-02-19 12:54:12.615 63023 INFO tempest.lib.common.rest_client [req-597041cc-45cb-4286-9d9e-581cbedac84c req-597041cc-45cb-4286-9d9e-581cbedac84c ] Request (ServersWithSpecificFlavorTestJSON:setUpClass): 204 PUT http://10.180.1.21/identity/v3/projects/0946fd3305144203858d8211a045859f/users/b87e2f538d3044278ea7c8517345f2dc/roles/988a453fbeb44a75b05662428ed7b703 0.683s
2025-02-19 12:54:12.631 62993 INFO tempest.lib.common.rest_client [req-81c782bc-9251-479b-be9d-0daa7687a5ec req-81c782bc-9251-479b-be9d-0daa7687a5ec ] Request (QuotasAdminTestV257:setUpClass): 201 POST http://10.180.1.21/identity/v3/auth/tokens 0.702s
2025-02-19 12:54:12.633 62993 WARNING tempest.lib.common.rest_client [-] Deprecated: "tenant_id" property is deprecated for removal, use "project_id" instead
2025-02-19 12:54:12.669 63003 INFO tempest.lib.common.rest_client [req-ea0e2806-eae3-41b7-bfe2-e15507ad9db5 req-ea0e2806-eae3-41b7-bfe2-e15507ad9db5 ] Request (FlavorsExtraSpecsNegativeTestJSON:setUpClass): 200 GET http://10.180.1.21/identity/v3/roles 0.689s
2025-02-19 12:54:12.686 63025 INFO tempest.lib.common.rest_client [req-d9b26800-40a0-4228-a4c7-51b53d7cdf0b req-d9b26800-40a0-4228-a4c7-51b53d7cdf0b ] Request (QuotasAdminTestV236:setUpClass): 204 PUT http://10.180.1.21/identity/v3/projects/64c00d7e25044bfdbd13cddf4e75fac7/users/1c57a17e92a948099e285991df87e189/roles/988a453fbeb44a75b05662428ed7b703 0.653s
2025-02-19 12:54:12.686 63025 INFO tempest.lib.common.dynamic_creds [-] Dynamic test user 1c57a17e92a948099e285991df87e189 is created with scope project and roles: ['admin']
2025-02-19 12:54:12.686 63025 INFO tempest.lib.common.dynamic_creds [-] Acquired dynamic creds: credentials: Credentials: {'domain_id': 'default', 'domain_name': 'Default', 'username': 'tempest-QuotasAdminTestV236-1780258732-project-admin', 'project_domain_id': 'default', 'project_domain_name': 'Default', 'project_id': '64c00d7e25044bfdbd13cddf4e75fac7', 'project_name': 'tempest-QuotasAdminTestV236-1780258732', 'tenant_id': '64c00d7e25044bfdbd13cddf4e75fac7', 'tenant_name': 'tempest-QuotasAdminTestV236-1780258732', 'user_domain_id': 'default', 'user_domain_name': 'Default', 'user_id': '1c57a17e92a948099e285991df87e189', 'system': None}, Network: None, Subnet: None, Router: None
2025-02-19 12:54:12.686 63025 INFO tempest.lib.common.dynamic_creds [-] Created isolated network resources for: credentials: Credentials: {'domain_id': 'default', 'domain_name': 'Default', 'username': 'tempest-QuotasAdminTestV236-1780258732-project-admin', 'project_domain_id': 'default', 'project_domain_name': 'Default', 'project_id': '64c00d7e25044bfdbd13cddf4e75fac7', 'project_name': 'tempest-QuotasAdminTestV236-1780258732', 'tenant_id': '64c00d7e25044bfdbd13cddf4e75fac7', 'tenant_name': 'tempest-QuotasAdminTestV236-1780258732', 'user_domain_id': 'default', 'user_domain_name': 'Default', 'user_id': '1c57a17e92a948099e285991df87e189', 'system': None}, Network: None, Subnet: None, Router: None
2025-02-19 12:54:12.697 63005 INFO tempest.lib.common.rest_client [req-f996b3b2-23cf-4ce8-83a2-f200fd3b5a62 req-f996b3b2-23cf-4ce8-83a2-f200fd3b5a62 ] Request (TenantUsagesNegativeTestJSON:setUpClass): 201 POST http://10.180.1.21/identity/v3/auth/tokens 0.714s
2025-02-19 12:54:12.748 63027 INFO tempest.lib.common.rest_client [req-021c8c6a-c0fa-421d-b2fd-48e2b03e82fd req-021c8c6a-c0fa-421d-b2fd-48e2b03e82fd ] Request (QuotasAdminTestJSON:setUpClass): 200 GET http://10.180.1.21/identity/v3/roles 0.704s
2025-02-19 12:54:12.755 63007 INFO tempest.lib.common.rest_client [req-a956d800-8a87-4feb-968b-5291508c32e7 req-a956d800-8a87-4feb-968b-5291508c32e7 ] Request (AggregatesAdminNegativeTestJSON:setUpClass): 201 POST http://10.180.1.21/identity/v3/auth/tokens 0.718s
2025-02-19 12:54:12.767 63035 INFO tempest.lib.common.rest_client [req-e08b72d3-06ee-4f74-8229-948f3760a897 req-e08b72d3-06ee-4f74-8229-948f3760a897 ] Request (MigrationsAdminTest:setUpClass): 200 GET http://10.180.1.21/identity/v3/roles 0.711s
2025-02-19 12:54:12.770 62999 INFO tempest.lib.common.rest_client [req-28f975bf-40e6-4c7f-afa6-0460963a990c req-28f975bf-40e6-4c7f-afa6-0460963a990c ] Request (ImagesOneServerTestJSON:setUpClass): 202 POST http://10.180.1.21/compute/v2.1/servers 5.473s
2025-02-19 12:54:12.776 63011 INFO tempest.lib.common.rest_client [req-a88c216b-41ef-436a-b03f-ac85611ad798 req-a88c216b-41ef-436a-b03f-ac85611ad798 ] Request (HypervisorAdminTestJSON:setUpClass): 204 PUT http://10.180.1.21/identity/v3/projects/65b5cd4c4abc48bb9731c4f17fb5ecc5/users/4dc41d851d014107b90944e3126b02f1/roles/988a453fbeb44a75b05662428ed7b703 0.646s
2025-02-19 12:54:12.777 63011 INFO tempest.lib.common.dynamic_creds [-] Dynamic test user 4dc41d851d014107b90944e3126b02f1 is created with scope project and roles: ['admin']
2025-02-19 12:54:12.777 63011 INFO tempest.lib.common.dynamic_creds [-] Acquired dynamic creds: credentials: Credentials: {'domain_id': 'default', 'domain_name': 'Default', 'username': 'tempest-HypervisorAdminTestJSON-1154678515-project-admin', 'project_domain_id': 'default', 'project_domain_name': 'Default', 'project_id': '65b5cd4c4abc48bb9731c4f17fb5ecc5', 'project_name': 'tempest-HypervisorAdminTestJSON-1154678515', 'tenant_id': '65b5cd4c4abc48bb9731c4f17fb5ecc5', 'tenant_name': 'tempest-HypervisorAdminTestJSON-1154678515', 'user_domain_id': 'default', 'user_domain_name': 'Default', 'user_id': '4dc41d851d014107b90944e3126b02f1', 'system': None}, Network: None, Subnet: None, Router: None
2025-02-19 12:54:12.777 63011 INFO tempest.lib.common.dynamic_creds [-] Created isolated network resources for: credentials: Credentials: {'domain_id': 'default', 'domain_name': 'Default', 'username': 'tempest-HypervisorAdminTestJSON-1154678515-project-admin', 'project_domain_id': 'default', 'project_domain_name': 'Default', 'project_id': '65b5cd4c4abc48bb9731c4f17fb5ecc5', 'project_name': 'tempest-HypervisorAdminTestJSON-1154678515', 'tenant_id': '65b5cd4c4abc48bb9731c4f17fb5ecc5', 'tenant_name': 'tempest-HypervisorAdminTestJSON-1154678515', 'user_domain_id': 'default', 'user_domain_name': 'Default', 'user_id': '4dc41d851d014107b90944e3126b02f1', 'system': None}, Network: None, Subnet: None, Router: None
2025-02-19 12:54:12.827 63041 INFO tempest.lib.common.rest_client [req-7fc6fecd-5d3d-4347-8062-a606ac165131 req-7fc6fecd-5d3d-4347-8062-a606ac165131 ] Request (ServerExternalEventsTest:setUpClass): 200 GET http://10.180.1.21/identity/v3/roles 0.664s
2025-02-19 12:54:12.853 62995 INFO tempest.lib.common.rest_client [req-f705436e-b465-4b41-8dbd-3579ae47ca9c req-f705436e-b465-4b41-8dbd-3579ae47ca9c ] Request (FlavorsAccessNegativeTestJSON:setUpClass): 201 POST http://10.180.1.21/identity/v3/projects 0.665s
2025-02-19 12:54:12.860 63001 INFO tempest.lib.common.rest_client [req-e3a2d02f-7826-40ad-99ff-db2340521fab req-e3a2d02f-7826-40ad-99ff-db2340521fab ] Request (DeleteServersAdminTestJSON:setUpClass): 201 POST http://10.180.1.21/identity/v3/auth/tokens 0.705s
2025-02-19 12:54:12.902 63047 INFO tempest.lib.common.rest_client [req-824236db-b949-49cc-949a-7a63413683c4 req-824236db-b949-49cc-949a-7a63413683c4 ] Request (FlavorsV255TestJSON:setUpClass): 204 PUT http://10.180.1.21/identity/v3/projects/61793e10484e4f88a17b9f56686eedae/users/8144d6eba34c40e488ad3bddeb89c065/roles/988a453fbeb44a75b05662428ed7b703 0.609s
2025-02-19 12:54:12.903 63047 INFO tempest.lib.common.dynamic_creds [-] Dynamic test user 8144d6eba34c40e488ad3bddeb89c065 is created with scope project and roles: ['admin']
2025-02-19 12:54:12.903 63047 INFO tempest.lib.common.dynamic_creds [-] Acquired dynamic creds: credentials: Credentials: {'domain_id': 'default', 'domain_name': 'Default', 'username': 'tempest-FlavorsV255TestJSON-764669255-project-admin', 'project_domain_id': 'default', 'project_domain_name': 'Default', 'project_id': '61793e10484e4f88a17b9f56686eedae', 'project_name': 'tempest-FlavorsV255TestJSON-764669255', 'tenant_id': '61793e10484e4f88a17b9f56686eedae', 'tenant_name': 'tempest-FlavorsV255TestJSON-764669255', 'user_domain_id': 'default', 'user_domain_name': 'Default', 'user_id': '8144d6eba34c40e488ad3bddeb89c065', 'system': None}, Network: None, Subnet: None, Router: None
2025-02-19 12:54:12.903 63047 INFO tempest.lib.common.dynamic_creds [-] Created isolated network resources for: credentials: Credentials: {'domain_id': 'default', 'domain_name': 'Default', 'username': 'tempest-FlavorsV255TestJSON-764669255-project-admin', 'project_domain_id': 'default', 'project_domain_name': 'Default', 'project_id': '61793e10484e4f88a17b9f56686eedae', 'project_name': 'tempest-FlavorsV255TestJSON-764669255', 'tenant_id': '61793e10484e4f88a17b9f56686eedae', 'tenant_name': 'tempest-FlavorsV255TestJSON-764669255', 'user_domain_id': 'default', 'user_domain_name': 'Default', 'user_id': '8144d6eba34c40e488ad3bddeb89c065', 'system': None}, Network: None, Subnet: None, Router: None
2025-02-19 12:54:12.907 63009 INFO tempest.lib.common.rest_client [req-902cb1b5-bc52-41a8-aba2-35be600c188f req-902cb1b5-bc52-41a8-aba2-35be600c188f ] Request (ServerDiagnosticsTest:setUpClass): 204 PUT http://10.180.1.21/identity/v3/projects/dbad70b1d88645a9bc5b0eeb37d423ae/users/6492b5626f984f7d8393bdc82da0d0de/roles/988a453fbeb44a75b05662428ed7b703 0.576s
2025-02-19 12:54:12.908 63009 INFO tempest.lib.common.dynamic_creds [-] Dynamic test user 6492b5626f984f7d8393bdc82da0d0de is created with scope project and roles: ['admin']
2025-02-19 12:54:12.908 63009 INFO tempest.lib.common.dynamic_creds [-] Acquired dynamic creds: credentials: Credentials: {'domain_id': 'default', 'domain_name': 'Default', 'username': 'tempest-ServerDiagnosticsTest-312933171-project-admin', 'project_domain_id': 'default', 'project_domain_name': 'Default', 'project_id': 'dbad70b1d88645a9bc5b0eeb37d423ae', 'project_name': 'tempest-ServerDiagnosticsTest-312933171', 'tenant_id': 'dbad70b1d88645a9bc5b0eeb37d423ae', 'tenant_name': 'tempest-ServerDiagnosticsTest-312933171', 'user_domain_id': 'default', 'user_domain_name': 'Default', 'user_id': '6492b5626f984f7d8393bdc82da0d0de', 'system': None}, Network: None, Subnet: None, Router: None
2025-02-19 12:54:12.908 63009 INFO tempest.lib.common.dynamic_creds [-] Created isolated network resources for: credentials: Credentials: {'domain_id': 'default', 'domain_name': 'Default', 'username': 'tempest-ServerDiagnosticsTest-312933171-project-admin', 'project_domain_id': 'default', 'project_domain_name': 'Default', 'project_id': 'dbad70b1d88645a9bc5b0eeb37d423ae', 'project_name': 'tempest-ServerDiagnosticsTest-312933171', 'tenant_id': 'dbad70b1d88645a9bc5b0eeb37d423ae', 'tenant_name': 'tempest-ServerDiagnosticsTest-312933171', 'user_domain_id': 'default', 'user_domain_name': 'Default', 'user_id': '6492b5626f984f7d8393bdc82da0d0de', 'system': None}, Network: None, Subnet: None, Router: None
2025-02-19 12:54:12.973 63039 INFO tempest.lib.common.rest_client [req-e7623cc2-97c8-4060-9daf-51adf4ea56d5 req-e7623cc2-97c8-4060-9daf-51adf4ea56d5 ] Request (VolumesAssistedSnapshotsTest:setUpClass): 201 POST http://10.180.1.21/identity/v3/users 0.585s
2025-02-19 12:54:12.978 63031 INFO tempest.lib.common.rest_client [req-69fe0e48-8bb0-4cdc-871c-245094951b8d req-69fe0e48-8bb0-4cdc-871c-245094951b8d ] Request (HostsAdminNegativeTestJSON:setUpClass): 204 PUT http://10.180.1.21/identity/v3/projects/8b64d7e03d5c4ca9a6ee13fb00bc02a7/users/5d3c9fbaeae54726b2ba2dbb8bf0819a/roles/988a453fbeb44a75b05662428ed7b703 0.626s
2025-02-19 12:54:12.979 63031 INFO tempest.lib.common.dynamic_creds [-] Dynamic test user 5d3c9fbaeae54726b2ba2dbb8bf0819a is created with scope project and roles: ['admin']
2025-02-19 12:54:12.979 63031 INFO tempest.lib.common.dynamic_creds [-] Acquired dynamic creds: credentials: Credentials: {'domain_id': 'default', 'domain_name': 'Default', 'username': 'tempest-HostsAdminNegativeTestJSON-1619408138-project-admin', 'project_domain_id': 'default', 'project_domain_name': 'Default', 'project_id': '8b64d7e03d5c4ca9a6ee13fb00bc02a7', 'project_name': 'tempest-HostsAdminNegativeTestJSON-1619408138', 'tenant_id': '8b64d7e03d5c4ca9a6ee13fb00bc02a7', 'tenant_name': 'tempest-HostsAdminNegativeTestJSON-1619408138', 'user_domain_id': 'default', 'user_domain_name': 'Default', 'user_id': '5d3c9fbaeae54726b2ba2dbb8bf0819a', 'system': None}, Network: None, Subnet: None, Router: None
2025-02-19 12:54:12.979 63031 INFO tempest.lib.common.dynamic_creds [-] Created isolated network resources for: credentials: Credentials: {'domain_id': 'default', 'domain_name': 'Default', 'username': 'tempest-HostsAdminNegativeTestJSON-1619408138-project-admin', 'project_domain_id': 'default', 'project_domain_name': 'Default', 'project_id': '8b64d7e03d5c4ca9a6ee13fb00bc02a7', 'project_name': 'tempest-HostsAdminNegativeTestJSON-1619408138', 'tenant_id': '8b64d7e03d5c4ca9a6ee13fb00bc02a7', 'tenant_name': 'tempest-HostsAdminNegativeTestJSON-1619408138', 'user_domain_id': 'default', 'user_domain_name': 'Default', 'user_id': '5d3c9fbaeae54726b2ba2dbb8bf0819a', 'system': None}, Network: None, Subnet: None, Router: None
2025-02-19 12:54:13.022 63013 INFO tempest.lib.common.rest_client [req-2ef35c67-3074-48c1-b472-642727034160 req-2ef35c67-3074-48c1-b472-642727034160 ] Request (HypervisorAdminUnderV252Test:setUpClass): 204 PUT http://10.180.1.21/identity/v3/projects/a5c868d7270f45f3b2dcc0614e03b82a/users/06bfe9700ed64d95b21f107ceb6e1a4d/roles/988a453fbeb44a75b05662428ed7b703 0.578s
2025-02-19 12:54:13.022 63013 INFO tempest.lib.common.dynamic_creds [-] Dynamic test user 06bfe9700ed64d95b21f107ceb6e1a4d is created with scope project and roles: ['admin']
2025-02-19 12:54:13.022 63013 INFO tempest.lib.common.dynamic_creds [-] Acquired dynamic creds: credentials: Credentials: {'domain_id': 'default', 'domain_name': 'Default', 'username': 'tempest-HypervisorAdminUnderV252Test-1701635606-project-admin', 'project_domain_id': 'default', 'project_domain_name': 'Default', 'project_id': 'a5c868d7270f45f3b2dcc0614e03b82a', 'project_name': 'tempest-HypervisorAdminUnderV252Test-1701635606', 'tenant_id': 'a5c868d7270f45f3b2dcc0614e03b82a', 'tenant_name': 'tempest-HypervisorAdminUnderV252Test-1701635606', 'user_domain_id': 'default', 'user_domain_name': 'Default', 'user_id': '06bfe9700ed64d95b21f107ceb6e1a4d', 'system': None}, Network: None, Subnet: None, Router: None
2025-02-19 12:54:13.023 63013 INFO tempest.lib.common.dynamic_creds [-] Created isolated network resources for: credentials: Credentials: {'domain_id': 'default', 'domain_name': 'Default', 'username': 'tempest-HypervisorAdminUnderV252Test-1701635606-project-admin', 'project_domain_id': 'default', 'project_domain_name': 'Default', 'project_id': 'a5c868d7270f45f3b2dcc0614e03b82a', 'project_name': 'tempest-HypervisorAdminUnderV252Test-1701635606', 'tenant_id': 'a5c868d7270f45f3b2dcc0614e03b82a', 'tenant_name': 'tempest-HypervisorAdminUnderV252Test-1701635606', 'user_domain_id': 'default', 'user_domain_name': 'Default', 'user_id': '06bfe9700ed64d95b21f107ceb6e1a4d', 'system': None}, Network: None, Subnet: None, Router: None
2025-02-19 12:54:13.049 62989 INFO tempest.lib.common.rest_client [req-b5d4be22-d2bd-4697-a50d-0a7a69315ee4 req-b5d4be22-d2bd-4697-a50d-0a7a69315ee4 ] Request (FlavorsExtraSpecsTestJSON:setUpClass): 204 PUT http://10.180.1.21/identity/v3/projects/4acebe9d17e64f0fb49e628f0009a6a1/users/15e0fdbfbc40487a9390fe5d833626f1/roles/988a453fbeb44a75b05662428ed7b703 0.608s
2025-02-19 12:54:13.049 62989 INFO tempest.lib.common.dynamic_creds [-] Dynamic test user 15e0fdbfbc40487a9390fe5d833626f1 is created with scope project and roles: ['admin']
2025-02-19 12:54:13.049 62989 INFO tempest.lib.common.dynamic_creds [-] Acquired dynamic creds: credentials: Credentials: {'domain_id': 'default', 'domain_name': 'Default', 'username': 'tempest-FlavorsExtraSpecsTestJSON-85301633-project-admin', 'project_domain_id': 'default', 'project_domain_name': 'Default', 'project_id': '4acebe9d17e64f0fb49e628f0009a6a1', 'project_name': 'tempest-FlavorsExtraSpecsTestJSON-85301633', 'tenant_id': '4acebe9d17e64f0fb49e628f0009a6a1', 'tenant_name': 'tempest-FlavorsExtraSpecsTestJSON-85301633', 'user_domain_id': 'default', 'user_domain_name': 'Default', 'user_id': '15e0fdbfbc40487a9390fe5d833626f1', 'system': None}, Network: None, Subnet: None, Router: None
2025-02-19 12:54:13.049 62989 INFO tempest.lib.common.dynamic_creds [-] Created isolated network resources for: credentials: Credentials: {'domain_id': 'default', 'domain_name': 'Default', 'username': 'tempest-FlavorsExtraSpecsTestJSON-85301633-project-admin', 'project_domain_id': 'default', 'project_domain_name': 'Default', 'project_id': '4acebe9d17e64f0fb49e628f0009a6a1', 'project_name': 'tempest-FlavorsExtraSpecsTestJSON-85301633', 'tenant_id': '4acebe9d17e64f0fb49e628f0009a6a1', 'tenant_name': 'tempest-FlavorsExtraSpecsTestJSON-85301633', 'user_domain_id': 'default', 'user_domain_name': 'Default', 'user_id': '15e0fdbfbc40487a9390fe5d833626f1', 'system': None}, Network: None, Subnet: None, Router: None
2025-02-19 12:54:13.080 63019 INFO tempest.lib.common.rest_client [req-ded4ce1e-7a9e-434c-a55b-21e833e51f31 req-ded4ce1e-7a9e-434c-a55b-21e833e51f31 ] Request (ImagesOneServerNegativeTestJSON:setUpClass): 201 POST http://10.180.1.21/identity/v3/auth/tokens 0.529s
2025-02-19 12:54:13.081 63019 INFO tempest.lib.common.fixed_network [-] (ImagesOneServerNegativeTestJSON:setUpClass) Found network {'id': '78471e5d-d872-4828-90ae-9e6eca1f26fe', 'name': 'tempest-ImagesOneServerNegativeTestJSON-1013638810-network', 'tenant_id': 'e5a9ca67a1a94311b43ee792b8374bbb', 'admin_state_up': True, 'mtu': 8950, 'status': 'ACTIVE', 'subnets': [], 'shared': False, 'project_id': 'e5a9ca67a1a94311b43ee792b8374bbb', 'port_security_enabled': True, 'router:external': False, 'provider:network_type': 'vlan', 'provider:physical_network': 'default', 'provider:segmentation_id': 2, 'availability_zone_hints': [], 'availability_zones': [], 'ipv4_address_scope': None, 'ipv6_address_scope': None, 'description': '', 'tags': [], 'created_at': '2025-02-19T12:54:10Z', 'updated_at': '2025-02-19T12:54:10Z', 'revision_number': 1} available for tenant
2025-02-19 12:54:13.145 63050 INFO tempest.lib.common.rest_client [req-c796a464-977a-46c0-94cf-2f1fc849259e req-c796a464-977a-46c0-94cf-2f1fc849259e ] Request (FlavorsAdminTestJSON:setUpClass): 201 POST http://10.180.1.21/identity/v3/auth/tokens 0.547s
2025-02-19 12:54:13.159 63015 INFO tempest.lib.common.rest_client [req-ff1db06d-ae45-4983-b713-8b2aefc3c135 req-ff1db06d-ae45-4983-b713-8b2aefc3c135 ] Request (AZAdminV2TestJSON:tearDownClass): 204 DELETE http://10.180.1.21/identity/v3/projects/bc7c61dc862d4ed8a5a5e093ceee8565 0.582s
2025-02-19 12:54:13.159 63015 INFO tempest.lib.common.dynamic_creds [-] Deleting project and security group for project: 499bc03f186d4977946c3cdb68509225
2025-02-19 12:54:13.211 63021 INFO tempest.lib.common.rest_client [req-35e95eaa-eb0e-4ae7-a3aa-57205f4259a2 req-35e95eaa-eb0e-4ae7-a3aa-57205f4259a2 ] Request (FlavorsAccessTestJSON:setUpClass): 201 POST http://10.180.1.21/identity/v3/auth/tokens 0.611s
2025-02-19 12:54:13.212 63021 WARNING tempest.lib.common.rest_client [-] Deprecated: "tenant_id" property is deprecated for removal, use "project_id" instead
2025-02-19 12:54:13.214 63023 INFO tempest.lib.common.rest_client [req-f2e6aa61-65d1-4c30-aa25-d6ffc3af2f7d req-f2e6aa61-65d1-4c30-aa25-d6ffc3af2f7d ] Request (ServersWithSpecificFlavorTestJSON:setUpClass): 200 GET http://10.180.1.21/identity/v3/roles 0.598s
2025-02-19 12:54:13.234 63003 INFO tempest.lib.common.rest_client [req-2169e9ea-c9b6-4989-a534-58dd951388c4 req-2169e9ea-c9b6-4989-a534-58dd951388c4 ] Request (FlavorsExtraSpecsNegativeTestJSON:setUpClass): 204 PUT http://10.180.1.21/identity/v3/projects/bef71ca789934710b57dc9c92b101a6e/users/4f759186b1ed49c9995ed23abc040bae/roles/988a453fbeb44a75b05662428ed7b703 0.564s
2025-02-19 12:54:13.234 63003 INFO tempest.lib.common.dynamic_creds [-] Dynamic test user 4f759186b1ed49c9995ed23abc040bae is created with scope project and roles: ['admin']
2025-02-19 12:54:13.234 63003 INFO tempest.lib.common.dynamic_creds [-] Acquired dynamic creds: credentials: Credentials: {'domain_id': 'default', 'domain_name': 'Default', 'username': 'tempest-FlavorsExtraSpecsNegativeTestJSON-308923492-project-admin', 'project_domain_id': 'default', 'project_domain_name': 'Default', 'project_id': 'bef71ca789934710b57dc9c92b101a6e', 'project_name': 'tempest-FlavorsExtraSpecsNegativeTestJSON-308923492', 'tenant_id': 'bef71ca789934710b57dc9c92b101a6e', 'tenant_name': 'tempest-FlavorsExtraSpecsNegativeTestJSON-308923492', 'user_domain_id': 'default', 'user_domain_name': 'Default', 'user_id': '4f759186b1ed49c9995ed23abc040bae', 'system': None}, Network: None, Subnet: None, Router: None
2025-02-19 12:54:13.235 63003 INFO tempest.lib.common.dynamic_creds [-] Created isolated network resources for: credentials: Credentials: {'domain_id': 'default', 'domain_name': 'Default', 'username': 'tempest-FlavorsExtraSpecsNegativeTestJSON-308923492-project-admin', 'project_domain_id': 'default', 'project_domain_name': 'Default', 'project_id': 'bef71ca789934710b57dc9c92b101a6e', 'project_name': 'tempest-FlavorsExtraSpecsNegativeTestJSON-308923492', 'tenant_id': 'bef71ca789934710b57dc9c92b101a6e', 'tenant_name': 'tempest-FlavorsExtraSpecsNegativeTestJSON-308923492', 'user_domain_id': 'default', 'user_domain_name': 'Default', 'user_id': '4f759186b1ed49c9995ed23abc040bae', 'system': None}, Network: None, Subnet: None, Router: None
2025-02-19 12:54:13.267 63015 INFO tempest.lib.common.rest_client [req-6b5ca66a-147d-4509-83e4-ae26c84bae4d req-6b5ca66a-147d-4509-83e4-ae26c84bae4d ] Request (AZAdminV2TestJSON:tearDownClass): 200 GET http://10.180.1.21:9696/networking/v2.0/security-groups?tenant_id=499bc03f186d4977946c3cdb68509225&name=default 0.108s
2025-02-19 12:54:13.285 63027 INFO tempest.lib.common.rest_client [req-c37d6677-6c8f-4000-8b9d-89bef863fed1 req-c37d6677-6c8f-4000-8b9d-89bef863fed1 ] Request (QuotasAdminTestJSON:setUpClass): 204 PUT http://10.180.1.21/identity/v3/projects/5047ff0e8d2b4da49fb3e05bfe747e47/users/a462782c9b43493cb7fca72cea5afe73/roles/988a453fbeb44a75b05662428ed7b703 0.537s
2025-02-19 12:54:13.286 63027 INFO tempest.lib.common.dynamic_creds [-] Dynamic test user a462782c9b43493cb7fca72cea5afe73 is created with scope project and roles: ['admin']
2025-02-19 12:54:13.286 63027 INFO tempest.lib.common.dynamic_creds [-] Acquired dynamic creds: credentials: Credentials: {'domain_id': 'default', 'domain_name': 'Default', 'username': 'tempest-QuotasAdminTestJSON-551721554-project-admin', 'project_domain_id': 'default', 'project_domain_name': 'Default', 'project_id': '5047ff0e8d2b4da49fb3e05bfe747e47', 'project_name': 'tempest-QuotasAdminTestJSON-551721554', 'tenant_id': '5047ff0e8d2b4da49fb3e05bfe747e47', 'tenant_name': 'tempest-QuotasAdminTestJSON-551721554', 'user_domain_id': 'default', 'user_domain_name': 'Default', 'user_id': 'a462782c9b43493cb7fca72cea5afe73', 'system': None}, Network: None, Subnet: None, Router: None
2025-02-19 12:54:13.286 63027 INFO tempest.lib.common.dynamic_creds [-] Created isolated network resources for: credentials: Credentials: {'domain_id': 'default', 'domain_name': 'Default', 'username': 'tempest-QuotasAdminTestJSON-551721554-project-admin', 'project_domain_id': 'default', 'project_domain_name': 'Default', 'project_id': '5047ff0e8d2b4da49fb3e05bfe747e47', 'project_name': 'tempest-QuotasAdminTestJSON-551721554', 'tenant_id': '5047ff0e8d2b4da49fb3e05bfe747e47', 'tenant_name': 'tempest-QuotasAdminTestJSON-551721554', 'user_domain_id': 'default', 'user_domain_name': 'Default', 'user_id': 'a462782c9b43493cb7fca72cea5afe73', 'system': None}, Network: None, Subnet: None, Router: None
2025-02-19 12:54:13.291 62993 INFO tempest.lib.common.rest_client [req-b3d67174-1178-4d9f-a8de-b8fae70acf24 req-b3d67174-1178-4d9f-a8de-b8fae70acf24 ] Request (QuotasAdminTestV257:test_get_updated_quotas): 200 GET http://10.180.1.21/identity/v3/domains?name=Default 0.657s
2025-02-19 12:54:13.346 63015 INFO tempest.lib.common.rest_client [req-f556a2dd-d610-45ce-b22a-40c9a0d6875a req-f556a2dd-d610-45ce-b22a-40c9a0d6875a ] Request (AZAdminV2TestJSON:tearDownClass): 204 DELETE http://10.180.1.21:9696/networking/v2.0/security-groups/a01a09a8-38e1-4d0f-9091-41b17a68e19f 0.078s
2025-02-19 12:54:13.348 63025 INFO tempest.lib.common.rest_client [req-6fc3612a-f446-451e-83d0-edfae55b2eee req-6fc3612a-f446-451e-83d0-edfae55b2eee ] Request (QuotasAdminTestV236:setUpClass): 201 POST http://10.180.1.21/identity/v3/auth/tokens 0.596s
2025-02-19 12:54:13.349 63025 WARNING tempest.lib.common.rest_client [-] Deprecated: "tenant_id" property is deprecated for removal, use "project_id" instead
2025-02-19 12:54:13.351 63035 INFO tempest.lib.common.rest_client [req-87525bfc-339c-4f99-bf8d-64617d661013 req-87525bfc-339c-4f99-bf8d-64617d661013 ] Request (MigrationsAdminTest:setUpClass): 204 PUT http://10.180.1.21/identity/v3/projects/481f872edcd949e2b0b4e555b4e6ee6b/users/2da11c80137247a8b32b1d378d098d87/roles/988a453fbeb44a75b05662428ed7b703 0.583s
2025-02-19 12:54:13.351 63035 INFO tempest.lib.common.dynamic_creds [-] Dynamic test user 2da11c80137247a8b32b1d378d098d87 is created with scope project and roles: ['admin']
2025-02-19 12:54:13.351 63035 INFO tempest.lib.common.dynamic_creds [-] Acquired dynamic creds: credentials: Credentials: {'domain_id': 'default', 'domain_name': 'Default', 'username': 'tempest-MigrationsAdminTest-1328363120-project-admin', 'project_domain_id': 'default', 'project_domain_name': 'Default', 'project_id': '481f872edcd949e2b0b4e555b4e6ee6b', 'project_name': 'tempest-MigrationsAdminTest-1328363120', 'tenant_id': '481f872edcd949e2b0b4e555b4e6ee6b', 'tenant_name': 'tempest-MigrationsAdminTest-1328363120', 'user_domain_id': 'default', 'user_domain_name': 'Default', 'user_id': '2da11c80137247a8b32b1d378d098d87', 'system': None}, Network: None, Subnet: None, Router: None
2025-02-19 12:54:13.351 63035 INFO tempest.lib.common.dynamic_creds [-] Created isolated network resources for: credentials: Credentials: {'domain_id': 'default', 'domain_name': 'Default', 'username': 'tempest-MigrationsAdminTest-1328363120-project-admin', 'project_domain_id': 'default', 'project_domain_name': 'Default', 'project_id': '481f872edcd949e2b0b4e555b4e6ee6b', 'project_name': 'tempest-MigrationsAdminTest-1328363120', 'tenant_id': '481f872edcd949e2b0b4e555b4e6ee6b', 'tenant_name': 'tempest-MigrationsAdminTest-1328363120', 'user_domain_id': 'default', 'user_domain_name': 'Default', 'user_id': '2da11c80137247a8b32b1d378d098d87', 'system': None}, Network: None, Subnet: None, Router: None
2025-02-19 12:54:13.504 63011 INFO tempest.lib.common.rest_client [req-eaa4bb8b-6410-4ab2-93db-2efa6a5ced74 req-eaa4bb8b-6410-4ab2-93db-2efa6a5ced74 ] Request (HypervisorAdminTestJSON:setUpClass): 201 POST http://10.180.1.21/identity/v3/auth/tokens 0.683s
2025-02-19 12:54:13.509 63041 INFO tempest.lib.common.rest_client [req-4c519b3b-ecb9-4c75-a83b-074bb9c3560d req-4c519b3b-ecb9-4c75-a83b-074bb9c3560d ] Request (ServerExternalEventsTest:setUpClass): 204 PUT http://10.180.1.21/identity/v3/projects/7c760c8561fb4a77a901c2e3f3499523/users/742c5a0bbc2642e7b780e30446240a12/roles/988a453fbeb44a75b05662428ed7b703 0.681s
2025-02-19 12:54:13.509 63041 INFO tempest.lib.common.dynamic_creds [-] Dynamic test user 742c5a0bbc2642e7b780e30446240a12 is created with scope project and roles: ['admin']
2025-02-19 12:54:13.509 63041 INFO tempest.lib.common.dynamic_creds [-] Acquired dynamic creds: credentials: Credentials: {'domain_id': 'default', 'domain_name': 'Default', 'username': 'tempest-ServerExternalEventsTest-1104074674-project-admin', 'project_domain_id': 'default', 'project_domain_name': 'Default', 'project_id': '7c760c8561fb4a77a901c2e3f3499523', 'project_name': 'tempest-ServerExternalEventsTest-1104074674', 'tenant_id': '7c760c8561fb4a77a901c2e3f3499523', 'tenant_name': 'tempest-ServerExternalEventsTest-1104074674', 'user_domain_id': 'default', 'user_domain_name': 'Default', 'user_id': '742c5a0bbc2642e7b780e30446240a12', 'system': None}, Network: None, Subnet: None, Router: None
2025-02-19 12:54:13.509 63041 INFO tempest.lib.common.dynamic_creds [-] Created isolated network resources for: credentials: Credentials: {'domain_id': 'default', 'domain_name': 'Default', 'username': 'tempest-ServerExternalEventsTest-1104074674-project-admin', 'project_domain_id': 'default', 'project_domain_name': 'Default', 'project_id': '7c760c8561fb4a77a901c2e3f3499523', 'project_name': 'tempest-ServerExternalEventsTest-1104074674', 'tenant_id': '7c760c8561fb4a77a901c2e3f3499523', 'tenant_name': 'tempest-ServerExternalEventsTest-1104074674', 'user_domain_id': 'default', 'user_domain_name': 'Default', 'user_id': '742c5a0bbc2642e7b780e30446240a12', 'system': None}, Network: None, Subnet: None, Router: None
2025-02-19 12:54:13.563 63001 INFO tempest.lib.common.rest_client [req-c9ced739-f822-499d-8a52-bc42af011075 req-c9ced739-f822-499d-8a52-bc42af011075 ] Request (DeleteServersAdminTestJSON:test_admin_delete_servers_of_others): 201 POST http://10.180.1.21/identity/v3/auth/tokens 0.697s
2025-02-19 12:54:13.564 62995 INFO tempest.lib.common.rest_client [req-ee931f49-fe6a-4820-a292-95ff7509fcf2 req-ee931f49-fe6a-4820-a292-95ff7509fcf2 ] Request (FlavorsAccessNegativeTestJSON:setUpClass): 201 POST http://10.180.1.21/identity/v3/users 0.710s
2025-02-19 12:54:13.565 63001 INFO tempest.lib.common.fixed_network [-] (DeleteServersAdminTestJSON:test_admin_delete_servers_of_others) Found network None available for tenant
2025-02-19 12:54:13.639 63047 INFO tempest.lib.common.rest_client [req-07847afe-83d7-431e-8e65-124463eb4f46 req-07847afe-83d7-431e-8e65-124463eb4f46 ] Request (FlavorsV255TestJSON:setUpClass): 201 POST http://10.180.1.21/identity/v3/auth/tokens 0.690s
2025-02-19 12:54:13.640 63009 INFO tempest.lib.common.rest_client [req-dc18aa1a-b906-4f88-97ee-505e24ec5d26 req-dc18aa1a-b906-4f88-97ee-505e24ec5d26 ] Request (ServerDiagnosticsTest:setUpClass): 201 POST http://10.180.1.21/identity/v3/auth/tokens 0.689s
2025-02-19 12:54:13.680 63039 INFO tempest.lib.common.rest_client [req-ba9c7a2d-31db-470a-8aec-fb26217a2a82 req-ba9c7a2d-31db-470a-8aec-fb26217a2a82 ] Request (VolumesAssistedSnapshotsTest:setUpClass): 200 GET http://10.180.1.21/identity/v3/roles 0.706s
2025-02-19 12:54:13.682 62997 INFO tempest.lib.common.rest_client [req-fbfad3d1-9eb7-4e4b-a6b4-b7a2326d61c6 req-fbfad3d1-9eb7-4e4b-a6b4-b7a2326d61c6 ] Request (ServerDiagnosticsNegativeTest:test_get_server_diagnostics_by_non_admin): 202 POST http://10.180.1.21/compute/v2.1/servers 2.144s
2025-02-19 12:54:13.720 63031 INFO tempest.lib.common.rest_client [req-2d53a0c0-89ff-43de-af4a-e5a5a8c98466 req-2d53a0c0-89ff-43de-af4a-e5a5a8c98466 ] Request (HostsAdminNegativeTestJSON:setUpClass): 201 POST http://10.180.1.21/identity/v3/auth/tokens 0.694s
2025-02-19 12:54:13.775 63033 INFO tempest.lib.common.rest_client [req-60b301d8-984a-4ff2-bb8d-188b685b9f6e req-60b301d8-984a-4ff2-bb8d-188b685b9f6e ] Request (FlavorMetadataValidation:test_flavor_update_with_custom_namespace): 200 POST http://10.180.1.21/compute/v2.1/flavors/994906743/os-extra_specs 2.091s
2025-02-19 12:54:13.785 63013 INFO tempest.lib.common.rest_client [req-200b7666-b526-4278-8d2b-866a4bfd9d56 req-200b7666-b526-4278-8d2b-866a4bfd9d56 ] Request (HypervisorAdminUnderV252Test:setUpClass): 201 POST http://10.180.1.21/identity/v3/auth/tokens 0.705s
2025-02-19 12:54:13.796 63043 INFO tempest.lib.common.rest_client [req-5882a362-a98a-4350-837b-d81b1b632712 req-5882a362-a98a-4350-837b-d81b1b632712 ] Request (ServicesAdminTestJSON:test_get_service_by_service_binary_name): 200 GET http://10.180.1.21/compute/v2.1/os-services?binary=nova-compute 2.082s
2025-02-19 12:54:13.802 63023 INFO tempest.lib.common.rest_client [req-8e591687-b9ae-486f-bff9-e3e76605437b req-8e591687-b9ae-486f-bff9-e3e76605437b ] Request (ServersWithSpecificFlavorTestJSON:setUpClass): 204 PUT http://10.180.1.21/identity/v3/projects/0946fd3305144203858d8211a045859f/users/b87e2f538d3044278ea7c8517345f2dc/roles/988a453fbeb44a75b05662428ed7b703 0.588s
2025-02-19 12:54:13.802 63023 INFO tempest.lib.common.dynamic_creds [-] Dynamic test user b87e2f538d3044278ea7c8517345f2dc is created with scope project and roles: ['admin']
2025-02-19 12:54:13.803 63023 INFO tempest.lib.common.dynamic_creds [-] Acquired dynamic creds: credentials: Credentials: {'domain_id': 'default', 'domain_name': 'Default', 'username': 'tempest-ServersWithSpecificFlavorTestJSON-268991810-project-admin', 'project_domain_id': 'default', 'project_domain_name': 'Default', 'project_id': '0946fd3305144203858d8211a045859f', 'project_name': 'tempest-ServersWithSpecificFlavorTestJSON-268991810', 'tenant_id': '0946fd3305144203858d8211a045859f', 'tenant_name': 'tempest-ServersWithSpecificFlavorTestJSON-268991810', 'user_domain_id': 'default', 'user_domain_name': 'Default', 'user_id': 'b87e2f538d3044278ea7c8517345f2dc', 'system': None}, Network: None, Subnet: None, Router: None
2025-02-19 12:54:13.804 62989 INFO tempest.lib.common.rest_client [req-60569d45-43b1-4531-abb6-1dfd5ed94327 req-60569d45-43b1-4531-abb6-1dfd5ed94327 ] Request (FlavorsExtraSpecsTestJSON:setUpClass): 201 POST http://10.180.1.21/identity/v3/auth/tokens 0.709s
2025-02-19 12:54:13.870 63003 INFO tempest.lib.common.rest_client [req-21fc06d2-c8fc-452c-b690-0fb6a10c85f0 req-21fc06d2-c8fc-452c-b690-0fb6a10c85f0 ] Request (FlavorsExtraSpecsNegativeTestJSON:setUpClass): 201 POST http://10.180.1.21/identity/v3/auth/tokens 0.580s
2025-02-19 12:54:13.883 62993 INFO tempest.lib.common.rest_client [req-f96c2758-241e-43bf-8067-96f5898a3f53 req-f96c2758-241e-43bf-8067-96f5898a3f53 ] Request (QuotasAdminTestV257:test_get_updated_quotas): 201 POST http://10.180.1.21/identity/v3/projects 0.591s
2025-02-19 12:54:13.931 63027 INFO tempest.lib.common.rest_client [req-271a9315-a390-49e3-ade2-e4868b87f397 req-271a9315-a390-49e3-ade2-e4868b87f397 ] Request (QuotasAdminTestJSON:setUpClass): 201 POST http://10.180.1.21/identity/v3/auth/tokens 0.594s
2025-02-19 12:54:13.932 63027 WARNING tempest.lib.common.rest_client [-] Deprecated: "tenant_id" property is deprecated for removal, use "project_id" instead
2025-02-19 12:54:13.975 63015 INFO tempest.lib.common.rest_client [req-98c7b708-e65d-4d96-9ade-ee9b4d044c5d req-98c7b708-e65d-4d96-9ade-ee9b4d044c5d ] Request (AZAdminV2TestJSON:tearDownClass): 204 DELETE http://10.180.1.21/identity/v3/projects/499bc03f186d4977946c3cdb68509225 0.629s
2025-02-19 12:54:13.976 63015 INFO tempest.test [-] raised in SpiceDirectConsoleTestJSON.setUpClass. Invoking tearDownClass.
2025-02-19 12:54:14.000 63035 INFO tempest.lib.common.rest_client [req-4f8388e3-c6af-4275-b0a2-8558b9d5d376 req-4f8388e3-c6af-4275-b0a2-8558b9d5d376 ] Request (MigrationsAdminTest:setUpClass): 201 POST http://10.180.1.21/identity/v3/auth/tokens 0.605s
2025-02-19 12:54:14.047 63041 INFO tempest.lib.common.rest_client [req-620534e0-c293-4262-9eb6-f5be2cc41789 req-620534e0-c293-4262-9eb6-f5be2cc41789 ] Request (ServerExternalEventsTest:setUpClass): 201 POST http://10.180.1.21/identity/v3/auth/tokens 0.494s
2025-02-19 12:54:14.064 62995 INFO tempest.lib.common.rest_client [req-0ef6ec6d-5a47-4199-a580-21f94441aa8e req-0ef6ec6d-5a47-4199-a580-21f94441aa8e ] Request (FlavorsAccessNegativeTestJSON:setUpClass): 200 GET http://10.180.1.21/identity/v3/roles 0.499s
2025-02-19 12:54:14.065 63023 INFO tempest.lib.common.rest_client [req-f445b187-3aea-421a-b867-fb00c7b5733c req-f445b187-3aea-421a-b867-fb00c7b5733c ] Request (ServersWithSpecificFlavorTestJSON:setUpClass): 201 POST http://10.180.1.21:9696/networking/v2.0/networks 0.262s
2025-02-19 12:54:14.093 63039 INFO tempest.lib.common.rest_client [req-929af590-730e-4715-94ba-6e59f0065193 req-929af590-730e-4715-94ba-6e59f0065193 ] Request (VolumesAssistedSnapshotsTest:setUpClass): 204 PUT http://10.180.1.21/identity/v3/projects/6b9f79989a494be9a17de7be53b6fa23/users/2a6d5939541d4a16a27d1bf4f16db123/roles/988a453fbeb44a75b05662428ed7b703 0.413s
2025-02-19 12:54:14.109 63009 INFO tempest.lib.common.rest_client [req-3444003a-7cb7-4b78-9597-3499aa51caef req-3444003a-7cb7-4b78-9597-3499aa51caef ] Request (ServerDiagnosticsTest:test_get_server_diagnostics): 201 POST http://10.180.1.21/identity/v3/auth/tokens 0.462s
2025-02-19 12:54:14.110 63009 INFO tempest.lib.common.fixed_network [-] (ServerDiagnosticsTest:test_get_server_diagnostics) Found network None available for tenant
2025-02-19 12:54:14.176 63045 INFO tempest.lib.common.rest_client [req-57372540-2b7c-4e56-b680-4049f7c40c90 req-57372540-2b7c-4e56-b680-4049f7c40c90 ] Request (ImagesDeleteNegativeTestJSON:test_delete_image_negative_image_id): 404 DELETE http://10.180.1.21/compute/v2.1/images/-1 3.116s
2025-02-19 12:54:14.209 63023 INFO tempest.lib.common.rest_client [req-841230bb-def2-47cc-b4f2-887f59c55204 req-841230bb-def2-47cc-b4f2-887f59c55204 ] Request (ServersWithSpecificFlavorTestJSON:setUpClass): 201 POST http://10.180.1.21:9696/networking/v2.0/subnets 0.143s
2025-02-19 12:54:14.215 62993 INFO tempest.lib.common.rest_client [req-e51b51d7-8b84-4ef0-a3d2-c81fc83a279a req-e51b51d7-8b84-4ef0-a3d2-c81fc83a279a ] Request (QuotasAdminTestV257:test_get_updated_quotas): 200 GET http://10.180.1.21/identity/v3/domains?name=Default 0.331s
2025-02-19 12:54:14.275 63015 INFO tempest.lib.common.rest_client [req-ac5a1ed3-4dd7-47d2-9cdc-821e78515ea1 req-ac5a1ed3-4dd7-47d2-9cdc-821e78515ea1 ] Request (ImagesTestJSON:setUpClass): 201 POST http://10.180.1.21/identity/v3/auth/tokens 0.295s
2025-02-19 12:54:14.289 63037 INFO tempest.lib.common.rest_client [req-d05e32af-af24-412e-a2bb-dd4e0ff0e828 req-d05e32af-af24-412e-a2bb-dd4e0ff0e828 ] Request (KeyPairsV210TestJSON:test_admin_manage_keypairs_for_other_users): 201 POST http://10.180.1.21/compute/v2.1/os-keypairs 2.056s
2025-02-19 12:54:14.293 63041 INFO tempest.lib.common.rest_client [req-84ebf8ab-8d08-4d24-8d18-51534714c036 req-84ebf8ab-8d08-4d24-8d18-51534714c036 ] Request (ServerExternalEventsTest:setUpClass): 201 POST http://10.180.1.21/identity/v3/projects 0.246s
2025-02-19 12:54:14.296 62991 INFO tempest.lib.common.rest_client [req-da2d7dcb-4691-4102-b695-61ef43306d2f req-da2d7dcb-4691-4102-b695-61ef43306d2f ] Request (HypervisorAdminNegativeTestJSON:test_get_hypervisor_list_with_non_admin_user): 403 GET http://10.180.1.21/compute/v2.1/os-hypervisors 1.890s
2025-02-19 12:54:14.303 62995 INFO tempest.lib.common.rest_client [req-d32a23b2-15c5-4217-bd4b-42720e25c761 req-d32a23b2-15c5-4217-bd4b-42720e25c761 ] Request (FlavorsAccessNegativeTestJSON:setUpClass): 204 PUT http://10.180.1.21/identity/v3/projects/254d025b31d942f9bedcc36cdeb892b7/users/94c92004086642429c308f6918f9dfe8/roles/93051d0667c749fca80780c0cf641ae9 0.239s
2025-02-19 12:54:14.304 62995 INFO tempest.lib.common.dynamic_creds [-] Dynamic test user 94c92004086642429c308f6918f9dfe8 is created with scope project and roles: ['member']
2025-02-19 12:54:14.304 62995 INFO tempest.lib.common.dynamic_creds [-] Acquired dynamic creds: credentials: Credentials: {'domain_id': 'default', 'domain_name': 'Default', 'username': 'tempest-FlavorsAccessNegativeTestJSON-1924762485-project-member', 'project_domain_id': 'default', 'project_domain_name': 'Default', 'project_id': '254d025b31d942f9bedcc36cdeb892b7', 'project_name': 'tempest-FlavorsAccessNegativeTestJSON-1924762485', 'tenant_id': '254d025b31d942f9bedcc36cdeb892b7', 'tenant_name': 'tempest-FlavorsAccessNegativeTestJSON-1924762485', 'user_domain_id': 'default', 'user_domain_name': 'Default', 'user_id': '94c92004086642429c308f6918f9dfe8', 'system': None}, Network: None, Subnet: None, Router: None
2025-02-19 12:54:14.304 62995 INFO tempest.lib.common.dynamic_creds [-] Created isolated network resources for: credentials: Credentials: {'domain_id': 'default', 'domain_name': 'Default', 'username': 'tempest-FlavorsAccessNegativeTestJSON-1924762485-project-member', 'project_domain_id': 'default', 'project_domain_name': 'Default', 'project_id': '254d025b31d942f9bedcc36cdeb892b7', 'project_name': 'tempest-FlavorsAccessNegativeTestJSON-1924762485', 'tenant_id': '254d025b31d942f9bedcc36cdeb892b7', 'tenant_name': 'tempest-FlavorsAccessNegativeTestJSON-1924762485', 'user_domain_id': 'default', 'user_domain_name': 'Default', 'user_id': '94c92004086642429c308f6918f9dfe8', 'system': None}, Network: None, Subnet: None, Router: None
2025-02-19 12:54:14.376 63039 INFO tempest.lib.common.rest_client [req-7e33356b-212a-4721-bfc8-1ceaf37334ab req-7e33356b-212a-4721-bfc8-1ceaf37334ab ] Request (VolumesAssistedSnapshotsTest:setUpClass): 200 GET http://10.180.1.21/identity/v3/roles 0.282s
2025-02-19 12:54:14.408 63015 INFO tempest.lib.common.rest_client [req-7fcfbefc-8f9f-40f5-8f95-47ad1b49584c req-7fcfbefc-8f9f-40f5-8f95-47ad1b49584c ] Request (ImagesTestJSON:setUpClass): 201 POST http://10.180.1.21/identity/v3/auth/tokens 0.131s
2025-02-19 12:54:14.415 63041 INFO tempest.lib.common.rest_client [req-6f213c28-fcfc-4294-bbe6-5ee7a81be342 req-6f213c28-fcfc-4294-bbe6-5ee7a81be342 ] Request (ServerExternalEventsTest:setUpClass): 201 POST http://10.180.1.21/identity/v3/users 0.122s
2025-02-19 12:54:14.475 63017 INFO tempest.lib.common.rest_client [req-b6afa22d-404c-4e80-b49c-6158e7b53994 req-b6afa22d-404c-4e80-b49c-6158e7b53994 ] Request (AZAdminNegativeTestJSON:test_get_availability_zone_list_detail_with_non_admin_user): 403 GET http://10.180.1.21/compute/v2.1/os-availability-zone/detail 1.962s
2025-02-19 12:54:14.482 63039 INFO tempest.lib.common.rest_client [req-b2cfb069-d42d-42c0-a8c4-1edf940f261d req-b2cfb069-d42d-42c0-a8c4-1edf940f261d ] Request (VolumesAssistedSnapshotsTest:setUpClass): 204 PUT http://10.180.1.21/identity/v3/projects/6b9f79989a494be9a17de7be53b6fa23/users/2a6d5939541d4a16a27d1bf4f16db123/roles/988a453fbeb44a75b05662428ed7b703 0.106s
2025-02-19 12:54:14.483 63039 INFO tempest.lib.common.dynamic_creds [-] Dynamic test user 2a6d5939541d4a16a27d1bf4f16db123 is created with scope project and roles: ['admin']
2025-02-19 12:54:14.483 63039 INFO tempest.lib.common.dynamic_creds [-] Acquired dynamic creds: credentials: Credentials: {'domain_id': 'default', 'domain_name': 'Default', 'username': 'tempest-VolumesAssistedSnapshotsTest-272942507-project-admin', 'project_domain_id': 'default', 'project_domain_name': 'Default', 'project_id': '6b9f79989a494be9a17de7be53b6fa23', 'project_name': 'tempest-VolumesAssistedSnapshotsTest-272942507', 'tenant_id': '6b9f79989a494be9a17de7be53b6fa23', 'tenant_name': 'tempest-VolumesAssistedSnapshotsTest-272942507', 'user_domain_id': 'default', 'user_domain_name': 'Default', 'user_id': '2a6d5939541d4a16a27d1bf4f16db123', 'system': None}, Network: None, Subnet: None, Router: None
2025-02-19 12:54:14.489 62995 INFO tempest.lib.common.rest_client [req-b654d513-dfde-4605-a6a2-6fb1d3f3a82c req-b654d513-dfde-4605-a6a2-6fb1d3f3a82c ] Request (FlavorsAccessNegativeTestJSON:setUpClass): 201 POST http://10.180.1.21/identity/v3/auth/tokens 0.182s
2025-02-19 12:54:14.490 62995 WARNING tempest.lib.common.rest_client [-] Deprecated: "tenant_id" property is deprecated for removal, use "project_id" instead
2025-02-19 12:54:14.495 63029 INFO tempest.lib.common.rest_client [req-2d91e605-e5e5-4cec-a4ab-56ed9ed64607 req-2d91e605-e5e5-4cec-a4ab-56ed9ed64607 ] Request (KeyPairsV22TestJSON:_run_cleanups): 204 DELETE http://10.180.1.21/compute/v2.1/os-keypairs/tempest-keypair-781718057 1.919s
2025-02-19 12:54:14.537 63015 INFO tempest.lib.common.rest_client [req-3b872afc-6cbb-410f-8408-84d67285fa0d req-3b872afc-6cbb-410f-8408-84d67285fa0d ] Request (ImagesTestJSON:setUpClass): 200 GET http://10.180.1.21/identity/v3/domains?name=Default 0.129s
2025-02-19 12:54:14.539 63041 INFO tempest.lib.common.rest_client [req-86d5bf91-300b-4c93-bfdb-0a26d1a42395 req-86d5bf91-300b-4c93-bfdb-0a26d1a42395 ] Request (ServerExternalEventsTest:setUpClass): 200 GET http://10.180.1.21/identity/v3/roles 0.123s
2025-02-19 12:54:14.644 63017 INFO tempest.lib.common.rest_client [req-a1b90a9a-b996-465a-a826-0ebf18b72690 req-a1b90a9a-b996-465a-a826-0ebf18b72690 ] Request (AZAdminNegativeTestJSON:tearDownClass): 204 DELETE http://10.180.1.21/identity/v3/users/bf17344cbf234f5f86e0af2be1b54ba3 0.161s
2025-02-19 12:54:14.673 62987 INFO tempest.lib.common.rest_client [req-65a0d7c8-45f8-45cd-8280-c95ccd365d91 req-65a0d7c8-45f8-45cd-8280-c95ccd365d91 ] Request (QuotasAdminNegativeTest:test_create_server_when_cpu_quota_is_full): 200 GET http://10.180.1.21/compute/v2.1/os-quota-sets/b3e70f87adba443186743b5213d739dc 2.428s
2025-02-19 12:54:14.753 63005 INFO tempest.lib.common.rest_client [req-cd84039f-4f64-44fe-a50d-d8ff272515c2 req-cd84039f-4f64-44fe-a50d-d8ff272515c2 ] Request (TenantUsagesNegativeTestJSON:test_get_usage_tenant_with_empty_tenant_id): 404 GET http://10.180.1.21/compute/v2.1/os-simple-tenant-usage/?start=2025-02-18T12%3A54%3A12.698313&end=2025-02-20T12%3A54%3A12.698313 2.054s
2025-02-19 12:54:14.760 63005 WARNING tempest.lib.common.rest_client [-] Deprecated: "tenant_id" property is deprecated for removal, use "project_id" instead
2025-02-19 12:54:14.763 63015 INFO tempest.lib.common.rest_client [req-e44422a5-fd99-4274-a241-0d565a291454 req-e44422a5-fd99-4274-a241-0d565a291454 ] Request (ImagesTestJSON:setUpClass): 201 POST http://10.180.1.21/identity/v3/projects 0.225s
2025-02-19 12:54:14.777 63041 INFO tempest.lib.common.rest_client [req-a48aba30-ceab-4dc3-9864-7d31ec7da737 req-a48aba30-ceab-4dc3-9864-7d31ec7da737 ] Request (ServerExternalEventsTest:setUpClass): 204 PUT http://10.180.1.21/identity/v3/projects/3d341cd4b431427db457398427dc82a8/users/d01f534461a54bb280d696cfbdf9075c/roles/988a453fbeb44a75b05662428ed7b703 0.236s
2025-02-19 12:54:14.814 63039 INFO tempest.lib.common.rest_client [req-b0d61909-85d6-4680-ad06-1dff332a4c0e req-b0d61909-85d6-4680-ad06-1dff332a4c0e ] Request (VolumesAssistedSnapshotsTest:setUpClass): 201 POST http://10.180.1.21:9696/networking/v2.0/networks 0.331s
2025-02-19 12:54:14.896 63017 INFO tempest.lib.common.rest_client [req-46a6c82c-025d-476a-b06b-fed7edc73dab req-46a6c82c-025d-476a-b06b-fed7edc73dab ] Request (AZAdminNegativeTestJSON:tearDownClass): 204 DELETE http://10.180.1.21/identity/v3/users/280d7461fe37484dbd57b8597a9c55ca 0.251s
2025-02-19 12:54:14.896 63017 INFO tempest.lib.common.dynamic_creds [-] Deleting project and security group for project: 752fe7b392894661b05d769fe62e6853
2025-02-19 12:54:14.906 62999 INFO tempest.lib.common.rest_client [req-c6f73802-36be-4223-bab9-cbe3860f2f14 req-c6f73802-36be-4223-bab9-cbe3860f2f14 ] Request (ImagesOneServerTestJSON:setUpClass): 200 GET http://10.180.1.21/compute/v2.1/servers/b9a91452-834c-4bce-8b00-05152fcc4c87 2.134s
2025-02-19 12:54:14.908 63007 INFO tempest.lib.common.rest_client [req-cd99ecb3-ffda-49cb-9e41-be76b79a08cd req-cd99ecb3-ffda-49cb-9e41-be76b79a08cd ] Request (AggregatesAdminNegativeTestJSON:setUpClass): 200 GET http://10.180.1.21/compute/v2.1/os-services?binary=nova-compute 2.152s
2025-02-19 12:54:14.937 63015 INFO tempest.lib.common.rest_client [req-0e62b5a3-9c5e-4c9e-af79-c64c915d8682 req-0e62b5a3-9c5e-4c9e-af79-c64c915d8682 ] Request (ImagesTestJSON:setUpClass): 201 POST http://10.180.1.21/identity/v3/users 0.172s
2025-02-19 12:54:14.958 63041 INFO tempest.lib.common.rest_client [req-c7e3e911-b4d8-4fbb-82c1-26890791d820 req-c7e3e911-b4d8-4fbb-82c1-26890791d820 ] Request (ServerExternalEventsTest:setUpClass): 200 GET http://10.180.1.21/identity/v3/roles 0.180s
2025-02-19 12:54:14.962 63017 INFO tempest.lib.common.rest_client [req-edc29284-db17-4510-a34b-18b6ee7f204b req-edc29284-db17-4510-a34b-18b6ee7f204b ] Request (AZAdminNegativeTestJSON:tearDownClass): 201 POST http://10.180.1.21/identity/v3/auth/tokens 0.065s
2025-02-19 12:54:14.982 63023 INFO tempest.lib.common.rest_client [req-68211017-fd5b-40b9-94e3-7aa8b974ced9 req-68211017-fd5b-40b9-94e3-7aa8b974ced9 ] Request (ServersWithSpecificFlavorTestJSON:setUpClass): 201 POST http://10.180.1.21:9696/networking/v2.0/routers 0.772s
2025-02-19 12:54:15.000 63039 INFO tempest.lib.common.rest_client [req-54d47e7a-e8ca-4f93-8e78-ce8c373f6944 req-54d47e7a-e8ca-4f93-8e78-ce8c373f6944 ] Request (VolumesAssistedSnapshotsTest:setUpClass): 201 POST http://10.180.1.21:9696/networking/v2.0/subnets 0.185s
2025-02-19 12:54:15.059 63015 INFO tempest.lib.common.rest_client [req-3835ba8c-0a51-4113-bd74-da2f96fcac27 req-3835ba8c-0a51-4113-bd74-da2f96fcac27 ] Request (ImagesTestJSON:setUpClass): 200 GET http://10.180.1.21/identity/v3/roles 0.121s
2025-02-19 12:54:15.074 63050 INFO tempest.lib.common.rest_client [req-b953d3bb-6f9a-47c5-b722-b251f7a94fe1 req-b953d3bb-6f9a-47c5-b722-b251f7a94fe1 ] Request (FlavorsAdminTestJSON:test_create_flavor_using_string_ram): 200 POST http://10.180.1.21/compute/v2.1/flavors 1.927s
2025-02-19 12:54:15.075 63041 INFO tempest.lib.common.rest_client [req-0aacb2e3-a435-419e-ba1d-dedc03ba2e65 req-0aacb2e3-a435-419e-ba1d-dedc03ba2e65 ] Request (ServerExternalEventsTest:setUpClass): 204 PUT http://10.180.1.21/identity/v3/projects/3d341cd4b431427db457398427dc82a8/users/d01f534461a54bb280d696cfbdf9075c/roles/e7ce58118e8d4dbdadc0a755cec97314 0.117s
2025-02-19 12:54:15.075 63041 INFO tempest.lib.common.dynamic_creds [-] Dynamic test user d01f534461a54bb280d696cfbdf9075c is created with scope project and roles: ['admin', 'service']
