2025-02-19 12:54:56.920 63013 INFO tempest.lib.common.dynamic_creds [-] Created isolated network resources for: credentials: Credentials: {'domain_id': 'default', 'domain_name': 'Default', 'username': 'tempest-AttachVolumeShelveTestJSON-1658686096-project-member', 'project_domain_id': 'default', 'project_domain_name': 'Default', 'project_id': 'c9a7c7bc17d64717b4da55c4f2092088', 'project_name': 'tempest-AttachVolumeShelveTestJSON-1658686096', 'tenant_id': 'c9a7c7bc17d64717b4da55c4f2092088', 'tenant_name': 'tempest-AttachVolumeShelveTestJSON-1658686096', 'user_domain_id': 'default', 'user_domain_name': 'Default', 'user_id': 'b7de0e45b8904f1cb48a7a464cb586c1', 'system': None}, Network: {'id': 'b15a75c2-92de-4702-9cfe-2a7d0026bac1', 'name': 'tempest-AttachVolumeShelveTestJSON-436821691-network', 'tenant_id': 'c9a7c7bc17d64717b4da55c4f2092088', 'admin_state_up': True, 'mtu': 8950, 'status': 'ACTIVE', 'subnets': [], 'shared': False, 'project_id': 'c9a7c7bc17d64717b4da55c4f2092088', 'port_security_enabled': True, 'router:external': False, 'provider:network_type': 'vlan', 'provider:physical_network': 'default', 'provider:segmentation_id': 747, 'availability_zone_hints': [], 'availability_zones': [], 'ipv4_address_scope': None, 'ipv6_address_scope': None, 'description': '', 'tags': [], 'created_at': '2025-02-19T12:54:49Z', 'updated_at': '2025-02-19T12:54:49Z', 'revision_number': 1}, Subnet: {'id': '28a3dfa9-f916-48bc-84ad-1f01b53b2a71', 'name': 'tempest-AttachVolumeShelveTestJSON-436821691-subnet', 'tenant_id': 'c9a7c7bc17d64717b4da55c4f2092088', 'network_id': 'b15a75c2-92de-4702-9cfe-2a7d0026bac1', 'ip_version': 4, 'subnetpool_id': None, 'enable_dhcp': True, 'ipv6_ra_mode': None, 'ipv6_address_mode': None, 'gateway_ip': '192.168.128.1', 'cidr': '192.168.128.0/28', 'allocation_pools': [{'start': '192.168.128.2', 'end': '192.168.128.14'}], 'host_routes': [], 'dns_nameservers': [], 'description': '', 'router:external': False, 'service_types': [], 'tags': [], 'created_at': '2025-02-19T12:54:49Z', 'updated_at': '2025-02-19T12:54:49Z', 'revision_number': 0, 'project_id': 'c9a7c7bc17d64717b4da55c4f2092088'}, Router: {'id': 'efe094b3-e306-4332-b211-df5bc45b4dc6', 'name': 'tempest-AttachVolumeShelveTestJSON-436821691-router', 'tenant_id': 'c9a7c7bc17d64717b4da55c4f2092088', 'admin_state_up': True, 'status': 'ACTIVE', 'external_gateway_info': {'network_id': 'a755ca55-5c64-41c4-9c16-f76b7f52f169', 'external_fixed_ips': [{'subnet_id': '187e5fda-de9e-4f85-add7-eae0f770bc4c', 'ip_address': '10.180.180.225'}], 'enable_snat': True}, 'description': '', 'availability_zones': [], 'distributed': False, 'ha': False, 'availability_zone_hints': [], 'routes': [], 'flavor_id': None, 'tags': [], 'created_at': '2025-02-19T12:54:50Z', 'updated_at': '2025-02-19T12:54:51Z', 'revision_number': 2, 'project_id': 'c9a7c7bc17d64717b4da55c4f2092088'}
2025-02-19 12:54:56.955 63025 INFO tempest.lib.common.rest_client [req-c5184e7e-4b22-44eb-a94a-edcf94ce3449 req-c5184e7e-4b22-44eb-a94a-edcf94ce3449 ] Request (ServersAdminNegativeTestJSON:setUpClass): 201 POST http://10.180.1.21/identity/v3/auth/tokens 0.102s
2025-02-19 12:54:57.021 63013 INFO tempest.lib.common.rest_client [req-fc9b2ab5-aad0-4f48-88fc-3f17d375d671 req-fc9b2ab5-aad0-4f48-88fc-3f17d375d671 ] Request (AttachVolumeShelveTestJSON:setUpClass): 201 POST http://10.180.1.21/identity/v3/auth/tokens 0.096s
2025-02-19 12:54:57.026 62993 INFO tempest.lib.common.rest_client [req-50cac237-4444-4678-b4b5-a40ed79976e8 req-50cac237-4444-4678-b4b5-a40ed79976e8 ] Request (FlavorsV2TestJSON:tearDownClass): 200 GET http://10.180.1.21:9696/networking/v2.0/security-groups?tenant_id=7b07da27f716492d995cc38de299c2da&name=default 0.643s
2025-02-19 12:54:57.034 63017 INFO tempest.lib.common.rest_client [req-21d4df07-296f-425e-b730-adbda3f5533d req-21d4df07-296f-425e-b730-adbda3f5533d ] Request (VolumesAdminNegativeTest:test_update_attached_volume_with_nonexistent_volume_in_body): 200 GET http://10.180.1.21/compute/v2.1/servers/9f4b812e-617a-41e2-b9fb-36fee90a8118 1.898s
2025-02-19 12:54:57.034 63025 INFO tempest.lib.common.rest_client [req-2db6da41-35ef-4499-bf47-88d4151f5bdf req-2db6da41-35ef-4499-bf47-88d4151f5bdf ] Request (ServersAdminNegativeTestJSON:setUpClass): 201 POST http://10.180.1.21/identity/v3/auth/tokens 0.072s
2025-02-19 12:54:57.035 63025 INFO tempest.lib.common.fixed_network [-] (ServersAdminNegativeTestJSON:setUpClass) Found network None available for tenant
2025-02-19 12:54:57.093 63021 INFO tempest.lib.common.rest_client [req-b2839953-db5b-4412-b600-8dfa17791f33 req-b2839953-db5b-4412-b600-8dfa17791f33 ] Request (ServersTestFqdnHostnames:test_create_server_with_fqdn_name): 200 GET http://10.180.1.21/compute/v2.1/servers/304d1582-d380-41e8-9651-a28895a33fca 1.945s
2025-02-19 12:54:57.122 63029 INFO tempest.lib.common.rest_client [req-5a6bf44e-2393-4540-829c-958d1fbb5fc6 req-5a6bf44e-2393-4540-829c-958d1fbb5fc6 ] Request (ValidationResourcesFixture:setUp): 201 POST http://10.180.1.21:9696/networking/v2.0/security-group-rules 0.294s
2025-02-19 12:54:57.266 62993 INFO tempest.lib.common.rest_client [req-1330b875-9412-4c04-bcd6-242d14090a09 req-1330b875-9412-4c04-bcd6-242d14090a09 ] Request (FlavorsV2TestJSON:tearDownClass): 204 DELETE http://10.180.1.21:9696/networking/v2.0/security-groups/61a751f7-5b64-46b4-b7af-b12b844b2442 0.239s
2025-02-19 12:54:57.341 63045 INFO tempest.lib.common.rest_client [req-ff2cbcff-76ac-4353-8a90-b51b75313373 req-ff2cbcff-76ac-4353-8a90-b51b75313373 ] Request (ImagesNegativeTestJSON:test_create_image_from_deleted_server): 200 GET http://10.180.1.21/compute/v2.1/servers/8a1c515b-5345-431e-9cb6-a88a1261a5d9 2.147s
2025-02-19 12:54:57.352 63047 INFO tempest.lib.common.rest_client [req-c9379b6e-3e9b-41c6-be2c-00978c9d5b51 req-c9379b6e-3e9b-41c6-be2c-00978c9d5b51 ] Request (ServersTestBootFromVolume:setUpClass): 200 GET http://10.180.1.21/volume/v3/volumes/9ee9a0df-b0bb-459c-bd19-8a4a87a5fbf1 0.049s
2025-02-19 12:54:57.359 63003 INFO tempest.lib.common.rest_client [req-b0639aa6-27af-4089-9b52-3901a1a8e5aa req-b0639aa6-27af-4089-9b52-3901a1a8e5aa ] Request (QuotaClassesAdminTestJSON:test_update_default_quotas): 200 GET http://10.180.1.21/compute/v2.1/os-quota-class-sets/default 1.950s
2025-02-19 12:54:57.432 62993 INFO tempest.lib.common.rest_client [req-3d52ac53-97ab-429e-8d07-81afe7042184 req-3d52ac53-97ab-429e-8d07-81afe7042184 ] Request (FlavorsV2TestJSON:tearDownClass): 204 DELETE http://10.180.1.21/identity/v3/projects/7b07da27f716492d995cc38de299c2da 0.165s
2025-02-19 12:54:57.435 62987 INFO tempest.lib.common.rest_client [req-c961570c-f5b9-40ed-a85f-35b0f1339763 req-c961570c-f5b9-40ed-a85f-35b0f1339763 ] Request (ServersTestManualDisk:setUpClass): 201 POST http://10.180.1.21:9696/networking/v2.0/networks 0.752s
2025-02-19 12:54:57.502 63007 INFO tempest.lib.common.rest_client [req-6d2a7431-0087-45ec-80fe-cf2ddd16611b req-6d2a7431-0087-45ec-80fe-cf2ddd16611b ] Request (AggregatesAdminNegativeTestJSON:test_aggregate_remove_host_as_user): 200 POST http://10.180.1.21/compute/v2.1/os-aggregates/7/action 1.924s
2025-02-19 12:54:57.508 62993 INFO tempest.lib.common.rest_client [req-8ee7d9a6-dc5d-4aed-9648-094c4b3d81fa req-8ee7d9a6-dc5d-4aed-9648-094c4b3d81fa ] Request (AttachInterfacesTestJSON:setUpClass): 201 POST http://10.180.1.21/identity/v3/auth/tokens 0.074s
2025-02-19 12:54:57.544 62993 INFO tempest.lib.common.rest_client [req-92ee48f5-b29c-4fe4-9d88-09f0bb65f89c req-92ee48f5-b29c-4fe4-9d88-09f0bb65f89c ] Request (AttachInterfacesTestJSON:setUpClass): 201 POST http://10.180.1.21/identity/v3/auth/tokens 0.033s
2025-02-19 12:54:57.571 62993 INFO tempest.lib.common.rest_client [req-4e68938d-5864-45e0-badf-b4079130aee7 req-4e68938d-5864-45e0-badf-b4079130aee7 ] Request (AttachInterfacesTestJSON:setUpClass): 200 GET http://10.180.1.21/identity/v3/domains?name=Default 0.027s
2025-02-19 12:54:57.584 63037 INFO tempest.lib.common.rest_client [req-16f0db61-d1e9-45e2-be33-c00c1c4cd5df req-16f0db61-d1e9-45e2-be33-c00c1c4cd5df ] Request (ServerDiskConfigTestJSON:test_rebuild_server_with_auto_disk_config): 200 GET http://10.180.1.21/compute/v2.1/servers/5c88dc2b-0ee2-4bf2-b665-54fe750dadaa 1.938s
2025-02-19 12:54:57.614 63043 INFO tempest.lib.common.rest_client [req-cb383890-7924-4386-a3c5-31be865c0276 req-cb383890-7924-4386-a3c5-31be865c0276 ] Request (SecurityGroupsTestJSON:test_list_security_groups_by_server): 202 POST http://10.180.1.21/compute/v2.1/servers/87eb2dd6-f2ff-4ac8-9d56-80e34daafeb4/action 2.507s
2025-02-19 12:54:57.615 62993 INFO tempest.lib.common.rest_client [req-1f7cf130-fb84-455f-b8f1-afa24fdbb5c7 req-1f7cf130-fb84-455f-b8f1-afa24fdbb5c7 ] Request (AttachInterfacesTestJSON:setUpClass): 201 POST http://10.180.1.21/identity/v3/projects 0.043s
2025-02-19 12:54:57.649 62991 INFO tempest.lib.common.rest_client [req-61e92489-f89b-4677-a3cb-19e4250073d1 req-61e92489-f89b-4677-a3cb-19e4250073d1 ] Request (ServerActionsV293TestJSON:setUpClass): 200 GET http://10.180.1.21/volume/v3/volumes/fdc3d102-2748-4e92-a200-c0a46a67d9f8 0.039s
2025-02-19 12:54:57.740 62993 INFO tempest.lib.common.rest_client [req-726e3f52-2f7e-4964-96d9-8e1c95f45f71 req-726e3f52-2f7e-4964-96d9-8e1c95f45f71 ] Request (AttachInterfacesTestJSON:setUpClass): 201 POST http://10.180.1.21/identity/v3/users 0.125s
2025-02-19 12:54:57.742 63029 INFO tempest.lib.common.rest_client [req-e01a71de-e746-4d03-b8ae-e7bc07b62ccd req-e01a71de-e746-4d03-b8ae-e7bc07b62ccd ] Request (ValidationResourcesFixture:setUp): 201 POST http://10.180.1.21:9696/networking/v2.0/floatingips 0.620s
2025-02-19 12:54:57.775 62993 INFO tempest.lib.common.rest_client [req-ec8729aa-749a-4851-a22c-7081dac891ec req-ec8729aa-749a-4851-a22c-7081dac891ec ] Request (AttachInterfacesTestJSON:setUpClass): 200 GET http://10.180.1.21/identity/v3/roles 0.034s
2025-02-19 12:54:57.794 63023 INFO tempest.lib.common.rest_client [req-627feb29-b04b-45a0-b507-0d4fdce47cb8 req-627feb29-b04b-45a0-b507-0d4fdce47cb8 ] Request (ServersWithSpecificFlavorTestJSON:test_verify_created_server_ephemeral_disk): 200 GET http://10.180.1.21/compute/v2.1/servers/e8a4cdd2-6c12-4988-b94c-5857e48806e8 2.124s
2025-02-19 12:54:57.806 63019 INFO tempest.lib.common.rest_client [req-9780a5e6-2bb5-4e48-8f31-feff7557e144 req-9780a5e6-2bb5-4e48-8f31-feff7557e144 ] Request (ImagesOneServerNegativeTestJSON:setUp): 200 GET http://10.180.1.21/compute/v2.1/servers/704619f9-21eb-41ce-9163-b33f3200cc21 1.981s
2025-02-19 12:54:57.814 62993 INFO tempest.lib.common.rest_client [req-171e836b-e8c0-422e-854b-dd75e7d0e745 req-171e836b-e8c0-422e-854b-dd75e7d0e745 ] Request (AttachInterfacesTestJSON:setUpClass): 204 PUT http://10.180.1.21/identity/v3/projects/a31e6c1fa5014750a04ec4e5e758d77e/users/a7300d7c16094a0ea7e407e1c206c40a/roles/93051d0667c749fca80780c0cf641ae9 0.039s
2025-02-19 12:54:57.814 62993 INFO tempest.lib.common.dynamic_creds [-] Dynamic test user a7300d7c16094a0ea7e407e1c206c40a is created with scope project and roles: ['member']
2025-02-19 12:54:57.814 62993 INFO tempest.lib.common.dynamic_creds [-] Acquired dynamic creds: credentials: Credentials: {'domain_id': 'default', 'domain_name': 'Default', 'username': 'tempest-AttachInterfacesTestJSON-1827434418-project-member', 'project_domain_id': 'default', 'project_domain_name': 'Default', 'project_id': 'a31e6c1fa5014750a04ec4e5e758d77e', 'project_name': 'tempest-AttachInterfacesTestJSON-1827434418', 'tenant_id': 'a31e6c1fa5014750a04ec4e5e758d77e', 'tenant_name': 'tempest-AttachInterfacesTestJSON-1827434418', 'user_domain_id': 'default', 'user_domain_name': 'Default', 'user_id': 'a7300d7c16094a0ea7e407e1c206c40a', 'system': None}, Network: None, Subnet: None, Router: None
2025-02-19 12:54:57.844 63029 INFO tempest.lib.common.rest_client [req-4d69aa65-902d-4af2-9cfd-e9c429a877e0 req-4d69aa65-902d-4af2-9cfd-e9c429a877e0 ] Request (AttachInterfacesUnderV243Test:test_add_remove_fixed_ip): 201 POST http://10.180.1.21/identity/v3/auth/tokens 0.098s
2025-02-19 12:54:57.845 63029 INFO tempest.lib.common.fixed_network [-] (AttachInterfacesUnderV243Test:test_add_remove_fixed_ip) Found network {'id': 'ee00eefd-a6e2-4bba-90c8-574d153d39ce', 'name': 'tempest-AttachInterfacesUnderV243Test-847850758-network', 'tenant_id': '9705bbc4a1184fb2977bafbcfc7fea3f', 'admin_state_up': True, 'mtu': 8950, 'status': 'ACTIVE', 'subnets': [], 'shared': False, 'project_id': '9705bbc4a1184fb2977bafbcfc7fea3f', 'port_security_enabled': True, 'router:external': False, 'provider:network_type': 'vlan', 'provider:physical_network': 'default', 'provider:segmentation_id': 297, 'availability_zone_hints': [], 'availability_zones': [], 'ipv4_address_scope': None, 'ipv6_address_scope': None, 'description': '', 'tags': [], 'created_at': '2025-02-19T12:54:46Z', 'updated_at': '2025-02-19T12:54:46Z', 'revision_number': 1} available for tenant
2025-02-19 12:54:57.861 62987 INFO tempest.lib.common.rest_client [req-979b5f89-5640-4853-b296-bd5b766f4bcf req-979b5f89-5640-4853-b296-bd5b766f4bcf ] Request (ServersTestManualDisk:setUpClass): 201 POST http://10.180.1.21:9696/networking/v2.0/subnets 0.425s
2025-02-19 12:54:57.883 62993 INFO tempest.lib.common.rest_client [req-f5f573a9-8e27-4126-a9f4-bc3108016394 req-f5f573a9-8e27-4126-a9f4-bc3108016394 ] Request (AttachInterfacesTestJSON:setUpClass): 201 POST http://10.180.1.21/identity/v3/auth/tokens 0.068s
2025-02-19 12:54:58.019 63035 INFO tempest.lib.common.rest_client [req-f604ab63-28ec-4ed4-b34d-cecf9dcc239c req-f604ab63-28ec-4ed4-b34d-cecf9dcc239c ] Request (MigrationsAdminTest:test_list_migrations_in_flavor_resize_situation): 200 GET http://10.180.1.21/compute/v2.1/servers/a69ba441-7bb7-4eb0-83c3-72fd09086028 2.128s
2025-02-19 12:54:58.172 63027 INFO tempest.lib.common.rest_client [req-f0a789c6-f7b5-4170-affe-446cdc2bdb82 req-f0a789c6-f7b5-4170-affe-446cdc2bdb82 ] Request (FloatingIPsNegativeTestJSON:setUpClass): 200 GET http://10.180.1.21/compute/v2.1/os-floating-ips 2.168s
2025-02-19 12:54:58.239 63005 INFO tempest.lib.common.rest_client [req-18cfd6fd-0f48-4b20-ad8b-976f2f37099c req-18cfd6fd-0f48-4b20-ad8b-976f2f37099c ] Request (ServersTestJSON:setUpClass): 200 GET http://10.180.1.21/compute/v2.1/servers/0658fbfd-0f3c-4883-9f97-9e74b42f7b8c 2.200s
2025-02-19 12:54:58.309 63015 INFO tempest.lib.common.rest_client [req-944af678-b112-4f07-baca-d448a8f0df72 req-944af678-b112-4f07-baca-d448a8f0df72 ] Request (ImagesTestJSON:test_create_image_from_stopped_server): 202 POST http://10.180.1.21/compute/v2.1/servers/fb42d038-408e-4c58-9794-5af09e02f4ac/action 2.477s
2025-02-19 12:54:58.324 63050 INFO tempest.lib.common.rest_client [req-4705d46b-8a1f-468e-8202-9199179ddb0e req-4705d46b-8a1f-468e-8202-9199179ddb0e ] Request (FlavorsAdminTestJSON:test_is_public_string_variations): 200 GET http://10.180.1.21/compute/v2.1/flavors/detail?is_public=no 1.867s
2025-02-19 12:54:58.392 63047 INFO tempest.lib.common.rest_client [req-4b505bf1-5386-4d78-bb2c-1bd349be6137 req-4b505bf1-5386-4d78-bb2c-1bd349be6137 ] Request (ServersTestBootFromVolume:setUpClass): 200 GET http://10.180.1.21/volume/v3/volumes/9ee9a0df-b0bb-459c-bd19-8a4a87a5fbf1 0.032s
2025-02-19 12:54:58.412 63009 INFO tempest.lib.common.rest_client [req-9d2b80b1-3ece-463f-b59f-3b074a00ea06 req-9d2b80b1-3ece-463f-b59f-3b074a00ea06 ] Request (ServerDiagnosticsTest:tearDownClass): 200 GET http://10.180.1.21/compute/v2.1/servers/cf36c877-b859-40ee-85a8-e79fa377f2eb 1.851s
2025-02-19 12:54:58.420 63031 INFO tempest.lib.common.rest_client [req-e58092b0-dfa1-4538-a539-2a520e90eb95 req-e58092b0-dfa1-4538-a539-2a520e90eb95 ] Request (NetworksTest:test_list_all_networks): 200 GET http://10.180.1.21/compute/v2.1/os-networks 2.264s
2025-02-19 12:54:58.457 62999 INFO tempest.lib.common.rest_client [req-948d0765-5d81-4f56-8261-d7d15ac349f4 req-948d0765-5d81-4f56-8261-d7d15ac349f4 ] Request (ImagesOneServerTestJSON:test_create_delete_image): 200 GET http://10.180.1.21/compute/v2.1/images/0cbc6509-7b7a-485c-a16c-f2232cfff3a7 1.857s
2025-02-19 12:54:58.466 62989 INFO tempest.lib.common.rest_client [req-6fd67abd-860c-4a25-a50f-717a541f1267 req-6fd67abd-860c-4a25-a50f-717a541f1267 ] Request (SecurityGroupRulesNegativeTestJSON:test_create_security_group_rule_with_invalid_ip_protocol): 400 POST http://10.180.1.21/compute/v2.1/os-security-group-rules 1.646s
2025-02-19 12:54:58.484 62993 INFO tempest.lib.common.rest_client [req-aa5dbb0a-0f7b-40ec-8f24-0b7d1ebf272a req-aa5dbb0a-0f7b-40ec-8f24-0b7d1ebf272a ] Request (AttachInterfacesTestJSON:setUpClass): 201 POST http://10.180.1.21:9696/networking/v2.0/networks 0.601s
2025-02-19 12:54:58.533 63031 INFO tempest.lib.common.rest_client [req-32d5425e-b787-446c-bbf8-630c0ab57672 req-32d5425e-b787-446c-bbf8-630c0ab57672 ] Request (NetworksTest:tearDownClass): 204 DELETE http://10.180.1.21/identity/v3/users/d5aea137fcc945edb1cd2ce89908ceb9 0.110s
2025-02-19 12:54:58.572 63041 INFO tempest.lib.common.rest_client [req-d8f886e2-7644-444a-8289-ca6531fc2a62 req-d8f886e2-7644-444a-8289-ca6531fc2a62 ] Request (ServerExternalEventsTest:tearDownClass): 200 GET http://10.180.1.21/compute/v2.1/servers/6055eede-0999-4ce0-b776-926673076fba 1.617s
2025-02-19 12:54:58.587 63041 INFO tempest.common.waiters [-] State transition "ACTIVE/deleting" ==> "DELETED/None" after 5 second wait
2025-02-19 12:54:58.604 62995 INFO tempest.lib.common.rest_client [req-821e59ff-37e5-4b2f-8a03-6431e6f82aea req-821e59ff-37e5-4b2f-8a03-6431e6f82aea ] Request (HypervisorAdminV253TestBase:test_list_show_detail_hypervisors): 200 GET http://10.180.1.21/compute/v2.1/os-hypervisors/detail?with_servers=True 1.730s
2025-02-19 12:54:58.659 63031 INFO tempest.lib.common.rest_client [req-58f3fde9-617f-44cb-8fe2-c927ad249a4d req-58f3fde9-617f-44cb-8fe2-c927ad249a4d ] Request (NetworksTest:tearDownClass): 204 DELETE http://10.180.1.21/identity/v3/users/de4bf7b219634906bd476e22adeec703 0.126s
2025-02-19 12:54:58.659 63031 INFO tempest.lib.common.dynamic_creds [-] Deleting project and security group for project: c4afc72b86514ec086df73388f66dd13
2025-02-19 12:54:58.699 62991 INFO tempest.lib.common.rest_client [req-0471a0ec-c1ae-4225-8afa-598a754d0e43 req-0471a0ec-c1ae-4225-8afa-598a754d0e43 ] Request (ServerActionsV293TestJSON:setUpClass): 200 GET http://10.180.1.21/volume/v3/volumes/fdc3d102-2748-4e92-a200-c0a46a67d9f8 0.041s
2025-02-19 12:54:58.719 63013 INFO tempest.lib.common.rest_client [req-fa9a5773-8d0d-4002-920e-a4b62054c11d req-fa9a5773-8d0d-4002-920e-a4b62054c11d ] Request (ValidationResourcesFixture:setUp): 201 POST http://10.180.1.21/compute/v2.1/os-keypairs 1.693s
2025-02-19 12:54:58.726 63031 INFO tempest.lib.common.rest_client [req-947edcac-c6cd-43ab-ad34-bb6be1422853 req-947edcac-c6cd-43ab-ad34-bb6be1422853 ] Request (NetworksTest:tearDownClass): 201 POST http://10.180.1.21/identity/v3/auth/tokens 0.067s
2025-02-19 12:54:58.741 62993 INFO tempest.lib.common.rest_client [req-34272e3b-76da-4d27-8515-b4efcc6783e3 req-34272e3b-76da-4d27-8515-b4efcc6783e3 ] Request (AttachInterfacesTestJSON:setUpClass): 201 POST http://10.180.1.21:9696/networking/v2.0/subnets 0.256s
2025-02-19 12:54:58.863 63013 INFO tempest.lib.common.rest_client [req-1a1c0cf7-d278-4097-94fe-55e6e2580871 req-1a1c0cf7-d278-4097-94fe-55e6e2580871 ] Request (ValidationResourcesFixture:setUp): 201 POST http://10.180.1.21:9696/networking/v2.0/security-groups 0.142s
2025-02-19 12:54:58.887 63011 INFO tempest.lib.common.rest_client [req-e769d5a6-39ec-4c27-8d8a-d12ae5d7e25f req-e769d5a6-39ec-4c27-8d8a-d12ae5d7e25f ] Request (FloatingIPsAssociationTestJSON:setUpClass): 200 GET http://10.180.1.21/compute/v2.1/servers/b60f72ed-119b-4a2a-9fd5-1b3f9b99b4ab 1.836s
2025-02-19 12:54:58.931 63001 INFO tempest.lib.common.rest_client [req-5c5e5a39-a939-49c0-b1ce-f1dfbd84c2ea req-5c5e5a39-a939-49c0-b1ce-f1dfbd84c2ea ] Request (DeleteServersAdminTestJSON:test_admin_delete_servers_of_others): 404 GET http://10.180.1.21/compute/v2.1/servers/65ef84e4-50b9-48f4-8ae2-a38e1afdf396 1.831s
2025-02-19 12:54:58.953 63013 INFO tempest.lib.common.rest_client [req-5f41e297-0bf7-4929-8aff-924405f75552 req-5f41e297-0bf7-4929-8aff-924405f75552 ] Request (ValidationResourcesFixture:setUp): 201 POST http://10.180.1.21:9696/networking/v2.0/security-group-rules 0.089s
2025-02-19 12:54:59.014 63001 INFO tempest.lib.common.rest_client [req-fe39e81e-0083-42d9-b23e-74cfd2465649 req-fe39e81e-0083-42d9-b23e-74cfd2465649 ] Request (DeleteServersAdminTestJSON:test_delete_server_while_in_error_state): 201 POST http://10.180.1.21/identity/v3/auth/tokens 0.067s
2025-02-19 12:54:59.014 63001 INFO tempest.lib.common.fixed_network [-] (DeleteServersAdminTestJSON:test_delete_server_while_in_error_state) Found network None available for tenant
2025-02-19 12:54:59.016 63003 INFO tempest.lib.common.rest_client [req-9446a3fb-ba35-44cb-a6ba-34b152348bf8 req-9446a3fb-ba35-44cb-a6ba-34b152348bf8 ] Request (QuotaClassesAdminTestJSON:_run_cleanups): 200 PUT http://10.180.1.21/compute/v2.1/os-quota-class-sets/default 1.655s
2025-02-19 12:54:59.044 63013 INFO tempest.lib.common.rest_client [req-61ebe0be-c683-493e-850f-1070888a7d82 req-61ebe0be-c683-493e-850f-1070888a7d82 ] Request (ValidationResourcesFixture:setUp): 201 POST http://10.180.1.21:9696/networking/v2.0/security-group-rules 0.090s
2025-02-19 12:54:59.115 63003 INFO tempest.lib.common.rest_client [req-42b535d5-50fc-4f2f-b236-e214d8752dc2 req-42b535d5-50fc-4f2f-b236-e214d8752dc2 ] Request (QuotaClassesAdminTestJSON:tearDownClass): 204 DELETE http://10.180.1.21/identity/v3/users/0a5d4f8f00814d25897aec44e9ea5374 0.095s
2025-02-19 12:54:59.144 63031 INFO tempest.lib.common.rest_client [req-f37ee658-2a1f-44e3-b6a5-c2db1fe96de4 req-f37ee658-2a1f-44e3-b6a5-c2db1fe96de4 ] Request (NetworksTest:tearDownClass): 200 GET http://10.180.1.21:9696/networking/v2.0/security-groups?tenant_id=c4afc72b86514ec086df73388f66dd13&name=default 0.417s
2025-02-19 12:54:59.148 63025 INFO tempest.lib.common.rest_client [req-3aceb73f-b8c4-46e6-9edb-60e05f1dc913 req-3aceb73f-b8c4-46e6-9edb-60e05f1dc913 ] Request (ServersAdminNegativeTestJSON:setUpClass): 202 POST http://10.180.1.21/compute/v2.1/servers 2.113s
2025-02-19 12:54:59.149 63039 INFO tempest.lib.common.rest_client [req-e4a74324-56a4-436c-9472-9bea93764167 req-e4a74324-56a4-436c-9472-9bea93764167 ] Request (VolumesAssistedSnapshotsTest:test_volume_assisted_snapshot_create_delete): 200 GET http://10.180.1.21/compute/v2.1/servers/9d9b1e4b-7844-459f-8f44-1d9976281292 1.713s
2025-02-19 12:54:59.156 63007 INFO tempest.lib.common.rest_client [req-51cc264e-a248-441b-99c3-dcc2c2327e51 req-51cc264e-a248-441b-99c3-dcc2c2327e51 ] Request (AggregatesAdminNegativeTestJSON:test_aggregate_remove_host_as_user): 403 POST http://10.180.1.21/compute/v2.1/os-aggregates/7/action 1.651s
2025-02-19 12:54:59.180 62997 INFO tempest.lib.common.rest_client [req-73314b27-b7ae-4a31-bee0-d7e1448e40cb req-73314b27-b7ae-4a31-bee0-d7e1448e40cb ] Request (ServerDiagnosticsNegativeTest:tearDownClass): 404 GET http://10.180.1.21/compute/v2.1/servers/f4fee1b1-133c-436e-993d-9c79a95b4ffe 1.612s
2025-02-19 12:54:59.252 63003 INFO tempest.lib.common.rest_client [req-5575efca-fff9-4cf0-9bcd-dcafba600c9f req-5575efca-fff9-4cf0-9bcd-dcafba600c9f ] Request (QuotaClassesAdminTestJSON:tearDownClass): 204 DELETE http://10.180.1.21/identity/v3/users/932f8441a1c34a02887aa64ba1e567fb 0.137s
2025-02-19 12:54:59.252 63003 INFO tempest.lib.common.dynamic_creds [-] Deleting project and security group for project: a6c61abba99c4fa09921561ecef1cdb4
2025-02-19 12:54:59.308 63003 INFO tempest.lib.common.rest_client [req-08c63e8d-b3b4-4af3-889b-49153c7d1115 req-08c63e8d-b3b4-4af3-889b-49153c7d1115 ] Request (QuotaClassesAdminTestJSON:tearDownClass): 201 POST http://10.180.1.21/identity/v3/auth/tokens 0.056s
2025-02-19 12:54:59.335 63031 INFO tempest.lib.common.rest_client [req-9bbedadd-5857-4c07-9ff4-c9a415bcf5f1 req-9bbedadd-5857-4c07-9ff4-c9a415bcf5f1 ] Request (NetworksTest:tearDownClass): 204 DELETE http://10.180.1.21:9696/networking/v2.0/security-groups/8f7cea11-7b81-4a98-812d-16c7b2de07b9 0.191s
2025-02-19 12:54:59.352 62997 INFO tempest.lib.common.rest_client [req-905f6706-ace4-4b8b-8485-6a0204eea391 req-905f6706-ace4-4b8b-8485-6a0204eea391 ] Request (ServerDiagnosticsNegativeTest:tearDownClass): 204 DELETE http://10.180.1.21/identity/v3/users/d59a0818d8ef43a99f38554772035cd5 0.171s
2025-02-19 12:54:59.442 63047 INFO tempest.lib.common.rest_client [req-1f03d706-5b27-4501-b056-6ee412c94211 req-1f03d706-5b27-4501-b056-6ee412c94211 ] Request (ServersTestBootFromVolume:setUpClass): 200 GET http://10.180.1.21/volume/v3/volumes/9ee9a0df-b0bb-459c-bd19-8a4a87a5fbf1 0.033s
2025-02-19 12:54:59.443 62987 INFO tempest.lib.common.rest_client [req-15d4b944-8281-4b3f-9bbd-86ab0b86bf38 req-15d4b944-8281-4b3f-9bbd-86ab0b86bf38 ] Request (ServersTestManualDisk:setUpClass): 201 POST http://10.180.1.21:9696/networking/v2.0/routers 1.582s
2025-02-19 12:54:59.497 62997 INFO tempest.lib.common.rest_client [req-b77a9f99-0f8b-45c2-bf13-79b7a39c110e req-b77a9f99-0f8b-45c2-bf13-79b7a39c110e ] Request (ServerDiagnosticsNegativeTest:tearDownClass): 204 DELETE http://10.180.1.21/identity/v3/users/85306f4dc62a4a3483f9158893ecb32f 0.144s
2025-02-19 12:54:59.497 62997 INFO tempest.lib.common.dynamic_creds [-] Deleting project and security group for project: 5c7245949ab2452b8bac41e8ee696a5b
2025-02-19 12:54:59.510 63031 INFO tempest.lib.common.rest_client [req-089807ba-aca7-44d7-801b-456a01ebd8be req-089807ba-aca7-44d7-801b-456a01ebd8be ] Request (NetworksTest:tearDownClass): 204 DELETE http://10.180.1.21/identity/v3/projects/c4afc72b86514ec086df73388f66dd13 0.174s
2025-02-19 12:54:59.510 63031 INFO tempest.lib.common.dynamic_creds [-] Deleting project and security group for project: 1493ef84bc564390a452b860a3c98abd
2025-02-19 12:54:59.564 62997 INFO tempest.lib.common.rest_client [req-ff5755ca-0d36-4743-8899-ae99fc9fa1eb req-ff5755ca-0d36-4743-8899-ae99fc9fa1eb ] Request (ServerDiagnosticsNegativeTest:tearDownClass): 201 POST http://10.180.1.21/identity/v3/auth/tokens 0.067s
2025-02-19 12:54:59.744 62991 INFO tempest.lib.common.rest_client [req-c5d2d982-a27c-48b2-8c93-826e68e0f0e6 req-c5d2d982-a27c-48b2-8c93-826e68e0f0e6 ] Request (ServerActionsV293TestJSON:setUpClass): 200 GET http://10.180.1.21/volume/v3/volumes/fdc3d102-2748-4e92-a200-c0a46a67d9f8 0.034s
2025-02-19 12:54:59.834 63019 INFO tempest.lib.common.rest_client [req-c06572e3-38ce-4520-9d88-f38b998cce7b req-c06572e3-38ce-4520-9d88-f38b998cce7b ] Request (ImagesOneServerNegativeTestJSON:test_create_second_image_when_first_image_is_being_saved): 202 POST http://10.180.1.21/compute/v2.1/servers/704619f9-21eb-41ce-9163-b33f3200cc21/action 2.017s
2025-02-19 12:54:59.852 63003 INFO tempest.lib.common.rest_client [req-9052b6eb-3ca5-4e9b-bb29-8e8efed392b7 req-9052b6eb-3ca5-4e9b-bb29-8e8efed392b7 ] Request (QuotaClassesAdminTestJSON:tearDownClass): 200 GET http://10.180.1.21:9696/networking/v2.0/security-groups?tenant_id=a6c61abba99c4fa09921561ecef1cdb4&name=default 0.543s
2025-02-19 12:54:59.852 62997 INFO tempest.lib.common.rest_client [req-09a82d37-1364-4cfe-af64-57bd408f2867 req-09a82d37-1364-4cfe-af64-57bd408f2867 ] Request (ServerDiagnosticsNegativeTest:tearDownClass): 200 GET http://10.180.1.21:9696/networking/v2.0/security-groups?tenant_id=5c7245949ab2452b8bac41e8ee696a5b&name=default 0.287s
2025-02-19 12:54:59.897 63013 INFO tempest.lib.common.rest_client [req-b0973de6-f864-4caf-9d12-a942c7803ad6 req-b0973de6-f864-4caf-9d12-a942c7803ad6 ] Request (ValidationResourcesFixture:setUp): 201 POST http://10.180.1.21:9696/networking/v2.0/floatingips 0.853s
2025-02-19 12:54:59.958 63031 INFO tempest.lib.common.rest_client [req-e574cb16-77fd-4952-8316-4bc784185c4f req-e574cb16-77fd-4952-8316-4bc784185c4f ] Request (NetworksTest:tearDownClass): 200 GET http://10.180.1.21:9696/networking/v2.0/security-groups?tenant_id=1493ef84bc564390a452b860a3c98abd&name=default 0.448s
2025-02-19 12:54:59.992 63013 INFO tempest.lib.common.rest_client [req-5cb69828-706a-4d69-a6d8-b477fbd7d9fa req-5cb69828-706a-4d69-a6d8-b477fbd7d9fa ] Request (AttachVolumeShelveTestJSON:test_attach_volume_shelved_or_offload_server): 201 POST http://10.180.1.21/identity/v3/auth/tokens 0.090s
2025-02-19 12:54:59.992 63013 INFO tempest.lib.common.fixed_network [-] (AttachVolumeShelveTestJSON:test_attach_volume_shelved_or_offload_server) Found network {'id': 'b15a75c2-92de-4702-9cfe-2a7d0026bac1', 'name': 'tempest-AttachVolumeShelveTestJSON-436821691-network', 'tenant_id': 'c9a7c7bc17d64717b4da55c4f2092088', 'admin_state_up': True, 'mtu': 8950, 'status': 'ACTIVE', 'subnets': [], 'shared': False, 'project_id': 'c9a7c7bc17d64717b4da55c4f2092088', 'port_security_enabled': True, 'router:external': False, 'provider:network_type': 'vlan', 'provider:physical_network': 'default', 'provider:segmentation_id': 747, 'availability_zone_hints': [], 'availability_zones': [], 'ipv4_address_scope': None, 'ipv6_address_scope': None, 'description': '', 'tags': [], 'created_at': '2025-02-19T12:54:49Z', 'updated_at': '2025-02-19T12:54:49Z', 'revision_number': 1} available for tenant
2025-02-19 12:55:00.172 63031 INFO tempest.lib.common.rest_client [req-fc37154c-b328-477b-814a-55f45f63508e req-fc37154c-b328-477b-814a-55f45f63508e ] Request (NetworksTest:tearDownClass): 204 DELETE http://10.180.1.21:9696/networking/v2.0/security-groups/298595df-dae6-4c76-8f48-a744eb7c05c2 0.213s
2025-02-19 12:55:00.200 62997 INFO tempest.lib.common.rest_client [req-7d7f9313-9ca2-45d3-bd3f-e256c97d9280 req-7d7f9313-9ca2-45d3-bd3f-e256c97d9280 ] Request (ServerDiagnosticsNegativeTest:tearDownClass): 204 DELETE http://10.180.1.21:9696/networking/v2.0/security-groups/257fa6ef-27fb-4454-b599-49ff4016f871 0.347s
2025-02-19 12:55:00.211 63003 INFO tempest.lib.common.rest_client [req-575c922c-586e-467f-882d-be466fa56f32 req-575c922c-586e-467f-882d-be466fa56f32 ] Request (QuotaClassesAdminTestJSON:tearDownClass): 204 DELETE http://10.180.1.21:9696/networking/v2.0/security-groups/facf90c0-dffc-4f4d-bfd6-bbe5bad49701 0.358s
2025-02-19 12:55:00.241 63043 INFO tempest.lib.common.rest_client [req-0c1157d0-772b-49fc-beb6-e5fadcd59362 req-0c1157d0-772b-49fc-beb6-e5fadcd59362 ] Request (SecurityGroupsTestJSON:test_list_security_groups_by_server): 202 POST http://10.180.1.21/compute/v2.1/servers/87eb2dd6-f2ff-4ac8-9d56-80e34daafeb4/action 2.626s
2025-02-19 12:55:00.292 63031 INFO tempest.lib.common.rest_client [req-929cbae6-99b3-4f8c-8e1d-1100e7b44aff req-929cbae6-99b3-4f8c-8e1d-1100e7b44aff ] Request (NetworksTest:tearDownClass): 204 DELETE http://10.180.1.21/identity/v3/projects/1493ef84bc564390a452b860a3c98abd 0.119s
2025-02-19 12:55:00.314 62997 INFO tempest.lib.common.rest_client [req-d16cb18c-920f-4813-96a8-3f6beadacae0 req-d16cb18c-920f-4813-96a8-3f6beadacae0 ] Request (ServerDiagnosticsNegativeTest:tearDownClass): 204 DELETE http://10.180.1.21/identity/v3/projects/5c7245949ab2452b8bac41e8ee696a5b 0.113s
2025-02-19 12:55:00.314 62997 INFO tempest.lib.common.dynamic_creds [-] Deleting project and security group for project: e30d01e0b6ae4aaa8c16f74c6277073b
2025-02-19 12:55:00.423 63031 INFO tempest.lib.common.rest_client [req-671ed18f-5fc2-40ce-9628-dcff717982b6 req-671ed18f-5fc2-40ce-9628-dcff717982b6 ] Request (ServerPasswordTestJSON:setUpClass): 201 POST http://10.180.1.21/identity/v3/auth/tokens 0.129s
2025-02-19 12:55:00.468 63017 INFO tempest.lib.common.rest_client [req-0d0d308b-23f4-48c3-bf6d-72de68defc32 req-0d0d308b-23f4-48c3-bf6d-72de68defc32 ] Request (VolumesAdminNegativeTest:test_update_attached_volume_with_nonexistent_volume_in_body): 200 GET http://10.180.1.21/compute/v2.1/servers/9f4b812e-617a-41e2-b9fb-36fee90a8118 2.424s
2025-02-19 12:55:00.497 63003 INFO tempest.lib.common.rest_client [req-83af91d5-4ab0-47bc-a1ed-d4877d5818df req-83af91d5-4ab0-47bc-a1ed-d4877d5818df ] Request (QuotaClassesAdminTestJSON:tearDownClass): 204 DELETE http://10.180.1.21/identity/v3/projects/a6c61abba99c4fa09921561ecef1cdb4 0.285s
2025-02-19 12:55:00.497 63003 INFO tempest.lib.common.dynamic_creds [-] Deleting project and security group for project: 51534f96912446efb29596c43d4cb064
2025-02-19 12:55:00.500 63047 INFO tempest.lib.common.rest_client [req-c94cce31-ff6a-446c-846f-caa709b40eed req-c94cce31-ff6a-446c-846f-caa709b40eed ] Request (ServersTestBootFromVolume:setUpClass): 200 GET http://10.180.1.21/volume/v3/volumes/9ee9a0df-b0bb-459c-bd19-8a4a87a5fbf1 0.042s
2025-02-19 12:55:00.535 63031 INFO tempest.lib.common.rest_client [req-a0222242-0831-4daa-bedb-9312a17ea7f8 req-a0222242-0831-4daa-bedb-9312a17ea7f8 ] Request (ServerPasswordTestJSON:setUpClass): 201 POST http://10.180.1.21/identity/v3/auth/tokens 0.107s
2025-02-19 12:55:00.537 62997 INFO tempest.lib.common.rest_client [req-4325c8e6-8364-4190-9642-5cc100c34800 req-4325c8e6-8364-4190-9642-5cc100c34800 ] Request (ServerDiagnosticsNegativeTest:tearDownClass): 200 GET http://10.180.1.21:9696/networking/v2.0/security-groups?tenant_id=e30d01e0b6ae4aaa8c16f74c6277073b&name=default 0.222s
2025-02-19 12:55:00.572 63021 INFO tempest.lib.common.rest_client [req-27e71862-3058-453f-ab73-f04845d7a9b0 req-27e71862-3058-453f-ab73-f04845d7a9b0 ] Request (ServersTestFqdnHostnames:test_create_server_with_fqdn_name): 200 GET http://10.180.1.21/compute/v2.1/servers/304d1582-d380-41e8-9651-a28895a33fca 2.468s
2025-02-19 12:55:00.593 63031 INFO tempest.lib.common.rest_client [req-82bb084b-9cd7-41f1-aa76-5746636ab0bd req-82bb084b-9cd7-41f1-aa76-5746636ab0bd ] Request (ServerPasswordTestJSON:setUpClass): 200 GET http://10.180.1.21/identity/v3/domains?name=Default 0.057s
2025-02-19 12:55:00.648 63031 INFO tempest.lib.common.rest_client [req-038ab4dc-b97a-4f5f-887e-dee233d16f68 req-038ab4dc-b97a-4f5f-887e-dee233d16f68 ] Request (ServerPasswordTestJSON:setUpClass): 201 POST http://10.180.1.21/identity/v3/projects 0.055s
2025-02-19 12:55:00.688 62993 INFO tempest.lib.common.rest_client [req-dc83419a-b01f-4a92-8c9b-b27e8b6d7119 req-dc83419a-b01f-4a92-8c9b-b27e8b6d7119 ] Request (AttachInterfacesTestJSON:setUpClass): 201 POST http://10.180.1.21:9696/networking/v2.0/routers 1.947s
2025-02-19 12:55:00.697 63027 INFO tempest.lib.common.rest_client [req-78f71954-182e-4ae0-9577-7b8a7ef24b8c req-78f71954-182e-4ae0-9577-7b8a7ef24b8c ] Request (FloatingIPsNegativeTestJSON:test_allocate_floating_ip_from_nonexistent_pool): 404 POST http://10.180.1.21/compute/v2.1/os-floating-ips 2.521s
2025-02-19 12:55:00.744 63003 INFO tempest.lib.common.rest_client [req-308ef322-e4f0-497d-aae0-0cf7d9c4f7bf req-308ef322-e4f0-497d-aae0-0cf7d9c4f7bf ] Request (QuotaClassesAdminTestJSON:tearDownClass): 200 GET http://10.180.1.21:9696/networking/v2.0/security-groups?tenant_id=51534f96912446efb29596c43d4cb064&name=default 0.247s
2025-02-19 12:55:00.747 63015 INFO tempest.lib.common.rest_client [req-198e0c3e-c260-4de9-ba3e-3f01f7c18b77 req-198e0c3e-c260-4de9-ba3e-3f01f7c18b77 ] Request (ImagesTestJSON:test_create_image_from_stopped_server): 200 GET http://10.180.1.21/compute/v2.1/images/7147b574-502c-432e-9413-98f455c5d333 2.437s
2025-02-19 12:55:00.756 63031 INFO tempest.lib.common.rest_client [req-e3f8ea21-68ce-4b01-8a23-b1c1c52141e9 req-e3f8ea21-68ce-4b01-8a23-b1c1c52141e9 ] Request (ServerPasswordTestJSON:setUpClass): 201 POST http://10.180.1.21/identity/v3/users 0.107s
2025-02-19 12:55:00.764 63029 INFO tempest.lib.common.rest_client [req-ae3d221c-1094-45d2-9afe-2a09625debc1 req-ae3d221c-1094-45d2-9afe-2a09625debc1 ] Request (AttachInterfacesUnderV243Test:test_add_remove_fixed_ip): 202 POST http://10.180.1.21/compute/v2.1/servers 2.918s
2025-02-19 12:55:00.767 63050 INFO tempest.lib.common.rest_client [req-99f68bcc-cd1e-4820-bc88-bb9d19025f18 req-99f68bcc-cd1e-4820-bc88-bb9d19025f18 ] Request (FlavorsAdminTestJSON:test_is_public_string_variations): 200 GET http://10.180.1.21/compute/v2.1/flavors/detail?is_public=0 2.435s
2025-02-19 12:55:00.802 63031 INFO tempest.lib.common.rest_client [req-4d8008d9-a791-4bcc-924f-2700eff0622f req-4d8008d9-a791-4bcc-924f-2700eff0622f ] Request (ServerPasswordTestJSON:setUpClass): 200 GET http://10.180.1.21/identity/v3/roles 0.045s
2025-02-19 12:55:00.810 62991 INFO tempest.lib.common.rest_client [req-78d63c3e-5a14-4dd2-9319-dd5ca0e76e55 req-78d63c3e-5a14-4dd2-9319-dd5ca0e76e55 ] Request (ServerActionsV293TestJSON:setUpClass): 200 GET http://10.180.1.21/volume/v3/volumes/fdc3d102-2748-4e92-a200-c0a46a67d9f8 0.055s
2025-02-19 12:55:00.867 62997 INFO tempest.lib.common.rest_client [req-246d8ca9-4b08-40ab-9a7c-b6ff0ba3c71b req-246d8ca9-4b08-40ab-9a7c-b6ff0ba3c71b ] Request (ServerDiagnosticsNegativeTest:tearDownClass): 204 DELETE http://10.180.1.21:9696/networking/v2.0/security-groups/87f7b789-7401-40f2-8c60-f2b6ecb50556 0.329s
2025-02-19 12:55:00.871 63031 INFO tempest.lib.common.rest_client [req-4faca876-8beb-424e-88d7-bb579bddce00 req-4faca876-8beb-424e-88d7-bb579bddce00 ] Request (ServerPasswordTestJSON:setUpClass): 204 PUT http://10.180.1.21/identity/v3/projects/c28a8a01dda34bbfa65daa411a43bc94/users/14857a0cd2234e0dbc5f31ee0eaf28aa/roles/93051d0667c749fca80780c0cf641ae9 0.069s
2025-02-19 12:55:00.872 63031 INFO tempest.lib.common.dynamic_creds [-] Dynamic test user 14857a0cd2234e0dbc5f31ee0eaf28aa is created with scope project and roles: ['member']
2025-02-19 12:55:00.872 63031 INFO tempest.lib.common.dynamic_creds [-] Acquired dynamic creds: credentials: Credentials: {'domain_id': 'default', 'domain_name': 'Default', 'username': 'tempest-ServerPasswordTestJSON-1317226352-project-member', 'project_domain_id': 'default', 'project_domain_name': 'Default', 'project_id': 'c28a8a01dda34bbfa65daa411a43bc94', 'project_name': 'tempest-ServerPasswordTestJSON-1317226352', 'tenant_id': 'c28a8a01dda34bbfa65daa411a43bc94', 'tenant_name': 'tempest-ServerPasswordTestJSON-1317226352', 'user_domain_id': 'default', 'user_domain_name': 'Default', 'user_id': '14857a0cd2234e0dbc5f31ee0eaf28aa', 'system': None}, Network: None, Subnet: None, Router: None
2025-02-19 12:55:00.911 63045 INFO tempest.lib.common.rest_client [req-6be768c6-5908-45b2-81e9-ff3f8301653c req-6be768c6-5908-45b2-81e9-ff3f8301653c ] Request (ImagesNegativeTestJSON:test_create_image_from_deleted_server): 200 GET http://10.180.1.21/compute/v2.1/servers/8a1c515b-5345-431e-9cb6-a88a1261a5d9 2.561s
2025-02-19 12:55:00.925 63045 INFO tempest.common.waiters [-] State transition "ACTIVE/deleting" ==> "DELETED/None" after 3 second wait
2025-02-19 12:55:00.933 63003 INFO tempest.lib.common.rest_client [req-85b88f62-da7d-423f-a548-243836ae14fe req-85b88f62-da7d-423f-a548-243836ae14fe ] Request (QuotaClassesAdminTestJSON:tearDownClass): 204 DELETE http://10.180.1.21:9696/networking/v2.0/security-groups/d3967c4b-5c4f-43e8-93b0-dfe82de00461 0.188s
2025-02-19 12:55:00.960 63031 INFO tempest.lib.common.rest_client [req-a886fe5f-9a59-45c2-ab5a-8e98c586b4ba req-a886fe5f-9a59-45c2-ab5a-8e98c586b4ba ] Request (ServerPasswordTestJSON:setUpClass): 201 POST http://10.180.1.21/identity/v3/auth/tokens 0.087s
2025-02-19 12:55:00.971 62999 INFO tempest.lib.common.rest_client [req-f4f7bb55-b758-46e5-940c-8233876d049f req-f4f7bb55-b758-46e5-940c-8233876d049f ] Request (ImagesOneServerTestJSON:test_create_delete_image): 200 GET http://10.180.1.21/compute/v2.1/servers/b9a91452-834c-4bce-8b00-05152fcc4c87 2.507s
2025-02-19 12:55:01.029 63003 INFO tempest.lib.common.rest_client [req-364eb87b-fced-428d-8bd5-6121d37d9e5b req-364eb87b-fced-428d-8bd5-6121d37d9e5b ] Request (QuotaClassesAdminTestJSON:tearDownClass): 204 DELETE http://10.180.1.21/identity/v3/projects/51534f96912446efb29596c43d4cb064 0.095s
2025-02-19 12:55:01.033 62997 INFO tempest.lib.common.rest_client [req-6ed3c0e9-0756-41d5-9676-fb9e4233faa4 req-6ed3c0e9-0756-41d5-9676-fb9e4233faa4 ] Request (ServerDiagnosticsNegativeTest:tearDownClass): 204 DELETE http://10.180.1.21/identity/v3/projects/e30d01e0b6ae4aaa8c16f74c6277073b 0.165s
2025-02-19 12:55:01.037 63037 INFO tempest.lib.common.rest_client [req-d8d2a7f4-2648-458b-b6d4-c1423a9d6cfe req-d8d2a7f4-2648-458b-b6d4-c1423a9d6cfe ] Request (ServerDiskConfigTestJSON:test_rebuild_server_with_auto_disk_config): 200 GET http://10.180.1.21/compute/v2.1/servers/5c88dc2b-0ee2-4bf2-b665-54fe750dadaa 2.437s
2025-02-19 12:55:01.045 63037 INFO tempest.common.waiters [-] State transition "BUILD/None" ==> "BUILD/networking" after 16 second wait
2025-02-19 12:55:01.090 62995 INFO tempest.lib.common.rest_client [req-ac80d281-73b2-444c-9fce-540022d904ba req-ac80d281-73b2-444c-9fce-540022d904ba ] Request (HypervisorAdminV253TestBase:test_list_show_detail_hypervisors): 200 GET http://10.180.1.21/compute/v2.1/os-hypervisors?with_servers=True 2.480s
2025-02-19 12:55:01.105 63003 INFO tempest.lib.common.rest_client [req-8c5d8314-8f2d-4f91-9ef8-9da425357a8e req-8c5d8314-8f2d-4f91-9ef8-9da425357a8e ] Request (TenantUsagesTestJSON:setUpClass): 201 POST http://10.180.1.21/identity/v3/auth/tokens 0.074s
2025-02-19 12:55:01.135 62997 INFO tempest.lib.common.rest_client [req-266aed4e-2626-49a6-a0b4-6a547a2bcac8 req-266aed4e-2626-49a6-a0b4-6a547a2bcac8 ] Request (ImagesMetadataNegativeTestJSON:setUpClass): 201 POST http://10.180.1.21/identity/v3/auth/tokens 0.101s
2025-02-19 12:55:01.164 63003 INFO tempest.lib.common.rest_client [req-082fd7c8-8a17-42f5-b07d-2fb557ccb9d0 req-082fd7c8-8a17-42f5-b07d-2fb557ccb9d0 ] Request (TenantUsagesTestJSON:setUpClass): 201 POST http://10.180.1.21/identity/v3/auth/tokens 0.057s
2025-02-19 12:55:01.181 62997 INFO tempest.lib.common.rest_client [req-4051650c-c0f2-45a6-8bdf-cc201de553fa req-4051650c-c0f2-45a6-8bdf-cc201de553fa ] Request (ImagesMetadataNegativeTestJSON:setUpClass): 201 POST http://10.180.1.21/identity/v3/auth/tokens 0.039s
2025-02-19 12:55:01.193 63003 INFO tempest.lib.common.rest_client [req-405ada8a-d045-4ae0-928c-c3aa6c3d6c62 req-405ada8a-d045-4ae0-928c-c3aa6c3d6c62 ] Request (TenantUsagesTestJSON:setUpClass): 200 GET http://10.180.1.21/identity/v3/domains?name=Default 0.028s
2025-02-19 12:55:01.212 62997 INFO tempest.lib.common.rest_client [req-25cde02f-2266-484f-9a75-deb858396198 req-25cde02f-2266-484f-9a75-deb858396198 ] Request (ImagesMetadataNegativeTestJSON:setUpClass): 200 GET http://10.180.1.21/identity/v3/domains?name=Default 0.030s
2025-02-19 12:55:01.227 63003 INFO tempest.lib.common.rest_client [req-d6bd8601-032b-44cf-8fae-273777a0f2ee req-d6bd8601-032b-44cf-8fae-273777a0f2ee ] Request (TenantUsagesTestJSON:setUpClass): 201 POST http://10.180.1.21/identity/v3/projects 0.033s
2025-02-19 12:55:01.322 63023 INFO tempest.lib.common.rest_client [req-b463f0a1-3bfd-4da4-b479-1bd9279f10a3 req-b463f0a1-3bfd-4da4-b479-1bd9279f10a3 ] Request (ServersWithSpecificFlavorTestJSON:test_verify_created_server_ephemeral_disk): 200 GET http://10.180.1.21/compute/v2.1/servers/e8a4cdd2-6c12-4988-b94c-5857e48806e8 2.510s
2025-02-19 12:55:01.336 63003 INFO tempest.lib.common.rest_client [req-8a6bf273-cb89-4f2c-b71d-d43625798ae8 req-8a6bf273-cb89-4f2c-b71d-d43625798ae8 ] Request (TenantUsagesTestJSON:setUpClass): 201 POST http://10.180.1.21/identity/v3/users 0.109s
2025-02-19 12:55:01.338 63023 INFO tempest.common.waiters [-] State transition "BUILD/spawning" ==> "ACTIVE/None" after 25 second wait
2025-02-19 12:55:01.373 62997 INFO tempest.lib.common.rest_client [req-8ed25777-ec40-4acd-bfc9-e1782eec9237 req-8ed25777-ec40-4acd-bfc9-e1782eec9237 ] Request (ImagesMetadataNegativeTestJSON:setUpClass): 201 POST http://10.180.1.21/identity/v3/projects 0.161s
2025-02-19 12:55:01.402 63003 INFO tempest.lib.common.rest_client [req-1feaa00b-c791-4e0b-9bed-aeab40bade29 req-1feaa00b-c791-4e0b-9bed-aeab40bade29 ] Request (TenantUsagesTestJSON:setUpClass): 200 GET http://10.180.1.21/identity/v3/roles 0.065s
2025-02-19 12:55:01.499 62989 INFO tempest.lib.common.rest_client [req-ccbc2e9b-938d-436f-b000-d9e254aa0d76 req-ccbc2e9b-938d-436f-b000-d9e254aa0d76 ] Request (SecurityGroupRulesNegativeTestJSON:test_create_security_group_rule_with_invalid_port_range): 200 POST http://10.180.1.21/compute/v2.1/os-security-groups 3.030s
2025-02-19 12:55:01.526 62997 INFO tempest.lib.common.rest_client [req-cd0f2e74-b59a-4c1b-8c97-0db8f85fff9e req-cd0f2e74-b59a-4c1b-8c97-0db8f85fff9e ] Request (ImagesMetadataNegativeTestJSON:setUpClass): 201 POST http://10.180.1.21/identity/v3/users 0.152s
2025-02-19 12:55:01.563 62997 INFO tempest.lib.common.rest_client [req-55766a13-e212-476d-bbbc-8c282d42ee00 req-55766a13-e212-476d-bbbc-8c282d42ee00 ] Request (ImagesMetadataNegativeTestJSON:setUpClass): 200 GET http://10.180.1.21/identity/v3/roles 0.036s
2025-02-19 12:55:01.565 63047 INFO tempest.lib.common.rest_client [req-9677cb5d-6f04-4975-8b45-3e1e2fc67f6e req-9677cb5d-6f04-4975-8b45-3e1e2fc67f6e ] Request (ServersTestBootFromVolume:setUpClass): 200 GET http://10.180.1.21/volume/v3/volumes/9ee9a0df-b0bb-459c-bd19-8a4a87a5fbf1 0.052s
2025-02-19 12:55:01.576 63003 INFO tempest.lib.common.rest_client [req-c9bb4241-452f-4d0e-9629-156f36ac8c75 req-c9bb4241-452f-4d0e-9629-156f36ac8c75 ] Request (TenantUsagesTestJSON:setUpClass): 204 PUT http://10.180.1.21/identity/v3/projects/147678202e4746eeb4e7dae5f4220324/users/0cf651c2d9b74e43b5791b1b9e228458/roles/93051d0667c749fca80780c0cf641ae9 0.174s
2025-02-19 12:55:01.577 63003 INFO tempest.lib.common.dynamic_creds [-] Dynamic test user 0cf651c2d9b74e43b5791b1b9e228458 is created with scope project and roles: ['member']
2025-02-19 12:55:01.577 63003 INFO tempest.lib.common.dynamic_creds [-] Acquired dynamic creds: credentials: Credentials: {'domain_id': 'default', 'domain_name': 'Default', 'username': 'tempest-TenantUsagesTestJSON-761310555-project-member', 'project_domain_id': 'default', 'project_domain_name': 'Default', 'project_id': '147678202e4746eeb4e7dae5f4220324', 'project_name': 'tempest-TenantUsagesTestJSON-761310555', 'tenant_id': '147678202e4746eeb4e7dae5f4220324', 'tenant_name': 'tempest-TenantUsagesTestJSON-761310555', 'user_domain_id': 'default', 'user_domain_name': 'Default', 'user_id': '0cf651c2d9b74e43b5791b1b9e228458', 'system': None}, Network: None, Subnet: None, Router: None
2025-02-19 12:55:01.577 63003 INFO tempest.lib.common.dynamic_creds [-] Created isolated network resources for: credentials: Credentials: {'domain_id': 'default', 'domain_name': 'Default', 'username': 'tempest-TenantUsagesTestJSON-761310555-project-member', 'project_domain_id': 'default', 'project_domain_name': 'Default', 'project_id': '147678202e4746eeb4e7dae5f4220324', 'project_name': 'tempest-TenantUsagesTestJSON-761310555', 'tenant_id': '147678202e4746eeb4e7dae5f4220324', 'tenant_name': 'tempest-TenantUsagesTestJSON-761310555', 'user_domain_id': 'default', 'user_domain_name': 'Default', 'user_id': '0cf651c2d9b74e43b5791b1b9e228458', 'system': None}, Network: None, Subnet: None, Router: None
2025-02-19 12:55:01.632 63031 INFO tempest.lib.common.rest_client [req-97d28e91-0d3c-4874-8fdf-d8ded1fbcf99 req-97d28e91-0d3c-4874-8fdf-d8ded1fbcf99 ] Request (ServerPasswordTestJSON:setUpClass): 201 POST http://10.180.1.21:9696/networking/v2.0/networks 0.672s
2025-02-19 12:55:01.652 62997 INFO tempest.lib.common.rest_client [req-5a3547b1-5ede-42d3-a166-1de6bb6344f6 req-5a3547b1-5ede-42d3-a166-1de6bb6344f6 ] Request (ImagesMetadataNegativeTestJSON:setUpClass): 204 PUT http://10.180.1.21/identity/v3/projects/fa2634f983054c56b6547a50239e268e/users/9a06e4bca25f4686b188e5234f886bbe/roles/93051d0667c749fca80780c0cf641ae9 0.089s
2025-02-19 12:55:01.653 62997 INFO tempest.lib.common.dynamic_creds [-] Dynamic test user 9a06e4bca25f4686b188e5234f886bbe is created with scope project and roles: ['member']
2025-02-19 12:55:01.653 62997 INFO tempest.lib.common.dynamic_creds [-] Acquired dynamic creds: credentials: Credentials: {'domain_id': 'default', 'domain_name': 'Default', 'username': 'tempest-ImagesMetadataNegativeTestJSON-564766942-project-member', 'project_domain_id': 'default', 'project_domain_name': 'Default', 'project_id': 'fa2634f983054c56b6547a50239e268e', 'project_name': 'tempest-ImagesMetadataNegativeTestJSON-564766942', 'tenant_id': 'fa2634f983054c56b6547a50239e268e', 'tenant_name': 'tempest-ImagesMetadataNegativeTestJSON-564766942', 'user_domain_id': 'default', 'user_domain_name': 'Default', 'user_id': '9a06e4bca25f4686b188e5234f886bbe', 'system': None}, Network: None, Subnet: None, Router: None
2025-02-19 12:55:01.653 62997 INFO tempest.lib.common.dynamic_creds [-] Created isolated network resources for: credentials: Credentials: {'domain_id': 'default', 'domain_name': 'Default', 'username': 'tempest-ImagesMetadataNegativeTestJSON-564766942-project-member', 'project_domain_id': 'default', 'project_domain_name': 'Default', 'project_id': 'fa2634f983054c56b6547a50239e268e', 'project_name': 'tempest-ImagesMetadataNegativeTestJSON-564766942', 'tenant_id': 'fa2634f983054c56b6547a50239e268e', 'tenant_name': 'tempest-ImagesMetadataNegativeTestJSON-564766942', 'user_domain_id': 'default', 'user_domain_name': 'Default', 'user_id': '9a06e4bca25f4686b188e5234f886bbe', 'system': None}, Network: None, Subnet: None, Router: None
2025-02-19 12:55:01.662 63003 INFO tempest.lib.common.rest_client [req-76085735-7fc6-4565-a912-e9fd6874ae52 req-76085735-7fc6-4565-a912-e9fd6874ae52 ] Request (TenantUsagesTestJSON:setUpClass): 201 POST http://10.180.1.21/identity/v3/auth/tokens 0.081s
2025-02-19 12:55:01.705 63001 INFO tempest.lib.common.rest_client [req-de264360-20c3-4f22-876d-c6da7f7b48a7 req-de264360-20c3-4f22-876d-c6da7f7b48a7 ] Request (DeleteServersAdminTestJSON:test_delete_server_while_in_error_state): 202 POST http://10.180.1.21/compute/v2.1/servers 2.690s
2025-02-19 12:55:01.747 63003 INFO tempest.lib.common.rest_client [req-38a8b49c-1661-4969-9010-26ac3f46158d req-38a8b49c-1661-4969-9010-26ac3f46158d ] Request (TenantUsagesTestJSON:setUpClass): 201 POST http://10.180.1.21/identity/v3/projects 0.083s
2025-02-19 12:55:01.771 62997 INFO tempest.lib.common.rest_client [req-50ff7954-3ca7-48c1-a4d1-c32a30b8e92f req-50ff7954-3ca7-48c1-a4d1-c32a30b8e92f ] Request (ImagesMetadataNegativeTestJSON:setUpClass): 201 POST http://10.180.1.21/identity/v3/auth/tokens 0.111s
