2025-02-19 12:56:38.609 63037 INFO tempest.lib.common.rest_client [req-52205aec-7236-4550-9708-347740b4537b req-52205aec-7236-4550-9708-347740b4537b ] Request (ServerDiskConfigTestJSON:test_rebuild_server_with_manual_disk_config): 200 GET http://10.180.1.21/compute/v2.1/servers/e3ca49b5-04d6-4844-bd55-ed727a5df944 0.047s
2025-02-19 12:56:38.657 63011 INFO tempest.lib.common.rest_client [req-8b704e12-6387-4589-8241-59672ae82f24 req-8b704e12-6387-4589-8241-59672ae82f24 ] Request (FloatingIPsAssociationTestJSON:tearDownClass): 200 GET http://10.180.1.21/compute/v2.1/servers/b60f72ed-119b-4a2a-9fd5-1b3f9b99b4ab 0.055s
2025-02-19 12:56:38.669 63050 INFO tempest.lib.common.rest_client [req-324c28d9-c505-48b6-af59-7e7d0af3225a req-324c28d9-c505-48b6-af59-7e7d0af3225a ] Request (AttachVolumeTestJSON:test_attach_detach_volume): 200 GET http://10.180.1.21/compute/v2.1/servers/d6d6c56c-96e2-430f-8d8c-a93d4986be93 0.047s
2025-02-19 12:56:38.714 62995 INFO tempest.lib.common.rest_client [req-fcb0c484-a74c-4915-8cc4-012bd1e4e150 req-fcb0c484-a74c-4915-8cc4-012bd1e4e150 ] Request (ServerRescueTestJSON:setUpClass): 200 GET http://10.180.1.21/compute/v2.1/servers/f47f3c1e-b9cb-4631-984b-bcdaa7fdbec9 0.045s
2025-02-19 12:56:38.817 63015 INFO tempest.lib.common.rest_client [req-75377ee2-e41e-4ec7-bf3c-df1b9901dd94 req-75377ee2-e41e-4ec7-bf3c-df1b9901dd94 ] Request (ImagesTestJSON:test_create_server_from_snapshot): 200 GET http://10.180.1.21/compute/v2.1/servers/b19b1d40-bf94-47cb-860e-af27a0bdfbbc 0.058s
2025-02-19 12:56:38.884 63009 INFO tempest.lib.common.rest_client [req-589d337a-e99c-47e6-9f49-c6beb6c256bb req-589d337a-e99c-47e6-9f49-c6beb6c256bb ] Request (ServersAdminTestJSON:test_create_server_with_scheduling_hint): 200 GET http://10.180.1.21/compute/v2.1/servers/8b745d45-7cdb-4ccc-b1aa-f7b5b9fb4547 0.051s
2025-02-19 12:56:38.985 63043 INFO tempest.lib.common.rest_client [req-a7e8b642-3df1-449f-8e44-076f026732c3 req-a7e8b642-3df1-449f-8e44-076f026732c3 ] Request (SecurityGroupsTestJSON:test_server_security_groups): 200 GET http://10.180.1.21/compute/v2.1/servers/9ee56466-2609-4c8c-b237-670449a00dd9 0.104s
2025-02-19 12:56:38.992 63043 INFO tempest.common.waiters [-] State transition "BUILD/spawning" ==> "ACTIVE/None" after 68 second wait
2025-02-19 12:56:39.045 63007 INFO tempest.lib.common.rest_client [req-e2a662a0-c0e2-4722-9d24-64f1b64b5034 req-e2a662a0-c0e2-4722-9d24-64f1b64b5034 ] Request (ServersAdmin275Test:tearDownClass): 200 GET http://10.180.1.21/compute/v2.1/servers/d547c3ed-e5c6-4ced-ab16-5b05f21515e8 0.065s
2025-02-19 12:56:39.094 62997 INFO tempest.lib.common.rest_client [req-7500d93c-c344-4f14-8c0c-2c705a5567be req-7500d93c-c344-4f14-8c0c-2c705a5567be ] Request (ListImageFiltersTestJSON:setUpClass): 200 GET http://10.180.1.21/compute/v2.1/servers/79230f16-da6d-4845-9072-336e6d2aa492 0.120s
2025-02-19 12:56:39.138 63019 INFO tempest.lib.common.rest_client [req-74d13dd1-99ee-43b6-9af8-ff2911f02f34 req-74d13dd1-99ee-43b6-9af8-ff2911f02f34 ] Request (ImagesOneServerNegativeTestJSON:_run_cleanups): 200 GET http://10.180.1.21/compute/v2.1/servers/c781bdbe-e55b-4744-9fd8-29cf2b131c9c 0.100s
2025-02-19 12:56:39.181 63045 INFO tempest.lib.common.rest_client [req-14d82f10-4801-45fd-92ae-a65fc6ab71e2 req-14d82f10-4801-45fd-92ae-a65fc6ab71e2 ] Request (ServerActionsTestOtherB:setUpClass): 200 GET http://10.180.1.21/compute/v2.1/servers/bcb07823-1d55-4704-a061-472d7df6c0f9 0.135s
2025-02-19 12:56:39.225 63001 INFO tempest.lib.common.rest_client [req-09f7d0e2-57d2-4579-adb4-4cfa1843ee17 req-09f7d0e2-57d2-4579-adb4-4cfa1843ee17 ] Request (MultipleCreateTestJSON:test_multiple_create): 200 GET http://10.180.1.21/compute/v2.1/servers/379210e6-bd63-4029-9d46-7462cff00c7f 0.136s
2025-02-19 12:56:39.287 62999 INFO tempest.lib.common.rest_client [req-36126951-141f-4f67-a7cf-0f7491211fe3 req-36126951-141f-4f67-a7cf-0f7491211fe3 ] Request (DeleteServersTestJSON:test_delete_active_server): 200 GET http://10.180.1.21/compute/v2.1/servers/48dc29f6-f436-4d87-9580-02f812763c74 0.175s
2025-02-19 12:56:39.340 62989 INFO tempest.lib.common.rest_client [req-cfb0e01f-6c5b-4374-957a-c80451ea1bbe req-cfb0e01f-6c5b-4374-957a-c80451ea1bbe ] Request (ListServersNegativeTestJSON:setUpClass): 200 GET http://10.180.1.21/compute/v2.1/servers/66ea59bb-cd2f-4d34-a3be-bc4662ac5084 0.196s
2025-02-19 12:56:39.348 62989 INFO tempest.common.waiters [-] State transition "ACTIVE/deleting" ==> "DELETED/None" after 4 second wait
2025-02-19 12:56:39.387 63003 INFO tempest.lib.common.rest_client [req-fd694e8e-db67-45ed-89bb-76fab733ab13 req-fd694e8e-db67-45ed-89bb-76fab733ab13 ] Request (InstanceActionsNegativeTestJSON:setUpClass): 200 GET http://10.180.1.21/compute/v2.1/servers/9e2fda18-07bc-4adc-a067-569d6cca1577 0.214s
2025-02-19 12:56:39.432 63035 INFO tempest.lib.common.rest_client [req-87433451-b5db-4913-a4e5-554e30563606 req-87433451-b5db-4913-a4e5-554e30563606 ] Request (MigrationsAdminTest:test_resize_server_revert_deleted_flavor): 200 GET http://10.180.1.21/compute/v2.1/servers/6d54c14e-cb02-43a3-9f5d-5f91f649e026 0.233s
2025-02-19 12:56:39.475 63043 INFO tempest.lib.common.rest_client [req-f9cb6524-5f64-4ccc-9a3a-ba1c36fda16d req-f9cb6524-5f64-4ccc-9a3a-ba1c36fda16d ] Request (SecurityGroupsTestJSON:test_server_security_groups): 202 POST http://10.180.1.21/compute/v2.1/servers/9ee56466-2609-4c8c-b237-670449a00dd9/action 0.483s
2025-02-19 12:56:39.526 63043 INFO tempest.lib.common.rest_client [req-40a28a59-25fb-420a-82c3-bd96bda2146c req-40a28a59-25fb-420a-82c3-bd96bda2146c ] Request (SecurityGroupsTestJSON:test_server_security_groups): 400 DELETE http://10.180.1.21/compute/v2.1/os-security-groups/417a3919-2dfb-4ed2-a2c3-334ebe33c398 0.050s
2025-02-19 12:56:39.594 63043 INFO tempest.lib.common.rest_client [req-c30f3f8f-0fcc-4877-8d05-389d381d90be req-c30f3f8f-0fcc-4877-8d05-389d381d90be ] Request (SecurityGroupsTestJSON:test_server_security_groups): 202 POST http://10.180.1.21/compute/v2.1/servers/9ee56466-2609-4c8c-b237-670449a00dd9/action 0.068s
2025-02-19 12:56:39.683 63025 INFO tempest.lib.common.rest_client [req-5604dfa3-ea24-444d-a279-a4e97b29ed15 req-5604dfa3-ea24-444d-a279-a4e97b29ed15 ] Request (ServersAdminNegativeTestJSON:test_migrate_server_invalid_state): 200 GET http://10.180.1.21/compute/v2.1/servers/4b9cb307-1070-45b0-a262-047e38df02fb 0.086s
2025-02-19 12:56:39.704 63043 INFO tempest.lib.common.rest_client [req-e923fa94-86c5-4fb2-baf3-e5db9c44c01e req-e923fa94-86c5-4fb2-baf3-e5db9c44c01e ] Request (SecurityGroupsTestJSON:test_server_security_groups): 200 GET http://10.180.1.21/compute/v2.1/servers/9ee56466-2609-4c8c-b237-670449a00dd9 0.109s
2025-02-19 12:56:39.728 63037 INFO tempest.lib.common.rest_client [req-b6430eae-837f-43b1-bea9-332d18e6abb6 req-b6430eae-837f-43b1-bea9-332d18e6abb6 ] Request (ServerDiskConfigTestJSON:test_rebuild_server_with_manual_disk_config): 200 GET http://10.180.1.21/compute/v2.1/servers/e3ca49b5-04d6-4844-bd55-ed727a5df944 0.112s
2025-02-19 12:56:39.736 63037 INFO tempest.common.waiters [-] State transition "BUILD/None" ==> "BUILD/networking" after 65 second wait
2025-02-19 12:56:39.757 63011 INFO tempest.lib.common.rest_client [req-f0981125-b4c2-4ced-9841-0833fef5c506 req-f0981125-b4c2-4ced-9841-0833fef5c506 ] Request (FloatingIPsAssociationTestJSON:tearDownClass): 200 GET http://10.180.1.21/compute/v2.1/servers/b60f72ed-119b-4a2a-9fd5-1b3f9b99b4ab 0.093s
2025-02-19 12:56:39.765 63011 INFO tempest.common.waiters [-] State transition "ACTIVE/deleting" ==> "DELETED/None" after 4 second wait
2025-02-19 12:56:39.775 63050 INFO tempest.lib.common.rest_client [req-608aee5d-c746-4d0e-93b9-9e94335eb249 req-608aee5d-c746-4d0e-93b9-9e94335eb249 ] Request (AttachVolumeTestJSON:test_attach_detach_volume): 200 GET http://10.180.1.21/compute/v2.1/servers/d6d6c56c-96e2-430f-8d8c-a93d4986be93 0.099s
2025-02-19 12:56:39.809 62995 INFO tempest.lib.common.rest_client [req-23c6ad44-f37a-41d2-823a-1e1f9cf4e503 req-23c6ad44-f37a-41d2-823a-1e1f9cf4e503 ] Request (ServerRescueTestJSON:setUpClass): 200 GET http://10.180.1.21/compute/v2.1/servers/f47f3c1e-b9cb-4631-984b-bcdaa7fdbec9 0.087s
2025-02-19 12:56:39.875 63015 INFO tempest.lib.common.rest_client [req-d383f818-c285-4954-bcaa-d82adba7d49f req-d383f818-c285-4954-bcaa-d82adba7d49f ] Request (ImagesTestJSON:test_create_server_from_snapshot): 200 GET http://10.180.1.21/compute/v2.1/servers/b19b1d40-bf94-47cb-860e-af27a0bdfbbc 0.050s
2025-02-19 12:56:39.943 63009 INFO tempest.lib.common.rest_client [req-b85fd700-a3f6-4142-aa70-51fb03a140cb req-b85fd700-a3f6-4142-aa70-51fb03a140cb ] Request (ServersAdminTestJSON:test_create_server_with_scheduling_hint): 200 GET http://10.180.1.21/compute/v2.1/servers/8b745d45-7cdb-4ccc-b1aa-f7b5b9fb4547 0.051s
2025-02-19 12:56:40.123 63023 INFO paramiko.transport [-] Connected (version 2.0, client dropbear_2020.81)
2025-02-19 12:56:40.147 63007 INFO tempest.lib.common.rest_client [req-0a39c5ae-f815-407b-837e-75cb623340c1 req-0a39c5ae-f815-407b-837e-75cb623340c1 ] Request (ServersAdmin275Test:tearDownClass): 200 GET http://10.180.1.21/compute/v2.1/servers/d547c3ed-e5c6-4ced-ab16-5b05f21515e8 0.091s
2025-02-19 12:56:40.183 63023 INFO paramiko.transport [-] Authentication (publickey) successful!
2025-02-19 12:56:40.184 63023 INFO tempest.lib.common.ssh [-] ssh connection to cirros@10.180.180.183 successfully created
2025-02-19 12:56:40.200 62997 INFO tempest.lib.common.rest_client [req-4245ed25-cf22-40e1-94b0-f3b0f5bc86ce req-4245ed25-cf22-40e1-94b0-f3b0f5bc86ce ] Request (ListImageFiltersTestJSON:setUpClass): 200 GET http://10.180.1.21/compute/v2.1/servers/79230f16-da6d-4845-9072-336e6d2aa492 0.098s
2025-02-19 12:56:40.201 63019 INFO tempest.lib.common.rest_client [req-b2f26e8f-36ac-437f-82aa-878340cd2dd9 req-b2f26e8f-36ac-437f-82aa-878340cd2dd9 ] Request (ImagesOneServerNegativeTestJSON:_run_cleanups): 200 GET http://10.180.1.21/compute/v2.1/servers/c781bdbe-e55b-4744-9fd8-29cf2b131c9c 0.056s
2025-02-19 12:56:40.254 63045 INFO tempest.lib.common.rest_client [req-ee89476a-9634-4f5e-a083-76e68619b1a4 req-ee89476a-9634-4f5e-a083-76e68619b1a4 ] Request (ServerActionsTestOtherB:setUpClass): 200 GET http://10.180.1.21/compute/v2.1/servers/bcb07823-1d55-4704-a061-472d7df6c0f9 0.064s
2025-02-19 12:56:40.287 63023 INFO tempest.lib.common.rest_client [req-1b3719bb-abb2-4de7-9314-0d6ad1016491 req-1b3719bb-abb2-4de7-9314-0d6ad1016491 ] Request (ServersWithSpecificFlavorTestJSON:test_verify_created_server_ephemeral_disk): 204 DELETE http://10.180.1.21/compute/v2.1/servers/e8a4cdd2-6c12-4988-b94c-5857e48806e8 0.097s
2025-02-19 12:56:40.314 63001 INFO tempest.lib.common.rest_client [req-2116694f-bba4-4dd1-aeeb-4240fa524314 req-2116694f-bba4-4dd1-aeeb-4240fa524314 ] Request (MultipleCreateTestJSON:test_multiple_create): 200 GET http://10.180.1.21/compute/v2.1/servers/379210e6-bd63-4029-9d46-7462cff00c7f 0.081s
2025-02-19 12:56:40.349 62999 INFO tempest.lib.common.rest_client [req-22b580a2-c6d0-4e91-85e0-c2cef36bdeb9 req-22b580a2-c6d0-4e91-85e0-c2cef36bdeb9 ] Request (DeleteServersTestJSON:test_delete_active_server): 200 GET http://10.180.1.21/compute/v2.1/servers/48dc29f6-f436-4d87-9580-02f812763c74 0.054s
2025-02-19 12:56:40.364 62999 INFO tempest.common.waiters [-] State transition "BUILD/scheduling" ==> "BUILD/None" after 28 second wait
2025-02-19 12:56:40.367 63023 INFO tempest.lib.common.rest_client [req-b85b6f3e-0dbb-4b90-8ad0-7a89a24b0b71 req-b85b6f3e-0dbb-4b90-8ad0-7a89a24b0b71 ] Request (ServersWithSpecificFlavorTestJSON:test_verify_created_server_ephemeral_disk): 201 POST http://10.180.1.21/identity/v3/auth/tokens 0.074s
2025-02-19 12:56:40.367 63023 INFO tempest.lib.common.fixed_network [-] (ServersWithSpecificFlavorTestJSON:test_verify_created_server_ephemeral_disk) Found network {'id': '91bdf422-87e4-420d-ab3b-ed44b21e7ca3', 'name': 'tempest-ServersWithSpecificFlavorTestJSON-1138141258-network', 'tenant_id': '95e2e338a3cb4cba834be74217b58691', 'admin_state_up': True, 'mtu': 8950, 'status': 'ACTIVE', 'subnets': [], 'shared': False, 'project_id': '95e2e338a3cb4cba834be74217b58691', 'port_security_enabled': True, 'router:external': False, 'provider:network_type': 'vlan', 'provider:physical_network': 'default', 'provider:segmentation_id': 189, 'availability_zone_hints': [], 'availability_zones': [], 'ipv4_address_scope': None, 'ipv6_address_scope': None, 'description': '', 'tags': [], 'created_at': '2025-02-19T12:54:07Z', 'updated_at': '2025-02-19T12:54:07Z', 'revision_number': 1} available for tenant
2025-02-19 12:56:40.425 62989 INFO tempest.lib.common.rest_client [req-35320ed6-b8c8-43ce-a4bb-3767d471989f req-35320ed6-b8c8-43ce-a4bb-3767d471989f ] Request (ListServersNegativeTestJSON:setUpClass): 200 GET http://10.180.1.21/compute/v2.1/servers/66ea59bb-cd2f-4d34-a3be-bc4662ac5084 0.076s
2025-02-19 12:56:40.497 63003 INFO tempest.lib.common.rest_client [req-f440ffd9-db2d-4d9f-ae3d-58a4cfde450b req-f440ffd9-db2d-4d9f-ae3d-58a4cfde450b ] Request (InstanceActionsNegativeTestJSON:setUpClass): 200 GET http://10.180.1.21/compute/v2.1/servers/9e2fda18-07bc-4adc-a067-569d6cca1577 0.103s
2025-02-19 12:56:40.582 63035 INFO tempest.lib.common.rest_client [req-cc232b86-003a-48c3-a74f-50e3d333f05b req-cc232b86-003a-48c3-a74f-50e3d333f05b ] Request (MigrationsAdminTest:test_resize_server_revert_deleted_flavor): 200 GET http://10.180.1.21/compute/v2.1/servers/6d54c14e-cb02-43a3-9f5d-5f91f649e026 0.132s
2025-02-19 12:56:40.731 63023 INFO tempest.lib.common.rest_client [req-61c0ae18-1582-4582-9deb-9b5f5a611158 req-61c0ae18-1582-4582-9deb-9b5f5a611158 ] Request (ServersWithSpecificFlavorTestJSON:test_verify_created_server_ephemeral_disk): 202 POST http://10.180.1.21/compute/v2.1/servers 0.363s
2025-02-19 12:56:40.872 63025 INFO tempest.lib.common.rest_client [req-05ec742f-7cf0-471e-9ae0-6eedd3e0f8ca req-05ec742f-7cf0-471e-9ae0-6eedd3e0f8ca ] Request (ServersAdminNegativeTestJSON:test_migrate_server_invalid_state): 200 GET http://10.180.1.21/compute/v2.1/servers/4b9cb307-1070-45b0-a262-047e38df02fb 0.181s
2025-02-19 12:56:40.872 63043 INFO tempest.lib.common.rest_client [req-7ce377c1-38ed-4430-8ea7-8b9d11976cf8 req-7ce377c1-38ed-4430-8ea7-8b9d11976cf8 ] Request (SecurityGroupsTestJSON:test_server_security_groups): 200 GET http://10.180.1.21/compute/v2.1/servers/9ee56466-2609-4c8c-b237-670449a00dd9 0.160s
2025-02-19 12:56:40.940 63023 INFO tempest.lib.common.rest_client [req-d23148c2-0a28-4ce0-955d-6774f510092f req-d23148c2-0a28-4ce0-955d-6774f510092f ] Request (ServersWithSpecificFlavorTestJSON:test_verify_created_server_ephemeral_disk): 200 GET http://10.180.1.21/compute/v2.1/servers/c96f0187-c1c6-4631-8ff8-20328ac6ba7f 0.206s
2025-02-19 12:56:40.962 62991 WARNING tempest.lib.common.ssh [-] Failed to establish authenticated ssh connection to cirros@10.180.180.137 ([Errno None] Unable to connect to port 22 on 10.180.180.137). Number attempts: 6. Retry after 7 seconds.: paramiko.ssh_exception.NoValidConnectionsError: [Errno None] Unable to connect to port 22 on 10.180.180.137
2025-02-19 12:56:41.006 63011 INFO tempest.lib.common.rest_client [req-3bb9a7af-173d-4175-b10a-79018ec4763f req-3bb9a7af-173d-4175-b10a-79018ec4763f ] Request (FloatingIPsAssociationTestJSON:tearDownClass): 200 GET http://10.180.1.21/compute/v2.1/servers/b60f72ed-119b-4a2a-9fd5-1b3f9b99b4ab 0.239s
2025-02-19 12:56:41.010 63037 INFO tempest.lib.common.rest_client [req-690a926d-02f6-4888-9f79-9f8d7dcf51c1 req-690a926d-02f6-4888-9f79-9f8d7dcf51c1 ] Request (ServerDiskConfigTestJSON:test_rebuild_server_with_manual_disk_config): 200 GET http://10.180.1.21/compute/v2.1/servers/e3ca49b5-04d6-4844-bd55-ed727a5df944 0.273s
2025-02-19 12:56:41.017 63037 INFO tempest.common.waiters [-] State transition "BUILD/networking" ==> "BUILD/block_device_mapping" after 67 second wait
2025-02-19 12:56:41.053 63050 INFO tempest.lib.common.rest_client [req-1c5539d8-65c1-400c-8f75-acf2e20432c6 req-1c5539d8-65c1-400c-8f75-acf2e20432c6 ] Request (AttachVolumeTestJSON:test_attach_detach_volume): 200 GET http://10.180.1.21/compute/v2.1/servers/d6d6c56c-96e2-430f-8d8c-a93d4986be93 0.270s
2025-02-19 12:56:41.060 62995 INFO tempest.lib.common.rest_client [req-0040cd98-b7e8-4a48-b6c3-c57ccfb6f09e req-0040cd98-b7e8-4a48-b6c3-c57ccfb6f09e ] Request (ServerRescueTestJSON:setUpClass): 200 GET http://10.180.1.21/compute/v2.1/servers/f47f3c1e-b9cb-4631-984b-bcdaa7fdbec9 0.240s
2025-02-19 12:56:41.100 63015 INFO tempest.lib.common.rest_client [req-051218a7-3bae-453f-8739-7d13898aeca6 req-051218a7-3bae-453f-8739-7d13898aeca6 ] Request (ImagesTestJSON:test_create_server_from_snapshot): 200 GET http://10.180.1.21/compute/v2.1/servers/b19b1d40-bf94-47cb-860e-af27a0bdfbbc 0.216s
2025-02-19 12:56:41.103 63009 INFO tempest.lib.common.rest_client [req-27f3901d-4f12-4ea1-8007-0d6e27baa0ff req-27f3901d-4f12-4ea1-8007-0d6e27baa0ff ] Request (ServersAdminTestJSON:test_create_server_with_scheduling_hint): 200 GET http://10.180.1.21/compute/v2.1/servers/8b745d45-7cdb-4ccc-b1aa-f7b5b9fb4547 0.152s
2025-02-19 12:56:41.231 63007 INFO tempest.lib.common.rest_client [req-98b9f4c2-cecb-4e07-9ccb-772a2eeeb8e7 req-98b9f4c2-cecb-4e07-9ccb-772a2eeeb8e7 ] Request (ServersAdmin275Test:tearDownClass): 200 GET http://10.180.1.21/compute/v2.1/servers/d547c3ed-e5c6-4ced-ab16-5b05f21515e8 0.073s
2025-02-19 12:56:41.283 63019 INFO tempest.lib.common.rest_client [req-adfe87d6-5210-4b14-89c5-59ec82992c3c req-adfe87d6-5210-4b14-89c5-59ec82992c3c ] Request (ImagesOneServerNegativeTestJSON:_run_cleanups): 200 GET http://10.180.1.21/compute/v2.1/servers/c781bdbe-e55b-4744-9fd8-29cf2b131c9c 0.072s
2025-02-19 12:56:41.303 62997 INFO tempest.lib.common.rest_client [req-fa09a5f3-b83a-49f0-8507-1b2918e5b52e req-fa09a5f3-b83a-49f0-8507-1b2918e5b52e ] Request (ListImageFiltersTestJSON:setUpClass): 200 GET http://10.180.1.21/compute/v2.1/servers/79230f16-da6d-4845-9072-336e6d2aa492 0.094s
2025-02-19 12:56:41.336 63045 INFO tempest.lib.common.rest_client [req-b048c0d1-4f60-4ac4-ae60-ce0d771df36d req-b048c0d1-4f60-4ac4-ae60-ce0d771df36d ] Request (ServerActionsTestOtherB:setUpClass): 200 GET http://10.180.1.21/compute/v2.1/servers/bcb07823-1d55-4704-a061-472d7df6c0f9 0.073s
2025-02-19 12:56:41.374 63001 INFO tempest.lib.common.rest_client [req-8c32f743-9fcb-43f9-8f58-8ffa9ed35309 req-8c32f743-9fcb-43f9-8f58-8ffa9ed35309 ] Request (MultipleCreateTestJSON:test_multiple_create): 200 GET http://10.180.1.21/compute/v2.1/servers/379210e6-bd63-4029-9d46-7462cff00c7f 0.051s
2025-02-19 12:56:41.416 62999 INFO tempest.lib.common.rest_client [req-a3906e29-9e26-40e0-8f44-48e7362f77e5 req-a3906e29-9e26-40e0-8f44-48e7362f77e5 ] Request (DeleteServersTestJSON:test_delete_active_server): 200 GET http://10.180.1.21/compute/v2.1/servers/48dc29f6-f436-4d87-9580-02f812763c74 0.052s
2025-02-19 12:56:41.490 62989 INFO tempest.lib.common.rest_client [req-e66dd80a-01de-43f8-98aa-6e836114daf1 req-e66dd80a-01de-43f8-98aa-6e836114daf1 ] Request (ListServersNegativeTestJSON:setUpClass): 200 GET http://10.180.1.21/compute/v2.1/servers/66ea59bb-cd2f-4d34-a3be-bc4662ac5084 0.056s
2025-02-19 12:56:41.559 63003 INFO tempest.lib.common.rest_client [req-c7bf6918-9a7b-4398-aa21-435da85aba1f req-c7bf6918-9a7b-4398-aa21-435da85aba1f ] Request (InstanceActionsNegativeTestJSON:setUpClass): 200 GET http://10.180.1.21/compute/v2.1/servers/9e2fda18-07bc-4adc-a067-569d6cca1577 0.053s
2025-02-19 12:56:41.646 63035 INFO tempest.lib.common.rest_client [req-4386e6b7-7236-4c8f-b31b-f592067d4c1a req-4386e6b7-7236-4c8f-b31b-f592067d4c1a ] Request (MigrationsAdminTest:test_resize_server_revert_deleted_flavor): 200 GET http://10.180.1.21/compute/v2.1/servers/6d54c14e-cb02-43a3-9f5d-5f91f649e026 0.055s
2025-02-19 12:56:41.995 63025 INFO tempest.lib.common.rest_client [req-786c5bfb-10f0-46dc-81d8-54a2396a2141 req-786c5bfb-10f0-46dc-81d8-54a2396a2141 ] Request (ServersAdminNegativeTestJSON:test_migrate_server_invalid_state): 200 GET http://10.180.1.21/compute/v2.1/servers/4b9cb307-1070-45b0-a262-047e38df02fb 0.111s
2025-02-19 12:56:42.003 63043 INFO tempest.lib.common.rest_client [req-4c078a80-b83c-4cff-8011-fcdea05c4171 req-4c078a80-b83c-4cff-8011-fcdea05c4171 ] Request (SecurityGroupsTestJSON:test_server_security_groups): 200 GET http://10.180.1.21/compute/v2.1/servers/9ee56466-2609-4c8c-b237-670449a00dd9 0.123s
2025-02-19 12:56:42.046 63023 INFO tempest.lib.common.rest_client [req-bf1ffd4e-3a81-4d42-9a5c-6cf3a7ea1b63 req-bf1ffd4e-3a81-4d42-9a5c-6cf3a7ea1b63 ] Request (ServersWithSpecificFlavorTestJSON:test_verify_created_server_ephemeral_disk): 200 GET http://10.180.1.21/compute/v2.1/servers/c96f0187-c1c6-4631-8ff8-20328ac6ba7f 0.096s
2025-02-19 12:56:42.083 63011 INFO tempest.lib.common.rest_client [req-76aee141-12a5-4580-98e6-d9eae4f9d72a req-76aee141-12a5-4580-98e6-d9eae4f9d72a ] Request (FloatingIPsAssociationTestJSON:tearDownClass): 200 GET http://10.180.1.21/compute/v2.1/servers/b60f72ed-119b-4a2a-9fd5-1b3f9b99b4ab 0.067s
2025-02-19 12:56:42.139 63050 INFO tempest.lib.common.rest_client [req-72b5126f-9baa-4583-8211-4581ce28d84f req-72b5126f-9baa-4583-8211-4581ce28d84f ] Request (AttachVolumeTestJSON:test_attach_detach_volume): 200 GET http://10.180.1.21/compute/v2.1/servers/d6d6c56c-96e2-430f-8d8c-a93d4986be93 0.077s
2025-02-19 12:56:42.146 63037 INFO tempest.lib.common.rest_client [req-764b5f29-9d4e-468c-8ea8-5c74a82cc107 req-764b5f29-9d4e-468c-8ea8-5c74a82cc107 ] Request (ServerDiskConfigTestJSON:test_rebuild_server_with_manual_disk_config): 200 GET http://10.180.1.21/compute/v2.1/servers/e3ca49b5-04d6-4844-bd55-ed727a5df944 0.127s
2025-02-19 12:56:42.154 63037 INFO tempest.common.waiters [-] State transition "BUILD/block_device_mapping" ==> "BUILD/spawning" after 68 second wait
2025-02-19 12:56:42.198 63015 INFO tempest.lib.common.rest_client [req-0802e426-47ce-44ca-968b-f5d496df9aed req-0802e426-47ce-44ca-968b-f5d496df9aed ] Request (ImagesTestJSON:test_create_server_from_snapshot): 200 GET http://10.180.1.21/compute/v2.1/servers/b19b1d40-bf94-47cb-860e-af27a0bdfbbc 0.090s
2025-02-19 12:56:42.201 62995 INFO tempest.lib.common.rest_client [req-ebc90307-33c4-43ef-99fc-dbeb098c7caa req-ebc90307-33c4-43ef-99fc-dbeb098c7caa ] Request (ServerRescueTestJSON:setUpClass): 200 GET http://10.180.1.21/compute/v2.1/servers/f47f3c1e-b9cb-4631-984b-bcdaa7fdbec9 0.132s
2025-02-19 12:56:42.246 63009 INFO tempest.lib.common.rest_client [req-e7f12a66-f112-4348-ad2b-165c90150446 req-e7f12a66-f112-4348-ad2b-165c90150446 ] Request (ServersAdminTestJSON:test_create_server_with_scheduling_hint): 200 GET http://10.180.1.21/compute/v2.1/servers/8b745d45-7cdb-4ccc-b1aa-f7b5b9fb4547 0.134s
2025-02-19 12:56:42.265 63039 WARNING tempest.lib.common.ssh [-] Failed to establish authenticated ssh connection to cirros@10.180.180.250 ([Errno None] Unable to connect to port 22 on 10.180.180.250). Number attempts: 11. Retry after 12 seconds.: paramiko.ssh_exception.NoValidConnectionsError: [Errno None] Unable to connect to port 22 on 10.180.180.250
2025-02-19 12:56:42.325 63007 INFO tempest.lib.common.rest_client [req-9a99f333-9e20-493c-aa1f-77e97443ef00 req-9a99f333-9e20-493c-aa1f-77e97443ef00 ] Request (ServersAdmin275Test:tearDownClass): 200 GET http://10.180.1.21/compute/v2.1/servers/d547c3ed-e5c6-4ced-ab16-5b05f21515e8 0.084s
2025-02-19 12:56:42.344 63019 INFO tempest.lib.common.rest_client [req-e5c59c7a-20b7-4426-a1df-0bf4b686ff19 req-e5c59c7a-20b7-4426-a1df-0bf4b686ff19 ] Request (ImagesOneServerNegativeTestJSON:_run_cleanups): 200 GET http://10.180.1.21/compute/v2.1/servers/c781bdbe-e55b-4744-9fd8-29cf2b131c9c 0.053s
2025-02-19 12:56:42.399 63045 INFO tempest.lib.common.rest_client [req-42791699-c448-44cb-9e02-ee596646a6b3 req-42791699-c448-44cb-9e02-ee596646a6b3 ] Request (ServerActionsTestOtherB:setUpClass): 200 GET http://10.180.1.21/compute/v2.1/servers/bcb07823-1d55-4704-a061-472d7df6c0f9 0.055s
2025-02-19 12:56:42.460 63001 INFO tempest.lib.common.rest_client [req-bcbf1abf-d4cd-4dd4-bc5f-576538d01000 req-bcbf1abf-d4cd-4dd4-bc5f-576538d01000 ] Request (MultipleCreateTestJSON:test_multiple_create): 200 GET http://10.180.1.21/compute/v2.1/servers/379210e6-bd63-4029-9d46-7462cff00c7f 0.077s
2025-02-19 12:56:42.487 62997 INFO tempest.lib.common.rest_client [req-0a6ec8be-c573-4d26-8640-392cbb2311ef req-0a6ec8be-c573-4d26-8640-392cbb2311ef ] Request (ListImageFiltersTestJSON:setUpClass): 200 GET http://10.180.1.21/compute/v2.1/servers/79230f16-da6d-4845-9072-336e6d2aa492 0.176s
2025-02-19 12:56:42.510 62999 INFO tempest.lib.common.rest_client [req-1a4c58bd-f7f0-4441-a697-a349dc909557 req-1a4c58bd-f7f0-4441-a697-a349dc909557 ] Request (DeleteServersTestJSON:test_delete_active_server): 200 GET http://10.180.1.21/compute/v2.1/servers/48dc29f6-f436-4d87-9580-02f812763c74 0.087s
2025-02-19 12:56:42.563 62989 INFO tempest.lib.common.rest_client [req-a2fd06ac-1285-4985-9a37-2451dc0ab267 req-a2fd06ac-1285-4985-9a37-2451dc0ab267 ] Request (ListServersNegativeTestJSON:setUpClass): 200 GET http://10.180.1.21/compute/v2.1/servers/66ea59bb-cd2f-4d34-a3be-bc4662ac5084 0.064s
2025-02-19 12:56:42.622 63003 INFO tempest.lib.common.rest_client [req-4332c7a1-3120-4e87-a053-d7940d7c6cf4 req-4332c7a1-3120-4e87-a053-d7940d7c6cf4 ] Request (InstanceActionsNegativeTestJSON:setUpClass): 200 GET http://10.180.1.21/compute/v2.1/servers/9e2fda18-07bc-4adc-a067-569d6cca1577 0.051s
2025-02-19 12:56:42.752 63035 INFO tempest.lib.common.rest_client [req-ee1d2a22-d227-4851-9dab-5826f19b99d8 req-ee1d2a22-d227-4851-9dab-5826f19b99d8 ] Request (MigrationsAdminTest:test_resize_server_revert_deleted_flavor): 200 GET http://10.180.1.21/compute/v2.1/servers/6d54c14e-cb02-43a3-9f5d-5f91f649e026 0.098s
2025-02-19 12:56:43.031 63047 WARNING tempest.lib.common.ssh [-] Failed to establish authenticated ssh connection to cirros@10.180.180.174 ([Errno None] Unable to connect to port 22 on 10.180.180.174). Number attempts: 8. Retry after 9 seconds.: paramiko.ssh_exception.NoValidConnectionsError: [Errno None] Unable to connect to port 22 on 10.180.180.174
2025-02-19 12:56:43.108 63025 INFO tempest.lib.common.rest_client [req-a7a0cb8c-4acd-480f-93c5-0453c92b552e req-a7a0cb8c-4acd-480f-93c5-0453c92b552e ] Request (ServersAdminNegativeTestJSON:test_migrate_server_invalid_state): 200 GET http://10.180.1.21/compute/v2.1/servers/4b9cb307-1070-45b0-a262-047e38df02fb 0.104s
2025-02-19 12:56:43.127 63017 INFO paramiko.transport [-] Connected (version 2.0, client dropbear_2020.81)
2025-02-19 12:56:43.166 63023 INFO tempest.lib.common.rest_client [req-9042d126-0a56-4c8a-a7da-4ad7fc964dd1 req-9042d126-0a56-4c8a-a7da-4ad7fc964dd1 ] Request (ServersWithSpecificFlavorTestJSON:test_verify_created_server_ephemeral_disk): 200 GET http://10.180.1.21/compute/v2.1/servers/c96f0187-c1c6-4631-8ff8-20328ac6ba7f 0.111s
2025-02-19 12:56:43.226 63017 INFO paramiko.transport [-] Authentication (publickey) successful!
2025-02-19 12:56:43.227 63017 INFO tempest.lib.common.ssh [-] ssh connection to cirros@10.180.180.209 successfully created
2025-02-19 12:56:43.229 63011 INFO tempest.lib.common.rest_client [req-e65678ba-a302-4f40-9dd8-d5731916e685 req-e65678ba-a302-4f40-9dd8-d5731916e685 ] Request (FloatingIPsAssociationTestJSON:tearDownClass): 200 GET http://10.180.1.21/compute/v2.1/servers/b60f72ed-119b-4a2a-9fd5-1b3f9b99b4ab 0.136s
2025-02-19 12:56:43.279 63050 INFO tempest.lib.common.rest_client [req-9cad1173-7f20-47f3-a73a-b845b523d415 req-9cad1173-7f20-47f3-a73a-b845b523d415 ] Request (AttachVolumeTestJSON:test_attach_detach_volume): 200 GET http://10.180.1.21/compute/v2.1/servers/d6d6c56c-96e2-430f-8d8c-a93d4986be93 0.130s
2025-02-19 12:56:43.391 63037 INFO tempest.lib.common.rest_client [req-afacd5dc-c7c7-4d80-b864-d3bef08386b0 req-afacd5dc-c7c7-4d80-b864-d3bef08386b0 ] Request (ServerDiskConfigTestJSON:test_rebuild_server_with_manual_disk_config): 200 GET http://10.180.1.21/compute/v2.1/servers/e3ca49b5-04d6-4844-bd55-ed727a5df944 0.233s
2025-02-19 12:56:43.401 63017 INFO tempest.lib.common.rest_client [req-80932fef-05c8-4844-8eab-6470dadce56b req-80932fef-05c8-4844-8eab-6470dadce56b ] Request (VolumesAdminNegativeTest:test_update_attached_volume_with_nonexistent_volume_in_body): 202 POST http://10.180.1.21/volume/v3/volumes 0.173s
2025-02-19 12:56:43.408 63043 INFO tempest.lib.common.rest_client [req-b55b8025-60d3-4a26-8c63-a71246de1434 req-b55b8025-60d3-4a26-8c63-a71246de1434 ] Request (SecurityGroupsTestJSON:test_server_security_groups): 200 GET http://10.180.1.21/compute/v2.1/servers/9ee56466-2609-4c8c-b237-670449a00dd9 0.396s
2025-02-19 12:56:43.426 63043 INFO tempest.common.waiters [-] State transition "HARD_REBOOT/rebooting_hard" ==> "HARD_REBOOT/reboot_started_hard" after 4 second wait
2025-02-19 12:56:43.448 63017 INFO tempest.lib.common.rest_client [req-ba79263e-1c64-4ce5-84b6-3469737758eb req-ba79263e-1c64-4ce5-84b6-3469737758eb ] Request (VolumesAdminNegativeTest:test_update_attached_volume_with_nonexistent_volume_in_body): 200 GET http://10.180.1.21/volume/v3/volumes/ea9e8352-5f52-4dea-b561-90725be615d6 0.041s
2025-02-19 12:56:43.464 63015 INFO tempest.lib.common.rest_client [req-b98f098e-9d71-4845-b63a-f0d5b330f62d req-b98f098e-9d71-4845-b63a-f0d5b330f62d ] Request (ImagesTestJSON:test_create_server_from_snapshot): 200 GET http://10.180.1.21/compute/v2.1/servers/b19b1d40-bf94-47cb-860e-af27a0bdfbbc 0.258s
2025-02-19 12:56:43.481 62995 INFO tempest.lib.common.rest_client [req-3b6c3ec4-5020-4d2c-82d1-37301d9b1571 req-3b6c3ec4-5020-4d2c-82d1-37301d9b1571 ] Request (ServerRescueTestJSON:setUpClass): 200 GET http://10.180.1.21/compute/v2.1/servers/f47f3c1e-b9cb-4631-984b-bcdaa7fdbec9 0.268s
2025-02-19 12:56:43.525 63009 INFO tempest.lib.common.rest_client [req-a2ca3560-b472-4077-b2e6-bad088e01904 req-a2ca3560-b472-4077-b2e6-bad088e01904 ] Request (ServersAdminTestJSON:test_create_server_with_scheduling_hint): 200 GET http://10.180.1.21/compute/v2.1/servers/8b745d45-7cdb-4ccc-b1aa-f7b5b9fb4547 0.267s
2025-02-19 12:56:43.566 63007 INFO tempest.lib.common.rest_client [req-e36c0cbf-2224-4294-9ed7-7dc1b85ebaa1 req-e36c0cbf-2224-4294-9ed7-7dc1b85ebaa1 ] Request (ServersAdmin275Test:tearDownClass): 200 GET http://10.180.1.21/compute/v2.1/servers/d547c3ed-e5c6-4ced-ab16-5b05f21515e8 0.230s
2025-02-19 12:56:43.580 63019 INFO tempest.lib.common.rest_client [req-4d920e4c-f54c-4ab2-ad8f-f45f84fec040 req-4d920e4c-f54c-4ab2-ad8f-f45f84fec040 ] Request (ImagesOneServerNegativeTestJSON:_run_cleanups): 200 GET http://10.180.1.21/compute/v2.1/servers/c781bdbe-e55b-4744-9fd8-29cf2b131c9c 0.227s
2025-02-19 12:56:43.629 63001 INFO tempest.lib.common.rest_client [req-8f5bbbde-494e-4170-b3ee-e73951d586f6 req-8f5bbbde-494e-4170-b3ee-e73951d586f6 ] Request (MultipleCreateTestJSON:test_multiple_create): 200 GET http://10.180.1.21/compute/v2.1/servers/379210e6-bd63-4029-9d46-7462cff00c7f 0.159s
2025-02-19 12:56:43.632 63045 INFO tempest.lib.common.rest_client [req-4ff253a1-5c5f-457b-95b9-1926d7e0987a req-4ff253a1-5c5f-457b-95b9-1926d7e0987a ] Request (ServerActionsTestOtherB:setUpClass): 200 GET http://10.180.1.21/compute/v2.1/servers/bcb07823-1d55-4704-a061-472d7df6c0f9 0.221s
2025-02-19 12:56:43.640 63045 INFO tempest.common.waiters [-] State transition "BUILD/None" ==> "BUILD/networking" after 65 second wait
2025-02-19 12:56:43.692 62999 INFO tempest.lib.common.rest_client [req-1dde3d1f-50eb-418c-a26a-e9e0b1c88cd0 req-1dde3d1f-50eb-418c-a26a-e9e0b1c88cd0 ] Request (DeleteServersTestJSON:test_delete_active_server): 200 GET http://10.180.1.21/compute/v2.1/servers/48dc29f6-f436-4d87-9580-02f812763c74 0.172s
2025-02-19 12:56:43.722 62997 INFO tempest.lib.common.rest_client [req-0e552077-cc3c-447b-a2b2-c53a67468a63 req-0e552077-cc3c-447b-a2b2-c53a67468a63 ] Request (ListImageFiltersTestJSON:setUpClass): 200 GET http://10.180.1.21/compute/v2.1/servers/79230f16-da6d-4845-9072-336e6d2aa492 0.223s
2025-02-19 12:56:43.772 62989 INFO tempest.lib.common.rest_client [req-12e951f4-ccbd-44c5-914f-1c8d61449db3 req-12e951f4-ccbd-44c5-914f-1c8d61449db3 ] Request (ListServersNegativeTestJSON:setUpClass): 200 GET http://10.180.1.21/compute/v2.1/servers/66ea59bb-cd2f-4d34-a3be-bc4662ac5084 0.197s
2025-02-19 12:56:43.776 63003 INFO tempest.lib.common.rest_client [req-ef11478d-8a06-4f85-ba47-01aaa9abdf31 req-ef11478d-8a06-4f85-ba47-01aaa9abdf31 ] Request (InstanceActionsNegativeTestJSON:setUpClass): 200 GET http://10.180.1.21/compute/v2.1/servers/9e2fda18-07bc-4adc-a067-569d6cca1577 0.142s
2025-02-19 12:56:43.836 63035 INFO tempest.lib.common.rest_client [req-e377a130-8e3f-41be-88aa-f2e8ab8d9468 req-e377a130-8e3f-41be-88aa-f2e8ab8d9468 ] Request (MigrationsAdminTest:test_resize_server_revert_deleted_flavor): 200 GET http://10.180.1.21/compute/v2.1/servers/6d54c14e-cb02-43a3-9f5d-5f91f649e026 0.074s
2025-02-19 12:56:43.842 63013 WARNING tempest.lib.common.ssh [-] Failed to establish authenticated ssh connection to cirros@10.180.180.157 ([Errno None] Unable to connect to port 22 on 10.180.180.157). Number attempts: 8. Retry after 9 seconds.: paramiko.ssh_exception.NoValidConnectionsError: [Errno None] Unable to connect to port 22 on 10.180.180.157
2025-02-19 12:56:44.234 63023 INFO tempest.lib.common.rest_client [req-0d6cbccb-440e-4018-aafd-fc5685f9b5c8 req-0d6cbccb-440e-4018-aafd-fc5685f9b5c8 ] Request (ServersWithSpecificFlavorTestJSON:test_verify_created_server_ephemeral_disk): 200 GET http://10.180.1.21/compute/v2.1/servers/c96f0187-c1c6-4631-8ff8-20328ac6ba7f 0.057s
2025-02-19 12:56:44.234 63025 INFO tempest.lib.common.rest_client [req-61c9953a-8d47-445c-89be-c5d8e1dbfc68 req-61c9953a-8d47-445c-89be-c5d8e1dbfc68 ] Request (ServersAdminNegativeTestJSON:test_migrate_server_invalid_state): 200 GET http://10.180.1.21/compute/v2.1/servers/4b9cb307-1070-45b0-a262-047e38df02fb 0.119s
2025-02-19 12:56:44.302 63011 INFO tempest.lib.common.rest_client [req-1084b201-6a76-425e-820c-c52e01aa37f5 req-1084b201-6a76-425e-820c-c52e01aa37f5 ] Request (FloatingIPsAssociationTestJSON:tearDownClass): 200 GET http://10.180.1.21/compute/v2.1/servers/b60f72ed-119b-4a2a-9fd5-1b3f9b99b4ab 0.064s
2025-02-19 12:56:44.347 63050 INFO tempest.lib.common.rest_client [req-b81f742e-5613-4141-985f-d35c7c87eed6 req-b81f742e-5613-4141-985f-d35c7c87eed6 ] Request (AttachVolumeTestJSON:test_attach_detach_volume): 200 GET http://10.180.1.21/compute/v2.1/servers/d6d6c56c-96e2-430f-8d8c-a93d4986be93 0.054s
2025-02-19 12:56:44.411 63005 WARNING tempest.lib.common.ssh [-] Failed to establish authenticated ssh connection to cirros@10.180.180.232 ([Errno None] Unable to connect to port 22 on 10.180.180.232). Number attempts: 10. Retry after 11 seconds.: paramiko.ssh_exception.NoValidConnectionsError: [Errno None] Unable to connect to port 22 on 10.180.180.232
2025-02-19 12:56:44.480 63021 WARNING tempest.lib.common.ssh [-] Failed to establish authenticated ssh connection to cirros@10.180.180.154 ([Errno None] Unable to connect to port 22 on 10.180.180.154). Number attempts: 10. Retry after 11 seconds.: paramiko.ssh_exception.NoValidConnectionsError: [Errno None] Unable to connect to port 22 on 10.180.180.154
2025-02-19 12:56:44.488 63017 INFO tempest.lib.common.rest_client [req-a337d100-4395-4a35-afb4-fd02be5b3380 req-a337d100-4395-4a35-afb4-fd02be5b3380 ] Request (VolumesAdminNegativeTest:test_update_attached_volume_with_nonexistent_volume_in_body): 200 GET http://10.180.1.21/volume/v3/volumes/ea9e8352-5f52-4dea-b561-90725be615d6 0.032s
2025-02-19 12:56:44.495 63017 INFO tempest.common.waiters [-] volume ea9e8352-5f52-4dea-b561-90725be615d6 reached available after waiting for 1.495222 seconds
2025-02-19 12:56:44.538 63043 INFO tempest.lib.common.rest_client [req-a709df70-9a3b-4517-af32-75c99a3aa046 req-a709df70-9a3b-4517-af32-75c99a3aa046 ] Request (SecurityGroupsTestJSON:test_server_security_groups): 200 GET http://10.180.1.21/compute/v2.1/servers/9ee56466-2609-4c8c-b237-670449a00dd9 0.109s
2025-02-19 12:56:44.545 63043 INFO tempest.common.waiters [-] State transition "HARD_REBOOT/reboot_started_hard" ==> "ACTIVE/None" after 5 second wait
2025-02-19 12:56:44.551 63037 INFO tempest.lib.common.rest_client [req-d1e8b23e-64b5-48d3-a19d-27e56067bff5 req-d1e8b23e-64b5-48d3-a19d-27e56067bff5 ] Request (ServerDiskConfigTestJSON:test_rebuild_server_with_manual_disk_config): 200 GET http://10.180.1.21/compute/v2.1/servers/e3ca49b5-04d6-4844-bd55-ed727a5df944 0.149s
2025-02-19 12:56:44.593 63015 INFO tempest.lib.common.rest_client [req-b1894f0f-e250-487a-b160-cc1516551b1c req-b1894f0f-e250-487a-b160-cc1516551b1c ] Request (ImagesTestJSON:test_create_server_from_snapshot): 200 GET http://10.180.1.21/compute/v2.1/servers/b19b1d40-bf94-47cb-860e-af27a0bdfbbc 0.119s
2025-02-19 12:56:44.612 62993 WARNING tempest.lib.common.ssh [-] Failed to establish authenticated ssh connection to cirros@10.180.180.213 ([Errno None] Unable to connect to port 22 on 10.180.180.213). Number attempts: 7. Retry after 8 seconds.: paramiko.ssh_exception.NoValidConnectionsError: [Errno None] Unable to connect to port 22 on 10.180.180.213
2025-02-19 12:56:44.648 62995 INFO tempest.lib.common.rest_client [req-2a152750-2307-49ad-bcef-5d95a32cea8d req-2a152750-2307-49ad-bcef-5d95a32cea8d ] Request (ServerRescueTestJSON:setUpClass): 200 GET http://10.180.1.21/compute/v2.1/servers/f47f3c1e-b9cb-4631-984b-bcdaa7fdbec9 0.152s
2025-02-19 12:56:44.705 63009 INFO tempest.lib.common.rest_client [req-0cfd1411-8c7f-4fbd-82d5-79fdb458323e req-0cfd1411-8c7f-4fbd-82d5-79fdb458323e ] Request (ServersAdminTestJSON:test_create_server_with_scheduling_hint): 200 GET http://10.180.1.21/compute/v2.1/servers/8b745d45-7cdb-4ccc-b1aa-f7b5b9fb4547 0.172s
2025-02-19 12:56:45.092 63043 INFO tempest.lib.common.rest_client [req-1ae63e76-00ad-4074-af15-ba2d5e94d8f1 req-1ae63e76-00ad-4074-af15-ba2d5e94d8f1 ] Request (SecurityGroupsTestJSON:test_server_security_groups): 202 POST http://10.180.1.21/compute/v2.1/servers/9ee56466-2609-4c8c-b237-670449a00dd9/action 0.546s
2025-02-19 12:56:45.175 63007 INFO tempest.lib.common.rest_client [req-cd2a7371-0021-45b8-a408-036b173ae9ce req-cd2a7371-0021-45b8-a408-036b173ae9ce ] Request (ServersAdmin275Test:tearDownClass): 200 GET http://10.180.1.21/compute/v2.1/servers/d547c3ed-e5c6-4ced-ab16-5b05f21515e8 0.592s
2025-02-19 12:56:45.221 63019 INFO tempest.lib.common.rest_client [req-ee309f99-9167-419c-be9d-c5633ae01048 req-ee309f99-9167-419c-be9d-c5633ae01048 ] Request (ImagesOneServerNegativeTestJSON:_run_cleanups): 200 GET http://10.180.1.21/compute/v2.1/servers/c781bdbe-e55b-4744-9fd8-29cf2b131c9c 0.632s
2025-02-19 12:56:45.271 63001 INFO tempest.lib.common.rest_client [req-680ae5cc-e18e-4f08-86a8-6ebd4452d92d req-680ae5cc-e18e-4f08-86a8-6ebd4452d92d ] Request (MultipleCreateTestJSON:test_multiple_create): 200 GET http://10.180.1.21/compute/v2.1/servers/379210e6-bd63-4029-9d46-7462cff00c7f 0.633s
2025-02-19 12:56:45.314 62987 WARNING tempest.lib.common.ssh [-] Failed to establish authenticated ssh connection to cirros@10.180.180.221 ([Errno None] Unable to connect to port 22 on 10.180.180.221). Number attempts: 7. Retry after 8 seconds.: paramiko.ssh_exception.NoValidConnectionsError: [Errno None] Unable to connect to port 22 on 10.180.180.221
2025-02-19 12:56:45.354 63029 WARNING tempest.lib.common.ssh [-] Failed to establish authenticated ssh connection to cirros@10.180.180.229 ([Errno None] Unable to connect to port 22 on 10.180.180.229). Number attempts: 9. Retry after 10 seconds.: paramiko.ssh_exception.NoValidConnectionsError: [Errno None] Unable to connect to port 22 on 10.180.180.229
2025-02-19 12:56:45.379 63045 INFO tempest.lib.common.rest_client [req-f204fead-23bd-4e9b-824c-4cc0023e8cd4 req-f204fead-23bd-4e9b-824c-4cc0023e8cd4 ] Request (ServerActionsTestOtherB:setUpClass): 200 GET http://10.180.1.21/compute/v2.1/servers/bcb07823-1d55-4704-a061-472d7df6c0f9 0.738s
2025-02-19 12:56:45.388 63045 INFO tempest.common.waiters [-] State transition "BUILD/networking" ==> "BUILD/spawning" after 67 second wait
2025-02-19 12:56:45.447 62999 INFO tempest.lib.common.rest_client [req-5583dbe6-70b9-44ad-929e-3944bd9dcf35 req-5583dbe6-70b9-44ad-929e-3944bd9dcf35 ] Request (DeleteServersTestJSON:test_delete_active_server): 200 GET http://10.180.1.21/compute/v2.1/servers/48dc29f6-f436-4d87-9580-02f812763c74 0.745s
2025-02-19 12:56:45.533 62997 INFO tempest.lib.common.rest_client [req-f3b1487b-cadb-4810-9f66-84436323fbbc req-f3b1487b-cadb-4810-9f66-84436323fbbc ] Request (ListImageFiltersTestJSON:setUpClass): 200 GET http://10.180.1.21/compute/v2.1/servers/79230f16-da6d-4845-9072-336e6d2aa492 0.803s
2025-02-19 12:56:45.590 62989 INFO tempest.lib.common.rest_client [req-ca39fa0a-f485-4c26-a69f-dd0d4c9affb3 req-ca39fa0a-f485-4c26-a69f-dd0d4c9affb3 ] Request (ListServersNegativeTestJSON:setUpClass): 200 GET http://10.180.1.21/compute/v2.1/servers/66ea59bb-cd2f-4d34-a3be-bc4662ac5084 0.807s
2025-02-19 12:56:45.636 63003 INFO tempest.lib.common.rest_client [req-fc00f1ee-844e-4376-8db2-f5dd4ed1e498 req-fc00f1ee-844e-4376-8db2-f5dd4ed1e498 ] Request (InstanceActionsNegativeTestJSON:setUpClass): 200 GET http://10.180.1.21/compute/v2.1/servers/9e2fda18-07bc-4adc-a067-569d6cca1577 0.851s
2025-02-19 12:56:45.684 63035 INFO tempest.lib.common.rest_client [req-2082091d-808a-4185-8a88-a60cfaa27157 req-2082091d-808a-4185-8a88-a60cfaa27157 ] Request (MigrationsAdminTest:test_resize_server_revert_deleted_flavor): 200 GET http://10.180.1.21/compute/v2.1/servers/6d54c14e-cb02-43a3-9f5d-5f91f649e026 0.839s
2025-02-19 12:56:45.761 63043 INFO tempest.lib.common.rest_client [req-47b0397b-ca6b-4aa9-8c0f-0729e6d6b966 req-47b0397b-ca6b-4aa9-8c0f-0729e6d6b966 ] Request (SecurityGroupsTestJSON:test_server_security_groups): 400 DELETE http://10.180.1.21/compute/v2.1/os-security-groups/2be692e8-9bcd-4e0e-b2e9-cd4483d5ffbf 0.669s
2025-02-19 12:56:45.809 63023 INFO tempest.lib.common.rest_client [req-4dd227d9-ca2e-4e86-b434-94e4a78f4a94 req-4dd227d9-ca2e-4e86-b434-94e4a78f4a94 ] Request (ServersWithSpecificFlavorTestJSON:test_verify_created_server_ephemeral_disk): 200 GET http://10.180.1.21/compute/v2.1/servers/c96f0187-c1c6-4631-8ff8-20328ac6ba7f 0.566s
2025-02-19 12:56:45.891 63025 INFO tempest.lib.common.rest_client [req-b840be85-61a0-404f-8554-9922fa46048a req-b840be85-61a0-404f-8554-9922fa46048a ] Request (ServersAdminNegativeTestJSON:test_migrate_server_invalid_state): 200 GET http://10.180.1.21/compute/v2.1/servers/4b9cb307-1070-45b0-a262-047e38df02fb 0.648s
2025-02-19 12:56:45.946 63011 INFO tempest.lib.common.rest_client [req-9d2103e5-f9dd-4a30-bde8-89a20881e189 req-9d2103e5-f9dd-4a30-bde8-89a20881e189 ] Request (FloatingIPsAssociationTestJSON:tearDownClass): 200 GET http://10.180.1.21/compute/v2.1/servers/b60f72ed-119b-4a2a-9fd5-1b3f9b99b4ab 0.631s
2025-02-19 12:56:45.995 63050 INFO tempest.lib.common.rest_client [req-1e0c4106-5eb5-45db-bd2a-219a1d605e3b req-1e0c4106-5eb5-45db-bd2a-219a1d605e3b ] Request (AttachVolumeTestJSON:test_attach_detach_volume): 200 GET http://10.180.1.21/compute/v2.1/servers/d6d6c56c-96e2-430f-8d8c-a93d4986be93 0.639s
2025-02-19 12:56:46.104 63037 INFO tempest.lib.common.rest_client [req-b3a15104-dd2c-4ffa-8e83-7d21a65deb49 req-b3a15104-dd2c-4ffa-8e83-7d21a65deb49 ] Request (ServerDiskConfigTestJSON:test_rebuild_server_with_manual_disk_config): 200 GET http://10.180.1.21/compute/v2.1/servers/e3ca49b5-04d6-4844-bd55-ed727a5df944 0.545s
2025-02-19 12:56:46.152 63015 INFO tempest.lib.common.rest_client [req-cecbdc1b-fa7a-4483-a1a8-7648bd0caacc req-cecbdc1b-fa7a-4483-a1a8-7648bd0caacc ] Request (ImagesTestJSON:test_create_server_from_snapshot): 200 GET http://10.180.1.21/compute/v2.1/servers/b19b1d40-bf94-47cb-860e-af27a0bdfbbc 0.551s
2025-02-19 12:56:46.198 62995 INFO tempest.lib.common.rest_client [req-17ecc509-9b57-4993-89c2-cca4dd12ae87 req-17ecc509-9b57-4993-89c2-cca4dd12ae87 ] Request (ServerRescueTestJSON:setUpClass): 200 GET http://10.180.1.21/compute/v2.1/servers/f47f3c1e-b9cb-4631-984b-bcdaa7fdbec9 0.540s
2025-02-19 12:56:46.204 63017 INFO tempest.lib.common.rest_client [req-6814be16-88c8-43be-be5c-00c3b7f076ab req-6814be16-88c8-43be-be5c-00c3b7f076ab ] Request (VolumesAdminNegativeTest:test_update_attached_volume_with_nonexistent_volume_in_body): 200 POST http://10.180.1.21/compute/v2.1/servers/9f4b812e-617a-41e2-b9fb-36fee90a8118/os-volume_attachments 1.709s
2025-02-19 12:56:46.233 63017 INFO tempest.lib.common.rest_client [req-3f16f695-7385-4994-b9eb-86ebd39b1fbc req-3f16f695-7385-4994-b9eb-86ebd39b1fbc ] Request (VolumesAdminNegativeTest:test_update_attached_volume_with_nonexistent_volume_in_body): 200 GET http://10.180.1.21/volume/v3/volumes/ea9e8352-5f52-4dea-b561-90725be615d6 0.027s
2025-02-19 12:56:46.256 63009 INFO tempest.lib.common.rest_client [req-c9ef06af-199a-4e64-8c9b-45047ffa0d8e req-c9ef06af-199a-4e64-8c9b-45047ffa0d8e ] Request (ServersAdminTestJSON:test_create_server_with_scheduling_hint): 200 GET http://10.180.1.21/compute/v2.1/servers/8b745d45-7cdb-4ccc-b1aa-f7b5b9fb4547 0.544s
2025-02-19 12:56:46.279 63043 INFO tempest.lib.common.rest_client [req-94254dd3-6b4c-4b9a-b4c9-cffbd39352b2 req-94254dd3-6b4c-4b9a-b4c9-cffbd39352b2 ] Request (SecurityGroupsTestJSON:test_server_security_groups): 204 DELETE http://10.180.1.21/compute/v2.1/servers/9ee56466-2609-4c8c-b237-670449a00dd9 0.518s
2025-02-19 12:56:46.326 63007 INFO tempest.lib.common.rest_client [req-67c493b7-6a57-4ddc-8aff-d1620574b557 req-67c493b7-6a57-4ddc-8aff-d1620574b557 ] Request (ServersAdmin275Test:tearDownClass): 200 GET http://10.180.1.21/compute/v2.1/servers/d547c3ed-e5c6-4ced-ab16-5b05f21515e8 0.140s
2025-02-19 12:56:46.333 63019 INFO tempest.lib.common.rest_client [req-993a280c-75c8-485f-9425-d055a653317e req-993a280c-75c8-485f-9425-d055a653317e ] Request (ImagesOneServerNegativeTestJSON:_run_cleanups): 200 GET http://10.180.1.21/compute/v2.1/servers/c781bdbe-e55b-4744-9fd8-29cf2b131c9c 0.103s
2025-02-19 12:56:46.379 63001 INFO tempest.lib.common.rest_client [req-db536970-edfb-4c2d-8d17-afdb2534bd16 req-db536970-edfb-4c2d-8d17-afdb2534bd16 ] Request (MultipleCreateTestJSON:test_multiple_create): 200 GET http://10.180.1.21/compute/v2.1/servers/379210e6-bd63-4029-9d46-7462cff00c7f 0.101s
2025-02-19 12:56:46.495 63045 INFO tempest.lib.common.rest_client [req-a02bbf98-da0e-4de1-89ca-318714a5ba39 req-a02bbf98-da0e-4de1-89ca-318714a5ba39 ] Request (ServerActionsTestOtherB:setUpClass): 200 GET http://10.180.1.21/compute/v2.1/servers/bcb07823-1d55-4704-a061-472d7df6c0f9 0.106s
2025-02-19 12:56:46.507 63043 INFO tempest.lib.common.rest_client [req-0b573868-c738-4d90-93de-8eb33e935c14 req-0b573868-c738-4d90-93de-8eb33e935c14 ] Request (SecurityGroupsTestJSON:test_server_security_groups): 200 GET http://10.180.1.21/compute/v2.1/servers/9ee56466-2609-4c8c-b237-670449a00dd9 0.226s
2025-02-19 12:56:46.543 62999 INFO tempest.lib.common.rest_client [req-0aec3096-a216-4873-b47b-746f192a875a req-0aec3096-a216-4873-b47b-746f192a875a ] Request (DeleteServersTestJSON:test_delete_active_server): 200 GET http://10.180.1.21/compute/v2.1/servers/48dc29f6-f436-4d87-9580-02f812763c74 0.088s
2025-02-19 12:56:46.628 62997 INFO tempest.lib.common.rest_client [req-d0d8fc35-964e-496a-9da1-5ec048abd5d7 req-d0d8fc35-964e-496a-9da1-5ec048abd5d7 ] Request (ListImageFiltersTestJSON:setUpClass): 200 GET http://10.180.1.21/compute/v2.1/servers/79230f16-da6d-4845-9072-336e6d2aa492 0.086s
2025-02-19 12:56:46.662 62989 INFO tempest.lib.common.rest_client [req-c3645d6d-f97f-4266-900f-d97a9d2e4fb6 req-c3645d6d-f97f-4266-900f-d97a9d2e4fb6 ] Request (ListServersNegativeTestJSON:setUpClass): 200 GET http://10.180.1.21/compute/v2.1/servers/66ea59bb-cd2f-4d34-a3be-bc4662ac5084 0.064s
2025-02-19 12:56:46.699 63003 INFO tempest.lib.common.rest_client [req-697f87fb-ed2d-491c-9438-478dd9189e79 req-697f87fb-ed2d-491c-9438-478dd9189e79 ] Request (InstanceActionsNegativeTestJSON:setUpClass): 200 GET http://10.180.1.21/compute/v2.1/servers/9e2fda18-07bc-4adc-a067-569d6cca1577 0.054s
2025-02-19 12:56:46.742 63035 INFO tempest.lib.common.rest_client [req-7aed1282-f675-4f94-8795-148b725bdf55 req-7aed1282-f675-4f94-8795-148b725bdf55 ] Request (MigrationsAdminTest:test_resize_server_revert_deleted_flavor): 200 GET http://10.180.1.21/compute/v2.1/servers/6d54c14e-cb02-43a3-9f5d-5f91f649e026 0.050s
2025-02-19 12:56:46.890 63023 INFO tempest.lib.common.rest_client [req-3f84f2db-f7a7-470d-b813-7f4fe8200f0e req-3f84f2db-f7a7-470d-b813-7f4fe8200f0e ] Request (ServersWithSpecificFlavorTestJSON:test_verify_created_server_ephemeral_disk): 200 GET http://10.180.1.21/compute/v2.1/servers/c96f0187-c1c6-4631-8ff8-20328ac6ba7f 0.069s
2025-02-19 12:56:47.004 63025 INFO tempest.lib.common.rest_client [req-6fcfe6ea-4f9e-4c4f-a42f-157bb0af9b27 req-6fcfe6ea-4f9e-4c4f-a42f-157bb0af9b27 ] Request (ServersAdminNegativeTestJSON:test_migrate_server_invalid_state): 200 GET http://10.180.1.21/compute/v2.1/servers/4b9cb307-1070-45b0-a262-047e38df02fb 0.104s
2025-02-19 12:56:47.020 63011 INFO tempest.lib.common.rest_client [req-e23fd37b-8985-48ef-8546-d85ed4054d24 req-e23fd37b-8985-48ef-8546-d85ed4054d24 ] Request (FloatingIPsAssociationTestJSON:tearDownClass): 200 GET http://10.180.1.21/compute/v2.1/servers/b60f72ed-119b-4a2a-9fd5-1b3f9b99b4ab 0.067s
2025-02-19 12:56:47.059 63050 INFO tempest.lib.common.rest_client [req-87c2e0ed-48ff-4f10-a6e2-e9fc457648b0 req-87c2e0ed-48ff-4f10-a6e2-e9fc457648b0 ] Request (AttachVolumeTestJSON:test_attach_detach_volume): 200 GET http://10.180.1.21/compute/v2.1/servers/d6d6c56c-96e2-430f-8d8c-a93d4986be93 0.053s
2025-02-19 12:56:47.220 63015 INFO tempest.lib.common.rest_client [req-f9abb910-143d-4c28-b62e-85985f6d5c3b req-f9abb910-143d-4c28-b62e-85985f6d5c3b ] Request (ImagesTestJSON:test_create_server_from_snapshot): 200 GET http://10.180.1.21/compute/v2.1/servers/b19b1d40-bf94-47cb-860e-af27a0bdfbbc 0.060s
