2024-09-11 15:16:20.624 62195 INFO tempest.lib.common.rest_client [req-18abc469-4082-49b4-89d4-c849cdf97f7a req-18abc469-4082-49b4-89d4-c849cdf97f7a ] Request (SecurityGroupRulesTestJSON:setUpClass): 201 POST http://10.180.1.21/identity/v3/users 0.052s
2024-09-11 15:16:20.642 62195 INFO tempest.lib.common.rest_client [req-4966d058-c86e-4f2f-88a0-73811bfecb08 req-4966d058-c86e-4f2f-88a0-73811bfecb08 ] Request (SecurityGroupRulesTestJSON:setUpClass): 200 GET http://10.180.1.21/identity/v3/roles 0.018s
2024-09-11 15:16:20.652 62249 INFO tempest.lib.common.rest_client [req-6783bf75-1b55-4cef-a753-8095dec15e55 req-6783bf75-1b55-4cef-a753-8095dec15e55 ] Request (ServersTestMultiNic:test_verify_duplicate_network_nics): 200 GET http://10.180.1.21/compute/v2.1/servers/da9b11b2-63db-4baa-a41e-eea08541b46f 0.062s
2024-09-11 15:16:20.673 62195 INFO tempest.lib.common.rest_client [req-0e9c6f80-0c14-4ab6-a43f-ebbaf6602f43 req-0e9c6f80-0c14-4ab6-a43f-ebbaf6602f43 ] Request (SecurityGroupRulesTestJSON:setUpClass): 204 PUT http://10.180.1.21/identity/v3/projects/3e90661988254d998ebb4c7323357f6f/users/f6abec66fb2540839bcf8a35311c946c/roles/f68cca98f8ea4d44a2bbf922e0066fcb 0.031s
2024-09-11 15:16:20.674 62195 INFO tempest.lib.common.dynamic_creds [-] Dynamic test user f6abec66fb2540839bcf8a35311c946c is created with scope project and roles: ['member']
2024-09-11 15:16:20.674 62195 INFO tempest.lib.common.dynamic_creds [-] Acquired dynamic creds: credentials: Credentials: {'domain_id': 'default', 'domain_name': 'Default', 'username': 'tempest-SecurityGroupRulesTestJSON-734054518-project-member', 'project_domain_id': 'default', 'project_domain_name': 'Default', 'project_id': '3e90661988254d998ebb4c7323357f6f', 'project_name': 'tempest-SecurityGroupRulesTestJSON-734054518', 'tenant_id': '3e90661988254d998ebb4c7323357f6f', 'tenant_name': 'tempest-SecurityGroupRulesTestJSON-734054518', 'user_domain_id': 'default', 'user_domain_name': 'Default', 'user_id': 'f6abec66fb2540839bcf8a35311c946c', 'system': None}, Network: None, Subnet: None, Router: None
2024-09-11 15:16:20.707 62213 INFO tempest.lib.common.rest_client [req-785daf21-6c94-4c42-be71-47ab2f79f02e req-785daf21-6c94-4c42-be71-47ab2f79f02e ] Request (AttachInterfacesUnderV243Test:test_add_remove_fixed_ip): 200 GET http://10.180.1.21/compute/v2.1/servers/27206e3d-1be8-4d56-acee-c33242bef5fa 0.065s
2024-09-11 15:16:20.708 62246 INFO tempest.lib.common.rest_client [req-2b67a74c-c2f7-4a71-9b1a-c220a42aeae7 req-2b67a74c-c2f7-4a71-9b1a-c220a42aeae7 ] Request (ServersNegativeTestMultiTenantJSON:setUpClass): 200 GET http://10.180.1.21/compute/v2.1/servers/3557636a-9e02-4089-af8f-257db557e721 0.072s
2024-09-11 15:16:20.758 62195 INFO tempest.lib.common.rest_client [req-d74b77cc-e89f-414b-ac70-41c1cc7cbb42 req-d74b77cc-e89f-414b-ac70-41c1cc7cbb42 ] Request (SecurityGroupRulesTestJSON:setUpClass): 201 POST http://10.180.1.21/identity/v3/auth/tokens 0.084s
2024-09-11 15:16:20.789 62209 INFO tempest.lib.common.rest_client [req-3dcdecd2-eb5f-4d2d-8237-3c242dc00826 req-3dcdecd2-eb5f-4d2d-8237-3c242dc00826 ] Request (ServerDiagnosticsNegativeTest:test_get_server_diagnostics_by_non_admin): 200 GET http://10.180.1.21/compute/v2.1/servers/663e9bfc-20ca-49ca-96ef-c9e847de9d90 0.067s
2024-09-11 15:16:20.905 62255 INFO tempest.lib.common.rest_client [req-13d7bdcd-e7cd-4671-a6f7-31e14d137940 req-13d7bdcd-e7cd-4671-a6f7-31e14d137940 ] Request (ServerAddressesNegativeTestJSON:setUpClass): 200 GET http://10.180.1.21/compute/v2.1/servers/e1b87405-1795-4825-8d6d-dc3e2dc1235c 0.061s
2024-09-11 15:16:20.981 62241 INFO tempest.lib.common.rest_client [req-511388ad-cc1c-4459-a18b-1a9cdcb1aec7 req-511388ad-cc1c-4459-a18b-1a9cdcb1aec7 ] Request (DeleteServersTestJSON:test_delete_active_server): 200 GET http://10.180.1.21/compute/v2.1/servers/c7f633d2-f2cd-4cef-a246-af736f420128 0.081s
2024-09-11 15:16:21.005 62235 INFO tempest.lib.common.rest_client [req-bd29a5eb-7459-444a-9a24-ee044d639466 req-bd29a5eb-7459-444a-9a24-ee044d639466 ] Request (ServerActionsV293TestJSON:setUpClass): 200 GET http://10.180.1.21/volume/v3/8dcc35c9168240719d41fba02138df1a/volumes/296888f9-8149-4f5b-b5dd-fd7eabed3872 0.039s
2024-09-11 15:16:21.015 62233 INFO tempest.lib.common.rest_client [req-7ecd5c9b-94b9-4219-bcd4-351ca0821656 req-7ecd5c9b-94b9-4219-bcd4-351ca0821656 ] Request (ServersAdmin275Test:tearDownClass): 200 GET http://10.180.1.21/compute/v2.1/servers/ed71a98d-5a0e-482a-8c1b-e6447a8f60a4 0.219s
2024-09-11 15:16:21.044 62197 INFO tempest.lib.common.rest_client [req-3e8ee2cc-3ef6-4262-a0e7-2fb3a16fe1b2 req-3e8ee2cc-3ef6-4262-a0e7-2fb3a16fe1b2 ] Request (AttachVolumeTestJSON:test_list_get_volume_attachments): 200 GET http://10.180.1.21/compute/v2.1/servers/c193464f-18e2-4a7c-8a66-b3c3ed8a08f4 0.082s
2024-09-11 15:16:21.068 62199 INFO tempest.lib.common.rest_client [req-5b9e0ef8-9fdc-4621-97b0-44df7b683e89 req-5b9e0ef8-9fdc-4621-97b0-44df7b683e89 ] Request (ServersAaction247Test:tearDownClass): 200 GET http://10.180.1.21:9696/networking/v2.0/security-groups?tenant_id=35759f0f759e47bab3340dad5511a5a2&name=default 0.561s
2024-09-11 15:16:21.096 62253 INFO tempest.lib.common.rest_client [req-d0232728-2f20-4ff8-88fd-66fa33a64aab req-d0232728-2f20-4ff8-88fd-66fa33a64aab ] Request (FloatingIPsAssociationTestJSON:setUpClass): 200 GET http://10.180.1.21/compute/v2.1/servers/54e37cb8-54e4-4881-9d7d-3c280791d20b 0.092s
2024-09-11 15:16:21.111 62219 INFO tempest.lib.common.rest_client [req-eaa46616-8cd7-4c17-b0f2-4a6790d1d0b6 req-eaa46616-8cd7-4c17-b0f2-4a6790d1d0b6 ] Request (ServersTestBootFromVolume:setUpClass): 200 GET http://10.180.1.21/compute/v2.1/servers/f8612d1d-45b0-4235-83f6-203c74bcefbd 0.068s
2024-09-11 15:16:21.188 62195 INFO tempest.lib.common.rest_client [req-13c2ce08-6fbd-4651-bccc-2e444a839a1a req-13c2ce08-6fbd-4651-bccc-2e444a839a1a ] Request (SecurityGroupRulesTestJSON:setUpClass): 201 POST http://10.180.1.21:9696/networking/v2.0/networks 0.429s
2024-09-11 15:16:21.190 62217 INFO tempest.lib.common.rest_client [req-f6a40394-742e-4635-b9e4-41319510eb7e req-f6a40394-742e-4635-b9e4-41319510eb7e ] Request (ServerActionsTestOtherB:setUpClass): 200 GET http://10.180.1.21/compute/v2.1/servers/b64d1761-21d3-4b71-b339-c8aa0291a35e 0.115s
2024-09-11 15:16:21.190 62230 INFO tempest.lib.common.rest_client [req-b29547ef-78e7-4243-aa06-0cdd7df32946 req-b29547ef-78e7-4243-aa06-0cdd7df32946 ] Request (ServerRescueNegativeTestJSON:setUpClass): 200 GET http://10.180.1.21/compute/v2.1/servers/d29718dd-98af-424c-9812-4fa919354c18 0.085s
2024-09-11 15:16:21.251 62223 INFO tempest.lib.common.rest_client [req-f0912d46-006e-4ada-8d51-b13bd187f4bf req-f0912d46-006e-4ada-8d51-b13bd187f4bf ] Request (VolumesAssistedSnapshotsTest:tearDownClass): 204 DELETE http://10.180.1.21:9696/networking/v2.0/routers/da2cfc59-8051-4e09-a507-fd0c0529bf59 1.108s
2024-09-11 15:16:21.266 62227 INFO tempest.lib.common.rest_client [req-29dcf807-3e4c-41b0-9661-b066da4bad66 req-29dcf807-3e4c-41b0-9661-b066da4bad66 ] Request (ServersAdminTestJSON:setUpClass): 200 GET http://10.180.1.21/compute/v2.1/servers/0ddd4a42-fc27-4394-9cfb-0ba5918d156b 0.114s
2024-09-11 15:16:21.284 62225 INFO tempest.lib.common.rest_client [req-86144d1b-2468-49e7-9c88-7f40ebf57fae req-86144d1b-2468-49e7-9c88-7f40ebf57fae ] Request (MultipleCreateTestJSON:test_multiple_create): 200 GET http://10.180.1.21/compute/v2.1/servers/06a16a75-fb35-4083-afd2-2d3b043a667b 0.100s
2024-09-11 15:16:21.342 62239 INFO tempest.lib.common.rest_client [req-6ace09ec-da19-420c-a36c-cb53ab19e7c0 req-6ace09ec-da19-420c-a36c-cb53ab19e7c0 ] Request (ServerActionsTestOtherA:setUpClass): 200 GET http://10.180.1.21/compute/v2.1/servers/f3ee940f-d1e2-4bfa-9c43-9bc596d01f84 0.119s
2024-09-11 15:16:21.366 62193 INFO tempest.lib.common.rest_client [req-47e78ae9-79a9-466c-9550-2fa88ed1744c req-47e78ae9-79a9-466c-9550-2fa88ed1744c ] Request (ImagesTestJSON:test_create_image_from_stopped_server): 200 GET http://10.180.1.21/compute/v2.1/servers/c755aa01-ce4e-4e1d-8f0e-4015bbf67a49 0.117s
2024-09-11 15:16:21.371 62199 INFO tempest.lib.common.rest_client [req-d8b26d63-4905-47d4-9903-91b718c57e9d req-d8b26d63-4905-47d4-9903-91b718c57e9d ] Request (ServersAaction247Test:tearDownClass): 204 DELETE http://10.180.1.21:9696/networking/v2.0/security-groups/d0ff6e5b-e1f7-433f-8390-c3c8c7433af4 0.303s
2024-09-11 15:16:21.411 62237 INFO tempest.lib.common.rest_client [req-5bfc48f7-f8b5-4940-95c5-47b5051621aa req-5bfc48f7-f8b5-4940-95c5-47b5051621aa ] Request (ServersWithSpecificFlavorTestJSON:test_verify_created_server_ephemeral_disk): 200 GET http://10.180.1.21/compute/v2.1/servers/e6e0ae52-6df7-4175-b482-ccfb3bdeccc3 0.131s
2024-09-11 15:16:21.421 62237 INFO tempest.common.waiters [-] State transition "BUILD/scheduling" ==> "ERROR/None" after 55 second wait
2024-09-11 15:16:21.441 62221 INFO tempest.lib.common.rest_client [req-6ff2e887-ec9a-417f-8bbd-c84e1ba24869 req-6ff2e887-ec9a-417f-8bbd-c84e1ba24869 ] Request (ListServerFiltersTestJSON:setUpClass): 200 GET http://10.180.1.21/compute/v2.1/servers/93a8abf1-1f26-4afb-af50-720ae255781b 0.083s
2024-09-11 15:16:21.463 62199 INFO tempest.lib.common.rest_client [req-65dee9aa-fa82-4465-86e2-7730d055b3a5 req-65dee9aa-fa82-4465-86e2-7730d055b3a5 ] Request (ServersAaction247Test:tearDownClass): 204 DELETE http://10.180.1.21/identity/v3/projects/35759f0f759e47bab3340dad5511a5a2 0.091s
2024-09-11 15:16:21.508 62243 INFO tempest.lib.common.rest_client [req-e372ad2f-7157-4125-9221-df2648904d38 req-e372ad2f-7157-4125-9221-df2648904d38 ] Request (ImagesNegativeTestJSON:setUpClass): 201 POST http://10.180.1.21:9696/networking/v2.0/routers 1.608s
2024-09-11 15:16:21.527 62223 INFO tempest.lib.common.rest_client [req-05a2cc7d-a19a-4bdd-9054-7da65d311414 req-05a2cc7d-a19a-4bdd-9054-7da65d311414 ] Request (VolumesAssistedSnapshotsTest:tearDownClass): 204 DELETE http://10.180.1.21:9696/networking/v2.0/subnets/80f03cee-2544-4475-b89f-bdb34ab3f0ee 0.276s
2024-09-11 15:16:21.546 62199 INFO tempest.lib.common.rest_client [req-621c0a79-24be-4334-9def-3b420dc15eab req-621c0a79-24be-4334-9def-3b420dc15eab ] Request (ServerGroupTestJSON:setUpClass): 201 POST http://10.180.1.21/identity/v3/auth/tokens 0.082s
2024-09-11 15:16:21.585 62199 INFO tempest.lib.common.rest_client [req-e679738e-1028-49c5-be9f-658b721ccbe2 req-e679738e-1028-49c5-be9f-658b721ccbe2 ] Request (ServerGroupTestJSON:setUpClass): 201 POST http://10.180.1.21/identity/v3/auth/tokens 0.033s
2024-09-11 15:16:21.621 62199 INFO tempest.lib.common.rest_client [req-fac274d2-6a26-4455-a59a-2da3ef9df0c9 req-fac274d2-6a26-4455-a59a-2da3ef9df0c9 ] Request (ServerGroupTestJSON:setUpClass): 200 GET http://10.180.1.21/identity/v3/domains?name=Default 0.035s
2024-09-11 15:16:21.649 62203 INFO tempest.lib.common.rest_client [req-1771388d-deb7-4f1a-abc1-b343fe5f1fd7 req-1771388d-deb7-4f1a-abc1-b343fe5f1fd7 ] Request (ServerRescueTestJSONUnderV235:setUpClass): 200 GET http://10.180.1.21/compute/v2.1/servers/60f65f24-f889-445f-860b-8ebb36d7f20a 0.246s
2024-09-11 15:16:21.663 62199 INFO tempest.lib.common.rest_client [req-6ea405d9-714e-4a7d-aca6-6fd8fadd86b9 req-6ea405d9-714e-4a7d-aca6-6fd8fadd86b9 ] Request (ServerGroupTestJSON:setUpClass): 201 POST http://10.180.1.21/identity/v3/projects 0.042s
2024-09-11 15:16:21.708 62216 INFO tempest.lib.common.rest_client [req-6ad78d3e-f9a1-4c3e-936b-b235391c4aca req-6ad78d3e-f9a1-4c3e-936b-b235391c4aca ] Request (InstanceActionsV221TestJSON:setUpClass): 200 PUT http://10.180.1.21:9696/networking/v2.0/routers/2d73ff00-df4b-4c14-9427-feaf958cb9ae/add_router_interface 1.417s
2024-09-11 15:16:21.708 62237 INFO tempest.lib.common.rest_client [req-af9064cb-5d9e-4017-941f-bf38dbb526d2 req-af9064cb-5d9e-4017-941f-bf38dbb526d2 ] Request (ServersWithSpecificFlavorTestJSON:test_verify_created_server_ephemeral_disk): 204 DELETE http://10.180.1.21/compute/v2.1/servers/e6e0ae52-6df7-4175-b482-ccfb3bdeccc3 0.287s
2024-09-11 15:16:21.708 62216 INFO tempest.lib.common.dynamic_creds [-] Created isolated network resources for: credentials: Credentials: {'domain_id': 'default', 'domain_name': 'Default', 'username': 'tempest-InstanceActionsV221TestJSON-1432856541-project-member', 'project_domain_id': 'default', 'project_domain_name': 'Default', 'project_id': '7f83448f3beb478f82038c07ceae7697', 'project_name': 'tempest-InstanceActionsV221TestJSON-1432856541', 'tenant_id': '7f83448f3beb478f82038c07ceae7697', 'tenant_name': 'tempest-InstanceActionsV221TestJSON-1432856541', 'user_domain_id': 'default', 'user_domain_name': 'Default', 'user_id': 'b6732aab55e6484d8e3ad24f3a2863ad', 'system': None}, Network: {'id': 'fdb0c8b4-e5eb-4e25-b74a-ec9d8631ace0', 'name': 'tempest-InstanceActionsV221TestJSON-672890337-network', 'tenant_id': '7f83448f3beb478f82038c07ceae7697', 'admin_state_up': True, 'mtu': 8950, 'status': 'ACTIVE', 'subnets': [], 'shared': False, 'project_id': '7f83448f3beb478f82038c07ceae7697', 'port_security_enabled': True, 'router:external': False, 'provider:network_type': 'vlan', 'provider:physical_network': 'default', 'provider:segmentation_id': 28, 'is_default': False, 'availability_zone_hints': [], 'availability_zones': [], 'ipv4_address_scope': None, 'ipv6_address_scope': None, 'description': '', 'tags': [], 'created_at': '2024-09-11T15:16:18Z', 'updated_at': '2024-09-11T15:16:18Z', 'revision_number': 1}, Subnet: {'id': '85e286fa-a660-4d3c-a0b4-da88a400dbe2', 'name': 'tempest-InstanceActionsV221TestJSON-672890337-subnet', 'tenant_id': '7f83448f3beb478f82038c07ceae7697', 'network_id': 'fdb0c8b4-e5eb-4e25-b74a-ec9d8631ace0', 'ip_version': 4, 'subnetpool_id': None, 'enable_dhcp': True, 'ipv6_ra_mode': None, 'ipv6_address_mode': None, 'gateway_ip': '192.168.128.1', 'cidr': '192.168.128.0/28', 'allocation_pools': [{'start': '192.168.128.2', 'end': '192.168.128.14'}], 'host_routes': [], 'dns_nameservers': [], 'description': '', 'router:external': False, 'service_types': [], 'tags': [], 'created_at': '2024-09-11T15:16:18Z', 'updated_at': '2024-09-11T15:16:18Z', 'revision_number': 0, 'project_id': '7f83448f3beb478f82038c07ceae7697'}, Router: {'id': '2d73ff00-df4b-4c14-9427-feaf958cb9ae', 'name': 'tempest-InstanceActionsV221TestJSON-672890337-router', 'tenant_id': '7f83448f3beb478f82038c07ceae7697', 'admin_state_up': True, 'status': 'ACTIVE', 'external_gateway_info': {'network_id': 'de89ccd7-9966-4622-a360-a57d911794a1', 'external_fixed_ips': [{'subnet_id': '761d4394-3ab9-433a-880d-534b7962eaef', 'ip_address': '10.180.180.172'}], 'enable_snat': True}, 'description': '', 'availability_zones': [], 'distributed': False, 'ha': False, 'availability_zone_hints': [], 'routes': [], 'flavor_id': None, 'tags': [], 'created_at': '2024-09-11T15:16:18Z', 'updated_at': '2024-09-11T15:16:19Z', 'revision_number': 2, 'project_id': '7f83448f3beb478f82038c07ceae7697'}
2024-09-11 15:16:21.715 62195 INFO tempest.lib.common.rest_client [req-67eeea85-ad35-4ec2-ab2f-709dfc01af3c req-67eeea85-ad35-4ec2-ab2f-709dfc01af3c ] Request (SecurityGroupRulesTestJSON:setUpClass): 201 POST http://10.180.1.21:9696/networking/v2.0/subnets 0.526s
2024-09-11 15:16:21.719 62207 INFO tempest.lib.common.rest_client [req-b90e9d60-f49e-4358-9d2d-376f4958f1d3 req-b90e9d60-f49e-4358-9d2d-376f4958f1d3 ] Request (ServersTestFqdnHostnames:test_create_server_with_fqdn_name): 200 GET http://10.180.1.21/compute/v2.1/servers/e98c80eb-b43b-4d17-82f2-6097939233cf 0.265s
2024-09-11 15:16:21.760 62199 INFO tempest.lib.common.rest_client [req-23bf7d49-80eb-4365-8b96-e987920103a9 req-23bf7d49-80eb-4365-8b96-e987920103a9 ] Request (ServerGroupTestJSON:setUpClass): 201 POST http://10.180.1.21/identity/v3/users 0.096s
2024-09-11 15:16:21.780 62199 INFO tempest.lib.common.rest_client [req-30191da9-4d9d-49a9-be8e-98e60f21a2ce req-30191da9-4d9d-49a9-be8e-98e60f21a2ce ] Request (ServerGroupTestJSON:setUpClass): 200 GET http://10.180.1.21/identity/v3/roles 0.020s
2024-09-11 15:16:21.782 62201 INFO tempest.lib.common.rest_client [req-e2ae8a13-1b5b-4929-9220-eb19e6339f03 req-e2ae8a13-1b5b-4929-9220-eb19e6339f03 ] Request (AttachInterfacesTestJSON:test_create_list_show_delete_interfaces_by_fixed_ip): 200 GET http://10.180.1.21/compute/v2.1/servers/e9d8c07d-5cf4-4179-9101-bc0102b35036 0.242s
2024-09-11 15:16:21.785 62216 INFO tempest.lib.common.rest_client [req-2a715501-d989-48a2-b14b-c40a86e6ae1e req-2a715501-d989-48a2-b14b-c40a86e6ae1e ] Request (InstanceActionsV221TestJSON:setUpClass): 201 POST http://10.180.1.21/identity/v3/auth/tokens 0.072s
2024-09-11 15:16:21.790 62201 INFO tempest.common.waiters [-] State transition "BUILD/scheduling" ==> "BUILD/None" after 34 second wait
2024-09-11 15:16:21.811 62205 INFO tempest.lib.common.rest_client [req-4c4e7ab1-c081-412e-b445-819b2c288c94 req-4c4e7ab1-c081-412e-b445-819b2c288c94 ] Request (ServerShowV254Test:test_rebuild_server): 200 GET http://10.180.1.21/compute/v2.1/servers/91a429a3-c148-445a-b5c1-b1aea6046d65 0.313s
2024-09-11 15:16:21.820 62199 INFO tempest.lib.common.rest_client [req-abde91b7-b040-408e-9b93-a3b3d705df8f req-abde91b7-b040-408e-9b93-a3b3d705df8f ] Request (ServerGroupTestJSON:setUpClass): 204 PUT http://10.180.1.21/identity/v3/projects/62102923a1ea41819ef8b270c7b2da71/users/b833058969da45648d69009e42bd69be/roles/f68cca98f8ea4d44a2bbf922e0066fcb 0.039s
2024-09-11 15:16:21.820 62199 INFO tempest.lib.common.dynamic_creds [-] Dynamic test user b833058969da45648d69009e42bd69be is created with scope project and roles: ['member']
2024-09-11 15:16:21.820 62199 INFO tempest.lib.common.dynamic_creds [-] Acquired dynamic creds: credentials: Credentials: {'domain_id': 'default', 'domain_name': 'Default', 'username': 'tempest-ServerGroupTestJSON-706241425-project-member', 'project_domain_id': 'default', 'project_domain_name': 'Default', 'project_id': '62102923a1ea41819ef8b270c7b2da71', 'project_name': 'tempest-ServerGroupTestJSON-706241425', 'tenant_id': '62102923a1ea41819ef8b270c7b2da71', 'tenant_name': 'tempest-ServerGroupTestJSON-706241425', 'user_domain_id': 'default', 'user_domain_name': 'Default', 'user_id': 'b833058969da45648d69009e42bd69be', 'system': None}, Network: None, Subnet: None, Router: None
2024-09-11 15:16:21.850 62231 INFO tempest.lib.common.rest_client [req-067c5505-4ce9-4781-bbb7-3e0ca90645d6 req-067c5505-4ce9-4781-bbb7-3e0ca90645d6 ] Request (ServersTestJSON:test_create_server_specify_multibyte_character_name): 200 GET http://10.180.1.21/compute/v2.1/servers/eb0e3a55-7089-4ec3-9739-1bcf35be368f 0.295s
2024-09-11 15:16:21.860 62216 INFO tempest.lib.common.rest_client [req-4ae52961-a26c-4850-86a1-3a8935e5964c req-4ae52961-a26c-4850-86a1-3a8935e5964c ] Request (InstanceActionsV221TestJSON:test_get_list_deleted_instance_actions): 201 POST http://10.180.1.21/identity/v3/auth/tokens 0.069s
2024-09-11 15:16:21.860 62216 INFO tempest.lib.common.fixed_network [-] (InstanceActionsV221TestJSON:test_get_list_deleted_instance_actions) Found network {'id': 'fdb0c8b4-e5eb-4e25-b74a-ec9d8631ace0', 'name': 'tempest-InstanceActionsV221TestJSON-672890337-network', 'tenant_id': '7f83448f3beb478f82038c07ceae7697', 'admin_state_up': True, 'mtu': 8950, 'status': 'ACTIVE', 'subnets': [], 'shared': False, 'project_id': '7f83448f3beb478f82038c07ceae7697', 'port_security_enabled': True, 'router:external': False, 'provider:network_type': 'vlan', 'provider:physical_network': 'default', 'provider:segmentation_id': 28, 'is_default': False, 'availability_zone_hints': [], 'availability_zones': [], 'ipv4_address_scope': None, 'ipv6_address_scope': None, 'description': '', 'tags': [], 'created_at': '2024-09-11T15:16:18Z', 'updated_at': '2024-09-11T15:16:18Z', 'revision_number': 1} available for tenant
2024-09-11 15:16:21.885 62199 INFO tempest.lib.common.rest_client [req-81a207d5-90bf-47df-bcb8-8832d3cd4c05 req-81a207d5-90bf-47df-bcb8-8832d3cd4c05 ] Request (ServerGroupTestJSON:setUpClass): 201 POST http://10.180.1.21/identity/v3/auth/tokens 0.064s
2024-09-11 15:16:21.893 62211 INFO tempest.lib.common.rest_client [req-cd195b95-5266-40a5-94fa-2892e8778ae8 req-cd195b95-5266-40a5-94fa-2892e8778ae8 ] Request (VolumesAdminNegativeTest:test_update_attached_volume_with_nonexistent_volume_in_body): 200 GET http://10.180.1.21/compute/v2.1/servers/1693bf29-a9e7-4069-8c11-e33222e94a63 0.283s
2024-09-11 15:16:21.919 62251 INFO tempest.lib.common.rest_client [req-8ddfbd4b-a184-420b-8e58-93a905b5bd87 req-8ddfbd4b-a184-420b-8e58-93a905b5bd87 ] Request (ServerPasswordTestJSON:setUpClass): 200 GET http://10.180.1.21/compute/v2.1/servers/db0d1eb9-8f4a-4cfe-aec1-d733d80eed8b 0.295s
2024-09-11 15:16:21.942 62237 INFO tempest.lib.common.rest_client [req-ea7af7de-fa6f-4780-82bd-26b86dc7dffc req-ea7af7de-fa6f-4780-82bd-26b86dc7dffc ] Request (ServersWithSpecificFlavorTestJSON:test_verify_created_server_ephemeral_disk): 404 GET http://10.180.1.21/compute/v2.1/servers/e6e0ae52-6df7-4175-b482-ccfb3bdeccc3 0.234s
2024-09-11 15:16:21.959 62249 INFO tempest.lib.common.rest_client [req-559fdf2d-5d22-471f-9025-db877a2aed26 req-559fdf2d-5d22-471f-9025-db877a2aed26 ] Request (ServersTestMultiNic:test_verify_duplicate_network_nics): 200 GET http://10.180.1.21/compute/v2.1/servers/da9b11b2-63db-4baa-a41e-eea08541b46f 0.297s
2024-09-11 15:16:22.012 62213 INFO tempest.lib.common.rest_client [req-2679df4b-84bb-43e5-aea9-668bfb921900 req-2679df4b-84bb-43e5-aea9-668bfb921900 ] Request (AttachInterfacesUnderV243Test:test_add_remove_fixed_ip): 200 GET http://10.180.1.21/compute/v2.1/servers/27206e3d-1be8-4d56-acee-c33242bef5fa 0.293s
2024-09-11 15:16:22.035 62246 INFO tempest.lib.common.rest_client [req-ba31cfb5-4926-4818-9578-7d0c3ea3fae8 req-ba31cfb5-4926-4818-9578-7d0c3ea3fae8 ] Request (ServersNegativeTestMultiTenantJSON:setUpClass): 200 GET http://10.180.1.21/compute/v2.1/servers/3557636a-9e02-4089-af8f-257db557e721 0.316s
2024-09-11 15:16:22.070 62235 INFO tempest.lib.common.rest_client [req-93a12cfe-de53-4094-9b3e-1e1cf5c339f3 req-93a12cfe-de53-4094-9b3e-1e1cf5c339f3 ] Request (ServerActionsV293TestJSON:setUpClass): 200 GET http://10.180.1.21/volume/v3/8dcc35c9168240719d41fba02138df1a/volumes/296888f9-8149-4f5b-b5dd-fd7eabed3872 0.055s
2024-09-11 15:16:22.123 62209 INFO tempest.lib.common.rest_client [req-b5c7d6d8-69b9-4918-a850-129b28df5ab6 req-b5c7d6d8-69b9-4918-a850-129b28df5ab6 ] Request (ServerDiagnosticsNegativeTest:test_get_server_diagnostics_by_non_admin): 200 GET http://10.180.1.21/compute/v2.1/servers/663e9bfc-20ca-49ca-96ef-c9e847de9d90 0.327s
2024-09-11 15:16:22.132 62223 INFO tempest.lib.common.rest_client [req-52ec7f7e-e303-46f6-a3f8-b79d1f78a3a4 req-52ec7f7e-e303-46f6-a3f8-b79d1f78a3a4 ] Request (VolumesAssistedSnapshotsTest:tearDownClass): 204 DELETE http://10.180.1.21:9696/networking/v2.0/networks/148c327a-8bfb-4d11-8222-e9828eec7e69 0.604s
2024-09-11 15:16:22.191 62255 INFO tempest.lib.common.rest_client [req-10447e0f-837a-4b76-8d05-b02f7a5f9e06 req-10447e0f-837a-4b76-8d05-b02f7a5f9e06 ] Request (ServerAddressesNegativeTestJSON:setUpClass): 200 GET http://10.180.1.21/compute/v2.1/servers/e1b87405-1795-4825-8d6d-dc3e2dc1235c 0.274s
2024-09-11 15:16:22.205 62237 INFO tempest.lib.common.rest_client [req-d1f9d6f5-edf5-49f4-ac58-41f5f8732ecb req-d1f9d6f5-edf5-49f4-ac58-41f5f8732ecb ] Request (ServersWithSpecificFlavorTestJSON:_run_cleanups): 202 DELETE http://10.180.1.21/compute/v2.1/os-keypairs/tempest-keypair-1293972409 0.261s
2024-09-11 15:16:22.284 62241 INFO tempest.lib.common.rest_client [req-af7dea29-1bea-4dc8-b556-d43f0300d714 req-af7dea29-1bea-4dc8-b556-d43f0300d714 ] Request (DeleteServersTestJSON:test_delete_active_server): 200 GET http://10.180.1.21/compute/v2.1/servers/c7f633d2-f2cd-4cef-a246-af736f420128 0.291s
2024-09-11 15:16:22.344 62199 INFO tempest.lib.common.rest_client [req-9c12d432-55e5-43e0-aa02-de3d2e66c43d req-9c12d432-55e5-43e0-aa02-de3d2e66c43d ] Request (ServerGroupTestJSON:setUpClass): 201 POST http://10.180.1.21:9696/networking/v2.0/networks 0.458s
2024-09-11 15:16:22.387 62233 INFO tempest.lib.common.rest_client [req-5dc6fed6-b53f-451a-8ad8-af980a98018d req-5dc6fed6-b53f-451a-8ad8-af980a98018d ] Request (ServersAdmin275Test:tearDownClass): 200 GET http://10.180.1.21/compute/v2.1/servers/ed71a98d-5a0e-482a-8c1b-e6447a8f60a4 0.360s
2024-09-11 15:16:22.472 62197 INFO tempest.lib.common.rest_client [req-933e397f-e616-4ccc-8389-3e30f62b9115 req-933e397f-e616-4ccc-8389-3e30f62b9115 ] Request (AttachVolumeTestJSON:test_list_get_volume_attachments): 200 GET http://10.180.1.21/compute/v2.1/servers/c193464f-18e2-4a7c-8a66-b3c3ed8a08f4 0.416s
2024-09-11 15:16:22.480 62237 INFO tempest.lib.common.rest_client [req-0dc4847c-0726-4299-b6f9-2d0110403043 req-0dc4847c-0726-4299-b6f9-2d0110403043 ] Request (ServersWithSpecificFlavorTestJSON:_run_cleanups): 204 DELETE http://10.180.1.21:9696/networking/v2.0/security-groups/f3f184a9-6db0-451c-86bc-c21983c47c54 0.275s
2024-09-11 15:16:22.503 62237 INFO tempest.lib.common.rest_client [req-8a433b35-15da-4a3d-89b8-5fd7e9332677 req-8a433b35-15da-4a3d-89b8-5fd7e9332677 ] Request (ServersWithSpecificFlavorTestJSON:_run_cleanups): 404 GET http://10.180.1.21:9696/networking/v2.0/security-groups/f3f184a9-6db0-451c-86bc-c21983c47c54 0.021s
2024-09-11 15:16:22.568 62253 INFO tempest.lib.common.rest_client [req-07c17f95-9cf1-4749-8a96-4f14f4a0dc38 req-07c17f95-9cf1-4749-8a96-4f14f4a0dc38 ] Request (FloatingIPsAssociationTestJSON:setUpClass): 200 GET http://10.180.1.21/compute/v2.1/servers/54e37cb8-54e4-4881-9d7d-3c280791d20b 0.458s
2024-09-11 15:16:22.639 62219 INFO tempest.lib.common.rest_client [req-a8ae2678-5992-4f6d-a7c2-4260fc5f7320 req-a8ae2678-5992-4f6d-a7c2-4260fc5f7320 ] Request (ServersTestBootFromVolume:setUpClass): 200 GET http://10.180.1.21/compute/v2.1/servers/f8612d1d-45b0-4235-83f6-203c74bcefbd 0.518s
2024-09-11 15:16:22.729 62230 INFO tempest.lib.common.rest_client [req-15aec333-6268-4d6b-ac17-8d68baa8609e req-15aec333-6268-4d6b-ac17-8d68baa8609e ] Request (ServerRescueNegativeTestJSON:setUpClass): 200 GET http://10.180.1.21/compute/v2.1/servers/d29718dd-98af-424c-9812-4fa919354c18 0.528s
2024-09-11 15:16:22.759 62216 INFO tempest.lib.common.rest_client [req-3680ba83-6a22-4604-a1f5-cee13effe1a7 req-3680ba83-6a22-4604-a1f5-cee13effe1a7 ] Request (InstanceActionsV221TestJSON:test_get_list_deleted_instance_actions): 202 POST http://10.180.1.21/compute/v2.1/servers 0.898s
2024-09-11 15:16:22.817 62227 INFO tempest.lib.common.rest_client [req-b7a93634-8554-417a-a5ea-33175ab24251 req-b7a93634-8554-417a-a5ea-33175ab24251 ] Request (ServersAdminTestJSON:setUpClass): 200 GET http://10.180.1.21/compute/v2.1/servers/0ddd4a42-fc27-4394-9cfb-0ba5918d156b 0.537s
2024-09-11 15:16:22.830 62217 INFO tempest.lib.common.rest_client [req-8b3df255-88b5-4d42-a924-3e9031773003 req-8b3df255-88b5-4d42-a924-3e9031773003 ] Request (ServerActionsTestOtherB:setUpClass): 200 GET http://10.180.1.21/compute/v2.1/servers/b64d1761-21d3-4b71-b339-c8aa0291a35e 0.626s
2024-09-11 15:16:22.878 62199 INFO tempest.lib.common.rest_client [req-4ee88df6-0e54-431b-b45b-d7fc635ee232 req-4ee88df6-0e54-431b-b45b-d7fc635ee232 ] Request (ServerGroupTestJSON:setUpClass): 201 POST http://10.180.1.21:9696/networking/v2.0/subnets 0.533s
2024-09-11 15:16:22.887 62225 INFO tempest.lib.common.rest_client [req-a9a060ec-bb9a-4c6e-bdfe-d6e3c4b7b608 req-a9a060ec-bb9a-4c6e-bdfe-d6e3c4b7b608 ] Request (MultipleCreateTestJSON:test_multiple_create): 200 GET http://10.180.1.21/compute/v2.1/servers/06a16a75-fb35-4083-afd2-2d3b043a667b 0.595s
2024-09-11 15:16:22.928 62239 INFO tempest.lib.common.rest_client [req-cc3d1e9a-ea16-4926-a1d1-968a6ceb7799 req-cc3d1e9a-ea16-4926-a1d1-968a6ceb7799 ] Request (ServerActionsTestOtherA:setUpClass): 200 GET http://10.180.1.21/compute/v2.1/servers/f3ee940f-d1e2-4bfa-9c43-9bc596d01f84 0.577s
2024-09-11 15:16:22.972 62193 INFO tempest.lib.common.rest_client [req-73549fc6-dd4b-4162-9c69-e2553889d1b8 req-73549fc6-dd4b-4162-9c69-e2553889d1b8 ] Request (ImagesTestJSON:test_create_image_from_stopped_server): 200 GET http://10.180.1.21/compute/v2.1/servers/c755aa01-ce4e-4e1d-8f0e-4015bbf67a49 0.594s
2024-09-11 15:16:23.016 62221 INFO tempest.lib.common.rest_client [req-ac0e4832-eca9-4ac1-97e8-3c5b8e39ac5c req-ac0e4832-eca9-4ac1-97e8-3c5b8e39ac5c ] Request (ListServerFiltersTestJSON:setUpClass): 200 GET http://10.180.1.21/compute/v2.1/servers/93a8abf1-1f26-4afb-af50-720ae255781b 0.567s
2024-09-11 15:16:23.039 62203 INFO tempest.lib.common.rest_client [req-04429328-417a-401c-9140-e192966a7c6c req-04429328-417a-401c-9140-e192966a7c6c ] Request (ServerRescueTestJSONUnderV235:setUpClass): 200 GET http://10.180.1.21/compute/v2.1/servers/60f65f24-f889-445f-860b-8ebb36d7f20a 0.381s
2024-09-11 15:16:23.091 62216 INFO tempest.lib.common.rest_client [req-54c4b468-ff9d-4ad1-bd47-6d4fd506d87f req-54c4b468-ff9d-4ad1-bd47-6d4fd506d87f ] Request (InstanceActionsV221TestJSON:test_get_list_deleted_instance_actions): 200 GET http://10.180.1.21/compute/v2.1/servers/a6ea9660-7473-4b18-baa8-83c35c90c885 0.331s
2024-09-11 15:16:23.095 62237 INFO tempest.lib.common.rest_client [req-e79d3c09-7899-4181-aa1c-c00e2d9d1e48 req-e79d3c09-7899-4181-aa1c-c00e2d9d1e48 ] Request (ServersWithSpecificFlavorTestJSON:_run_cleanups): 204 DELETE http://10.180.1.21:9696/networking/v2.0/floatingips/6b967257-70b9-442b-9be1-78e424b9ba80 0.591s
2024-09-11 15:16:23.113 62235 INFO tempest.lib.common.rest_client [req-d6cbcc2d-3710-4d35-9443-dc7465c7ecd1 req-d6cbcc2d-3710-4d35-9443-dc7465c7ecd1 ] Request (ServerActionsV293TestJSON:setUpClass): 200 GET http://10.180.1.21/volume/v3/8dcc35c9168240719d41fba02138df1a/volumes/296888f9-8149-4f5b-b5dd-fd7eabed3872 0.030s
2024-09-11 15:16:23.116 62207 INFO tempest.lib.common.rest_client [req-e5f5b6ad-2462-4629-adde-723c9d878e50 req-e5f5b6ad-2462-4629-adde-723c9d878e50 ] Request (ServersTestFqdnHostnames:test_create_server_with_fqdn_name): 200 GET http://10.180.1.21/compute/v2.1/servers/e98c80eb-b43b-4d17-82f2-6097939233cf 0.385s
2024-09-11 15:16:23.155 62201 INFO tempest.lib.common.rest_client [req-650f0436-fb59-47c6-bb60-87f82848ef20 req-650f0436-fb59-47c6-bb60-87f82848ef20 ] Request (AttachInterfacesTestJSON:test_create_list_show_delete_interfaces_by_fixed_ip): 200 GET http://10.180.1.21/compute/v2.1/servers/e9d8c07d-5cf4-4179-9101-bc0102b35036 0.364s
2024-09-11 15:16:23.193 62205 INFO tempest.lib.common.rest_client [req-c0ab08fb-154f-4c68-a0c8-7ea033cb11ee req-c0ab08fb-154f-4c68-a0c8-7ea033cb11ee ] Request (ServerShowV254Test:test_rebuild_server): 200 GET http://10.180.1.21/compute/v2.1/servers/91a429a3-c148-445a-b5c1-b1aea6046d65 0.366s
2024-09-11 15:16:23.226 62231 INFO tempest.lib.common.rest_client [req-f904bff0-d5d8-4dfa-8a37-f372650029ee req-f904bff0-d5d8-4dfa-8a37-f372650029ee ] Request (ServersTestJSON:test_create_server_specify_multibyte_character_name): 200 GET http://10.180.1.21/compute/v2.1/servers/eb0e3a55-7089-4ec3-9739-1bcf35be368f 0.369s
2024-09-11 15:16:23.259 62211 INFO tempest.lib.common.rest_client [req-0dc27aae-bfcc-4fd3-8281-cd59fe946d3a req-0dc27aae-bfcc-4fd3-8281-cd59fe946d3a ] Request (VolumesAdminNegativeTest:test_update_attached_volume_with_nonexistent_volume_in_body): 200 GET http://10.180.1.21/compute/v2.1/servers/1693bf29-a9e7-4069-8c11-e33222e94a63 0.357s
2024-09-11 15:16:23.260 62195 INFO tempest.lib.common.rest_client [req-843f82bf-b403-4817-8383-89b78fa30ccf req-843f82bf-b403-4817-8383-89b78fa30ccf ] Request (SecurityGroupRulesTestJSON:setUpClass): 201 POST http://10.180.1.21:9696/networking/v2.0/routers 1.544s
2024-09-11 15:16:23.293 62251 INFO tempest.lib.common.rest_client [req-10b0cac0-0de8-43f2-aab3-2a47e834cd63 req-10b0cac0-0de8-43f2-aab3-2a47e834cd63 ] Request (ServerPasswordTestJSON:setUpClass): 200 GET http://10.180.1.21/compute/v2.1/servers/db0d1eb9-8f4a-4cfe-aec1-d733d80eed8b 0.363s
2024-09-11 15:16:23.334 62249 INFO tempest.lib.common.rest_client [req-2770c311-61fd-4587-bd62-5ada1b79bb00 req-2770c311-61fd-4587-bd62-5ada1b79bb00 ] Request (ServersTestMultiNic:test_verify_duplicate_network_nics): 200 GET http://10.180.1.21/compute/v2.1/servers/da9b11b2-63db-4baa-a41e-eea08541b46f 0.367s
2024-09-11 15:16:23.349 62213 INFO tempest.lib.common.rest_client [req-e53cbe41-31f1-4259-b4ca-aea0f752ee24 req-e53cbe41-31f1-4259-b4ca-aea0f752ee24 ] Request (AttachInterfacesUnderV243Test:test_add_remove_fixed_ip): 200 GET http://10.180.1.21/compute/v2.1/servers/27206e3d-1be8-4d56-acee-c33242bef5fa 0.326s
2024-09-11 15:16:23.380 62237 INFO tempest.lib.common.rest_client [req-8c0fb6cb-a001-40fc-a9dd-9f5dba6f867a req-8c0fb6cb-a001-40fc-a9dd-9f5dba6f867a ] Request (ServersWithSpecificFlavorTestJSON:_run_cleanups): 202 DELETE http://10.180.1.21/compute/v2.1/flavors/1685339314 0.285s
2024-09-11 15:16:23.427 62246 INFO tempest.lib.common.rest_client [req-061277cb-831c-4a1e-a6e1-8df6caf48f05 req-061277cb-831c-4a1e-a6e1-8df6caf48f05 ] Request (ServersNegativeTestMultiTenantJSON:setUpClass): 200 GET http://10.180.1.21/compute/v2.1/servers/3557636a-9e02-4089-af8f-257db557e721 0.382s
2024-09-11 15:16:23.510 62255 INFO tempest.lib.common.rest_client [req-8a010749-520f-4305-9046-ba289cea7644 req-8a010749-520f-4305-9046-ba289cea7644 ] Request (ServerAddressesNegativeTestJSON:setUpClass): 200 GET http://10.180.1.21/compute/v2.1/servers/e1b87405-1795-4825-8d6d-dc3e2dc1235c 0.310s
2024-09-11 15:16:23.584 62241 INFO tempest.lib.common.rest_client [req-d277e610-1628-4f58-b6de-0f61dba2f9b5 req-d277e610-1628-4f58-b6de-0f61dba2f9b5 ] Request (DeleteServersTestJSON:test_delete_active_server): 200 GET http://10.180.1.21/compute/v2.1/servers/c7f633d2-f2cd-4cef-a246-af736f420128 0.292s
2024-09-11 15:16:23.602 62237 INFO tempest.lib.common.rest_client [req-65c24451-6f11-4b71-ba3c-33ada6ed380a req-65c24451-6f11-4b71-ba3c-33ada6ed380a ] Request (ServersWithSpecificFlavorTestJSON:_run_cleanups): 200 GET http://10.180.1.21/compute/v2.1/flavors/detail 0.222s
2024-09-11 15:16:23.646 62209 INFO tempest.lib.common.rest_client [req-50a06e51-3f38-4afa-b8a8-0e43e6484b64 req-50a06e51-3f38-4afa-b8a8-0e43e6484b64 ] Request (ServerDiagnosticsNegativeTest:test_get_server_diagnostics_by_non_admin): 200 GET http://10.180.1.21/compute/v2.1/servers/663e9bfc-20ca-49ca-96ef-c9e847de9d90 0.512s
2024-09-11 15:16:23.682 62233 INFO tempest.lib.common.rest_client [req-d30adf3a-87fc-4535-ae21-fa4731a0c632 req-d30adf3a-87fc-4535-ae21-fa4731a0c632 ] Request (ServersAdmin275Test:tearDownClass): 200 GET http://10.180.1.21/compute/v2.1/servers/ed71a98d-5a0e-482a-8c1b-e6447a8f60a4 0.280s
2024-09-11 15:16:23.712 62197 INFO tempest.lib.common.rest_client [req-1f7f8dff-6fba-416f-96cd-c94d00115daa req-1f7f8dff-6fba-416f-96cd-c94d00115daa ] Request (AttachVolumeTestJSON:test_list_get_volume_attachments): 200 GET http://10.180.1.21/compute/v2.1/servers/c193464f-18e2-4a7c-8a66-b3c3ed8a08f4 0.231s
2024-09-11 15:16:23.727 62237 INFO tempest.lib.common.rest_client [req-0bf13fd3-3973-4076-a0b8-054c3652434e req-0bf13fd3-3973-4076-a0b8-054c3652434e ] Request (ServersWithSpecificFlavorTestJSON:_run_cleanups): 202 DELETE http://10.180.1.21/compute/v2.1/flavors/324093148 0.116s
2024-09-11 15:16:23.790 62219 INFO tempest.lib.common.rest_client [req-8462449d-108b-415d-a2e6-778bd3ff343f req-8462449d-108b-415d-a2e6-778bd3ff343f ] Request (ServersTestBootFromVolume:setUpClass): 200 GET http://10.180.1.21/compute/v2.1/servers/f8612d1d-45b0-4235-83f6-203c74bcefbd 0.143s
2024-09-11 15:16:23.803 62237 INFO tempest.lib.common.rest_client [req-f9bd6ed7-d8d9-44cd-aab9-2075359a6eb7 req-f9bd6ed7-d8d9-44cd-aab9-2075359a6eb7 ] Request (ServersWithSpecificFlavorTestJSON:_run_cleanups): 200 GET http://10.180.1.21/compute/v2.1/flavors/detail 0.075s
2024-09-11 15:16:23.814 62243 INFO tempest.lib.common.rest_client [req-513cf6b4-56f7-4a41-b8fa-3a91e114ea80 req-513cf6b4-56f7-4a41-b8fa-3a91e114ea80 ] Request (ImagesNegativeTestJSON:setUpClass): 200 PUT http://10.180.1.21:9696/networking/v2.0/routers/efaa0176-5288-4dbe-9c42-cc4ac9a40da7/add_router_interface 2.306s
2024-09-11 15:16:23.814 62243 INFO tempest.lib.common.dynamic_creds [-] Created isolated network resources for: credentials: Credentials: {'domain_id': 'default', 'domain_name': 'Default', 'username': 'tempest-ImagesNegativeTestJSON-757235212-project-member', 'project_domain_id': 'default', 'project_domain_name': 'Default', 'project_id': 'd53929709cee41308122af5d90d5c5cd', 'project_name': 'tempest-ImagesNegativeTestJSON-757235212', 'tenant_id': 'd53929709cee41308122af5d90d5c5cd', 'tenant_name': 'tempest-ImagesNegativeTestJSON-757235212', 'user_domain_id': 'default', 'user_domain_name': 'Default', 'user_id': 'a714d1ef341b4fbf8d34d8b9449f0860', 'system': None}, Network: {'id': '3d85eceb-5e24-4db3-bd75-6cb47a6775a6', 'name': 'tempest-ImagesNegativeTestJSON-594661980-network', 'tenant_id': 'd53929709cee41308122af5d90d5c5cd', 'admin_state_up': True, 'mtu': 8950, 'status': 'ACTIVE', 'subnets': [], 'shared': False, 'project_id': 'd53929709cee41308122af5d90d5c5cd', 'port_security_enabled': True, 'router:external': False, 'provider:network_type': 'vlan', 'provider:physical_network': 'default', 'provider:segmentation_id': 816, 'is_default': False, 'availability_zone_hints': [], 'availability_zones': [], 'ipv4_address_scope': None, 'ipv6_address_scope': None, 'description': '', 'tags': [], 'created_at': '2024-09-11T15:16:19Z', 'updated_at': '2024-09-11T15:16:19Z', 'revision_number': 1}, Subnet: {'id': '154c39c6-0494-4077-b22e-ea2d0006b0cf', 'name': 'tempest-ImagesNegativeTestJSON-594661980-subnet', 'tenant_id': 'd53929709cee41308122af5d90d5c5cd', 'network_id': '3d85eceb-5e24-4db3-bd75-6cb47a6775a6', 'ip_version': 4, 'subnetpool_id': None, 'enable_dhcp': True, 'ipv6_ra_mode': None, 'ipv6_address_mode': None, 'gateway_ip': '192.168.128.1', 'cidr': '192.168.128.0/28', 'allocation_pools': [{'start': '192.168.128.2', 'end': '192.168.128.14'}], 'host_routes': [], 'dns_nameservers': [], 'description': '', 'router:external': False, 'service_types': [], 'tags': [], 'created_at': '2024-09-11T15:16:19Z', 'updated_at': '2024-09-11T15:16:19Z', 'revision_number': 0, 'project_id': 'd53929709cee41308122af5d90d5c5cd'}, Router: {'id': 'efaa0176-5288-4dbe-9c42-cc4ac9a40da7', 'name': 'tempest-ImagesNegativeTestJSON-594661980-router', 'tenant_id': 'd53929709cee41308122af5d90d5c5cd', 'admin_state_up': True, 'status': 'ACTIVE', 'external_gateway_info': {'network_id': 'de89ccd7-9966-4622-a360-a57d911794a1', 'external_fixed_ips': [{'subnet_id': '761d4394-3ab9-433a-880d-534b7962eaef', 'ip_address': '10.180.180.223'}], 'enable_snat': True}, 'description': '', 'availability_zones': [], 'distributed': False, 'ha': False, 'availability_zone_hints': [], 'routes': [], 'flavor_id': None, 'tags': [], 'created_at': '2024-09-11T15:16:19Z', 'updated_at': '2024-09-11T15:16:20Z', 'revision_number': 2, 'project_id': 'd53929709cee41308122af5d90d5c5cd'}
2024-09-11 15:16:23.818 62223 INFO tempest.lib.common.rest_client [req-b888c2b7-a275-4ce4-8abf-274333927b3c req-b888c2b7-a275-4ce4-8abf-274333927b3c ] Request (VolumesAssistedSnapshotsTest:tearDownClass): 200 PUT http://10.180.1.21:9696/networking/v2.0/routers/4cfa6ac6-259e-4221-9cc5-3bf93a3fee55/remove_router_interface 1.685s
2024-09-11 15:16:23.875 62230 INFO tempest.lib.common.rest_client [req-9d05d2a0-f0ea-43ea-861c-5130b450613e req-9d05d2a0-f0ea-43ea-861c-5130b450613e ] Request (ServerRescueNegativeTestJSON:setUpClass): 200 GET http://10.180.1.21/compute/v2.1/servers/d29718dd-98af-424c-9812-4fa919354c18 0.138s
2024-09-11 15:16:23.921 62243 INFO tempest.lib.common.rest_client [req-76a6a114-fd33-4028-b49f-7b129b55bac3 req-76a6a114-fd33-4028-b49f-7b129b55bac3 ] Request (ImagesNegativeTestJSON:setUpClass): 201 POST http://10.180.1.21/identity/v3/auth/tokens 0.100s
2024-09-11 15:16:23.928 62253 INFO tempest.lib.common.rest_client [req-90d3ebdb-3d18-4d43-a715-0d1e86ddcf1e req-90d3ebdb-3d18-4d43-a715-0d1e86ddcf1e ] Request (FloatingIPsAssociationTestJSON:setUpClass): 200 GET http://10.180.1.21/compute/v2.1/servers/54e37cb8-54e4-4881-9d7d-3c280791d20b 0.353s
2024-09-11 15:16:23.948 62227 INFO tempest.lib.common.rest_client [req-64d9439c-ab24-4dc0-97b6-8b267f143eb9 req-64d9439c-ab24-4dc0-97b6-8b267f143eb9 ] Request (ServersAdminTestJSON:setUpClass): 200 GET http://10.180.1.21/compute/v2.1/servers/0ddd4a42-fc27-4394-9cfb-0ba5918d156b 0.122s
2024-09-11 15:16:23.970 62243 INFO tempest.lib.common.rest_client [req-0e156e33-3e7b-4a04-ad7b-f33b8e0a1926 req-0e156e33-3e7b-4a04-ad7b-f33b8e0a1926 ] Request (ImagesNegativeTestJSON:test_create_image_from_deleted_server): 201 POST http://10.180.1.21/identity/v3/auth/tokens 0.045s
2024-09-11 15:16:23.972 62243 INFO tempest.lib.common.fixed_network [-] (ImagesNegativeTestJSON:test_create_image_from_deleted_server) Found network {'id': '3d85eceb-5e24-4db3-bd75-6cb47a6775a6', 'name': 'tempest-ImagesNegativeTestJSON-594661980-network', 'tenant_id': 'd53929709cee41308122af5d90d5c5cd', 'admin_state_up': True, 'mtu': 8950, 'status': 'ACTIVE', 'subnets': [], 'shared': False, 'project_id': 'd53929709cee41308122af5d90d5c5cd', 'port_security_enabled': True, 'router:external': False, 'provider:network_type': 'vlan', 'provider:physical_network': 'default', 'provider:segmentation_id': 816, 'is_default': False, 'availability_zone_hints': [], 'availability_zones': [], 'ipv4_address_scope': None, 'ipv6_address_scope': None, 'description': '', 'tags': [], 'created_at': '2024-09-11T15:16:19Z', 'updated_at': '2024-09-11T15:16:19Z', 'revision_number': 1} available for tenant
2024-09-11 15:16:24.005 62217 INFO tempest.lib.common.rest_client [req-fe56c31a-c5d5-4bbc-a957-f0df66a96e00 req-fe56c31a-c5d5-4bbc-a957-f0df66a96e00 ] Request (ServerActionsTestOtherB:setUpClass): 200 GET http://10.180.1.21/compute/v2.1/servers/b64d1761-21d3-4b71-b339-c8aa0291a35e 0.167s
2024-09-11 15:16:24.019 62225 INFO tempest.lib.common.rest_client [req-c70f7b15-aa7b-4c14-9b65-6d97d02a6f95 req-c70f7b15-aa7b-4c14-9b65-6d97d02a6f95 ] Request (MultipleCreateTestJSON:test_multiple_create): 200 GET http://10.180.1.21/compute/v2.1/servers/06a16a75-fb35-4083-afd2-2d3b043a667b 0.121s
2024-09-11 15:16:24.079 62239 INFO tempest.lib.common.rest_client [req-9a992c97-50d1-4d66-aa2e-ebd62f9902b5 req-9a992c97-50d1-4d66-aa2e-ebd62f9902b5 ] Request (ServerActionsTestOtherA:setUpClass): 200 GET http://10.180.1.21/compute/v2.1/servers/f3ee940f-d1e2-4bfa-9c43-9bc596d01f84 0.144s
2024-09-11 15:16:24.147 62193 INFO tempest.lib.common.rest_client [req-cb1d8b11-cef9-4e5d-9dbd-4543ecb915e6 req-cb1d8b11-cef9-4e5d-9dbd-4543ecb915e6 ] Request (ImagesTestJSON:test_create_image_from_stopped_server): 200 GET http://10.180.1.21/compute/v2.1/servers/c755aa01-ce4e-4e1d-8f0e-4015bbf67a49 0.161s
2024-09-11 15:16:24.158 62235 INFO tempest.lib.common.rest_client [req-0daec317-3e94-4071-a5e8-e523b857e6c3 req-0daec317-3e94-4071-a5e8-e523b857e6c3 ] Request (ServerActionsV293TestJSON:setUpClass): 200 GET http://10.180.1.21/volume/v3/8dcc35c9168240719d41fba02138df1a/volumes/296888f9-8149-4f5b-b5dd-fd7eabed3872 0.038s
2024-09-11 15:16:24.212 62221 INFO tempest.lib.common.rest_client [req-09c53da9-f8fe-4ab0-8b16-53d54e4913ff req-09c53da9-f8fe-4ab0-8b16-53d54e4913ff ] Request (ListServerFiltersTestJSON:setUpClass): 200 GET http://10.180.1.21/compute/v2.1/servers/93a8abf1-1f26-4afb-af50-720ae255781b 0.187s
2024-09-11 15:16:24.268 62203 INFO tempest.lib.common.rest_client [req-919d8a3b-fbd9-4470-858b-8e996176f5a2 req-919d8a3b-fbd9-4470-858b-8e996176f5a2 ] Request (ServerRescueTestJSONUnderV235:setUpClass): 200 GET http://10.180.1.21/compute/v2.1/servers/60f65f24-f889-445f-860b-8ebb36d7f20a 0.218s
2024-09-11 15:16:24.275 62203 INFO tempest.common.waiters [-] State transition "BUILD/spawning" ==> "BUILD/scheduling" after 57 second wait
2024-09-11 15:16:24.327 62216 INFO tempest.lib.common.rest_client [req-7f39e077-d879-4261-850b-dbe0f5c58adf req-7f39e077-d879-4261-850b-dbe0f5c58adf ] Request (InstanceActionsV221TestJSON:test_get_list_deleted_instance_actions): 200 GET http://10.180.1.21/compute/v2.1/servers/a6ea9660-7473-4b18-baa8-83c35c90c885 0.225s
2024-09-11 15:16:24.388 62207 INFO tempest.lib.common.rest_client [req-a05c0069-b811-4556-b921-abbfb4c7635d req-a05c0069-b811-4556-b921-abbfb4c7635d ] Request (ServersTestFqdnHostnames:test_create_server_with_fqdn_name): 200 GET http://10.180.1.21/compute/v2.1/servers/e98c80eb-b43b-4d17-82f2-6097939233cf 0.264s
2024-09-11 15:16:24.442 62199 INFO tempest.lib.common.rest_client [req-aed6a8b9-69ab-4015-b4b4-792102ead7fe req-aed6a8b9-69ab-4015-b4b4-792102ead7fe ] Request (ServerGroupTestJSON:setUpClass): 201 POST http://10.180.1.21:9696/networking/v2.0/routers 1.564s
2024-09-11 15:16:24.460 62201 INFO tempest.lib.common.rest_client [req-c9a013ad-3f3f-4814-936d-3eeabc4813f4 req-c9a013ad-3f3f-4814-936d-3eeabc4813f4 ] Request (AttachInterfacesTestJSON:test_create_list_show_delete_interfaces_by_fixed_ip): 200 GET http://10.180.1.21/compute/v2.1/servers/e9d8c07d-5cf4-4179-9101-bc0102b35036 0.297s
2024-09-11 15:16:24.521 62205 INFO tempest.lib.common.rest_client [req-9b98567e-8dbc-4b57-8118-75a8911a7ce6 req-9b98567e-8dbc-4b57-8118-75a8911a7ce6 ] Request (ServerShowV254Test:test_rebuild_server): 200 GET http://10.180.1.21/compute/v2.1/servers/91a429a3-c148-445a-b5c1-b1aea6046d65 0.316s
2024-09-11 15:16:24.570 62231 INFO tempest.lib.common.rest_client [req-e56720b6-00d9-4ff1-8ac3-44ba27574fe3 req-e56720b6-00d9-4ff1-8ac3-44ba27574fe3 ] Request (ServersTestJSON:test_create_server_specify_multibyte_character_name): 200 GET http://10.180.1.21/compute/v2.1/servers/eb0e3a55-7089-4ec3-9739-1bcf35be368f 0.337s
2024-09-11 15:16:24.620 62211 INFO tempest.lib.common.rest_client [req-f3fae4bf-f8c4-4daf-ba84-136667fe0ee3 req-f3fae4bf-f8c4-4daf-ba84-136667fe0ee3 ] Request (VolumesAdminNegativeTest:test_update_attached_volume_with_nonexistent_volume_in_body): 200 GET http://10.180.1.21/compute/v2.1/servers/1693bf29-a9e7-4069-8c11-e33222e94a63 0.353s
2024-09-11 15:16:24.664 62223 INFO tempest.lib.common.rest_client [req-30321280-2357-498a-8b51-b4737a0a1155 req-30321280-2357-498a-8b51-b4737a0a1155 ] Request (VolumesAssistedSnapshotsTest:tearDownClass): 204 DELETE http://10.180.1.21:9696/networking/v2.0/routers/4cfa6ac6-259e-4221-9cc5-3bf93a3fee55 0.845s
2024-09-11 15:16:24.678 62251 INFO tempest.lib.common.rest_client [req-9f621033-1a1f-4c21-981e-71e4b9882c75 req-9f621033-1a1f-4c21-981e-71e4b9882c75 ] Request (ServerPasswordTestJSON:setUpClass): 200 GET http://10.180.1.21/compute/v2.1/servers/db0d1eb9-8f4a-4cfe-aec1-d733d80eed8b 0.377s
2024-09-11 15:16:24.749 62249 INFO tempest.lib.common.rest_client [req-12d43972-f28e-4ef3-9992-0da386687be0 req-12d43972-f28e-4ef3-9992-0da386687be0 ] Request (ServersTestMultiNic:test_verify_duplicate_network_nics): 200 GET http://10.180.1.21/compute/v2.1/servers/da9b11b2-63db-4baa-a41e-eea08541b46f 0.406s
2024-09-11 15:16:24.765 62243 INFO tempest.lib.common.rest_client [req-199f6a37-4a18-4019-9625-48b53fe4e2d9 req-199f6a37-4a18-4019-9625-48b53fe4e2d9 ] Request (ImagesNegativeTestJSON:test_create_image_from_deleted_server): 202 POST http://10.180.1.21/compute/v2.1/servers 0.792s
2024-09-11 15:16:24.822 62213 INFO tempest.lib.common.rest_client [req-e0ba980d-35b0-45ef-a925-3853c819ccb3 req-e0ba980d-35b0-45ef-a925-3853c819ccb3 ] Request (AttachInterfacesUnderV243Test:test_add_remove_fixed_ip): 200 GET http://10.180.1.21/compute/v2.1/servers/27206e3d-1be8-4d56-acee-c33242bef5fa 0.462s
2024-09-11 15:16:24.831 62246 INFO tempest.lib.common.rest_client [req-df926e49-16f0-4678-bb04-e7e29ce81c4b req-df926e49-16f0-4678-bb04-e7e29ce81c4b ] Request (ServersNegativeTestMultiTenantJSON:setUpClass): 200 GET http://10.180.1.21/compute/v2.1/servers/3557636a-9e02-4089-af8f-257db557e721 0.392s
2024-09-11 15:16:24.883 62255 INFO tempest.lib.common.rest_client [req-22539df7-2c4b-48a2-b078-cb81971b25d0 req-22539df7-2c4b-48a2-b078-cb81971b25d0 ] Request (ServerAddressesNegativeTestJSON:setUpClass): 200 GET http://10.180.1.21/compute/v2.1/servers/e1b87405-1795-4825-8d6d-dc3e2dc1235c 0.358s
2024-09-11 15:16:24.911 62241 INFO tempest.lib.common.rest_client [req-4f758c21-d5b0-4fbc-adae-06e8b0dabc1d req-4f758c21-d5b0-4fbc-adae-06e8b0dabc1d ] Request (DeleteServersTestJSON:test_delete_active_server): 200 GET http://10.180.1.21/compute/v2.1/servers/c7f633d2-f2cd-4cef-a246-af736f420128 0.315s
2024-09-11 15:16:24.923 62223 INFO tempest.lib.common.rest_client [req-bab51131-5f87-4a2b-9c64-2b73e44b32a5 req-bab51131-5f87-4a2b-9c64-2b73e44b32a5 ] Request (VolumesAssistedSnapshotsTest:tearDownClass): 204 DELETE http://10.180.1.21:9696/networking/v2.0/subnets/2752d69d-9cf5-4f5c-b316-0222eff89082 0.258s
2024-09-11 15:16:24.956 62209 INFO tempest.lib.common.rest_client [req-eb84093e-e404-4e48-946b-9c9be12810b8 req-eb84093e-e404-4e48-946b-9c9be12810b8 ] Request (ServerDiagnosticsNegativeTest:test_get_server_diagnostics_by_non_admin): 200 GET http://10.180.1.21/compute/v2.1/servers/663e9bfc-20ca-49ca-96ef-c9e847de9d90 0.296s
2024-09-11 15:16:24.970 62195 INFO tempest.lib.common.rest_client [req-27f9d414-0d55-4f28-b7fa-ee3cdb4168bd req-27f9d414-0d55-4f28-b7fa-ee3cdb4168bd ] Request (SecurityGroupRulesTestJSON:setUpClass): 200 PUT http://10.180.1.21:9696/networking/v2.0/routers/7105d737-ab96-4e18-8788-252194b33a66/add_router_interface 1.710s
