2024-09-11 15:15:15.179 62223 INFO tempest.lib.common.rest_client [req-455a592e-102b-444e-bcdd-353e25282788 req-455a592e-102b-444e-bcdd-353e25282788 ] Request (VolumesAssistedSnapshotsTest:test_volume_assisted_snapshot_create_delete): 200 POST http://10.180.1.21/compute/v2.1/os-keypairs 1.170s
2024-09-11 15:15:15.234 62197 INFO tempest.lib.common.rest_client [req-98094856-4ba4-4032-8c0e-ee1d5f0094ab req-98094856-4ba4-4032-8c0e-ee1d5f0094ab ] Request (AttachVolumeTestJSON:test_attach_detach_volume): 200 GET http://10.180.1.21/compute/v2.1/servers/9e46929a-776f-443c-89c4-69357cfc51e6 1.491s
2024-09-11 15:15:15.253 62241 INFO tempest.lib.common.rest_client [req-1a1ab6d2-60cd-4ea8-ac32-1f20c0ea982b req-1a1ab6d2-60cd-4ea8-ac32-1f20c0ea982b ] Request (ServicesAdminNegativeV253TestJSON:tearDownClass): 204 DELETE http://10.180.1.21/identity/v3/projects/3d5ceac32c364163aa836896e4da8196 0.124s
2024-09-11 15:15:15.253 62241 INFO tempest.lib.common.dynamic_creds [-] Deleting project and security group for project: 6a0bead3a7fa4958965ac5f54d939b99
2024-09-11 15:15:15.265 62205 INFO tempest.lib.common.rest_client [req-2f0042bf-be4c-4c38-a963-edcce6287cbc req-2f0042bf-be4c-4c38-a963-edcce6287cbc ] Request (HostsAdminTestJSON:tearDownClass): 204 DELETE http://10.180.1.21/identity/v3/projects/3ff08ddf0fe7407682686ff77ce69269 0.112s
2024-09-11 15:15:15.265 62205 INFO tempest.lib.common.dynamic_creds [-] Deleting project and security group for project: a4144682a20348e780f4316646884565
2024-09-11 15:15:15.276 62211 INFO tempest.lib.common.rest_client [req-b4a81b85-afe8-4ec9-b26d-86616a40a32b req-b4a81b85-afe8-4ec9-b26d-86616a40a32b ] Request (HypervisorAdminUnderV252Test:tearDownClass): 204 DELETE http://10.180.1.21:9696/networking/v2.0/security-groups/7f98f80d-b472-43d3-9f38-b65e3c26e6eb 0.722s
2024-09-11 15:15:15.338 62251 INFO tempest.lib.common.rest_client [req-1a67b53b-86fd-420a-9ff0-fbf29bfbac13 req-1a67b53b-86fd-420a-9ff0-fbf29bfbac13 ] Request (FlavorsV261TestJSON:tearDownClass): 201 POST http://10.180.1.21/identity/v3/auth/tokens 0.171s
2024-09-11 15:15:15.365 62199 INFO tempest.lib.common.rest_client [req-a8be7145-6653-470a-97fd-9acb16c03b76 req-a8be7145-6653-470a-97fd-9acb16c03b76 ] Request (ServersAaction247Test:setUpClass): 200 GET http://10.180.1.21/identity/v3/roles 0.203s
2024-09-11 15:15:15.376 62235 INFO tempest.lib.common.rest_client [req-0065390e-0034-4f15-bc8d-c71147f688c0 req-0065390e-0034-4f15-bc8d-c71147f688c0 ] Request (TenantUsagesTestJSON:setUpClass): 200 GET http://10.180.1.21/compute/v2.1/servers/c56db67e-5239-4104-b67f-07d03979cfa9 0.753s
2024-09-11 15:15:15.386 62230 INFO tempest.lib.common.rest_client [req-0f21d37d-0bc8-4bc4-a214-a6a0ccdd9ae1 req-0f21d37d-0bc8-4bc4-a214-a6a0ccdd9ae1 ] Request (FlavorsExtraSpecsNegativeTestJSON:tearDownClass): 204 DELETE http://10.180.1.21:9696/networking/v2.0/security-groups/05487d68-a770-470b-b6ac-e4b461ffa2ba 0.326s
2024-09-11 15:15:15.387 62219 INFO tempest.lib.common.rest_client [req-f53d0b54-f072-40c7-90e0-2b9e853d962d req-f53d0b54-f072-40c7-90e0-2b9e853d962d ] Request (ServersTestBootFromVolume:setUpClass): 201 POST http://10.180.1.21:9696/networking/v2.0/networks 1.313s
2024-09-11 15:15:15.435 62225 INFO tempest.lib.common.rest_client [req-07571bc6-d085-4b08-8ee9-2e8e2367f330 req-07571bc6-d085-4b08-8ee9-2e8e2367f330 ] Request (KeyPairsV2TestJSON:tearDownClass): 204 DELETE http://10.180.1.21:9696/networking/v2.0/security-groups/49612fa2-21f8-4e0d-9e47-db7e1b2cdd40 0.498s
2024-09-11 15:15:15.438 62211 INFO tempest.lib.common.rest_client [req-0eaf54b4-54c3-4232-9163-beebcc8d54ed req-0eaf54b4-54c3-4232-9163-beebcc8d54ed ] Request (HypervisorAdminUnderV252Test:tearDownClass): 204 DELETE http://10.180.1.21/identity/v3/projects/d25403b7c1bd4180824ec0fbb0776d03 0.161s
2024-09-11 15:15:15.440 62211 INFO tempest.test [-] raised in UpdateMultiattachVolumeNegativeTest.setUpClass. Invoking tearDownClass.
2024-09-11 15:15:15.454 62213 INFO tempest.lib.common.rest_client [req-b17dd26a-9303-48a4-9fbb-78179d5b20f5 req-b17dd26a-9303-48a4-9fbb-78179d5b20f5 ] Request (ListImageFiltersNegativeTestJSON:tearDownClass): 204 DELETE http://10.180.1.21:9696/networking/v2.0/security-groups/1b547b5a-5210-499a-8170-9d5f779dcdf5 0.575s
2024-09-11 15:15:15.484 62223 INFO tempest.lib.common.rest_client [req-256187f0-0a5d-4156-805f-d1f899f7ca10 req-256187f0-0a5d-4156-805f-d1f899f7ca10 ] Request (VolumesAssistedSnapshotsTest:test_volume_assisted_snapshot_create_delete): 201 POST http://10.180.1.21:9696/networking/v2.0/security-groups 0.303s
2024-09-11 15:15:15.505 62203 INFO tempest.lib.common.rest_client [req-b468b781-eccd-4030-a757-51f01c2b013d req-b468b781-eccd-4030-a757-51f01c2b013d ] Request (ServerRescueTestJSONUnderV235:setUpClass): 201 POST http://10.180.1.21:9696/networking/v2.0/subnets 0.556s
2024-09-11 15:15:15.536 62199 INFO tempest.lib.common.rest_client [req-60bc397c-efce-4485-ac55-fc4b31106158 req-60bc397c-efce-4485-ac55-fc4b31106158 ] Request (ServersAaction247Test:setUpClass): 204 PUT http://10.180.1.21/identity/v3/projects/35759f0f759e47bab3340dad5511a5a2/users/c1735e3ec415476c95e48fd41b80702a/roles/f68cca98f8ea4d44a2bbf922e0066fcb 0.169s
2024-09-11 15:15:15.536 62199 INFO tempest.lib.common.dynamic_creds [-] Dynamic test user c1735e3ec415476c95e48fd41b80702a is created with scope project and roles: ['member']
2024-09-11 15:15:15.536 62199 INFO tempest.lib.common.dynamic_creds [-] Acquired dynamic creds: credentials: Credentials: {'domain_id': 'default', 'domain_name': 'Default', 'username': 'tempest-ServersAaction247Test-2002386510-project-member', 'project_domain_id': 'default', 'project_domain_name': 'Default', 'project_id': '35759f0f759e47bab3340dad5511a5a2', 'project_name': 'tempest-ServersAaction247Test-2002386510', 'tenant_id': '35759f0f759e47bab3340dad5511a5a2', 'tenant_name': 'tempest-ServersAaction247Test-2002386510', 'user_domain_id': 'default', 'user_domain_name': 'Default', 'user_id': 'c1735e3ec415476c95e48fd41b80702a', 'system': None}, Network: None, Subnet: None, Router: None
2024-09-11 15:15:15.536 62199 INFO tempest.lib.common.dynamic_creds [-] Created isolated network resources for: credentials: Credentials: {'domain_id': 'default', 'domain_name': 'Default', 'username': 'tempest-ServersAaction247Test-2002386510-project-member', 'project_domain_id': 'default', 'project_domain_name': 'Default', 'project_id': '35759f0f759e47bab3340dad5511a5a2', 'project_name': 'tempest-ServersAaction247Test-2002386510', 'tenant_id': '35759f0f759e47bab3340dad5511a5a2', 'tenant_name': 'tempest-ServersAaction247Test-2002386510', 'user_domain_id': 'default', 'user_domain_name': 'Default', 'user_id': 'c1735e3ec415476c95e48fd41b80702a', 'system': None}, Network: None, Subnet: None, Router: None
2024-09-11 15:15:15.575 62241 INFO tempest.lib.common.rest_client [req-42e6addd-686a-41da-9e30-85f64a28c02a req-42e6addd-686a-41da-9e30-85f64a28c02a ] Request (ServicesAdminNegativeV253TestJSON:tearDownClass): 200 GET http://10.180.1.21:9696/networking/v2.0/security-groups?tenant_id=6a0bead3a7fa4958965ac5f54d939b99&name=default 0.321s
2024-09-11 15:15:15.640 62230 INFO tempest.lib.common.rest_client [req-6fd4c308-97f0-4cad-b61b-0a7db77c7f14 req-6fd4c308-97f0-4cad-b61b-0a7db77c7f14 ] Request (FlavorsExtraSpecsNegativeTestJSON:tearDownClass): 204 DELETE http://10.180.1.21/identity/v3/projects/0d3f6c436ec24578ac726b1df9921ed8 0.252s
2024-09-11 15:15:15.640 62230 INFO tempest.lib.common.dynamic_creds [-] Deleting project and security group for project: ff4a9850f1794becbce468cb21961ef8
2024-09-11 15:15:15.696 62211 INFO tempest.lib.common.rest_client [req-9f01be14-a67b-4640-bfd1-51336c7bb4da req-9f01be14-a67b-4640-bfd1-51336c7bb4da ] Request (VolumesAdminNegativeTest:setUpClass): 201 POST http://10.180.1.21/identity/v3/auth/tokens 0.254s
2024-09-11 15:15:15.767 62225 INFO tempest.lib.common.rest_client [req-6e76521c-4df4-47f3-b79e-a28fd16cbad9 req-6e76521c-4df4-47f3-b79e-a28fd16cbad9 ] Request (KeyPairsV2TestJSON:tearDownClass): 204 DELETE http://10.180.1.21/identity/v3/projects/3649af95f2994455a2c7380587a205a4 0.331s
2024-09-11 15:15:15.783 62213 INFO tempest.lib.common.rest_client [req-4e0de232-9ee9-4f7f-a142-b8bff13c12de req-4e0de232-9ee9-4f7f-a142-b8bff13c12de ] Request (ListImageFiltersNegativeTestJSON:tearDownClass): 204 DELETE http://10.180.1.21/identity/v3/projects/8fba4246e99045eabb5b48bfa07f49b9 0.327s
2024-09-11 15:15:15.847 62211 INFO tempest.lib.common.rest_client [req-f400611d-a83d-4096-a48f-916f5e01a83e req-f400611d-a83d-4096-a48f-916f5e01a83e ] Request (VolumesAdminNegativeTest:setUpClass): 201 POST http://10.180.1.21/identity/v3/auth/tokens 0.149s
2024-09-11 15:15:15.849 62199 INFO tempest.lib.common.rest_client [req-b9a59eed-da99-4933-93de-2b8b75fc610f req-b9a59eed-da99-4933-93de-2b8b75fc610f ] Request (ServersAaction247Test:setUpClass): 201 POST http://10.180.1.21/identity/v3/auth/tokens 0.310s
2024-09-11 15:15:15.854 62205 INFO tempest.lib.common.rest_client [req-45b94cf5-1864-4790-8f0a-06d5cf06f210 req-45b94cf5-1864-4790-8f0a-06d5cf06f210 ] Request (HostsAdminTestJSON:tearDownClass): 200 GET http://10.180.1.21:9696/networking/v2.0/security-groups?tenant_id=a4144682a20348e780f4316646884565&name=default 0.589s
2024-09-11 15:15:15.874 62225 INFO tempest.lib.common.rest_client [req-aad79f90-fb7e-4a78-95db-46d4825c16ab req-aad79f90-fb7e-4a78-95db-46d4825c16ab ] Request (MultipleCreateTestJSON:setUpClass): 201 POST http://10.180.1.21/identity/v3/auth/tokens 0.105s
2024-09-11 15:15:15.901 62213 INFO tempest.lib.common.rest_client [req-63caaba7-11f6-4cd4-97b3-bb73824a54d1 req-63caaba7-11f6-4cd4-97b3-bb73824a54d1 ] Request (AttachInterfacesUnderV243Test:setUpClass): 201 POST http://10.180.1.21/identity/v3/auth/tokens 0.115s
2024-09-11 15:15:15.936 62211 INFO tempest.lib.common.rest_client [req-261c6f79-6d0a-4506-9280-87731fe104e6 req-261c6f79-6d0a-4506-9280-87731fe104e6 ] Request (VolumesAdminNegativeTest:setUpClass): 200 GET http://10.180.1.21/identity/v3/domains?name=Default 0.088s
2024-09-11 15:15:15.960 62199 INFO tempest.lib.common.rest_client [req-d910c2d4-29f5-4faf-8f31-7f291abf17e2 req-d910c2d4-29f5-4faf-8f31-7f291abf17e2 ] Request (ServersAaction247Test:test_create_backup): 201 POST http://10.180.1.21/identity/v3/auth/tokens 0.106s
2024-09-11 15:15:15.960 62199 INFO tempest.lib.common.fixed_network [-] (ServersAaction247Test:test_create_backup) Found network None available for tenant
2024-09-11 15:15:15.983 62225 INFO tempest.lib.common.rest_client [req-cf8264e8-e741-4a8b-b136-6db161f0c7cd req-cf8264e8-e741-4a8b-b136-6db161f0c7cd ] Request (MultipleCreateTestJSON:setUpClass): 201 POST http://10.180.1.21/identity/v3/auth/tokens 0.107s
2024-09-11 15:15:16.006 62251 INFO tempest.lib.common.rest_client [req-576d8519-932c-45a2-89a2-782313d4c31f req-576d8519-932c-45a2-89a2-782313d4c31f ] Request (FlavorsV261TestJSON:tearDownClass): 200 GET http://10.180.1.21:9696/networking/v2.0/security-groups?tenant_id=53bdf0ac4593459abb1e680cd8f01313&name=default 0.667s
2024-09-11 15:15:16.009 62213 INFO tempest.lib.common.rest_client [req-57f75927-f6be-4d93-94f3-9ed5ad56da1f req-57f75927-f6be-4d93-94f3-9ed5ad56da1f ] Request (AttachInterfacesUnderV243Test:setUpClass): 201 POST http://10.180.1.21/identity/v3/auth/tokens 0.104s
2024-09-11 15:15:16.013 62217 INFO tempest.lib.common.rest_client [req-65cb6366-b910-4159-8528-569beb318ef3 req-65cb6366-b910-4159-8528-569beb318ef3 ] Request (QuotasAdminNegativeTest:test_create_server_when_cpu_quota_is_full): 200 GET http://10.180.1.21/compute/v2.1/os-quota-sets/4ae6d37711ff4e078cc09fe8d5e0fe08 1.357s
2024-09-11 15:15:16.029 62241 INFO tempest.lib.common.rest_client [req-fa2c5e7a-055e-44da-8fa9-15841573d3e3 req-fa2c5e7a-055e-44da-8fa9-15841573d3e3 ] Request (ServicesAdminNegativeV253TestJSON:tearDownClass): 204 DELETE http://10.180.1.21:9696/networking/v2.0/security-groups/b5d0991f-510b-4a19-8ee1-27ad73f33319 0.454s
2024-09-11 15:15:16.035 62211 INFO tempest.lib.common.rest_client [req-24bc6128-0643-4470-97b0-4a2100e37a1d req-24bc6128-0643-4470-97b0-4a2100e37a1d ] Request (VolumesAdminNegativeTest:setUpClass): 201 POST http://10.180.1.21/identity/v3/projects 0.098s
2024-09-11 15:15:16.087 62225 INFO tempest.lib.common.rest_client [req-32ff77b5-bcda-499c-897a-2598bbd77968 req-32ff77b5-bcda-499c-897a-2598bbd77968 ] Request (MultipleCreateTestJSON:setUpClass): 200 GET http://10.180.1.21/identity/v3/domains?name=Default 0.103s
2024-09-11 15:15:16.110 62223 INFO tempest.lib.common.rest_client [req-100092d9-6be2-40cf-ad1a-016834c62538 req-100092d9-6be2-40cf-ad1a-016834c62538 ] Request (VolumesAssistedSnapshotsTest:test_volume_assisted_snapshot_create_delete): 201 POST http://10.180.1.21:9696/networking/v2.0/security-group-rules 0.625s
2024-09-11 15:15:16.115 62213 INFO tempest.lib.common.rest_client [req-3b433a39-be89-4639-b6ad-afadc40f1f87 req-3b433a39-be89-4639-b6ad-afadc40f1f87 ] Request (AttachInterfacesUnderV243Test:setUpClass): 200 GET http://10.180.1.21/identity/v3/domains?name=Default 0.105s
2024-09-11 15:15:16.128 62230 INFO tempest.lib.common.rest_client [req-692a6c59-2076-48ec-b12d-7e37a780432a req-692a6c59-2076-48ec-b12d-7e37a780432a ] Request (FlavorsExtraSpecsNegativeTestJSON:tearDownClass): 200 GET http://10.180.1.21:9696/networking/v2.0/security-groups?tenant_id=ff4a9850f1794becbce468cb21961ef8&name=default 0.487s
2024-09-11 15:15:16.141 62219 INFO tempest.lib.common.rest_client [req-af211b22-1212-436c-a86e-0b52c39c0fe7 req-af211b22-1212-436c-a86e-0b52c39c0fe7 ] Request (ServersTestBootFromVolume:setUpClass): 201 POST http://10.180.1.21:9696/networking/v2.0/subnets 0.753s
2024-09-11 15:15:16.153 62211 INFO tempest.lib.common.rest_client [req-9c37ad4a-503d-4c2a-973b-3a5c57280e59 req-9c37ad4a-503d-4c2a-973b-3a5c57280e59 ] Request (VolumesAdminNegativeTest:setUpClass): 201 POST http://10.180.1.21/identity/v3/users 0.117s
2024-09-11 15:15:16.156 62241 INFO tempest.lib.common.rest_client [req-9cf50210-befa-46e5-bd3d-13494aef1fae req-9cf50210-befa-46e5-bd3d-13494aef1fae ] Request (ServicesAdminNegativeV253TestJSON:tearDownClass): 204 DELETE http://10.180.1.21/identity/v3/projects/6a0bead3a7fa4958965ac5f54d939b99 0.127s
2024-09-11 15:15:16.214 62225 INFO tempest.lib.common.rest_client [req-03b65a7f-ef66-4373-987f-ee5f3fa763f6 req-03b65a7f-ef66-4373-987f-ee5f3fa763f6 ] Request (MultipleCreateTestJSON:setUpClass): 201 POST http://10.180.1.21/identity/v3/projects 0.126s
2024-09-11 15:15:16.258 62211 INFO tempest.lib.common.rest_client [req-541e4d2c-a8bb-4bff-9b82-fcb6190d6214 req-541e4d2c-a8bb-4bff-9b82-fcb6190d6214 ] Request (VolumesAdminNegativeTest:setUpClass): 200 GET http://10.180.1.21/identity/v3/roles 0.105s
2024-09-11 15:15:16.272 62213 INFO tempest.lib.common.rest_client [req-822e6d4c-510d-40bf-b2fc-1c774d3b5cb1 req-822e6d4c-510d-40bf-b2fc-1c774d3b5cb1 ] Request (AttachInterfacesUnderV243Test:setUpClass): 201 POST http://10.180.1.21/identity/v3/projects 0.156s
2024-09-11 15:15:16.291 62255 INFO tempest.lib.common.rest_client [req-d8a38034-511a-4a2e-8e2f-3f550832cbcc req-d8a38034-511a-4a2e-8e2f-3f550832cbcc ] Request (FloatingIPsNegativeTestJSON:tearDownClass): 204 DELETE http://10.180.1.21:9696/networking/v2.0/routers/362173e2-1400-4071-b464-9add65219100 1.887s
2024-09-11 15:15:16.321 62241 INFO tempest.lib.common.rest_client [req-af95fa94-bbcc-462b-80d4-3494b3ccc37b req-af95fa94-bbcc-462b-80d4-3494b3ccc37b ] Request (FloatingIPDetailsNegativeTestJSON:setUpClass): 201 POST http://10.180.1.21/identity/v3/auth/tokens 0.163s
2024-09-11 15:15:16.356 62225 INFO tempest.lib.common.rest_client [req-5c95ba69-a74a-4688-a897-b80305524613 req-5c95ba69-a74a-4688-a897-b80305524613 ] Request (MultipleCreateTestJSON:setUpClass): 201 POST http://10.180.1.21/identity/v3/users 0.141s
2024-09-11 15:15:16.358 62205 INFO tempest.lib.common.rest_client [req-f8f28287-e99b-42fe-aa48-5d6cee1f6f0d req-f8f28287-e99b-42fe-aa48-5d6cee1f6f0d ] Request (HostsAdminTestJSON:tearDownClass): 204 DELETE http://10.180.1.21:9696/networking/v2.0/security-groups/43c3fbc8-3268-49e6-8dd4-73ce49b1c251 0.503s
2024-09-11 15:15:16.377 62211 INFO tempest.lib.common.rest_client [req-df49ff65-537c-4f9f-ad14-44f90524d52e req-df49ff65-537c-4f9f-ad14-44f90524d52e ] Request (VolumesAdminNegativeTest:setUpClass): 204 PUT http://10.180.1.21/identity/v3/projects/23e1a0503b6e4056af047e04714e6907/users/26551e15914c4b3f84ea7b2b7af7c7f7/roles/f68cca98f8ea4d44a2bbf922e0066fcb 0.118s
2024-09-11 15:15:16.378 62211 INFO tempest.lib.common.dynamic_creds [-] Dynamic test user 26551e15914c4b3f84ea7b2b7af7c7f7 is created with scope project and roles: ['member']
2024-09-11 15:15:16.378 62211 INFO tempest.lib.common.dynamic_creds [-] Acquired dynamic creds: credentials: Credentials: {'domain_id': 'default', 'domain_name': 'Default', 'username': 'tempest-VolumesAdminNegativeTest-1554874178-project-member', 'project_domain_id': 'default', 'project_domain_name': 'Default', 'project_id': '23e1a0503b6e4056af047e04714e6907', 'project_name': 'tempest-VolumesAdminNegativeTest-1554874178', 'tenant_id': '23e1a0503b6e4056af047e04714e6907', 'tenant_name': 'tempest-VolumesAdminNegativeTest-1554874178', 'user_domain_id': 'default', 'user_domain_name': 'Default', 'user_id': '26551e15914c4b3f84ea7b2b7af7c7f7', 'system': None}, Network: None, Subnet: None, Router: None
2024-09-11 15:15:16.439 62251 INFO tempest.lib.common.rest_client [req-b778877e-1617-4487-a849-96e7407e595a req-b778877e-1617-4487-a849-96e7407e595a ] Request (FlavorsV261TestJSON:tearDownClass): 204 DELETE http://10.180.1.21:9696/networking/v2.0/security-groups/e9e36e33-245f-40e6-af6b-37b20262e425 0.433s
2024-09-11 15:15:16.445 62230 INFO tempest.lib.common.rest_client [req-5a00cd82-d99e-4ad6-8bd5-6474d076539b req-5a00cd82-d99e-4ad6-8bd5-6474d076539b ] Request (FlavorsExtraSpecsNegativeTestJSON:tearDownClass): 204 DELETE http://10.180.1.21:9696/networking/v2.0/security-groups/d199ff1e-a803-42eb-8921-e03e2ea99fa1 0.317s
2024-09-11 15:15:16.450 62213 INFO tempest.lib.common.rest_client [req-f0b96be8-3bfe-4008-a29e-19942e0c9de0 req-f0b96be8-3bfe-4008-a29e-19942e0c9de0 ] Request (AttachInterfacesUnderV243Test:setUpClass): 201 POST http://10.180.1.21/identity/v3/users 0.178s
2024-09-11 15:15:16.466 62225 INFO tempest.lib.common.rest_client [req-89c64ca5-9364-44c3-9c27-84f73f5c6ba1 req-89c64ca5-9364-44c3-9c27-84f73f5c6ba1 ] Request (MultipleCreateTestJSON:setUpClass): 200 GET http://10.180.1.21/identity/v3/roles 0.109s
2024-09-11 15:15:16.477 62241 INFO tempest.lib.common.rest_client [req-8e7ceda4-7d80-4792-b6b7-a252f4a380de req-8e7ceda4-7d80-4792-b6b7-a252f4a380de ] Request (FloatingIPDetailsNegativeTestJSON:setUpClass): 201 POST http://10.180.1.21/identity/v3/auth/tokens 0.151s
2024-09-11 15:15:16.501 62211 INFO tempest.lib.common.rest_client [req-3f215ae9-cbd2-4f5d-9c25-216ba70203ae req-3f215ae9-cbd2-4f5d-9c25-216ba70203ae ] Request (VolumesAdminNegativeTest:setUpClass): 201 POST http://10.180.1.21/identity/v3/auth/tokens 0.122s
2024-09-11 15:15:16.509 62231 INFO tempest.lib.common.rest_client [req-01a89729-0f57-4d98-a781-ce28f5a4df96 req-01a89729-0f57-4d98-a781-ce28f5a4df96 ] Request (ServerTagsTestJSON:setUpClass): 202 POST http://10.180.1.21/compute/v2.1/servers 2.257s
2024-09-11 15:15:16.537 62205 INFO tempest.lib.common.rest_client [req-3276bdd7-4a63-4f96-993f-b2457b35b874 req-3276bdd7-4a63-4f96-993f-b2457b35b874 ] Request (HostsAdminTestJSON:tearDownClass): 204 DELETE http://10.180.1.21/identity/v3/projects/a4144682a20348e780f4316646884565 0.179s
2024-09-11 15:15:16.550 62201 INFO tempest.lib.common.rest_client [req-31eed913-7324-42a3-853f-021f48d2f34c req-31eed913-7324-42a3-853f-021f48d2f34c ] Request (SecurityGroupsTestAdminJSON:_run_cleanups): 202 DELETE http://10.180.1.21/compute/v2.1/os-security-groups/f2adcc26-d518-4348-adc5-6d448b5b853d 1.855s
2024-09-11 15:15:16.559 62251 INFO tempest.lib.common.rest_client [req-3b24f0eb-baa7-492a-bd24-6fc1d683bf06 req-3b24f0eb-baa7-492a-bd24-6fc1d683bf06 ] Request (FlavorsV261TestJSON:tearDownClass): 204 DELETE http://10.180.1.21/identity/v3/projects/53bdf0ac4593459abb1e680cd8f01313 0.119s
2024-09-11 15:15:16.560 62251 INFO tempest.lib.common.dynamic_creds [-] Deleting project and security group for project: 1de0402a5d0e4673ae3a6ba50b82adfd
2024-09-11 15:15:16.578 62223 INFO tempest.lib.common.rest_client [req-d9bfc338-0047-4624-b61a-f988ab5ab60e req-d9bfc338-0047-4624-b61a-f988ab5ab60e ] Request (VolumesAssistedSnapshotsTest:test_volume_assisted_snapshot_create_delete): 201 POST http://10.180.1.21:9696/networking/v2.0/security-group-rules 0.468s
2024-09-11 15:15:16.587 62207 INFO tempest.lib.common.rest_client [req-01f77856-bf45-4a11-bb1f-9431cca041f0 req-01f77856-bf45-4a11-bb1f-9431cca041f0 ] Request (ServerDiagnosticsTest:test_get_server_diagnostics): 200 GET http://10.180.1.21/compute/v2.1/servers/e187064e-4a7b-4231-8af0-50ac4b4e7429 1.868s
2024-09-11 15:15:16.609 62246 INFO tempest.lib.common.rest_client [req-20b9aa98-30aa-441f-ae17-60f35a9a5c94 req-20b9aa98-30aa-441f-ae17-60f35a9a5c94 ] Request (FlavorsAccessTestJSON:test_flavor_access_list_with_private_flavor): 200 POST http://10.180.1.21/compute/v2.1/flavors 1.784s
2024-09-11 15:15:16.620 62213 INFO tempest.lib.common.rest_client [req-dd36b891-5566-4469-a59e-9a1c0c120330 req-dd36b891-5566-4469-a59e-9a1c0c120330 ] Request (AttachInterfacesUnderV243Test:setUpClass): 200 GET http://10.180.1.21/identity/v3/roles 0.169s
2024-09-11 15:15:16.631 62237 INFO tempest.lib.common.rest_client [req-e51f045d-1678-4ca6-92a9-295965bda5e8 req-e51f045d-1678-4ca6-92a9-295965bda5e8 ] Request (ServersWithSpecificFlavorTestJSON:test_verify_created_server_ephemeral_disk): 200 POST http://10.180.1.21/compute/v2.1/flavors/1685339314/os-extra_specs 1.800s
2024-09-11 15:15:16.662 62243 INFO tempest.lib.common.rest_client [req-953a7c69-5fe8-4edf-bf6f-d8ca2ba7ce24 req-953a7c69-5fe8-4edf-bf6f-d8ca2ba7ce24 ] Request (ServerDiagnosticsV248Test:test_get_server_diagnostics): 200 GET http://10.180.1.21/compute/v2.1/servers/fec8766a-1a2a-4263-b478-998db56000ef 1.851s
2024-09-11 15:15:16.667 62230 INFO tempest.lib.common.rest_client [req-7b672770-bf22-495e-962b-ae00d00c4eab req-7b672770-bf22-495e-962b-ae00d00c4eab ] Request (FlavorsExtraSpecsNegativeTestJSON:tearDownClass): 204 DELETE http://10.180.1.21/identity/v3/projects/ff4a9850f1794becbce468cb21961ef8 0.221s
2024-09-11 15:15:16.680 62239 INFO tempest.lib.common.rest_client [req-43760702-f5ce-4bb8-b971-1097bcb42a3d req-43760702-f5ce-4bb8-b971-1097bcb42a3d ] Request (SecurityGroupRulesNegativeTestJSON:test_create_security_group_rule_with_invalid_to_port): 400 POST http://10.180.1.21/compute/v2.1/os-security-group-rules 1.794s
2024-09-11 15:15:16.693 62253 INFO tempest.lib.common.rest_client [req-64978428-c814-4d19-8906-6ceea9082d07 req-64978428-c814-4d19-8906-6ceea9082d07 ] Request (FlavorsExtraSpecsTestJSON:tearDownClass): 202 DELETE http://10.180.1.21/compute/v2.1/flavors/944490994 1.745s
2024-09-11 15:15:16.711 62193 INFO tempest.lib.common.rest_client [req-a2c48483-7f17-4491-af9a-dc76c418c01b req-a2c48483-7f17-4491-af9a-dc76c418c01b ] Request (FlavorsV2TestJSON:test_list_flavors_detailed_filter_by_min_disk): 200 GET http://10.180.1.21/compute/v2.1/flavors/detail?minDisk=2 1.747s
2024-09-11 15:15:16.745 62225 INFO tempest.lib.common.rest_client [req-e2ceb811-7133-46ef-8e11-0a8d32e5f867 req-e2ceb811-7133-46ef-8e11-0a8d32e5f867 ] Request (MultipleCreateTestJSON:setUpClass): 204 PUT http://10.180.1.21/identity/v3/projects/f1b5ed93ac994e7995007ee9b55126a3/users/d195db7cbc174136a12149c66c0569d4/roles/f68cca98f8ea4d44a2bbf922e0066fcb 0.279s
2024-09-11 15:15:16.746 62225 INFO tempest.lib.common.dynamic_creds [-] Dynamic test user d195db7cbc174136a12149c66c0569d4 is created with scope project and roles: ['member']
2024-09-11 15:15:16.746 62225 INFO tempest.lib.common.dynamic_creds [-] Acquired dynamic creds: credentials: Credentials: {'domain_id': 'default', 'domain_name': 'Default', 'username': 'tempest-MultipleCreateTestJSON-1883561927-project-member', 'project_domain_id': 'default', 'project_domain_name': 'Default', 'project_id': 'f1b5ed93ac994e7995007ee9b55126a3', 'project_name': 'tempest-MultipleCreateTestJSON-1883561927', 'tenant_id': 'f1b5ed93ac994e7995007ee9b55126a3', 'tenant_name': 'tempest-MultipleCreateTestJSON-1883561927', 'user_domain_id': 'default', 'user_domain_name': 'Default', 'user_id': 'd195db7cbc174136a12149c66c0569d4', 'system': None}, Network: None, Subnet: None, Router: None
2024-09-11 15:15:16.767 62221 INFO tempest.lib.common.rest_client [req-5a0c47a4-c142-454c-9590-677f60b06ba6 req-5a0c47a4-c142-454c-9590-677f60b06ba6 ] Request (ServerExternalEventsTest:test_create_server_external_events): 200 GET http://10.180.1.21/compute/v2.1/servers/62b47755-68c1-4ec0-ad75-603a19dd986d 1.788s
2024-09-11 15:15:16.771 62216 INFO tempest.lib.common.rest_client [req-ff3da0ab-fc82-4e97-bde4-4cc300a65614 req-ff3da0ab-fc82-4e97-bde4-4cc300a65614 ] Request (AggregatesAdminNegativeTestJSON:test_aggregate_create_aggregate_name_length_exceeds_255): 400 POST http://10.180.1.21/compute/v2.1/os-aggregates 1.774s
2024-09-11 15:15:16.786 62209 INFO tempest.lib.common.rest_client [req-152faec4-008a-4936-976c-01c603af7294 req-152faec4-008a-4936-976c-01c603af7294 ] Request (FlavorsAdminTestJSON:test_create_flavor_with_uuid_id): 200 POST http://10.180.1.21/compute/v2.1/flavors 1.769s
2024-09-11 15:15:16.801 62241 INFO tempest.lib.common.rest_client [req-65cdc385-39b2-435f-a2eb-638612abf6f9 req-65cdc385-39b2-435f-a2eb-638612abf6f9 ] Request (FloatingIPDetailsNegativeTestJSON:setUpClass): 200 GET http://10.180.1.21/identity/v3/domains?name=Default 0.324s
2024-09-11 15:15:16.822 62205 INFO tempest.lib.common.rest_client [req-9c26f704-b61b-4f06-ab95-966e3b16aee2 req-9c26f704-b61b-4f06-ab95-966e3b16aee2 ] Request (HostsAdminNegativeTestJSON:setUpClass): 201 POST http://10.180.1.21/identity/v3/auth/tokens 0.283s
2024-09-11 15:15:16.853 62247 INFO tempest.lib.common.rest_client [req-d2bb83fe-a7ae-4da9-bd88-c59a091f86b8 req-d2bb83fe-a7ae-4da9-bd88-c59a091f86b8 ] Request (ServersAdminNegativeTestJSON:setUpClass): 200 GET http://10.180.1.21/compute/v2.1/servers/f98dd0da-4c3b-4519-ae5a-6c110ce9dac4 1.800s
2024-09-11 15:15:16.859 62213 INFO tempest.lib.common.rest_client [req-086aa1bd-6518-4291-a064-6c6640dd7ad8 req-086aa1bd-6518-4291-a064-6c6640dd7ad8 ] Request (AttachInterfacesUnderV243Test:setUpClass): 204 PUT http://10.180.1.21/identity/v3/projects/3a1f5b766d7746a986e7e2380e1d5e37/users/f294168a6a134c04a038ca0b5d8392c3/roles/f68cca98f8ea4d44a2bbf922e0066fcb 0.238s
2024-09-11 15:15:16.859 62213 INFO tempest.lib.common.dynamic_creds [-] Dynamic test user f294168a6a134c04a038ca0b5d8392c3 is created with scope project and roles: ['member']
2024-09-11 15:15:16.859 62213 INFO tempest.lib.common.dynamic_creds [-] Acquired dynamic creds: credentials: Credentials: {'domain_id': 'default', 'domain_name': 'Default', 'username': 'tempest-AttachInterfacesUnderV243Test-346869332-project-member', 'project_domain_id': 'default', 'project_domain_name': 'Default', 'project_id': '3a1f5b766d7746a986e7e2380e1d5e37', 'project_name': 'tempest-AttachInterfacesUnderV243Test-346869332', 'tenant_id': '3a1f5b766d7746a986e7e2380e1d5e37', 'tenant_name': 'tempest-AttachInterfacesUnderV243Test-346869332', 'user_domain_id': 'default', 'user_domain_name': 'Default', 'user_id': 'f294168a6a134c04a038ca0b5d8392c3', 'system': None}, Network: None, Subnet: None, Router: None
2024-09-11 15:15:16.861 62247 INFO tempest.common.waiters [-] State transition "BUILD/spawning" ==> "ERROR/None" after 19 second wait
2024-09-11 15:15:16.909 62201 INFO tempest.lib.common.rest_client [req-8b155f79-f8ee-4c58-9f1b-4f5b0d3dc042 req-8b155f79-f8ee-4c58-9f1b-4f5b0d3dc042 ] Request (SecurityGroupsTestAdminJSON:tearDownClass): 204 DELETE http://10.180.1.21/identity/v3/users/dbe12119f42f4f43b8320d5fb6c821b6 0.304s
2024-09-11 15:15:16.923 62230 INFO tempest.lib.common.rest_client [req-119991c2-5905-445f-a182-939d0abb0a01 req-119991c2-5905-445f-a182-939d0abb0a01 ] Request (QuotasAdminTestV236:setUpClass): 201 POST http://10.180.1.21/identity/v3/auth/tokens 0.251s
2024-09-11 15:15:16.924 62233 INFO tempest.lib.common.rest_client [req-fe9010ca-0e3d-43f4-bcbc-551e7ad6faaa req-fe9010ca-0e3d-43f4-bcbc-551e7ad6faaa ] Request (ServersAdmin275Test:test_rebuild_update_server_275): 200 GET http://10.180.1.21/compute/v2.1/servers/ed71a98d-5a0e-482a-8c1b-e6447a8f60a4 1.760s
2024-09-11 15:15:16.935 62255 INFO tempest.lib.common.rest_client [req-289e7c2f-596f-4aad-8c6c-416ccec25fb9 req-289e7c2f-596f-4aad-8c6c-416ccec25fb9 ] Request (FloatingIPsNegativeTestJSON:tearDownClass): 204 DELETE http://10.180.1.21:9696/networking/v2.0/subnets/20ed7098-66dd-4339-a526-db211fea912b 0.643s
2024-09-11 15:15:16.979 62225 INFO tempest.lib.common.rest_client [req-41f589f3-a856-446a-b2fd-660d0e1ed32d req-41f589f3-a856-446a-b2fd-660d0e1ed32d ] Request (MultipleCreateTestJSON:setUpClass): 201 POST http://10.180.1.21/identity/v3/auth/tokens 0.233s
2024-09-11 15:15:16.998 62249 INFO tempest.lib.common.rest_client [req-36977859-453c-4e30-9f5d-dd5d4cb476b9 req-36977859-453c-4e30-9f5d-dd5d4cb476b9 ] Request (AttachInterfacesV270Test:test_create_get_list_interfaces): 200 GET http://10.180.1.21/compute/v2.1/servers/2e425838-4af7-45c9-8c54-6a1129640648 1.191s
2024-09-11 15:15:17.009 62205 INFO tempest.lib.common.rest_client [req-889e629b-7552-45c9-8724-53ca25c3f891 req-889e629b-7552-45c9-8724-53ca25c3f891 ] Request (HostsAdminNegativeTestJSON:setUpClass): 201 POST http://10.180.1.21/identity/v3/auth/tokens 0.185s
2024-09-11 15:15:17.014 62241 INFO tempest.lib.common.rest_client [req-7fe08af5-3e9b-44a9-8168-c2e12497f3b0 req-7fe08af5-3e9b-44a9-8168-c2e12497f3b0 ] Request (FloatingIPDetailsNegativeTestJSON:setUpClass): 201 POST http://10.180.1.21/identity/v3/projects 0.213s
2024-09-11 15:15:17.057 62213 INFO tempest.lib.common.rest_client [req-86e7ddb0-6194-4b4b-98e6-6c0c2722c43c req-86e7ddb0-6194-4b4b-98e6-6c0c2722c43c ] Request (AttachInterfacesUnderV243Test:setUpClass): 201 POST http://10.180.1.21/identity/v3/auth/tokens 0.197s
2024-09-11 15:15:17.107 62201 INFO tempest.lib.common.rest_client [req-549378db-e17a-4789-9f30-2e643dd1283f req-549378db-e17a-4789-9f30-2e643dd1283f ] Request (SecurityGroupsTestAdminJSON:tearDownClass): 204 DELETE http://10.180.1.21/identity/v3/users/927672b910674393a46a79e2bd5219c3 0.197s
2024-09-11 15:15:17.107 62201 INFO tempest.lib.common.dynamic_creds [-] Deleting project and security group for project: 08e867c18c5e43e8acd8d8f59216decd
2024-09-11 15:15:17.130 62251 INFO tempest.lib.common.rest_client [req-0860fb55-5f92-4d6e-9d7c-ada3053f9cab req-0860fb55-5f92-4d6e-9d7c-ada3053f9cab ] Request (FlavorsV261TestJSON:tearDownClass): 200 GET http://10.180.1.21:9696/networking/v2.0/security-groups?tenant_id=1de0402a5d0e4673ae3a6ba50b82adfd&name=default 0.569s
2024-09-11 15:15:17.147 62227 INFO tempest.lib.common.rest_client [req-40e25573-e9ee-4079-9074-f7b79187c6ae req-40e25573-e9ee-4079-9074-f7b79187c6ae ] Request (QuotasAdminTestJSON:test_delete_quota): 200 GET http://10.180.1.21/compute/v2.1/os-quota-sets/efc06edc5db24715b6ed66d5f08b66b9 2.220s
2024-09-11 15:15:17.164 62230 INFO tempest.lib.common.rest_client [req-d82eed18-0512-4f40-8a19-02348d665bcd req-d82eed18-0512-4f40-8a19-02348d665bcd ] Request (QuotasAdminTestV236:setUpClass): 201 POST http://10.180.1.21/identity/v3/auth/tokens 0.239s
2024-09-11 15:15:17.227 62211 INFO tempest.lib.common.rest_client [req-e5eb7292-10d3-43cd-9a7d-a612d7a8cfee req-e5eb7292-10d3-43cd-9a7d-a612d7a8cfee ] Request (VolumesAdminNegativeTest:setUpClass): 201 POST http://10.180.1.21:9696/networking/v2.0/networks 0.726s
2024-09-11 15:15:17.284 62241 INFO tempest.lib.common.rest_client [req-d4dcd997-75ef-4201-8e85-1a16883f80a4 req-d4dcd997-75ef-4201-8e85-1a16883f80a4 ] Request (FloatingIPDetailsNegativeTestJSON:setUpClass): 201 POST http://10.180.1.21/identity/v3/users 0.268s
2024-09-11 15:15:17.287 62205 INFO tempest.lib.common.rest_client [req-635430bc-c5b0-4c9e-9393-3cc83dfba162 req-635430bc-c5b0-4c9e-9393-3cc83dfba162 ] Request (HostsAdminNegativeTestJSON:setUpClass): 200 GET http://10.180.1.21/identity/v3/domains?name=Default 0.277s
2024-09-11 15:15:17.310 62201 INFO tempest.lib.common.rest_client [req-5edfab22-7fa1-4cdd-a030-de142695ac9b req-5edfab22-7fa1-4cdd-a030-de142695ac9b ] Request (SecurityGroupsTestAdminJSON:tearDownClass): 201 POST http://10.180.1.21/identity/v3/auth/tokens 0.203s
2024-09-11 15:15:17.339 62230 INFO tempest.lib.common.rest_client [req-54a8a0be-98b3-4a18-b154-38447b6491f1 req-54a8a0be-98b3-4a18-b154-38447b6491f1 ] Request (QuotasAdminTestV236:setUpClass): 200 GET http://10.180.1.21/identity/v3/domains?name=Default 0.174s
2024-09-11 15:15:17.395 62199 INFO tempest.lib.common.rest_client [req-b2f64077-3e51-4b74-b3e5-ca61cdf63b2f req-b2f64077-3e51-4b74-b3e5-ca61cdf63b2f ] Request (ServersAaction247Test:test_create_backup): 202 POST http://10.180.1.21/compute/v2.1/servers 1.434s
2024-09-11 15:15:17.448 62227 INFO tempest.lib.common.rest_client [req-62edc94c-1beb-4359-9197-f55d6bb5c76a req-62edc94c-1beb-4359-9197-f55d6bb5c76a ] Request (QuotasAdminTestJSON:_run_cleanups): 204 DELETE http://10.180.1.21/identity/v3/projects/efc06edc5db24715b6ed66d5f08b66b9 0.299s
2024-09-11 15:15:17.459 62241 INFO tempest.lib.common.rest_client [req-5001a887-8090-4131-8330-120581bb5a3a req-5001a887-8090-4131-8330-120581bb5a3a ] Request (FloatingIPDetailsNegativeTestJSON:setUpClass): 200 GET http://10.180.1.21/identity/v3/roles 0.174s
2024-09-11 15:15:17.483 62195 INFO tempest.lib.common.rest_client [req-2258bede-6f9a-4ba4-848e-b59a239d159c req-2258bede-6f9a-4ba4-848e-b59a239d159c ] Request (ListImageFiltersTestJSON:setUpClass): 204 PUT http://10.180.1.21/image/v2/images/0f6cb001-33a5-446f-8429-bdf107065408/file 1.766s
2024-09-11 15:15:17.499 62205 INFO tempest.lib.common.rest_client [req-adbaef94-f234-4c46-9360-cee25dbe9745 req-adbaef94-f234-4c46-9360-cee25dbe9745 ] Request (HostsAdminNegativeTestJSON:setUpClass): 201 POST http://10.180.1.21/identity/v3/projects 0.212s
2024-09-11 15:15:17.534 62197 INFO tempest.lib.common.rest_client [req-f369e3b2-03b0-4693-92db-079707b0142c req-f369e3b2-03b0-4693-92db-079707b0142c ] Request (AttachVolumeTestJSON:test_attach_detach_volume): 200 GET http://10.180.1.21/compute/v2.1/servers/9e46929a-776f-443c-89c4-69357cfc51e6 1.290s
2024-09-11 15:15:17.549 62251 INFO tempest.lib.common.rest_client [req-83bd7e06-0418-416a-87a6-c75624debce7 req-83bd7e06-0418-416a-87a6-c75624debce7 ] Request (FlavorsV261TestJSON:tearDownClass): 204 DELETE http://10.180.1.21:9696/networking/v2.0/security-groups/9b976e0c-ba09-4895-a705-790bd3faf038 0.419s
2024-09-11 15:15:17.553 62255 INFO tempest.lib.common.rest_client [req-2ad5f466-b577-44e2-bf24-e2f81f2a405b req-2ad5f466-b577-44e2-bf24-e2f81f2a405b ] Request (FloatingIPsNegativeTestJSON:tearDownClass): 204 DELETE http://10.180.1.21:9696/networking/v2.0/networks/4c9978cc-c16f-44b2-8a35-a2c11e2752d6 0.618s
2024-09-11 15:15:17.629 62235 INFO tempest.lib.common.rest_client [req-1fbf852c-4387-4ea9-84f3-3bb3b64b69b8 req-1fbf852c-4387-4ea9-84f3-3bb3b64b69b8 ] Request (TenantUsagesTestJSON:setUpClass): 200 GET http://10.180.1.21/compute/v2.1/servers/c56db67e-5239-4104-b67f-07d03979cfa9 1.241s
2024-09-11 15:15:17.653 62211 INFO tempest.lib.common.rest_client [req-d06dc44a-a2f1-4f8a-b894-3e9b61b5b1fe req-d06dc44a-a2f1-4f8a-b894-3e9b61b5b1fe ] Request (VolumesAdminNegativeTest:setUpClass): 201 POST http://10.180.1.21:9696/networking/v2.0/subnets 0.426s
2024-09-11 15:15:17.656 62230 INFO tempest.lib.common.rest_client [req-ac5e2842-45de-4b5b-b136-c0780c6e2b44 req-ac5e2842-45de-4b5b-b136-c0780c6e2b44 ] Request (QuotasAdminTestV236:setUpClass): 201 POST http://10.180.1.21/identity/v3/projects 0.316s
2024-09-11 15:15:17.706 62231 INFO tempest.lib.common.rest_client [req-88575b20-311c-493d-b962-14e4871facc5 req-88575b20-311c-493d-b962-14e4871facc5 ] Request (ServerTagsTestJSON:setUpClass): 200 GET http://10.180.1.21/compute/v2.1/servers/cbc9c1b1-36bb-43b9-8103-9259297e3343 1.194s
2024-09-11 15:15:17.723 62205 INFO tempest.lib.common.rest_client [req-cd78501d-cb27-4d9d-9f6b-f5382fc80c33 req-cd78501d-cb27-4d9d-9f6b-f5382fc80c33 ] Request (HostsAdminNegativeTestJSON:setUpClass): 201 POST http://10.180.1.21/identity/v3/users 0.223s
2024-09-11 15:15:17.731 62246 INFO tempest.lib.common.rest_client [req-a29590c6-8357-4def-82c4-9c784db54cf4 req-a29590c6-8357-4def-82c4-9c784db54cf4 ] Request (FlavorsAccessTestJSON:test_flavor_access_list_with_private_flavor): 200 GET http://10.180.1.21/compute/v2.1/flavors/1266275772/os-flavor-access 1.120s
2024-09-11 15:15:17.733 62241 INFO tempest.lib.common.rest_client [req-fd5c0f70-dbe2-4be1-ac54-81775243cdb9 req-fd5c0f70-dbe2-4be1-ac54-81775243cdb9 ] Request (FloatingIPDetailsNegativeTestJSON:setUpClass): 204 PUT http://10.180.1.21/identity/v3/projects/2f10781bca894e39b8f988d82c1cd5d5/users/0b8c5fa67f7b468ea00717d09da8c620/roles/f68cca98f8ea4d44a2bbf922e0066fcb 0.273s
2024-09-11 15:15:17.733 62241 INFO tempest.lib.common.dynamic_creds [-] Dynamic test user 0b8c5fa67f7b468ea00717d09da8c620 is created with scope project and roles: ['member']
2024-09-11 15:15:17.734 62241 INFO tempest.lib.common.dynamic_creds [-] Acquired dynamic creds: credentials: Credentials: {'domain_id': 'default', 'domain_name': 'Default', 'username': 'tempest-FloatingIPDetailsNegativeTestJSON-381566233-project-member', 'project_domain_id': 'default', 'project_domain_name': 'Default', 'project_id': '2f10781bca894e39b8f988d82c1cd5d5', 'project_name': 'tempest-FloatingIPDetailsNegativeTestJSON-381566233', 'tenant_id': '2f10781bca894e39b8f988d82c1cd5d5', 'tenant_name': 'tempest-FloatingIPDetailsNegativeTestJSON-381566233', 'user_domain_id': 'default', 'user_domain_name': 'Default', 'user_id': '0b8c5fa67f7b468ea00717d09da8c620', 'system': None}, Network: None, Subnet: None, Router: None
2024-09-11 15:15:17.749 62217 INFO tempest.lib.common.rest_client [req-86e76a8a-bfd2-4ba0-96de-732fa221f78b req-86e76a8a-bfd2-4ba0-96de-732fa221f78b ] Request (QuotasAdminNegativeTest:test_create_server_when_cpu_quota_is_full): 200 PUT http://10.180.1.21/compute/v2.1/os-quota-sets/4ae6d37711ff4e078cc09fe8d5e0fe08 1.733s
2024-09-11 15:15:17.771 62237 INFO tempest.lib.common.rest_client [req-32030e00-8e15-4673-a68c-a4097034d64b req-32030e00-8e15-4673-a68c-a4097034d64b ] Request (ValidationResourcesFixture:setUp): 200 POST http://10.180.1.21/compute/v2.1/os-keypairs 1.136s
2024-09-11 15:15:17.779 62201 INFO tempest.lib.common.rest_client [req-7be83d52-4bc2-42a7-90ad-90759975b957 req-7be83d52-4bc2-42a7-90ad-90759975b957 ] Request (SecurityGroupsTestAdminJSON:tearDownClass): 200 GET http://10.180.1.21:9696/networking/v2.0/security-groups?tenant_id=08e867c18c5e43e8acd8d8f59216decd&name=default 0.467s
2024-09-11 15:15:17.790 62253 INFO tempest.lib.common.rest_client [req-94f90280-0c87-4b68-94bd-070bd4e0e718 req-94f90280-0c87-4b68-94bd-070bd4e0e718 ] Request (FlavorsExtraSpecsTestJSON:tearDownClass): 200 GET http://10.180.1.21/compute/v2.1/flavors/detail 1.096s
2024-09-11 15:15:17.798 62193 INFO tempest.lib.common.rest_client [req-8335af81-cc56-46e2-a4d8-444f71e3ed86 req-8335af81-cc56-46e2-a4d8-444f71e3ed86 ] Request (FlavorsV2TestJSON:test_list_flavors_detailed_filter_by_min_ram): 200 GET http://10.180.1.21/compute/v2.1/flavors/42 1.083s
2024-09-11 15:15:17.804 62216 INFO tempest.lib.common.rest_client [req-0974bc95-7a8e-4044-b5a9-664a12ae33e3 req-0974bc95-7a8e-4044-b5a9-664a12ae33e3 ] Request (AggregatesAdminNegativeTestJSON:test_aggregate_create_aggregate_name_length_less_than_1): 400 POST http://10.180.1.21/compute/v2.1/os-aggregates 1.032s
2024-09-11 15:15:17.806 62239 INFO tempest.lib.common.rest_client [req-dc9ffa84-ad8d-47ff-a975-ece2642b8d96 req-dc9ffa84-ad8d-47ff-a975-ece2642b8d96 ] Request (SecurityGroupRulesNegativeTestJSON:test_create_security_group_rule_with_non_existent_id): 404 POST http://10.180.1.21/compute/v2.1/os-security-group-rules 1.123s
2024-09-11 15:15:17.821 62213 INFO tempest.lib.common.rest_client [req-bb7ce715-4410-43fe-89cf-e0513ce0bf6a req-bb7ce715-4410-43fe-89cf-e0513ce0bf6a ] Request (AttachInterfacesUnderV243Test:setUpClass): 201 POST http://10.180.1.21:9696/networking/v2.0/networks 0.764s
2024-09-11 15:15:17.823 62255 INFO tempest.lib.common.rest_client [req-c1faeb72-4b26-49eb-8fee-982dfd81460b req-c1faeb72-4b26-49eb-8fee-982dfd81460b ] Request (FloatingIPsNegativeTestJSON:tearDownClass): 204 DELETE http://10.180.1.21/identity/v3/users/230f919e23ca4e75936f6e74352988f2 0.269s
2024-09-11 15:15:17.824 62255 INFO tempest.lib.common.dynamic_creds [-] Deleting project and security group for project: 1649b5c4a42c49be819aa2a3b5566282
2024-09-11 15:15:17.827 62209 INFO tempest.lib.common.rest_client [req-c5936641-5083-4443-bc60-3962cf22c82e req-c5936641-5083-4443-bc60-3962cf22c82e ] Request (FlavorsAdminTestJSON:_run_cleanups): 202 DELETE http://10.180.1.21/compute/v2.1/flavors/486c72ed-95a4-47ed-bfed-528ab77ade60 1.038s
2024-09-11 15:15:17.842 62251 INFO tempest.lib.common.rest_client [req-80650434-f889-4c14-8709-1b86be6bd952 req-80650434-f889-4c14-8709-1b86be6bd952 ] Request (FlavorsV261TestJSON:tearDownClass): 204 DELETE http://10.180.1.21/identity/v3/projects/1de0402a5d0e4673ae3a6ba50b82adfd 0.290s
2024-09-11 15:15:17.893 62230 INFO tempest.lib.common.rest_client [req-c1cb99b9-cd40-4bd1-a32c-931b18e156df req-c1cb99b9-cd40-4bd1-a32c-931b18e156df ] Request (QuotasAdminTestV236:setUpClass): 201 POST http://10.180.1.21/identity/v3/users 0.236s
2024-09-11 15:15:17.916 62205 INFO tempest.lib.common.rest_client [req-dab0a7ff-7033-44ed-8a3a-bd35051e1f96 req-dab0a7ff-7033-44ed-8a3a-bd35051e1f96 ] Request (HostsAdminNegativeTestJSON:setUpClass): 200 GET http://10.180.1.21/identity/v3/roles 0.192s
2024-09-11 15:15:17.927 62241 INFO tempest.lib.common.rest_client [req-c1d892bd-d023-4dc9-8f22-e52a7d2ce533 req-c1d892bd-d023-4dc9-8f22-e52a7d2ce533 ] Request (FloatingIPDetailsNegativeTestJSON:setUpClass): 201 POST http://10.180.1.21/identity/v3/auth/tokens 0.193s
2024-09-11 15:15:17.936 62199 INFO tempest.lib.common.rest_client [req-fbb4e888-85b9-46a1-9c50-a64bfeaebfdb req-fbb4e888-85b9-46a1-9c50-a64bfeaebfdb ] Request (ServersAaction247Test:test_create_backup): 200 GET http://10.180.1.21/compute/v2.1/servers/dc414a8e-847f-4c0e-9089-4269ce5ee03a 0.539s
2024-09-11 15:15:17.968 62217 INFO tempest.lib.common.rest_client [req-3f309f62-3942-4e90-a2c3-35d48a55dec5 req-3f309f62-3942-4e90-a2c3-35d48a55dec5 ] Request (QuotasAdminNegativeTest:test_create_server_when_cpu_quota_is_full): 201 POST http://10.180.1.21/identity/v3/auth/tokens 0.211s
2024-09-11 15:15:17.969 62217 INFO tempest.lib.common.fixed_network [-] (QuotasAdminNegativeTest:test_create_server_when_cpu_quota_is_full) Found network None available for tenant
2024-09-11 15:15:17.972 62195 INFO tempest.lib.common.rest_client [req-cb4f0232-1059-4b79-a627-94cb86e8ce74 req-cb4f0232-1059-4b79-a627-94cb86e8ce74 ] Request (ListImageFiltersTestJSON:setUpClass): 200 GET http://10.180.1.21/compute/v2.1/images/0f6cb001-33a5-446f-8429-bdf107065408 0.488s
2024-09-11 15:15:17.997 62253 INFO tempest.lib.common.rest_client [req-d36585de-5e9c-4919-b6e9-dd3baa07d82f req-d36585de-5e9c-4919-b6e9-dd3baa07d82f ] Request (FlavorsExtraSpecsTestJSON:tearDownClass): 204 DELETE http://10.180.1.21/identity/v3/users/e88206ca526449378eca92453f548902 0.200s
2024-09-11 15:15:18.051 62230 INFO tempest.lib.common.rest_client [req-f3ddf031-321f-42a7-b97c-4b25d067de1d req-f3ddf031-321f-42a7-b97c-4b25d067de1d ] Request (QuotasAdminTestV236:setUpClass): 200 GET http://10.180.1.21/identity/v3/roles 0.158s
2024-09-11 15:15:18.061 62251 INFO tempest.lib.common.rest_client [req-3f4b7df0-ac3f-4289-a27a-5d08103711fd req-3f4b7df0-ac3f-4289-a27a-5d08103711fd ] Request (ServerPasswordTestJSON:setUpClass): 201 POST http://10.180.1.21/identity/v3/auth/tokens 0.217s
2024-09-11 15:15:18.066 62225 INFO tempest.lib.common.rest_client [req-ef490ff9-20fc-4f7e-adce-73f5a7512546 req-ef490ff9-20fc-4f7e-adce-73f5a7512546 ] Request (MultipleCreateTestJSON:setUpClass): 201 POST http://10.180.1.21:9696/networking/v2.0/networks 1.086s
2024-09-11 15:15:18.080 62205 INFO tempest.lib.common.rest_client [req-6b3fd2e9-077c-4685-bf68-88d4898af766 req-6b3fd2e9-077c-4685-bf68-88d4898af766 ] Request (HostsAdminNegativeTestJSON:setUpClass): 204 PUT http://10.180.1.21/identity/v3/projects/bc97398bf5704d188a4d0f1630cca4ed/users/802765819bc94dbeb885ffc1d6c28097/roles/f68cca98f8ea4d44a2bbf922e0066fcb 0.164s
2024-09-11 15:15:18.081 62205 INFO tempest.lib.common.dynamic_creds [-] Dynamic test user 802765819bc94dbeb885ffc1d6c28097 is created with scope project and roles: ['member']
2024-09-11 15:15:18.081 62205 INFO tempest.lib.common.dynamic_creds [-] Acquired dynamic creds: credentials: Credentials: {'domain_id': 'default', 'domain_name': 'Default', 'username': 'tempest-HostsAdminNegativeTestJSON-664340878-project-member', 'project_domain_id': 'default', 'project_domain_name': 'Default', 'project_id': 'bc97398bf5704d188a4d0f1630cca4ed', 'project_name': 'tempest-HostsAdminNegativeTestJSON-664340878', 'tenant_id': 'bc97398bf5704d188a4d0f1630cca4ed', 'tenant_name': 'tempest-HostsAdminNegativeTestJSON-664340878', 'user_domain_id': 'default', 'user_domain_name': 'Default', 'user_id': '802765819bc94dbeb885ffc1d6c28097', 'system': None}, Network: None, Subnet: None, Router: None
2024-09-11 15:15:18.081 62205 INFO tempest.lib.common.dynamic_creds [-] Created isolated network resources for: credentials: Credentials: {'domain_id': 'default', 'domain_name': 'Default', 'username': 'tempest-HostsAdminNegativeTestJSON-664340878-project-member', 'project_domain_id': 'default', 'project_domain_name': 'Default', 'project_id': 'bc97398bf5704d188a4d0f1630cca4ed', 'project_name': 'tempest-HostsAdminNegativeTestJSON-664340878', 'tenant_id': 'bc97398bf5704d188a4d0f1630cca4ed', 'tenant_name': 'tempest-HostsAdminNegativeTestJSON-664340878', 'user_domain_id': 'default', 'user_domain_name': 'Default', 'user_id': '802765819bc94dbeb885ffc1d6c28097', 'system': None}, Network: None, Subnet: None, Router: None
2024-09-11 15:15:18.087 62255 INFO tempest.lib.common.rest_client [req-b094abb7-ddd5-452f-8457-ab825eaa10d9 req-b094abb7-ddd5-452f-8457-ab825eaa10d9 ] Request (FloatingIPsNegativeTestJSON:tearDownClass): 200 GET http://10.180.1.21:9696/networking/v2.0/security-groups?tenant_id=1649b5c4a42c49be819aa2a3b5566282&name=default 0.263s
2024-09-11 15:15:18.107 62237 INFO tempest.lib.common.rest_client [req-487dc464-91fb-4af2-94eb-afc2f43a94d9 req-487dc464-91fb-4af2-94eb-afc2f43a94d9 ] Request (ValidationResourcesFixture:setUp): 201 POST http://10.180.1.21:9696/networking/v2.0/security-groups 0.333s
2024-09-11 15:15:18.197 62230 INFO tempest.lib.common.rest_client [req-7f8a778d-43a8-4e5b-9d1e-0b0ea7057884 req-7f8a778d-43a8-4e5b-9d1e-0b0ea7057884 ] Request (QuotasAdminTestV236:setUpClass): 204 PUT http://10.180.1.21/identity/v3/projects/39ee2af751fa4b0b910d9e1c74888994/users/4300f7991c99496e9a05437e3942a2a0/roles/f68cca98f8ea4d44a2bbf922e0066fcb 0.146s
2024-09-11 15:15:18.198 62230 INFO tempest.lib.common.dynamic_creds [-] Dynamic test user 4300f7991c99496e9a05437e3942a2a0 is created with scope project and roles: ['member']
2024-09-11 15:15:18.198 62230 INFO tempest.lib.common.dynamic_creds [-] Acquired dynamic creds: credentials: Credentials: {'domain_id': 'default', 'domain_name': 'Default', 'username': 'tempest-QuotasAdminTestV236-1684680111-project-member', 'project_domain_id': 'default', 'project_domain_name': 'Default', 'project_id': '39ee2af751fa4b0b910d9e1c74888994', 'project_name': 'tempest-QuotasAdminTestV236-1684680111', 'tenant_id': '39ee2af751fa4b0b910d9e1c74888994', 'tenant_name': 'tempest-QuotasAdminTestV236-1684680111', 'user_domain_id': 'default', 'user_domain_name': 'Default', 'user_id': '4300f7991c99496e9a05437e3942a2a0', 'system': None}, Network: None, Subnet: None, Router: None
2024-09-11 15:15:18.198 62230 INFO tempest.lib.common.dynamic_creds [-] Created isolated network resources for: credentials: Credentials: {'domain_id': 'default', 'domain_name': 'Default', 'username': 'tempest-QuotasAdminTestV236-1684680111-project-member', 'project_domain_id': 'default', 'project_domain_name': 'Default', 'project_id': '39ee2af751fa4b0b910d9e1c74888994', 'project_name': 'tempest-QuotasAdminTestV236-1684680111', 'tenant_id': '39ee2af751fa4b0b910d9e1c74888994', 'tenant_name': 'tempest-QuotasAdminTestV236-1684680111', 'user_domain_id': 'default', 'user_domain_name': 'Default', 'user_id': '4300f7991c99496e9a05437e3942a2a0', 'system': None}, Network: None, Subnet: None, Router: None
2024-09-11 15:15:18.213 62203 INFO tempest.lib.common.rest_client [req-fc830d97-3f43-4ec9-8c20-0baf8ded6a01 req-fc830d97-3f43-4ec9-8c20-0baf8ded6a01 ] Request (ServerRescueTestJSONUnderV235:setUpClass): 201 POST http://10.180.1.21:9696/networking/v2.0/routers 2.707s
2024-09-11 15:15:18.235 62253 INFO tempest.lib.common.rest_client [req-ca62dd6f-f2a2-44fd-adcf-45dc521d4183 req-ca62dd6f-f2a2-44fd-adcf-45dc521d4183 ] Request (FlavorsExtraSpecsTestJSON:tearDownClass): 204 DELETE http://10.180.1.21/identity/v3/users/df0427b89619405da87875b5bdd1cfb1 0.238s
2024-09-11 15:15:18.235 62253 INFO tempest.lib.common.dynamic_creds [-] Deleting project and security group for project: f91267cd17dd4dbbb9e50664136d9021
2024-09-11 15:15:18.259 62251 INFO tempest.lib.common.rest_client [req-7add2cb1-4696-4fff-b889-c10d6cad68a5 req-7add2cb1-4696-4fff-b889-c10d6cad68a5 ] Request (ServerPasswordTestJSON:setUpClass): 201 POST http://10.180.1.21/identity/v3/auth/tokens 0.196s
2024-09-11 15:15:18.304 62223 INFO tempest.lib.common.rest_client [req-6962b2e6-e682-44a7-9138-2aa738b56580 req-6962b2e6-e682-44a7-9138-2aa738b56580 ] Request (VolumesAssistedSnapshotsTest:test_volume_assisted_snapshot_create_delete): 201 POST http://10.180.1.21:9696/networking/v2.0/floatingips 1.724s
