2024-09-11 15:17:24.492 62239 INFO tempest.lib.common.rest_client [req-c09b1353-8c88-43c9-8740-38b6ef19afb1 req-c09b1353-8c88-43c9-8740-38b6ef19afb1 ] Request (ServerActionsTestOtherA:setUpClass): 200 GET http://10.180.1.21/compute/v2.1/servers/f3ee940f-d1e2-4bfa-9c43-9bc596d01f84 0.116s
2024-09-11 15:17:24.521 62237 INFO tempest.lib.common.rest_client [req-a451c308-139b-4b46-ac8d-57ae89590a63 req-a451c308-139b-4b46-ac8d-57ae89590a63 ] Request (DeleteServersAdminTestJSON:test_admin_delete_servers_of_others): 200 GET http://10.180.1.21/compute/v2.1/servers/7dcce989-6f57-4896-9fbc-9d8cd25a2e38 0.103s
2024-09-11 15:17:24.546 62235 INFO tempest.lib.common.rest_client [req-5d1b9660-e26b-4a75-994e-55d1deb6dbe6 req-5d1b9660-e26b-4a75-994e-55d1deb6dbe6 ] Request (ServerActionsV293TestJSON:setUpClass): 200 GET http://10.180.1.21/compute/v2.1/servers/fa164cc8-30cd-4a45-86ab-3e4c0a8966fd 0.113s
2024-09-11 15:17:24.567 62193 INFO tempest.lib.common.rest_client [req-17ace67e-e202-4cb5-9137-344931100980 req-17ace67e-e202-4cb5-9137-344931100980 ] Request (ImagesTestJSON:test_create_image_from_stopped_server): 200 GET http://10.180.1.21/compute/v2.1/servers/c755aa01-ce4e-4e1d-8f0e-4015bbf67a49 0.101s
2024-09-11 15:17:24.590 62201 INFO tempest.lib.common.rest_client [req-3f032cc9-c08b-4ff7-8e47-1cf297a836b9 req-3f032cc9-c08b-4ff7-8e47-1cf297a836b9 ] Request (AttachInterfacesTestJSON:test_create_list_show_delete_interfaces_by_fixed_ip): 200 GET http://10.180.1.21/compute/v2.1/servers/e9d8c07d-5cf4-4179-9101-bc0102b35036 0.067s
2024-09-11 15:17:24.664 62233 INFO tempest.lib.common.rest_client [req-8d3b1fb4-ee10-44c8-930a-3a21b1c6583d req-8d3b1fb4-ee10-44c8-930a-3a21b1c6583d ] Request (SecurityGroupsTestJSON:test_list_security_groups_by_server): 200 GET http://10.180.1.21/compute/v2.1/servers/d8e725cb-5907-4f05-821c-1b7248dcd0a2 0.046s
2024-09-11 15:17:24.725 62231 INFO tempest.lib.common.rest_client [req-30f69191-b510-494a-b64c-38d9542e1e7d req-30f69191-b510-494a-b64c-38d9542e1e7d ] Request (ServersTestJSON:test_create_server_specify_multibyte_character_name): 200 GET http://10.180.1.21/compute/v2.1/servers/eb0e3a55-7089-4ec3-9739-1bcf35be368f 0.045s
2024-09-11 15:17:24.814 62216 INFO tempest.lib.common.rest_client [req-ffde14b6-3294-4978-8e31-3c00d118834a req-ffde14b6-3294-4978-8e31-3c00d118834a ] Request (InstanceActionsV221TestJSON:test_get_list_deleted_instance_actions): 200 GET http://10.180.1.21/compute/v2.1/servers/a6ea9660-7473-4b18-baa8-83c35c90c885 0.046s
2024-09-11 15:17:24.863 62207 INFO tempest.lib.common.rest_client [req-6b30f4b8-31d5-414d-932e-64a6fbf04607 req-6b30f4b8-31d5-414d-932e-64a6fbf04607 ] Request (ServerRescueTestJSON:setUpClass): 200 GET http://10.180.1.21/compute/v2.1/servers/58f72433-4821-4f20-9f20-b68e129fa3ae 0.046s
2024-09-11 15:17:24.874 62241 INFO tempest.lib.common.rest_client [req-83d23f5d-fa4a-41af-a637-619de4c9609c req-83d23f5d-fa4a-41af-a637-619de4c9609c ] Request (DeleteServersTestJSON:test_delete_active_server): 200 GET http://10.180.1.21/compute/v2.1/servers/c7f633d2-f2cd-4cef-a246-af736f420128 0.049s
2024-09-11 15:17:24.905 62246 INFO tempest.lib.common.rest_client [req-9e01a8be-e20a-40a6-aee4-1bd77e95759d req-9e01a8be-e20a-40a6-aee4-1bd77e95759d ] Request (ServersNegativeTestMultiTenantJSON:setUpClass): 200 GET http://10.180.1.21/compute/v2.1/servers/3557636a-9e02-4089-af8f-257db557e721 0.047s
2024-09-11 15:17:25.008 62243 INFO tempest.lib.common.rest_client [req-d1873ade-507c-47c5-a86f-e1270e8ba461 req-d1873ade-507c-47c5-a86f-e1270e8ba461 ] Request (ImagesNegativeTestJSON:test_create_image_from_deleted_server): 200 GET http://10.180.1.21/compute/v2.1/servers/8882b862-5d55-48a1-8aa3-39b6277685aa 0.047s
2024-09-11 15:17:25.045 62209 INFO tempest.lib.common.rest_client [req-8a6ddd5d-c52f-46c6-ba37-7186b7d52272 req-8a6ddd5d-c52f-46c6-ba37-7186b7d52272 ] Request (ServerDiagnosticsNegativeTest:test_get_server_diagnostics_by_non_admin): 200 GET http://10.180.1.21/compute/v2.1/servers/663e9bfc-20ca-49ca-96ef-c9e847de9d90 0.046s
2024-09-11 15:17:25.142 62205 INFO tempest.lib.common.rest_client [req-4a43d20a-7424-4815-95ed-ee8e8fc226fd req-4a43d20a-7424-4815-95ed-ee8e8fc226fd ] Request (ServerShowV254Test:test_rebuild_server): 200 GET http://10.180.1.21/compute/v2.1/servers/91a429a3-c148-445a-b5c1-b1aea6046d65 0.047s
2024-09-11 15:17:25.183 62221 INFO tempest.lib.common.rest_client [req-29741f14-83f5-4cb9-9a14-d3839c2f33cc req-29741f14-83f5-4cb9-9a14-d3839c2f33cc ] Request (ListServerFiltersTestJSON:setUpClass): 200 GET http://10.180.1.21/compute/v2.1/servers/295f76bc-6126-422f-b1e5-a0a3ca079a4b 0.047s
2024-09-11 15:17:25.225 62253 INFO tempest.lib.common.rest_client [req-7e60f75a-99f5-4801-a9cd-de13b82a99d0 req-7e60f75a-99f5-4801-a9cd-de13b82a99d0 ] Request (FloatingIPsAssociationNegativeTestJSON:setUpClass): 200 GET http://10.180.1.21/compute/v2.1/servers/c9ee4a96-aacf-4287-8ccc-eccc941627a2 0.045s
2024-09-11 15:17:25.263 62195 INFO tempest.lib.common.rest_client [req-382f8459-dc43-4bda-9319-73bc18ac3f41 req-382f8459-dc43-4bda-9319-73bc18ac3f41 ] Request (InstanceActionsNegativeTestJSON:setUpClass): 200 GET http://10.180.1.21/compute/v2.1/servers/76364a94-8b20-4316-a16d-31ea1f43a880 0.045s
2024-09-11 15:17:25.298 62249 INFO tempest.lib.common.rest_client [req-4cb205d9-4b3a-4509-a7b6-562e67953056 req-4cb205d9-4b3a-4509-a7b6-562e67953056 ] Request (ServersTestMultiNic:test_verify_duplicate_network_nics): 200 GET http://10.180.1.21/compute/v2.1/servers/da9b11b2-63db-4baa-a41e-eea08541b46f 0.047s
2024-09-11 15:17:25.312 62197 INFO tempest.lib.common.rest_client [req-399c358a-0322-4e36-b8b7-603ae397fff5 req-399c358a-0322-4e36-b8b7-603ae397fff5 ] Request (AttachVolumeTestJSON:test_list_get_volume_attachments): 200 GET http://10.180.1.21/compute/v2.1/servers/c193464f-18e2-4a7c-8a66-b3c3ed8a08f4 0.047s
2024-09-11 15:17:25.339 62199 INFO tempest.lib.common.rest_client [req-a2917198-5ae1-41b9-8829-bb173607aba2 req-a2917198-5ae1-41b9-8829-bb173607aba2 ] Request (ServerGroupTestJSON:test_create_server_with_scheduler_hint_group): 200 GET http://10.180.1.21/compute/v2.1/servers/1023a9bc-e542-4bb5-8a7d-0e03df424ab8 0.046s
2024-09-11 15:17:25.355 62225 INFO tempest.lib.common.rest_client [req-e9d01fcb-ae67-4693-95fa-14a3edc4ec42 req-e9d01fcb-ae67-4693-95fa-14a3edc4ec42 ] Request (MultipleCreateTestJSON:test_multiple_create_with_reservation_return): 200 GET http://10.180.1.21/compute/v2.1/servers/49b1afbf-89b6-4771-8198-b068cac53ac6 0.047s
2024-09-11 15:17:25.384 62230 INFO tempest.lib.common.rest_client [req-f361eb5b-d636-45a5-8850-6cf0ff4abba5 req-f361eb5b-d636-45a5-8850-6cf0ff4abba5 ] Request (ServerRescueNegativeTestJSON:setUpClass): 200 GET http://10.180.1.21/compute/v2.1/servers/d29718dd-98af-424c-9812-4fa919354c18 0.043s
2024-09-11 15:17:25.402 62219 INFO tempest.lib.common.rest_client [req-c0739aa4-0837-448f-876e-21ec360b99e3 req-c0739aa4-0837-448f-876e-21ec360b99e3 ] Request (ServersTestBootFromVolume:setUpClass): 200 GET http://10.180.1.21/compute/v2.1/servers/f8612d1d-45b0-4235-83f6-203c74bcefbd 0.045s
2024-09-11 15:17:25.435 62227 INFO tempest.lib.common.rest_client [req-51ae1e1e-44b6-4604-92c3-615381143f5d req-51ae1e1e-44b6-4604-92c3-615381143f5d ] Request (ServersAdminTestJSON:setUpClass): 200 GET http://10.180.1.21/compute/v2.1/servers/0ddd4a42-fc27-4394-9cfb-0ba5918d156b 0.047s
2024-09-11 15:17:25.447 62211 INFO tempest.lib.common.rest_client [req-aa9255bb-4dff-4cf7-b7d0-d99a4640d48c req-aa9255bb-4dff-4cf7-b7d0-d99a4640d48c ] Request (VolumesAdminNegativeTest:test_update_attached_volume_with_nonexistent_volume_in_uri): 200 GET http://10.180.1.21/compute/v2.1/servers/4c0f7172-91fc-4752-9f1e-670acb4ad52b 0.045s
2024-09-11 15:17:25.484 62217 INFO tempest.lib.common.rest_client [req-b144ac1d-1c0c-4c6a-9948-13bdccd8022e req-b144ac1d-1c0c-4c6a-9948-13bdccd8022e ] Request (ServerActionsTestOtherB:setUpClass): 200 GET http://10.180.1.21/compute/v2.1/servers/b64d1761-21d3-4b71-b339-c8aa0291a35e 0.052s
2024-09-11 15:17:25.501 62255 INFO tempest.lib.common.rest_client [req-6f0b85c1-a093-4c3f-a829-97997a3eeb3c req-6f0b85c1-a093-4c3f-a829-97997a3eeb3c ] Request (ServerMetadataNegativeTestJSON:setUpClass): 200 GET http://10.180.1.21/compute/v2.1/servers/6ef494c7-9677-4d99-ae7a-e2c8ab75e239 0.046s
2024-09-11 15:17:25.524 62223 INFO tempest.lib.common.rest_client [req-d70e0635-091d-4084-a319-791fd422c1e8 req-d70e0635-091d-4084-a319-791fd422c1e8 ] Request (MigrationsAdminTest:test_list_migrations_in_flavor_resize_situation): 200 GET http://10.180.1.21/compute/v2.1/servers/73ad7933-201c-4d1e-81bc-b042b8cca81d 0.044s
2024-09-11 15:17:25.543 62239 INFO tempest.lib.common.rest_client [req-0769a83a-c213-476a-ada3-c89fc813cf47 req-0769a83a-c213-476a-ada3-c89fc813cf47 ] Request (ServerActionsTestOtherA:setUpClass): 200 GET http://10.180.1.21/compute/v2.1/servers/f3ee940f-d1e2-4bfa-9c43-9bc596d01f84 0.044s
2024-09-11 15:17:25.570 62237 INFO tempest.lib.common.rest_client [req-ca073787-be4f-4580-bf6e-e58009d56a01 req-ca073787-be4f-4580-bf6e-e58009d56a01 ] Request (DeleteServersAdminTestJSON:test_admin_delete_servers_of_others): 200 GET http://10.180.1.21/compute/v2.1/servers/7dcce989-6f57-4896-9fbc-9d8cd25a2e38 0.043s
2024-09-11 15:17:25.605 62235 INFO tempest.lib.common.rest_client [req-ec07dc0c-cf23-422e-bac8-c020189e030e req-ec07dc0c-cf23-422e-bac8-c020189e030e ] Request (ServerActionsV293TestJSON:setUpClass): 200 GET http://10.180.1.21/compute/v2.1/servers/fa164cc8-30cd-4a45-86ab-3e4c0a8966fd 0.050s
2024-09-11 15:17:25.619 62193 INFO tempest.lib.common.rest_client [req-54ab02bf-22ad-4392-94cb-5fd1a4ed4bf1 req-54ab02bf-22ad-4392-94cb-5fd1a4ed4bf1 ] Request (ImagesTestJSON:test_create_image_from_stopped_server): 200 GET http://10.180.1.21/compute/v2.1/servers/c755aa01-ce4e-4e1d-8f0e-4015bbf67a49 0.045s
2024-09-11 15:17:25.648 62201 INFO tempest.lib.common.rest_client [req-bf78029e-306f-452a-8f2f-573cd3000665 req-bf78029e-306f-452a-8f2f-573cd3000665 ] Request (AttachInterfacesTestJSON:test_create_list_show_delete_interfaces_by_fixed_ip): 200 GET http://10.180.1.21/compute/v2.1/servers/e9d8c07d-5cf4-4179-9101-bc0102b35036 0.051s
2024-09-11 15:17:25.718 62233 INFO tempest.lib.common.rest_client [req-a46ae25e-8b1c-4dfb-bacf-1e5a4b60160b req-a46ae25e-8b1c-4dfb-bacf-1e5a4b60160b ] Request (SecurityGroupsTestJSON:test_list_security_groups_by_server): 200 GET http://10.180.1.21/compute/v2.1/servers/d8e725cb-5907-4f05-821c-1b7248dcd0a2 0.044s
2024-09-11 15:17:25.777 62231 INFO tempest.lib.common.rest_client [req-add6ac8f-2e5d-46d3-acd1-7e6e3fcdae72 req-add6ac8f-2e5d-46d3-acd1-7e6e3fcdae72 ] Request (ServersTestJSON:test_create_server_specify_multibyte_character_name): 200 GET http://10.180.1.21/compute/v2.1/servers/eb0e3a55-7089-4ec3-9739-1bcf35be368f 0.045s
2024-09-11 15:17:25.871 62216 INFO tempest.lib.common.rest_client [req-7a8e5657-a79e-4c50-bb8e-e94a69e4e45f req-7a8e5657-a79e-4c50-bb8e-e94a69e4e45f ] Request (InstanceActionsV221TestJSON:test_get_list_deleted_instance_actions): 200 GET http://10.180.1.21/compute/v2.1/servers/a6ea9660-7473-4b18-baa8-83c35c90c885 0.049s
2024-09-11 15:17:25.914 62207 INFO tempest.lib.common.rest_client [req-e7614812-d24a-430c-a54b-c878165abb1a req-e7614812-d24a-430c-a54b-c878165abb1a ] Request (ServerRescueTestJSON:setUpClass): 200 GET http://10.180.1.21/compute/v2.1/servers/58f72433-4821-4f20-9f20-b68e129fa3ae 0.044s
2024-09-11 15:17:25.927 62241 INFO tempest.lib.common.rest_client [req-d166fd8f-44ec-4c7e-b23e-53a12c489226 req-d166fd8f-44ec-4c7e-b23e-53a12c489226 ] Request (DeleteServersTestJSON:test_delete_active_server): 200 GET http://10.180.1.21/compute/v2.1/servers/c7f633d2-f2cd-4cef-a246-af736f420128 0.047s
2024-09-11 15:17:25.954 62246 INFO tempest.lib.common.rest_client [req-8bff5ec1-3a18-4964-90ce-ea8fb437f2e5 req-8bff5ec1-3a18-4964-90ce-ea8fb437f2e5 ] Request (ServersNegativeTestMultiTenantJSON:setUpClass): 200 GET http://10.180.1.21/compute/v2.1/servers/3557636a-9e02-4089-af8f-257db557e721 0.042s
2024-09-11 15:17:26.061 62243 INFO tempest.lib.common.rest_client [req-2094b0c7-f5f0-4101-bd54-1300bef94396 req-2094b0c7-f5f0-4101-bd54-1300bef94396 ] Request (ImagesNegativeTestJSON:test_create_image_from_deleted_server): 200 GET http://10.180.1.21/compute/v2.1/servers/8882b862-5d55-48a1-8aa3-39b6277685aa 0.046s
2024-09-11 15:17:26.097 62209 INFO tempest.lib.common.rest_client [req-69687b49-0b26-4ab3-bf7f-bffeaf55846b req-69687b49-0b26-4ab3-bf7f-bffeaf55846b ] Request (ServerDiagnosticsNegativeTest:test_get_server_diagnostics_by_non_admin): 200 GET http://10.180.1.21/compute/v2.1/servers/663e9bfc-20ca-49ca-96ef-c9e847de9d90 0.044s
2024-09-11 15:17:26.201 62205 INFO tempest.lib.common.rest_client [req-1166047d-d26c-4ba4-9a90-a8b0d1e7daf9 req-1166047d-d26c-4ba4-9a90-a8b0d1e7daf9 ] Request (ServerShowV254Test:test_rebuild_server): 200 GET http://10.180.1.21/compute/v2.1/servers/91a429a3-c148-445a-b5c1-b1aea6046d65 0.050s
2024-09-11 15:17:26.235 62221 INFO tempest.lib.common.rest_client [req-56bd99c6-97a9-403e-af2f-a7101fa2cbe9 req-56bd99c6-97a9-403e-af2f-a7101fa2cbe9 ] Request (ListServerFiltersTestJSON:setUpClass): 200 GET http://10.180.1.21/compute/v2.1/servers/295f76bc-6126-422f-b1e5-a0a3ca079a4b 0.046s
2024-09-11 15:17:26.279 62253 INFO tempest.lib.common.rest_client [req-d591bef2-719e-419c-84b8-8afe4237f54c req-d591bef2-719e-419c-84b8-8afe4237f54c ] Request (FloatingIPsAssociationNegativeTestJSON:setUpClass): 200 GET http://10.180.1.21/compute/v2.1/servers/c9ee4a96-aacf-4287-8ccc-eccc941627a2 0.047s
2024-09-11 15:17:26.313 62195 INFO tempest.lib.common.rest_client [req-52923c14-89eb-4e06-9273-fe7afbd45d75 req-52923c14-89eb-4e06-9273-fe7afbd45d75 ] Request (InstanceActionsNegativeTestJSON:setUpClass): 200 GET http://10.180.1.21/compute/v2.1/servers/76364a94-8b20-4316-a16d-31ea1f43a880 0.044s
2024-09-11 15:17:26.347 62249 INFO tempest.lib.common.rest_client [req-2be9f592-a7ce-458b-848b-5be26504a5a4 req-2be9f592-a7ce-458b-848b-5be26504a5a4 ] Request (ServersTestMultiNic:test_verify_duplicate_network_nics): 200 GET http://10.180.1.21/compute/v2.1/servers/da9b11b2-63db-4baa-a41e-eea08541b46f 0.042s
2024-09-11 15:17:26.362 62197 INFO tempest.lib.common.rest_client [req-b54e2886-abf6-4791-b7d2-7f98c47bdaf0 req-b54e2886-abf6-4791-b7d2-7f98c47bdaf0 ] Request (AttachVolumeTestJSON:test_list_get_volume_attachments): 200 GET http://10.180.1.21/compute/v2.1/servers/c193464f-18e2-4a7c-8a66-b3c3ed8a08f4 0.041s
2024-09-11 15:17:26.390 62199 INFO tempest.lib.common.rest_client [req-6addab72-c2ae-4963-af5c-67a1c229d487 req-6addab72-c2ae-4963-af5c-67a1c229d487 ] Request (ServerGroupTestJSON:test_create_server_with_scheduler_hint_group): 200 GET http://10.180.1.21/compute/v2.1/servers/1023a9bc-e542-4bb5-8a7d-0e03df424ab8 0.044s
2024-09-11 15:17:26.403 62225 INFO tempest.lib.common.rest_client [req-e29f5d1b-c052-447e-869c-0ece9ef5c62a req-e29f5d1b-c052-447e-869c-0ece9ef5c62a ] Request (MultipleCreateTestJSON:test_multiple_create_with_reservation_return): 200 GET http://10.180.1.21/compute/v2.1/servers/49b1afbf-89b6-4771-8198-b068cac53ac6 0.041s
2024-09-11 15:17:26.432 62230 INFO tempest.lib.common.rest_client [req-c55f6bc6-e978-48bb-8a0b-ff9e987b6bba req-c55f6bc6-e978-48bb-8a0b-ff9e987b6bba ] Request (ServerRescueNegativeTestJSON:setUpClass): 200 GET http://10.180.1.21/compute/v2.1/servers/d29718dd-98af-424c-9812-4fa919354c18 0.042s
2024-09-11 15:17:26.451 62219 INFO tempest.lib.common.rest_client [req-f77b1281-4ddd-4bd2-855a-bc77e257edfa req-f77b1281-4ddd-4bd2-855a-bc77e257edfa ] Request (ServersTestBootFromVolume:setUpClass): 200 GET http://10.180.1.21/compute/v2.1/servers/f8612d1d-45b0-4235-83f6-203c74bcefbd 0.042s
2024-09-11 15:17:26.482 62227 INFO tempest.lib.common.rest_client [req-a5e32632-7ce0-48e4-abe1-9abbd62b2075 req-a5e32632-7ce0-48e4-abe1-9abbd62b2075 ] Request (ServersAdminTestJSON:setUpClass): 200 GET http://10.180.1.21/compute/v2.1/servers/0ddd4a42-fc27-4394-9cfb-0ba5918d156b 0.040s
2024-09-11 15:17:26.499 62211 INFO tempest.lib.common.rest_client [req-e90a504a-a09c-4e2b-a047-c770a8b4fd75 req-e90a504a-a09c-4e2b-a047-c770a8b4fd75 ] Request (VolumesAdminNegativeTest:test_update_attached_volume_with_nonexistent_volume_in_uri): 200 GET http://10.180.1.21/compute/v2.1/servers/4c0f7172-91fc-4752-9f1e-670acb4ad52b 0.041s
2024-09-11 15:17:26.532 62217 INFO tempest.lib.common.rest_client [req-c2721c57-73ee-4c87-b558-dfa5ce0e0b30 req-c2721c57-73ee-4c87-b558-dfa5ce0e0b30 ] Request (ServerActionsTestOtherB:setUpClass): 200 GET http://10.180.1.21/compute/v2.1/servers/b64d1761-21d3-4b71-b339-c8aa0291a35e 0.041s
2024-09-11 15:17:26.551 62255 INFO tempest.lib.common.rest_client [req-cbfd4fb8-b3cd-4176-aeae-26ed98ee3d9b req-cbfd4fb8-b3cd-4176-aeae-26ed98ee3d9b ] Request (ServerMetadataNegativeTestJSON:setUpClass): 200 GET http://10.180.1.21/compute/v2.1/servers/6ef494c7-9677-4d99-ae7a-e2c8ab75e239 0.043s
2024-09-11 15:17:26.573 62223 INFO tempest.lib.common.rest_client [req-f4c08a32-c06c-420a-9f6e-4de631ba8bc7 req-f4c08a32-c06c-420a-9f6e-4de631ba8bc7 ] Request (MigrationsAdminTest:test_list_migrations_in_flavor_resize_situation): 200 GET http://10.180.1.21/compute/v2.1/servers/73ad7933-201c-4d1e-81bc-b042b8cca81d 0.042s
2024-09-11 15:17:26.592 62239 INFO tempest.lib.common.rest_client [req-ba91e643-3b0d-4986-997a-cdfbf9f62029 req-ba91e643-3b0d-4986-997a-cdfbf9f62029 ] Request (ServerActionsTestOtherA:setUpClass): 200 GET http://10.180.1.21/compute/v2.1/servers/f3ee940f-d1e2-4bfa-9c43-9bc596d01f84 0.043s
2024-09-11 15:17:26.618 62237 INFO tempest.lib.common.rest_client [req-ee50d634-ee46-4ffb-9a39-29a362c6831b req-ee50d634-ee46-4ffb-9a39-29a362c6831b ] Request (DeleteServersAdminTestJSON:test_admin_delete_servers_of_others): 200 GET http://10.180.1.21/compute/v2.1/servers/7dcce989-6f57-4896-9fbc-9d8cd25a2e38 0.040s
2024-09-11 15:17:26.664 62235 INFO tempest.lib.common.rest_client [req-22221058-2732-4454-b0c6-b4a559a18234 req-22221058-2732-4454-b0c6-b4a559a18234 ] Request (ServerActionsV293TestJSON:setUpClass): 200 GET http://10.180.1.21/compute/v2.1/servers/fa164cc8-30cd-4a45-86ab-3e4c0a8966fd 0.050s
2024-09-11 15:17:26.672 62193 INFO tempest.lib.common.rest_client [req-f06a60f8-20a2-473c-ba8d-286d67bd33c7 req-f06a60f8-20a2-473c-ba8d-286d67bd33c7 ] Request (ImagesTestJSON:test_create_image_from_stopped_server): 200 GET http://10.180.1.21/compute/v2.1/servers/c755aa01-ce4e-4e1d-8f0e-4015bbf67a49 0.046s
2024-09-11 15:17:26.706 62201 INFO tempest.lib.common.rest_client [req-ba7479be-74c5-4f43-928f-b25a436487ac req-ba7479be-74c5-4f43-928f-b25a436487ac ] Request (AttachInterfacesTestJSON:test_create_list_show_delete_interfaces_by_fixed_ip): 200 GET http://10.180.1.21/compute/v2.1/servers/e9d8c07d-5cf4-4179-9101-bc0102b35036 0.051s
2024-09-11 15:17:26.773 62233 INFO tempest.lib.common.rest_client [req-6130f0bc-b246-41df-acaf-d5859b21dbcf req-6130f0bc-b246-41df-acaf-d5859b21dbcf ] Request (SecurityGroupsTestJSON:test_list_security_groups_by_server): 200 GET http://10.180.1.21/compute/v2.1/servers/d8e725cb-5907-4f05-821c-1b7248dcd0a2 0.048s
2024-09-11 15:17:26.832 62231 INFO tempest.lib.common.rest_client [req-f4e85650-b88c-4416-a527-ff2935042b86 req-f4e85650-b88c-4416-a527-ff2935042b86 ] Request (ServersTestJSON:test_create_server_specify_multibyte_character_name): 200 GET http://10.180.1.21/compute/v2.1/servers/eb0e3a55-7089-4ec3-9739-1bcf35be368f 0.046s
2024-09-11 15:17:26.925 62216 INFO tempest.lib.common.rest_client [req-41e95bb2-3db9-48de-a607-960255ec4699 req-41e95bb2-3db9-48de-a607-960255ec4699 ] Request (InstanceActionsV221TestJSON:test_get_list_deleted_instance_actions): 200 GET http://10.180.1.21/compute/v2.1/servers/a6ea9660-7473-4b18-baa8-83c35c90c885 0.046s
2024-09-11 15:17:26.965 62207 INFO tempest.lib.common.rest_client [req-6d4bda01-3608-4903-9b8d-2b1ae0066eca req-6d4bda01-3608-4903-9b8d-2b1ae0066eca ] Request (ServerRescueTestJSON:setUpClass): 200 GET http://10.180.1.21/compute/v2.1/servers/58f72433-4821-4f20-9f20-b68e129fa3ae 0.044s
2024-09-11 15:17:26.984 62241 INFO tempest.lib.common.rest_client [req-7b028a35-c68a-442d-a64a-6eab03f64c9e req-7b028a35-c68a-442d-a64a-6eab03f64c9e ] Request (DeleteServersTestJSON:test_delete_active_server): 200 GET http://10.180.1.21/compute/v2.1/servers/c7f633d2-f2cd-4cef-a246-af736f420128 0.050s
2024-09-11 15:17:27.007 62246 INFO tempest.lib.common.rest_client [req-7abec1a8-5e29-44e7-a6c4-21428dcddc4c req-7abec1a8-5e29-44e7-a6c4-21428dcddc4c ] Request (ServersNegativeTestMultiTenantJSON:setUpClass): 200 GET http://10.180.1.21/compute/v2.1/servers/3557636a-9e02-4089-af8f-257db557e721 0.046s
2024-09-11 15:17:27.112 62243 INFO tempest.lib.common.rest_client [req-55f4b647-e440-4648-b8b2-5d30e81bffd1 req-55f4b647-e440-4648-b8b2-5d30e81bffd1 ] Request (ImagesNegativeTestJSON:test_create_image_from_deleted_server): 200 GET http://10.180.1.21/compute/v2.1/servers/8882b862-5d55-48a1-8aa3-39b6277685aa 0.044s
2024-09-11 15:17:27.149 62209 INFO tempest.lib.common.rest_client [req-93f05ae2-40a1-42e1-9c60-2cdb16d77739 req-93f05ae2-40a1-42e1-9c60-2cdb16d77739 ] Request (ServerDiagnosticsNegativeTest:test_get_server_diagnostics_by_non_admin): 200 GET http://10.180.1.21/compute/v2.1/servers/663e9bfc-20ca-49ca-96ef-c9e847de9d90 0.044s
2024-09-11 15:17:27.257 62205 INFO tempest.lib.common.rest_client [req-5f9c44be-9794-408b-9203-ffb2d4edd726 req-5f9c44be-9794-408b-9203-ffb2d4edd726 ] Request (ServerShowV254Test:test_rebuild_server): 200 GET http://10.180.1.21/compute/v2.1/servers/91a429a3-c148-445a-b5c1-b1aea6046d65 0.048s
2024-09-11 15:17:27.289 62221 INFO tempest.lib.common.rest_client [req-8cbc7700-1ea9-4a87-81fc-705d5168340d req-8cbc7700-1ea9-4a87-81fc-705d5168340d ] Request (ListServerFiltersTestJSON:setUpClass): 200 GET http://10.180.1.21/compute/v2.1/servers/295f76bc-6126-422f-b1e5-a0a3ca079a4b 0.047s
2024-09-11 15:17:27.334 62253 INFO tempest.lib.common.rest_client [req-08923f98-c42a-4100-b2b1-232caff8fbea req-08923f98-c42a-4100-b2b1-232caff8fbea ] Request (FloatingIPsAssociationNegativeTestJSON:setUpClass): 200 GET http://10.180.1.21/compute/v2.1/servers/c9ee4a96-aacf-4287-8ccc-eccc941627a2 0.048s
2024-09-11 15:17:27.366 62195 INFO tempest.lib.common.rest_client [req-a7469bea-0753-43b4-8310-8aa8ebc7d8a0 req-a7469bea-0753-43b4-8310-8aa8ebc7d8a0 ] Request (InstanceActionsNegativeTestJSON:setUpClass): 200 GET http://10.180.1.21/compute/v2.1/servers/76364a94-8b20-4316-a16d-31ea1f43a880 0.046s
2024-09-11 15:17:27.403 62249 INFO tempest.lib.common.rest_client [req-0c149d9c-be39-4fc9-a4ee-e85d1419747e req-0c149d9c-be39-4fc9-a4ee-e85d1419747e ] Request (ServersTestMultiNic:test_verify_duplicate_network_nics): 200 GET http://10.180.1.21/compute/v2.1/servers/da9b11b2-63db-4baa-a41e-eea08541b46f 0.048s
2024-09-11 15:17:27.416 62197 INFO tempest.lib.common.rest_client [req-b9a114ee-52d3-460c-b137-e9308665b69b req-b9a114ee-52d3-460c-b137-e9308665b69b ] Request (AttachVolumeTestJSON:test_list_get_volume_attachments): 200 GET http://10.180.1.21/compute/v2.1/servers/c193464f-18e2-4a7c-8a66-b3c3ed8a08f4 0.047s
2024-09-11 15:17:27.449 62199 INFO tempest.lib.common.rest_client [req-9b8b42e6-5901-4ce4-8564-07d36a788140 req-9b8b42e6-5901-4ce4-8564-07d36a788140 ] Request (ServerGroupTestJSON:test_create_server_with_scheduler_hint_group): 200 GET http://10.180.1.21/compute/v2.1/servers/1023a9bc-e542-4bb5-8a7d-0e03df424ab8 0.052s
2024-09-11 15:17:27.459 62225 INFO tempest.lib.common.rest_client [req-77ba470f-28a4-4445-947e-e107e0d5943a req-77ba470f-28a4-4445-947e-e107e0d5943a ] Request (MultipleCreateTestJSON:test_multiple_create_with_reservation_return): 200 GET http://10.180.1.21/compute/v2.1/servers/49b1afbf-89b6-4771-8198-b068cac53ac6 0.049s
2024-09-11 15:17:27.494 62230 INFO tempest.lib.common.rest_client [req-8f2f14f5-aa04-4b2d-85b0-eb62569246b7 req-8f2f14f5-aa04-4b2d-85b0-eb62569246b7 ] Request (ServerRescueNegativeTestJSON:setUpClass): 200 GET http://10.180.1.21/compute/v2.1/servers/d29718dd-98af-424c-9812-4fa919354c18 0.055s
2024-09-11 15:17:27.503 62219 INFO tempest.lib.common.rest_client [req-c5dfa1c7-d4e3-478d-ba28-890952505efc req-c5dfa1c7-d4e3-478d-ba28-890952505efc ] Request (ServersTestBootFromVolume:setUpClass): 200 GET http://10.180.1.21/compute/v2.1/servers/f8612d1d-45b0-4235-83f6-203c74bcefbd 0.045s
2024-09-11 15:17:27.536 62227 INFO tempest.lib.common.rest_client [req-c5991a29-8ef2-433b-bfcd-d92d3f98128a req-c5991a29-8ef2-433b-bfcd-d92d3f98128a ] Request (ServersAdminTestJSON:setUpClass): 200 GET http://10.180.1.21/compute/v2.1/servers/0ddd4a42-fc27-4394-9cfb-0ba5918d156b 0.046s
2024-09-11 15:17:27.550 62211 INFO tempest.lib.common.rest_client [req-288cd3ac-b141-4ed5-9059-38bedc935609 req-288cd3ac-b141-4ed5-9059-38bedc935609 ] Request (VolumesAdminNegativeTest:test_update_attached_volume_with_nonexistent_volume_in_uri): 200 GET http://10.180.1.21/compute/v2.1/servers/4c0f7172-91fc-4752-9f1e-670acb4ad52b 0.044s
2024-09-11 15:17:27.583 62217 INFO tempest.lib.common.rest_client [req-5207c022-8d05-4db9-8161-2d3bf312a6bd req-5207c022-8d05-4db9-8161-2d3bf312a6bd ] Request (ServerActionsTestOtherB:setUpClass): 200 GET http://10.180.1.21/compute/v2.1/servers/b64d1761-21d3-4b71-b339-c8aa0291a35e 0.044s
2024-09-11 15:17:27.602 62255 INFO tempest.lib.common.rest_client [req-691ef574-8e2f-4996-b5f7-84b57924b4e8 req-691ef574-8e2f-4996-b5f7-84b57924b4e8 ] Request (ServerMetadataNegativeTestJSON:setUpClass): 200 GET http://10.180.1.21/compute/v2.1/servers/6ef494c7-9677-4d99-ae7a-e2c8ab75e239 0.044s
2024-09-11 15:17:27.626 62223 INFO tempest.lib.common.rest_client [req-e48744e9-26ed-4f9a-b5f4-f72c64e7802c req-e48744e9-26ed-4f9a-b5f4-f72c64e7802c ] Request (MigrationsAdminTest:test_list_migrations_in_flavor_resize_situation): 200 GET http://10.180.1.21/compute/v2.1/servers/73ad7933-201c-4d1e-81bc-b042b8cca81d 0.046s
2024-09-11 15:17:27.643 62239 INFO tempest.lib.common.rest_client [req-d06f2649-ee15-432e-87c9-418a6783e299 req-d06f2649-ee15-432e-87c9-418a6783e299 ] Request (ServerActionsTestOtherA:setUpClass): 200 GET http://10.180.1.21/compute/v2.1/servers/f3ee940f-d1e2-4bfa-9c43-9bc596d01f84 0.044s
2024-09-11 15:17:27.668 62237 INFO tempest.lib.common.rest_client [req-c5b32733-44cc-4ed2-aa90-6287abb8d683 req-c5b32733-44cc-4ed2-aa90-6287abb8d683 ] Request (DeleteServersAdminTestJSON:test_admin_delete_servers_of_others): 200 GET http://10.180.1.21/compute/v2.1/servers/7dcce989-6f57-4896-9fbc-9d8cd25a2e38 0.042s
2024-09-11 15:17:27.720 62193 INFO tempest.lib.common.rest_client [req-1a41abcd-baea-4c42-ad78-913563c0ca73 req-1a41abcd-baea-4c42-ad78-913563c0ca73 ] Request (ImagesTestJSON:test_create_image_from_stopped_server): 200 GET http://10.180.1.21/compute/v2.1/servers/c755aa01-ce4e-4e1d-8f0e-4015bbf67a49 0.041s
2024-09-11 15:17:27.724 62235 INFO tempest.lib.common.rest_client [req-48d92c04-e7ce-494f-8ad3-7aa405f119fa req-48d92c04-e7ce-494f-8ad3-7aa405f119fa ] Request (ServerActionsV293TestJSON:setUpClass): 200 GET http://10.180.1.21/compute/v2.1/servers/fa164cc8-30cd-4a45-86ab-3e4c0a8966fd 0.051s
2024-09-11 15:17:27.760 62201 INFO tempest.lib.common.rest_client [req-508d5b10-95a0-4f79-8992-9723184e8c97 req-508d5b10-95a0-4f79-8992-9723184e8c97 ] Request (AttachInterfacesTestJSON:test_create_list_show_delete_interfaces_by_fixed_ip): 200 GET http://10.180.1.21/compute/v2.1/servers/e9d8c07d-5cf4-4179-9101-bc0102b35036 0.047s
2024-09-11 15:17:27.823 62233 INFO tempest.lib.common.rest_client [req-21549871-d8d4-4fc2-8e49-3c7454a5aa44 req-21549871-d8d4-4fc2-8e49-3c7454a5aa44 ] Request (SecurityGroupsTestJSON:test_list_security_groups_by_server): 200 GET http://10.180.1.21/compute/v2.1/servers/d8e725cb-5907-4f05-821c-1b7248dcd0a2 0.043s
2024-09-11 15:17:27.882 62231 INFO tempest.lib.common.rest_client [req-56cb1ed9-c96e-4585-8e11-1688a49be01d req-56cb1ed9-c96e-4585-8e11-1688a49be01d ] Request (ServersTestJSON:test_create_server_specify_multibyte_character_name): 200 GET http://10.180.1.21/compute/v2.1/servers/eb0e3a55-7089-4ec3-9739-1bcf35be368f 0.044s
2024-09-11 15:17:27.982 62216 INFO tempest.lib.common.rest_client [req-9fc6bce3-b992-4ea5-9c87-3410e4805023 req-9fc6bce3-b992-4ea5-9c87-3410e4805023 ] Request (InstanceActionsV221TestJSON:test_get_list_deleted_instance_actions): 200 GET http://10.180.1.21/compute/v2.1/servers/a6ea9660-7473-4b18-baa8-83c35c90c885 0.048s
2024-09-11 15:17:28.016 62207 INFO tempest.lib.common.rest_client [req-6fb9e0be-c70a-4e2d-b965-bf95185fe70b req-6fb9e0be-c70a-4e2d-b965-bf95185fe70b ] Request (ServerRescueTestJSON:setUpClass): 200 GET http://10.180.1.21/compute/v2.1/servers/58f72433-4821-4f20-9f20-b68e129fa3ae 0.044s
2024-09-11 15:17:28.041 62241 INFO tempest.lib.common.rest_client [req-424a03d2-0b82-43fb-b3d8-0c79435920f3 req-424a03d2-0b82-43fb-b3d8-0c79435920f3 ] Request (DeleteServersTestJSON:test_delete_active_server): 200 GET http://10.180.1.21/compute/v2.1/servers/c7f633d2-f2cd-4cef-a246-af736f420128 0.050s
2024-09-11 15:17:28.059 62246 INFO tempest.lib.common.rest_client [req-e9bff182-ccdf-45e5-942f-36ee5f7b3e1d req-e9bff182-ccdf-45e5-942f-36ee5f7b3e1d ] Request (ServersNegativeTestMultiTenantJSON:setUpClass): 200 GET http://10.180.1.21/compute/v2.1/servers/3557636a-9e02-4089-af8f-257db557e721 0.047s
2024-09-11 15:17:28.165 62243 INFO tempest.lib.common.rest_client [req-9068d587-6e0e-4c6b-a4a0-32410c2dba92 req-9068d587-6e0e-4c6b-a4a0-32410c2dba92 ] Request (ImagesNegativeTestJSON:test_create_image_from_deleted_server): 200 GET http://10.180.1.21/compute/v2.1/servers/8882b862-5d55-48a1-8aa3-39b6277685aa 0.045s
2024-09-11 15:17:28.201 62209 INFO tempest.lib.common.rest_client [req-e408963c-18aa-4d6d-88f4-0900f7ecdc60 req-e408963c-18aa-4d6d-88f4-0900f7ecdc60 ] Request (ServerDiagnosticsNegativeTest:test_get_server_diagnostics_by_non_admin): 200 GET http://10.180.1.21/compute/v2.1/servers/663e9bfc-20ca-49ca-96ef-c9e847de9d90 0.045s
2024-09-11 15:17:28.316 62205 INFO tempest.lib.common.rest_client [req-a1263770-f6d3-426b-b2dc-f0e80df0d7a1 req-a1263770-f6d3-426b-b2dc-f0e80df0d7a1 ] Request (ServerShowV254Test:test_rebuild_server): 200 GET http://10.180.1.21/compute/v2.1/servers/91a429a3-c148-445a-b5c1-b1aea6046d65 0.050s
2024-09-11 15:17:28.342 62221 INFO tempest.lib.common.rest_client [req-7ed1a257-5da2-49ab-b403-f693406774c9 req-7ed1a257-5da2-49ab-b403-f693406774c9 ] Request (ListServerFiltersTestJSON:setUpClass): 200 GET http://10.180.1.21/compute/v2.1/servers/295f76bc-6126-422f-b1e5-a0a3ca079a4b 0.045s
2024-09-11 15:17:28.386 62253 INFO tempest.lib.common.rest_client [req-e0539106-fdc1-42c0-8c8d-a70de92cdcde req-e0539106-fdc1-42c0-8c8d-a70de92cdcde ] Request (FloatingIPsAssociationNegativeTestJSON:setUpClass): 200 GET http://10.180.1.21/compute/v2.1/servers/c9ee4a96-aacf-4287-8ccc-eccc941627a2 0.045s
2024-09-11 15:17:28.421 62195 INFO tempest.lib.common.rest_client [req-ad530a87-9056-4226-a4cb-0bde36693895 req-ad530a87-9056-4226-a4cb-0bde36693895 ] Request (InstanceActionsNegativeTestJSON:setUpClass): 200 GET http://10.180.1.21/compute/v2.1/servers/76364a94-8b20-4316-a16d-31ea1f43a880 0.043s
2024-09-11 15:17:28.456 62249 INFO tempest.lib.common.rest_client [req-b8482989-1684-4302-b328-ab8783170231 req-b8482989-1684-4302-b328-ab8783170231 ] Request (ServersTestMultiNic:test_verify_duplicate_network_nics): 200 GET http://10.180.1.21/compute/v2.1/servers/da9b11b2-63db-4baa-a41e-eea08541b46f 0.046s
2024-09-11 15:17:28.468 62197 INFO tempest.lib.common.rest_client [req-3a2a00ce-2f16-40f2-88a9-d228acc03549 req-3a2a00ce-2f16-40f2-88a9-d228acc03549 ] Request (AttachVolumeTestJSON:test_list_get_volume_attachments): 200 GET http://10.180.1.21/compute/v2.1/servers/c193464f-18e2-4a7c-8a66-b3c3ed8a08f4 0.043s
2024-09-11 15:17:28.501 62199 INFO tempest.lib.common.rest_client [req-5927291c-cd51-4420-af58-7490c576a629 req-5927291c-cd51-4420-af58-7490c576a629 ] Request (ServerGroupTestJSON:test_create_server_with_scheduler_hint_group): 200 GET http://10.180.1.21/compute/v2.1/servers/1023a9bc-e542-4bb5-8a7d-0e03df424ab8 0.044s
2024-09-11 15:17:28.513 62225 INFO tempest.lib.common.rest_client [req-1b8329da-681d-446d-aca5-65bbd736a647 req-1b8329da-681d-446d-aca5-65bbd736a647 ] Request (MultipleCreateTestJSON:test_multiple_create_with_reservation_return): 200 GET http://10.180.1.21/compute/v2.1/servers/49b1afbf-89b6-4771-8198-b068cac53ac6 0.046s
2024-09-11 15:17:28.546 62230 INFO tempest.lib.common.rest_client [req-f9ecab3c-dfbf-446f-a57c-208ec55fed53 req-f9ecab3c-dfbf-446f-a57c-208ec55fed53 ] Request (ServerRescueNegativeTestJSON:setUpClass): 200 GET http://10.180.1.21/compute/v2.1/servers/d29718dd-98af-424c-9812-4fa919354c18 0.045s
2024-09-11 15:17:28.558 62219 INFO tempest.lib.common.rest_client [req-e068a91b-fb66-4115-95d4-1ce113ea44af req-e068a91b-fb66-4115-95d4-1ce113ea44af ] Request (ServersTestBootFromVolume:setUpClass): 200 GET http://10.180.1.21/compute/v2.1/servers/f8612d1d-45b0-4235-83f6-203c74bcefbd 0.048s
2024-09-11 15:17:28.588 62227 INFO tempest.lib.common.rest_client [req-9922ec1f-3fc3-4d66-bef0-f4b8eda271de req-9922ec1f-3fc3-4d66-bef0-f4b8eda271de ] Request (ServersAdminTestJSON:setUpClass): 200 GET http://10.180.1.21/compute/v2.1/servers/0ddd4a42-fc27-4394-9cfb-0ba5918d156b 0.044s
2024-09-11 15:17:28.600 62211 INFO tempest.lib.common.rest_client [req-43999534-922c-4679-8dc0-904cad621bde req-43999534-922c-4679-8dc0-904cad621bde ] Request (VolumesAdminNegativeTest:test_update_attached_volume_with_nonexistent_volume_in_uri): 200 GET http://10.180.1.21/compute/v2.1/servers/4c0f7172-91fc-4752-9f1e-670acb4ad52b 0.043s
2024-09-11 15:17:28.636 62217 INFO tempest.lib.common.rest_client [req-9086db43-0b5e-4108-b135-ca5f634356d8 req-9086db43-0b5e-4108-b135-ca5f634356d8 ] Request (ServerActionsTestOtherB:setUpClass): 200 GET http://10.180.1.21/compute/v2.1/servers/b64d1761-21d3-4b71-b339-c8aa0291a35e 0.045s
2024-09-11 15:17:28.653 62255 INFO tempest.lib.common.rest_client [req-20c6cc16-bd6d-4bf8-8f37-a44035578af9 req-20c6cc16-bd6d-4bf8-8f37-a44035578af9 ] Request (ServerMetadataNegativeTestJSON:setUpClass): 200 GET http://10.180.1.21/compute/v2.1/servers/6ef494c7-9677-4d99-ae7a-e2c8ab75e239 0.044s
2024-09-11 15:17:28.679 62223 INFO tempest.lib.common.rest_client [req-93b19fe7-2198-4786-a4d6-8f2feda6d1b1 req-93b19fe7-2198-4786-a4d6-8f2feda6d1b1 ] Request (MigrationsAdminTest:test_list_migrations_in_flavor_resize_situation): 200 GET http://10.180.1.21/compute/v2.1/servers/73ad7933-201c-4d1e-81bc-b042b8cca81d 0.045s
2024-09-11 15:17:28.695 62239 INFO tempest.lib.common.rest_client [req-374fed6a-930d-4f79-8d00-b618f37fe5fd req-374fed6a-930d-4f79-8d00-b618f37fe5fd ] Request (ServerActionsTestOtherA:setUpClass): 200 GET http://10.180.1.21/compute/v2.1/servers/f3ee940f-d1e2-4bfa-9c43-9bc596d01f84 0.046s
2024-09-11 15:17:28.718 62237 INFO tempest.lib.common.rest_client [req-9f40964d-2c5d-4b74-b299-2921e8aae387 req-9f40964d-2c5d-4b74-b299-2921e8aae387 ] Request (DeleteServersAdminTestJSON:test_admin_delete_servers_of_others): 200 GET http://10.180.1.21/compute/v2.1/servers/7dcce989-6f57-4896-9fbc-9d8cd25a2e38 0.043s
2024-09-11 15:17:28.770 62193 INFO tempest.lib.common.rest_client [req-35b15287-808f-4970-9cc9-a8b7b1ca96e5 req-35b15287-808f-4970-9cc9-a8b7b1ca96e5 ] Request (ImagesTestJSON:test_create_image_from_stopped_server): 200 GET http://10.180.1.21/compute/v2.1/servers/c755aa01-ce4e-4e1d-8f0e-4015bbf67a49 0.042s
2024-09-11 15:17:28.780 62235 INFO tempest.lib.common.rest_client [req-2ca55957-aaad-440c-9304-35dcff50b6d9 req-2ca55957-aaad-440c-9304-35dcff50b6d9 ] Request (ServerActionsV293TestJSON:setUpClass): 200 GET http://10.180.1.21/compute/v2.1/servers/fa164cc8-30cd-4a45-86ab-3e4c0a8966fd 0.047s
2024-09-11 15:17:28.809 62201 INFO tempest.lib.common.rest_client [req-1e358016-c121-4146-a27f-272a756fffcc req-1e358016-c121-4146-a27f-272a756fffcc ] Request (AttachInterfacesTestJSON:test_create_list_show_delete_interfaces_by_fixed_ip): 200 GET http://10.180.1.21/compute/v2.1/servers/e9d8c07d-5cf4-4179-9101-bc0102b35036 0.042s
2024-09-11 15:17:28.875 62233 INFO tempest.lib.common.rest_client [req-7bf929fa-7417-4252-99d4-11da91a53a31 req-7bf929fa-7417-4252-99d4-11da91a53a31 ] Request (SecurityGroupsTestJSON:test_list_security_groups_by_server): 200 GET http://10.180.1.21/compute/v2.1/servers/d8e725cb-5907-4f05-821c-1b7248dcd0a2 0.045s
2024-09-11 15:17:28.937 62231 INFO tempest.lib.common.rest_client [req-e9aec211-3c6b-4919-8aa2-8dd1958cea1e req-e9aec211-3c6b-4919-8aa2-8dd1958cea1e ] Request (ServersTestJSON:test_create_server_specify_multibyte_character_name): 200 GET http://10.180.1.21/compute/v2.1/servers/eb0e3a55-7089-4ec3-9739-1bcf35be368f 0.047s
2024-09-11 15:17:29.036 62216 INFO tempest.lib.common.rest_client [req-8a4818bd-dd6e-45d4-aaec-dea2d84722d9 req-8a4818bd-dd6e-45d4-aaec-dea2d84722d9 ] Request (InstanceActionsV221TestJSON:test_get_list_deleted_instance_actions): 200 GET http://10.180.1.21/compute/v2.1/servers/a6ea9660-7473-4b18-baa8-83c35c90c885 0.046s
2024-09-11 15:17:29.072 62207 INFO tempest.lib.common.rest_client [req-191a6f9d-f8fd-4370-a8b3-77eadef92a5b req-191a6f9d-f8fd-4370-a8b3-77eadef92a5b ] Request (ServerRescueTestJSON:setUpClass): 200 GET http://10.180.1.21/compute/v2.1/servers/58f72433-4821-4f20-9f20-b68e129fa3ae 0.047s
2024-09-11 15:17:29.112 62241 INFO tempest.lib.common.rest_client [req-ae929a1c-54cd-47e5-bf2d-eede2850cae2 req-ae929a1c-54cd-47e5-bf2d-eede2850cae2 ] Request (DeleteServersTestJSON:test_delete_active_server): 200 GET http://10.180.1.21/compute/v2.1/servers/c7f633d2-f2cd-4cef-a246-af736f420128 0.063s
2024-09-11 15:17:29.120 62246 INFO tempest.lib.common.rest_client [req-538eeaff-0753-4406-bcaa-053ad5b826d6 req-538eeaff-0753-4406-bcaa-053ad5b826d6 ] Request (ServersNegativeTestMultiTenantJSON:setUpClass): 200 GET http://10.180.1.21/compute/v2.1/servers/3557636a-9e02-4089-af8f-257db557e721 0.053s
2024-09-11 15:17:29.217 62243 INFO tempest.lib.common.rest_client [req-b20455f8-9737-4c6a-9055-55ac29e66ccc req-b20455f8-9737-4c6a-9055-55ac29e66ccc ] Request (ImagesNegativeTestJSON:test_create_image_from_deleted_server): 200 GET http://10.180.1.21/compute/v2.1/servers/8882b862-5d55-48a1-8aa3-39b6277685aa 0.045s
2024-09-11 15:17:29.256 62209 INFO tempest.lib.common.rest_client [req-1071da3d-b25f-4a0e-b1fd-b1bebf0915aa req-1071da3d-b25f-4a0e-b1fd-b1bebf0915aa ] Request (ServerDiagnosticsNegativeTest:test_get_server_diagnostics_by_non_admin): 200 GET http://10.180.1.21/compute/v2.1/servers/663e9bfc-20ca-49ca-96ef-c9e847de9d90 0.048s
2024-09-11 15:17:29.372 62205 INFO tempest.lib.common.rest_client [req-347cdafc-da16-4a27-b980-8e321ae5a2f3 req-347cdafc-da16-4a27-b980-8e321ae5a2f3 ] Request (ServerShowV254Test:test_rebuild_server): 200 GET http://10.180.1.21/compute/v2.1/servers/91a429a3-c148-445a-b5c1-b1aea6046d65 0.047s
2024-09-11 15:17:29.395 62221 INFO tempest.lib.common.rest_client [req-e25d2733-72ca-4bda-bcd4-81ea45ae3c51 req-e25d2733-72ca-4bda-bcd4-81ea45ae3c51 ] Request (ListServerFiltersTestJSON:setUpClass): 200 GET http://10.180.1.21/compute/v2.1/servers/295f76bc-6126-422f-b1e5-a0a3ca079a4b 0.046s
2024-09-11 15:17:29.442 62253 INFO tempest.lib.common.rest_client [req-0134bb87-4a6d-4ce4-a3de-3f3f434497fc req-0134bb87-4a6d-4ce4-a3de-3f3f434497fc ] Request (FloatingIPsAssociationNegativeTestJSON:setUpClass): 200 GET http://10.180.1.21/compute/v2.1/servers/c9ee4a96-aacf-4287-8ccc-eccc941627a2 0.049s
2024-09-11 15:17:29.474 62195 INFO tempest.lib.common.rest_client [req-e925e3c7-0e2b-44f0-9b87-f64821930edb req-e925e3c7-0e2b-44f0-9b87-f64821930edb ] Request (InstanceActionsNegativeTestJSON:setUpClass): 200 GET http://10.180.1.21/compute/v2.1/servers/76364a94-8b20-4316-a16d-31ea1f43a880 0.046s
2024-09-11 15:17:29.509 62249 INFO tempest.lib.common.rest_client [req-2b144dd7-466a-4d9c-9227-e482e03550ca req-2b144dd7-466a-4d9c-9227-e482e03550ca ] Request (ServersTestMultiNic:test_verify_duplicate_network_nics): 200 GET http://10.180.1.21/compute/v2.1/servers/da9b11b2-63db-4baa-a41e-eea08541b46f 0.046s
2024-09-11 15:17:29.518 62197 INFO tempest.lib.common.rest_client [req-04048471-b7f9-434c-8209-e544ce5388ad req-04048471-b7f9-434c-8209-e544ce5388ad ] Request (AttachVolumeTestJSON:test_list_get_volume_attachments): 200 GET http://10.180.1.21/compute/v2.1/servers/c193464f-18e2-4a7c-8a66-b3c3ed8a08f4 0.044s
2024-09-11 15:17:29.553 62199 INFO tempest.lib.common.rest_client [req-f5bce15b-d98d-42c9-9d80-7f4964b9da2b req-f5bce15b-d98d-42c9-9d80-7f4964b9da2b ] Request (ServerGroupTestJSON:test_create_server_with_scheduler_hint_group): 200 GET http://10.180.1.21/compute/v2.1/servers/1023a9bc-e542-4bb5-8a7d-0e03df424ab8 0.043s
2024-09-11 15:17:29.563 62225 INFO tempest.lib.common.rest_client [req-52d8a07e-7108-4398-9f9c-54484f41ebc4 req-52d8a07e-7108-4398-9f9c-54484f41ebc4 ] Request (MultipleCreateTestJSON:test_multiple_create_with_reservation_return): 200 GET http://10.180.1.21/compute/v2.1/servers/49b1afbf-89b6-4771-8198-b068cac53ac6 0.043s
2024-09-11 15:17:29.597 62230 INFO tempest.lib.common.rest_client [req-812d79d3-ae73-4e77-8d99-059ffe3e3c2c req-812d79d3-ae73-4e77-8d99-059ffe3e3c2c ] Request (ServerRescueNegativeTestJSON:setUpClass): 200 GET http://10.180.1.21/compute/v2.1/servers/d29718dd-98af-424c-9812-4fa919354c18 0.044s
2024-09-11 15:17:29.606 62219 INFO tempest.lib.common.rest_client [req-b1d90e82-cd93-46ef-bc63-3dd665d03110 req-b1d90e82-cd93-46ef-bc63-3dd665d03110 ] Request (ServersTestBootFromVolume:setUpClass): 200 GET http://10.180.1.21/compute/v2.1/servers/f8612d1d-45b0-4235-83f6-203c74bcefbd 0.041s
2024-09-11 15:17:29.639 62227 INFO tempest.lib.common.rest_client [req-8b476154-813f-4bff-bf36-24e9344f8bf1 req-8b476154-813f-4bff-bf36-24e9344f8bf1 ] Request (ServersAdminTestJSON:setUpClass): 200 GET http://10.180.1.21/compute/v2.1/servers/0ddd4a42-fc27-4394-9cfb-0ba5918d156b 0.044s
2024-09-11 15:17:29.650 62211 INFO tempest.lib.common.rest_client [req-faba0112-7bb9-44fe-94f4-5a87f0ee72ea req-faba0112-7bb9-44fe-94f4-5a87f0ee72ea ] Request (VolumesAdminNegativeTest:test_update_attached_volume_with_nonexistent_volume_in_uri): 200 GET http://10.180.1.21/compute/v2.1/servers/4c0f7172-91fc-4752-9f1e-670acb4ad52b 0.043s
2024-09-11 15:17:29.690 62217 INFO tempest.lib.common.rest_client [req-6d1702f8-463e-4582-81fd-93be905738fb req-6d1702f8-463e-4582-81fd-93be905738fb ] Request (ServerActionsTestOtherB:setUpClass): 200 GET http://10.180.1.21/compute/v2.1/servers/b64d1761-21d3-4b71-b339-c8aa0291a35e 0.045s
2024-09-11 15:17:29.706 62255 INFO tempest.lib.common.rest_client [req-c74325cf-6c97-4ba5-86e2-007d36fd750b req-c74325cf-6c97-4ba5-86e2-007d36fd750b ] Request (ServerMetadataNegativeTestJSON:setUpClass): 200 GET http://10.180.1.21/compute/v2.1/servers/6ef494c7-9677-4d99-ae7a-e2c8ab75e239 0.045s
2024-09-11 15:17:29.734 62223 INFO tempest.lib.common.rest_client [req-a84e212b-b587-4adb-8cda-d3dbe5036129 req-a84e212b-b587-4adb-8cda-d3dbe5036129 ] Request (MigrationsAdminTest:test_list_migrations_in_flavor_resize_situation): 200 GET http://10.180.1.21/compute/v2.1/servers/73ad7933-201c-4d1e-81bc-b042b8cca81d 0.048s
2024-09-11 15:17:29.749 62239 INFO tempest.lib.common.rest_client [req-b5f472ea-00e3-4764-9b4d-649723bcd625 req-b5f472ea-00e3-4764-9b4d-649723bcd625 ] Request (ServerActionsTestOtherA:setUpClass): 200 GET http://10.180.1.21/compute/v2.1/servers/f3ee940f-d1e2-4bfa-9c43-9bc596d01f84 0.047s
2024-09-11 15:17:29.773 62237 INFO tempest.lib.common.rest_client [req-88e5a43d-5e57-4902-a2d2-02ec970943e5 req-88e5a43d-5e57-4902-a2d2-02ec970943e5 ] Request (DeleteServersAdminTestJSON:test_admin_delete_servers_of_others): 200 GET http://10.180.1.21/compute/v2.1/servers/7dcce989-6f57-4896-9fbc-9d8cd25a2e38 0.048s
2024-09-11 15:17:29.823 62193 INFO tempest.lib.common.rest_client [req-3fa09578-3e1f-4c5c-96af-06c231b7923d req-3fa09578-3e1f-4c5c-96af-06c231b7923d ] Request (ImagesTestJSON:test_create_image_from_stopped_server): 200 GET http://10.180.1.21/compute/v2.1/servers/c755aa01-ce4e-4e1d-8f0e-4015bbf67a49 0.046s
2024-09-11 15:17:29.835 62235 INFO tempest.lib.common.rest_client [req-e5d2b787-5663-45d6-8e8a-3db08d6b43f2 req-e5d2b787-5663-45d6-8e8a-3db08d6b43f2 ] Request (ServerActionsV293TestJSON:setUpClass): 200 GET http://10.180.1.21/compute/v2.1/servers/fa164cc8-30cd-4a45-86ab-3e4c0a8966fd 0.046s
2024-09-11 15:17:29.863 62201 INFO tempest.lib.common.rest_client [req-b638fc8c-f1e2-49ab-8fe0-bf46306d49db req-b638fc8c-f1e2-49ab-8fe0-bf46306d49db ] Request (AttachInterfacesTestJSON:test_create_list_show_delete_interfaces_by_fixed_ip): 200 GET http://10.180.1.21/compute/v2.1/servers/e9d8c07d-5cf4-4179-9101-bc0102b35036 0.048s
2024-09-11 15:17:29.925 62233 INFO tempest.lib.common.rest_client [req-c3180a29-9bf4-4bc3-aba9-e0d24681c203 req-c3180a29-9bf4-4bc3-aba9-e0d24681c203 ] Request (SecurityGroupsTestJSON:test_list_security_groups_by_server): 200 GET http://10.180.1.21/compute/v2.1/servers/d8e725cb-5907-4f05-821c-1b7248dcd0a2 0.043s
2024-09-11 15:17:29.987 62231 INFO tempest.lib.common.rest_client [req-27096d85-d47e-439c-ad05-d6c6a834f94c req-27096d85-d47e-439c-ad05-d6c6a834f94c ] Request (ServersTestJSON:test_create_server_specify_multibyte_character_name): 200 GET http://10.180.1.21/compute/v2.1/servers/eb0e3a55-7089-4ec3-9739-1bcf35be368f 0.043s
2024-09-11 15:17:30.090 62216 INFO tempest.lib.common.rest_client [req-c59ec7a8-9166-4c19-9e4c-1a22d967a09e req-c59ec7a8-9166-4c19-9e4c-1a22d967a09e ] Request (InstanceActionsV221TestJSON:test_get_list_deleted_instance_actions): 200 GET http://10.180.1.21/compute/v2.1/servers/a6ea9660-7473-4b18-baa8-83c35c90c885 0.046s
2024-09-11 15:17:30.124 62207 INFO tempest.lib.common.rest_client [req-289b4a7d-252b-47df-89b7-5fbcefef3eea req-289b4a7d-252b-47df-89b7-5fbcefef3eea ] Request (ServerRescueTestJSON:setUpClass): 200 GET http://10.180.1.21/compute/v2.1/servers/58f72433-4821-4f20-9f20-b68e129fa3ae 0.045s
2024-09-11 15:17:30.170 62241 INFO tempest.lib.common.rest_client [req-9358dd00-9374-4b67-9554-9e00a1bb24b0 req-9358dd00-9374-4b67-9554-9e00a1bb24b0 ] Request (DeleteServersTestJSON:test_delete_active_server): 200 GET http://10.180.1.21/compute/v2.1/servers/c7f633d2-f2cd-4cef-a246-af736f420128 0.051s
2024-09-11 15:17:30.172 62246 INFO tempest.lib.common.rest_client [req-12c215ed-347d-457a-94f1-642a32fcd994 req-12c215ed-347d-457a-94f1-642a32fcd994 ] Request (ServersNegativeTestMultiTenantJSON:setUpClass): 200 GET http://10.180.1.21/compute/v2.1/servers/3557636a-9e02-4089-af8f-257db557e721 0.045s
2024-09-11 15:17:30.275 62243 INFO tempest.lib.common.rest_client [req-f78a6209-aa00-4527-9e3b-55ceafd45401 req-f78a6209-aa00-4527-9e3b-55ceafd45401 ] Request (ImagesNegativeTestJSON:test_create_image_from_deleted_server): 200 GET http://10.180.1.21/compute/v2.1/servers/8882b862-5d55-48a1-8aa3-39b6277685aa 0.050s
2024-09-11 15:17:30.308 62209 INFO tempest.lib.common.rest_client [req-cfa2494e-5754-4224-a08d-5eaf22e5e027 req-cfa2494e-5754-4224-a08d-5eaf22e5e027 ] Request (ServerDiagnosticsNegativeTest:test_get_server_diagnostics_by_non_admin): 200 GET http://10.180.1.21/compute/v2.1/servers/663e9bfc-20ca-49ca-96ef-c9e847de9d90 0.046s
2024-09-11 15:17:30.432 62205 INFO tempest.lib.common.rest_client [req-d8f64d9f-8f4f-4f34-a84e-749a00bf1d20 req-d8f64d9f-8f4f-4f34-a84e-749a00bf1d20 ] Request (ServerShowV254Test:test_rebuild_server): 200 GET http://10.180.1.21/compute/v2.1/servers/91a429a3-c148-445a-b5c1-b1aea6046d65 0.051s
2024-09-11 15:17:30.455 62221 INFO tempest.lib.common.rest_client [req-b00da2f4-7e93-4840-9620-f2e489f8982a req-b00da2f4-7e93-4840-9620-f2e489f8982a ] Request (ListServerFiltersTestJSON:setUpClass): 200 GET http://10.180.1.21/compute/v2.1/servers/295f76bc-6126-422f-b1e5-a0a3ca079a4b 0.053s
2024-09-11 15:17:30.504 62253 INFO tempest.lib.common.rest_client [req-cc036acd-d98c-466f-b28c-89e12191b607 req-cc036acd-d98c-466f-b28c-89e12191b607 ] Request (FloatingIPsAssociationNegativeTestJSON:setUpClass): 200 GET http://10.180.1.21/compute/v2.1/servers/c9ee4a96-aacf-4287-8ccc-eccc941627a2 0.055s
2024-09-11 15:17:30.529 62195 INFO tempest.lib.common.rest_client [req-ba97c003-6517-4b4f-85bd-e36b25e9ea36 req-ba97c003-6517-4b4f-85bd-e36b25e9ea36 ] Request (InstanceActionsNegativeTestJSON:setUpClass): 200 GET http://10.180.1.21/compute/v2.1/servers/76364a94-8b20-4316-a16d-31ea1f43a880 0.049s
2024-09-11 15:17:30.562 62249 INFO tempest.lib.common.rest_client [req-925a00a4-f76b-4c6d-8120-cc6e1e3654c1 req-925a00a4-f76b-4c6d-8120-cc6e1e3654c1 ] Request (ServersTestMultiNic:test_verify_duplicate_network_nics): 200 GET http://10.180.1.21/compute/v2.1/servers/da9b11b2-63db-4baa-a41e-eea08541b46f 0.047s
2024-09-11 15:17:30.571 62197 INFO tempest.lib.common.rest_client [req-02fd03ee-8a1b-4860-a31b-74bee373f77b req-02fd03ee-8a1b-4860-a31b-74bee373f77b ] Request (AttachVolumeTestJSON:test_list_get_volume_attachments): 200 GET http://10.180.1.21/compute/v2.1/servers/c193464f-18e2-4a7c-8a66-b3c3ed8a08f4 0.046s
2024-09-11 15:17:30.604 62199 INFO tempest.lib.common.rest_client [req-96b0bb79-0c88-40ef-a04b-43d9c61297ae req-96b0bb79-0c88-40ef-a04b-43d9c61297ae ] Request (ServerGroupTestJSON:test_create_server_with_scheduler_hint_group): 200 GET http://10.180.1.21/compute/v2.1/servers/1023a9bc-e542-4bb5-8a7d-0e03df424ab8 0.042s
2024-09-11 15:17:30.611 62225 INFO tempest.lib.common.rest_client [req-8f13fb3c-970d-4e43-935c-7552d6a3a8cf req-8f13fb3c-970d-4e43-935c-7552d6a3a8cf ] Request (MultipleCreateTestJSON:test_multiple_create_with_reservation_return): 200 GET http://10.180.1.21/compute/v2.1/servers/49b1afbf-89b6-4771-8198-b068cac53ac6 0.042s
2024-09-11 15:17:30.650 62230 INFO tempest.lib.common.rest_client [req-995e8ef7-4b8c-43a5-8ff1-0b8f87752e4d req-995e8ef7-4b8c-43a5-8ff1-0b8f87752e4d ] Request (ServerRescueNegativeTestJSON:setUpClass): 200 GET http://10.180.1.21/compute/v2.1/servers/d29718dd-98af-424c-9812-4fa919354c18 0.047s
2024-09-11 15:17:30.656 62219 INFO tempest.lib.common.rest_client [req-3c0a1f1e-59f1-4752-9b8e-6bd0e54a4632 req-3c0a1f1e-59f1-4752-9b8e-6bd0e54a4632 ] Request (ServersTestBootFromVolume:setUpClass): 200 GET http://10.180.1.21/compute/v2.1/servers/f8612d1d-45b0-4235-83f6-203c74bcefbd 0.044s
