2024-09-11 15:15:18.314 62201 INFO tempest.lib.common.rest_client [req-36522b3a-e1e0-4f2d-88cd-a540526eb667 req-36522b3a-e1e0-4f2d-88cd-a540526eb667 ] Request (SecurityGroupsTestAdminJSON:tearDownClass): 204 DELETE http://10.180.1.21:9696/networking/v2.0/security-groups/1a28e3c9-1aa0-4042-9e5e-310ffa412f93 0.532s
2024-09-11 15:15:18.322 62205 INFO tempest.lib.common.rest_client [req-c33bd850-79f6-44c7-9fbe-02bcc78f6918 req-c33bd850-79f6-44c7-9fbe-02bcc78f6918 ] Request (HostsAdminNegativeTestJSON:setUpClass): 201 POST http://10.180.1.21/identity/v3/auth/tokens 0.237s
2024-09-11 15:15:18.343 62213 INFO tempest.lib.common.rest_client [req-d376e305-c9bb-432b-84a0-167b84cc4589 req-d376e305-c9bb-432b-84a0-167b84cc4589 ] Request (AttachInterfacesUnderV243Test:setUpClass): 201 POST http://10.180.1.21:9696/networking/v2.0/subnets 0.521s
2024-09-11 15:15:18.446 62227 INFO tempest.lib.common.rest_client [req-d67fbffa-128f-4a7b-a31c-6efd61cbd346 req-d67fbffa-128f-4a7b-a31c-6efd61cbd346 ] Request (QuotasAdminTestJSON:test_get_default_quotas): 200 GET http://10.180.1.21/compute/v2.1/os-quota-sets/c923265fab354626ad382e7ef847f069/defaults 0.926s
2024-09-11 15:15:18.469 62255 INFO tempest.lib.common.rest_client [req-ba28e004-47b4-4434-84a9-b751f70b0377 req-ba28e004-47b4-4434-84a9-b751f70b0377 ] Request (FloatingIPsNegativeTestJSON:tearDownClass): 204 DELETE http://10.180.1.21:9696/networking/v2.0/security-groups/cf0b444e-979a-4b40-bbfb-7a9f297e60d7 0.382s
2024-09-11 15:15:18.482 62230 INFO tempest.lib.common.rest_client [req-9d074faa-a2da-4794-b5e4-b8c1e8decbaf req-9d074faa-a2da-4794-b5e4-b8c1e8decbaf ] Request (QuotasAdminTestV236:setUpClass): 201 POST http://10.180.1.21/identity/v3/auth/tokens 0.281s
2024-09-11 15:15:18.503 62253 INFO tempest.lib.common.rest_client [req-408d0bf6-8173-4187-944c-68494f91534b req-408d0bf6-8173-4187-944c-68494f91534b ] Request (FlavorsExtraSpecsTestJSON:tearDownClass): 201 POST http://10.180.1.21/identity/v3/auth/tokens 0.267s
2024-09-11 15:15:18.538 62251 INFO tempest.lib.common.rest_client [req-f6824480-7a9c-4e0e-a92b-abc89bc77802 req-f6824480-7a9c-4e0e-a92b-abc89bc77802 ] Request (ServerPasswordTestJSON:setUpClass): 200 GET http://10.180.1.21/identity/v3/domains?name=Default 0.279s
2024-09-11 15:15:18.559 62223 INFO tempest.lib.common.rest_client [req-ac55dac6-5142-4761-a7a3-dffa668beea1 req-ac55dac6-5142-4761-a7a3-dffa668beea1 ] Request (VolumesAssistedSnapshotsTest:test_volume_assisted_snapshot_create_delete): 201 POST http://10.180.1.21/identity/v3/auth/tokens 0.251s
2024-09-11 15:15:18.560 62223 INFO tempest.lib.common.fixed_network [-] (VolumesAssistedSnapshotsTest:test_volume_assisted_snapshot_create_delete) Found network {'id': 'ba92216e-ae34-4eb7-8a13-03bb264875e3', 'name': 'tempest-VolumesAssistedSnapshotsTest-209726525-network', 'tenant_id': '7420b1ba019347c3b39da1566717578a', 'admin_state_up': True, 'mtu': 8950, 'status': 'ACTIVE', 'subnets': [], 'shared': False, 'project_id': '7420b1ba019347c3b39da1566717578a', 'port_security_enabled': True, 'router:external': False, 'provider:network_type': 'vlan', 'provider:physical_network': 'default', 'provider:segmentation_id': 93, 'is_default': False, 'availability_zone_hints': [], 'availability_zones': [], 'ipv4_address_scope': None, 'ipv6_address_scope': None, 'description': '', 'tags': [], 'created_at': '2024-09-11T15:14:53Z', 'updated_at': '2024-09-11T15:14:53Z', 'revision_number': 1} available for tenant
2024-09-11 15:15:18.592 62201 INFO tempest.lib.common.rest_client [req-8b8bba89-90ca-4cc3-8711-b1150430270f req-8b8bba89-90ca-4cc3-8711-b1150430270f ] Request (SecurityGroupsTestAdminJSON:tearDownClass): 204 DELETE http://10.180.1.21/identity/v3/projects/08e867c18c5e43e8acd8d8f59216decd 0.277s
2024-09-11 15:15:18.592 62201 INFO tempest.lib.common.dynamic_creds [-] Deleting project and security group for project: ccd7b68565554ae3821f89994292f14c
2024-09-11 15:15:18.601 62237 INFO tempest.lib.common.rest_client [req-9cd57024-feeb-43f6-9421-a6d4456aef46 req-9cd57024-feeb-43f6-9421-a6d4456aef46 ] Request (ValidationResourcesFixture:setUp): 201 POST http://10.180.1.21:9696/networking/v2.0/security-group-rules 0.494s
2024-09-11 15:15:18.639 62207 INFO tempest.lib.common.rest_client [req-50846676-8544-4782-9a52-3b510cc3ad37 req-50846676-8544-4782-9a52-3b510cc3ad37 ] Request (ServerDiagnosticsTest:test_get_server_diagnostics): 200 GET http://10.180.1.21/compute/v2.1/servers/e187064e-4a7b-4231-8af0-50ac4b4e7429 1.043s
2024-09-11 15:15:18.640 62205 INFO tempest.lib.common.rest_client [req-de4ba65f-3bf1-48be-abff-e288e8e1682e req-de4ba65f-3bf1-48be-abff-e288e8e1682e ] Request (HostsAdminNegativeTestJSON:setUpClass): 201 POST http://10.180.1.21/identity/v3/projects 0.316s
2024-09-11 15:15:18.648 62207 INFO tempest.common.waiters [-] State transition "BUILD/spawning" ==> "ERROR/None" after 20 second wait
2024-09-11 15:15:18.700 62227 INFO tempest.lib.common.rest_client [req-27653bf0-4c84-4430-85d1-b621cc2d5f5a req-27653bf0-4c84-4430-85d1-b621cc2d5f5a ] Request (QuotasAdminTestJSON:test_get_updated_quotas): 200 GET http://10.180.1.21/identity/v3/domains?name=Default 0.250s
2024-09-11 15:15:18.751 62243 INFO tempest.lib.common.rest_client [req-255eaa80-944a-454a-ae1f-d1bd63240bba req-255eaa80-944a-454a-ae1f-d1bd63240bba ] Request (ServerDiagnosticsV248Test:test_get_server_diagnostics): 200 GET http://10.180.1.21/compute/v2.1/servers/fec8766a-1a2a-4263-b478-998db56000ef 1.075s
2024-09-11 15:15:18.761 62243 INFO tempest.common.waiters [-] State transition "BUILD/spawning" ==> "ACTIVE/None" after 18 second wait
2024-09-11 15:15:18.770 62219 INFO tempest.lib.common.rest_client [req-8a52d466-0f49-4888-8988-f2476db604ea req-8a52d466-0f49-4888-8988-f2476db604ea ] Request (ServersTestBootFromVolume:setUpClass): 201 POST http://10.180.1.21:9696/networking/v2.0/routers 2.628s
2024-09-11 15:15:18.781 62230 INFO tempest.lib.common.rest_client [req-f9dc5842-3eab-4ff6-aea8-df23f0e9bcab req-f9dc5842-3eab-4ff6-aea8-df23f0e9bcab ] Request (QuotasAdminTestV236:setUpClass): 201 POST http://10.180.1.21/identity/v3/projects 0.297s
2024-09-11 15:15:18.787 62246 INFO tempest.lib.common.rest_client [req-75b90edd-d3c9-4b9f-847f-8ba73feb52d5 req-75b90edd-d3c9-4b9f-847f-8ba73feb52d5 ] Request (FlavorsAccessTestJSON:_run_cleanups): 202 DELETE http://10.180.1.21/compute/v2.1/flavors/1266275772 1.055s
2024-09-11 15:15:18.790 62255 INFO tempest.lib.common.rest_client [req-4b697bc3-5439-4854-99c1-f9f14a2a9ec3 req-4b697bc3-5439-4854-99c1-f9f14a2a9ec3 ] Request (FloatingIPsNegativeTestJSON:tearDownClass): 204 DELETE http://10.180.1.21/identity/v3/projects/1649b5c4a42c49be819aa2a3b5566282 0.320s
2024-09-11 15:15:18.803 62201 INFO tempest.lib.common.rest_client [req-e846769b-51bb-4592-b437-198d09dec8f1 req-e846769b-51bb-4592-b437-198d09dec8f1 ] Request (SecurityGroupsTestAdminJSON:tearDownClass): 200 GET http://10.180.1.21:9696/networking/v2.0/security-groups?tenant_id=ccd7b68565554ae3821f89994292f14c&name=default 0.210s
2024-09-11 15:15:18.846 62247 INFO tempest.lib.common.rest_client [req-cec8dc15-99a6-4047-90c7-f4c732c14bb9 req-cec8dc15-99a6-4047-90c7-f4c732c14bb9 ] Request (ServersAdminNegativeTestJSON:setUpClass): 204 DELETE http://10.180.1.21/compute/v2.1/servers/f98dd0da-4c3b-4519-ae5a-6c110ce9dac4 1.984s
2024-09-11 15:15:18.850 62251 INFO tempest.lib.common.rest_client [req-0956ccbc-832f-46d0-8e30-069a0a386f43 req-0956ccbc-832f-46d0-8e30-069a0a386f43 ] Request (ServerPasswordTestJSON:setUpClass): 201 POST http://10.180.1.21/identity/v3/projects 0.311s
2024-09-11 15:15:18.873 62193 INFO tempest.lib.common.rest_client [req-81b40105-ac01-4e59-9aa2-a4d8c474bb05 req-81b40105-ac01-4e59-9aa2-a4d8c474bb05 ] Request (FlavorsV2TestJSON:test_list_flavors_detailed_filter_by_min_ram): 200 GET http://10.180.1.21/compute/v2.1/flavors/detail?minRam=193 1.070s
2024-09-11 15:15:18.880 62216 INFO tempest.lib.common.rest_client [req-cc50a3f3-659e-4244-ba55-a681585f42d4 req-cc50a3f3-659e-4244-ba55-a681585f42d4 ] Request (AggregatesAdminNegativeTestJSON:test_aggregate_create_as_user): 403 POST http://10.180.1.21/compute/v2.1/os-aggregates 1.075s
2024-09-11 15:15:18.887 62225 INFO tempest.lib.common.rest_client [req-927025c0-0237-424a-9178-6b611c5ab903 req-927025c0-0237-424a-9178-6b611c5ab903 ] Request (MultipleCreateTestJSON:setUpClass): 201 POST http://10.180.1.21:9696/networking/v2.0/subnets 0.819s
2024-09-11 15:15:18.904 62239 INFO tempest.lib.common.rest_client [req-618e04a8-41a6-4062-894c-c5b8cdc74224 req-618e04a8-41a6-4062-894c-c5b8cdc74224 ] Request (SecurityGroupRulesNegativeTestJSON:test_delete_security_group_rule_with_non_existent_id): 404 DELETE http://10.180.1.21/compute/v2.1/os-security-group-rules/d4b9a0e7-234c-4399-aebe-45b8c0ef0616 1.096s
2024-09-11 15:15:18.909 62205 INFO tempest.lib.common.rest_client [req-d66da75c-1be9-4b52-8e0f-e50c9c9f4656 req-d66da75c-1be9-4b52-8e0f-e50c9c9f4656 ] Request (HostsAdminNegativeTestJSON:setUpClass): 201 POST http://10.180.1.21/identity/v3/users 0.269s
2024-09-11 15:15:18.921 62209 INFO tempest.lib.common.rest_client [req-6c227045-fead-4d9b-815f-f670f89468ae req-6c227045-fead-4d9b-815f-f670f89468ae ] Request (FlavorsAdminTestJSON:_run_cleanups): 200 GET http://10.180.1.21/compute/v2.1/flavors/detail 1.093s
2024-09-11 15:15:18.939 62221 INFO tempest.lib.common.rest_client [req-ef442caa-45b2-4cca-9a0b-b917cea7587f req-ef442caa-45b2-4cca-9a0b-b917cea7587f ] Request (ServerExternalEventsTest:test_create_server_external_events): 200 GET http://10.180.1.21/compute/v2.1/servers/62b47755-68c1-4ec0-ad75-603a19dd986d 1.161s
2024-09-11 15:15:18.941 62230 INFO tempest.lib.common.rest_client [req-c86d12c1-e846-4270-88ab-7d6e0fc50753 req-c86d12c1-e846-4270-88ab-7d6e0fc50753 ] Request (QuotasAdminTestV236:setUpClass): 201 POST http://10.180.1.21/identity/v3/users 0.160s
2024-09-11 15:15:18.968 62255 INFO tempest.lib.common.rest_client [req-ee980845-30ca-4ad1-95b7-7e66be6a8075 req-ee980845-30ca-4ad1-95b7-7e66be6a8075 ] Request (ServerAddressesNegativeTestJSON:setUpClass): 201 POST http://10.180.1.21/identity/v3/auth/tokens 0.177s
2024-09-11 15:15:18.981 62227 INFO tempest.lib.common.rest_client [req-b88917a9-c41e-49dd-951a-7012ff719e69 req-b88917a9-c41e-49dd-951a-7012ff719e69 ] Request (QuotasAdminTestJSON:test_get_updated_quotas): 201 POST http://10.180.1.21/identity/v3/projects 0.279s
2024-09-11 15:15:18.995 62251 INFO tempest.lib.common.rest_client [req-2b7a0a27-29f3-4769-9bac-acec1c67a4f9 req-2b7a0a27-29f3-4769-9bac-acec1c67a4f9 ] Request (ServerPasswordTestJSON:setUpClass): 201 POST http://10.180.1.21/identity/v3/users 0.144s
2024-09-11 15:15:19.004 62233 INFO tempest.lib.common.rest_client [req-1c512e32-49b7-45ab-ba54-05c7f7048cb7 req-1c512e32-49b7-45ab-ba54-05c7f7048cb7 ] Request (ServersAdmin275Test:test_rebuild_update_server_275): 200 GET http://10.180.1.21/compute/v2.1/servers/ed71a98d-5a0e-482a-8c1b-e6447a8f60a4 1.069s
2024-09-11 15:15:19.014 62233 INFO tempest.common.waiters [-] State transition "BUILD/None" ==> "BUILD/spawning" after 7 second wait
2024-09-11 15:15:19.030 62205 INFO tempest.lib.common.rest_client [req-dbb7e4f2-be1d-47f5-8aed-ed2aefd313ff req-dbb7e4f2-be1d-47f5-8aed-ed2aefd313ff ] Request (HostsAdminNegativeTestJSON:setUpClass): 200 GET http://10.180.1.21/identity/v3/roles 0.120s
2024-09-11 15:15:19.034 62195 INFO tempest.lib.common.rest_client [req-cd9e171a-ac9a-4052-adca-bc7d46b9665c req-cd9e171a-ac9a-4052-adca-bc7d46b9665c ] Request (ListImageFiltersTestJSON:setUpClass): 200 GET http://10.180.1.21/compute/v2.1/images/0f6cb001-33a5-446f-8429-bdf107065408 1.057s
2024-09-11 15:15:19.041 62230 INFO tempest.lib.common.rest_client [req-0404dad7-6e10-4329-af36-683cbb1e361e req-0404dad7-6e10-4329-af36-683cbb1e361e ] Request (QuotasAdminTestV236:setUpClass): 200 GET http://10.180.1.21/identity/v3/roles 0.099s
2024-09-11 15:15:19.065 62255 INFO tempest.lib.common.rest_client [req-f9a9021f-283f-4b69-b6ec-745a88ccfaad req-f9a9021f-283f-4b69-b6ec-745a88ccfaad ] Request (ServerAddressesNegativeTestJSON:setUpClass): 201 POST http://10.180.1.21/identity/v3/auth/tokens 0.093s
2024-09-11 15:15:19.112 62227 INFO tempest.lib.common.rest_client [req-fb3c02b0-ff61-48e8-9583-e575042afdb5 req-fb3c02b0-ff61-48e8-9583-e575042afdb5 ] Request (QuotasAdminTestJSON:test_get_updated_quotas): 200 GET http://10.180.1.21/identity/v3/domains?name=Default 0.130s
2024-09-11 15:15:19.126 62251 INFO tempest.lib.common.rest_client [req-69cfa5a6-b91f-4fd5-a275-64f46fe34af4 req-69cfa5a6-b91f-4fd5-a275-64f46fe34af4 ] Request (ServerPasswordTestJSON:setUpClass): 200 GET http://10.180.1.21/identity/v3/roles 0.131s
2024-09-11 15:15:19.130 62249 INFO tempest.lib.common.rest_client [req-fa5773ec-2b85-4b60-8b7a-5972c207ffe6 req-fa5773ec-2b85-4b60-8b7a-5972c207ffe6 ] Request (AttachInterfacesV270Test:test_create_get_list_interfaces): 200 GET http://10.180.1.21/compute/v2.1/servers/2e425838-4af7-45c9-8c54-6a1129640648 1.122s
2024-09-11 15:15:19.140 62205 INFO tempest.lib.common.rest_client [req-24f38094-9a78-4a05-8df1-98c650aae851 req-24f38094-9a78-4a05-8df1-98c650aae851 ] Request (HostsAdminNegativeTestJSON:setUpClass): 204 PUT http://10.180.1.21/identity/v3/projects/4979d54e1ea1446ca121cfce176bfba5/users/9a28c9a4a70140168c7f1828a8fa161d/roles/4c0fcea4d9d143c1bb9efaad861fc05b 0.110s
2024-09-11 15:15:19.182 62195 INFO tempest.lib.common.rest_client [req-2f247923-8907-4536-b61f-4cf39d4e5b78 req-2f247923-8907-4536-b61f-4cf39d4e5b78 ] Request (ListImageFiltersTestJSON:setUpClass): 201 POST http://10.180.1.21/identity/v3/auth/tokens 0.142s
2024-09-11 15:15:19.183 62195 INFO tempest.lib.common.fixed_network [-] (ListImageFiltersTestJSON:setUpClass) Found network None available for tenant
2024-09-11 15:15:19.204 62255 INFO tempest.lib.common.rest_client [req-671c75c1-1760-4c16-9c33-07e4ebe5935d req-671c75c1-1760-4c16-9c33-07e4ebe5935d ] Request (ServerAddressesNegativeTestJSON:setUpClass): 200 GET http://10.180.1.21/identity/v3/domains?name=Default 0.139s
2024-09-11 15:15:19.206 62230 INFO tempest.lib.common.rest_client [req-2ab300c4-3493-4893-af4e-14a8de20f04c req-2ab300c4-3493-4893-af4e-14a8de20f04c ] Request (QuotasAdminTestV236:setUpClass): 204 PUT http://10.180.1.21/identity/v3/projects/61d8c493b14548218957bfab44df50ea/users/7b2c9ebf83094db383c80a31d7c431a2/roles/4c0fcea4d9d143c1bb9efaad861fc05b 0.164s
2024-09-11 15:15:19.210 62197 INFO tempest.lib.common.rest_client [req-5a34826e-4dd6-4578-9dd8-0b52c3e79b02 req-5a34826e-4dd6-4578-9dd8-0b52c3e79b02 ] Request (AttachVolumeTestJSON:test_attach_detach_volume): 200 GET http://10.180.1.21/compute/v2.1/servers/9e46929a-776f-443c-89c4-69357cfc51e6 0.653s
2024-09-11 15:15:19.267 62205 INFO tempest.lib.common.rest_client [req-f6247795-dcdf-4434-94ef-c0c95e5b563a req-f6247795-dcdf-4434-94ef-c0c95e5b563a ] Request (HostsAdminNegativeTestJSON:setUpClass): 200 GET http://10.180.1.21/identity/v3/roles 0.126s
2024-09-11 15:15:19.268 62251 INFO tempest.lib.common.rest_client [req-f8feb504-bb64-462b-9fff-60828b2fe1f9 req-f8feb504-bb64-462b-9fff-60828b2fe1f9 ] Request (ServerPasswordTestJSON:setUpClass): 204 PUT http://10.180.1.21/identity/v3/projects/107b37dfcdc842db8703572b8364249d/users/66e5dbee74e74c05b021f8a2b3dbda0d/roles/f68cca98f8ea4d44a2bbf922e0066fcb 0.138s
2024-09-11 15:15:19.268 62251 INFO tempest.lib.common.dynamic_creds [-] Dynamic test user 66e5dbee74e74c05b021f8a2b3dbda0d is created with scope project and roles: ['member']
2024-09-11 15:15:19.269 62251 INFO tempest.lib.common.dynamic_creds [-] Acquired dynamic creds: credentials: Credentials: {'domain_id': 'default', 'domain_name': 'Default', 'username': 'tempest-ServerPasswordTestJSON-1503041946-project-member', 'project_domain_id': 'default', 'project_domain_name': 'Default', 'project_id': '107b37dfcdc842db8703572b8364249d', 'project_name': 'tempest-ServerPasswordTestJSON-1503041946', 'tenant_id': '107b37dfcdc842db8703572b8364249d', 'tenant_name': 'tempest-ServerPasswordTestJSON-1503041946', 'user_domain_id': 'default', 'user_domain_name': 'Default', 'user_id': '66e5dbee74e74c05b021f8a2b3dbda0d', 'system': None}, Network: None, Subnet: None, Router: None
2024-09-11 15:15:19.270 62241 INFO tempest.lib.common.rest_client [req-2d773664-b5d4-4ba6-bf85-89ff05cea673 req-2d773664-b5d4-4ba6-bf85-89ff05cea673 ] Request (FloatingIPDetailsNegativeTestJSON:setUpClass): 201 POST http://10.180.1.21:9696/networking/v2.0/networks 1.343s
2024-09-11 15:15:19.315 62230 INFO tempest.lib.common.rest_client [req-9ee78e7b-402a-48c0-bf1d-0090eca4fdc6 req-9ee78e7b-402a-48c0-bf1d-0090eca4fdc6 ] Request (QuotasAdminTestV236:setUpClass): 200 GET http://10.180.1.21/identity/v3/roles 0.108s
2024-09-11 15:15:19.331 62205 INFO tempest.lib.common.rest_client [req-e92a30f5-e92b-479f-855f-613d90957240 req-e92a30f5-e92b-479f-855f-613d90957240 ] Request (HostsAdminNegativeTestJSON:setUpClass): 204 PUT http://10.180.1.21/identity/v3/projects/4979d54e1ea1446ca121cfce176bfba5/users/9a28c9a4a70140168c7f1828a8fa161d/roles/4c0fcea4d9d143c1bb9efaad861fc05b 0.063s
2024-09-11 15:15:19.332 62205 INFO tempest.lib.common.dynamic_creds [-] Dynamic test user 9a28c9a4a70140168c7f1828a8fa161d is created with scope project and roles: ['admin']
2024-09-11 15:15:19.332 62205 INFO tempest.lib.common.dynamic_creds [-] Acquired dynamic creds: credentials: Credentials: {'domain_id': 'default', 'domain_name': 'Default', 'username': 'tempest-HostsAdminNegativeTestJSON-1204036572-project-admin', 'project_domain_id': 'default', 'project_domain_name': 'Default', 'project_id': '4979d54e1ea1446ca121cfce176bfba5', 'project_name': 'tempest-HostsAdminNegativeTestJSON-1204036572', 'tenant_id': '4979d54e1ea1446ca121cfce176bfba5', 'tenant_name': 'tempest-HostsAdminNegativeTestJSON-1204036572', 'user_domain_id': 'default', 'user_domain_name': 'Default', 'user_id': '9a28c9a4a70140168c7f1828a8fa161d', 'system': None}, Network: None, Subnet: None, Router: None
2024-09-11 15:15:19.332 62205 INFO tempest.lib.common.dynamic_creds [-] Created isolated network resources for: credentials: Credentials: {'domain_id': 'default', 'domain_name': 'Default', 'username': 'tempest-HostsAdminNegativeTestJSON-1204036572-project-admin', 'project_domain_id': 'default', 'project_domain_name': 'Default', 'project_id': '4979d54e1ea1446ca121cfce176bfba5', 'project_name': 'tempest-HostsAdminNegativeTestJSON-1204036572', 'tenant_id': '4979d54e1ea1446ca121cfce176bfba5', 'tenant_name': 'tempest-HostsAdminNegativeTestJSON-1204036572', 'user_domain_id': 'default', 'user_domain_name': 'Default', 'user_id': '9a28c9a4a70140168c7f1828a8fa161d', 'system': None}, Network: None, Subnet: None, Router: None
2024-09-11 15:15:19.332 62255 INFO tempest.lib.common.rest_client [req-2cec2cf0-06ba-4e58-b38b-f40e9b9c8909 req-2cec2cf0-06ba-4e58-b38b-f40e9b9c8909 ] Request (ServerAddressesNegativeTestJSON:setUpClass): 201 POST http://10.180.1.21/identity/v3/projects 0.127s
2024-09-11 15:15:19.358 62201 INFO tempest.lib.common.rest_client [req-46b2e8b4-494b-4ccf-a737-c080108f29e4 req-46b2e8b4-494b-4ccf-a737-c080108f29e4 ] Request (SecurityGroupsTestAdminJSON:tearDownClass): 204 DELETE http://10.180.1.21:9696/networking/v2.0/security-groups/42a865ed-c4f1-42e3-88f6-a69fc9a7c612 0.555s
2024-09-11 15:15:19.376 62230 INFO tempest.lib.common.rest_client [req-83cec4f2-908e-41d8-afae-5ad90faf3e17 req-83cec4f2-908e-41d8-afae-5ad90faf3e17 ] Request (QuotasAdminTestV236:setUpClass): 204 PUT http://10.180.1.21/identity/v3/projects/61d8c493b14548218957bfab44df50ea/users/7b2c9ebf83094db383c80a31d7c431a2/roles/4c0fcea4d9d143c1bb9efaad861fc05b 0.060s
2024-09-11 15:15:19.376 62230 INFO tempest.lib.common.dynamic_creds [-] Dynamic test user 7b2c9ebf83094db383c80a31d7c431a2 is created with scope project and roles: ['admin']
2024-09-11 15:15:19.376 62230 INFO tempest.lib.common.dynamic_creds [-] Acquired dynamic creds: credentials: Credentials: {'domain_id': 'default', 'domain_name': 'Default', 'username': 'tempest-QuotasAdminTestV236-1703570792-project-admin', 'project_domain_id': 'default', 'project_domain_name': 'Default', 'project_id': '61d8c493b14548218957bfab44df50ea', 'project_name': 'tempest-QuotasAdminTestV236-1703570792', 'tenant_id': '61d8c493b14548218957bfab44df50ea', 'tenant_name': 'tempest-QuotasAdminTestV236-1703570792', 'user_domain_id': 'default', 'user_domain_name': 'Default', 'user_id': '7b2c9ebf83094db383c80a31d7c431a2', 'system': None}, Network: None, Subnet: None, Router: None
2024-09-11 15:15:19.376 62230 INFO tempest.lib.common.dynamic_creds [-] Created isolated network resources for: credentials: Credentials: {'domain_id': 'default', 'domain_name': 'Default', 'username': 'tempest-QuotasAdminTestV236-1703570792-project-admin', 'project_domain_id': 'default', 'project_domain_name': 'Default', 'project_id': '61d8c493b14548218957bfab44df50ea', 'project_name': 'tempest-QuotasAdminTestV236-1703570792', 'tenant_id': '61d8c493b14548218957bfab44df50ea', 'tenant_name': 'tempest-QuotasAdminTestV236-1703570792', 'user_domain_id': 'default', 'user_domain_name': 'Default', 'user_id': '7b2c9ebf83094db383c80a31d7c431a2', 'system': None}, Network: None, Subnet: None, Router: None
2024-09-11 15:15:19.377 62237 INFO tempest.lib.common.rest_client [req-36dc024a-7848-422e-b297-6e56f71766df req-36dc024a-7848-422e-b297-6e56f71766df ] Request (ValidationResourcesFixture:setUp): 201 POST http://10.180.1.21:9696/networking/v2.0/security-group-rules 0.775s
2024-09-11 15:15:19.391 62251 INFO tempest.lib.common.rest_client [req-c8cd8d66-5a24-4ae2-bade-909f65ca15a5 req-c8cd8d66-5a24-4ae2-bade-909f65ca15a5 ] Request (ServerPasswordTestJSON:setUpClass): 201 POST http://10.180.1.21/identity/v3/auth/tokens 0.122s
2024-09-11 15:15:19.451 62255 INFO tempest.lib.common.rest_client [req-e93568a9-ee9d-49d0-982d-9806c89cc32f req-e93568a9-ee9d-49d0-982d-9806c89cc32f ] Request (ServerAddressesNegativeTestJSON:setUpClass): 201 POST http://10.180.1.21/identity/v3/users 0.119s
2024-09-11 15:15:19.487 62205 INFO tempest.lib.common.rest_client [req-9b8f62f3-d8bb-4a1f-99aa-6827e9d99857 req-9b8f62f3-d8bb-4a1f-99aa-6827e9d99857 ] Request (HostsAdminNegativeTestJSON:setUpClass): 201 POST http://10.180.1.21/identity/v3/auth/tokens 0.150s
2024-09-11 15:15:19.524 62201 INFO tempest.lib.common.rest_client [req-44d60ce5-fe9f-4235-b16c-d1a36ac6a8a5 req-44d60ce5-fe9f-4235-b16c-d1a36ac6a8a5 ] Request (SecurityGroupsTestAdminJSON:tearDownClass): 204 DELETE http://10.180.1.21/identity/v3/projects/ccd7b68565554ae3821f89994292f14c 0.165s
2024-09-11 15:15:19.548 62253 INFO tempest.lib.common.rest_client [req-8d6c868c-6bb7-47b6-914d-7c349296e0fa req-8d6c868c-6bb7-47b6-914d-7c349296e0fa ] Request (FlavorsExtraSpecsTestJSON:tearDownClass): 200 GET http://10.180.1.21:9696/networking/v2.0/security-groups?tenant_id=f91267cd17dd4dbbb9e50664136d9021&name=default 1.045s
2024-09-11 15:15:19.563 62230 INFO tempest.lib.common.rest_client [req-803f1860-fef3-4d69-a25c-c49a3c35b974 req-803f1860-fef3-4d69-a25c-c49a3c35b974 ] Request (QuotasAdminTestV236:setUpClass): 201 POST http://10.180.1.21/identity/v3/auth/tokens 0.182s
2024-09-11 15:15:19.564 62230 WARNING tempest.lib.common.rest_client [-] Deprecated: "tenant_id" property is deprecated for removal, use "project_id" instead
2024-09-11 15:15:19.610 62217 INFO tempest.lib.common.rest_client [req-5c138a29-4b5d-4b0c-abcc-7ebacfe9aa10 req-5c138a29-4b5d-4b0c-abcc-7ebacfe9aa10 ] Request (QuotasAdminNegativeTest:test_create_server_when_cpu_quota_is_full): 403 POST http://10.180.1.21/compute/v2.1/servers 1.640s
2024-09-11 15:15:19.615 62255 INFO tempest.lib.common.rest_client [req-e64a3031-b60e-4608-844a-8fecfce48327 req-e64a3031-b60e-4608-844a-8fecfce48327 ] Request (ServerAddressesNegativeTestJSON:setUpClass): 200 GET http://10.180.1.21/identity/v3/roles 0.163s
2024-09-11 15:15:19.644 62255 INFO tempest.lib.common.rest_client [req-0c8678a1-834c-4a0f-90f9-5b8aaad98bd2 req-0c8678a1-834c-4a0f-90f9-5b8aaad98bd2 ] Request (ServerAddressesNegativeTestJSON:setUpClass): 204 PUT http://10.180.1.21/identity/v3/projects/b556775110e143c8a883bf654250e84e/users/8a3fb82f24644252bdcebeda3e29228c/roles/f68cca98f8ea4d44a2bbf922e0066fcb 0.029s
2024-09-11 15:15:19.644 62255 INFO tempest.lib.common.dynamic_creds [-] Dynamic test user 8a3fb82f24644252bdcebeda3e29228c is created with scope project and roles: ['member']
2024-09-11 15:15:19.645 62255 INFO tempest.lib.common.dynamic_creds [-] Acquired dynamic creds: credentials: Credentials: {'domain_id': 'default', 'domain_name': 'Default', 'username': 'tempest-ServerAddressesNegativeTestJSON-150274959-project-member', 'project_domain_id': 'default', 'project_domain_name': 'Default', 'project_id': 'b556775110e143c8a883bf654250e84e', 'project_name': 'tempest-ServerAddressesNegativeTestJSON-150274959', 'tenant_id': 'b556775110e143c8a883bf654250e84e', 'tenant_name': 'tempest-ServerAddressesNegativeTestJSON-150274959', 'user_domain_id': 'default', 'user_domain_name': 'Default', 'user_id': '8a3fb82f24644252bdcebeda3e29228c', 'system': None}, Network: None, Subnet: None, Router: None
2024-09-11 15:15:19.678 62201 INFO tempest.lib.common.rest_client [req-0052c3f5-0d02-4733-b029-3d4159574285 req-0052c3f5-0d02-4733-b029-3d4159574285 ] Request (ListImagesTestJSON:setUpClass): 201 POST http://10.180.1.21/identity/v3/auth/tokens 0.152s
2024-09-11 15:15:19.712 62235 INFO tempest.lib.common.rest_client [req-34608c19-8cb8-4f46-a2d8-db6767c748dc req-34608c19-8cb8-4f46-a2d8-db6767c748dc ] Request (TenantUsagesTestJSON:setUpClass): 200 GET http://10.180.1.21/compute/v2.1/servers/c56db67e-5239-4104-b67f-07d03979cfa9 1.069s
2024-09-11 15:15:19.716 62255 INFO tempest.lib.common.rest_client [req-06cdc6c1-970f-4c38-a688-1b803821d965 req-06cdc6c1-970f-4c38-a688-1b803821d965 ] Request (ServerAddressesNegativeTestJSON:setUpClass): 201 POST http://10.180.1.21/identity/v3/auth/tokens 0.071s
2024-09-11 15:15:19.720 62201 INFO tempest.lib.common.rest_client [req-09eadd12-adae-49a4-adab-997fe7bc34ec req-09eadd12-adae-49a4-adab-997fe7bc34ec ] Request (ListImagesTestJSON:setUpClass): 201 POST http://10.180.1.21/identity/v3/auth/tokens 0.039s
2024-09-11 15:15:19.743 62201 INFO tempest.lib.common.rest_client [req-90b4dda5-2f43-48bd-b3a9-9c093ffc7b0c req-90b4dda5-2f43-48bd-b3a9-9c093ffc7b0c ] Request (ListImagesTestJSON:setUpClass): 200 GET http://10.180.1.21/identity/v3/domains?name=Default 0.022s
2024-09-11 15:15:19.775 62201 INFO tempest.lib.common.rest_client [req-67781824-bef2-4a42-a467-a3f21dd95de9 req-67781824-bef2-4a42-a467-a3f21dd95de9 ] Request (ListImagesTestJSON:setUpClass): 201 POST http://10.180.1.21/identity/v3/projects 0.032s
2024-09-11 15:15:19.834 62201 INFO tempest.lib.common.rest_client [req-4fe90002-aba4-4253-a553-4d10187a4541 req-4fe90002-aba4-4253-a553-4d10187a4541 ] Request (ListImagesTestJSON:setUpClass): 201 POST http://10.180.1.21/identity/v3/users 0.059s
2024-09-11 15:15:19.851 62201 INFO tempest.lib.common.rest_client [req-32be0295-d3f6-4624-a45f-119222018209 req-32be0295-d3f6-4624-a45f-119222018209 ] Request (ListImagesTestJSON:setUpClass): 200 GET http://10.180.1.21/identity/v3/roles 0.016s
2024-09-11 15:15:19.886 62201 INFO tempest.lib.common.rest_client [req-005db3de-f76d-498c-85ca-5facd6b413fa req-005db3de-f76d-498c-85ca-5facd6b413fa ] Request (ListImagesTestJSON:setUpClass): 204 PUT http://10.180.1.21/identity/v3/projects/176d5598331e4e26bdef6471087b27cb/users/c6a5bf8913e64bd5a1e54d2bb8f2144c/roles/f68cca98f8ea4d44a2bbf922e0066fcb 0.035s
2024-09-11 15:15:19.886 62201 INFO tempest.lib.common.dynamic_creds [-] Dynamic test user c6a5bf8913e64bd5a1e54d2bb8f2144c is created with scope project and roles: ['member']
2024-09-11 15:15:19.887 62201 INFO tempest.lib.common.dynamic_creds [-] Acquired dynamic creds: credentials: Credentials: {'domain_id': 'default', 'domain_name': 'Default', 'username': 'tempest-ListImagesTestJSON-754660325-project-member', 'project_domain_id': 'default', 'project_domain_name': 'Default', 'project_id': '176d5598331e4e26bdef6471087b27cb', 'project_name': 'tempest-ListImagesTestJSON-754660325', 'tenant_id': '176d5598331e4e26bdef6471087b27cb', 'tenant_name': 'tempest-ListImagesTestJSON-754660325', 'user_domain_id': 'default', 'user_domain_name': 'Default', 'user_id': 'c6a5bf8913e64bd5a1e54d2bb8f2144c', 'system': None}, Network: None, Subnet: None, Router: None
2024-09-11 15:15:19.887 62201 INFO tempest.lib.common.dynamic_creds [-] Created isolated network resources for: credentials: Credentials: {'domain_id': 'default', 'domain_name': 'Default', 'username': 'tempest-ListImagesTestJSON-754660325-project-member', 'project_domain_id': 'default', 'project_domain_name': 'Default', 'project_id': '176d5598331e4e26bdef6471087b27cb', 'project_name': 'tempest-ListImagesTestJSON-754660325', 'tenant_id': '176d5598331e4e26bdef6471087b27cb', 'tenant_name': 'tempest-ListImagesTestJSON-754660325', 'user_domain_id': 'default', 'user_domain_name': 'Default', 'user_id': 'c6a5bf8913e64bd5a1e54d2bb8f2144c', 'system': None}, Network: None, Subnet: None, Router: None
2024-09-11 15:15:19.922 62253 INFO tempest.lib.common.rest_client [req-01aaacb7-7479-4d09-a5d8-83cbf861cfad req-01aaacb7-7479-4d09-a5d8-83cbf861cfad ] Request (FlavorsExtraSpecsTestJSON:tearDownClass): 204 DELETE http://10.180.1.21:9696/networking/v2.0/security-groups/e8594f00-ad1e-43a9-b956-43b27dcf59c8 0.374s
2024-09-11 15:15:19.985 62201 INFO tempest.lib.common.rest_client [req-43e0e54d-6e3a-4228-8cce-2ab82a9769f0 req-43e0e54d-6e3a-4228-8cce-2ab82a9769f0 ] Request (ListImagesTestJSON:setUpClass): 201 POST http://10.180.1.21/identity/v3/auth/tokens 0.092s
2024-09-11 15:15:20.014 62207 INFO tempest.lib.common.rest_client [req-1746038f-6cbf-4b22-818a-ed69fdd496fc req-1746038f-6cbf-4b22-818a-ed69fdd496fc ] Request (ServerDiagnosticsTest:test_get_server_diagnostics): 204 DELETE http://10.180.1.21/compute/v2.1/servers/e187064e-4a7b-4231-8af0-50ac4b4e7429 1.366s
2024-09-11 15:15:20.041 62253 INFO tempest.lib.common.rest_client [req-a82dda53-4bdf-4888-9999-d2cf7974fddd req-a82dda53-4bdf-4888-9999-d2cf7974fddd ] Request (FlavorsExtraSpecsTestJSON:tearDownClass): 204 DELETE http://10.180.1.21/identity/v3/projects/f91267cd17dd4dbbb9e50664136d9021 0.118s
2024-09-11 15:15:20.041 62253 INFO tempest.lib.common.dynamic_creds [-] Deleting project and security group for project: 6efb0ff942f744ad9c13c85ab0f20cc1
2024-09-11 15:15:20.109 62231 INFO tempest.lib.common.rest_client [req-e1341dd2-15a8-4664-bb10-cb23b916fb2f req-e1341dd2-15a8-4664-bb10-cb23b916fb2f ] Request (ServerTagsTestJSON:setUpClass): 200 GET http://10.180.1.21/compute/v2.1/servers/cbc9c1b1-36bb-43b9-8103-9259297e3343 1.390s
2024-09-11 15:15:20.120 62231 INFO tempest.common.waiters [-] State transition "BUILD/scheduling" ==> "BUILD/None" after 3 second wait
2024-09-11 15:15:20.193 62241 INFO tempest.lib.common.rest_client [req-aa4b2387-d53b-483f-82c6-ea66a7251646 req-aa4b2387-d53b-483f-82c6-ea66a7251646 ] Request (FloatingIPDetailsNegativeTestJSON:setUpClass): 201 POST http://10.180.1.21:9696/networking/v2.0/subnets 0.921s
2024-09-11 15:15:20.215 62251 INFO tempest.lib.common.rest_client [req-b438c61f-368c-4623-aa62-556c3bcfc253 req-b438c61f-368c-4623-aa62-556c3bcfc253 ] Request (ServerPasswordTestJSON:setUpClass): 201 POST http://10.180.1.21:9696/networking/v2.0/networks 0.823s
2024-09-11 15:15:20.293 62211 INFO tempest.lib.common.rest_client [req-cfbb24b2-cc66-443e-aec6-0d4e345c7551 req-cfbb24b2-cc66-443e-aec6-0d4e345c7551 ] Request (VolumesAdminNegativeTest:setUpClass): 201 POST http://10.180.1.21:9696/networking/v2.0/routers 2.639s
2024-09-11 15:15:20.618 62223 INFO tempest.lib.common.rest_client [req-568ac9f8-c5aa-4186-94ee-bd2f95184546 req-568ac9f8-c5aa-4186-94ee-bd2f95184546 ] Request (VolumesAssistedSnapshotsTest:test_volume_assisted_snapshot_create_delete): 202 POST http://10.180.1.21/compute/v2.1/servers 2.057s
2024-09-11 15:15:20.624 62253 INFO tempest.lib.common.rest_client [req-4656af99-ab95-4477-b4d3-5832fbd17362 req-4656af99-ab95-4477-b4d3-5832fbd17362 ] Request (FlavorsExtraSpecsTestJSON:tearDownClass): 200 GET http://10.180.1.21:9696/networking/v2.0/security-groups?tenant_id=6efb0ff942f744ad9c13c85ab0f20cc1&name=default 0.583s
2024-09-11 15:15:20.633 62246 INFO tempest.lib.common.rest_client [req-513cfd38-4d40-4adb-baa9-b72e1887881a req-513cfd38-4d40-4adb-baa9-b72e1887881a ] Request (FlavorsAccessTestJSON:_run_cleanups): 200 GET http://10.180.1.21/compute/v2.1/flavors/detail 1.845s
2024-09-11 15:15:20.658 62247 INFO tempest.lib.common.rest_client [req-5f09e16b-88c0-4c45-a2ae-dc3a3b17d225 req-5f09e16b-88c0-4c45-a2ae-dc3a3b17d225 ] Request (ServersAdminNegativeTestJSON:setUpClass): 404 GET http://10.180.1.21/compute/v2.1/servers/f98dd0da-4c3b-4519-ae5a-6c110ce9dac4 1.811s
2024-09-11 15:15:20.662 62247 INFO tempest.test [-] raised in ServersAdminNegativeTestJSON.setUpClass. Invoking tearDownClass.
2024-09-11 15:15:20.671 62193 INFO tempest.lib.common.rest_client [req-7f971e2e-1d39-4511-8f4d-06077c8cd022 req-7f971e2e-1d39-4511-8f4d-06077c8cd022 ] Request (FlavorsV2TestJSON:test_list_flavors_detailed_limit_results): 200 GET http://10.180.1.21/compute/v2.1/flavors/detail?limit=1 1.793s
2024-09-11 15:15:20.692 62216 INFO tempest.lib.common.rest_client [req-1fc94d46-3c50-4efc-b092-d8f56fc1d50d req-1fc94d46-3c50-4efc-b092-d8f56fc1d50d ] Request (AggregatesAdminNegativeTestJSON:test_aggregate_create_with_existent_aggregate_name): 200 POST http://10.180.1.21/compute/v2.1/os-aggregates 1.808s
2024-09-11 15:15:20.756 62246 INFO tempest.lib.common.rest_client [req-98b75d27-e363-4225-b3e9-3890aa94d908 req-98b75d27-e363-4225-b3e9-3890aa94d908 ] Request (FlavorsAccessTestJSON:tearDownClass): 204 DELETE http://10.180.1.21/identity/v3/users/3086606b92164f33a4258d230d5487a1 0.115s
2024-09-11 15:15:20.761 62247 INFO tempest.lib.common.rest_client [req-9b57f172-0c09-4b26-9520-3d16cd63df21 req-9b57f172-0c09-4b26-9520-3d16cd63df21 ] Request (ServersAdminNegativeTestJSON:tearDownClass): 204 DELETE http://10.180.1.21/identity/v3/users/92a9cb43a12e4005876a0b3e597702b3 0.098s
2024-09-11 15:15:20.844 62246 INFO tempest.lib.common.rest_client [req-3e785969-1327-42f7-8500-5e56cf34bdaa req-3e785969-1327-42f7-8500-5e56cf34bdaa ] Request (FlavorsAccessTestJSON:tearDownClass): 204 DELETE http://10.180.1.21/identity/v3/users/f89c5f0905d744cf8e9bd7efb7d8658c 0.088s
2024-09-11 15:15:20.844 62246 INFO tempest.lib.common.dynamic_creds [-] Deleting project and security group for project: af7df31c27004747a1b7710536ad4e0f
2024-09-11 15:15:20.846 62247 INFO tempest.lib.common.rest_client [req-b5979693-b2c4-44a9-88cd-77bdcc76a203 req-b5979693-b2c4-44a9-88cd-77bdcc76a203 ] Request (ServersAdminNegativeTestJSON:tearDownClass): 204 DELETE http://10.180.1.21/identity/v3/users/d4ad2197f1a14a39b88543d3dd49a789 0.085s
2024-09-11 15:15:20.846 62247 INFO tempest.lib.common.dynamic_creds [-] Deleting project and security group for project: e3d06dca5483480ca15d3b54214da4ea
2024-09-11 15:15:20.902 62246 INFO tempest.lib.common.rest_client [req-d0b13579-bff9-4bf1-936b-a08ccdb3e7fc req-d0b13579-bff9-4bf1-936b-a08ccdb3e7fc ] Request (FlavorsAccessTestJSON:tearDownClass): 201 POST http://10.180.1.21/identity/v3/auth/tokens 0.058s
2024-09-11 15:15:20.903 62247 INFO tempest.lib.common.rest_client [req-640882f2-431f-49b3-9590-3425868b3c93 req-640882f2-431f-49b3-9590-3425868b3c93 ] Request (ServersAdminNegativeTestJSON:tearDownClass): 201 POST http://10.180.1.21/identity/v3/auth/tokens 0.057s
2024-09-11 15:15:20.926 62255 INFO tempest.lib.common.rest_client [req-10e7c17d-575f-4e0d-a3f3-12af312feec8 req-10e7c17d-575f-4e0d-a3f3-12af312feec8 ] Request (ServerAddressesNegativeTestJSON:setUpClass): 201 POST http://10.180.1.21:9696/networking/v2.0/networks 1.209s
2024-09-11 15:15:21.007 62243 INFO tempest.lib.common.rest_client [req-90eed346-f9be-4fcc-9f06-f67048ed3559 req-90eed346-f9be-4fcc-9f06-f67048ed3559 ] Request (ServerDiagnosticsV248Test:test_get_server_diagnostics): 200 GET http://10.180.1.21/compute/v2.1/servers/fec8766a-1a2a-4263-b478-998db56000ef/diagnostics 2.245s
2024-09-11 15:15:21.025 62209 INFO tempest.lib.common.rest_client [req-b5c5b9e2-00eb-412a-bfbd-426106e1ddf7 req-b5c5b9e2-00eb-412a-bfbd-426106e1ddf7 ] Request (FlavorsAdminTestJSON:test_create_list_flavor_without_extra_data): 200 POST http://10.180.1.21/compute/v2.1/flavors 2.096s
2024-09-11 15:15:21.138 62253 INFO tempest.lib.common.rest_client [req-3688429b-15e8-4547-92c3-4ef69e1eb8d5 req-3688429b-15e8-4547-92c3-4ef69e1eb8d5 ] Request (FlavorsExtraSpecsTestJSON:tearDownClass): 204 DELETE http://10.180.1.21:9696/networking/v2.0/security-groups/581e9449-ff70-4258-bff1-27005088eb61 0.513s
2024-09-11 15:15:21.144 62199 INFO tempest.lib.common.rest_client [req-f825614b-8766-4a1c-adcc-4644dbc3f61b req-f825614b-8766-4a1c-adcc-4644dbc3f61b ] Request (ServersAaction247Test:test_create_backup): 200 GET http://10.180.1.21/compute/v2.1/servers/dc414a8e-847f-4c0e-9089-4269ce5ee03a 2.195s
2024-09-11 15:15:21.154 62199 INFO tempest.common.waiters [-] State transition "BUILD/scheduling" ==> "BUILD/None" after 4 second wait
2024-09-11 15:15:21.203 62251 INFO tempest.lib.common.rest_client [req-7e3825f2-33b8-479e-8f25-2216b20e0018 req-7e3825f2-33b8-479e-8f25-2216b20e0018 ] Request (ServerPasswordTestJSON:setUpClass): 201 POST http://10.180.1.21:9696/networking/v2.0/subnets 0.987s
2024-09-11 15:15:21.212 62253 INFO tempest.lib.common.rest_client [req-d7a68b43-e0c6-403a-931d-ee573460f542 req-d7a68b43-e0c6-403a-931d-ee573460f542 ] Request (FlavorsExtraSpecsTestJSON:tearDownClass): 204 DELETE http://10.180.1.21/identity/v3/projects/6efb0ff942f744ad9c13c85ab0f20cc1 0.074s
2024-09-11 15:15:21.213 62253 INFO tempest.test [-] raised in UnshelveToHostMultiNodesTest.setUpClass. Invoking tearDownClass.
2024-09-11 15:15:21.279 62239 INFO tempest.lib.common.rest_client [req-4803f9d9-ee92-4c3f-9287-53b0f92493f8 req-4803f9d9-ee92-4c3f-9287-53b0f92493f8 ] Request (SecurityGroupRulesNegativeTestJSON:tearDownClass): 202 DELETE http://10.180.1.21/compute/v2.1/os-security-groups/c5991b96-beda-40e8-abaa-30876c0a47e7 2.372s
2024-09-11 15:15:21.285 62213 INFO tempest.lib.common.rest_client [req-0b5d1e57-6951-4460-9e2f-faddb944f03a req-0b5d1e57-6951-4460-9e2f-faddb944f03a ] Request (AttachInterfacesUnderV243Test:setUpClass): 201 POST http://10.180.1.21:9696/networking/v2.0/routers 2.941s
2024-09-11 15:15:21.303 62253 INFO tempest.lib.common.rest_client [req-d6420525-c4b9-4ef5-97c0-bb7139e0617f req-d6420525-c4b9-4ef5-97c0-bb7139e0617f ] Request (FloatingIPsAssociationTestJSON:setUpClass): 201 POST http://10.180.1.21/identity/v3/auth/tokens 0.087s
2024-09-11 15:15:21.325 62237 INFO tempest.lib.common.rest_client [req-74b1fb16-8100-40ce-99e1-7c6c15d48be8 req-74b1fb16-8100-40ce-99e1-7c6c15d48be8 ] Request (ValidationResourcesFixture:setUp): 201 POST http://10.180.1.21:9696/networking/v2.0/floatingips 1.947s
2024-09-11 15:15:21.363 62253 INFO tempest.lib.common.rest_client [req-e3994024-3ae8-4d0f-a97a-0d27ab5816d2 req-e3994024-3ae8-4d0f-a97a-0d27ab5816d2 ] Request (FloatingIPsAssociationTestJSON:setUpClass): 201 POST http://10.180.1.21/identity/v3/auth/tokens 0.058s
2024-09-11 15:15:21.391 62227 INFO tempest.lib.common.rest_client [req-e847ade1-f2ab-47e9-808b-4b24e9d87780 req-e847ade1-f2ab-47e9-808b-4b24e9d87780 ] Request (QuotasAdminTestJSON:test_get_updated_quotas): 200 PUT http://10.180.1.21/compute/v2.1/os-quota-sets/a284cb01429e4c3dabf4a894f9945a59 2.279s
2024-09-11 15:15:21.398 62253 INFO tempest.lib.common.rest_client [req-89142780-881c-4dbf-8d52-74a934bad312 req-89142780-881c-4dbf-8d52-74a934bad312 ] Request (FloatingIPsAssociationTestJSON:setUpClass): 200 GET http://10.180.1.21/identity/v3/domains?name=Default 0.034s
2024-09-11 15:15:21.442 62237 INFO tempest.lib.common.rest_client [req-d1c5a127-f748-4bf8-adf4-c80589c5f0ca req-d1c5a127-f748-4bf8-adf4-c80589c5f0ca ] Request (ServersWithSpecificFlavorTestJSON:test_verify_created_server_ephemeral_disk): 201 POST http://10.180.1.21/identity/v3/auth/tokens 0.067s
2024-09-11 15:15:21.444 62237 INFO tempest.lib.common.fixed_network [-] (ServersWithSpecificFlavorTestJSON:test_verify_created_server_ephemeral_disk) Found network {'id': '5899a54e-2cad-4974-9085-9031d0287e64', 'name': 'tempest-ServersWithSpecificFlavorTestJSON-1775200699-network', 'tenant_id': '49f336e3edf94088b4bb473eb22b3bab', 'admin_state_up': True, 'mtu': 8950, 'status': 'ACTIVE', 'subnets': [], 'shared': False, 'project_id': '49f336e3edf94088b4bb473eb22b3bab', 'port_security_enabled': True, 'router:external': False, 'provider:network_type': 'vlan', 'provider:physical_network': 'default', 'provider:segmentation_id': 338, 'is_default': False, 'availability_zone_hints': [], 'availability_zones': [], 'ipv4_address_scope': None, 'ipv6_address_scope': None, 'description': '', 'tags': [], 'created_at': '2024-09-11T15:14:53Z', 'updated_at': '2024-09-11T15:14:53Z', 'revision_number': 1} available for tenant
2024-09-11 15:15:21.475 62253 INFO tempest.lib.common.rest_client [req-ea2e212b-22d6-4a44-9051-ef067c549f52 req-ea2e212b-22d6-4a44-9051-ef067c549f52 ] Request (FloatingIPsAssociationTestJSON:setUpClass): 201 POST http://10.180.1.21/identity/v3/projects 0.076s
2024-09-11 15:15:21.558 62253 INFO tempest.lib.common.rest_client [req-9c9bb9f5-54c7-42cb-b485-bd23ccfe3488 req-9c9bb9f5-54c7-42cb-b485-bd23ccfe3488 ] Request (FloatingIPsAssociationTestJSON:setUpClass): 201 POST http://10.180.1.21/identity/v3/users 0.081s
2024-09-11 15:15:21.581 62205 INFO tempest.lib.common.rest_client [req-d829d50b-b46f-4b81-8d33-a2b964c4623f req-d829d50b-b46f-4b81-8d33-a2b964c4623f ] Request (HostsAdminNegativeTestJSON:setUpClass): 200 GET http://10.180.1.21/compute/v2.1/os-hosts 2.093s
2024-09-11 15:15:21.590 62253 INFO tempest.lib.common.rest_client [req-27c243c7-6368-4fa4-8fbc-767582010a3b req-27c243c7-6368-4fa4-8fbc-767582010a3b ] Request (FloatingIPsAssociationTestJSON:setUpClass): 200 GET http://10.180.1.21/identity/v3/roles 0.031s
2024-09-11 15:15:21.609 62247 INFO tempest.lib.common.rest_client [req-85711d89-2d34-4e90-9d4d-e04772678a91 req-85711d89-2d34-4e90-9d4d-e04772678a91 ] Request (ServersAdminNegativeTestJSON:tearDownClass): 200 GET http://10.180.1.21:9696/networking/v2.0/security-groups?tenant_id=e3d06dca5483480ca15d3b54214da4ea&name=default 0.705s
2024-09-11 15:15:21.644 62253 INFO tempest.lib.common.rest_client [req-41a107e8-6eaf-4e8b-badf-fcc1b91039f5 req-41a107e8-6eaf-4e8b-badf-fcc1b91039f5 ] Request (FloatingIPsAssociationTestJSON:setUpClass): 204 PUT http://10.180.1.21/identity/v3/projects/32ca49c01a1a4e408b7ce4db041c24bf/users/200df83dea744812898cefc687ddaab5/roles/f68cca98f8ea4d44a2bbf922e0066fcb 0.053s
2024-09-11 15:15:21.644 62253 INFO tempest.lib.common.dynamic_creds [-] Dynamic test user 200df83dea744812898cefc687ddaab5 is created with scope project and roles: ['member']
2024-09-11 15:15:21.644 62253 INFO tempest.lib.common.dynamic_creds [-] Acquired dynamic creds: credentials: Credentials: {'domain_id': 'default', 'domain_name': 'Default', 'username': 'tempest-FloatingIPsAssociationTestJSON-617848882-project-member', 'project_domain_id': 'default', 'project_domain_name': 'Default', 'project_id': '32ca49c01a1a4e408b7ce4db041c24bf', 'project_name': 'tempest-FloatingIPsAssociationTestJSON-617848882', 'tenant_id': '32ca49c01a1a4e408b7ce4db041c24bf', 'tenant_name': 'tempest-FloatingIPsAssociationTestJSON-617848882', 'user_domain_id': 'default', 'user_domain_name': 'Default', 'user_id': '200df83dea744812898cefc687ddaab5', 'system': None}, Network: None, Subnet: None, Router: None
2024-09-11 15:15:21.664 62246 INFO tempest.lib.common.rest_client [req-e9d21da6-1a65-44fd-97c7-c3663ea942f0 req-e9d21da6-1a65-44fd-97c7-c3663ea942f0 ] Request (FlavorsAccessTestJSON:tearDownClass): 200 GET http://10.180.1.21:9696/networking/v2.0/security-groups?tenant_id=af7df31c27004747a1b7710536ad4e0f&name=default 0.761s
2024-09-11 15:15:21.715 62253 INFO tempest.lib.common.rest_client [req-d55adf37-5611-4bd3-a9d4-bb2be209713c req-d55adf37-5611-4bd3-a9d4-bb2be209713c ] Request (FloatingIPsAssociationTestJSON:setUpClass): 201 POST http://10.180.1.21/identity/v3/auth/tokens 0.070s
2024-09-11 15:15:21.745 62195 INFO tempest.lib.common.rest_client [req-1c4fc912-0df4-4cb5-83b9-b94745852e7e req-1c4fc912-0df4-4cb5-83b9-b94745852e7e ] Request (ListImageFiltersTestJSON:setUpClass): 202 POST http://10.180.1.21/compute/v2.1/servers 2.561s
2024-09-11 15:15:21.802 62217 INFO tempest.lib.common.rest_client [req-fbffd184-a933-4fa4-b7d9-c9681d6f8dec req-fbffd184-a933-4fa4-b7d9-c9681d6f8dec ] Request (QuotasAdminNegativeTest:_run_cleanups): 200 PUT http://10.180.1.21/compute/v2.1/os-quota-sets/4ae6d37711ff4e078cc09fe8d5e0fe08 2.191s
2024-09-11 15:15:21.837 62195 INFO tempest.lib.common.rest_client [req-a4555a2e-0110-421e-b3e6-1bff8dea89c8 req-a4555a2e-0110-421e-b3e6-1bff8dea89c8 ] Request (ListImageFiltersTestJSON:setUpClass): 201 POST http://10.180.1.21/identity/v3/auth/tokens 0.086s
2024-09-11 15:15:21.838 62195 INFO tempest.lib.common.fixed_network [-] (ListImageFiltersTestJSON:setUpClass) Found network None available for tenant
2024-09-11 15:15:21.953 62201 INFO tempest.lib.common.rest_client [req-fb1d8024-fd86-491c-8a65-7b86355adc97 req-fb1d8024-fd86-491c-8a65-7b86355adc97 ] Request (ListImagesTestJSON:test_get_image): 200 GET http://10.180.1.21/compute/v2.1/images/25ad2328-9547-43f5-8f08-e1377865e9a3 1.966s
2024-09-11 15:15:21.973 62255 INFO tempest.lib.common.rest_client [req-d40580ef-38cc-4748-be51-2b937a55bcd1 req-d40580ef-38cc-4748-be51-2b937a55bcd1 ] Request (ServerAddressesNegativeTestJSON:setUpClass): 201 POST http://10.180.1.21:9696/networking/v2.0/subnets 1.047s
2024-09-11 15:15:21.995 62207 INFO tempest.lib.common.rest_client [req-0b2e891c-5e78-47a6-a906-a80e97b3807e req-0b2e891c-5e78-47a6-a906-a80e97b3807e ] Request (ServerDiagnosticsTest:test_get_server_diagnostics): 404 GET http://10.180.1.21/compute/v2.1/servers/e187064e-4a7b-4231-8af0-50ac4b4e7429 1.981s
2024-09-11 15:15:22.041 62221 INFO tempest.lib.common.rest_client [req-7c87265b-003c-495e-86eb-c41d43eb286a req-7c87265b-003c-495e-86eb-c41d43eb286a ] Request (ServerExternalEventsTest:test_create_server_external_events): 200 GET http://10.180.1.21/compute/v2.1/servers/62b47755-68c1-4ec0-ad75-603a19dd986d 2.091s
2024-09-11 15:15:22.121 62207 INFO tempest.lib.common.rest_client [req-56614a55-ffd0-418e-a358-c43a24ddfab6 req-56614a55-ffd0-418e-a358-c43a24ddfab6 ] Request (ServerDiagnosticsTest:tearDownClass): 204 DELETE http://10.180.1.21/identity/v3/users/1a0c94bd5dfe49778f4a05a86a9fff83 0.112s
2024-09-11 15:15:22.144 62233 INFO tempest.lib.common.rest_client [req-edf18072-f62e-4a8c-9247-a252bf9a9b6a req-edf18072-f62e-4a8c-9247-a252bf9a9b6a ] Request (ServersAdmin275Test:test_rebuild_update_server_275): 200 GET http://10.180.1.21/compute/v2.1/servers/ed71a98d-5a0e-482a-8c1b-e6447a8f60a4 2.129s
2024-09-11 15:15:22.154 62249 INFO tempest.lib.common.rest_client [req-594e6925-699b-46a4-a916-653bd2b484c5 req-594e6925-699b-46a4-a916-653bd2b484c5 ] Request (AttachInterfacesV270Test:test_create_get_list_interfaces): 200 GET http://10.180.1.21/compute/v2.1/servers/2e425838-4af7-45c9-8c54-6a1129640648 2.014s
2024-09-11 15:15:22.169 62225 INFO tempest.lib.common.rest_client [req-b60b3293-a2b2-471d-80ac-d9c7cdcef3d9 req-b60b3293-a2b2-471d-80ac-d9c7cdcef3d9 ] Request (MultipleCreateTestJSON:setUpClass): 201 POST http://10.180.1.21:9696/networking/v2.0/routers 3.281s
2024-09-11 15:15:22.173 62249 INFO tempest.common.waiters [-] State transition "BUILD/None" ==> "BUILD/block_device_mapping" after 10 second wait
2024-09-11 15:15:22.246 62207 INFO tempest.lib.common.rest_client [req-c1a99b42-2bc1-4239-99b2-63c58ff76ca4 req-c1a99b42-2bc1-4239-99b2-63c58ff76ca4 ] Request (ServerDiagnosticsTest:tearDownClass): 204 DELETE http://10.180.1.21/identity/v3/users/1b6885335b3d4c628214e385e66e40d3 0.124s
2024-09-11 15:15:22.246 62207 INFO tempest.lib.common.dynamic_creds [-] Deleting project and security group for project: a2d4e30270144ae0a2d61e023ce489e6
2024-09-11 15:15:22.260 62223 INFO tempest.lib.common.rest_client [req-00000642-c3d1-4ed7-8060-d0526c37a021 req-00000642-c3d1-4ed7-8060-d0526c37a021 ] Request (VolumesAssistedSnapshotsTest:test_volume_assisted_snapshot_create_delete): 200 GET http://10.180.1.21/compute/v2.1/servers/df5e0934-393a-44ef-ad5b-08f5bbbf7e9a 1.640s
2024-09-11 15:15:22.274 62197 INFO tempest.lib.common.rest_client [req-6259f789-f48f-4bb7-a5b6-fc22e48c0692 req-6259f789-f48f-4bb7-a5b6-fc22e48c0692 ] Request (AttachVolumeTestJSON:test_attach_detach_volume): 200 GET http://10.180.1.21/compute/v2.1/servers/9e46929a-776f-443c-89c4-69357cfc51e6 2.051s
2024-09-11 15:15:22.288 62193 INFO tempest.lib.common.rest_client [req-f3a58992-c745-4073-a4d3-c49449a58b02 req-f3a58992-c745-4073-a4d3-c49449a58b02 ] Request (FlavorsV2TestJSON:test_list_flavors_detailed_using_marker): 200 GET http://10.180.1.21/compute/v2.1/flavors/42 1.609s
2024-09-11 15:15:22.294 62216 INFO tempest.lib.common.rest_client [req-64c4a45a-5d3f-4a61-8513-003d935320a2 req-64c4a45a-5d3f-4a61-8513-003d935320a2 ] Request (AggregatesAdminNegativeTestJSON:test_aggregate_create_with_existent_aggregate_name): 409 POST http://10.180.1.21/compute/v2.1/os-aggregates 1.600s
2024-09-11 15:15:22.306 62246 INFO tempest.lib.common.rest_client [req-af2242c1-2786-46d1-8d70-ddad307fe7b6 req-af2242c1-2786-46d1-8d70-ddad307fe7b6 ] Request (FlavorsAccessTestJSON:tearDownClass): 204 DELETE http://10.180.1.21:9696/networking/v2.0/security-groups/2749e242-2116-4527-a332-66558f1efb59 0.642s
2024-09-11 15:15:22.312 62209 INFO tempest.lib.common.rest_client [req-0a0d9bf8-c730-43c7-9c9b-1539ff956c3e req-0a0d9bf8-c730-43c7-9c9b-1539ff956c3e ] Request (FlavorsAdminTestJSON:test_create_list_flavor_without_extra_data): 200 GET http://10.180.1.21/compute/v2.1/flavors/1595058143 1.285s
2024-09-11 15:15:22.330 62207 INFO tempest.lib.common.rest_client [req-64e31396-bbb0-4eed-9171-086f1fac45b5 req-64e31396-bbb0-4eed-9171-086f1fac45b5 ] Request (ServerDiagnosticsTest:tearDownClass): 201 POST http://10.180.1.21/identity/v3/auth/tokens 0.084s
