2024-09-11 15:17:08.969 62219 INFO tempest.lib.common.rest_client [req-d15e2587-bfc5-4a68-bd83-b6bdb1b2b9e9 req-d15e2587-bfc5-4a68-bd83-b6bdb1b2b9e9 ] Request (ServersTestBootFromVolume:setUpClass): 200 GET http://10.180.1.21/compute/v2.1/servers/f8612d1d-45b0-4235-83f6-203c74bcefbd 0.068s
2024-09-11 15:17:08.990 62213 INFO tempest.lib.common.rest_client [req-0f1e34d1-e12e-443f-a00f-0a5442fa5f52 req-0f1e34d1-e12e-443f-a00f-0a5442fa5f52 ] Request (TestVersions:tearDownClass): 204 DELETE http://10.180.1.21/identity/v3/projects/37ba127e07c14c2bb721353aca904502 0.065s
2024-09-11 15:17:08.998 62227 INFO tempest.lib.common.rest_client [req-d736d506-3170-4258-90ac-a667180217d1 req-d736d506-3170-4258-90ac-a667180217d1 ] Request (ServersAdminTestJSON:setUpClass): 200 GET http://10.180.1.21/compute/v2.1/servers/0ddd4a42-fc27-4394-9cfb-0ba5918d156b 0.066s
2024-09-11 15:17:09.015 62217 INFO tempest.lib.common.rest_client [req-46aba7d9-84cc-4e0a-9bb9-63c69d84a251 req-46aba7d9-84cc-4e0a-9bb9-63c69d84a251 ] Request (ServerActionsTestOtherB:setUpClass): 200 GET http://10.180.1.21/compute/v2.1/servers/b64d1761-21d3-4b71-b339-c8aa0291a35e 0.066s
2024-09-11 15:17:09.048 62223 INFO tempest.lib.common.rest_client [req-f0d1c576-1073-418c-aaf2-ac5111951e29 req-f0d1c576-1073-418c-aaf2-ac5111951e29 ] Request (MigrationsAdminTest:test_list_migrations_in_flavor_resize_situation): 200 GET http://10.180.1.21/compute/v2.1/servers/73ad7933-201c-4d1e-81bc-b042b8cca81d 0.061s
2024-09-11 15:17:09.057 62255 INFO tempest.lib.common.rest_client [req-3c311680-07bf-48ce-9903-68f243796678 req-3c311680-07bf-48ce-9903-68f243796678 ] Request (ServerMetadataNegativeTestJSON:setUpClass): 200 GET http://10.180.1.21/compute/v2.1/servers/6ef494c7-9677-4d99-ae7a-e2c8ab75e239 0.062s
2024-09-11 15:17:09.093 62239 INFO tempest.lib.common.rest_client [req-e49a1a14-0cf3-4cca-b532-fcde62826b9d req-e49a1a14-0cf3-4cca-b532-fcde62826b9d ] Request (ServerActionsTestOtherA:setUpClass): 200 GET http://10.180.1.21/compute/v2.1/servers/f3ee940f-d1e2-4bfa-9c43-9bc596d01f84 0.047s
2024-09-11 15:17:09.123 62235 INFO tempest.lib.common.rest_client [req-f6001e84-ca5c-44b4-80db-542c128d5395 req-f6001e84-ca5c-44b4-80db-542c128d5395 ] Request (ServerActionsV293TestJSON:setUpClass): 200 GET http://10.180.1.21/compute/v2.1/servers/fa164cc8-30cd-4a45-86ab-3e4c0a8966fd 0.058s
2024-09-11 15:17:09.145 62237 INFO tempest.lib.common.rest_client [req-99934ce5-6984-4bf1-b073-79f7f0aa63fe req-99934ce5-6984-4bf1-b073-79f7f0aa63fe ] Request (DeleteServersAdminTestJSON:test_admin_delete_servers_of_others): 200 GET http://10.180.1.21/compute/v2.1/servers/7dcce989-6f57-4896-9fbc-9d8cd25a2e38 0.046s
2024-09-11 15:17:09.166 62193 INFO tempest.lib.common.rest_client [req-6ebf4d9d-109f-4c05-8489-426d1699da6b req-6ebf4d9d-109f-4c05-8489-426d1699da6b ] Request (ImagesTestJSON:test_create_image_from_stopped_server): 200 GET http://10.180.1.21/compute/v2.1/servers/c755aa01-ce4e-4e1d-8f0e-4015bbf67a49 0.052s
2024-09-11 15:17:09.199 62233 INFO tempest.lib.common.rest_client [req-78200e87-5059-49e1-ac28-febc1c1b81ab req-78200e87-5059-49e1-ac28-febc1c1b81ab ] Request (SecurityGroupsTestJSON:test_list_security_groups_by_server): 200 GET http://10.180.1.21/compute/v2.1/servers/d8e725cb-5907-4f05-821c-1b7248dcd0a2 0.047s
2024-09-11 15:17:09.247 62207 INFO tempest.lib.common.rest_client [req-d0768d17-a828-42e0-8076-8f03e6e95a93 req-d0768d17-a828-42e0-8076-8f03e6e95a93 ] Request (ServersTestFqdnHostnames:test_create_server_with_fqdn_name): 200 GET http://10.180.1.21/compute/v2.1/servers/e98c80eb-b43b-4d17-82f2-6097939233cf 0.046s
2024-09-11 15:17:09.252 62253 INFO tempest.lib.common.rest_client [req-1743c01a-5b07-4912-bc75-da52609ae38d req-1743c01a-5b07-4912-bc75-da52609ae38d ] Request (FloatingIPsAssociationTestJSON:setUpClass): 200 GET http://10.180.1.21/compute/v2.1/servers/54e37cb8-54e4-4881-9d7d-3c280791d20b 0.058s
2024-09-11 15:17:09.258 62253 INFO tempest.common.waiters [-] State transition "BUILD/scheduling" ==> "ERROR/None" after 93 second wait
2024-09-11 15:17:09.301 62201 INFO tempest.lib.common.rest_client [req-88854e25-c9cd-47ee-8ab6-368b0b5f7967 req-88854e25-c9cd-47ee-8ab6-368b0b5f7967 ] Request (AttachInterfacesTestJSON:test_create_list_show_delete_interfaces_by_fixed_ip): 200 GET http://10.180.1.21/compute/v2.1/servers/e9d8c07d-5cf4-4179-9101-bc0102b35036 0.049s
2024-09-11 15:17:09.347 62205 INFO tempest.lib.common.rest_client [req-8deaf8de-7101-4df3-9903-84bf74f7420e req-8deaf8de-7101-4df3-9903-84bf74f7420e ] Request (ServerShowV254Test:test_rebuild_server): 200 GET http://10.180.1.21/compute/v2.1/servers/91a429a3-c148-445a-b5c1-b1aea6046d65 0.065s
2024-09-11 15:17:09.389 62231 INFO tempest.lib.common.rest_client [req-161400a6-7fc7-4ab7-be88-d924c0dce0eb req-161400a6-7fc7-4ab7-be88-d924c0dce0eb ] Request (ServersTestJSON:test_create_server_specify_multibyte_character_name): 200 GET http://10.180.1.21/compute/v2.1/servers/eb0e3a55-7089-4ec3-9739-1bcf35be368f 0.076s
2024-09-11 15:17:09.423 62253 INFO tempest.lib.common.rest_client [req-c684aea7-d775-40d5-ab02-3dc64474d407 req-c684aea7-d775-40d5-ab02-3dc64474d407 ] Request (FloatingIPsAssociationTestJSON:setUpClass): 204 DELETE http://10.180.1.21/compute/v2.1/servers/54e37cb8-54e4-4881-9d7d-3c280791d20b 0.165s
2024-09-11 15:17:09.441 62216 INFO tempest.lib.common.rest_client [req-927500bc-6010-4fda-af7b-f7afe2d77928 req-927500bc-6010-4fda-af7b-f7afe2d77928 ] Request (InstanceActionsV221TestJSON:test_get_list_deleted_instance_actions): 200 GET http://10.180.1.21/compute/v2.1/servers/a6ea9660-7473-4b18-baa8-83c35c90c885 0.096s
2024-09-11 15:17:09.474 62211 INFO tempest.lib.common.rest_client [req-713e22d7-99e6-433d-bfdf-1bf391a9ddfc req-713e22d7-99e6-433d-bfdf-1bf391a9ddfc ] Request (VolumesAdminNegativeTest:test_update_attached_volume_with_nonexistent_volume_in_body): 200 GET http://10.180.1.21/compute/v2.1/servers/1693bf29-a9e7-4069-8c11-e33222e94a63 0.096s
2024-09-11 15:17:09.492 62249 INFO tempest.lib.common.rest_client [req-3f3d8a74-543d-428e-a3c3-89077f0f40f5 req-3f3d8a74-543d-428e-a3c3-89077f0f40f5 ] Request (ServersTestMultiNic:test_verify_duplicate_network_nics): 200 GET http://10.180.1.21/compute/v2.1/servers/da9b11b2-63db-4baa-a41e-eea08541b46f 0.073s
2024-09-11 15:17:09.492 62253 INFO tempest.lib.common.rest_client [req-dada2f66-2d19-44ba-8aab-e0483583982f req-dada2f66-2d19-44ba-8aab-e0483583982f ] Request (FloatingIPsAssociationTestJSON:setUpClass): 404 GET http://10.180.1.21/compute/v2.1/servers/54e37cb8-54e4-4881-9d7d-3c280791d20b 0.068s
2024-09-11 15:17:09.492 62253 INFO tempest.test [-] raised in FloatingIPsAssociationTestJSON.setUpClass. Invoking tearDownClass.
2024-09-11 15:17:09.544 62246 INFO tempest.lib.common.rest_client [req-5c9579da-add2-48c9-b8b8-3180521269d9 req-5c9579da-add2-48c9-b8b8-3180521269d9 ] Request (ServersNegativeTestMultiTenantJSON:setUpClass): 200 GET http://10.180.1.21/compute/v2.1/servers/3557636a-9e02-4089-af8f-257db557e721 0.102s
2024-09-11 15:17:09.592 62209 INFO tempest.lib.common.rest_client [req-45d8420e-f600-42ad-a232-501024f7e464 req-45d8420e-f600-42ad-a232-501024f7e464 ] Request (ServerDiagnosticsNegativeTest:test_get_server_diagnostics_by_non_admin): 200 GET http://10.180.1.21/compute/v2.1/servers/663e9bfc-20ca-49ca-96ef-c9e847de9d90 0.081s
2024-09-11 15:17:09.714 62243 INFO tempest.lib.common.rest_client [req-bcd266e4-7211-40f7-b97b-4c3f48995bdb req-bcd266e4-7211-40f7-b97b-4c3f48995bdb ] Request (ImagesNegativeTestJSON:test_create_image_from_deleted_server): 200 GET http://10.180.1.21/compute/v2.1/servers/8882b862-5d55-48a1-8aa3-39b6277685aa 0.248s
2024-09-11 15:17:09.788 62221 INFO tempest.lib.common.rest_client [req-18bc77dd-9f47-4b24-b580-8efe8e29a8a1 req-18bc77dd-9f47-4b24-b580-8efe8e29a8a1 ] Request (ListServerFiltersTestJSON:setUpClass): 200 GET http://10.180.1.21/compute/v2.1/servers/295f76bc-6126-422f-b1e5-a0a3ca079a4b 0.054s
2024-09-11 15:17:09.859 62195 INFO tempest.lib.common.rest_client [req-7ed88cb6-44b0-4626-963f-42885ed4db12 req-7ed88cb6-44b0-4626-963f-42885ed4db12 ] Request (InstanceActionsNegativeTestJSON:setUpClass): 200 GET http://10.180.1.21/compute/v2.1/servers/76364a94-8b20-4316-a16d-31ea1f43a880 0.055s
2024-09-11 15:17:09.902 62197 INFO tempest.lib.common.rest_client [req-da2a5be2-d2cb-4356-bd49-cf21a9482fa4 req-da2a5be2-d2cb-4356-bd49-cf21a9482fa4 ] Request (AttachVolumeTestJSON:test_list_get_volume_attachments): 200 GET http://10.180.1.21/compute/v2.1/servers/c193464f-18e2-4a7c-8a66-b3c3ed8a08f4 0.053s
2024-09-11 15:17:09.966 62199 INFO tempest.lib.common.rest_client [req-2920a40b-5a9d-47b0-9885-cb83151d514f req-2920a40b-5a9d-47b0-9885-cb83151d514f ] Request (ServerGroupTestJSON:test_create_server_with_scheduler_hint_group): 200 GET http://10.180.1.21/compute/v2.1/servers/1023a9bc-e542-4bb5-8a7d-0e03df424ab8 0.061s
2024-09-11 15:17:10.021 62225 INFO tempest.lib.common.rest_client [req-baf883be-d2b1-4041-8c0c-c332a6b59783 req-baf883be-d2b1-4041-8c0c-c332a6b59783 ] Request (MultipleCreateTestJSON:test_multiple_create_with_reservation_return): 200 GET http://10.180.1.21/compute/v2.1/servers/49b1afbf-89b6-4771-8198-b068cac53ac6 0.086s
2024-09-11 15:17:10.031 62241 INFO tempest.lib.common.rest_client [req-78a17dca-f58d-4127-8c1b-0de498f413bb req-78a17dca-f58d-4127-8c1b-0de498f413bb ] Request (DeleteServersTestJSON:test_delete_active_server): 200 GET http://10.180.1.21/compute/v2.1/servers/c7f633d2-f2cd-4cef-a246-af736f420128 0.147s
2024-09-11 15:17:10.074 62230 INFO tempest.lib.common.rest_client [req-82cdf492-7c0b-42f6-a3bb-e5ac0fa1cb57 req-82cdf492-7c0b-42f6-a3bb-e5ac0fa1cb57 ] Request (ServerRescueNegativeTestJSON:setUpClass): 200 GET http://10.180.1.21/compute/v2.1/servers/d29718dd-98af-424c-9812-4fa919354c18 0.119s
2024-09-11 15:17:10.088 62219 INFO tempest.lib.common.rest_client [req-144fca93-fbcc-4eb5-9d67-56109ca3c0e6 req-144fca93-fbcc-4eb5-9d67-56109ca3c0e6 ] Request (ServersTestBootFromVolume:setUpClass): 200 GET http://10.180.1.21/compute/v2.1/servers/f8612d1d-45b0-4235-83f6-203c74bcefbd 0.112s
2024-09-11 15:17:10.125 62227 INFO tempest.lib.common.rest_client [req-430cc83e-3828-4cf8-ac6b-415a093fc4c6 req-430cc83e-3828-4cf8-ac6b-415a093fc4c6 ] Request (ServersAdminTestJSON:setUpClass): 200 GET http://10.180.1.21/compute/v2.1/servers/0ddd4a42-fc27-4394-9cfb-0ba5918d156b 0.117s
2024-09-11 15:17:10.146 62217 INFO tempest.lib.common.rest_client [req-94dc8d1c-1453-47c7-bc3a-eccd0b304cf9 req-94dc8d1c-1453-47c7-bc3a-eccd0b304cf9 ] Request (ServerActionsTestOtherB:setUpClass): 200 GET http://10.180.1.21/compute/v2.1/servers/b64d1761-21d3-4b71-b339-c8aa0291a35e 0.121s
2024-09-11 15:17:10.178 62223 INFO tempest.lib.common.rest_client [req-b169903b-dd9c-48b5-b415-424f3b123033 req-b169903b-dd9c-48b5-b415-424f3b123033 ] Request (MigrationsAdminTest:test_list_migrations_in_flavor_resize_situation): 200 GET http://10.180.1.21/compute/v2.1/servers/73ad7933-201c-4d1e-81bc-b042b8cca81d 0.121s
2024-09-11 15:17:10.200 62255 INFO tempest.lib.common.rest_client [req-d2dddb9e-f5de-463d-9d37-0bc11f8f4596 req-d2dddb9e-f5de-463d-9d37-0bc11f8f4596 ] Request (ServerMetadataNegativeTestJSON:setUpClass): 200 GET http://10.180.1.21/compute/v2.1/servers/6ef494c7-9677-4d99-ae7a-e2c8ab75e239 0.136s
2024-09-11 15:17:10.224 62239 INFO tempest.lib.common.rest_client [req-a37afd80-ad6b-42c4-b2af-3a2590ecc0b7 req-a37afd80-ad6b-42c4-b2af-3a2590ecc0b7 ] Request (ServerActionsTestOtherA:setUpClass): 200 GET http://10.180.1.21/compute/v2.1/servers/f3ee940f-d1e2-4bfa-9c43-9bc596d01f84 0.120s
2024-09-11 15:17:10.263 62235 INFO tempest.lib.common.rest_client [req-bcd72d8d-fb66-4eed-98af-558341c5784c req-bcd72d8d-fb66-4eed-98af-558341c5784c ] Request (ServerActionsV293TestJSON:setUpClass): 200 GET http://10.180.1.21/compute/v2.1/servers/fa164cc8-30cd-4a45-86ab-3e4c0a8966fd 0.130s
2024-09-11 15:17:10.275 62237 INFO tempest.lib.common.rest_client [req-87916112-5377-4c0d-8318-fffc8f237214 req-87916112-5377-4c0d-8318-fffc8f237214 ] Request (DeleteServersAdminTestJSON:test_admin_delete_servers_of_others): 200 GET http://10.180.1.21/compute/v2.1/servers/7dcce989-6f57-4896-9fbc-9d8cd25a2e38 0.122s
2024-09-11 15:17:10.321 62233 INFO tempest.lib.common.rest_client [req-c06fe8d4-bb15-40b2-950b-f5850f7e468f req-c06fe8d4-bb15-40b2-950b-f5850f7e468f ] Request (SecurityGroupsTestJSON:test_list_security_groups_by_server): 200 GET http://10.180.1.21/compute/v2.1/servers/d8e725cb-5907-4f05-821c-1b7248dcd0a2 0.114s
2024-09-11 15:17:10.325 62193 INFO tempest.lib.common.rest_client [req-ebadfc59-9ecd-4f5e-a34a-e88b2e7db0fd req-ebadfc59-9ecd-4f5e-a34a-e88b2e7db0fd ] Request (ImagesTestJSON:test_create_image_from_stopped_server): 200 GET http://10.180.1.21/compute/v2.1/servers/c755aa01-ce4e-4e1d-8f0e-4015bbf67a49 0.152s
2024-09-11 15:17:10.332 62193 INFO tempest.common.waiters [-] State transition "BUILD/scheduling" ==> "BUILD/None" after 74 second wait
2024-09-11 15:17:10.376 62207 INFO tempest.lib.common.rest_client [req-fc94797a-8e93-421c-ab52-8f043303522d req-fc94797a-8e93-421c-ab52-8f043303522d ] Request (ServersTestFqdnHostnames:test_create_server_with_fqdn_name): 200 GET http://10.180.1.21/compute/v2.1/servers/e98c80eb-b43b-4d17-82f2-6097939233cf 0.122s
2024-09-11 15:17:10.387 62201 INFO tempest.lib.common.rest_client [req-53885c59-e9e6-4208-a68f-7580f11e3eae req-53885c59-e9e6-4208-a68f-7580f11e3eae ] Request (AttachInterfacesTestJSON:test_create_list_show_delete_interfaces_by_fixed_ip): 200 GET http://10.180.1.21/compute/v2.1/servers/e9d8c07d-5cf4-4179-9101-bc0102b35036 0.077s
2024-09-11 15:17:10.429 62205 INFO tempest.lib.common.rest_client [req-188414c7-d78f-42fb-a2c7-697868b299f4 req-188414c7-d78f-42fb-a2c7-697868b299f4 ] Request (ServerShowV254Test:test_rebuild_server): 200 GET http://10.180.1.21/compute/v2.1/servers/91a429a3-c148-445a-b5c1-b1aea6046d65 0.073s
2024-09-11 15:17:10.456 62231 INFO tempest.lib.common.rest_client [req-a7db0d09-2165-4cc7-85fa-36125328b154 req-a7db0d09-2165-4cc7-85fa-36125328b154 ] Request (ServersTestJSON:test_create_server_specify_multibyte_character_name): 200 GET http://10.180.1.21/compute/v2.1/servers/eb0e3a55-7089-4ec3-9739-1bcf35be368f 0.059s
2024-09-11 15:17:10.516 62216 INFO tempest.lib.common.rest_client [req-694f4650-f273-453a-ba21-159b31217161 req-694f4650-f273-453a-ba21-159b31217161 ] Request (InstanceActionsV221TestJSON:test_get_list_deleted_instance_actions): 200 GET http://10.180.1.21/compute/v2.1/servers/a6ea9660-7473-4b18-baa8-83c35c90c885 0.067s
2024-09-11 15:17:10.540 62211 INFO tempest.lib.common.rest_client [req-2701c4d0-c0e2-43c7-a79d-b7d45d9006bc req-2701c4d0-c0e2-43c7-a79d-b7d45d9006bc ] Request (VolumesAdminNegativeTest:test_update_attached_volume_with_nonexistent_volume_in_body): 200 GET http://10.180.1.21/compute/v2.1/servers/1693bf29-a9e7-4069-8c11-e33222e94a63 0.059s
2024-09-11 15:17:10.543 62253 INFO tempest.lib.common.rest_client [req-c68e0954-65ff-4085-8c69-de1a702dedf4 req-c68e0954-65ff-4085-8c69-de1a702dedf4 ] Request (FloatingIPsAssociationTestJSON:tearDownClass): 200 PUT http://10.180.1.21:9696/networking/v2.0/routers/6ec60cd3-e137-494c-be8d-f8909b542cf6/remove_router_interface 1.050s
2024-09-11 15:17:10.548 62211 INFO tempest.common.waiters [-] State transition "BUILD/spawning" ==> "BUILD/scheduling" after 86 second wait
2024-09-11 15:17:10.574 62249 INFO tempest.lib.common.rest_client [req-f943664b-67f1-4641-8f20-fa62c7cb966c req-f943664b-67f1-4641-8f20-fa62c7cb966c ] Request (ServersTestMultiNic:test_verify_duplicate_network_nics): 200 GET http://10.180.1.21/compute/v2.1/servers/da9b11b2-63db-4baa-a41e-eea08541b46f 0.075s
2024-09-11 15:17:10.610 62246 INFO tempest.lib.common.rest_client [req-fb9fe2b7-196a-45cd-9cbd-24140a6726cb req-fb9fe2b7-196a-45cd-9cbd-24140a6726cb ] Request (ServersNegativeTestMultiTenantJSON:setUpClass): 200 GET http://10.180.1.21/compute/v2.1/servers/3557636a-9e02-4089-af8f-257db557e721 0.059s
2024-09-11 15:17:10.661 62209 INFO tempest.lib.common.rest_client [req-259c472b-fbee-4e3d-8f28-52356188a81b req-259c472b-fbee-4e3d-8f28-52356188a81b ] Request (ServerDiagnosticsNegativeTest:test_get_server_diagnostics_by_non_admin): 200 GET http://10.180.1.21/compute/v2.1/servers/663e9bfc-20ca-49ca-96ef-c9e847de9d90 0.061s
2024-09-11 15:17:10.770 62243 INFO tempest.lib.common.rest_client [req-8c0d17b4-b3aa-4fba-bb19-d4cede97ea2c req-8c0d17b4-b3aa-4fba-bb19-d4cede97ea2c ] Request (ImagesNegativeTestJSON:test_create_image_from_deleted_server): 200 GET http://10.180.1.21/compute/v2.1/servers/8882b862-5d55-48a1-8aa3-39b6277685aa 0.049s
2024-09-11 15:17:10.853 62221 INFO tempest.lib.common.rest_client [req-cd6e165a-fff0-4145-b129-4edd8761dd32 req-cd6e165a-fff0-4145-b129-4edd8761dd32 ] Request (ListServerFiltersTestJSON:setUpClass): 200 GET http://10.180.1.21/compute/v2.1/servers/295f76bc-6126-422f-b1e5-a0a3ca079a4b 0.059s
2024-09-11 15:17:10.943 62195 INFO tempest.lib.common.rest_client [req-41e929c3-502e-47f6-a816-73eb4b4d6e8c req-41e929c3-502e-47f6-a816-73eb4b4d6e8c ] Request (InstanceActionsNegativeTestJSON:setUpClass): 200 GET http://10.180.1.21/compute/v2.1/servers/76364a94-8b20-4316-a16d-31ea1f43a880 0.073s
2024-09-11 15:17:10.970 62253 INFO tempest.lib.common.rest_client [req-e704c692-ea6b-4320-835b-3b8ac67271c9 req-e704c692-ea6b-4320-835b-3b8ac67271c9 ] Request (FloatingIPsAssociationTestJSON:tearDownClass): 204 DELETE http://10.180.1.21:9696/networking/v2.0/routers/6ec60cd3-e137-494c-be8d-f8909b542cf6 0.426s
2024-09-11 15:17:10.982 62197 INFO tempest.lib.common.rest_client [req-8ff561a6-5d33-4152-9c90-3a27ea3fdc7b req-8ff561a6-5d33-4152-9c90-3a27ea3fdc7b ] Request (AttachVolumeTestJSON:test_list_get_volume_attachments): 200 GET http://10.180.1.21/compute/v2.1/servers/c193464f-18e2-4a7c-8a66-b3c3ed8a08f4 0.065s
2024-09-11 15:17:11.022 62199 INFO tempest.lib.common.rest_client [req-1826a35a-0ba0-421f-98c6-de3ca7457679 req-1826a35a-0ba0-421f-98c6-de3ca7457679 ] Request (ServerGroupTestJSON:test_create_server_with_scheduler_hint_group): 200 GET http://10.180.1.21/compute/v2.1/servers/1023a9bc-e542-4bb5-8a7d-0e03df424ab8 0.048s
2024-09-11 15:17:11.086 62225 INFO tempest.lib.common.rest_client [req-c28c3443-5aae-47d7-bf54-b49c12f9fab2 req-c28c3443-5aae-47d7-bf54-b49c12f9fab2 ] Request (MultipleCreateTestJSON:test_multiple_create_with_reservation_return): 200 GET http://10.180.1.21/compute/v2.1/servers/49b1afbf-89b6-4771-8198-b068cac53ac6 0.053s
2024-09-11 15:17:11.100 62253 INFO tempest.lib.common.rest_client [req-fe479051-0e1b-48a5-9a7f-6da34a351bd4 req-fe479051-0e1b-48a5-9a7f-6da34a351bd4 ] Request (FloatingIPsAssociationTestJSON:tearDownClass): 204 DELETE http://10.180.1.21:9696/networking/v2.0/subnets/5eb7c29f-faa1-4495-971c-748fec435b4b 0.129s
2024-09-11 15:17:11.137 62230 INFO tempest.lib.common.rest_client [req-ef0658d1-9e65-41a6-8759-7a70bb25482e req-ef0658d1-9e65-41a6-8759-7a70bb25482e ] Request (ServerRescueNegativeTestJSON:setUpClass): 200 GET http://10.180.1.21/compute/v2.1/servers/d29718dd-98af-424c-9812-4fa919354c18 0.053s
2024-09-11 15:17:11.160 62241 INFO tempest.lib.common.rest_client [req-1b24efcf-668c-4a80-84a1-fe83551588b9 req-1b24efcf-668c-4a80-84a1-fe83551588b9 ] Request (DeleteServersTestJSON:test_delete_active_server): 200 GET http://10.180.1.21/compute/v2.1/servers/c7f633d2-f2cd-4cef-a246-af736f420128 0.121s
2024-09-11 15:17:11.195 62219 INFO tempest.lib.common.rest_client [req-0d7aa3d7-209c-4a61-9a76-dcfe64a712fd req-0d7aa3d7-209c-4a61-9a76-dcfe64a712fd ] Request (ServersTestBootFromVolume:setUpClass): 200 GET http://10.180.1.21/compute/v2.1/servers/f8612d1d-45b0-4235-83f6-203c74bcefbd 0.099s
2024-09-11 15:17:11.213 62227 INFO tempest.lib.common.rest_client [req-b6bff6a5-cd7a-45c2-8966-ee8976d50c0f req-b6bff6a5-cd7a-45c2-8966-ee8976d50c0f ] Request (ServersAdminTestJSON:setUpClass): 200 GET http://10.180.1.21/compute/v2.1/servers/0ddd4a42-fc27-4394-9cfb-0ba5918d156b 0.079s
2024-09-11 15:17:11.253 62217 INFO tempest.lib.common.rest_client [req-8ff546bf-47b6-4049-9d11-7359399648b0 req-8ff546bf-47b6-4049-9d11-7359399648b0 ] Request (ServerActionsTestOtherB:setUpClass): 200 GET http://10.180.1.21/compute/v2.1/servers/b64d1761-21d3-4b71-b339-c8aa0291a35e 0.098s
2024-09-11 15:17:11.257 62223 INFO tempest.lib.common.rest_client [req-ac81c332-93b7-4571-bf25-859a1502182b req-ac81c332-93b7-4571-bf25-859a1502182b ] Request (MigrationsAdminTest:test_list_migrations_in_flavor_resize_situation): 200 GET http://10.180.1.21/compute/v2.1/servers/73ad7933-201c-4d1e-81bc-b042b8cca81d 0.071s
2024-09-11 15:17:11.301 62255 INFO tempest.lib.common.rest_client [req-500d6550-8f45-4ae2-9d7a-034c93940953 req-500d6550-8f45-4ae2-9d7a-034c93940953 ] Request (ServerMetadataNegativeTestJSON:setUpClass): 200 GET http://10.180.1.21/compute/v2.1/servers/6ef494c7-9677-4d99-ae7a-e2c8ab75e239 0.090s
2024-09-11 15:17:11.307 62239 INFO tempest.lib.common.rest_client [req-fb3d2c98-bc14-4346-a6c9-af0df6d45d9c req-fb3d2c98-bc14-4346-a6c9-af0df6d45d9c ] Request (ServerActionsTestOtherA:setUpClass): 200 GET http://10.180.1.21/compute/v2.1/servers/f3ee940f-d1e2-4bfa-9c43-9bc596d01f84 0.075s
2024-09-11 15:17:11.358 62237 INFO tempest.lib.common.rest_client [req-c7399ffc-fee6-4497-a4ea-aa4bc42c7b88 req-c7399ffc-fee6-4497-a4ea-aa4bc42c7b88 ] Request (DeleteServersAdminTestJSON:test_admin_delete_servers_of_others): 200 GET http://10.180.1.21/compute/v2.1/servers/7dcce989-6f57-4896-9fbc-9d8cd25a2e38 0.076s
2024-09-11 15:17:11.362 62235 INFO tempest.lib.common.rest_client [req-8c51f5b2-75db-47d8-ac46-65d98e42261d req-8c51f5b2-75db-47d8-ac46-65d98e42261d ] Request (ServerActionsV293TestJSON:setUpClass): 200 GET http://10.180.1.21/compute/v2.1/servers/fa164cc8-30cd-4a45-86ab-3e4c0a8966fd 0.090s
2024-09-11 15:17:11.408 62233 INFO tempest.lib.common.rest_client [req-78798d28-9436-4681-afd8-627275794f45 req-78798d28-9436-4681-afd8-627275794f45 ] Request (SecurityGroupsTestJSON:test_list_security_groups_by_server): 200 GET http://10.180.1.21/compute/v2.1/servers/d8e725cb-5907-4f05-821c-1b7248dcd0a2 0.079s
2024-09-11 15:17:11.410 62253 INFO tempest.lib.common.rest_client [req-4d670932-c40f-4361-8671-5690ff3363a7 req-4d670932-c40f-4361-8671-5690ff3363a7 ] Request (FloatingIPsAssociationTestJSON:tearDownClass): 204 DELETE http://10.180.1.21:9696/networking/v2.0/networks/06bd16a1-a748-421a-ad1f-62f1a890255c 0.310s
2024-09-11 15:17:11.418 62193 INFO tempest.lib.common.rest_client [req-e7573743-13a6-4502-85d1-164ef923e505 req-e7573743-13a6-4502-85d1-164ef923e505 ] Request (ImagesTestJSON:test_create_image_from_stopped_server): 200 GET http://10.180.1.21/compute/v2.1/servers/c755aa01-ce4e-4e1d-8f0e-4015bbf67a49 0.085s
2024-09-11 15:17:11.457 62207 INFO tempest.lib.common.rest_client [req-7096c030-4902-41cc-8c93-769a437be9f8 req-7096c030-4902-41cc-8c93-769a437be9f8 ] Request (ServersTestFqdnHostnames:test_create_server_with_fqdn_name): 200 GET http://10.180.1.21/compute/v2.1/servers/e98c80eb-b43b-4d17-82f2-6097939233cf 0.073s
2024-09-11 15:17:11.473 62201 INFO tempest.lib.common.rest_client [req-c3b04251-f89e-472f-901c-45a719a7666d req-c3b04251-f89e-472f-901c-45a719a7666d ] Request (AttachInterfacesTestJSON:test_create_list_show_delete_interfaces_by_fixed_ip): 200 GET http://10.180.1.21/compute/v2.1/servers/e9d8c07d-5cf4-4179-9101-bc0102b35036 0.077s
2024-09-11 15:17:11.516 62205 INFO tempest.lib.common.rest_client [req-a486d951-d73f-4f72-962b-5932b59ad2a3 req-a486d951-d73f-4f72-962b-5932b59ad2a3 ] Request (ServerShowV254Test:test_rebuild_server): 200 GET http://10.180.1.21/compute/v2.1/servers/91a429a3-c148-445a-b5c1-b1aea6046d65 0.077s
2024-09-11 15:17:11.524 62231 INFO tempest.lib.common.rest_client [req-751bbbcf-5621-4634-af31-e18f1057d667 req-751bbbcf-5621-4634-af31-e18f1057d667 ] Request (ServersTestJSON:test_create_server_specify_multibyte_character_name): 200 GET http://10.180.1.21/compute/v2.1/servers/eb0e3a55-7089-4ec3-9739-1bcf35be368f 0.060s
2024-09-11 15:17:11.530 62253 INFO tempest.lib.common.rest_client [req-ae4a815e-5030-4851-a368-b5df4645510c req-ae4a815e-5030-4851-a368-b5df4645510c ] Request (FloatingIPsAssociationTestJSON:tearDownClass): 204 DELETE http://10.180.1.21/identity/v3/users/200df83dea744812898cefc687ddaab5 0.119s
2024-09-11 15:17:11.530 62253 INFO tempest.lib.common.dynamic_creds [-] Deleting project and security group for project: 32ca49c01a1a4e408b7ce4db041c24bf
2024-09-11 15:17:11.577 62216 INFO tempest.lib.common.rest_client [req-bb5a27ba-01c7-4c84-a087-765f939eabae req-bb5a27ba-01c7-4c84-a087-765f939eabae ] Request (InstanceActionsV221TestJSON:test_get_list_deleted_instance_actions): 200 GET http://10.180.1.21/compute/v2.1/servers/a6ea9660-7473-4b18-baa8-83c35c90c885 0.050s
2024-09-11 15:17:11.578 62253 INFO tempest.lib.common.rest_client [req-c5c21a0a-da57-40cb-b131-adc36d686a06 req-c5c21a0a-da57-40cb-b131-adc36d686a06 ] Request (FloatingIPsAssociationTestJSON:tearDownClass): 200 GET http://10.180.1.21:9696/networking/v2.0/security-groups?tenant_id=32ca49c01a1a4e408b7ce4db041c24bf&name=default 0.047s
2024-09-11 15:17:11.615 62211 INFO tempest.lib.common.rest_client [req-05a32329-0a05-4270-ac76-0886b3b38e0d req-05a32329-0a05-4270-ac76-0886b3b38e0d ] Request (VolumesAdminNegativeTest:test_update_attached_volume_with_nonexistent_volume_in_body): 200 GET http://10.180.1.21/compute/v2.1/servers/1693bf29-a9e7-4069-8c11-e33222e94a63 0.066s
2024-09-11 15:17:11.621 62211 INFO tempest.common.waiters [-] State transition "BUILD/scheduling" ==> "ERROR/None" after 87 second wait
2024-09-11 15:17:11.627 62249 INFO tempest.lib.common.rest_client [req-e376bbc6-ec4a-4223-8c60-b5c78bd9c501 req-e376bbc6-ec4a-4223-8c60-b5c78bd9c501 ] Request (ServersTestMultiNic:test_verify_duplicate_network_nics): 200 GET http://10.180.1.21/compute/v2.1/servers/da9b11b2-63db-4baa-a41e-eea08541b46f 0.047s
2024-09-11 15:17:11.667 62246 INFO tempest.lib.common.rest_client [req-b314f53f-e088-4133-9d03-97cb2178e2cb req-b314f53f-e088-4133-9d03-97cb2178e2cb ] Request (ServersNegativeTestMultiTenantJSON:setUpClass): 200 GET http://10.180.1.21/compute/v2.1/servers/3557636a-9e02-4089-af8f-257db557e721 0.050s
2024-09-11 15:17:11.717 62253 INFO tempest.lib.common.rest_client [req-acac372c-1236-4876-9c3b-5067898f04ad req-acac372c-1236-4876-9c3b-5067898f04ad ] Request (FloatingIPsAssociationTestJSON:tearDownClass): 204 DELETE http://10.180.1.21:9696/networking/v2.0/security-groups/47602a1a-8f47-44c5-8191-ae55ff94aa4e 0.138s
2024-09-11 15:17:11.723 62209 INFO tempest.lib.common.rest_client [req-f96e2f32-e80d-4bfc-9123-aaf05319692f req-f96e2f32-e80d-4bfc-9123-aaf05319692f ] Request (ServerDiagnosticsNegativeTest:test_get_server_diagnostics_by_non_admin): 200 GET http://10.180.1.21/compute/v2.1/servers/663e9bfc-20ca-49ca-96ef-c9e847de9d90 0.055s
2024-09-11 15:17:11.797 62211 INFO tempest.lib.common.rest_client [req-444e40e6-f3ef-4969-ab45-c1582bc9b474 req-444e40e6-f3ef-4969-ab45-c1582bc9b474 ] Request (VolumesAdminNegativeTest:test_update_attached_volume_with_nonexistent_volume_in_body): 204 DELETE http://10.180.1.21/compute/v2.1/servers/1693bf29-a9e7-4069-8c11-e33222e94a63 0.176s
2024-09-11 15:17:11.803 62253 INFO tempest.lib.common.rest_client [req-4a127cf8-0df8-403f-81ac-e98aaf36232f req-4a127cf8-0df8-403f-81ac-e98aaf36232f ] Request (FloatingIPsAssociationTestJSON:tearDownClass): 204 DELETE http://10.180.1.21/identity/v3/projects/32ca49c01a1a4e408b7ce4db041c24bf 0.086s
2024-09-11 15:17:11.819 62211 INFO tempest.lib.common.rest_client [req-1d8995a8-7307-4dc2-bed4-5deb06eb17d6 req-1d8995a8-7307-4dc2-bed4-5deb06eb17d6 ] Request (VolumesAdminNegativeTest:test_update_attached_volume_with_nonexistent_volume_in_body): 404 GET http://10.180.1.21/compute/v2.1/servers/1693bf29-a9e7-4069-8c11-e33222e94a63 0.021s
2024-09-11 15:17:11.824 62243 INFO tempest.lib.common.rest_client [req-f75d30b3-5337-4158-9296-bebcba2ff461 req-f75d30b3-5337-4158-9296-bebcba2ff461 ] Request (ImagesNegativeTestJSON:test_create_image_from_deleted_server): 200 GET http://10.180.1.21/compute/v2.1/servers/8882b862-5d55-48a1-8aa3-39b6277685aa 0.047s
2024-09-11 15:17:11.859 62253 INFO tempest.lib.common.rest_client [req-2b43ce64-5967-4b05-bea2-b959d6511fe9 req-2b43ce64-5967-4b05-bea2-b959d6511fe9 ] Request (FloatingIPsAssociationNegativeTestJSON:setUpClass): 201 POST http://10.180.1.21/identity/v3/auth/tokens 0.051s
2024-09-11 15:17:11.870 62211 INFO tempest.lib.common.rest_client [req-e804f127-1b76-496b-9625-4ef27d80448d req-e804f127-1b76-496b-9625-4ef27d80448d ] Request (VolumesAdminNegativeTest:test_update_attached_volume_with_nonexistent_volume_in_uri): 201 POST http://10.180.1.21/identity/v3/auth/tokens 0.045s
2024-09-11 15:17:11.871 62211 INFO tempest.lib.common.fixed_network [-] (VolumesAdminNegativeTest:test_update_attached_volume_with_nonexistent_volume_in_uri) Found network {'id': '83c35997-03bc-4e7d-ac6b-5b3d69e6badc', 'name': 'tempest-VolumesAdminNegativeTest-1011727115-network', 'tenant_id': '23e1a0503b6e4056af047e04714e6907', 'admin_state_up': True, 'mtu': 8950, 'status': 'ACTIVE', 'subnets': [], 'shared': False, 'project_id': '23e1a0503b6e4056af047e04714e6907', 'port_security_enabled': True, 'router:external': False, 'provider:network_type': 'vlan', 'provider:physical_network': 'default', 'provider:segmentation_id': 313, 'is_default': False, 'availability_zone_hints': [], 'availability_zones': [], 'ipv4_address_scope': None, 'ipv6_address_scope': None, 'description': '', 'tags': [], 'created_at': '2024-09-11T15:15:17Z', 'updated_at': '2024-09-11T15:15:17Z', 'revision_number': 1} available for tenant
2024-09-11 15:17:11.883 62253 INFO tempest.lib.common.rest_client [req-d76fd094-bdd3-4f14-9368-655c894c6621 req-d76fd094-bdd3-4f14-9368-655c894c6621 ] Request (FloatingIPsAssociationNegativeTestJSON:setUpClass): 201 POST http://10.180.1.21/identity/v3/auth/tokens 0.022s
2024-09-11 15:17:11.902 62253 INFO tempest.lib.common.rest_client [req-46c41d73-a077-416f-a3ff-17674bb0380e req-46c41d73-a077-416f-a3ff-17674bb0380e ] Request (FloatingIPsAssociationNegativeTestJSON:setUpClass): 200 GET http://10.180.1.21/identity/v3/domains?name=Default 0.019s
2024-09-11 15:17:11.911 62221 INFO tempest.lib.common.rest_client [req-c89dea9b-9b8f-45f1-94a4-dfd2ea08bbfe req-c89dea9b-9b8f-45f1-94a4-dfd2ea08bbfe ] Request (ListServerFiltersTestJSON:setUpClass): 200 GET http://10.180.1.21/compute/v2.1/servers/295f76bc-6126-422f-b1e5-a0a3ca079a4b 0.050s
2024-09-11 15:17:11.926 62253 INFO tempest.lib.common.rest_client [req-ce56fb5c-2f34-4749-a1fa-1320b4e44cb9 req-ce56fb5c-2f34-4749-a1fa-1320b4e44cb9 ] Request (FloatingIPsAssociationNegativeTestJSON:setUpClass): 201 POST http://10.180.1.21/identity/v3/projects 0.023s
2024-09-11 15:17:11.973 62253 INFO tempest.lib.common.rest_client [req-eca2f632-7cc3-458e-ae1c-9a51512947e8 req-eca2f632-7cc3-458e-ae1c-9a51512947e8 ] Request (FloatingIPsAssociationNegativeTestJSON:setUpClass): 201 POST http://10.180.1.21/identity/v3/users 0.046s
2024-09-11 15:17:11.991 62253 INFO tempest.lib.common.rest_client [req-b77eeeb9-ce31-4a3a-8801-370e5a1ba119 req-b77eeeb9-ce31-4a3a-8801-370e5a1ba119 ] Request (FloatingIPsAssociationNegativeTestJSON:setUpClass): 200 GET http://10.180.1.21/identity/v3/roles 0.018s
2024-09-11 15:17:11.999 62195 INFO tempest.lib.common.rest_client [req-44a9ea91-925d-4804-9076-c3292fafa086 req-44a9ea91-925d-4804-9076-c3292fafa086 ] Request (InstanceActionsNegativeTestJSON:setUpClass): 200 GET http://10.180.1.21/compute/v2.1/servers/76364a94-8b20-4316-a16d-31ea1f43a880 0.047s
2024-09-11 15:17:12.016 62253 INFO tempest.lib.common.rest_client [req-50b4e879-a965-4fa6-b2b9-69ec02a43d5e req-50b4e879-a965-4fa6-b2b9-69ec02a43d5e ] Request (FloatingIPsAssociationNegativeTestJSON:setUpClass): 204 PUT http://10.180.1.21/identity/v3/projects/40c7d8c213cf46a687a10e69ca81286b/users/14e74bd2495d4e5d96c971179d1c4d2d/roles/f68cca98f8ea4d44a2bbf922e0066fcb 0.024s
2024-09-11 15:17:12.016 62253 INFO tempest.lib.common.dynamic_creds [-] Dynamic test user 14e74bd2495d4e5d96c971179d1c4d2d is created with scope project and roles: ['member']
2024-09-11 15:17:12.016 62253 INFO tempest.lib.common.dynamic_creds [-] Acquired dynamic creds: credentials: Credentials: {'domain_id': 'default', 'domain_name': 'Default', 'username': 'tempest-FloatingIPsAssociationNegativeTestJSON-749089440-project-member', 'project_domain_id': 'default', 'project_domain_name': 'Default', 'project_id': '40c7d8c213cf46a687a10e69ca81286b', 'project_name': 'tempest-FloatingIPsAssociationNegativeTestJSON-749089440', 'tenant_id': '40c7d8c213cf46a687a10e69ca81286b', 'tenant_name': 'tempest-FloatingIPsAssociationNegativeTestJSON-749089440', 'user_domain_id': 'default', 'user_domain_name': 'Default', 'user_id': '14e74bd2495d4e5d96c971179d1c4d2d', 'system': None}, Network: None, Subnet: None, Router: None
2024-09-11 15:17:12.046 62197 INFO tempest.lib.common.rest_client [req-fcfc9c5d-80ae-4139-bf77-8ee48b0391c8 req-fcfc9c5d-80ae-4139-bf77-8ee48b0391c8 ] Request (AttachVolumeTestJSON:test_list_get_volume_attachments): 200 GET http://10.180.1.21/compute/v2.1/servers/c193464f-18e2-4a7c-8a66-b3c3ed8a08f4 0.056s
2024-09-11 15:17:12.076 62253 INFO tempest.lib.common.rest_client [req-10c25d41-6dda-4fc9-94c3-8412a92be5ab req-10c25d41-6dda-4fc9-94c3-8412a92be5ab ] Request (FloatingIPsAssociationNegativeTestJSON:setUpClass): 201 POST http://10.180.1.21/identity/v3/auth/tokens 0.059s
2024-09-11 15:17:12.091 62199 INFO tempest.lib.common.rest_client [req-1566c302-3a5b-4216-bc0b-f1d927b44bed req-1566c302-3a5b-4216-bc0b-f1d927b44bed ] Request (ServerGroupTestJSON:test_create_server_with_scheduler_hint_group): 200 GET http://10.180.1.21/compute/v2.1/servers/1023a9bc-e542-4bb5-8a7d-0e03df424ab8 0.061s
2024-09-11 15:17:12.139 62225 INFO tempest.lib.common.rest_client [req-1641c849-2f50-4f8e-b38c-cdb928dd2e49 req-1641c849-2f50-4f8e-b38c-cdb928dd2e49 ] Request (MultipleCreateTestJSON:test_multiple_create_with_reservation_return): 200 GET http://10.180.1.21/compute/v2.1/servers/49b1afbf-89b6-4771-8198-b068cac53ac6 0.045s
2024-09-11 15:17:12.197 62230 INFO tempest.lib.common.rest_client [req-331fb2b0-7b2a-47c3-a3c5-3bab959e282d req-331fb2b0-7b2a-47c3-a3c5-3bab959e282d ] Request (ServerRescueNegativeTestJSON:setUpClass): 200 GET http://10.180.1.21/compute/v2.1/servers/d29718dd-98af-424c-9812-4fa919354c18 0.050s
2024-09-11 15:17:12.221 62211 INFO tempest.lib.common.rest_client [req-6109d38f-b498-4d87-8700-0f02dc0748f5 req-6109d38f-b498-4d87-8700-0f02dc0748f5 ] Request (VolumesAdminNegativeTest:test_update_attached_volume_with_nonexistent_volume_in_uri): 202 POST http://10.180.1.21/compute/v2.1/servers 0.350s
2024-09-11 15:17:12.274 62219 INFO tempest.lib.common.rest_client [req-8ff5e130-9d18-421c-812d-44e20d2351dc req-8ff5e130-9d18-421c-812d-44e20d2351dc ] Request (ServersTestBootFromVolume:setUpClass): 200 GET http://10.180.1.21/compute/v2.1/servers/f8612d1d-45b0-4235-83f6-203c74bcefbd 0.068s
2024-09-11 15:17:12.298 62241 INFO tempest.lib.common.rest_client [req-90230f20-a8b2-489f-bb08-82ffe8cca682 req-90230f20-a8b2-489f-bb08-82ffe8cca682 ] Request (DeleteServersTestJSON:test_delete_active_server): 200 GET http://10.180.1.21/compute/v2.1/servers/c7f633d2-f2cd-4cef-a246-af736f420128 0.130s
2024-09-11 15:17:12.322 62227 INFO tempest.lib.common.rest_client [req-05c67377-6534-49aa-969c-a94dc10197d2 req-05c67377-6534-49aa-969c-a94dc10197d2 ] Request (ServersAdminTestJSON:setUpClass): 200 GET http://10.180.1.21/compute/v2.1/servers/0ddd4a42-fc27-4394-9cfb-0ba5918d156b 0.100s
2024-09-11 15:17:12.343 62211 INFO tempest.lib.common.rest_client [req-d4aa99de-0638-427a-a124-c015f1b0d511 req-d4aa99de-0638-427a-a124-c015f1b0d511 ] Request (VolumesAdminNegativeTest:test_update_attached_volume_with_nonexistent_volume_in_uri): 200 GET http://10.180.1.21/compute/v2.1/servers/4c0f7172-91fc-4752-9f1e-670acb4ad52b 0.120s
2024-09-11 15:17:12.366 62253 INFO tempest.lib.common.rest_client [req-4c3ccb07-e332-45a1-b585-8e6b648ddffb req-4c3ccb07-e332-45a1-b585-8e6b648ddffb ] Request (FloatingIPsAssociationNegativeTestJSON:setUpClass): 201 POST http://10.180.1.21:9696/networking/v2.0/networks 0.290s
2024-09-11 15:17:12.379 62217 INFO tempest.lib.common.rest_client [req-12037eb0-e466-47bc-8f1a-4cdaf84f6670 req-12037eb0-e466-47bc-8f1a-4cdaf84f6670 ] Request (ServerActionsTestOtherB:setUpClass): 200 GET http://10.180.1.21/compute/v2.1/servers/b64d1761-21d3-4b71-b339-c8aa0291a35e 0.117s
2024-09-11 15:17:12.391 62223 INFO tempest.lib.common.rest_client [req-0ece18b5-7c36-426a-b30c-6143c5950046 req-0ece18b5-7c36-426a-b30c-6143c5950046 ] Request (MigrationsAdminTest:test_list_migrations_in_flavor_resize_situation): 200 GET http://10.180.1.21/compute/v2.1/servers/73ad7933-201c-4d1e-81bc-b042b8cca81d 0.126s
2024-09-11 15:17:12.436 62255 INFO tempest.lib.common.rest_client [req-5dfce18a-5964-4a7c-8c8c-d668a00b7a89 req-5dfce18a-5964-4a7c-8c8c-d668a00b7a89 ] Request (ServerMetadataNegativeTestJSON:setUpClass): 200 GET http://10.180.1.21/compute/v2.1/servers/6ef494c7-9677-4d99-ae7a-e2c8ab75e239 0.124s
2024-09-11 15:17:12.437 62239 INFO tempest.lib.common.rest_client [req-a1635c74-7a60-4b09-944a-a18917918a44 req-a1635c74-7a60-4b09-944a-a18917918a44 ] Request (ServerActionsTestOtherA:setUpClass): 200 GET http://10.180.1.21/compute/v2.1/servers/f3ee940f-d1e2-4bfa-9c43-9bc596d01f84 0.122s
2024-09-11 15:17:12.445 62239 INFO tempest.common.waiters [-] State transition "BUILD/scheduling" ==> "BUILD/None" after 74 second wait
2024-09-11 15:17:12.500 62235 INFO tempest.lib.common.rest_client [req-7950b52b-ca95-4885-b4ae-160c47269b41 req-7950b52b-ca95-4885-b4ae-160c47269b41 ] Request (ServerActionsV293TestJSON:setUpClass): 200 GET http://10.180.1.21/compute/v2.1/servers/fa164cc8-30cd-4a45-86ab-3e4c0a8966fd 0.126s
2024-09-11 15:17:12.507 62237 INFO tempest.lib.common.rest_client [req-6d6c8dca-6149-4b07-ac18-f8287ccb552e req-6d6c8dca-6149-4b07-ac18-f8287ccb552e ] Request (DeleteServersAdminTestJSON:test_admin_delete_servers_of_others): 200 GET http://10.180.1.21/compute/v2.1/servers/7dcce989-6f57-4896-9fbc-9d8cd25a2e38 0.144s
2024-09-11 15:17:12.549 62233 INFO tempest.lib.common.rest_client [req-fd10a029-2c88-4711-aa3d-33757b459e81 req-fd10a029-2c88-4711-aa3d-33757b459e81 ] Request (SecurityGroupsTestJSON:test_list_security_groups_by_server): 200 GET http://10.180.1.21/compute/v2.1/servers/d8e725cb-5907-4f05-821c-1b7248dcd0a2 0.128s
2024-09-11 15:17:12.559 62193 INFO tempest.lib.common.rest_client [req-e9fb97c1-96fa-4876-84bf-d13068fac96c req-e9fb97c1-96fa-4876-84bf-d13068fac96c ] Request (ImagesTestJSON:test_create_image_from_stopped_server): 200 GET http://10.180.1.21/compute/v2.1/servers/c755aa01-ce4e-4e1d-8f0e-4015bbf67a49 0.134s
2024-09-11 15:17:12.578 62253 INFO tempest.lib.common.rest_client [req-b104e237-232a-416e-8265-f943f7021172 req-b104e237-232a-416e-8265-f943f7021172 ] Request (FloatingIPsAssociationNegativeTestJSON:setUpClass): 201 POST http://10.180.1.21:9696/networking/v2.0/subnets 0.211s
2024-09-11 15:17:12.594 62207 INFO tempest.lib.common.rest_client [req-4d7f6d5a-4f7e-499a-a3e5-570b3c391ee0 req-4d7f6d5a-4f7e-499a-a3e5-570b3c391ee0 ] Request (ServersTestFqdnHostnames:test_create_server_with_fqdn_name): 200 GET http://10.180.1.21/compute/v2.1/servers/e98c80eb-b43b-4d17-82f2-6097939233cf 0.127s
2024-09-11 15:17:12.601 62207 INFO tempest.common.waiters [-] State transition "BUILD/spawning" ==> "BUILD/scheduling" after 86 second wait
2024-09-11 15:17:12.613 62201 INFO tempest.lib.common.rest_client [req-04ffb155-35e0-4e65-bf82-39a28a8abe66 req-04ffb155-35e0-4e65-bf82-39a28a8abe66 ] Request (AttachInterfacesTestJSON:test_create_list_show_delete_interfaces_by_fixed_ip): 200 GET http://10.180.1.21/compute/v2.1/servers/e9d8c07d-5cf4-4179-9101-bc0102b35036 0.130s
2024-09-11 15:17:12.643 62205 INFO tempest.lib.common.rest_client [req-980224f5-ea04-4f21-bac3-fd3eaee97aa3 req-980224f5-ea04-4f21-bac3-fd3eaee97aa3 ] Request (ServerShowV254Test:test_rebuild_server): 200 GET http://10.180.1.21/compute/v2.1/servers/91a429a3-c148-445a-b5c1-b1aea6046d65 0.114s
2024-09-11 15:17:12.681 62231 INFO tempest.lib.common.rest_client [req-2c2ccee6-6a7d-4c72-ac9e-816f0393b184 req-2c2ccee6-6a7d-4c72-ac9e-816f0393b184 ] Request (ServersTestJSON:test_create_server_specify_multibyte_character_name): 200 GET http://10.180.1.21/compute/v2.1/servers/eb0e3a55-7089-4ec3-9739-1bcf35be368f 0.149s
2024-09-11 15:17:12.695 62216 INFO tempest.lib.common.rest_client [req-d7d3f030-94f3-4801-b599-f73b9bd10d9f req-d7d3f030-94f3-4801-b599-f73b9bd10d9f ] Request (InstanceActionsV221TestJSON:test_get_list_deleted_instance_actions): 200 GET http://10.180.1.21/compute/v2.1/servers/a6ea9660-7473-4b18-baa8-83c35c90c885 0.110s
2024-09-11 15:17:12.741 62249 INFO tempest.lib.common.rest_client [req-fd377457-3b8e-47e8-88f7-db70e7de8039 req-fd377457-3b8e-47e8-88f7-db70e7de8039 ] Request (ServersTestMultiNic:test_verify_duplicate_network_nics): 200 GET http://10.180.1.21/compute/v2.1/servers/da9b11b2-63db-4baa-a41e-eea08541b46f 0.106s
2024-09-11 15:17:12.755 62246 INFO tempest.lib.common.rest_client [req-a285263e-b574-4855-b4d7-44c213e95939 req-a285263e-b574-4855-b4d7-44c213e95939 ] Request (ServersNegativeTestMultiTenantJSON:setUpClass): 200 GET http://10.180.1.21/compute/v2.1/servers/3557636a-9e02-4089-af8f-257db557e721 0.082s
2024-09-11 15:17:12.794 62209 INFO tempest.lib.common.rest_client [req-777ad7d9-2368-40a2-b6e2-9a42e22b6ae9 req-777ad7d9-2368-40a2-b6e2-9a42e22b6ae9 ] Request (ServerDiagnosticsNegativeTest:test_get_server_diagnostics_by_non_admin): 200 GET http://10.180.1.21/compute/v2.1/servers/663e9bfc-20ca-49ca-96ef-c9e847de9d90 0.064s
2024-09-11 15:17:12.880 62243 INFO tempest.lib.common.rest_client [req-d834a895-558a-40f9-b1d1-f1d220ec1528 req-d834a895-558a-40f9-b1d1-f1d220ec1528 ] Request (ImagesNegativeTestJSON:test_create_image_from_deleted_server): 200 GET http://10.180.1.21/compute/v2.1/servers/8882b862-5d55-48a1-8aa3-39b6277685aa 0.050s
2024-09-11 15:17:12.969 62221 INFO tempest.lib.common.rest_client [req-0dde5a55-4928-4b87-9790-56a9da35efa4 req-0dde5a55-4928-4b87-9790-56a9da35efa4 ] Request (ListServerFiltersTestJSON:setUpClass): 200 GET http://10.180.1.21/compute/v2.1/servers/295f76bc-6126-422f-b1e5-a0a3ca079a4b 0.051s
2024-09-11 15:17:13.052 62195 INFO tempest.lib.common.rest_client [req-299c38f3-3774-433a-8d31-57c8b27d239a req-299c38f3-3774-433a-8d31-57c8b27d239a ] Request (InstanceActionsNegativeTestJSON:setUpClass): 200 GET http://10.180.1.21/compute/v2.1/servers/76364a94-8b20-4316-a16d-31ea1f43a880 0.045s
2024-09-11 15:17:13.105 62197 INFO tempest.lib.common.rest_client [req-0be09712-1f07-4479-b9af-f4ce8fcd04e5 req-0be09712-1f07-4479-b9af-f4ce8fcd04e5 ] Request (AttachVolumeTestJSON:test_list_get_volume_attachments): 200 GET http://10.180.1.21/compute/v2.1/servers/c193464f-18e2-4a7c-8a66-b3c3ed8a08f4 0.050s
2024-09-11 15:17:13.145 62199 INFO tempest.lib.common.rest_client [req-15b44524-6071-4be7-8b5e-390f76db94b4 req-15b44524-6071-4be7-8b5e-390f76db94b4 ] Request (ServerGroupTestJSON:test_create_server_with_scheduler_hint_group): 200 GET http://10.180.1.21/compute/v2.1/servers/1023a9bc-e542-4bb5-8a7d-0e03df424ab8 0.045s
2024-09-11 15:17:13.197 62225 INFO tempest.lib.common.rest_client [req-09a5abfb-f4ce-44a5-bf38-6f1d39de0dac req-09a5abfb-f4ce-44a5-bf38-6f1d39de0dac ] Request (MultipleCreateTestJSON:test_multiple_create_with_reservation_return): 200 GET http://10.180.1.21/compute/v2.1/servers/49b1afbf-89b6-4771-8198-b068cac53ac6 0.052s
2024-09-11 15:17:13.250 62230 INFO tempest.lib.common.rest_client [req-febc9687-72f9-49b5-bc91-c969eda7d213 req-febc9687-72f9-49b5-bc91-c969eda7d213 ] Request (ServerRescueNegativeTestJSON:setUpClass): 200 GET http://10.180.1.21/compute/v2.1/servers/d29718dd-98af-424c-9812-4fa919354c18 0.046s
2024-09-11 15:17:13.268 62253 INFO tempest.lib.common.rest_client [req-f03b493e-1eaa-49c4-b84e-dd4fd44510c0 req-f03b493e-1eaa-49c4-b84e-dd4fd44510c0 ] Request (FloatingIPsAssociationNegativeTestJSON:setUpClass): 201 POST http://10.180.1.21:9696/networking/v2.0/routers 0.690s
2024-09-11 15:17:13.346 62219 INFO tempest.lib.common.rest_client [req-720add8b-6d28-4370-a3a5-3d5ad8277d22 req-720add8b-6d28-4370-a3a5-3d5ad8277d22 ] Request (ServersTestBootFromVolume:setUpClass): 200 GET http://10.180.1.21/compute/v2.1/servers/f8612d1d-45b0-4235-83f6-203c74bcefbd 0.064s
2024-09-11 15:17:13.396 62227 INFO tempest.lib.common.rest_client [req-0ad45313-81fd-43ce-bc78-e9b9e088ae75 req-0ad45313-81fd-43ce-bc78-e9b9e088ae75 ] Request (ServersAdminTestJSON:setUpClass): 200 GET http://10.180.1.21/compute/v2.1/servers/0ddd4a42-fc27-4394-9cfb-0ba5918d156b 0.064s
2024-09-11 15:17:13.447 62211 INFO tempest.lib.common.rest_client [req-24fa1cab-49c1-4be8-92a9-b757ae03ef6b req-24fa1cab-49c1-4be8-92a9-b757ae03ef6b ] Request (VolumesAdminNegativeTest:test_update_attached_volume_with_nonexistent_volume_in_uri): 200 GET http://10.180.1.21/compute/v2.1/servers/4c0f7172-91fc-4752-9f1e-670acb4ad52b 0.096s
2024-09-11 15:17:13.476 62241 INFO tempest.lib.common.rest_client [req-50968575-03c7-440c-84c2-150fadcf5d2d req-50968575-03c7-440c-84c2-150fadcf5d2d ] Request (DeleteServersTestJSON:test_delete_active_server): 200 GET http://10.180.1.21/compute/v2.1/servers/c7f633d2-f2cd-4cef-a246-af736f420128 0.170s
2024-09-11 15:17:13.510 62217 INFO tempest.lib.common.rest_client [req-5b36f0ef-b302-4f40-ad1b-086f94de9bf0 req-5b36f0ef-b302-4f40-ad1b-086f94de9bf0 ] Request (ServerActionsTestOtherB:setUpClass): 200 GET http://10.180.1.21/compute/v2.1/servers/b64d1761-21d3-4b71-b339-c8aa0291a35e 0.124s
2024-09-11 15:17:13.537 62223 INFO tempest.lib.common.rest_client [req-3686fe6b-3394-42c8-8233-5cc195112706 req-3686fe6b-3394-42c8-8233-5cc195112706 ] Request (MigrationsAdminTest:test_list_migrations_in_flavor_resize_situation): 200 GET http://10.180.1.21/compute/v2.1/servers/73ad7933-201c-4d1e-81bc-b042b8cca81d 0.139s
2024-09-11 15:17:13.563 62255 INFO tempest.lib.common.rest_client [req-86966931-2a0f-421d-87f2-af20be590328 req-86966931-2a0f-421d-87f2-af20be590328 ] Request (ServerMetadataNegativeTestJSON:setUpClass): 200 GET http://10.180.1.21/compute/v2.1/servers/6ef494c7-9677-4d99-ae7a-e2c8ab75e239 0.118s
2024-09-11 15:17:13.594 62239 INFO tempest.lib.common.rest_client [req-46c7b252-0827-483c-b3be-25c78b8f65c6 req-46c7b252-0827-483c-b3be-25c78b8f65c6 ] Request (ServerActionsTestOtherA:setUpClass): 200 GET http://10.180.1.21/compute/v2.1/servers/f3ee940f-d1e2-4bfa-9c43-9bc596d01f84 0.145s
2024-09-11 15:17:13.628 62235 INFO tempest.lib.common.rest_client [req-d61922eb-5024-49a8-b5e8-b616a5bf31a4 req-d61922eb-5024-49a8-b5e8-b616a5bf31a4 ] Request (ServerActionsV293TestJSON:setUpClass): 200 GET http://10.180.1.21/compute/v2.1/servers/fa164cc8-30cd-4a45-86ab-3e4c0a8966fd 0.118s
2024-09-11 15:17:13.648 62237 INFO tempest.lib.common.rest_client [req-fff1ab26-136e-4e9c-9fbc-8a97c56da76f req-fff1ab26-136e-4e9c-9fbc-8a97c56da76f ] Request (DeleteServersAdminTestJSON:test_admin_delete_servers_of_others): 200 GET http://10.180.1.21/compute/v2.1/servers/7dcce989-6f57-4896-9fbc-9d8cd25a2e38 0.134s
2024-09-11 15:17:13.686 62233 INFO tempest.lib.common.rest_client [req-06d9da8b-a694-40b5-b5cd-c2f164a397cd req-06d9da8b-a694-40b5-b5cd-c2f164a397cd ] Request (SecurityGroupsTestJSON:test_list_security_groups_by_server): 200 GET http://10.180.1.21/compute/v2.1/servers/d8e725cb-5907-4f05-821c-1b7248dcd0a2 0.128s
2024-09-11 15:17:13.707 62193 INFO tempest.lib.common.rest_client [req-3a35f7a0-85ac-44a0-9815-6b7ba0ae8c0b req-3a35f7a0-85ac-44a0-9815-6b7ba0ae8c0b ] Request (ImagesTestJSON:test_create_image_from_stopped_server): 200 GET http://10.180.1.21/compute/v2.1/servers/c755aa01-ce4e-4e1d-8f0e-4015bbf67a49 0.139s
2024-09-11 15:17:13.750 62207 INFO tempest.lib.common.rest_client [req-3ad62cf0-2738-479b-a033-9295fae9ec0f req-3ad62cf0-2738-479b-a033-9295fae9ec0f ] Request (ServersTestFqdnHostnames:test_create_server_with_fqdn_name): 200 GET http://10.180.1.21/compute/v2.1/servers/e98c80eb-b43b-4d17-82f2-6097939233cf 0.147s
2024-09-11 15:17:13.757 62207 INFO tempest.common.waiters [-] State transition "BUILD/scheduling" ==> "ERROR/None" after 87 second wait
2024-09-11 15:17:13.763 62201 INFO tempest.lib.common.rest_client [req-a4269137-d9fc-477a-be8f-bd382520a1e7 req-a4269137-d9fc-477a-be8f-bd382520a1e7 ] Request (AttachInterfacesTestJSON:test_create_list_show_delete_interfaces_by_fixed_ip): 200 GET http://10.180.1.21/compute/v2.1/servers/e9d8c07d-5cf4-4179-9101-bc0102b35036 0.143s
2024-09-11 15:17:13.810 62231 INFO tempest.lib.common.rest_client [req-aa147265-1a5a-4d63-9357-10a2095e47bb req-aa147265-1a5a-4d63-9357-10a2095e47bb ] Request (ServersTestJSON:test_create_server_specify_multibyte_character_name): 200 GET http://10.180.1.21/compute/v2.1/servers/eb0e3a55-7089-4ec3-9739-1bcf35be368f 0.122s
2024-09-11 15:17:13.858 62216 INFO tempest.lib.common.rest_client [req-dc7d39f1-224c-4c5e-957d-87c50645bb36 req-dc7d39f1-224c-4c5e-957d-87c50645bb36 ] Request (InstanceActionsV221TestJSON:test_get_list_deleted_instance_actions): 200 GET http://10.180.1.21/compute/v2.1/servers/a6ea9660-7473-4b18-baa8-83c35c90c885 0.154s
2024-09-11 15:17:13.904 62249 INFO tempest.lib.common.rest_client [req-451f9b94-b811-4d13-9a70-c2fd2549b256 req-451f9b94-b811-4d13-9a70-c2fd2549b256 ] Request (ServersTestMultiNic:test_verify_duplicate_network_nics): 200 GET http://10.180.1.21/compute/v2.1/servers/da9b11b2-63db-4baa-a41e-eea08541b46f 0.156s
2024-09-11 15:17:13.962 62205 INFO tempest.lib.common.rest_client [req-edc3e7cb-4580-4667-bcdf-5ccdbdf730bd req-edc3e7cb-4580-4667-bcdf-5ccdbdf730bd ] Request (ServerShowV254Test:test_rebuild_server): 200 GET http://10.180.1.21/compute/v2.1/servers/91a429a3-c148-445a-b5c1-b1aea6046d65 0.308s
2024-09-11 15:17:13.972 62205 INFO tempest.common.waiters [-] State transition "BUILD/scheduling" ==> "BUILD/None" after 75 second wait
