2024-09-11 15:14:58.623 62223 INFO tempest.lib.common.rest_client [req-06fc0dcc-666e-4203-abf4-e2252d726764 req-06fc0dcc-666e-4203-abf4-e2252d726764 ] Request (VolumesAssistedSnapshotsTest:setUpClass): 200 GET http://10.180.1.21/identity/v3/roles 0.080s
2024-09-11 15:14:58.653 62237 INFO tempest.lib.common.rest_client [req-a4470653-fb41-4a30-ad43-eff9a15481a0 req-a4470653-fb41-4a30-ad43-eff9a15481a0 ] Request (ServersWithSpecificFlavorTestJSON:setUpClass): 204 PUT http://10.180.1.21/identity/v3/projects/9baf48d6da6d48249283961fcf2e9a47/users/c0c74e164fd449bb92adecd4e1b41245/roles/4c0fcea4d9d143c1bb9efaad861fc05b 0.089s
2024-09-11 15:14:58.727 62223 INFO tempest.lib.common.rest_client [req-58c085ee-a543-42be-993b-2a4a975885ce req-58c085ee-a543-42be-993b-2a4a975885ce ] Request (VolumesAssistedSnapshotsTest:setUpClass): 204 PUT http://10.180.1.21/identity/v3/projects/0ba29d1b650647e1947e3f45f79fb94c/users/3b564533598e4419848b5bbe16865ff7/roles/4c0fcea4d9d143c1bb9efaad861fc05b 0.104s
2024-09-11 15:14:58.740 62219 INFO tempest.lib.common.rest_client [req-53762c77-79f3-4537-8362-0a8feccf1bc9 req-53762c77-79f3-4537-8362-0a8feccf1bc9 ] Request (HypervisorAdminNegativeTestJSON:test_get_hypervisor_list_details_with_non_admin_user): 403 GET http://10.180.1.21/compute/v2.1/os-hypervisors/detail 1.922s
2024-09-11 15:14:58.747 62203 INFO tempest.lib.common.rest_client [req-c287af97-320a-407d-8c76-f6f782f288b0 req-c287af97-320a-407d-8c76-f6f782f288b0 ] Request (AZAdminNegativeTestJSON:tearDownClass): 200 GET http://10.180.1.21:9696/networking/v2.0/security-groups?tenant_id=0d50f60597404e41bfbac211da3fe251&name=default 0.302s
2024-09-11 15:14:58.777 62237 INFO tempest.lib.common.rest_client [req-97db4bf9-ad36-40bb-ac07-ef3275c16391 req-97db4bf9-ad36-40bb-ac07-ef3275c16391 ] Request (ServersWithSpecificFlavorTestJSON:setUpClass): 200 GET http://10.180.1.21/identity/v3/roles 0.123s
2024-09-11 15:14:58.786 62255 INFO tempest.lib.common.rest_client [req-5ab6d92c-0113-461a-9c23-00288d611c9c req-5ab6d92c-0113-461a-9c23-00288d611c9c ] Request (FloatingIPsNegativeTestJSON:setUpClass): 201 POST http://10.180.1.21/identity/v3/auth/tokens 0.140s
2024-09-11 15:14:58.789 62223 INFO tempest.lib.common.rest_client [req-5f91c9b3-a4e2-4d51-9a32-42a5d483cf30 req-5f91c9b3-a4e2-4d51-9a32-42a5d483cf30 ] Request (VolumesAssistedSnapshotsTest:setUpClass): 200 GET http://10.180.1.21/identity/v3/roles 0.062s
2024-09-11 15:14:58.805 62237 INFO tempest.lib.common.rest_client [req-64fe1be8-fa81-414e-82ae-b22c1cfe411e req-64fe1be8-fa81-414e-82ae-b22c1cfe411e ] Request (ServersWithSpecificFlavorTestJSON:setUpClass): 204 PUT http://10.180.1.21/identity/v3/projects/9baf48d6da6d48249283961fcf2e9a47/users/c0c74e164fd449bb92adecd4e1b41245/roles/4c0fcea4d9d143c1bb9efaad861fc05b 0.026s
2024-09-11 15:14:58.805 62237 INFO tempest.lib.common.dynamic_creds [-] Dynamic test user c0c74e164fd449bb92adecd4e1b41245 is created with scope project and roles: ['admin']
2024-09-11 15:14:58.806 62237 INFO tempest.lib.common.dynamic_creds [-] Acquired dynamic creds: credentials: Credentials: {'domain_id': 'default', 'domain_name': 'Default', 'username': 'tempest-ServersWithSpecificFlavorTestJSON-239495390-project-admin', 'project_domain_id': 'default', 'project_domain_name': 'Default', 'project_id': '9baf48d6da6d48249283961fcf2e9a47', 'project_name': 'tempest-ServersWithSpecificFlavorTestJSON-239495390', 'tenant_id': '9baf48d6da6d48249283961fcf2e9a47', 'tenant_name': 'tempest-ServersWithSpecificFlavorTestJSON-239495390', 'user_domain_id': 'default', 'user_domain_name': 'Default', 'user_id': 'c0c74e164fd449bb92adecd4e1b41245', 'system': None}, Network: None, Subnet: None, Router: None
2024-09-11 15:14:58.848 62255 INFO tempest.lib.common.rest_client [req-c4034330-e8d6-48fa-b525-e4ac8e88c774 req-c4034330-e8d6-48fa-b525-e4ac8e88c774 ] Request (FloatingIPsNegativeTestJSON:setUpClass): 200 GET http://10.180.1.21/identity/v3/domains?name=Default 0.061s
2024-09-11 15:14:58.862 62223 INFO tempest.lib.common.rest_client [req-95908615-8393-4f98-bf91-ca803828993b req-95908615-8393-4f98-bf91-ca803828993b ] Request (VolumesAssistedSnapshotsTest:setUpClass): 204 PUT http://10.180.1.21/identity/v3/projects/0ba29d1b650647e1947e3f45f79fb94c/users/3b564533598e4419848b5bbe16865ff7/roles/4c0fcea4d9d143c1bb9efaad861fc05b 0.072s
2024-09-11 15:14:58.863 62223 INFO tempest.lib.common.dynamic_creds [-] Dynamic test user 3b564533598e4419848b5bbe16865ff7 is created with scope project and roles: ['admin']
2024-09-11 15:14:58.863 62223 INFO tempest.lib.common.dynamic_creds [-] Acquired dynamic creds: credentials: Credentials: {'domain_id': 'default', 'domain_name': 'Default', 'username': 'tempest-VolumesAssistedSnapshotsTest-1751298552-project-admin', 'project_domain_id': 'default', 'project_domain_name': 'Default', 'project_id': '0ba29d1b650647e1947e3f45f79fb94c', 'project_name': 'tempest-VolumesAssistedSnapshotsTest-1751298552', 'tenant_id': '0ba29d1b650647e1947e3f45f79fb94c', 'tenant_name': 'tempest-VolumesAssistedSnapshotsTest-1751298552', 'user_domain_id': 'default', 'user_domain_name': 'Default', 'user_id': '3b564533598e4419848b5bbe16865ff7', 'system': None}, Network: None, Subnet: None, Router: None
2024-09-11 15:14:58.925 62203 INFO tempest.lib.common.rest_client [req-2157e533-5a88-431a-b23a-346dcef45acc req-2157e533-5a88-431a-b23a-346dcef45acc ] Request (AZAdminNegativeTestJSON:tearDownClass): 204 DELETE http://10.180.1.21:9696/networking/v2.0/security-groups/860aca94-c3cc-485f-8674-3ced951c586c 0.177s
2024-09-11 15:14:58.926 62231 INFO tempest.lib.common.rest_client [req-25322351-fded-41ea-8471-521d249112a4 req-25322351-fded-41ea-8471-521d249112a4 ] Request (HypervisorAdminTestJSON:test_get_hypervisor_list): 200 GET http://10.180.1.21/compute/v2.1/os-hypervisors 2.055s
2024-09-11 15:14:58.937 62255 INFO tempest.lib.common.rest_client [req-9e461d00-5ee5-4d66-94e8-7d99ecf2c9bb req-9e461d00-5ee5-4d66-94e8-7d99ecf2c9bb ] Request (FloatingIPsNegativeTestJSON:setUpClass): 201 POST http://10.180.1.21/identity/v3/projects 0.088s
2024-09-11 15:14:58.943 62235 INFO tempest.lib.common.rest_client [req-6d242b6a-b11d-4930-8f08-d531e0041aaf req-6d242b6a-b11d-4930-8f08-d531e0041aaf ] Request (TenantUsagesTestJSON:setUpClass): 202 POST http://10.180.1.21/compute/v2.1/servers 2.186s
2024-09-11 15:14:59.045 62203 INFO tempest.lib.common.rest_client [req-a917bed0-6db6-445f-bc4b-f59350e9cb91 req-a917bed0-6db6-445f-bc4b-f59350e9cb91 ] Request (AZAdminNegativeTestJSON:tearDownClass): 204 DELETE http://10.180.1.21/identity/v3/projects/0d50f60597404e41bfbac211da3fe251 0.119s
2024-09-11 15:14:59.045 62203 INFO tempest.lib.common.dynamic_creds [-] Deleting project and security group for project: 2430794f4e774d8380315dcb757ae736
2024-09-11 15:14:59.053 62233 INFO tempest.lib.common.rest_client [req-ec72d533-6638-4ca1-bb1d-25dbb09cd033 req-ec72d533-6638-4ca1-bb1d-25dbb09cd033 ] Request (QuotaClassesAdmin257Test:test_update_default_quotas): 200 GET http://10.180.1.21/compute/v2.1/os-quota-class-sets/default 2.167s
2024-09-11 15:14:59.079 62217 INFO tempest.lib.common.rest_client [req-f4b1cc21-43bc-4483-8c26-2717ffa26b9e req-f4b1cc21-43bc-4483-8c26-2717ffa26b9e ] Request (HypervisorAdminV253TestBase:test_list_show_detail_hypervisors): 200 GET http://10.180.1.21/compute/v2.1/os-hypervisors/16e966b7-fdb0-49a3-894c-e19af55d81dc 2.039s
2024-09-11 15:14:59.080 62223 INFO tempest.lib.common.rest_client [req-59ca0385-4b5f-41f1-99b8-d8dd9a45e518 req-59ca0385-4b5f-41f1-99b8-d8dd9a45e518 ] Request (VolumesAssistedSnapshotsTest:setUpClass): 201 POST http://10.180.1.21:9696/networking/v2.0/networks 0.217s
2024-09-11 15:14:59.087 62255 INFO tempest.lib.common.rest_client [req-023e6a82-3532-4643-b363-7186f13427d2 req-023e6a82-3532-4643-b363-7186f13427d2 ] Request (FloatingIPsNegativeTestJSON:setUpClass): 201 POST http://10.180.1.21/identity/v3/users 0.150s
2024-09-11 15:14:59.113 62237 INFO tempest.lib.common.rest_client [req-028f7064-b92c-46fe-97f1-0393109d3366 req-028f7064-b92c-46fe-97f1-0393109d3366 ] Request (ServersWithSpecificFlavorTestJSON:setUpClass): 201 POST http://10.180.1.21:9696/networking/v2.0/networks 0.307s
2024-09-11 15:14:59.190 62203 INFO tempest.lib.common.rest_client [req-503a7561-3aca-47fe-bda8-96a71cfa70f7 req-503a7561-3aca-47fe-bda8-96a71cfa70f7 ] Request (AZAdminNegativeTestJSON:tearDownClass): 200 GET http://10.180.1.21:9696/networking/v2.0/security-groups?tenant_id=2430794f4e774d8380315dcb757ae736&name=default 0.145s
2024-09-11 15:14:59.192 62253 INFO tempest.lib.common.rest_client [req-3b36191b-b105-4bb4-8f31-986ba37c7d3d req-3b36191b-b105-4bb4-8f31-986ba37c7d3d ] Request (FlavorsExtraSpecsTestJSON:setUpClass): 200 POST http://10.180.1.21/compute/v2.1/flavors 2.127s
2024-09-11 15:14:59.193 62255 INFO tempest.lib.common.rest_client [req-fa0ac511-72db-495d-b74b-01543a95dde6 req-fa0ac511-72db-495d-b74b-01543a95dde6 ] Request (FloatingIPsNegativeTestJSON:setUpClass): 200 GET http://10.180.1.21/identity/v3/roles 0.105s
2024-09-11 15:14:59.209 62241 INFO tempest.lib.common.rest_client [req-ffea43f4-a4e9-4778-b4ab-85657a992f61 req-ffea43f4-a4e9-4778-b4ab-85657a992f61 ] Request (ServicesAdminNegativeV253TestJSON:test_disable_log_reason_with_invalid_service_id): 404 PUT http://10.180.1.21/compute/v2.1/os-services/d3c1723d-4b9c-403a-8e98-c7e5f52ac34f 2.228s
2024-09-11 15:14:59.266 62217 INFO tempest.lib.common.rest_client [req-2c8219e6-e890-4836-a07a-e061f3637aec req-2c8219e6-e890-4836-a07a-e061f3637aec ] Request (HypervisorAdminV253TestBase:tearDownClass): 204 DELETE http://10.180.1.21/identity/v3/users/5a9413847ada48e29c7a7156a33f0281 0.118s
2024-09-11 15:14:59.314 62197 INFO tempest.lib.common.rest_client [req-dd6f9242-3588-4815-9f9d-1ffe24dedd44 req-dd6f9242-3588-4815-9f9d-1ffe24dedd44 ] Request (ValidationResourcesFixture:setUp): 200 POST http://10.180.1.21/compute/v2.1/os-keypairs 2.182s
2024-09-11 15:14:59.315 62203 INFO tempest.lib.common.rest_client [req-3480be9c-dcb1-4e31-b69c-5f519aae785a req-3480be9c-dcb1-4e31-b69c-5f519aae785a ] Request (AZAdminNegativeTestJSON:tearDownClass): 204 DELETE http://10.180.1.21:9696/networking/v2.0/security-groups/ad7a9d5a-f90a-4607-b309-db0c0ce2e84f 0.124s
2024-09-11 15:14:59.342 62255 INFO tempest.lib.common.rest_client [req-fa6fdf0e-6177-4be8-937c-3ce442092e91 req-fa6fdf0e-6177-4be8-937c-3ce442092e91 ] Request (FloatingIPsNegativeTestJSON:setUpClass): 204 PUT http://10.180.1.21/identity/v3/projects/1649b5c4a42c49be819aa2a3b5566282/users/230f919e23ca4e75936f6e74352988f2/roles/f68cca98f8ea4d44a2bbf922e0066fcb 0.148s
2024-09-11 15:14:59.342 62255 INFO tempest.lib.common.dynamic_creds [-] Dynamic test user 230f919e23ca4e75936f6e74352988f2 is created with scope project and roles: ['member']
2024-09-11 15:14:59.342 62255 INFO tempest.lib.common.dynamic_creds [-] Acquired dynamic creds: credentials: Credentials: {'domain_id': 'default', 'domain_name': 'Default', 'username': 'tempest-FloatingIPsNegativeTestJSON-1251346437-project-member', 'project_domain_id': 'default', 'project_domain_name': 'Default', 'project_id': '1649b5c4a42c49be819aa2a3b5566282', 'project_name': 'tempest-FloatingIPsNegativeTestJSON-1251346437', 'tenant_id': '1649b5c4a42c49be819aa2a3b5566282', 'tenant_name': 'tempest-FloatingIPsNegativeTestJSON-1251346437', 'user_domain_id': 'default', 'user_domain_name': 'Default', 'user_id': '230f919e23ca4e75936f6e74352988f2', 'system': None}, Network: None, Subnet: None, Router: None
2024-09-11 15:14:59.381 62223 INFO tempest.lib.common.rest_client [req-fb7730a3-1a34-49ad-8bc1-5bd748228409 req-fb7730a3-1a34-49ad-8bc1-5bd748228409 ] Request (VolumesAssistedSnapshotsTest:setUpClass): 201 POST http://10.180.1.21:9696/networking/v2.0/subnets 0.300s
2024-09-11 15:14:59.384 62213 INFO tempest.lib.common.rest_client [req-3c4bfacc-bf26-409d-923e-7f87ffa30f20 req-3c4bfacc-bf26-409d-923e-7f87ffa30f20 ] Request (NetworksTest:test_get_network): 200 GET http://10.180.1.21/compute/v2.1/os-networks/de89ccd7-9966-4622-a360-a57d911794a1 2.017s
2024-09-11 15:14:59.421 62195 INFO tempest.lib.common.rest_client [req-8c3b9240-306b-48fa-927f-51c39f8eb3d9 req-8c3b9240-306b-48fa-927f-51c39f8eb3d9 ] Request (InstanceUsageAuditLogTestJSON:test_list_instance_usage_audit_logs): 200 GET http://10.180.1.21/compute/v2.1/os-instance_usage_audit_log 1.891s
2024-09-11 15:14:59.442 62197 INFO tempest.lib.common.rest_client [req-dea20798-a246-4c36-8c51-fdd7adc898d3 req-dea20798-a246-4c36-8c51-fdd7adc898d3 ] Request (ValidationResourcesFixture:setUp): 201 POST http://10.180.1.21:9696/networking/v2.0/security-groups 0.127s
2024-09-11 15:14:59.447 62251 INFO tempest.lib.common.rest_client [req-2032cdbd-8fa2-4188-8204-c07423f4031c req-2032cdbd-8fa2-4188-8204-c07423f4031c ] Request (FlavorMetadataValidation:_run_cleanups): 202 DELETE http://10.180.1.21/compute/v2.1/flavors/239182977 1.819s
2024-09-11 15:14:59.458 62217 INFO tempest.lib.common.rest_client [req-7a535764-398f-4b28-ad1d-60f91ce4be85 req-7a535764-398f-4b28-ad1d-60f91ce4be85 ] Request (HypervisorAdminV253TestBase:tearDownClass): 204 DELETE http://10.180.1.21/identity/v3/users/b5a47e67bbef425b80d0b07356570a16 0.191s
2024-09-11 15:14:59.458 62217 INFO tempest.lib.common.dynamic_creds [-] Deleting project and security group for project: 11a349508d7b4b35835eabf8380f1af5
2024-09-11 15:14:59.499 62203 INFO tempest.lib.common.rest_client [req-86478248-4898-406d-a01a-41f6083fe6f7 req-86478248-4898-406d-a01a-41f6083fe6f7 ] Request (AZAdminNegativeTestJSON:tearDownClass): 204 DELETE http://10.180.1.21/identity/v3/projects/2430794f4e774d8380315dcb757ae736 0.183s
2024-09-11 15:14:59.518 62255 INFO tempest.lib.common.rest_client [req-78fd10d1-b71a-448d-b659-e519b69a8d18 req-78fd10d1-b71a-448d-b659-e519b69a8d18 ] Request (FloatingIPsNegativeTestJSON:setUpClass): 201 POST http://10.180.1.21/identity/v3/auth/tokens 0.175s
2024-09-11 15:14:59.534 62243 INFO tempest.lib.common.rest_client [req-4f75caee-fa98-4f41-80b9-1343a1e46d4b req-4f75caee-fa98-4f41-80b9-1343a1e46d4b ] Request (ServerDiagnosticsV248Test:test_get_server_diagnostics): 202 POST http://10.180.1.21/compute/v2.1/servers 2.344s
2024-09-11 15:14:59.545 62217 INFO tempest.lib.common.rest_client [req-c2dd2f04-56af-4c8c-95d3-b5242ae10f5f req-c2dd2f04-56af-4c8c-95d3-b5242ae10f5f ] Request (HypervisorAdminV253TestBase:tearDownClass): 201 POST http://10.180.1.21/identity/v3/auth/tokens 0.086s
2024-09-11 15:14:59.554 62197 INFO tempest.lib.common.rest_client [req-e5bd1185-23a9-4966-a285-239a5d3d06b2 req-e5bd1185-23a9-4966-a285-239a5d3d06b2 ] Request (ValidationResourcesFixture:setUp): 201 POST http://10.180.1.21:9696/networking/v2.0/security-group-rules 0.110s
2024-09-11 15:14:59.587 62195 INFO tempest.lib.common.rest_client [req-0cae2907-b661-40b9-969c-57e8f0ddf6c9 req-0cae2907-b661-40b9-969c-57e8f0ddf6c9 ] Request (InstanceUsageAuditLogTestJSON:tearDownClass): 204 DELETE http://10.180.1.21/identity/v3/users/405b482f9f384e1087e6b082f38682b7 0.160s
2024-09-11 15:14:59.633 62203 INFO tempest.lib.common.rest_client [req-14cd5445-79f7-42c1-aa3a-1e1db3a9d556 req-14cd5445-79f7-42c1-aa3a-1e1db3a9d556 ] Request (HypervisorAdminNegativeUnderV252Test:setUpClass): 201 POST http://10.180.1.21/identity/v3/auth/tokens 0.132s
2024-09-11 15:14:59.667 62197 INFO tempest.lib.common.rest_client [req-d667031e-bcb7-4b15-baae-e3c9922a1f26 req-d667031e-bcb7-4b15-baae-e3c9922a1f26 ] Request (ValidationResourcesFixture:setUp): 201 POST http://10.180.1.21:9696/networking/v2.0/security-group-rules 0.113s
2024-09-11 15:14:59.704 62237 INFO tempest.lib.common.rest_client [req-8e5df167-bc86-4e51-b80b-d98dff7e07fa req-8e5df167-bc86-4e51-b80b-d98dff7e07fa ] Request (ServersWithSpecificFlavorTestJSON:setUpClass): 201 POST http://10.180.1.21:9696/networking/v2.0/subnets 0.590s
2024-09-11 15:14:59.810 62195 INFO tempest.lib.common.rest_client [req-045af47f-8c8e-474c-9fb3-85a8fe231daa req-045af47f-8c8e-474c-9fb3-85a8fe231daa ] Request (InstanceUsageAuditLogTestJSON:tearDownClass): 204 DELETE http://10.180.1.21/identity/v3/users/7eccfbabad784bc0bdd1b14ff4e01851 0.222s
2024-09-11 15:14:59.811 62195 INFO tempest.lib.common.dynamic_creds [-] Deleting project and security group for project: d9c7e04a5ff24e73adf410696e94d0d2
2024-09-11 15:14:59.816 62199 INFO tempest.lib.common.rest_client [req-cf81b81f-1365-4446-bf54-ffaf143de82b req-cf81b81f-1365-4446-bf54-ffaf143de82b ] Request (KeyPairsNegativeTestJSON:test_create_keypair_invalid_name): 400 POST http://10.180.1.21/compute/v2.1/os-keypairs 2.094s
2024-09-11 15:14:59.847 62201 INFO tempest.lib.common.rest_client [req-4649a8b9-c4b0-4b23-814b-727c6c9ecb5a req-4649a8b9-c4b0-4b23-814b-727c6c9ecb5a ] Request (SecurityGroupsTestAdminJSON:test_list_security_groups_list_all_tenants_filter): 200 POST http://10.180.1.21/compute/v2.1/os-security-groups 2.193s
2024-09-11 15:14:59.870 62203 INFO tempest.lib.common.rest_client [req-e9f6cf70-3e3e-4ad5-843c-16c8c8d04647 req-e9f6cf70-3e3e-4ad5-843c-16c8c8d04647 ] Request (HypervisorAdminNegativeUnderV252Test:setUpClass): 201 POST http://10.180.1.21/identity/v3/auth/tokens 0.183s
2024-09-11 15:14:59.876 62195 INFO tempest.lib.common.rest_client [req-4f23d552-38f0-48ed-a326-f9ff2b7eb06e req-4f23d552-38f0-48ed-a326-f9ff2b7eb06e ] Request (InstanceUsageAuditLogTestJSON:tearDownClass): 201 POST http://10.180.1.21/identity/v3/auth/tokens 0.065s
2024-09-11 15:14:59.897 62203 INFO tempest.lib.common.rest_client [req-185a6462-a48d-489f-a220-173efac4f966 req-185a6462-a48d-489f-a220-173efac4f966 ] Request (HypervisorAdminNegativeUnderV252Test:setUpClass): 200 GET http://10.180.1.21/identity/v3/domains?name=Default 0.027s
2024-09-11 15:14:59.980 62230 INFO tempest.lib.common.rest_client [req-766b2974-b6ba-4ba3-94ff-579329ff38de req-766b2974-b6ba-4ba3-94ff-579329ff38de ] Request (FlavorsExtraSpecsNegativeTestJSON:test_flavor_get_nonexistent_key): 404 GET http://10.180.1.21/compute/v2.1/flavors/1477996437/os-extra_specs/hw:cpu_thread_policy 2.102s
2024-09-11 15:14:59.984 62203 INFO tempest.lib.common.rest_client [req-11f98856-6ac9-4ee0-84cf-6f14b5777a50 req-11f98856-6ac9-4ee0-84cf-6f14b5777a50 ] Request (HypervisorAdminNegativeUnderV252Test:setUpClass): 201 POST http://10.180.1.21/identity/v3/projects 0.086s
2024-09-11 15:15:00.049 62203 INFO tempest.lib.common.rest_client [req-b5c0d588-820e-4b35-9229-ff934799558f req-b5c0d588-820e-4b35-9229-ff934799558f ] Request (HypervisorAdminNegativeUnderV252Test:setUpClass): 201 POST http://10.180.1.21/identity/v3/users 0.065s
2024-09-11 15:15:00.069 62203 INFO tempest.lib.common.rest_client [req-495446fc-cdf2-47b4-83c9-f7e2095cfc09 req-495446fc-cdf2-47b4-83c9-f7e2095cfc09 ] Request (HypervisorAdminNegativeUnderV252Test:setUpClass): 200 GET http://10.180.1.21/identity/v3/roles 0.020s
2024-09-11 15:15:00.107 62203 INFO tempest.lib.common.rest_client [req-a1dcb2e1-3925-4764-9784-a18a74db6aba req-a1dcb2e1-3925-4764-9784-a18a74db6aba ] Request (HypervisorAdminNegativeUnderV252Test:setUpClass): 204 PUT http://10.180.1.21/identity/v3/projects/ae9525c82eb94a3786a1fda47ee4d2d8/users/78c82284ce3640ce9ce03d4535c705a1/roles/f68cca98f8ea4d44a2bbf922e0066fcb 0.037s
2024-09-11 15:15:00.107 62203 INFO tempest.lib.common.dynamic_creds [-] Dynamic test user 78c82284ce3640ce9ce03d4535c705a1 is created with scope project and roles: ['member']
2024-09-11 15:15:00.107 62203 INFO tempest.lib.common.dynamic_creds [-] Acquired dynamic creds: credentials: Credentials: {'domain_id': 'default', 'domain_name': 'Default', 'username': 'tempest-HypervisorAdminNegativeUnderV252Test-1493594290-project-member', 'project_domain_id': 'default', 'project_domain_name': 'Default', 'project_id': 'ae9525c82eb94a3786a1fda47ee4d2d8', 'project_name': 'tempest-HypervisorAdminNegativeUnderV252Test-1493594290', 'tenant_id': 'ae9525c82eb94a3786a1fda47ee4d2d8', 'tenant_name': 'tempest-HypervisorAdminNegativeUnderV252Test-1493594290', 'user_domain_id': 'default', 'user_domain_name': 'Default', 'user_id': '78c82284ce3640ce9ce03d4535c705a1', 'system': None}, Network: None, Subnet: None, Router: None
2024-09-11 15:15:00.108 62203 INFO tempest.lib.common.dynamic_creds [-] Created isolated network resources for: credentials: Credentials: {'domain_id': 'default', 'domain_name': 'Default', 'username': 'tempest-HypervisorAdminNegativeUnderV252Test-1493594290-project-member', 'project_domain_id': 'default', 'project_domain_name': 'Default', 'project_id': 'ae9525c82eb94a3786a1fda47ee4d2d8', 'project_name': 'tempest-HypervisorAdminNegativeUnderV252Test-1493594290', 'tenant_id': 'ae9525c82eb94a3786a1fda47ee4d2d8', 'tenant_name': 'tempest-HypervisorAdminNegativeUnderV252Test-1493594290', 'user_domain_id': 'default', 'user_domain_name': 'Default', 'user_id': '78c82284ce3640ce9ce03d4535c705a1', 'system': None}, Network: None, Subnet: None, Router: None
2024-09-11 15:15:00.143 62247 INFO tempest.lib.common.rest_client [req-a40027a4-c6c9-40e6-93fc-d4dbd5e28b67 req-a40027a4-c6c9-40e6-93fc-d4dbd5e28b67 ] Request (ServersAdminNegativeTestJSON:setUpClass): 200 GET http://10.180.1.21/compute/v2.1/servers/f98dd0da-4c3b-4519-ae5a-6c110ce9dac4 2.129s
2024-09-11 15:15:00.153 62247 INFO tempest.common.waiters [-] State transition "BUILD/None" ==> "BUILD/networking" after 3 second wait
2024-09-11 15:15:00.179 62203 INFO tempest.lib.common.rest_client [req-da74f26a-1e79-44d1-a207-d59a7375c65b req-da74f26a-1e79-44d1-a207-d59a7375c65b ] Request (HypervisorAdminNegativeUnderV252Test:setUpClass): 201 POST http://10.180.1.21/identity/v3/auth/tokens 0.067s
2024-09-11 15:15:00.189 62217 INFO tempest.lib.common.rest_client [req-fde80eca-f051-4b2d-a3c9-d3731ec50dc0 req-fde80eca-f051-4b2d-a3c9-d3731ec50dc0 ] Request (HypervisorAdminV253TestBase:tearDownClass): 200 GET http://10.180.1.21:9696/networking/v2.0/security-groups?tenant_id=11a349508d7b4b35835eabf8380f1af5&name=default 0.644s
2024-09-11 15:15:00.293 62239 INFO tempest.lib.common.rest_client [req-77d670b7-bf0a-4169-92d6-6f9d3e669e4f req-77d670b7-bf0a-4169-92d6-6f9d3e669e4f ] Request (SecurityGroupRulesNegativeTestJSON:test_create_security_group_rule_duplicate): 200 POST http://10.180.1.21/compute/v2.1/os-security-group-rules 2.303s
2024-09-11 15:15:00.318 62195 INFO tempest.lib.common.rest_client [req-ae9498c4-471c-408a-b6a1-dc69649387d8 req-ae9498c4-471c-408a-b6a1-dc69649387d8 ] Request (InstanceUsageAuditLogTestJSON:tearDownClass): 200 GET http://10.180.1.21:9696/networking/v2.0/security-groups?tenant_id=d9c7e04a5ff24e73adf410696e94d0d2&name=default 0.441s
2024-09-11 15:15:00.320 62203 INFO tempest.lib.common.rest_client [req-bc60eb11-07e2-4a54-b592-1ffe7d53ddef req-bc60eb11-07e2-4a54-b592-1ffe7d53ddef ] Request (HypervisorAdminNegativeUnderV252Test:setUpClass): 201 POST http://10.180.1.21/identity/v3/projects 0.139s
2024-09-11 15:15:00.331 62209 INFO tempest.lib.common.rest_client [req-e3cb5ce6-12c2-48aa-9351-fd9e107fae3c req-e3cb5ce6-12c2-48aa-9351-fd9e107fae3c ] Request (FlavorsAdminTestJSON:_run_cleanups): 202 DELETE http://10.180.1.21/compute/v2.1/flavors/778677133 2.151s
2024-09-11 15:15:00.356 62193 INFO tempest.lib.common.rest_client [req-6a1b0dda-1abb-4779-9c5f-1e33ac43ca1d req-6a1b0dda-1abb-4779-9c5f-1e33ac43ca1d ] Request (ServicesAdminNegativeTestJSON:test_get_service_by_invalid_params): 200 GET http://10.180.1.21/compute/v2.1/os-services?xxx=nova-compute 2.106s
2024-09-11 15:15:00.374 62211 INFO tempest.lib.common.rest_client [req-049b875b-4bbc-4379-831f-28742eaf2887 req-049b875b-4bbc-4379-831f-28742eaf2887 ] Request (FlavorsV255TestJSON:test_crud_flavor): 200 GET http://10.180.1.21/compute/v2.1/flavors 2.088s
2024-09-11 15:15:00.396 62246 INFO tempest.lib.common.rest_client [req-4afa6398-bfa4-4ef3-a3ec-0d8f6559d4fb req-4afa6398-bfa4-4ef3-a3ec-0d8f6559d4fb ] Request (AZAdminV2TestJSON:test_get_availability_zone_list_detail): 200 GET http://10.180.1.21/compute/v2.1/os-availability-zone/detail 1.995s
2024-09-11 15:15:00.408 62203 INFO tempest.lib.common.rest_client [req-f081421b-4b09-49a1-b660-2201abb86557 req-f081421b-4b09-49a1-b660-2201abb86557 ] Request (HypervisorAdminNegativeUnderV252Test:setUpClass): 201 POST http://10.180.1.21/identity/v3/users 0.088s
2024-09-11 15:15:00.411 62255 INFO tempest.lib.common.rest_client [req-171931af-8a2f-42be-b88a-f2ef593c4b51 req-171931af-8a2f-42be-b88a-f2ef593c4b51 ] Request (FloatingIPsNegativeTestJSON:setUpClass): 201 POST http://10.180.1.21:9696/networking/v2.0/networks 0.892s
2024-09-11 15:15:00.419 62249 INFO tempest.lib.common.rest_client [req-86e0421b-340a-4bd2-85fd-d396d1249042 req-86e0421b-340a-4bd2-85fd-d396d1249042 ] Request (ImagesDeleteNegativeTestJSON:test_delete_non_existent_image): 404 DELETE http://10.180.1.21/compute/v2.1/images/33454dca-c229-49e9-b686-0bba4d9458e7 1.918s
2024-09-11 15:15:00.426 62203 INFO tempest.lib.common.rest_client [req-2bb0fc75-b26c-42fa-98d3-7e31e3e92fe6 req-2bb0fc75-b26c-42fa-98d3-7e31e3e92fe6 ] Request (HypervisorAdminNegativeUnderV252Test:setUpClass): 200 GET http://10.180.1.21/identity/v3/roles 0.017s
2024-09-11 15:15:00.446 62205 INFO tempest.lib.common.rest_client [req-66465f81-5896-4934-9ced-b1a096b09c42 req-66465f81-5896-4934-9ced-b1a096b09c42 ] Request (HostsAdminTestJSON:test_list_hosts_with_nonexistent_zone): 200 GET http://10.180.1.21/compute/v2.1/os-hosts?zone=xxx 1.925s
2024-09-11 15:15:00.480 62225 INFO tempest.lib.common.rest_client [req-fc6d16fe-76d6-4e58-884b-80158a4225d7 req-fc6d16fe-76d6-4e58-884b-80158a4225d7 ] Request (KeyPairsV2TestJSON:test_keypair_create_delete): 200 POST http://10.180.1.21/compute/v2.1/os-keypairs 1.935s
2024-09-11 15:15:00.484 62249 INFO tempest.lib.common.rest_client [req-bfd3ea6a-2316-4eb5-8efc-74d72f01cc9e req-bfd3ea6a-2316-4eb5-8efc-74d72f01cc9e ] Request (ImagesDeleteNegativeTestJSON:tearDownClass): 204 DELETE http://10.180.1.21/identity/v3/users/5a39781bb7b64067aaac35e232b68a37 0.063s
2024-09-11 15:15:00.484 62249 INFO tempest.lib.common.dynamic_creds [-] Deleting project and security group for project: 8ed7eb95f56d4175bb76b111a8f3a503
2024-09-11 15:15:00.495 62246 INFO tempest.lib.common.rest_client [req-9200c643-3b8f-456f-b199-e44d99ca5b4c req-9200c643-3b8f-456f-b199-e44d99ca5b4c ] Request (AZAdminV2TestJSON:tearDownClass): 204 DELETE http://10.180.1.21/identity/v3/users/af3c5404b4c943c29f48fb7eb5e35dcd 0.093s
2024-09-11 15:15:00.507 62216 INFO tempest.lib.common.rest_client [req-8368f8a0-b658-4931-9b9d-1b1990fefea3 req-8368f8a0-b658-4931-9b9d-1b1990fefea3 ] Request (AggregatesAdminNegativeTestJSON:test_aggregate_add_existent_host): 200 POST http://10.180.1.21/compute/v2.1/os-aggregates 1.905s
2024-09-11 15:15:00.513 62219 INFO tempest.lib.common.rest_client [req-d4ed1581-f141-4ecb-99eb-568ccb3fb2ae req-d4ed1581-f141-4ecb-99eb-568ccb3fb2ae ] Request (HypervisorAdminNegativeTestJSON:test_get_hypervisor_list_with_non_admin_user): 403 GET http://10.180.1.21/compute/v2.1/os-hypervisors 1.723s
2024-09-11 15:15:00.555 62249 INFO tempest.lib.common.rest_client [req-fabde2de-a333-407b-9e65-3d7c6453944f req-fabde2de-a333-407b-9e65-3d7c6453944f ] Request (ImagesDeleteNegativeTestJSON:tearDownClass): 201 POST http://10.180.1.21/identity/v3/auth/tokens 0.071s
2024-09-11 15:15:00.596 62203 INFO tempest.lib.common.rest_client [req-b5c74988-cd01-4103-bc9f-8a255bca2a12 req-b5c74988-cd01-4103-bc9f-8a255bca2a12 ] Request (HypervisorAdminNegativeUnderV252Test:setUpClass): 204 PUT http://10.180.1.21/identity/v3/projects/6c0aaff307324f27b863acb4bc79833d/users/7c2d9e8e03044696a40b496372ae59e2/roles/4c0fcea4d9d143c1bb9efaad861fc05b 0.170s
2024-09-11 15:15:00.598 62221 INFO tempest.lib.common.rest_client [req-eec6e818-fe6e-4a18-8edf-11abdc14d939 req-eec6e818-fe6e-4a18-8edf-11abdc14d939 ] Request (ServerExternalEventsTest:test_create_server_external_events): 202 POST http://10.180.1.21/compute/v2.1/servers 2.566s
2024-09-11 15:15:00.599 62197 INFO tempest.lib.common.rest_client [req-079cc8b0-5362-43e7-acff-54b12bb3ccce req-079cc8b0-5362-43e7-acff-54b12bb3ccce ] Request (ValidationResourcesFixture:setUp): 201 POST http://10.180.1.21:9696/networking/v2.0/floatingips 0.931s
2024-09-11 15:15:00.620 62246 INFO tempest.lib.common.rest_client [req-984d84ed-cd6b-4876-a81a-3bd89cd142bb req-984d84ed-cd6b-4876-a81a-3bd89cd142bb ] Request (AZAdminV2TestJSON:tearDownClass): 204 DELETE http://10.180.1.21/identity/v3/users/6051ed42885e483cb2222913abf9ef23 0.123s
2024-09-11 15:15:00.620 62246 INFO tempest.lib.common.dynamic_creds [-] Deleting project and security group for project: 833faa658d684754a4a2465b3cbce32e
2024-09-11 15:15:00.628 62231 INFO tempest.lib.common.rest_client [req-43343b5b-736a-4423-bd7d-2021ffebf7b7 req-43343b5b-736a-4423-bd7d-2021ffebf7b7 ] Request (HypervisorAdminTestJSON:test_get_hypervisor_list_details): 200 GET http://10.180.1.21/compute/v2.1/os-hypervisors/detail 1.692s
2024-09-11 15:15:00.663 62235 INFO tempest.lib.common.rest_client [req-2c05b1c6-99e8-47b8-8f17-ee565e7bfa0e req-2c05b1c6-99e8-47b8-8f17-ee565e7bfa0e ] Request (TenantUsagesTestJSON:setUpClass): 200 GET http://10.180.1.21/compute/v2.1/servers/c56db67e-5239-4104-b67f-07d03979cfa9 1.718s
2024-09-11 15:15:00.677 62203 INFO tempest.lib.common.rest_client [req-88a1a077-dd34-467e-a22a-dad7f6d1d91d req-88a1a077-dd34-467e-a22a-dad7f6d1d91d ] Request (HypervisorAdminNegativeUnderV252Test:setUpClass): 200 GET http://10.180.1.21/identity/v3/roles 0.080s
2024-09-11 15:15:00.695 62253 INFO tempest.lib.common.rest_client [req-8f34a664-6359-4753-a4c4-84f60a7d598a req-8f34a664-6359-4753-a4c4-84f60a7d598a ] Request (FlavorsExtraSpecsTestJSON:test_flavor_non_admin_get_all_keys): 200 POST http://10.180.1.21/compute/v2.1/flavors/944490994/os-extra_specs 1.499s
2024-09-11 15:15:00.713 62246 INFO tempest.lib.common.rest_client [req-1b532b68-c5f3-4891-80e2-56c9cb62b6d1 req-1b532b68-c5f3-4891-80e2-56c9cb62b6d1 ] Request (AZAdminV2TestJSON:tearDownClass): 201 POST http://10.180.1.21/identity/v3/auth/tokens 0.093s
2024-09-11 15:15:00.727 62203 INFO tempest.lib.common.rest_client [req-a9f73d3c-7628-4e23-a240-4bbddcba86fd req-a9f73d3c-7628-4e23-a240-4bbddcba86fd ] Request (HypervisorAdminNegativeUnderV252Test:setUpClass): 204 PUT http://10.180.1.21/identity/v3/projects/6c0aaff307324f27b863acb4bc79833d/users/7c2d9e8e03044696a40b496372ae59e2/roles/4c0fcea4d9d143c1bb9efaad861fc05b 0.049s
2024-09-11 15:15:00.727 62203 INFO tempest.lib.common.dynamic_creds [-] Dynamic test user 7c2d9e8e03044696a40b496372ae59e2 is created with scope project and roles: ['admin']
2024-09-11 15:15:00.727 62203 INFO tempest.lib.common.dynamic_creds [-] Acquired dynamic creds: credentials: Credentials: {'domain_id': 'default', 'domain_name': 'Default', 'username': 'tempest-HypervisorAdminNegativeUnderV252Test-382946304-project-admin', 'project_domain_id': 'default', 'project_domain_name': 'Default', 'project_id': '6c0aaff307324f27b863acb4bc79833d', 'project_name': 'tempest-HypervisorAdminNegativeUnderV252Test-382946304', 'tenant_id': '6c0aaff307324f27b863acb4bc79833d', 'tenant_name': 'tempest-HypervisorAdminNegativeUnderV252Test-382946304', 'user_domain_id': 'default', 'user_domain_name': 'Default', 'user_id': '7c2d9e8e03044696a40b496372ae59e2', 'system': None}, Network: None, Subnet: None, Router: None
2024-09-11 15:15:00.728 62203 INFO tempest.lib.common.dynamic_creds [-] Created isolated network resources for: credentials: Credentials: {'domain_id': 'default', 'domain_name': 'Default', 'username': 'tempest-HypervisorAdminNegativeUnderV252Test-382946304-project-admin', 'project_domain_id': 'default', 'project_domain_name': 'Default', 'project_id': '6c0aaff307324f27b863acb4bc79833d', 'project_name': 'tempest-HypervisorAdminNegativeUnderV252Test-382946304', 'tenant_id': '6c0aaff307324f27b863acb4bc79833d', 'tenant_name': 'tempest-HypervisorAdminNegativeUnderV252Test-382946304', 'user_domain_id': 'default', 'user_domain_name': 'Default', 'user_id': '7c2d9e8e03044696a40b496372ae59e2', 'system': None}, Network: None, Subnet: None, Router: None
2024-09-11 15:15:00.735 62241 INFO tempest.lib.common.rest_client [req-dc567b97-5ab8-4590-864b-e57e00a56426 req-dc567b97-5ab8-4590-864b-e57e00a56426 ] Request (ServicesAdminNegativeV253TestJSON:test_disable_service_with_invalid_service_id): 404 PUT http://10.180.1.21/compute/v2.1/os-services/d3c1723d-4b9c-403a-8e98-c7e5f52ac34f 1.474s
2024-09-11 15:15:00.738 62197 INFO tempest.lib.common.rest_client [req-a41d7103-3e64-42e6-946c-04b5bd369da0 req-a41d7103-3e64-42e6-946c-04b5bd369da0 ] Request (AttachVolumeTestJSON:test_attach_detach_volume): 201 POST http://10.180.1.21/identity/v3/auth/tokens 0.134s
2024-09-11 15:15:00.738 62197 INFO tempest.lib.common.fixed_network [-] (AttachVolumeTestJSON:test_attach_detach_volume) Found network {'id': '7185fbba-e1d4-4ab6-8f5e-254b4c8f98f2', 'name': 'tempest-AttachVolumeTestJSON-359876050-network', 'tenant_id': '2db29857a8e6484a81eb6f1489001ece', 'admin_state_up': True, 'mtu': 8950, 'status': 'ACTIVE', 'subnets': [], 'shared': False, 'project_id': '2db29857a8e6484a81eb6f1489001ece', 'port_security_enabled': True, 'router:external': False, 'provider:network_type': 'vlan', 'provider:physical_network': 'default', 'provider:segmentation_id': 783, 'is_default': False, 'availability_zone_hints': [], 'availability_zones': [], 'ipv4_address_scope': None, 'ipv6_address_scope': None, 'description': '', 'tags': [], 'created_at': '2024-09-11T15:14:53Z', 'updated_at': '2024-09-11T15:14:53Z', 'revision_number': 1} available for tenant
2024-09-11 15:15:00.758 62251 INFO tempest.lib.common.rest_client [req-43cc0f8b-8211-4133-bad6-ee8fecea1030 req-43cc0f8b-8211-4133-bad6-ee8fecea1030 ] Request (FlavorMetadataValidation:_run_cleanups): 200 GET http://10.180.1.21/compute/v2.1/flavors/detail 1.310s
2024-09-11 15:15:00.766 62233 INFO tempest.lib.common.rest_client [req-a71f748b-95f4-49e5-9066-b64800018c74 req-a71f748b-95f4-49e5-9066-b64800018c74 ] Request (QuotaClassesAdmin257Test:test_update_default_quotas): 200 PUT http://10.180.1.21/compute/v2.1/os-quota-class-sets/default 1.651s
2024-09-11 15:15:00.773 62217 INFO tempest.lib.common.rest_client [req-a06c4a8a-857c-4216-ac31-51bb2b49b29a req-a06c4a8a-857c-4216-ac31-51bb2b49b29a ] Request (HypervisorAdminV253TestBase:tearDownClass): 204 DELETE http://10.180.1.21:9696/networking/v2.0/security-groups/2e925187-afec-4dae-ae18-68c9a6b42b01 0.583s
2024-09-11 15:15:00.805 62203 INFO tempest.lib.common.rest_client [req-23164303-42ab-4f68-88f7-e2d27ee532e2 req-23164303-42ab-4f68-88f7-e2d27ee532e2 ] Request (HypervisorAdminNegativeUnderV252Test:setUpClass): 201 POST http://10.180.1.21/identity/v3/auth/tokens 0.072s
2024-09-11 15:15:00.845 62249 INFO tempest.lib.common.rest_client [req-cf954ceb-f9af-44a4-a91d-4ba323bfc59e req-cf954ceb-f9af-44a4-a91d-4ba323bfc59e ] Request (ImagesDeleteNegativeTestJSON:tearDownClass): 200 GET http://10.180.1.21:9696/networking/v2.0/security-groups?tenant_id=8ed7eb95f56d4175bb76b111a8f3a503&name=default 0.289s
2024-09-11 15:15:00.853 62207 INFO tempest.lib.common.rest_client [req-7b23e079-0596-4d87-afc5-9a34ff0f5f68 req-7b23e079-0596-4d87-afc5-9a34ff0f5f68 ] Request (ServerDiagnosticsTest:test_get_server_diagnostics): 200 GET http://10.180.1.21/compute/v2.1/servers/e187064e-4a7b-4231-8af0-50ac4b4e7429 1.375s
2024-09-11 15:15:00.892 62217 INFO tempest.lib.common.rest_client [req-87a73793-f44b-4f6d-8366-ea04250af193 req-87a73793-f44b-4f6d-8366-ea04250af193 ] Request (HypervisorAdminV253TestBase:tearDownClass): 204 DELETE http://10.180.1.21/identity/v3/projects/11a349508d7b4b35835eabf8380f1af5 0.119s
2024-09-11 15:15:00.892 62251 INFO tempest.lib.common.rest_client [req-c466044d-db9b-45dd-8a68-18968998d73f req-c466044d-db9b-45dd-8a68-18968998d73f ] Request (FlavorMetadataValidation:tearDownClass): 204 DELETE http://10.180.1.21/identity/v3/users/5584f1c052f74553b50240bb3fd26c8e 0.070s
2024-09-11 15:15:00.892 62217 INFO tempest.lib.common.dynamic_creds [-] Deleting project and security group for project: c7441d925f3948948351b0f49b30fe82
2024-09-11 15:15:00.926 62195 INFO tempest.lib.common.rest_client [req-4d883305-3e4d-47c6-9c75-f50355eee423 req-4d883305-3e4d-47c6-9c75-f50355eee423 ] Request (InstanceUsageAuditLogTestJSON:tearDownClass): 204 DELETE http://10.180.1.21:9696/networking/v2.0/security-groups/c77728c5-575e-4840-95fe-8f045ac40cb0 0.606s
2024-09-11 15:15:00.943 62243 INFO tempest.lib.common.rest_client [req-3ca92071-9cde-4ce7-b772-ebff30d2050b req-3ca92071-9cde-4ce7-b772-ebff30d2050b ] Request (ServerDiagnosticsV248Test:test_get_server_diagnostics): 200 GET http://10.180.1.21/compute/v2.1/servers/fec8766a-1a2a-4263-b478-998db56000ef 1.407s
2024-09-11 15:15:00.977 62199 INFO tempest.lib.common.rest_client [req-f203e591-cd97-424a-ba27-f89dcacfbca2 req-f203e591-cd97-424a-ba27-f89dcacfbca2 ] Request (KeyPairsNegativeTestJSON:test_create_keypair_when_public_key_bits_exceeds_maximum): 400 POST http://10.180.1.21/compute/v2.1/os-keypairs 1.159s
2024-09-11 15:15:00.983 62251 INFO tempest.lib.common.rest_client [req-317e42cf-4646-42b0-b031-daadcec23caa req-317e42cf-4646-42b0-b031-daadcec23caa ] Request (FlavorMetadataValidation:tearDownClass): 204 DELETE http://10.180.1.21/identity/v3/users/2563ef1aad86401f9c99e0bd6d807ff9 0.091s
2024-09-11 15:15:00.983 62251 INFO tempest.lib.common.dynamic_creds [-] Deleting project and security group for project: f507b74b7bf848ab8e7ccfa616d84302
2024-09-11 15:15:01.027 62249 INFO tempest.lib.common.rest_client [req-0162e254-a460-4532-bd20-d4764712b282 req-0162e254-a460-4532-bd20-d4764712b282 ] Request (ImagesDeleteNegativeTestJSON:tearDownClass): 204 DELETE http://10.180.1.21:9696/networking/v2.0/security-groups/aea1cba6-a24f-4981-a102-2b39d98fb3ab 0.182s
2024-09-11 15:15:01.046 62213 INFO tempest.lib.common.rest_client [req-923f3ae7-25f7-4527-bf4f-2ccf97e002a2 req-923f3ae7-25f7-4527-bf4f-2ccf97e002a2 ] Request (NetworksTest:test_list_all_networks): 200 GET http://10.180.1.21/compute/v2.1/os-networks 1.654s
2024-09-11 15:15:01.052 62230 INFO tempest.lib.common.rest_client [req-3779ad87-e7be-4a1a-b61c-373d78002b7f req-3779ad87-e7be-4a1a-b61c-373d78002b7f ] Request (FlavorsExtraSpecsNegativeTestJSON:test_flavor_non_admin_set_keys): 403 POST http://10.180.1.21/compute/v2.1/flavors/1477996437/os-extra_specs 1.008s
2024-09-11 15:15:01.054 62195 INFO tempest.lib.common.rest_client [req-bcfebbe1-40d4-41f6-8346-44e55e887325 req-bcfebbe1-40d4-41f6-8346-44e55e887325 ] Request (InstanceUsageAuditLogTestJSON:tearDownClass): 204 DELETE http://10.180.1.21/identity/v3/projects/d9c7e04a5ff24e73adf410696e94d0d2 0.128s
2024-09-11 15:15:01.054 62195 INFO tempest.lib.common.dynamic_creds [-] Deleting project and security group for project: 79071816f23040f18500ee7f82e78e58
2024-09-11 15:15:01.102 62246 INFO tempest.lib.common.rest_client [req-d40deb3d-194c-4c73-be59-1bf95e75640f req-d40deb3d-194c-4c73-be59-1bf95e75640f ] Request (AZAdminV2TestJSON:tearDownClass): 200 GET http://10.180.1.21:9696/networking/v2.0/security-groups?tenant_id=833faa658d684754a4a2465b3cbce32e&name=default 0.388s
2024-09-11 15:15:01.113 62251 INFO tempest.lib.common.rest_client [req-d1534f56-0781-4b04-b342-03da19c33ec8 req-d1534f56-0781-4b04-b342-03da19c33ec8 ] Request (FlavorMetadataValidation:tearDownClass): 201 POST http://10.180.1.21/identity/v3/auth/tokens 0.129s
2024-09-11 15:15:01.172 62249 INFO tempest.lib.common.rest_client [req-c55caa3f-ba44-4fc0-bbe3-59759546f9f5 req-c55caa3f-ba44-4fc0-bbe3-59759546f9f5 ] Request (ImagesDeleteNegativeTestJSON:tearDownClass): 204 DELETE http://10.180.1.21/identity/v3/projects/8ed7eb95f56d4175bb76b111a8f3a503 0.144s
2024-09-11 15:15:01.194 62213 INFO tempest.lib.common.rest_client [req-b09fe062-0fbb-4cae-a8aa-b203767e4f1e req-b09fe062-0fbb-4cae-a8aa-b203767e4f1e ] Request (NetworksTest:tearDownClass): 204 DELETE http://10.180.1.21/identity/v3/users/b358974bb8e04ed1abebfb4c59e4c34a 0.146s
2024-09-11 15:15:01.209 62217 INFO tempest.lib.common.rest_client [req-ad381dea-5c05-4bdb-9485-9d6aeb3ce804 req-ad381dea-5c05-4bdb-9485-9d6aeb3ce804 ] Request (HypervisorAdminV253TestBase:tearDownClass): 200 GET http://10.180.1.21:9696/networking/v2.0/security-groups?tenant_id=c7441d925f3948948351b0f49b30fe82&name=default 0.316s
2024-09-11 15:15:01.250 62249 INFO tempest.lib.common.rest_client [req-9c51f968-33b2-47dd-80ec-eeba3a5878e1 req-9c51f968-33b2-47dd-80ec-eeba3a5878e1 ] Request (AttachInterfacesV270Test:setUpClass): 201 POST http://10.180.1.21/identity/v3/auth/tokens 0.076s
2024-09-11 15:15:01.284 62239 INFO tempest.lib.common.rest_client [req-1222cb5d-e6a4-4960-81e6-cab616fa9fbb req-1222cb5d-e6a4-4960-81e6-cab616fa9fbb ] Request (SecurityGroupRulesNegativeTestJSON:test_create_security_group_rule_duplicate): 400 POST http://10.180.1.21/compute/v2.1/os-security-group-rules 0.989s
2024-09-11 15:15:01.315 62209 INFO tempest.lib.common.rest_client [req-67a552eb-14c5-4492-b08e-fe65a7d3a056 req-67a552eb-14c5-4492-b08e-fe65a7d3a056 ] Request (FlavorsAdminTestJSON:_run_cleanups): 200 GET http://10.180.1.21/compute/v2.1/flavors/detail 0.982s
2024-09-11 15:15:01.330 62211 INFO tempest.lib.common.rest_client [req-7377eebd-7ece-4652-8cc1-3a8cf78a69c4 req-7377eebd-7ece-4652-8cc1-3a8cf78a69c4 ] Request (FlavorsV255TestJSON:_run_cleanups): 202 DELETE http://10.180.1.21/compute/v2.1/flavors/1176756002 0.951s
2024-09-11 15:15:01.338 62213 INFO tempest.lib.common.rest_client [req-6767152b-1f0b-4909-9651-c5c88e4fc47f req-6767152b-1f0b-4909-9651-c5c88e4fc47f ] Request (NetworksTest:tearDownClass): 204 DELETE http://10.180.1.21/identity/v3/users/3cb14234b2834b1b82d2914bb1ab7d9d 0.143s
2024-09-11 15:15:01.338 62213 INFO tempest.lib.common.dynamic_creds [-] Deleting project and security group for project: a1b44fef9ed74a0aa040b34854c033a6
2024-09-11 15:15:01.353 62193 INFO tempest.lib.common.rest_client [req-289ae264-2141-465f-b6a3-078d6f2562a5 req-289ae264-2141-465f-b6a3-078d6f2562a5 ] Request (ServicesAdminNegativeTestJSON:test_get_service_by_invalid_service_and_valid_host): 200 GET http://10.180.1.21/compute/v2.1/os-services 0.933s
2024-09-11 15:15:01.355 62249 INFO tempest.lib.common.rest_client [req-24644777-8a78-4500-b9ef-7384b7d331bd req-24644777-8a78-4500-b9ef-7384b7d331bd ] Request (AttachInterfacesV270Test:setUpClass): 201 POST http://10.180.1.21/identity/v3/auth/tokens 0.102s
2024-09-11 15:15:01.374 62225 INFO tempest.lib.common.rest_client [req-986d6ce5-6d84-4c76-a687-d9d877850f71 req-986d6ce5-6d84-4c76-a687-d9d877850f71 ] Request (KeyPairsV2TestJSON:_run_cleanups): 202 DELETE http://10.180.1.21/compute/v2.1/os-keypairs/tempest-keypair-1551459912 0.892s
2024-09-11 15:15:01.398 62213 INFO tempest.lib.common.rest_client [req-44ead041-4548-4760-b75d-0eb970a326b2 req-44ead041-4548-4760-b75d-0eb970a326b2 ] Request (NetworksTest:tearDownClass): 201 POST http://10.180.1.21/identity/v3/auth/tokens 0.060s
2024-09-11 15:15:01.402 62195 INFO tempest.lib.common.rest_client [req-ab53775f-83f8-4266-b1fe-77ecab2413a2 req-ab53775f-83f8-4266-b1fe-77ecab2413a2 ] Request (InstanceUsageAuditLogTestJSON:tearDownClass): 200 GET http://10.180.1.21:9696/networking/v2.0/security-groups?tenant_id=79071816f23040f18500ee7f82e78e58&name=default 0.347s
2024-09-11 15:15:01.409 62249 INFO tempest.lib.common.rest_client [req-56300a0f-74b6-4014-98df-7fc3e950d1b1 req-56300a0f-74b6-4014-98df-7fc3e950d1b1 ] Request (AttachInterfacesV270Test:setUpClass): 200 GET http://10.180.1.21/identity/v3/domains?name=Default 0.053s
2024-09-11 15:15:01.443 62249 INFO tempest.lib.common.rest_client [req-185e5354-4713-4c47-828f-f94d4988fde1 req-185e5354-4713-4c47-828f-f94d4988fde1 ] Request (AttachInterfacesV270Test:setUpClass): 201 POST http://10.180.1.21/identity/v3/projects 0.034s
2024-09-11 15:15:01.477 62255 INFO tempest.lib.common.rest_client [req-8b802cbb-588f-48df-ad32-9674331316aa req-8b802cbb-588f-48df-ad32-9674331316aa ] Request (FloatingIPsNegativeTestJSON:setUpClass): 201 POST http://10.180.1.21:9696/networking/v2.0/subnets 1.065s
2024-09-11 15:15:01.486 62246 INFO tempest.lib.common.rest_client [req-55bb643b-11d2-4d58-a59e-6d5229dcafd5 req-55bb643b-11d2-4d58-a59e-6d5229dcafd5 ] Request (AZAdminV2TestJSON:tearDownClass): 204 DELETE http://10.180.1.21:9696/networking/v2.0/security-groups/b4a2fa9d-b63d-4e8a-b5ec-5cce00312553 0.384s
2024-09-11 15:15:01.504 62249 INFO tempest.lib.common.rest_client [req-0616cde1-f50a-48bc-817c-9af02584216a req-0616cde1-f50a-48bc-817c-9af02584216a ] Request (AttachInterfacesV270Test:setUpClass): 201 POST http://10.180.1.21/identity/v3/users 0.058s
2024-09-11 15:15:01.559 62246 INFO tempest.lib.common.rest_client [req-4b6b5329-2561-4b98-81fc-c81520b400ba req-4b6b5329-2561-4b98-81fc-c81520b400ba ] Request (AZAdminV2TestJSON:tearDownClass): 204 DELETE http://10.180.1.21/identity/v3/projects/833faa658d684754a4a2465b3cbce32e 0.073s
2024-09-11 15:15:01.559 62246 INFO tempest.lib.common.dynamic_creds [-] Deleting project and security group for project: 08d8ad164a0a41efa10a22e538dac815
2024-09-11 15:15:01.599 62217 INFO tempest.lib.common.rest_client [req-17b8c9c0-eccd-4d4a-a239-8ffe56c9a297 req-17b8c9c0-eccd-4d4a-a239-8ffe56c9a297 ] Request (HypervisorAdminV253TestBase:tearDownClass): 204 DELETE http://10.180.1.21:9696/networking/v2.0/security-groups/578810a8-892b-4b66-b7ed-349c577517a8 0.389s
2024-09-11 15:15:01.607 62249 INFO tempest.lib.common.rest_client [req-32b4b45e-4335-40b4-b6d0-bef314af8dc0 req-32b4b45e-4335-40b4-b6d0-bef314af8dc0 ] Request (AttachInterfacesV270Test:setUpClass): 200 GET http://10.180.1.21/identity/v3/roles 0.102s
2024-09-11 15:15:01.676 62217 INFO tempest.lib.common.rest_client [req-ece38e13-a44e-4843-a8ae-f38229f04f51 req-ece38e13-a44e-4843-a8ae-f38229f04f51 ] Request (HypervisorAdminV253TestBase:tearDownClass): 204 DELETE http://10.180.1.21/identity/v3/projects/c7441d925f3948948351b0f49b30fe82 0.076s
2024-09-11 15:15:01.705 62249 INFO tempest.lib.common.rest_client [req-f0fc1210-d4f2-47b2-87c1-ae3528081e78 req-f0fc1210-d4f2-47b2-87c1-ae3528081e78 ] Request (AttachInterfacesV270Test:setUpClass): 204 PUT http://10.180.1.21/identity/v3/projects/23fe0c2c17d8412790601629e31fdfe3/users/a73a454e9d1445d6b8228f05f8b58451/roles/f68cca98f8ea4d44a2bbf922e0066fcb 0.097s
2024-09-11 15:15:01.705 62249 INFO tempest.lib.common.dynamic_creds [-] Dynamic test user a73a454e9d1445d6b8228f05f8b58451 is created with scope project and roles: ['member']
2024-09-11 15:15:01.705 62249 INFO tempest.lib.common.dynamic_creds [-] Acquired dynamic creds: credentials: Credentials: {'domain_id': 'default', 'domain_name': 'Default', 'username': 'tempest-AttachInterfacesV270Test-1929327110-project-member', 'project_domain_id': 'default', 'project_domain_name': 'Default', 'project_id': '23fe0c2c17d8412790601629e31fdfe3', 'project_name': 'tempest-AttachInterfacesV270Test-1929327110', 'tenant_id': '23fe0c2c17d8412790601629e31fdfe3', 'tenant_name': 'tempest-AttachInterfacesV270Test-1929327110', 'user_domain_id': 'default', 'user_domain_name': 'Default', 'user_id': 'a73a454e9d1445d6b8228f05f8b58451', 'system': None}, Network: None, Subnet: None, Router: None
2024-09-11 15:15:01.708 62251 INFO tempest.lib.common.rest_client [req-84856558-7a7c-4719-9897-010ed75232a1 req-84856558-7a7c-4719-9897-010ed75232a1 ] Request (FlavorMetadataValidation:tearDownClass): 200 GET http://10.180.1.21:9696/networking/v2.0/security-groups?tenant_id=f507b74b7bf848ab8e7ccfa616d84302&name=default 0.595s
2024-09-11 15:15:01.729 62201 INFO tempest.lib.common.rest_client [req-180d23dc-5ace-44f9-ad5a-8c93b7398d53 req-180d23dc-5ace-44f9-ad5a-8c93b7398d53 ] Request (SecurityGroupsTestAdminJSON:test_list_security_groups_list_all_tenants_filter): 200 POST http://10.180.1.21/compute/v2.1/os-security-groups 1.876s
2024-09-11 15:15:01.736 62219 INFO tempest.lib.common.rest_client [req-b7717bce-27b5-4de1-b910-28fe693ca011 req-b7717bce-27b5-4de1-b910-28fe693ca011 ] Request (HypervisorAdminNegativeTestJSON:test_get_hypervisor_stats_with_non_admin_user): 403 GET http://10.180.1.21/compute/v2.1/os-hypervisors/statistics 1.221s
2024-09-11 15:15:01.756 62195 INFO tempest.lib.common.rest_client [req-aacb1eb1-157e-42d5-80bb-d8541390aa2e req-aacb1eb1-157e-42d5-80bb-d8541390aa2e ] Request (InstanceUsageAuditLogTestJSON:tearDownClass): 204 DELETE http://10.180.1.21:9696/networking/v2.0/security-groups/dfa59fd8-2e92-4e52-b5a7-5dc1b92d3326 0.354s
2024-09-11 15:15:01.760 62217 INFO tempest.lib.common.rest_client [req-939f2a4c-8f9d-4c31-90f4-c03193d1d6f9 req-939f2a4c-8f9d-4c31-90f4-c03193d1d6f9 ] Request (QuotaClassesAdminTestJSON:setUpClass): 201 POST http://10.180.1.21/identity/v3/auth/tokens 0.083s
2024-09-11 15:15:01.785 62249 INFO tempest.lib.common.rest_client [req-289128f2-d23f-41b4-b056-6570ad9af17a req-289128f2-d23f-41b4-b056-6570ad9af17a ] Request (AttachInterfacesV270Test:setUpClass): 201 POST http://10.180.1.21/identity/v3/auth/tokens 0.079s
2024-09-11 15:15:01.816 62213 INFO tempest.lib.common.rest_client [req-30040a76-1251-43c2-a714-46ea6f6bbb8e req-30040a76-1251-43c2-a714-46ea6f6bbb8e ] Request (NetworksTest:tearDownClass): 200 GET http://10.180.1.21:9696/networking/v2.0/security-groups?tenant_id=a1b44fef9ed74a0aa040b34854c033a6&name=default 0.417s
2024-09-11 15:15:01.820 62223 INFO tempest.lib.common.rest_client [req-2121f293-1c2c-4c6a-9e31-9c67c55deb2c req-2121f293-1c2c-4c6a-9e31-9c67c55deb2c ] Request (VolumesAssistedSnapshotsTest:setUpClass): 201 POST http://10.180.1.21:9696/networking/v2.0/routers 2.438s
2024-09-11 15:15:01.830 62221 INFO tempest.lib.common.rest_client [req-e161b2f7-dd83-4b30-8813-78dd912d0f24 req-e161b2f7-dd83-4b30-8813-78dd912d0f24 ] Request (ServerExternalEventsTest:test_create_server_external_events): 200 GET http://10.180.1.21/compute/v2.1/servers/62b47755-68c1-4ec0-ad75-603a19dd986d 1.229s
2024-09-11 15:15:01.853 62231 INFO tempest.lib.common.rest_client [req-f56f6f8b-c239-42be-bcc5-9bee765b6c3a req-f56f6f8b-c239-42be-bcc5-9bee765b6c3a ] Request (HypervisorAdminTestJSON:test_get_hypervisor_show_details): 200 GET http://10.180.1.21/compute/v2.1/os-hypervisors 1.217s
