2024-09-11 15:16:11.434 62205 INFO tempest.lib.common.rest_client [req-39aacb6a-2e80-420c-8fc8-ae56604feed5 req-39aacb6a-2e80-420c-8fc8-ae56604feed5 ] Request (ServerShowV254Test:test_rebuild_server): 200 GET http://10.180.1.21/compute/v2.1/servers/91a429a3-c148-445a-b5c1-b1aea6046d65 0.600s
2024-09-11 15:16:11.485 62207 INFO tempest.lib.common.rest_client [req-3edf2c83-02ad-4de4-a79e-259c542316df req-3edf2c83-02ad-4de4-a79e-259c542316df ] Request (ServersTestFqdnHostnames:test_create_server_with_fqdn_name): 200 GET http://10.180.1.21/compute/v2.1/servers/e98c80eb-b43b-4d17-82f2-6097939233cf 0.582s
2024-09-11 15:16:11.516 62243 INFO tempest.lib.common.rest_client [req-1cfb01df-1cd8-4277-a52f-111d7a8126d1 req-1cfb01df-1cd8-4277-a52f-111d7a8126d1 ] Request (FloatingIPDetailsTestJSON:setUpClass): 200 POST http://10.180.1.21/compute/v2.1/os-floating-ips 0.878s
2024-09-11 15:16:11.532 62251 INFO tempest.lib.common.rest_client [req-5dcbeae6-537c-4684-bd79-3b475824e312 req-5dcbeae6-537c-4684-bd79-3b475824e312 ] Request (ServerPasswordTestJSON:setUpClass): 200 GET http://10.180.1.21/compute/v2.1/servers/db0d1eb9-8f4a-4cfe-aec1-d733d80eed8b 0.597s
2024-09-11 15:16:11.571 62201 INFO tempest.lib.common.rest_client [req-252c9ae8-8f7e-469d-b942-d623694266ce req-252c9ae8-8f7e-469d-b942-d623694266ce ] Request (AttachInterfacesTestJSON:test_create_list_show_delete_interfaces_by_fixed_ip): 200 GET http://10.180.1.21/compute/v2.1/servers/e9d8c07d-5cf4-4179-9101-bc0102b35036 0.587s
2024-09-11 15:16:11.574 62195 INFO tempest.lib.common.rest_client [req-b243cb20-fc0e-45b3-a1d5-877214ed05d2 req-b243cb20-fc0e-45b3-a1d5-877214ed05d2 ] Request (ListImageFiltersTestJSON:setUpClass): 200 GET http://10.180.1.21/compute/v2.1/servers/fe9f3e6d-12ed-4648-bc68-2ade5990721a 0.554s
2024-09-11 15:16:11.606 62216 INFO tempest.lib.common.rest_client [req-0795a7fb-216c-4c72-904a-be3bb438dc59 req-0795a7fb-216c-4c72-904a-be3bb438dc59 ] Request (ImagesMetadataTestJSON:test_get_image_metadata_item): 200 GET http://10.180.1.21/compute/v2.1/images/f7975e2b-cb28-4ec7-bc18-feb93fe2116e/metadata/os_distro 0.500s
2024-09-11 15:16:11.622 62213 INFO tempest.lib.common.rest_client [req-7eebc965-d727-4b27-9f0f-e67f4c7fbea1 req-7eebc965-d727-4b27-9f0f-e67f4c7fbea1 ] Request (AttachInterfacesUnderV243Test:test_add_remove_fixed_ip): 200 GET http://10.180.1.21/compute/v2.1/servers/27206e3d-1be8-4d56-acee-c33242bef5fa 0.481s
2024-09-11 15:16:11.623 62235 INFO tempest.lib.common.rest_client [req-57ed6dcf-6c80-4b38-9846-01a6132eb73d req-57ed6dcf-6c80-4b38-9846-01a6132eb73d ] Request (ServerActionsV293TestJSON:setUpClass): 200 GET http://10.180.1.21/volume/v3/8dcc35c9168240719d41fba02138df1a/volumes/296888f9-8149-4f5b-b5dd-fd7eabed3872 0.030s
2024-09-11 15:16:11.668 62211 INFO tempest.lib.common.rest_client [req-cb276e03-9865-447a-b57d-7f408b8ed1f9 req-cb276e03-9865-447a-b57d-7f408b8ed1f9 ] Request (VolumesAdminNegativeTest:test_update_attached_volume_with_nonexistent_volume_in_body): 200 GET http://10.180.1.21/compute/v2.1/servers/1693bf29-a9e7-4069-8c11-e33222e94a63 0.361s
2024-09-11 15:16:11.674 62233 INFO tempest.lib.common.rest_client [req-8ca6c97a-2c29-451d-b029-50af11740c23 req-8ca6c97a-2c29-451d-b029-50af11740c23 ] Request (ServersAdmin275Test:tearDownClass): 200 GET http://10.180.1.21/compute/v2.1/servers/ed71a98d-5a0e-482a-8c1b-e6447a8f60a4 0.434s
2024-09-11 15:16:11.716 62249 INFO tempest.lib.common.rest_client [req-e602ff06-8901-49f7-b2fa-825e3e1d3be6 req-e602ff06-8901-49f7-b2fa-825e3e1d3be6 ] Request (ServersTestMultiNic:test_verify_duplicate_network_nics): 200 GET http://10.180.1.21/compute/v2.1/servers/da9b11b2-63db-4baa-a41e-eea08541b46f 0.361s
2024-09-11 15:16:11.716 62231 INFO tempest.lib.common.rest_client [req-3075378c-dda6-4320-a85b-454e120a5e35 req-3075378c-dda6-4320-a85b-454e120a5e35 ] Request (ServersTestJSON:setUpClass): 201 POST http://10.180.1.21:9696/networking/v2.0/networks 0.295s
2024-09-11 15:16:11.723 62246 INFO tempest.lib.common.rest_client [req-8d168a33-0637-4d18-8a1e-946c5815e452 req-8d168a33-0637-4d18-8a1e-946c5815e452 ] Request (ServersNegativeTestMultiTenantJSON:setUpClass): 200 GET http://10.180.1.21/compute/v2.1/servers/3557636a-9e02-4089-af8f-257db557e721 0.302s
2024-09-11 15:16:11.762 62209 INFO tempest.lib.common.rest_client [req-51c5780e-2706-4ee0-87f0-ac6168f3c63e req-51c5780e-2706-4ee0-87f0-ac6168f3c63e ] Request (ServerDiagnosticsNegativeTest:test_get_server_diagnostics_by_non_admin): 200 GET http://10.180.1.21/compute/v2.1/servers/663e9bfc-20ca-49ca-96ef-c9e847de9d90 0.253s
2024-09-11 15:16:11.873 62216 INFO tempest.lib.common.rest_client [req-b5dc8572-4677-4de4-b0bc-9a784b6d8d81 req-b5dc8572-4677-4de4-b0bc-9a784b6d8d81 ] Request (ImagesMetadataTestJSON:setUp): 200 PUT http://10.180.1.21/compute/v2.1/images/f7975e2b-cb28-4ec7-bc18-feb93fe2116e/metadata 0.265s
2024-09-11 15:16:11.920 62255 INFO tempest.lib.common.rest_client [req-a7be2edc-30af-409b-bf62-c3c1092e0ebf req-a7be2edc-30af-409b-bf62-c3c1092e0ebf ] Request (ServerAddressesNegativeTestJSON:setUpClass): 200 GET http://10.180.1.21/compute/v2.1/servers/e1b87405-1795-4825-8d6d-dc3e2dc1235c 0.272s
2024-09-11 15:16:11.967 62253 INFO tempest.lib.common.rest_client [req-8355f373-411f-4d1b-b202-f4825b48a56f req-8355f373-411f-4d1b-b202-f4825b48a56f ] Request (FloatingIPsAssociationTestJSON:setUpClass): 200 GET http://10.180.1.21/compute/v2.1/servers/54e37cb8-54e4-4881-9d7d-3c280791d20b 0.256s
2024-09-11 15:16:12.011 62241 INFO tempest.lib.common.rest_client [req-1715bdb8-09b8-49cb-9c26-2254b7a9557a req-1715bdb8-09b8-49cb-9c26-2254b7a9557a ] Request (DeleteServersTestJSON:test_delete_active_server): 200 GET http://10.180.1.21/compute/v2.1/servers/c7f633d2-f2cd-4cef-a246-af736f420128 0.294s
2024-09-11 15:16:12.069 62219 INFO tempest.lib.common.rest_client [req-2d62bacc-2137-4419-99af-96fe917a47cb req-2d62bacc-2137-4419-99af-96fe917a47cb ] Request (ServersTestBootFromVolume:setUpClass): 200 GET http://10.180.1.21/compute/v2.1/servers/f8612d1d-45b0-4235-83f6-203c74bcefbd 0.305s
2024-09-11 15:16:12.119 62197 INFO tempest.lib.common.rest_client [req-1022db80-afe0-47e6-8388-b2116bd21c27 req-1022db80-afe0-47e6-8388-b2116bd21c27 ] Request (AttachVolumeTestJSON:test_list_get_volume_attachments): 200 GET http://10.180.1.21/compute/v2.1/servers/c193464f-18e2-4a7c-8a66-b3c3ed8a08f4 0.355s
2024-09-11 15:16:12.168 62230 INFO tempest.lib.common.rest_client [req-e7e3714a-551e-4ea6-8e1b-d3ee60f3f5e2 req-e7e3714a-551e-4ea6-8e1b-d3ee60f3f5e2 ] Request (ServerRescueNegativeTestJSON:setUpClass): 200 GET http://10.180.1.21/compute/v2.1/servers/d29718dd-98af-424c-9812-4fa919354c18 0.346s
2024-09-11 15:16:12.202 62231 INFO tempest.lib.common.rest_client [req-b7938c63-bc41-46f5-a1c0-6d6e6bcd5f86 req-b7938c63-bc41-46f5-a1c0-6d6e6bcd5f86 ] Request (ServersTestJSON:setUpClass): 201 POST http://10.180.1.21:9696/networking/v2.0/subnets 0.485s
2024-09-11 15:16:12.216 62217 INFO tempest.lib.common.rest_client [req-451732d9-f0e9-497a-84de-d4a50f7474c5 req-451732d9-f0e9-497a-84de-d4a50f7474c5 ] Request (ServerActionsTestOtherB:setUpClass): 200 GET http://10.180.1.21/compute/v2.1/servers/b64d1761-21d3-4b71-b339-c8aa0291a35e 0.394s
2024-09-11 15:16:12.262 62223 INFO tempest.lib.common.rest_client [req-2a107853-7f26-43ec-aed6-d8ad9827044c req-2a107853-7f26-43ec-aed6-d8ad9827044c ] Request (VolumesAssistedSnapshotsTest:test_volume_assisted_snapshot_create_delete): 200 GET http://10.180.1.21/compute/v2.1/servers/df5e0934-393a-44ef-ad5b-08f5bbbf7e9a 0.392s
2024-09-11 15:16:12.270 62223 INFO tempest.common.waiters [-] State transition "BUILD/spawning" ==> "BUILD/scheduling" after 50 second wait
2024-09-11 15:16:12.292 62216 INFO tempest.lib.common.rest_client [req-4a00b1d0-41f0-4784-90ed-cdf2eb094a67 req-4a00b1d0-41f0-4784-90ed-cdf2eb094a67 ] Request (ImagesMetadataTestJSON:test_list_image_metadata): 200 GET http://10.180.1.21/compute/v2.1/images/f7975e2b-cb28-4ec7-bc18-feb93fe2116e/metadata 0.418s
2024-09-11 15:16:12.336 62227 INFO tempest.lib.common.rest_client [req-6cd0310b-3a5c-47fa-b660-c954cc23e0b6 req-6cd0310b-3a5c-47fa-b660-c954cc23e0b6 ] Request (ServersAdminTestJSON:setUpClass): 200 GET http://10.180.1.21/compute/v2.1/servers/0ddd4a42-fc27-4394-9cfb-0ba5918d156b 0.435s
2024-09-11 15:16:12.386 62225 INFO tempest.lib.common.rest_client [req-523fd8b5-1749-45f9-a68d-ac54d698382e req-523fd8b5-1749-45f9-a68d-ac54d698382e ] Request (MultipleCreateTestJSON:test_multiple_create): 200 GET http://10.180.1.21/compute/v2.1/servers/06a16a75-fb35-4083-afd2-2d3b043a667b 0.467s
2024-09-11 15:16:12.450 62199 INFO tempest.lib.common.rest_client [req-acdaf58e-c475-4362-ab18-164df86fe8d0 req-acdaf58e-c475-4362-ab18-164df86fe8d0 ] Request (ServersAaction247Test:tearDownClass): 200 GET http://10.180.1.21/compute/v2.1/servers/dc414a8e-847f-4c0e-9089-4269ce5ee03a 0.467s
2024-09-11 15:16:12.499 62239 INFO tempest.lib.common.rest_client [req-a3b14f95-10ea-40b5-b449-78ad608faf79 req-a3b14f95-10ea-40b5-b449-78ad608faf79 ] Request (ServerActionsTestOtherA:setUpClass): 200 GET http://10.180.1.21/compute/v2.1/servers/f3ee940f-d1e2-4bfa-9c43-9bc596d01f84 0.329s
2024-09-11 15:16:12.548 62237 INFO tempest.lib.common.rest_client [req-ceedb45e-35aa-4cac-be0f-70c8e3a75284 req-ceedb45e-35aa-4cac-be0f-70c8e3a75284 ] Request (ServersWithSpecificFlavorTestJSON:test_verify_created_server_ephemeral_disk): 200 GET http://10.180.1.21/compute/v2.1/servers/e6e0ae52-6df7-4175-b482-ccfb3bdeccc3 0.322s
2024-09-11 15:16:12.602 62193 INFO tempest.lib.common.rest_client [req-fca06040-25fd-4980-8f27-0192db765410 req-fca06040-25fd-4980-8f27-0192db765410 ] Request (ImagesTestJSON:test_create_image_from_stopped_server): 200 GET http://10.180.1.21/compute/v2.1/servers/c755aa01-ce4e-4e1d-8f0e-4015bbf67a49 0.328s
2024-09-11 15:16:12.657 62235 INFO tempest.lib.common.rest_client [req-bfb2ee4d-9a4c-4928-b7e2-1acf35ab4eb8 req-bfb2ee4d-9a4c-4928-b7e2-1acf35ab4eb8 ] Request (ServerActionsV293TestJSON:setUpClass): 200 GET http://10.180.1.21/volume/v3/8dcc35c9168240719d41fba02138df1a/volumes/296888f9-8149-4f5b-b5dd-fd7eabed3872 0.027s
2024-09-11 15:16:12.736 62216 INFO tempest.lib.common.rest_client [req-43fd0138-843b-4cfc-83d0-f680cd8dd4c1 req-43fd0138-843b-4cfc-83d0-f680cd8dd4c1 ] Request (ImagesMetadataTestJSON:setUp): 200 PUT http://10.180.1.21/compute/v2.1/images/f7975e2b-cb28-4ec7-bc18-feb93fe2116e/metadata 0.442s
2024-09-11 15:16:12.748 62243 INFO tempest.lib.common.rest_client [req-77cb7bca-a09e-4091-908b-5fc270649a08 req-77cb7bca-a09e-4091-908b-5fc270649a08 ] Request (FloatingIPDetailsTestJSON:test_get_floating_ip_details): 200 POST http://10.180.1.21/compute/v2.1/os-floating-ips 1.229s
2024-09-11 15:16:12.786 62221 INFO tempest.lib.common.rest_client [req-2f85c0c5-18f3-4f1b-b523-a3f30810ac54 req-2f85c0c5-18f3-4f1b-b523-a3f30810ac54 ] Request (ListServerFiltersTestJSON:setUpClass): 200 GET http://10.180.1.21/compute/v2.1/servers/93a8abf1-1f26-4afb-af50-720ae255781b 0.455s
2024-09-11 15:16:12.802 62203 INFO tempest.lib.common.rest_client [req-45ee7dd3-473d-441d-adfb-1f6a79fb1c6c req-45ee7dd3-473d-441d-adfb-1f6a79fb1c6c ] Request (ServerRescueTestJSONUnderV235:setUpClass): 200 GET http://10.180.1.21/compute/v2.1/servers/60f65f24-f889-445f-860b-8ebb36d7f20a 0.415s
2024-09-11 15:16:12.839 62205 INFO tempest.lib.common.rest_client [req-b6a8f632-c729-4a97-b967-fed0fbd2ace1 req-b6a8f632-c729-4a97-b967-fed0fbd2ace1 ] Request (ServerShowV254Test:test_rebuild_server): 200 GET http://10.180.1.21/compute/v2.1/servers/91a429a3-c148-445a-b5c1-b1aea6046d65 0.396s
2024-09-11 15:16:12.850 62207 INFO tempest.lib.common.rest_client [req-85926f37-e554-4749-bee7-3377769aa594 req-85926f37-e554-4749-bee7-3377769aa594 ] Request (ServersTestFqdnHostnames:test_create_server_with_fqdn_name): 200 GET http://10.180.1.21/compute/v2.1/servers/e98c80eb-b43b-4d17-82f2-6097939233cf 0.358s
2024-09-11 15:16:12.897 62251 INFO tempest.lib.common.rest_client [req-316eb7c0-3eeb-4080-9bfd-239f480af94f req-316eb7c0-3eeb-4080-9bfd-239f480af94f ] Request (ServerPasswordTestJSON:setUpClass): 200 GET http://10.180.1.21/compute/v2.1/servers/db0d1eb9-8f4a-4cfe-aec1-d733d80eed8b 0.354s
2024-09-11 15:16:12.937 62201 INFO tempest.lib.common.rest_client [req-35f958a7-5c04-4f0d-83bd-0b7a24235d13 req-35f958a7-5c04-4f0d-83bd-0b7a24235d13 ] Request (AttachInterfacesTestJSON:test_create_list_show_delete_interfaces_by_fixed_ip): 200 GET http://10.180.1.21/compute/v2.1/servers/e9d8c07d-5cf4-4179-9101-bc0102b35036 0.359s
2024-09-11 15:16:12.943 62195 INFO tempest.lib.common.rest_client [req-198deed6-1f5b-474e-bc37-20360c992805 req-198deed6-1f5b-474e-bc37-20360c992805 ] Request (ListImageFiltersTestJSON:setUpClass): 200 GET http://10.180.1.21/compute/v2.1/servers/fe9f3e6d-12ed-4648-bc68-2ade5990721a 0.362s
2024-09-11 15:16:12.986 62211 INFO tempest.lib.common.rest_client [req-a04c88d0-1c5d-4194-95eb-b079529655d6 req-a04c88d0-1c5d-4194-95eb-b079529655d6 ] Request (VolumesAdminNegativeTest:test_update_attached_volume_with_nonexistent_volume_in_body): 200 GET http://10.180.1.21/compute/v2.1/servers/1693bf29-a9e7-4069-8c11-e33222e94a63 0.310s
2024-09-11 15:16:12.992 62213 INFO tempest.lib.common.rest_client [req-967bca3e-3526-4fc5-a359-d142772c684c req-967bca3e-3526-4fc5-a359-d142772c684c ] Request (AttachInterfacesUnderV243Test:test_add_remove_fixed_ip): 200 GET http://10.180.1.21/compute/v2.1/servers/27206e3d-1be8-4d56-acee-c33242bef5fa 0.363s
2024-09-11 15:16:13.039 62249 INFO tempest.lib.common.rest_client [req-d4458a7c-1c11-4b81-ae98-1acabef66ff0 req-d4458a7c-1c11-4b81-ae98-1acabef66ff0 ] Request (ServersTestMultiNic:test_verify_duplicate_network_nics): 200 GET http://10.180.1.21/compute/v2.1/servers/da9b11b2-63db-4baa-a41e-eea08541b46f 0.314s
2024-09-11 15:16:13.050 62233 INFO tempest.lib.common.rest_client [req-955e448e-8918-4136-ad6f-b652fc086e4f req-955e448e-8918-4136-ad6f-b652fc086e4f ] Request (ServersAdmin275Test:tearDownClass): 200 GET http://10.180.1.21/compute/v2.1/servers/ed71a98d-5a0e-482a-8c1b-e6447a8f60a4 0.362s
2024-09-11 15:16:13.089 62246 INFO tempest.lib.common.rest_client [req-cbcec718-9279-421b-be1f-cee2ad804703 req-cbcec718-9279-421b-be1f-cee2ad804703 ] Request (ServersNegativeTestMultiTenantJSON:setUpClass): 200 GET http://10.180.1.21/compute/v2.1/servers/3557636a-9e02-4089-af8f-257db557e721 0.358s
2024-09-11 15:16:13.149 62231 INFO tempest.lib.common.rest_client [req-3a416209-08f2-4c22-bfec-9f2216b924b7 req-3a416209-08f2-4c22-bfec-9f2216b924b7 ] Request (ServersTestJSON:setUpClass): 201 POST http://10.180.1.21:9696/networking/v2.0/routers 0.946s
2024-09-11 15:16:13.176 62243 INFO tempest.lib.common.rest_client [req-2c652520-47fc-418b-b95f-c6a4e9a5a921 req-2c652520-47fc-418b-b95f-c6a4e9a5a921 ] Request (FloatingIPDetailsTestJSON:test_get_floating_ip_details): 200 GET http://10.180.1.21/compute/v2.1/os-floating-ips/968f3b0f-23ae-4e5e-9afb-8b031e01b8a4 0.426s
2024-09-11 15:16:13.224 62209 INFO tempest.lib.common.rest_client [req-deea5005-6218-4382-9107-905ebc923fcc req-deea5005-6218-4382-9107-905ebc923fcc ] Request (ServerDiagnosticsNegativeTest:test_get_server_diagnostics_by_non_admin): 200 GET http://10.180.1.21/compute/v2.1/servers/663e9bfc-20ca-49ca-96ef-c9e847de9d90 0.453s
2024-09-11 15:16:13.273 62255 INFO tempest.lib.common.rest_client [req-7b11eafd-3086-4574-b7d2-ee046a4ede5f req-7b11eafd-3086-4574-b7d2-ee046a4ede5f ] Request (ServerAddressesNegativeTestJSON:setUpClass): 200 GET http://10.180.1.21/compute/v2.1/servers/e1b87405-1795-4825-8d6d-dc3e2dc1235c 0.344s
2024-09-11 15:16:13.283 62216 INFO tempest.lib.common.rest_client [req-8fdc9d2e-93e3-4b7d-a83d-695c2ddae08e req-8fdc9d2e-93e3-4b7d-a83d-695c2ddae08e ] Request (ImagesMetadataTestJSON:test_set_image_metadata): 200 PUT http://10.180.1.21/compute/v2.1/images/f7975e2b-cb28-4ec7-bc18-feb93fe2116e/metadata 0.547s
2024-09-11 15:16:13.321 62253 INFO tempest.lib.common.rest_client [req-bc30c80c-f633-48f9-8f46-ac7c570ecae2 req-bc30c80c-f633-48f9-8f46-ac7c570ecae2 ] Request (FloatingIPsAssociationTestJSON:setUpClass): 200 GET http://10.180.1.21/compute/v2.1/servers/54e37cb8-54e4-4881-9d7d-3c280791d20b 0.348s
2024-09-11 15:16:13.343 62241 INFO tempest.lib.common.rest_client [req-e98f75f4-ccf2-4c55-b320-5d5cc2c3fe23 req-e98f75f4-ccf2-4c55-b320-5d5cc2c3fe23 ] Request (DeleteServersTestJSON:test_delete_active_server): 200 GET http://10.180.1.21/compute/v2.1/servers/c7f633d2-f2cd-4cef-a246-af736f420128 0.325s
2024-09-11 15:16:13.375 62219 INFO tempest.lib.common.rest_client [req-bada83d4-b915-4506-946a-84c7e6cb5e77 req-bada83d4-b915-4506-946a-84c7e6cb5e77 ] Request (ServersTestBootFromVolume:setUpClass): 200 GET http://10.180.1.21/compute/v2.1/servers/f8612d1d-45b0-4235-83f6-203c74bcefbd 0.298s
2024-09-11 15:16:13.392 62197 INFO tempest.lib.common.rest_client [req-157c2dff-fd61-4089-9f1b-ce97afd617d1 req-157c2dff-fd61-4089-9f1b-ce97afd617d1 ] Request (AttachVolumeTestJSON:test_list_get_volume_attachments): 200 GET http://10.180.1.21/compute/v2.1/servers/c193464f-18e2-4a7c-8a66-b3c3ed8a08f4 0.259s
2024-09-11 15:16:13.444 62230 INFO tempest.lib.common.rest_client [req-921b8b6f-8a39-46d7-bc3a-f67d2e30bbf8 req-921b8b6f-8a39-46d7-bc3a-f67d2e30bbf8 ] Request (ServerRescueNegativeTestJSON:setUpClass): 200 GET http://10.180.1.21/compute/v2.1/servers/d29718dd-98af-424c-9812-4fa919354c18 0.260s
2024-09-11 15:16:13.495 62217 INFO tempest.lib.common.rest_client [req-565eda8b-5344-4c3c-8146-057cc37adac6 req-565eda8b-5344-4c3c-8146-057cc37adac6 ] Request (ServerActionsTestOtherB:setUpClass): 200 GET http://10.180.1.21/compute/v2.1/servers/b64d1761-21d3-4b71-b339-c8aa0291a35e 0.268s
2024-09-11 15:16:13.555 62223 INFO tempest.lib.common.rest_client [req-dd55fb75-1f50-4f20-8fc7-e25fc230c3af req-dd55fb75-1f50-4f20-8fc7-e25fc230c3af ] Request (VolumesAssistedSnapshotsTest:test_volume_assisted_snapshot_create_delete): 200 GET http://10.180.1.21/compute/v2.1/servers/df5e0934-393a-44ef-ad5b-08f5bbbf7e9a 0.284s
2024-09-11 15:16:13.563 62223 INFO tempest.common.waiters [-] State transition "BUILD/scheduling" ==> "ERROR/None" after 51 second wait
2024-09-11 15:16:13.591 62216 INFO tempest.lib.common.rest_client [req-cfa53317-9b81-4381-9c2a-1524033d7c41 req-cfa53317-9b81-4381-9c2a-1524033d7c41 ] Request (ImagesMetadataTestJSON:test_set_image_metadata): 200 GET http://10.180.1.21/compute/v2.1/images/f7975e2b-cb28-4ec7-bc18-feb93fe2116e/metadata 0.307s
2024-09-11 15:16:13.647 62227 INFO tempest.lib.common.rest_client [req-abc9df29-e77d-483f-a832-87edcdee43b8 req-abc9df29-e77d-483f-a832-87edcdee43b8 ] Request (ServersAdminTestJSON:setUpClass): 200 GET http://10.180.1.21/compute/v2.1/servers/0ddd4a42-fc27-4394-9cfb-0ba5918d156b 0.301s
2024-09-11 15:16:13.697 62225 INFO tempest.lib.common.rest_client [req-f4a93b72-fb69-4cf2-8c08-70dbc6b1256f req-f4a93b72-fb69-4cf2-8c08-70dbc6b1256f ] Request (MultipleCreateTestJSON:test_multiple_create): 200 GET http://10.180.1.21/compute/v2.1/servers/06a16a75-fb35-4083-afd2-2d3b043a667b 0.298s
2024-09-11 15:16:13.706 62235 INFO tempest.lib.common.rest_client [req-62be0ca9-30dc-40d4-84f9-e2abf5e75bcb req-62be0ca9-30dc-40d4-84f9-e2abf5e75bcb ] Request (ServerActionsV293TestJSON:setUpClass): 200 GET http://10.180.1.21/volume/v3/8dcc35c9168240719d41fba02138df1a/volumes/296888f9-8149-4f5b-b5dd-fd7eabed3872 0.041s
2024-09-11 15:16:13.759 62243 INFO tempest.lib.common.rest_client [req-7f73fa2d-8e2a-434b-9347-afabec8c843c req-7f73fa2d-8e2a-434b-9347-afabec8c843c ] Request (FloatingIPDetailsTestJSON:_run_cleanups): 202 DELETE http://10.180.1.21/compute/v2.1/os-floating-ips/968f3b0f-23ae-4e5e-9afb-8b031e01b8a4 0.580s
2024-09-11 15:16:13.760 62199 INFO tempest.lib.common.rest_client [req-38038c55-7d00-49e5-ac3d-a8aa2e4e9b5a req-38038c55-7d00-49e5-ac3d-a8aa2e4e9b5a ] Request (ServersAaction247Test:tearDownClass): 200 GET http://10.180.1.21/compute/v2.1/servers/dc414a8e-847f-4c0e-9089-4269ce5ee03a 0.301s
2024-09-11 15:16:13.808 62239 INFO tempest.lib.common.rest_client [req-210b62e7-f179-43a1-bf13-c0728dfae1e9 req-210b62e7-f179-43a1-bf13-c0728dfae1e9 ] Request (ServerActionsTestOtherA:setUpClass): 200 GET http://10.180.1.21/compute/v2.1/servers/f3ee940f-d1e2-4bfa-9c43-9bc596d01f84 0.302s
2024-09-11 15:16:13.810 62237 INFO tempest.lib.common.rest_client [req-d66bd123-b21f-4ffa-8478-a226f1b7c208 req-d66bd123-b21f-4ffa-8478-a226f1b7c208 ] Request (ServersWithSpecificFlavorTestJSON:test_verify_created_server_ephemeral_disk): 200 GET http://10.180.1.21/compute/v2.1/servers/e6e0ae52-6df7-4175-b482-ccfb3bdeccc3 0.253s
2024-09-11 15:16:13.983 62223 INFO tempest.lib.common.rest_client [req-0dcc3b1a-b0b5-4f77-b12e-4b321cd0b95b req-0dcc3b1a-b0b5-4f77-b12e-4b321cd0b95b ] Request (VolumesAssistedSnapshotsTest:test_volume_assisted_snapshot_create_delete): 204 DELETE http://10.180.1.21/compute/v2.1/servers/df5e0934-393a-44ef-ad5b-08f5bbbf7e9a 0.420s
2024-09-11 15:16:14.037 62193 INFO tempest.lib.common.rest_client [req-004223ef-1162-4582-8e94-b380592a1509 req-004223ef-1162-4582-8e94-b380592a1509 ] Request (ImagesTestJSON:test_create_image_from_stopped_server): 200 GET http://10.180.1.21/compute/v2.1/servers/c755aa01-ce4e-4e1d-8f0e-4015bbf67a49 0.428s
2024-09-11 15:16:14.094 62216 INFO tempest.lib.common.rest_client [req-2ecb8b3d-c5b9-45ca-8c5e-4986c0f2152e req-2ecb8b3d-c5b9-45ca-8c5e-4986c0f2152e ] Request (ImagesMetadataTestJSON:setUp): 200 PUT http://10.180.1.21/compute/v2.1/images/f7975e2b-cb28-4ec7-bc18-feb93fe2116e/metadata 0.500s
2024-09-11 15:16:14.152 62221 INFO tempest.lib.common.rest_client [req-60d6ff44-a653-4ca2-bd6b-8e172376652d req-60d6ff44-a653-4ca2-bd6b-8e172376652d ] Request (ListServerFiltersTestJSON:setUpClass): 200 GET http://10.180.1.21/compute/v2.1/servers/93a8abf1-1f26-4afb-af50-720ae255781b 0.357s
2024-09-11 15:16:14.179 62243 INFO tempest.lib.common.rest_client [req-a244765c-7a1e-4a63-964c-419dc3631c9f req-a244765c-7a1e-4a63-964c-419dc3631c9f ] Request (FloatingIPDetailsTestJSON:test_list_floating_ips): 200 GET http://10.180.1.21/compute/v2.1/os-floating-ips 0.417s
2024-09-11 15:16:14.182 62231 INFO tempest.lib.common.rest_client [req-1091f6a8-89b9-4343-b16e-ef54b9f3329a req-1091f6a8-89b9-4343-b16e-ef54b9f3329a ] Request (ServersTestJSON:setUpClass): 200 PUT http://10.180.1.21:9696/networking/v2.0/routers/319bbafe-5d4f-4f57-8f07-ff62d55d04f5/add_router_interface 1.033s
2024-09-11 15:16:14.182 62231 INFO tempest.lib.common.dynamic_creds [-] Created isolated network resources for: credentials: Credentials: {'domain_id': 'default', 'domain_name': 'Default', 'username': 'tempest-ServersTestJSON-1814980322-project-member', 'project_domain_id': 'default', 'project_domain_name': 'Default', 'project_id': '9790d1c78c66480c98a21deb91054875', 'project_name': 'tempest-ServersTestJSON-1814980322', 'tenant_id': '9790d1c78c66480c98a21deb91054875', 'tenant_name': 'tempest-ServersTestJSON-1814980322', 'user_domain_id': 'default', 'user_domain_name': 'Default', 'user_id': '4c5920ddb05446db909e70c1fa36f5ed', 'system': None}, Network: {'id': 'a8e35848-af73-4ddf-b719-8bd446a080f9', 'name': 'tempest-ServersTestJSON-1950404106-network', 'tenant_id': '9790d1c78c66480c98a21deb91054875', 'admin_state_up': True, 'mtu': 8950, 'status': 'ACTIVE', 'subnets': [], 'shared': False, 'project_id': '9790d1c78c66480c98a21deb91054875', 'port_security_enabled': True, 'router:external': False, 'provider:network_type': 'vlan', 'provider:physical_network': 'default', 'provider:segmentation_id': 49, 'is_default': False, 'availability_zone_hints': [], 'availability_zones': [], 'ipv4_address_scope': None, 'ipv6_address_scope': None, 'description': '', 'tags': [], 'created_at': '2024-09-11T15:16:11Z', 'updated_at': '2024-09-11T15:16:11Z', 'revision_number': 1}, Subnet: {'id': '2b1102c2-8c0b-47fc-9dd1-ad637d42bc39', 'name': 'tempest-ServersTestJSON-1950404106-subnet', 'tenant_id': '9790d1c78c66480c98a21deb91054875', 'network_id': 'a8e35848-af73-4ddf-b719-8bd446a080f9', 'ip_version': 4, 'subnetpool_id': None, 'enable_dhcp': True, 'ipv6_ra_mode': None, 'ipv6_address_mode': None, 'gateway_ip': '192.168.128.1', 'cidr': '192.168.128.0/28', 'allocation_pools': [{'start': '192.168.128.2', 'end': '192.168.128.14'}], 'host_routes': [], 'dns_nameservers': [], 'description': '', 'router:external': False, 'service_types': [], 'tags': [], 'created_at': '2024-09-11T15:16:11Z', 'updated_at': '2024-09-11T15:16:11Z', 'revision_number': 0, 'project_id': '9790d1c78c66480c98a21deb91054875'}, Router: {'id': '319bbafe-5d4f-4f57-8f07-ff62d55d04f5', 'name': 'tempest-ServersTestJSON-1950404106-router', 'tenant_id': '9790d1c78c66480c98a21deb91054875', 'admin_state_up': True, 'status': 'ACTIVE', 'external_gateway_info': {'network_id': 'de89ccd7-9966-4622-a360-a57d911794a1', 'external_fixed_ips': [{'subnet_id': '761d4394-3ab9-433a-880d-534b7962eaef', 'ip_address': '10.180.180.130'}], 'enable_snat': True}, 'description': '', 'availability_zones': [], 'distributed': False, 'ha': False, 'availability_zone_hints': [], 'routes': [], 'flavor_id': None, 'tags': [], 'created_at': '2024-09-11T15:16:12Z', 'updated_at': '2024-09-11T15:16:12Z', 'revision_number': 2, 'project_id': '9790d1c78c66480c98a21deb91054875'}
2024-09-11 15:16:14.210 62203 INFO tempest.lib.common.rest_client [req-ced87516-24b1-46e6-8504-10eac2f3a307 req-ced87516-24b1-46e6-8504-10eac2f3a307 ] Request (ServerRescueTestJSONUnderV235:setUpClass): 200 GET http://10.180.1.21/compute/v2.1/servers/60f65f24-f889-445f-860b-8ebb36d7f20a 0.399s
2024-09-11 15:16:14.247 62205 INFO tempest.lib.common.rest_client [req-c2ec3834-2d9d-478f-8304-64f53872a2ae req-c2ec3834-2d9d-478f-8304-64f53872a2ae ] Request (ServerShowV254Test:test_rebuild_server): 200 GET http://10.180.1.21/compute/v2.1/servers/91a429a3-c148-445a-b5c1-b1aea6046d65 0.399s
2024-09-11 15:16:14.268 62207 INFO tempest.lib.common.rest_client [req-ac6ddcb5-26c1-4129-8b7a-6aecd732d1fe req-ac6ddcb5-26c1-4129-8b7a-6aecd732d1fe ] Request (ServersTestFqdnHostnames:test_create_server_with_fqdn_name): 200 GET http://10.180.1.21/compute/v2.1/servers/e98c80eb-b43b-4d17-82f2-6097939233cf 0.409s
2024-09-11 15:16:14.304 62231 INFO tempest.lib.common.rest_client [req-035f60a6-eb2f-49d0-b908-e233f548cc03 req-035f60a6-eb2f-49d0-b908-e233f548cc03 ] Request (ServersTestJSON:setUpClass): 201 POST http://10.180.1.21/identity/v3/auth/tokens 0.117s
2024-09-11 15:16:14.310 62251 INFO tempest.lib.common.rest_client [req-44d7baa7-be26-4472-a59c-43fe5de70335 req-44d7baa7-be26-4472-a59c-43fe5de70335 ] Request (ServerPasswordTestJSON:setUpClass): 200 GET http://10.180.1.21/compute/v2.1/servers/db0d1eb9-8f4a-4cfe-aec1-d733d80eed8b 0.407s
2024-09-11 15:16:14.320 62231 INFO tempest.lib.common.rest_client [req-5b36a3a4-cb9b-4eb1-917b-75f221c9b455 req-5b36a3a4-cb9b-4eb1-917b-75f221c9b455 ] Request (ServersTestJSON:setUpClass): 200 GET http://10.180.1.21/identity/v3/projects/9790d1c78c66480c98a21deb91054875 0.016s
2024-09-11 15:16:14.320 62231 INFO tempest.lib.common.dynamic_creds [-] Using the existing project 9790d1c78c66480c98a21deb91054875 for scope project and roles: ['reader']
2024-09-11 15:16:14.328 62201 INFO tempest.lib.common.rest_client [req-5d6c7464-95bf-4165-81a0-74d5f45bab55 req-5d6c7464-95bf-4165-81a0-74d5f45bab55 ] Request (AttachInterfacesTestJSON:test_create_list_show_delete_interfaces_by_fixed_ip): 200 GET http://10.180.1.21/compute/v2.1/servers/e9d8c07d-5cf4-4179-9101-bc0102b35036 0.383s
2024-09-11 15:16:14.349 62231 INFO tempest.lib.common.rest_client [req-22e64ae7-f6a8-417e-8ccf-c83cf7648496 req-22e64ae7-f6a8-417e-8ccf-c83cf7648496 ] Request (ServersTestJSON:setUpClass): 201 POST http://10.180.1.21/identity/v3/users 0.028s
2024-09-11 15:16:14.358 62223 INFO tempest.lib.common.rest_client [req-cd12173f-d54b-4c1f-b683-24223d2661d6 req-cd12173f-d54b-4c1f-b683-24223d2661d6 ] Request (VolumesAssistedSnapshotsTest:test_volume_assisted_snapshot_create_delete): 404 GET http://10.180.1.21/compute/v2.1/servers/df5e0934-393a-44ef-ad5b-08f5bbbf7e9a 0.374s
2024-09-11 15:16:14.377 62231 INFO tempest.lib.common.rest_client [req-231072b2-df8b-4f77-a18f-222f1fb3c37d req-231072b2-df8b-4f77-a18f-222f1fb3c37d ] Request (ServersTestJSON:setUpClass): 200 GET http://10.180.1.21/identity/v3/roles 0.027s
2024-09-11 15:16:14.378 62195 INFO tempest.lib.common.rest_client [req-f667980d-4769-4840-add6-3ff66e4ebea8 req-f667980d-4769-4840-add6-3ff66e4ebea8 ] Request (ListImageFiltersTestJSON:setUpClass): 200 GET http://10.180.1.21/compute/v2.1/servers/fe9f3e6d-12ed-4648-bc68-2ade5990721a 0.428s
2024-09-11 15:16:14.410 62223 INFO tempest.lib.common.rest_client [req-c03aa90f-fca6-4024-b901-527f83baa1df req-c03aa90f-fca6-4024-b901-527f83baa1df ] Request (VolumesAssistedSnapshotsTest:_run_cleanups): 202 DELETE http://10.180.1.21/volume/v3/0ba29d1b650647e1947e3f45f79fb94c/volumes/aff201e0-51c4-4b66-8350-62fa5c61f4bb 0.050s
2024-09-11 15:16:14.413 62231 INFO tempest.lib.common.rest_client [req-93027faa-66b8-4a4d-b3c4-3d1bb3ce49a3 req-93027faa-66b8-4a4d-b3c4-3d1bb3ce49a3 ] Request (ServersTestJSON:setUpClass): 204 PUT http://10.180.1.21/identity/v3/projects/9790d1c78c66480c98a21deb91054875/users/9ef6bae7d2e743e89215652c05e0970a/roles/a92a0ced1c9f4b33acd0103ae8810cb8 0.035s
2024-09-11 15:16:14.413 62231 INFO tempest.lib.common.dynamic_creds [-] Dynamic test user 9ef6bae7d2e743e89215652c05e0970a is created with scope project and roles: ['reader']
2024-09-11 15:16:14.413 62231 INFO tempest.lib.common.dynamic_creds [-] Acquired dynamic creds: credentials: Credentials: {'domain_id': 'default', 'domain_name': 'Default', 'username': 'tempest-ServersTestJSON-1814980322-project-reader', 'project_domain_id': 'default', 'project_domain_name': 'Default', 'project_id': '9790d1c78c66480c98a21deb91054875', 'project_name': 'tempest-ServersTestJSON-1814980322', 'tenant_id': '9790d1c78c66480c98a21deb91054875', 'tenant_name': 'tempest-ServersTestJSON-1814980322', 'user_domain_id': 'default', 'user_domain_name': 'Default', 'user_id': '9ef6bae7d2e743e89215652c05e0970a', 'system': None}, Network: None, Subnet: None, Router: None
2024-09-11 15:16:14.414 62231 INFO tempest.lib.common.dynamic_creds [-] Network resources are not created for requested scope: project and credentials: Credentials: {'domain_id': 'default', 'domain_name': 'Default', 'username': 'tempest-ServersTestJSON-1814980322-project-reader', 'project_domain_id': 'default', 'project_domain_name': 'Default', 'project_id': '9790d1c78c66480c98a21deb91054875', 'project_name': 'tempest-ServersTestJSON-1814980322', 'tenant_id': '9790d1c78c66480c98a21deb91054875', 'tenant_name': 'tempest-ServersTestJSON-1814980322', 'user_domain_id': 'default', 'user_domain_name': 'Default', 'user_id': '9ef6bae7d2e743e89215652c05e0970a', 'system': None}, Network: None, Subnet: None, Router: None
2024-09-11 15:16:14.417 62211 INFO tempest.lib.common.rest_client [req-1c6a5122-6267-4f85-8278-07fe598073f2 req-1c6a5122-6267-4f85-8278-07fe598073f2 ] Request (VolumesAdminNegativeTest:test_update_attached_volume_with_nonexistent_volume_in_body): 200 GET http://10.180.1.21/compute/v2.1/servers/1693bf29-a9e7-4069-8c11-e33222e94a63 0.420s
2024-09-11 15:16:14.441 62213 INFO tempest.lib.common.rest_client [req-e4a47672-1789-4b0a-b83b-c585aa694320 req-e4a47672-1789-4b0a-b83b-c585aa694320 ] Request (AttachInterfacesUnderV243Test:test_add_remove_fixed_ip): 200 GET http://10.180.1.21/compute/v2.1/servers/27206e3d-1be8-4d56-acee-c33242bef5fa 0.438s
2024-09-11 15:16:14.447 62223 INFO tempest.lib.common.rest_client [req-a7d2d2f2-574c-40dc-b022-9fd54f9bda63 req-a7d2d2f2-574c-40dc-b022-9fd54f9bda63 ] Request (VolumesAssistedSnapshotsTest:_run_cleanups): 200 GET http://10.180.1.21/volume/v3/0ba29d1b650647e1947e3f45f79fb94c/volumes/aff201e0-51c4-4b66-8350-62fa5c61f4bb 0.037s
2024-09-11 15:16:14.465 62249 INFO tempest.lib.common.rest_client [req-682f849d-b531-41ab-89ff-8d68e1d0d172 req-682f849d-b531-41ab-89ff-8d68e1d0d172 ] Request (ServersTestMultiNic:test_verify_duplicate_network_nics): 200 GET http://10.180.1.21/compute/v2.1/servers/da9b11b2-63db-4baa-a41e-eea08541b46f 0.416s
2024-09-11 15:16:14.503 62231 INFO tempest.lib.common.rest_client [req-5942629f-0c87-494b-9a62-8a5b28b609fa req-5942629f-0c87-494b-9a62-8a5b28b609fa ] Request (ServersTestJSON:setUpClass): 201 POST http://10.180.1.21/identity/v3/auth/tokens 0.083s
2024-09-11 15:16:14.510 62233 INFO tempest.lib.common.rest_client [req-3d62094d-6aca-4286-a8d0-316c36aab0aa req-3d62094d-6aca-4286-a8d0-316c36aab0aa ] Request (ServersAdmin275Test:tearDownClass): 200 GET http://10.180.1.21/compute/v2.1/servers/ed71a98d-5a0e-482a-8c1b-e6447a8f60a4 0.448s
2024-09-11 15:16:14.556 62246 INFO tempest.lib.common.rest_client [req-93a54264-2f15-4c44-8fbf-a28e02065047 req-93a54264-2f15-4c44-8fbf-a28e02065047 ] Request (ServersNegativeTestMultiTenantJSON:setUpClass): 200 GET http://10.180.1.21/compute/v2.1/servers/3557636a-9e02-4089-af8f-257db557e721 0.459s
2024-09-11 15:16:14.568 62231 INFO tempest.lib.common.rest_client [req-f1108ddc-1302-471b-a629-5e78ed90e063 req-f1108ddc-1302-471b-a629-5e78ed90e063 ] Request (ServersTestJSON:test_create_server_specify_multibyte_character_name): 201 POST http://10.180.1.21/identity/v3/auth/tokens 0.061s
2024-09-11 15:16:14.569 62231 INFO tempest.lib.common.fixed_network [-] (ServersTestJSON:test_create_server_specify_multibyte_character_name) Found network {'id': 'a8e35848-af73-4ddf-b719-8bd446a080f9', 'name': 'tempest-ServersTestJSON-1950404106-network', 'tenant_id': '9790d1c78c66480c98a21deb91054875', 'admin_state_up': True, 'mtu': 8950, 'status': 'ACTIVE', 'subnets': [], 'shared': False, 'project_id': '9790d1c78c66480c98a21deb91054875', 'port_security_enabled': True, 'router:external': False, 'provider:network_type': 'vlan', 'provider:physical_network': 'default', 'provider:segmentation_id': 49, 'is_default': False, 'availability_zone_hints': [], 'availability_zones': [], 'ipv4_address_scope': None, 'ipv6_address_scope': None, 'description': '', 'tags': [], 'created_at': '2024-09-11T15:16:11Z', 'updated_at': '2024-09-11T15:16:11Z', 'revision_number': 1} available for tenant
2024-09-11 15:16:14.679 62216 INFO tempest.lib.common.rest_client [req-45cf45a0-c59c-455e-8f37-0807487d589b req-45cf45a0-c59c-455e-8f37-0807487d589b ] Request (ImagesMetadataTestJSON:test_set_image_metadata_item): 200 PUT http://10.180.1.21/compute/v2.1/images/f7975e2b-cb28-4ec7-bc18-feb93fe2116e/metadata/os_version 0.584s
2024-09-11 15:16:14.732 62209 INFO tempest.lib.common.rest_client [req-f814f69e-166e-41a8-9c7b-51b19afa5340 req-f814f69e-166e-41a8-9c7b-51b19afa5340 ] Request (ServerDiagnosticsNegativeTest:test_get_server_diagnostics_by_non_admin): 200 GET http://10.180.1.21/compute/v2.1/servers/663e9bfc-20ca-49ca-96ef-c9e847de9d90 0.497s
2024-09-11 15:16:14.743 62235 INFO tempest.lib.common.rest_client [req-1dee813c-5cba-4de2-982f-2777ecd4eb0b req-1dee813c-5cba-4de2-982f-2777ecd4eb0b ] Request (ServerActionsV293TestJSON:setUpClass): 200 GET http://10.180.1.21/volume/v3/8dcc35c9168240719d41fba02138df1a/volumes/296888f9-8149-4f5b-b5dd-fd7eabed3872 0.028s
2024-09-11 15:16:14.792 62255 INFO tempest.lib.common.rest_client [req-3eb93d3d-5b14-4e6b-925b-f6d08ce3651b req-3eb93d3d-5b14-4e6b-925b-f6d08ce3651b ] Request (ServerAddressesNegativeTestJSON:setUpClass): 200 GET http://10.180.1.21/compute/v2.1/servers/e1b87405-1795-4825-8d6d-dc3e2dc1235c 0.506s
2024-09-11 15:16:14.849 62253 INFO tempest.lib.common.rest_client [req-c37cb008-3d32-4104-a618-ee9b9f4898cd req-c37cb008-3d32-4104-a618-ee9b9f4898cd ] Request (FloatingIPsAssociationTestJSON:setUpClass): 200 GET http://10.180.1.21/compute/v2.1/servers/54e37cb8-54e4-4881-9d7d-3c280791d20b 0.514s
2024-09-11 15:16:14.858 62253 INFO tempest.common.waiters [-] State transition "BUILD/scheduling" ==> "BUILD/None" after 38 second wait
2024-09-11 15:16:14.903 62241 INFO tempest.lib.common.rest_client [req-ca944cc2-dd11-418b-b1d1-7d3da7cc9a0c req-ca944cc2-dd11-418b-b1d1-7d3da7cc9a0c ] Request (DeleteServersTestJSON:test_delete_active_server): 200 GET http://10.180.1.21/compute/v2.1/servers/c7f633d2-f2cd-4cef-a246-af736f420128 0.549s
2024-09-11 15:16:14.939 62243 INFO tempest.lib.common.rest_client [req-51ee06b2-9af2-4ca4-b0da-8f1ea8418f0b req-51ee06b2-9af2-4ca4-b0da-8f1ea8418f0b ] Request (FloatingIPDetailsTestJSON:tearDownClass): 202 DELETE http://10.180.1.21/compute/v2.1/os-floating-ips/18233b16-a995-404b-be55-d70441d814e8 0.756s
2024-09-11 15:16:14.951 62219 INFO tempest.lib.common.rest_client [req-d4f6b33c-8a65-4907-befc-0307b0494807 req-d4f6b33c-8a65-4907-befc-0307b0494807 ] Request (ServersTestBootFromVolume:setUpClass): 200 GET http://10.180.1.21/compute/v2.1/servers/f8612d1d-45b0-4235-83f6-203c74bcefbd 0.559s
2024-09-11 15:16:14.995 62197 INFO tempest.lib.common.rest_client [req-a862f581-8d25-43c1-ab43-d97b1290f7f9 req-a862f581-8d25-43c1-ab43-d97b1290f7f9 ] Request (AttachVolumeTestJSON:test_list_get_volume_attachments): 200 GET http://10.180.1.21/compute/v2.1/servers/c193464f-18e2-4a7c-8a66-b3c3ed8a08f4 0.597s
2024-09-11 15:16:14.998 62230 INFO tempest.lib.common.rest_client [req-6c368822-be5a-4839-9ff6-28c42dc6b8b0 req-6c368822-be5a-4839-9ff6-28c42dc6b8b0 ] Request (ServerRescueNegativeTestJSON:setUpClass): 200 GET http://10.180.1.21/compute/v2.1/servers/d29718dd-98af-424c-9812-4fa919354c18 0.546s
2024-09-11 15:16:15.042 62217 INFO tempest.lib.common.rest_client [req-9b20e09e-6417-418e-9fad-4baa9ce0d8b3 req-9b20e09e-6417-418e-9fad-4baa9ce0d8b3 ] Request (ServerActionsTestOtherB:setUpClass): 200 GET http://10.180.1.21/compute/v2.1/servers/b64d1761-21d3-4b71-b339-c8aa0291a35e 0.540s
2024-09-11 15:16:15.090 62227 INFO tempest.lib.common.rest_client [req-a21ce986-ee19-453a-bfce-02f9e019f0f9 req-a21ce986-ee19-453a-bfce-02f9e019f0f9 ] Request (ServersAdminTestJSON:setUpClass): 200 GET http://10.180.1.21/compute/v2.1/servers/0ddd4a42-fc27-4394-9cfb-0ba5918d156b 0.437s
2024-09-11 15:16:15.116 62216 INFO tempest.lib.common.rest_client [req-c5b75a07-55d5-4c9b-99a0-3b859a26a2c0 req-c5b75a07-55d5-4c9b-99a0-3b859a26a2c0 ] Request (ImagesMetadataTestJSON:test_set_image_metadata_item): 200 GET http://10.180.1.21/compute/v2.1/images/f7975e2b-cb28-4ec7-bc18-feb93fe2116e/metadata 0.436s
2024-09-11 15:16:15.163 62225 INFO tempest.lib.common.rest_client [req-3d25e7bc-085d-41ec-b022-10684b73c848 req-3d25e7bc-085d-41ec-b022-10684b73c848 ] Request (MultipleCreateTestJSON:test_multiple_create): 200 GET http://10.180.1.21/compute/v2.1/servers/06a16a75-fb35-4083-afd2-2d3b043a667b 0.456s
2024-09-11 15:16:15.217 62199 INFO tempest.lib.common.rest_client [req-1043cfa1-5672-476d-bf8d-a1d8da30700a req-1043cfa1-5672-476d-bf8d-a1d8da30700a ] Request (ServersAaction247Test:tearDownClass): 200 GET http://10.180.1.21/compute/v2.1/servers/dc414a8e-847f-4c0e-9089-4269ce5ee03a 0.446s
2024-09-11 15:16:15.262 62239 INFO tempest.lib.common.rest_client [req-b10db2b0-6b96-4d40-903b-6dee20f6fb20 req-b10db2b0-6b96-4d40-903b-6dee20f6fb20 ] Request (ServerActionsTestOtherA:setUpClass): 200 GET http://10.180.1.21/compute/v2.1/servers/f3ee940f-d1e2-4bfa-9c43-9bc596d01f84 0.446s
2024-09-11 15:16:15.309 62237 INFO tempest.lib.common.rest_client [req-ea461ef9-5d31-4fbe-98b8-1e2d1a76301d req-ea461ef9-5d31-4fbe-98b8-1e2d1a76301d ] Request (ServersWithSpecificFlavorTestJSON:test_verify_created_server_ephemeral_disk): 200 GET http://10.180.1.21/compute/v2.1/servers/e6e0ae52-6df7-4175-b482-ccfb3bdeccc3 0.491s
2024-09-11 15:16:15.339 62231 INFO tempest.lib.common.rest_client [req-d79fd707-b4db-453b-bd22-b6d8c0940783 req-d79fd707-b4db-453b-bd22-b6d8c0940783 ] Request (ServersTestJSON:test_create_server_specify_multibyte_character_name): 202 POST http://10.180.1.21/compute/v2.1/servers 0.770s
2024-09-11 15:16:15.405 62193 INFO tempest.lib.common.rest_client [req-85cab379-fb3f-4c43-afe6-18a36b5810ee req-85cab379-fb3f-4c43-afe6-18a36b5810ee ] Request (ImagesTestJSON:test_create_image_from_stopped_server): 200 GET http://10.180.1.21/compute/v2.1/servers/c755aa01-ce4e-4e1d-8f0e-4015bbf67a49 0.361s
2024-09-11 15:16:15.468 62223 INFO tempest.lib.common.rest_client [req-cc8e31c1-eb9a-423b-8844-9f70fde5d76e req-cc8e31c1-eb9a-423b-8844-9f70fde5d76e ] Request (VolumesAssistedSnapshotsTest:_run_cleanups): 404 GET http://10.180.1.21/volume/v3/0ba29d1b650647e1947e3f45f79fb94c/volumes/aff201e0-51c4-4b66-8350-62fa5c61f4bb 0.013s
2024-09-11 15:16:15.618 62216 INFO tempest.lib.common.rest_client [req-a5626d1a-585a-4011-ab70-5223a7726faf req-a5626d1a-585a-4011-ab70-5223a7726faf ] Request (ImagesMetadataTestJSON:setUp): 200 PUT http://10.180.1.21/compute/v2.1/images/f7975e2b-cb28-4ec7-bc18-feb93fe2116e/metadata 0.501s
2024-09-11 15:16:15.692 62221 INFO tempest.lib.common.rest_client [req-2fd2826e-77c9-46fd-9a4f-c9af7dc1253c req-2fd2826e-77c9-46fd-9a4f-c9af7dc1253c ] Request (ListServerFiltersTestJSON:setUpClass): 200 GET http://10.180.1.21/compute/v2.1/servers/93a8abf1-1f26-4afb-af50-720ae255781b 0.530s
2024-09-11 15:16:15.746 62203 INFO tempest.lib.common.rest_client [req-257264e4-b912-4330-b323-7ea39aed05c5 req-257264e4-b912-4330-b323-7ea39aed05c5 ] Request (ServerRescueTestJSONUnderV235:setUpClass): 200 GET http://10.180.1.21/compute/v2.1/servers/60f65f24-f889-445f-860b-8ebb36d7f20a 0.525s
2024-09-11 15:16:15.787 62235 INFO tempest.lib.common.rest_client [req-c821fc62-0b63-40a5-962d-0ac22d25a7f1 req-c821fc62-0b63-40a5-962d-0ac22d25a7f1 ] Request (ServerActionsV293TestJSON:setUpClass): 200 GET http://10.180.1.21/volume/v3/8dcc35c9168240719d41fba02138df1a/volumes/296888f9-8149-4f5b-b5dd-fd7eabed3872 0.031s
2024-09-11 15:16:15.814 62205 INFO tempest.lib.common.rest_client [req-d49992bb-2053-4254-b2b7-b53147e676af req-d49992bb-2053-4254-b2b7-b53147e676af ] Request (ServerShowV254Test:test_rebuild_server): 200 GET http://10.180.1.21/compute/v2.1/servers/91a429a3-c148-445a-b5c1-b1aea6046d65 0.555s
2024-09-11 15:16:15.831 62243 INFO tempest.lib.common.rest_client [req-98b9f903-d9bd-44c4-be2a-9c27ca4412ca req-98b9f903-d9bd-44c4-be2a-9c27ca4412ca ] Request (FloatingIPDetailsTestJSON:tearDownClass): 202 DELETE http://10.180.1.21/compute/v2.1/os-floating-ips/1dc56e3e-02e8-48ce-960c-7b35835c5592 0.892s
2024-09-11 15:16:15.878 62207 INFO tempest.lib.common.rest_client [req-19011ad3-c474-4c6f-a897-2273f4b5ac55 req-19011ad3-c474-4c6f-a897-2273f4b5ac55 ] Request (ServersTestFqdnHostnames:test_create_server_with_fqdn_name): 200 GET http://10.180.1.21/compute/v2.1/servers/e98c80eb-b43b-4d17-82f2-6097939233cf 0.602s
2024-09-11 15:16:15.900 62251 INFO tempest.lib.common.rest_client [req-50cf2b8e-d342-4a87-8039-b87f99acd94e req-50cf2b8e-d342-4a87-8039-b87f99acd94e ] Request (ServerPasswordTestJSON:setUpClass): 200 GET http://10.180.1.21/compute/v2.1/servers/db0d1eb9-8f4a-4cfe-aec1-d733d80eed8b 0.577s
2024-09-11 15:16:15.926 62201 INFO tempest.lib.common.rest_client [req-b52caa8e-458c-43d6-9a95-d8dc05821679 req-b52caa8e-458c-43d6-9a95-d8dc05821679 ] Request (AttachInterfacesTestJSON:test_create_list_show_delete_interfaces_by_fixed_ip): 200 GET http://10.180.1.21/compute/v2.1/servers/e9d8c07d-5cf4-4179-9101-bc0102b35036 0.593s
2024-09-11 15:16:15.937 62231 INFO tempest.lib.common.rest_client [req-44a9a756-4b41-45fd-be7b-47c2de01bd93 req-44a9a756-4b41-45fd-be7b-47c2de01bd93 ] Request (ServersTestJSON:test_create_server_specify_multibyte_character_name): 200 GET http://10.180.1.21/compute/v2.1/servers/eb0e3a55-7089-4ec3-9739-1bcf35be368f 0.596s
2024-09-11 15:16:15.981 62195 INFO tempest.lib.common.rest_client [req-6ec7ee7c-0f14-4dbd-b498-0129dc972a09 req-6ec7ee7c-0f14-4dbd-b498-0129dc972a09 ] Request (ListImageFiltersTestJSON:setUpClass): 200 GET http://10.180.1.21/compute/v2.1/servers/fe9f3e6d-12ed-4648-bc68-2ade5990721a 0.596s
2024-09-11 15:16:15.984 62211 INFO tempest.lib.common.rest_client [req-a6eebd4b-9a4c-4696-a575-fb32b4cbf47c req-a6eebd4b-9a4c-4696-a575-fb32b4cbf47c ] Request (VolumesAdminNegativeTest:test_update_attached_volume_with_nonexistent_volume_in_body): 200 GET http://10.180.1.21/compute/v2.1/servers/1693bf29-a9e7-4069-8c11-e33222e94a63 0.559s
2024-09-11 15:16:15.993 62211 INFO tempest.common.waiters [-] State transition "BUILD/scheduling" ==> "BUILD/None" after 31 second wait
2024-09-11 15:16:16.031 62249 INFO tempest.lib.common.rest_client [req-88f863c1-6037-421f-858c-cb55ef9d1497 req-88f863c1-6037-421f-858c-cb55ef9d1497 ] Request (ServersTestMultiNic:test_verify_duplicate_network_nics): 200 GET http://10.180.1.21/compute/v2.1/servers/da9b11b2-63db-4baa-a41e-eea08541b46f 0.558s
2024-09-11 15:16:16.040 62213 INFO tempest.lib.common.rest_client [req-a0ec13ad-0639-41e0-b61d-a4eb70784890 req-a0ec13ad-0639-41e0-b61d-a4eb70784890 ] Request (AttachInterfacesUnderV243Test:test_add_remove_fixed_ip): 200 GET http://10.180.1.21/compute/v2.1/servers/27206e3d-1be8-4d56-acee-c33242bef5fa 0.591s
2024-09-11 15:16:16.049 62223 INFO tempest.lib.common.rest_client [req-2ebb3be9-d42e-4422-87e8-06e00a1feb90 req-2ebb3be9-d42e-4422-87e8-06e00a1feb90 ] Request (VolumesAssistedSnapshotsTest:tearDownClass): 202 DELETE http://10.180.1.21/compute/v2.1/os-keypairs/tempest-keypair-604540865 0.571s
2024-09-11 15:16:16.092 62246 INFO tempest.lib.common.rest_client [req-fde3026b-2e56-4ebd-9e8f-efa0045906ee req-fde3026b-2e56-4ebd-9e8f-efa0045906ee ] Request (ServersNegativeTestMultiTenantJSON:setUpClass): 200 GET http://10.180.1.21/compute/v2.1/servers/3557636a-9e02-4089-af8f-257db557e721 0.529s
2024-09-11 15:16:16.117 62233 INFO tempest.lib.common.rest_client [req-e800e38c-c09b-45aa-ad6f-fdf392db068d req-e800e38c-c09b-45aa-ad6f-fdf392db068d ] Request (ServersAdmin275Test:tearDownClass): 200 GET http://10.180.1.21/compute/v2.1/servers/ed71a98d-5a0e-482a-8c1b-e6447a8f60a4 0.596s
2024-09-11 15:16:16.167 62209 INFO tempest.lib.common.rest_client [req-6dcb5c62-8a02-4554-bfb2-f0c06d737b3e req-6dcb5c62-8a02-4554-bfb2-f0c06d737b3e ] Request (ServerDiagnosticsNegativeTest:test_get_server_diagnostics_by_non_admin): 200 GET http://10.180.1.21/compute/v2.1/servers/663e9bfc-20ca-49ca-96ef-c9e847de9d90 0.427s
2024-09-11 15:16:16.186 62223 INFO tempest.lib.common.rest_client [req-0226da12-5dfc-441a-90e5-f1f696a4f9a7 req-0226da12-5dfc-441a-90e5-f1f696a4f9a7 ] Request (VolumesAssistedSnapshotsTest:tearDownClass): 204 DELETE http://10.180.1.21:9696/networking/v2.0/security-groups/203719b2-33b0-459e-971c-368f4a69191e 0.136s
2024-09-11 15:16:16.194 62223 INFO tempest.lib.common.rest_client [req-1f4b82a9-5607-4a55-8750-6b3f67d8c9be req-1f4b82a9-5607-4a55-8750-6b3f67d8c9be ] Request (VolumesAssistedSnapshotsTest:tearDownClass): 404 GET http://10.180.1.21:9696/networking/v2.0/security-groups/203719b2-33b0-459e-971c-368f4a69191e 0.007s
2024-09-11 15:16:16.225 62255 INFO tempest.lib.common.rest_client [req-571d736d-e392-4c47-86fa-ca93157c0c88 req-571d736d-e392-4c47-86fa-ca93157c0c88 ] Request (ServerAddressesNegativeTestJSON:setUpClass): 200 GET http://10.180.1.21/compute/v2.1/servers/e1b87405-1795-4825-8d6d-dc3e2dc1235c 0.422s
2024-09-11 15:16:16.313 62216 INFO tempest.lib.common.rest_client [req-e3c8faba-8d1c-4735-be7f-d5e8723d134f req-e3c8faba-8d1c-4735-be7f-d5e8723d134f ] Request (ImagesMetadataTestJSON:test_update_image_metadata): 200 POST http://10.180.1.21/compute/v2.1/images/f7975e2b-cb28-4ec7-bc18-feb93fe2116e/metadata 0.694s
2024-09-11 15:16:16.360 62253 INFO tempest.lib.common.rest_client [req-6dc1b3bd-4c91-4e76-94b6-796329ec16a6 req-6dc1b3bd-4c91-4e76-94b6-796329ec16a6 ] Request (FloatingIPsAssociationTestJSON:setUpClass): 200 GET http://10.180.1.21/compute/v2.1/servers/54e37cb8-54e4-4881-9d7d-3c280791d20b 0.496s
2024-09-11 15:16:16.415 62241 INFO tempest.lib.common.rest_client [req-aa3c2a7e-f91d-4a14-9c67-915fae79e0e8 req-aa3c2a7e-f91d-4a14-9c67-915fae79e0e8 ] Request (DeleteServersTestJSON:test_delete_active_server): 200 GET http://10.180.1.21/compute/v2.1/servers/c7f633d2-f2cd-4cef-a246-af736f420128 0.504s
2024-09-11 15:16:16.495 62219 INFO tempest.lib.common.rest_client [req-3541ed71-3556-40ad-91f1-e7eb9d5888eb req-3541ed71-3556-40ad-91f1-e7eb9d5888eb ] Request (ServersTestBootFromVolume:setUpClass): 200 GET http://10.180.1.21/compute/v2.1/servers/f8612d1d-45b0-4235-83f6-203c74bcefbd 0.537s
2024-09-11 15:16:16.546 62197 INFO tempest.lib.common.rest_client [req-30279e0a-c628-446d-bbef-a8d23ab2ed09 req-30279e0a-c628-446d-bbef-a8d23ab2ed09 ] Request (AttachVolumeTestJSON:test_list_get_volume_attachments): 200 GET http://10.180.1.21/compute/v2.1/servers/c193464f-18e2-4a7c-8a66-b3c3ed8a08f4 0.543s
2024-09-11 15:16:16.547 62223 INFO tempest.lib.common.rest_client [req-15d1e10c-1dfd-4e5b-94d2-30df5211126a req-15d1e10c-1dfd-4e5b-94d2-30df5211126a ] Request (VolumesAssistedSnapshotsTest:tearDownClass): 204 DELETE http://10.180.1.21:9696/networking/v2.0/floatingips/c9358c5a-2016-40c0-a0e2-3361030e43ce 0.352s
2024-09-11 15:16:16.563 62223 INFO tempest.lib.common.rest_client [req-46696894-53aa-43fd-a8aa-147aba954c6f req-46696894-53aa-43fd-a8aa-147aba954c6f ] Request (VolumesAssistedSnapshotsTest:tearDownClass): 404 DELETE http://10.180.1.21/volume/v3/0ba29d1b650647e1947e3f45f79fb94c/volumes/aff201e0-51c4-4b66-8350-62fa5c61f4bb 0.015s
2024-09-11 15:16:16.576 62223 INFO tempest.lib.common.rest_client [req-8fdbca02-5e00-461e-86bb-b9e63b20599b req-8fdbca02-5e00-461e-86bb-b9e63b20599b ] Request (VolumesAssistedSnapshotsTest:tearDownClass): 404 GET http://10.180.1.21/volume/v3/0ba29d1b650647e1947e3f45f79fb94c/volumes/aff201e0-51c4-4b66-8350-62fa5c61f4bb 0.012s
2024-09-11 15:16:16.588 62230 INFO tempest.lib.common.rest_client [req-208aaebb-c5b9-4588-9466-8383a255b507 req-208aaebb-c5b9-4588-9466-8383a255b507 ] Request (ServerRescueNegativeTestJSON:setUpClass): 200 GET http://10.180.1.21/compute/v2.1/servers/d29718dd-98af-424c-9812-4fa919354c18 0.583s
2024-09-11 15:16:16.634 62217 INFO tempest.lib.common.rest_client [req-7e7b8851-6c37-48c8-be05-10f226e5b730 req-7e7b8851-6c37-48c8-be05-10f226e5b730 ] Request (ServerActionsTestOtherB:setUpClass): 200 GET http://10.180.1.21/compute/v2.1/servers/b64d1761-21d3-4b71-b339-c8aa0291a35e 0.584s
