2024-12-12 08:11:08.506 66367 INFO tempest.lib.common.rest_client [req-a7c5d600-ddc9-42ad-93f8-e64cdcd3c698 req-a7c5d600-ddc9-42ad-93f8-e64cdcd3c698 ] Request (QuotaClassesAdmin257Test:setUpClass): 201 POST http://10.180.1.21/identity/v3/auth/tokens 0.169s
2024-12-12 08:11:08.555 66361 INFO tempest.lib.common.rest_client [req-6c113d11-547d-43c9-b428-7733a4d14a5a req-6c113d11-547d-43c9-b428-7733a4d14a5a ] Request (HypervisorAdminUnderV252Test:tearDownClass): 204 DELETE http://10.180.1.21/identity/v3/users/092eca1d6ab347f09cdf0a4fd3444721 0.175s
2024-12-12 08:11:08.556 66361 INFO tempest.lib.common.dynamic_creds [-] Deleting project and security group for project: ce4db282e0154dda8460d1afe7344881
2024-12-12 08:11:08.563 66395 INFO tempest.lib.common.rest_client [req-dafad91a-0a34-4f00-9a64-d3ad1fd74404 req-dafad91a-0a34-4f00-9a64-d3ad1fd74404 ] Request (QuotasAdminTestV236:test_get_updated_quotas): 200 PUT http://10.180.1.21/compute/v2.1/os-quota-sets/6a00d264b2154939a01529a303143af8?user_id=207aec8f0a144ee087d8d7eff2846c78 1.647s
2024-12-12 08:11:08.584 66375 INFO tempest.lib.common.rest_client [req-43c76077-3a44-4a8a-a6f4-4e98d788bf1f req-43c76077-3a44-4a8a-a6f4-4e98d788bf1f ] Request (NetworksTest:tearDownClass): 204 DELETE http://10.180.1.21/identity/v3/projects/77b7dfb435ac4bbf94896a42b1321554 0.165s
2024-12-12 08:11:08.611 66349 INFO tempest.lib.common.rest_client [req-4a081610-acb5-4e71-aef8-00058c8b2741 req-4a081610-acb5-4e71-aef8-00058c8b2741 ] Request (HypervisorAdminV253TestBase:setUpClass): 204 PUT http://10.180.1.21/identity/v3/projects/855e932b35204eddb812fee4a0edc4df/users/da931c0b5ab2492a8a61bf69318d3201/roles/1e60793d0a2a439ab760e7bede9bb722 0.170s
2024-12-12 08:11:08.667 66361 INFO tempest.lib.common.rest_client [req-e17cb12d-fcda-4b36-94e8-b1148c90f012 req-e17cb12d-fcda-4b36-94e8-b1148c90f012 ] Request (HypervisorAdminUnderV252Test:tearDownClass): 201 POST http://10.180.1.21/identity/v3/auth/tokens 0.111s
2024-12-12 08:11:08.689 66375 INFO tempest.lib.common.rest_client [req-8733558e-8c2b-4fc3-af0e-7ad3e62e98a4 req-8733558e-8c2b-4fc3-af0e-7ad3e62e98a4 ] Request (DeleteServersTestJSON:setUpClass): 201 POST http://10.180.1.21/identity/v3/auth/tokens 0.103s
2024-12-12 08:11:08.706 66349 INFO tempest.lib.common.rest_client [req-1666a849-7768-4c1f-8f3c-b56416c2f233 req-1666a849-7768-4c1f-8f3c-b56416c2f233 ] Request (HypervisorAdminV253TestBase:setUpClass): 200 GET http://10.180.1.21/identity/v3/roles 0.094s
2024-12-12 08:11:08.745 66375 INFO tempest.lib.common.rest_client [req-b9a98263-180c-4abd-8736-66b5296cc052 req-b9a98263-180c-4abd-8736-66b5296cc052 ] Request (DeleteServersTestJSON:setUpClass): 201 POST http://10.180.1.21/identity/v3/auth/tokens 0.053s
2024-12-12 08:11:08.753 66339 INFO tempest.lib.common.rest_client [req-c213c92a-2434-4981-bff1-8cf39a7db481 req-c213c92a-2434-4981-bff1-8cf39a7db481 ] Request (FlavorsAccessNegativeTestJSON:_run_cleanups): 200 POST http://10.180.1.21/compute/v2.1/flavors/717326729/action 1.741s
2024-12-12 08:11:08.764 66349 INFO tempest.lib.common.rest_client [req-37f2a16a-1ff8-4e4f-bff1-b6e0573b8445 req-37f2a16a-1ff8-4e4f-bff1-b6e0573b8445 ] Request (HypervisorAdminV253TestBase:setUpClass): 204 PUT http://10.180.1.21/identity/v3/projects/855e932b35204eddb812fee4a0edc4df/users/da931c0b5ab2492a8a61bf69318d3201/roles/1e60793d0a2a439ab760e7bede9bb722 0.058s
2024-12-12 08:11:08.764 66349 INFO tempest.lib.common.dynamic_creds [-] Dynamic test user da931c0b5ab2492a8a61bf69318d3201 is created with scope project and roles: ['admin']
2024-12-12 08:11:08.764 66349 INFO tempest.lib.common.dynamic_creds [-] Acquired dynamic creds: credentials: Credentials: {'domain_id': 'default', 'domain_name': 'Default', 'username': 'tempest-HypervisorAdminV253TestBase-329452286-project-admin', 'project_domain_id': 'default', 'project_domain_name': 'Default', 'project_id': '855e932b35204eddb812fee4a0edc4df', 'project_name': 'tempest-HypervisorAdminV253TestBase-329452286', 'tenant_id': '855e932b35204eddb812fee4a0edc4df', 'tenant_name': 'tempest-HypervisorAdminV253TestBase-329452286', 'user_domain_id': 'default', 'user_domain_name': 'Default', 'user_id': 'da931c0b5ab2492a8a61bf69318d3201', 'system': None}, Network: None, Subnet: None, Router: None
2024-12-12 08:11:08.764 66349 INFO tempest.lib.common.dynamic_creds [-] Created isolated network resources for: credentials: Credentials: {'domain_id': 'default', 'domain_name': 'Default', 'username': 'tempest-HypervisorAdminV253TestBase-329452286-project-admin', 'project_domain_id': 'default', 'project_domain_name': 'Default', 'project_id': '855e932b35204eddb812fee4a0edc4df', 'project_name': 'tempest-HypervisorAdminV253TestBase-329452286', 'tenant_id': '855e932b35204eddb812fee4a0edc4df', 'tenant_name': 'tempest-HypervisorAdminV253TestBase-329452286', 'user_domain_id': 'default', 'user_domain_name': 'Default', 'user_id': 'da931c0b5ab2492a8a61bf69318d3201', 'system': None}, Network: None, Subnet: None, Router: None
2024-12-12 08:11:08.817 66375 INFO tempest.lib.common.rest_client [req-9d3658c1-2835-4f4d-ab3e-7fcb1e88e659 req-9d3658c1-2835-4f4d-ab3e-7fcb1e88e659 ] Request (DeleteServersTestJSON:setUpClass): 200 GET http://10.180.1.21/identity/v3/domains?name=Default 0.072s
2024-12-12 08:11:08.822 66389 INFO tempest.lib.common.rest_client [req-61c446e8-eaba-45d7-ab78-e720b2642a1a req-61c446e8-eaba-45d7-ab78-e720b2642a1a ] Request (ServerDiagnosticsTest:test_get_server_diagnostics): 200 GET http://10.180.1.21/compute/v2.1/servers/1118c1e5-1aa8-4f52-9fb9-e86531bf83d1 1.646s
2024-12-12 08:11:08.827 66387 INFO tempest.lib.common.rest_client [req-75a034f1-82bd-4f74-aa34-1255cc38d11d req-75a034f1-82bd-4f74-aa34-1255cc38d11d ] Request (DeleteServersAdminTestJSON:test_admin_delete_servers_of_others): 200 GET http://10.180.1.21/compute/v2.1/servers/f6e29557-05ad-4a11-bd01-0315926c0413 1.805s
2024-12-12 08:11:08.870 66349 INFO tempest.lib.common.rest_client [req-833046aa-2248-49f2-bea1-b71ae4f14ea2 req-833046aa-2248-49f2-bea1-b71ae4f14ea2 ] Request (HypervisorAdminV253TestBase:setUpClass): 201 POST http://10.180.1.21/identity/v3/auth/tokens 0.100s
2024-12-12 08:11:08.873 66399 INFO tempest.lib.common.rest_client [req-ecf528d1-9051-49f0-94a3-3e39eb884826 req-ecf528d1-9051-49f0-94a3-3e39eb884826 ] Request (VolumesAdminNegativeTest:setUpClass): 200 PUT http://10.180.1.21:9696/networking/v2.0/routers/d34d81e6-aa97-4352-8ffe-ebc57a11be7e/add_router_interface 1.163s
2024-12-12 08:11:08.873 66375 INFO tempest.lib.common.rest_client [req-ade0420f-a8b8-42ef-aa60-05b5a01abacc req-ade0420f-a8b8-42ef-aa60-05b5a01abacc ] Request (DeleteServersTestJSON:setUpClass): 201 POST http://10.180.1.21/identity/v3/projects 0.054s
2024-12-12 08:11:08.873 66399 INFO tempest.lib.common.dynamic_creds [-] Created isolated network resources for: credentials: Credentials: {'domain_id': 'default', 'domain_name': 'Default', 'username': 'tempest-VolumesAdminNegativeTest-694306887-project-member', 'project_domain_id': 'default', 'project_domain_name': 'Default', 'project_id': '92b737895c7c42f78fbc5d0fff165dc8', 'project_name': 'tempest-VolumesAdminNegativeTest-694306887', 'tenant_id': '92b737895c7c42f78fbc5d0fff165dc8', 'tenant_name': 'tempest-VolumesAdminNegativeTest-694306887', 'user_domain_id': 'default', 'user_domain_name': 'Default', 'user_id': '8dc0b2589af74b5f9602732295e8e228', 'system': None}, Network: {'id': '58441f17-708d-4a4c-9e78-8a8d403416ae', 'name': 'tempest-VolumesAdminNegativeTest-132258554-network', 'tenant_id': '92b737895c7c42f78fbc5d0fff165dc8', 'admin_state_up': True, 'mtu': 8950, 'status': 'ACTIVE', 'subnets': [], 'shared': False, 'project_id': '92b737895c7c42f78fbc5d0fff165dc8', 'port_security_enabled': True, 'router:external': False, 'provider:network_type': 'vlan', 'provider:physical_network': 'default', 'provider:segmentation_id': 458, 'availability_zone_hints': [], 'availability_zones': [], 'ipv4_address_scope': None, 'ipv6_address_scope': None, 'description': '', 'tags': [], 'created_at': '2024-12-12T08:11:04Z', 'updated_at': '2024-12-12T08:11:04Z', 'revision_number': 1}, Subnet: {'id': '63118861-e2ca-4f4f-8abf-e7056254a59e', 'name': 'tempest-VolumesAdminNegativeTest-132258554-subnet', 'tenant_id': '92b737895c7c42f78fbc5d0fff165dc8', 'network_id': '58441f17-708d-4a4c-9e78-8a8d403416ae', 'ip_version': 4, 'subnetpool_id': None, 'enable_dhcp': True, 'ipv6_ra_mode': None, 'ipv6_address_mode': None, 'gateway_ip': '192.168.128.1', 'cidr': '192.168.128.0/28', 'allocation_pools': [{'start': '192.168.128.2', 'end': '192.168.128.14'}], 'host_routes': [], 'dns_nameservers': [], 'description': '', 'router:external': False, 'service_types': [], 'tags': [], 'created_at': '2024-12-12T08:11:04Z', 'updated_at': '2024-12-12T08:11:04Z', 'revision_number': 0, 'project_id': '92b737895c7c42f78fbc5d0fff165dc8'}, Router: {'id': 'd34d81e6-aa97-4352-8ffe-ebc57a11be7e', 'name': 'tempest-VolumesAdminNegativeTest-132258554-router', 'tenant_id': '92b737895c7c42f78fbc5d0fff165dc8', 'admin_state_up': True, 'status': 'ACTIVE', 'external_gateway_info': {'network_id': '5e24d1d5-4fae-4412-9b4d-c4fcd7f9595f', 'external_fixed_ips': [{'subnet_id': '9e21d8dc-64ce-4d5e-9a44-47b59035fb96', 'ip_address': '10.180.180.227'}], 'enable_snat': True}, 'description': '', 'availability_zones': [], 'distributed': False, 'ha': False, 'availability_zone_hints': [], 'routes': [], 'flavor_id': None, 'tags': [], 'created_at': '2024-12-12T08:11:05Z', 'updated_at': '2024-12-12T08:11:06Z', 'revision_number': 2, 'project_id': '92b737895c7c42f78fbc5d0fff165dc8'}
2024-12-12 08:11:08.909 66351 INFO tempest.lib.common.rest_client [req-c4618018-4a91-4fe9-93ef-a9d0a459f2aa req-c4618018-4a91-4fe9-93ef-a9d0a459f2aa ] Request (ServerActionsTestOtherA:setUpClass): 200 GET http://10.180.1.21/compute/v2.1/servers/11d4a010-959f-4f53-94dc-7499007612ad 1.245s
2024-12-12 08:11:08.938 66365 INFO tempest.lib.common.rest_client [req-aeffee52-f951-4d5d-8157-8609d3b1164f req-aeffee52-f951-4d5d-8157-8609d3b1164f ] Request (VolumesAssistedSnapshotsTest:setUpClass): 201 POST http://10.180.1.21:9696/networking/v2.0/routers 1.005s
2024-12-12 08:11:08.966 66375 INFO tempest.lib.common.rest_client [req-d899f4a8-8912-4681-970d-eb5c03237c41 req-d899f4a8-8912-4681-970d-eb5c03237c41 ] Request (DeleteServersTestJSON:setUpClass): 201 POST http://10.180.1.21/identity/v3/users 0.093s
2024-12-12 08:11:09.023 66361 INFO tempest.lib.common.rest_client [req-e130042a-5828-420d-92fa-6197478a95dd req-e130042a-5828-420d-92fa-6197478a95dd ] Request (HypervisorAdminUnderV252Test:tearDownClass): 200 GET http://10.180.1.21:9696/networking/v2.0/security-groups?tenant_id=ce4db282e0154dda8460d1afe7344881&name=default 0.355s
2024-12-12 08:11:09.039 66399 INFO tempest.lib.common.rest_client [req-bcb2d08b-cc8d-41f1-a33c-d368f59c04f3 req-bcb2d08b-cc8d-41f1-a33c-d368f59c04f3 ] Request (VolumesAdminNegativeTest:setUpClass): 201 POST http://10.180.1.21/identity/v3/auth/tokens 0.160s
2024-12-12 08:11:09.074 66375 INFO tempest.lib.common.rest_client [req-01de2bd9-464b-411a-a103-492819b7e205 req-01de2bd9-464b-411a-a103-492819b7e205 ] Request (DeleteServersTestJSON:setUpClass): 200 GET http://10.180.1.21/identity/v3/roles 0.107s
2024-12-12 08:11:09.082 66359 INFO tempest.lib.common.rest_client [req-588567d6-41a8-4811-937a-6c00058d8515 req-588567d6-41a8-4811-937a-6c00058d8515 ] Request (ServersWithSpecificFlavorTestJSON:test_verify_created_server_ephemeral_disk): 200 POST http://10.180.1.21/compute/v2.1/flavors 1.631s
2024-12-12 08:11:09.116 66399 INFO tempest.lib.common.rest_client [req-acf8c441-b618-4640-96f9-830a7abb6a8d req-acf8c441-b618-4640-96f9-830a7abb6a8d ] Request (VolumesAdminNegativeTest:setUpClass): 201 POST http://10.180.1.21/identity/v3/projects 0.075s
2024-12-12 08:11:09.180 66375 INFO tempest.lib.common.rest_client [req-c33cb9a3-a568-4216-be7d-877bde13a017 req-c33cb9a3-a568-4216-be7d-877bde13a017 ] Request (DeleteServersTestJSON:setUpClass): 204 PUT http://10.180.1.21/identity/v3/projects/683d60927fdf424386ffcfaa344a7af6/users/b04fa80750184b97a16ec1880e0a585c/roles/b5ab3d46236945eb9c84cd8314b81899 0.104s
2024-12-12 08:11:09.180 66375 INFO tempest.lib.common.dynamic_creds [-] Dynamic test user b04fa80750184b97a16ec1880e0a585c is created with scope project and roles: ['member']
2024-12-12 08:11:09.180 66375 INFO tempest.lib.common.dynamic_creds [-] Acquired dynamic creds: credentials: Credentials: {'domain_id': 'default', 'domain_name': 'Default', 'username': 'tempest-DeleteServersTestJSON-1737011426-project-member', 'project_domain_id': 'default', 'project_domain_name': 'Default', 'project_id': '683d60927fdf424386ffcfaa344a7af6', 'project_name': 'tempest-DeleteServersTestJSON-1737011426', 'tenant_id': '683d60927fdf424386ffcfaa344a7af6', 'tenant_name': 'tempest-DeleteServersTestJSON-1737011426', 'user_domain_id': 'default', 'user_domain_name': 'Default', 'user_id': 'b04fa80750184b97a16ec1880e0a585c', 'system': None}, Network: None, Subnet: None, Router: None
2024-12-12 08:11:09.207 66399 INFO tempest.lib.common.rest_client [req-0d0856a5-407e-424e-82ca-2fcc193f6db5 req-0d0856a5-407e-424e-82ca-2fcc193f6db5 ] Request (VolumesAdminNegativeTest:setUpClass): 201 POST http://10.180.1.21/identity/v3/users 0.090s
2024-12-12 08:11:09.243 66375 INFO tempest.lib.common.rest_client [req-081cd66e-1483-47b9-9020-ed84ec3a047f req-081cd66e-1483-47b9-9020-ed84ec3a047f ] Request (DeleteServersTestJSON:setUpClass): 201 POST http://10.180.1.21/identity/v3/auth/tokens 0.063s
2024-12-12 08:11:09.254 66399 INFO tempest.lib.common.rest_client [req-2eb93dfb-5bc7-4305-8093-a1f61fe546f3 req-2eb93dfb-5bc7-4305-8093-a1f61fe546f3 ] Request (VolumesAdminNegativeTest:setUpClass): 200 GET http://10.180.1.21/identity/v3/roles 0.047s
2024-12-12 08:11:09.287 66399 INFO tempest.lib.common.rest_client [req-e9a002a7-e935-4665-a330-f68d43810ba9 req-e9a002a7-e935-4665-a330-f68d43810ba9 ] Request (VolumesAdminNegativeTest:setUpClass): 204 PUT http://10.180.1.21/identity/v3/projects/21f0dc442b234b65bed667774411d310/users/7688de8fca3f41b487cbca0c3178bc08/roles/1e60793d0a2a439ab760e7bede9bb722 0.032s
2024-12-12 08:11:09.349 66399 INFO tempest.lib.common.rest_client [req-df571d0d-773b-43a7-9149-0db1b8d3b40a req-df571d0d-773b-43a7-9149-0db1b8d3b40a ] Request (VolumesAdminNegativeTest:setUpClass): 200 GET http://10.180.1.21/identity/v3/roles 0.061s
2024-12-12 08:11:09.370 66399 INFO tempest.lib.common.rest_client [req-f6522b3f-0cdc-4816-a1cc-ff3f7c3a3362 req-f6522b3f-0cdc-4816-a1cc-ff3f7c3a3362 ] Request (VolumesAdminNegativeTest:setUpClass): 204 PUT http://10.180.1.21/identity/v3/projects/21f0dc442b234b65bed667774411d310/users/7688de8fca3f41b487cbca0c3178bc08/roles/1e60793d0a2a439ab760e7bede9bb722 0.021s
2024-12-12 08:11:09.370 66399 INFO tempest.lib.common.dynamic_creds [-] Dynamic test user 7688de8fca3f41b487cbca0c3178bc08 is created with scope project and roles: ['admin']
2024-12-12 08:11:09.371 66399 INFO tempest.lib.common.dynamic_creds [-] Acquired dynamic creds: credentials: Credentials: {'domain_id': 'default', 'domain_name': 'Default', 'username': 'tempest-VolumesAdminNegativeTest-1228957401-project-admin', 'project_domain_id': 'default', 'project_domain_name': 'Default', 'project_id': '21f0dc442b234b65bed667774411d310', 'project_name': 'tempest-VolumesAdminNegativeTest-1228957401', 'tenant_id': '21f0dc442b234b65bed667774411d310', 'tenant_name': 'tempest-VolumesAdminNegativeTest-1228957401', 'user_domain_id': 'default', 'user_domain_name': 'Default', 'user_id': '7688de8fca3f41b487cbca0c3178bc08', 'system': None}, Network: None, Subnet: None, Router: None
2024-12-12 08:11:09.445 66361 INFO tempest.lib.common.rest_client [req-cdec97f7-7cb7-4f6d-9bf2-b2bad78121ba req-cdec97f7-7cb7-4f6d-9bf2-b2bad78121ba ] Request (HypervisorAdminUnderV252Test:tearDownClass): 204 DELETE http://10.180.1.21:9696/networking/v2.0/security-groups/9f351432-3212-42ef-ab0a-55af679d80e3 0.422s
2024-12-12 08:11:09.541 66379 INFO tempest.lib.common.rest_client [req-ab42a639-2118-4df7-b1ab-892f86a85ece req-ab42a639-2118-4df7-b1ab-892f86a85ece ] Request (ImagesTestJSON:test_create_image_from_stopped_server): 200 GET http://10.180.1.21/compute/v2.1/servers/8b178cc0-db79-4ec2-8962-f31b936f8eff 1.693s
2024-12-12 08:11:09.552 66379 INFO tempest.common.waiters [-] State transition "BUILD/networking" ==> "BUILD/spawning" after 5 second wait
2024-12-12 08:11:09.572 66343 INFO tempest.lib.common.rest_client [req-65ba2333-4fc6-49e0-920f-7a0f4dcbc135 req-65ba2333-4fc6-49e0-920f-7a0f4dcbc135 ] Request (FlavorsExtraSpecsTestJSON:test_flavor_non_admin_get_all_keys): 200 POST http://10.180.1.21/compute/v2.1/flavors/388330314/os-extra_specs 1.653s
2024-12-12 08:11:09.574 66361 INFO tempest.lib.common.rest_client [req-6dca862d-967e-48ec-8ed6-a07864847105 req-6dca862d-967e-48ec-8ed6-a07864847105 ] Request (HypervisorAdminUnderV252Test:tearDownClass): 204 DELETE http://10.180.1.21/identity/v3/projects/ce4db282e0154dda8460d1afe7344881 0.128s
2024-12-12 08:11:09.574 66361 INFO tempest.lib.common.dynamic_creds [-] Deleting project and security group for project: 87ceb4b6b37c4eb9a773ccbdfabdfafb
2024-12-12 08:11:09.590 66363 INFO tempest.lib.common.rest_client [req-1f5861e4-5c87-480f-98ca-bbcde77012c9 req-1f5861e4-5c87-480f-98ca-bbcde77012c9 ] Request (HostsAdminNegativeTestJSON:test_reboot_nonexistent_host): 404 GET http://10.180.1.21/compute/v2.1/os-hosts/nonexistent_hostname/reboot 1.659s
2024-12-12 08:11:09.829 66345 INFO tempest.lib.common.rest_client [req-8b1b898d-5b5b-4ba1-928c-90c0f481a6f7 req-8b1b898d-5b5b-4ba1-928c-90c0f481a6f7 ] Request (MigrationsAdminTest:test_list_migrations_in_flavor_resize_situation): 200 GET http://10.180.1.21/compute/v2.1/servers/fe350d30-6fbd-4813-9634-ed05984fecfd 1.803s
2024-12-12 08:11:09.846 66361 INFO tempest.lib.common.rest_client [req-3fdcb67f-7fcd-446d-930b-c83b69e5df68 req-3fdcb67f-7fcd-446d-930b-c83b69e5df68 ] Request (HypervisorAdminUnderV252Test:tearDownClass): 200 GET http://10.180.1.21:9696/networking/v2.0/security-groups?tenant_id=87ceb4b6b37c4eb9a773ccbdfabdfafb&name=default 0.271s
2024-12-12 08:11:09.862 66373 INFO tempest.lib.common.rest_client [req-10201867-dd04-49a2-8338-c967f5334cb8 req-10201867-dd04-49a2-8338-c967f5334cb8 ] Request (FlavorsV261TestJSON:test_crud_flavor): 200 GET http://10.180.1.21/compute/v2.1/flavors/detail 1.796s
2024-12-12 08:11:09.884 66401 INFO tempest.lib.common.rest_client [req-0f0e68dd-2aa4-4309-84c5-3072ca2b5eec req-0f0e68dd-2aa4-4309-84c5-3072ca2b5eec ] Request (ServersAdminTestJSON:setUpClass): 202 POST http://10.180.1.21/compute/v2.1/servers 2.198s
2024-12-12 08:11:09.912 66375 INFO tempest.lib.common.rest_client [req-299f4537-7b35-465b-965f-3b1f5e6d046a req-299f4537-7b35-465b-965f-3b1f5e6d046a ] Request (DeleteServersTestJSON:setUpClass): 201 POST http://10.180.1.21:9696/networking/v2.0/networks 0.668s
2024-12-12 08:11:09.916 66399 INFO tempest.lib.common.rest_client [req-a9e354dd-f920-406f-ac0a-323b2e9b3174 req-a9e354dd-f920-406f-ac0a-323b2e9b3174 ] Request (VolumesAdminNegativeTest:setUpClass): 201 POST http://10.180.1.21:9696/networking/v2.0/networks 0.545s
2024-12-12 08:11:09.916 66353 INFO tempest.lib.common.rest_client [req-a979c3f6-1cfe-4fd8-a971-fae4d5dea14e req-a979c3f6-1cfe-4fd8-a971-fae4d5dea14e ] Request (KeyPairsV2TestJSON:test_keypair_create_delete): 200 POST http://10.180.1.21/compute/v2.1/os-keypairs 1.826s
2024-12-12 08:11:09.985 66397 INFO tempest.lib.common.rest_client [req-137632f6-0995-46a2-babb-929e9d065977 req-137632f6-0995-46a2-babb-929e9d065977 ] Request (AggregatesAdminNegativeTestJSON:test_aggregate_add_existent_host): 409 POST http://10.180.1.21/compute/v2.1/os-aggregates/1/action 1.822s
2024-12-12 08:11:09.986 66401 INFO tempest.lib.common.rest_client [req-7cd0d285-d6b5-403a-bfc0-f91e6527cf19 req-7cd0d285-d6b5-403a-bfc0-f91e6527cf19 ] Request (ServersAdminTestJSON:setUpClass): 201 POST http://10.180.1.21/identity/v3/auth/tokens 0.095s
2024-12-12 08:11:09.986 66401 INFO tempest.lib.common.fixed_network [-] (ServersAdminTestJSON:setUpClass) Found network {'id': 'f59f09e8-6201-4c07-9809-ef4c213de15f', 'name': 'tempest-ServersAdminTestJSON-906781315-network', 'tenant_id': '555fa612766f4b5fa173664ca3fa496c', 'admin_state_up': True, 'mtu': 8950, 'status': 'ACTIVE', 'subnets': [], 'shared': False, 'project_id': '555fa612766f4b5fa173664ca3fa496c', 'port_security_enabled': True, 'router:external': False, 'provider:network_type': 'vlan', 'provider:physical_network': 'default', 'provider:segmentation_id': 72, 'availability_zone_hints': [], 'availability_zones': [], 'ipv4_address_scope': None, 'ipv6_address_scope': None, 'description': '', 'tags': [], 'created_at': '2024-12-12T08:10:56Z', 'updated_at': '2024-12-12T08:10:56Z', 'revision_number': 1} available for tenant
2024-12-12 08:11:10.012 66393 INFO tempest.lib.common.rest_client [req-913d061a-f733-4bcb-a4e8-3e185643f82f req-913d061a-f733-4bcb-a4e8-3e185643f82f ] Request (FlavorsV255TestJSON:_run_cleanups): 202 DELETE http://10.180.1.21/compute/v2.1/flavors/739840615 1.811s
2024-12-12 08:11:10.037 66347 INFO tempest.lib.common.rest_client [req-1017ed43-ad66-4594-9414-693b2101237b req-1017ed43-ad66-4594-9414-693b2101237b ] Request (ImagesMetadataNegativeTestJSON:test_set_nonexistent_image_metadata): 404 PUT http://10.180.1.21/compute/v2.1/images/344ae575-bc4e-4d49-8bee-0a157686967b/metadata 1.818s
2024-12-12 08:11:10.042 66341 INFO tempest.lib.common.rest_client [req-15228019-1c7b-4ebc-a193-6796c15a0d97 req-15228019-1c7b-4ebc-a193-6796c15a0d97 ] Request (HypervisorAdminNegativeUnderV252Test:test_show_servers_with_non_admin_user): 403 GET http://10.180.1.21/compute/v2.1/os-hypervisors/1/servers 1.798s
2024-12-12 08:11:10.068 66371 INFO tempest.lib.common.rest_client [req-3206c701-5666-4794-bca5-226bfc345c13 req-3206c701-5666-4794-bca5-226bfc345c13 ] Request (FlavorsAdminTestJSON:test_create_flavor_verify_entry_in_list_details): 200 GET http://10.180.1.21/compute/v2.1/flavors/detail 1.777s
2024-12-12 08:11:10.094 66381 INFO tempest.lib.common.rest_client [req-a89eefd6-1c8f-4571-979a-15abf906ba09 req-a89eefd6-1c8f-4571-979a-15abf906ba09 ] Request (FlavorsAccessTestJSON:test_flavor_access_add_remove): 200 GET http://10.180.1.21/compute/v2.1/flavors/detail 1.764s
2024-12-12 08:11:10.107 66361 INFO tempest.lib.common.rest_client [req-8b57db5c-4af8-4c30-9c20-55d18791ca22 req-8b57db5c-4af8-4c30-9c20-55d18791ca22 ] Request (HypervisorAdminUnderV252Test:tearDownClass): 204 DELETE http://10.180.1.21:9696/networking/v2.0/security-groups/427f58cf-ec9e-4470-a349-ccb97ca8c101 0.261s
2024-12-12 08:11:10.120 66355 INFO tempest.lib.common.rest_client [req-ea785ef7-badf-4ef2-a0c6-b6d01d6413ee req-ea785ef7-badf-4ef2-a0c6-b6d01d6413ee ] Request (ServerDiagnosticsNegativeTest:test_get_server_diagnostics_by_non_admin): 200 GET http://10.180.1.21/compute/v2.1/servers/c616d8ec-f28a-4430-a336-1ea4790fd511 1.997s
2024-12-12 08:11:10.130 66355 INFO tempest.common.waiters [-] State transition "BUILD/None" ==> "BUILD/spawning" after 6 second wait
2024-12-12 08:11:10.168 66383 INFO tempest.lib.common.rest_client [req-97639f90-8143-419e-a5b3-18795d4485cc req-97639f90-8143-419e-a5b3-18795d4485cc ] Request (ServersV294TestFqdnHostnames:setUpClass): 200 GET http://10.180.1.21/compute/v2.1/servers/2b391628-18a2-4606-8c59-58ba642cee50 1.652s
2024-12-12 08:11:10.240 66339 INFO tempest.lib.common.rest_client [req-40b4d7e6-556b-4eec-9f3f-ec7d5ad00ea2 req-40b4d7e6-556b-4eec-9f3f-ec7d5ad00ea2 ] Request (FlavorsAccessNegativeTestJSON:_run_cleanups): 202 DELETE http://10.180.1.21/compute/v2.1/flavors/717326729 1.486s
2024-12-12 08:11:10.252 66361 INFO tempest.lib.common.rest_client [req-6eeb275f-9061-4ff4-9554-b945b33e01a7 req-6eeb275f-9061-4ff4-9554-b945b33e01a7 ] Request (HypervisorAdminUnderV252Test:tearDownClass): 204 DELETE http://10.180.1.21/identity/v3/projects/87ceb4b6b37c4eb9a773ccbdfabdfafb 0.145s
2024-12-12 08:11:10.254 66361 INFO tempest.test [-] raised in LiveMigrationNegativeTest.setUpClass. Invoking tearDownClass.
2024-12-12 08:11:10.293 66375 INFO tempest.lib.common.rest_client [req-18239862-24cc-444c-8526-9a2340cd3a8d req-18239862-24cc-444c-8526-9a2340cd3a8d ] Request (DeleteServersTestJSON:setUpClass): 201 POST http://10.180.1.21:9696/networking/v2.0/subnets 0.380s
2024-12-12 08:11:10.312 66399 INFO tempest.lib.common.rest_client [req-912f7ce1-cd24-45b3-b951-e4b858c9e890 req-912f7ce1-cd24-45b3-b951-e4b858c9e890 ] Request (VolumesAdminNegativeTest:setUpClass): 201 POST http://10.180.1.21:9696/networking/v2.0/subnets 0.396s
2024-12-12 08:11:10.319 66395 INFO tempest.lib.common.rest_client [req-6031bb29-1aa5-47fb-8188-899a4f826d5e req-6031bb29-1aa5-47fb-8188-899a4f826d5e ] Request (QuotasAdminTestV236:test_get_updated_quotas): 200 GET http://10.180.1.21/compute/v2.1/os-quota-sets/6a00d264b2154939a01529a303143af8?user_id=207aec8f0a144ee087d8d7eff2846c78 1.754s
2024-12-12 08:11:10.365 66361 INFO tempest.lib.common.rest_client [req-359afac7-2ae8-4836-aae4-cb334b14bd72 req-359afac7-2ae8-4836-aae4-cb334b14bd72 ] Request (ServersAdmin275Test:setUpClass): 201 POST http://10.180.1.21/identity/v3/auth/tokens 0.108s
2024-12-12 08:11:10.398 66361 INFO tempest.lib.common.rest_client [req-8ce87e30-c1aa-4faf-9c42-e43b402c6cd7 req-8ce87e30-c1aa-4faf-9c42-e43b402c6cd7 ] Request (ServersAdmin275Test:setUpClass): 201 POST http://10.180.1.21/identity/v3/auth/tokens 0.029s
2024-12-12 08:11:10.424 66377 INFO tempest.lib.common.rest_client [req-cbd54903-19fb-4254-abf4-4aadf2950cff req-cbd54903-19fb-4254-abf4-4aadf2950cff ] Request (ServerDiagnosticsV248Test:test_get_server_diagnostics): 200 GET http://10.180.1.21/compute/v2.1/servers/ceadcb5e-ee82-4441-b046-f79b973ec05e 1.376s
2024-12-12 08:11:10.428 66349 INFO tempest.lib.common.rest_client [req-7395ed31-6afa-4be0-9bc3-9ee14605778d req-7395ed31-6afa-4be0-9bc3-9ee14605778d ] Request (HypervisorAdminV253TestBase:test_list_show_detail_hypervisors): 200 GET http://10.180.1.21/compute/v2.1/os-hypervisors/detail?with_servers=True 1.553s
2024-12-12 08:11:10.457 66359 INFO tempest.lib.common.rest_client [req-a8f14242-4231-4dfa-a8da-5a1b875d5985 req-a8f14242-4231-4dfa-a8da-5a1b875d5985 ] Request (ServersWithSpecificFlavorTestJSON:test_verify_created_server_ephemeral_disk): 200 GET http://10.180.1.21/compute/v2.1/flavors/42/os-extra_specs 1.373s
2024-12-12 08:11:10.465 66395 INFO tempest.lib.common.rest_client [req-c9af5300-25ce-49d3-b587-d8cd1b752862 req-c9af5300-25ce-49d3-b587-d8cd1b752862 ] Request (QuotasAdminTestV236:_run_cleanups): 204 DELETE http://10.180.1.21/identity/v3/users/207aec8f0a144ee087d8d7eff2846c78 0.144s
2024-12-12 08:11:10.505 66361 INFO tempest.lib.common.rest_client [req-6b0fe209-c78d-4d0a-94ba-53a6249235d3 req-6b0fe209-c78d-4d0a-94ba-53a6249235d3 ] Request (ServersAdmin275Test:setUpClass): 200 GET http://10.180.1.21/identity/v3/domains?name=Default 0.107s
2024-12-12 08:11:10.510 66369 INFO tempest.lib.common.rest_client [req-0c1f42b6-7fd1-434e-9d8d-df35eb59f8e6 req-0c1f42b6-7fd1-434e-9d8d-df35eb59f8e6 ] Request (ServersAdminNegativeTestJSON:setUpClass): 200 GET http://10.180.1.21/compute/v2.1/servers/c8b7568b-ba07-4f65-818b-f84910209361 1.329s
2024-12-12 08:11:10.518 66363 INFO tempest.lib.common.rest_client [req-beb12073-bb6a-49cf-bd8d-72d93e293854 req-beb12073-bb6a-49cf-bd8d-72d93e293854 ] Request (HostsAdminNegativeTestJSON:test_show_host_detail_with_non_admin_user): 403 GET http://10.180.1.21/compute/v2.1/os-hosts/devstack 0.926s
2024-12-12 08:11:10.578 66343 INFO tempest.lib.common.rest_client [req-7eb3f808-8458-49ba-893a-a41fc7708e65 req-7eb3f808-8458-49ba-893a-a41fc7708e65 ] Request (FlavorsExtraSpecsTestJSON:test_flavor_non_admin_get_all_keys): 200 GET http://10.180.1.21/compute/v2.1/flavors/388330314/os-extra_specs 1.004s
2024-12-12 08:11:10.596 66389 INFO tempest.lib.common.rest_client [req-56be19a1-73ba-47ec-9c0c-a38a6d6495d7 req-56be19a1-73ba-47ec-9c0c-a38a6d6495d7 ] Request (ServerDiagnosticsTest:test_get_server_diagnostics): 200 GET http://10.180.1.21/compute/v2.1/servers/1118c1e5-1aa8-4f52-9fb9-e86531bf83d1 0.765s
2024-12-12 08:11:10.633 66373 INFO tempest.lib.common.rest_client [req-877abcd5-1fd1-430d-b946-e9bf1ce290a8 req-877abcd5-1fd1-430d-b946-e9bf1ce290a8 ] Request (FlavorsV261TestJSON:test_crud_flavor): 200 GET http://10.180.1.21/compute/v2.1/flavors 0.763s
2024-12-12 08:11:10.645 66361 INFO tempest.lib.common.rest_client [req-9ecfd1b3-b187-47ed-af36-7e3ca2735a1a req-9ecfd1b3-b187-47ed-af36-7e3ca2735a1a ] Request (ServersAdmin275Test:setUpClass): 201 POST http://10.180.1.21/identity/v3/projects 0.139s
2024-12-12 08:11:10.655 66353 INFO tempest.lib.common.rest_client [req-83308dd1-da46-42da-bc05-d1a90b2492de req-83308dd1-da46-42da-bc05-d1a90b2492de ] Request (KeyPairsV2TestJSON:_run_cleanups): 202 DELETE http://10.180.1.21/compute/v2.1/os-keypairs/tempest-keypair-1049127795 0.737s
2024-12-12 08:11:10.706 66387 INFO tempest.lib.common.rest_client [req-36ffa917-9f0f-4e0c-a180-b814210d569b req-36ffa917-9f0f-4e0c-a180-b814210d569b ] Request (DeleteServersAdminTestJSON:test_admin_delete_servers_of_others): 200 GET http://10.180.1.21/compute/v2.1/servers/f6e29557-05ad-4a11-bd01-0315926c0413 0.870s
2024-12-12 08:11:10.709 66395 INFO tempest.lib.common.rest_client [req-c257419d-46b4-4a1a-9dde-3b5ee9e97526 req-c257419d-46b4-4a1a-9dde-3b5ee9e97526 ] Request (QuotasAdminTestV236:_run_cleanups): 204 DELETE http://10.180.1.21/identity/v3/projects/6a00d264b2154939a01529a303143af8 0.243s
2024-12-12 08:11:10.720 66361 INFO tempest.lib.common.rest_client [req-a70a549e-aa43-4e2d-a9aa-a1670c89a429 req-a70a549e-aa43-4e2d-a9aa-a1670c89a429 ] Request (ServersAdmin275Test:setUpClass): 201 POST http://10.180.1.21/identity/v3/users 0.075s
2024-12-12 08:11:10.750 66351 INFO tempest.lib.common.rest_client [req-e10bd8f9-75b3-42e6-b67d-113aad194dba req-e10bd8f9-75b3-42e6-b67d-113aad194dba ] Request (ServerActionsTestOtherA:setUpClass): 200 GET http://10.180.1.21/compute/v2.1/servers/11d4a010-959f-4f53-94dc-7499007612ad 0.832s
2024-12-12 08:11:10.753 66361 INFO tempest.lib.common.rest_client [req-252c6728-fe3b-4dc0-acd8-e590be281cd1 req-252c6728-fe3b-4dc0-acd8-e590be281cd1 ] Request (ServersAdmin275Test:setUpClass): 200 GET http://10.180.1.21/identity/v3/roles 0.032s
2024-12-12 08:11:10.761 66351 INFO tempest.common.waiters [-] State transition "BUILD/scheduling" ==> "BUILD/None" after 2 second wait
2024-12-12 08:11:10.782 66361 INFO tempest.lib.common.rest_client [req-cc34758b-f4ba-4879-93f3-29664ff75796 req-cc34758b-f4ba-4879-93f3-29664ff75796 ] Request (ServersAdmin275Test:setUpClass): 204 PUT http://10.180.1.21/identity/v3/projects/7be9a2fd53fc47bd8c23534a91763c89/users/a4463db9112649e1b0732f1780ad5228/roles/b5ab3d46236945eb9c84cd8314b81899 0.027s
2024-12-12 08:11:10.782 66361 INFO tempest.lib.common.dynamic_creds [-] Dynamic test user a4463db9112649e1b0732f1780ad5228 is created with scope project and roles: ['member']
2024-12-12 08:11:10.782 66361 INFO tempest.lib.common.dynamic_creds [-] Acquired dynamic creds: credentials: Credentials: {'domain_id': 'default', 'domain_name': 'Default', 'username': 'tempest-ServersAdmin275Test-1657935187-project-member', 'project_domain_id': 'default', 'project_domain_name': 'Default', 'project_id': '7be9a2fd53fc47bd8c23534a91763c89', 'project_name': 'tempest-ServersAdmin275Test-1657935187', 'tenant_id': '7be9a2fd53fc47bd8c23534a91763c89', 'tenant_name': 'tempest-ServersAdmin275Test-1657935187', 'user_domain_id': 'default', 'user_domain_name': 'Default', 'user_id': 'a4463db9112649e1b0732f1780ad5228', 'system': None}, Network: None, Subnet: None, Router: None
2024-12-12 08:11:10.782 66361 INFO tempest.lib.common.dynamic_creds [-] Created isolated network resources for: credentials: Credentials: {'domain_id': 'default', 'domain_name': 'Default', 'username': 'tempest-ServersAdmin275Test-1657935187-project-member', 'project_domain_id': 'default', 'project_domain_name': 'Default', 'project_id': '7be9a2fd53fc47bd8c23534a91763c89', 'project_name': 'tempest-ServersAdmin275Test-1657935187', 'tenant_id': '7be9a2fd53fc47bd8c23534a91763c89', 'tenant_name': 'tempest-ServersAdmin275Test-1657935187', 'user_domain_id': 'default', 'user_domain_name': 'Default', 'user_id': 'a4463db9112649e1b0732f1780ad5228', 'system': None}, Network: None, Subnet: None, Router: None
2024-12-12 08:11:10.821 66395 INFO tempest.lib.common.rest_client [req-2698c1c3-3acb-42ea-acb6-d844a24973c0 req-2698c1c3-3acb-42ea-acb6-d844a24973c0 ] Request (QuotasAdminTestV236:tearDownClass): 204 DELETE http://10.180.1.21/identity/v3/users/c67a7c6c0952428b8ed030edf58d4d2c 0.106s
2024-12-12 08:11:10.911 66361 INFO tempest.lib.common.rest_client [req-3b2ff737-6925-4cb1-bde1-893c0fbc4554 req-3b2ff737-6925-4cb1-bde1-893c0fbc4554 ] Request (ServersAdmin275Test:setUpClass): 201 POST http://10.180.1.21/identity/v3/auth/tokens 0.122s
2024-12-12 08:11:11.029 66395 INFO tempest.lib.common.rest_client [req-d36ecfc6-b8d0-4a85-882f-d0fd0841dabf req-d36ecfc6-b8d0-4a85-882f-d0fd0841dabf ] Request (QuotasAdminTestV236:tearDownClass): 204 DELETE http://10.180.1.21/identity/v3/users/dab50304601d4a9197817ee47fe60d68 0.208s
2024-12-12 08:11:11.030 66395 INFO tempest.lib.common.dynamic_creds [-] Deleting project and security group for project: 63a8e93cc0824f41bbbc42566d0e8f09
2024-12-12 08:11:11.094 66395 INFO tempest.lib.common.rest_client [req-8c4894ef-8a2f-43b9-b0ee-435ac375ced6 req-8c4894ef-8a2f-43b9-b0ee-435ac375ced6 ] Request (QuotasAdminTestV236:tearDownClass): 201 POST http://10.180.1.21/identity/v3/auth/tokens 0.064s
2024-12-12 08:11:11.100 66361 INFO tempest.lib.common.rest_client [req-8601f98b-24c7-43b0-8f23-34f363bf51b9 req-8601f98b-24c7-43b0-8f23-34f363bf51b9 ] Request (ServersAdmin275Test:setUpClass): 201 POST http://10.180.1.21/identity/v3/projects 0.189s
2024-12-12 08:11:11.116 66397 INFO tempest.lib.common.rest_client [req-d0305c90-8200-4d38-bc05-ff5ead508f4c req-d0305c90-8200-4d38-bc05-ff5ead508f4c ] Request (AggregatesAdminNegativeTestJSON:_run_cleanups): 200 POST http://10.180.1.21/compute/v2.1/os-aggregates/1/action 1.131s
2024-12-12 08:11:11.143 66393 INFO tempest.lib.common.rest_client [req-14d356f0-ba09-4df9-8179-9ba58d0431aa req-14d356f0-ba09-4df9-8179-9ba58d0431aa ] Request (FlavorsV255TestJSON:_run_cleanups): 200 GET http://10.180.1.21/compute/v2.1/flavors/detail 1.130s
2024-12-12 08:11:11.163 66347 INFO tempest.lib.common.rest_client [req-f84ebe43-507f-4382-a540-cb64d74f4150 req-f84ebe43-507f-4382-a540-cb64d74f4150 ] Request (ImagesMetadataNegativeTestJSON:test_set_nonexistent_image_metadata_item): 404 PUT http://10.180.1.21/compute/v2.1/images/55486541-255c-4c11-a5e2-e20708964a29/metadata/os_distro 1.125s
2024-12-12 08:11:11.176 66341 INFO tempest.lib.common.rest_client [req-6f86be78-80f1-41eb-8814-cbdf2d33eec0 req-6f86be78-80f1-41eb-8814-cbdf2d33eec0 ] Request (HypervisorAdminNegativeUnderV252Test:test_show_servers_with_nonexistent_hypervisor): 404 GET http://10.180.1.21/compute/v2.1/os-hypervisors/c00b102c-b9a2-481a-8989-c8564a25a7d2/servers 1.133s
2024-12-12 08:11:11.194 66371 INFO tempest.lib.common.rest_client [req-2a92c0b3-4880-497a-9a7a-e32987654551 req-2a92c0b3-4880-497a-9a7a-e32987654551 ] Request (FlavorsAdminTestJSON:_run_cleanups): 202 DELETE http://10.180.1.21/compute/v2.1/flavors/1340760117 1.117s
2024-12-12 08:11:11.206 66361 INFO tempest.lib.common.rest_client [req-bd11ff8a-93e0-45be-8068-f8f4494b4fd1 req-bd11ff8a-93e0-45be-8068-f8f4494b4fd1 ] Request (ServersAdmin275Test:setUpClass): 201 POST http://10.180.1.21/identity/v3/users 0.105s
2024-12-12 08:11:11.214 66381 INFO tempest.lib.common.rest_client [req-af4a0e6e-4be1-4e07-9426-09dfec5898ac req-af4a0e6e-4be1-4e07-9426-09dfec5898ac ] Request (FlavorsAccessTestJSON:_run_cleanups): 202 DELETE http://10.180.1.21/compute/v2.1/flavors/964868613 1.115s
2024-12-12 08:11:11.230 66361 INFO tempest.lib.common.rest_client [req-5bc7aed4-f5ef-414f-a23f-d041d7527d96 req-5bc7aed4-f5ef-414f-a23f-d041d7527d96 ] Request (ServersAdmin275Test:setUpClass): 200 GET http://10.180.1.21/identity/v3/roles 0.024s
2024-12-12 08:11:11.234 66339 INFO tempest.lib.common.rest_client [req-2c71940a-0b68-4551-88fc-176153c473e4 req-2c71940a-0b68-4551-88fc-176153c473e4 ] Request (FlavorsAccessNegativeTestJSON:_run_cleanups): 200 GET http://10.180.1.21/compute/v2.1/flavors/detail 0.993s
2024-12-12 08:11:11.259 66341 INFO tempest.lib.common.rest_client [req-ddecc1cc-a6c8-489b-a8aa-838a243a422b req-ddecc1cc-a6c8-489b-a8aa-838a243a422b ] Request (HypervisorAdminNegativeUnderV252Test:tearDownClass): 204 DELETE http://10.180.1.21/identity/v3/users/107c364bebce4af8b5838e4ffe48c897 0.082s
2024-12-12 08:11:11.277 66349 INFO tempest.lib.common.rest_client [req-ec0e086b-6b29-4f36-bd7f-22f017919f6c req-ec0e086b-6b29-4f36-bd7f-22f017919f6c ] Request (HypervisorAdminV253TestBase:test_list_show_detail_hypervisors): 200 GET http://10.180.1.21/compute/v2.1/os-hypervisors?with_servers=True 0.837s
2024-12-12 08:11:11.296 66359 INFO tempest.lib.common.rest_client [req-a6155f4f-8cc3-4fe3-8300-808d5ab89be4 req-a6155f4f-8cc3-4fe3-8300-808d5ab89be4 ] Request (ServersWithSpecificFlavorTestJSON:test_verify_created_server_ephemeral_disk): 200 POST http://10.180.1.21/compute/v2.1/flavors/1142907630/os-extra_specs 0.835s
2024-12-12 08:11:11.308 66363 INFO tempest.lib.common.rest_client [req-5a48e6dc-1121-4a83-b9cc-cc234a913967 req-5a48e6dc-1121-4a83-b9cc-cc234a913967 ] Request (HostsAdminNegativeTestJSON:test_show_host_detail_with_nonexistent_hostname): 404 GET http://10.180.1.21/compute/v2.1/os-hosts/nonexistent_hostname 0.788s
2024-12-12 08:11:11.339 66361 INFO tempest.lib.common.rest_client [req-e8e6ee00-37b3-4d96-a40c-7903775cd7de req-e8e6ee00-37b3-4d96-a40c-7903775cd7de ] Request (ServersAdmin275Test:setUpClass): 204 PUT http://10.180.1.21/identity/v3/projects/9266d946b5634f2297e3e5fd763b7f74/users/ece6d86f30814f4780702fc345422a84/roles/1e60793d0a2a439ab760e7bede9bb722 0.108s
2024-12-12 08:11:11.359 66393 INFO tempest.lib.common.rest_client [req-cf070487-4397-480c-8ad7-792aa49b80e6 req-cf070487-4397-480c-8ad7-792aa49b80e6 ] Request (FlavorsV255TestJSON:tearDownClass): 204 DELETE http://10.180.1.21/identity/v3/users/0419369a1e9149f79f609f9594e597ea 0.147s
2024-12-12 08:11:11.448 66341 INFO tempest.lib.common.rest_client [req-62c96f3b-14ee-4c9a-ac51-2b030b124505 req-62c96f3b-14ee-4c9a-ac51-2b030b124505 ] Request (HypervisorAdminNegativeUnderV252Test:tearDownClass): 204 DELETE http://10.180.1.21/identity/v3/users/f61d87b19f144961a03a822394215e65 0.188s
2024-12-12 08:11:11.448 66341 INFO tempest.lib.common.dynamic_creds [-] Deleting project and security group for project: 7f8dec65325341348828e415e35f7ee9
2024-12-12 08:11:11.492 66361 INFO tempest.lib.common.rest_client [req-d4ec6696-7ecb-4850-bb4e-5d1d33888c2e req-d4ec6696-7ecb-4850-bb4e-5d1d33888c2e ] Request (ServersAdmin275Test:setUpClass): 200 GET http://10.180.1.21/identity/v3/roles 0.153s
2024-12-12 08:11:11.531 66393 INFO tempest.lib.common.rest_client [req-fa79c93f-bd36-4670-8292-292a93fc5241 req-fa79c93f-bd36-4670-8292-292a93fc5241 ] Request (FlavorsV255TestJSON:tearDownClass): 204 DELETE http://10.180.1.21/identity/v3/users/33e546951c5644cfb180738e1eb927e9 0.172s
2024-12-12 08:11:11.532 66393 INFO tempest.lib.common.dynamic_creds [-] Deleting project and security group for project: b972a9af02ab4d519b5632d349a6a587
2024-12-12 08:11:11.546 66341 INFO tempest.lib.common.rest_client [req-8433ab8b-ce1c-4745-999c-31f40aa08da3 req-8433ab8b-ce1c-4745-999c-31f40aa08da3 ] Request (HypervisorAdminNegativeUnderV252Test:tearDownClass): 201 POST http://10.180.1.21/identity/v3/auth/tokens 0.098s
2024-12-12 08:11:11.576 66393 INFO tempest.lib.common.rest_client [req-044fbd89-2a63-4d35-90a9-711a3fad8c48 req-044fbd89-2a63-4d35-90a9-711a3fad8c48 ] Request (FlavorsV255TestJSON:tearDownClass): 201 POST http://10.180.1.21/identity/v3/auth/tokens 0.044s
2024-12-12 08:11:11.584 66361 INFO tempest.lib.common.rest_client [req-73daf618-8a69-4f02-b683-aae5b5892e9c req-73daf618-8a69-4f02-b683-aae5b5892e9c ] Request (ServersAdmin275Test:setUpClass): 204 PUT http://10.180.1.21/identity/v3/projects/9266d946b5634f2297e3e5fd763b7f74/users/ece6d86f30814f4780702fc345422a84/roles/1e60793d0a2a439ab760e7bede9bb722 0.092s
2024-12-12 08:11:11.585 66361 INFO tempest.lib.common.dynamic_creds [-] Dynamic test user ece6d86f30814f4780702fc345422a84 is created with scope project and roles: ['admin']
2024-12-12 08:11:11.585 66361 INFO tempest.lib.common.dynamic_creds [-] Acquired dynamic creds: credentials: Credentials: {'domain_id': 'default', 'domain_name': 'Default', 'username': 'tempest-ServersAdmin275Test-1501358753-project-admin', 'project_domain_id': 'default', 'project_domain_name': 'Default', 'project_id': '9266d946b5634f2297e3e5fd763b7f74', 'project_name': 'tempest-ServersAdmin275Test-1501358753', 'tenant_id': '9266d946b5634f2297e3e5fd763b7f74', 'tenant_name': 'tempest-ServersAdmin275Test-1501358753', 'user_domain_id': 'default', 'user_domain_name': 'Default', 'user_id': 'ece6d86f30814f4780702fc345422a84', 'system': None}, Network: None, Subnet: None, Router: None
2024-12-12 08:11:11.585 66361 INFO tempest.lib.common.dynamic_creds [-] Created isolated network resources for: credentials: Credentials: {'domain_id': 'default', 'domain_name': 'Default', 'username': 'tempest-ServersAdmin275Test-1501358753-project-admin', 'project_domain_id': 'default', 'project_domain_name': 'Default', 'project_id': '9266d946b5634f2297e3e5fd763b7f74', 'project_name': 'tempest-ServersAdmin275Test-1501358753', 'tenant_id': '9266d946b5634f2297e3e5fd763b7f74', 'tenant_name': 'tempest-ServersAdmin275Test-1501358753', 'user_domain_id': 'default', 'user_domain_name': 'Default', 'user_id': 'ece6d86f30814f4780702fc345422a84', 'system': None}, Network: None, Subnet: None, Router: None
2024-12-12 08:11:11.604 66379 INFO tempest.lib.common.rest_client [req-656cc4d7-1d70-404c-b1a4-4b2fc6426cd5 req-656cc4d7-1d70-404c-b1a4-4b2fc6426cd5 ] Request (ImagesTestJSON:test_create_image_from_stopped_server): 200 GET http://10.180.1.21/compute/v2.1/servers/8b178cc0-db79-4ec2-8962-f31b936f8eff 1.050s
2024-12-12 08:11:11.632 66343 INFO tempest.lib.common.rest_client [req-3712a56f-f3c8-4799-99f4-2d8d5ecd425f req-3712a56f-f3c8-4799-99f4-2d8d5ecd425f ] Request (FlavorsExtraSpecsTestJSON:test_flavor_non_admin_get_specific_key): 200 POST http://10.180.1.21/compute/v2.1/flavors/388330314/os-extra_specs 1.050s
2024-12-12 08:11:11.652 66373 INFO tempest.lib.common.rest_client [req-161c0534-03f5-4553-bb60-e2b4b7a1e1ca req-161c0534-03f5-4553-bb60-e2b4b7a1e1ca ] Request (FlavorsV261TestJSON:_run_cleanups): 202 DELETE http://10.180.1.21/compute/v2.1/flavors/494976957 1.015s
2024-12-12 08:11:11.693 66395 INFO tempest.lib.common.rest_client [req-06c9be62-4e2e-4845-aa25-458c3112fde3 req-06c9be62-4e2e-4845-aa25-458c3112fde3 ] Request (QuotasAdminTestV236:tearDownClass): 200 GET http://10.180.1.21:9696/networking/v2.0/security-groups?tenant_id=63a8e93cc0824f41bbbc42566d0e8f09&name=default 0.598s
2024-12-12 08:11:11.696 66353 INFO tempest.lib.common.rest_client [req-c574319c-1666-4a36-b6ed-69821a0c5d3a req-c574319c-1666-4a36-b6ed-69821a0c5d3a ] Request (KeyPairsV2TestJSON:test_keypair_create_with_pub_key): 200 POST http://10.180.1.21/compute/v2.1/os-keypairs 1.040s
2024-12-12 08:11:11.733 66361 INFO tempest.lib.common.rest_client [req-5d6ba1b9-e8ff-40e2-a7fc-dc8b2fcffe5c req-5d6ba1b9-e8ff-40e2-a7fc-dc8b2fcffe5c ] Request (ServersAdmin275Test:setUpClass): 201 POST http://10.180.1.21/identity/v3/auth/tokens 0.145s
2024-12-12 08:11:11.794 66361 INFO tempest.lib.common.rest_client [req-a5941308-3d82-4ad9-9360-0507101068ac req-a5941308-3d82-4ad9-9360-0507101068ac ] Request (ServersAdmin275Test:test_rebuild_update_server_275): 201 POST http://10.180.1.21/identity/v3/auth/tokens 0.056s
2024-12-12 08:11:11.794 66361 INFO tempest.lib.common.fixed_network [-] (ServersAdmin275Test:test_rebuild_update_server_275) Found network None available for tenant
2024-12-12 08:11:11.802 66391 INFO tempest.lib.common.rest_client [req-cbf0b913-b3b4-476e-8c58-ef0a812a9f47 req-cbf0b913-b3b4-476e-8c58-ef0a812a9f47 ] Request (QuotaClassesAdminTestJSON:test_update_default_quotas): 200 GET http://10.180.1.21/compute/v2.1/os-quota-class-sets/default 1.067s
2024-12-12 08:11:11.889 66401 INFO tempest.lib.common.rest_client [req-4c3fd39d-ef1d-4593-8784-6a91635c8aff req-4c3fd39d-ef1d-4593-8784-6a91635c8aff ] Request (ServersAdminTestJSON:setUpClass): 202 POST http://10.180.1.21/compute/v2.1/servers 1.902s
2024-12-12 08:11:11.930 66397 INFO tempest.lib.common.rest_client [req-23a2a116-8bbe-4413-9dad-3847642cbbca req-23a2a116-8bbe-4413-9dad-3847642cbbca ] Request (AggregatesAdminNegativeTestJSON:_run_cleanups): 200 DELETE http://10.180.1.21/compute/v2.1/os-aggregates/1 0.812s
2024-12-12 08:11:11.938 66365 INFO tempest.lib.common.rest_client [req-f8dfdc87-7147-43d1-b8c8-a010d94bb862 req-f8dfdc87-7147-43d1-b8c8-a010d94bb862 ] Request (VolumesAssistedSnapshotsTest:setUpClass): 200 PUT http://10.180.1.21:9696/networking/v2.0/routers/d9e28806-564f-4bd9-94c4-29d2d87362d9/add_router_interface 2.997s
2024-12-12 08:11:11.938 66365 INFO tempest.lib.common.dynamic_creds [-] Created isolated network resources for: credentials: Credentials: {'domain_id': 'default', 'domain_name': 'Default', 'username': 'tempest-VolumesAssistedSnapshotsTest-632454797-project', 'project_domain_id': 'default', 'project_domain_name': 'Default', 'project_id': '3cbd287877a04275a2329f75abb308f3', 'project_name': 'tempest-VolumesAssistedSnapshotsTest-632454797', 'tenant_id': '3cbd287877a04275a2329f75abb308f3', 'tenant_name': 'tempest-VolumesAssistedSnapshotsTest-632454797', 'user_domain_id': 'default', 'user_domain_name': 'Default', 'user_id': 'b1ee9eb243c5408da168452a0f2e053e', 'system': None}, Network: {'id': 'ac0f195d-9d30-4514-86e4-53de67e3ea1d', 'name': 'tempest-VolumesAssistedSnapshotsTest-650240759-network', 'tenant_id': '3cbd287877a04275a2329f75abb308f3', 'admin_state_up': True, 'mtu': 8950, 'status': 'ACTIVE', 'subnets': [], 'shared': False, 'project_id': '3cbd287877a04275a2329f75abb308f3', 'port_security_enabled': True, 'router:external': False, 'provider:network_type': 'vlan', 'provider:physical_network': 'default', 'provider:segmentation_id': 659, 'availability_zone_hints': [], 'availability_zones': [], 'ipv4_address_scope': None, 'ipv6_address_scope': None, 'description': '', 'tags': [], 'created_at': '2024-12-12T08:11:07Z', 'updated_at': '2024-12-12T08:11:07Z', 'revision_number': 1}, Subnet: {'id': 'b1500608-ec64-425e-b6f0-f4a4896c79d4', 'name': 'tempest-VolumesAssistedSnapshotsTest-650240759-subnet', 'tenant_id': '3cbd287877a04275a2329f75abb308f3', 'network_id': 'ac0f195d-9d30-4514-86e4-53de67e3ea1d', 'ip_version': 4, 'subnetpool_id': None, 'enable_dhcp': True, 'ipv6_ra_mode': None, 'ipv6_address_mode': None, 'gateway_ip': '192.168.128.1', 'cidr': '192.168.128.0/28', 'allocation_pools': [{'start': '192.168.128.2', 'end': '192.168.128.14'}], 'host_routes': [], 'dns_nameservers': [], 'description': '', 'router:external': False, 'service_types': [], 'tags': [], 'created_at': '2024-12-12T08:11:07Z', 'updated_at': '2024-12-12T08:11:07Z', 'revision_number': 0, 'project_id': '3cbd287877a04275a2329f75abb308f3'}, Router: {'id': 'd9e28806-564f-4bd9-94c4-29d2d87362d9', 'name': 'tempest-VolumesAssistedSnapshotsTest-650240759-router', 'tenant_id': '3cbd287877a04275a2329f75abb308f3', 'admin_state_up': True, 'status': 'ACTIVE', 'external_gateway_info': {'network_id': '5e24d1d5-4fae-4412-9b4d-c4fcd7f9595f', 'external_fixed_ips': [{'subnet_id': '9e21d8dc-64ce-4d5e-9a44-47b59035fb96', 'ip_address': '10.180.180.213'}], 'enable_snat': True}, 'description': '', 'availability_zones': [], 'distributed': False, 'ha': False, 'availability_zone_hints': [], 'routes': [], 'flavor_id': None, 'tags': [], 'created_at': '2024-12-12T08:11:07Z', 'updated_at': '2024-12-12T08:11:08Z', 'revision_number': 2, 'project_id': '3cbd287877a04275a2329f75abb308f3'}
2024-12-12 08:11:11.980 66399 INFO tempest.lib.common.rest_client [req-e89e5f5f-2dfd-4736-8426-e72f07cff907 req-e89e5f5f-2dfd-4736-8426-e72f07cff907 ] Request (VolumesAdminNegativeTest:setUpClass): 201 POST http://10.180.1.21:9696/networking/v2.0/routers 1.667s
2024-12-12 08:11:12.018 66395 INFO tempest.lib.common.rest_client [req-135e2630-9351-43f5-badb-a55578aebbe6 req-135e2630-9351-43f5-badb-a55578aebbe6 ] Request (QuotasAdminTestV236:tearDownClass): 204 DELETE http://10.180.1.21:9696/networking/v2.0/security-groups/c9a197c6-3b41-4440-853f-9417c109ba3b 0.325s
2024-12-12 08:11:12.029 66345 INFO tempest.lib.common.rest_client [req-ac36a9d3-a425-4db2-a62f-504f388df601 req-ac36a9d3-a425-4db2-a62f-504f388df601 ] Request (MigrationsAdminTest:test_list_migrations_in_flavor_resize_situation): 200 GET http://10.180.1.21/compute/v2.1/servers/fe350d30-6fbd-4813-9634-ed05984fecfd 1.189s
2024-12-12 08:11:12.044 66393 INFO tempest.lib.common.rest_client [req-65739537-1ea3-4128-b171-70e2a02e6c67 req-65739537-1ea3-4128-b171-70e2a02e6c67 ] Request (FlavorsV255TestJSON:tearDownClass): 200 GET http://10.180.1.21:9696/networking/v2.0/security-groups?tenant_id=b972a9af02ab4d519b5632d349a6a587&name=default 0.467s
2024-12-12 08:11:12.052 66347 INFO tempest.lib.common.rest_client [req-2a226584-1305-4308-9e15-64b9982c6a5e req-2a226584-1305-4308-9e15-64b9982c6a5e ] Request (ImagesMetadataNegativeTestJSON:test_update_nonexistent_image_metadata): 404 POST http://10.180.1.21/compute/v2.1/images/b50a6346-780a-41a8-b2db-b2b4cb308ee4/metadata 0.887s
2024-12-12 08:11:12.119 66341 INFO tempest.lib.common.rest_client [req-3e497af9-a1bd-4a1d-8562-e560c74bea37 req-3e497af9-a1bd-4a1d-8562-e560c74bea37 ] Request (HypervisorAdminNegativeUnderV252Test:tearDownClass): 200 GET http://10.180.1.21:9696/networking/v2.0/security-groups?tenant_id=7f8dec65325341348828e415e35f7ee9&name=default 0.573s
2024-12-12 08:11:12.131 66365 INFO tempest.lib.common.rest_client [req-1626a9be-d7a9-4270-bc4f-0679b1f9e021 req-1626a9be-d7a9-4270-bc4f-0679b1f9e021 ] Request (VolumesAssistedSnapshotsTest:setUpClass): 201 POST http://10.180.1.21/identity/v3/auth/tokens 0.124s
