2024-12-12 08:11:05.892 66351 INFO tempest.lib.common.fixed_network [-] (ServerActionsTestOtherA:setUpClass) Found network {'id': 'ddacabe4-9723-4a0b-9642-4c3ca54cd05f', 'name': 'tempest-ServerActionsTestOtherA-1355796152-network', 'tenant_id': '549cc35f5ff249f6bf22c67872883db0', 'admin_state_up': True, 'mtu': 8950, 'status': 'ACTIVE', 'subnets': [], 'shared': False, 'project_id': '549cc35f5ff249f6bf22c67872883db0', 'port_security_enabled': True, 'router:external': False, 'provider:network_type': 'vlan', 'provider:physical_network': 'default', 'provider:segmentation_id': 500, 'availability_zone_hints': [], 'availability_zones': [], 'ipv4_address_scope': None, 'ipv6_address_scope': None, 'description': '', 'tags': [], 'created_at': '2024-12-12T08:10:56Z', 'updated_at': '2024-12-12T08:10:56Z', 'revision_number': 1} available for tenant
2024-12-12 08:11:05.961 66343 INFO tempest.lib.common.rest_client [req-eb775fcd-2bf8-404f-bda9-c5117e0d827a req-eb775fcd-2bf8-404f-bda9-c5117e0d827a ] Request (FlavorsExtraSpecsTestJSON:setUpClass): 201 POST http://10.180.1.21/identity/v3/users 0.079s
2024-12-12 08:11:05.967 66359 INFO tempest.lib.common.rest_client [req-6108d84b-7457-48e8-8347-0f231e323ecf req-6108d84b-7457-48e8-8347-0f231e323ecf ] Request (ServersWithSpecificFlavorTestJSON:setUpClass): 201 POST http://10.180.1.21/identity/v3/auth/tokens 0.105s
2024-12-12 08:11:05.974 66383 INFO tempest.lib.common.rest_client [req-2bcdd96e-4e47-4b74-bed4-3230c87035c0 req-2bcdd96e-4e47-4b74-bed4-3230c87035c0 ] Request (ServersV294TestFqdnHostnames:setUpClass): 202 POST http://10.180.1.21/compute/v2.1/servers 3.008s
2024-12-12 08:11:05.976 66367 INFO tempest.lib.common.rest_client [req-56ad0a0c-7545-4303-b109-5cbcf9131f54 req-56ad0a0c-7545-4303-b109-5cbcf9131f54 ] Request (InstanceUsageAuditLogTestJSON:tearDownClass): 200 GET http://10.180.1.21:9696/networking/v2.0/security-groups?tenant_id=a6831537dbac44dd943de93b925d5025&name=default 0.485s
2024-12-12 08:11:05.987 66343 INFO tempest.lib.common.rest_client [req-33db20ab-2158-4fb5-908e-00bd87d9066d req-33db20ab-2158-4fb5-908e-00bd87d9066d ] Request (FlavorsExtraSpecsTestJSON:setUpClass): 200 GET http://10.180.1.21/identity/v3/roles 0.025s
2024-12-12 08:11:06.010 66387 INFO tempest.lib.common.rest_client [req-78eabab7-fd95-46cd-b290-8adce809e64c req-78eabab7-fd95-46cd-b290-8adce809e64c ] Request (DeleteServersAdminTestJSON:test_admin_delete_servers_of_others): 200 GET http://10.180.1.21/compute/v2.1/servers/f6e29557-05ad-4a11-bd01-0315926c0413 2.282s
2024-12-12 08:11:06.015 66357 INFO tempest.lib.common.rest_client [req-ca2ec677-6838-4f84-9090-2f6e299f7a3a req-ca2ec677-6838-4f84-9090-2f6e299f7a3a ] Request (HostsAdminTestJSON:test_list_hosts_with_a_blank_zone): 200 GET http://10.180.1.21/compute/v2.1/os-hosts?zone= 2.275s
2024-12-12 08:11:06.025 66343 INFO tempest.lib.common.rest_client [req-592a943b-4bf4-42e4-8e46-c33283929e1c req-592a943b-4bf4-42e4-8e46-c33283929e1c ] Request (FlavorsExtraSpecsTestJSON:setUpClass): 204 PUT http://10.180.1.21/identity/v3/projects/d544d19045594aa9af332facff3ec2aa/users/b20231d2b43c4a7aa31c07b7f50c71a8/roles/1e60793d0a2a439ab760e7bede9bb722 0.037s
2024-12-12 08:11:06.059 66397 INFO tempest.lib.common.rest_client [req-89541828-0915-478d-9bed-1d683723645c req-89541828-0915-478d-9bed-1d683723645c ] Request (AggregatesAdminNegativeTestJSON:test_aggregate_add_existent_host): 200 POST http://10.180.1.21/compute/v2.1/os-aggregates 2.209s
2024-12-12 08:11:06.091 66343 INFO tempest.lib.common.rest_client [req-799f9cc0-60c0-4eb5-80ae-3ba17d209ab9 req-799f9cc0-60c0-4eb5-80ae-3ba17d209ab9 ] Request (FlavorsExtraSpecsTestJSON:setUpClass): 200 GET http://10.180.1.21/identity/v3/roles 0.065s
2024-12-12 08:11:06.115 66343 INFO tempest.lib.common.rest_client [req-99474983-d11a-4761-a608-23eb61eb2e7b req-99474983-d11a-4761-a608-23eb61eb2e7b ] Request (FlavorsExtraSpecsTestJSON:setUpClass): 204 PUT http://10.180.1.21/identity/v3/projects/d544d19045594aa9af332facff3ec2aa/users/b20231d2b43c4a7aa31c07b7f50c71a8/roles/1e60793d0a2a439ab760e7bede9bb722 0.023s
2024-12-12 08:11:06.115 66343 INFO tempest.lib.common.dynamic_creds [-] Dynamic test user b20231d2b43c4a7aa31c07b7f50c71a8 is created with scope project and roles: ['admin']
2024-12-12 08:11:06.115 66343 INFO tempest.lib.common.dynamic_creds [-] Acquired dynamic creds: credentials: Credentials: {'domain_id': 'default', 'domain_name': 'Default', 'username': 'tempest-FlavorsExtraSpecsTestJSON-1512041110-project-admin', 'project_domain_id': 'default', 'project_domain_name': 'Default', 'project_id': 'd544d19045594aa9af332facff3ec2aa', 'project_name': 'tempest-FlavorsExtraSpecsTestJSON-1512041110', 'tenant_id': 'd544d19045594aa9af332facff3ec2aa', 'tenant_name': 'tempest-FlavorsExtraSpecsTestJSON-1512041110', 'user_domain_id': 'default', 'user_domain_name': 'Default', 'user_id': 'b20231d2b43c4a7aa31c07b7f50c71a8', 'system': None}, Network: None, Subnet: None, Router: None
2024-12-12 08:11:06.115 66343 INFO tempest.lib.common.dynamic_creds [-] Created isolated network resources for: credentials: Credentials: {'domain_id': 'default', 'domain_name': 'Default', 'username': 'tempest-FlavorsExtraSpecsTestJSON-1512041110-project-admin', 'project_domain_id': 'default', 'project_domain_name': 'Default', 'project_id': 'd544d19045594aa9af332facff3ec2aa', 'project_name': 'tempest-FlavorsExtraSpecsTestJSON-1512041110', 'tenant_id': 'd544d19045594aa9af332facff3ec2aa', 'tenant_name': 'tempest-FlavorsExtraSpecsTestJSON-1512041110', 'user_domain_id': 'default', 'user_domain_name': 'Default', 'user_id': 'b20231d2b43c4a7aa31c07b7f50c71a8', 'system': None}, Network: None, Subnet: None, Router: None
2024-12-12 08:11:06.117 66385 INFO tempest.lib.common.rest_client [req-7fc9dedd-3576-47e0-9642-b05eb408cc86 req-7fc9dedd-3576-47e0-9642-b05eb408cc86 ] Request (FlavorsV2NegativeTest:tearDownClass): 200 GET http://10.180.1.21:9696/networking/v2.0/security-groups?tenant_id=ad05b1e0e42640d69b3c9d0dbbf2d22e&name=default 0.724s
2024-12-12 08:11:06.123 66349 INFO tempest.lib.common.rest_client [req-eeda051d-207a-408f-865d-7ca6500c8cc5 req-eeda051d-207a-408f-865d-7ca6500c8cc5 ] Request (HypervisorAdminV228Test:tearDownClass): 200 GET http://10.180.1.21:9696/networking/v2.0/security-groups?tenant_id=c5821292bb244130ac0a6d86e0215979&name=default 0.467s
2024-12-12 08:11:06.158 66365 INFO tempest.lib.common.rest_client [req-e50571c2-9735-48b0-af91-ff260a27a474 req-e50571c2-9735-48b0-af91-ff260a27a474 ] Request (VolumesAssistedSnapshotsTest:setUpClass): 200 PUT http://10.180.1.21:9696/networking/v2.0/routers/ab6f0012-2080-4fa3-bbd9-005ef219c623/add_router_interface 2.810s
2024-12-12 08:11:06.159 66365 INFO tempest.lib.common.dynamic_creds [-] Created isolated network resources for: credentials: Credentials: {'domain_id': 'default', 'domain_name': 'Default', 'username': 'tempest-VolumesAssistedSnapshotsTest-1756313024-project-admin', 'project_domain_id': 'default', 'project_domain_name': 'Default', 'project_id': '8d80878b8915410d968c2f70520bd3a8', 'project_name': 'tempest-VolumesAssistedSnapshotsTest-1756313024', 'tenant_id': '8d80878b8915410d968c2f70520bd3a8', 'tenant_name': 'tempest-VolumesAssistedSnapshotsTest-1756313024', 'user_domain_id': 'default', 'user_domain_name': 'Default', 'user_id': '22906088b4ae4a28b2b6aeb45edca55e', 'system': None}, Network: {'id': '932ed6d4-2758-4fe8-a5af-7b279f60f21f', 'name': 'tempest-VolumesAssistedSnapshotsTest-507144764-network', 'tenant_id': '8d80878b8915410d968c2f70520bd3a8', 'admin_state_up': True, 'mtu': 8950, 'status': 'ACTIVE', 'subnets': [], 'shared': False, 'project_id': '8d80878b8915410d968c2f70520bd3a8', 'port_security_enabled': True, 'router:external': False, 'provider:network_type': 'vlan', 'provider:physical_network': 'default', 'provider:segmentation_id': 701, 'availability_zone_hints': [], 'availability_zones': [], 'ipv4_address_scope': None, 'ipv6_address_scope': None, 'description': '', 'tags': [], 'created_at': '2024-12-12T08:11:00Z', 'updated_at': '2024-12-12T08:11:00Z', 'revision_number': 1}, Subnet: {'id': '877503fe-5f60-460c-bb96-c62266ef6877', 'name': 'tempest-VolumesAssistedSnapshotsTest-507144764-subnet', 'tenant_id': '8d80878b8915410d968c2f70520bd3a8', 'network_id': '932ed6d4-2758-4fe8-a5af-7b279f60f21f', 'ip_version': 4, 'subnetpool_id': None, 'enable_dhcp': True, 'ipv6_ra_mode': None, 'ipv6_address_mode': None, 'gateway_ip': '192.168.128.1', 'cidr': '192.168.128.0/28', 'allocation_pools': [{'start': '192.168.128.2', 'end': '192.168.128.14'}], 'host_routes': [], 'dns_nameservers': [], 'description': '', 'router:external': False, 'service_types': [], 'tags': [], 'created_at': '2024-12-12T08:11:01Z', 'updated_at': '2024-12-12T08:11:01Z', 'revision_number': 0, 'project_id': '8d80878b8915410d968c2f70520bd3a8'}, Router: {'id': 'ab6f0012-2080-4fa3-bbd9-005ef219c623', 'name': 'tempest-VolumesAssistedSnapshotsTest-507144764-router', 'tenant_id': '8d80878b8915410d968c2f70520bd3a8', 'admin_state_up': True, 'status': 'ACTIVE', 'external_gateway_info': {'network_id': '5e24d1d5-4fae-4412-9b4d-c4fcd7f9595f', 'external_fixed_ips': [{'subnet_id': '9e21d8dc-64ce-4d5e-9a44-47b59035fb96', 'ip_address': '10.180.180.136'}], 'enable_snat': True}, 'description': '', 'availability_zones': [], 'distributed': False, 'ha': False, 'availability_zone_hints': [], 'routes': [], 'flavor_id': None, 'tags': [], 'created_at': '2024-12-12T08:11:01Z', 'updated_at': '2024-12-12T08:11:02Z', 'revision_number': 2, 'project_id': '8d80878b8915410d968c2f70520bd3a8'}
2024-12-12 08:11:06.165 66389 INFO tempest.lib.common.rest_client [req-2f6c6cb7-8476-4b10-926f-a6466894d809 req-2f6c6cb7-8476-4b10-926f-a6466894d809 ] Request (ServerDiagnosticsTest:test_get_server_diagnostics): 200 GET http://10.180.1.21/compute/v2.1/servers/1118c1e5-1aa8-4f52-9fb9-e86531bf83d1 2.157s
2024-12-12 08:11:06.204 66343 INFO tempest.lib.common.rest_client [req-86cf339d-f11a-401a-8125-c98942779e00 req-86cf339d-f11a-401a-8125-c98942779e00 ] Request (FlavorsExtraSpecsTestJSON:setUpClass): 201 POST http://10.180.1.21/identity/v3/auth/tokens 0.082s
2024-12-12 08:11:06.216 66363 INFO tempest.lib.common.rest_client [req-2264cf4f-01f9-4bbe-9ca0-fa19c74d1e3c req-2264cf4f-01f9-4bbe-9ca0-fa19c74d1e3c ] Request (HostsAdminNegativeTestJSON:test_list_hosts_with_non_admin_user): 403 GET http://10.180.1.21/compute/v2.1/os-hosts 2.218s
2024-12-12 08:11:06.282 66365 INFO tempest.lib.common.rest_client [req-fb74205c-fdf4-4ecb-b894-4f13f82d70d3 req-fb74205c-fdf4-4ecb-b894-4f13f82d70d3 ] Request (VolumesAssistedSnapshotsTest:setUpClass): 201 POST http://10.180.1.21/identity/v3/auth/tokens 0.117s
2024-12-12 08:11:06.291 66349 INFO tempest.lib.common.rest_client [req-4fdaa56d-0fe7-4fc4-ba11-8d7115a76ede req-4fdaa56d-0fe7-4fc4-ba11-8d7115a76ede ] Request (HypervisorAdminV228Test:tearDownClass): 204 DELETE http://10.180.1.21:9696/networking/v2.0/security-groups/0f5509f3-55ca-44c2-a593-d8fae10c30bc 0.167s
2024-12-12 08:11:06.320 66373 INFO tempest.lib.common.rest_client [req-6709b80b-8de2-4d7a-b08a-363917548cc0 req-6709b80b-8de2-4d7a-b08a-363917548cc0 ] Request (FlavorsV261TestJSON:test_crud_flavor): 200 GET http://10.180.1.21/compute/v2.1/flavors/494976957 2.171s
2024-12-12 08:11:06.329 66367 INFO tempest.lib.common.rest_client [req-4cddd02e-0dbd-4010-984b-f4daf4c3d99a req-4cddd02e-0dbd-4010-984b-f4daf4c3d99a ] Request (InstanceUsageAuditLogTestJSON:tearDownClass): 204 DELETE http://10.180.1.21:9696/networking/v2.0/security-groups/eb20648a-fc9c-420b-b12e-d4d957c1c4e3 0.352s
2024-12-12 08:11:06.332 66353 INFO tempest.lib.common.rest_client [req-e898cdfb-cc9f-4108-a3d3-27dabfd8d5f9 req-e898cdfb-cc9f-4108-a3d3-27dabfd8d5f9 ] Request (KeyPairsV2TestJSON:test_get_keypair_detail): 200 GET http://10.180.1.21/compute/v2.1/os-keypairs/tempest-keypair-1142131475 2.052s
2024-12-12 08:11:06.362 66365 INFO tempest.lib.common.rest_client [req-a306bc2b-184b-4e2a-8bf3-756f02c1ab63 req-a306bc2b-184b-4e2a-8bf3-756f02c1ab63 ] Request (VolumesAssistedSnapshotsTest:setUpClass): 201 POST http://10.180.1.21/identity/v3/projects 0.080s
2024-12-12 08:11:06.391 66395 INFO tempest.lib.common.rest_client [req-787655b2-281b-4042-880a-091ddf690e76 req-787655b2-281b-4042-880a-091ddf690e76 ] Request (QuotasAdminTestV236:test_get_updated_quotas): 200 GET http://10.180.1.21/compute/v2.1/os-quota-sets/6a00d264b2154939a01529a303143af8/detail 2.182s
2024-12-12 08:11:06.409 66385 INFO tempest.lib.common.rest_client [req-bb3f7424-29e5-4058-8c9e-712eef48fc9c req-bb3f7424-29e5-4058-8c9e-712eef48fc9c ] Request (FlavorsV2NegativeTest:tearDownClass): 204 DELETE http://10.180.1.21:9696/networking/v2.0/security-groups/5fdeada9-3b3c-4513-a5fb-93b2d1119aef 0.292s
2024-12-12 08:11:06.458 66367 INFO tempest.lib.common.rest_client [req-4d61dec1-83fd-4e87-81e0-15a9d22418a7 req-4d61dec1-83fd-4e87-81e0-15a9d22418a7 ] Request (InstanceUsageAuditLogTestJSON:tearDownClass): 204 DELETE http://10.180.1.21/identity/v3/projects/a6831537dbac44dd943de93b925d5025 0.128s
2024-12-12 08:11:06.470 66349 INFO tempest.lib.common.rest_client [req-109ffd0d-35da-4bde-aec5-d18330dd51d6 req-109ffd0d-35da-4bde-aec5-d18330dd51d6 ] Request (HypervisorAdminV228Test:tearDownClass): 204 DELETE http://10.180.1.21/identity/v3/projects/c5821292bb244130ac0a6d86e0215979 0.178s
2024-12-12 08:11:06.470 66349 INFO tempest.lib.common.dynamic_creds [-] Deleting project and security group for project: 8a93e27b23e64d54af1db9f5e30daaf2
2024-12-12 08:11:06.527 66365 INFO tempest.lib.common.rest_client [req-d610dbe8-9b1a-4620-a70a-4d1afc650afd req-d610dbe8-9b1a-4620-a70a-4d1afc650afd ] Request (VolumesAssistedSnapshotsTest:setUpClass): 201 POST http://10.180.1.21/identity/v3/users 0.163s
2024-12-12 08:11:06.636 66395 INFO tempest.lib.common.rest_client [req-071467ba-0d95-4664-8727-caec1cc85ed6 req-071467ba-0d95-4664-8727-caec1cc85ed6 ] Request (QuotasAdminTestV236:test_get_updated_quotas): 200 GET http://10.180.1.21/identity/v3/domains?name=Default 0.239s
2024-12-12 08:11:06.639 66381 INFO tempest.lib.common.rest_client [req-88240405-057d-442a-8109-854c0314ba83 req-88240405-057d-442a-8109-854c0314ba83 ] Request (FlavorsAccessTestJSON:test_flavor_access_add_remove): 200 GET http://10.180.1.21/compute/v2.1/flavors/detail 2.243s
2024-12-12 08:11:06.662 66367 INFO tempest.lib.common.rest_client [req-84e7f8e4-747b-4b00-9ec1-b3b62ca92402 req-84e7f8e4-747b-4b00-9ec1-b3b62ca92402 ] Request (QuotaClassesAdmin257Test:setUpClass): 201 POST http://10.180.1.21/identity/v3/auth/tokens 0.202s
2024-12-12 08:11:06.673 66365 INFO tempest.lib.common.rest_client [req-7938d08a-ad6f-4fc5-9b13-16c3dd3f4c0c req-7938d08a-ad6f-4fc5-9b13-16c3dd3f4c0c ] Request (VolumesAssistedSnapshotsTest:setUpClass): 200 GET http://10.180.1.21/identity/v3/roles 0.146s
2024-12-12 08:11:06.681 66393 INFO tempest.lib.common.rest_client [req-75526ccf-bd7d-45a6-ae12-9978aef97a7e req-75526ccf-bd7d-45a6-ae12-9978aef97a7e ] Request (FlavorsV255TestJSON:test_crud_flavor): 200 GET http://10.180.1.21/compute/v2.1/flavors/detail 2.086s
2024-12-12 08:11:06.700 66385 INFO tempest.lib.common.rest_client [req-9ec13be0-9d53-4134-8771-b665ed7ecab3 req-9ec13be0-9d53-4134-8771-b665ed7ecab3 ] Request (FlavorsV2NegativeTest:tearDownClass): 204 DELETE http://10.180.1.21/identity/v3/projects/ad05b1e0e42640d69b3c9d0dbbf2d22e 0.290s
2024-12-12 08:11:06.705 66347 INFO tempest.lib.common.rest_client [req-8303495d-595d-4dc6-bbd6-dbf298e63266 req-8303495d-595d-4dc6-bbd6-dbf298e63266 ] Request (ImagesMetadataNegativeTestJSON:test_get_nonexistent_image_metadata_item): 404 GET http://10.180.1.21/compute/v2.1/images/cb87bb40-dd33-4a38-9a10-86667c70880e/metadata/os_version 1.994s
2024-12-12 08:11:06.727 66395 INFO tempest.lib.common.rest_client [req-ec8343e3-68c1-44b7-afb2-c228ff08edb4 req-ec8343e3-68c1-44b7-afb2-c228ff08edb4 ] Request (QuotasAdminTestV236:test_get_updated_quotas): 201 POST http://10.180.1.21/identity/v3/users 0.091s
2024-12-12 08:11:06.733 66371 INFO tempest.lib.common.rest_client [req-17af4d5e-6690-4b66-8eab-14f4cd72c1a4 req-17af4d5e-6690-4b66-8eab-14f4cd72c1a4 ] Request (FlavorsAdminTestJSON:_run_cleanups): 200 GET http://10.180.1.21/compute/v2.1/flavors/detail 1.910s
2024-12-12 08:11:06.750 66341 INFO tempest.lib.common.rest_client [req-13155dbf-0b89-4115-84f7-36681192f070 req-13155dbf-0b89-4115-84f7-36681192f070 ] Request (HypervisorAdminNegativeUnderV252Test:test_search_nonexistent_hypervisor): 404 GET http://10.180.1.21/compute/v2.1/os-hypervisors/nonexistent_hypervisor_name/search 1.629s
2024-12-12 08:11:06.778 66361 INFO tempest.lib.common.rest_client [req-b137e26c-c85f-4b18-93d7-dd30160bffbf req-b137e26c-c85f-4b18-93d7-dd30160bffbf ] Request (HypervisorAdminUnderV252Test:test_search_hypervisor): 200 GET http://10.180.1.21/compute/v2.1/os-hypervisors 1.588s
2024-12-12 08:11:06.780 66349 INFO tempest.lib.common.rest_client [req-53a5bc6d-0134-49dc-91b1-cfa86c82baee req-53a5bc6d-0134-49dc-91b1-cfa86c82baee ] Request (HypervisorAdminV228Test:tearDownClass): 200 GET http://10.180.1.21:9696/networking/v2.0/security-groups?tenant_id=8a93e27b23e64d54af1db9f5e30daaf2&name=default 0.309s
2024-12-12 08:11:06.785 66367 INFO tempest.lib.common.rest_client [req-30432ffb-0aac-4ef5-9baf-cfb04c70c6e5 req-30432ffb-0aac-4ef5-9baf-cfb04c70c6e5 ] Request (QuotaClassesAdmin257Test:setUpClass): 201 POST http://10.180.1.21/identity/v3/auth/tokens 0.118s
2024-12-12 08:11:06.819 66385 INFO tempest.lib.common.rest_client [req-c7e72799-abae-428b-8c08-8cb330e9f8fc req-c7e72799-abae-428b-8c08-8cb330e9f8fc ] Request (AbsoluteLimitsNegativeTestJSON:setUpClass): 201 POST http://10.180.1.21/identity/v3/auth/tokens 0.118s
2024-12-12 08:11:06.828 66365 INFO tempest.lib.common.rest_client [req-daac5ccd-3f7a-4bdd-b140-a693cb84e2e0 req-daac5ccd-3f7a-4bdd-b140-a693cb84e2e0 ] Request (VolumesAssistedSnapshotsTest:setUpClass): 204 PUT http://10.180.1.21/identity/v3/projects/3cbd287877a04275a2329f75abb308f3/users/b1ee9eb243c5408da168452a0f2e053e/roles/00b67bae0dc34291acc1772c374013d2 0.153s
2024-12-12 08:11:06.840 66379 INFO tempest.lib.common.rest_client [req-aeb2f1fa-0bfb-44e0-918a-a6fadc586d7d req-aeb2f1fa-0bfb-44e0-918a-a6fadc586d7d ] Request (ImagesTestJSON:test_create_image_from_stopped_server): 200 GET http://10.180.1.21/compute/v2.1/servers/8b178cc0-db79-4ec2-8962-f31b936f8eff 1.460s
2024-12-12 08:11:06.847 66379 INFO tempest.common.waiters [-] State transition "BUILD/None" ==> "BUILD/networking" after 2 second wait
2024-12-12 08:11:06.915 66395 INFO tempest.lib.common.rest_client [req-97bd6817-372d-4144-bf50-7253a5c863f8 req-97bd6817-372d-4144-bf50-7253a5c863f8 ] Request (QuotasAdminTestV236:test_get_updated_quotas): 200 GET http://10.180.1.21/identity/v3/domains?name=Default 0.188s
2024-12-12 08:11:06.978 66367 INFO tempest.lib.common.rest_client [req-c18ed8c9-7932-4dab-8c42-036195297a35 req-c18ed8c9-7932-4dab-8c42-036195297a35 ] Request (QuotaClassesAdmin257Test:setUpClass): 200 GET http://10.180.1.21/identity/v3/domains?name=Default 0.193s
2024-12-12 08:11:07.011 66339 INFO tempest.lib.common.rest_client [req-daa3cd25-56fc-4036-bbed-ecc1b0da567d req-daa3cd25-56fc-4036-bbed-ecc1b0da567d ] Request (FlavorsAccessNegativeTestJSON:test_add_flavor_access_duplicate): 409 POST http://10.180.1.21/compute/v2.1/flavors/717326729/action 2.451s
2024-12-12 08:11:07.013 66365 INFO tempest.lib.common.rest_client [req-bee24e66-a34f-47c8-bf89-0cd56d867f5c req-bee24e66-a34f-47c8-bf89-0cd56d867f5c ] Request (VolumesAssistedSnapshotsTest:setUpClass): 200 GET http://10.180.1.21/identity/v3/roles 0.184s
2024-12-12 08:11:07.014 66385 INFO tempest.lib.common.rest_client [req-128dc1ba-37c3-4bb2-8c3f-3df2d962090e req-128dc1ba-37c3-4bb2-8c3f-3df2d962090e ] Request (AbsoluteLimitsNegativeTestJSON:setUpClass): 201 POST http://10.180.1.21/identity/v3/auth/tokens 0.193s
2024-12-12 08:11:07.018 66345 INFO tempest.lib.common.rest_client [req-0a1c59d3-2d69-483a-9d45-fa0ffe1288c1 req-0a1c59d3-2d69-483a-9d45-fa0ffe1288c1 ] Request (MigrationsAdminTest:test_list_migrations_in_flavor_resize_situation): 200 GET http://10.180.1.21/compute/v2.1/servers/fe350d30-6fbd-4813-9634-ed05984fecfd 1.370s
2024-12-12 08:11:07.036 66349 INFO tempest.lib.common.rest_client [req-e14255c3-5868-4968-a5c6-2557d13bffdf req-e14255c3-5868-4968-a5c6-2557d13bffdf ] Request (HypervisorAdminV228Test:tearDownClass): 204 DELETE http://10.180.1.21:9696/networking/v2.0/security-groups/d0c7c04e-e1f7-402b-96a5-f95a5679163d 0.256s
2024-12-12 08:11:07.047 66365 INFO tempest.lib.common.rest_client [req-766b6bca-b468-4769-bb56-d0cb77030e16 req-766b6bca-b468-4769-bb56-d0cb77030e16 ] Request (VolumesAssistedSnapshotsTest:setUpClass): 204 PUT http://10.180.1.21/identity/v3/projects/3cbd287877a04275a2329f75abb308f3/users/b1ee9eb243c5408da168452a0f2e053e/roles/1e60793d0a2a439ab760e7bede9bb722 0.034s
2024-12-12 08:11:07.048 66365 INFO tempest.lib.common.dynamic_creds [-] Dynamic test user b1ee9eb243c5408da168452a0f2e053e is created with scope project and roles: ['service', 'admin']
2024-12-12 08:11:07.048 66365 INFO tempest.lib.common.dynamic_creds [-] Acquired dynamic creds: credentials: Credentials: {'domain_id': 'default', 'domain_name': 'Default', 'username': 'tempest-VolumesAssistedSnapshotsTest-632454797-project', 'project_domain_id': 'default', 'project_domain_name': 'Default', 'project_id': '3cbd287877a04275a2329f75abb308f3', 'project_name': 'tempest-VolumesAssistedSnapshotsTest-632454797', 'tenant_id': '3cbd287877a04275a2329f75abb308f3', 'tenant_name': 'tempest-VolumesAssistedSnapshotsTest-632454797', 'user_domain_id': 'default', 'user_domain_name': 'Default', 'user_id': 'b1ee9eb243c5408da168452a0f2e053e', 'system': None}, Network: None, Subnet: None, Router: None
2024-12-12 08:11:07.068 66367 INFO tempest.lib.common.rest_client [req-ac4b92dd-f426-433c-b56d-7ccdbb5fa1f8 req-ac4b92dd-f426-433c-b56d-7ccdbb5fa1f8 ] Request (QuotaClassesAdmin257Test:setUpClass): 201 POST http://10.180.1.21/identity/v3/projects 0.089s
2024-12-12 08:11:07.111 66355 INFO tempest.lib.common.rest_client [req-282dba8a-d2d0-4ca6-b177-8cef68e8b4d6 req-282dba8a-d2d0-4ca6-b177-8cef68e8b4d6 ] Request (ServerDiagnosticsNegativeTest:test_get_server_diagnostics_by_non_admin): 200 GET http://10.180.1.21/compute/v2.1/servers/c616d8ec-f28a-4430-a336-1ea4790fd511 1.313s
2024-12-12 08:11:07.155 66385 INFO tempest.lib.common.rest_client [req-09b5778b-ceb7-45fc-a332-43bea26fca12 req-09b5778b-ceb7-45fc-a332-43bea26fca12 ] Request (AbsoluteLimitsNegativeTestJSON:setUpClass): 200 GET http://10.180.1.21/identity/v3/domains?name=Default 0.140s
2024-12-12 08:11:07.163 66375 INFO tempest.lib.common.rest_client [req-765554cf-e7d7-4f16-8323-34f320b432ff req-765554cf-e7d7-4f16-8323-34f320b432ff ] Request (NetworksTest:test_list_all_networks): 200 GET http://10.180.1.21/compute/v2.1/os-networks 1.490s
2024-12-12 08:11:07.176 66349 INFO tempest.lib.common.rest_client [req-c1bc0d5c-8ba3-4a3c-a350-4eb75de2fe3a req-c1bc0d5c-8ba3-4a3c-a350-4eb75de2fe3a ] Request (HypervisorAdminV228Test:tearDownClass): 204 DELETE http://10.180.1.21/identity/v3/projects/8a93e27b23e64d54af1db9f5e30daaf2 0.140s
2024-12-12 08:11:07.213 66367 INFO tempest.lib.common.rest_client [req-0c46d5b4-e23d-4768-9911-a7dbb2e80677 req-0c46d5b4-e23d-4768-9911-a7dbb2e80677 ] Request (QuotaClassesAdmin257Test:setUpClass): 201 POST http://10.180.1.21/identity/v3/users 0.143s
2024-12-12 08:11:07.236 66385 INFO tempest.lib.common.rest_client [req-6b4deb4e-d5ba-4f94-880b-b14e59410b99 req-6b4deb4e-d5ba-4f94-880b-b14e59410b99 ] Request (AbsoluteLimitsNegativeTestJSON:setUpClass): 201 POST http://10.180.1.21/identity/v3/projects 0.081s
2024-12-12 08:11:07.282 66375 INFO tempest.lib.common.rest_client [req-c5257dbb-eced-4f8f-96a5-855a6669d1ea req-c5257dbb-eced-4f8f-96a5-855a6669d1ea ] Request (NetworksTest:tearDownClass): 204 DELETE http://10.180.1.21/identity/v3/users/c2542fce28184a74b8ce5a17df855b2d 0.117s
2024-12-12 08:11:07.289 66401 INFO tempest.lib.common.rest_client [req-9d59bd5d-4b9e-46c3-a5ba-eaae6368c41c req-9d59bd5d-4b9e-46c3-a5ba-eaae6368c41c ] Request (ServersAdminTestJSON:setUpClass): 200 PUT http://10.180.1.21:9696/networking/v2.0/routers/a8882306-e34c-43bf-b34f-423e8d67149f/add_router_interface 2.295s
2024-12-12 08:11:07.289 66401 INFO tempest.lib.common.dynamic_creds [-] Created isolated network resources for: credentials: Credentials: {'domain_id': 'default', 'domain_name': 'Default', 'username': 'tempest-ServersAdminTestJSON-988532011-project-admin', 'project_domain_id': 'default', 'project_domain_name': 'Default', 'project_id': '8aa994f6dd394d0b9ce485192bd83fac', 'project_name': 'tempest-ServersAdminTestJSON-988532011', 'tenant_id': '8aa994f6dd394d0b9ce485192bd83fac', 'tenant_name': 'tempest-ServersAdminTestJSON-988532011', 'user_domain_id': 'default', 'user_domain_name': 'Default', 'user_id': '3cb09a9d95564077a96e3efc24e1804d', 'system': None}, Network: {'id': '4e858e4f-42ee-466c-a173-66e3a6b13606', 'name': 'tempest-ServersAdminTestJSON-684291285-network', 'tenant_id': '8aa994f6dd394d0b9ce485192bd83fac', 'admin_state_up': True, 'mtu': 8950, 'status': 'ACTIVE', 'subnets': [], 'shared': False, 'project_id': '8aa994f6dd394d0b9ce485192bd83fac', 'port_security_enabled': True, 'router:external': False, 'provider:network_type': 'vlan', 'provider:physical_network': 'default', 'provider:segmentation_id': 950, 'availability_zone_hints': [], 'availability_zones': [], 'ipv4_address_scope': None, 'ipv6_address_scope': None, 'description': '', 'tags': [], 'created_at': '2024-12-12T08:11:02Z', 'updated_at': '2024-12-12T08:11:02Z', 'revision_number': 1}, Subnet: {'id': 'f5b10db6-a5c3-45db-baa8-e8ea94c17a65', 'name': 'tempest-ServersAdminTestJSON-684291285-subnet', 'tenant_id': '8aa994f6dd394d0b9ce485192bd83fac', 'network_id': '4e858e4f-42ee-466c-a173-66e3a6b13606', 'ip_version': 4, 'subnetpool_id': None, 'enable_dhcp': True, 'ipv6_ra_mode': None, 'ipv6_address_mode': None, 'gateway_ip': '192.168.128.1', 'cidr': '192.168.128.0/28', 'allocation_pools': [{'start': '192.168.128.2', 'end': '192.168.128.14'}], 'host_routes': [], 'dns_nameservers': [], 'description': '', 'router:external': False, 'service_types': [], 'tags': [], 'created_at': '2024-12-12T08:11:02Z', 'updated_at': '2024-12-12T08:11:02Z', 'revision_number': 0, 'project_id': '8aa994f6dd394d0b9ce485192bd83fac'}, Router: {'id': 'a8882306-e34c-43bf-b34f-423e8d67149f', 'name': 'tempest-ServersAdminTestJSON-684291285-router', 'tenant_id': '8aa994f6dd394d0b9ce485192bd83fac', 'admin_state_up': True, 'status': 'ACTIVE', 'external_gateway_info': {'network_id': '5e24d1d5-4fae-4412-9b4d-c4fcd7f9595f', 'external_fixed_ips': [{'subnet_id': '9e21d8dc-64ce-4d5e-9a44-47b59035fb96', 'ip_address': '10.180.180.250'}], 'enable_snat': True}, 'description': '', 'availability_zones': [], 'distributed': False, 'ha': False, 'availability_zone_hints': [], 'routes': [], 'flavor_id': None, 'tags': [], 'created_at': '2024-12-12T08:11:02Z', 'updated_at': '2024-12-12T08:11:03Z', 'revision_number': 2, 'project_id': '8aa994f6dd394d0b9ce485192bd83fac'}
2024-12-12 08:11:07.348 66349 INFO tempest.lib.common.rest_client [req-a49e62f5-39e7-4de8-9e54-ac55296f5071 req-a49e62f5-39e7-4de8-9e54-ac55296f5071 ] Request (HypervisorAdminV253TestBase:setUpClass): 201 POST http://10.180.1.21/identity/v3/auth/tokens 0.168s
2024-12-12 08:11:07.366 66367 INFO tempest.lib.common.rest_client [req-2791f5b8-9b04-4392-a983-cd7fa2f939f5 req-2791f5b8-9b04-4392-a983-cd7fa2f939f5 ] Request (QuotaClassesAdmin257Test:setUpClass): 200 GET http://10.180.1.21/identity/v3/roles 0.153s
2024-12-12 08:11:07.392 66359 INFO tempest.lib.common.rest_client [req-238d3755-657e-4b7b-bd5f-31e8e09662f6 req-238d3755-657e-4b7b-bd5f-31e8e09662f6 ] Request (ServersWithSpecificFlavorTestJSON:test_verify_created_server_ephemeral_disk): 200 GET http://10.180.1.21/compute/v2.1/flavors/42 1.423s
2024-12-12 08:11:07.392 66385 INFO tempest.lib.common.rest_client [req-eeb792f6-04e4-4838-af56-02c98a6f1423 req-eeb792f6-04e4-4838-af56-02c98a6f1423 ] Request (AbsoluteLimitsNegativeTestJSON:setUpClass): 201 POST http://10.180.1.21/identity/v3/users 0.154s
2024-12-12 08:11:07.434 66375 INFO tempest.lib.common.rest_client [req-c033871f-7a5a-4438-ba10-fcd6802bf290 req-c033871f-7a5a-4438-ba10-fcd6802bf290 ] Request (NetworksTest:tearDownClass): 204 DELETE http://10.180.1.21/identity/v3/users/4049304e630c4205a58ea44de239090a 0.150s
2024-12-12 08:11:07.434 66375 INFO tempest.lib.common.dynamic_creds [-] Deleting project and security group for project: cff81048bf6945bc909ef6d1a8ede4aa
2024-12-12 08:11:07.445 66365 INFO tempest.lib.common.rest_client [req-29f2208a-baec-4657-bc46-74533b7c75e3 req-29f2208a-baec-4657-bc46-74533b7c75e3 ] Request (VolumesAssistedSnapshotsTest:setUpClass): 201 POST http://10.180.1.21:9696/networking/v2.0/networks 0.397s
2024-12-12 08:11:07.473 66401 INFO tempest.lib.common.rest_client [req-a8a55ca1-02d4-4299-8738-4bc90381674d req-a8a55ca1-02d4-4299-8738-4bc90381674d ] Request (ServersAdminTestJSON:setUpClass): 201 POST http://10.180.1.21/identity/v3/auth/tokens 0.179s
2024-12-12 08:11:07.483 66349 INFO tempest.lib.common.rest_client [req-bc32ec3b-2744-4d25-b8fa-ff39fa82daa4 req-bc32ec3b-2744-4d25-b8fa-ff39fa82daa4 ] Request (HypervisorAdminV253TestBase:setUpClass): 201 POST http://10.180.1.21/identity/v3/auth/tokens 0.132s
2024-12-12 08:11:07.494 66383 INFO tempest.lib.common.rest_client [req-736308bc-e6ec-488e-8780-74ee3b543876 req-736308bc-e6ec-488e-8780-74ee3b543876 ] Request (ServersV294TestFqdnHostnames:setUpClass): 200 GET http://10.180.1.21/compute/v2.1/servers/2b391628-18a2-4606-8c59-58ba642cee50 1.518s
2024-12-12 08:11:07.511 66385 INFO tempest.lib.common.rest_client [req-9df773db-a82e-4a2a-a7e4-e9f54505e08c req-9df773db-a82e-4a2a-a7e4-e9f54505e08c ] Request (AbsoluteLimitsNegativeTestJSON:setUpClass): 200 GET http://10.180.1.21/identity/v3/roles 0.118s
2024-12-12 08:11:07.529 66357 INFO tempest.lib.common.rest_client [req-22ed5d35-3210-46cd-96ee-19647065c2ed req-22ed5d35-3210-46cd-96ee-19647065c2ed ] Request (HostsAdminTestJSON:test_list_hosts_with_nonexistent_zone): 200 GET http://10.180.1.21/compute/v2.1/os-hosts?zone=xxx 1.511s
2024-12-12 08:11:07.543 66375 INFO tempest.lib.common.rest_client [req-09a5be57-e34e-4993-b277-d515b407a35f req-09a5be57-e34e-4993-b277-d515b407a35f ] Request (NetworksTest:tearDownClass): 201 POST http://10.180.1.21/identity/v3/auth/tokens 0.105s
2024-12-12 08:11:07.562 66367 INFO tempest.lib.common.rest_client [req-826b67b9-450c-4e72-acec-149633e91b90 req-826b67b9-450c-4e72-acec-149633e91b90 ] Request (QuotaClassesAdmin257Test:setUpClass): 204 PUT http://10.180.1.21/identity/v3/projects/d19dc4540dcc44a780e6995c5b56a7b1/users/21c4f7ce21324d04939f64cdae3365e2/roles/b5ab3d46236945eb9c84cd8314b81899 0.195s
2024-12-12 08:11:07.562 66367 INFO tempest.lib.common.dynamic_creds [-] Dynamic test user 21c4f7ce21324d04939f64cdae3365e2 is created with scope project and roles: ['member']
2024-12-12 08:11:07.562 66349 INFO tempest.lib.common.rest_client [req-9a4c6397-0092-4ca0-9cdb-9081b762dca8 req-9a4c6397-0092-4ca0-9cdb-9081b762dca8 ] Request (HypervisorAdminV253TestBase:setUpClass): 200 GET http://10.180.1.21/identity/v3/domains?name=Default 0.078s
2024-12-12 08:11:07.563 66367 INFO tempest.lib.common.dynamic_creds [-] Acquired dynamic creds: credentials: Credentials: {'domain_id': 'default', 'domain_name': 'Default', 'username': 'tempest-QuotaClassesAdmin257Test-1405067520-project-member', 'project_domain_id': 'default', 'project_domain_name': 'Default', 'project_id': 'd19dc4540dcc44a780e6995c5b56a7b1', 'project_name': 'tempest-QuotaClassesAdmin257Test-1405067520', 'tenant_id': 'd19dc4540dcc44a780e6995c5b56a7b1', 'tenant_name': 'tempest-QuotaClassesAdmin257Test-1405067520', 'user_domain_id': 'default', 'user_domain_name': 'Default', 'user_id': '21c4f7ce21324d04939f64cdae3365e2', 'system': None}, Network: None, Subnet: None, Router: None
2024-12-12 08:11:07.563 66367 INFO tempest.lib.common.dynamic_creds [-] Created isolated network resources for: credentials: Credentials: {'domain_id': 'default', 'domain_name': 'Default', 'username': 'tempest-QuotaClassesAdmin257Test-1405067520-project-member', 'project_domain_id': 'default', 'project_domain_name': 'Default', 'project_id': 'd19dc4540dcc44a780e6995c5b56a7b1', 'project_name': 'tempest-QuotaClassesAdmin257Test-1405067520', 'tenant_id': 'd19dc4540dcc44a780e6995c5b56a7b1', 'tenant_name': 'tempest-QuotaClassesAdmin257Test-1405067520', 'user_domain_id': 'default', 'user_domain_name': 'Default', 'user_id': '21c4f7ce21324d04939f64cdae3365e2', 'system': None}, Network: None, Subnet: None, Router: None
2024-12-12 08:11:07.638 66385 INFO tempest.lib.common.rest_client [req-ed0fa4f8-18c4-43ab-8674-876575199012 req-ed0fa4f8-18c4-43ab-8674-876575199012 ] Request (AbsoluteLimitsNegativeTestJSON:setUpClass): 204 PUT http://10.180.1.21/identity/v3/projects/b3539080d9ce42dc8d53e476a68c4218/users/6e289d90760b4584a3504ddd263f0ff8/roles/b5ab3d46236945eb9c84cd8314b81899 0.126s
2024-12-12 08:11:07.638 66385 INFO tempest.lib.common.dynamic_creds [-] Dynamic test user 6e289d90760b4584a3504ddd263f0ff8 is created with scope project and roles: ['member']
2024-12-12 08:11:07.638 66385 INFO tempest.lib.common.dynamic_creds [-] Acquired dynamic creds: credentials: Credentials: {'domain_id': 'default', 'domain_name': 'Default', 'username': 'tempest-AbsoluteLimitsNegativeTestJSON-1107182145-project-member', 'project_domain_id': 'default', 'project_domain_name': 'Default', 'project_id': 'b3539080d9ce42dc8d53e476a68c4218', 'project_name': 'tempest-AbsoluteLimitsNegativeTestJSON-1107182145', 'tenant_id': 'b3539080d9ce42dc8d53e476a68c4218', 'tenant_name': 'tempest-AbsoluteLimitsNegativeTestJSON-1107182145', 'user_domain_id': 'default', 'user_domain_name': 'Default', 'user_id': '6e289d90760b4584a3504ddd263f0ff8', 'system': None}, Network: None, Subnet: None, Router: None
2024-12-12 08:11:07.638 66385 INFO tempest.lib.common.dynamic_creds [-] Created isolated network resources for: credentials: Credentials: {'domain_id': 'default', 'domain_name': 'Default', 'username': 'tempest-AbsoluteLimitsNegativeTestJSON-1107182145-project-member', 'project_domain_id': 'default', 'project_domain_name': 'Default', 'project_id': 'b3539080d9ce42dc8d53e476a68c4218', 'project_name': 'tempest-AbsoluteLimitsNegativeTestJSON-1107182145', 'tenant_id': 'b3539080d9ce42dc8d53e476a68c4218', 'tenant_name': 'tempest-AbsoluteLimitsNegativeTestJSON-1107182145', 'user_domain_id': 'default', 'user_domain_name': 'Default', 'user_id': '6e289d90760b4584a3504ddd263f0ff8', 'system': None}, Network: None, Subnet: None, Router: None
2024-12-12 08:11:07.662 66351 INFO tempest.lib.common.rest_client [req-94daf7e7-f2b3-4130-bb71-0b7053690311 req-94daf7e7-f2b3-4130-bb71-0b7053690311 ] Request (ServerActionsTestOtherA:setUpClass): 202 POST http://10.180.1.21/compute/v2.1/servers 1.769s
2024-12-12 08:11:07.684 66401 INFO tempest.lib.common.rest_client [req-ddf7098b-5e71-454b-9ab8-3f069f3781b6 req-ddf7098b-5e71-454b-9ab8-3f069f3781b6 ] Request (ServersAdminTestJSON:setUpClass): 201 POST http://10.180.1.21/identity/v3/auth/tokens 0.131s
2024-12-12 08:11:07.685 66401 INFO tempest.lib.common.fixed_network [-] (ServersAdminTestJSON:setUpClass) Found network {'id': 'f59f09e8-6201-4c07-9809-ef4c213de15f', 'name': 'tempest-ServersAdminTestJSON-906781315-network', 'tenant_id': '555fa612766f4b5fa173664ca3fa496c', 'admin_state_up': True, 'mtu': 8950, 'status': 'ACTIVE', 'subnets': [], 'shared': False, 'project_id': '555fa612766f4b5fa173664ca3fa496c', 'port_security_enabled': True, 'router:external': False, 'provider:network_type': 'vlan', 'provider:physical_network': 'default', 'provider:segmentation_id': 72, 'availability_zone_hints': [], 'availability_zones': [], 'ipv4_address_scope': None, 'ipv6_address_scope': None, 'description': '', 'tags': [], 'created_at': '2024-12-12T08:10:56Z', 'updated_at': '2024-12-12T08:10:56Z', 'revision_number': 1} available for tenant
2024-12-12 08:11:07.708 66399 INFO tempest.lib.common.rest_client [req-8583e572-19d9-4a7e-af7e-cb94ae5bdeea req-8583e572-19d9-4a7e-af7e-cb94ae5bdeea ] Request (VolumesAdminNegativeTest:setUpClass): 201 POST http://10.180.1.21:9696/networking/v2.0/routers 2.075s
2024-12-12 08:11:07.715 66349 INFO tempest.lib.common.rest_client [req-f20ce532-9737-4b31-ae31-fd266fff7c24 req-f20ce532-9737-4b31-ae31-fd266fff7c24 ] Request (HypervisorAdminV253TestBase:setUpClass): 201 POST http://10.180.1.21/identity/v3/projects 0.152s
2024-12-12 08:11:07.770 66375 INFO tempest.lib.common.rest_client [req-05d287dd-2d3d-45d2-af31-49a658bcbbcc req-05d287dd-2d3d-45d2-af31-49a658bcbbcc ] Request (NetworksTest:tearDownClass): 200 GET http://10.180.1.21:9696/networking/v2.0/security-groups?tenant_id=cff81048bf6945bc909ef6d1a8ede4aa&name=default 0.226s
2024-12-12 08:11:07.774 66367 INFO tempest.lib.common.rest_client [req-b758d727-4029-40a4-841e-78aa56c5755e req-b758d727-4029-40a4-841e-78aa56c5755e ] Request (QuotaClassesAdmin257Test:setUpClass): 201 POST http://10.180.1.21/identity/v3/auth/tokens 0.203s
2024-12-12 08:11:07.789 66385 INFO tempest.lib.common.rest_client [req-50e23f06-df4f-4ddb-ac04-f0031592cd28 req-50e23f06-df4f-4ddb-ac04-f0031592cd28 ] Request (AbsoluteLimitsNegativeTestJSON:setUpClass): 201 POST http://10.180.1.21/identity/v3/auth/tokens 0.143s
2024-12-12 08:11:07.844 66349 INFO tempest.lib.common.rest_client [req-fa873276-babd-416a-9964-f1b490bc0712 req-fa873276-babd-416a-9964-f1b490bc0712 ] Request (HypervisorAdminV253TestBase:setUpClass): 201 POST http://10.180.1.21/identity/v3/users 0.128s
2024-12-12 08:11:07.875 66375 INFO tempest.lib.common.rest_client [req-917d5188-05b7-4d34-9615-3c51f102a375 req-917d5188-05b7-4d34-9615-3c51f102a375 ] Request (NetworksTest:tearDownClass): 204 DELETE http://10.180.1.21:9696/networking/v2.0/security-groups/855aaa24-1ccb-4a5d-91d4-515dafe64db7 0.105s
2024-12-12 08:11:07.904 66349 INFO tempest.lib.common.rest_client [req-8adac089-b667-4a48-8af4-b2a877a9d283 req-8adac089-b667-4a48-8af4-b2a877a9d283 ] Request (HypervisorAdminV253TestBase:setUpClass): 200 GET http://10.180.1.21/identity/v3/roles 0.060s
2024-12-12 08:11:07.916 66343 INFO tempest.lib.common.rest_client [req-4d4cfd9f-5c48-4e61-990b-e3c549a8ac75 req-4d4cfd9f-5c48-4e61-990b-e3c549a8ac75 ] Request (FlavorsExtraSpecsTestJSON:setUpClass): 200 POST http://10.180.1.21/compute/v2.1/flavors 1.710s
2024-12-12 08:11:07.922 66367 INFO tempest.lib.common.rest_client [req-2cd2101b-1a6e-4c65-bb06-a10b9fa5b2fc req-2cd2101b-1a6e-4c65-bb06-a10b9fa5b2fc ] Request (QuotaClassesAdmin257Test:setUpClass): 201 POST http://10.180.1.21/identity/v3/projects 0.148s
2024-12-12 08:11:07.930 66363 INFO tempest.lib.common.rest_client [req-d2c34fe6-f807-4ad3-b2b7-938968da9b98 req-d2c34fe6-f807-4ad3-b2b7-938968da9b98 ] Request (HostsAdminNegativeTestJSON:test_reboot_host_with_non_admin_user): 403 GET http://10.180.1.21/compute/v2.1/os-hosts/devstack/reboot 1.645s
2024-12-12 08:11:07.933 66365 INFO tempest.lib.common.rest_client [req-e19bac39-2ecf-4ff3-a5b5-23577d1c56de req-e19bac39-2ecf-4ff3-a5b5-23577d1c56de ] Request (VolumesAssistedSnapshotsTest:setUpClass): 201 POST http://10.180.1.21:9696/networking/v2.0/subnets 0.486s
2024-12-12 08:11:08.004 66375 INFO tempest.lib.common.rest_client [req-ae6c6a57-0ae9-47f6-bef7-d4485778eaf8 req-ae6c6a57-0ae9-47f6-bef7-d4485778eaf8 ] Request (NetworksTest:tearDownClass): 204 DELETE http://10.180.1.21/identity/v3/projects/cff81048bf6945bc909ef6d1a8ede4aa 0.129s
2024-12-12 08:11:08.005 66375 INFO tempest.lib.common.dynamic_creds [-] Deleting project and security group for project: 77b7dfb435ac4bbf94896a42b1321554
2024-12-12 08:11:08.033 66377 INFO tempest.lib.common.rest_client [req-0a1bc756-2ba5-401a-9e42-9218746fcb2a req-0a1bc756-2ba5-401a-9e42-9218746fcb2a ] Request (ServerDiagnosticsV248Test:test_get_server_diagnostics): 200 GET http://10.180.1.21/compute/v2.1/servers/ceadcb5e-ee82-4441-b046-f79b973ec05e 1.719s
2024-12-12 08:11:08.062 66373 INFO tempest.lib.common.rest_client [req-9ee4c93b-03a5-4254-98e3-2e17375f168b req-9ee4c93b-03a5-4254-98e3-2e17375f168b ] Request (FlavorsV261TestJSON:test_crud_flavor): 200 PUT http://10.180.1.21/compute/v2.1/flavors/494976957 1.739s
2024-12-12 08:11:08.075 66349 INFO tempest.lib.common.rest_client [req-f6b411fa-3965-4df5-96ae-b97e80c7fffe req-f6b411fa-3965-4df5-96ae-b97e80c7fffe ] Request (HypervisorAdminV253TestBase:setUpClass): 204 PUT http://10.180.1.21/identity/v3/projects/5553fb9a33f345d5b5c7b0c48e366d02/users/578013930fed4828b086b3fdb4409225/roles/b5ab3d46236945eb9c84cd8314b81899 0.170s
2024-12-12 08:11:08.075 66349 INFO tempest.lib.common.dynamic_creds [-] Dynamic test user 578013930fed4828b086b3fdb4409225 is created with scope project and roles: ['member']
2024-12-12 08:11:08.075 66349 INFO tempest.lib.common.dynamic_creds [-] Acquired dynamic creds: credentials: Credentials: {'domain_id': 'default', 'domain_name': 'Default', 'username': 'tempest-HypervisorAdminV253TestBase-2003391020-project-member', 'project_domain_id': 'default', 'project_domain_name': 'Default', 'project_id': '5553fb9a33f345d5b5c7b0c48e366d02', 'project_name': 'tempest-HypervisorAdminV253TestBase-2003391020', 'tenant_id': '5553fb9a33f345d5b5c7b0c48e366d02', 'tenant_name': 'tempest-HypervisorAdminV253TestBase-2003391020', 'user_domain_id': 'default', 'user_domain_name': 'Default', 'user_id': '578013930fed4828b086b3fdb4409225', 'system': None}, Network: None, Subnet: None, Router: None
2024-12-12 08:11:08.075 66349 INFO tempest.lib.common.dynamic_creds [-] Created isolated network resources for: credentials: Credentials: {'domain_id': 'default', 'domain_name': 'Default', 'username': 'tempest-HypervisorAdminV253TestBase-2003391020-project-member', 'project_domain_id': 'default', 'project_domain_name': 'Default', 'project_id': '5553fb9a33f345d5b5c7b0c48e366d02', 'project_name': 'tempest-HypervisorAdminV253TestBase-2003391020', 'tenant_id': '5553fb9a33f345d5b5c7b0c48e366d02', 'tenant_name': 'tempest-HypervisorAdminV253TestBase-2003391020', 'user_domain_id': 'default', 'user_domain_name': 'Default', 'user_id': '578013930fed4828b086b3fdb4409225', 'system': None}, Network: None, Subnet: None, Router: None
2024-12-12 08:11:08.089 66353 INFO tempest.lib.common.rest_client [req-3149af05-9748-4cb4-84b1-37924e9c2d96 req-3149af05-9748-4cb4-84b1-37924e9c2d96 ] Request (KeyPairsV2TestJSON:_run_cleanups): 202 DELETE http://10.180.1.21/compute/v2.1/os-keypairs/tempest-keypair-1142131475 1.754s
2024-12-12 08:11:08.140 66367 INFO tempest.lib.common.rest_client [req-2fc701bd-514b-4700-8ad9-2bb9b9aab311 req-2fc701bd-514b-4700-8ad9-2bb9b9aab311 ] Request (QuotaClassesAdmin257Test:setUpClass): 201 POST http://10.180.1.21/identity/v3/users 0.217s
2024-12-12 08:11:08.156 66367 INFO tempest.lib.common.rest_client [req-36961d74-0fc2-4c36-869e-a2546c77d572 req-36961d74-0fc2-4c36-869e-a2546c77d572 ] Request (QuotaClassesAdmin257Test:setUpClass): 200 GET http://10.180.1.21/identity/v3/roles 0.016s
2024-12-12 08:11:08.160 66397 INFO tempest.lib.common.rest_client [req-1fcd5c25-0ab0-444c-aa3c-c259b03234c1 req-1fcd5c25-0ab0-444c-aa3c-c259b03234c1 ] Request (AggregatesAdminNegativeTestJSON:test_aggregate_add_existent_host): 200 POST http://10.180.1.21/compute/v2.1/os-aggregates/1/action 2.097s
2024-12-12 08:11:08.169 66369 INFO tempest.lib.common.rest_client [req-1dc44d3d-56b2-4a9e-ae1a-60b89adb31c6 req-1dc44d3d-56b2-4a9e-ae1a-60b89adb31c6 ] Request (ServersAdminNegativeTestJSON:setUpClass): 200 GET http://10.180.1.21/compute/v2.1/servers/c8b7568b-ba07-4f65-818b-f84910209361 1.756s
2024-12-12 08:11:08.171 66349 INFO tempest.lib.common.rest_client [req-f1d8ae8b-bdd9-4273-af78-17c239a44d29 req-f1d8ae8b-bdd9-4273-af78-17c239a44d29 ] Request (HypervisorAdminV253TestBase:setUpClass): 201 POST http://10.180.1.21/identity/v3/auth/tokens 0.091s
2024-12-12 08:11:08.185 66367 INFO tempest.lib.common.rest_client [req-43add3b4-4180-4b93-81e6-7164f2ff0cc9 req-43add3b4-4180-4b93-81e6-7164f2ff0cc9 ] Request (QuotaClassesAdmin257Test:setUpClass): 204 PUT http://10.180.1.21/identity/v3/projects/fc23993ce737471496aa8938714c7007/users/e4e8bce61a2d44768d85eec7e552608c/roles/1e60793d0a2a439ab760e7bede9bb722 0.028s
2024-12-12 08:11:08.197 66393 INFO tempest.lib.common.rest_client [req-ed0b5c84-e000-4f93-a45e-f39a10a0e80d req-ed0b5c84-e000-4f93-a45e-f39a10a0e80d ] Request (FlavorsV255TestJSON:test_crud_flavor): 200 GET http://10.180.1.21/compute/v2.1/flavors 1.506s
2024-12-12 08:11:08.204 66349 INFO tempest.lib.common.rest_client [req-29739f84-2f09-4ba2-8c38-c575f9051a0c req-29739f84-2f09-4ba2-8c38-c575f9051a0c ] Request (HypervisorAdminV253TestBase:setUpClass): 201 POST http://10.180.1.21/identity/v3/projects 0.032s
2024-12-12 08:11:08.216 66347 INFO tempest.lib.common.rest_client [req-ba2161cf-a863-494e-85f4-338895dec7a5 req-ba2161cf-a863-494e-85f4-338895dec7a5 ] Request (ImagesMetadataNegativeTestJSON:test_list_nonexistent_image_metadata): 404 GET http://10.180.1.21/compute/v2.1/images/0f3195fc-c840-4404-b6e7-b0eca878db28/metadata 1.507s
2024-12-12 08:11:08.229 66375 INFO tempest.lib.common.rest_client [req-c0075fb1-641b-44ab-9bf4-ec4d72bb2623 req-c0075fb1-641b-44ab-9bf4-ec4d72bb2623 ] Request (NetworksTest:tearDownClass): 200 GET http://10.180.1.21:9696/networking/v2.0/security-groups?tenant_id=77b7dfb435ac4bbf94896a42b1321554&name=default 0.224s
2024-12-12 08:11:08.242 66341 INFO tempest.lib.common.rest_client [req-fc465edc-4ca3-4e8b-98c8-05b0e2ef8824 req-fc465edc-4ca3-4e8b-98c8-05b0e2ef8824 ] Request (HypervisorAdminNegativeUnderV252Test:test_show_servers_with_non_admin_user): 200 GET http://10.180.1.21/compute/v2.1/os-hypervisors 1.490s
2024-12-12 08:11:08.263 66361 INFO tempest.lib.common.rest_client [req-afb67cba-a3ee-4d4d-a38e-a60a7f753d39 req-afb67cba-a3ee-4d4d-a38e-a60a7f753d39 ] Request (HypervisorAdminUnderV252Test:test_search_hypervisor): 200 GET http://10.180.1.21/compute/v2.1/os-hypervisors/domain-c8.fc996f14-c53b-4953-92e3-bdfa48f5cc28/search 1.484s
2024-12-12 08:11:08.280 66367 INFO tempest.lib.common.rest_client [req-9937506a-ccf5-4ccb-be6c-bdaafdd6c870 req-9937506a-ccf5-4ccb-be6c-bdaafdd6c870 ] Request (QuotaClassesAdmin257Test:setUpClass): 200 GET http://10.180.1.21/identity/v3/roles 0.095s
2024-12-12 08:11:08.288 66371 INFO tempest.lib.common.rest_client [req-11808f6b-3463-4a50-a726-65a1af085f27 req-11808f6b-3463-4a50-a726-65a1af085f27 ] Request (FlavorsAdminTestJSON:test_create_flavor_verify_entry_in_list_details): 200 POST http://10.180.1.21/compute/v2.1/flavors 1.500s
2024-12-12 08:11:08.306 66349 INFO tempest.lib.common.rest_client [req-b8995d75-3c52-43d2-808a-aef82019664d req-b8995d75-3c52-43d2-808a-aef82019664d ] Request (HypervisorAdminV253TestBase:setUpClass): 201 POST http://10.180.1.21/identity/v3/users 0.101s
2024-12-12 08:11:08.328 66381 INFO tempest.lib.common.rest_client [req-5501d372-c09c-4f9c-a18b-3e6bb626dbb9 req-5501d372-c09c-4f9c-a18b-3e6bb626dbb9 ] Request (FlavorsAccessTestJSON:test_flavor_access_add_remove): 200 POST http://10.180.1.21/compute/v2.1/flavors/964868613/action 1.679s
2024-12-12 08:11:08.331 66367 INFO tempest.lib.common.rest_client [req-0806c534-4bfe-4d64-aed0-7e0bca4f37d1 req-0806c534-4bfe-4d64-aed0-7e0bca4f37d1 ] Request (QuotaClassesAdmin257Test:setUpClass): 204 PUT http://10.180.1.21/identity/v3/projects/fc23993ce737471496aa8938714c7007/users/e4e8bce61a2d44768d85eec7e552608c/roles/1e60793d0a2a439ab760e7bede9bb722 0.050s
2024-12-12 08:11:08.332 66367 INFO tempest.lib.common.dynamic_creds [-] Dynamic test user e4e8bce61a2d44768d85eec7e552608c is created with scope project and roles: ['admin']
2024-12-12 08:11:08.332 66367 INFO tempest.lib.common.dynamic_creds [-] Acquired dynamic creds: credentials: Credentials: {'domain_id': 'default', 'domain_name': 'Default', 'username': 'tempest-QuotaClassesAdmin257Test-2105574007-project-admin', 'project_domain_id': 'default', 'project_domain_name': 'Default', 'project_id': 'fc23993ce737471496aa8938714c7007', 'project_name': 'tempest-QuotaClassesAdmin257Test-2105574007', 'tenant_id': 'fc23993ce737471496aa8938714c7007', 'tenant_name': 'tempest-QuotaClassesAdmin257Test-2105574007', 'user_domain_id': 'default', 'user_domain_name': 'Default', 'user_id': 'e4e8bce61a2d44768d85eec7e552608c', 'system': None}, Network: None, Subnet: None, Router: None
2024-12-12 08:11:08.332 66367 INFO tempest.lib.common.dynamic_creds [-] Created isolated network resources for: credentials: Credentials: {'domain_id': 'default', 'domain_name': 'Default', 'username': 'tempest-QuotaClassesAdmin257Test-2105574007-project-admin', 'project_domain_id': 'default', 'project_domain_name': 'Default', 'project_id': 'fc23993ce737471496aa8938714c7007', 'project_name': 'tempest-QuotaClassesAdmin257Test-2105574007', 'tenant_id': 'fc23993ce737471496aa8938714c7007', 'tenant_name': 'tempest-QuotaClassesAdmin257Test-2105574007', 'user_domain_id': 'default', 'user_domain_name': 'Default', 'user_id': 'e4e8bce61a2d44768d85eec7e552608c', 'system': None}, Network: None, Subnet: None, Router: None
2024-12-12 08:11:08.380 66361 INFO tempest.lib.common.rest_client [req-83baccd7-c01b-4e6f-a9f9-4f833a46dab5 req-83baccd7-c01b-4e6f-a9f9-4f833a46dab5 ] Request (HypervisorAdminUnderV252Test:tearDownClass): 204 DELETE http://10.180.1.21/identity/v3/users/f26c8d2831314bada2d4699ec1c4d624 0.113s
2024-12-12 08:11:08.418 66375 INFO tempest.lib.common.rest_client [req-95e86233-b903-4a67-9f0e-22df878bf1ff req-95e86233-b903-4a67-9f0e-22df878bf1ff ] Request (NetworksTest:tearDownClass): 204 DELETE http://10.180.1.21:9696/networking/v2.0/security-groups/a45a89b4-b66d-4146-9e17-49b771035b0d 0.188s
2024-12-12 08:11:08.441 66349 INFO tempest.lib.common.rest_client [req-0bf0dede-ba99-4cba-8e78-4f200110984f req-0bf0dede-ba99-4cba-8e78-4f200110984f ] Request (HypervisorAdminV253TestBase:setUpClass): 200 GET http://10.180.1.21/identity/v3/roles 0.134s
