2024-12-12 08:13:24.730 66363 INFO tempest.lib.common.rest_client [req-e849b6fc-d83a-4f61-9840-13faf36498f8 req-e849b6fc-d83a-4f61-9840-13faf36498f8 ] Request (ListServersNegativeTestJSON:tearDownClass): 200 GET http://10.180.1.21/compute/v2.1/servers/56790738-4759-468a-9f43-f9c2bc2de23a 0.195s
2024-12-12 08:13:24.779 66343 INFO tempest.lib.common.rest_client [req-3d0ba429-5324-4dc6-8821-a85a3f2ed4d6 req-3d0ba429-5324-4dc6-8821-a85a3f2ed4d6 ] Request (ServersTestMultiNic:_run_cleanups): 200 GET http://10.180.1.21/compute/v2.1/servers/cfefa7c8-4986-4ad0-ac20-8784ee44a737 0.148s
2024-12-12 08:13:24.789 66375 INFO tempest.lib.common.rest_client [req-f888d649-44fb-4fb7-a837-bccd90111e64 req-f888d649-44fb-4fb7-a837-bccd90111e64 ] Request (DeleteServersTestJSON:test_delete_server_while_in_attached_volume): 200 GET http://10.180.1.21/compute/v2.1/servers/d8780c40-0099-4ccc-84ae-72fbb14fa1ee 0.139s
2024-12-12 08:13:24.827 66367 INFO tempest.lib.common.rest_client [req-8a9bfc67-10b2-45d0-b4a2-84b6dc49e80b req-8a9bfc67-10b2-45d0-b4a2-84b6dc49e80b ] Request (ServerAddressesNegativeTestJSON:setUpClass): 200 GET http://10.180.1.21/compute/v2.1/servers/22380aef-c725-43a0-a957-06ced9518c21 0.126s
2024-12-12 08:13:24.841 66387 INFO tempest.lib.common.rest_client [req-982e8f68-85bc-4eee-a34f-fbc4ea6995f4 req-982e8f68-85bc-4eee-a34f-fbc4ea6995f4 ] Request (DeleteServersAdminTestJSON:test_delete_server_while_in_error_state): 200 GET http://10.180.1.21/compute/v2.1/servers/40c7a9b8-d541-464a-ba87-76cfc183ae31 0.132s
2024-12-12 08:13:25.017 66389 INFO tempest.lib.common.rest_client [req-76713a82-ea97-4d8d-a74d-5a149a7c388d req-76713a82-ea97-4d8d-a74d-5a149a7c388d ] Request (ImagesOneServerTestJSON:setUpClass): 200 GET http://10.180.1.21/compute/v2.1/servers/4e3dee19-b99a-4257-88da-1b0531e2c0f9 0.055s
2024-12-12 08:13:25.028 66401 INFO tempest.lib.common.rest_client [req-f33a5d6b-8bfa-4ed7-8ace-392c23abb06a req-f33a5d6b-8bfa-4ed7-8ace-392c23abb06a ] Request (ServersAdminTestJSON:test_inject_network_info): 200 GET http://10.180.1.21/compute/v2.1/servers/dac173ff-1807-405f-a59c-bb2efef62a0c 0.058s
2024-12-12 08:13:25.128 66377 INFO tempest.lib.common.rest_client [req-bceb3954-94e2-4796-b433-45208b8e5aae req-bceb3954-94e2-4796-b433-45208b8e5aae ] Request (ServersTestBootFromVolume:setUpClass): 200 GET http://10.180.1.21/compute/v2.1/servers/765cf18e-53a0-4cc6-ad0e-337a6f68915c 0.052s
2024-12-12 08:13:25.257 66385 INFO tempest.lib.common.rest_client [req-9147a5e2-4fe8-45a1-9c7a-bcecb595d9ed req-9147a5e2-4fe8-45a1-9c7a-bcecb595d9ed ] Request (ServerShowV247Test:tearDownClass): 200 GET http://10.180.1.21/compute/v2.1/servers/42497ab5-cce9-4614-a6d1-dffbf6764d7b 0.071s
2024-12-12 08:13:25.307 66361 INFO tempest.lib.common.rest_client [req-1a26f22c-5453-4308-a7d8-8a75ca483180 req-1a26f22c-5453-4308-a7d8-8a75ca483180 ] Request (ImagesNegativeTestJSON:test_create_image_from_deleted_server): 200 GET http://10.180.1.21/compute/v2.1/servers/1b4efc0f-474f-4a32-b199-c14f27b183e2 0.052s
2024-12-12 08:13:25.311 66379 INFO tempest.lib.common.rest_client [req-bc79bc6d-64da-45b3-bee9-01eeb7d6c93b req-bc79bc6d-64da-45b3-bee9-01eeb7d6c93b ] Request (ImagesTestJSON:test_create_image_from_suspended_server): 200 GET http://10.180.1.21/compute/v2.1/servers/3b506d10-a427-47b8-ab5f-c35e450b7eb1 0.116s
2024-12-12 08:13:25.382 66341 INFO tempest.lib.common.rest_client [req-dcefd92e-73bf-4000-bd08-bb86be3c0c74 req-dcefd92e-73bf-4000-bd08-bb86be3c0c74 ] Request (ServerExternalEventsTest:tearDownClass): 200 GET http://10.180.1.21/compute/v2.1/servers/f7d5c77d-6c78-4969-b511-2b03ab624c84 0.057s
2024-12-12 08:13:25.450 66339 INFO tempest.lib.common.rest_client [req-03a5485c-2762-4fa2-be2e-a4bca72c1922 req-03a5485c-2762-4fa2-be2e-a4bca72c1922 ] Request (FloatingIPsAssociationTestJSON:setUpClass): 200 GET http://10.180.1.21/compute/v2.1/servers/09eefc1a-011b-4d2c-ab75-a1fcee740907 0.052s
2024-12-12 08:13:25.537 66369 INFO tempest.lib.common.rest_client [req-f6dc5376-1d64-4d59-a5ef-07657b3a7a9a req-f6dc5376-1d64-4d59-a5ef-07657b3a7a9a ] Request (ServersAdminNegativeTestJSON:tearDownClass): 200 GET http://10.180.1.21/compute/v2.1/servers/c8b7568b-ba07-4f65-818b-f84910209361 0.058s
2024-12-12 08:13:25.596 66397 INFO tempest.lib.common.rest_client [req-9b51d712-56a6-4de1-a92a-3c68a974fd59 req-9b51d712-56a6-4de1-a92a-3c68a974fd59 ] Request (InstanceActionsTestJSON:setUpClass): 200 GET http://10.180.1.21/compute/v2.1/servers/f19c860f-736a-4783-8ef5-8262040e53a3 0.054s
2024-12-12 08:13:25.629 66395 INFO tempest.lib.common.rest_client [req-443aebcb-678e-473d-9c6c-ad7912aead70 req-443aebcb-678e-473d-9c6c-ad7912aead70 ] Request (ListImageFiltersTestJSON:setUpClass): 200 GET http://10.180.1.21/compute/v2.1/images/1e6faf8f-6642-477c-a1fa-a8b2e31e7a75 0.079s
2024-12-12 08:13:25.644 66391 INFO tempest.lib.common.rest_client [req-19988899-a25e-4ce5-88e0-aa3f262ebda2 req-19988899-a25e-4ce5-88e0-aa3f262ebda2 ] Request (ServerDiskConfigTestJSON:test_rebuild_server_with_auto_disk_config): 200 GET http://10.180.1.21/compute/v2.1/servers/51eaac08-75fd-49f9-9b1a-cc2a2d799634 0.128s
2024-12-12 08:13:25.659 66365 INFO tempest.lib.common.rest_client [req-763d45fc-bfcd-4ff0-9e7e-9e763a88eb29 req-763d45fc-bfcd-4ff0-9e7e-9e763a88eb29 ] Request (VolumesAssistedSnapshotsTest:_run_cleanups): 200 GET http://10.180.1.21/compute/v2.1/servers/91902e7f-8c15-447b-a3a8-04433434b1b6/os-volume_attachments 0.092s
2024-12-12 08:13:25.693 66345 INFO tempest.lib.common.rest_client [req-0d60d4a2-8969-4c5b-a0d3-94d93c5a1bc9 req-0d60d4a2-8969-4c5b-a0d3-94d93c5a1bc9 ] Request (MigrationsAdminTest:test_resize_server_revert_deleted_flavor): 200 GET http://10.180.1.21/compute/v2.1/servers/a1551278-a306-4534-8d8d-3b3a003dde04 0.087s
2024-12-12 08:13:25.698 66345 INFO tempest.common.waiters [-] State transition "BUILD/scheduling" ==> "BUILD/None" after 48 second wait
2024-12-12 08:13:25.710 66355 INFO tempest.lib.common.rest_client [req-28d2931d-fc8a-478b-b88f-72b32a0123c2 req-28d2931d-fc8a-478b-b88f-72b32a0123c2 ] Request (ListServerFiltersTestJSON:setUpClass): 200 GET http://10.180.1.21/compute/v2.1/servers/24cb49c8-b2ef-4ede-aea6-6e34081beca1 0.075s
2024-12-12 08:13:25.750 66349 INFO tempest.lib.common.rest_client [req-c8d7f451-1345-435a-98a3-102c65f34986 req-c8d7f451-1345-435a-98a3-102c65f34986 ] Request (ServerShowV254Test:tearDownClass): 200 GET http://10.180.1.21/compute/v2.1/servers/1462d213-3f9a-4c60-8056-0b68f20a4939 0.079s
2024-12-12 08:13:25.762 66351 INFO tempest.lib.common.rest_client [req-bdb53e97-45f5-4945-86b6-7d15043ff3b8 req-bdb53e97-45f5-4945-86b6-7d15043ff3b8 ] Request (ServerActionsTestOtherA:test_rebuild_server_in_stop_state): 200 GET http://10.180.1.21/compute/v2.1/servers/80ef3fd4-b9ef-4fd2-a991-feec78a0c81d 0.086s
2024-12-12 08:13:25.798 66381 INFO tempest.lib.common.rest_client [req-65dd4b44-8a18-42aa-bf39-7b2ddd6f6466 req-65dd4b44-8a18-42aa-bf39-7b2ddd6f6466 ] Request (SecurityGroupsTestJSON:test_server_security_groups): 200 GET http://10.180.1.21/compute/v2.1/servers/ad374dd9-a92d-4b76-9609-7562346e05a8 0.064s
2024-12-12 08:13:25.815 66363 INFO tempest.lib.common.rest_client [req-fda6ea89-ae9b-4cd7-83fe-08b4faaafd75 req-fda6ea89-ae9b-4cd7-83fe-08b4faaafd75 ] Request (ListServersNegativeTestJSON:tearDownClass): 200 GET http://10.180.1.21/compute/v2.1/servers/56790738-4759-468a-9f43-f9c2bc2de23a 0.077s
2024-12-12 08:13:25.855 66343 INFO tempest.lib.common.rest_client [req-36965aba-9d42-418e-b07a-818f0be5993a req-36965aba-9d42-418e-b07a-818f0be5993a ] Request (ServersTestMultiNic:_run_cleanups): 200 GET http://10.180.1.21/compute/v2.1/servers/cfefa7c8-4986-4ad0-ac20-8784ee44a737 0.068s
2024-12-12 08:13:25.863 66375 INFO tempest.lib.common.rest_client [req-a46ce048-5ddd-4730-82dc-dd2b0cd9c166 req-a46ce048-5ddd-4730-82dc-dd2b0cd9c166 ] Request (DeleteServersTestJSON:test_delete_server_while_in_attached_volume): 200 GET http://10.180.1.21/compute/v2.1/servers/d8780c40-0099-4ccc-84ae-72fbb14fa1ee 0.067s
2024-12-12 08:13:25.908 66367 INFO tempest.lib.common.rest_client [req-ed3b3b4f-0fde-4523-b4f4-17570c5c8fe7 req-ed3b3b4f-0fde-4523-b4f4-17570c5c8fe7 ] Request (ServerAddressesNegativeTestJSON:setUpClass): 200 GET http://10.180.1.21/compute/v2.1/servers/22380aef-c725-43a0-a957-06ced9518c21 0.073s
2024-12-12 08:13:25.916 66387 INFO tempest.lib.common.rest_client [req-f16bfec4-922c-444b-8425-47187fddf188 req-f16bfec4-922c-444b-8425-47187fddf188 ] Request (DeleteServersAdminTestJSON:test_delete_server_while_in_error_state): 200 GET http://10.180.1.21/compute/v2.1/servers/40c7a9b8-d541-464a-ba87-76cfc183ae31 0.065s
2024-12-12 08:13:26.090 66389 INFO tempest.lib.common.rest_client [req-b6f34e13-a57a-4cf7-b645-ef0d08f1bbd9 req-b6f34e13-a57a-4cf7-b645-ef0d08f1bbd9 ] Request (ImagesOneServerTestJSON:setUpClass): 200 GET http://10.180.1.21/compute/v2.1/servers/4e3dee19-b99a-4257-88da-1b0531e2c0f9 0.064s
2024-12-12 08:13:26.099 66401 INFO tempest.lib.common.rest_client [req-f887f701-0d47-4b0f-a147-528397503021 req-f887f701-0d47-4b0f-a147-528397503021 ] Request (ServersAdminTestJSON:test_inject_network_info): 200 GET http://10.180.1.21/compute/v2.1/servers/dac173ff-1807-405f-a59c-bb2efef62a0c 0.064s
2024-12-12 08:13:26.184 66377 INFO tempest.lib.common.rest_client [req-e8a5d8c0-481b-4240-819e-967aaca04e68 req-e8a5d8c0-481b-4240-819e-967aaca04e68 ] Request (ServersTestBootFromVolume:setUpClass): 200 GET http://10.180.1.21/compute/v2.1/servers/765cf18e-53a0-4cc6-ad0e-337a6f68915c 0.049s
2024-12-12 08:13:26.333 66385 INFO tempest.lib.common.rest_client [req-ebef1bc8-1d58-4ae2-a6a1-9f637bc8fd11 req-ebef1bc8-1d58-4ae2-a6a1-9f637bc8fd11 ] Request (ServerShowV247Test:tearDownClass): 200 GET http://10.180.1.21/compute/v2.1/servers/42497ab5-cce9-4614-a6d1-dffbf6764d7b 0.067s
2024-12-12 08:13:26.363 66361 INFO tempest.lib.common.rest_client [req-f548bc75-fa57-4195-9ab8-792eaf2f4310 req-f548bc75-fa57-4195-9ab8-792eaf2f4310 ] Request (ImagesNegativeTestJSON:test_create_image_from_deleted_server): 200 GET http://10.180.1.21/compute/v2.1/servers/1b4efc0f-474f-4a32-b199-c14f27b183e2 0.048s
2024-12-12 08:13:26.420 66379 INFO tempest.lib.common.rest_client [req-1b4951de-f4bf-46b7-8efe-913c11873300 req-1b4951de-f4bf-46b7-8efe-913c11873300 ] Request (ImagesTestJSON:test_create_image_from_suspended_server): 200 GET http://10.180.1.21/compute/v2.1/servers/3b506d10-a427-47b8-ab5f-c35e450b7eb1 0.100s
2024-12-12 08:13:26.449 66341 INFO tempest.lib.common.rest_client [req-958ea558-896b-4f7c-8ad7-2fb2d812de08 req-958ea558-896b-4f7c-8ad7-2fb2d812de08 ] Request (ServerExternalEventsTest:tearDownClass): 200 GET http://10.180.1.21/compute/v2.1/servers/f7d5c77d-6c78-4969-b511-2b03ab624c84 0.059s
2024-12-12 08:13:26.504 66339 INFO tempest.lib.common.rest_client [req-9bfe548c-e73e-41e9-ae77-6b34815bf3ab req-9bfe548c-e73e-41e9-ae77-6b34815bf3ab ] Request (FloatingIPsAssociationTestJSON:setUpClass): 200 GET http://10.180.1.21/compute/v2.1/servers/09eefc1a-011b-4d2c-ab75-a1fcee740907 0.048s
2024-12-12 08:13:26.600 66369 INFO tempest.lib.common.rest_client [req-36e87b09-736f-4386-be33-929571966ef5 req-36e87b09-736f-4386-be33-929571966ef5 ] Request (ServersAdminNegativeTestJSON:tearDownClass): 200 GET http://10.180.1.21/compute/v2.1/servers/c8b7568b-ba07-4f65-818b-f84910209361 0.056s
2024-12-12 08:13:26.656 66397 INFO tempest.lib.common.rest_client [req-a594d02f-de72-4e59-b38b-a15f57131750 req-a594d02f-de72-4e59-b38b-a15f57131750 ] Request (InstanceActionsTestJSON:setUpClass): 200 GET http://10.180.1.21/compute/v2.1/servers/f19c860f-736a-4783-8ef5-8262040e53a3 0.053s
2024-12-12 08:13:26.666 66395 INFO tempest.lib.common.rest_client [req-6ee6a7f6-f7a2-4186-80d8-62816dd9b980 req-6ee6a7f6-f7a2-4186-80d8-62816dd9b980 ] Request (ListImageFiltersTestJSON:setUpClass): 200 GET http://10.180.1.21/compute/v2.1/images/1e6faf8f-6642-477c-a1fa-a8b2e31e7a75 0.033s
2024-12-12 08:13:26.693 66365 INFO tempest.lib.common.rest_client [req-6ef1727c-c27e-45e5-b583-2c4d3e66b509 req-6ef1727c-c27e-45e5-b583-2c4d3e66b509 ] Request (VolumesAssistedSnapshotsTest:_run_cleanups): 200 GET http://10.180.1.21/compute/v2.1/servers/91902e7f-8c15-447b-a3a8-04433434b1b6/os-volume_attachments 0.032s
2024-12-12 08:13:26.747 66345 INFO tempest.lib.common.rest_client [req-fa4c5f8f-7dad-4759-923c-e33e9202cf34 req-fa4c5f8f-7dad-4759-923c-e33e9202cf34 ] Request (MigrationsAdminTest:test_resize_server_revert_deleted_flavor): 200 GET http://10.180.1.21/compute/v2.1/servers/a1551278-a306-4534-8d8d-3b3a003dde04 0.048s
2024-12-12 08:13:26.753 66391 INFO tempest.lib.common.rest_client [req-6685ff17-9d79-4a4c-b3a0-8e0efc8a2048 req-6685ff17-9d79-4a4c-b3a0-8e0efc8a2048 ] Request (ServerDiskConfigTestJSON:test_rebuild_server_with_auto_disk_config): 200 GET http://10.180.1.21/compute/v2.1/servers/51eaac08-75fd-49f9-9b1a-cc2a2d799634 0.100s
2024-12-12 08:13:26.791 66355 INFO tempest.lib.common.rest_client [req-82b3ab02-ac2f-49f7-88c0-c79660e2e97e req-82b3ab02-ac2f-49f7-88c0-c79660e2e97e ] Request (ListServerFiltersTestJSON:setUpClass): 200 GET http://10.180.1.21/compute/v2.1/servers/24cb49c8-b2ef-4ede-aea6-6e34081beca1 0.074s
2024-12-12 08:13:26.827 66349 INFO tempest.lib.common.rest_client [req-00616a08-d28c-41fd-a691-d40a662fa754 req-00616a08-d28c-41fd-a691-d40a662fa754 ] Request (ServerShowV254Test:tearDownClass): 200 GET http://10.180.1.21/compute/v2.1/servers/1462d213-3f9a-4c60-8056-0b68f20a4939 0.069s
2024-12-12 08:13:26.838 66351 INFO tempest.lib.common.rest_client [req-cb32416b-4de8-48a5-9050-7dcdf9bccae4 req-cb32416b-4de8-48a5-9050-7dcdf9bccae4 ] Request (ServerActionsTestOtherA:test_rebuild_server_in_stop_state): 200 GET http://10.180.1.21/compute/v2.1/servers/80ef3fd4-b9ef-4fd2-a991-feec78a0c81d 0.068s
2024-12-12 08:13:26.870 66381 INFO tempest.lib.common.rest_client [req-bee45a7c-0b47-43c2-a11d-10fb9d3c54e0 req-bee45a7c-0b47-43c2-a11d-10fb9d3c54e0 ] Request (SecurityGroupsTestJSON:test_server_security_groups): 200 GET http://10.180.1.21/compute/v2.1/servers/ad374dd9-a92d-4b76-9609-7562346e05a8 0.065s
2024-12-12 08:13:26.890 66363 INFO tempest.lib.common.rest_client [req-0fc1f808-abd7-4da0-ad63-f77ee1461a8b req-0fc1f808-abd7-4da0-ad63-f77ee1461a8b ] Request (ListServersNegativeTestJSON:tearDownClass): 200 GET http://10.180.1.21/compute/v2.1/servers/56790738-4759-468a-9f43-f9c2bc2de23a 0.067s
2024-12-12 08:13:26.927 66343 INFO tempest.lib.common.rest_client [req-3e7a41cd-1eea-4141-9239-2a243e6378b7 req-3e7a41cd-1eea-4141-9239-2a243e6378b7 ] Request (ServersTestMultiNic:_run_cleanups): 200 GET http://10.180.1.21/compute/v2.1/servers/cfefa7c8-4986-4ad0-ac20-8784ee44a737 0.064s
2024-12-12 08:13:26.942 66375 INFO tempest.lib.common.rest_client [req-81dc9c47-b528-4af6-85ac-c251c8e5d8ca req-81dc9c47-b528-4af6-85ac-c251c8e5d8ca ] Request (DeleteServersTestJSON:test_delete_server_while_in_attached_volume): 200 GET http://10.180.1.21/compute/v2.1/servers/d8780c40-0099-4ccc-84ae-72fbb14fa1ee 0.069s
2024-12-12 08:13:26.972 66367 INFO tempest.lib.common.rest_client [req-13bc2ed6-1720-466e-a9de-d17b4f051012 req-13bc2ed6-1720-466e-a9de-d17b4f051012 ] Request (ServerAddressesNegativeTestJSON:setUpClass): 200 GET http://10.180.1.21/compute/v2.1/servers/22380aef-c725-43a0-a957-06ced9518c21 0.057s
2024-12-12 08:13:26.996 66387 INFO tempest.lib.common.rest_client [req-2bb2a0d1-fc33-462f-9ff5-e7083ca70323 req-2bb2a0d1-fc33-462f-9ff5-e7083ca70323 ] Request (DeleteServersAdminTestJSON:test_delete_server_while_in_error_state): 200 GET http://10.180.1.21/compute/v2.1/servers/40c7a9b8-d541-464a-ba87-76cfc183ae31 0.074s
2024-12-12 08:13:27.016 66383 INFO paramiko.transport [-] Connected (version 2.0, client dropbear_2020.81)
2024-12-12 08:13:27.080 66383 INFO paramiko.transport [-] Authentication (publickey) successful!
2024-12-12 08:13:27.081 66383 INFO tempest.lib.common.ssh [-] ssh connection to cirros@10.180.180.135 successfully created
2024-12-12 08:13:27.087 66383 INFO tempest.lib.common.ssh [-] Creating ssh connection to '10.180.180.135:22' as 'cirros' with public key authentication
2024-12-12 08:13:27.089 66383 INFO paramiko.transport [-] Connected (version 2.0, client dropbear_2020.81)
2024-12-12 08:13:27.151 66389 INFO tempest.lib.common.rest_client [req-06289a05-ce27-4895-80c2-6ca9322a8293 req-06289a05-ce27-4895-80c2-6ca9322a8293 ] Request (ImagesOneServerTestJSON:setUpClass): 200 GET http://10.180.1.21/compute/v2.1/servers/4e3dee19-b99a-4257-88da-1b0531e2c0f9 0.055s
2024-12-12 08:13:27.165 66401 INFO tempest.lib.common.rest_client [req-037c1425-e417-4ac5-948e-ffd4b704f3fe req-037c1425-e417-4ac5-948e-ffd4b704f3fe ] Request (ServersAdminTestJSON:test_inject_network_info): 200 GET http://10.180.1.21/compute/v2.1/servers/dac173ff-1807-405f-a59c-bb2efef62a0c 0.060s
2024-12-12 08:13:27.188 66383 INFO paramiko.transport [-] Authentication (publickey) successful!
2024-12-12 08:13:27.189 66383 INFO tempest.lib.common.ssh [-] ssh connection to cirros@10.180.180.135 successfully created
2024-12-12 08:13:27.241 66377 INFO tempest.lib.common.rest_client [req-b1a43909-0876-46b5-9412-583a7af8ff04 req-b1a43909-0876-46b5-9412-583a7af8ff04 ] Request (ServersTestBootFromVolume:setUpClass): 200 GET http://10.180.1.21/compute/v2.1/servers/765cf18e-53a0-4cc6-ad0e-337a6f68915c 0.049s
2024-12-12 08:13:27.413 66385 INFO tempest.lib.common.rest_client [req-cdd1d07b-ca57-411a-bc5b-924c00f3e939 req-cdd1d07b-ca57-411a-bc5b-924c00f3e939 ] Request (ServerShowV247Test:tearDownClass): 200 GET http://10.180.1.21/compute/v2.1/servers/42497ab5-cce9-4614-a6d1-dffbf6764d7b 0.069s
2024-12-12 08:13:27.434 66361 INFO tempest.lib.common.rest_client [req-3045a2d1-e7aa-4e52-b140-f43c2fe39d34 req-3045a2d1-e7aa-4e52-b140-f43c2fe39d34 ] Request (ImagesNegativeTestJSON:test_create_image_from_deleted_server): 200 GET http://10.180.1.21/compute/v2.1/servers/1b4efc0f-474f-4a32-b199-c14f27b183e2 0.063s
2024-12-12 08:13:27.548 66341 INFO tempest.lib.common.rest_client [req-dda6bb2e-3faf-442b-a745-2a8b77e6d2b4 req-dda6bb2e-3faf-442b-a745-2a8b77e6d2b4 ] Request (ServerExternalEventsTest:tearDownClass): 200 GET http://10.180.1.21/compute/v2.1/servers/f7d5c77d-6c78-4969-b511-2b03ab624c84 0.092s
2024-12-12 08:13:27.615 66339 INFO tempest.lib.common.rest_client [req-e3492907-c8e1-45ef-9676-69aeac01f841 req-e3492907-c8e1-45ef-9676-69aeac01f841 ] Request (FloatingIPsAssociationTestJSON:setUpClass): 200 GET http://10.180.1.21/compute/v2.1/servers/09eefc1a-011b-4d2c-ab75-a1fcee740907 0.104s
2024-12-12 08:13:27.631 66379 INFO tempest.lib.common.rest_client [req-77aa2046-1532-449b-a3fb-8ff63f62d8cb req-77aa2046-1532-449b-a3fb-8ff63f62d8cb ] Request (ImagesTestJSON:test_create_image_from_suspended_server): 200 GET http://10.180.1.21/compute/v2.1/servers/3b506d10-a427-47b8-ab5f-c35e450b7eb1 0.203s
2024-12-12 08:13:27.673 66369 INFO tempest.lib.common.rest_client [req-2d5c6d51-b3e9-4ea1-8fe6-19d389e176ac req-2d5c6d51-b3e9-4ea1-8fe6-19d389e176ac ] Request (ServersAdminNegativeTestJSON:tearDownClass): 200 GET http://10.180.1.21/compute/v2.1/servers/c8b7568b-ba07-4f65-818b-f84910209361 0.064s
2024-12-12 08:13:27.702 66395 INFO tempest.lib.common.rest_client [req-694e6d62-7672-45f8-8bd0-7c8a61b61f4a req-694e6d62-7672-45f8-8bd0-7c8a61b61f4a ] Request (ListImageFiltersTestJSON:setUpClass): 200 GET http://10.180.1.21/compute/v2.1/images/1e6faf8f-6642-477c-a1fa-a8b2e31e7a75 0.031s
2024-12-12 08:13:27.712 66397 INFO tempest.lib.common.rest_client [req-fd9344a4-c793-4c41-823c-f195716e053d req-fd9344a4-c793-4c41-823c-f195716e053d ] Request (InstanceActionsTestJSON:setUpClass): 200 GET http://10.180.1.21/compute/v2.1/servers/f19c860f-736a-4783-8ef5-8262040e53a3 0.049s
2024-12-12 08:13:27.728 66365 INFO tempest.lib.common.rest_client [req-98e0b33d-7a97-4950-8961-2110d6069823 req-98e0b33d-7a97-4950-8961-2110d6069823 ] Request (VolumesAssistedSnapshotsTest:_run_cleanups): 200 GET http://10.180.1.21/compute/v2.1/servers/91902e7f-8c15-447b-a3a8-04433434b1b6/os-volume_attachments 0.033s
2024-12-12 08:13:27.752 66365 INFO tempest.lib.common.rest_client [req-4563774d-cbc7-4a61-a0c7-fb2ca6eb598a req-4563774d-cbc7-4a61-a0c7-fb2ca6eb598a ] Request (VolumesAssistedSnapshotsTest:_run_cleanups): 200 GET http://10.180.1.21/volume/v3/volumes/b3ec9fe2-f38d-46f0-977a-134fc940c266 0.022s
2024-12-12 08:13:27.757 66365 INFO tempest.common.waiters [-] volume b3ec9fe2-f38d-46f0-977a-134fc940c266 reached available after waiting for 0.757724 seconds
2024-12-12 08:13:27.803 66365 INFO tempest.lib.common.rest_client [req-f92312a8-b03b-4d10-af5e-082406023b81 req-f92312a8-b03b-4d10-af5e-082406023b81 ] Request (VolumesAssistedSnapshotsTest:_run_cleanups): 202 DELETE http://10.180.1.21/volume/v3/volumes/b3ec9fe2-f38d-46f0-977a-134fc940c266 0.045s
2024-12-12 08:13:27.810 66359 INFO paramiko.transport [-] Connected (version 2.0, client dropbear_2020.81)
2024-12-12 08:13:27.829 66345 INFO tempest.lib.common.rest_client [req-9ce1571f-40bc-4b09-aeb1-03bd0f91e87f req-9ce1571f-40bc-4b09-aeb1-03bd0f91e87f ] Request (MigrationsAdminTest:test_resize_server_revert_deleted_flavor): 200 GET http://10.180.1.21/compute/v2.1/servers/a1551278-a306-4534-8d8d-3b3a003dde04 0.074s
2024-12-12 08:13:27.830 66365 INFO tempest.lib.common.rest_client [req-19286980-b60a-4207-b285-6eeb87a4ff00 req-19286980-b60a-4207-b285-6eeb87a4ff00 ] Request (VolumesAssistedSnapshotsTest:_run_cleanups): 200 GET http://10.180.1.21/volume/v3/volumes/b3ec9fe2-f38d-46f0-977a-134fc940c266 0.026s
2024-12-12 08:13:27.881 66355 INFO tempest.lib.common.rest_client [req-0cfeaa3f-bbfc-415b-82b2-a3111ead7b22 req-0cfeaa3f-bbfc-415b-82b2-a3111ead7b22 ] Request (ListServerFiltersTestJSON:setUpClass): 200 GET http://10.180.1.21/compute/v2.1/servers/24cb49c8-b2ef-4ede-aea6-6e34081beca1 0.083s
2024-12-12 08:13:27.886 66391 INFO tempest.lib.common.rest_client [req-a42009d9-9c77-441c-a67f-8fe334b843de req-a42009d9-9c77-441c-a67f-8fe334b843de ] Request (ServerDiskConfigTestJSON:test_rebuild_server_with_auto_disk_config): 200 GET http://10.180.1.21/compute/v2.1/servers/51eaac08-75fd-49f9-9b1a-cc2a2d799634 0.126s
2024-12-12 08:13:27.892 66391 INFO tempest.common.waiters [-] State transition "REBUILD/rebuild_spawning" ==> "ACTIVE/None" after 10 second wait
2024-12-12 08:13:27.912 66359 INFO paramiko.transport [-] Authentication (publickey) successful!
2024-12-12 08:13:27.912 66359 INFO tempest.lib.common.ssh [-] ssh connection to cirros@10.180.180.162 successfully created
2024-12-12 08:13:27.938 66351 INFO tempest.lib.common.rest_client [req-29e2b0a7-34b2-498e-b5a5-6387081376c5 req-29e2b0a7-34b2-498e-b5a5-6387081376c5 ] Request (ServerActionsTestOtherA:test_rebuild_server_in_stop_state): 200 GET http://10.180.1.21/compute/v2.1/servers/80ef3fd4-b9ef-4fd2-a991-feec78a0c81d 0.093s
2024-12-12 08:13:27.949 66349 INFO tempest.lib.common.rest_client [req-f6da77c3-8430-4d81-a690-059e93f3b0bf req-f6da77c3-8430-4d81-a690-059e93f3b0bf ] Request (ServerShowV254Test:tearDownClass): 200 GET http://10.180.1.21/compute/v2.1/servers/1462d213-3f9a-4c60-8056-0b68f20a4939 0.114s
2024-12-12 08:13:27.998 66381 INFO tempest.lib.common.rest_client [req-d8959399-9d89-47e4-9130-44e3e4989b09 req-d8959399-9d89-47e4-9130-44e3e4989b09 ] Request (SecurityGroupsTestJSON:test_server_security_groups): 200 GET http://10.180.1.21/compute/v2.1/servers/ad374dd9-a92d-4b76-9609-7562346e05a8 0.120s
2024-12-12 08:13:28.064 66363 INFO tempest.lib.common.rest_client [req-1a49a072-aae6-443d-bda6-7589352b7482 req-1a49a072-aae6-443d-bda6-7589352b7482 ] Request (ListServersNegativeTestJSON:tearDownClass): 200 GET http://10.180.1.21/compute/v2.1/servers/56790738-4759-468a-9f43-f9c2bc2de23a 0.167s
2024-12-12 08:13:28.078 66391 INFO tempest.lib.common.rest_client [req-06a4d1ee-3186-4c98-be78-2307b45698c3 req-06a4d1ee-3186-4c98-be78-2307b45698c3 ] Request (ServerDiskConfigTestJSON:test_rebuild_server_with_auto_disk_config): 200 GET http://10.180.1.21/compute/v2.1/servers/51eaac08-75fd-49f9-9b1a-cc2a2d799634 0.185s
2024-12-12 08:13:28.132 66343 INFO tempest.lib.common.rest_client [req-5fe6ec49-ff11-445c-851c-4e8b35b92c22 req-5fe6ec49-ff11-445c-851c-4e8b35b92c22 ] Request (ServersTestMultiNic:_run_cleanups): 200 GET http://10.180.1.21/compute/v2.1/servers/cfefa7c8-4986-4ad0-ac20-8784ee44a737 0.198s
2024-12-12 08:13:28.146 66359 INFO tempest.lib.common.rest_client [req-d69cb494-e284-4152-aa11-3bbc61cb4189 req-d69cb494-e284-4152-aa11-3bbc61cb4189 ] Request (ServersWithSpecificFlavorTestJSON:test_verify_created_server_ephemeral_disk): 204 DELETE http://10.180.1.21/compute/v2.1/servers/029ee07c-705d-452b-9b14-385d69f2fbbb 0.228s
2024-12-12 08:13:28.176 66375 INFO tempest.lib.common.rest_client [req-d95fafe2-5ebe-4a61-ac45-0cf72264c91f req-d95fafe2-5ebe-4a61-ac45-0cf72264c91f ] Request (DeleteServersTestJSON:test_delete_server_while_in_attached_volume): 200 GET http://10.180.1.21/compute/v2.1/servers/d8780c40-0099-4ccc-84ae-72fbb14fa1ee 0.220s
2024-12-12 08:13:28.191 66367 INFO tempest.lib.common.rest_client [req-b6c74fa6-d45e-4725-9dd3-30e01bf90280 req-b6c74fa6-d45e-4725-9dd3-30e01bf90280 ] Request (ServerAddressesNegativeTestJSON:setUpClass): 200 GET http://10.180.1.21/compute/v2.1/servers/22380aef-c725-43a0-a957-06ced9518c21 0.213s
2024-12-12 08:13:28.215 66359 INFO tempest.lib.common.rest_client [req-4766e8ec-c4f8-4460-ac5a-174d0da6481c req-4766e8ec-c4f8-4460-ac5a-174d0da6481c ] Request (ServersWithSpecificFlavorTestJSON:test_verify_created_server_ephemeral_disk): 201 POST http://10.180.1.21/identity/v3/auth/tokens 0.067s
2024-12-12 08:13:28.216 66359 INFO tempest.lib.common.fixed_network [-] (ServersWithSpecificFlavorTestJSON:test_verify_created_server_ephemeral_disk) Found network {'id': '87dc972b-a043-4db2-b67a-2efe6d40d1aa', 'name': 'tempest-ServersWithSpecificFlavorTestJSON-1993987139-network', 'tenant_id': '8929cfd4892c4e399062483665500dd9', 'admin_state_up': True, 'mtu': 8950, 'status': 'ACTIVE', 'subnets': [], 'shared': False, 'project_id': '8929cfd4892c4e399062483665500dd9', 'port_security_enabled': True, 'router:external': False, 'provider:network_type': 'vlan', 'provider:physical_network': 'default', 'provider:segmentation_id': 709, 'availability_zone_hints': [], 'availability_zones': [], 'ipv4_address_scope': None, 'ipv6_address_scope': None, 'description': '', 'tags': [], 'created_at': '2024-12-12T08:10:53Z', 'updated_at': '2024-12-12T08:10:53Z', 'revision_number': 1} available for tenant
2024-12-12 08:13:28.224 66353 WARNING tempest.lib.common.ssh [-] Failed to establish authenticated ssh connection to cirros@10.180.180.199 ([Errno None] Unable to connect to port 22 on 10.180.180.199). Number attempts: 8. Retry after 9 seconds.: paramiko.ssh_exception.NoValidConnectionsError: [Errno None] Unable to connect to port 22 on 10.180.180.199
2024-12-12 08:13:28.234 66387 INFO tempest.lib.common.rest_client [req-8e8d540c-ea3f-4740-bef2-38d42548fead req-8e8d540c-ea3f-4740-bef2-38d42548fead ] Request (DeleteServersAdminTestJSON:test_delete_server_while_in_error_state): 200 GET http://10.180.1.21/compute/v2.1/servers/40c7a9b8-d541-464a-ba87-76cfc183ae31 0.231s
2024-12-12 08:13:28.263 66391 INFO tempest.lib.common.rest_client [req-3b2ada86-b023-43f6-9978-a85f83bd40ba req-3b2ada86-b023-43f6-9978-a85f83bd40ba ] Request (ServerDiskConfigTestJSON:_run_cleanups): 204 DELETE http://10.180.1.21/compute/v2.1/servers/51eaac08-75fd-49f9-9b1a-cc2a2d799634 0.175s
2024-12-12 08:13:28.289 66389 INFO tempest.lib.common.rest_client [req-8e784779-7549-41d1-b02e-30743afdae7f req-8e784779-7549-41d1-b02e-30743afdae7f ] Request (ImagesOneServerTestJSON:setUpClass): 200 GET http://10.180.1.21/compute/v2.1/servers/4e3dee19-b99a-4257-88da-1b0531e2c0f9 0.131s
2024-12-12 08:13:28.313 66401 INFO tempest.lib.common.rest_client [req-fff14959-f254-4c8b-ab58-103eecf520f2 req-fff14959-f254-4c8b-ab58-103eecf520f2 ] Request (ServersAdminTestJSON:test_inject_network_info): 200 GET http://10.180.1.21/compute/v2.1/servers/dac173ff-1807-405f-a59c-bb2efef62a0c 0.142s
2024-12-12 08:13:28.325 66391 INFO tempest.lib.common.rest_client [req-3c7af701-6a0c-4904-87f8-38f6e24e5936 req-3c7af701-6a0c-4904-87f8-38f6e24e5936 ] Request (ServerDiskConfigTestJSON:test_rebuild_server_with_manual_disk_config): 201 POST http://10.180.1.21/identity/v3/auth/tokens 0.056s
2024-12-12 08:13:28.325 66391 INFO tempest.lib.common.fixed_network [-] (ServerDiskConfigTestJSON:test_rebuild_server_with_manual_disk_config) Found network {'id': '14e63db8-c42b-42e5-bd96-cab60c163758', 'name': 'tempest-ServerDiskConfigTestJSON-1328688204-network', 'tenant_id': 'df6727c290724a8ebef5188c77e91399', 'admin_state_up': True, 'mtu': 8950, 'status': 'ACTIVE', 'subnets': [], 'shared': False, 'project_id': 'df6727c290724a8ebef5188c77e91399', 'port_security_enabled': True, 'router:external': False, 'provider:network_type': 'vlan', 'provider:physical_network': 'default', 'provider:segmentation_id': 986, 'availability_zone_hints': [], 'availability_zones': [], 'ipv4_address_scope': None, 'ipv6_address_scope': None, 'description': '', 'tags': [], 'created_at': '2024-12-12T08:11:38Z', 'updated_at': '2024-12-12T08:11:38Z', 'revision_number': 1} available for tenant
2024-12-12 08:13:28.390 66383 INFO tempest.lib.common.rest_client [req-46f36def-b286-445c-9c6e-71911fda02f6 req-46f36def-b286-445c-9c6e-71911fda02f6 ] Request (ServersV294TestFqdnHostnames:tearDownClass): 204 DELETE http://10.180.1.21/compute/v2.1/servers/2b391628-18a2-4606-8c59-58ba642cee50 0.163s
2024-12-12 08:13:28.439 66377 INFO tempest.lib.common.rest_client [req-c2af27ae-e255-449d-84f7-6ec27ec2de5b req-c2af27ae-e255-449d-84f7-6ec27ec2de5b ] Request (ServersTestBootFromVolume:setUpClass): 200 GET http://10.180.1.21/compute/v2.1/servers/765cf18e-53a0-4cc6-ad0e-337a6f68915c 0.191s
2024-12-12 08:13:28.787 66359 INFO tempest.lib.common.rest_client [req-a05ef864-7b2b-4646-a83f-596c8b3440a9 req-a05ef864-7b2b-4646-a83f-596c8b3440a9 ] Request (ServersWithSpecificFlavorTestJSON:test_verify_created_server_ephemeral_disk): 202 POST http://10.180.1.21/compute/v2.1/servers 0.570s
2024-12-12 08:13:28.809 66391 INFO tempest.lib.common.rest_client [req-7f6d51ef-3fb2-4405-8ddb-ee0d7b872e58 req-7f6d51ef-3fb2-4405-8ddb-ee0d7b872e58 ] Request (ServerDiskConfigTestJSON:test_rebuild_server_with_manual_disk_config): 202 POST http://10.180.1.21/compute/v2.1/servers 0.483s
2024-12-12 08:13:28.849 66357 WARNING tempest.lib.common.ssh [-] Failed to establish authenticated ssh connection to cirros@10.180.180.150 ([Errno None] Unable to connect to port 22 on 10.180.180.150). Number attempts: 1. Retry after 2 seconds.: paramiko.ssh_exception.NoValidConnectionsError: [Errno None] Unable to connect to port 22 on 10.180.180.150
2024-12-12 08:13:28.870 66365 INFO tempest.lib.common.rest_client [req-8bf3b7c4-ff06-4355-8c0f-54382da80ee0 req-8bf3b7c4-ff06-4355-8c0f-54382da80ee0 ] Request (VolumesAssistedSnapshotsTest:_run_cleanups): 200 GET http://10.180.1.21/volume/v3/volumes/b3ec9fe2-f38d-46f0-977a-134fc940c266 0.034s
2024-12-12 08:13:28.882 66385 INFO tempest.lib.common.rest_client [req-51abd3fc-af9e-473a-8bd6-fbab52b9c90c req-51abd3fc-af9e-473a-8bd6-fbab52b9c90c ] Request (ServerShowV247Test:tearDownClass): 200 GET http://10.180.1.21/compute/v2.1/servers/42497ab5-cce9-4614-a6d1-dffbf6764d7b 0.460s
2024-12-12 08:13:28.947 66361 INFO tempest.lib.common.rest_client [req-95bb1107-dfcf-494c-bff4-c53411988229 req-95bb1107-dfcf-494c-bff4-c53411988229 ] Request (ImagesNegativeTestJSON:test_create_image_from_deleted_server): 200 GET http://10.180.1.21/compute/v2.1/servers/1b4efc0f-474f-4a32-b199-c14f27b183e2 0.494s
2024-12-12 08:13:28.970 66383 INFO tempest.lib.common.rest_client [req-9c91cb33-c1f9-4941-ab1d-6e9369001971 req-9c91cb33-c1f9-4941-ab1d-6e9369001971 ] Request (ServersV294TestFqdnHostnames:tearDownClass): 200 GET http://10.180.1.21/compute/v2.1/servers/2b391628-18a2-4606-8c59-58ba642cee50 0.579s
2024-12-12 08:13:29.027 66341 INFO tempest.lib.common.rest_client [req-ee4aab44-eccc-4c3d-8704-2e5b816880f3 req-ee4aab44-eccc-4c3d-8704-2e5b816880f3 ] Request (ServerExternalEventsTest:tearDownClass): 200 GET http://10.180.1.21/compute/v2.1/servers/f7d5c77d-6c78-4969-b511-2b03ab624c84 0.469s
2024-12-12 08:13:29.028 66339 INFO tempest.lib.common.rest_client [req-777e3328-e4c5-4558-ab23-8514eb6dc16b req-777e3328-e4c5-4558-ab23-8514eb6dc16b ] Request (FloatingIPsAssociationTestJSON:setUpClass): 200 GET http://10.180.1.21/compute/v2.1/servers/09eefc1a-011b-4d2c-ab75-a1fcee740907 0.402s
2024-12-12 08:13:29.112 66369 INFO tempest.lib.common.rest_client [req-db442919-e93b-443a-91a5-2226ee1ed7d4 req-db442919-e93b-443a-91a5-2226ee1ed7d4 ] Request (ServersAdminNegativeTestJSON:tearDownClass): 200 GET http://10.180.1.21/compute/v2.1/servers/c8b7568b-ba07-4f65-818b-f84910209361 0.432s
2024-12-12 08:13:29.144 66395 INFO tempest.lib.common.rest_client [req-350a7790-780b-4c80-98c1-0e2e74464dbf req-350a7790-780b-4c80-98c1-0e2e74464dbf ] Request (ListImageFiltersTestJSON:setUpClass): 200 GET http://10.180.1.21/compute/v2.1/images/1e6faf8f-6642-477c-a1fa-a8b2e31e7a75 0.439s
2024-12-12 08:13:29.172 66379 INFO tempest.lib.common.rest_client [req-657e352a-531b-47ae-b51d-152a68f8b819 req-657e352a-531b-47ae-b51d-152a68f8b819 ] Request (ImagesTestJSON:test_create_image_from_suspended_server): 200 GET http://10.180.1.21/compute/v2.1/servers/3b506d10-a427-47b8-ab5f-c35e450b7eb1 0.534s
2024-12-12 08:13:29.195 66397 INFO tempest.lib.common.rest_client [req-1fde73eb-6ec9-4040-b267-890aacec9341 req-1fde73eb-6ec9-4040-b267-890aacec9341 ] Request (InstanceActionsTestJSON:setUpClass): 200 GET http://10.180.1.21/compute/v2.1/servers/f19c860f-736a-4783-8ef5-8262040e53a3 0.476s
2024-12-12 08:13:29.213 66359 INFO tempest.lib.common.rest_client [req-6ba005af-4889-4d38-a68f-0b33db203826 req-6ba005af-4889-4d38-a68f-0b33db203826 ] Request (ServersWithSpecificFlavorTestJSON:test_verify_created_server_ephemeral_disk): 200 GET http://10.180.1.21/compute/v2.1/servers/f0925a44-c15b-4415-99bc-1b2366292fe4 0.424s
2024-12-12 08:13:29.230 66391 INFO tempest.lib.common.rest_client [req-19e33bf7-1f31-4a98-ad4e-7116f58f11dd req-19e33bf7-1f31-4a98-ad4e-7116f58f11dd ] Request (ServerDiskConfigTestJSON:test_rebuild_server_with_manual_disk_config): 200 GET http://10.180.1.21/compute/v2.1/servers/302edcd3-bd6e-41da-b731-4d4c1bb5c3c1 0.419s
2024-12-12 08:13:29.269 66345 INFO tempest.lib.common.rest_client [req-2befb59d-9226-414e-bd38-5a8b38bf51b4 req-2befb59d-9226-414e-bd38-5a8b38bf51b4 ] Request (MigrationsAdminTest:test_resize_server_revert_deleted_flavor): 200 GET http://10.180.1.21/compute/v2.1/servers/a1551278-a306-4534-8d8d-3b3a003dde04 0.429s
2024-12-12 08:13:29.287 66355 INFO tempest.lib.common.rest_client [req-5468b0ca-db97-4515-b42b-0bc4c7e4b37e req-5468b0ca-db97-4515-b42b-0bc4c7e4b37e ] Request (ListServerFiltersTestJSON:setUpClass): 200 GET http://10.180.1.21/compute/v2.1/servers/24cb49c8-b2ef-4ede-aea6-6e34081beca1 0.399s
2024-12-12 08:13:29.325 66351 INFO tempest.lib.common.rest_client [req-b480b1a4-f193-44c1-ad94-1bcaa3293ac8 req-b480b1a4-f193-44c1-ad94-1bcaa3293ac8 ] Request (ServerActionsTestOtherA:test_rebuild_server_in_stop_state): 200 GET http://10.180.1.21/compute/v2.1/servers/80ef3fd4-b9ef-4fd2-a991-feec78a0c81d 0.379s
2024-12-12 08:13:29.355 66349 INFO tempest.lib.common.rest_client [req-833ed0f7-d4d0-48e8-b37c-e714a309b078 req-833ed0f7-d4d0-48e8-b37c-e714a309b078 ] Request (ServerShowV254Test:tearDownClass): 200 GET http://10.180.1.21/compute/v2.1/servers/1462d213-3f9a-4c60-8056-0b68f20a4939 0.393s
2024-12-12 08:13:29.380 66381 INFO tempest.lib.common.rest_client [req-8ac080de-43ac-445b-b2a0-a9a6ec9fed96 req-8ac080de-43ac-445b-b2a0-a9a6ec9fed96 ] Request (SecurityGroupsTestJSON:test_server_security_groups): 200 GET http://10.180.1.21/compute/v2.1/servers/ad374dd9-a92d-4b76-9609-7562346e05a8 0.375s
2024-12-12 08:13:29.426 66363 INFO tempest.lib.common.rest_client [req-500a5e7e-37ff-4547-b0ab-d63c827060f2 req-500a5e7e-37ff-4547-b0ab-d63c827060f2 ] Request (ListServersNegativeTestJSON:tearDownClass): 200 GET http://10.180.1.21/compute/v2.1/servers/56790738-4759-468a-9f43-f9c2bc2de23a 0.355s
2024-12-12 08:13:29.448 66343 INFO tempest.lib.common.rest_client [req-6a9baa79-989e-4503-9088-dfb44939ea0e req-6a9baa79-989e-4503-9088-dfb44939ea0e ] Request (ServersTestMultiNic:_run_cleanups): 200 GET http://10.180.1.21/compute/v2.1/servers/cfefa7c8-4986-4ad0-ac20-8784ee44a737 0.310s
2024-12-12 08:13:29.484 66375 INFO tempest.lib.common.rest_client [req-3e322c4e-11ba-44c6-b1fe-39efc647345f req-3e322c4e-11ba-44c6-b1fe-39efc647345f ] Request (DeleteServersTestJSON:test_delete_server_while_in_attached_volume): 200 GET http://10.180.1.21/compute/v2.1/servers/d8780c40-0099-4ccc-84ae-72fbb14fa1ee 0.302s
2024-12-12 08:13:29.504 66367 INFO tempest.lib.common.rest_client [req-c2a2124d-db38-4dab-ad79-3652faa6e4bc req-c2a2124d-db38-4dab-ad79-3652faa6e4bc ] Request (ServerAddressesNegativeTestJSON:setUpClass): 200 GET http://10.180.1.21/compute/v2.1/servers/22380aef-c725-43a0-a957-06ced9518c21 0.307s
2024-12-12 08:13:29.549 66387 INFO tempest.lib.common.rest_client [req-0847442f-7d3b-4ff8-a4d3-7c63fc0c85ba req-0847442f-7d3b-4ff8-a4d3-7c63fc0c85ba ] Request (DeleteServersAdminTestJSON:test_delete_server_while_in_error_state): 200 GET http://10.180.1.21/compute/v2.1/servers/40c7a9b8-d541-464a-ba87-76cfc183ae31 0.307s
2024-12-12 08:13:29.558 66389 INFO tempest.lib.common.rest_client [req-22363d1a-17b8-497a-897d-6d8dea725be3 req-22363d1a-17b8-497a-897d-6d8dea725be3 ] Request (ImagesOneServerTestJSON:setUpClass): 200 GET http://10.180.1.21/compute/v2.1/servers/4e3dee19-b99a-4257-88da-1b0531e2c0f9 0.258s
2024-12-12 08:13:29.601 66401 INFO tempest.lib.common.rest_client [req-3f80e596-5131-4199-a69c-e370a471289f req-3f80e596-5131-4199-a69c-e370a471289f ] Request (ServersAdminTestJSON:test_inject_network_info): 200 GET http://10.180.1.21/compute/v2.1/servers/dac173ff-1807-405f-a59c-bb2efef62a0c 0.279s
2024-12-12 08:13:29.613 66377 INFO tempest.lib.common.rest_client [req-38606e0e-7282-400e-80ad-8fbc9c4ab4d7 req-38606e0e-7282-400e-80ad-8fbc9c4ab4d7 ] Request (ServersTestBootFromVolume:setUpClass): 200 GET http://10.180.1.21/compute/v2.1/servers/765cf18e-53a0-4cc6-ad0e-337a6f68915c 0.164s
2024-12-12 08:13:29.907 66365 INFO tempest.lib.common.rest_client [req-2f2c2844-3102-467a-b2d4-becc510db781 req-2f2c2844-3102-467a-b2d4-becc510db781 ] Request (VolumesAssistedSnapshotsTest:_run_cleanups): 200 GET http://10.180.1.21/volume/v3/volumes/b3ec9fe2-f38d-46f0-977a-134fc940c266 0.029s
2024-12-12 08:13:29.960 66385 INFO tempest.lib.common.rest_client [req-257918c3-475c-4684-a80f-1877022bc2c7 req-257918c3-475c-4684-a80f-1877022bc2c7 ] Request (ServerShowV247Test:tearDownClass): 200 GET http://10.180.1.21/compute/v2.1/servers/42497ab5-cce9-4614-a6d1-dffbf6764d7b 0.066s
2024-12-12 08:13:30.014 66361 INFO tempest.lib.common.rest_client [req-8e22c802-be10-4c76-89c8-b21737d6d65a req-8e22c802-be10-4c76-89c8-b21737d6d65a ] Request (ImagesNegativeTestJSON:test_create_image_from_deleted_server): 200 GET http://10.180.1.21/compute/v2.1/servers/1b4efc0f-474f-4a32-b199-c14f27b183e2 0.057s
2024-12-12 08:13:30.091 66339 INFO tempest.lib.common.rest_client [req-c79c3891-030f-46dc-a22c-8b2f7c86760b req-c79c3891-030f-46dc-a22c-8b2f7c86760b ] Request (FloatingIPsAssociationTestJSON:setUpClass): 200 GET http://10.180.1.21/compute/v2.1/servers/09eefc1a-011b-4d2c-ab75-a1fcee740907 0.055s
2024-12-12 08:13:30.110 66383 INFO tempest.lib.common.rest_client [req-e58552af-3ca4-4b3d-814b-4ec2ee3d5c35 req-e58552af-3ca4-4b3d-814b-4ec2ee3d5c35 ] Request (ServersV294TestFqdnHostnames:tearDownClass): 200 GET http://10.180.1.21/compute/v2.1/servers/2b391628-18a2-4606-8c59-58ba642cee50 0.128s
2024-12-12 08:13:30.151 66341 INFO tempest.lib.common.rest_client [req-d8722e4a-0e2d-41fe-92df-a17536513025 req-d8722e4a-0e2d-41fe-92df-a17536513025 ] Request (ServerExternalEventsTest:tearDownClass): 200 GET http://10.180.1.21/compute/v2.1/servers/f7d5c77d-6c78-4969-b511-2b03ab624c84 0.116s
2024-12-12 08:13:30.182 66369 INFO tempest.lib.common.rest_client [req-f7e62c1b-1bf9-44b2-bf90-62c0cd95db07 req-f7e62c1b-1bf9-44b2-bf90-62c0cd95db07 ] Request (ServersAdminNegativeTestJSON:tearDownClass): 200 GET http://10.180.1.21/compute/v2.1/servers/c8b7568b-ba07-4f65-818b-f84910209361 0.063s
2024-12-12 08:13:30.192 66395 INFO tempest.lib.common.rest_client [req-d22bd3c1-120c-4bc7-968c-cd1012560b92 req-d22bd3c1-120c-4bc7-968c-cd1012560b92 ] Request (ListImageFiltersTestJSON:setUpClass): 200 GET http://10.180.1.21/compute/v2.1/images/1e6faf8f-6642-477c-a1fa-a8b2e31e7a75 0.044s
2024-12-12 08:13:30.257 66397 INFO tempest.lib.common.rest_client [req-7729a2dc-a271-48fb-88a5-c69c04452371 req-7729a2dc-a271-48fb-88a5-c69c04452371 ] Request (InstanceActionsTestJSON:setUpClass): 200 GET http://10.180.1.21/compute/v2.1/servers/f19c860f-736a-4783-8ef5-8262040e53a3 0.053s
2024-12-12 08:13:30.294 66379 INFO tempest.lib.common.rest_client [req-7cf1c24f-c0ae-48df-b5c4-bf8d979d9288 req-7cf1c24f-c0ae-48df-b5c4-bf8d979d9288 ] Request (ImagesTestJSON:test_create_image_from_suspended_server): 200 GET http://10.180.1.21/compute/v2.1/servers/3b506d10-a427-47b8-ab5f-c35e450b7eb1 0.115s
2024-12-12 08:13:30.306 66359 INFO tempest.lib.common.rest_client [req-573ce071-4916-46b8-a332-1c282bf96ef2 req-573ce071-4916-46b8-a332-1c282bf96ef2 ] Request (ServersWithSpecificFlavorTestJSON:test_verify_created_server_ephemeral_disk): 200 GET http://10.180.1.21/compute/v2.1/servers/f0925a44-c15b-4415-99bc-1b2366292fe4 0.086s
2024-12-12 08:13:30.354 66391 INFO tempest.lib.common.rest_client [req-a31e2381-6457-4677-9201-6df32c2c9b8c req-a31e2381-6457-4677-9201-6df32c2c9b8c ] Request (ServerDiskConfigTestJSON:test_rebuild_server_with_manual_disk_config): 200 GET http://10.180.1.21/compute/v2.1/servers/302edcd3-bd6e-41da-b731-4d4c1bb5c3c1 0.116s
2024-12-12 08:13:30.360 66345 INFO tempest.lib.common.rest_client [req-a2bfe1c0-ed24-47ca-8eab-41440c0e016b req-a2bfe1c0-ed24-47ca-8eab-41440c0e016b ] Request (MigrationsAdminTest:test_resize_server_revert_deleted_flavor): 200 GET http://10.180.1.21/compute/v2.1/servers/a1551278-a306-4534-8d8d-3b3a003dde04 0.084s
2024-12-12 08:13:30.425 66351 INFO tempest.lib.common.rest_client [req-78d25e37-6b4f-4b04-b0da-77233c172e00 req-78d25e37-6b4f-4b04-b0da-77233c172e00 ] Request (ServerActionsTestOtherA:test_rebuild_server_in_stop_state): 200 GET http://10.180.1.21/compute/v2.1/servers/80ef3fd4-b9ef-4fd2-a991-feec78a0c81d 0.093s
2024-12-12 08:13:30.426 66355 INFO tempest.lib.common.rest_client [req-49eaaa0e-3693-45d3-bf0e-c79af2470f72 req-49eaaa0e-3693-45d3-bf0e-c79af2470f72 ] Request (ListServerFiltersTestJSON:setUpClass): 200 GET http://10.180.1.21/compute/v2.1/servers/24cb49c8-b2ef-4ede-aea6-6e34081beca1 0.132s
2024-12-12 08:13:30.444 66399 WARNING tempest.lib.common.ssh [-] Failed to establish authenticated ssh connection to cirros@10.180.180.247 ([Errno None] Unable to connect to port 22 on 10.180.180.247). Number attempts: 10. Retry after 11 seconds.: paramiko.ssh_exception.NoValidConnectionsError: [Errno None] Unable to connect to port 22 on 10.180.180.247
2024-12-12 08:13:30.494 66381 INFO tempest.lib.common.rest_client [req-8c0e9346-b027-4d45-b749-467576bbd24f req-8c0e9346-b027-4d45-b749-467576bbd24f ] Request (SecurityGroupsTestJSON:test_server_security_groups): 200 GET http://10.180.1.21/compute/v2.1/servers/ad374dd9-a92d-4b76-9609-7562346e05a8 0.102s
2024-12-12 08:13:30.498 66349 INFO tempest.lib.common.rest_client [req-b55f84c3-b19d-4846-b1c9-9de881910b54 req-b55f84c3-b19d-4846-b1c9-9de881910b54 ] Request (ServerShowV254Test:tearDownClass): 200 GET http://10.180.1.21/compute/v2.1/servers/1462d213-3f9a-4c60-8056-0b68f20a4939 0.132s
2024-12-12 08:13:30.568 66363 INFO tempest.lib.common.rest_client [req-c96b2e7a-f3e5-4906-9643-be32e58f58cc req-c96b2e7a-f3e5-4906-9643-be32e58f58cc ] Request (ListServersNegativeTestJSON:tearDownClass): 200 GET http://10.180.1.21/compute/v2.1/servers/56790738-4759-468a-9f43-f9c2bc2de23a 0.131s
2024-12-12 08:13:30.575 66343 INFO tempest.lib.common.rest_client [req-2f7d9d9b-7db4-41d5-8e87-a22ed7fc4cd7 req-2f7d9d9b-7db4-41d5-8e87-a22ed7fc4cd7 ] Request (ServersTestMultiNic:_run_cleanups): 200 GET http://10.180.1.21/compute/v2.1/servers/cfefa7c8-4986-4ad0-ac20-8784ee44a737 0.114s
2024-12-12 08:13:30.644 66375 INFO tempest.lib.common.rest_client [req-db88d7ae-9b1b-46e3-b584-3ff9c34522f3 req-db88d7ae-9b1b-46e3-b584-3ff9c34522f3 ] Request (DeleteServersTestJSON:test_delete_server_while_in_attached_volume): 200 GET http://10.180.1.21/compute/v2.1/servers/d8780c40-0099-4ccc-84ae-72fbb14fa1ee 0.151s
2024-12-12 08:13:30.644 66367 INFO tempest.lib.common.rest_client [req-11b1a4bd-b47b-4ad4-b758-530bfedfee9c req-11b1a4bd-b47b-4ad4-b758-530bfedfee9c ] Request (ServerAddressesNegativeTestJSON:setUpClass): 200 GET http://10.180.1.21/compute/v2.1/servers/22380aef-c725-43a0-a957-06ced9518c21 0.131s
2024-12-12 08:13:30.930 66365 INFO tempest.lib.common.rest_client [req-247d91bd-87d6-410d-bfa9-a61f379efc48 req-247d91bd-87d6-410d-bfa9-a61f379efc48 ] Request (VolumesAssistedSnapshotsTest:_run_cleanups): 404 GET http://10.180.1.21/volume/v3/volumes/b3ec9fe2-f38d-46f0-977a-134fc940c266 0.017s
2024-12-12 08:13:30.936 66389 INFO tempest.lib.common.rest_client [req-b71816b8-f5ed-430c-8325-22d8f9dbc372 req-b71816b8-f5ed-430c-8325-22d8f9dbc372 ] Request (ImagesOneServerTestJSON:setUpClass): 200 GET http://10.180.1.21/compute/v2.1/servers/4e3dee19-b99a-4257-88da-1b0531e2c0f9 0.367s
2024-12-12 08:13:30.938 66387 INFO tempest.lib.common.rest_client [req-a8541162-0531-4a0f-87ff-45e4c04a3221 req-a8541162-0531-4a0f-87ff-45e4c04a3221 ] Request (DeleteServersAdminTestJSON:test_delete_server_while_in_error_state): 200 GET http://10.180.1.21/compute/v2.1/servers/40c7a9b8-d541-464a-ba87-76cfc183ae31 0.379s
2024-12-12 08:13:31.031 66401 INFO tempest.lib.common.rest_client [req-73241e28-321c-4ed4-b3e2-9655c17dfc21 req-73241e28-321c-4ed4-b3e2-9655c17dfc21 ] Request (ServersAdminTestJSON:test_inject_network_info): 200 GET http://10.180.1.21/compute/v2.1/servers/dac173ff-1807-405f-a59c-bb2efef62a0c 0.422s
2024-12-12 08:13:31.032 66377 INFO tempest.lib.common.rest_client [req-69cc9fbe-236c-431c-85d9-a99a40a1741f req-69cc9fbe-236c-431c-85d9-a99a40a1741f ] Request (ServersTestBootFromVolume:setUpClass): 200 GET http://10.180.1.21/compute/v2.1/servers/765cf18e-53a0-4cc6-ad0e-337a6f68915c 0.412s
2024-12-12 08:13:31.142 66385 INFO tempest.lib.common.rest_client [req-e173c411-825d-4c5e-9895-a74aad43a5ff req-e173c411-825d-4c5e-9895-a74aad43a5ff ] Request (ServerShowV247Test:tearDownClass): 200 GET http://10.180.1.21/compute/v2.1/servers/42497ab5-cce9-4614-a6d1-dffbf6764d7b 0.171s
2024-12-12 08:13:31.143 66365 INFO tempest.lib.common.rest_client [req-b5a4e29f-dafc-4df8-a00f-bb9bcadbb03e req-b5a4e29f-dafc-4df8-a00f-bb9bcadbb03e ] Request (VolumesAssistedSnapshotsTest:tearDownClass): 204 DELETE http://10.180.1.21/compute/v2.1/servers/91902e7f-8c15-447b-a3a8-04433434b1b6 0.206s
2024-12-12 08:13:31.215 66361 INFO tempest.lib.common.rest_client [req-1a5b4840-c7b4-4f26-8577-59d76f3cef7f req-1a5b4840-c7b4-4f26-8577-59d76f3cef7f ] Request (ImagesNegativeTestJSON:test_create_image_from_deleted_server): 200 GET http://10.180.1.21/compute/v2.1/servers/1b4efc0f-474f-4a32-b199-c14f27b183e2 0.194s
2024-12-12 08:13:31.221 66339 INFO tempest.lib.common.rest_client [req-e6e1ad63-4b6b-4ac7-be4b-455e63983129 req-e6e1ad63-4b6b-4ac7-be4b-455e63983129 ] Request (FloatingIPsAssociationTestJSON:setUpClass): 200 GET http://10.180.1.21/compute/v2.1/servers/09eefc1a-011b-4d2c-ab75-a1fcee740907 0.123s
2024-12-12 08:13:31.444 66383 INFO tempest.lib.common.rest_client [req-5df4cc1f-dbd3-4c3b-8fdf-e7ad2d771416 req-5df4cc1f-dbd3-4c3b-8fdf-e7ad2d771416 ] Request (ServersV294TestFqdnHostnames:tearDownClass): 200 GET http://10.180.1.21/compute/v2.1/servers/2b391628-18a2-4606-8c59-58ba642cee50 0.324s
2024-12-12 08:13:31.514 66341 INFO tempest.lib.common.rest_client [req-a22b50c5-68c2-4a89-b880-68965a9cb9fd req-a22b50c5-68c2-4a89-b880-68965a9cb9fd ] Request (ServerExternalEventsTest:tearDownClass): 200 GET http://10.180.1.21/compute/v2.1/servers/f7d5c77d-6c78-4969-b511-2b03ab624c84 0.354s
2024-12-12 08:13:31.537 66365 INFO tempest.lib.common.rest_client [req-7b94fcb3-dbe5-4def-abdb-2b49cd807420 req-7b94fcb3-dbe5-4def-abdb-2b49cd807420 ] Request (VolumesAssistedSnapshotsTest:tearDownClass): 200 GET http://10.180.1.21/compute/v2.1/servers/91902e7f-8c15-447b-a3a8-04433434b1b6 0.393s
2024-12-12 08:13:31.582 66369 INFO tempest.lib.common.rest_client [req-b227e379-f9db-48b1-b9cb-2866fa93f771 req-b227e379-f9db-48b1-b9cb-2866fa93f771 ] Request (ServersAdminNegativeTestJSON:tearDownClass): 200 GET http://10.180.1.21/compute/v2.1/servers/c8b7568b-ba07-4f65-818b-f84910209361 0.392s
2024-12-12 08:13:31.582 66395 INFO tempest.lib.common.rest_client [req-c5116590-43f3-4048-aca6-da27fbc995e7 req-c5116590-43f3-4048-aca6-da27fbc995e7 ] Request (ListImageFiltersTestJSON:setUpClass): 200 GET http://10.180.1.21/compute/v2.1/images/1e6faf8f-6642-477c-a1fa-a8b2e31e7a75 0.386s
2024-12-12 08:13:31.641 66397 INFO tempest.lib.common.rest_client [req-7ba52d9e-61a4-4502-b6ca-e3f30a1ae4f0 req-7ba52d9e-61a4-4502-b6ca-e3f30a1ae4f0 ] Request (InstanceActionsTestJSON:setUpClass): 200 GET http://10.180.1.21/compute/v2.1/servers/f19c860f-736a-4783-8ef5-8262040e53a3 0.377s
2024-12-12 08:13:31.698 66359 INFO tempest.lib.common.rest_client [req-2fe77aa7-e0a6-4c7c-a0e8-65a2367fa92f req-2fe77aa7-e0a6-4c7c-a0e8-65a2367fa92f ] Request (ServersWithSpecificFlavorTestJSON:test_verify_created_server_ephemeral_disk): 200 GET http://10.180.1.21/compute/v2.1/servers/f0925a44-c15b-4415-99bc-1b2366292fe4 0.385s
2024-12-12 08:13:31.716 66379 INFO tempest.lib.common.rest_client [req-f6b7c403-f3ef-4ac9-870d-47b2625cb5ac req-f6b7c403-f3ef-4ac9-870d-47b2625cb5ac ] Request (ImagesTestJSON:test_create_image_from_suspended_server): 200 GET http://10.180.1.21/compute/v2.1/servers/3b506d10-a427-47b8-ab5f-c35e450b7eb1 0.414s
2024-12-12 08:13:31.722 66379 INFO tempest.common.waiters [-] State transition "BUILD/spawning" ==> "ACTIVE/None" after 103 second wait
