2024-12-12 08:11:57.517 66397 INFO tempest.lib.common.fixed_network [-] (InstanceActionsTestJSON:setUpClass) Found network {'id': 'deb202ae-72d1-47f1-8354-3ea5d8bdcd2a', 'name': 'tempest-InstanceActionsTestJSON-1495521208-network', 'tenant_id': 'd004a7d2ec074aa39666ae15861b9440', 'admin_state_up': True, 'mtu': 8950, 'status': 'ACTIVE', 'subnets': [], 'shared': False, 'project_id': 'd004a7d2ec074aa39666ae15861b9440', 'port_security_enabled': True, 'router:external': False, 'provider:network_type': 'vlan', 'provider:physical_network': 'default', 'provider:segmentation_id': 765, 'availability_zone_hints': [], 'availability_zones': [], 'ipv4_address_scope': None, 'ipv6_address_scope': None, 'description': '', 'tags': [], 'created_at': '2024-12-12T08:11:54Z', 'updated_at': '2024-12-12T08:11:54Z', 'revision_number': 1} available for tenant
2024-12-12 08:11:57.520 66371 INFO tempest.lib.common.rest_client [req-e5317c40-1d57-40dc-9b99-c4a4482ea0f9 req-e5317c40-1d57-40dc-9b99-c4a4482ea0f9 ] Request (QuotasAdminTestV257:tearDownClass): 200 GET http://10.180.1.21:9696/networking/v2.0/security-groups?tenant_id=a085901c86a24c7f87aef2eeaa21980e&name=default 0.176s
2024-12-12 08:11:57.533 66341 INFO tempest.lib.common.rest_client [req-8ecb06a9-bb2f-49f7-8f8f-92f9296839e3 req-8ecb06a9-bb2f-49f7-8f8f-92f9296839e3 ] Request (ServerExternalEventsTest:test_create_server_external_events): 200 GET http://10.180.1.21/compute/v2.1/servers/f7d5c77d-6c78-4969-b511-2b03ab624c84 0.221s
2024-12-12 08:11:57.598 66401 INFO tempest.lib.common.rest_client [req-c15dd9bc-5624-4052-aecb-0e62055a7479 req-c15dd9bc-5624-4052-aecb-0e62055a7479 ] Request (ServersAdminTestJSON:test_create_server_with_scheduling_hint): 200 GET http://10.180.1.21/compute/v2.1/servers/f59a31e4-7fb9-4de7-b35f-da811a305f85 0.260s
2024-12-12 08:11:57.625 66371 INFO tempest.lib.common.rest_client [req-09d4ff39-869e-4c37-a5ee-ac807a6764c5 req-09d4ff39-869e-4c37-a5ee-ac807a6764c5 ] Request (QuotasAdminTestV257:tearDownClass): 204 DELETE http://10.180.1.21:9696/networking/v2.0/security-groups/f5ed0883-4d69-484c-b076-770f3ba0e24a 0.104s
2024-12-12 08:11:57.686 66361 INFO tempest.lib.common.rest_client [req-c053fa87-ea96-4ae1-820a-0ccbc02a9ec5 req-c053fa87-ea96-4ae1-820a-0ccbc02a9ec5 ] Request (ServersAdmin275Test:_run_cleanups): 200 GET http://10.180.1.21/compute/v2.1/servers/c07e4d30-44bc-417b-8137-97f974aec932 0.293s
2024-12-12 08:11:57.696 66361 INFO tempest.common.waiters [-] State transition "REBUILD/rebuild_block_device_mapping" ==> "REBUILD/rebuild_spawning" after 3 second wait
2024-12-12 08:11:57.734 66371 INFO tempest.lib.common.rest_client [req-df18c315-8b68-483b-a021-124fe09f2248 req-df18c315-8b68-483b-a021-124fe09f2248 ] Request (QuotasAdminTestV257:tearDownClass): 204 DELETE http://10.180.1.21/identity/v3/projects/a085901c86a24c7f87aef2eeaa21980e 0.108s
2024-12-12 08:11:57.744 66377 INFO tempest.lib.common.rest_client [req-fd04e8d6-4aa8-4863-82ed-3dbd2ffd9d92 req-fd04e8d6-4aa8-4863-82ed-3dbd2ffd9d92 ] Request (ServerDiagnosticsV248Test:tearDownClass): 200 GET http://10.180.1.21/compute/v2.1/servers/ceadcb5e-ee82-4441-b046-f79b973ec05e 0.345s
2024-12-12 08:11:57.759 66345 INFO tempest.lib.common.rest_client [req-1df41090-0e7e-4464-9fef-283572f84063 req-1df41090-0e7e-4464-9fef-283572f84063 ] Request (MigrationsAdminTest:test_list_migrations_in_flavor_resize_situation): 200 GET http://10.180.1.21/compute/v2.1/servers/fe350d30-6fbd-4813-9634-ed05984fecfd 0.483s
2024-12-12 08:11:57.770 66355 INFO tempest.lib.common.rest_client [req-70b681ee-a9db-4696-aaad-598180cc0eb9 req-70b681ee-a9db-4696-aaad-598180cc0eb9 ] Request (ServerDiagnosticsNegativeTest:tearDownClass): 404 GET http://10.180.1.21/compute/v2.1/servers/c616d8ec-f28a-4430-a336-1ea4790fd511 0.312s
2024-12-12 08:11:57.810 66371 INFO tempest.lib.common.rest_client [req-23fbee00-d296-4c03-80a0-954fab481b55 req-23fbee00-d296-4c03-80a0-954fab481b55 ] Request (SecurityGroupsTestAdminJSON:setUpClass): 201 POST http://10.180.1.21/identity/v3/auth/tokens 0.075s
2024-12-12 08:11:57.821 66375 INFO tempest.lib.common.rest_client [req-8b476800-a514-4eaa-86e2-81dbffac7bb6 req-8b476800-a514-4eaa-86e2-81dbffac7bb6 ] Request (DeleteServersTestJSON:test_delete_active_server): 200 GET http://10.180.1.21/compute/v2.1/servers/31f55ece-82e6-40ad-ad7c-1af645f307bf 0.347s
2024-12-12 08:11:57.834 66353 INFO tempest.lib.common.rest_client [req-262536e0-5f33-478f-ab21-2083513da6e1 req-262536e0-5f33-478f-ab21-2083513da6e1 ] Request (ServersTestJSON:setUpClass): 200 GET http://10.180.1.21/compute/v2.1/servers/4c336ad1-8ce6-4f89-843e-0baae0d0dbda 0.322s
2024-12-12 08:11:57.847 66371 INFO tempest.lib.common.rest_client [req-3658a822-4671-415b-8a99-cecca4f9450f req-3658a822-4671-415b-8a99-cecca4f9450f ] Request (SecurityGroupsTestAdminJSON:setUpClass): 201 POST http://10.180.1.21/identity/v3/auth/tokens 0.034s
2024-12-12 08:11:57.885 66355 INFO tempest.lib.common.rest_client [req-01167beb-8f69-4f84-bf85-cf6cbf524c82 req-01167beb-8f69-4f84-bf85-cf6cbf524c82 ] Request (ServerDiagnosticsNegativeTest:tearDownClass): 204 DELETE http://10.180.1.21/identity/v3/users/6378e66583c141beb766f593d72be3e1 0.114s
2024-12-12 08:11:57.909 66381 INFO tempest.lib.common.rest_client [req-43894b4d-7fee-4c2c-9981-818bc2c9ad8b req-43894b4d-7fee-4c2c-9981-818bc2c9ad8b ] Request (SecurityGroupsTestJSON:test_list_security_groups_by_server): 200 GET http://10.180.1.21/compute/v2.1/servers/4a29bff8-050a-4ad5-9d06-3a59c40b97ee 0.376s
2024-12-12 08:11:57.944 66371 INFO tempest.lib.common.rest_client [req-2d52254c-d9b7-4193-bfb0-80035011ea26 req-2d52254c-d9b7-4193-bfb0-80035011ea26 ] Request (SecurityGroupsTestAdminJSON:setUpClass): 200 GET http://10.180.1.21/identity/v3/domains?name=Default 0.096s
2024-12-12 08:11:57.963 66369 INFO tempest.lib.common.rest_client [req-f5bdd015-a238-4b73-adbe-db5cdd9aa3b2 req-f5bdd015-a238-4b73-adbe-db5cdd9aa3b2 ] Request (ServersAdminNegativeTestJSON:test_migrate_server_invalid_state): 200 GET http://10.180.1.21/compute/v2.1/servers/681ef7a9-3b24-450a-9034-6d30177995d7 0.385s
2024-12-12 08:11:58.026 66355 INFO tempest.lib.common.rest_client [req-62f3999f-b679-4150-bce7-6942195f1153 req-62f3999f-b679-4150-bce7-6942195f1153 ] Request (ServerDiagnosticsNegativeTest:tearDownClass): 204 DELETE http://10.180.1.21/identity/v3/users/937ea12af48b4b7ba63caf07974faf57 0.141s
2024-12-12 08:11:58.026 66355 INFO tempest.lib.common.dynamic_creds [-] Deleting project and security group for project: eb97d9e20070460a910c2b2b2c2c27aa
2024-12-12 08:11:58.033 66385 INFO tempest.lib.common.rest_client [req-9842fbd3-af0d-4732-afda-90ddb2441f6e req-9842fbd3-af0d-4732-afda-90ddb2441f6e ] Request (ServerShowV247Test:test_update_rebuild_list_server): 200 GET http://10.180.1.21/compute/v2.1/servers/49221ea3-d457-4cf5-97a9-9ae74c4e86fb 0.434s
2024-12-12 08:11:58.061 66371 INFO tempest.lib.common.rest_client [req-d8af8e84-e395-486f-9e83-89e6b03fd926 req-d8af8e84-e395-486f-9e83-89e6b03fd926 ] Request (SecurityGroupsTestAdminJSON:setUpClass): 201 POST http://10.180.1.21/identity/v3/projects 0.116s
2024-12-12 08:11:58.084 66355 INFO tempest.lib.common.rest_client [req-ade740b6-78da-4d15-acff-eebc66ae25b9 req-ade740b6-78da-4d15-acff-eebc66ae25b9 ] Request (ServerDiagnosticsNegativeTest:tearDownClass): 201 POST http://10.180.1.21/identity/v3/auth/tokens 0.058s
2024-12-12 08:11:58.090 66391 INFO tempest.lib.common.rest_client [req-44753d4a-3bd4-46bb-9c67-1d2706bf5c6e req-44753d4a-3bd4-46bb-9c67-1d2706bf5c6e ] Request (ServerDiskConfigTestJSON:test_rebuild_server_with_auto_disk_config): 200 GET http://10.180.1.21/compute/v2.1/servers/51eaac08-75fd-49f9-9b1a-cc2a2d799634 0.451s
2024-12-12 08:11:58.130 66371 INFO tempest.lib.common.rest_client [req-ad57d860-4c7e-47d2-ba43-0887e620f6c9 req-ad57d860-4c7e-47d2-ba43-0887e620f6c9 ] Request (SecurityGroupsTestAdminJSON:setUpClass): 201 POST http://10.180.1.21/identity/v3/users 0.068s
2024-12-12 08:11:58.150 66363 INFO tempest.lib.common.rest_client [req-278d8312-ee12-4cf6-91aa-ace070d15ad4 req-278d8312-ee12-4cf6-91aa-ace070d15ad4 ] Request (ListServersNegativeTestJSON:setUpClass): 200 GET http://10.180.1.21/compute/v2.1/servers/021c3287-5887-457e-9b3a-233308fb9b23 0.491s
2024-12-12 08:11:58.151 66371 INFO tempest.lib.common.rest_client [req-ecde6256-ab43-4eb4-a120-6c0bbfff5935 req-ecde6256-ab43-4eb4-a120-6c0bbfff5935 ] Request (SecurityGroupsTestAdminJSON:setUpClass): 200 GET http://10.180.1.21/identity/v3/roles 0.019s
2024-12-12 08:11:58.178 66371 INFO tempest.lib.common.rest_client [req-a00a69ec-d7cb-4b62-9ab0-724a9d10fa8e req-a00a69ec-d7cb-4b62-9ab0-724a9d10fa8e ] Request (SecurityGroupsTestAdminJSON:setUpClass): 204 PUT http://10.180.1.21/identity/v3/projects/057f6c97abc5454daee2bc43b1c2331c/users/17d90e1a177a4fdfb4d9dd023e5c995a/roles/b5ab3d46236945eb9c84cd8314b81899 0.026s
2024-12-12 08:11:58.178 66371 INFO tempest.lib.common.dynamic_creds [-] Dynamic test user 17d90e1a177a4fdfb4d9dd023e5c995a is created with scope project and roles: ['member']
2024-12-12 08:11:58.178 66371 INFO tempest.lib.common.dynamic_creds [-] Acquired dynamic creds: credentials: Credentials: {'domain_id': 'default', 'domain_name': 'Default', 'username': 'tempest-SecurityGroupsTestAdminJSON-620802269-project-member', 'project_domain_id': 'default', 'project_domain_name': 'Default', 'project_id': '057f6c97abc5454daee2bc43b1c2331c', 'project_name': 'tempest-SecurityGroupsTestAdminJSON-620802269', 'tenant_id': '057f6c97abc5454daee2bc43b1c2331c', 'tenant_name': 'tempest-SecurityGroupsTestAdminJSON-620802269', 'user_domain_id': 'default', 'user_domain_name': 'Default', 'user_id': '17d90e1a177a4fdfb4d9dd023e5c995a', 'system': None}, Network: None, Subnet: None, Router: None
2024-12-12 08:11:58.178 66371 INFO tempest.lib.common.dynamic_creds [-] Created isolated network resources for: credentials: Credentials: {'domain_id': 'default', 'domain_name': 'Default', 'username': 'tempest-SecurityGroupsTestAdminJSON-620802269-project-member', 'project_domain_id': 'default', 'project_domain_name': 'Default', 'project_id': '057f6c97abc5454daee2bc43b1c2331c', 'project_name': 'tempest-SecurityGroupsTestAdminJSON-620802269', 'tenant_id': '057f6c97abc5454daee2bc43b1c2331c', 'tenant_name': 'tempest-SecurityGroupsTestAdminJSON-620802269', 'user_domain_id': 'default', 'user_domain_name': 'Default', 'user_id': '17d90e1a177a4fdfb4d9dd023e5c995a', 'system': None}, Network: None, Subnet: None, Router: None
2024-12-12 08:11:58.199 66349 INFO tempest.lib.common.rest_client [req-acf55fc7-61b9-45c0-b46c-57f320008029 req-acf55fc7-61b9-45c0-b46c-57f320008029 ] Request (ServerShowV254Test:test_rebuild_server): 200 GET http://10.180.1.21/compute/v2.1/servers/1462d213-3f9a-4c60-8056-0b68f20a4939 0.487s
2024-12-12 08:11:58.231 66355 INFO tempest.lib.common.rest_client [req-d216abb7-d501-42db-954e-f818aea0f68a req-d216abb7-d501-42db-954e-f818aea0f68a ] Request (ServerDiagnosticsNegativeTest:tearDownClass): 200 GET http://10.180.1.21:9696/networking/v2.0/security-groups?tenant_id=eb97d9e20070460a910c2b2b2c2c27aa&name=default 0.147s
2024-12-12 08:11:58.249 66371 INFO tempest.lib.common.rest_client [req-10ef72c4-890a-4b41-a0ff-c8ff3f832df3 req-10ef72c4-890a-4b41-a0ff-c8ff3f832df3 ] Request (SecurityGroupsTestAdminJSON:setUpClass): 201 POST http://10.180.1.21/identity/v3/auth/tokens 0.068s
2024-12-12 08:11:58.252 66347 INFO tempest.lib.common.rest_client [req-783cc878-c3bd-400b-b87f-9d8c27a5f535 req-783cc878-c3bd-400b-b87f-9d8c27a5f535 ] Request (InstanceActionsV221TestJSON:test_get_list_deleted_instance_actions): 200 GET http://10.180.1.21/compute/v2.1/servers/c612a1be-fb39-416d-a9d2-d206582e5aeb 0.474s
2024-12-12 08:11:58.302 66387 INFO tempest.lib.common.rest_client [req-4790f5a7-30d8-49ba-960d-1c28c45f636d req-4790f5a7-30d8-49ba-960d-1c28c45f636d ] Request (DeleteServersAdminTestJSON:test_delete_server_while_in_error_state): 200 GET http://10.180.1.21/compute/v2.1/servers/40c7a9b8-d541-464a-ba87-76cfc183ae31 0.452s
2024-12-12 08:11:58.323 66371 INFO tempest.lib.common.rest_client [req-549aecc4-9d9f-4848-a304-a8424ddef2d3 req-549aecc4-9d9f-4848-a304-a8424ddef2d3 ] Request (SecurityGroupsTestAdminJSON:setUpClass): 201 POST http://10.180.1.21/identity/v3/projects 0.073s
2024-12-12 08:11:58.355 66367 INFO tempest.lib.common.rest_client [req-6e298fed-9235-4129-a51b-e7be4bb532ec req-6e298fed-9235-4129-a51b-e7be4bb532ec ] Request (ServerAddressesNegativeTestJSON:setUpClass): 200 GET http://10.180.1.21/compute/v2.1/servers/22380aef-c725-43a0-a957-06ced9518c21 0.443s
2024-12-12 08:11:58.383 66355 INFO tempest.lib.common.rest_client [req-eec52ddb-076c-4842-b852-2ad7529a13a9 req-eec52ddb-076c-4842-b852-2ad7529a13a9 ] Request (ServerDiagnosticsNegativeTest:tearDownClass): 204 DELETE http://10.180.1.21:9696/networking/v2.0/security-groups/797d7b6a-eefa-4b77-86cf-2a0b2b786680 0.151s
2024-12-12 08:11:58.401 66397 INFO tempest.lib.common.rest_client [req-b9c19239-83b3-40a1-b398-a911c392dcc2 req-b9c19239-83b3-40a1-b398-a911c392dcc2 ] Request (InstanceActionsTestJSON:setUpClass): 202 POST http://10.180.1.21/compute/v2.1/servers 0.883s
2024-12-12 08:11:58.409 66357 INFO tempest.lib.common.rest_client [req-deadc196-2850-425f-a2f5-1910c4ddbf60 req-deadc196-2850-425f-a2f5-1910c4ddbf60 ] Request (ServersTestFqdnHostnames:test_create_server_with_fqdn_name): 200 GET http://10.180.1.21/compute/v2.1/servers/a59be5e6-2316-4766-933a-4d01dfe4fec1 0.420s
2024-12-12 08:11:58.420 66371 INFO tempest.lib.common.rest_client [req-2b3d8ea4-1068-463d-b8ef-e951799e7e66 req-2b3d8ea4-1068-463d-b8ef-e951799e7e66 ] Request (SecurityGroupsTestAdminJSON:setUpClass): 201 POST http://10.180.1.21/identity/v3/users 0.097s
2024-12-12 08:11:58.448 66371 INFO tempest.lib.common.rest_client [req-34a2eb64-1cf1-4086-885f-a63d96d9034f req-34a2eb64-1cf1-4086-885f-a63d96d9034f ] Request (SecurityGroupsTestAdminJSON:setUpClass): 200 GET http://10.180.1.21/identity/v3/roles 0.027s
2024-12-12 08:11:58.462 66343 INFO tempest.lib.common.rest_client [req-6c30cab4-86a3-4ab7-b10a-fcd232aa7c5d req-6c30cab4-86a3-4ab7-b10a-fcd232aa7c5d ] Request (ServersTestMultiNic:test_verify_duplicate_network_nics): 200 GET http://10.180.1.21/compute/v2.1/servers/cfefa7c8-4986-4ad0-ac20-8784ee44a737 0.211s
2024-12-12 08:11:58.505 66371 INFO tempest.lib.common.rest_client [req-7575ea30-b773-4928-a3ac-b5798d28c395 req-7575ea30-b773-4928-a3ac-b5798d28c395 ] Request (SecurityGroupsTestAdminJSON:setUpClass): 204 PUT http://10.180.1.21/identity/v3/projects/fb0089da062d477680b9b28a81a1f10a/users/5249690814b541f8bfa265d5708b31b3/roles/1e60793d0a2a439ab760e7bede9bb722 0.055s
2024-12-12 08:11:58.529 66379 INFO tempest.lib.common.rest_client [req-801db6e2-f8f2-41c9-ac68-06021cd8cc72 req-801db6e2-f8f2-41c9-ac68-06021cd8cc72 ] Request (ImagesTestJSON:test_create_image_from_suspended_server): 200 GET http://10.180.1.21/compute/v2.1/servers/3b506d10-a427-47b8-ab5f-c35e450b7eb1 0.175s
2024-12-12 08:11:58.532 66355 INFO tempest.lib.common.rest_client [req-55f77713-f48c-4361-ba90-07bf9eeebda1 req-55f77713-f48c-4361-ba90-07bf9eeebda1 ] Request (ServerDiagnosticsNegativeTest:tearDownClass): 204 DELETE http://10.180.1.21/identity/v3/projects/eb97d9e20070460a910c2b2b2c2c27aa 0.148s
2024-12-12 08:11:58.532 66355 INFO tempest.lib.common.dynamic_creds [-] Deleting project and security group for project: f346b670386f4337b735113f99ad5f1f
2024-12-12 08:11:58.562 66365 INFO tempest.lib.common.rest_client [req-7e9cf237-5eaf-4e40-b329-19c4e157c1c9 req-7e9cf237-5eaf-4e40-b329-19c4e157c1c9 ] Request (VolumesAssistedSnapshotsTest:test_volume_assisted_snapshot_create_delete): 200 GET http://10.180.1.21/compute/v2.1/servers/91902e7f-8c15-447b-a3a8-04433434b1b6 0.287s
2024-12-12 08:11:58.610 66371 INFO tempest.lib.common.rest_client [req-c426f3f8-cfa6-4dd2-9b5a-e148799e6294 req-c426f3f8-cfa6-4dd2-9b5a-e148799e6294 ] Request (SecurityGroupsTestAdminJSON:setUpClass): 200 GET http://10.180.1.21/identity/v3/roles 0.104s
2024-12-12 08:11:58.627 66397 INFO tempest.lib.common.rest_client [req-19d76d52-8ca5-4c4b-b96e-21170555c419 req-19d76d52-8ca5-4c4b-b96e-21170555c419 ] Request (InstanceActionsTestJSON:setUpClass): 200 GET http://10.180.1.21/compute/v2.1/servers/f19c860f-736a-4783-8ef5-8262040e53a3 0.222s
2024-12-12 08:11:58.645 66371 INFO tempest.lib.common.rest_client [req-1ff429bd-0148-4e04-9658-7e3980daa2e2 req-1ff429bd-0148-4e04-9658-7e3980daa2e2 ] Request (SecurityGroupsTestAdminJSON:setUpClass): 204 PUT http://10.180.1.21/identity/v3/projects/fb0089da062d477680b9b28a81a1f10a/users/5249690814b541f8bfa265d5708b31b3/roles/1e60793d0a2a439ab760e7bede9bb722 0.035s
2024-12-12 08:11:58.645 66371 INFO tempest.lib.common.dynamic_creds [-] Dynamic test user 5249690814b541f8bfa265d5708b31b3 is created with scope project and roles: ['admin']
2024-12-12 08:11:58.645 66371 INFO tempest.lib.common.dynamic_creds [-] Acquired dynamic creds: credentials: Credentials: {'domain_id': 'default', 'domain_name': 'Default', 'username': 'tempest-SecurityGroupsTestAdminJSON-1994700800-project-admin', 'project_domain_id': 'default', 'project_domain_name': 'Default', 'project_id': 'fb0089da062d477680b9b28a81a1f10a', 'project_name': 'tempest-SecurityGroupsTestAdminJSON-1994700800', 'tenant_id': 'fb0089da062d477680b9b28a81a1f10a', 'tenant_name': 'tempest-SecurityGroupsTestAdminJSON-1994700800', 'user_domain_id': 'default', 'user_domain_name': 'Default', 'user_id': '5249690814b541f8bfa265d5708b31b3', 'system': None}, Network: None, Subnet: None, Router: None
2024-12-12 08:11:58.645 66371 INFO tempest.lib.common.dynamic_creds [-] Created isolated network resources for: credentials: Credentials: {'domain_id': 'default', 'domain_name': 'Default', 'username': 'tempest-SecurityGroupsTestAdminJSON-1994700800-project-admin', 'project_domain_id': 'default', 'project_domain_name': 'Default', 'project_id': 'fb0089da062d477680b9b28a81a1f10a', 'project_name': 'tempest-SecurityGroupsTestAdminJSON-1994700800', 'tenant_id': 'fb0089da062d477680b9b28a81a1f10a', 'tenant_name': 'tempest-SecurityGroupsTestAdminJSON-1994700800', 'user_domain_id': 'default', 'user_domain_name': 'Default', 'user_id': '5249690814b541f8bfa265d5708b31b3', 'system': None}, Network: None, Subnet: None, Router: None
2024-12-12 08:11:58.662 66355 INFO tempest.lib.common.rest_client [req-6a28f5d5-e7ed-4b3e-b500-78cab473121c req-6a28f5d5-e7ed-4b3e-b500-78cab473121c ] Request (ServerDiagnosticsNegativeTest:tearDownClass): 200 GET http://10.180.1.21:9696/networking/v2.0/security-groups?tenant_id=f346b670386f4337b735113f99ad5f1f&name=default 0.130s
2024-12-12 08:11:58.709 66399 INFO tempest.lib.common.rest_client [req-8619afad-bbd6-4920-a701-2e70f30d52df req-8619afad-bbd6-4920-a701-2e70f30d52df ] Request (VolumesAdminNegativeTest:test_update_attached_volume_with_nonexistent_volume_in_body): 200 GET http://10.180.1.21/compute/v2.1/servers/c61c893f-826b-4874-b253-de6fbffa9e5a 0.345s
2024-12-12 08:11:58.718 66399 INFO tempest.common.waiters [-] State transition "BUILD/networking" ==> "BUILD/spawning" after 37 second wait
2024-12-12 08:11:58.722 66389 INFO tempest.lib.common.rest_client [req-27bdc22d-9890-46fa-9732-068bee586a23 req-27bdc22d-9890-46fa-9732-068bee586a23 ] Request (ServerDiagnosticsTest:tearDownClass): 200 GET http://10.180.1.21/compute/v2.1/servers/1118c1e5-1aa8-4f52-9fb9-e86531bf83d1 0.288s
2024-12-12 08:11:58.734 66371 INFO tempest.lib.common.rest_client [req-3e59707f-1878-40af-9657-82206074f6c5 req-3e59707f-1878-40af-9657-82206074f6c5 ] Request (SecurityGroupsTestAdminJSON:setUpClass): 201 POST http://10.180.1.21/identity/v3/auth/tokens 0.085s
2024-12-12 08:11:58.760 66355 INFO tempest.lib.common.rest_client [req-77cb22ce-45a6-4151-9171-09d434efd441 req-77cb22ce-45a6-4151-9171-09d434efd441 ] Request (ServerDiagnosticsNegativeTest:tearDownClass): 204 DELETE http://10.180.1.21:9696/networking/v2.0/security-groups/d38af2ec-98c7-4333-b919-bb594328e0b5 0.097s
2024-12-12 08:11:58.777 66395 INFO tempest.lib.common.rest_client [req-76705b4c-ebe1-481c-9666-0c00b8e0cb54 req-76705b4c-ebe1-481c-9666-0c00b8e0cb54 ] Request (ListImageFiltersTestJSON:setUpClass): 200 GET http://10.180.1.21/compute/v2.1/servers/2b68e95a-1d93-43ee-b0a6-996c9042f5c7 0.338s
2024-12-12 08:11:58.786 66339 INFO tempest.lib.common.rest_client [req-99b7fb00-2f9e-4653-bd01-9e85da0bd0df req-99b7fb00-2f9e-4653-bd01-9e85da0bd0df ] Request (FloatingIPsAssociationTestJSON:setUpClass): 200 GET http://10.180.1.21/compute/v2.1/servers/09eefc1a-011b-4d2c-ab75-a1fcee740907 0.297s
2024-12-12 08:11:58.831 66341 INFO tempest.lib.common.rest_client [req-a8b0eeb8-0d9b-4a7c-8786-c5d742689382 req-a8b0eeb8-0d9b-4a7c-8786-c5d742689382 ] Request (ServerExternalEventsTest:test_create_server_external_events): 200 GET http://10.180.1.21/compute/v2.1/servers/f7d5c77d-6c78-4969-b511-2b03ab624c84 0.283s
2024-12-12 08:11:58.849 66401 INFO tempest.lib.common.rest_client [req-95687f69-8913-4a8f-8947-aeacf1c249b1 req-95687f69-8913-4a8f-8947-aeacf1c249b1 ] Request (ServersAdminTestJSON:test_create_server_with_scheduling_hint): 200 GET http://10.180.1.21/compute/v2.1/servers/f59a31e4-7fb9-4de7-b35f-da811a305f85 0.240s
2024-12-12 08:11:58.865 66355 INFO tempest.lib.common.rest_client [req-8e8fe865-14a0-405d-a49d-20c9087a027e req-8e8fe865-14a0-405d-a49d-20c9087a027e ] Request (ServerDiagnosticsNegativeTest:tearDownClass): 204 DELETE http://10.180.1.21/identity/v3/projects/f346b670386f4337b735113f99ad5f1f 0.104s
2024-12-12 08:11:58.886 66361 INFO tempest.lib.common.rest_client [req-25da01cc-87a5-4e02-b747-7863baa7d738 req-25da01cc-87a5-4e02-b747-7863baa7d738 ] Request (ServersAdmin275Test:_run_cleanups): 200 GET http://10.180.1.21/compute/v2.1/servers/c07e4d30-44bc-417b-8137-97f974aec932 0.189s
2024-12-12 08:11:58.933 66355 INFO tempest.lib.common.rest_client [req-66fc7395-83a5-428a-bb17-d3b08a3bb18d req-66fc7395-83a5-428a-bb17-d3b08a3bb18d ] Request (SecurityGroupRulesTestJSON:setUpClass): 201 POST http://10.180.1.21/identity/v3/auth/tokens 0.065s
2024-12-12 08:11:58.950 66377 INFO tempest.lib.common.rest_client [req-b8d5a643-b872-4773-99f3-a0b4faaf7c4e req-b8d5a643-b872-4773-99f3-a0b4faaf7c4e ] Request (ServerDiagnosticsV248Test:tearDownClass): 200 GET http://10.180.1.21/compute/v2.1/servers/ceadcb5e-ee82-4441-b046-f79b973ec05e 0.198s
2024-12-12 08:11:58.968 66355 INFO tempest.lib.common.rest_client [req-09276b5e-4c24-436d-a8f8-ee75c37c0b3a req-09276b5e-4c24-436d-a8f8-ee75c37c0b3a ] Request (SecurityGroupRulesTestJSON:setUpClass): 201 POST http://10.180.1.21/identity/v3/auth/tokens 0.033s
2024-12-12 08:11:58.995 66355 INFO tempest.lib.common.rest_client [req-74f5f247-cf41-4425-a143-3a7f9ab1bca7 req-74f5f247-cf41-4425-a143-3a7f9ab1bca7 ] Request (SecurityGroupRulesTestJSON:setUpClass): 200 GET http://10.180.1.21/identity/v3/domains?name=Default 0.026s
2024-12-12 08:11:59.036 66355 INFO tempest.lib.common.rest_client [req-ffefea0d-05b1-4510-8407-ebd896fdfeb8 req-ffefea0d-05b1-4510-8407-ebd896fdfeb8 ] Request (SecurityGroupRulesTestJSON:setUpClass): 201 POST http://10.180.1.21/identity/v3/projects 0.041s
2024-12-12 08:11:59.107 66345 INFO tempest.lib.common.rest_client [req-89b1954b-c853-40dc-827b-ee17692a1231 req-89b1954b-c853-40dc-827b-ee17692a1231 ] Request (MigrationsAdminTest:test_list_migrations_in_flavor_resize_situation): 200 GET http://10.180.1.21/compute/v2.1/servers/fe350d30-6fbd-4813-9634-ed05984fecfd 0.337s
2024-12-12 08:11:59.115 66345 INFO tempest.common.waiters [-] State transition "RESIZE/resize_finish" ==> "VERIFY_RESIZE/None" after 36 second wait
2024-12-12 08:11:59.130 66355 INFO tempest.lib.common.rest_client [req-23955b0d-e767-4594-80c0-9c916c1cd070 req-23955b0d-e767-4594-80c0-9c916c1cd070 ] Request (SecurityGroupRulesTestJSON:setUpClass): 201 POST http://10.180.1.21/identity/v3/users 0.094s
2024-12-12 08:11:59.150 66355 INFO tempest.lib.common.rest_client [req-ac2b6c8d-5602-4710-87f7-688049b126ca req-ac2b6c8d-5602-4710-87f7-688049b126ca ] Request (SecurityGroupRulesTestJSON:setUpClass): 200 GET http://10.180.1.21/identity/v3/roles 0.019s
2024-12-12 08:11:59.186 66355 INFO tempest.lib.common.rest_client [req-4bd1c85a-df7c-493d-8bdd-109b45792c59 req-4bd1c85a-df7c-493d-8bdd-109b45792c59 ] Request (SecurityGroupRulesTestJSON:setUpClass): 204 PUT http://10.180.1.21/identity/v3/projects/b821c48c7f204621b7dae9fc27fde3ce/users/019b76f4079a452f94a3deaff34f35cd/roles/b5ab3d46236945eb9c84cd8314b81899 0.035s
2024-12-12 08:11:59.187 66355 INFO tempest.lib.common.dynamic_creds [-] Dynamic test user 019b76f4079a452f94a3deaff34f35cd is created with scope project and roles: ['member']
2024-12-12 08:11:59.187 66355 INFO tempest.lib.common.dynamic_creds [-] Acquired dynamic creds: credentials: Credentials: {'domain_id': 'default', 'domain_name': 'Default', 'username': 'tempest-SecurityGroupRulesTestJSON-1133081994-project-member', 'project_domain_id': 'default', 'project_domain_name': 'Default', 'project_id': 'b821c48c7f204621b7dae9fc27fde3ce', 'project_name': 'tempest-SecurityGroupRulesTestJSON-1133081994', 'tenant_id': 'b821c48c7f204621b7dae9fc27fde3ce', 'tenant_name': 'tempest-SecurityGroupRulesTestJSON-1133081994', 'user_domain_id': 'default', 'user_domain_name': 'Default', 'user_id': '019b76f4079a452f94a3deaff34f35cd', 'system': None}, Network: None, Subnet: None, Router: None
2024-12-12 08:11:59.197 66375 INFO tempest.lib.common.rest_client [req-d4889a58-28d7-4f28-b405-365f3ab98525 req-d4889a58-28d7-4f28-b405-365f3ab98525 ] Request (DeleteServersTestJSON:test_delete_active_server): 200 GET http://10.180.1.21/compute/v2.1/servers/31f55ece-82e6-40ad-ad7c-1af645f307bf 0.367s
2024-12-12 08:11:59.270 66355 INFO tempest.lib.common.rest_client [req-d6a7b078-6cf0-4f88-8c97-c889e2f036ae req-d6a7b078-6cf0-4f88-8c97-c889e2f036ae ] Request (SecurityGroupRulesTestJSON:setUpClass): 201 POST http://10.180.1.21/identity/v3/auth/tokens 0.083s
2024-12-12 08:11:59.273 66353 INFO tempest.lib.common.rest_client [req-5f66a21d-f19d-4921-9826-bf3395d48cc1 req-5f66a21d-f19d-4921-9826-bf3395d48cc1 ] Request (ServersTestJSON:setUpClass): 200 GET http://10.180.1.21/compute/v2.1/servers/4c336ad1-8ce6-4f89-843e-0baae0d0dbda 0.431s
2024-12-12 08:11:59.347 66381 INFO tempest.lib.common.rest_client [req-bcdb396d-7285-4901-8c1a-1c01013139fe req-bcdb396d-7285-4901-8c1a-1c01013139fe ] Request (SecurityGroupsTestJSON:test_list_security_groups_by_server): 200 GET http://10.180.1.21/compute/v2.1/servers/4a29bff8-050a-4ad5-9d06-3a59c40b97ee 0.430s
2024-12-12 08:11:59.352 66371 INFO tempest.lib.common.rest_client [req-da5956fa-fcd6-454e-9dce-95f3f2fbaa39 req-da5956fa-fcd6-454e-9dce-95f3f2fbaa39 ] Request (SecurityGroupsTestAdminJSON:test_list_security_groups_list_all_tenants_filter): 200 POST http://10.180.1.21/compute/v2.1/os-security-groups 0.617s
2024-12-12 08:11:59.432 66385 INFO tempest.lib.common.rest_client [req-74669ec5-c38c-4648-927e-9c111b20da3c req-74669ec5-c38c-4648-927e-9c111b20da3c ] Request (ServerShowV247Test:test_update_rebuild_list_server): 200 GET http://10.180.1.21/compute/v2.1/servers/49221ea3-d457-4cf5-97a9-9ae74c4e86fb 0.384s
2024-12-12 08:11:59.434 66369 INFO tempest.lib.common.rest_client [req-102b6da9-3e91-4c54-987f-6ac696012a7b req-102b6da9-3e91-4c54-987f-6ac696012a7b ] Request (ServersAdminNegativeTestJSON:test_migrate_server_invalid_state): 200 GET http://10.180.1.21/compute/v2.1/servers/681ef7a9-3b24-450a-9034-6d30177995d7 0.460s
2024-12-12 08:11:59.496 66391 INFO tempest.lib.common.rest_client [req-901e229a-e28e-46a3-9f02-309acad12592 req-901e229a-e28e-46a3-9f02-309acad12592 ] Request (ServerDiskConfigTestJSON:test_rebuild_server_with_auto_disk_config): 200 GET http://10.180.1.21/compute/v2.1/servers/51eaac08-75fd-49f9-9b1a-cc2a2d799634 0.399s
2024-12-12 08:11:59.502 66345 INFO tempest.lib.common.rest_client [req-b98629d6-2be9-4962-a917-529126d46bed req-b98629d6-2be9-4962-a917-529126d46bed ] Request (MigrationsAdminTest:test_list_migrations_in_flavor_resize_situation): 204 POST http://10.180.1.21/compute/v2.1/servers/fe350d30-6fbd-4813-9634-ed05984fecfd/action 0.386s
2024-12-12 08:11:59.570 66363 INFO tempest.lib.common.rest_client [req-8ea6a430-9fda-485e-899a-0487759cfaac req-8ea6a430-9fda-485e-899a-0487759cfaac ] Request (ListServersNegativeTestJSON:setUpClass): 200 GET http://10.180.1.21/compute/v2.1/servers/021c3287-5887-457e-9b3a-233308fb9b23 0.407s
2024-12-12 08:11:59.574 66349 INFO tempest.lib.common.rest_client [req-7632789e-740c-49ea-93b5-fc287a2e5610 req-7632789e-740c-49ea-93b5-fc287a2e5610 ] Request (ServerShowV254Test:test_rebuild_server): 200 GET http://10.180.1.21/compute/v2.1/servers/1462d213-3f9a-4c60-8056-0b68f20a4939 0.365s
2024-12-12 08:11:59.583 66355 INFO tempest.lib.common.rest_client [req-b6c8d218-92d9-4b58-a488-6c818c91426f req-b6c8d218-92d9-4b58-a488-6c818c91426f ] Request (SecurityGroupRulesTestJSON:setUpClass): 201 POST http://10.180.1.21:9696/networking/v2.0/networks 0.312s
2024-12-12 08:11:59.634 66347 INFO tempest.lib.common.rest_client [req-74f10f9e-952a-48d3-ac90-48f5233543bb req-74f10f9e-952a-48d3-ac90-48f5233543bb ] Request (InstanceActionsV221TestJSON:test_get_list_deleted_instance_actions): 200 GET http://10.180.1.21/compute/v2.1/servers/c612a1be-fb39-416d-a9d2-d206582e5aeb 0.371s
2024-12-12 08:11:59.649 66387 INFO tempest.lib.common.rest_client [req-c8daf897-2cb4-4d0e-bb35-8b25bef6f5be req-c8daf897-2cb4-4d0e-bb35-8b25bef6f5be ] Request (DeleteServersAdminTestJSON:test_delete_server_while_in_error_state): 200 GET http://10.180.1.21/compute/v2.1/servers/40c7a9b8-d541-464a-ba87-76cfc183ae31 0.336s
2024-12-12 08:11:59.711 66367 INFO tempest.lib.common.rest_client [req-38ed0d6f-e2e8-4f39-a0eb-40f580734a46 req-38ed0d6f-e2e8-4f39-a0eb-40f580734a46 ] Request (ServerAddressesNegativeTestJSON:setUpClass): 200 GET http://10.180.1.21/compute/v2.1/servers/22380aef-c725-43a0-a957-06ced9518c21 0.347s
2024-12-12 08:11:59.772 66357 INFO tempest.lib.common.rest_client [req-14a0ddb1-2d25-44e9-81eb-755a547efda3 req-14a0ddb1-2d25-44e9-81eb-755a547efda3 ] Request (ServersTestFqdnHostnames:test_create_server_with_fqdn_name): 200 GET http://10.180.1.21/compute/v2.1/servers/a59be5e6-2316-4766-933a-4d01dfe4fec1 0.353s
2024-12-12 08:11:59.821 66371 INFO tempest.lib.common.rest_client [req-bbb1aa3b-1610-4cf7-8a6a-f15e6579e892 req-bbb1aa3b-1610-4cf7-8a6a-f15e6579e892 ] Request (SecurityGroupsTestAdminJSON:test_list_security_groups_list_all_tenants_filter): 200 POST http://10.180.1.21/compute/v2.1/os-security-groups 0.464s
2024-12-12 08:11:59.831 66343 INFO tempest.lib.common.rest_client [req-ad340d06-c536-4125-9894-631b4fe728e5 req-ad340d06-c536-4125-9894-631b4fe728e5 ] Request (ServersTestMultiNic:test_verify_duplicate_network_nics): 200 GET http://10.180.1.21/compute/v2.1/servers/cfefa7c8-4986-4ad0-ac20-8784ee44a737 0.360s
2024-12-12 08:11:59.856 66355 INFO tempest.lib.common.rest_client [req-926e4c8a-b1d1-4f53-ae87-d6244f31650d req-926e4c8a-b1d1-4f53-ae87-d6244f31650d ] Request (SecurityGroupRulesTestJSON:setUpClass): 201 POST http://10.180.1.21:9696/networking/v2.0/subnets 0.272s
2024-12-12 08:11:59.888 66379 INFO tempest.lib.common.rest_client [req-17e49953-ede9-4b87-b429-9fb9b62d0205 req-17e49953-ede9-4b87-b429-9fb9b62d0205 ] Request (ImagesTestJSON:test_create_image_from_suspended_server): 200 GET http://10.180.1.21/compute/v2.1/servers/3b506d10-a427-47b8-ab5f-c35e450b7eb1 0.351s
2024-12-12 08:11:59.941 66345 INFO tempest.lib.common.rest_client [req-af2352ec-9b8a-4236-9da1-cb09c7d46ebb req-af2352ec-9b8a-4236-9da1-cb09c7d46ebb ] Request (MigrationsAdminTest:test_list_migrations_in_flavor_resize_situation): 200 GET http://10.180.1.21/compute/v2.1/servers/fe350d30-6fbd-4813-9634-ed05984fecfd 0.439s
2024-12-12 08:12:00.003 66397 INFO tempest.lib.common.rest_client [req-513464f0-afd8-4202-83df-8d9c8d71c01c req-513464f0-afd8-4202-83df-8d9c8d71c01c ] Request (InstanceActionsTestJSON:setUpClass): 200 GET http://10.180.1.21/compute/v2.1/servers/f19c860f-736a-4783-8ef5-8262040e53a3 0.365s
2024-12-12 08:12:00.007 66365 INFO tempest.lib.common.rest_client [req-7cdbdfaf-4b34-48bb-99bc-39bdd5a1bb63 req-7cdbdfaf-4b34-48bb-99bc-39bdd5a1bb63 ] Request (VolumesAssistedSnapshotsTest:test_volume_assisted_snapshot_create_delete): 200 GET http://10.180.1.21/compute/v2.1/servers/91902e7f-8c15-447b-a3a8-04433434b1b6 0.436s
2024-12-12 08:12:00.084 66389 INFO tempest.lib.common.rest_client [req-59141d06-a4f2-4277-b3d6-f2de5616cc0d req-59141d06-a4f2-4277-b3d6-f2de5616cc0d ] Request (ServerDiagnosticsTest:tearDownClass): 200 GET http://10.180.1.21/compute/v2.1/servers/1118c1e5-1aa8-4f52-9fb9-e86531bf83d1 0.352s
2024-12-12 08:12:00.131 66395 INFO tempest.lib.common.rest_client [req-088ed239-2fb6-47e8-98de-6cb4c0cb8a2e req-088ed239-2fb6-47e8-98de-6cb4c0cb8a2e ] Request (ListImageFiltersTestJSON:setUpClass): 200 GET http://10.180.1.21/compute/v2.1/servers/2b68e95a-1d93-43ee-b0a6-996c9042f5c7 0.344s
2024-12-12 08:12:00.180 66339 INFO tempest.lib.common.rest_client [req-f49c9047-0098-4677-8960-5e058a911de8 req-f49c9047-0098-4677-8960-5e058a911de8 ] Request (FloatingIPsAssociationTestJSON:setUpClass): 200 GET http://10.180.1.21/compute/v2.1/servers/09eefc1a-011b-4d2c-ab75-a1fcee740907 0.385s
2024-12-12 08:12:00.204 66399 INFO tempest.lib.common.rest_client [req-d343a784-aae8-454b-9fa0-148d256cbad2 req-d343a784-aae8-454b-9fa0-148d256cbad2 ] Request (VolumesAdminNegativeTest:test_update_attached_volume_with_nonexistent_volume_in_body): 200 GET http://10.180.1.21/compute/v2.1/servers/c61c893f-826b-4874-b253-de6fbffa9e5a 0.484s
2024-12-12 08:12:00.253 66341 INFO tempest.lib.common.rest_client [req-6657de83-d7cd-4760-9b77-f8bfa80c6624 req-6657de83-d7cd-4760-9b77-f8bfa80c6624 ] Request (ServerExternalEventsTest:test_create_server_external_events): 200 GET http://10.180.1.21/compute/v2.1/servers/f7d5c77d-6c78-4969-b511-2b03ab624c84 0.415s
2024-12-12 08:12:00.304 66401 INFO tempest.lib.common.rest_client [req-022606ce-7bd4-4f8f-abcf-deaaecbe1084 req-022606ce-7bd4-4f8f-abcf-deaaecbe1084 ] Request (ServersAdminTestJSON:test_create_server_with_scheduling_hint): 200 GET http://10.180.1.21/compute/v2.1/servers/f59a31e4-7fb9-4de7-b35f-da811a305f85 0.447s
2024-12-12 08:12:00.371 66361 INFO tempest.lib.common.rest_client [req-c3f4dd9d-8ae7-4cf5-a715-a46ba00fdfb4 req-c3f4dd9d-8ae7-4cf5-a715-a46ba00fdfb4 ] Request (ServersAdmin275Test:_run_cleanups): 200 GET http://10.180.1.21/compute/v2.1/servers/c07e4d30-44bc-417b-8137-97f974aec932 0.472s
2024-12-12 08:12:00.438 66377 INFO tempest.lib.common.rest_client [req-3531ba4f-8409-4a96-918d-9b25d7994142 req-3531ba4f-8409-4a96-918d-9b25d7994142 ] Request (ServerDiagnosticsV248Test:tearDownClass): 200 GET http://10.180.1.21/compute/v2.1/servers/ceadcb5e-ee82-4441-b046-f79b973ec05e 0.474s
2024-12-12 08:12:00.511 66375 INFO tempest.lib.common.rest_client [req-16e5506f-3d00-45c7-bbaf-44e305981396 req-16e5506f-3d00-45c7-bbaf-44e305981396 ] Request (DeleteServersTestJSON:test_delete_active_server): 200 GET http://10.180.1.21/compute/v2.1/servers/31f55ece-82e6-40ad-ad7c-1af645f307bf 0.301s
2024-12-12 08:12:00.532 66371 INFO tempest.lib.common.rest_client [req-3ef0013e-59ff-45c8-a0c8-44a2c2a648ec req-3ef0013e-59ff-45c8-a0c8-44a2c2a648ec ] Request (SecurityGroupsTestAdminJSON:test_list_security_groups_list_all_tenants_filter): 200 POST http://10.180.1.21/compute/v2.1/os-security-groups 0.708s
2024-12-12 08:12:00.559 66353 INFO tempest.lib.common.rest_client [req-aab8bc1c-1ecb-484e-bec9-f1ed7c2c5ba5 req-aab8bc1c-1ecb-484e-bec9-f1ed7c2c5ba5 ] Request (ServersTestJSON:setUpClass): 200 GET http://10.180.1.21/compute/v2.1/servers/4c336ad1-8ce6-4f89-843e-0baae0d0dbda 0.277s
2024-12-12 08:12:00.588 66381 INFO tempest.lib.common.rest_client [req-13eb20cf-79c4-4c53-8211-63d65b8b902f req-13eb20cf-79c4-4c53-8211-63d65b8b902f ] Request (SecurityGroupsTestJSON:test_list_security_groups_by_server): 200 GET http://10.180.1.21/compute/v2.1/servers/4a29bff8-050a-4ad5-9d06-3a59c40b97ee 0.234s
2024-12-12 08:12:00.604 66369 INFO tempest.lib.common.rest_client [req-5db3bf58-076e-4aa0-87de-d3e0a4a94ae9 req-5db3bf58-076e-4aa0-87de-d3e0a4a94ae9 ] Request (ServersAdminNegativeTestJSON:test_migrate_server_invalid_state): 200 GET http://10.180.1.21/compute/v2.1/servers/681ef7a9-3b24-450a-9034-6d30177995d7 0.161s
2024-12-12 08:12:00.635 66385 INFO tempest.lib.common.rest_client [req-1f5e056f-90f1-45a2-bb32-36b40d89afe9 req-1f5e056f-90f1-45a2-bb32-36b40d89afe9 ] Request (ServerShowV247Test:test_update_rebuild_list_server): 200 GET http://10.180.1.21/compute/v2.1/servers/49221ea3-d457-4cf5-97a9-9ae74c4e86fb 0.188s
2024-12-12 08:12:00.648 66391 INFO tempest.lib.common.rest_client [req-be66d748-ae4b-4312-aebe-7bdecdad0cae req-be66d748-ae4b-4312-aebe-7bdecdad0cae ] Request (ServerDiskConfigTestJSON:test_rebuild_server_with_auto_disk_config): 200 GET http://10.180.1.21/compute/v2.1/servers/51eaac08-75fd-49f9-9b1a-cc2a2d799634 0.141s
2024-12-12 08:12:00.697 66363 INFO tempest.lib.common.rest_client [req-e029e9a6-9fdd-4eb0-a381-cc7d6019d3e3 req-e029e9a6-9fdd-4eb0-a381-cc7d6019d3e3 ] Request (ListServersNegativeTestJSON:setUpClass): 200 GET http://10.180.1.21/compute/v2.1/servers/021c3287-5887-457e-9b3a-233308fb9b23 0.118s
2024-12-12 08:12:00.754 66349 INFO tempest.lib.common.rest_client [req-13d70ca1-5992-4d85-8175-ed54d0a5e564 req-13d70ca1-5992-4d85-8175-ed54d0a5e564 ] Request (ServerShowV254Test:test_rebuild_server): 200 GET http://10.180.1.21/compute/v2.1/servers/1462d213-3f9a-4c60-8056-0b68f20a4939 0.171s
2024-12-12 08:12:00.761 66371 INFO tempest.lib.common.rest_client [req-35307c5b-df27-4d4a-9e1e-76393b188bfa req-35307c5b-df27-4d4a-9e1e-76393b188bfa ] Request (SecurityGroupsTestAdminJSON:test_list_security_groups_list_all_tenants_filter): 200 POST http://10.180.1.21/compute/v2.1/os-security-groups 0.227s
2024-12-12 08:12:00.806 66347 INFO tempest.lib.common.rest_client [req-ff9893b9-57ea-4504-b5e6-469aacb49c10 req-ff9893b9-57ea-4504-b5e6-469aacb49c10 ] Request (InstanceActionsV221TestJSON:test_get_list_deleted_instance_actions): 200 GET http://10.180.1.21/compute/v2.1/servers/c612a1be-fb39-416d-a9d2-d206582e5aeb 0.163s
2024-12-12 08:12:00.812 66387 INFO tempest.lib.common.rest_client [req-256ab6d6-4b35-4a09-bbb0-53bd7d154914 req-256ab6d6-4b35-4a09-bbb0-53bd7d154914 ] Request (DeleteServersAdminTestJSON:test_delete_server_while_in_error_state): 200 GET http://10.180.1.21/compute/v2.1/servers/40c7a9b8-d541-464a-ba87-76cfc183ae31 0.155s
2024-12-12 08:12:00.814 66347 INFO tempest.common.waiters [-] State transition "BUILD/None" ==> "BUILD/networking" after 33 second wait
2024-12-12 08:12:00.870 66367 INFO tempest.lib.common.rest_client [req-f0522049-bd1d-42e5-b972-f72f32589b5a req-f0522049-bd1d-42e5-b972-f72f32589b5a ] Request (ServerAddressesNegativeTestJSON:setUpClass): 200 GET http://10.180.1.21/compute/v2.1/servers/22380aef-c725-43a0-a957-06ced9518c21 0.151s
2024-12-12 08:12:00.922 66357 INFO tempest.lib.common.rest_client [req-3415cc8b-6dcb-431a-b503-c34407f00ab8 req-3415cc8b-6dcb-431a-b503-c34407f00ab8 ] Request (ServersTestFqdnHostnames:test_create_server_with_fqdn_name): 200 GET http://10.180.1.21/compute/v2.1/servers/a59be5e6-2316-4766-933a-4d01dfe4fec1 0.135s
2024-12-12 08:12:00.943 66355 INFO tempest.lib.common.rest_client [req-79ba2f41-9c08-4556-9c2f-a2bc7db777ab req-79ba2f41-9c08-4556-9c2f-a2bc7db777ab ] Request (SecurityGroupRulesTestJSON:setUpClass): 201 POST http://10.180.1.21:9696/networking/v2.0/routers 1.086s
2024-12-12 08:12:00.976 66343 INFO tempest.lib.common.rest_client [req-0e02f269-762f-404c-9c42-bda4f161574e req-0e02f269-762f-404c-9c42-bda4f161574e ] Request (ServersTestMultiNic:test_verify_duplicate_network_nics): 200 GET http://10.180.1.21/compute/v2.1/servers/cfefa7c8-4986-4ad0-ac20-8784ee44a737 0.137s
2024-12-12 08:12:01.049 66379 INFO tempest.lib.common.rest_client [req-4889c795-c94c-495a-94a7-1d9f0f0e2d7a req-4889c795-c94c-495a-94a7-1d9f0f0e2d7a ] Request (ImagesTestJSON:test_create_image_from_suspended_server): 200 GET http://10.180.1.21/compute/v2.1/servers/3b506d10-a427-47b8-ab5f-c35e450b7eb1 0.152s
2024-12-12 08:12:01.195 66345 INFO tempest.lib.common.rest_client [req-03e682c5-e978-4864-afd8-1201d034cb91 req-03e682c5-e978-4864-afd8-1201d034cb91 ] Request (MigrationsAdminTest:test_list_migrations_in_flavor_resize_situation): 200 GET http://10.180.1.21/compute/v2.1/servers/fe350d30-6fbd-4813-9634-ed05984fecfd 0.243s
2024-12-12 08:12:01.230 66351 WARNING tempest.lib.common.ssh [-] Failed to establish authenticated ssh connection to cirros@10.180.180.215 ([Errno None] Unable to connect to port 22 on 10.180.180.215). Number attempts: 4. Retry after 5 seconds.: paramiko.ssh_exception.NoValidConnectionsError: [Errno None] Unable to connect to port 22 on 10.180.180.215
2024-12-12 08:12:01.254 66397 INFO tempest.lib.common.rest_client [req-c845bad6-14c5-423b-9e8a-52169b9891fe req-c845bad6-14c5-423b-9e8a-52169b9891fe ] Request (InstanceActionsTestJSON:setUpClass): 200 GET http://10.180.1.21/compute/v2.1/servers/f19c860f-736a-4783-8ef5-8262040e53a3 0.244s
2024-12-12 08:12:01.430 66365 INFO tempest.lib.common.rest_client [req-776a1c50-a082-4cb3-b6f5-a695121c953d req-776a1c50-a082-4cb3-b6f5-a695121c953d ] Request (VolumesAssistedSnapshotsTest:test_volume_assisted_snapshot_create_delete): 200 GET http://10.180.1.21/compute/v2.1/servers/91902e7f-8c15-447b-a3a8-04433434b1b6 0.414s
2024-12-12 08:12:01.499 66389 INFO tempest.lib.common.rest_client [req-cee9da8b-f399-4d9e-947b-09f710659d53 req-cee9da8b-f399-4d9e-947b-09f710659d53 ] Request (ServerDiagnosticsTest:tearDownClass): 200 GET http://10.180.1.21/compute/v2.1/servers/1118c1e5-1aa8-4f52-9fb9-e86531bf83d1 0.409s
2024-12-12 08:12:01.567 66395 INFO tempest.lib.common.rest_client [req-0879ea76-b00b-4d8f-a2fe-33f34d8a1cfd req-0879ea76-b00b-4d8f-a2fe-33f34d8a1cfd ] Request (ListImageFiltersTestJSON:setUpClass): 200 GET http://10.180.1.21/compute/v2.1/servers/2b68e95a-1d93-43ee-b0a6-996c9042f5c7 0.429s
2024-12-12 08:12:01.629 66339 INFO tempest.lib.common.rest_client [req-1caf931f-8c00-4911-85b0-10f133d90a7a req-1caf931f-8c00-4911-85b0-10f133d90a7a ] Request (FloatingIPsAssociationTestJSON:setUpClass): 200 GET http://10.180.1.21/compute/v2.1/servers/09eefc1a-011b-4d2c-ab75-a1fcee740907 0.442s
2024-12-12 08:12:01.746 66359 WARNING tempest.lib.common.ssh [-] Failed to establish authenticated ssh connection to cirros@10.180.180.162 ([Errno None] Unable to connect to port 22 on 10.180.180.162). Number attempts: 2. Retry after 3 seconds.: paramiko.ssh_exception.NoValidConnectionsError: [Errno None] Unable to connect to port 22 on 10.180.180.162
2024-12-12 08:12:01.765 66399 INFO tempest.lib.common.rest_client [req-348d13d3-2ef0-48cb-b79c-675e922db0c0 req-348d13d3-2ef0-48cb-b79c-675e922db0c0 ] Request (VolumesAdminNegativeTest:test_update_attached_volume_with_nonexistent_volume_in_body): 200 GET http://10.180.1.21/compute/v2.1/servers/c61c893f-826b-4874-b253-de6fbffa9e5a 0.555s
2024-12-12 08:12:01.835 66341 INFO tempest.lib.common.rest_client [req-74676b6c-713e-4530-85ec-c0377eb695c4 req-74676b6c-713e-4530-85ec-c0377eb695c4 ] Request (ServerExternalEventsTest:test_create_server_external_events): 200 GET http://10.180.1.21/compute/v2.1/servers/f7d5c77d-6c78-4969-b511-2b03ab624c84 0.571s
2024-12-12 08:12:01.888 66401 INFO tempest.lib.common.rest_client [req-a3fad136-0c39-4e4d-824d-072ffc490f0d req-a3fad136-0c39-4e4d-824d-072ffc490f0d ] Request (ServersAdminTestJSON:test_create_server_with_scheduling_hint): 200 GET http://10.180.1.21/compute/v2.1/servers/f59a31e4-7fb9-4de7-b35f-da811a305f85 0.577s
2024-12-12 08:12:01.960 66361 INFO tempest.lib.common.rest_client [req-0749c131-5f72-44df-bd4b-5cbf135349ad req-0749c131-5f72-44df-bd4b-5cbf135349ad ] Request (ServersAdmin275Test:_run_cleanups): 200 GET http://10.180.1.21/compute/v2.1/servers/c07e4d30-44bc-417b-8137-97f974aec932 0.575s
2024-12-12 08:12:01.972 66361 INFO tempest.common.waiters [-] State transition "REBUILD/rebuild_spawning" ==> "ACTIVE/None" after 7 second wait
2024-12-12 08:12:02.049 66377 INFO tempest.lib.common.rest_client [req-535093ac-1197-4465-9756-99e53def63f7 req-535093ac-1197-4465-9756-99e53def63f7 ] Request (ServerDiagnosticsV248Test:tearDownClass): 200 GET http://10.180.1.21/compute/v2.1/servers/ceadcb5e-ee82-4441-b046-f79b973ec05e 0.592s
2024-12-12 08:12:02.144 66375 INFO tempest.lib.common.rest_client [req-d86136a6-93e1-4b5b-8b53-6071f63151f2 req-d86136a6-93e1-4b5b-8b53-6071f63151f2 ] Request (DeleteServersTestJSON:test_delete_active_server): 200 GET http://10.180.1.21/compute/v2.1/servers/31f55ece-82e6-40ad-ad7c-1af645f307bf 0.620s
2024-12-12 08:12:02.199 66353 INFO tempest.lib.common.rest_client [req-30c110a2-06d9-40bb-b51e-e5b9227d9959 req-30c110a2-06d9-40bb-b51e-e5b9227d9959 ] Request (ServersTestJSON:setUpClass): 200 GET http://10.180.1.21/compute/v2.1/servers/4c336ad1-8ce6-4f89-843e-0baae0d0dbda 0.632s
2024-12-12 08:12:02.254 66381 INFO tempest.lib.common.rest_client [req-c4eecbee-5553-4a3e-abf1-0b628c91a497 req-c4eecbee-5553-4a3e-abf1-0b628c91a497 ] Request (SecurityGroupsTestJSON:test_list_security_groups_by_server): 200 GET http://10.180.1.21/compute/v2.1/servers/4a29bff8-050a-4ad5-9d06-3a59c40b97ee 0.659s
2024-12-12 08:12:02.342 66369 INFO tempest.lib.common.rest_client [req-beaf2511-b30b-4052-829f-3d3a65cda107 req-beaf2511-b30b-4052-829f-3d3a65cda107 ] Request (ServersAdminNegativeTestJSON:test_migrate_server_invalid_state): 200 GET http://10.180.1.21/compute/v2.1/servers/681ef7a9-3b24-450a-9034-6d30177995d7 0.731s
2024-12-12 08:12:02.394 66385 INFO tempest.lib.common.rest_client [req-a3fad8dc-4325-4bf3-a6fb-68a34f271d18 req-a3fad8dc-4325-4bf3-a6fb-68a34f271d18 ] Request (ServerShowV247Test:test_update_rebuild_list_server): 200 GET http://10.180.1.21/compute/v2.1/servers/49221ea3-d457-4cf5-97a9-9ae74c4e86fb 0.747s
2024-12-12 08:12:02.450 66391 INFO tempest.lib.common.rest_client [req-3dd4c476-1fa7-4c97-a4c7-70c3a1b15f10 req-3dd4c476-1fa7-4c97-a4c7-70c3a1b15f10 ] Request (ServerDiskConfigTestJSON:test_rebuild_server_with_auto_disk_config): 200 GET http://10.180.1.21/compute/v2.1/servers/51eaac08-75fd-49f9-9b1a-cc2a2d799634 0.793s
2024-12-12 08:12:02.466 66355 INFO tempest.lib.common.rest_client [req-627b8326-1601-40eb-913d-d4eb4ff60fac req-627b8326-1601-40eb-913d-d4eb4ff60fac ] Request (SecurityGroupRulesTestJSON:setUpClass): 200 PUT http://10.180.1.21:9696/networking/v2.0/routers/8175675a-8a1d-47f9-8fb3-e6f3d7f2af14/add_router_interface 1.523s
2024-12-12 08:12:02.466 66355 INFO tempest.lib.common.dynamic_creds [-] Created isolated network resources for: credentials: Credentials: {'domain_id': 'default', 'domain_name': 'Default', 'username': 'tempest-SecurityGroupRulesTestJSON-1133081994-project-member', 'project_domain_id': 'default', 'project_domain_name': 'Default', 'project_id': 'b821c48c7f204621b7dae9fc27fde3ce', 'project_name': 'tempest-SecurityGroupRulesTestJSON-1133081994', 'tenant_id': 'b821c48c7f204621b7dae9fc27fde3ce', 'tenant_name': 'tempest-SecurityGroupRulesTestJSON-1133081994', 'user_domain_id': 'default', 'user_domain_name': 'Default', 'user_id': '019b76f4079a452f94a3deaff34f35cd', 'system': None}, Network: {'id': 'ce8b3d09-1c13-4169-8c1b-8b9c217d4e92', 'name': 'tempest-SecurityGroupRulesTestJSON-34437672-network', 'tenant_id': 'b821c48c7f204621b7dae9fc27fde3ce', 'admin_state_up': True, 'mtu': 8950, 'status': 'ACTIVE', 'subnets': [], 'shared': False, 'project_id': 'b821c48c7f204621b7dae9fc27fde3ce', 'port_security_enabled': True, 'router:external': False, 'provider:network_type': 'vlan', 'provider:physical_network': 'default', 'provider:segmentation_id': 537, 'availability_zone_hints': [], 'availability_zones': [], 'ipv4_address_scope': None, 'ipv6_address_scope': None, 'description': '', 'tags': [], 'created_at': '2024-12-12T08:11:59Z', 'updated_at': '2024-12-12T08:11:59Z', 'revision_number': 1}, Subnet: {'id': '8650ebe6-3e38-486f-a80a-f1773e76a65e', 'name': 'tempest-SecurityGroupRulesTestJSON-34437672-subnet', 'tenant_id': 'b821c48c7f204621b7dae9fc27fde3ce', 'network_id': 'ce8b3d09-1c13-4169-8c1b-8b9c217d4e92', 'ip_version': 4, 'subnetpool_id': None, 'enable_dhcp': True, 'ipv6_ra_mode': None, 'ipv6_address_mode': None, 'gateway_ip': '192.168.128.1', 'cidr': '192.168.128.0/28', 'allocation_pools': [{'start': '192.168.128.2', 'end': '192.168.128.14'}], 'host_routes': [], 'dns_nameservers': [], 'description': '', 'router:external': False, 'service_types': [], 'tags': [], 'created_at': '2024-12-12T08:11:59Z', 'updated_at': '2024-12-12T08:11:59Z', 'revision_number': 0, 'project_id': 'b821c48c7f204621b7dae9fc27fde3ce'}, Router: {'id': '8175675a-8a1d-47f9-8fb3-e6f3d7f2af14', 'name': 'tempest-SecurityGroupRulesTestJSON-34437672-router', 'tenant_id': 'b821c48c7f204621b7dae9fc27fde3ce', 'admin_state_up': True, 'status': 'ACTIVE', 'external_gateway_info': {'network_id': '5e24d1d5-4fae-4412-9b4d-c4fcd7f9595f', 'external_fixed_ips': [{'subnet_id': '9e21d8dc-64ce-4d5e-9a44-47b59035fb96', 'ip_address': '10.180.180.248'}], 'enable_snat': True}, 'description': '', 'availability_zones': [], 'distributed': False, 'ha': False, 'availability_zone_hints': [], 'routes': [], 'flavor_id': None, 'tags': [], 'created_at': '2024-12-12T08:11:59Z', 'updated_at': '2024-12-12T08:12:00Z', 'revision_number': 2, 'project_id': 'b821c48c7f204621b7dae9fc27fde3ce'}
2024-12-12 08:12:02.509 66363 INFO tempest.lib.common.rest_client [req-0c4b8c81-03ff-4ecd-9790-bc5a6cb4f86b req-0c4b8c81-03ff-4ecd-9790-bc5a6cb4f86b ] Request (ListServersNegativeTestJSON:setUpClass): 200 GET http://10.180.1.21/compute/v2.1/servers/021c3287-5887-457e-9b3a-233308fb9b23 0.803s
2024-12-12 08:12:02.555 66355 INFO tempest.lib.common.rest_client [req-c380869e-c3dd-461c-b203-9c5f9900697f req-c380869e-c3dd-461c-b203-9c5f9900697f ] Request (SecurityGroupRulesTestJSON:setUpClass): 201 POST http://10.180.1.21/identity/v3/auth/tokens 0.084s
