2024-12-12 08:11:15.522 66397 INFO tempest.lib.common.rest_client [req-48ebd22a-bebe-4e57-af59-222d614acf6d req-48ebd22a-bebe-4e57-af59-222d614acf6d ] Request (AggregatesAdminNegativeTestJSON:test_aggregate_add_non_exist_host): 200 POST http://10.180.1.21/compute/v2.1/os-aggregates 0.609s
2024-12-12 08:11:15.540 66339 INFO tempest.lib.common.rest_client [req-be4f9e29-0253-4c2a-b087-24e3712614e4 req-be4f9e29-0253-4c2a-b087-24e3712614e4 ] Request (FlavorsAccessNegativeTestJSON:test_flavor_non_admin_add): 200 POST http://10.180.1.21/compute/v2.1/flavors 0.592s
2024-12-12 08:11:15.543 66393 INFO tempest.lib.common.rest_client [req-e2d590f5-2dbb-4ef8-a4e9-fc230d1d5bd6 req-e2d590f5-2dbb-4ef8-a4e9-fc230d1d5bd6 ] Request (QuotasAdminNegativeTest:setUpClass): 201 POST http://10.180.1.21/identity/v3/auth/tokens 0.373s
2024-12-12 08:11:15.548 66373 INFO tempest.lib.common.rest_client [req-6bf2930d-57a3-4ff4-8dfa-bd1e5573769b req-6bf2930d-57a3-4ff4-8dfa-bd1e5573769b ] Request (ServicesAdminNegativeTestJSON:setUpClass): 201 POST http://10.180.1.21/identity/v3/auth/tokens 0.230s
2024-12-12 08:11:15.551 66365 INFO tempest.lib.common.rest_client [req-e983f5e2-a695-44cb-84b1-5aaf869331b4 req-e983f5e2-a695-44cb-84b1-5aaf869331b4 ] Request (VolumesAssistedSnapshotsTest:test_volume_assisted_snapshot_create_delete): 201 POST http://10.180.1.21:9696/networking/v2.0/security-group-rules 0.281s
2024-12-12 08:11:15.571 66349 INFO tempest.lib.common.rest_client [req-15389d52-84be-4d33-930d-82c601d53f3e req-15389d52-84be-4d33-930d-82c601d53f3e ] Request (HypervisorAdminNegativeTestJSON:setUpClass): 201 POST http://10.180.1.21/identity/v3/auth/tokens 0.102s
2024-12-12 08:11:15.584 66357 INFO tempest.lib.common.rest_client [req-bc8d0448-351a-4517-922a-a8ddfa894cb7 req-bc8d0448-351a-4517-922a-a8ddfa894cb7 ] Request (HostsAdminTestJSON:test_show_host_detail): 200 GET http://10.180.1.21/compute/v2.1/os-hosts/cpu-1 0.622s
2024-12-12 08:11:15.594 66345 INFO tempest.lib.common.rest_client [req-9d175b14-005e-4957-afcd-ef6773e8c874 req-9d175b14-005e-4957-afcd-ef6773e8c874 ] Request (MigrationsAdminTest:test_list_migrations_in_flavor_resize_situation): 200 GET http://10.180.1.21/compute/v2.1/servers/fe350d30-6fbd-4813-9634-ed05984fecfd 0.855s
2024-12-12 08:11:15.599 66363 INFO tempest.lib.common.rest_client [req-ea8db2fa-a52c-4b6e-8ccd-5f54b03f2d2e req-ea8db2fa-a52c-4b6e-8ccd-5f54b03f2d2e ] Request (HostsAdminNegativeTestJSON:test_update_host_with_invalid_maintenance_mode): 400 PUT http://10.180.1.21/compute/v2.1/os-hosts/devstack 0.578s
2024-12-12 08:11:15.600 66371 INFO tempest.lib.common.rest_client [req-3b5266c0-733d-4175-b314-532861f9616e req-3b5266c0-733d-4175-b314-532861f9616e ] Request (FlavorsAdminTestJSON:test_create_flavor_with_none_id): 200 POST http://10.180.1.21/compute/v2.1/flavors 0.608s
2024-12-12 08:11:15.603 66347 INFO tempest.lib.common.rest_client [req-c3c5811c-1196-4815-a5c3-034454a16bd0 req-c3c5811c-1196-4815-a5c3-034454a16bd0 ] Request (InstanceActionsV221TestJSON:setUpClass): 204 PUT http://10.180.1.21/identity/v3/projects/9d19c8963364423880f5c2d61fb5800f/users/ab1a0434cdf44cda9ccac27452b1ffb7/roles/b5ab3d46236945eb9c84cd8314b81899 0.083s
2024-12-12 08:11:15.603 66347 INFO tempest.lib.common.dynamic_creds [-] Dynamic test user ab1a0434cdf44cda9ccac27452b1ffb7 is created with scope project and roles: ['member']
2024-12-12 08:11:15.603 66347 INFO tempest.lib.common.dynamic_creds [-] Acquired dynamic creds: credentials: Credentials: {'domain_id': 'default', 'domain_name': 'Default', 'username': 'tempest-InstanceActionsV221TestJSON-1566764076-project-member', 'project_domain_id': 'default', 'project_domain_name': 'Default', 'project_id': '9d19c8963364423880f5c2d61fb5800f', 'project_name': 'tempest-InstanceActionsV221TestJSON-1566764076', 'tenant_id': '9d19c8963364423880f5c2d61fb5800f', 'tenant_name': 'tempest-InstanceActionsV221TestJSON-1566764076', 'user_domain_id': 'default', 'user_domain_name': 'Default', 'user_id': 'ab1a0434cdf44cda9ccac27452b1ffb7', 'system': None}, Network: None, Subnet: None, Router: None
2024-12-12 08:11:15.617 66343 INFO tempest.lib.common.rest_client [req-44c5e4be-5689-44ac-96d9-78f988e21969 req-44c5e4be-5689-44ac-96d9-78f988e21969 ] Request (FlavorsExtraSpecsTestJSON:test_flavor_set_get_update_show_unset_keys): 200 GET http://10.180.1.21/compute/v2.1/flavors/388330314/os-extra_specs 0.570s
2024-12-12 08:11:15.623 66381 INFO tempest.lib.common.rest_client [req-812d052c-813d-4e34-bbad-37835b106fb7 req-812d052c-813d-4e34-bbad-37835b106fb7 ] Request (FlavorsAccessTestJSON:_run_cleanups): 200 GET http://10.180.1.21/compute/v2.1/flavors/detail 0.569s
2024-12-12 08:11:15.624 66341 INFO tempest.lib.common.rest_client [req-b368aaf2-bfb5-437b-a2e5-847c2630cdc0 req-b368aaf2-bfb5-437b-a2e5-847c2630cdc0 ] Request (KeyPairsV210TestJSON:setUpClass): 201 POST http://10.180.1.21/identity/v3/auth/tokens 0.243s
2024-12-12 08:11:15.632 66353 INFO tempest.lib.common.rest_client [req-56256350-afee-40df-afed-8d85d3c67568 req-56256350-afee-40df-afed-8d85d3c67568 ] Request (KeyPairsV2TestJSON:test_keypairs_create_list_delete): 200 GET http://10.180.1.21/compute/v2.1/os-keypairs 0.546s
2024-12-12 08:11:15.647 66373 INFO tempest.lib.common.rest_client [req-ea1980b2-e641-4cf2-937e-fff9896fa75b req-ea1980b2-e641-4cf2-937e-fff9896fa75b ] Request (ServicesAdminNegativeTestJSON:setUpClass): 201 POST http://10.180.1.21/identity/v3/auth/tokens 0.096s
2024-12-12 08:11:15.655 66391 INFO tempest.lib.common.rest_client [req-a1c7a116-57c2-48eb-a6df-4dbd82b3a476 req-a1c7a116-57c2-48eb-a6df-4dbd82b3a476 ] Request (QuotaClassesAdminTestJSON:tearDownClass): 200 GET http://10.180.1.21:9696/networking/v2.0/security-groups?tenant_id=90f24707932a471c9223cea15125b3cc&name=default 0.522s
2024-12-12 08:11:15.670 66393 INFO tempest.lib.common.rest_client [req-244d81c1-5eba-4118-baff-8886ac413454 req-244d81c1-5eba-4118-baff-8886ac413454 ] Request (QuotasAdminNegativeTest:setUpClass): 201 POST http://10.180.1.21/identity/v3/projects 0.126s
2024-12-12 08:11:15.677 66359 INFO tempest.lib.common.rest_client [req-74e6a80f-d5c3-4687-804e-d73e43f1cacd req-74e6a80f-d5c3-4687-804e-d73e43f1cacd ] Request (ValidationResourcesFixture:setUp): 201 POST http://10.180.1.21:9696/networking/v2.0/security-group-rules 0.176s
2024-12-12 08:11:15.704 66349 INFO tempest.lib.common.rest_client [req-c780ca51-ef6e-40d6-ba8e-ad7d568fbb70 req-c780ca51-ef6e-40d6-ba8e-ad7d568fbb70 ] Request (HypervisorAdminNegativeTestJSON:setUpClass): 201 POST http://10.180.1.21/identity/v3/auth/tokens 0.130s
2024-12-12 08:11:15.730 66383 INFO tempest.lib.common.rest_client [req-e283dc8c-b72b-4804-a4d1-1993ec9123cc req-e283dc8c-b72b-4804-a4d1-1993ec9123cc ] Request (ServersV294TestFqdnHostnames:setUpClass): 200 GET http://10.180.1.21/compute/v2.1/servers/2b391628-18a2-4606-8c59-58ba642cee50 0.565s
2024-12-12 08:11:15.731 66347 INFO tempest.lib.common.rest_client [req-f6d86fce-29e4-477f-961a-e73ee2bbf6de req-f6d86fce-29e4-477f-961a-e73ee2bbf6de ] Request (InstanceActionsV221TestJSON:setUpClass): 201 POST http://10.180.1.21/identity/v3/auth/tokens 0.128s
2024-12-12 08:11:15.766 66357 INFO tempest.lib.common.rest_client [req-8f46ff60-aa68-45ae-8f1f-4c902bb8cb19 req-8f46ff60-aa68-45ae-8f1f-4c902bb8cb19 ] Request (HostsAdminTestJSON:tearDownClass): 204 DELETE http://10.180.1.21/identity/v3/users/0b863abfd075474485e9bd4015c31019 0.179s
2024-12-12 08:11:15.771 66365 INFO tempest.lib.common.rest_client [req-c52e57b2-d2b3-4a19-bba8-8986c103ba0e req-c52e57b2-d2b3-4a19-bba8-8986c103ba0e ] Request (VolumesAssistedSnapshotsTest:test_volume_assisted_snapshot_create_delete): 201 POST http://10.180.1.21:9696/networking/v2.0/security-group-rules 0.219s
2024-12-12 08:11:15.798 66341 INFO tempest.lib.common.rest_client [req-c739aaaa-118c-4e76-ad19-b434e387016b req-c739aaaa-118c-4e76-ad19-b434e387016b ] Request (KeyPairsV210TestJSON:setUpClass): 201 POST http://10.180.1.21/identity/v3/projects 0.173s
2024-12-12 08:11:15.804 66355 INFO tempest.lib.common.rest_client [req-6918622b-f539-40d7-8184-63b84e8b5f19 req-6918622b-f539-40d7-8184-63b84e8b5f19 ] Request (ServerDiagnosticsNegativeTest:test_get_server_diagnostics_by_non_admin): 200 GET http://10.180.1.21/compute/v2.1/servers/c616d8ec-f28a-4430-a336-1ea4790fd511 0.648s
2024-12-12 08:11:15.816 66391 INFO tempest.lib.common.rest_client [req-86c91150-7150-46d4-917f-b2eade5b3154 req-86c91150-7150-46d4-917f-b2eade5b3154 ] Request (QuotaClassesAdminTestJSON:tearDownClass): 204 DELETE http://10.180.1.21:9696/networking/v2.0/security-groups/ab7e3b87-f963-4f12-962a-d78d9ca08bde 0.160s
2024-12-12 08:11:15.842 66375 INFO tempest.lib.common.rest_client [req-7420a91c-234d-4649-b326-e13c4ae3d4df req-7420a91c-234d-4649-b326-e13c4ae3d4df ] Request (DeleteServersTestJSON:setUpClass): 200 PUT http://10.180.1.21:9696/networking/v2.0/routers/b5ef302f-1f14-4d46-a8a6-c1208f81e6cf/add_router_interface 2.997s
2024-12-12 08:11:15.842 66375 INFO tempest.lib.common.dynamic_creds [-] Created isolated network resources for: credentials: Credentials: {'domain_id': 'default', 'domain_name': 'Default', 'username': 'tempest-DeleteServersTestJSON-1737011426-project-member', 'project_domain_id': 'default', 'project_domain_name': 'Default', 'project_id': '683d60927fdf424386ffcfaa344a7af6', 'project_name': 'tempest-DeleteServersTestJSON-1737011426', 'tenant_id': '683d60927fdf424386ffcfaa344a7af6', 'tenant_name': 'tempest-DeleteServersTestJSON-1737011426', 'user_domain_id': 'default', 'user_domain_name': 'Default', 'user_id': 'b04fa80750184b97a16ec1880e0a585c', 'system': None}, Network: {'id': 'f9454e9e-4102-407f-acc0-7afee44ec876', 'name': 'tempest-DeleteServersTestJSON-684678313-network', 'tenant_id': '683d60927fdf424386ffcfaa344a7af6', 'admin_state_up': True, 'mtu': 8950, 'status': 'ACTIVE', 'subnets': [], 'shared': False, 'project_id': '683d60927fdf424386ffcfaa344a7af6', 'port_security_enabled': True, 'router:external': False, 'provider:network_type': 'vlan', 'provider:physical_network': 'default', 'provider:segmentation_id': 633, 'availability_zone_hints': [], 'availability_zones': [], 'ipv4_address_scope': None, 'ipv6_address_scope': None, 'description': '', 'tags': [], 'created_at': '2024-12-12T08:11:09Z', 'updated_at': '2024-12-12T08:11:09Z', 'revision_number': 1}, Subnet: {'id': 'bc4c3614-0800-406e-9f3e-814f91da9679', 'name': 'tempest-DeleteServersTestJSON-684678313-subnet', 'tenant_id': '683d60927fdf424386ffcfaa344a7af6', 'network_id': 'f9454e9e-4102-407f-acc0-7afee44ec876', 'ip_version': 4, 'subnetpool_id': None, 'enable_dhcp': True, 'ipv6_ra_mode': None, 'ipv6_address_mode': None, 'gateway_ip': '192.168.128.1', 'cidr': '192.168.128.0/28', 'allocation_pools': [{'start': '192.168.128.2', 'end': '192.168.128.14'}], 'host_routes': [], 'dns_nameservers': [], 'description': '', 'router:external': False, 'service_types': [], 'tags': [], 'created_at': '2024-12-12T08:11:10Z', 'updated_at': '2024-12-12T08:11:10Z', 'revision_number': 0, 'project_id': '683d60927fdf424386ffcfaa344a7af6'}, Router: {'id': 'b5ef302f-1f14-4d46-a8a6-c1208f81e6cf', 'name': 'tempest-DeleteServersTestJSON-684678313-router', 'tenant_id': '683d60927fdf424386ffcfaa344a7af6', 'admin_state_up': True, 'status': 'ACTIVE', 'external_gateway_info': {'network_id': '5e24d1d5-4fae-4412-9b4d-c4fcd7f9595f', 'external_fixed_ips': [{'subnet_id': '9e21d8dc-64ce-4d5e-9a44-47b59035fb96', 'ip_address': '10.180.180.140'}], 'enable_snat': True}, 'description': '', 'availability_zones': [], 'distributed': False, 'ha': False, 'availability_zone_hints': [], 'routes': [], 'flavor_id': None, 'tags': [], 'created_at': '2024-12-12T08:11:10Z', 'updated_at': '2024-12-12T08:11:11Z', 'revision_number': 2, 'project_id': '683d60927fdf424386ffcfaa344a7af6'}
2024-12-12 08:11:15.859 66373 INFO tempest.lib.common.rest_client [req-bef5057f-f28b-426a-9b23-b0f35a1c0593 req-bef5057f-f28b-426a-9b23-b0f35a1c0593 ] Request (ServicesAdminNegativeTestJSON:setUpClass): 200 GET http://10.180.1.21/identity/v3/domains?name=Default 0.210s
2024-12-12 08:11:15.892 66393 INFO tempest.lib.common.rest_client [req-15de7135-7465-458f-81d2-f759f4c841bc req-15de7135-7465-458f-81d2-f759f4c841bc ] Request (QuotasAdminNegativeTest:setUpClass): 201 POST http://10.180.1.21/identity/v3/users 0.221s
2024-12-12 08:11:15.908 66381 INFO tempest.lib.common.rest_client [req-ce7f97d0-e55f-4267-bf18-78b87d4b1e77 req-ce7f97d0-e55f-4267-bf18-78b87d4b1e77 ] Request (FlavorsAccessTestJSON:tearDownClass): 204 DELETE http://10.180.1.21/identity/v3/users/b0bbba513b614d84a108ca9d2a37a732 0.273s
2024-12-12 08:11:15.968 66349 INFO tempest.lib.common.rest_client [req-0617ac5d-fdad-4f9e-a544-0e1bce1fbcc4 req-0617ac5d-fdad-4f9e-a544-0e1bce1fbcc4 ] Request (HypervisorAdminNegativeTestJSON:setUpClass): 200 GET http://10.180.1.21/identity/v3/domains?name=Default 0.264s
2024-12-12 08:11:16.055 66399 INFO tempest.lib.common.rest_client [req-9f13dc77-c3b5-4264-ad87-67a61acaff3c req-9f13dc77-c3b5-4264-ad87-67a61acaff3c ] Request (VolumesAdminNegativeTest:test_update_attached_volume_with_nonexistent_volume_in_body): 200 POST http://10.180.1.21/compute/v2.1/os-keypairs 0.827s
2024-12-12 08:11:16.155 66357 INFO tempest.lib.common.rest_client [req-912c38ca-f720-4869-b878-d288ce59bc77 req-912c38ca-f720-4869-b878-d288ce59bc77 ] Request (HostsAdminTestJSON:tearDownClass): 204 DELETE http://10.180.1.21/identity/v3/users/82b2cc9b81234f148e96d3d2a7dd1a3c 0.387s
2024-12-12 08:11:16.155 66357 INFO tempest.lib.common.dynamic_creds [-] Deleting project and security group for project: 4f34709c88004ab58ef6b1094cc12b05
2024-12-12 08:11:16.204 66377 INFO tempest.lib.common.rest_client [req-a33d270f-9ded-4566-a256-a13aaa7e766c req-a33d270f-9ded-4566-a256-a13aaa7e766c ] Request (ServerDiagnosticsV248Test:test_get_server_diagnostics): 200 GET http://10.180.1.21/compute/v2.1/servers/ceadcb5e-ee82-4441-b046-f79b973ec05e 0.844s
2024-12-12 08:11:16.205 66341 INFO tempest.lib.common.rest_client [req-26264cd9-e85d-4acf-8eab-6aafa37a297f req-26264cd9-e85d-4acf-8eab-6aafa37a297f ] Request (KeyPairsV210TestJSON:setUpClass): 201 POST http://10.180.1.21/identity/v3/users 0.406s
2024-12-12 08:11:16.218 66377 INFO tempest.common.waiters [-] State transition "BUILD/None" ==> "BUILD/networking" after 11 second wait
2024-12-12 08:11:16.273 66399 INFO tempest.lib.common.rest_client [req-da9a8e62-07d2-485e-945e-319f4a900aec req-da9a8e62-07d2-485e-945e-319f4a900aec ] Request (VolumesAdminNegativeTest:test_update_attached_volume_with_nonexistent_volume_in_body): 201 POST http://10.180.1.21:9696/networking/v2.0/security-groups 0.217s
2024-12-12 08:11:16.273 66389 INFO tempest.lib.common.rest_client [req-7c95d2bc-bbbf-4619-b9ff-49eff8785454 req-7c95d2bc-bbbf-4619-b9ff-49eff8785454 ] Request (ServerDiagnosticsTest:test_get_server_diagnostics): 200 GET http://10.180.1.21/compute/v2.1/servers/1118c1e5-1aa8-4f52-9fb9-e86531bf83d1 0.883s
2024-12-12 08:11:16.318 66395 INFO tempest.lib.common.rest_client [req-69425d4d-7b72-41a9-907c-379e35700e6e req-69425d4d-7b72-41a9-907c-379e35700e6e ] Request (ImagesDeleteNegativeTestJSON:test_delete_image_blank_id): 404 DELETE http://10.180.1.21/compute/v2.1/images/ 1.087s
2024-12-12 08:11:16.354 66367 INFO tempest.lib.common.rest_client [req-a8665f84-b888-47e4-b76a-8d5cab79443f req-a8665f84-b888-47e4-b76a-8d5cab79443f ] Request (QuotaClassesAdmin257Test:test_update_default_quotas): 200 PUT http://10.180.1.21/compute/v2.1/os-quota-class-sets/default 0.940s
2024-12-12 08:11:16.359 66397 INFO tempest.lib.common.rest_client [req-cc3c0910-23ec-4215-823a-8ac35761e25e req-cc3c0910-23ec-4215-823a-8ac35761e25e ] Request (AggregatesAdminNegativeTestJSON:test_aggregate_add_non_exist_host): 404 POST http://10.180.1.21/compute/v2.1/os-aggregates/3/action 0.835s
2024-12-12 08:11:16.430 66391 INFO tempest.lib.common.rest_client [req-7d91ee8c-33ba-4a15-ad21-8cc36bd6878c req-7d91ee8c-33ba-4a15-ad21-8cc36bd6878c ] Request (QuotaClassesAdminTestJSON:tearDownClass): 204 DELETE http://10.180.1.21/identity/v3/projects/90f24707932a471c9223cea15125b3cc 0.613s
2024-12-12 08:11:16.431 66391 INFO tempest.lib.common.dynamic_creds [-] Deleting project and security group for project: a147bdd36f2e46bca1c588d8b4625185
2024-12-12 08:11:16.446 66375 INFO tempest.lib.common.rest_client [req-9eddc366-81c9-4a88-bbe4-1878f24d320c req-9eddc366-81c9-4a88-bbe4-1878f24d320c ] Request (DeleteServersTestJSON:setUpClass): 201 POST http://10.180.1.21/identity/v3/auth/tokens 0.600s
2024-12-12 08:11:16.447 66351 INFO tempest.lib.common.rest_client [req-9768ae93-24b5-4920-871e-b307fa90a27e req-9768ae93-24b5-4920-871e-b307fa90a27e ] Request (ServerActionsTestOtherA:setUpClass): 200 GET http://10.180.1.21/compute/v2.1/servers/11d4a010-959f-4f53-94dc-7499007612ad 0.867s
2024-12-12 08:11:16.466 66399 INFO tempest.lib.common.rest_client [req-f97e8b69-a7af-4fd0-9c2b-cb89d5763968 req-f97e8b69-a7af-4fd0-9c2b-cb89d5763968 ] Request (VolumesAdminNegativeTest:test_update_attached_volume_with_nonexistent_volume_in_body): 201 POST http://10.180.1.21:9696/networking/v2.0/security-group-rules 0.192s
2024-12-12 08:11:16.495 66371 INFO tempest.lib.common.rest_client [req-dce7ae60-00e8-4ba4-a2e3-4a2753a5568e req-dce7ae60-00e8-4ba4-a2e3-4a2753a5568e ] Request (FlavorsAdminTestJSON:_run_cleanups): 202 DELETE http://10.180.1.21/compute/v2.1/flavors/be13fb34-4efb-48e6-a4f7-16f04d1fcffe 0.890s
2024-12-12 08:11:16.497 66363 INFO tempest.lib.common.rest_client [req-b6e27624-0c20-4ebc-8c48-2a67f7ba9fb1 req-b6e27624-0c20-4ebc-8c48-2a67f7ba9fb1 ] Request (HostsAdminNegativeTestJSON:test_update_host_with_invalid_status): 400 PUT http://10.180.1.21/compute/v2.1/os-hosts/devstack 0.895s
2024-12-12 08:11:16.527 66393 INFO tempest.lib.common.rest_client [req-c0c737ae-6e17-42fe-98ab-ea49787d5ded req-c0c737ae-6e17-42fe-98ab-ea49787d5ded ] Request (QuotasAdminNegativeTest:setUpClass): 200 GET http://10.180.1.21/identity/v3/roles 0.635s
2024-12-12 08:11:16.562 66373 INFO tempest.lib.common.rest_client [req-217c0b5e-7454-44dd-bd10-80015309c876 req-217c0b5e-7454-44dd-bd10-80015309c876 ] Request (ServicesAdminNegativeTestJSON:setUpClass): 201 POST http://10.180.1.21/identity/v3/projects 0.703s
2024-12-12 08:11:16.623 66381 INFO tempest.lib.common.rest_client [req-cd5310c1-ade4-47f5-b096-6007193388aa req-cd5310c1-ade4-47f5-b096-6007193388aa ] Request (FlavorsAccessTestJSON:tearDownClass): 204 DELETE http://10.180.1.21/identity/v3/users/35126e3e8feb4498b16d1e3c3643f41c 0.714s
2024-12-12 08:11:16.624 66381 INFO tempest.lib.common.dynamic_creds [-] Deleting project and security group for project: 4afd59727d3143b18f6c68e382f73ced
2024-12-12 08:11:16.658 66359 INFO tempest.lib.common.rest_client [req-242d6c4f-0fb1-4f6f-8aef-de94311a83ec req-242d6c4f-0fb1-4f6f-8aef-de94311a83ec ] Request (ValidationResourcesFixture:setUp): 201 POST http://10.180.1.21:9696/networking/v2.0/floatingips 0.980s
2024-12-12 08:11:16.693 66349 INFO tempest.lib.common.rest_client [req-8a685662-4008-4f5d-9246-161e1c30c153 req-8a685662-4008-4f5d-9246-161e1c30c153 ] Request (HypervisorAdminNegativeTestJSON:setUpClass): 201 POST http://10.180.1.21/identity/v3/projects 0.724s
2024-12-12 08:11:16.703 66357 INFO tempest.lib.common.rest_client [req-a654f6fa-fb1b-42b8-b842-81297e709425 req-a654f6fa-fb1b-42b8-b842-81297e709425 ] Request (HostsAdminTestJSON:tearDownClass): 201 POST http://10.180.1.21/identity/v3/auth/tokens 0.548s
2024-12-12 08:11:16.754 66341 INFO tempest.lib.common.rest_client [req-6deb2df6-083d-459b-b41a-c37a68fe9e84 req-6deb2df6-083d-459b-b41a-c37a68fe9e84 ] Request (KeyPairsV210TestJSON:setUpClass): 200 GET http://10.180.1.21/identity/v3/roles 0.549s
2024-12-12 08:11:16.812 66375 INFO tempest.lib.common.rest_client [req-1eba66f2-dd72-40fe-ab36-eead12ca194c req-1eba66f2-dd72-40fe-ab36-eead12ca194c ] Request (DeleteServersTestJSON:test_delete_active_server): 201 POST http://10.180.1.21/identity/v3/auth/tokens 0.359s
2024-12-12 08:11:16.813 66375 INFO tempest.lib.common.fixed_network [-] (DeleteServersTestJSON:test_delete_active_server) Found network {'id': 'f9454e9e-4102-407f-acc0-7afee44ec876', 'name': 'tempest-DeleteServersTestJSON-684678313-network', 'tenant_id': '683d60927fdf424386ffcfaa344a7af6', 'admin_state_up': True, 'mtu': 8950, 'status': 'ACTIVE', 'subnets': [], 'shared': False, 'project_id': '683d60927fdf424386ffcfaa344a7af6', 'port_security_enabled': True, 'router:external': False, 'provider:network_type': 'vlan', 'provider:physical_network': 'default', 'provider:segmentation_id': 633, 'availability_zone_hints': [], 'availability_zones': [], 'ipv4_address_scope': None, 'ipv6_address_scope': None, 'description': '', 'tags': [], 'created_at': '2024-12-12T08:11:09Z', 'updated_at': '2024-12-12T08:11:09Z', 'revision_number': 1} available for tenant
2024-12-12 08:11:16.836 66399 INFO tempest.lib.common.rest_client [req-f39bc1a5-cca4-4053-a9dc-69dc764e483d req-f39bc1a5-cca4-4053-a9dc-69dc764e483d ] Request (VolumesAdminNegativeTest:test_update_attached_volume_with_nonexistent_volume_in_body): 201 POST http://10.180.1.21:9696/networking/v2.0/security-group-rules 0.369s
2024-12-12 08:11:16.841 66391 INFO tempest.lib.common.rest_client [req-84b67b48-3cbf-4948-af15-f1802ecf19f2 req-84b67b48-3cbf-4948-af15-f1802ecf19f2 ] Request (QuotaClassesAdminTestJSON:tearDownClass): 200 GET http://10.180.1.21:9696/networking/v2.0/security-groups?tenant_id=a147bdd36f2e46bca1c588d8b4625185&name=default 0.410s
2024-12-12 08:11:16.849 66339 INFO tempest.lib.common.rest_client [req-3ef12b9c-a3e1-4d4a-a25b-8b7d289f9422 req-3ef12b9c-a3e1-4d4a-a25b-8b7d289f9422 ] Request (FlavorsAccessNegativeTestJSON:test_flavor_non_admin_add): 403 POST http://10.180.1.21/compute/v2.1/flavors/804452082/action 1.307s
2024-12-12 08:11:16.861 66393 INFO tempest.lib.common.rest_client [req-9299cdb9-f397-4a56-bb4e-c0a22cad03a2 req-9299cdb9-f397-4a56-bb4e-c0a22cad03a2 ] Request (QuotasAdminNegativeTest:setUpClass): 204 PUT http://10.180.1.21/identity/v3/projects/9c228d66c6ed4a4fa2e2c3ed99da0867/users/0aa45437207f497fb6229aaac327bfab/roles/1e60793d0a2a439ab760e7bede9bb722 0.332s
2024-12-12 08:11:16.868 66373 INFO tempest.lib.common.rest_client [req-865b02da-4954-4c62-b2ad-f6a4591a0002 req-865b02da-4954-4c62-b2ad-f6a4591a0002 ] Request (ServicesAdminNegativeTestJSON:setUpClass): 201 POST http://10.180.1.21/identity/v3/users 0.306s
2024-12-12 08:11:16.875 66369 INFO tempest.lib.common.rest_client [req-a59e8272-ce0a-45e8-ae99-8b258674e342 req-a59e8272-ce0a-45e8-ae99-8b258674e342 ] Request (ServersAdminNegativeTestJSON:setUpClass): 200 GET http://10.180.1.21/compute/v2.1/servers/c8b7568b-ba07-4f65-818b-f84910209361 1.267s
2024-12-12 08:11:16.889 66343 INFO tempest.lib.common.rest_client [req-c6d0d931-8525-4d86-9070-0870cf2dcdb8 req-c6d0d931-8525-4d86-9070-0870cf2dcdb8 ] Request (FlavorsExtraSpecsTestJSON:test_flavor_set_get_update_show_unset_keys): 200 DELETE http://10.180.1.21/compute/v2.1/flavors/388330314/os-extra_specs/hw:numa_nodes 1.271s
2024-12-12 08:11:16.900 66353 INFO tempest.lib.common.rest_client [req-55322508-3c22-4280-a683-21cce81cf5f4 req-55322508-3c22-4280-a683-21cce81cf5f4 ] Request (KeyPairsV2TestJSON:_run_cleanups): 202 DELETE http://10.180.1.21/compute/v2.1/os-keypairs/tempest-KeyPairsV2TestJSON-keypair-913571253 1.267s
2024-12-12 08:11:16.938 66359 INFO tempest.lib.common.rest_client [req-4b70e84b-85c3-48e4-86a8-98d4e5357d16 req-4b70e84b-85c3-48e4-86a8-98d4e5357d16 ] Request (ServersWithSpecificFlavorTestJSON:test_verify_created_server_ephemeral_disk): 201 POST http://10.180.1.21/identity/v3/auth/tokens 0.276s
2024-12-12 08:11:16.938 66359 INFO tempest.lib.common.fixed_network [-] (ServersWithSpecificFlavorTestJSON:test_verify_created_server_ephemeral_disk) Found network {'id': '87dc972b-a043-4db2-b67a-2efe6d40d1aa', 'name': 'tempest-ServersWithSpecificFlavorTestJSON-1993987139-network', 'tenant_id': '8929cfd4892c4e399062483665500dd9', 'admin_state_up': True, 'mtu': 8950, 'status': 'ACTIVE', 'subnets': [], 'shared': False, 'project_id': '8929cfd4892c4e399062483665500dd9', 'port_security_enabled': True, 'router:external': False, 'provider:network_type': 'vlan', 'provider:physical_network': 'default', 'provider:segmentation_id': 709, 'availability_zone_hints': [], 'availability_zones': [], 'ipv4_address_scope': None, 'ipv6_address_scope': None, 'description': '', 'tags': [], 'created_at': '2024-12-12T08:10:53Z', 'updated_at': '2024-12-12T08:10:53Z', 'revision_number': 1} available for tenant
2024-12-12 08:11:16.964 66381 INFO tempest.lib.common.rest_client [req-61bbb432-0b25-4760-a798-26b3c8e16616 req-61bbb432-0b25-4760-a798-26b3c8e16616 ] Request (FlavorsAccessTestJSON:tearDownClass): 201 POST http://10.180.1.21/identity/v3/auth/tokens 0.340s
2024-12-12 08:11:16.997 66347 INFO tempest.lib.common.rest_client [req-596e7c06-cf94-4d5e-aacb-e53eb86d9441 req-596e7c06-cf94-4d5e-aacb-e53eb86d9441 ] Request (InstanceActionsV221TestJSON:setUpClass): 201 POST http://10.180.1.21:9696/networking/v2.0/networks 1.265s
2024-12-12 08:11:17.003 66361 INFO tempest.lib.common.rest_client [req-e76b6c10-fdcb-47ef-8d0e-73431f408798 req-e76b6c10-fdcb-47ef-8d0e-73431f408798 ] Request (ServersAdmin275Test:test_rebuild_update_server_275): 200 GET http://10.180.1.21/compute/v2.1/servers/c07e4d30-44bc-417b-8137-97f974aec932 1.274s
2024-12-12 08:11:17.080 66349 INFO tempest.lib.common.rest_client [req-38cc1bfc-6ccc-4745-9f74-2c835d018cb3 req-38cc1bfc-6ccc-4745-9f74-2c835d018cb3 ] Request (HypervisorAdminNegativeTestJSON:setUpClass): 201 POST http://10.180.1.21/identity/v3/users 0.387s
2024-12-12 08:11:17.087 66341 INFO tempest.lib.common.rest_client [req-04a7fe1a-e480-4254-a958-156b917e6d6b req-04a7fe1a-e480-4254-a958-156b917e6d6b ] Request (KeyPairsV210TestJSON:setUpClass): 204 PUT http://10.180.1.21/identity/v3/projects/2ed8fc865ad74fc0bde217f6786f2013/users/b3d3d91bf0864ac2994d7872659422d3/roles/1e60793d0a2a439ab760e7bede9bb722 0.332s
2024-12-12 08:11:17.091 66387 INFO tempest.lib.common.rest_client [req-60f81369-9693-453b-a68d-71f885fd513d req-60f81369-9693-453b-a68d-71f885fd513d ] Request (DeleteServersAdminTestJSON:test_admin_delete_servers_of_others): 200 GET http://10.180.1.21/compute/v2.1/servers/f6e29557-05ad-4a11-bd01-0315926c0413 1.210s
2024-12-12 08:11:17.094 66401 INFO tempest.lib.common.rest_client [req-d6c6aef4-d051-4216-b962-d01d7937f832 req-d6c6aef4-d051-4216-b962-d01d7937f832 ] Request (ServersAdminTestJSON:setUpClass): 200 GET http://10.180.1.21/compute/v2.1/servers/099112ae-569b-4853-bc47-b0b8b97d2525 0.899s
2024-12-12 08:11:17.103 66387 INFO tempest.common.waiters [-] State transition "BUILD/spawning" ==> "ACTIVE/None" after 22 second wait
2024-12-12 08:11:17.110 66365 INFO tempest.lib.common.rest_client [req-753da88b-e93c-41fd-a4bb-c02f2cf9c2a6 req-753da88b-e93c-41fd-a4bb-c02f2cf9c2a6 ] Request (VolumesAssistedSnapshotsTest:test_volume_assisted_snapshot_create_delete): 201 POST http://10.180.1.21:9696/networking/v2.0/floatingips 1.338s
2024-12-12 08:11:17.122 66395 INFO tempest.lib.common.rest_client [req-bd15fc56-2409-45f1-bfb5-5a30e8bf3544 req-bd15fc56-2409-45f1-bfb5-5a30e8bf3544 ] Request (ImagesDeleteNegativeTestJSON:test_delete_image_negative_image_id): 404 DELETE http://10.180.1.21/compute/v2.1/images/-1 0.802s
2024-12-12 08:11:17.128 66367 INFO tempest.lib.common.rest_client [req-49c3b71d-a273-4a25-a419-04ef25621068 req-49c3b71d-a273-4a25-a419-04ef25621068 ] Request (QuotaClassesAdmin257Test:test_update_default_quotas): 200 GET http://10.180.1.21/compute/v2.1/os-quota-class-sets/default 0.773s
2024-12-12 08:11:17.157 66371 INFO tempest.lib.common.rest_client [req-a5041c14-decf-4286-ae05-1cda0fe12946 req-a5041c14-decf-4286-ae05-1cda0fe12946 ] Request (FlavorsAdminTestJSON:_run_cleanups): 200 GET http://10.180.1.21/compute/v2.1/flavors/detail 0.662s
2024-12-12 08:11:17.163 66397 INFO tempest.lib.common.rest_client [req-33775c71-79a9-4a23-8fec-52dae64a727b req-33775c71-79a9-4a23-8fec-52dae64a727b ] Request (AggregatesAdminNegativeTestJSON:_run_cleanups): 200 DELETE http://10.180.1.21/compute/v2.1/os-aggregates/3 0.804s
2024-12-12 08:11:17.169 66363 INFO tempest.lib.common.rest_client [req-923d59a0-2130-4f3f-bcf3-539f18a2a90a req-923d59a0-2130-4f3f-bcf3-539f18a2a90a ] Request (HostsAdminNegativeTestJSON:test_update_host_with_non_admin_user): 403 PUT http://10.180.1.21/compute/v2.1/os-hosts/devstack 0.670s
2024-12-12 08:11:17.187 66373 INFO tempest.lib.common.rest_client [req-ff6aa92c-c279-47f2-bb10-adc8da7529e4 req-ff6aa92c-c279-47f2-bb10-adc8da7529e4 ] Request (ServicesAdminNegativeTestJSON:setUpClass): 200 GET http://10.180.1.21/identity/v3/roles 0.318s
2024-12-12 08:11:17.192 66393 INFO tempest.lib.common.rest_client [req-0a94a0db-b606-4f29-9b3c-da187f3239b9 req-0a94a0db-b606-4f29-9b3c-da187f3239b9 ] Request (QuotasAdminNegativeTest:setUpClass): 200 GET http://10.180.1.21/identity/v3/roles 0.331s
2024-12-12 08:11:17.210 66349 INFO tempest.lib.common.rest_client [req-d6fb3164-ba9f-4018-a20b-5ac03ec7e3ea req-d6fb3164-ba9f-4018-a20b-5ac03ec7e3ea ] Request (HypervisorAdminNegativeTestJSON:setUpClass): 200 GET http://10.180.1.21/identity/v3/roles 0.130s
2024-12-12 08:11:17.226 66341 INFO tempest.lib.common.rest_client [req-d90d5e1a-e0f9-4df8-85f7-54c1ac3bd6e5 req-d90d5e1a-e0f9-4df8-85f7-54c1ac3bd6e5 ] Request (KeyPairsV210TestJSON:setUpClass): 200 GET http://10.180.1.21/identity/v3/roles 0.138s
2024-12-12 08:11:17.261 66391 INFO tempest.lib.common.rest_client [req-3fa9f566-bcbd-4c85-b702-d1b4bcec737e req-3fa9f566-bcbd-4c85-b702-d1b4bcec737e ] Request (QuotaClassesAdminTestJSON:tearDownClass): 204 DELETE http://10.180.1.21:9696/networking/v2.0/security-groups/94c90fa6-ab80-4c1f-8a1b-a1150d1f3364 0.420s
2024-12-12 08:11:17.282 66365 INFO tempest.lib.common.rest_client [req-7afb17a2-787a-4b32-b203-158e375ec573 req-7afb17a2-787a-4b32-b203-158e375ec573 ] Request (VolumesAssistedSnapshotsTest:test_volume_assisted_snapshot_create_delete): 201 POST http://10.180.1.21/identity/v3/auth/tokens 0.169s
2024-12-12 08:11:17.282 66365 INFO tempest.lib.common.fixed_network [-] (VolumesAssistedSnapshotsTest:test_volume_assisted_snapshot_create_delete) Found network {'id': '562e50fb-c1d1-4596-a481-657942fd7331', 'name': 'tempest-VolumesAssistedSnapshotsTest-962652241-network', 'tenant_id': '679c16f2d0ab479ab1e7395dab280c96', 'admin_state_up': True, 'mtu': 8950, 'status': 'ACTIVE', 'subnets': [], 'shared': False, 'project_id': '679c16f2d0ab479ab1e7395dab280c96', 'port_security_enabled': True, 'router:external': False, 'provider:network_type': 'vlan', 'provider:physical_network': 'default', 'provider:segmentation_id': 720, 'availability_zone_hints': [], 'availability_zones': [], 'ipv4_address_scope': None, 'ipv6_address_scope': None, 'description': '', 'tags': [], 'created_at': '2024-12-12T08:10:53Z', 'updated_at': '2024-12-12T08:10:53Z', 'revision_number': 1} available for tenant
2024-12-12 08:11:17.291 66373 INFO tempest.lib.common.rest_client [req-e1bc3267-9ec6-4ad3-a6f9-f1f1dcfc9689 req-e1bc3267-9ec6-4ad3-a6f9-f1f1dcfc9689 ] Request (ServicesAdminNegativeTestJSON:setUpClass): 204 PUT http://10.180.1.21/identity/v3/projects/236b931d6700410187faf3b6965b1fb2/users/d8438b41437448f5af67bf9e7ef762f5/roles/b5ab3d46236945eb9c84cd8314b81899 0.103s
2024-12-12 08:11:17.292 66373 INFO tempest.lib.common.dynamic_creds [-] Dynamic test user d8438b41437448f5af67bf9e7ef762f5 is created with scope project and roles: ['member']
2024-12-12 08:11:17.292 66373 INFO tempest.lib.common.dynamic_creds [-] Acquired dynamic creds: credentials: Credentials: {'domain_id': 'default', 'domain_name': 'Default', 'username': 'tempest-ServicesAdminNegativeTestJSON-299192334-project-member', 'project_domain_id': 'default', 'project_domain_name': 'Default', 'project_id': '236b931d6700410187faf3b6965b1fb2', 'project_name': 'tempest-ServicesAdminNegativeTestJSON-299192334', 'tenant_id': '236b931d6700410187faf3b6965b1fb2', 'tenant_name': 'tempest-ServicesAdminNegativeTestJSON-299192334', 'user_domain_id': 'default', 'user_domain_name': 'Default', 'user_id': 'd8438b41437448f5af67bf9e7ef762f5', 'system': None}, Network: None, Subnet: None, Router: None
2024-12-12 08:11:17.292 66373 INFO tempest.lib.common.dynamic_creds [-] Created isolated network resources for: credentials: Credentials: {'domain_id': 'default', 'domain_name': 'Default', 'username': 'tempest-ServicesAdminNegativeTestJSON-299192334-project-member', 'project_domain_id': 'default', 'project_domain_name': 'Default', 'project_id': '236b931d6700410187faf3b6965b1fb2', 'project_name': 'tempest-ServicesAdminNegativeTestJSON-299192334', 'tenant_id': '236b931d6700410187faf3b6965b1fb2', 'tenant_name': 'tempest-ServicesAdminNegativeTestJSON-299192334', 'user_domain_id': 'default', 'user_domain_name': 'Default', 'user_id': 'd8438b41437448f5af67bf9e7ef762f5', 'system': None}, Network: None, Subnet: None, Router: None
2024-12-12 08:11:17.299 66393 INFO tempest.lib.common.rest_client [req-26ee47df-2775-4cce-bb22-ff404f2b637b req-26ee47df-2775-4cce-bb22-ff404f2b637b ] Request (QuotasAdminNegativeTest:setUpClass): 204 PUT http://10.180.1.21/identity/v3/projects/9c228d66c6ed4a4fa2e2c3ed99da0867/users/0aa45437207f497fb6229aaac327bfab/roles/1e60793d0a2a439ab760e7bede9bb722 0.106s
2024-12-12 08:11:17.299 66393 INFO tempest.lib.common.dynamic_creds [-] Dynamic test user 0aa45437207f497fb6229aaac327bfab is created with scope project and roles: ['admin']
2024-12-12 08:11:17.299 66393 INFO tempest.lib.common.dynamic_creds [-] Acquired dynamic creds: credentials: Credentials: {'domain_id': 'default', 'domain_name': 'Default', 'username': 'tempest-QuotasAdminNegativeTest-838831409-project-admin', 'project_domain_id': 'default', 'project_domain_name': 'Default', 'project_id': '9c228d66c6ed4a4fa2e2c3ed99da0867', 'project_name': 'tempest-QuotasAdminNegativeTest-838831409', 'tenant_id': '9c228d66c6ed4a4fa2e2c3ed99da0867', 'tenant_name': 'tempest-QuotasAdminNegativeTest-838831409', 'user_domain_id': 'default', 'user_domain_name': 'Default', 'user_id': '0aa45437207f497fb6229aaac327bfab', 'system': None}, Network: None, Subnet: None, Router: None
2024-12-12 08:11:17.299 66393 INFO tempest.lib.common.dynamic_creds [-] Created isolated network resources for: credentials: Credentials: {'domain_id': 'default', 'domain_name': 'Default', 'username': 'tempest-QuotasAdminNegativeTest-838831409-project-admin', 'project_domain_id': 'default', 'project_domain_name': 'Default', 'project_id': '9c228d66c6ed4a4fa2e2c3ed99da0867', 'project_name': 'tempest-QuotasAdminNegativeTest-838831409', 'tenant_id': '9c228d66c6ed4a4fa2e2c3ed99da0867', 'tenant_name': 'tempest-QuotasAdminNegativeTest-838831409', 'user_domain_id': 'default', 'user_domain_name': 'Default', 'user_id': '0aa45437207f497fb6229aaac327bfab', 'system': None}, Network: None, Subnet: None, Router: None
2024-12-12 08:11:17.354 66341 INFO tempest.lib.common.rest_client [req-e277c457-c201-4151-9d05-0f5de6beecfa req-e277c457-c201-4151-9d05-0f5de6beecfa ] Request (KeyPairsV210TestJSON:setUpClass): 204 PUT http://10.180.1.21/identity/v3/projects/2ed8fc865ad74fc0bde217f6786f2013/users/b3d3d91bf0864ac2994d7872659422d3/roles/1e60793d0a2a439ab760e7bede9bb722 0.128s
2024-12-12 08:11:17.354 66341 INFO tempest.lib.common.dynamic_creds [-] Dynamic test user b3d3d91bf0864ac2994d7872659422d3 is created with scope project and roles: ['admin']
2024-12-12 08:11:17.355 66341 INFO tempest.lib.common.dynamic_creds [-] Acquired dynamic creds: credentials: Credentials: {'domain_id': 'default', 'domain_name': 'Default', 'username': 'tempest-KeyPairsV210TestJSON-984593245-project-admin', 'project_domain_id': 'default', 'project_domain_name': 'Default', 'project_id': '2ed8fc865ad74fc0bde217f6786f2013', 'project_name': 'tempest-KeyPairsV210TestJSON-984593245', 'tenant_id': '2ed8fc865ad74fc0bde217f6786f2013', 'tenant_name': 'tempest-KeyPairsV210TestJSON-984593245', 'user_domain_id': 'default', 'user_domain_name': 'Default', 'user_id': 'b3d3d91bf0864ac2994d7872659422d3', 'system': None}, Network: None, Subnet: None, Router: None
2024-12-12 08:11:17.355 66341 INFO tempest.lib.common.dynamic_creds [-] Created isolated network resources for: credentials: Credentials: {'domain_id': 'default', 'domain_name': 'Default', 'username': 'tempest-KeyPairsV210TestJSON-984593245-project-admin', 'project_domain_id': 'default', 'project_domain_name': 'Default', 'project_id': '2ed8fc865ad74fc0bde217f6786f2013', 'project_name': 'tempest-KeyPairsV210TestJSON-984593245', 'tenant_id': '2ed8fc865ad74fc0bde217f6786f2013', 'tenant_name': 'tempest-KeyPairsV210TestJSON-984593245', 'user_domain_id': 'default', 'user_domain_name': 'Default', 'user_id': 'b3d3d91bf0864ac2994d7872659422d3', 'system': None}, Network: None, Subnet: None, Router: None
2024-12-12 08:11:17.385 66357 INFO tempest.lib.common.rest_client [req-f19c8e55-1741-4da4-a45e-639663d5397a req-f19c8e55-1741-4da4-a45e-639663d5397a ] Request (HostsAdminTestJSON:tearDownClass): 200 GET http://10.180.1.21:9696/networking/v2.0/security-groups?tenant_id=4f34709c88004ab58ef6b1094cc12b05&name=default 0.682s
2024-12-12 08:11:17.386 66349 INFO tempest.lib.common.rest_client [req-f8ccd97c-9a08-4d21-9534-f1d12ef6c224 req-f8ccd97c-9a08-4d21-9534-f1d12ef6c224 ] Request (HypervisorAdminNegativeTestJSON:setUpClass): 204 PUT http://10.180.1.21/identity/v3/projects/de855a04ee9e45d7a3301cad40aa5979/users/9af8e91ed6f44238b8f3a0a92ff0f805/roles/b5ab3d46236945eb9c84cd8314b81899 0.175s
2024-12-12 08:11:17.387 66349 INFO tempest.lib.common.dynamic_creds [-] Dynamic test user 9af8e91ed6f44238b8f3a0a92ff0f805 is created with scope project and roles: ['member']
2024-12-12 08:11:17.387 66349 INFO tempest.lib.common.dynamic_creds [-] Acquired dynamic creds: credentials: Credentials: {'domain_id': 'default', 'domain_name': 'Default', 'username': 'tempest-HypervisorAdminNegativeTestJSON-1314309744-project-member', 'project_domain_id': 'default', 'project_domain_name': 'Default', 'project_id': 'de855a04ee9e45d7a3301cad40aa5979', 'project_name': 'tempest-HypervisorAdminNegativeTestJSON-1314309744', 'tenant_id': 'de855a04ee9e45d7a3301cad40aa5979', 'tenant_name': 'tempest-HypervisorAdminNegativeTestJSON-1314309744', 'user_domain_id': 'default', 'user_domain_name': 'Default', 'user_id': '9af8e91ed6f44238b8f3a0a92ff0f805', 'system': None}, Network: None, Subnet: None, Router: None
2024-12-12 08:11:17.387 66349 INFO tempest.lib.common.dynamic_creds [-] Created isolated network resources for: credentials: Credentials: {'domain_id': 'default', 'domain_name': 'Default', 'username': 'tempest-HypervisorAdminNegativeTestJSON-1314309744-project-member', 'project_domain_id': 'default', 'project_domain_name': 'Default', 'project_id': 'de855a04ee9e45d7a3301cad40aa5979', 'project_name': 'tempest-HypervisorAdminNegativeTestJSON-1314309744', 'tenant_id': 'de855a04ee9e45d7a3301cad40aa5979', 'tenant_name': 'tempest-HypervisorAdminNegativeTestJSON-1314309744', 'user_domain_id': 'default', 'user_domain_name': 'Default', 'user_id': '9af8e91ed6f44238b8f3a0a92ff0f805', 'system': None}, Network: None, Subnet: None, Router: None
2024-12-12 08:11:17.443 66345 INFO tempest.lib.common.rest_client [req-c9e2a8f9-24d2-4894-a826-93ca5055045b req-c9e2a8f9-24d2-4894-a826-93ca5055045b ] Request (MigrationsAdminTest:test_list_migrations_in_flavor_resize_situation): 200 GET http://10.180.1.21/compute/v2.1/servers/fe350d30-6fbd-4813-9634-ed05984fecfd 0.840s
2024-12-12 08:11:17.446 66379 INFO tempest.lib.common.rest_client [req-0adeae04-9732-4fab-aa01-2de7d2883a0d req-0adeae04-9732-4fab-aa01-2de7d2883a0d ] Request (ImagesTestJSON:test_create_image_from_stopped_server): 200 GET http://10.180.1.21/compute/v2.1/servers/8b178cc0-db79-4ec2-8962-f31b936f8eff 0.944s
2024-12-12 08:11:17.465 66373 INFO tempest.lib.common.rest_client [req-3315e80a-73e6-4697-96c1-f2a70df4ccae req-3315e80a-73e6-4697-96c1-f2a70df4ccae ] Request (ServicesAdminNegativeTestJSON:setUpClass): 201 POST http://10.180.1.21/identity/v3/auth/tokens 0.168s
2024-12-12 08:11:17.477 66391 INFO tempest.lib.common.rest_client [req-152116cd-354b-4249-9488-a267f8c3c3bd req-152116cd-354b-4249-9488-a267f8c3c3bd ] Request (QuotaClassesAdminTestJSON:tearDownClass): 204 DELETE http://10.180.1.21/identity/v3/projects/a147bdd36f2e46bca1c588d8b4625185 0.213s
2024-12-12 08:11:17.511 66381 INFO tempest.lib.common.rest_client [req-c7e8ec10-5691-4791-85f8-b8becc5201c0 req-c7e8ec10-5691-4791-85f8-b8becc5201c0 ] Request (FlavorsAccessTestJSON:tearDownClass): 200 GET http://10.180.1.21:9696/networking/v2.0/security-groups?tenant_id=4afd59727d3143b18f6c68e382f73ced&name=default 0.546s
2024-12-12 08:11:17.531 66347 INFO tempest.lib.common.rest_client [req-5dde4d82-52b5-4f8a-9b8d-4e13bc0603fe req-5dde4d82-52b5-4f8a-9b8d-4e13bc0603fe ] Request (InstanceActionsV221TestJSON:setUpClass): 201 POST http://10.180.1.21:9696/networking/v2.0/subnets 0.533s
2024-12-12 08:11:17.534 66383 INFO tempest.lib.common.rest_client [req-6723727f-eda1-4308-aec4-f165ea8e21d2 req-6723727f-eda1-4308-aec4-f165ea8e21d2 ] Request (ServersV294TestFqdnHostnames:setUpClass): 200 GET http://10.180.1.21/compute/v2.1/servers/2b391628-18a2-4606-8c59-58ba642cee50 0.792s
2024-12-12 08:11:17.547 66357 INFO tempest.lib.common.rest_client [req-0216f048-c967-456a-80a6-427f3b6233a7 req-0216f048-c967-456a-80a6-427f3b6233a7 ] Request (HostsAdminTestJSON:tearDownClass): 204 DELETE http://10.180.1.21:9696/networking/v2.0/security-groups/618eb2cf-849f-468f-8f64-b2989c43ee02 0.158s
2024-12-12 08:11:17.553 66393 INFO tempest.lib.common.rest_client [req-e34d9b16-a225-4891-8b82-db9571496d90 req-e34d9b16-a225-4891-8b82-db9571496d90 ] Request (QuotasAdminNegativeTest:setUpClass): 201 POST http://10.180.1.21/identity/v3/auth/tokens 0.250s
2024-12-12 08:11:17.554 66393 WARNING tempest.lib.common.rest_client [-] Deprecated: "tenant_id" property is deprecated for removal, use "project_id" instead
2024-12-12 08:11:17.561 66341 INFO tempest.lib.common.rest_client [req-52f3043b-bcbe-4c04-9c83-24742fc08fcc req-52f3043b-bcbe-4c04-9c83-24742fc08fcc ] Request (KeyPairsV210TestJSON:setUpClass): 201 POST http://10.180.1.21/identity/v3/auth/tokens 0.196s
2024-12-12 08:11:17.611 66381 INFO tempest.lib.common.rest_client [req-949503ab-6852-4a06-acc3-6b8d31aa95db req-949503ab-6852-4a06-acc3-6b8d31aa95db ] Request (FlavorsAccessTestJSON:tearDownClass): 204 DELETE http://10.180.1.21:9696/networking/v2.0/security-groups/c329513b-85c7-45aa-9f8c-6d7a19503117 0.099s
2024-12-12 08:11:17.621 66349 INFO tempest.lib.common.rest_client [req-e892f84e-a2d5-4191-ba05-5ced807d7f06 req-e892f84e-a2d5-4191-ba05-5ced807d7f06 ] Request (HypervisorAdminNegativeTestJSON:setUpClass): 201 POST http://10.180.1.21/identity/v3/auth/tokens 0.229s
2024-12-12 08:11:17.707 66373 INFO tempest.lib.common.rest_client [req-35bcf455-5898-4fd1-a5fb-e22c1f3f893e req-35bcf455-5898-4fd1-a5fb-e22c1f3f893e ] Request (ServicesAdminNegativeTestJSON:setUpClass): 201 POST http://10.180.1.21/identity/v3/projects 0.241s
2024-12-12 08:11:17.716 66391 INFO tempest.lib.common.rest_client [req-280c3273-7936-4a70-a12a-734539890f2b req-280c3273-7936-4a70-a12a-734539890f2b ] Request (FloatingIPsNegativeTestJSON:setUpClass): 201 POST http://10.180.1.21/identity/v3/auth/tokens 0.237s
2024-12-12 08:11:17.748 66355 INFO tempest.lib.common.rest_client [req-2a046e8e-64f7-498c-b60f-14b1e632bc8d req-2a046e8e-64f7-498c-b60f-14b1e632bc8d ] Request (ServerDiagnosticsNegativeTest:test_get_server_diagnostics_by_non_admin): 200 GET http://10.180.1.21/compute/v2.1/servers/c616d8ec-f28a-4430-a336-1ea4790fd511 0.932s
2024-12-12 08:11:17.754 66399 INFO tempest.lib.common.rest_client [req-24cecfb3-d122-4d65-bf10-678a9df4e6b0 req-24cecfb3-d122-4d65-bf10-678a9df4e6b0 ] Request (VolumesAdminNegativeTest:test_update_attached_volume_with_nonexistent_volume_in_body): 201 POST http://10.180.1.21:9696/networking/v2.0/floatingips 0.917s
2024-12-12 08:11:17.766 66339 INFO tempest.lib.common.rest_client [req-fead73b9-1f55-4543-9743-1618545ce76f req-fead73b9-1f55-4543-9743-1618545ce76f ] Request (FlavorsAccessNegativeTestJSON:_run_cleanups): 202 DELETE http://10.180.1.21/compute/v2.1/flavors/804452082 0.915s
2024-12-12 08:11:17.784 66343 INFO tempest.lib.common.rest_client [req-66a241bb-7fd1-427c-bf6d-354db09b6cec req-66a241bb-7fd1-427c-bf6d-354db09b6cec ] Request (FlavorsExtraSpecsTestJSON:test_flavor_set_get_update_show_unset_keys): 200 DELETE http://10.180.1.21/compute/v2.1/flavors/388330314/os-extra_specs/hw:cpu_policy 0.894s
2024-12-12 08:11:17.796 66357 INFO tempest.lib.common.rest_client [req-ae77f8d1-0112-46f1-89cc-adc6c493376d req-ae77f8d1-0112-46f1-89cc-adc6c493376d ] Request (HostsAdminTestJSON:tearDownClass): 204 DELETE http://10.180.1.21/identity/v3/projects/4f34709c88004ab58ef6b1094cc12b05 0.249s
2024-12-12 08:11:17.796 66357 INFO tempest.lib.common.dynamic_creds [-] Deleting project and security group for project: 1e7edd5a47f3405b89de7ff82af34c90
2024-12-12 08:11:17.798 66381 INFO tempest.lib.common.rest_client [req-42ce015c-92fb-4aa5-87d1-434cd6488b17 req-42ce015c-92fb-4aa5-87d1-434cd6488b17 ] Request (FlavorsAccessTestJSON:tearDownClass): 204 DELETE http://10.180.1.21/identity/v3/projects/4afd59727d3143b18f6c68e382f73ced 0.186s
2024-12-12 08:11:17.798 66381 INFO tempest.lib.common.dynamic_creds [-] Deleting project and security group for project: 1ca6ae53d960426e94ffac0501b0802d
2024-12-12 08:11:17.803 66353 INFO tempest.lib.common.rest_client [req-c88f8b10-5429-4bbe-89d4-ed1d9c8e0820 req-c88f8b10-5429-4bbe-89d4-ed1d9c8e0820 ] Request (KeyPairsV2TestJSON:_run_cleanups): 202 DELETE http://10.180.1.21/compute/v2.1/os-keypairs/tempest-KeyPairsV2TestJSON-keypair-228096269 0.902s
2024-12-12 08:11:17.861 66349 INFO tempest.lib.common.rest_client [req-1828740e-0b03-4aca-9087-5daeb5e879b5 req-1828740e-0b03-4aca-9087-5daeb5e879b5 ] Request (HypervisorAdminNegativeTestJSON:setUpClass): 201 POST http://10.180.1.21/identity/v3/projects 0.239s
2024-12-12 08:11:17.867 66373 INFO tempest.lib.common.rest_client [req-435d036d-ecca-4950-8d13-fc41ee3f1622 req-435d036d-ecca-4950-8d13-fc41ee3f1622 ] Request (ServicesAdminNegativeTestJSON:setUpClass): 201 POST http://10.180.1.21/identity/v3/users 0.159s
2024-12-12 08:11:17.915 66399 INFO tempest.lib.common.rest_client [req-8ffb661a-1ccd-498f-9b16-de76ed0cfc78 req-8ffb661a-1ccd-498f-9b16-de76ed0cfc78 ] Request (VolumesAdminNegativeTest:test_update_attached_volume_with_nonexistent_volume_in_body): 201 POST http://10.180.1.21/identity/v3/auth/tokens 0.158s
2024-12-12 08:11:17.915 66399 INFO tempest.lib.common.fixed_network [-] (VolumesAdminNegativeTest:test_update_attached_volume_with_nonexistent_volume_in_body) Found network {'id': '58441f17-708d-4a4c-9e78-8a8d403416ae', 'name': 'tempest-VolumesAdminNegativeTest-132258554-network', 'tenant_id': '92b737895c7c42f78fbc5d0fff165dc8', 'admin_state_up': True, 'mtu': 8950, 'status': 'ACTIVE', 'subnets': [], 'shared': False, 'project_id': '92b737895c7c42f78fbc5d0fff165dc8', 'port_security_enabled': True, 'router:external': False, 'provider:network_type': 'vlan', 'provider:physical_network': 'default', 'provider:segmentation_id': 458, 'availability_zone_hints': [], 'availability_zones': [], 'ipv4_address_scope': None, 'ipv6_address_scope': None, 'description': '', 'tags': [], 'created_at': '2024-12-12T08:11:04Z', 'updated_at': '2024-12-12T08:11:04Z', 'revision_number': 1} available for tenant
2024-12-12 08:11:17.922 66391 INFO tempest.lib.common.rest_client [req-6745c04b-081a-40b4-8939-66833805a90c req-6745c04b-081a-40b4-8939-66833805a90c ] Request (FloatingIPsNegativeTestJSON:setUpClass): 201 POST http://10.180.1.21/identity/v3/auth/tokens 0.203s
2024-12-12 08:11:17.940 66373 INFO tempest.lib.common.rest_client [req-a1cc6897-1dae-4a03-8ab9-638c5fa3d5b1 req-a1cc6897-1dae-4a03-8ab9-638c5fa3d5b1 ] Request (ServicesAdminNegativeTestJSON:setUpClass): 200 GET http://10.180.1.21/identity/v3/roles 0.072s
2024-12-12 08:11:17.955 66381 INFO tempest.lib.common.rest_client [req-4ec2906b-fdac-4901-9efb-4cf59df6c3c8 req-4ec2906b-fdac-4901-9efb-4cf59df6c3c8 ] Request (FlavorsAccessTestJSON:tearDownClass): 200 GET http://10.180.1.21:9696/networking/v2.0/security-groups?tenant_id=1ca6ae53d960426e94ffac0501b0802d&name=default 0.156s
2024-12-12 08:11:17.962 66391 INFO tempest.lib.common.rest_client [req-0937f856-bd18-4211-b291-691054fc657f req-0937f856-bd18-4211-b291-691054fc657f ] Request (FloatingIPsNegativeTestJSON:setUpClass): 200 GET http://10.180.1.21/identity/v3/domains?name=Default 0.039s
2024-12-12 08:11:17.964 66357 INFO tempest.lib.common.rest_client [req-92e1eee7-9a03-46c7-a967-d91281019ad2 req-92e1eee7-9a03-46c7-a967-d91281019ad2 ] Request (HostsAdminTestJSON:tearDownClass): 200 GET http://10.180.1.21:9696/networking/v2.0/security-groups?tenant_id=1e7edd5a47f3405b89de7ff82af34c90&name=default 0.168s
2024-12-12 08:11:17.978 66349 INFO tempest.lib.common.rest_client [req-56dd09d6-b8d1-475b-ba61-df6c5c09f8f0 req-56dd09d6-b8d1-475b-ba61-df6c5c09f8f0 ] Request (HypervisorAdminNegativeTestJSON:setUpClass): 201 POST http://10.180.1.21/identity/v3/users 0.116s
2024-12-12 08:11:17.987 66373 INFO tempest.lib.common.rest_client [req-63f299ab-4fad-45c0-a2a1-412416d6560e req-63f299ab-4fad-45c0-a2a1-412416d6560e ] Request (ServicesAdminNegativeTestJSON:setUpClass): 204 PUT http://10.180.1.21/identity/v3/projects/de69e97ff4874c76aa49a42ad3fe88ff/users/e8b637ac82814c4797d2eab2fd08fe2f/roles/1e60793d0a2a439ab760e7bede9bb722 0.046s
2024-12-12 08:11:18.006 66391 INFO tempest.lib.common.rest_client [req-20f30ba3-c1bd-413b-8c1e-f768d4df5009 req-20f30ba3-c1bd-413b-8c1e-f768d4df5009 ] Request (FloatingIPsNegativeTestJSON:setUpClass): 201 POST http://10.180.1.21/identity/v3/projects 0.044s
2024-12-12 08:11:18.053 66373 INFO tempest.lib.common.rest_client [req-c08ee48e-f46d-4158-bec4-816c56f886bb req-c08ee48e-f46d-4158-bec4-816c56f886bb ] Request (ServicesAdminNegativeTestJSON:setUpClass): 200 GET http://10.180.1.21/identity/v3/roles 0.065s
