2024-12-12 08:13:03.053 66361 INFO tempest.lib.common.rest_client [req-fe672d64-fc7d-4545-9e96-28e3c3025112 req-fe672d64-fc7d-4545-9e96-28e3c3025112 ] Request (ImagesNegativeTestJSON:test_create_image_from_deleted_server): 200 GET http://10.180.1.21/compute/v2.1/servers/1b4efc0f-474f-4a32-b199-c14f27b183e2 0.229s
2024-12-12 08:13:03.059 66357 INFO tempest.lib.common.rest_client [req-7f73f510-232f-4843-94f4-afa93412e812 req-7f73f510-232f-4843-94f4-afa93412e812 ] Request (ServersTestFqdnHostnames:test_create_server_with_fqdn_name): 200 GET http://10.180.1.21/compute/v2.1/servers/a59be5e6-2316-4766-933a-4d01dfe4fec1 0.167s
2024-12-12 08:13:03.110 66395 INFO tempest.lib.common.rest_client [req-b634dbaf-888a-42b6-bcaa-fc24400ef32a req-b634dbaf-888a-42b6-bcaa-fc24400ef32a ] Request (ListImageFiltersTestJSON:setUpClass): 200 GET http://10.180.1.21/compute/v2.1/servers/2b68e95a-1d93-43ee-b0a6-996c9042f5c7 0.175s
2024-12-12 08:13:03.112 66397 INFO tempest.lib.common.rest_client [req-60135a01-92fd-46a6-90e5-9017da0dce5a req-60135a01-92fd-46a6-90e5-9017da0dce5a ] Request (InstanceActionsTestJSON:setUpClass): 200 GET http://10.180.1.21/compute/v2.1/servers/f19c860f-736a-4783-8ef5-8262040e53a3 0.138s
2024-12-12 08:13:03.159 66339 INFO tempest.lib.common.rest_client [req-d95daa5b-c59a-43fa-86a8-b838f0bbcdf5 req-d95daa5b-c59a-43fa-86a8-b838f0bbcdf5 ] Request (FloatingIPsAssociationTestJSON:setUpClass): 200 GET http://10.180.1.21/compute/v2.1/servers/09eefc1a-011b-4d2c-ab75-a1fcee740907 0.051s
2024-12-12 08:13:03.180 66349 INFO tempest.lib.common.rest_client [req-ac03e3f5-b1cf-4968-b811-42fd40903176 req-ac03e3f5-b1cf-4968-b811-42fd40903176 ] Request (ServerShowV254Test:tearDownClass): 204 DELETE http://10.180.1.21/compute/v2.1/servers/1462d213-3f9a-4c60-8056-0b68f20a4939 0.206s
2024-12-12 08:13:03.233 66349 INFO tempest.lib.common.rest_client [req-63332150-9c6d-46c3-957b-aef73f80ea80 req-63332150-9c6d-46c3-957b-aef73f80ea80 ] Request (ServerShowV254Test:tearDownClass): 200 GET http://10.180.1.21/compute/v2.1/servers/1462d213-3f9a-4c60-8056-0b68f20a4939 0.052s
2024-12-12 08:13:03.264 66345 INFO tempest.lib.common.rest_client [req-ac0769f0-83ba-423b-beec-6176a8814fed req-ac0769f0-83ba-423b-beec-6176a8814fed ] Request (MigrationsAdminTest:test_resize_server_revert_deleted_flavor): 200 GET http://10.180.1.21/compute/v2.1/servers/a1551278-a306-4534-8d8d-3b3a003dde04 0.048s
2024-12-12 08:13:03.310 66353 WARNING tempest.lib.common.ssh [-] Failed to establish authenticated ssh connection to cirros@10.180.180.199 ([Errno None] Unable to connect to port 22 on 10.180.180.199). Number attempts: 5. Retry after 6 seconds.: paramiko.ssh_exception.NoValidConnectionsError: [Errno None] Unable to connect to port 22 on 10.180.180.199
2024-12-12 08:13:03.318 66355 INFO tempest.lib.common.rest_client [req-0a8d379b-c052-42c1-a858-804f6e2724ff req-0a8d379b-c052-42c1-a858-804f6e2724ff ] Request (ListServerFiltersTestJSON:setUpClass): 200 GET http://10.180.1.21/compute/v2.1/servers/24cb49c8-b2ef-4ede-aea6-6e34081beca1 0.050s
2024-12-12 08:13:03.433 66369 INFO tempest.lib.common.rest_client [req-23a6dcd6-279d-43bd-a620-b0ac600223bb req-23a6dcd6-279d-43bd-a620-b0ac600223bb ] Request (ServersAdminNegativeTestJSON:tearDownClass): 200 GET http://10.180.1.21/compute/v2.1/servers/681ef7a9-3b24-450a-9034-6d30177995d7 0.054s
2024-12-12 08:13:03.504 66343 INFO tempest.lib.common.rest_client [req-533b64d1-8d40-488a-a095-5a8d50526c49 req-533b64d1-8d40-488a-a095-5a8d50526c49 ] Request (ServersTestMultiNic:test_verify_duplicate_network_nics): 200 GET http://10.180.1.21/compute/v2.1/servers/cfefa7c8-4986-4ad0-ac20-8784ee44a737 0.103s
2024-12-12 08:13:03.525 66381 INFO tempest.lib.common.rest_client [req-b1b0a4e4-e7b1-41f0-b2f4-04e160defb85 req-b1b0a4e4-e7b1-41f0-b2f4-04e160defb85 ] Request (SecurityGroupsTestJSON:test_server_security_groups): 200 GET http://10.180.1.21/compute/v2.1/servers/ad374dd9-a92d-4b76-9609-7562346e05a8 0.043s
2024-12-12 08:13:03.592 66375 INFO tempest.lib.common.rest_client [req-e51074c7-f22d-4832-aad6-7f2ae5090f05 req-e51074c7-f22d-4832-aad6-7f2ae5090f05 ] Request (DeleteServersTestJSON:test_delete_server_while_in_attached_volume): 200 GET http://10.180.1.21/compute/v2.1/servers/d8780c40-0099-4ccc-84ae-72fbb14fa1ee 0.055s
2024-12-12 08:13:03.610 66387 INFO tempest.lib.common.rest_client [req-0abc2980-8bf9-478d-b221-bf671c07435f req-0abc2980-8bf9-478d-b221-bf671c07435f ] Request (DeleteServersAdminTestJSON:test_delete_server_while_in_error_state): 200 GET http://10.180.1.21/compute/v2.1/servers/40c7a9b8-d541-464a-ba87-76cfc183ae31 0.054s
2024-12-12 08:13:03.724 66391 INFO tempest.lib.common.rest_client [req-dedbeca3-03cc-482d-b84a-ae9ac8a6d4ba req-dedbeca3-03cc-482d-b84a-ae9ac8a6d4ba ] Request (ServerDiskConfigTestJSON:test_rebuild_server_with_auto_disk_config): 200 GET http://10.180.1.21/compute/v2.1/servers/51eaac08-75fd-49f9-9b1a-cc2a2d799634 0.086s
2024-12-12 08:13:03.762 66385 INFO tempest.lib.common.rest_client [req-1f86c1fb-e08a-46e5-879f-c4116a422dcd req-1f86c1fb-e08a-46e5-879f-c4116a422dcd ] Request (ServerShowV247Test:tearDownClass): 404 GET http://10.180.1.21/compute/v2.1/servers/49221ea3-d457-4cf5-97a9-9ae74c4e86fb 0.022s
2024-12-12 08:13:03.829 66385 INFO tempest.lib.common.rest_client [req-804e8c96-430f-4309-af0c-933dbd81ccef req-804e8c96-430f-4309-af0c-933dbd81ccef ] Request (ServerShowV247Test:tearDownClass): 204 DELETE http://10.180.1.21/compute/v2.1/servers/42497ab5-cce9-4614-a6d1-dffbf6764d7b 0.066s
2024-12-12 08:13:03.888 66367 INFO tempest.lib.common.rest_client [req-682ed661-2dfe-43f3-bffa-d3e9e10f4c2f req-682ed661-2dfe-43f3-bffa-d3e9e10f4c2f ] Request (ServerAddressesNegativeTestJSON:setUpClass): 200 GET http://10.180.1.21/compute/v2.1/servers/22380aef-c725-43a0-a957-06ced9518c21 0.091s
2024-12-12 08:13:03.908 66401 INFO tempest.lib.common.rest_client [req-daf831a8-5dfc-4d81-adc6-366332b0a80f req-daf831a8-5dfc-4d81-adc6-366332b0a80f ] Request (ServersAdminTestJSON:test_create_server_with_scheduling_hint): 200 GET http://10.180.1.21/compute/v2.1/servers/f59a31e4-7fb9-4de7-b35f-da811a305f85 0.179s
2024-12-12 08:13:03.945 66385 INFO tempest.lib.common.rest_client [req-ca0dee13-ae76-4383-84f3-20eb6033192a req-ca0dee13-ae76-4383-84f3-20eb6033192a ] Request (ServerShowV247Test:tearDownClass): 200 GET http://10.180.1.21/compute/v2.1/servers/42497ab5-cce9-4614-a6d1-dffbf6764d7b 0.115s
2024-12-12 08:13:03.975 66389 INFO tempest.lib.common.rest_client [req-b4c2ca54-058b-47a5-a408-11ea6af98e0b req-b4c2ca54-058b-47a5-a408-11ea6af98e0b ] Request (ImagesOneServerTestJSON:setUpClass): 200 GET http://10.180.1.21/compute/v2.1/servers/4e3dee19-b99a-4257-88da-1b0531e2c0f9 0.098s
2024-12-12 08:13:04.011 66363 INFO tempest.lib.common.rest_client [req-0e04c3bb-360e-41fa-aa41-c97c74b72fdc req-0e04c3bb-360e-41fa-aa41-c97c74b72fdc ] Request (ListServersNegativeTestJSON:setUpClass): 200 GET http://10.180.1.21/compute/v2.1/servers/021c3287-5887-457e-9b3a-233308fb9b23 0.115s
2024-12-12 08:13:04.038 66377 INFO tempest.lib.common.rest_client [req-aa510139-7e17-4fb8-9072-b11524d02993 req-aa510139-7e17-4fb8-9072-b11524d02993 ] Request (ServersTestBootFromVolume:setUpClass): 200 GET http://10.180.1.21/compute/v2.1/servers/765cf18e-53a0-4cc6-ad0e-337a6f68915c 0.105s
2024-12-12 08:13:04.070 66341 INFO tempest.lib.common.rest_client [req-d32062d6-f727-436d-b037-d77fe7207056 req-d32062d6-f727-436d-b037-d77fe7207056 ] Request (ServerExternalEventsTest:tearDownClass): 200 GET http://10.180.1.21/compute/v2.1/servers/f7d5c77d-6c78-4969-b511-2b03ab624c84 0.105s
2024-12-12 08:13:04.098 66379 INFO tempest.lib.common.rest_client [req-778a6451-8c5a-436c-95b1-00db494e537d req-778a6451-8c5a-436c-95b1-00db494e537d ] Request (ImagesTestJSON:test_create_image_from_suspended_server): 200 GET http://10.180.1.21/compute/v2.1/servers/3b506d10-a427-47b8-ab5f-c35e450b7eb1 0.104s
2024-12-12 08:13:04.118 66361 INFO tempest.lib.common.rest_client [req-8152465a-acf6-4f0d-ba0c-ca3301ec0e13 req-8152465a-acf6-4f0d-ba0c-ca3301ec0e13 ] Request (ImagesNegativeTestJSON:test_create_image_from_deleted_server): 200 GET http://10.180.1.21/compute/v2.1/servers/1b4efc0f-474f-4a32-b199-c14f27b183e2 0.058s
2024-12-12 08:13:04.153 66357 INFO tempest.lib.common.rest_client [req-c255e4ca-d947-4ba9-9cbc-42caeb244150 req-c255e4ca-d947-4ba9-9cbc-42caeb244150 ] Request (ServersTestFqdnHostnames:test_create_server_with_fqdn_name): 200 GET http://10.180.1.21/compute/v2.1/servers/a59be5e6-2316-4766-933a-4d01dfe4fec1 0.085s
2024-12-12 08:13:04.171 66395 INFO tempest.lib.common.rest_client [req-0f7cbe1f-96d3-4253-a6ae-632195122bd7 req-0f7cbe1f-96d3-4253-a6ae-632195122bd7 ] Request (ListImageFiltersTestJSON:setUpClass): 200 GET http://10.180.1.21/compute/v2.1/servers/2b68e95a-1d93-43ee-b0a6-996c9042f5c7 0.054s
2024-12-12 08:13:04.204 66397 INFO tempest.lib.common.rest_client [req-f2b8bf66-2750-423a-aa5c-976a7afb522c req-f2b8bf66-2750-423a-aa5c-976a7afb522c ] Request (InstanceActionsTestJSON:setUpClass): 200 GET http://10.180.1.21/compute/v2.1/servers/f19c860f-736a-4783-8ef5-8262040e53a3 0.083s
2024-12-12 08:13:04.216 66339 INFO tempest.lib.common.rest_client [req-82dee592-f81c-499d-a389-f184f61f41b3 req-82dee592-f81c-499d-a389-f184f61f41b3 ] Request (FloatingIPsAssociationTestJSON:setUpClass): 200 GET http://10.180.1.21/compute/v2.1/servers/09eefc1a-011b-4d2c-ab75-a1fcee740907 0.051s
2024-12-12 08:13:04.295 66349 INFO tempest.lib.common.rest_client [req-ac6db2f5-4686-4e18-b648-8661656e1fe2 req-ac6db2f5-4686-4e18-b648-8661656e1fe2 ] Request (ServerShowV254Test:tearDownClass): 200 GET http://10.180.1.21/compute/v2.1/servers/1462d213-3f9a-4c60-8056-0b68f20a4939 0.054s
2024-12-12 08:13:04.319 66345 INFO tempest.lib.common.rest_client [req-273e54be-7f7c-45e6-9309-319494df6f83 req-273e54be-7f7c-45e6-9309-319494df6f83 ] Request (MigrationsAdminTest:test_resize_server_revert_deleted_flavor): 200 GET http://10.180.1.21/compute/v2.1/servers/a1551278-a306-4534-8d8d-3b3a003dde04 0.046s
2024-12-12 08:13:04.375 66355 INFO tempest.lib.common.rest_client [req-1bd325bb-3c5a-44c0-8501-27aee87abd6d req-1bd325bb-3c5a-44c0-8501-27aee87abd6d ] Request (ListServerFiltersTestJSON:setUpClass): 200 GET http://10.180.1.21/compute/v2.1/servers/24cb49c8-b2ef-4ede-aea6-6e34081beca1 0.050s
2024-12-12 08:13:04.499 66369 INFO tempest.lib.common.rest_client [req-67bc3062-faff-4f42-9540-dbc0cbd104e2 req-67bc3062-faff-4f42-9540-dbc0cbd104e2 ] Request (ServersAdminNegativeTestJSON:tearDownClass): 200 GET http://10.180.1.21/compute/v2.1/servers/681ef7a9-3b24-450a-9034-6d30177995d7 0.059s
2024-12-12 08:13:04.586 66381 INFO tempest.lib.common.rest_client [req-e56dcb66-63e7-43be-9005-4190433d4ed5 req-e56dcb66-63e7-43be-9005-4190433d4ed5 ] Request (SecurityGroupsTestJSON:test_server_security_groups): 200 GET http://10.180.1.21/compute/v2.1/servers/ad374dd9-a92d-4b76-9609-7562346e05a8 0.054s
2024-12-12 08:13:04.632 66343 INFO tempest.lib.common.rest_client [req-b272d454-6a2d-4113-a6d9-99e93e12b29c req-b272d454-6a2d-4113-a6d9-99e93e12b29c ] Request (ServersTestMultiNic:test_verify_duplicate_network_nics): 200 GET http://10.180.1.21/compute/v2.1/servers/cfefa7c8-4986-4ad0-ac20-8784ee44a737 0.121s
2024-12-12 08:13:04.668 66375 INFO tempest.lib.common.rest_client [req-b62e2f23-217b-4055-94e4-6f51278d415a req-b62e2f23-217b-4055-94e4-6f51278d415a ] Request (DeleteServersTestJSON:test_delete_server_while_in_attached_volume): 200 GET http://10.180.1.21/compute/v2.1/servers/d8780c40-0099-4ccc-84ae-72fbb14fa1ee 0.069s
2024-12-12 08:13:04.687 66387 INFO tempest.lib.common.rest_client [req-757ae961-7ea4-4c63-99ea-83a309b16c0f req-757ae961-7ea4-4c63-99ea-83a309b16c0f ] Request (DeleteServersAdminTestJSON:test_delete_server_while_in_error_state): 200 GET http://10.180.1.21/compute/v2.1/servers/40c7a9b8-d541-464a-ba87-76cfc183ae31 0.070s
2024-12-12 08:13:04.693 66387 INFO tempest.common.waiters [-] State transition "ERROR/deleting" ==> "DELETED/None" after 4 second wait
2024-12-12 08:13:04.793 66391 INFO tempest.lib.common.rest_client [req-ed9b612b-a97a-4b8e-9318-f3fbb49eae46 req-ed9b612b-a97a-4b8e-9318-f3fbb49eae46 ] Request (ServerDiskConfigTestJSON:test_rebuild_server_with_auto_disk_config): 200 GET http://10.180.1.21/compute/v2.1/servers/51eaac08-75fd-49f9-9b1a-cc2a2d799634 0.061s
2024-12-12 08:13:04.955 66367 INFO tempest.lib.common.rest_client [req-28a56244-93f2-487d-b4cf-178b343d0469 req-28a56244-93f2-487d-b4cf-178b343d0469 ] Request (ServerAddressesNegativeTestJSON:setUpClass): 200 GET http://10.180.1.21/compute/v2.1/servers/22380aef-c725-43a0-a957-06ced9518c21 0.052s
2024-12-12 08:13:05.025 66401 INFO tempest.lib.common.rest_client [req-e508bc34-cdd7-4a65-b0fb-6d8a852684d0 req-e508bc34-cdd7-4a65-b0fb-6d8a852684d0 ] Request (ServersAdminTestJSON:test_create_server_with_scheduling_hint): 200 GET http://10.180.1.21/compute/v2.1/servers/f59a31e4-7fb9-4de7-b35f-da811a305f85 0.108s
2024-12-12 08:13:05.026 66385 INFO tempest.lib.common.rest_client [req-72f52899-d3e4-42b8-b77b-1122f04a33da req-72f52899-d3e4-42b8-b77b-1122f04a33da ] Request (ServerShowV247Test:tearDownClass): 200 GET http://10.180.1.21/compute/v2.1/servers/42497ab5-cce9-4614-a6d1-dffbf6764d7b 0.070s
2024-12-12 08:13:05.078 66389 INFO tempest.lib.common.rest_client [req-fc0eb703-1c6a-41a6-8c96-47353c3e0917 req-fc0eb703-1c6a-41a6-8c96-47353c3e0917 ] Request (ImagesOneServerTestJSON:setUpClass): 200 GET http://10.180.1.21/compute/v2.1/servers/4e3dee19-b99a-4257-88da-1b0531e2c0f9 0.092s
2024-12-12 08:13:05.086 66363 INFO tempest.lib.common.rest_client [req-4efe258f-e246-42ae-a3cd-18fbc3b90fb6 req-4efe258f-e246-42ae-a3cd-18fbc3b90fb6 ] Request (ListServersNegativeTestJSON:setUpClass): 200 GET http://10.180.1.21/compute/v2.1/servers/021c3287-5887-457e-9b3a-233308fb9b23 0.066s
2024-12-12 08:13:05.123 66377 INFO tempest.lib.common.rest_client [req-1e16ac70-bbe6-439e-a2ed-a55bc36e3a78 req-1e16ac70-bbe6-439e-a2ed-a55bc36e3a78 ] Request (ServersTestBootFromVolume:setUpClass): 200 GET http://10.180.1.21/compute/v2.1/servers/765cf18e-53a0-4cc6-ad0e-337a6f68915c 0.077s
2024-12-12 08:13:05.138 66341 INFO tempest.lib.common.rest_client [req-557952b1-c908-4536-bd11-0788d6cfb598 req-557952b1-c908-4536-bd11-0788d6cfb598 ] Request (ServerExternalEventsTest:tearDownClass): 200 GET http://10.180.1.21/compute/v2.1/servers/f7d5c77d-6c78-4969-b511-2b03ab624c84 0.056s
2024-12-12 08:13:05.171 66379 INFO tempest.lib.common.rest_client [req-f300f8fc-7bdf-48b7-b438-8095a5fc2ff1 req-f300f8fc-7bdf-48b7-b438-8095a5fc2ff1 ] Request (ImagesTestJSON:test_create_image_from_suspended_server): 200 GET http://10.180.1.21/compute/v2.1/servers/3b506d10-a427-47b8-ab5f-c35e450b7eb1 0.062s
2024-12-12 08:13:05.181 66361 INFO tempest.lib.common.rest_client [req-38bf9006-18e4-4ba1-ba70-291e59b9a997 req-38bf9006-18e4-4ba1-ba70-291e59b9a997 ] Request (ImagesNegativeTestJSON:test_create_image_from_deleted_server): 200 GET http://10.180.1.21/compute/v2.1/servers/1b4efc0f-474f-4a32-b199-c14f27b183e2 0.055s
2024-12-12 08:13:05.220 66357 INFO tempest.lib.common.rest_client [req-d3952cd3-584f-4b52-9bfd-5e8a11736c58 req-d3952cd3-584f-4b52-9bfd-5e8a11736c58 ] Request (ServersTestFqdnHostnames:test_create_server_with_fqdn_name): 200 GET http://10.180.1.21/compute/v2.1/servers/a59be5e6-2316-4766-933a-4d01dfe4fec1 0.060s
2024-12-12 08:13:05.233 66395 INFO tempest.lib.common.rest_client [req-fadb7f37-920d-4598-b29a-308882399c3d req-fadb7f37-920d-4598-b29a-308882399c3d ] Request (ListImageFiltersTestJSON:setUpClass): 200 GET http://10.180.1.21/compute/v2.1/servers/2b68e95a-1d93-43ee-b0a6-996c9042f5c7 0.055s
2024-12-12 08:13:05.267 66397 INFO tempest.lib.common.rest_client [req-1e6badb5-1d0a-4dbd-a7e3-a4ca50e46656 req-1e6badb5-1d0a-4dbd-a7e3-a4ca50e46656 ] Request (InstanceActionsTestJSON:setUpClass): 200 GET http://10.180.1.21/compute/v2.1/servers/f19c860f-736a-4783-8ef5-8262040e53a3 0.057s
2024-12-12 08:13:05.278 66339 INFO tempest.lib.common.rest_client [req-a92ae8a9-0316-485d-be9d-75557a7537fd req-a92ae8a9-0316-485d-be9d-75557a7537fd ] Request (FloatingIPsAssociationTestJSON:setUpClass): 200 GET http://10.180.1.21/compute/v2.1/servers/09eefc1a-011b-4d2c-ab75-a1fcee740907 0.054s
2024-12-12 08:13:05.359 66349 INFO tempest.lib.common.rest_client [req-62a708a2-5c5d-405c-8a02-7757a708cd84 req-62a708a2-5c5d-405c-8a02-7757a708cd84 ] Request (ServerShowV254Test:tearDownClass): 200 GET http://10.180.1.21/compute/v2.1/servers/1462d213-3f9a-4c60-8056-0b68f20a4939 0.056s
2024-12-12 08:13:05.385 66345 INFO tempest.lib.common.rest_client [req-754e7c1c-be0a-4cd4-874b-8dfaead7ae38 req-754e7c1c-be0a-4cd4-874b-8dfaead7ae38 ] Request (MigrationsAdminTest:test_resize_server_revert_deleted_flavor): 200 GET http://10.180.1.21/compute/v2.1/servers/a1551278-a306-4534-8d8d-3b3a003dde04 0.059s
2024-12-12 08:13:05.433 66355 INFO tempest.lib.common.rest_client [req-cc1e787a-a80f-4141-9951-bef98ddba755 req-cc1e787a-a80f-4141-9951-bef98ddba755 ] Request (ListServerFiltersTestJSON:setUpClass): 200 GET http://10.180.1.21/compute/v2.1/servers/24cb49c8-b2ef-4ede-aea6-6e34081beca1 0.051s
2024-12-12 08:13:05.561 66369 INFO tempest.lib.common.rest_client [req-d4fb4dd4-925f-4335-afb9-be4d33cf195e req-d4fb4dd4-925f-4335-afb9-be4d33cf195e ] Request (ServersAdminNegativeTestJSON:tearDownClass): 200 GET http://10.180.1.21/compute/v2.1/servers/681ef7a9-3b24-450a-9034-6d30177995d7 0.055s
2024-12-12 08:13:05.645 66381 INFO tempest.lib.common.rest_client [req-8e1ce8e8-8f5e-4f4a-8c3f-362b24e19eca req-8e1ce8e8-8f5e-4f4a-8c3f-362b24e19eca ] Request (SecurityGroupsTestJSON:test_server_security_groups): 200 GET http://10.180.1.21/compute/v2.1/servers/ad374dd9-a92d-4b76-9609-7562346e05a8 0.050s
2024-12-12 08:13:05.730 66375 INFO tempest.lib.common.rest_client [req-35e7acd5-9e89-48fb-958c-d0eaeddad937 req-35e7acd5-9e89-48fb-958c-d0eaeddad937 ] Request (DeleteServersTestJSON:test_delete_server_while_in_attached_volume): 200 GET http://10.180.1.21/compute/v2.1/servers/d8780c40-0099-4ccc-84ae-72fbb14fa1ee 0.053s
2024-12-12 08:13:05.750 66343 INFO tempest.lib.common.rest_client [req-0189983e-ac54-4d36-bc76-244b6032297d req-0189983e-ac54-4d36-bc76-244b6032297d ] Request (ServersTestMultiNic:test_verify_duplicate_network_nics): 200 GET http://10.180.1.21/compute/v2.1/servers/cfefa7c8-4986-4ad0-ac20-8784ee44a737 0.112s
2024-12-12 08:13:05.782 66387 INFO tempest.lib.common.rest_client [req-3962e768-a155-43aa-9b12-36c953385981 req-3962e768-a155-43aa-9b12-36c953385981 ] Request (DeleteServersAdminTestJSON:test_delete_server_while_in_error_state): 200 GET http://10.180.1.21/compute/v2.1/servers/40c7a9b8-d541-464a-ba87-76cfc183ae31 0.088s
2024-12-12 08:13:05.782 66359 WARNING tempest.lib.common.ssh [-] Failed to establish authenticated ssh connection to cirros@10.180.180.162 ([Errno None] Unable to connect to port 22 on 10.180.180.162). Number attempts: 9. Retry after 10 seconds.: paramiko.ssh_exception.NoValidConnectionsError: [Errno None] Unable to connect to port 22 on 10.180.180.162
2024-12-12 08:13:05.853 66391 INFO tempest.lib.common.rest_client [req-e96b4704-633a-4f85-a542-300e9e288245 req-e96b4704-633a-4f85-a542-300e9e288245 ] Request (ServerDiskConfigTestJSON:test_rebuild_server_with_auto_disk_config): 200 GET http://10.180.1.21/compute/v2.1/servers/51eaac08-75fd-49f9-9b1a-cc2a2d799634 0.052s
2024-12-12 08:13:06.020 66367 INFO tempest.lib.common.rest_client [req-5f8de36f-2bdf-404d-b090-02282c05ce81 req-5f8de36f-2bdf-404d-b090-02282c05ce81 ] Request (ServerAddressesNegativeTestJSON:setUpClass): 200 GET http://10.180.1.21/compute/v2.1/servers/22380aef-c725-43a0-a957-06ced9518c21 0.057s
2024-12-12 08:13:06.104 66385 INFO tempest.lib.common.rest_client [req-bbe63bd4-c169-48fe-9704-c24766291267 req-bbe63bd4-c169-48fe-9704-c24766291267 ] Request (ServerShowV247Test:tearDownClass): 200 GET http://10.180.1.21/compute/v2.1/servers/42497ab5-cce9-4614-a6d1-dffbf6764d7b 0.068s
2024-12-12 08:13:06.156 66389 INFO tempest.lib.common.rest_client [req-bf0cce51-f375-4469-bc51-c78da274957c req-bf0cce51-f375-4469-bc51-c78da274957c ] Request (ImagesOneServerTestJSON:setUpClass): 200 GET http://10.180.1.21/compute/v2.1/servers/4e3dee19-b99a-4257-88da-1b0531e2c0f9 0.071s
2024-12-12 08:13:06.160 66401 INFO tempest.lib.common.rest_client [req-fb8729b8-69f9-4ca2-88fc-21a8e86504ca req-fb8729b8-69f9-4ca2-88fc-21a8e86504ca ] Request (ServersAdminTestJSON:test_create_server_with_scheduling_hint): 200 GET http://10.180.1.21/compute/v2.1/servers/f59a31e4-7fb9-4de7-b35f-da811a305f85 0.127s
2024-12-12 08:13:06.209 66377 INFO tempest.lib.common.rest_client [req-36996372-ad4b-480e-973c-9621da15dc6a req-36996372-ad4b-480e-973c-9621da15dc6a ] Request (ServersTestBootFromVolume:setUpClass): 200 GET http://10.180.1.21/compute/v2.1/servers/765cf18e-53a0-4cc6-ad0e-337a6f68915c 0.078s
2024-12-12 08:13:06.214 66363 INFO tempest.lib.common.rest_client [req-58b539db-0534-40fc-856b-8adf7ee7785c req-58b539db-0534-40fc-856b-8adf7ee7785c ] Request (ListServersNegativeTestJSON:setUpClass): 200 GET http://10.180.1.21/compute/v2.1/servers/021c3287-5887-457e-9b3a-233308fb9b23 0.121s
2024-12-12 08:13:06.257 66379 INFO tempest.lib.common.rest_client [req-b55fa275-efc8-401e-8aa1-1f21b4c0fc43 req-b55fa275-efc8-401e-8aa1-1f21b4c0fc43 ] Request (ImagesTestJSON:test_create_image_from_suspended_server): 200 GET http://10.180.1.21/compute/v2.1/servers/3b506d10-a427-47b8-ab5f-c35e450b7eb1 0.079s
2024-12-12 08:13:06.271 66341 INFO tempest.lib.common.rest_client [req-eb0a0f8e-eb18-4d05-9b01-fead01eefd8f req-eb0a0f8e-eb18-4d05-9b01-fead01eefd8f ] Request (ServerExternalEventsTest:tearDownClass): 200 GET http://10.180.1.21/compute/v2.1/servers/f7d5c77d-6c78-4969-b511-2b03ab624c84 0.127s
2024-12-12 08:13:06.303 66361 INFO tempest.lib.common.rest_client [req-eeb87bf3-b3e0-4a1b-80b2-370c75857a13 req-eeb87bf3-b3e0-4a1b-80b2-370c75857a13 ] Request (ImagesNegativeTestJSON:test_create_image_from_deleted_server): 200 GET http://10.180.1.21/compute/v2.1/servers/1b4efc0f-474f-4a32-b199-c14f27b183e2 0.113s
2024-12-12 08:13:06.314 66357 INFO tempest.lib.common.rest_client [req-095bfdb2-9838-4901-acd1-3329fba07267 req-095bfdb2-9838-4901-acd1-3329fba07267 ] Request (ServersTestFqdnHostnames:test_create_server_with_fqdn_name): 200 GET http://10.180.1.21/compute/v2.1/servers/a59be5e6-2316-4766-933a-4d01dfe4fec1 0.086s
2024-12-12 08:13:06.348 66395 INFO tempest.lib.common.rest_client [req-249d6b52-6368-487c-a05d-7b88f219ad06 req-249d6b52-6368-487c-a05d-7b88f219ad06 ] Request (ListImageFiltersTestJSON:setUpClass): 200 GET http://10.180.1.21/compute/v2.1/servers/2b68e95a-1d93-43ee-b0a6-996c9042f5c7 0.107s
2024-12-12 08:13:06.362 66397 INFO tempest.lib.common.rest_client [req-e67ee3ca-f37f-46f5-971e-06d50226bceb req-e67ee3ca-f37f-46f5-971e-06d50226bceb ] Request (InstanceActionsTestJSON:setUpClass): 200 GET http://10.180.1.21/compute/v2.1/servers/f19c860f-736a-4783-8ef5-8262040e53a3 0.085s
2024-12-12 08:13:06.391 66339 INFO tempest.lib.common.rest_client [req-5d0b25c2-3c58-4a59-8058-2b0e7e7cfcdd req-5d0b25c2-3c58-4a59-8058-2b0e7e7cfcdd ] Request (FloatingIPsAssociationTestJSON:setUpClass): 200 GET http://10.180.1.21/compute/v2.1/servers/09eefc1a-011b-4d2c-ab75-a1fcee740907 0.106s
2024-12-12 08:13:06.421 66349 INFO tempest.lib.common.rest_client [req-161067dd-316f-4ec3-9525-24210a62fefe req-161067dd-316f-4ec3-9525-24210a62fefe ] Request (ServerShowV254Test:tearDownClass): 200 GET http://10.180.1.21/compute/v2.1/servers/1462d213-3f9a-4c60-8056-0b68f20a4939 0.052s
2024-12-12 08:13:06.435 66345 INFO tempest.lib.common.rest_client [req-9abbc0cc-4625-4a2f-9c96-01a957372984 req-9abbc0cc-4625-4a2f-9c96-01a957372984 ] Request (MigrationsAdminTest:test_resize_server_revert_deleted_flavor): 200 GET http://10.180.1.21/compute/v2.1/servers/a1551278-a306-4534-8d8d-3b3a003dde04 0.042s
2024-12-12 08:13:06.487 66355 INFO tempest.lib.common.rest_client [req-ce60e4e0-db63-4786-aa7d-1d84e0312980 req-ce60e4e0-db63-4786-aa7d-1d84e0312980 ] Request (ListServerFiltersTestJSON:setUpClass): 200 GET http://10.180.1.21/compute/v2.1/servers/24cb49c8-b2ef-4ede-aea6-6e34081beca1 0.048s
2024-12-12 08:13:06.622 66369 INFO tempest.lib.common.rest_client [req-deea2f77-77c1-44d9-b100-5b61820b94df req-deea2f77-77c1-44d9-b100-5b61820b94df ] Request (ServersAdminNegativeTestJSON:tearDownClass): 200 GET http://10.180.1.21/compute/v2.1/servers/681ef7a9-3b24-450a-9034-6d30177995d7 0.054s
2024-12-12 08:13:06.705 66381 INFO tempest.lib.common.rest_client [req-2ffebd4b-fbfc-41c2-89c3-050d5bcba913 req-2ffebd4b-fbfc-41c2-89c3-050d5bcba913 ] Request (SecurityGroupsTestJSON:test_server_security_groups): 200 GET http://10.180.1.21/compute/v2.1/servers/ad374dd9-a92d-4b76-9609-7562346e05a8 0.053s
2024-12-12 08:13:06.801 66375 INFO tempest.lib.common.rest_client [req-67be09ed-2c28-49c5-81e3-2833b4c9d76d req-67be09ed-2c28-49c5-81e3-2833b4c9d76d ] Request (DeleteServersTestJSON:test_delete_server_while_in_attached_volume): 200 GET http://10.180.1.21/compute/v2.1/servers/d8780c40-0099-4ccc-84ae-72fbb14fa1ee 0.061s
2024-12-12 08:13:06.869 66387 INFO tempest.lib.common.rest_client [req-8670441f-69eb-4961-93e0-a12b87ed4744 req-8670441f-69eb-4961-93e0-a12b87ed4744 ] Request (DeleteServersAdminTestJSON:test_delete_server_while_in_error_state): 200 GET http://10.180.1.21/compute/v2.1/servers/40c7a9b8-d541-464a-ba87-76cfc183ae31 0.081s
2024-12-12 08:13:06.967 66343 INFO tempest.lib.common.rest_client [req-361eb4d6-3eea-46a4-82fb-21af60e30d63 req-361eb4d6-3eea-46a4-82fb-21af60e30d63 ] Request (ServersTestMultiNic:test_verify_duplicate_network_nics): 200 GET http://10.180.1.21/compute/v2.1/servers/cfefa7c8-4986-4ad0-ac20-8784ee44a737 0.209s
2024-12-12 08:13:07.050 66391 INFO tempest.lib.common.rest_client [req-a36f9524-002c-4a81-a0c9-06795836474c req-a36f9524-002c-4a81-a0c9-06795836474c ] Request (ServerDiskConfigTestJSON:test_rebuild_server_with_auto_disk_config): 200 GET http://10.180.1.21/compute/v2.1/servers/51eaac08-75fd-49f9-9b1a-cc2a2d799634 0.187s
2024-12-12 08:13:07.057 66391 INFO tempest.common.waiters [-] State transition "BUILD/None" ==> "BUILD/networking" after 82 second wait
2024-12-12 08:13:07.107 66367 INFO tempest.lib.common.rest_client [req-62454d74-958d-4505-8294-7c3dcb374fae req-62454d74-958d-4505-8294-7c3dcb374fae ] Request (ServerAddressesNegativeTestJSON:setUpClass): 200 GET http://10.180.1.21/compute/v2.1/servers/22380aef-c725-43a0-a957-06ced9518c21 0.076s
2024-12-12 08:13:07.180 66385 INFO tempest.lib.common.rest_client [req-d1317339-bca0-49e1-9cd5-e1a44631294a req-d1317339-bca0-49e1-9cd5-e1a44631294a ] Request (ServerShowV247Test:tearDownClass): 200 GET http://10.180.1.21/compute/v2.1/servers/42497ab5-cce9-4614-a6d1-dffbf6764d7b 0.066s
2024-12-12 08:13:07.220 66389 INFO tempest.lib.common.rest_client [req-72896450-6072-4bc2-af06-f5b3e61d939a req-72896450-6072-4bc2-af06-f5b3e61d939a ] Request (ImagesOneServerTestJSON:setUpClass): 200 GET http://10.180.1.21/compute/v2.1/servers/4e3dee19-b99a-4257-88da-1b0531e2c0f9 0.056s
2024-12-12 08:13:07.276 66377 INFO tempest.lib.common.rest_client [req-7520c267-ef4b-4f48-98e5-b03b10597398 req-7520c267-ef4b-4f48-98e5-b03b10597398 ] Request (ServersTestBootFromVolume:setUpClass): 200 GET http://10.180.1.21/compute/v2.1/servers/765cf18e-53a0-4cc6-ad0e-337a6f68915c 0.057s
2024-12-12 08:13:07.293 66401 INFO tempest.lib.common.rest_client [req-4c3adfd8-2d9a-4039-bb07-54a871058ce4 req-4c3adfd8-2d9a-4039-bb07-54a871058ce4 ] Request (ServersAdminTestJSON:test_create_server_with_scheduling_hint): 200 GET http://10.180.1.21/compute/v2.1/servers/f59a31e4-7fb9-4de7-b35f-da811a305f85 0.127s
2024-12-12 08:13:07.300 66401 INFO tempest.common.waiters [-] State transition "BUILD/spawning" ==> "ACTIVE/None" after 83 second wait
2024-12-12 08:13:07.346 66363 INFO tempest.lib.common.rest_client [req-8fcbf3d0-940c-467e-bd8f-7f5a72e46d78 req-8fcbf3d0-940c-467e-bd8f-7f5a72e46d78 ] Request (ListServersNegativeTestJSON:setUpClass): 200 GET http://10.180.1.21/compute/v2.1/servers/021c3287-5887-457e-9b3a-233308fb9b23 0.121s
2024-12-12 08:13:07.359 66379 INFO tempest.lib.common.rest_client [req-cd102736-5c87-45ad-8cce-2f7d226804e7 req-cd102736-5c87-45ad-8cce-2f7d226804e7 ] Request (ImagesTestJSON:test_create_image_from_suspended_server): 200 GET http://10.180.1.21/compute/v2.1/servers/3b506d10-a427-47b8-ab5f-c35e450b7eb1 0.095s
2024-12-12 08:13:07.376 66401 INFO tempest.lib.common.rest_client [req-8180f01b-daa8-4186-8efa-f521c486d651 req-8180f01b-daa8-4186-8efa-f521c486d651 ] Request (ServersAdminTestJSON:test_inject_network_info): 201 POST http://10.180.1.21/identity/v3/auth/tokens 0.066s
2024-12-12 08:13:07.376 66401 INFO tempest.lib.common.fixed_network [-] (ServersAdminTestJSON:test_inject_network_info) Found network {'id': 'f59f09e8-6201-4c07-9809-ef4c213de15f', 'name': 'tempest-ServersAdminTestJSON-906781315-network', 'tenant_id': '555fa612766f4b5fa173664ca3fa496c', 'admin_state_up': True, 'mtu': 8950, 'status': 'ACTIVE', 'subnets': [], 'shared': False, 'project_id': '555fa612766f4b5fa173664ca3fa496c', 'port_security_enabled': True, 'router:external': False, 'provider:network_type': 'vlan', 'provider:physical_network': 'default', 'provider:segmentation_id': 72, 'availability_zone_hints': [], 'availability_zones': [], 'ipv4_address_scope': None, 'ipv6_address_scope': None, 'description': '', 'tags': [], 'created_at': '2024-12-12T08:10:56Z', 'updated_at': '2024-12-12T08:10:56Z', 'revision_number': 1} available for tenant
2024-12-12 08:13:07.405 66341 INFO tempest.lib.common.rest_client [req-c8f05def-732a-4a13-8cab-c254a88e44cb req-c8f05def-732a-4a13-8cab-c254a88e44cb ] Request (ServerExternalEventsTest:tearDownClass): 200 GET http://10.180.1.21/compute/v2.1/servers/f7d5c77d-6c78-4969-b511-2b03ab624c84 0.128s
2024-12-12 08:13:07.412 66361 INFO tempest.lib.common.rest_client [req-b0974648-bf2b-41b1-b3a1-d310fde21bce req-b0974648-bf2b-41b1-b3a1-d310fde21bce ] Request (ImagesNegativeTestJSON:test_create_image_from_deleted_server): 200 GET http://10.180.1.21/compute/v2.1/servers/1b4efc0f-474f-4a32-b199-c14f27b183e2 0.102s
2024-12-12 08:13:07.631 66357 INFO tempest.lib.common.rest_client [req-bd30e5f4-5dbe-41b5-8416-eaea387a151c req-bd30e5f4-5dbe-41b5-8416-eaea387a151c ] Request (ServersTestFqdnHostnames:test_create_server_with_fqdn_name): 200 GET http://10.180.1.21/compute/v2.1/servers/a59be5e6-2316-4766-933a-4d01dfe4fec1 0.310s
2024-12-12 08:13:07.640 66395 INFO tempest.lib.common.rest_client [req-ed675019-449f-4f69-91f3-a6a670d6b4e3 req-ed675019-449f-4f69-91f3-a6a670d6b4e3 ] Request (ListImageFiltersTestJSON:setUpClass): 200 GET http://10.180.1.21/compute/v2.1/servers/2b68e95a-1d93-43ee-b0a6-996c9042f5c7 0.286s
2024-12-12 08:13:07.679 66397 INFO tempest.lib.common.rest_client [req-8b4c4825-62fb-4cf8-b1c6-9f391d3f7c63 req-8b4c4825-62fb-4cf8-b1c6-9f391d3f7c63 ] Request (InstanceActionsTestJSON:setUpClass): 200 GET http://10.180.1.21/compute/v2.1/servers/f19c860f-736a-4783-8ef5-8262040e53a3 0.311s
2024-12-12 08:13:07.733 66339 INFO tempest.lib.common.rest_client [req-6e87cc0d-4dd3-40be-b5ae-bdb64cca5c37 req-6e87cc0d-4dd3-40be-b5ae-bdb64cca5c37 ] Request (FloatingIPsAssociationTestJSON:setUpClass): 200 GET http://10.180.1.21/compute/v2.1/servers/09eefc1a-011b-4d2c-ab75-a1fcee740907 0.335s
2024-12-12 08:13:07.794 66349 INFO tempest.lib.common.rest_client [req-ad978182-c1b7-49c2-964c-4a3ebee09196 req-ad978182-c1b7-49c2-964c-4a3ebee09196 ] Request (ServerShowV254Test:tearDownClass): 200 GET http://10.180.1.21/compute/v2.1/servers/1462d213-3f9a-4c60-8056-0b68f20a4939 0.364s
2024-12-12 08:13:07.802 66349 INFO tempest.common.waiters [-] State transition "ACTIVE/deleting" ==> "DELETED/None" after 4 second wait
2024-12-12 08:13:07.851 66345 INFO tempest.lib.common.rest_client [req-5fe4e72f-f009-4a51-a46f-fe4e906cbe03 req-5fe4e72f-f009-4a51-a46f-fe4e906cbe03 ] Request (MigrationsAdminTest:test_resize_server_revert_deleted_flavor): 200 GET http://10.180.1.21/compute/v2.1/servers/a1551278-a306-4534-8d8d-3b3a003dde04 0.409s
2024-12-12 08:13:07.905 66355 INFO tempest.lib.common.rest_client [req-1cddd1e3-0090-414d-a517-ff06d6fab45c req-1cddd1e3-0090-414d-a517-ff06d6fab45c ] Request (ListServerFiltersTestJSON:setUpClass): 200 GET http://10.180.1.21/compute/v2.1/servers/24cb49c8-b2ef-4ede-aea6-6e34081beca1 0.411s
2024-12-12 08:13:07.964 66369 INFO tempest.lib.common.rest_client [req-54db76b2-5846-4d2b-892f-79d3ad423e36 req-54db76b2-5846-4d2b-892f-79d3ad423e36 ] Request (ServersAdminNegativeTestJSON:tearDownClass): 200 GET http://10.180.1.21/compute/v2.1/servers/681ef7a9-3b24-450a-9034-6d30177995d7 0.335s
2024-12-12 08:13:08.001 66401 INFO tempest.lib.common.rest_client [req-07784f7b-8852-4eb7-b75c-baa3510afa4f req-07784f7b-8852-4eb7-b75c-baa3510afa4f ] Request (ServersAdminTestJSON:test_inject_network_info): 202 POST http://10.180.1.21/compute/v2.1/servers 0.625s
2024-12-12 08:13:08.017 66381 INFO tempest.lib.common.rest_client [req-f8ecc625-af02-4f6b-bf51-b479935063f7 req-f8ecc625-af02-4f6b-bf51-b479935063f7 ] Request (SecurityGroupsTestJSON:test_server_security_groups): 200 GET http://10.180.1.21/compute/v2.1/servers/ad374dd9-a92d-4b76-9609-7562346e05a8 0.304s
2024-12-12 08:13:08.060 66375 INFO tempest.lib.common.rest_client [req-a44ec61b-d6de-421d-870d-486aa65a45e5 req-a44ec61b-d6de-421d-870d-486aa65a45e5 ] Request (DeleteServersTestJSON:test_delete_server_while_in_attached_volume): 200 GET http://10.180.1.21/compute/v2.1/servers/d8780c40-0099-4ccc-84ae-72fbb14fa1ee 0.250s
2024-12-12 08:13:08.082 66387 INFO tempest.lib.common.rest_client [req-bfbaebd9-d290-404b-a3de-19896cfc1279 req-bfbaebd9-d290-404b-a3de-19896cfc1279 ] Request (DeleteServersAdminTestJSON:test_delete_server_while_in_error_state): 200 GET http://10.180.1.21/compute/v2.1/servers/40c7a9b8-d541-464a-ba87-76cfc183ae31 0.205s
2024-12-12 08:13:08.124 66401 INFO tempest.lib.common.rest_client [req-5e19156d-f2f8-4ff8-9280-c410a8ec0cd3 req-5e19156d-f2f8-4ff8-9280-c410a8ec0cd3 ] Request (ServersAdminTestJSON:test_inject_network_info): 200 GET http://10.180.1.21/compute/v2.1/servers/dac173ff-1807-405f-a59c-bb2efef62a0c 0.121s
2024-12-12 08:13:08.215 66343 INFO tempest.lib.common.rest_client [req-48b85374-0a1b-4c8c-81e6-fb4551e9e47d req-48b85374-0a1b-4c8c-81e6-fb4551e9e47d ] Request (ServersTestMultiNic:test_verify_duplicate_network_nics): 200 GET http://10.180.1.21/compute/v2.1/servers/cfefa7c8-4986-4ad0-ac20-8784ee44a737 0.239s
2024-12-12 08:13:08.249 66391 INFO tempest.lib.common.rest_client [req-3add3495-5c67-4552-bbfe-6defdb61e574 req-3add3495-5c67-4552-bbfe-6defdb61e574 ] Request (ServerDiskConfigTestJSON:test_rebuild_server_with_auto_disk_config): 200 GET http://10.180.1.21/compute/v2.1/servers/51eaac08-75fd-49f9-9b1a-cc2a2d799634 0.191s
2024-12-12 08:13:08.255 66391 INFO tempest.common.waiters [-] State transition "BUILD/networking" ==> "BUILD/spawning" after 83 second wait
2024-12-12 08:13:08.267 66367 INFO tempest.lib.common.rest_client [req-e82a07d5-1c07-4bdc-ab8f-261ae1494d0a req-e82a07d5-1c07-4bdc-ab8f-261ae1494d0a ] Request (ServerAddressesNegativeTestJSON:setUpClass): 200 GET http://10.180.1.21/compute/v2.1/servers/22380aef-c725-43a0-a957-06ced9518c21 0.153s
2024-12-12 08:13:08.317 66385 INFO tempest.lib.common.rest_client [req-8a621159-d42b-4edc-b7f4-9fd891e171b3 req-8a621159-d42b-4edc-b7f4-9fd891e171b3 ] Request (ServerShowV247Test:tearDownClass): 200 GET http://10.180.1.21/compute/v2.1/servers/42497ab5-cce9-4614-a6d1-dffbf6764d7b 0.128s
2024-12-12 08:13:08.319 66389 INFO tempest.lib.common.rest_client [req-79c0b999-37c2-4cbb-b9dc-c36006a7b36f req-79c0b999-37c2-4cbb-b9dc-c36006a7b36f ] Request (ImagesOneServerTestJSON:setUpClass): 200 GET http://10.180.1.21/compute/v2.1/servers/4e3dee19-b99a-4257-88da-1b0531e2c0f9 0.091s
2024-12-12 08:13:08.326 66385 INFO tempest.common.waiters [-] State transition "ACTIVE/deleting" ==> "DELETED/None" after 5 second wait
2024-12-12 08:13:08.375 66377 INFO tempest.lib.common.rest_client [req-6be0a741-c312-4a12-b303-8751b91c3b29 req-6be0a741-c312-4a12-b303-8751b91c3b29 ] Request (ServersTestBootFromVolume:setUpClass): 200 GET http://10.180.1.21/compute/v2.1/servers/765cf18e-53a0-4cc6-ad0e-337a6f68915c 0.091s
2024-12-12 08:13:08.382 66363 INFO tempest.lib.common.rest_client [req-b437d5e4-5616-41ce-babb-1806cd34f9ad req-b437d5e4-5616-41ce-babb-1806cd34f9ad ] Request (ListServersNegativeTestJSON:setUpClass): 404 GET http://10.180.1.21/compute/v2.1/servers/021c3287-5887-457e-9b3a-233308fb9b23 0.027s
2024-12-12 08:13:08.426 66379 INFO tempest.lib.common.rest_client [req-68e71654-f44e-49bc-8d0b-9777a48648f0 req-68e71654-f44e-49bc-8d0b-9777a48648f0 ] Request (ImagesTestJSON:test_create_image_from_suspended_server): 200 GET http://10.180.1.21/compute/v2.1/servers/3b506d10-a427-47b8-ab5f-c35e450b7eb1 0.060s
2024-12-12 08:13:08.454 66363 INFO tempest.lib.common.rest_client [req-f11534b7-f113-46f8-8e98-128304e91267 req-f11534b7-f113-46f8-8e98-128304e91267 ] Request (ListServersNegativeTestJSON:test_list_servers_by_changes_since_future_date): 200 GET http://10.180.1.21/compute/v2.1/servers?changes-since=2051-01-01T12%3A34%3A00Z&status=ACTIVE 0.071s
2024-12-12 08:13:08.479 66341 INFO tempest.lib.common.rest_client [req-dcb3ed5a-e18e-4a42-9774-1a4e2b499446 req-dcb3ed5a-e18e-4a42-9774-1a4e2b499446 ] Request (ServerExternalEventsTest:tearDownClass): 200 GET http://10.180.1.21/compute/v2.1/servers/f7d5c77d-6c78-4969-b511-2b03ab624c84 0.067s
2024-12-12 08:13:08.484 66363 INFO tempest.lib.common.rest_client [req-c41e40d8-1cdc-477d-b073-1f9b02ad677a req-c41e40d8-1cdc-477d-b073-1f9b02ad677a ] Request (ListServersNegativeTestJSON:test_list_servers_by_changes_since_invalid_date): 400 GET http://10.180.1.21/compute/v2.1/servers?changes-since=2011%2F01%2F01 0.024s
2024-12-12 08:13:08.511 66361 INFO tempest.lib.common.rest_client [req-1f62d3e1-6d58-4a36-914e-d312e5f54e1d req-1f62d3e1-6d58-4a36-914e-d312e5f54e1d ] Request (ImagesNegativeTestJSON:test_create_image_from_deleted_server): 200 GET http://10.180.1.21/compute/v2.1/servers/1b4efc0f-474f-4a32-b199-c14f27b183e2 0.092s
2024-12-12 08:13:08.531 66363 INFO tempest.lib.common.rest_client [req-52c5edfe-ca0d-49ee-bfc1-7cafe8e7e800 req-52c5edfe-ca0d-49ee-bfc1-7cafe8e7e800 ] Request (ListServersNegativeTestJSON:test_list_servers_by_limits_greater_than_actual_count): 200 GET http://10.180.1.21/compute/v2.1/servers 0.046s
2024-12-12 08:13:08.637 66363 INFO tempest.lib.common.rest_client [req-4c7db489-70ae-4b7d-a43b-0b96b4020352 req-4c7db489-70ae-4b7d-a43b-0b96b4020352 ] Request (ListServersNegativeTestJSON:test_list_servers_by_limits_greater_than_actual_count): 200 GET http://10.180.1.21/compute/v2.1/servers?limit=102 0.104s
2024-12-12 08:13:08.649 66363 INFO tempest.lib.common.rest_client [req-548721e9-5964-408d-8075-f39a82ea3268 req-548721e9-5964-408d-8075-f39a82ea3268 ] Request (ListServersNegativeTestJSON:test_list_servers_by_limits_pass_negative_value): 400 GET http://10.180.1.21/compute/v2.1/servers?limit=-1 0.008s
2024-12-12 08:13:08.696 66357 INFO tempest.lib.common.rest_client [req-3bce63e9-6648-4d90-9671-b6f2102b8443 req-3bce63e9-6648-4d90-9671-b6f2102b8443 ] Request (ServersTestFqdnHostnames:test_create_server_with_fqdn_name): 200 GET http://10.180.1.21/compute/v2.1/servers/a59be5e6-2316-4766-933a-4d01dfe4fec1 0.058s
2024-12-12 08:13:08.704 66363 INFO tempest.lib.common.rest_client [req-57795a01-0f42-435a-ad23-76f7ffe8d480 req-57795a01-0f42-435a-ad23-76f7ffe8d480 ] Request (ListServersNegativeTestJSON:test_list_servers_by_limits_pass_string): 400 GET http://10.180.1.21/compute/v2.1/servers?limit=testing 0.052s
2024-12-12 08:13:08.705 66395 INFO tempest.lib.common.rest_client [req-7d93eb4a-54e6-400c-a085-33a72cb267af req-7d93eb4a-54e6-400c-a085-33a72cb267af ] Request (ListImageFiltersTestJSON:setUpClass): 200 GET http://10.180.1.21/compute/v2.1/servers/2b68e95a-1d93-43ee-b0a6-996c9042f5c7 0.058s
2024-12-12 08:13:08.727 66363 INFO tempest.lib.common.rest_client [req-80327b6f-c85e-4723-af65-a9bb8a93cb99 req-80327b6f-c85e-4723-af65-a9bb8a93cb99 ] Request (ListServersNegativeTestJSON:test_list_servers_by_non_existing_flavor): 200 GET http://10.180.1.21/compute/v2.1/servers?flavor=non_existing_flavor 0.021s
2024-12-12 08:13:08.772 66397 INFO tempest.lib.common.rest_client [req-f9aaa32a-b4cc-47c6-8486-516ccd10897d req-f9aaa32a-b4cc-47c6-8486-516ccd10897d ] Request (InstanceActionsTestJSON:setUpClass): 200 GET http://10.180.1.21/compute/v2.1/servers/f19c860f-736a-4783-8ef5-8262040e53a3 0.086s
2024-12-12 08:13:08.794 66363 INFO tempest.lib.common.rest_client [req-ab658349-786e-4c36-9c2d-ed7fb3234785 req-ab658349-786e-4c36-9c2d-ed7fb3234785 ] Request (ListServersNegativeTestJSON:test_list_servers_by_non_existing_image): 200 GET http://10.180.1.21/compute/v2.1/servers?image=non_existing_image 0.063s
2024-12-12 08:13:08.852 66363 INFO tempest.lib.common.rest_client [req-f2a4b9ac-b155-41f5-a8e8-d08595f6b79a req-f2a4b9ac-b155-41f5-a8e8-d08595f6b79a ] Request (ListServersNegativeTestJSON:test_list_servers_by_non_existing_server_name): 200 GET http://10.180.1.21/compute/v2.1/servers?name=non_existing_server_name 0.055s
2024-12-12 08:13:08.857 66339 INFO tempest.lib.common.rest_client [req-1f8c954c-1fdf-4aa2-9772-cbdc0c71227c req-1f8c954c-1fdf-4aa2-9772-cbdc0c71227c ] Request (FloatingIPsAssociationTestJSON:setUpClass): 200 GET http://10.180.1.21/compute/v2.1/servers/09eefc1a-011b-4d2c-ab75-a1fcee740907 0.115s
2024-12-12 08:13:08.915 66349 INFO tempest.lib.common.rest_client [req-7d87545b-28a8-48bc-824a-f7cbc9c16cf0 req-7d87545b-28a8-48bc-824a-f7cbc9c16cf0 ] Request (ServerShowV254Test:tearDownClass): 200 GET http://10.180.1.21/compute/v2.1/servers/1462d213-3f9a-4c60-8056-0b68f20a4939 0.112s
2024-12-12 08:13:08.967 66345 INFO tempest.lib.common.rest_client [req-5258adfe-5e50-4407-9ed9-2cc34b405b15 req-5258adfe-5e50-4407-9ed9-2cc34b405b15 ] Request (MigrationsAdminTest:test_resize_server_revert_deleted_flavor): 200 GET http://10.180.1.21/compute/v2.1/servers/a1551278-a306-4534-8d8d-3b3a003dde04 0.110s
2024-12-12 08:13:09.023 66355 INFO tempest.lib.common.rest_client [req-b9989ce4-57f1-4687-a9f3-753df9e2a6ba req-b9989ce4-57f1-4687-a9f3-753df9e2a6ba ] Request (ListServerFiltersTestJSON:setUpClass): 200 GET http://10.180.1.21/compute/v2.1/servers/24cb49c8-b2ef-4ede-aea6-6e34081beca1 0.106s
2024-12-12 08:13:09.087 66369 INFO tempest.lib.common.rest_client [req-c1eb1955-5695-4fb1-b27f-763c89be5a96 req-c1eb1955-5695-4fb1-b27f-763c89be5a96 ] Request (ServersAdminNegativeTestJSON:tearDownClass): 200 GET http://10.180.1.21/compute/v2.1/servers/681ef7a9-3b24-450a-9034-6d30177995d7 0.116s
2024-12-12 08:13:09.363 66363 INFO tempest.lib.common.rest_client [req-182ecb79-2304-4a41-85b4-bb6b90da958f req-182ecb79-2304-4a41-85b4-bb6b90da958f ] Request (ListServersNegativeTestJSON:test_list_servers_detail_server_is_deleted): 200 GET http://10.180.1.21/compute/v2.1/servers/detail 0.509s
2024-12-12 08:13:09.366 66381 INFO tempest.lib.common.rest_client [req-cbaf1dae-6e87-43c7-8182-bdff708b5495 req-cbaf1dae-6e87-43c7-8182-bdff708b5495 ] Request (SecurityGroupsTestJSON:test_server_security_groups): 200 GET http://10.180.1.21/compute/v2.1/servers/ad374dd9-a92d-4b76-9609-7562346e05a8 0.341s
2024-12-12 08:13:09.415 66375 INFO tempest.lib.common.rest_client [req-1df454d0-2282-480d-8e89-0846184fff73 req-1df454d0-2282-480d-8e89-0846184fff73 ] Request (DeleteServersTestJSON:test_delete_server_while_in_attached_volume): 200 GET http://10.180.1.21/compute/v2.1/servers/d8780c40-0099-4ccc-84ae-72fbb14fa1ee 0.347s
2024-12-12 08:13:09.423 66387 INFO tempest.lib.common.rest_client [req-066573ca-5c4c-4867-89b0-fb5d255a4878 req-066573ca-5c4c-4867-89b0-fb5d255a4878 ] Request (DeleteServersAdminTestJSON:test_delete_server_while_in_error_state): 200 GET http://10.180.1.21/compute/v2.1/servers/40c7a9b8-d541-464a-ba87-76cfc183ae31 0.329s
2024-12-12 08:13:09.472 66401 INFO tempest.lib.common.rest_client [req-6dc7e4f6-4313-4dc0-9e6c-620e6c3a9ba1 req-6dc7e4f6-4313-4dc0-9e6c-620e6c3a9ba1 ] Request (ServersAdminTestJSON:test_inject_network_info): 200 GET http://10.180.1.21/compute/v2.1/servers/dac173ff-1807-405f-a59c-bb2efef62a0c 0.339s
2024-12-12 08:13:09.566 66343 INFO tempest.lib.common.rest_client [req-49502ca4-a76d-4ecf-99ba-c68833e94207 req-49502ca4-a76d-4ecf-99ba-c68833e94207 ] Request (ServersTestMultiNic:test_verify_duplicate_network_nics): 200 GET http://10.180.1.21/compute/v2.1/servers/cfefa7c8-4986-4ad0-ac20-8784ee44a737 0.344s
2024-12-12 08:13:09.587 66391 INFO tempest.lib.common.rest_client [req-4490e12e-a9b7-4a2a-b867-805f7b8fcffa req-4490e12e-a9b7-4a2a-b867-805f7b8fcffa ] Request (ServerDiskConfigTestJSON:test_rebuild_server_with_auto_disk_config): 200 GET http://10.180.1.21/compute/v2.1/servers/51eaac08-75fd-49f9-9b1a-cc2a2d799634 0.328s
2024-12-12 08:13:09.614 66367 INFO tempest.lib.common.rest_client [req-fb730668-4f0a-46a5-9e18-8240843b0311 req-fb730668-4f0a-46a5-9e18-8240843b0311 ] Request (ServerAddressesNegativeTestJSON:setUpClass): 200 GET http://10.180.1.21/compute/v2.1/servers/22380aef-c725-43a0-a957-06ced9518c21 0.338s
2024-12-12 08:13:09.643 66389 INFO tempest.lib.common.rest_client [req-8f4bfe07-fe02-4c9c-8799-ea0961d178ae req-8f4bfe07-fe02-4c9c-8799-ea0961d178ae ] Request (ImagesOneServerTestJSON:setUpClass): 200 GET http://10.180.1.21/compute/v2.1/servers/4e3dee19-b99a-4257-88da-1b0531e2c0f9 0.317s
2024-12-12 08:13:09.656 66363 INFO tempest.lib.common.rest_client [req-217bbc80-012b-4dbe-aae1-8ce79473b113 req-217bbc80-012b-4dbe-aae1-8ce79473b113 ] Request (ListServersNegativeTestJSON:test_list_servers_status_non_existing): 200 GET http://10.180.1.21/compute/v2.1/servers?status=non_existing_status 0.284s
2024-12-12 08:13:09.675 66385 INFO tempest.lib.common.rest_client [req-6656cbe3-8a52-4d28-b413-31b66fa32831 req-6656cbe3-8a52-4d28-b413-31b66fa32831 ] Request (ServerShowV247Test:tearDownClass): 200 GET http://10.180.1.21/compute/v2.1/servers/42497ab5-cce9-4614-a6d1-dffbf6764d7b 0.348s
2024-12-12 08:13:09.710 66377 INFO tempest.lib.common.rest_client [req-a8561cde-7ca4-41e8-bd40-25039706d118 req-a8561cde-7ca4-41e8-bd40-25039706d118 ] Request (ServersTestBootFromVolume:setUpClass): 200 GET http://10.180.1.21/compute/v2.1/servers/765cf18e-53a0-4cc6-ad0e-337a6f68915c 0.328s
2024-12-12 08:13:09.727 66379 INFO tempest.lib.common.rest_client [req-45d19faa-6e2d-48d7-8f3a-a2206f55078b req-45d19faa-6e2d-48d7-8f3a-a2206f55078b ] Request (ImagesTestJSON:test_create_image_from_suspended_server): 200 GET http://10.180.1.21/compute/v2.1/servers/3b506d10-a427-47b8-ab5f-c35e450b7eb1 0.294s
2024-12-12 08:13:09.776 66361 INFO tempest.lib.common.rest_client [req-58662a70-15c6-4757-ac11-3a1e9eec1f01 req-58662a70-15c6-4757-ac11-3a1e9eec1f01 ] Request (ImagesNegativeTestJSON:test_create_image_from_deleted_server): 200 GET http://10.180.1.21/compute/v2.1/servers/1b4efc0f-474f-4a32-b199-c14f27b183e2 0.258s
2024-12-12 08:13:09.778 66341 INFO tempest.lib.common.rest_client [req-a5ae4050-e55b-41c6-b066-2d04a625eff5 req-a5ae4050-e55b-41c6-b066-2d04a625eff5 ] Request (ServerExternalEventsTest:tearDownClass): 200 GET http://10.180.1.21/compute/v2.1/servers/f7d5c77d-6c78-4969-b511-2b03ab624c84 0.291s
2024-12-12 08:13:09.820 66363 INFO tempest.lib.common.rest_client [req-2f5bb7ad-a3e6-40eb-bc5c-97e9966306c3 req-2f5bb7ad-a3e6-40eb-bc5c-97e9966306c3 ] Request (ListServersNegativeTestJSON:test_list_servers_with_a_deleted_server): 200 GET http://10.180.1.21/compute/v2.1/servers 0.162s
2024-12-12 08:13:09.826 66357 INFO tempest.lib.common.rest_client [req-aecaa0a1-5085-4bcc-8364-1a4609b95ba2 req-aecaa0a1-5085-4bcc-8364-1a4609b95ba2 ] Request (ServersTestFqdnHostnames:test_create_server_with_fqdn_name): 200 GET http://10.180.1.21/compute/v2.1/servers/a59be5e6-2316-4766-933a-4d01dfe4fec1 0.123s
2024-12-12 08:13:09.873 66395 INFO tempest.lib.common.rest_client [req-022c2000-8496-42c6-b028-a39a74d8eeae req-022c2000-8496-42c6-b028-a39a74d8eeae ] Request (ListImageFiltersTestJSON:setUpClass): 200 GET http://10.180.1.21/compute/v2.1/servers/2b68e95a-1d93-43ee-b0a6-996c9042f5c7 0.159s
2024-12-12 08:13:09.875 66397 INFO tempest.lib.common.rest_client [req-6cdbb9f7-dd3f-4e13-b0ab-2b8f12e77a3e req-6cdbb9f7-dd3f-4e13-b0ab-2b8f12e77a3e ] Request (InstanceActionsTestJSON:setUpClass): 200 GET http://10.180.1.21/compute/v2.1/servers/f19c860f-736a-4783-8ef5-8262040e53a3 0.093s
2024-12-12 08:13:09.920 66339 INFO tempest.lib.common.rest_client [req-8cf28553-4bda-404c-8dba-6129e82d7290 req-8cf28553-4bda-404c-8dba-6129e82d7290 ] Request (FloatingIPsAssociationTestJSON:setUpClass): 200 GET http://10.180.1.21/compute/v2.1/servers/09eefc1a-011b-4d2c-ab75-a1fcee740907 0.056s
2024-12-12 08:13:09.940 66363 INFO tempest.lib.common.rest_client [req-b10b0bf2-5335-4999-b79b-72a39bf6242d req-b10b0bf2-5335-4999-b79b-72a39bf6242d ] Request (ListServersNegativeTestJSON:tearDownClass): 204 DELETE http://10.180.1.21/compute/v2.1/servers/56790738-4759-468a-9f43-f9c2bc2de23a 0.117s
2024-12-12 08:13:09.981 66349 INFO tempest.lib.common.rest_client [req-11b6f80e-6652-45f5-bdbc-8ef31ad96321 req-11b6f80e-6652-45f5-bdbc-8ef31ad96321 ] Request (ServerShowV254Test:tearDownClass): 200 GET http://10.180.1.21/compute/v2.1/servers/1462d213-3f9a-4c60-8056-0b68f20a4939 0.057s
2024-12-12 08:13:10.038 66363 INFO tempest.lib.common.rest_client [req-9eaae7f7-bdee-49ed-a285-41553171929e req-9eaae7f7-bdee-49ed-a285-41553171929e ] Request (ListServersNegativeTestJSON:tearDownClass): 204 DELETE http://10.180.1.21/compute/v2.1/servers/3aab3adb-b28b-45dd-880f-b1cfbaeeed0c 0.097s
2024-12-12 08:13:10.041 66345 INFO tempest.lib.common.rest_client [req-b47f726f-456b-403a-8332-0006c8104300 req-b47f726f-456b-403a-8332-0006c8104300 ] Request (MigrationsAdminTest:test_resize_server_revert_deleted_flavor): 200 GET http://10.180.1.21/compute/v2.1/servers/a1551278-a306-4534-8d8d-3b3a003dde04 0.058s
