2024-12-12 08:12:08.094 66391 INFO tempest.lib.common.rest_client [req-3dc9075a-2450-47f9-b6f9-7c85c412dae5 req-3dc9075a-2450-47f9-b6f9-7c85c412dae5 ] Request (ServerDiskConfigTestJSON:test_rebuild_server_with_auto_disk_config): 200 GET http://10.180.1.21/compute/v2.1/servers/51eaac08-75fd-49f9-9b1a-cc2a2d799634 0.330s
2024-12-12 08:12:08.112 66349 INFO tempest.lib.common.rest_client [req-78d21fb2-4611-40f3-9ae5-c421d0d63751 req-78d21fb2-4611-40f3-9ae5-c421d0d63751 ] Request (ServerShowV254Test:test_rebuild_server): 200 GET http://10.180.1.21/compute/v2.1/servers/1462d213-3f9a-4c60-8056-0b68f20a4939 0.279s
2024-12-12 08:12:08.130 66355 INFO tempest.lib.common.rest_client [req-0d5e22c3-7511-4516-b70e-3427e4c52732 req-0d5e22c3-7511-4516-b70e-3427e4c52732 ] Request (SecurityGroupRulesTestJSON:test_security_group_rules_delete_when_peer_group_deleted): 200 GET http://10.180.1.21/compute/v2.1/os-security-groups/7feba5e3-016a-4200-8f4a-225658c38199 0.235s
2024-12-12 08:12:08.135 66371 INFO tempest.lib.common.rest_client [req-f68bcd55-4f95-4a41-b829-a093726f4507 req-f68bcd55-4f95-4a41-b829-a093726f4507 ] Request (ServicesAdminNegativeV253TestJSON:test_get_service_by_invalid_params): 200 GET http://10.180.1.21/compute/v2.1/os-services 0.224s
2024-12-12 08:12:08.196 66367 INFO tempest.lib.common.rest_client [req-6ff5668c-0107-4e52-9ef7-8948d8b15f15 req-6ff5668c-0107-4e52-9ef7-8948d8b15f15 ] Request (ServerAddressesNegativeTestJSON:setUpClass): 200 GET http://10.180.1.21/compute/v2.1/servers/22380aef-c725-43a0-a957-06ced9518c21 0.099s
2024-12-12 08:12:08.250 66387 INFO tempest.lib.common.rest_client [req-8a89695e-b729-4947-80d5-cf1ab93fd91c req-8a89695e-b729-4947-80d5-cf1ab93fd91c ] Request (DeleteServersAdminTestJSON:test_delete_server_while_in_error_state): 200 GET http://10.180.1.21/compute/v2.1/servers/40c7a9b8-d541-464a-ba87-76cfc183ae31 0.148s
2024-12-12 08:12:08.282 66347 INFO tempest.lib.common.rest_client [req-8a3d2486-77d5-4328-8fc0-5dfa7aacea37 req-8a3d2486-77d5-4328-8fc0-5dfa7aacea37 ] Request (InstanceActionsV221TestJSON:test_get_list_deleted_instance_actions): 200 GET http://10.180.1.21/compute/v2.1/servers/c612a1be-fb39-416d-a9d2-d206582e5aeb 0.249s
2024-12-12 08:12:08.307 66371 INFO tempest.lib.common.rest_client [req-6dcf1ea1-48fc-435e-a268-74e8962da5a8 req-6dcf1ea1-48fc-435e-a268-74e8962da5a8 ] Request (ServicesAdminNegativeV253TestJSON:test_get_service_by_invalid_params): 200 GET http://10.180.1.21/compute/v2.1/os-services?xxx=nova-compute 0.170s
2024-12-12 08:12:08.334 66359 WARNING tempest.lib.common.ssh [-] Failed to establish authenticated ssh connection to cirros@10.180.180.162 ([Errno None] Unable to connect to port 22 on 10.180.180.162). Number attempts: 3. Retry after 4 seconds.: paramiko.ssh_exception.NoValidConnectionsError: [Errno None] Unable to connect to port 22 on 10.180.180.162
2024-12-12 08:12:08.363 66343 INFO tempest.lib.common.rest_client [req-712e4bb7-e8c5-4133-8064-98af1a512589 req-712e4bb7-e8c5-4133-8064-98af1a512589 ] Request (ServersTestMultiNic:test_verify_duplicate_network_nics): 200 GET http://10.180.1.21/compute/v2.1/servers/cfefa7c8-4986-4ad0-ac20-8784ee44a737 0.199s
2024-12-12 08:12:08.368 66355 INFO tempest.lib.common.rest_client [req-906a4ed7-92e3-4ed4-8cbb-d6ccf1b308bc req-906a4ed7-92e3-4ed4-8cbb-d6ccf1b308bc ] Request (SecurityGroupRulesTestJSON:test_security_group_rules_list): 200 POST http://10.180.1.21/compute/v2.1/os-security-groups 0.235s
2024-12-12 08:12:08.407 66357 INFO tempest.lib.common.rest_client [req-51b6b309-2a53-48be-a6ef-24db02637de9 req-51b6b309-2a53-48be-a6ef-24db02637de9 ] Request (ServersTestFqdnHostnames:test_create_server_with_fqdn_name): 200 GET http://10.180.1.21/compute/v2.1/servers/a59be5e6-2316-4766-933a-4d01dfe4fec1 0.240s
2024-12-12 08:12:08.429 66379 INFO tempest.lib.common.rest_client [req-390b4893-2839-4815-85e7-4f47557613a4 req-390b4893-2839-4815-85e7-4f47557613a4 ] Request (ImagesTestJSON:test_create_image_from_suspended_server): 200 GET http://10.180.1.21/compute/v2.1/servers/3b506d10-a427-47b8-ab5f-c35e450b7eb1 0.203s
2024-12-12 08:12:08.446 66371 INFO tempest.lib.common.rest_client [req-898c7fd3-81a2-47bc-bc0a-7d909ed4216e req-898c7fd3-81a2-47bc-bc0a-7d909ed4216e ] Request (ServicesAdminNegativeV253TestJSON:test_get_service_by_invalid_service_and_valid_host): 200 GET http://10.180.1.21/compute/v2.1/os-services 0.137s
2024-12-12 08:12:08.453 66397 INFO tempest.lib.common.rest_client [req-307ea16f-a1d8-42e4-bef4-5e3356f35e84 req-307ea16f-a1d8-42e4-bef4-5e3356f35e84 ] Request (InstanceActionsTestJSON:setUpClass): 200 GET http://10.180.1.21/compute/v2.1/servers/f19c860f-736a-4783-8ef5-8262040e53a3 0.220s
2024-12-12 08:12:08.609 66355 INFO tempest.lib.common.rest_client [req-0cde2c49-120a-47f5-b236-e2b475be64d4 req-0cde2c49-120a-47f5-b236-e2b475be64d4 ] Request (SecurityGroupRulesTestJSON:test_security_group_rules_list): 200 POST http://10.180.1.21/compute/v2.1/os-security-group-rules 0.237s
2024-12-12 08:12:08.623 66345 INFO tempest.lib.common.rest_client [req-3553b3de-7492-4509-bfa7-4a5040342dd8 req-3553b3de-7492-4509-bfa7-4a5040342dd8 ] Request (MigrationsAdminTest:test_list_migrations_in_flavor_resize_situation): 200 GET http://10.180.1.21/compute/v2.1/servers/fe350d30-6fbd-4813-9634-ed05984fecfd 0.225s
2024-12-12 08:12:08.631 66371 INFO tempest.lib.common.rest_client [req-16c04391-803b-46e2-9363-f0f9b7069995 req-16c04391-803b-46e2-9363-f0f9b7069995 ] Request (ServicesAdminNegativeV253TestJSON:test_get_service_by_invalid_service_and_valid_host): 200 GET http://10.180.1.21/compute/v2.1/os-services?host=devstack&binary=xxx 0.182s
2024-12-12 08:12:08.680 66395 INFO tempest.lib.common.rest_client [req-8ae43841-becb-4e9d-9a1f-4a615da219b1 req-8ae43841-becb-4e9d-9a1f-4a615da219b1 ] Request (ListImageFiltersTestJSON:setUpClass): 200 GET http://10.180.1.21/compute/v2.1/servers/2b68e95a-1d93-43ee-b0a6-996c9042f5c7 0.167s
2024-12-12 08:12:08.685 66389 INFO tempest.lib.common.rest_client [req-3537f795-191b-412f-a12d-d6b94309e706 req-3537f795-191b-412f-a12d-d6b94309e706 ] Request (ServerDiagnosticsTest:tearDownClass): 200 GET http://10.180.1.21/compute/v2.1/servers/1118c1e5-1aa8-4f52-9fb9-e86531bf83d1 0.231s
2024-12-12 08:12:08.697 66399 INFO tempest.lib.common.rest_client [req-48569269-34af-4e6f-af0d-b48ff0e94b11 req-48569269-34af-4e6f-af0d-b48ff0e94b11 ] Request (VolumesAdminNegativeTest:test_update_attached_volume_with_nonexistent_volume_in_body): 200 PUT http://10.180.1.21:9696/networking/v2.0/floatingips/c5bc0c1e-b6a8-481e-a7ca-a347d6eb02e4 0.650s
2024-12-12 08:12:08.698 66399 INFO tempest.lib.common.ssh [-] Creating ssh connection to '10.180.180.247:22' as 'cirros' with public key authentication
2024-12-12 08:12:08.730 66339 INFO tempest.lib.common.rest_client [req-0bc396fd-1e39-4ef3-a0be-ba49ea9901fb req-0bc396fd-1e39-4ef3-a0be-ba49ea9901fb ] Request (FloatingIPsAssociationTestJSON:setUpClass): 200 GET http://10.180.1.21/compute/v2.1/servers/09eefc1a-011b-4d2c-ab75-a1fcee740907 0.174s
2024-12-12 08:12:08.735 66341 INFO tempest.lib.common.rest_client [req-b3ff15e7-7e7d-4a5b-a7e3-ae0979711f7b req-b3ff15e7-7e7d-4a5b-a7e3-ae0979711f7b ] Request (ServerExternalEventsTest:test_create_server_external_events): 200 GET http://10.180.1.21/compute/v2.1/servers/f7d5c77d-6c78-4969-b511-2b03ab624c84 0.159s
2024-12-12 08:12:08.779 66401 INFO tempest.lib.common.rest_client [req-35c951f5-19ea-4d5e-822c-191dbbb8456e req-35c951f5-19ea-4d5e-822c-191dbbb8456e ] Request (ServersAdminTestJSON:test_create_server_with_scheduling_hint): 200 GET http://10.180.1.21/compute/v2.1/servers/f59a31e4-7fb9-4de7-b35f-da811a305f85 0.177s
2024-12-12 08:12:08.839 66361 INFO tempest.lib.common.rest_client [req-d6f512df-c997-4f03-b0f9-e04ca42ca54e req-d6f512df-c997-4f03-b0f9-e04ca42ca54e ] Request (ServersAdmin275Test:tearDownClass): 200 GET http://10.180.1.21/compute/v2.1/servers/c07e4d30-44bc-417b-8137-97f974aec932 0.203s
2024-12-12 08:12:08.859 66371 INFO tempest.lib.common.rest_client [req-8e0c3731-5a13-4151-8e35-9e6c4ca53eaf req-8e0c3731-5a13-4151-8e35-9e6c4ca53eaf ] Request (ServicesAdminNegativeV253TestJSON:test_get_service_with_valid_service_and_invalid_host): 200 GET http://10.180.1.21/compute/v2.1/os-services 0.220s
2024-12-12 08:12:08.865 66355 INFO tempest.lib.common.rest_client [req-5c9c0805-f542-4f21-b494-11fbce2c846a req-5c9c0805-f542-4f21-b494-11fbce2c846a ] Request (SecurityGroupRulesTestJSON:test_security_group_rules_list): 200 POST http://10.180.1.21/compute/v2.1/os-security-group-rules 0.253s
2024-12-12 08:12:08.930 66377 INFO tempest.lib.common.rest_client [req-980a7222-106f-401c-bb3b-62cf988c2092 req-980a7222-106f-401c-bb3b-62cf988c2092 ] Request (ServerDiagnosticsV248Test:tearDownClass): 200 GET http://10.180.1.21/compute/v2.1/servers/ceadcb5e-ee82-4441-b046-f79b973ec05e 0.220s
2024-12-12 08:12:08.937 66353 INFO tempest.lib.common.rest_client [req-bc17898e-6f0f-4cd2-9833-a149f1337169 req-bc17898e-6f0f-4cd2-9833-a149f1337169 ] Request (ServersTestJSON:setUpClass): 200 GET http://10.180.1.21/compute/v2.1/servers/4c336ad1-8ce6-4f89-843e-0baae0d0dbda 0.167s
2024-12-12 08:12:08.957 66371 INFO tempest.lib.common.rest_client [req-5b406567-02cd-4ddb-9ef9-4499b4d55a49 req-5b406567-02cd-4ddb-9ef9-4499b4d55a49 ] Request (ServicesAdminNegativeV253TestJSON:test_get_service_with_valid_service_and_invalid_host): 200 GET http://10.180.1.21/compute/v2.1/os-services?host=xxx&binary=nova-scheduler 0.097s
2024-12-12 08:12:08.999 66355 INFO tempest.lib.common.rest_client [req-22b50979-26d9-4e40-bd50-7cbded8d4f2b req-22b50979-26d9-4e40-bd50-7cbded8d4f2b ] Request (SecurityGroupRulesTestJSON:test_security_group_rules_list): 200 GET http://10.180.1.21/compute/v2.1/os-security-groups/46dcfd78-97c1-4e3c-82a3-e5159b6c7e07 0.132s
2024-12-12 08:12:09.003 66375 INFO tempest.lib.common.rest_client [req-0511c744-f9d9-42ed-ad72-dfcf81dffbd0 req-0511c744-f9d9-42ed-ad72-dfcf81dffbd0 ] Request (DeleteServersTestJSON:test_delete_active_server): 200 GET http://10.180.1.21/compute/v2.1/servers/31f55ece-82e6-40ad-ad7c-1af645f307bf 0.167s
2024-12-12 08:12:09.063 66369 INFO tempest.lib.common.rest_client [req-3f9d0166-ad7e-44d0-a9e1-6d72bfd46bad req-3f9d0166-ad7e-44d0-a9e1-6d72bfd46bad ] Request (ServersAdminNegativeTestJSON:test_migrate_server_invalid_state): 200 GET http://10.180.1.21/compute/v2.1/servers/681ef7a9-3b24-450a-9034-6d30177995d7 0.103s
2024-12-12 08:12:09.063 66381 INFO tempest.lib.common.rest_client [req-90dd1aa9-0d50-4d3e-8cbc-6abfbbb81dcf req-90dd1aa9-0d50-4d3e-8cbc-6abfbbb81dcf ] Request (SecurityGroupsTestJSON:test_list_security_groups_by_server): 200 GET http://10.180.1.21/compute/v2.1/servers/4a29bff8-050a-4ad5-9d06-3a59c40b97ee 0.157s
2024-12-12 08:12:09.126 66385 INFO tempest.lib.common.rest_client [req-03de49a7-df54-4192-87a7-44578e983aa9 req-03de49a7-df54-4192-87a7-44578e983aa9 ] Request (ServerShowV247Test:test_update_rebuild_list_server): 200 GET http://10.180.1.21/compute/v2.1/servers/49221ea3-d457-4cf5-97a9-9ae74c4e86fb 0.137s
2024-12-12 08:12:09.160 66371 INFO tempest.lib.common.rest_client [req-04ca90d4-d8ee-4ad7-9ae9-b54b2e0e8557 req-04ca90d4-d8ee-4ad7-9ae9-b54b2e0e8557 ] Request (ServicesAdminNegativeV253TestJSON:test_list_services_with_non_admin_user): 403 GET http://10.180.1.21/compute/v2.1/os-services 0.199s
2024-12-12 08:12:09.233 66363 INFO tempest.lib.common.rest_client [req-779f811f-f8d1-4ab4-a961-8fe950c67400 req-779f811f-f8d1-4ab4-a961-8fe950c67400 ] Request (ListServersNegativeTestJSON:setUpClass): 200 GET http://10.180.1.21/compute/v2.1/servers/021c3287-5887-457e-9b3a-233308fb9b23 0.188s
2024-12-12 08:12:09.240 66363 INFO tempest.common.waiters [-] State transition "BUILD/None" ==> "BUILD/networking" after 34 second wait
2024-12-12 08:12:09.293 66355 INFO tempest.lib.common.rest_client [req-46a2effa-5af2-4d98-ba6d-53d24fd04aa8 req-46a2effa-5af2-4d98-ba6d-53d24fd04aa8 ] Request (SecurityGroupRulesTestJSON:_run_cleanups): 202 DELETE http://10.180.1.21/compute/v2.1/os-security-group-rules/bf876088-c9f8-4b63-b4c7-b730f6c62e11 0.291s
2024-12-12 08:12:09.298 66391 INFO tempest.lib.common.rest_client [req-3d117a8e-7160-4506-afea-5a6bf62c7769 req-3d117a8e-7160-4506-afea-5a6bf62c7769 ] Request (ServerDiskConfigTestJSON:test_rebuild_server_with_auto_disk_config): 200 GET http://10.180.1.21/compute/v2.1/servers/51eaac08-75fd-49f9-9b1a-cc2a2d799634 0.196s
2024-12-12 08:12:09.318 66371 INFO tempest.lib.common.rest_client [req-1d150429-2bd8-4080-95b3-da8cd40ad1cb req-1d150429-2bd8-4080-95b3-da8cd40ad1cb ] Request (ServicesAdminNegativeV253TestJSON:tearDownClass): 204 DELETE http://10.180.1.21/identity/v3/users/66583d1123a94f62b7692104b60b992c 0.156s
2024-12-12 08:12:09.363 66367 INFO tempest.lib.common.rest_client [req-eb51976d-4bd7-4a60-b0c8-d18d2dd9c7a7 req-eb51976d-4bd7-4a60-b0c8-d18d2dd9c7a7 ] Request (ServerAddressesNegativeTestJSON:setUpClass): 200 GET http://10.180.1.21/compute/v2.1/servers/22380aef-c725-43a0-a957-06ced9518c21 0.159s
2024-12-12 08:12:09.379 66349 INFO tempest.lib.common.rest_client [req-e01bfb54-fd5f-4035-86f3-57e5862eb5c0 req-e01bfb54-fd5f-4035-86f3-57e5862eb5c0 ] Request (ServerShowV254Test:test_rebuild_server): 200 GET http://10.180.1.21/compute/v2.1/servers/1462d213-3f9a-4c60-8056-0b68f20a4939 0.255s
2024-12-12 08:12:09.417 66387 INFO tempest.lib.common.rest_client [req-9ac550d9-11f1-4bed-87c8-b5a385152d49 req-9ac550d9-11f1-4bed-87c8-b5a385152d49 ] Request (DeleteServersAdminTestJSON:test_delete_server_while_in_error_state): 200 GET http://10.180.1.21/compute/v2.1/servers/40c7a9b8-d541-464a-ba87-76cfc183ae31 0.157s
2024-12-12 08:12:09.438 66371 INFO tempest.lib.common.rest_client [req-fc3eef27-7d7b-48f5-9665-887059fcd907 req-fc3eef27-7d7b-48f5-9665-887059fcd907 ] Request (ServicesAdminNegativeV253TestJSON:tearDownClass): 204 DELETE http://10.180.1.21/identity/v3/users/cae194dc91444055813bae2ed94d2a18 0.120s
2024-12-12 08:12:09.439 66371 INFO tempest.lib.common.dynamic_creds [-] Deleting project and security group for project: f1d30dbb363e475386053f22d39af01c
2024-12-12 08:12:09.503 66371 INFO tempest.lib.common.rest_client [req-354d1b34-0420-47f3-a523-8b29994a2693 req-354d1b34-0420-47f3-a523-8b29994a2693 ] Request (ServicesAdminNegativeV253TestJSON:tearDownClass): 201 POST http://10.180.1.21/identity/v3/auth/tokens 0.064s
2024-12-12 08:12:09.526 66347 INFO tempest.lib.common.rest_client [req-fbca69a6-fb31-49bc-8469-06d665fb2b0b req-fbca69a6-fb31-49bc-8469-06d665fb2b0b ] Request (InstanceActionsV221TestJSON:test_get_list_deleted_instance_actions): 200 GET http://10.180.1.21/compute/v2.1/servers/c612a1be-fb39-416d-a9d2-d206582e5aeb 0.236s
2024-12-12 08:12:09.581 66343 INFO tempest.lib.common.rest_client [req-daf39d49-de0c-4099-83d1-609aac109298 req-daf39d49-de0c-4099-83d1-609aac109298 ] Request (ServersTestMultiNic:test_verify_duplicate_network_nics): 200 GET http://10.180.1.21/compute/v2.1/servers/cfefa7c8-4986-4ad0-ac20-8784ee44a737 0.199s
2024-12-12 08:12:09.589 66355 INFO tempest.lib.common.rest_client [req-8ae6c7e2-af29-42cc-a339-507724415f17 req-8ae6c7e2-af29-42cc-a339-507724415f17 ] Request (SecurityGroupRulesTestJSON:tearDownClass): 202 DELETE http://10.180.1.21/compute/v2.1/os-security-groups/46dcfd78-97c1-4e3c-82a3-e5159b6c7e07 0.294s
2024-12-12 08:12:09.631 66357 INFO tempest.lib.common.rest_client [req-a00a4599-96b2-4d10-9c1e-a4b2f5d75595 req-a00a4599-96b2-4d10-9c1e-a4b2f5d75595 ] Request (ServersTestFqdnHostnames:test_create_server_with_fqdn_name): 200 GET http://10.180.1.21/compute/v2.1/servers/a59be5e6-2316-4766-933a-4d01dfe4fec1 0.217s
2024-12-12 08:12:09.651 66379 INFO tempest.lib.common.rest_client [req-4e88f649-a113-48c1-a259-665def69f195 req-4e88f649-a113-48c1-a259-665def69f195 ] Request (ImagesTestJSON:test_create_image_from_suspended_server): 200 GET http://10.180.1.21/compute/v2.1/servers/3b506d10-a427-47b8-ab5f-c35e450b7eb1 0.213s
2024-12-12 08:12:09.673 66355 INFO tempest.lib.common.rest_client [req-965f8a17-49af-4524-bb0b-56a9fd8bb3ee req-965f8a17-49af-4524-bb0b-56a9fd8bb3ee ] Request (SecurityGroupRulesTestJSON:tearDownClass): 404 DELETE http://10.180.1.21/compute/v2.1/os-security-groups/2abc1d0b-b16d-4095-9bf6-3a6e06598e53 0.083s
2024-12-12 08:12:09.684 66397 INFO tempest.lib.common.rest_client [req-c7063e92-88bb-4935-adfe-9a7eb0618ec9 req-c7063e92-88bb-4935-adfe-9a7eb0618ec9 ] Request (InstanceActionsTestJSON:setUpClass): 200 GET http://10.180.1.21/compute/v2.1/servers/f19c860f-736a-4783-8ef5-8262040e53a3 0.223s
2024-12-12 08:12:09.808 66351 WARNING tempest.lib.common.ssh [-] Failed to establish authenticated ssh connection to cirros@10.180.180.215 ([Errno None] Unable to connect to port 22 on 10.180.180.215). Number attempts: 5. Retry after 6 seconds.: paramiko.ssh_exception.NoValidConnectionsError: [Errno None] Unable to connect to port 22 on 10.180.180.215
2024-12-12 08:12:09.811 66345 INFO tempest.lib.common.rest_client [req-088c1e83-39b3-41d8-90aa-a7a89304d4ee req-088c1e83-39b3-41d8-90aa-a7a89304d4ee ] Request (MigrationsAdminTest:test_list_migrations_in_flavor_resize_situation): 200 GET http://10.180.1.21/compute/v2.1/servers/fe350d30-6fbd-4813-9634-ed05984fecfd 0.179s
2024-12-12 08:12:09.842 66355 INFO tempest.lib.common.rest_client [req-172e793d-c2d2-41d7-b310-8f0483399426 req-172e793d-c2d2-41d7-b310-8f0483399426 ] Request (SecurityGroupRulesTestJSON:tearDownClass): 202 DELETE http://10.180.1.21/compute/v2.1/os-security-groups/7feba5e3-016a-4200-8f4a-225658c38199 0.168s
2024-12-12 08:12:09.851 66371 INFO tempest.lib.common.rest_client [req-35118c94-0bf2-4fff-a87b-51c6f4957474 req-35118c94-0bf2-4fff-a87b-51c6f4957474 ] Request (ServicesAdminNegativeV253TestJSON:tearDownClass): 200 GET http://10.180.1.21:9696/networking/v2.0/security-groups?tenant_id=f1d30dbb363e475386053f22d39af01c&name=default 0.348s
2024-12-12 08:12:09.888 66395 INFO tempest.lib.common.rest_client [req-22e9f366-05b9-4f78-9c35-823ef79969ee req-22e9f366-05b9-4f78-9c35-823ef79969ee ] Request (ListImageFiltersTestJSON:setUpClass): 200 GET http://10.180.1.21/compute/v2.1/servers/2b68e95a-1d93-43ee-b0a6-996c9042f5c7 0.199s
2024-12-12 08:12:09.920 66389 INFO tempest.lib.common.rest_client [req-d2f1f679-1293-4fdd-9746-ead455d5d36d req-d2f1f679-1293-4fdd-9746-ead455d5d36d ] Request (ServerDiagnosticsTest:tearDownClass): 200 GET http://10.180.1.21/compute/v2.1/servers/1118c1e5-1aa8-4f52-9fb9-e86531bf83d1 0.227s
2024-12-12 08:12:09.954 66339 INFO tempest.lib.common.rest_client [req-1d95b592-e9ea-4c6a-9657-3b418f7ea4ef req-1d95b592-e9ea-4c6a-9657-3b418f7ea4ef ] Request (FloatingIPsAssociationTestJSON:setUpClass): 200 GET http://10.180.1.21/compute/v2.1/servers/09eefc1a-011b-4d2c-ab75-a1fcee740907 0.213s
2024-12-12 08:12:09.986 66341 INFO tempest.lib.common.rest_client [req-e33674b1-417b-4c0e-80d1-438c6332df08 req-e33674b1-417b-4c0e-80d1-438c6332df08 ] Request (ServerExternalEventsTest:test_create_server_external_events): 200 GET http://10.180.1.21/compute/v2.1/servers/f7d5c77d-6c78-4969-b511-2b03ab624c84 0.242s
2024-12-12 08:12:09.994 66341 INFO tempest.common.waiters [-] State transition "BUILD/scheduling" ==> "BUILD/None" after 30 second wait
2024-12-12 08:12:10.024 66401 INFO tempest.lib.common.rest_client [req-9a637a80-8810-4434-8e5a-4d55980ff89b req-9a637a80-8810-4434-8e5a-4d55980ff89b ] Request (ServersAdminTestJSON:test_create_server_with_scheduling_hint): 200 GET http://10.180.1.21/compute/v2.1/servers/f59a31e4-7fb9-4de7-b35f-da811a305f85 0.238s
2024-12-12 08:12:10.043 66371 INFO tempest.lib.common.rest_client [req-9e0dc307-7c5d-46ab-adb7-cf93cb7193e2 req-9e0dc307-7c5d-46ab-adb7-cf93cb7193e2 ] Request (ServicesAdminNegativeV253TestJSON:tearDownClass): 204 DELETE http://10.180.1.21:9696/networking/v2.0/security-groups/e8008c34-ca2a-4888-bbe0-8bacc0f7bc51 0.191s
2024-12-12 08:12:10.120 66361 INFO tempest.lib.common.rest_client [req-f70e7e48-d8ca-4dad-be66-440f569738c5 req-f70e7e48-d8ca-4dad-be66-440f569738c5 ] Request (ServersAdmin275Test:tearDownClass): 200 GET http://10.180.1.21/compute/v2.1/servers/c07e4d30-44bc-417b-8137-97f974aec932 0.271s
2024-12-12 08:12:10.125 66371 INFO tempest.lib.common.rest_client [req-d87fb5d9-fcb0-49c3-87d3-7feb2e7ad41c req-d87fb5d9-fcb0-49c3-87d3-7feb2e7ad41c ] Request (ServicesAdminNegativeV253TestJSON:tearDownClass): 204 DELETE http://10.180.1.21/identity/v3/projects/f1d30dbb363e475386053f22d39af01c 0.082s
2024-12-12 08:12:10.125 66371 INFO tempest.lib.common.dynamic_creds [-] Deleting project and security group for project: d5f85318a5264b6d9412e415db0e3b9a
2024-12-12 08:12:10.157 66355 INFO tempest.lib.common.rest_client [req-77af6a38-ec36-46cf-9b9f-bf0cae30d391 req-77af6a38-ec36-46cf-9b9f-bf0cae30d391 ] Request (SecurityGroupRulesTestJSON:tearDownClass): 202 DELETE http://10.180.1.21/compute/v2.1/os-security-groups/8677a686-f011-493b-8372-918762c099a5 0.315s
2024-12-12 08:12:10.181 66377 INFO tempest.lib.common.rest_client [req-e168ff0f-0b23-47d8-9910-ad181d99c3db req-e168ff0f-0b23-47d8-9910-ad181d99c3db ] Request (ServerDiagnosticsV248Test:tearDownClass): 200 GET http://10.180.1.21/compute/v2.1/servers/ceadcb5e-ee82-4441-b046-f79b973ec05e 0.240s
2024-12-12 08:12:10.212 66353 INFO tempest.lib.common.rest_client [req-00a317d0-4f7e-4b08-9707-6d2a07c1fabb req-00a317d0-4f7e-4b08-9707-6d2a07c1fabb ] Request (ServersTestJSON:setUpClass): 200 GET http://10.180.1.21/compute/v2.1/servers/4c336ad1-8ce6-4f89-843e-0baae0d0dbda 0.265s
2024-12-12 08:12:10.237 66375 INFO tempest.lib.common.rest_client [req-d018c7e0-7f53-47b3-8432-f680e9b6010e req-d018c7e0-7f53-47b3-8432-f680e9b6010e ] Request (DeleteServersTestJSON:test_delete_active_server): 200 GET http://10.180.1.21/compute/v2.1/servers/31f55ece-82e6-40ad-ad7c-1af645f307bf 0.225s
2024-12-12 08:12:10.265 66369 INFO tempest.lib.common.rest_client [req-0508dc76-6622-4db2-a8f9-861dc1953ef0 req-0508dc76-6622-4db2-a8f9-861dc1953ef0 ] Request (ServersAdminNegativeTestJSON:test_migrate_server_invalid_state): 200 GET http://10.180.1.21/compute/v2.1/servers/681ef7a9-3b24-450a-9034-6d30177995d7 0.192s
2024-12-12 08:12:10.293 66381 INFO tempest.lib.common.rest_client [req-d8fc92cc-3c08-4cf8-9c71-91729ba1183a req-d8fc92cc-3c08-4cf8-9c71-91729ba1183a ] Request (SecurityGroupsTestJSON:test_list_security_groups_by_server): 200 GET http://10.180.1.21/compute/v2.1/servers/4a29bff8-050a-4ad5-9d06-3a59c40b97ee 0.218s
2024-12-12 08:12:10.294 66371 INFO tempest.lib.common.rest_client [req-d50e0157-37de-47d9-9a26-3cee86d055c7 req-d50e0157-37de-47d9-9a26-3cee86d055c7 ] Request (ServicesAdminNegativeV253TestJSON:tearDownClass): 200 GET http://10.180.1.21:9696/networking/v2.0/security-groups?tenant_id=d5f85318a5264b6d9412e415db0e3b9a&name=default 0.168s
2024-12-12 08:12:10.328 66385 INFO tempest.lib.common.rest_client [req-a83fbf5a-0f0d-4d52-b572-dbcf70ea4266 req-a83fbf5a-0f0d-4d52-b572-dbcf70ea4266 ] Request (ServerShowV247Test:test_update_rebuild_list_server): 200 GET http://10.180.1.21/compute/v2.1/servers/49221ea3-d457-4cf5-97a9-9ae74c4e86fb 0.192s
2024-12-12 08:12:10.373 66371 INFO tempest.lib.common.rest_client [req-f717c11a-4433-40b8-9dcf-019a9f3e4192 req-f717c11a-4433-40b8-9dcf-019a9f3e4192 ] Request (ServicesAdminNegativeV253TestJSON:tearDownClass): 204 DELETE http://10.180.1.21:9696/networking/v2.0/security-groups/66766e06-a8b3-49d8-bd61-92a7f953c534 0.079s
2024-12-12 08:12:10.422 66355 INFO tempest.lib.common.rest_client [req-d5bc6016-ab41-46a8-ab41-433e0bf2250c req-d5bc6016-ab41-46a8-ab41-433e0bf2250c ] Request (SecurityGroupRulesTestJSON:tearDownClass): 202 DELETE http://10.180.1.21/compute/v2.1/os-security-groups/eef3c85d-5c59-46a2-aa89-91374fe04af2 0.265s
2024-12-12 08:12:10.470 66371 INFO tempest.lib.common.rest_client [req-02691aa3-5367-4d1b-9f12-17a94a5d1e27 req-02691aa3-5367-4d1b-9f12-17a94a5d1e27 ] Request (ServicesAdminNegativeV253TestJSON:tearDownClass): 204 DELETE http://10.180.1.21/identity/v3/projects/d5f85318a5264b6d9412e415db0e3b9a 0.097s
2024-12-12 08:12:10.475 66391 INFO tempest.lib.common.rest_client [req-89f6f930-4a65-4d8d-8812-1dd218f3787f req-89f6f930-4a65-4d8d-8812-1dd218f3787f ] Request (ServerDiskConfigTestJSON:test_rebuild_server_with_auto_disk_config): 200 GET http://10.180.1.21/compute/v2.1/servers/51eaac08-75fd-49f9-9b1a-cc2a2d799634 0.170s
2024-12-12 08:12:10.486 66363 INFO tempest.lib.common.rest_client [req-bffd81b3-305d-47bb-bc23-78b67affa77b req-bffd81b3-305d-47bb-bc23-78b67affa77b ] Request (ListServersNegativeTestJSON:setUpClass): 200 GET http://10.180.1.21/compute/v2.1/servers/021c3287-5887-457e-9b3a-233308fb9b23 0.244s
2024-12-12 08:12:10.492 66363 INFO tempest.common.waiters [-] State transition "BUILD/networking" ==> "BUILD/spawning" after 35 second wait
2024-12-12 08:12:10.523 66367 INFO tempest.lib.common.rest_client [req-4335fc19-fe7c-4e1e-96fd-3254f70d5d1b req-4335fc19-fe7c-4e1e-96fd-3254f70d5d1b ] Request (ServerAddressesNegativeTestJSON:setUpClass): 200 GET http://10.180.1.21/compute/v2.1/servers/22380aef-c725-43a0-a957-06ced9518c21 0.153s
2024-12-12 08:12:10.530 66371 INFO tempest.lib.common.rest_client [req-b100e28c-67eb-44e2-be92-b0bcfd922767 req-b100e28c-67eb-44e2-be92-b0bcfd922767 ] Request (ListImagesTestJSON:setUpClass): 201 POST http://10.180.1.21/identity/v3/auth/tokens 0.058s
2024-12-12 08:12:10.535 66349 INFO tempest.lib.common.rest_client [req-2e202d74-fc99-4200-9d4b-c68af459bf2a req-2e202d74-fc99-4200-9d4b-c68af459bf2a ] Request (ServerShowV254Test:test_rebuild_server): 200 GET http://10.180.1.21/compute/v2.1/servers/1462d213-3f9a-4c60-8056-0b68f20a4939 0.147s
2024-12-12 08:12:10.560 66371 INFO tempest.lib.common.rest_client [req-fd2f6f4a-42ce-4cd6-8897-d38a9fdb025c req-fd2f6f4a-42ce-4cd6-8897-d38a9fdb025c ] Request (ListImagesTestJSON:setUpClass): 201 POST http://10.180.1.21/identity/v3/auth/tokens 0.028s
2024-12-12 08:12:10.586 66387 INFO tempest.lib.common.rest_client [req-1ef8936b-0c1e-464b-8f10-45999897e910 req-1ef8936b-0c1e-464b-8f10-45999897e910 ] Request (DeleteServersAdminTestJSON:test_delete_server_while_in_error_state): 200 GET http://10.180.1.21/compute/v2.1/servers/40c7a9b8-d541-464a-ba87-76cfc183ae31 0.163s
2024-12-12 08:12:10.587 66371 INFO tempest.lib.common.rest_client [req-f562d2f9-1e0a-49c1-8464-d084f9b5317f req-f562d2f9-1e0a-49c1-8464-d084f9b5317f ] Request (ListImagesTestJSON:setUpClass): 200 GET http://10.180.1.21/identity/v3/domains?name=Default 0.026s
2024-12-12 08:12:10.617 66371 INFO tempest.lib.common.rest_client [req-eacc99ee-75fa-4b8e-b55a-b924f1ca0865 req-eacc99ee-75fa-4b8e-b55a-b924f1ca0865 ] Request (ListImagesTestJSON:setUpClass): 201 POST http://10.180.1.21/identity/v3/projects 0.029s
2024-12-12 08:12:10.649 66355 INFO tempest.lib.common.rest_client [req-d07a64f9-0270-42c5-b09e-1f3af0fa431d req-d07a64f9-0270-42c5-b09e-1f3af0fa431d ] Request (SecurityGroupRulesTestJSON:tearDownClass): 202 DELETE http://10.180.1.21/compute/v2.1/os-security-groups/42f8ddba-18be-4800-bea8-0299107a37cf 0.226s
2024-12-12 08:12:10.675 66371 INFO tempest.lib.common.rest_client [req-75959750-d191-4e6e-93a6-750b099ba053 req-75959750-d191-4e6e-93a6-750b099ba053 ] Request (ListImagesTestJSON:setUpClass): 201 POST http://10.180.1.21/identity/v3/users 0.058s
2024-12-12 08:12:10.692 66347 INFO tempest.lib.common.rest_client [req-7b7829e5-0e13-4883-9f5d-0e6afaa0ad0a req-7b7829e5-0e13-4883-9f5d-0e6afaa0ad0a ] Request (InstanceActionsV221TestJSON:test_get_list_deleted_instance_actions): 200 GET http://10.180.1.21/compute/v2.1/servers/c612a1be-fb39-416d-a9d2-d206582e5aeb 0.156s
2024-12-12 08:12:10.694 66371 INFO tempest.lib.common.rest_client [req-560d6c5a-b9f0-469d-8815-fe8863c53a46 req-560d6c5a-b9f0-469d-8815-fe8863c53a46 ] Request (ListImagesTestJSON:setUpClass): 200 GET http://10.180.1.21/identity/v3/roles 0.018s
2024-12-12 08:12:10.698 66343 INFO tempest.lib.common.rest_client [req-50ace820-8918-4f97-b863-5865300306b3 req-50ace820-8918-4f97-b863-5865300306b3 ] Request (ServersTestMultiNic:test_verify_duplicate_network_nics): 200 GET http://10.180.1.21/compute/v2.1/servers/cfefa7c8-4986-4ad0-ac20-8784ee44a737 0.105s
2024-12-12 08:12:10.704 66347 INFO tempest.common.waiters [-] State transition "BUILD/spawning" ==> "ACTIVE/None" after 43 second wait
2024-12-12 08:12:10.723 66371 INFO tempest.lib.common.rest_client [req-93d49350-1dbb-4870-b1de-d2f8046f097c req-93d49350-1dbb-4870-b1de-d2f8046f097c ] Request (ListImagesTestJSON:setUpClass): 204 PUT http://10.180.1.21/identity/v3/projects/3feebf4b68034dcb90b386eef62dee44/users/68ff96b5bbbd4389a950c82beee6198e/roles/b5ab3d46236945eb9c84cd8314b81899 0.029s
2024-12-12 08:12:10.723 66371 INFO tempest.lib.common.dynamic_creds [-] Dynamic test user 68ff96b5bbbd4389a950c82beee6198e is created with scope project and roles: ['member']
2024-12-12 08:12:10.724 66371 INFO tempest.lib.common.dynamic_creds [-] Acquired dynamic creds: credentials: Credentials: {'domain_id': 'default', 'domain_name': 'Default', 'username': 'tempest-ListImagesTestJSON-1452690609-project-member', 'project_domain_id': 'default', 'project_domain_name': 'Default', 'project_id': '3feebf4b68034dcb90b386eef62dee44', 'project_name': 'tempest-ListImagesTestJSON-1452690609', 'tenant_id': '3feebf4b68034dcb90b386eef62dee44', 'tenant_name': 'tempest-ListImagesTestJSON-1452690609', 'user_domain_id': 'default', 'user_domain_name': 'Default', 'user_id': '68ff96b5bbbd4389a950c82beee6198e', 'system': None}, Network: None, Subnet: None, Router: None
2024-12-12 08:12:10.724 66371 INFO tempest.lib.common.dynamic_creds [-] Created isolated network resources for: credentials: Credentials: {'domain_id': 'default', 'domain_name': 'Default', 'username': 'tempest-ListImagesTestJSON-1452690609-project-member', 'project_domain_id': 'default', 'project_domain_name': 'Default', 'project_id': '3feebf4b68034dcb90b386eef62dee44', 'project_name': 'tempest-ListImagesTestJSON-1452690609', 'tenant_id': '3feebf4b68034dcb90b386eef62dee44', 'tenant_name': 'tempest-ListImagesTestJSON-1452690609', 'user_domain_id': 'default', 'user_domain_name': 'Default', 'user_id': '68ff96b5bbbd4389a950c82beee6198e', 'system': None}, Network: None, Subnet: None, Router: None
2024-12-12 08:12:10.742 66357 INFO tempest.lib.common.rest_client [req-8ebf6724-6e09-4cd7-ab57-95174c643966 req-8ebf6724-6e09-4cd7-ab57-95174c643966 ] Request (ServersTestFqdnHostnames:test_create_server_with_fqdn_name): 200 GET http://10.180.1.21/compute/v2.1/servers/a59be5e6-2316-4766-933a-4d01dfe4fec1 0.101s
2024-12-12 08:12:10.789 66379 INFO tempest.lib.common.rest_client [req-0c4d090e-cc96-477c-a8d0-6d300d909b95 req-0c4d090e-cc96-477c-a8d0-6d300d909b95 ] Request (ImagesTestJSON:test_create_image_from_suspended_server): 200 GET http://10.180.1.21/compute/v2.1/servers/3b506d10-a427-47b8-ab5f-c35e450b7eb1 0.124s
2024-12-12 08:12:10.800 66371 INFO tempest.lib.common.rest_client [req-7ae3e798-966b-4133-a6bc-696ba74e9e68 req-7ae3e798-966b-4133-a6bc-696ba74e9e68 ] Request (ListImagesTestJSON:setUpClass): 201 POST http://10.180.1.21/identity/v3/auth/tokens 0.073s
2024-12-12 08:12:10.837 66355 INFO tempest.lib.common.rest_client [req-ad71282b-77d2-4f4f-942e-d7eefcae18cc req-ad71282b-77d2-4f4f-942e-d7eefcae18cc ] Request (SecurityGroupRulesTestJSON:tearDownClass): 202 DELETE http://10.180.1.21/compute/v2.1/os-security-groups/e2a87e9c-adde-4897-818d-8834a0ec1bca 0.188s
2024-12-12 08:12:10.845 66397 INFO tempest.lib.common.rest_client [req-854acb9b-19e9-4239-9d2b-9786b393ed48 req-854acb9b-19e9-4239-9d2b-9786b393ed48 ] Request (InstanceActionsTestJSON:setUpClass): 200 GET http://10.180.1.21/compute/v2.1/servers/f19c860f-736a-4783-8ef5-8262040e53a3 0.153s
2024-12-12 08:12:10.921 66347 INFO tempest.lib.common.rest_client [req-2b9c37cf-110c-4ed1-b062-9198747e913f req-2b9c37cf-110c-4ed1-b062-9198747e913f ] Request (InstanceActionsV221TestJSON:test_get_list_deleted_instance_actions): 204 DELETE http://10.180.1.21/compute/v2.1/servers/c612a1be-fb39-416d-a9d2-d206582e5aeb 0.216s
2024-12-12 08:12:10.937 66371 INFO tempest.lib.common.rest_client [req-8d9c4c6a-076e-44af-b42e-f1ad29c41cfb req-8d9c4c6a-076e-44af-b42e-f1ad29c41cfb ] Request (ListImagesTestJSON:test_get_image): 200 GET http://10.180.1.21/compute/v2.1/images/15793716-f1d9-4a86-9030-717adf498693 0.135s
2024-12-12 08:12:11.006 66395 INFO tempest.lib.common.rest_client [req-c4da71ca-8330-403d-99aa-db92baf03907 req-c4da71ca-8330-403d-99aa-db92baf03907 ] Request (ListImageFiltersTestJSON:setUpClass): 200 GET http://10.180.1.21/compute/v2.1/servers/2b68e95a-1d93-43ee-b0a6-996c9042f5c7 0.112s
2024-12-12 08:12:11.086 66345 INFO tempest.lib.common.rest_client [req-e5ccd085-aba3-4e40-b58f-a08ca4dabb46 req-e5ccd085-aba3-4e40-b58f-a08ca4dabb46 ] Request (MigrationsAdminTest:test_list_migrations_in_flavor_resize_situation): 200 GET http://10.180.1.21/compute/v2.1/servers/fe350d30-6fbd-4813-9634-ed05984fecfd 0.266s
2024-12-12 08:12:11.111 66389 INFO tempest.lib.common.rest_client [req-3705beae-539d-4ba3-9729-ecb9140874e7 req-3705beae-539d-4ba3-9729-ecb9140874e7 ] Request (ServerDiagnosticsTest:tearDownClass): 404 GET http://10.180.1.21/compute/v2.1/servers/1118c1e5-1aa8-4f52-9fb9-e86531bf83d1 0.183s
2024-12-12 08:12:11.168 66371 INFO tempest.lib.common.rest_client [req-6dc46322-bb11-4ecc-a699-c2b93393c743 req-6dc46322-bb11-4ecc-a699-c2b93393c743 ] Request (ListImagesTestJSON:test_list_images): 200 GET http://10.180.1.21/compute/v2.1/images 0.222s
2024-12-12 08:12:11.214 66383 WARNING tempest.lib.common.ssh [-] Failed to establish authenticated ssh connection to cirros@10.180.180.135 ([Errno None] Unable to connect to port 22 on 10.180.180.135). Number attempts: 5. Retry after 6 seconds.: paramiko.ssh_exception.NoValidConnectionsError: [Errno None] Unable to connect to port 22 on 10.180.180.135
2024-12-12 08:12:11.226 66389 INFO tempest.lib.common.rest_client [req-a864ff56-bb55-4ed0-9e5b-dff5ad4004d4 req-a864ff56-bb55-4ed0-9e5b-dff5ad4004d4 ] Request (ServerDiagnosticsTest:tearDownClass): 204 DELETE http://10.180.1.21/identity/v3/users/e0dd3744b3a74cf3a374fc8c8be1d962 0.114s
2024-12-12 08:12:11.314 66389 INFO tempest.lib.common.rest_client [req-48d33b0d-52b1-4837-8c47-cb625a85fb7d req-48d33b0d-52b1-4837-8c47-cb625a85fb7d ] Request (ServerDiagnosticsTest:tearDownClass): 204 DELETE http://10.180.1.21/identity/v3/users/12ef9a60da7e42e7a7b19f922b2e0dba 0.087s
2024-12-12 08:12:11.315 66389 INFO tempest.lib.common.dynamic_creds [-] Deleting project and security group for project: 047204664e2b4853adb17ece8fc3a0be
2024-12-12 08:12:11.361 66339 INFO tempest.lib.common.rest_client [req-62771c97-7470-4168-bb93-1872d94c0415 req-62771c97-7470-4168-bb93-1872d94c0415 ] Request (FloatingIPsAssociationTestJSON:setUpClass): 200 GET http://10.180.1.21/compute/v2.1/servers/09eefc1a-011b-4d2c-ab75-a1fcee740907 0.394s
2024-12-12 08:12:11.367 66347 INFO tempest.lib.common.rest_client [req-e135ef7a-4fa9-438d-81dd-64ac6a76b336 req-e135ef7a-4fa9-438d-81dd-64ac6a76b336 ] Request (InstanceActionsV221TestJSON:test_get_list_deleted_instance_actions): 200 GET http://10.180.1.21/compute/v2.1/servers/c612a1be-fb39-416d-a9d2-d206582e5aeb 0.446s
2024-12-12 08:12:11.395 66389 INFO tempest.lib.common.rest_client [req-e7184115-42e9-4305-8f48-06001ec68f33 req-e7184115-42e9-4305-8f48-06001ec68f33 ] Request (ServerDiagnosticsTest:tearDownClass): 201 POST http://10.180.1.21/identity/v3/auth/tokens 0.080s
2024-12-12 08:12:11.419 66341 INFO tempest.lib.common.rest_client [req-ceb3d298-c5ef-41f6-b1e4-952ee4046a13 req-ceb3d298-c5ef-41f6-b1e4-952ee4046a13 ] Request (ServerExternalEventsTest:test_create_server_external_events): 200 GET http://10.180.1.21/compute/v2.1/servers/f7d5c77d-6c78-4969-b511-2b03ab624c84 0.424s
2024-12-12 08:12:11.436 66401 INFO tempest.lib.common.rest_client [req-2c098514-80eb-41da-a7a5-24c9d928090b req-2c098514-80eb-41da-a7a5-24c9d928090b ] Request (ServersAdminTestJSON:test_create_server_with_scheduling_hint): 200 GET http://10.180.1.21/compute/v2.1/servers/f59a31e4-7fb9-4de7-b35f-da811a305f85 0.402s
2024-12-12 08:12:11.476 66371 INFO tempest.lib.common.rest_client [req-7f0a29ff-ab26-4f09-ba77-cb2761191b47 req-7f0a29ff-ab26-4f09-ba77-cb2761191b47 ] Request (ListImagesTestJSON:test_list_images_with_detail): 200 GET http://10.180.1.21/compute/v2.1/images/detail 0.305s
2024-12-12 08:12:11.490 66361 INFO tempest.lib.common.rest_client [req-b7759f2d-3823-4438-9b10-4cb4e5280706 req-b7759f2d-3823-4438-9b10-4cb4e5280706 ] Request (ServersAdmin275Test:tearDownClass): 200 GET http://10.180.1.21/compute/v2.1/servers/c07e4d30-44bc-417b-8137-97f974aec932 0.361s
2024-12-12 08:12:11.551 66377 INFO tempest.lib.common.rest_client [req-6e71285e-c6a3-467d-a3a2-db8d7e266da5 req-6e71285e-c6a3-467d-a3a2-db8d7e266da5 ] Request (ServerDiagnosticsV248Test:tearDownClass): 200 GET http://10.180.1.21/compute/v2.1/servers/ceadcb5e-ee82-4441-b046-f79b973ec05e 0.359s
2024-12-12 08:12:11.553 66353 INFO tempest.lib.common.rest_client [req-2b848b0f-d301-42e2-b546-62694e0b5b04 req-2b848b0f-d301-42e2-b546-62694e0b5b04 ] Request (ServersTestJSON:setUpClass): 200 GET http://10.180.1.21/compute/v2.1/servers/4c336ad1-8ce6-4f89-843e-0baae0d0dbda 0.335s
2024-12-12 08:12:11.563 66371 INFO tempest.lib.common.rest_client [req-14b1e32f-f5f9-4f2a-8d3e-87d1f12fa3eb req-14b1e32f-f5f9-4f2a-8d3e-87d1f12fa3eb ] Request (ListImagesTestJSON:tearDownClass): 204 DELETE http://10.180.1.21/identity/v3/users/68ff96b5bbbd4389a950c82beee6198e 0.071s
2024-12-12 08:12:11.563 66389 INFO tempest.lib.common.rest_client [req-e8d82da1-96b5-409e-91a5-12694bb61067 req-e8d82da1-96b5-409e-91a5-12694bb61067 ] Request (ServerDiagnosticsTest:tearDownClass): 200 GET http://10.180.1.21:9696/networking/v2.0/security-groups?tenant_id=047204664e2b4853adb17ece8fc3a0be&name=default 0.167s
2024-12-12 08:12:11.563 66371 INFO tempest.lib.common.dynamic_creds [-] Deleting project and security group for project: 3feebf4b68034dcb90b386eef62dee44
2024-12-12 08:12:11.579 66365 WARNING tempest.lib.common.ssh [-] Failed to establish authenticated ssh connection to cirros@10.180.180.246 ([Errno None] Unable to connect to port 22 on 10.180.180.246). Number attempts: 1. Retry after 2 seconds.: paramiko.ssh_exception.NoValidConnectionsError: [Errno None] Unable to connect to port 22 on 10.180.180.246
2024-12-12 08:12:11.627 66375 INFO tempest.lib.common.rest_client [req-cea8e816-a149-4851-a893-a2cb1a7209aa req-cea8e816-a149-4851-a893-a2cb1a7209aa ] Request (DeleteServersTestJSON:test_delete_active_server): 200 GET http://10.180.1.21/compute/v2.1/servers/31f55ece-82e6-40ad-ad7c-1af645f307bf 0.383s
2024-12-12 08:12:11.634 66371 INFO tempest.lib.common.rest_client [req-eb43e0a1-92d8-414b-b1d0-b511e01abfc9 req-eb43e0a1-92d8-414b-b1d0-b511e01abfc9 ] Request (ListImagesTestJSON:tearDownClass): 201 POST http://10.180.1.21/identity/v3/auth/tokens 0.070s
2024-12-12 08:12:11.662 66369 INFO tempest.lib.common.rest_client [req-6d68700c-2569-4e90-badb-6f8c35d48040 req-6d68700c-2569-4e90-badb-6f8c35d48040 ] Request (ServersAdminNegativeTestJSON:test_migrate_server_invalid_state): 200 GET http://10.180.1.21/compute/v2.1/servers/681ef7a9-3b24-450a-9034-6d30177995d7 0.388s
2024-12-12 08:12:11.677 66389 INFO tempest.lib.common.rest_client [req-0e068e8c-6a60-4395-b213-12ff5341ce75 req-0e068e8c-6a60-4395-b213-12ff5341ce75 ] Request (ServerDiagnosticsTest:tearDownClass): 204 DELETE http://10.180.1.21:9696/networking/v2.0/security-groups/74b90009-eefe-4372-9514-d38370e39935 0.113s
2024-12-12 08:12:11.696 66381 INFO tempest.lib.common.rest_client [req-987e02ba-1d35-4ea4-8539-26a5061ae20d req-987e02ba-1d35-4ea4-8539-26a5061ae20d ] Request (SecurityGroupsTestJSON:test_list_security_groups_by_server): 200 GET http://10.180.1.21/compute/v2.1/servers/4a29bff8-050a-4ad5-9d06-3a59c40b97ee 0.396s
2024-12-12 08:12:11.718 66385 INFO tempest.lib.common.rest_client [req-997634bd-da22-4b09-83f0-ccd5b7d41d19 req-997634bd-da22-4b09-83f0-ccd5b7d41d19 ] Request (ServerShowV247Test:test_update_rebuild_list_server): 200 GET http://10.180.1.21/compute/v2.1/servers/49221ea3-d457-4cf5-97a9-9ae74c4e86fb 0.377s
2024-12-12 08:12:11.762 66391 INFO tempest.lib.common.rest_client [req-8125607c-8980-48ca-bbc9-1bdbf069e9d2 req-8125607c-8980-48ca-bbc9-1bdbf069e9d2 ] Request (ServerDiskConfigTestJSON:test_rebuild_server_with_auto_disk_config): 200 GET http://10.180.1.21/compute/v2.1/servers/51eaac08-75fd-49f9-9b1a-cc2a2d799634 0.280s
2024-12-12 08:12:11.769 66389 INFO tempest.lib.common.rest_client [req-43b99f81-7ff7-4a0a-8858-69ac6669555b req-43b99f81-7ff7-4a0a-8858-69ac6669555b ] Request (ServerDiagnosticsTest:tearDownClass): 204 DELETE http://10.180.1.21/identity/v3/projects/047204664e2b4853adb17ece8fc3a0be 0.092s
2024-12-12 08:12:11.770 66389 INFO tempest.lib.common.dynamic_creds [-] Deleting project and security group for project: faf80934d7754c9ba0414f2e970979cf
2024-12-12 08:12:11.831 66389 INFO tempest.lib.common.rest_client [req-1fb0386f-e913-453c-aa00-6e8cca076f2a req-1fb0386f-e913-453c-aa00-6e8cca076f2a ] Request (ServerDiagnosticsTest:tearDownClass): 200 GET http://10.180.1.21:9696/networking/v2.0/security-groups?tenant_id=faf80934d7754c9ba0414f2e970979cf&name=default 0.060s
2024-12-12 08:12:11.856 66371 INFO tempest.lib.common.rest_client [req-ebc026e9-286b-46d9-8c97-9b8ba264ee48 req-ebc026e9-286b-46d9-8c97-9b8ba264ee48 ] Request (ListImagesTestJSON:tearDownClass): 200 GET http://10.180.1.21:9696/networking/v2.0/security-groups?tenant_id=3feebf4b68034dcb90b386eef62dee44&name=default 0.221s
2024-12-12 08:12:11.865 66367 INFO tempest.lib.common.rest_client [req-19a153b4-2f86-49e0-b018-a588983b62db req-19a153b4-2f86-49e0-b018-a588983b62db ] Request (ServerAddressesNegativeTestJSON:setUpClass): 200 GET http://10.180.1.21/compute/v2.1/servers/22380aef-c725-43a0-a957-06ced9518c21 0.334s
2024-12-12 08:12:11.935 66363 INFO tempest.lib.common.rest_client [req-06d74fac-9e00-42fe-b23e-f3a462610142 req-06d74fac-9e00-42fe-b23e-f3a462610142 ] Request (ListServersNegativeTestJSON:setUpClass): 200 GET http://10.180.1.21/compute/v2.1/servers/021c3287-5887-457e-9b3a-233308fb9b23 0.441s
2024-12-12 08:12:11.942 66349 INFO tempest.lib.common.rest_client [req-523c3b6c-42d3-4449-96ce-ae29aaa7604a req-523c3b6c-42d3-4449-96ce-ae29aaa7604a ] Request (ServerShowV254Test:test_rebuild_server): 200 GET http://10.180.1.21/compute/v2.1/servers/1462d213-3f9a-4c60-8056-0b68f20a4939 0.393s
2024-12-12 08:12:11.985 66389 INFO tempest.lib.common.rest_client [req-86fe1c2a-23b0-465f-ac69-f5b868a21fdd req-86fe1c2a-23b0-465f-ac69-f5b868a21fdd ] Request (ServerDiagnosticsTest:tearDownClass): 204 DELETE http://10.180.1.21:9696/networking/v2.0/security-groups/fdd2bdd6-3f37-4f37-9f71-ae53cdf86ac9 0.153s
2024-12-12 08:12:11.987 66371 INFO tempest.lib.common.rest_client [req-f69b6db8-1727-4240-9353-c3a8b8144143 req-f69b6db8-1727-4240-9353-c3a8b8144143 ] Request (ListImagesTestJSON:tearDownClass): 204 DELETE http://10.180.1.21:9696/networking/v2.0/security-groups/6c038f5c-64c2-46e2-8f04-4d7aebf60b7e 0.131s
2024-12-12 08:12:12.007 66387 INFO tempest.lib.common.rest_client [req-c0faf640-8e80-4c16-b9a6-bbcaa419a0b3 req-c0faf640-8e80-4c16-b9a6-bbcaa419a0b3 ] Request (DeleteServersAdminTestJSON:test_delete_server_while_in_error_state): 200 GET http://10.180.1.21/compute/v2.1/servers/40c7a9b8-d541-464a-ba87-76cfc183ae31 0.412s
2024-12-12 08:12:12.018 66343 INFO tempest.lib.common.rest_client [req-3f1f829d-8122-4a6b-9c59-5e56f23e071d req-3f1f829d-8122-4a6b-9c59-5e56f23e071d ] Request (ServersTestMultiNic:test_verify_duplicate_network_nics): 200 GET http://10.180.1.21/compute/v2.1/servers/cfefa7c8-4986-4ad0-ac20-8784ee44a737 0.311s
2024-12-12 08:12:12.098 66379 INFO tempest.lib.common.rest_client [req-042a71b2-77b0-4a32-bd6e-7aa9981cac1d req-042a71b2-77b0-4a32-bd6e-7aa9981cac1d ] Request (ImagesTestJSON:test_create_image_from_suspended_server): 200 GET http://10.180.1.21/compute/v2.1/servers/3b506d10-a427-47b8-ab5f-c35e450b7eb1 0.295s
2024-12-12 08:12:12.101 66357 INFO tempest.lib.common.rest_client [req-f1442450-eccb-4968-bb8d-246fe02843c6 req-f1442450-eccb-4968-bb8d-246fe02843c6 ] Request (ServersTestFqdnHostnames:test_create_server_with_fqdn_name): 200 GET http://10.180.1.21/compute/v2.1/servers/a59be5e6-2316-4766-933a-4d01dfe4fec1 0.350s
2024-12-12 08:12:12.112 66389 INFO tempest.lib.common.rest_client [req-dc940c28-5241-4d88-8431-d727fcc6b042 req-dc940c28-5241-4d88-8431-d727fcc6b042 ] Request (ServerDiagnosticsTest:tearDownClass): 204 DELETE http://10.180.1.21/identity/v3/projects/faf80934d7754c9ba0414f2e970979cf 0.126s
2024-12-12 08:12:12.120 66371 INFO tempest.lib.common.rest_client [req-2d1042ed-c5f8-4770-9da7-27be42713a08 req-2d1042ed-c5f8-4770-9da7-27be42713a08 ] Request (ListImagesTestJSON:tearDownClass): 204 DELETE http://10.180.1.21/identity/v3/projects/3feebf4b68034dcb90b386eef62dee44 0.133s
2024-12-12 08:12:12.180 66397 INFO tempest.lib.common.rest_client [req-6fba046f-0b02-475c-8f9b-5164afbea168 req-6fba046f-0b02-475c-8f9b-5164afbea168 ] Request (InstanceActionsTestJSON:setUpClass): 200 GET http://10.180.1.21/compute/v2.1/servers/f19c860f-736a-4783-8ef5-8262040e53a3 0.327s
2024-12-12 08:12:12.182 66395 INFO tempest.lib.common.rest_client [req-c13fd32d-1d7e-4baf-a1b6-4a1e70ded0d1 req-c13fd32d-1d7e-4baf-a1b6-4a1e70ded0d1 ] Request (ListImageFiltersTestJSON:setUpClass): 200 GET http://10.180.1.21/compute/v2.1/servers/2b68e95a-1d93-43ee-b0a6-996c9042f5c7 0.164s
2024-12-12 08:12:12.188 66389 INFO tempest.lib.common.rest_client [req-3f193f27-55ec-4cc0-9be4-1ba2655d6299 req-3f193f27-55ec-4cc0-9be4-1ba2655d6299 ] Request (ImagesOneServerTestJSON:setUpClass): 201 POST http://10.180.1.21/identity/v3/auth/tokens 0.074s
2024-12-12 08:12:12.219 66389 INFO tempest.lib.common.rest_client [req-247b19d1-04df-4c48-8bbc-4c3db02e9b5f req-247b19d1-04df-4c48-8bbc-4c3db02e9b5f ] Request (ImagesOneServerTestJSON:setUpClass): 201 POST http://10.180.1.21/identity/v3/auth/tokens 0.028s
2024-12-12 08:12:12.251 66389 INFO tempest.lib.common.rest_client [req-0ecd64c6-0e92-4c79-b45f-296841ce6b03 req-0ecd64c6-0e92-4c79-b45f-296841ce6b03 ] Request (ImagesOneServerTestJSON:setUpClass): 200 GET http://10.180.1.21/identity/v3/domains?name=Default 0.032s
2024-12-12 08:12:12.290 66389 INFO tempest.lib.common.rest_client [req-b02925d6-577c-475d-b4f1-7e0fec151a3b req-b02925d6-577c-475d-b4f1-7e0fec151a3b ] Request (ImagesOneServerTestJSON:setUpClass): 201 POST http://10.180.1.21/identity/v3/projects 0.038s
2024-12-12 08:12:12.323 66345 INFO tempest.lib.common.rest_client [req-fc4c3cf7-e418-47b8-a34a-169006b6ecfb req-fc4c3cf7-e418-47b8-a34a-169006b6ecfb ] Request (MigrationsAdminTest:test_list_migrations_in_flavor_resize_situation): 200 GET http://10.180.1.21/compute/v2.1/servers/fe350d30-6fbd-4813-9634-ed05984fecfd 0.229s
2024-12-12 08:12:12.358 66355 INFO tempest.lib.common.rest_client [req-d589c860-778a-4884-91b0-c79816c5236c req-d589c860-778a-4884-91b0-c79816c5236c ] Request (SecurityGroupRulesTestJSON:tearDownClass): 200 PUT http://10.180.1.21:9696/networking/v2.0/routers/8175675a-8a1d-47f9-8fb3-e6f3d7f2af14/remove_router_interface 1.520s
2024-12-12 08:12:12.364 66389 INFO tempest.lib.common.rest_client [req-79e5afa7-aef4-487a-aa4b-01736788949c req-79e5afa7-aef4-487a-aa4b-01736788949c ] Request (ImagesOneServerTestJSON:setUpClass): 201 POST http://10.180.1.21/identity/v3/users 0.073s
2024-12-12 08:12:12.387 66389 INFO tempest.lib.common.rest_client [req-059e2868-33b5-4cc0-a759-665a0cec6a1c req-059e2868-33b5-4cc0-a759-665a0cec6a1c ] Request (ImagesOneServerTestJSON:setUpClass): 200 GET http://10.180.1.21/identity/v3/roles 0.023s
2024-12-12 08:12:12.427 66389 INFO tempest.lib.common.rest_client [req-16d5f0f9-ac27-4052-b9a2-49fad6cfebd4 req-16d5f0f9-ac27-4052-b9a2-49fad6cfebd4 ] Request (ImagesOneServerTestJSON:setUpClass): 204 PUT http://10.180.1.21/identity/v3/projects/10b805c99a6945f3bcc685e1c2f9a816/users/9d142fff29f945669e31da144e9cd9e2/roles/b5ab3d46236945eb9c84cd8314b81899 0.039s
2024-12-12 08:12:12.428 66389 INFO tempest.lib.common.dynamic_creds [-] Dynamic test user 9d142fff29f945669e31da144e9cd9e2 is created with scope project and roles: ['member']
2024-12-12 08:12:12.428 66389 INFO tempest.lib.common.dynamic_creds [-] Acquired dynamic creds: credentials: Credentials: {'domain_id': 'default', 'domain_name': 'Default', 'username': 'tempest-ImagesOneServerTestJSON-1959164190-project-member', 'project_domain_id': 'default', 'project_domain_name': 'Default', 'project_id': '10b805c99a6945f3bcc685e1c2f9a816', 'project_name': 'tempest-ImagesOneServerTestJSON-1959164190', 'tenant_id': '10b805c99a6945f3bcc685e1c2f9a816', 'tenant_name': 'tempest-ImagesOneServerTestJSON-1959164190', 'user_domain_id': 'default', 'user_domain_name': 'Default', 'user_id': '9d142fff29f945669e31da144e9cd9e2', 'system': None}, Network: None, Subnet: None, Router: None
2024-12-12 08:12:12.467 66339 INFO tempest.lib.common.rest_client [req-d9ff0450-07a0-4f1e-9c89-cdd314d52855 req-d9ff0450-07a0-4f1e-9c89-cdd314d52855 ] Request (FloatingIPsAssociationTestJSON:setUpClass): 200 GET http://10.180.1.21/compute/v2.1/servers/09eefc1a-011b-4d2c-ab75-a1fcee740907 0.095s
2024-12-12 08:12:12.520 66389 INFO tempest.lib.common.rest_client [req-a45ea222-1354-4d20-af23-faf6899f9df1 req-a45ea222-1354-4d20-af23-faf6899f9df1 ] Request (ImagesOneServerTestJSON:setUpClass): 201 POST http://10.180.1.21/identity/v3/auth/tokens 0.091s
2024-12-12 08:12:12.542 66341 INFO tempest.lib.common.rest_client [req-27907f21-d43a-45ac-8794-e6ab4cb045d7 req-27907f21-d43a-45ac-8794-e6ab4cb045d7 ] Request (ServerExternalEventsTest:test_create_server_external_events): 200 GET http://10.180.1.21/compute/v2.1/servers/f7d5c77d-6c78-4969-b511-2b03ab624c84 0.109s
2024-12-12 08:12:12.559 66347 INFO tempest.lib.common.rest_client [req-ba4b2409-2255-4efc-a4dd-724be4791fc4 req-ba4b2409-2255-4efc-a4dd-724be4791fc4 ] Request (InstanceActionsV221TestJSON:test_get_list_deleted_instance_actions): 200 GET http://10.180.1.21/compute/v2.1/servers/c612a1be-fb39-416d-a9d2-d206582e5aeb 0.183s
