2024-12-12 08:13:42.853 66387 INFO tempest.lib.common.rest_client [req-4900881f-df92-4fed-85c0-246fccab1b35 req-4900881f-df92-4fed-85c0-246fccab1b35 ] Request (DeleteServersAdminTestJSON:tearDownClass): 204 DELETE http://10.180.1.21:9696/networking/v2.0/security-groups/cb718c62-ee6d-4968-8190-7e67af3242c1 0.130s
2024-12-12 08:13:42.868 66389 INFO tempest.lib.common.rest_client [req-d402f7ba-592b-4c6b-9880-fbefb45e024c req-d402f7ba-592b-4c6b-9880-fbefb45e024c ] Request (ImagesOneServerTestJSON:setUpClass): 200 GET http://10.180.1.21/compute/v2.1/servers/4e3dee19-b99a-4257-88da-1b0531e2c0f9 0.286s
2024-12-12 08:13:42.911 66377 INFO tempest.lib.common.rest_client [req-0a3a6c65-d402-4c49-8b40-395ad641e9d2 req-0a3a6c65-d402-4c49-8b40-395ad641e9d2 ] Request (ServersTestBootFromVolume:setUpClass): 200 GET http://10.180.1.21/compute/v2.1/servers/765cf18e-53a0-4cc6-ad0e-337a6f68915c 0.213s
2024-12-12 08:13:42.922 66349 INFO tempest.lib.common.rest_client [req-30402f96-8546-41bb-8d8b-2f84026eb62c req-30402f96-8546-41bb-8d8b-2f84026eb62c ] Request (ExtensionsTest:setUpClass): 201 POST http://10.180.1.21/identity/v3/auth/tokens 0.078s
2024-12-12 08:13:42.977 66361 INFO tempest.lib.common.rest_client [req-20912d30-a7c7-475a-86c5-78a2c8302f7b req-20912d30-a7c7-475a-86c5-78a2c8302f7b ] Request (ImagesNegativeTestJSON:test_create_image_from_deleted_server): 200 GET http://10.180.1.21/compute/v2.1/servers/1b4efc0f-474f-4a32-b199-c14f27b183e2 0.183s
2024-12-12 08:13:43.006 66387 INFO tempest.lib.common.rest_client [req-8bdc9113-6b5a-4969-991f-c86a3c21548c req-8bdc9113-6b5a-4969-991f-c86a3c21548c ] Request (DeleteServersAdminTestJSON:tearDownClass): 204 DELETE http://10.180.1.21/identity/v3/projects/fb743623be114e74bb9f73bbca086979 0.153s
2024-12-12 08:13:43.007 66387 INFO tempest.lib.common.dynamic_creds [-] Deleting project and security group for project: d305163958824c11ac2477c004662b97
2024-12-12 08:13:43.123 66387 INFO tempest.lib.common.rest_client [req-cbf54972-9458-40a7-a70a-473a5cfd58ce req-cbf54972-9458-40a7-a70a-473a5cfd58ce ] Request (DeleteServersAdminTestJSON:tearDownClass): 200 GET http://10.180.1.21:9696/networking/v2.0/security-groups?tenant_id=d305163958824c11ac2477c004662b97&name=default 0.116s
2024-12-12 08:13:43.187 66367 INFO tempest.lib.common.rest_client [req-2cc72351-3f3d-4070-a82e-e9f73ea242dd req-2cc72351-3f3d-4070-a82e-e9f73ea242dd ] Request (ServerAddressesNegativeTestJSON:setUpClass): 200 GET http://10.180.1.21/compute/v2.1/servers/22380aef-c725-43a0-a957-06ced9518c21 0.348s
2024-12-12 08:13:43.217 66387 INFO tempest.lib.common.rest_client [req-0f428208-3461-4747-8782-285f44d00617 req-0f428208-3461-4747-8782-285f44d00617 ] Request (DeleteServersAdminTestJSON:tearDownClass): 204 DELETE http://10.180.1.21:9696/networking/v2.0/security-groups/adb0f7ff-7fba-455e-9e52-46f912175712 0.093s
2024-12-12 08:13:43.323 66387 INFO tempest.lib.common.rest_client [req-0231ede8-e94b-430c-a333-12bfc2a411e1 req-0231ede8-e94b-430c-a333-12bfc2a411e1 ] Request (DeleteServersAdminTestJSON:tearDownClass): 204 DELETE http://10.180.1.21/identity/v3/projects/d305163958824c11ac2477c004662b97 0.105s
2024-12-12 08:13:43.324 66387 INFO tempest.test [-] raised in LiveMigrationRemoteConsolesV26Test.setUpClass. Invoking tearDownClass.
2024-12-12 08:13:43.359 66341 INFO tempest.lib.common.rest_client [req-77454b93-3f15-4824-8029-76272dd44c6c req-77454b93-3f15-4824-8029-76272dd44c6c ] Request (ServerActionsTestJSON:setUpClass): 202 POST http://10.180.1.21/compute/v2.1/servers 0.620s
2024-12-12 08:13:43.385 66349 INFO tempest.lib.common.rest_client [req-08a73af3-d78a-4121-8083-40cbf3f35cb1 req-08a73af3-d78a-4121-8083-40cbf3f35cb1 ] Request (ExtensionsTest:test_get_extension): 200 GET http://10.180.1.21/compute/v2.1/extensions/os-consoles 0.462s
2024-12-12 08:13:43.394 66387 INFO tempest.lib.common.rest_client [req-6b2f50cc-2dd1-49c7-8109-2af113a8d8ec req-6b2f50cc-2dd1-49c7-8109-2af113a8d8ec ] Request (TenantUsagesNegativeTestJSON:setUpClass): 201 POST http://10.180.1.21/identity/v3/auth/tokens 0.068s
2024-12-12 08:13:43.434 66387 INFO tempest.lib.common.rest_client [req-190a5476-3296-49ac-b576-5da822a3d404 req-190a5476-3296-49ac-b576-5da822a3d404 ] Request (TenantUsagesNegativeTestJSON:setUpClass): 201 POST http://10.180.1.21/identity/v3/auth/tokens 0.036s
2024-12-12 08:13:43.444 66353 INFO tempest.lib.common.rest_client [req-25fa8040-7579-4ae7-862d-b85608545baa req-25fa8040-7579-4ae7-862d-b85608545baa ] Request (ServersTestJSON:tearDownClass): 200 GET http://10.180.1.21/compute/v2.1/servers/4c336ad1-8ce6-4f89-843e-0baae0d0dbda 0.501s
2024-12-12 08:13:43.452 66353 INFO tempest.common.waiters [-] State transition "ACTIVE/deleting" ==> "DELETED/None" after 4 second wait
2024-12-12 08:13:43.469 66387 INFO tempest.lib.common.rest_client [req-696f7509-54e9-4ed5-8123-7ac405f3550e req-696f7509-54e9-4ed5-8123-7ac405f3550e ] Request (TenantUsagesNegativeTestJSON:setUpClass): 200 GET http://10.180.1.21/identity/v3/domains?name=Default 0.035s
2024-12-12 08:13:43.478 66383 INFO tempest.lib.common.rest_client [req-49060dd1-7b8a-4575-8663-3af3179492bb req-49060dd1-7b8a-4575-8663-3af3179492bb ] Request (ServersV294TestFqdnHostnames:tearDownClass): 200 GET http://10.180.1.21/compute/v2.1/servers/2b391628-18a2-4606-8c59-58ba642cee50 0.528s
2024-12-12 08:13:43.519 66387 INFO tempest.lib.common.rest_client [req-078442f6-3e21-4344-a55f-0e7bfa840d1b req-078442f6-3e21-4344-a55f-0e7bfa840d1b ] Request (TenantUsagesNegativeTestJSON:setUpClass): 201 POST http://10.180.1.21/identity/v3/projects 0.049s
2024-12-12 08:13:43.523 66365 INFO tempest.lib.common.rest_client [req-051b14e2-e4c5-45c4-99d8-d8debdf40132 req-051b14e2-e4c5-45c4-99d8-d8debdf40132 ] Request (VolumesAssistedSnapshotsTest:tearDownClass): 200 GET http://10.180.1.21/compute/v2.1/servers/91902e7f-8c15-447b-a3a8-04433434b1b6 0.483s
2024-12-12 08:13:43.579 66387 INFO tempest.lib.common.rest_client [req-1263de0f-597c-493c-8534-e66072042c44 req-1263de0f-597c-493c-8534-e66072042c44 ] Request (TenantUsagesNegativeTestJSON:setUpClass): 201 POST http://10.180.1.21/identity/v3/users 0.060s
2024-12-12 08:13:43.598 66369 INFO tempest.lib.common.rest_client [req-71490ff1-6095-48dd-a90d-3b02b278d4a6 req-71490ff1-6095-48dd-a90d-3b02b278d4a6 ] Request (ServersAdminNegativeTestJSON:tearDownClass): 200 GET http://10.180.1.21/compute/v2.1/servers/c8b7568b-ba07-4f65-818b-f84910209361 0.388s
2024-12-12 08:13:43.601 66387 INFO tempest.lib.common.rest_client [req-49e085b7-782e-4a84-b900-473746205b3f req-49e085b7-782e-4a84-b900-473746205b3f ] Request (TenantUsagesNegativeTestJSON:setUpClass): 200 GET http://10.180.1.21/identity/v3/roles 0.021s
2024-12-12 08:13:43.625 66339 INFO tempest.lib.common.rest_client [req-736e04d1-6dab-49c9-b300-64e2c9bda769 req-736e04d1-6dab-49c9-b300-64e2c9bda769 ] Request (FloatingIPsAssociationTestJSON:setUpClass): 200 GET http://10.180.1.21/compute/v2.1/servers/09eefc1a-011b-4d2c-ab75-a1fcee740907 0.424s
2024-12-12 08:13:43.632 66387 INFO tempest.lib.common.rest_client [req-e2dc8997-0c88-4eac-9d15-f384f29cf259 req-e2dc8997-0c88-4eac-9d15-f384f29cf259 ] Request (TenantUsagesNegativeTestJSON:setUpClass): 204 PUT http://10.180.1.21/identity/v3/projects/345cb083150346559cd61f6018398912/users/54f65a6ae7af492395d226de7e758bab/roles/b5ab3d46236945eb9c84cd8314b81899 0.031s
2024-12-12 08:13:43.632 66339 INFO tempest.common.waiters [-] State transition "BUILD/spawning" ==> "ACTIVE/None" after 111 second wait
2024-12-12 08:13:43.632 66387 INFO tempest.lib.common.dynamic_creds [-] Dynamic test user 54f65a6ae7af492395d226de7e758bab is created with scope project and roles: ['member']
2024-12-12 08:13:43.633 66387 INFO tempest.lib.common.dynamic_creds [-] Acquired dynamic creds: credentials: Credentials: {'domain_id': 'default', 'domain_name': 'Default', 'username': 'tempest-TenantUsagesNegativeTestJSON-1707684129-project-member', 'project_domain_id': 'default', 'project_domain_name': 'Default', 'project_id': '345cb083150346559cd61f6018398912', 'project_name': 'tempest-TenantUsagesNegativeTestJSON-1707684129', 'tenant_id': '345cb083150346559cd61f6018398912', 'tenant_name': 'tempest-TenantUsagesNegativeTestJSON-1707684129', 'user_domain_id': 'default', 'user_domain_name': 'Default', 'user_id': '54f65a6ae7af492395d226de7e758bab', 'system': None}, Network: None, Subnet: None, Router: None
2024-12-12 08:13:43.633 66387 INFO tempest.lib.common.dynamic_creds [-] Created isolated network resources for: credentials: Credentials: {'domain_id': 'default', 'domain_name': 'Default', 'username': 'tempest-TenantUsagesNegativeTestJSON-1707684129-project-member', 'project_domain_id': 'default', 'project_domain_name': 'Default', 'project_id': '345cb083150346559cd61f6018398912', 'project_name': 'tempest-TenantUsagesNegativeTestJSON-1707684129', 'tenant_id': '345cb083150346559cd61f6018398912', 'tenant_name': 'tempest-TenantUsagesNegativeTestJSON-1707684129', 'user_domain_id': 'default', 'user_domain_name': 'Default', 'user_id': '54f65a6ae7af492395d226de7e758bab', 'system': None}, Network: None, Subnet: None, Router: None
2024-12-12 08:13:43.636 66395 INFO tempest.lib.common.rest_client [req-1630813c-645e-453f-82d0-37c0d4917995 req-1630813c-645e-453f-82d0-37c0d4917995 ] Request (ListImageFiltersTestJSON:setUpClass): 200 GET http://10.180.1.21/compute/v2.1/images/59def757-f227-4fcd-966f-6e6296b8e4b8 0.373s
2024-12-12 08:13:43.697 66359 INFO tempest.lib.common.rest_client [req-687e9b5b-c639-4f90-aeee-45517bb0623d req-687e9b5b-c639-4f90-aeee-45517bb0623d ] Request (ServersWithSpecificFlavorTestJSON:test_verify_created_server_ephemeral_disk): 200 GET http://10.180.1.21/compute/v2.1/servers/f0925a44-c15b-4415-99bc-1b2366292fe4 0.349s
2024-12-12 08:13:43.698 66341 INFO tempest.lib.common.rest_client [req-c5418a67-f95c-4292-ab12-2ee182cfc9dd req-c5418a67-f95c-4292-ab12-2ee182cfc9dd ] Request (ServerActionsTestJSON:setUpClass): 200 GET http://10.180.1.21/compute/v2.1/servers/8b20b91d-d4e7-4ec2-88ec-76b444a8d8a8 0.337s
2024-12-12 08:13:43.711 66349 INFO tempest.lib.common.rest_client [req-868743ca-aa97-42fb-a8f4-c18d997d41e9 req-868743ca-aa97-42fb-a8f4-c18d997d41e9 ] Request (ExtensionsTest:test_list_extensions): 200 GET http://10.180.1.21/compute/v2.1/extensions 0.325s
2024-12-12 08:13:43.712 66387 INFO tempest.lib.common.rest_client [req-bc2a2ccb-7194-4f12-b61b-a7fff24e5c61 req-bc2a2ccb-7194-4f12-b61b-a7fff24e5c61 ] Request (TenantUsagesNegativeTestJSON:setUpClass): 201 POST http://10.180.1.21/identity/v3/auth/tokens 0.075s
2024-12-12 08:13:43.760 66391 INFO tempest.lib.common.rest_client [req-3d84ad21-ec26-4024-9d69-be79a2694f3c req-3d84ad21-ec26-4024-9d69-be79a2694f3c ] Request (ServerDiskConfigTestJSON:test_rebuild_server_with_manual_disk_config): 200 GET http://10.180.1.21/compute/v2.1/servers/302edcd3-bd6e-41da-b731-4d4c1bb5c3c1 0.328s
2024-12-12 08:13:43.786 66387 INFO tempest.lib.common.rest_client [req-495d5e7f-17cb-4c2b-92b2-3734c4b49a51 req-495d5e7f-17cb-4c2b-92b2-3734c4b49a51 ] Request (TenantUsagesNegativeTestJSON:setUpClass): 201 POST http://10.180.1.21/identity/v3/projects 0.074s
2024-12-12 08:13:43.813 66345 INFO tempest.lib.common.rest_client [req-0c326e1b-356c-4b6a-8c03-cc57f19df17d req-0c326e1b-356c-4b6a-8c03-cc57f19df17d ] Request (MigrationsAdminTest:test_resize_server_revert_deleted_flavor): 200 GET http://10.180.1.21/compute/v2.1/servers/a1551278-a306-4534-8d8d-3b3a003dde04 0.309s
2024-12-12 08:13:43.822 66397 INFO tempest.lib.common.rest_client [req-d218ce7d-8f67-4427-b4c4-dd2a4079e5a7 req-d218ce7d-8f67-4427-b4c4-dd2a4079e5a7 ] Request (InstanceActionsTestJSON:setUpClass): 200 GET http://10.180.1.21/compute/v2.1/servers/f19c860f-736a-4783-8ef5-8262040e53a3 0.382s
2024-12-12 08:13:43.840 66349 INFO tempest.lib.common.rest_client [req-f91797e7-10a2-4fca-aead-6174aaf0a4ec req-f91797e7-10a2-4fca-aead-6174aaf0a4ec ] Request (ExtensionsTest:tearDownClass): 204 DELETE http://10.180.1.21/identity/v3/users/149f52c7b6904f74b7f9e7e73bcdc0ab 0.113s
2024-12-12 08:13:43.840 66349 INFO tempest.lib.common.dynamic_creds [-] Deleting project and security group for project: e7baf4e675d64f46a988e6670d879d8f
2024-12-12 08:13:43.867 66355 INFO tempest.lib.common.rest_client [req-06346237-4553-4ad9-a086-27d6e26f1631 req-06346237-4553-4ad9-a086-27d6e26f1631 ] Request (ListServerFiltersTestJSON:setUpClass): 200 GET http://10.180.1.21/compute/v2.1/servers/24cb49c8-b2ef-4ede-aea6-6e34081beca1 0.318s
2024-12-12 08:13:43.883 66351 INFO tempest.lib.common.rest_client [req-5a18ca88-5339-4e5b-a667-f4fc13b713fd req-5a18ca88-5339-4e5b-a667-f4fc13b713fd ] Request (ServerActionsTestOtherA:test_rebuild_server_in_stop_state): 200 GET http://10.180.1.21/compute/v2.1/servers/80ef3fd4-b9ef-4fd2-a991-feec78a0c81d 0.307s
2024-12-12 08:13:43.891 66387 INFO tempest.lib.common.rest_client [req-89cbc1ea-5da3-4ceb-a0af-025b25a00fd6 req-89cbc1ea-5da3-4ceb-a0af-025b25a00fd6 ] Request (TenantUsagesNegativeTestJSON:setUpClass): 201 POST http://10.180.1.21/identity/v3/users 0.104s
2024-12-12 08:13:43.911 66349 INFO tempest.lib.common.rest_client [req-f939082b-3713-4a4a-a284-94f775e8f7a5 req-f939082b-3713-4a4a-a284-94f775e8f7a5 ] Request (ExtensionsTest:tearDownClass): 201 POST http://10.180.1.21/identity/v3/auth/tokens 0.070s
2024-12-12 08:13:43.944 66381 INFO tempest.lib.common.rest_client [req-3f27a6f2-0812-4f41-8dc7-c1380535f318 req-3f27a6f2-0812-4f41-8dc7-c1380535f318 ] Request (SecurityGroupsTestJSON:test_server_security_groups): 200 GET http://10.180.1.21/compute/v2.1/servers/ad374dd9-a92d-4b76-9609-7562346e05a8 0.304s
2024-12-12 08:13:43.954 66387 INFO tempest.lib.common.rest_client [req-fb458ba9-4c50-4c5b-a2e4-e66d5d4d474f req-fb458ba9-4c50-4c5b-a2e4-e66d5d4d474f ] Request (TenantUsagesNegativeTestJSON:setUpClass): 200 GET http://10.180.1.21/identity/v3/roles 0.062s
2024-12-12 08:13:43.982 66387 INFO tempest.lib.common.rest_client [req-6896e9d7-7718-40e9-9c19-25dc39f14b61 req-6896e9d7-7718-40e9-9c19-25dc39f14b61 ] Request (TenantUsagesNegativeTestJSON:setUpClass): 204 PUT http://10.180.1.21/identity/v3/projects/b007b770aecb410ca5f8bf6e8f1292a3/users/17497d50a8b64b2cba216f7c1c351428/roles/1e60793d0a2a439ab760e7bede9bb722 0.027s
2024-12-12 08:13:44.034 66363 INFO tempest.lib.common.rest_client [req-2113b166-d6d6-4d94-97b9-715bd0721883 req-2113b166-d6d6-4d94-97b9-715bd0721883 ] Request (ListServersNegativeTestJSON:tearDownClass): 200 GET http://10.180.1.21/compute/v2.1/servers/56790738-4759-468a-9f43-f9c2bc2de23a 0.343s
2024-12-12 08:13:44.047 66387 INFO tempest.lib.common.rest_client [req-f0d7b85a-6dec-4a35-aa2d-9671a7eaef2b req-f0d7b85a-6dec-4a35-aa2d-9671a7eaef2b ] Request (TenantUsagesNegativeTestJSON:setUpClass): 200 GET http://10.180.1.21/identity/v3/roles 0.065s
2024-12-12 08:13:44.075 66387 INFO tempest.lib.common.rest_client [req-452c13be-c849-413a-9b6b-416eac4d2141 req-452c13be-c849-413a-9b6b-416eac4d2141 ] Request (TenantUsagesNegativeTestJSON:setUpClass): 204 PUT http://10.180.1.21/identity/v3/projects/b007b770aecb410ca5f8bf6e8f1292a3/users/17497d50a8b64b2cba216f7c1c351428/roles/1e60793d0a2a439ab760e7bede9bb722 0.027s
2024-12-12 08:13:44.079 66387 INFO tempest.lib.common.dynamic_creds [-] Dynamic test user 17497d50a8b64b2cba216f7c1c351428 is created with scope project and roles: ['admin']
2024-12-12 08:13:44.079 66387 INFO tempest.lib.common.dynamic_creds [-] Acquired dynamic creds: credentials: Credentials: {'domain_id': 'default', 'domain_name': 'Default', 'username': 'tempest-TenantUsagesNegativeTestJSON-720914159-project-admin', 'project_domain_id': 'default', 'project_domain_name': 'Default', 'project_id': 'b007b770aecb410ca5f8bf6e8f1292a3', 'project_name': 'tempest-TenantUsagesNegativeTestJSON-720914159', 'tenant_id': 'b007b770aecb410ca5f8bf6e8f1292a3', 'tenant_name': 'tempest-TenantUsagesNegativeTestJSON-720914159', 'user_domain_id': 'default', 'user_domain_name': 'Default', 'user_id': '17497d50a8b64b2cba216f7c1c351428', 'system': None}, Network: None, Subnet: None, Router: None
2024-12-12 08:13:44.079 66387 INFO tempest.lib.common.dynamic_creds [-] Created isolated network resources for: credentials: Credentials: {'domain_id': 'default', 'domain_name': 'Default', 'username': 'tempest-TenantUsagesNegativeTestJSON-720914159-project-admin', 'project_domain_id': 'default', 'project_domain_name': 'Default', 'project_id': 'b007b770aecb410ca5f8bf6e8f1292a3', 'project_name': 'tempest-TenantUsagesNegativeTestJSON-720914159', 'tenant_id': 'b007b770aecb410ca5f8bf6e8f1292a3', 'tenant_name': 'tempest-TenantUsagesNegativeTestJSON-720914159', 'user_domain_id': 'default', 'user_domain_name': 'Default', 'user_id': '17497d50a8b64b2cba216f7c1c351428', 'system': None}, Network: None, Subnet: None, Router: None
2024-12-12 08:13:44.084 66379 INFO tempest.lib.common.rest_client [req-14ae4a27-405a-4a48-85cf-8e916da9427d req-14ae4a27-405a-4a48-85cf-8e916da9427d ] Request (ImagesTestJSON:test_create_image_from_suspended_server): 200 GET http://10.180.1.21/compute/v2.1/images/5bc9589c-1176-4ec2-9bd9-420d0963e893 0.360s
2024-12-12 08:13:44.133 66349 INFO tempest.lib.common.rest_client [req-ab830c0b-09a0-4ba6-9446-9636d8af927c req-ab830c0b-09a0-4ba6-9446-9636d8af927c ] Request (ExtensionsTest:tearDownClass): 200 GET http://10.180.1.21:9696/networking/v2.0/security-groups?tenant_id=e7baf4e675d64f46a988e6670d879d8f&name=default 0.222s
2024-12-12 08:13:44.175 66343 INFO tempest.lib.common.rest_client [req-98f7bba3-a21a-4d8a-8de8-07e404915620 req-98f7bba3-a21a-4d8a-8de8-07e404915620 ] Request (ServersTestMultiNic:_run_cleanups): 200 GET http://10.180.1.21/compute/v2.1/servers/cfefa7c8-4986-4ad0-ac20-8784ee44a737 0.418s
2024-12-12 08:13:44.178 66387 INFO tempest.lib.common.rest_client [req-89b51270-749f-418b-bdf8-f4806023681a req-89b51270-749f-418b-bdf8-f4806023681a ] Request (TenantUsagesNegativeTestJSON:setUpClass): 201 POST http://10.180.1.21/identity/v3/auth/tokens 0.096s
2024-12-12 08:13:44.241 66375 INFO tempest.lib.common.rest_client [req-a74fed49-f657-4593-aa62-b88fbda950ab req-a74fed49-f657-4593-aa62-b88fbda950ab ] Request (DeleteServersTestJSON:test_delete_server_while_in_attached_volume): 200 GET http://10.180.1.21/compute/v2.1/servers/d8780c40-0099-4ccc-84ae-72fbb14fa1ee 0.432s
2024-12-12 08:13:44.243 66349 INFO tempest.lib.common.rest_client [req-42b116dd-ab3f-4991-a6c4-533b3a964692 req-42b116dd-ab3f-4991-a6c4-533b3a964692 ] Request (ExtensionsTest:tearDownClass): 204 DELETE http://10.180.1.21:9696/networking/v2.0/security-groups/c7f78b19-e3ae-42f1-8c8e-e147fa89667d 0.109s
2024-12-12 08:13:44.306 66401 INFO tempest.lib.common.rest_client [req-175ddc9d-08e4-4061-9aa2-7ed11e2dd8e3 req-175ddc9d-08e4-4061-9aa2-7ed11e2dd8e3 ] Request (ServersAdminTestJSON:test_inject_network_info): 200 GET http://10.180.1.21/compute/v2.1/servers/dac173ff-1807-405f-a59c-bb2efef62a0c 0.470s
2024-12-12 08:13:44.365 66349 INFO tempest.lib.common.rest_client [req-f680afd0-5d26-408a-b4b6-6bcb34f65491 req-f680afd0-5d26-408a-b4b6-6bcb34f65491 ] Request (ExtensionsTest:tearDownClass): 204 DELETE http://10.180.1.21/identity/v3/projects/e7baf4e675d64f46a988e6670d879d8f 0.121s
2024-12-12 08:13:44.373 66389 INFO tempest.lib.common.rest_client [req-802a1427-69b6-4a34-bd66-4e69d9fdbc5e req-802a1427-69b6-4a34-bd66-4e69d9fdbc5e ] Request (ImagesOneServerTestJSON:setUpClass): 200 GET http://10.180.1.21/compute/v2.1/servers/4e3dee19-b99a-4257-88da-1b0531e2c0f9 0.498s
2024-12-12 08:13:44.435 66377 INFO tempest.lib.common.rest_client [req-189b67bf-9f06-4567-b47b-1e7c20949e0a req-189b67bf-9f06-4567-b47b-1e7c20949e0a ] Request (ServersTestBootFromVolume:setUpClass): 200 GET http://10.180.1.21/compute/v2.1/servers/765cf18e-53a0-4cc6-ad0e-337a6f68915c 0.515s
2024-12-12 08:13:44.715 66361 INFO tempest.lib.common.rest_client [req-c1ebf47b-e380-447d-807c-e6229845232f req-c1ebf47b-e380-447d-807c-e6229845232f ] Request (ImagesNegativeTestJSON:test_create_image_from_deleted_server): 200 GET http://10.180.1.21/compute/v2.1/servers/1b4efc0f-474f-4a32-b199-c14f27b183e2 0.726s
2024-12-12 08:13:44.917 66387 INFO tempest.lib.common.rest_client [req-bee1fe81-d481-4db5-9b2c-4b3db0d30cb0 req-bee1fe81-d481-4db5-9b2c-4b3db0d30cb0 ] Request (TenantUsagesNegativeTestJSON:test_get_usage_tenant_with_empty_tenant_id): 404 GET http://10.180.1.21/compute/v2.1/os-simple-tenant-usage/?start=2024-12-11T08%3A13%3A44.179317&end=2024-12-13T08%3A13%3A44.179317 0.736s
2024-12-12 08:13:44.918 66387 WARNING tempest.lib.common.rest_client [-] Deprecated: "tenant_id" property is deprecated for removal, use "project_id" instead
2024-12-12 08:13:45.089 66339 INFO tempest.lib.common.rest_client [req-a4d3fbb2-dcec-4fda-86db-f7c51edc25d3 req-a4d3fbb2-dcec-4fda-86db-f7c51edc25d3 ] Request (FloatingIPsAssociationTestJSON:setUpClass): 200 POST http://10.180.1.21/compute/v2.1/os-floating-ips 1.456s
2024-12-12 08:13:45.105 66367 INFO tempest.lib.common.rest_client [req-1c665c16-6b7a-46d6-9c2c-45ecd0496db3 req-1c665c16-6b7a-46d6-9c2c-45ecd0496db3 ] Request (ServerAddressesNegativeTestJSON:setUpClass): 200 GET http://10.180.1.21/compute/v2.1/servers/22380aef-c725-43a0-a957-06ced9518c21 0.907s
2024-12-12 08:13:45.169 66339 INFO tempest.lib.common.rest_client [req-396bec42-e555-407f-bdfb-bfdff5e956b6 req-396bec42-e555-407f-bdfb-bfdff5e956b6 ] Request (FloatingIPsAssociationTestJSON:test_associate_already_associated_floating_ip): 201 POST http://10.180.1.21/identity/v3/auth/tokens 0.073s
2024-12-12 08:13:45.169 66339 INFO tempest.lib.common.fixed_network [-] (FloatingIPsAssociationTestJSON:test_associate_already_associated_floating_ip) Found network {'id': 'ca655458-a420-4494-a897-206c445e8893', 'name': 'tempest-FloatingIPsAssociationTestJSON-2085945802-network', 'tenant_id': '08ccb6256cb446e1837e04580892a31a', 'admin_state_up': True, 'mtu': 8950, 'status': 'ACTIVE', 'subnets': [], 'shared': False, 'project_id': '08ccb6256cb446e1837e04580892a31a', 'port_security_enabled': True, 'router:external': False, 'provider:network_type': 'vlan', 'provider:physical_network': 'default', 'provider:segmentation_id': 564, 'availability_zone_hints': [], 'availability_zones': [], 'ipv4_address_scope': None, 'ipv6_address_scope': None, 'description': '', 'tags': [], 'created_at': '2024-12-12T08:11:48Z', 'updated_at': '2024-12-12T08:11:48Z', 'revision_number': 1} available for tenant
2024-12-12 08:13:45.182 66353 INFO tempest.lib.common.rest_client [req-ae099603-0ec9-44cd-9922-cdab36934bb2 req-ae099603-0ec9-44cd-9922-cdab36934bb2 ] Request (ServersTestJSON:tearDownClass): 200 GET http://10.180.1.21/compute/v2.1/servers/4c336ad1-8ce6-4f89-843e-0baae0d0dbda 0.729s
2024-12-12 08:13:45.189 66383 INFO tempest.lib.common.rest_client [req-6114f3e9-4b5a-4387-813d-590ffdd4bebe req-6114f3e9-4b5a-4387-813d-590ffdd4bebe ] Request (ServersV294TestFqdnHostnames:tearDownClass): 200 GET http://10.180.1.21/compute/v2.1/servers/2b391628-18a2-4606-8c59-58ba642cee50 0.698s
2024-12-12 08:13:45.265 66365 INFO tempest.lib.common.rest_client [req-9cfc359c-40eb-463e-8348-1a0b07b039dc req-9cfc359c-40eb-463e-8348-1a0b07b039dc ] Request (VolumesAssistedSnapshotsTest:tearDownClass): 200 GET http://10.180.1.21/compute/v2.1/servers/91902e7f-8c15-447b-a3a8-04433434b1b6 0.735s
2024-12-12 08:13:45.267 66369 INFO tempest.lib.common.rest_client [req-df108059-ea0c-4c58-8b72-04040680de09 req-df108059-ea0c-4c58-8b72-04040680de09 ] Request (ServersAdminNegativeTestJSON:tearDownClass): 200 GET http://10.180.1.21/compute/v2.1/servers/c8b7568b-ba07-4f65-818b-f84910209361 0.657s
2024-12-12 08:13:45.303 66395 INFO tempest.lib.common.rest_client [req-ded90179-f16e-4f4b-925d-d4428cabc707 req-ded90179-f16e-4f4b-925d-d4428cabc707 ] Request (ListImageFiltersTestJSON:setUpClass): 200 GET http://10.180.1.21/compute/v2.1/images/59def757-f227-4fcd-966f-6e6296b8e4b8 0.664s
2024-12-12 08:13:45.324 66341 INFO tempest.lib.common.rest_client [req-b12374e1-4674-4b56-a221-8365998ed532 req-b12374e1-4674-4b56-a221-8365998ed532 ] Request (ServerActionsTestJSON:setUpClass): 200 GET http://10.180.1.21/compute/v2.1/servers/8b20b91d-d4e7-4ec2-88ec-76b444a8d8a8 0.618s
2024-12-12 08:13:45.360 66359 INFO tempest.lib.common.rest_client [req-4a17416e-8326-4faf-925c-d5ae35dfd6e9 req-4a17416e-8326-4faf-925c-d5ae35dfd6e9 ] Request (ServersWithSpecificFlavorTestJSON:test_verify_created_server_ephemeral_disk): 200 GET http://10.180.1.21/compute/v2.1/servers/f0925a44-c15b-4415-99bc-1b2366292fe4 0.654s
2024-12-12 08:13:45.381 66391 INFO tempest.lib.common.rest_client [req-a6d46d43-3020-4e52-bd8a-7b2b8bcddc01 req-a6d46d43-3020-4e52-bd8a-7b2b8bcddc01 ] Request (ServerDiskConfigTestJSON:test_rebuild_server_with_manual_disk_config): 200 GET http://10.180.1.21/compute/v2.1/servers/302edcd3-bd6e-41da-b731-4d4c1bb5c3c1 0.612s
2024-12-12 08:13:45.422 66345 INFO tempest.lib.common.rest_client [req-85848063-f748-4aaa-8bb7-ab469a66d567 req-85848063-f748-4aaa-8bb7-ab469a66d567 ] Request (MigrationsAdminTest:test_resize_server_revert_deleted_flavor): 200 GET http://10.180.1.21/compute/v2.1/servers/a1551278-a306-4534-8d8d-3b3a003dde04 0.598s
2024-12-12 08:13:45.480 66355 INFO tempest.lib.common.rest_client [req-267b0b70-18ac-4c63-b7db-d06c32fffff2 req-267b0b70-18ac-4c63-b7db-d06c32fffff2 ] Request (ListServerFiltersTestJSON:setUpClass): 200 GET http://10.180.1.21/compute/v2.1/servers/24cb49c8-b2ef-4ede-aea6-6e34081beca1 0.604s
2024-12-12 08:13:45.503 66397 INFO tempest.lib.common.rest_client [req-63bdc591-7447-4e26-a186-3f6054fc0082 req-63bdc591-7447-4e26-a186-3f6054fc0082 ] Request (InstanceActionsTestJSON:setUpClass): 200 GET http://10.180.1.21/compute/v2.1/servers/f19c860f-736a-4783-8ef5-8262040e53a3 0.673s
2024-12-12 08:13:45.512 66387 INFO tempest.lib.common.rest_client [req-e93392fc-8c10-460e-8c9c-40ebbd3228a0 req-e93392fc-8c10-460e-8c9c-40ebbd3228a0 ] Request (TenantUsagesNegativeTestJSON:test_get_usage_tenant_with_invalid_date): 400 GET http://10.180.1.21/compute/v2.1/os-simple-tenant-usage/345cb083150346559cd61f6018398912?start=2024-12-13T08%3A13%3A44.179317&end=2024-12-11T08%3A13%3A44.179317 0.593s
2024-12-12 08:13:45.533 66351 INFO tempest.lib.common.rest_client [req-80382ed0-d79a-4d8b-9c8a-16a6c2724026 req-80382ed0-d79a-4d8b-9c8a-16a6c2724026 ] Request (ServerActionsTestOtherA:test_rebuild_server_in_stop_state): 200 GET http://10.180.1.21/compute/v2.1/servers/80ef3fd4-b9ef-4fd2-a991-feec78a0c81d 0.643s
2024-12-12 08:13:45.567 66381 INFO tempest.lib.common.rest_client [req-953dac5b-56dd-44e9-b445-f5d79626ec19 req-953dac5b-56dd-44e9-b445-f5d79626ec19 ] Request (SecurityGroupsTestJSON:test_server_security_groups): 200 GET http://10.180.1.21/compute/v2.1/servers/ad374dd9-a92d-4b76-9609-7562346e05a8 0.616s
2024-12-12 08:13:45.589 66363 INFO tempest.lib.common.rest_client [req-21162f49-6096-431b-bcf9-9906ea64b111 req-21162f49-6096-431b-bcf9-9906ea64b111 ] Request (ListServersNegativeTestJSON:tearDownClass): 200 GET http://10.180.1.21/compute/v2.1/servers/56790738-4759-468a-9f43-f9c2bc2de23a 0.547s
2024-12-12 08:13:45.596 66379 INFO tempest.lib.common.rest_client [req-db3752dc-0b3d-47c4-8ea3-a62c33e89af5 req-db3752dc-0b3d-47c4-8ea3-a62c33e89af5 ] Request (ImagesTestJSON:test_create_image_from_suspended_server): 200 GET http://10.180.1.21/compute/v2.1/images/5bc9589c-1176-4ec2-9bd9-420d0963e893 0.505s
2024-12-12 08:13:45.664 66343 INFO tempest.lib.common.rest_client [req-8647780d-0e97-4fbe-a57b-0cfca3aedf39 req-8647780d-0e97-4fbe-a57b-0cfca3aedf39 ] Request (ServersTestMultiNic:_run_cleanups): 200 GET http://10.180.1.21/compute/v2.1/servers/cfefa7c8-4986-4ad0-ac20-8784ee44a737 0.482s
2024-12-12 08:13:45.719 66375 INFO tempest.lib.common.rest_client [req-9dc34a1e-ec16-4b9b-a959-0f36813d9583 req-9dc34a1e-ec16-4b9b-a959-0f36813d9583 ] Request (DeleteServersTestJSON:test_delete_server_while_in_attached_volume): 200 GET http://10.180.1.21/compute/v2.1/servers/d8780c40-0099-4ccc-84ae-72fbb14fa1ee 0.466s
2024-12-12 08:13:45.772 66401 INFO tempest.lib.common.rest_client [req-3f8e7dfa-2b0f-47c1-9489-a6b9964ac858 req-3f8e7dfa-2b0f-47c1-9489-a6b9964ac858 ] Request (ServersAdminTestJSON:test_inject_network_info): 200 GET http://10.180.1.21/compute/v2.1/servers/dac173ff-1807-405f-a59c-bb2efef62a0c 0.456s
2024-12-12 08:13:45.825 66389 INFO tempest.lib.common.rest_client [req-0f573878-9411-49fc-ba7e-bf8eec3709df req-0f573878-9411-49fc-ba7e-bf8eec3709df ] Request (ImagesOneServerTestJSON:setUpClass): 200 GET http://10.180.1.21/compute/v2.1/servers/4e3dee19-b99a-4257-88da-1b0531e2c0f9 0.444s
2024-12-12 08:13:45.874 66377 INFO tempest.lib.common.rest_client [req-09a7952d-59fd-41d4-ab41-5a9273ebf5f7 req-09a7952d-59fd-41d4-ab41-5a9273ebf5f7 ] Request (ServersTestBootFromVolume:setUpClass): 200 GET http://10.180.1.21/compute/v2.1/servers/765cf18e-53a0-4cc6-ad0e-337a6f68915c 0.430s
2024-12-12 08:13:45.880 66377 INFO tempest.common.waiters [-] State transition "BUILD/scheduling" ==> "BUILD/None" after 61 second wait
2024-12-12 08:13:45.891 66339 INFO tempest.lib.common.rest_client [req-b3ee3a4d-b7fb-4e51-adc1-0f63f32d64f4 req-b3ee3a4d-b7fb-4e51-adc1-0f63f32d64f4 ] Request (FloatingIPsAssociationTestJSON:test_associate_already_associated_floating_ip): 202 POST http://10.180.1.21/compute/v2.1/servers 0.722s
2024-12-12 08:13:45.939 66387 INFO tempest.lib.common.rest_client [req-5eda19ce-3d63-4319-87a3-e764c02ee6f7 req-5eda19ce-3d63-4319-87a3-e764c02ee6f7 ] Request (TenantUsagesNegativeTestJSON:test_list_usage_all_tenants_with_non_admin_user): 403 GET http://10.180.1.21/compute/v2.1/os-simple-tenant-usage?start=2024-12-11T08%3A13%3A44.179317&end=2024-12-13T08%3A13%3A44.179317&detailed=1 0.424s
2024-12-12 08:13:45.941 66361 INFO tempest.lib.common.rest_client [req-bea86fa5-bd81-4b04-aa24-52b943b9efde req-bea86fa5-bd81-4b04-aa24-52b943b9efde ] Request (ImagesNegativeTestJSON:test_create_image_from_deleted_server): 200 GET http://10.180.1.21/compute/v2.1/servers/1b4efc0f-474f-4a32-b199-c14f27b183e2 0.216s
2024-12-12 08:13:45.978 66339 INFO tempest.lib.common.rest_client [req-e3415217-66e7-478c-91bd-9c591fc8b7f2 req-e3415217-66e7-478c-91bd-9c591fc8b7f2 ] Request (FloatingIPsAssociationTestJSON:test_associate_already_associated_floating_ip): 200 GET http://10.180.1.21/compute/v2.1/servers/9ac3344d-219a-487f-b83f-96c17cd86dad 0.085s
2024-12-12 08:13:46.047 66387 INFO tempest.lib.common.rest_client [req-11faa701-b850-497b-9c74-8f54b8e96948 req-11faa701-b850-497b-9c74-8f54b8e96948 ] Request (TenantUsagesNegativeTestJSON:tearDownClass): 204 DELETE http://10.180.1.21/identity/v3/users/54f65a6ae7af492395d226de7e758bab 0.105s
2024-12-12 08:13:46.126 66357 WARNING tempest.lib.common.ssh [-] Failed to establish authenticated ssh connection to cirros@10.180.180.150 ([Errno None] Unable to connect to port 22 on 10.180.180.150). Number attempts: 4. Retry after 5 seconds.: paramiko.ssh_exception.NoValidConnectionsError: [Errno None] Unable to connect to port 22 on 10.180.180.150
2024-12-12 08:13:46.129 66387 INFO tempest.lib.common.rest_client [req-8d248834-32bc-4738-bb15-b6838b4bc8fb req-8d248834-32bc-4738-bb15-b6838b4bc8fb ] Request (TenantUsagesNegativeTestJSON:tearDownClass): 204 DELETE http://10.180.1.21/identity/v3/users/17497d50a8b64b2cba216f7c1c351428 0.082s
2024-12-12 08:13:46.130 66387 INFO tempest.lib.common.dynamic_creds [-] Deleting project and security group for project: b007b770aecb410ca5f8bf6e8f1292a3
2024-12-12 08:13:46.185 66387 INFO tempest.lib.common.rest_client [req-02040926-d15d-4ade-b94a-630cc7980add req-02040926-d15d-4ade-b94a-630cc7980add ] Request (TenantUsagesNegativeTestJSON:tearDownClass): 201 POST http://10.180.1.21/identity/v3/auth/tokens 0.055s
2024-12-12 08:13:46.236 66367 INFO tempest.lib.common.rest_client [req-15dc6011-844c-4674-b533-ed309451ba47 req-15dc6011-844c-4674-b533-ed309451ba47 ] Request (ServerAddressesNegativeTestJSON:setUpClass): 200 GET http://10.180.1.21/compute/v2.1/servers/22380aef-c725-43a0-a957-06ced9518c21 0.124s
2024-12-12 08:13:46.254 66353 INFO tempest.lib.common.rest_client [req-a27d73a8-1dfa-4ea4-8a34-941ea883d47a req-a27d73a8-1dfa-4ea4-8a34-941ea883d47a ] Request (ServersTestJSON:tearDownClass): 200 GET http://10.180.1.21/compute/v2.1/servers/4c336ad1-8ce6-4f89-843e-0baae0d0dbda 0.063s
2024-12-12 08:13:46.300 66383 INFO tempest.lib.common.rest_client [req-429e1017-6fd7-478b-8878-375a360815fb req-429e1017-6fd7-478b-8878-375a360815fb ] Request (ServersV294TestFqdnHostnames:tearDownClass): 200 GET http://10.180.1.21/compute/v2.1/servers/2b391628-18a2-4606-8c59-58ba642cee50 0.102s
2024-12-12 08:13:46.332 66365 INFO tempest.lib.common.rest_client [req-10978138-ea6c-4a27-8c2d-644dcf0e97c3 req-10978138-ea6c-4a27-8c2d-644dcf0e97c3 ] Request (VolumesAssistedSnapshotsTest:tearDownClass): 200 GET http://10.180.1.21/compute/v2.1/servers/91902e7f-8c15-447b-a3a8-04433434b1b6 0.059s
2024-12-12 08:13:46.341 66387 INFO tempest.lib.common.rest_client [req-e18fbf03-7bb9-4d51-9241-201ca2a65ab9 req-e18fbf03-7bb9-4d51-9241-201ca2a65ab9 ] Request (TenantUsagesNegativeTestJSON:tearDownClass): 200 GET http://10.180.1.21:9696/networking/v2.0/security-groups?tenant_id=b007b770aecb410ca5f8bf6e8f1292a3&name=default 0.155s
2024-12-12 08:13:46.354 66369 INFO tempest.lib.common.rest_client [req-0779852a-50f6-4854-a49d-111a0b56aac1 req-0779852a-50f6-4854-a49d-111a0b56aac1 ] Request (ServersAdminNegativeTestJSON:tearDownClass): 200 GET http://10.180.1.21/compute/v2.1/servers/c8b7568b-ba07-4f65-818b-f84910209361 0.080s
2024-12-12 08:13:46.366 66395 INFO tempest.lib.common.rest_client [req-a16dcb41-01af-4ede-bb48-0a1c183b7d45 req-a16dcb41-01af-4ede-bb48-0a1c183b7d45 ] Request (ListImageFiltersTestJSON:setUpClass): 200 GET http://10.180.1.21/compute/v2.1/images/59def757-f227-4fcd-966f-6e6296b8e4b8 0.059s
2024-12-12 08:13:46.427 66341 INFO tempest.lib.common.rest_client [req-15bcc4bf-96ce-43d6-9fc0-a90ad424e8c7 req-15bcc4bf-96ce-43d6-9fc0-a90ad424e8c7 ] Request (ServerActionsTestJSON:setUpClass): 200 GET http://10.180.1.21/compute/v2.1/servers/8b20b91d-d4e7-4ec2-88ec-76b444a8d8a8 0.092s
2024-12-12 08:13:46.435 66359 INFO tempest.lib.common.rest_client [req-ca5cb9f5-2b04-4beb-a42f-44cd664fe266 req-ca5cb9f5-2b04-4beb-a42f-44cd664fe266 ] Request (ServersWithSpecificFlavorTestJSON:test_verify_created_server_ephemeral_disk): 200 GET http://10.180.1.21/compute/v2.1/servers/f0925a44-c15b-4415-99bc-1b2366292fe4 0.069s
2024-12-12 08:13:46.435 66387 INFO tempest.lib.common.rest_client [req-7894554a-65c3-4995-8f7f-7f267ef69a7d req-7894554a-65c3-4995-8f7f-7f267ef69a7d ] Request (TenantUsagesNegativeTestJSON:tearDownClass): 204 DELETE http://10.180.1.21:9696/networking/v2.0/security-groups/66d622a1-e0cd-4da2-b4ab-c90b9b94585d 0.093s
2024-12-12 08:13:46.490 66391 INFO tempest.lib.common.rest_client [req-e1ad8c3f-3cf9-4623-8ab1-b8144d9175e5 req-e1ad8c3f-3cf9-4623-8ab1-b8144d9175e5 ] Request (ServerDiskConfigTestJSON:test_rebuild_server_with_manual_disk_config): 200 GET http://10.180.1.21/compute/v2.1/servers/302edcd3-bd6e-41da-b731-4d4c1bb5c3c1 0.099s
2024-12-12 08:13:46.514 66345 INFO tempest.lib.common.rest_client [req-f8288dae-e1ec-415d-a3a7-347690a6f897 req-f8288dae-e1ec-415d-a3a7-347690a6f897 ] Request (MigrationsAdminTest:test_resize_server_revert_deleted_flavor): 200 GET http://10.180.1.21/compute/v2.1/servers/a1551278-a306-4534-8d8d-3b3a003dde04 0.080s
2024-12-12 08:13:46.526 66387 INFO tempest.lib.common.rest_client [req-15f2389c-4c6a-4071-9392-a31732c3775d req-15f2389c-4c6a-4071-9392-a31732c3775d ] Request (TenantUsagesNegativeTestJSON:tearDownClass): 204 DELETE http://10.180.1.21/identity/v3/projects/b007b770aecb410ca5f8bf6e8f1292a3 0.091s
2024-12-12 08:13:46.527 66387 INFO tempest.lib.common.dynamic_creds [-] Deleting project and security group for project: 345cb083150346559cd61f6018398912
2024-12-12 08:13:46.549 66355 INFO tempest.lib.common.rest_client [req-3d931e13-8f1f-4ab9-b65f-cf11e7de15a9 req-3d931e13-8f1f-4ab9-b65f-cf11e7de15a9 ] Request (ListServerFiltersTestJSON:setUpClass): 200 GET http://10.180.1.21/compute/v2.1/servers/24cb49c8-b2ef-4ede-aea6-6e34081beca1 0.062s
2024-12-12 08:13:46.614 66351 INFO tempest.lib.common.rest_client [req-3f02a700-6e15-468b-aa85-00dc5517dba8 req-3f02a700-6e15-468b-aa85-00dc5517dba8 ] Request (ServerActionsTestOtherA:test_rebuild_server_in_stop_state): 200 GET http://10.180.1.21/compute/v2.1/servers/80ef3fd4-b9ef-4fd2-a991-feec78a0c81d 0.073s
2024-12-12 08:13:46.647 66387 INFO tempest.lib.common.rest_client [req-a0275548-c142-47f0-8637-ae786d8d01c2 req-a0275548-c142-47f0-8637-ae786d8d01c2 ] Request (TenantUsagesNegativeTestJSON:tearDownClass): 200 GET http://10.180.1.21:9696/networking/v2.0/security-groups?tenant_id=345cb083150346559cd61f6018398912&name=default 0.119s
2024-12-12 08:13:46.676 66381 INFO tempest.lib.common.rest_client [req-49eff9ef-f4e0-4033-a357-6b5ec1df52e6 req-49eff9ef-f4e0-4033-a357-6b5ec1df52e6 ] Request (SecurityGroupsTestJSON:test_server_security_groups): 200 GET http://10.180.1.21/compute/v2.1/servers/ad374dd9-a92d-4b76-9609-7562346e05a8 0.102s
2024-12-12 08:13:46.729 66387 INFO tempest.lib.common.rest_client [req-23d1fe33-f348-4fb8-a817-c3e24e44bd6b req-23d1fe33-f348-4fb8-a817-c3e24e44bd6b ] Request (TenantUsagesNegativeTestJSON:tearDownClass): 204 DELETE http://10.180.1.21:9696/networking/v2.0/security-groups/cfabed00-6357-4c67-8f50-1d77d425b4de 0.082s
2024-12-12 08:13:46.755 66397 INFO tempest.lib.common.rest_client [req-a25de738-0d7b-4f35-a345-82faa3149857 req-a25de738-0d7b-4f35-a345-82faa3149857 ] Request (InstanceActionsTestJSON:setUpClass): 200 GET http://10.180.1.21/compute/v2.1/servers/f19c860f-736a-4783-8ef5-8262040e53a3 0.244s
2024-12-12 08:13:46.756 66363 INFO tempest.lib.common.rest_client [req-d94d52e2-688f-4c27-a762-a10918385bba req-d94d52e2-688f-4c27-a762-a10918385bba ] Request (ListServersNegativeTestJSON:tearDownClass): 200 GET http://10.180.1.21/compute/v2.1/servers/56790738-4759-468a-9f43-f9c2bc2de23a 0.160s
2024-12-12 08:13:46.789 66379 INFO tempest.lib.common.rest_client [req-8653e12d-cd14-4828-9949-749318c62827 req-8653e12d-cd14-4828-9949-749318c62827 ] Request (ImagesTestJSON:test_create_image_from_suspended_server): 200 GET http://10.180.1.21/compute/v2.1/images/5bc9589c-1176-4ec2-9bd9-420d0963e893 0.189s
2024-12-12 08:13:46.814 66343 INFO tempest.lib.common.rest_client [req-f87d14a3-3be0-4f39-9f3b-f697aa7853f6 req-f87d14a3-3be0-4f39-9f3b-f697aa7853f6 ] Request (ServersTestMultiNic:_run_cleanups): 200 GET http://10.180.1.21/compute/v2.1/servers/cfefa7c8-4986-4ad0-ac20-8784ee44a737 0.143s
2024-12-12 08:13:46.843 66375 INFO tempest.lib.common.rest_client [req-50e9efa1-9ca4-4f33-802d-ca6463e7e012 req-50e9efa1-9ca4-4f33-802d-ca6463e7e012 ] Request (DeleteServersTestJSON:test_delete_server_while_in_attached_volume): 200 GET http://10.180.1.21/compute/v2.1/servers/d8780c40-0099-4ccc-84ae-72fbb14fa1ee 0.115s
2024-12-12 08:13:46.843 66387 INFO tempest.lib.common.rest_client [req-65154182-66df-4ceb-b16b-5808a34eeacc req-65154182-66df-4ceb-b16b-5808a34eeacc ] Request (TenantUsagesNegativeTestJSON:tearDownClass): 204 DELETE http://10.180.1.21/identity/v3/projects/345cb083150346559cd61f6018398912 0.113s
2024-12-12 08:13:46.901 66401 INFO tempest.lib.common.rest_client [req-a496d64f-f3e0-49b8-a445-abc59a4b1682 req-a496d64f-f3e0-49b8-a445-abc59a4b1682 ] Request (ServersAdminTestJSON:test_inject_network_info): 200 GET http://10.180.1.21/compute/v2.1/servers/dac173ff-1807-405f-a59c-bb2efef62a0c 0.120s
2024-12-12 08:13:46.914 66389 INFO tempest.lib.common.rest_client [req-c2234140-2a29-4efb-9c59-4b2a1b1f442b req-c2234140-2a29-4efb-9c59-4b2a1b1f442b ] Request (ImagesOneServerTestJSON:setUpClass): 200 GET http://10.180.1.21/compute/v2.1/servers/4e3dee19-b99a-4257-88da-1b0531e2c0f9 0.082s
2024-12-12 08:13:46.939 66387 INFO tempest.lib.common.rest_client [req-7ddb2274-7540-4c94-b69f-b3eccd09b088 req-7ddb2274-7540-4c94-b69f-b3eccd09b088 ] Request (ServerActionsV293TestJSON:setUpClass): 201 POST http://10.180.1.21/identity/v3/auth/tokens 0.091s
2024-12-12 08:13:46.958 66377 INFO tempest.lib.common.rest_client [req-86670bfa-70f9-4aa3-8017-35b2bbe17e65 req-86670bfa-70f9-4aa3-8017-35b2bbe17e65 ] Request (ServersTestBootFromVolume:setUpClass): 200 GET http://10.180.1.21/compute/v2.1/servers/765cf18e-53a0-4cc6-ad0e-337a6f68915c 0.077s
2024-12-12 08:13:46.977 66387 INFO tempest.lib.common.rest_client [req-5d6fa4f8-e52a-4e99-ad57-8108865607f7 req-5d6fa4f8-e52a-4e99-ad57-8108865607f7 ] Request (ServerActionsV293TestJSON:setUpClass): 201 POST http://10.180.1.21/identity/v3/auth/tokens 0.035s
2024-12-12 08:13:47.008 66361 INFO tempest.lib.common.rest_client [req-d4f0cab7-a678-4206-9014-9166a39e5f0a req-d4f0cab7-a678-4206-9014-9166a39e5f0a ] Request (ImagesNegativeTestJSON:test_create_image_from_deleted_server): 200 GET http://10.180.1.21/compute/v2.1/servers/1b4efc0f-474f-4a32-b199-c14f27b183e2 0.059s
2024-12-12 08:13:47.009 66387 INFO tempest.lib.common.rest_client [req-1b145422-962c-4dca-a725-24a91e1b0afe req-1b145422-962c-4dca-a725-24a91e1b0afe ] Request (ServerActionsV293TestJSON:setUpClass): 200 GET http://10.180.1.21/identity/v3/domains?name=Default 0.031s
2024-12-12 08:13:47.040 66387 INFO tempest.lib.common.rest_client [req-cf67ae2c-a8f9-4c0f-be27-aadaf63d9397 req-cf67ae2c-a8f9-4c0f-be27-aadaf63d9397 ] Request (ServerActionsV293TestJSON:setUpClass): 201 POST http://10.180.1.21/identity/v3/projects 0.030s
2024-12-12 08:13:47.046 66339 INFO tempest.lib.common.rest_client [req-e497411b-8c04-47ee-a3ac-6b1d6d35ca2b req-e497411b-8c04-47ee-a3ac-6b1d6d35ca2b ] Request (FloatingIPsAssociationTestJSON:test_associate_already_associated_floating_ip): 200 GET http://10.180.1.21/compute/v2.1/servers/9ac3344d-219a-487f-b83f-96c17cd86dad 0.060s
2024-12-12 08:13:47.115 66387 INFO tempest.lib.common.rest_client [req-e6d2c1cf-af84-4283-8850-4b5bd36c11d4 req-e6d2c1cf-af84-4283-8850-4b5bd36c11d4 ] Request (ServerActionsV293TestJSON:setUpClass): 201 POST http://10.180.1.21/identity/v3/users 0.074s
2024-12-12 08:13:47.132 66387 INFO tempest.lib.common.rest_client [req-fbeb52ab-17fc-4e45-b770-37ea507379e4 req-fbeb52ab-17fc-4e45-b770-37ea507379e4 ] Request (ServerActionsV293TestJSON:setUpClass): 200 GET http://10.180.1.21/identity/v3/roles 0.017s
2024-12-12 08:13:47.158 66387 INFO tempest.lib.common.rest_client [req-5464954e-81f1-4c22-81bd-52fb5bac3088 req-5464954e-81f1-4c22-81bd-52fb5bac3088 ] Request (ServerActionsV293TestJSON:setUpClass): 204 PUT http://10.180.1.21/identity/v3/projects/3038814dc07448fca423fb8c8dbe42c3/users/f75f52c1c84e4ccda97b26834f89c0b1/roles/b5ab3d46236945eb9c84cd8314b81899 0.025s
2024-12-12 08:13:47.158 66387 INFO tempest.lib.common.dynamic_creds [-] Dynamic test user f75f52c1c84e4ccda97b26834f89c0b1 is created with scope project and roles: ['member']
2024-12-12 08:13:47.159 66387 INFO tempest.lib.common.dynamic_creds [-] Acquired dynamic creds: credentials: Credentials: {'domain_id': 'default', 'domain_name': 'Default', 'username': 'tempest-ServerActionsV293TestJSON-760697799-project-member', 'project_domain_id': 'default', 'project_domain_name': 'Default', 'project_id': '3038814dc07448fca423fb8c8dbe42c3', 'project_name': 'tempest-ServerActionsV293TestJSON-760697799', 'tenant_id': '3038814dc07448fca423fb8c8dbe42c3', 'tenant_name': 'tempest-ServerActionsV293TestJSON-760697799', 'user_domain_id': 'default', 'user_domain_name': 'Default', 'user_id': 'f75f52c1c84e4ccda97b26834f89c0b1', 'system': None}, Network: None, Subnet: None, Router: None
2024-12-12 08:13:47.217 66387 INFO tempest.lib.common.rest_client [req-23ed72eb-2398-42dc-adf4-06e1be033bf2 req-23ed72eb-2398-42dc-adf4-06e1be033bf2 ] Request (ServerActionsV293TestJSON:setUpClass): 201 POST http://10.180.1.21/identity/v3/auth/tokens 0.058s
2024-12-12 08:13:47.378 66367 INFO tempest.lib.common.rest_client [req-4d6ac265-c56c-4b93-9612-79e3709ebc26 req-4d6ac265-c56c-4b93-9612-79e3709ebc26 ] Request (ServerAddressesNegativeTestJSON:setUpClass): 200 GET http://10.180.1.21/compute/v2.1/servers/22380aef-c725-43a0-a957-06ced9518c21 0.135s
2024-12-12 08:13:47.478 66383 INFO tempest.lib.common.rest_client [req-a7624da0-1908-4aa5-99b0-7034186ac58a req-a7624da0-1908-4aa5-99b0-7034186ac58a ] Request (ServersV294TestFqdnHostnames:tearDownClass): 200 GET http://10.180.1.21/compute/v2.1/servers/2b391628-18a2-4606-8c59-58ba642cee50 0.169s
2024-12-12 08:13:47.554 66387 INFO tempest.lib.common.rest_client [req-4bafbe05-809d-4799-bd90-a8f71f8156b3 req-4bafbe05-809d-4799-bd90-a8f71f8156b3 ] Request (ServerActionsV293TestJSON:setUpClass): 201 POST http://10.180.1.21:9696/networking/v2.0/networks 0.337s
2024-12-12 08:13:47.557 66365 INFO tempest.lib.common.rest_client [req-c4bc855a-3ea9-4e89-bb71-3f31e5a4ec18 req-c4bc855a-3ea9-4e89-bb71-3f31e5a4ec18 ] Request (VolumesAssistedSnapshotsTest:tearDownClass): 200 GET http://10.180.1.21/compute/v2.1/servers/91902e7f-8c15-447b-a3a8-04433434b1b6 0.218s
2024-12-12 08:13:47.586 66353 INFO tempest.lib.common.rest_client [req-3ff398b0-efae-4332-889a-b84487643b5f req-3ff398b0-efae-4332-889a-b84487643b5f ] Request (ServersTestJSON:tearDownClass): 200 GET http://10.180.1.21/compute/v2.1/servers/4c336ad1-8ce6-4f89-843e-0baae0d0dbda 0.324s
2024-12-12 08:13:47.623 66369 INFO tempest.lib.common.rest_client [req-f652c217-7edb-4f25-86d9-128858e5cc79 req-f652c217-7edb-4f25-86d9-128858e5cc79 ] Request (ServersAdminNegativeTestJSON:tearDownClass): 200 GET http://10.180.1.21/compute/v2.1/servers/c8b7568b-ba07-4f65-818b-f84910209361 0.261s
2024-12-12 08:13:47.678 66341 INFO tempest.lib.common.rest_client [req-d0ad6907-3758-499b-9030-3555c74ee7a0 req-d0ad6907-3758-499b-9030-3555c74ee7a0 ] Request (ServerActionsTestJSON:setUpClass): 200 GET http://10.180.1.21/compute/v2.1/servers/8b20b91d-d4e7-4ec2-88ec-76b444a8d8a8 0.244s
2024-12-12 08:13:47.738 66359 INFO tempest.lib.common.rest_client [req-412af895-053f-4680-bf3d-905b37c003fe req-412af895-053f-4680-bf3d-905b37c003fe ] Request (ServersWithSpecificFlavorTestJSON:test_verify_created_server_ephemeral_disk): 200 GET http://10.180.1.21/compute/v2.1/servers/f0925a44-c15b-4415-99bc-1b2366292fe4 0.293s
2024-12-12 08:13:47.748 66387 INFO tempest.lib.common.rest_client [req-ffc1cc22-9a2c-45dd-bdf1-2d027a4814fc req-ffc1cc22-9a2c-45dd-bdf1-2d027a4814fc ] Request (ServerActionsV293TestJSON:setUpClass): 201 POST http://10.180.1.21:9696/networking/v2.0/subnets 0.193s
2024-12-12 08:13:47.792 66391 INFO tempest.lib.common.rest_client [req-c1f0a68f-da77-4a23-a58a-2b9859b921eb req-c1f0a68f-da77-4a23-a58a-2b9859b921eb ] Request (ServerDiskConfigTestJSON:test_rebuild_server_with_manual_disk_config): 200 GET http://10.180.1.21/compute/v2.1/servers/302edcd3-bd6e-41da-b731-4d4c1bb5c3c1 0.293s
2024-12-12 08:13:47.848 66345 INFO tempest.lib.common.rest_client [req-1cbff223-7e36-4587-ae3c-6b675197ec7d req-1cbff223-7e36-4587-ae3c-6b675197ec7d ] Request (MigrationsAdminTest:test_resize_server_revert_deleted_flavor): 200 GET http://10.180.1.21/compute/v2.1/servers/a1551278-a306-4534-8d8d-3b3a003dde04 0.324s
2024-12-12 08:13:47.895 66355 INFO tempest.lib.common.rest_client [req-7c176f2f-8409-47c3-8983-b7ecfeca5762 req-7c176f2f-8409-47c3-8983-b7ecfeca5762 ] Request (ListServerFiltersTestJSON:setUpClass): 200 GET http://10.180.1.21/compute/v2.1/servers/24cb49c8-b2ef-4ede-aea6-6e34081beca1 0.334s
2024-12-12 08:13:47.944 66351 INFO tempest.lib.common.rest_client [req-b7d1ec99-17b7-47a4-acea-444c7f11e1ab req-b7d1ec99-17b7-47a4-acea-444c7f11e1ab ] Request (ServerActionsTestOtherA:test_rebuild_server_in_stop_state): 200 GET http://10.180.1.21/compute/v2.1/servers/80ef3fd4-b9ef-4fd2-a991-feec78a0c81d 0.321s
2024-12-12 08:13:47.996 66381 INFO tempest.lib.common.rest_client [req-8379c1a0-633a-42a9-ac25-e688bc4981a9 req-8379c1a0-633a-42a9-ac25-e688bc4981a9 ] Request (SecurityGroupsTestJSON:test_server_security_groups): 200 GET http://10.180.1.21/compute/v2.1/servers/ad374dd9-a92d-4b76-9609-7562346e05a8 0.311s
2024-12-12 08:13:48.171 66397 INFO tempest.lib.common.rest_client [req-a0bea179-e9c0-415b-8e0b-0b2ba9644753 req-a0bea179-e9c0-415b-8e0b-0b2ba9644753 ] Request (InstanceActionsTestJSON:setUpClass): 200 GET http://10.180.1.21/compute/v2.1/servers/f19c860f-736a-4783-8ef5-8262040e53a3 0.408s
2024-12-12 08:13:48.242 66363 INFO tempest.lib.common.rest_client [req-fd232705-c270-46cc-b0ed-0a4eb7293b09 req-fd232705-c270-46cc-b0ed-0a4eb7293b09 ] Request (ListServersNegativeTestJSON:tearDownClass): 200 GET http://10.180.1.21/compute/v2.1/servers/56790738-4759-468a-9f43-f9c2bc2de23a 0.476s
2024-12-12 08:13:48.509 66387 INFO tempest.lib.common.rest_client [req-32a408d2-19b1-48f5-a89f-600b35beb09a req-32a408d2-19b1-48f5-a89f-600b35beb09a ] Request (ServerActionsV293TestJSON:setUpClass): 201 POST http://10.180.1.21:9696/networking/v2.0/routers 0.760s
2024-12-12 08:13:49.441 66387 INFO tempest.lib.common.rest_client [req-e66d764e-1083-424e-871f-857da36d427e req-e66d764e-1083-424e-871f-857da36d427e ] Request (ServerActionsV293TestJSON:setUpClass): 200 PUT http://10.180.1.21:9696/networking/v2.0/routers/4400b3b4-e3cb-4b89-8921-2f4f59e9385d/add_router_interface 0.932s
