2024-12-12 08:11:53.875 66397 INFO tempest.lib.common.rest_client [req-5293310d-235e-4043-95a1-a00291993663 req-5293310d-235e-4043-95a1-a00291993663 ] Request (InstanceActionsTestJSON:setUpClass): 204 PUT http://10.180.1.21/identity/v3/projects/d004a7d2ec074aa39666ae15861b9440/users/bb2a4995d71549b89f020dfdd3a6d470/roles/b5ab3d46236945eb9c84cd8314b81899 0.041s
2024-12-12 08:11:53.875 66397 INFO tempest.lib.common.dynamic_creds [-] Dynamic test user bb2a4995d71549b89f020dfdd3a6d470 is created with scope project and roles: ['member']
2024-12-12 08:11:53.876 66397 INFO tempest.lib.common.dynamic_creds [-] Acquired dynamic creds: credentials: Credentials: {'domain_id': 'default', 'domain_name': 'Default', 'username': 'tempest-InstanceActionsTestJSON-366970633-project-member', 'project_domain_id': 'default', 'project_domain_name': 'Default', 'project_id': 'd004a7d2ec074aa39666ae15861b9440', 'project_name': 'tempest-InstanceActionsTestJSON-366970633', 'tenant_id': 'd004a7d2ec074aa39666ae15861b9440', 'tenant_name': 'tempest-InstanceActionsTestJSON-366970633', 'user_domain_id': 'default', 'user_domain_name': 'Default', 'user_id': 'bb2a4995d71549b89f020dfdd3a6d470', 'system': None}, Network: None, Subnet: None, Router: None
2024-12-12 08:11:53.889 66389 INFO tempest.lib.common.rest_client [req-9ac3704f-8d7a-4f9b-9584-39018551beb2 req-9ac3704f-8d7a-4f9b-9584-39018551beb2 ] Request (ServerDiagnosticsTest:tearDownClass): 200 GET http://10.180.1.21/compute/v2.1/servers/1118c1e5-1aa8-4f52-9fb9-e86531bf83d1 0.562s
2024-12-12 08:11:53.927 66395 INFO tempest.lib.common.rest_client [req-6d09e82c-6439-4e98-90a8-f4a0b1931d57 req-6d09e82c-6439-4e98-90a8-f4a0b1931d57 ] Request (ListImageFiltersTestJSON:setUpClass): 200 GET http://10.180.1.21/compute/v2.1/servers/2b68e95a-1d93-43ee-b0a6-996c9042f5c7 0.537s
2024-12-12 08:11:53.940 66339 INFO tempest.lib.common.rest_client [req-85603381-b31d-4b1f-ade5-1651f079813b req-85603381-b31d-4b1f-ade5-1651f079813b ] Request (FloatingIPsAssociationTestJSON:setUpClass): 200 GET http://10.180.1.21/compute/v2.1/servers/09eefc1a-011b-4d2c-ab75-a1fcee740907 0.522s
2024-12-12 08:11:53.947 66371 INFO tempest.lib.common.rest_client [req-6c1f7939-d8c2-40fb-9c9d-1f05c98705db req-6c1f7939-d8c2-40fb-9c9d-1f05c98705db ] Request (FlavorsAdminTestJSON:tearDownClass): 204 DELETE http://10.180.1.21:9696/networking/v2.0/security-groups/2933d1db-10e2-412f-b3b3-ed5902c54912 0.119s
2024-12-12 08:11:53.957 66397 INFO tempest.lib.common.rest_client [req-85f7b01a-8552-482e-aad5-decb93cfd619 req-85f7b01a-8552-482e-aad5-decb93cfd619 ] Request (InstanceActionsTestJSON:setUpClass): 201 POST http://10.180.1.21/identity/v3/auth/tokens 0.081s
2024-12-12 08:11:54.014 66341 INFO tempest.lib.common.rest_client [req-d49f28b2-9d4c-4835-aa3c-6a17481ed1bf req-d49f28b2-9d4c-4835-aa3c-6a17481ed1bf ] Request (ServerExternalEventsTest:test_create_server_external_events): 200 GET http://10.180.1.21/compute/v2.1/servers/f7d5c77d-6c78-4969-b511-2b03ab624c84 0.546s
2024-12-12 08:11:54.051 66371 INFO tempest.lib.common.rest_client [req-ccdfe3e5-4b0f-4fe4-9483-f904ea639761 req-ccdfe3e5-4b0f-4fe4-9483-f904ea639761 ] Request (FlavorsAdminTestJSON:tearDownClass): 204 DELETE http://10.180.1.21/identity/v3/projects/ad2fef96b2014f49b259a17caf352106 0.103s
2024-12-12 08:11:54.051 66371 INFO tempest.lib.common.dynamic_creds [-] Deleting project and security group for project: c994b8ce977f43f581a30e0c9a9021a6
2024-12-12 08:11:54.055 66361 INFO tempest.lib.common.rest_client [req-dcaa50eb-315c-4059-a270-7add97edf4ff req-dcaa50eb-315c-4059-a270-7add97edf4ff ] Request (ServersAdmin275Test:_run_cleanups): 200 GET http://10.180.1.21/compute/v2.1/servers/c07e4d30-44bc-417b-8137-97f974aec932 0.491s
2024-12-12 08:11:54.075 66401 INFO tempest.lib.common.rest_client [req-8ae22c0c-2810-47b0-ada6-00ceed001315 req-8ae22c0c-2810-47b0-ada6-00ceed001315 ] Request (ServersAdminTestJSON:test_create_server_with_scheduling_hint): 200 GET http://10.180.1.21/compute/v2.1/servers/f59a31e4-7fb9-4de7-b35f-da811a305f85 0.469s
2024-12-12 08:11:54.133 66377 INFO tempest.lib.common.rest_client [req-1e9a7929-8e6b-4c4e-b4ba-3b08ecc9f72f req-1e9a7929-8e6b-4c4e-b4ba-3b08ecc9f72f ] Request (ServerDiagnosticsV248Test:tearDownClass): 200 GET http://10.180.1.21/compute/v2.1/servers/ceadcb5e-ee82-4441-b046-f79b973ec05e 0.440s
2024-12-12 08:11:54.189 66355 INFO tempest.lib.common.rest_client [req-f632fada-d478-4bb7-b26e-16fe94c5ab37 req-f632fada-d478-4bb7-b26e-16fe94c5ab37 ] Request (ServerDiagnosticsNegativeTest:tearDownClass): 200 GET http://10.180.1.21/compute/v2.1/servers/c616d8ec-f28a-4430-a336-1ea4790fd511 0.428s
2024-12-12 08:11:54.203 66373 INFO tempest.lib.common.rest_client [req-dd78b5e5-a06b-4e09-aed5-0834fe823266 req-dd78b5e5-a06b-4e09-aed5-0834fe823266 ] Request (VolumesNegativeTest:test_create_volume_with_invalid_size): 400 POST http://10.180.1.21/compute/v2.1/os-volumes 0.516s
2024-12-12 08:11:54.253 66375 INFO tempest.lib.common.rest_client [req-f5084ed5-1eff-443e-886a-12c92384b706 req-f5084ed5-1eff-443e-886a-12c92384b706 ] Request (DeleteServersTestJSON:test_delete_active_server): 200 GET http://10.180.1.21/compute/v2.1/servers/31f55ece-82e6-40ad-ad7c-1af645f307bf 0.409s
2024-12-12 08:11:54.255 66353 INFO tempest.lib.common.rest_client [req-b0773b37-5038-405b-9526-7e190a09044b req-b0773b37-5038-405b-9526-7e190a09044b ] Request (ServersTestJSON:setUpClass): 200 GET http://10.180.1.21/compute/v2.1/servers/4c336ad1-8ce6-4f89-843e-0baae0d0dbda 0.327s
2024-12-12 08:11:54.301 66371 INFO tempest.lib.common.rest_client [req-ebf81c0f-767b-44c7-8ac3-c7dfe748ecd2 req-ebf81c0f-767b-44c7-8ac3-c7dfe748ecd2 ] Request (FlavorsAdminTestJSON:tearDownClass): 200 GET http://10.180.1.21:9696/networking/v2.0/security-groups?tenant_id=c994b8ce977f43f581a30e0c9a9021a6&name=default 0.249s
2024-12-12 08:11:54.308 66381 INFO tempest.lib.common.rest_client [req-33c387c0-f406-4445-900d-1667d2681832 req-33c387c0-f406-4445-900d-1667d2681832 ] Request (SecurityGroupsTestJSON:test_list_security_groups_by_server): 200 GET http://10.180.1.21/compute/v2.1/servers/4a29bff8-050a-4ad5-9d06-3a59c40b97ee 0.151s
2024-12-12 08:11:54.309 66369 INFO tempest.lib.common.rest_client [req-d3dd095b-40ee-4a1f-bdc4-6a4aa362ef7a req-d3dd095b-40ee-4a1f-bdc4-6a4aa362ef7a ] Request (ServersAdminNegativeTestJSON:test_migrate_server_invalid_state): 200 GET http://10.180.1.21/compute/v2.1/servers/681ef7a9-3b24-450a-9034-6d30177995d7 0.295s
2024-12-12 08:11:54.313 66373 INFO tempest.lib.common.rest_client [req-ab9b6c38-9a9b-47ac-96da-f438b4ca40b5 req-ab9b6c38-9a9b-47ac-96da-f438b4ca40b5 ] Request (VolumesNegativeTest:test_create_volume_with_size_zero): 400 POST http://10.180.1.21/compute/v2.1/os-volumes 0.109s
2024-12-12 08:11:54.325 66373 INFO tempest.lib.common.rest_client [req-3aaee7a0-7b57-497b-914f-071b9b49ad19 req-3aaee7a0-7b57-497b-914f-071b9b49ad19 ] Request (VolumesNegativeTest:test_create_volume_without_passing_size): 400 POST http://10.180.1.21/compute/v2.1/os-volumes 0.010s
2024-12-12 08:11:54.360 66385 INFO tempest.lib.common.rest_client [req-b8ba11c4-d4c9-40b3-a6ad-ae995e946311 req-b8ba11c4-d4c9-40b3-a6ad-ae995e946311 ] Request (ServerShowV247Test:test_update_rebuild_list_server): 200 GET http://10.180.1.21/compute/v2.1/servers/49221ea3-d457-4cf5-97a9-9ae74c4e86fb 0.082s
2024-12-12 08:11:54.374 66391 INFO tempest.lib.common.rest_client [req-cf59ec3f-965e-4232-b6c7-6703aed58f7c req-cf59ec3f-965e-4232-b6c7-6703aed58f7c ] Request (ServerDiskConfigTestJSON:test_rebuild_server_with_auto_disk_config): 200 GET http://10.180.1.21/compute/v2.1/servers/51eaac08-75fd-49f9-9b1a-cc2a2d799634 0.052s
2024-12-12 08:11:54.409 66371 INFO tempest.lib.common.rest_client [req-edb9a6b2-a046-4a91-96b6-bfab360a245c req-edb9a6b2-a046-4a91-96b6-bfab360a245c ] Request (FlavorsAdminTestJSON:tearDownClass): 204 DELETE http://10.180.1.21:9696/networking/v2.0/security-groups/89be2238-dbe3-4e6b-a7ca-4607ee48a16b 0.108s
2024-12-12 08:11:54.421 66373 INFO tempest.lib.common.rest_client [req-766a3959-311c-4686-9f13-904a8415ef70 req-766a3959-311c-4686-9f13-904a8415ef70 ] Request (VolumesNegativeTest:test_delete_invalid_volume_id): 404 DELETE http://10.180.1.21/compute/v2.1/os-volumes/tempest-invalid-1230029567 0.093s
2024-12-12 08:11:54.429 66373 INFO tempest.lib.common.rest_client [req-6d52f389-9f8b-4f02-ae9f-03514a4bce7f req-6d52f389-9f8b-4f02-ae9f-03514a4bce7f ] Request (VolumesNegativeTest:test_delete_volume_without_passing_volume_id): 404 DELETE http://10.180.1.21/compute/v2.1/os-volumes/ 0.007s
2024-12-12 08:11:54.431 66363 INFO tempest.lib.common.rest_client [req-e8676f48-fc1e-4290-8b11-39e1bc5d966f req-e8676f48-fc1e-4290-8b11-39e1bc5d966f ] Request (ListServersNegativeTestJSON:setUpClass): 200 GET http://10.180.1.21/compute/v2.1/servers/021c3287-5887-457e-9b3a-233308fb9b23 0.050s
2024-12-12 08:11:54.436 66373 INFO tempest.lib.common.rest_client [req-296bd85c-8611-4d11-b3ee-888babe87a6b req-296bd85c-8611-4d11-b3ee-888babe87a6b ] Request (VolumesNegativeTest:test_get_volume_without_passing_volume_id): 404 GET http://10.180.1.21/compute/v2.1/os-volumes/ 0.005s
2024-12-12 08:11:54.437 66397 INFO tempest.lib.common.rest_client [req-c3f9b658-a8d2-445d-b808-20369921f7e2 req-c3f9b658-a8d2-445d-b808-20369921f7e2 ] Request (InstanceActionsTestJSON:setUpClass): 201 POST http://10.180.1.21:9696/networking/v2.0/networks 0.479s
2024-12-12 08:11:54.498 66373 INFO tempest.lib.common.rest_client [req-7dfacae5-2366-43fa-91a2-5a1523fd8d14 req-7dfacae5-2366-43fa-91a2-5a1523fd8d14 ] Request (VolumesNegativeTest:test_volume_delete_nonexistent_volume_id): 404 DELETE http://10.180.1.21/compute/v2.1/os-volumes/fb4c8fdc-6e56-4933-ab68-e54ea94db9ee 0.061s
2024-12-12 08:11:54.533 66373 INFO tempest.lib.common.rest_client [req-4a53a520-700f-4d57-8d48-2edde010567e req-4a53a520-700f-4d57-8d48-2edde010567e ] Request (VolumesNegativeTest:test_volume_get_nonexistent_volume_id): 404 GET http://10.180.1.21/compute/v2.1/os-volumes/b43f55df-765a-4fbe-9c0c-1a741811cba1 0.033s
2024-12-12 08:11:54.541 66371 INFO tempest.lib.common.rest_client [req-ad818047-d975-4829-b28d-f1fb465e259d req-ad818047-d975-4829-b28d-f1fb465e259d ] Request (FlavorsAdminTestJSON:tearDownClass): 204 DELETE http://10.180.1.21/identity/v3/projects/c994b8ce977f43f581a30e0c9a9021a6 0.131s
2024-12-12 08:11:54.545 66349 INFO tempest.lib.common.rest_client [req-af76ddfc-9111-452a-b8a6-074d5c77db0e req-af76ddfc-9111-452a-b8a6-074d5c77db0e ] Request (ServerShowV254Test:test_rebuild_server): 200 GET http://10.180.1.21/compute/v2.1/servers/1462d213-3f9a-4c60-8056-0b68f20a4939 0.083s
2024-12-12 08:11:54.619 66371 INFO tempest.lib.common.rest_client [req-293bde13-ed0a-4b86-bb49-7311f29f2de1 req-293bde13-ed0a-4b86-bb49-7311f29f2de1 ] Request (QuotasAdminTestV257:setUpClass): 201 POST http://10.180.1.21/identity/v3/auth/tokens 0.076s
2024-12-12 08:11:54.620 66347 INFO tempest.lib.common.rest_client [req-2f73d9de-c5fb-49e7-ad57-c4abf59aeba5 req-2f73d9de-c5fb-49e7-ad57-c4abf59aeba5 ] Request (InstanceActionsV221TestJSON:test_get_list_deleted_instance_actions): 200 GET http://10.180.1.21/compute/v2.1/servers/c612a1be-fb39-416d-a9d2-d206582e5aeb 0.067s
2024-12-12 08:11:54.662 66373 INFO tempest.lib.common.rest_client [req-d6fcaaa7-caf5-4989-82ac-7570ce382383 req-d6fcaaa7-caf5-4989-82ac-7570ce382383 ] Request (VolumesNegativeTest:tearDownClass): 204 DELETE http://10.180.1.21/identity/v3/users/fa126221815e4299a7bafcfcbbbd5cb7 0.124s
2024-12-12 08:11:54.662 66373 INFO tempest.lib.common.dynamic_creds [-] Deleting project and security group for project: 017238df58f24ee88943949b2ec93ae0
2024-12-12 08:11:54.667 66397 INFO tempest.lib.common.rest_client [req-e7a6a6df-8018-4a87-8809-f57f1802b626 req-e7a6a6df-8018-4a87-8809-f57f1802b626 ] Request (InstanceActionsTestJSON:setUpClass): 201 POST http://10.180.1.21:9696/networking/v2.0/subnets 0.230s
2024-12-12 08:11:54.690 66371 INFO tempest.lib.common.rest_client [req-4df0a79c-659a-4b18-af5a-216d21471382 req-4df0a79c-659a-4b18-af5a-216d21471382 ] Request (QuotasAdminTestV257:setUpClass): 201 POST http://10.180.1.21/identity/v3/auth/tokens 0.068s
2024-12-12 08:11:54.691 66387 INFO tempest.lib.common.rest_client [req-6ce92be0-08ea-44e9-b6e0-14008f3b90ff req-6ce92be0-08ea-44e9-b6e0-14008f3b90ff ] Request (DeleteServersAdminTestJSON:test_delete_server_while_in_error_state): 200 GET http://10.180.1.21/compute/v2.1/servers/40c7a9b8-d541-464a-ba87-76cfc183ae31 0.079s
2024-12-12 08:11:54.694 66365 INFO tempest.lib.common.rest_client [req-5db4fb86-dd10-4ec1-9ab8-21f424564c87 req-5db4fb86-dd10-4ec1-9ab8-21f424564c87 ] Request (VolumesAssistedSnapshotsTest:test_volume_assisted_snapshot_create_delete): 200 GET http://10.180.1.21/compute/v2.1/servers/91902e7f-8c15-447b-a3a8-04433434b1b6 0.082s
2024-12-12 08:11:54.704 66365 INFO tempest.common.waiters [-] State transition "BUILD/None" ==> "BUILD/networking" after 33 second wait
2024-12-12 08:11:54.716 66373 INFO tempest.lib.common.rest_client [req-857770d0-dc61-48d4-bfee-4e80319e9806 req-857770d0-dc61-48d4-bfee-4e80319e9806 ] Request (VolumesNegativeTest:tearDownClass): 201 POST http://10.180.1.21/identity/v3/auth/tokens 0.054s
2024-12-12 08:11:54.746 66367 INFO tempest.lib.common.rest_client [req-6917444e-ed1b-44e9-abce-78c486616185 req-6917444e-ed1b-44e9-abce-78c486616185 ] Request (ServerAddressesNegativeTestJSON:setUpClass): 200 GET http://10.180.1.21/compute/v2.1/servers/22380aef-c725-43a0-a957-06ced9518c21 0.091s
2024-12-12 08:11:54.751 66371 INFO tempest.lib.common.rest_client [req-b2cdd93b-a662-4432-a35c-fc275dba5adc req-b2cdd93b-a662-4432-a35c-fc275dba5adc ] Request (QuotasAdminTestV257:setUpClass): 200 GET http://10.180.1.21/identity/v3/domains?name=Default 0.060s
2024-12-12 08:11:54.756 66357 INFO tempest.lib.common.rest_client [req-b173c513-e5d4-4099-939f-e8581f2dd30c req-b173c513-e5d4-4099-939f-e8581f2dd30c ] Request (ServersTestFqdnHostnames:test_create_server_with_fqdn_name): 200 GET http://10.180.1.21/compute/v2.1/servers/a59be5e6-2316-4766-933a-4d01dfe4fec1 0.083s
2024-12-12 08:11:54.782 66371 INFO tempest.lib.common.rest_client [req-6a182e0b-dead-4019-be6e-e3c9fee5351a req-6a182e0b-dead-4019-be6e-e3c9fee5351a ] Request (QuotasAdminTestV257:setUpClass): 201 POST http://10.180.1.21/identity/v3/projects 0.030s
2024-12-12 08:11:54.799 66343 INFO tempest.lib.common.rest_client [req-a35fd6f5-ea9a-42d1-b8ef-ef878429d977 req-a35fd6f5-ea9a-42d1-b8ef-ef878429d977 ] Request (ServersTestMultiNic:test_verify_duplicate_network_nics): 200 GET http://10.180.1.21/compute/v2.1/servers/cfefa7c8-4986-4ad0-ac20-8784ee44a737 0.092s
2024-12-12 08:11:54.816 66379 INFO tempest.lib.common.rest_client [req-d68ff871-98ba-4dd6-9152-f5df7a91be66 req-d68ff871-98ba-4dd6-9152-f5df7a91be66 ] Request (ImagesTestJSON:test_create_image_from_suspended_server): 200 GET http://10.180.1.21/compute/v2.1/servers/3b506d10-a427-47b8-ab5f-c35e450b7eb1 0.089s
2024-12-12 08:11:54.839 66371 INFO tempest.lib.common.rest_client [req-b57e8946-d335-4f56-8da1-6c4fd4c2fbd9 req-b57e8946-d335-4f56-8da1-6c4fd4c2fbd9 ] Request (QuotasAdminTestV257:setUpClass): 201 POST http://10.180.1.21/identity/v3/users 0.057s
2024-12-12 08:11:54.856 66371 INFO tempest.lib.common.rest_client [req-073e5a07-07a5-4fae-ade9-49805283b8f3 req-073e5a07-07a5-4fae-ade9-49805283b8f3 ] Request (QuotasAdminTestV257:setUpClass): 200 GET http://10.180.1.21/identity/v3/roles 0.016s
2024-12-12 08:11:54.882 66371 INFO tempest.lib.common.rest_client [req-af7f5ce9-f3e8-46fd-bc03-405fa0ffda46 req-af7f5ce9-f3e8-46fd-bc03-405fa0ffda46 ] Request (QuotasAdminTestV257:setUpClass): 204 PUT http://10.180.1.21/identity/v3/projects/d04e6212e54f4619912d329ca32f4186/users/f70da99b25c04c3e89aa06ffbb64fc89/roles/b5ab3d46236945eb9c84cd8314b81899 0.025s
2024-12-12 08:11:54.882 66371 INFO tempest.lib.common.dynamic_creds [-] Dynamic test user f70da99b25c04c3e89aa06ffbb64fc89 is created with scope project and roles: ['member']
2024-12-12 08:11:54.882 66371 INFO tempest.lib.common.dynamic_creds [-] Acquired dynamic creds: credentials: Credentials: {'domain_id': 'default', 'domain_name': 'Default', 'username': 'tempest-QuotasAdminTestV257-1013525712-project-member', 'project_domain_id': 'default', 'project_domain_name': 'Default', 'project_id': 'd04e6212e54f4619912d329ca32f4186', 'project_name': 'tempest-QuotasAdminTestV257-1013525712', 'tenant_id': 'd04e6212e54f4619912d329ca32f4186', 'tenant_name': 'tempest-QuotasAdminTestV257-1013525712', 'user_domain_id': 'default', 'user_domain_name': 'Default', 'user_id': 'f70da99b25c04c3e89aa06ffbb64fc89', 'system': None}, Network: None, Subnet: None, Router: None
2024-12-12 08:11:54.882 66371 INFO tempest.lib.common.dynamic_creds [-] Created isolated network resources for: credentials: Credentials: {'domain_id': 'default', 'domain_name': 'Default', 'username': 'tempest-QuotasAdminTestV257-1013525712-project-member', 'project_domain_id': 'default', 'project_domain_name': 'Default', 'project_id': 'd04e6212e54f4619912d329ca32f4186', 'project_name': 'tempest-QuotasAdminTestV257-1013525712', 'tenant_id': 'd04e6212e54f4619912d329ca32f4186', 'tenant_name': 'tempest-QuotasAdminTestV257-1013525712', 'user_domain_id': 'default', 'user_domain_name': 'Default', 'user_id': 'f70da99b25c04c3e89aa06ffbb64fc89', 'system': None}, Network: None, Subnet: None, Router: None
2024-12-12 08:11:54.888 66399 INFO tempest.lib.common.rest_client [req-27e23e07-5fd0-4c1f-a786-72a76250ad38 req-27e23e07-5fd0-4c1f-a786-72a76250ad38 ] Request (VolumesAdminNegativeTest:test_update_attached_volume_with_nonexistent_volume_in_body): 200 GET http://10.180.1.21/compute/v2.1/servers/c61c893f-826b-4874-b253-de6fbffa9e5a 0.062s
2024-12-12 08:11:54.900 66373 INFO tempest.lib.common.rest_client [req-7a57f477-5bcf-44f5-9fda-37a3a1815a69 req-7a57f477-5bcf-44f5-9fda-37a3a1815a69 ] Request (VolumesNegativeTest:tearDownClass): 200 GET http://10.180.1.21:9696/networking/v2.0/security-groups?tenant_id=017238df58f24ee88943949b2ec93ae0&name=default 0.184s
2024-12-12 08:11:54.963 66371 INFO tempest.lib.common.rest_client [req-c9e82924-c364-45a7-a768-e85ce3ef1bf2 req-c9e82924-c364-45a7-a768-e85ce3ef1bf2 ] Request (QuotasAdminTestV257:setUpClass): 201 POST http://10.180.1.21/identity/v3/auth/tokens 0.077s
2024-12-12 08:11:54.979 66389 INFO tempest.lib.common.rest_client [req-583a1d01-f268-4bbb-9ba7-ed648442ed71 req-583a1d01-f268-4bbb-9ba7-ed648442ed71 ] Request (ServerDiagnosticsTest:tearDownClass): 200 GET http://10.180.1.21/compute/v2.1/servers/1118c1e5-1aa8-4f52-9fb9-e86531bf83d1 0.083s
2024-12-12 08:11:55.023 66383 WARNING tempest.lib.common.ssh [-] Failed to establish authenticated ssh connection to cirros@10.180.180.135 ([Errno None] Unable to connect to port 22 on 10.180.180.135). Number attempts: 3. Retry after 4 seconds.: paramiko.ssh_exception.NoValidConnectionsError: [Errno None] Unable to connect to port 22 on 10.180.180.135
2024-12-12 08:11:55.041 66345 INFO tempest.lib.common.rest_client [req-2e4c09b4-f4fd-42cf-a0d4-0d22baab8cb1 req-2e4c09b4-f4fd-42cf-a0d4-0d22baab8cb1 ] Request (MigrationsAdminTest:test_list_migrations_in_flavor_resize_situation): 200 GET http://10.180.1.21/compute/v2.1/servers/fe350d30-6fbd-4813-9634-ed05984fecfd 0.172s
2024-12-12 08:11:55.049 66395 INFO tempest.lib.common.rest_client [req-e83fe474-b4b5-4d78-a949-39784f6c996e req-e83fe474-b4b5-4d78-a949-39784f6c996e ] Request (ListImageFiltersTestJSON:setUpClass): 200 GET http://10.180.1.21/compute/v2.1/servers/2b68e95a-1d93-43ee-b0a6-996c9042f5c7 0.104s
2024-12-12 08:11:55.051 66371 INFO tempest.lib.common.rest_client [req-02f064e5-94d3-4fa1-aba8-6a680f8dad5b req-02f064e5-94d3-4fa1-aba8-6a680f8dad5b ] Request (QuotasAdminTestV257:setUpClass): 201 POST http://10.180.1.21/identity/v3/projects 0.088s
2024-12-12 08:11:55.066 66373 INFO tempest.lib.common.rest_client [req-53e613c0-c619-42e9-be18-4e2e9d7f3392 req-53e613c0-c619-42e9-be18-4e2e9d7f3392 ] Request (VolumesNegativeTest:tearDownClass): 204 DELETE http://10.180.1.21:9696/networking/v2.0/security-groups/cf24fbae-051c-4329-85cb-0d2a86645afc 0.165s
2024-12-12 08:11:55.120 66339 INFO tempest.lib.common.rest_client [req-7e2e3ba7-060f-454a-9eeb-9eec7b5081da req-7e2e3ba7-060f-454a-9eeb-9eec7b5081da ] Request (FloatingIPsAssociationTestJSON:setUpClass): 200 GET http://10.180.1.21/compute/v2.1/servers/09eefc1a-011b-4d2c-ab75-a1fcee740907 0.167s
2024-12-12 08:11:55.121 66341 INFO tempest.lib.common.rest_client [req-75a40e52-eb10-4776-a54a-1577cc619b2d req-75a40e52-eb10-4776-a54a-1577cc619b2d ] Request (ServerExternalEventsTest:test_create_server_external_events): 200 GET http://10.180.1.21/compute/v2.1/servers/f7d5c77d-6c78-4969-b511-2b03ab624c84 0.097s
2024-12-12 08:11:55.140 66371 INFO tempest.lib.common.rest_client [req-86439720-2839-4196-8b0b-7df434380127 req-86439720-2839-4196-8b0b-7df434380127 ] Request (QuotasAdminTestV257:setUpClass): 201 POST http://10.180.1.21/identity/v3/users 0.088s
2024-12-12 08:11:55.158 66371 INFO tempest.lib.common.rest_client [req-9ca9a2d8-babb-4146-b874-5d8158116f14 req-9ca9a2d8-babb-4146-b874-5d8158116f14 ] Request (QuotasAdminTestV257:setUpClass): 200 GET http://10.180.1.21/identity/v3/roles 0.018s
2024-12-12 08:11:55.182 66373 INFO tempest.lib.common.rest_client [req-29c74646-564d-4484-88c0-b3ba206afeb9 req-29c74646-564d-4484-88c0-b3ba206afeb9 ] Request (VolumesNegativeTest:tearDownClass): 204 DELETE http://10.180.1.21/identity/v3/projects/017238df58f24ee88943949b2ec93ae0 0.115s
2024-12-12 08:11:55.196 66401 INFO tempest.lib.common.rest_client [req-dfcb9426-e10a-4d7a-97d5-8d63cd12e98d req-dfcb9426-e10a-4d7a-97d5-8d63cd12e98d ] Request (ServersAdminTestJSON:test_create_server_with_scheduling_hint): 200 GET http://10.180.1.21/compute/v2.1/servers/f59a31e4-7fb9-4de7-b35f-da811a305f85 0.110s
2024-12-12 08:11:55.197 66361 INFO tempest.lib.common.rest_client [req-e23f9a58-d07a-4068-bf75-b79816d0a09d req-e23f9a58-d07a-4068-bf75-b79816d0a09d ] Request (ServersAdmin275Test:_run_cleanups): 200 GET http://10.180.1.21/compute/v2.1/servers/c07e4d30-44bc-417b-8137-97f974aec932 0.130s
2024-12-12 08:11:55.225 66371 INFO tempest.lib.common.rest_client [req-b91dceaf-9ecf-4c5b-8879-7278c070054b req-b91dceaf-9ecf-4c5b-8879-7278c070054b ] Request (QuotasAdminTestV257:setUpClass): 204 PUT http://10.180.1.21/identity/v3/projects/a085901c86a24c7f87aef2eeaa21980e/users/f8632de7515d4aa2aeac807bc62efcdf/roles/1e60793d0a2a439ab760e7bede9bb722 0.066s
2024-12-12 08:11:55.270 66377 INFO tempest.lib.common.rest_client [req-8cf936c3-1419-4b9c-9ab4-cfed523812e7 req-8cf936c3-1419-4b9c-9ab4-cfed523812e7 ] Request (ServerDiagnosticsV248Test:tearDownClass): 200 GET http://10.180.1.21/compute/v2.1/servers/ceadcb5e-ee82-4441-b046-f79b973ec05e 0.127s
2024-12-12 08:11:55.296 66371 INFO tempest.lib.common.rest_client [req-aeac4f57-c0fe-46b4-bc65-933454cb3c04 req-aeac4f57-c0fe-46b4-bc65-933454cb3c04 ] Request (QuotasAdminTestV257:setUpClass): 200 GET http://10.180.1.21/identity/v3/roles 0.071s
2024-12-12 08:11:55.299 66355 INFO tempest.lib.common.rest_client [req-e9c561f3-1933-42e9-81d6-29902575be9c req-e9c561f3-1933-42e9-81d6-29902575be9c ] Request (ServerDiagnosticsNegativeTest:tearDownClass): 200 GET http://10.180.1.21/compute/v2.1/servers/c616d8ec-f28a-4430-a336-1ea4790fd511 0.099s
2024-12-12 08:11:55.327 66371 INFO tempest.lib.common.rest_client [req-ffba89b2-3431-4dd4-b4d0-a4ff89a9a069 req-ffba89b2-3431-4dd4-b4d0-a4ff89a9a069 ] Request (QuotasAdminTestV257:setUpClass): 204 PUT http://10.180.1.21/identity/v3/projects/a085901c86a24c7f87aef2eeaa21980e/users/f8632de7515d4aa2aeac807bc62efcdf/roles/1e60793d0a2a439ab760e7bede9bb722 0.031s
2024-12-12 08:11:55.328 66371 INFO tempest.lib.common.dynamic_creds [-] Dynamic test user f8632de7515d4aa2aeac807bc62efcdf is created with scope project and roles: ['admin']
2024-12-12 08:11:55.328 66371 INFO tempest.lib.common.dynamic_creds [-] Acquired dynamic creds: credentials: Credentials: {'domain_id': 'default', 'domain_name': 'Default', 'username': 'tempest-QuotasAdminTestV257-926221210-project-admin', 'project_domain_id': 'default', 'project_domain_name': 'Default', 'project_id': 'a085901c86a24c7f87aef2eeaa21980e', 'project_name': 'tempest-QuotasAdminTestV257-926221210', 'tenant_id': 'a085901c86a24c7f87aef2eeaa21980e', 'tenant_name': 'tempest-QuotasAdminTestV257-926221210', 'user_domain_id': 'default', 'user_domain_name': 'Default', 'user_id': 'f8632de7515d4aa2aeac807bc62efcdf', 'system': None}, Network: None, Subnet: None, Router: None
2024-12-12 08:11:55.328 66371 INFO tempest.lib.common.dynamic_creds [-] Created isolated network resources for: credentials: Credentials: {'domain_id': 'default', 'domain_name': 'Default', 'username': 'tempest-QuotasAdminTestV257-926221210-project-admin', 'project_domain_id': 'default', 'project_domain_name': 'Default', 'project_id': 'a085901c86a24c7f87aef2eeaa21980e', 'project_name': 'tempest-QuotasAdminTestV257-926221210', 'tenant_id': 'a085901c86a24c7f87aef2eeaa21980e', 'tenant_name': 'tempest-QuotasAdminTestV257-926221210', 'user_domain_id': 'default', 'user_domain_name': 'Default', 'user_id': 'f8632de7515d4aa2aeac807bc62efcdf', 'system': None}, Network: None, Subnet: None, Router: None
2024-12-12 08:11:55.329 66375 INFO tempest.lib.common.rest_client [req-a19a8976-4332-4e06-bacf-56c50ad55a6c req-a19a8976-4332-4e06-bacf-56c50ad55a6c ] Request (DeleteServersTestJSON:test_delete_active_server): 200 GET http://10.180.1.21/compute/v2.1/servers/31f55ece-82e6-40ad-ad7c-1af645f307bf 0.066s
2024-12-12 08:11:55.360 66353 INFO tempest.lib.common.rest_client [req-dc554a51-566b-4bd8-932c-26e85bba2eca req-dc554a51-566b-4bd8-932c-26e85bba2eca ] Request (ServersTestJSON:setUpClass): 200 GET http://10.180.1.21/compute/v2.1/servers/4c336ad1-8ce6-4f89-843e-0baae0d0dbda 0.095s
2024-12-12 08:11:55.378 66381 INFO tempest.lib.common.rest_client [req-5746b31c-c989-45dc-87cd-77eb9a6bc304 req-5746b31c-c989-45dc-87cd-77eb9a6bc304 ] Request (SecurityGroupsTestJSON:test_list_security_groups_by_server): 200 GET http://10.180.1.21/compute/v2.1/servers/4a29bff8-050a-4ad5-9d06-3a59c40b97ee 0.060s
2024-12-12 08:11:55.407 66371 INFO tempest.lib.common.rest_client [req-22a24b60-f4f6-49ff-a209-d1bbc334d430 req-22a24b60-f4f6-49ff-a209-d1bbc334d430 ] Request (QuotasAdminTestV257:setUpClass): 201 POST http://10.180.1.21/identity/v3/auth/tokens 0.075s
2024-12-12 08:11:55.407 66371 WARNING tempest.lib.common.rest_client [-] Deprecated: "tenant_id" property is deprecated for removal, use "project_id" instead
2024-12-12 08:11:55.411 66369 INFO tempest.lib.common.rest_client [req-22633d26-1b7d-4bd6-ab29-ed9dd24304e1 req-22633d26-1b7d-4bd6-ab29-ed9dd24304e1 ] Request (ServersAdminNegativeTestJSON:test_migrate_server_invalid_state): 200 GET http://10.180.1.21/compute/v2.1/servers/681ef7a9-3b24-450a-9034-6d30177995d7 0.093s
2024-12-12 08:11:55.431 66385 INFO tempest.lib.common.rest_client [req-7df0c3b0-cc43-4a04-b938-7842023f99c3 req-7df0c3b0-cc43-4a04-b938-7842023f99c3 ] Request (ServerShowV247Test:test_update_rebuild_list_server): 200 GET http://10.180.1.21/compute/v2.1/servers/49221ea3-d457-4cf5-97a9-9ae74c4e86fb 0.061s
2024-12-12 08:11:55.445 66371 INFO tempest.lib.common.rest_client [req-1ba2ba2b-845a-452b-804d-a8922467dacf req-1ba2ba2b-845a-452b-804d-a8922467dacf ] Request (QuotasAdminTestV257:test_get_updated_quotas): 200 GET http://10.180.1.21/identity/v3/domains?name=Default 0.037s
2024-12-12 08:11:55.456 66391 INFO tempest.lib.common.rest_client [req-064a2ea8-bcd3-417b-8309-8fa16b787df4 req-064a2ea8-bcd3-417b-8309-8fa16b787df4 ] Request (ServerDiskConfigTestJSON:test_rebuild_server_with_auto_disk_config): 200 GET http://10.180.1.21/compute/v2.1/servers/51eaac08-75fd-49f9-9b1a-cc2a2d799634 0.071s
2024-12-12 08:11:55.476 66371 INFO tempest.lib.common.rest_client [req-c7d304c9-de62-4f37-ba9c-26a72a48a611 req-c7d304c9-de62-4f37-ba9c-26a72a48a611 ] Request (QuotasAdminTestV257:test_get_updated_quotas): 201 POST http://10.180.1.21/identity/v3/projects 0.030s
2024-12-12 08:11:55.502 66363 INFO tempest.lib.common.rest_client [req-c0e7f895-68e8-446d-b824-1a7a9146218a req-c0e7f895-68e8-446d-b824-1a7a9146218a ] Request (ListServersNegativeTestJSON:setUpClass): 200 GET http://10.180.1.21/compute/v2.1/servers/021c3287-5887-457e-9b3a-233308fb9b23 0.058s
2024-12-12 08:11:55.535 66371 INFO tempest.lib.common.rest_client [req-daa6ecc7-b83b-4db4-a6b3-c8507c03e141 req-daa6ecc7-b83b-4db4-a6b3-c8507c03e141 ] Request (QuotasAdminTestV257:test_get_updated_quotas): 200 GET http://10.180.1.21/identity/v3/domains?name=Default 0.057s
2024-12-12 08:11:55.617 66349 INFO tempest.lib.common.rest_client [req-7c11e724-56da-49a8-91ca-0008b6a3ff0e req-7c11e724-56da-49a8-91ca-0008b6a3ff0e ] Request (ServerShowV254Test:test_rebuild_server): 200 GET http://10.180.1.21/compute/v2.1/servers/1462d213-3f9a-4c60-8056-0b68f20a4939 0.063s
2024-12-12 08:11:55.681 66371 INFO tempest.lib.common.rest_client [req-c9eb4ad4-9540-4068-92e0-feb6199dcc74 req-c9eb4ad4-9540-4068-92e0-feb6199dcc74 ] Request (QuotasAdminTestV257:test_get_updated_quotas): 200 PUT http://10.180.1.21/compute/v2.1/os-quota-sets/642fb0e931f249de9a1ae09cedb3a6a9 0.145s
2024-12-12 08:11:55.698 66347 INFO tempest.lib.common.rest_client [req-32495f66-0e4f-4f9e-bcd8-780b7944a60d req-32495f66-0e4f-4f9e-bcd8-780b7944a60d ] Request (InstanceActionsV221TestJSON:test_get_list_deleted_instance_actions): 200 GET http://10.180.1.21/compute/v2.1/servers/c612a1be-fb39-416d-a9d2-d206582e5aeb 0.062s
2024-12-12 08:11:55.728 66371 INFO tempest.lib.common.rest_client [req-49d9aedf-a82b-46e8-bdb0-5a563b3f0abb req-49d9aedf-a82b-46e8-bdb0-5a563b3f0abb ] Request (QuotasAdminTestV257:test_get_updated_quotas): 200 GET http://10.180.1.21/compute/v2.1/os-quota-sets/642fb0e931f249de9a1ae09cedb3a6a9/detail 0.045s
2024-12-12 08:11:55.759 66371 INFO tempest.lib.common.rest_client [req-9c26c1a9-1da1-455a-9aaa-360f09949747 req-9c26c1a9-1da1-455a-9aaa-360f09949747 ] Request (QuotasAdminTestV257:test_get_updated_quotas): 200 GET http://10.180.1.21/identity/v3/domains?name=Default 0.027s
2024-12-12 08:11:55.765 66387 INFO tempest.lib.common.rest_client [req-62a0c436-b8d0-4358-9739-c976b79109c9 req-62a0c436-b8d0-4358-9739-c976b79109c9 ] Request (DeleteServersAdminTestJSON:test_delete_server_while_in_error_state): 200 GET http://10.180.1.21/compute/v2.1/servers/40c7a9b8-d541-464a-ba87-76cfc183ae31 0.062s
2024-12-12 08:11:55.792 66371 INFO tempest.lib.common.rest_client [req-ad7fd9a5-41b8-40b6-b687-63e499d3f987 req-ad7fd9a5-41b8-40b6-b687-63e499d3f987 ] Request (QuotasAdminTestV257:test_get_updated_quotas): 201 POST http://10.180.1.21/identity/v3/users 0.032s
2024-12-12 08:11:55.818 66371 INFO tempest.lib.common.rest_client [req-c7463849-7df8-4af3-9df0-3fd1289732e8 req-c7463849-7df8-4af3-9df0-3fd1289732e8 ] Request (QuotasAdminTestV257:test_get_updated_quotas): 200 GET http://10.180.1.21/identity/v3/domains?name=Default 0.025s
2024-12-12 08:11:55.821 66367 INFO tempest.lib.common.rest_client [req-e98fd97f-18be-409a-87fb-37b5da885033 req-e98fd97f-18be-409a-87fb-37b5da885033 ] Request (ServerAddressesNegativeTestJSON:setUpClass): 200 GET http://10.180.1.21/compute/v2.1/servers/22380aef-c725-43a0-a957-06ced9518c21 0.065s
2024-12-12 08:11:55.866 66397 INFO tempest.lib.common.rest_client [req-3ec0dc0f-55e9-4263-8c67-9659b56e1277 req-3ec0dc0f-55e9-4263-8c67-9659b56e1277 ] Request (InstanceActionsTestJSON:setUpClass): 201 POST http://10.180.1.21:9696/networking/v2.0/routers 1.197s
2024-12-12 08:11:55.870 66357 INFO tempest.lib.common.rest_client [req-374e4d21-8ea0-498c-a991-3f07b05ef679 req-374e4d21-8ea0-498c-a991-3f07b05ef679 ] Request (ServersTestFqdnHostnames:test_create_server_with_fqdn_name): 200 GET http://10.180.1.21/compute/v2.1/servers/a59be5e6-2316-4766-933a-4d01dfe4fec1 0.102s
2024-12-12 08:11:55.874 66365 INFO tempest.lib.common.rest_client [req-b4f94899-2db4-4230-a072-cea912faa635 req-b4f94899-2db4-4230-a072-cea912faa635 ] Request (VolumesAssistedSnapshotsTest:test_volume_assisted_snapshot_create_delete): 200 GET http://10.180.1.21/compute/v2.1/servers/91902e7f-8c15-447b-a3a8-04433434b1b6 0.169s
2024-12-12 08:11:55.884 66365 INFO tempest.common.waiters [-] State transition "BUILD/networking" ==> "BUILD/spawning" after 34 second wait
2024-12-12 08:11:55.920 66343 INFO tempest.lib.common.rest_client [req-f59ddb58-61d8-4326-9c7c-f02a1d9c0b32 req-f59ddb58-61d8-4326-9c7c-f02a1d9c0b32 ] Request (ServersTestMultiNic:test_verify_duplicate_network_nics): 200 GET http://10.180.1.21/compute/v2.1/servers/cfefa7c8-4986-4ad0-ac20-8784ee44a737 0.109s
2024-12-12 08:11:55.978 66371 INFO tempest.lib.common.rest_client [req-a8ae9191-542c-4372-bedb-adc436502c52 req-a8ae9191-542c-4372-bedb-adc436502c52 ] Request (QuotasAdminTestV257:test_get_updated_quotas): 200 PUT http://10.180.1.21/compute/v2.1/os-quota-sets/642fb0e931f249de9a1ae09cedb3a6a9?user_id=83975dff3c2046e7a5f9a7631c2272b3 0.159s
2024-12-12 08:11:55.982 66379 INFO tempest.lib.common.rest_client [req-368e045e-f3bf-4455-9eb5-413ae0c0ebc6 req-368e045e-f3bf-4455-9eb5-413ae0c0ebc6 ] Request (ImagesTestJSON:test_create_image_from_suspended_server): 200 GET http://10.180.1.21/compute/v2.1/servers/3b506d10-a427-47b8-ab5f-c35e450b7eb1 0.154s
2024-12-12 08:11:56.050 66371 INFO tempest.lib.common.rest_client [req-14dd4237-e4fe-4f0e-a454-040ecb508582 req-14dd4237-e4fe-4f0e-a454-040ecb508582 ] Request (QuotasAdminTestV257:test_get_updated_quotas): 200 GET http://10.180.1.21/compute/v2.1/os-quota-sets/642fb0e931f249de9a1ae09cedb3a6a9?user_id=83975dff3c2046e7a5f9a7631c2272b3 0.070s
2024-12-12 08:11:56.050 66399 INFO tempest.lib.common.rest_client [req-45a08497-0570-4836-9ab3-6f65eba28796 req-45a08497-0570-4836-9ab3-6f65eba28796 ] Request (VolumesAdminNegativeTest:test_update_attached_volume_with_nonexistent_volume_in_body): 200 GET http://10.180.1.21/compute/v2.1/servers/c61c893f-826b-4874-b253-de6fbffa9e5a 0.152s
2024-12-12 08:11:56.123 66389 INFO tempest.lib.common.rest_client [req-cdf4e69b-4cf1-4939-b305-4d83c6fde136 req-cdf4e69b-4cf1-4939-b305-4d83c6fde136 ] Request (ServerDiagnosticsTest:tearDownClass): 200 GET http://10.180.1.21/compute/v2.1/servers/1118c1e5-1aa8-4f52-9fb9-e86531bf83d1 0.131s
2024-12-12 08:11:56.139 66371 INFO tempest.lib.common.rest_client [req-e2f1279b-3265-4afa-a5a8-f4cc75f7c5c3 req-e2f1279b-3265-4afa-a5a8-f4cc75f7c5c3 ] Request (QuotasAdminTestV257:_run_cleanups): 204 DELETE http://10.180.1.21/identity/v3/users/83975dff3c2046e7a5f9a7631c2272b3 0.088s
2024-12-12 08:11:56.185 66359 WARNING tempest.lib.common.ssh [-] Failed to establish authenticated ssh connection to cirros@10.180.180.162 ([Errno None] Unable to connect to port 22 on 10.180.180.162). Number attempts: 1. Retry after 2 seconds.: paramiko.ssh_exception.NoValidConnectionsError: [Errno None] Unable to connect to port 22 on 10.180.180.162
2024-12-12 08:11:56.188 66395 INFO tempest.lib.common.rest_client [req-ef1f9996-cf49-4c36-b5cf-3b614dcdb5f0 req-ef1f9996-cf49-4c36-b5cf-3b614dcdb5f0 ] Request (ListImageFiltersTestJSON:setUpClass): 200 GET http://10.180.1.21/compute/v2.1/servers/2b68e95a-1d93-43ee-b0a6-996c9042f5c7 0.124s
2024-12-12 08:11:56.248 66339 INFO tempest.lib.common.rest_client [req-15947169-6bdf-45ee-b28b-9b876b8f73c5 req-15947169-6bdf-45ee-b28b-9b876b8f73c5 ] Request (FloatingIPsAssociationTestJSON:setUpClass): 200 GET http://10.180.1.21/compute/v2.1/servers/09eefc1a-011b-4d2c-ab75-a1fcee740907 0.115s
2024-12-12 08:11:56.263 66371 INFO tempest.lib.common.rest_client [req-123db121-31ba-4ca6-8f85-ed753d37982f req-123db121-31ba-4ca6-8f85-ed753d37982f ] Request (QuotasAdminTestV257:_run_cleanups): 204 DELETE http://10.180.1.21/identity/v3/projects/642fb0e931f249de9a1ae09cedb3a6a9 0.123s
2024-12-12 08:11:56.262 66345 INFO tempest.lib.common.rest_client [req-69db737c-c246-404f-ae20-dad9cc8f1463 req-69db737c-c246-404f-ae20-dad9cc8f1463 ] Request (MigrationsAdminTest:test_list_migrations_in_flavor_resize_situation): 200 GET http://10.180.1.21/compute/v2.1/servers/fe350d30-6fbd-4813-9634-ed05984fecfd 0.211s
2024-12-12 08:11:56.272 66345 INFO tempest.common.waiters [-] State transition "RESIZE/resize_migrated" ==> "RESIZE/resize_finish" after 33 second wait
2024-12-12 08:11:56.304 66341 INFO tempest.lib.common.rest_client [req-f45a2cd4-b543-4849-a961-5f8d88df5b7a req-f45a2cd4-b543-4849-a961-5f8d88df5b7a ] Request (ServerExternalEventsTest:test_create_server_external_events): 200 GET http://10.180.1.21/compute/v2.1/servers/f7d5c77d-6c78-4969-b511-2b03ab624c84 0.170s
2024-12-12 08:11:56.324 66401 INFO tempest.lib.common.rest_client [req-4a952fee-680d-4294-ad05-9c19d924cd86 req-4a952fee-680d-4294-ad05-9c19d924cd86 ] Request (ServersAdminTestJSON:test_create_server_with_scheduling_hint): 200 GET http://10.180.1.21/compute/v2.1/servers/f59a31e4-7fb9-4de7-b35f-da811a305f85 0.117s
2024-12-12 08:11:56.379 66361 INFO tempest.lib.common.rest_client [req-5249354f-92ba-4d6f-906c-063c957b0d17 req-5249354f-92ba-4d6f-906c-063c957b0d17 ] Request (ServersAdmin275Test:_run_cleanups): 200 GET http://10.180.1.21/compute/v2.1/servers/c07e4d30-44bc-417b-8137-97f974aec932 0.168s
2024-12-12 08:11:56.389 66377 INFO tempest.lib.common.rest_client [req-ef1bcee8-c86b-4c18-811c-e5d3b12f6bd4 req-ef1bcee8-c86b-4c18-811c-e5d3b12f6bd4 ] Request (ServerDiagnosticsV248Test:tearDownClass): 200 GET http://10.180.1.21/compute/v2.1/servers/ceadcb5e-ee82-4441-b046-f79b973ec05e 0.108s
2024-12-12 08:11:56.392 66361 INFO tempest.common.waiters [-] State transition "REBUILD/rebuilding" ==> "REBUILD/rebuild_block_device_mapping" after 2 second wait
2024-12-12 08:11:56.397 66371 INFO tempest.lib.common.rest_client [req-9b2caac9-25cc-4292-a481-b815d9447381 req-9b2caac9-25cc-4292-a481-b815d9447381 ] Request (QuotasAdminTestV257:tearDownClass): 204 DELETE http://10.180.1.21/identity/v3/users/f70da99b25c04c3e89aa06ffbb64fc89 0.133s
2024-12-12 08:11:56.447 66355 INFO tempest.lib.common.rest_client [req-1d7487e3-ade6-4d78-9e9a-aa91c8f43623 req-1d7487e3-ade6-4d78-9e9a-aa91c8f43623 ] Request (ServerDiagnosticsNegativeTest:tearDownClass): 200 GET http://10.180.1.21/compute/v2.1/servers/c616d8ec-f28a-4430-a336-1ea4790fd511 0.141s
2024-12-12 08:11:56.460 66375 INFO tempest.lib.common.rest_client [req-f9050996-3093-4556-b247-1cdf1ebd4937 req-f9050996-3093-4556-b247-1cdf1ebd4937 ] Request (DeleteServersTestJSON:test_delete_active_server): 200 GET http://10.180.1.21/compute/v2.1/servers/31f55ece-82e6-40ad-ad7c-1af645f307bf 0.122s
2024-12-12 08:11:56.504 66353 INFO tempest.lib.common.rest_client [req-09a95c7d-ae94-4a3c-b6ad-ebabcb51b17d req-09a95c7d-ae94-4a3c-b6ad-ebabcb51b17d ] Request (ServersTestJSON:setUpClass): 200 GET http://10.180.1.21/compute/v2.1/servers/4c336ad1-8ce6-4f89-843e-0baae0d0dbda 0.134s
2024-12-12 08:11:56.520 66381 INFO tempest.lib.common.rest_client [req-3be40eee-edb8-461c-ae90-b9918fab40bb req-3be40eee-edb8-461c-ae90-b9918fab40bb ] Request (SecurityGroupsTestJSON:test_list_security_groups_by_server): 200 GET http://10.180.1.21/compute/v2.1/servers/4a29bff8-050a-4ad5-9d06-3a59c40b97ee 0.134s
2024-12-12 08:11:56.523 66371 INFO tempest.lib.common.rest_client [req-bbf4b024-0c0d-4bdf-acf5-81f45b3a7ff5 req-bbf4b024-0c0d-4bdf-acf5-81f45b3a7ff5 ] Request (QuotasAdminTestV257:tearDownClass): 204 DELETE http://10.180.1.21/identity/v3/users/f8632de7515d4aa2aeac807bc62efcdf 0.126s
2024-12-12 08:11:56.523 66371 INFO tempest.lib.common.dynamic_creds [-] Deleting project and security group for project: d04e6212e54f4619912d329ca32f4186
2024-12-12 08:11:56.569 66369 INFO tempest.lib.common.rest_client [req-d78d3afa-1710-4bf4-85e7-3ec3184f021f req-d78d3afa-1710-4bf4-85e7-3ec3184f021f ] Request (ServersAdminNegativeTestJSON:test_migrate_server_invalid_state): 200 GET http://10.180.1.21/compute/v2.1/servers/681ef7a9-3b24-450a-9034-6d30177995d7 0.150s
2024-12-12 08:11:56.589 66385 INFO tempest.lib.common.rest_client [req-0c4517ee-4650-4454-81ca-b398f8a64a55 req-0c4517ee-4650-4454-81ca-b398f8a64a55 ] Request (ServerShowV247Test:test_update_rebuild_list_server): 200 GET http://10.180.1.21/compute/v2.1/servers/49221ea3-d457-4cf5-97a9-9ae74c4e86fb 0.147s
2024-12-12 08:11:56.598 66371 INFO tempest.lib.common.rest_client [req-e3e8a562-d9b8-47a4-865a-f06381d4ca02 req-e3e8a562-d9b8-47a4-865a-f06381d4ca02 ] Request (QuotasAdminTestV257:tearDownClass): 201 POST http://10.180.1.21/identity/v3/auth/tokens 0.074s
2024-12-12 08:11:56.629 66391 INFO tempest.lib.common.rest_client [req-202fdff0-41a5-4be1-aa5e-7029d184792e req-202fdff0-41a5-4be1-aa5e-7029d184792e ] Request (ServerDiskConfigTestJSON:test_rebuild_server_with_auto_disk_config): 200 GET http://10.180.1.21/compute/v2.1/servers/51eaac08-75fd-49f9-9b1a-cc2a2d799634 0.166s
2024-12-12 08:11:56.649 66363 INFO tempest.lib.common.rest_client [req-26e5f7ce-f94e-488e-a281-d0ca1c04216b req-26e5f7ce-f94e-488e-a281-d0ca1c04216b ] Request (ListServersNegativeTestJSON:setUpClass): 200 GET http://10.180.1.21/compute/v2.1/servers/021c3287-5887-457e-9b3a-233308fb9b23 0.138s
2024-12-12 08:11:56.703 66349 INFO tempest.lib.common.rest_client [req-a7eb73a1-4dab-4a1e-b86a-80d9df5692e7 req-a7eb73a1-4dab-4a1e-b86a-80d9df5692e7 ] Request (ServerShowV254Test:test_rebuild_server): 200 GET http://10.180.1.21/compute/v2.1/servers/1462d213-3f9a-4c60-8056-0b68f20a4939 0.073s
2024-12-12 08:11:56.770 66347 INFO tempest.lib.common.rest_client [req-f6d1e08f-08f7-4d64-afe9-d15b0985a979 req-f6d1e08f-08f7-4d64-afe9-d15b0985a979 ] Request (InstanceActionsV221TestJSON:test_get_list_deleted_instance_actions): 200 GET http://10.180.1.21/compute/v2.1/servers/c612a1be-fb39-416d-a9d2-d206582e5aeb 0.059s
2024-12-12 08:11:56.839 66387 INFO tempest.lib.common.rest_client [req-3c1359ab-cb1f-495b-8fa0-d183c1abf165 req-3c1359ab-cb1f-495b-8fa0-d183c1abf165 ] Request (DeleteServersAdminTestJSON:test_delete_server_while_in_error_state): 200 GET http://10.180.1.21/compute/v2.1/servers/40c7a9b8-d541-464a-ba87-76cfc183ae31 0.065s
2024-12-12 08:11:56.863 66371 INFO tempest.lib.common.rest_client [req-bc4c99f0-699b-4b5b-9aa2-7bb32344300e req-bc4c99f0-699b-4b5b-9aa2-7bb32344300e ] Request (QuotasAdminTestV257:tearDownClass): 200 GET http://10.180.1.21:9696/networking/v2.0/security-groups?tenant_id=d04e6212e54f4619912d329ca32f4186&name=default 0.264s
2024-12-12 08:11:56.903 66367 INFO tempest.lib.common.rest_client [req-fed10ded-9443-4a48-8e0b-7f5915e5edd4 req-fed10ded-9443-4a48-8e0b-7f5915e5edd4 ] Request (ServerAddressesNegativeTestJSON:setUpClass): 200 GET http://10.180.1.21/compute/v2.1/servers/22380aef-c725-43a0-a957-06ced9518c21 0.071s
2024-12-12 08:11:56.974 66357 INFO tempest.lib.common.rest_client [req-65dec94c-01c8-4f05-b01f-3e6d58fa2a21 req-65dec94c-01c8-4f05-b01f-3e6d58fa2a21 ] Request (ServersTestFqdnHostnames:test_create_server_with_fqdn_name): 200 GET http://10.180.1.21/compute/v2.1/servers/a59be5e6-2316-4766-933a-4d01dfe4fec1 0.095s
2024-12-12 08:11:57.241 66343 INFO tempest.lib.common.rest_client [req-b6c76ee8-eb58-44ab-a2e6-93422c1a96df req-b6c76ee8-eb58-44ab-a2e6-93422c1a96df ] Request (ServersTestMultiNic:test_verify_duplicate_network_nics): 200 GET http://10.180.1.21/compute/v2.1/servers/cfefa7c8-4986-4ad0-ac20-8784ee44a737 0.312s
2024-12-12 08:11:57.261 66371 INFO tempest.lib.common.rest_client [req-d6135671-f73e-4ec0-aef4-2dab96c775de req-d6135671-f73e-4ec0-aef4-2dab96c775de ] Request (QuotasAdminTestV257:tearDownClass): 204 DELETE http://10.180.1.21:9696/networking/v2.0/security-groups/c2339ab0-2373-4b85-af65-a48b79f95b2c 0.397s
2024-12-12 08:11:57.265 66365 INFO tempest.lib.common.rest_client [req-95842e92-b3ce-49c6-b2ff-e06b8e556e8f req-95842e92-b3ce-49c6-b2ff-e06b8e556e8f ] Request (VolumesAssistedSnapshotsTest:test_volume_assisted_snapshot_create_delete): 200 GET http://10.180.1.21/compute/v2.1/servers/91902e7f-8c15-447b-a3a8-04433434b1b6 0.378s
2024-12-12 08:11:57.342 66371 INFO tempest.lib.common.rest_client [req-e0692db9-744e-49d6-90c8-e2bac98bf2b0 req-e0692db9-744e-49d6-90c8-e2bac98bf2b0 ] Request (QuotasAdminTestV257:tearDownClass): 204 DELETE http://10.180.1.21/identity/v3/projects/d04e6212e54f4619912d329ca32f4186 0.081s
2024-12-12 08:11:57.343 66371 INFO tempest.lib.common.dynamic_creds [-] Deleting project and security group for project: a085901c86a24c7f87aef2eeaa21980e
2024-12-12 08:11:57.345 66379 INFO tempest.lib.common.rest_client [req-a029ed22-8cde-4d88-b91b-d2582efcb5a0 req-a029ed22-8cde-4d88-b91b-d2582efcb5a0 ] Request (ImagesTestJSON:test_create_image_from_suspended_server): 200 GET http://10.180.1.21/compute/v2.1/servers/3b506d10-a427-47b8-ab5f-c35e450b7eb1 0.352s
2024-12-12 08:11:57.352 66399 INFO tempest.lib.common.rest_client [req-dc9c0221-a662-4c13-a482-ce0a471c430f req-dc9c0221-a662-4c13-a482-ce0a471c430f ] Request (VolumesAdminNegativeTest:test_update_attached_volume_with_nonexistent_volume_in_body): 200 GET http://10.180.1.21/compute/v2.1/servers/c61c893f-826b-4874-b253-de6fbffa9e5a 0.290s
2024-12-12 08:11:57.362 66399 INFO tempest.common.waiters [-] State transition "BUILD/None" ==> "BUILD/networking" after 36 second wait
2024-12-12 08:11:57.381 66397 INFO tempest.lib.common.rest_client [req-ef44937a-8415-45e7-8681-46e3d3d33f68 req-ef44937a-8415-45e7-8681-46e3d3d33f68 ] Request (InstanceActionsTestJSON:setUpClass): 200 PUT http://10.180.1.21:9696/networking/v2.0/routers/6b1aedea-ec14-4502-b371-1aa19ce7a841/add_router_interface 1.514s
2024-12-12 08:11:57.381 66397 INFO tempest.lib.common.dynamic_creds [-] Created isolated network resources for: credentials: Credentials: {'domain_id': 'default', 'domain_name': 'Default', 'username': 'tempest-InstanceActionsTestJSON-366970633-project-member', 'project_domain_id': 'default', 'project_domain_name': 'Default', 'project_id': 'd004a7d2ec074aa39666ae15861b9440', 'project_name': 'tempest-InstanceActionsTestJSON-366970633', 'tenant_id': 'd004a7d2ec074aa39666ae15861b9440', 'tenant_name': 'tempest-InstanceActionsTestJSON-366970633', 'user_domain_id': 'default', 'user_domain_name': 'Default', 'user_id': 'bb2a4995d71549b89f020dfdd3a6d470', 'system': None}, Network: {'id': 'deb202ae-72d1-47f1-8354-3ea5d8bdcd2a', 'name': 'tempest-InstanceActionsTestJSON-1495521208-network', 'tenant_id': 'd004a7d2ec074aa39666ae15861b9440', 'admin_state_up': True, 'mtu': 8950, 'status': 'ACTIVE', 'subnets': [], 'shared': False, 'project_id': 'd004a7d2ec074aa39666ae15861b9440', 'port_security_enabled': True, 'router:external': False, 'provider:network_type': 'vlan', 'provider:physical_network': 'default', 'provider:segmentation_id': 765, 'availability_zone_hints': [], 'availability_zones': [], 'ipv4_address_scope': None, 'ipv6_address_scope': None, 'description': '', 'tags': [], 'created_at': '2024-12-12T08:11:54Z', 'updated_at': '2024-12-12T08:11:54Z', 'revision_number': 1}, Subnet: {'id': 'fc262696-bcee-4e71-81a8-937ee47a61c6', 'name': 'tempest-InstanceActionsTestJSON-1495521208-subnet', 'tenant_id': 'd004a7d2ec074aa39666ae15861b9440', 'network_id': 'deb202ae-72d1-47f1-8354-3ea5d8bdcd2a', 'ip_version': 4, 'subnetpool_id': None, 'enable_dhcp': True, 'ipv6_ra_mode': None, 'ipv6_address_mode': None, 'gateway_ip': '192.168.128.1', 'cidr': '192.168.128.0/28', 'allocation_pools': [{'start': '192.168.128.2', 'end': '192.168.128.14'}], 'host_routes': [], 'dns_nameservers': [], 'description': '', 'router:external': False, 'service_types': [], 'tags': [], 'created_at': '2024-12-12T08:11:54Z', 'updated_at': '2024-12-12T08:11:54Z', 'revision_number': 0, 'project_id': 'd004a7d2ec074aa39666ae15861b9440'}, Router: {'id': '6b1aedea-ec14-4502-b371-1aa19ce7a841', 'name': 'tempest-InstanceActionsTestJSON-1495521208-router', 'tenant_id': 'd004a7d2ec074aa39666ae15861b9440', 'admin_state_up': True, 'status': 'ACTIVE', 'external_gateway_info': {'network_id': '5e24d1d5-4fae-4412-9b4d-c4fcd7f9595f', 'external_fixed_ips': [{'subnet_id': '9e21d8dc-64ce-4d5e-9a44-47b59035fb96', 'ip_address': '10.180.180.151'}], 'enable_snat': True}, 'description': '', 'availability_zones': [], 'distributed': False, 'ha': False, 'availability_zone_hints': [], 'routes': [], 'flavor_id': None, 'tags': [], 'created_at': '2024-12-12T08:11:54Z', 'updated_at': '2024-12-12T08:11:55Z', 'revision_number': 2, 'project_id': 'd004a7d2ec074aa39666ae15861b9440'}
2024-12-12 08:11:57.425 66389 INFO tempest.lib.common.rest_client [req-93af6d97-dbce-42e2-b598-e1053cfca636 req-93af6d97-dbce-42e2-b598-e1053cfca636 ] Request (ServerDiagnosticsTest:tearDownClass): 200 GET http://10.180.1.21/compute/v2.1/servers/1118c1e5-1aa8-4f52-9fb9-e86531bf83d1 0.293s
2024-12-12 08:11:57.425 66395 INFO tempest.lib.common.rest_client [req-10318608-4279-4e55-8d0e-0d0c41079ba9 req-10318608-4279-4e55-8d0e-0d0c41079ba9 ] Request (ListImageFiltersTestJSON:setUpClass): 200 GET http://10.180.1.21/compute/v2.1/servers/2b68e95a-1d93-43ee-b0a6-996c9042f5c7 0.225s
2024-12-12 08:11:57.476 66397 INFO tempest.lib.common.rest_client [req-ce97f833-27dc-4e19-bcc6-df926e9b3b7e req-ce97f833-27dc-4e19-bcc6-df926e9b3b7e ] Request (InstanceActionsTestJSON:setUpClass): 201 POST http://10.180.1.21/identity/v3/auth/tokens 0.091s
2024-12-12 08:11:57.481 66339 INFO tempest.lib.common.rest_client [req-93c9f106-b024-444d-a6b9-8270189e3c21 req-93c9f106-b024-444d-a6b9-8270189e3c21 ] Request (FloatingIPsAssociationTestJSON:setUpClass): 200 GET http://10.180.1.21/compute/v2.1/servers/09eefc1a-011b-4d2c-ab75-a1fcee740907 0.221s
2024-12-12 08:11:57.517 66397 INFO tempest.lib.common.rest_client [req-88b6c4d9-0c79-4c41-9c1e-263ce8200f11 req-88b6c4d9-0c79-4c41-9c1e-263ce8200f11 ] Request (InstanceActionsTestJSON:setUpClass): 201 POST http://10.180.1.21/identity/v3/auth/tokens 0.036s
