2024-12-30 09:34:11.264 67147 INFO tempest.lib.common.rest_client [req-4651ae03-156f-4e88-bced-33810f0f665b req-4651ae03-156f-4e88-bced-33810f0f665b ] Request (ServerActionsTestJSON:setUpClass): 200 GET http://10.180.1.21/compute/v2.1/servers/f63c1f62-24dd-427f-90cc-25312097d746 0.176s
2024-12-30 09:34:11.320 67111 INFO tempest.lib.common.rest_client [req-634f78f6-43da-4c0f-aa83-ebbf0b77eda3 req-634f78f6-43da-4c0f-aa83-ebbf0b77eda3 ] Request (ListServerFiltersTestJSON:setUpClass): 200 GET http://10.180.1.21/compute/v2.1/servers/8811ec10-8cc5-4238-b361-55f24e044027 0.209s
2024-12-30 09:34:11.378 67101 INFO tempest.lib.common.rest_client [req-f8eebd3d-5a9c-45e6-bc91-166d9a722716 req-f8eebd3d-5a9c-45e6-bc91-166d9a722716 ] Request (ServersNegativeTestJSON:setUpClass): 200 GET http://10.180.1.21/compute/v2.1/servers/2346cc28-f1bd-4e6c-a45f-242f224132a9 0.235s
2024-12-30 09:34:11.626 67133 INFO tempest.lib.common.rest_client [req-98351a49-260d-4d90-aac1-292f8c61950d req-98351a49-260d-4d90-aac1-292f8c61950d ] Request (ServersAdminNegativeTestJSON:tearDownClass): 200 GET http://10.180.1.21/compute/v2.1/servers/ed6d0b03-0a79-4691-bc11-cca6ed9ee120 0.438s
2024-12-30 09:34:11.699 67109 INFO tempest.lib.common.rest_client [req-3f7367fc-48c7-4834-a374-f2280d5879a4 req-3f7367fc-48c7-4834-a374-f2280d5879a4 ] Request (AttachInterfacesV270Test:tearDownClass): 200 GET http://10.180.1.21/compute/v2.1/servers/b1054cd3-d64d-4f9b-a314-e94b0d73c80c 0.489s
2024-12-30 09:34:11.717 67113 INFO tempest.lib.common.rest_client [req-ebdb3995-9194-4e50-9e97-e930b757494c req-ebdb3995-9194-4e50-9e97-e930b757494c ] Request (ImagesTestJSON:test_create_image_from_stopped_server): 202 POST http://10.180.1.21/compute/v2.1/servers 0.699s
2024-12-30 09:34:11.753 67149 INFO tempest.lib.common.rest_client [req-46986872-b568-41a3-b485-6cdc41b855a3 req-46986872-b568-41a3-b485-6cdc41b855a3 ] Request (ServersTestBootFromVolume:setUpClass): 200 GET http://10.180.1.21/compute/v2.1/servers/a9959f70-763e-4ba6-8b44-f1b927d4cd01 0.519s
2024-12-30 09:34:11.769 67129 INFO tempest.lib.common.rest_client [req-6b6d1252-462f-494e-b867-9802e6391b57 req-6b6d1252-462f-494e-b867-9802e6391b57 ] Request (SecurityGroupsTestJSON:test_server_security_groups): 200 GET http://10.180.1.21/compute/v2.1/servers/da06dfbd-2823-4075-b453-0e3ca30b7c9c 0.473s
2024-12-30 09:34:11.793 67153 WARNING tempest.lib.common.ssh [-] Failed to establish authenticated ssh connection to cirros@10.180.180.147 ([Errno None] Unable to connect to port 22 on 10.180.180.147). Number attempts: 9. Retry after 10 seconds.: paramiko.ssh_exception.NoValidConnectionsError: [Errno None] Unable to connect to port 22 on 10.180.180.147
2024-12-30 09:34:11.942 67137 INFO tempest.lib.common.rest_client [req-e625885c-bd52-4a0b-a812-49a853d697bf req-e625885c-bd52-4a0b-a812-49a853d697bf ] Request (ServerRescueNegativeTestJSON:test_rescued_vm_attach_volume): 200 GET http://10.180.1.21/compute/v2.1/servers/c387877d-8cf1-4860-84d3-d8946c65db67 0.584s
2024-12-30 09:34:11.943 67097 INFO tempest.lib.common.rest_client [req-0a93ddca-9c81-43c9-9c76-37f419b945e8 req-0a93ddca-9c81-43c9-9c76-37f419b945e8 ] Request (MigrationsAdminTest:test_list_migrations_in_flavor_resize_situation): 200 GET http://10.180.1.21/compute/v2.1/servers/aee05e74-29a2-40ca-8185-a3698c7321af 0.421s
2024-12-30 09:34:12.004 67135 INFO tempest.lib.common.rest_client [req-67ccc562-c288-46e4-a856-7be3408f262f req-67ccc562-c288-46e4-a856-7be3408f262f ] Request (ServerAddressesTestJSON:setUpClass): 200 GET http://10.180.1.21/compute/v2.1/servers/6db5008a-0bc2-41a4-8597-41bbdbe6681f 0.408s
2024-12-30 09:34:12.057 67121 INFO tempest.lib.common.rest_client [req-46b75009-36aa-4b3d-98f3-57ca88215106 req-46b75009-36aa-4b3d-98f3-57ca88215106 ] Request (ServerExternalEventsTest:test_create_server_external_events): 200 GET http://10.180.1.21/compute/v2.1/servers/677e3210-d6c0-4fbf-8768-e36ddf2acd2c 0.407s
2024-12-30 09:34:12.064 67131 INFO tempest.lib.common.rest_client [req-ab629d69-2fa0-4de2-84dd-8aecc81f9abb req-ab629d69-2fa0-4de2-84dd-8aecc81f9abb ] Request (InstanceActionsTestJSON:setUpClass): 200 GET http://10.180.1.21/compute/v2.1/servers/877a937a-e068-47ac-a6ca-8b499fc46b74 0.459s
2024-12-30 09:34:12.108 67117 INFO tempest.lib.common.rest_client [req-96c57339-0978-4928-bec9-a890126133fe req-96c57339-0978-4928-bec9-a890126133fe ] Request (MultipleCreateTestJSON:test_multiple_create): 200 GET http://10.180.1.21/compute/v2.1/servers/f2072664-ec85-48eb-8a4b-8d09c10d29fc 0.443s
2024-12-30 09:34:12.120 67139 INFO tempest.lib.common.rest_client [req-d8dfaa78-fea9-498a-b28b-40b60a7ed65f req-d8dfaa78-fea9-498a-b28b-40b60a7ed65f ] Request (ServerActionsTestOtherB:setUpClass): 200 GET http://10.180.1.21/compute/v2.1/servers/3ea50bbd-56e4-4fd5-a15a-1059d58227d5 0.409s
2024-12-30 09:34:12.126 67139 INFO tempest.common.waiters [-] State transition "BUILD/scheduling" ==> "BUILD/None" after 46 second wait
2024-12-30 09:34:12.146 67113 INFO tempest.lib.common.rest_client [req-e7321097-d0c7-4a3a-9109-2e6a561eb153 req-e7321097-d0c7-4a3a-9109-2e6a561eb153 ] Request (ImagesTestJSON:test_create_image_from_stopped_server): 200 GET http://10.180.1.21/compute/v2.1/servers/cac7cbdf-fbf9-480c-b3f6-92caa3dc4fbe 0.427s
2024-12-30 09:34:12.185 67103 INFO tempest.lib.common.rest_client [req-5b343479-d538-4e29-98b6-c07bc9e0232d req-5b343479-d538-4e29-98b6-c07bc9e0232d ] Request (ServerDiagnosticsV248Test:tearDownClass): 200 GET http://10.180.1.21/compute/v2.1/servers/67373f7f-6ef7-41be-8edf-51a13d27a1c5 0.443s
2024-12-30 09:34:12.211 67125 INFO tempest.lib.common.rest_client [req-7189df25-1db2-493f-bfb7-49141b7ae20c req-7189df25-1db2-493f-bfb7-49141b7ae20c ] Request (ServersAdminTestJSON:test_create_server_with_scheduling_hint): 200 GET http://10.180.1.21/compute/v2.1/servers/f1a3decb-7efc-4d62-ad83-2da3532c9b4c 0.408s
2024-12-30 09:34:12.275 67107 INFO tempest.lib.common.rest_client [req-d9d754bc-2967-4d9c-b299-684965fd5faf req-d9d754bc-2967-4d9c-b299-684965fd5faf ] Request (ImagesOneServerTestJSON:tearDownClass): 200 GET http://10.180.1.21/compute/v2.1/servers/62cf026b-3186-4c9f-aa80-57058b88aa76 0.334s
2024-12-30 09:34:12.361 67093 INFO tempest.lib.common.rest_client [req-e24cad52-3fb8-44a7-9bbc-de075afcec88 req-e24cad52-3fb8-44a7-9bbc-de075afcec88 ] Request (ServersAdmin275Test:tearDownClass): 200 GET http://10.180.1.21/compute/v2.1/servers/0dfed87c-cd62-4849-9af4-0e0593a1a478 0.324s
2024-12-30 09:34:12.371 67127 INFO tempest.lib.common.rest_client [req-17244e30-21d8-46d3-9456-b0e21328ca13 req-17244e30-21d8-46d3-9456-b0e21328ca13 ] Request (InstanceActionsNegativeTestJSON:setUpClass): 200 GET http://10.180.1.21/compute/v2.1/servers/4cf6d2cb-8cf1-48ab-9865-22093b604bfc 0.425s
2024-12-30 09:34:12.445 67151 INFO tempest.lib.common.rest_client [req-84b6a7d1-e7ef-4ea3-b16c-e6307764a1a8 req-84b6a7d1-e7ef-4ea3-b16c-e6307764a1a8 ] Request (ServerShowV257Test:test_rebuild_server): 200 GET http://10.180.1.21/compute/v2.1/servers/8e628cfe-5d32-419d-ad18-1051130cb68d 0.349s
2024-12-30 09:34:12.459 67151 INFO tempest.common.waiters [-] State transition "BUILD/networking" ==> "BUILD/spawning" after 54 second wait
2024-12-30 09:34:12.509 67123 INFO tempest.lib.common.rest_client [req-652557af-a68c-4582-90db-20dd216f727c req-652557af-a68c-4582-90db-20dd216f727c ] Request (ServerDiskConfigTestJSON:test_rebuild_server_with_auto_disk_config): 200 GET http://10.180.1.21/compute/v2.1/servers/07726d27-59fc-4540-8350-22aba76b0eab 0.398s
2024-12-30 09:34:12.520 67095 INFO tempest.lib.common.rest_client [req-e41a874e-51b8-4e95-b1d3-d680b738f813 req-e41a874e-51b8-4e95-b1d3-d680b738f813 ] Request (DeleteServersAdminTestJSON:test_delete_server_while_in_error_state): 200 GET http://10.180.1.21/compute/v2.1/servers/a2ff6e56-fd4f-445d-9455-3c5a39815227 0.303s
2024-12-30 09:34:12.587 67111 INFO tempest.lib.common.rest_client [req-26bbed39-9555-4fa1-ac4f-d1f5d6a7a7dd req-26bbed39-9555-4fa1-ac4f-d1f5d6a7a7dd ] Request (ListServerFiltersTestJSON:setUpClass): 200 GET http://10.180.1.21/compute/v2.1/servers/8811ec10-8cc5-4238-b361-55f24e044027 0.259s
2024-12-30 09:34:12.604 67147 INFO tempest.lib.common.rest_client [req-d78be4f5-0b05-46f9-904c-8aedc582f8b2 req-d78be4f5-0b05-46f9-904c-8aedc582f8b2 ] Request (ServerActionsTestJSON:setUpClass): 200 GET http://10.180.1.21/compute/v2.1/servers/f63c1f62-24dd-427f-90cc-25312097d746 0.329s
2024-12-30 09:34:12.668 67101 INFO tempest.lib.common.rest_client [req-1862926e-317f-462b-a390-7d9a67ec247c req-1862926e-317f-462b-a390-7d9a67ec247c ] Request (ServersNegativeTestJSON:setUpClass): 200 GET http://10.180.1.21/compute/v2.1/servers/2346cc28-f1bd-4e6c-a45f-242f224132a9 0.282s
2024-12-30 09:34:12.699 67133 INFO tempest.lib.common.rest_client [req-ea949cfd-2c71-4fab-90a2-f7643ddb2ffd req-ea949cfd-2c71-4fab-90a2-f7643ddb2ffd ] Request (ServersAdminNegativeTestJSON:tearDownClass): 200 GET http://10.180.1.21/compute/v2.1/servers/ed6d0b03-0a79-4691-bc11-cca6ed9ee120 0.065s
2024-12-30 09:34:12.754 67143 WARNING tempest.lib.common.ssh [-] Failed to establish authenticated ssh connection to cirros@10.180.180.219 ([Errno None] Unable to connect to port 22 on 10.180.180.219). Number attempts: 9. Retry after 10 seconds.: paramiko.ssh_exception.NoValidConnectionsError: [Errno None] Unable to connect to port 22 on 10.180.180.219
2024-12-30 09:34:12.773 67109 INFO tempest.lib.common.rest_client [req-0b1ef278-72e9-4791-a840-cf81e382c6b4 req-0b1ef278-72e9-4791-a840-cf81e382c6b4 ] Request (AttachInterfacesV270Test:tearDownClass): 200 GET http://10.180.1.21/compute/v2.1/servers/b1054cd3-d64d-4f9b-a314-e94b0d73c80c 0.065s
2024-12-30 09:34:12.834 67149 INFO tempest.lib.common.rest_client [req-7956ec07-9e17-4235-8b35-2d05d637f882 req-7956ec07-9e17-4235-8b35-2d05d637f882 ] Request (ServersTestBootFromVolume:setUpClass): 200 GET http://10.180.1.21/compute/v2.1/servers/a9959f70-763e-4ba6-8b44-f1b927d4cd01 0.073s
2024-12-30 09:34:12.837 67129 INFO tempest.lib.common.rest_client [req-d4ce6631-915d-410a-97a5-ed34b20b049d req-d4ce6631-915d-410a-97a5-ed34b20b049d ] Request (SecurityGroupsTestJSON:test_server_security_groups): 200 GET http://10.180.1.21/compute/v2.1/servers/da06dfbd-2823-4075-b453-0e3ca30b7c9c 0.061s
2024-12-30 09:34:13.087 67097 INFO tempest.lib.common.rest_client [req-19b0d27d-1acd-4493-b1fe-ff16d63133cb req-19b0d27d-1acd-4493-b1fe-ff16d63133cb ] Request (MigrationsAdminTest:test_list_migrations_in_flavor_resize_situation): 200 GET http://10.180.1.21/compute/v2.1/servers/aee05e74-29a2-40ca-8185-a3698c7321af 0.135s
2024-12-30 09:34:13.090 67137 INFO tempest.lib.common.rest_client [req-1a4f2dd5-fa2e-49d4-a8e1-db36ed445fe1 req-1a4f2dd5-fa2e-49d4-a8e1-db36ed445fe1 ] Request (ServerRescueNegativeTestJSON:test_rescued_vm_attach_volume): 200 GET http://10.180.1.21/compute/v2.1/servers/c387877d-8cf1-4860-84d3-d8946c65db67 0.138s
2024-12-30 09:34:13.144 67121 INFO tempest.lib.common.rest_client [req-76b8c8fe-5d58-4040-9898-533bd9ba79af req-76b8c8fe-5d58-4040-9898-533bd9ba79af ] Request (ServerExternalEventsTest:test_create_server_external_events): 200 GET http://10.180.1.21/compute/v2.1/servers/677e3210-d6c0-4fbf-8768-e36ddf2acd2c 0.079s
2024-12-30 09:34:13.157 67135 INFO tempest.lib.common.rest_client [req-e02250c9-9782-4cc2-b0ee-f6cb4352bd9b req-e02250c9-9782-4cc2-b0ee-f6cb4352bd9b ] Request (ServerAddressesTestJSON:setUpClass): 200 GET http://10.180.1.21/compute/v2.1/servers/6db5008a-0bc2-41a4-8597-41bbdbe6681f 0.145s
2024-12-30 09:34:13.213 67117 INFO tempest.lib.common.rest_client [req-d700bbdc-1739-4600-aaf0-3c39b4520ea4 req-d700bbdc-1739-4600-aaf0-3c39b4520ea4 ] Request (MultipleCreateTestJSON:test_multiple_create): 200 GET http://10.180.1.21/compute/v2.1/servers/f2072664-ec85-48eb-8a4b-8d09c10d29fc 0.097s
2024-12-30 09:34:13.258 67131 INFO tempest.lib.common.rest_client [req-c44ef024-f813-40c6-996d-d5c48cecafc9 req-c44ef024-f813-40c6-996d-d5c48cecafc9 ] Request (InstanceActionsTestJSON:setUpClass): 200 GET http://10.180.1.21/compute/v2.1/servers/877a937a-e068-47ac-a6ca-8b499fc46b74 0.186s
2024-12-30 09:34:13.265 67139 INFO tempest.lib.common.rest_client [req-b17e2a8d-8e10-4217-89b2-fb3c931a0478 req-b17e2a8d-8e10-4217-89b2-fb3c931a0478 ] Request (ServerActionsTestOtherB:setUpClass): 200 GET http://10.180.1.21/compute/v2.1/servers/3ea50bbd-56e4-4fd5-a15a-1059d58227d5 0.137s
2024-12-30 09:34:13.318 67113 INFO tempest.lib.common.rest_client [req-acaf7eb8-e856-4bd7-80ff-b9c6232331bb req-acaf7eb8-e856-4bd7-80ff-b9c6232331bb ] Request (ImagesTestJSON:test_create_image_from_stopped_server): 200 GET http://10.180.1.21/compute/v2.1/servers/cac7cbdf-fbf9-480c-b3f6-92caa3dc4fbe 0.163s
2024-12-30 09:34:13.331 67103 INFO tempest.lib.common.rest_client [req-bfd3900d-9663-4fba-869d-d645d32d1d39 req-bfd3900d-9663-4fba-869d-d645d32d1d39 ] Request (ServerDiagnosticsV248Test:tearDownClass): 200 GET http://10.180.1.21/compute/v2.1/servers/67373f7f-6ef7-41be-8edf-51a13d27a1c5 0.134s
2024-12-30 09:34:13.375 67125 INFO tempest.lib.common.rest_client [req-1414e35c-4a34-44c7-a8dd-7cc57a8e670f req-1414e35c-4a34-44c7-a8dd-7cc57a8e670f ] Request (ServersAdminTestJSON:test_create_server_with_scheduling_hint): 200 GET http://10.180.1.21/compute/v2.1/servers/f1a3decb-7efc-4d62-ad83-2da3532c9b4c 0.155s
2024-12-30 09:34:13.398 67107 INFO tempest.lib.common.rest_client [req-79291fcc-0d54-4383-b738-55a2e1f943ce req-79291fcc-0d54-4383-b738-55a2e1f943ce ] Request (ImagesOneServerTestJSON:tearDownClass): 200 GET http://10.180.1.21/compute/v2.1/servers/62cf026b-3186-4c9f-aa80-57058b88aa76 0.112s
2024-12-30 09:34:13.448 67093 INFO tempest.lib.common.rest_client [req-67a93f5d-4a48-45eb-b47c-452b5fe810fb req-67a93f5d-4a48-45eb-b47c-452b5fe810fb ] Request (ServersAdmin275Test:tearDownClass): 200 GET http://10.180.1.21/compute/v2.1/servers/0dfed87c-cd62-4849-9af4-0e0593a1a478 0.072s
2024-12-30 09:34:13.495 67127 INFO tempest.lib.common.rest_client [req-ffab82b1-8501-482b-91a4-d2c9d2b960b7 req-ffab82b1-8501-482b-91a4-d2c9d2b960b7 ] Request (InstanceActionsNegativeTestJSON:setUpClass): 200 GET http://10.180.1.21/compute/v2.1/servers/4cf6d2cb-8cf1-48ab-9865-22093b604bfc 0.115s
2024-12-30 09:34:13.511 67151 INFO tempest.lib.common.rest_client [req-59bc7150-a440-40cc-9e74-44e1b18c6730 req-59bc7150-a440-40cc-9e74-44e1b18c6730 ] Request (ServerShowV257Test:test_rebuild_server): 200 GET http://10.180.1.21/compute/v2.1/servers/8e628cfe-5d32-419d-ad18-1051130cb68d 0.050s
2024-12-30 09:34:13.591 67095 INFO tempest.lib.common.rest_client [req-e6183c53-b403-454d-a228-184b4853a231 req-e6183c53-b403-454d-a228-184b4853a231 ] Request (DeleteServersAdminTestJSON:test_delete_server_while_in_error_state): 200 GET http://10.180.1.21/compute/v2.1/servers/a2ff6e56-fd4f-445d-9455-3c5a39815227 0.059s
2024-12-30 09:34:13.630 67123 INFO tempest.lib.common.rest_client [req-2f37e2c2-1ba7-4aae-90dd-2d81d6146dc0 req-2f37e2c2-1ba7-4aae-90dd-2d81d6146dc0 ] Request (ServerDiskConfigTestJSON:test_rebuild_server_with_auto_disk_config): 200 GET http://10.180.1.21/compute/v2.1/servers/07726d27-59fc-4540-8350-22aba76b0eab 0.105s
2024-12-30 09:34:13.636 67123 INFO tempest.common.waiters [-] State transition "REBUILD/rebuilding" ==> "REBUILD/rebuild_block_device_mapping" after 2 second wait
2024-12-30 09:34:13.644 67111 INFO tempest.lib.common.rest_client [req-b27385ee-bf6d-4ebf-a2e4-e1838c8e08fa req-b27385ee-bf6d-4ebf-a2e4-e1838c8e08fa ] Request (ListServerFiltersTestJSON:setUpClass): 200 GET http://10.180.1.21/compute/v2.1/servers/8811ec10-8cc5-4238-b361-55f24e044027 0.049s
2024-12-30 09:34:13.680 67147 INFO tempest.lib.common.rest_client [req-2117189a-c60d-4876-84d5-2a1fd0b39c56 req-2117189a-c60d-4876-84d5-2a1fd0b39c56 ] Request (ServerActionsTestJSON:setUpClass): 200 GET http://10.180.1.21/compute/v2.1/servers/f63c1f62-24dd-427f-90cc-25312097d746 0.066s
2024-12-30 09:34:13.734 67101 INFO tempest.lib.common.rest_client [req-0dd67c16-fb5a-4382-bf32-24f11c370626 req-0dd67c16-fb5a-4382-bf32-24f11c370626 ] Request (ServersNegativeTestJSON:setUpClass): 200 GET http://10.180.1.21/compute/v2.1/servers/2346cc28-f1bd-4e6c-a45f-242f224132a9 0.058s
2024-12-30 09:34:13.760 67133 INFO tempest.lib.common.rest_client [req-471e4318-faa1-4fb5-ac2b-86f878f54a4e req-471e4318-faa1-4fb5-ac2b-86f878f54a4e ] Request (ServersAdminNegativeTestJSON:tearDownClass): 200 GET http://10.180.1.21/compute/v2.1/servers/ed6d0b03-0a79-4691-bc11-cca6ed9ee120 0.054s
2024-12-30 09:34:13.845 67109 INFO tempest.lib.common.rest_client [req-af085ed7-29d6-4f2d-8ee7-f9344b16deec req-af085ed7-29d6-4f2d-8ee7-f9344b16deec ] Request (AttachInterfacesV270Test:tearDownClass): 200 GET http://10.180.1.21/compute/v2.1/servers/b1054cd3-d64d-4f9b-a314-e94b0d73c80c 0.060s
2024-12-30 09:34:13.893 67149 INFO tempest.lib.common.rest_client [req-ced12bd6-9118-4593-a81f-397e35832072 req-ced12bd6-9118-4593-a81f-397e35832072 ] Request (ServersTestBootFromVolume:setUpClass): 200 GET http://10.180.1.21/compute/v2.1/servers/a9959f70-763e-4ba6-8b44-f1b927d4cd01 0.052s
2024-12-30 09:34:13.898 67129 INFO tempest.lib.common.rest_client [req-cba9888d-a512-44fa-8a04-f5567c7a9148 req-cba9888d-a512-44fa-8a04-f5567c7a9148 ] Request (SecurityGroupsTestJSON:test_server_security_groups): 200 GET http://10.180.1.21/compute/v2.1/servers/da06dfbd-2823-4075-b453-0e3ca30b7c9c 0.054s
2024-12-30 09:34:14.033 67145 WARNING tempest.lib.common.ssh [-] Failed to establish authenticated ssh connection to cirros@10.180.180.181 ([Errno None] Unable to connect to port 22 on 10.180.180.181). Number attempts: 4. Retry after 5 seconds.: paramiko.ssh_exception.NoValidConnectionsError: [Errno None] Unable to connect to port 22 on 10.180.180.181
2024-12-30 09:34:14.161 67099 WARNING tempest.lib.common.ssh [-] Failed to establish authenticated ssh connection to cirros@10.180.180.253 ([Errno None] Unable to connect to port 22 on 10.180.180.253). Number attempts: 3. Retry after 4 seconds.: paramiko.ssh_exception.NoValidConnectionsError: [Errno None] Unable to connect to port 22 on 10.180.180.253
2024-12-30 09:34:14.253 67137 INFO tempest.lib.common.rest_client [req-2b7d5ca1-1b55-47c0-ae89-ee9cb93240f9 req-2b7d5ca1-1b55-47c0-ae89-ee9cb93240f9 ] Request (ServerRescueNegativeTestJSON:test_rescued_vm_attach_volume): 200 GET http://10.180.1.21/compute/v2.1/servers/c387877d-8cf1-4860-84d3-d8946c65db67 0.155s
2024-12-30 09:34:14.254 67097 INFO tempest.lib.common.rest_client [req-0e607213-be82-4d6e-b095-911d662c466e req-0e607213-be82-4d6e-b095-911d662c466e ] Request (MigrationsAdminTest:test_list_migrations_in_flavor_resize_situation): 200 GET http://10.180.1.21/compute/v2.1/servers/aee05e74-29a2-40ca-8185-a3698c7321af 0.159s
2024-12-30 09:34:14.316 67121 INFO tempest.lib.common.rest_client [req-3a16ec41-40fa-4fd0-a0a6-50d6e3f7f9b3 req-3a16ec41-40fa-4fd0-a0a6-50d6e3f7f9b3 ] Request (ServerExternalEventsTest:test_create_server_external_events): 200 GET http://10.180.1.21/compute/v2.1/servers/677e3210-d6c0-4fbf-8768-e36ddf2acd2c 0.164s
2024-12-30 09:34:14.318 67135 INFO tempest.lib.common.rest_client [req-9b59c227-6756-4d35-8bad-736ccb885197 req-9b59c227-6756-4d35-8bad-736ccb885197 ] Request (ServerAddressesTestJSON:setUpClass): 200 GET http://10.180.1.21/compute/v2.1/servers/6db5008a-0bc2-41a4-8597-41bbdbe6681f 0.154s
2024-12-30 09:34:14.381 67117 INFO tempest.lib.common.rest_client [req-fc56702c-2485-4d91-9cb2-5a1767cb3702 req-fc56702c-2485-4d91-9cb2-5a1767cb3702 ] Request (MultipleCreateTestJSON:test_multiple_create): 200 GET http://10.180.1.21/compute/v2.1/servers/f2072664-ec85-48eb-8a4b-8d09c10d29fc 0.162s
2024-12-30 09:34:14.442 67139 INFO tempest.lib.common.rest_client [req-be794862-29af-4450-b9b1-f949856b8157 req-be794862-29af-4450-b9b1-f949856b8157 ] Request (ServerActionsTestOtherB:setUpClass): 200 GET http://10.180.1.21/compute/v2.1/servers/3ea50bbd-56e4-4fd5-a15a-1059d58227d5 0.170s
2024-12-30 09:34:14.502 67113 INFO tempest.lib.common.rest_client [req-0593e477-78a3-4599-b337-d2da6a1edd3a req-0593e477-78a3-4599-b337-d2da6a1edd3a ] Request (ImagesTestJSON:test_create_image_from_stopped_server): 200 GET http://10.180.1.21/compute/v2.1/servers/cac7cbdf-fbf9-480c-b3f6-92caa3dc4fbe 0.175s
2024-12-30 09:34:14.502 67131 INFO tempest.lib.common.rest_client [req-353f1ea5-b785-4d1c-9e91-4a77640d3d21 req-353f1ea5-b785-4d1c-9e91-4a77640d3d21 ] Request (InstanceActionsTestJSON:setUpClass): 200 GET http://10.180.1.21/compute/v2.1/servers/877a937a-e068-47ac-a6ca-8b499fc46b74 0.236s
2024-12-30 09:34:14.511 67131 INFO tempest.common.waiters [-] State transition "BUILD/spawning" ==> "ACTIVE/None" after 58 second wait
2024-12-30 09:34:14.524 67103 INFO tempest.lib.common.rest_client [req-4f2b5dce-9a08-47b8-8a49-e519d9cd6d81 req-4f2b5dce-9a08-47b8-8a49-e519d9cd6d81 ] Request (ServerDiagnosticsV248Test:tearDownClass): 404 GET http://10.180.1.21/compute/v2.1/servers/67373f7f-6ef7-41be-8edf-51a13d27a1c5 0.184s
2024-12-30 09:34:14.561 67125 INFO tempest.lib.common.rest_client [req-c88223ec-4e5e-4b68-923e-a0872643de6b req-c88223ec-4e5e-4b68-923e-a0872643de6b ] Request (ServersAdminTestJSON:test_create_server_with_scheduling_hint): 200 GET http://10.180.1.21/compute/v2.1/servers/f1a3decb-7efc-4d62-ad83-2da3532c9b4c 0.175s
2024-12-30 09:34:14.584 67107 INFO tempest.lib.common.rest_client [req-2218905d-325b-4b95-8279-df945dd3c62f req-2218905d-325b-4b95-8279-df945dd3c62f ] Request (ImagesOneServerTestJSON:tearDownClass): 200 GET http://10.180.1.21/compute/v2.1/servers/62cf026b-3186-4c9f-aa80-57058b88aa76 0.179s
2024-12-30 09:34:14.609 67103 INFO tempest.lib.common.rest_client [req-fc6031a0-82f0-4176-aad2-4ecceb0bb384 req-fc6031a0-82f0-4176-aad2-4ecceb0bb384 ] Request (ServerDiagnosticsV248Test:tearDownClass): 204 DELETE http://10.180.1.21/identity/v3/users/5c4741d1594141f38003afbbe478fce6 0.084s
2024-12-30 09:34:14.622 67093 INFO tempest.lib.common.rest_client [req-ec6f93cb-2710-4114-affc-762313b2f7dd req-ec6f93cb-2710-4114-affc-762313b2f7dd ] Request (ServersAdmin275Test:tearDownClass): 200 GET http://10.180.1.21/compute/v2.1/servers/0dfed87c-cd62-4849-9af4-0e0593a1a478 0.163s
2024-12-30 09:34:14.657 67131 INFO tempest.lib.common.rest_client [req-46c26771-4d3d-43bd-9dfc-5441570aa5dd req-46c26771-4d3d-43bd-9dfc-5441570aa5dd ] Request (InstanceActionsTestJSON:test_get_instance_action): 200 GET http://10.180.1.21/compute/v2.1/servers/877a937a-e068-47ac-a6ca-8b499fc46b74/os-instance-actions/req-edf3bffd-818e-4486-9d68-83a34b7ed439 0.145s
2024-12-30 09:34:14.717 67151 INFO tempest.lib.common.rest_client [req-196a71bd-d73f-45eb-a749-9247a7441ba1 req-196a71bd-d73f-45eb-a749-9247a7441ba1 ] Request (ServerShowV257Test:test_rebuild_server): 200 GET http://10.180.1.21/compute/v2.1/servers/8e628cfe-5d32-419d-ad18-1051130cb68d 0.197s
2024-12-30 09:34:14.722 67103 INFO tempest.lib.common.rest_client [req-bf36fc87-4ab7-4328-b3aa-975a15030e3d req-bf36fc87-4ab7-4328-b3aa-975a15030e3d ] Request (ServerDiagnosticsV248Test:tearDownClass): 204 DELETE http://10.180.1.21/identity/v3/users/0aac7236db6747339a9e42a9331f2339 0.112s
2024-12-30 09:34:14.723 67103 INFO tempest.lib.common.dynamic_creds [-] Deleting project and security group for project: 2454213a12ce49e5bc211217f2d3c759
2024-12-30 09:34:14.734 67127 INFO tempest.lib.common.rest_client [req-6657a1f7-a253-4ada-802a-cfb5fee067ef req-6657a1f7-a253-4ada-802a-cfb5fee067ef ] Request (InstanceActionsNegativeTestJSON:setUpClass): 200 GET http://10.180.1.21/compute/v2.1/servers/4cf6d2cb-8cf1-48ab-9865-22093b604bfc 0.232s
2024-12-30 09:34:14.787 67095 INFO tempest.lib.common.rest_client [req-01b7d3af-db03-4578-90c0-c6abb09f5ccd req-01b7d3af-db03-4578-90c0-c6abb09f5ccd ] Request (DeleteServersAdminTestJSON:test_delete_server_while_in_error_state): 200 GET http://10.180.1.21/compute/v2.1/servers/a2ff6e56-fd4f-445d-9455-3c5a39815227 0.184s
2024-12-30 09:34:14.795 67095 INFO tempest.common.waiters [-] State transition "ERROR/deleting" ==> "DELETED/None" after 4 second wait
2024-12-30 09:34:14.816 67103 INFO tempest.lib.common.rest_client [req-4fbddff4-4872-452d-a05f-7a8da2142ff8 req-4fbddff4-4872-452d-a05f-7a8da2142ff8 ] Request (ServerDiagnosticsV248Test:tearDownClass): 201 POST http://10.180.1.21/identity/v3/auth/tokens 0.093s
2024-12-30 09:34:14.854 67111 INFO tempest.lib.common.rest_client [req-9e77b2a3-1551-4b05-81be-476fd3a4b6ec req-9e77b2a3-1551-4b05-81be-476fd3a4b6ec ] Request (ListServerFiltersTestJSON:setUpClass): 200 GET http://10.180.1.21/compute/v2.1/servers/8811ec10-8cc5-4238-b361-55f24e044027 0.202s
2024-12-30 09:34:14.876 67123 INFO tempest.lib.common.rest_client [req-60b6b8ec-2015-4cf0-a136-41c9ebbb43de req-60b6b8ec-2015-4cf0-a136-41c9ebbb43de ] Request (ServerDiskConfigTestJSON:test_rebuild_server_with_auto_disk_config): 200 GET http://10.180.1.21/compute/v2.1/servers/07726d27-59fc-4540-8350-22aba76b0eab 0.238s
2024-12-30 09:34:14.884 67123 INFO tempest.common.waiters [-] State transition "REBUILD/rebuild_block_device_mapping" ==> "REBUILD/rebuild_spawning" after 3 second wait
2024-12-30 09:34:14.917 67131 INFO tempest.lib.common.rest_client [req-414e14aa-8665-4619-9e75-9cd70aeb7e20 req-414e14aa-8665-4619-9e75-9cd70aeb7e20 ] Request (InstanceActionsTestJSON:test_list_instance_actions): 202 POST http://10.180.1.21/compute/v2.1/servers/877a937a-e068-47ac-a6ca-8b499fc46b74/action 0.255s
2024-12-30 09:34:14.940 67147 INFO tempest.lib.common.rest_client [req-68798465-cfb2-4ad9-bf0a-9661fbfda600 req-68798465-cfb2-4ad9-bf0a-9661fbfda600 ] Request (ServerActionsTestJSON:setUpClass): 200 GET http://10.180.1.21/compute/v2.1/servers/f63c1f62-24dd-427f-90cc-25312097d746 0.252s
2024-12-30 09:34:14.973 67101 INFO tempest.lib.common.rest_client [req-24918250-927e-445c-b4b5-10dae2ac9cdc req-24918250-927e-445c-b4b5-10dae2ac9cdc ] Request (ServersNegativeTestJSON:setUpClass): 200 GET http://10.180.1.21/compute/v2.1/servers/2346cc28-f1bd-4e6c-a45f-242f224132a9 0.229s
2024-12-30 09:34:15.001 67133 INFO tempest.lib.common.rest_client [req-06159537-13e8-4f5c-8f01-91de03bb7df4 req-06159537-13e8-4f5c-8f01-91de03bb7df4 ] Request (ServersAdminNegativeTestJSON:tearDownClass): 200 GET http://10.180.1.21/compute/v2.1/servers/ed6d0b03-0a79-4691-bc11-cca6ed9ee120 0.233s
2024-12-30 09:34:15.045 67109 INFO tempest.lib.common.rest_client [req-d0a60754-096f-4c44-bae4-aa1169c7ee59 req-d0a60754-096f-4c44-bae4-aa1169c7ee59 ] Request (AttachInterfacesV270Test:tearDownClass): 200 GET http://10.180.1.21/compute/v2.1/servers/b1054cd3-d64d-4f9b-a314-e94b0d73c80c 0.191s
2024-12-30 09:34:15.055 67103 INFO tempest.lib.common.rest_client [req-5910c269-7739-4341-8482-5025d353f3d4 req-5910c269-7739-4341-8482-5025d353f3d4 ] Request (ServerDiagnosticsV248Test:tearDownClass): 200 GET http://10.180.1.21:9696/networking/v2.0/security-groups?tenant_id=2454213a12ce49e5bc211217f2d3c759&name=default 0.238s
2024-12-30 09:34:15.059 67149 INFO tempest.lib.common.rest_client [req-9ecb260e-5400-42a6-b485-eba6c22d49e4 req-9ecb260e-5400-42a6-b485-eba6c22d49e4 ] Request (ServersTestBootFromVolume:setUpClass): 200 GET http://10.180.1.21/compute/v2.1/servers/a9959f70-763e-4ba6-8b44-f1b927d4cd01 0.158s
2024-12-30 09:34:15.103 67129 INFO tempest.lib.common.rest_client [req-9140d9dc-9c7e-4c9b-8b3d-c01dcf767262 req-9140d9dc-9c7e-4c9b-8b3d-c01dcf767262 ] Request (SecurityGroupsTestJSON:test_server_security_groups): 200 GET http://10.180.1.21/compute/v2.1/servers/da06dfbd-2823-4075-b453-0e3ca30b7c9c 0.199s
2024-12-30 09:34:15.178 67131 INFO tempest.lib.common.rest_client [req-968ca663-e924-457e-96f8-ba021a84e4ad req-968ca663-e924-457e-96f8-ba021a84e4ad ] Request (InstanceActionsTestJSON:test_list_instance_actions): 200 GET http://10.180.1.21/compute/v2.1/servers/877a937a-e068-47ac-a6ca-8b499fc46b74 0.260s
2024-12-30 09:34:15.188 67103 INFO tempest.lib.common.rest_client [req-64240f6b-fe55-4d81-ba71-aa6eb495a06a req-64240f6b-fe55-4d81-ba71-aa6eb495a06a ] Request (ServerDiagnosticsV248Test:tearDownClass): 204 DELETE http://10.180.1.21:9696/networking/v2.0/security-groups/796c17bf-4270-4356-a9c1-aba24ad2c84b 0.132s
2024-12-30 09:34:15.247 67103 INFO tempest.lib.common.rest_client [req-3b4ce436-02ab-4b4c-8dbb-f2560f303d47 req-3b4ce436-02ab-4b4c-8dbb-f2560f303d47 ] Request (ServerDiagnosticsV248Test:tearDownClass): 204 DELETE http://10.180.1.21/identity/v3/projects/2454213a12ce49e5bc211217f2d3c759 0.058s
2024-12-30 09:34:15.247 67103 INFO tempest.lib.common.dynamic_creds [-] Deleting project and security group for project: 17b1e6fcc2014c178146196c10199b6d
2024-12-30 09:34:15.313 67141 WARNING tempest.lib.common.ssh [-] Failed to establish authenticated ssh connection to cirros@10.180.180.155 ([Errno None] Unable to connect to port 22 on 10.180.180.155). Number attempts: 7. Retry after 8 seconds.: paramiko.ssh_exception.NoValidConnectionsError: [Errno None] Unable to connect to port 22 on 10.180.180.155
2024-12-30 09:34:15.346 67103 INFO tempest.lib.common.rest_client [req-a271aa00-5c28-4504-8461-f21a5e821ea7 req-a271aa00-5c28-4504-8461-f21a5e821ea7 ] Request (ServerDiagnosticsV248Test:tearDownClass): 200 GET http://10.180.1.21:9696/networking/v2.0/security-groups?tenant_id=17b1e6fcc2014c178146196c10199b6d&name=default 0.099s
2024-12-30 09:34:15.407 67137 INFO tempest.lib.common.rest_client [req-21e731cf-ee78-4312-bf97-21ad78a9586a req-21e731cf-ee78-4312-bf97-21ad78a9586a ] Request (ServerRescueNegativeTestJSON:test_rescued_vm_attach_volume): 200 GET http://10.180.1.21/compute/v2.1/servers/c387877d-8cf1-4860-84d3-d8946c65db67 0.147s
2024-12-30 09:34:15.411 67097 INFO tempest.lib.common.rest_client [req-d587ff58-dbd6-4c77-8a20-58fc6b244236 req-d587ff58-dbd6-4c77-8a20-58fc6b244236 ] Request (MigrationsAdminTest:test_list_migrations_in_flavor_resize_situation): 200 GET http://10.180.1.21/compute/v2.1/servers/aee05e74-29a2-40ca-8185-a3698c7321af 0.150s
2024-12-30 09:34:15.438 67103 INFO tempest.lib.common.rest_client [req-6bb2079a-7c5f-43d0-b7bd-6a05b9755dc7 req-6bb2079a-7c5f-43d0-b7bd-6a05b9755dc7 ] Request (ServerDiagnosticsV248Test:tearDownClass): 204 DELETE http://10.180.1.21:9696/networking/v2.0/security-groups/800b2690-5e72-4030-8b69-41f36499c1fd 0.091s
2024-12-30 09:34:15.467 67121 INFO tempest.lib.common.rest_client [req-822f1ba2-9906-4c9f-a67e-6ae2850991e7 req-822f1ba2-9906-4c9f-a67e-6ae2850991e7 ] Request (ServerExternalEventsTest:test_create_server_external_events): 200 GET http://10.180.1.21/compute/v2.1/servers/677e3210-d6c0-4fbf-8768-e36ddf2acd2c 0.144s
2024-12-30 09:34:15.474 67135 INFO tempest.lib.common.rest_client [req-d24e23ec-2a16-41cb-a56f-2667c0a19d9e req-d24e23ec-2a16-41cb-a56f-2667c0a19d9e ] Request (ServerAddressesTestJSON:setUpClass): 200 GET http://10.180.1.21/compute/v2.1/servers/6db5008a-0bc2-41a4-8597-41bbdbe6681f 0.146s
2024-12-30 09:34:15.526 67117 INFO tempest.lib.common.rest_client [req-2678ec6c-efba-4274-b929-e5724751d460 req-2678ec6c-efba-4274-b929-e5724751d460 ] Request (MultipleCreateTestJSON:test_multiple_create): 200 GET http://10.180.1.21/compute/v2.1/servers/f2072664-ec85-48eb-8a4b-8d09c10d29fc 0.137s
2024-12-30 09:34:15.535 67139 INFO tempest.lib.common.rest_client [req-ba7369de-3794-4482-b022-8dfc040f56d7 req-ba7369de-3794-4482-b022-8dfc040f56d7 ] Request (ServerActionsTestOtherB:setUpClass): 200 GET http://10.180.1.21/compute/v2.1/servers/3ea50bbd-56e4-4fd5-a15a-1059d58227d5 0.085s
2024-12-30 09:34:15.536 67103 INFO tempest.lib.common.rest_client [req-1235f39b-2472-4b72-a6fc-e49547cfcda0 req-1235f39b-2472-4b72-a6fc-e49547cfcda0 ] Request (ServerDiagnosticsV248Test:tearDownClass): 204 DELETE http://10.180.1.21/identity/v3/projects/17b1e6fcc2014c178146196c10199b6d 0.097s
2024-12-30 09:34:15.578 67113 INFO tempest.lib.common.rest_client [req-3f31847f-9e54-4696-8da4-69908ca8f6e5 req-3f31847f-9e54-4696-8da4-69908ca8f6e5 ] Request (ImagesTestJSON:test_create_image_from_stopped_server): 200 GET http://10.180.1.21/compute/v2.1/servers/cac7cbdf-fbf9-480c-b3f6-92caa3dc4fbe 0.069s
2024-12-30 09:34:15.607 67103 INFO tempest.lib.common.rest_client [req-7d8cfa5c-63ce-437c-8cfe-b634e3bd0ac6 req-7d8cfa5c-63ce-437c-8cfe-b634e3bd0ac6 ] Request (ServersAaction247Test:setUpClass): 201 POST http://10.180.1.21/identity/v3/auth/tokens 0.069s
2024-12-30 09:34:15.624 67125 INFO tempest.lib.common.rest_client [req-fb1f97b9-3b69-4135-a5cc-155350f06bf6 req-fb1f97b9-3b69-4135-a5cc-155350f06bf6 ] Request (ServersAdminTestJSON:test_create_server_with_scheduling_hint): 200 GET http://10.180.1.21/compute/v2.1/servers/f1a3decb-7efc-4d62-ad83-2da3532c9b4c 0.054s
2024-12-30 09:34:15.641 67103 INFO tempest.lib.common.rest_client [req-96a75072-2b24-412b-a9cb-763e46f64b36 req-96a75072-2b24-412b-a9cb-763e46f64b36 ] Request (ServersAaction247Test:setUpClass): 201 POST http://10.180.1.21/identity/v3/auth/tokens 0.030s
2024-12-30 09:34:15.655 67107 INFO tempest.lib.common.rest_client [req-4eeb0482-e45d-4811-a9c4-029e8bb77f1a req-4eeb0482-e45d-4811-a9c4-029e8bb77f1a ] Request (ImagesOneServerTestJSON:tearDownClass): 200 GET http://10.180.1.21/compute/v2.1/servers/62cf026b-3186-4c9f-aa80-57058b88aa76 0.064s
2024-12-30 09:34:15.667 67103 INFO tempest.lib.common.rest_client [req-e11f6903-b379-4c8e-8c1f-467330754b93 req-e11f6903-b379-4c8e-8c1f-467330754b93 ] Request (ServersAaction247Test:setUpClass): 200 GET http://10.180.1.21/identity/v3/domains?name=Default 0.026s
2024-12-30 09:34:15.700 67103 INFO tempest.lib.common.rest_client [req-a1fcf8f4-ca43-4888-8163-698ef2ecd538 req-a1fcf8f4-ca43-4888-8163-698ef2ecd538 ] Request (ServersAaction247Test:setUpClass): 201 POST http://10.180.1.21/identity/v3/projects 0.031s
2024-12-30 09:34:15.711 67093 INFO tempest.lib.common.rest_client [req-f7c07d4b-df7c-4d67-811a-c13c8b38927d req-f7c07d4b-df7c-4d67-811a-c13c8b38927d ] Request (ServersAdmin275Test:tearDownClass): 200 GET http://10.180.1.21/compute/v2.1/servers/0dfed87c-cd62-4849-9af4-0e0593a1a478 0.077s
2024-12-30 09:34:15.779 67103 INFO tempest.lib.common.rest_client [req-89e34126-400b-441f-9965-a7f55b7db5a5 req-89e34126-400b-441f-9965-a7f55b7db5a5 ] Request (ServersAaction247Test:setUpClass): 201 POST http://10.180.1.21/identity/v3/users 0.078s
2024-12-30 09:34:15.804 67151 INFO tempest.lib.common.rest_client [req-8a6b47e6-cbf0-40b5-a7d8-736f436edece req-8a6b47e6-cbf0-40b5-a7d8-736f436edece ] Request (ServerShowV257Test:test_rebuild_server): 200 GET http://10.180.1.21/compute/v2.1/servers/8e628cfe-5d32-419d-ad18-1051130cb68d 0.074s
2024-12-30 09:34:15.806 67103 INFO tempest.lib.common.rest_client [req-ca5d02da-dce9-49cc-bb99-423232c54e56 req-ca5d02da-dce9-49cc-bb99-423232c54e56 ] Request (ServersAaction247Test:setUpClass): 200 GET http://10.180.1.21/identity/v3/roles 0.027s
2024-12-30 09:34:15.833 67103 INFO tempest.lib.common.rest_client [req-297a702a-7d6b-471a-9df5-219801cad855 req-297a702a-7d6b-471a-9df5-219801cad855 ] Request (ServersAaction247Test:setUpClass): 204 PUT http://10.180.1.21/identity/v3/projects/e1f1da90c13d45fb951f06fdad677907/users/ff87320aa3864412bbe546e7860db60d/roles/dc91b1af96f44092aad00da57fe51d0a 0.027s
2024-12-30 09:34:15.834 67103 INFO tempest.lib.common.dynamic_creds [-] Dynamic test user ff87320aa3864412bbe546e7860db60d is created with scope project and roles: ['member']
2024-12-30 09:34:15.834 67103 INFO tempest.lib.common.dynamic_creds [-] Acquired dynamic creds: credentials: Credentials: {'domain_id': 'default', 'domain_name': 'Default', 'username': 'tempest-ServersAaction247Test-2098199692-project-member', 'project_domain_id': 'default', 'project_domain_name': 'Default', 'project_id': 'e1f1da90c13d45fb951f06fdad677907', 'project_name': 'tempest-ServersAaction247Test-2098199692', 'tenant_id': 'e1f1da90c13d45fb951f06fdad677907', 'tenant_name': 'tempest-ServersAaction247Test-2098199692', 'user_domain_id': 'default', 'user_domain_name': 'Default', 'user_id': 'ff87320aa3864412bbe546e7860db60d', 'system': None}, Network: None, Subnet: None, Router: None
2024-12-30 09:34:15.834 67103 INFO tempest.lib.common.dynamic_creds [-] Created isolated network resources for: credentials: Credentials: {'domain_id': 'default', 'domain_name': 'Default', 'username': 'tempest-ServersAaction247Test-2098199692-project-member', 'project_domain_id': 'default', 'project_domain_name': 'Default', 'project_id': 'e1f1da90c13d45fb951f06fdad677907', 'project_name': 'tempest-ServersAaction247Test-2098199692', 'tenant_id': 'e1f1da90c13d45fb951f06fdad677907', 'tenant_name': 'tempest-ServersAaction247Test-2098199692', 'user_domain_id': 'default', 'user_domain_name': 'Default', 'user_id': 'ff87320aa3864412bbe546e7860db60d', 'system': None}, Network: None, Subnet: None, Router: None
2024-12-30 09:34:15.869 67095 INFO tempest.lib.common.rest_client [req-f3360fa5-618e-4bbb-85b8-06e4518ef539 req-f3360fa5-618e-4bbb-85b8-06e4518ef539 ] Request (DeleteServersAdminTestJSON:test_delete_server_while_in_error_state): 200 GET http://10.180.1.21/compute/v2.1/servers/a2ff6e56-fd4f-445d-9455-3c5a39815227 0.072s
2024-12-30 09:34:15.875 67127 INFO tempest.lib.common.rest_client [req-105f6c98-6a90-457a-baec-0ec40d4ef75b req-105f6c98-6a90-457a-baec-0ec40d4ef75b ] Request (InstanceActionsNegativeTestJSON:setUpClass): 200 GET http://10.180.1.21/compute/v2.1/servers/4cf6d2cb-8cf1-48ab-9865-22093b604bfc 0.131s
2024-12-30 09:34:15.906 67103 INFO tempest.lib.common.rest_client [req-0f616a4b-8849-4766-a0ac-92d3bf79089f req-0f616a4b-8849-4766-a0ac-92d3bf79089f ] Request (ServersAaction247Test:setUpClass): 201 POST http://10.180.1.21/identity/v3/auth/tokens 0.069s
2024-12-30 09:34:15.922 67111 INFO tempest.lib.common.rest_client [req-96083f85-6da0-4620-bbe9-436a280cbc6e req-96083f85-6da0-4620-bbe9-436a280cbc6e ] Request (ListServerFiltersTestJSON:setUpClass): 200 GET http://10.180.1.21/compute/v2.1/servers/8811ec10-8cc5-4238-b361-55f24e044027 0.061s
2024-12-30 09:34:15.936 67103 INFO tempest.lib.common.rest_client [req-dbf6a572-cbbe-4759-9324-b2fdd1188384 req-dbf6a572-cbbe-4759-9324-b2fdd1188384 ] Request (ServersAaction247Test:test_create_backup): 201 POST http://10.180.1.21/identity/v3/auth/tokens 0.026s
2024-12-30 09:34:15.936 67103 INFO tempest.lib.common.fixed_network [-] (ServersAaction247Test:test_create_backup) Found network None available for tenant
2024-12-30 09:34:15.978 67123 INFO tempest.lib.common.rest_client [req-d0cf6705-d31d-471e-9cf7-34ee839c4e5d req-d0cf6705-d31d-471e-9cf7-34ee839c4e5d ] Request (ServerDiskConfigTestJSON:test_rebuild_server_with_auto_disk_config): 200 GET http://10.180.1.21/compute/v2.1/servers/07726d27-59fc-4540-8350-22aba76b0eab 0.093s
2024-12-30 09:34:16.028 67147 INFO tempest.lib.common.rest_client [req-62ddafbd-5b93-4c72-aa65-e0ca30701851 req-62ddafbd-5b93-4c72-aa65-e0ca30701851 ] Request (ServerActionsTestJSON:setUpClass): 200 GET http://10.180.1.21/compute/v2.1/servers/f63c1f62-24dd-427f-90cc-25312097d746 0.079s
2024-12-30 09:34:16.076 67101 INFO tempest.lib.common.rest_client [req-8c3b21f5-a093-4e08-ac2c-79fc0c7847b5 req-8c3b21f5-a093-4e08-ac2c-79fc0c7847b5 ] Request (ServersNegativeTestJSON:setUpClass): 200 GET http://10.180.1.21/compute/v2.1/servers/2346cc28-f1bd-4e6c-a45f-242f224132a9 0.096s
2024-12-30 09:34:16.116 67103 INFO tempest.lib.common.rest_client [req-a9735b77-41d7-45c4-8b9c-ca4c459a1975 req-a9735b77-41d7-45c4-8b9c-ca4c459a1975 ] Request (ServersAaction247Test:test_create_backup): 202 POST http://10.180.1.21/compute/v2.1/servers 0.179s
2024-12-30 09:34:16.130 67133 INFO tempest.lib.common.rest_client [req-f73a8249-2c4e-49cc-af5d-0c212e6ab7a8 req-f73a8249-2c4e-49cc-af5d-0c212e6ab7a8 ] Request (ServersAdminNegativeTestJSON:tearDownClass): 200 GET http://10.180.1.21/compute/v2.1/servers/ed6d0b03-0a79-4691-bc11-cca6ed9ee120 0.121s
2024-12-30 09:34:16.178 67109 INFO tempest.lib.common.rest_client [req-38a67df3-c93e-4f6e-a657-8d56dd4b92a2 req-38a67df3-c93e-4f6e-a657-8d56dd4b92a2 ] Request (AttachInterfacesV270Test:tearDownClass): 200 GET http://10.180.1.21/compute/v2.1/servers/b1054cd3-d64d-4f9b-a314-e94b0d73c80c 0.123s
2024-12-30 09:34:16.183 67149 INFO tempest.lib.common.rest_client [req-8f68893e-82c5-45e4-bc77-6f9ab88445d5 req-8f68893e-82c5-45e4-bc77-6f9ab88445d5 ] Request (ServersTestBootFromVolume:setUpClass): 200 GET http://10.180.1.21/compute/v2.1/servers/a9959f70-763e-4ba6-8b44-f1b927d4cd01 0.117s
2024-12-30 09:34:16.209 67105 WARNING tempest.lib.common.ssh [-] Failed to establish authenticated ssh connection to cirros@10.180.180.175 ([Errno None] Unable to connect to port 22 on 10.180.180.175). Number attempts: 9. Retry after 10 seconds.: paramiko.ssh_exception.NoValidConnectionsError: [Errno None] Unable to connect to port 22 on 10.180.180.175
2024-12-30 09:34:16.228 67103 INFO tempest.lib.common.rest_client [req-76efbcfa-6346-43a6-ade0-e44cc0b1caca req-76efbcfa-6346-43a6-ade0-e44cc0b1caca ] Request (ServersAaction247Test:test_create_backup): 200 GET http://10.180.1.21/compute/v2.1/servers/dc7438a3-d19c-4a38-863f-42bcbc36a1cf 0.110s
2024-12-30 09:34:16.228 67129 INFO tempest.lib.common.rest_client [req-2850c2f2-e6ed-4393-8427-a1430f27536a req-2850c2f2-e6ed-4393-8427-a1430f27536a ] Request (SecurityGroupsTestJSON:test_server_security_groups): 200 GET http://10.180.1.21/compute/v2.1/servers/da06dfbd-2823-4075-b453-0e3ca30b7c9c 0.118s
2024-12-30 09:34:16.318 67131 INFO tempest.lib.common.rest_client [req-e806327e-e9fd-45bb-bcb6-920c7f715269 req-e806327e-e9fd-45bb-bcb6-920c7f715269 ] Request (InstanceActionsTestJSON:test_list_instance_actions): 200 GET http://10.180.1.21/compute/v2.1/servers/877a937a-e068-47ac-a6ca-8b499fc46b74 0.133s
2024-12-30 09:34:16.549 67137 INFO tempest.lib.common.rest_client [req-010eec6f-ddd5-4e4c-9eea-b185714867b1 req-010eec6f-ddd5-4e4c-9eea-b185714867b1 ] Request (ServerRescueNegativeTestJSON:test_rescued_vm_attach_volume): 200 GET http://10.180.1.21/compute/v2.1/servers/c387877d-8cf1-4860-84d3-d8946c65db67 0.134s
2024-12-30 09:34:16.553 67097 INFO tempest.lib.common.rest_client [req-e698eac4-afd0-43f9-82a0-41438e36483d req-e698eac4-afd0-43f9-82a0-41438e36483d ] Request (MigrationsAdminTest:test_list_migrations_in_flavor_resize_situation): 200 GET http://10.180.1.21/compute/v2.1/servers/aee05e74-29a2-40ca-8185-a3698c7321af 0.134s
2024-12-30 09:34:16.556 67137 INFO tempest.common.waiters [-] State transition "ACTIVE/rescuing" ==> "RESCUE/None" after 8 second wait
2024-12-30 09:34:16.607 67121 INFO tempest.lib.common.rest_client [req-fbd156d0-345a-425b-b213-6a0de1901f6f req-fbd156d0-345a-425b-b213-6a0de1901f6f ] Request (ServerExternalEventsTest:test_create_server_external_events): 200 GET http://10.180.1.21/compute/v2.1/servers/677e3210-d6c0-4fbf-8768-e36ddf2acd2c 0.133s
2024-12-30 09:34:16.614 67135 INFO tempest.lib.common.rest_client [req-ad4b1a3d-e9b2-4584-874e-903d22a0bcf1 req-ad4b1a3d-e9b2-4584-874e-903d22a0bcf1 ] Request (ServerAddressesTestJSON:setUpClass): 200 GET http://10.180.1.21/compute/v2.1/servers/6db5008a-0bc2-41a4-8597-41bbdbe6681f 0.132s
2024-12-30 09:34:16.664 67117 INFO tempest.lib.common.rest_client [req-1e9152c1-f5f6-4bc5-9f99-c0c89c7081f7 req-1e9152c1-f5f6-4bc5-9f99-c0c89c7081f7 ] Request (MultipleCreateTestJSON:test_multiple_create): 200 GET http://10.180.1.21/compute/v2.1/servers/f2072664-ec85-48eb-8a4b-8d09c10d29fc 0.131s
2024-12-30 09:34:16.672 67139 INFO tempest.lib.common.rest_client [req-33c9f2e3-8b9d-4320-a978-52d388196855 req-33c9f2e3-8b9d-4320-a978-52d388196855 ] Request (ServerActionsTestOtherB:setUpClass): 200 GET http://10.180.1.21/compute/v2.1/servers/3ea50bbd-56e4-4fd5-a15a-1059d58227d5 0.130s
2024-12-30 09:34:16.694 67137 INFO tempest.lib.common.rest_client [req-32efbb08-2163-40d7-9f89-1321c530115b req-32efbb08-2163-40d7-9f89-1321c530115b ] Request (ServerRescueNegativeTestJSON:test_rescued_vm_attach_volume): 409 POST http://10.180.1.21/compute/v2.1/servers/c387877d-8cf1-4860-84d3-d8946c65db67/os-volume_attachments 0.138s
2024-12-30 09:34:16.725 67113 INFO tempest.lib.common.rest_client [req-2d4971a3-5bbf-45a0-bbd9-15e7f8241d03 req-2d4971a3-5bbf-45a0-bbd9-15e7f8241d03 ] Request (ImagesTestJSON:test_create_image_from_stopped_server): 200 GET http://10.180.1.21/compute/v2.1/servers/cac7cbdf-fbf9-480c-b3f6-92caa3dc4fbe 0.136s
2024-12-30 09:34:16.747 67125 INFO tempest.lib.common.rest_client [req-8602afdc-549e-4e60-90e0-5f0c252dc2d9 req-8602afdc-549e-4e60-90e0-5f0c252dc2d9 ] Request (ServersAdminTestJSON:test_create_server_with_scheduling_hint): 200 GET http://10.180.1.21/compute/v2.1/servers/f1a3decb-7efc-4d62-ad83-2da3532c9b4c 0.115s
2024-12-30 09:34:16.790 67107 INFO tempest.lib.common.rest_client [req-89089880-b206-4f22-9a0d-562ea30ae358 req-89089880-b206-4f22-9a0d-562ea30ae358 ] Request (ImagesOneServerTestJSON:tearDownClass): 200 GET http://10.180.1.21/compute/v2.1/servers/62cf026b-3186-4c9f-aa80-57058b88aa76 0.125s
2024-12-30 09:34:16.802 67137 INFO tempest.lib.common.rest_client [req-babbf6a4-8215-4b44-bc87-c3ca0de9a212 req-babbf6a4-8215-4b44-bc87-c3ca0de9a212 ] Request (ServerRescueNegativeTestJSON:_run_cleanups): 202 POST http://10.180.1.21/compute/v2.1/servers/c387877d-8cf1-4860-84d3-d8946c65db67/action 0.107s
2024-12-30 09:34:16.868 67093 INFO tempest.lib.common.rest_client [req-13a94920-af75-40c3-aa3c-8d7c7fa52d00 req-13a94920-af75-40c3-aa3c-8d7c7fa52d00 ] Request (ServersAdmin275Test:tearDownClass): 200 GET http://10.180.1.21/compute/v2.1/servers/0dfed87c-cd62-4849-9af4-0e0593a1a478 0.149s
2024-12-30 09:34:16.940 67151 INFO tempest.lib.common.rest_client [req-6ffaa0b4-c8fe-4ebf-938c-68ef85c61200 req-6ffaa0b4-c8fe-4ebf-938c-68ef85c61200 ] Request (ServerShowV257Test:test_rebuild_server): 200 GET http://10.180.1.21/compute/v2.1/servers/8e628cfe-5d32-419d-ad18-1051130cb68d 0.122s
2024-12-30 09:34:16.942 67137 INFO tempest.lib.common.rest_client [req-7f5d636b-835b-4ba3-b1b3-1cdfe1db8aa6 req-7f5d636b-835b-4ba3-b1b3-1cdfe1db8aa6 ] Request (ServerRescueNegativeTestJSON:_run_cleanups): 200 GET http://10.180.1.21/compute/v2.1/servers/c387877d-8cf1-4860-84d3-d8946c65db67 0.140s
2024-12-30 09:34:17.019 67095 INFO tempest.lib.common.rest_client [req-a54d4a29-0515-4477-92a3-42fbff16b269 req-a54d4a29-0515-4477-92a3-42fbff16b269 ] Request (DeleteServersAdminTestJSON:test_delete_server_while_in_error_state): 200 GET http://10.180.1.21/compute/v2.1/servers/a2ff6e56-fd4f-445d-9455-3c5a39815227 0.143s
2024-12-30 09:34:17.084 67111 INFO tempest.lib.common.rest_client [req-384c1bc9-430f-40dd-8a5f-d7c45d912b4a req-384c1bc9-430f-40dd-8a5f-d7c45d912b4a ] Request (ListServerFiltersTestJSON:setUpClass): 200 GET http://10.180.1.21/compute/v2.1/servers/8811ec10-8cc5-4238-b361-55f24e044027 0.155s
2024-12-30 09:34:17.099 67127 INFO tempest.lib.common.rest_client [req-be1b0510-7920-4220-888c-7855d1ec46b0 req-be1b0510-7920-4220-888c-7855d1ec46b0 ] Request (InstanceActionsNegativeTestJSON:setUpClass): 200 GET http://10.180.1.21/compute/v2.1/servers/4cf6d2cb-8cf1-48ab-9865-22093b604bfc 0.216s
2024-12-30 09:34:17.156 67147 INFO tempest.lib.common.rest_client [req-fade6312-e25a-421a-ab8e-673def561f44 req-fade6312-e25a-421a-ab8e-673def561f44 ] Request (ServerActionsTestJSON:setUpClass): 200 GET http://10.180.1.21/compute/v2.1/servers/f63c1f62-24dd-427f-90cc-25312097d746 0.119s
2024-12-30 09:34:17.213 67101 INFO tempest.lib.common.rest_client [req-ed64e181-d271-4b7f-8e01-24b4b86a5e6c req-ed64e181-d271-4b7f-8e01-24b4b86a5e6c ] Request (ServersNegativeTestJSON:setUpClass): 200 GET http://10.180.1.21/compute/v2.1/servers/2346cc28-f1bd-4e6c-a45f-242f224132a9 0.130s
2024-12-30 09:34:17.237 67123 INFO tempest.lib.common.rest_client [req-d1142069-2cc6-46a9-934d-be694eec3a0e req-d1142069-2cc6-46a9-934d-be694eec3a0e ] Request (ServerDiskConfigTestJSON:test_rebuild_server_with_auto_disk_config): 200 GET http://10.180.1.21/compute/v2.1/servers/07726d27-59fc-4540-8350-22aba76b0eab 0.252s
2024-12-30 09:34:17.277 67133 INFO tempest.lib.common.rest_client [req-22666790-819e-4cbc-8fe4-ccd46a4978be req-22666790-819e-4cbc-8fe4-ccd46a4978be ] Request (ServersAdminNegativeTestJSON:tearDownClass): 200 GET http://10.180.1.21/compute/v2.1/servers/ed6d0b03-0a79-4691-bc11-cca6ed9ee120 0.140s
2024-12-30 09:34:17.294 67109 INFO tempest.lib.common.rest_client [req-915ca0d8-a917-4b85-8826-43e115c39bd7 req-915ca0d8-a917-4b85-8826-43e115c39bd7 ] Request (AttachInterfacesV270Test:tearDownClass): 200 GET http://10.180.1.21/compute/v2.1/servers/b1054cd3-d64d-4f9b-a314-e94b0d73c80c 0.106s
2024-12-30 09:34:17.329 67149 INFO tempest.lib.common.rest_client [req-b2761795-7b2e-4ee4-8976-e85f21619259 req-b2761795-7b2e-4ee4-8976-e85f21619259 ] Request (ServersTestBootFromVolume:setUpClass): 200 GET http://10.180.1.21/compute/v2.1/servers/a9959f70-763e-4ba6-8b44-f1b927d4cd01 0.139s
2024-12-30 09:34:17.345 67129 INFO tempest.lib.common.rest_client [req-86399a0a-b949-4fd6-b0fd-3f67a1c3d596 req-86399a0a-b949-4fd6-b0fd-3f67a1c3d596 ] Request (SecurityGroupsTestJSON:test_server_security_groups): 200 GET http://10.180.1.21/compute/v2.1/servers/da06dfbd-2823-4075-b453-0e3ca30b7c9c 0.110s
2024-12-30 09:34:17.392 67103 INFO tempest.lib.common.rest_client [req-5ba93e07-a26b-42fc-bb70-ed3f1cc62d3e req-5ba93e07-a26b-42fc-bb70-ed3f1cc62d3e ] Request (ServersAaction247Test:test_create_backup): 200 GET http://10.180.1.21/compute/v2.1/servers/dc7438a3-d19c-4a38-863f-42bcbc36a1cf 0.156s
2024-12-30 09:34:17.450 67131 INFO tempest.lib.common.rest_client [req-7b69408e-79d0-46f4-ac54-e2886b149aeb req-7b69408e-79d0-46f4-ac54-e2886b149aeb ] Request (InstanceActionsTestJSON:test_list_instance_actions): 200 GET http://10.180.1.21/compute/v2.1/servers/877a937a-e068-47ac-a6ca-8b499fc46b74 0.125s
2024-12-30 09:34:17.456 67131 INFO tempest.common.waiters [-] State transition "HARD_REBOOT/rebooting_hard" ==> "HARD_REBOOT/reboot_pending_hard" after 2 second wait
2024-12-30 09:34:17.465 67119 WARNING tempest.lib.common.ssh [-] Failed to establish authenticated ssh connection to cirros@10.180.180.168 ([Errno None] Unable to connect to port 22 on 10.180.180.168). Number attempts: 9. Retry after 10 seconds.: paramiko.ssh_exception.NoValidConnectionsError: [Errno None] Unable to connect to port 22 on 10.180.180.168
