2024-12-30 09:32:32.962 67095 INFO tempest.lib.common.rest_client [req-5a15a60e-8128-4a61-ad58-990df05618ac req-5a15a60e-8128-4a61-ad58-990df05618ac ] Request (DeleteServersAdminTestJSON:test_admin_delete_servers_of_others): 200 GET http://10.180.1.21/compute/v2.1/servers/63a3f6d1-15d0-430c-b6c9-a738aedcac9d 2.178s
2024-12-30 09:32:33.027 67131 INFO tempest.lib.common.rest_client [req-70265c1e-105a-47e9-877a-06b837655e70 req-70265c1e-105a-47e9-877a-06b837655e70 ] Request (HypervisorAdminNegativeTestJSON:tearDownClass): 204 DELETE http://10.180.1.21/identity/v3/projects/fc5a0cd2ccb440538d0f164b5c4e3ba9 0.085s
2024-12-30 09:32:33.097 67131 INFO tempest.lib.common.rest_client [req-23751274-3552-4f22-ab94-4873f19b0862 req-23751274-3552-4f22-ab94-4873f19b0862 ] Request (KeyPairsV2TestJSON:setUpClass): 201 POST http://10.180.1.21/identity/v3/auth/tokens 0.068s
2024-12-30 09:32:33.136 67131 INFO tempest.lib.common.rest_client [req-dc826467-333a-425f-8e7f-b3a0678daf19 req-dc826467-333a-425f-8e7f-b3a0678daf19 ] Request (KeyPairsV2TestJSON:setUpClass): 201 POST http://10.180.1.21/identity/v3/auth/tokens 0.037s
2024-12-30 09:32:33.141 67139 INFO tempest.lib.common.rest_client [req-6eacc3e3-9f6a-4365-bfff-afb2b66c5242 req-6eacc3e3-9f6a-4365-bfff-afb2b66c5242 ] Request (ServerDiagnosticsTest:test_get_server_diagnostics): 200 GET http://10.180.1.21/compute/v2.1/servers/3cc67c78-e9e8-47ea-aa63-42b053f46cd4 2.040s
2024-12-30 09:32:33.182 67131 INFO tempest.lib.common.rest_client [req-1e402f53-692d-40ae-a684-ef4fcd57c92d req-1e402f53-692d-40ae-a684-ef4fcd57c92d ] Request (KeyPairsV2TestJSON:setUpClass): 200 GET http://10.180.1.21/identity/v3/domains?name=Default 0.042s
2024-12-30 09:32:33.218 67131 INFO tempest.lib.common.rest_client [req-f7556353-b2bf-4e37-a891-07333c24551f req-f7556353-b2bf-4e37-a891-07333c24551f ] Request (KeyPairsV2TestJSON:setUpClass): 201 POST http://10.180.1.21/identity/v3/projects 0.035s
2024-12-30 09:32:33.285 67131 INFO tempest.lib.common.rest_client [req-ff58c429-df06-4ba5-b8be-59e4f2d64ec1 req-ff58c429-df06-4ba5-b8be-59e4f2d64ec1 ] Request (KeyPairsV2TestJSON:setUpClass): 201 POST http://10.180.1.21/identity/v3/users 0.066s
2024-12-30 09:32:33.298 67099 INFO tempest.lib.common.rest_client [req-01797da8-f7c4-43fd-bbd0-006fcaa4a657 req-01797da8-f7c4-43fd-bbd0-006fcaa4a657 ] Request (FlavorsExtraSpecsNegativeTestJSON:tearDownClass): 204 DELETE http://10.180.1.21:9696/networking/v2.0/security-groups/c3de9fc1-1b21-4373-9251-6774ccbb5f52 0.695s
2024-12-30 09:32:33.313 67131 INFO tempest.lib.common.rest_client [req-c02dfa8a-a273-4d3f-b59b-4fea0bd36e24 req-c02dfa8a-a273-4d3f-b59b-4fea0bd36e24 ] Request (KeyPairsV2TestJSON:setUpClass): 200 GET http://10.180.1.21/identity/v3/roles 0.028s
2024-12-30 09:32:33.355 67131 INFO tempest.lib.common.rest_client [req-33277f8b-4517-46a7-9aa9-00677b476bf8 req-33277f8b-4517-46a7-9aa9-00677b476bf8 ] Request (KeyPairsV2TestJSON:setUpClass): 204 PUT http://10.180.1.21/identity/v3/projects/c839de8cdca94c399ac76edfd4565ad2/users/137624550bb94a27b02a1ccd4cc2d0d2/roles/dc91b1af96f44092aad00da57fe51d0a 0.041s
2024-12-30 09:32:33.355 67131 INFO tempest.lib.common.dynamic_creds [-] Dynamic test user 137624550bb94a27b02a1ccd4cc2d0d2 is created with scope project and roles: ['member']
2024-12-30 09:32:33.355 67131 INFO tempest.lib.common.dynamic_creds [-] Acquired dynamic creds: credentials: Credentials: {'domain_id': 'default', 'domain_name': 'Default', 'username': 'tempest-KeyPairsV2TestJSON-382366916-project-member', 'project_domain_id': 'default', 'project_domain_name': 'Default', 'project_id': 'c839de8cdca94c399ac76edfd4565ad2', 'project_name': 'tempest-KeyPairsV2TestJSON-382366916', 'tenant_id': 'c839de8cdca94c399ac76edfd4565ad2', 'tenant_name': 'tempest-KeyPairsV2TestJSON-382366916', 'user_domain_id': 'default', 'user_domain_name': 'Default', 'user_id': '137624550bb94a27b02a1ccd4cc2d0d2', 'system': None}, Network: None, Subnet: None, Router: None
2024-12-30 09:32:33.356 67131 INFO tempest.lib.common.dynamic_creds [-] Created isolated network resources for: credentials: Credentials: {'domain_id': 'default', 'domain_name': 'Default', 'username': 'tempest-KeyPairsV2TestJSON-382366916-project-member', 'project_domain_id': 'default', 'project_domain_name': 'Default', 'project_id': 'c839de8cdca94c399ac76edfd4565ad2', 'project_name': 'tempest-KeyPairsV2TestJSON-382366916', 'tenant_id': 'c839de8cdca94c399ac76edfd4565ad2', 'tenant_name': 'tempest-KeyPairsV2TestJSON-382366916', 'user_domain_id': 'default', 'user_domain_name': 'Default', 'user_id': '137624550bb94a27b02a1ccd4cc2d0d2', 'system': None}, Network: None, Subnet: None, Router: None
2024-12-30 09:32:33.368 67099 INFO tempest.lib.common.rest_client [req-0de80569-5eb3-4217-a605-e848defb4ed6 req-0de80569-5eb3-4217-a605-e848defb4ed6 ] Request (FlavorsExtraSpecsNegativeTestJSON:tearDownClass): 204 DELETE http://10.180.1.21/identity/v3/projects/9fd994527acf4d4d97ea3fe242708087 0.069s
2024-12-30 09:32:33.406 67097 INFO tempest.lib.common.rest_client [req-ca98f343-9331-4b04-b8a9-38d3cb3e9dfe req-ca98f343-9331-4b04-b8a9-38d3cb3e9dfe ] Request (FlavorsAccessTestJSON:tearDownClass): 204 DELETE http://10.180.1.21:9696/networking/v2.0/security-groups/9306cc45-c9b1-419e-8479-f9c1c555a185 0.635s
2024-12-30 09:32:33.433 67131 INFO tempest.lib.common.rest_client [req-63ed13df-2ef7-4b65-ab4b-d16545ae604c req-63ed13df-2ef7-4b65-ab4b-d16545ae604c ] Request (KeyPairsV2TestJSON:setUpClass): 201 POST http://10.180.1.21/identity/v3/auth/tokens 0.073s
2024-12-30 09:32:33.439 67099 INFO tempest.lib.common.rest_client [req-f68eb0a8-2743-46b8-bd0f-8e381f2f42c5 req-f68eb0a8-2743-46b8-bd0f-8e381f2f42c5 ] Request (InstanceUsageAuditLogTestJSON:setUpClass): 201 POST http://10.180.1.21/identity/v3/auth/tokens 0.070s
2024-12-30 09:32:33.491 67097 INFO tempest.lib.common.rest_client [req-c8c11f5c-eb37-438b-9367-7a4ee656bd2f req-c8c11f5c-eb37-438b-9367-7a4ee656bd2f ] Request (FlavorsAccessTestJSON:tearDownClass): 204 DELETE http://10.180.1.21/identity/v3/projects/45394fffaa414f00a9d2abac457ba4e5 0.084s
2024-12-30 09:32:33.517 67099 INFO tempest.lib.common.rest_client [req-e186cdce-a42b-427b-8c57-5e3c7355c2e9 req-e186cdce-a42b-427b-8c57-5e3c7355c2e9 ] Request (InstanceUsageAuditLogTestJSON:setUpClass): 201 POST http://10.180.1.21/identity/v3/auth/tokens 0.070s
2024-12-30 09:32:33.525 67133 INFO tempest.lib.common.rest_client [req-eb439cb8-6490-4728-bf8a-7ceafeb28811 req-eb439cb8-6490-4728-bf8a-7ceafeb28811 ] Request (ServersAdminNegativeTestJSON:setUpClass): 200 GET http://10.180.1.21/compute/v2.1/servers/85b88f2d-a6fc-4073-8988-27190e4ee0b1 2.374s
2024-12-30 09:32:33.526 67097 INFO tempest.lib.common.rest_client [req-e8ce3b85-4855-4078-b1e5-873713292d46 req-e8ce3b85-4855-4078-b1e5-873713292d46 ] Request (MigrationsAdminTest:setUpClass): 201 POST http://10.180.1.21/identity/v3/auth/tokens 0.033s
2024-12-30 09:32:33.541 67135 INFO tempest.lib.common.rest_client [req-7b79878b-306d-4ccb-bbe1-8d08eeeb0246 req-7b79878b-306d-4ccb-bbe1-8d08eeeb0246 ] Request (FlavorsV2NegativeTest:tearDownClass): 200 GET http://10.180.1.21:9696/networking/v2.0/security-groups?tenant_id=2c039623669645b288ef2bf877c690ad&name=default 0.704s
2024-12-30 09:32:33.547 67099 INFO tempest.lib.common.rest_client [req-bde6d26a-8b68-402f-91b4-510419d3fe84 req-bde6d26a-8b68-402f-91b4-510419d3fe84 ] Request (InstanceUsageAuditLogTestJSON:setUpClass): 200 GET http://10.180.1.21/identity/v3/domains?name=Default 0.030s
2024-12-30 09:32:33.559 67097 INFO tempest.lib.common.rest_client [req-3c5bc3a1-7173-4973-8a9b-a6f0cce50828 req-3c5bc3a1-7173-4973-8a9b-a6f0cce50828 ] Request (MigrationsAdminTest:setUpClass): 201 POST http://10.180.1.21/identity/v3/auth/tokens 0.031s
2024-12-30 09:32:33.583 67099 INFO tempest.lib.common.rest_client [req-2fbd5a8a-3973-4a5c-b683-b3f88923f3fe req-2fbd5a8a-3973-4a5c-b683-b3f88923f3fe ] Request (InstanceUsageAuditLogTestJSON:setUpClass): 201 POST http://10.180.1.21/identity/v3/projects 0.035s
2024-12-30 09:32:33.588 67123 INFO tempest.lib.common.rest_client [req-879925c3-7b52-46fd-984e-d9f25ffa9c40 req-879925c3-7b52-46fd-984e-d9f25ffa9c40 ] Request (QuotasAdminNegativeTest:test_create_server_when_memory_quota_is_full): 403 POST http://10.180.1.21/compute/v2.1/servers 2.462s
2024-12-30 09:32:33.590 67097 INFO tempest.lib.common.rest_client [req-7f0aabe2-336a-4563-8abf-d6beeedbec65 req-7f0aabe2-336a-4563-8abf-d6beeedbec65 ] Request (MigrationsAdminTest:setUpClass): 200 GET http://10.180.1.21/identity/v3/domains?name=Default 0.030s
2024-12-30 09:32:33.658 67097 INFO tempest.lib.common.rest_client [req-c7a1b79a-a34e-4a18-b49a-61065a360c78 req-c7a1b79a-a34e-4a18-b49a-61065a360c78 ] Request (MigrationsAdminTest:setUpClass): 201 POST http://10.180.1.21/identity/v3/projects 0.066s
2024-12-30 09:32:33.668 67099 INFO tempest.lib.common.rest_client [req-ef164fc2-b5b4-49be-8c0d-2ef52a35775a req-ef164fc2-b5b4-49be-8c0d-2ef52a35775a ] Request (InstanceUsageAuditLogTestJSON:setUpClass): 201 POST http://10.180.1.21/identity/v3/users 0.084s
2024-12-30 09:32:33.681 67143 INFO tempest.lib.common.rest_client [req-4018427f-c011-4601-930b-79daaae2e2ef req-4018427f-c011-4601-930b-79daaae2e2ef ] Request (AttachInterfacesTestJSON:test_create_list_show_delete_interfaces_by_fixed_ip): 200 GET http://10.180.1.21/compute/v2.1/servers/14d8f175-ca09-4fbc-a71c-8abdb5d43af1 2.408s
2024-12-30 09:32:33.691 67111 INFO tempest.lib.common.rest_client [req-16c3d570-330b-442a-8b56-1f06cca859eb req-16c3d570-330b-442a-8b56-1f06cca859eb ] Request (FloatingIPDetailsTestJSON:setUpClass): 201 POST http://10.180.1.21:9696/networking/v2.0/networks 1.354s
2024-12-30 09:32:33.690 67143 INFO tempest.common.waiters [-] State transition "BUILD/None" ==> "BUILD/networking" after 7 second wait
2024-12-30 09:32:33.723 67099 INFO tempest.lib.common.rest_client [req-27c20456-c117-47e8-8aee-df4845b1f5ce req-27c20456-c117-47e8-8aee-df4845b1f5ce ] Request (InstanceUsageAuditLogTestJSON:setUpClass): 200 GET http://10.180.1.21/identity/v3/roles 0.054s
2024-12-30 09:32:33.736 67097 INFO tempest.lib.common.rest_client [req-5a7f19b8-98d0-4d47-9c88-6442a7d6183d req-5a7f19b8-98d0-4d47-9c88-6442a7d6183d ] Request (MigrationsAdminTest:setUpClass): 201 POST http://10.180.1.21/identity/v3/users 0.078s
2024-12-30 09:32:33.751 67099 INFO tempest.lib.common.rest_client [req-fbfb5590-5165-4ef7-88a2-6aaf5616b9a7 req-fbfb5590-5165-4ef7-88a2-6aaf5616b9a7 ] Request (InstanceUsageAuditLogTestJSON:setUpClass): 204 PUT http://10.180.1.21/identity/v3/projects/3cfb1566ae224fe1aea6873349264eb4/users/055a12855bd7474e89bc65c23adc8c22/roles/dc91b1af96f44092aad00da57fe51d0a 0.027s
2024-12-30 09:32:33.751 67099 INFO tempest.lib.common.dynamic_creds [-] Dynamic test user 055a12855bd7474e89bc65c23adc8c22 is created with scope project and roles: ['member']
2024-12-30 09:32:33.751 67099 INFO tempest.lib.common.dynamic_creds [-] Acquired dynamic creds: credentials: Credentials: {'domain_id': 'default', 'domain_name': 'Default', 'username': 'tempest-InstanceUsageAuditLogTestJSON-1173335713-project-member', 'project_domain_id': 'default', 'project_domain_name': 'Default', 'project_id': '3cfb1566ae224fe1aea6873349264eb4', 'project_name': 'tempest-InstanceUsageAuditLogTestJSON-1173335713', 'tenant_id': '3cfb1566ae224fe1aea6873349264eb4', 'tenant_name': 'tempest-InstanceUsageAuditLogTestJSON-1173335713', 'user_domain_id': 'default', 'user_domain_name': 'Default', 'user_id': '055a12855bd7474e89bc65c23adc8c22', 'system': None}, Network: None, Subnet: None, Router: None
2024-12-30 09:32:33.751 67099 INFO tempest.lib.common.dynamic_creds [-] Created isolated network resources for: credentials: Credentials: {'domain_id': 'default', 'domain_name': 'Default', 'username': 'tempest-InstanceUsageAuditLogTestJSON-1173335713-project-member', 'project_domain_id': 'default', 'project_domain_name': 'Default', 'project_id': '3cfb1566ae224fe1aea6873349264eb4', 'project_name': 'tempest-InstanceUsageAuditLogTestJSON-1173335713', 'tenant_id': '3cfb1566ae224fe1aea6873349264eb4', 'tenant_name': 'tempest-InstanceUsageAuditLogTestJSON-1173335713', 'user_domain_id': 'default', 'user_domain_name': 'Default', 'user_id': '055a12855bd7474e89bc65c23adc8c22', 'system': None}, Network: None, Subnet: None, Router: None
2024-12-30 09:32:33.757 67097 INFO tempest.lib.common.rest_client [req-c63cdc72-9f75-4e39-9df0-cae57d082d5e req-c63cdc72-9f75-4e39-9df0-cae57d082d5e ] Request (MigrationsAdminTest:setUpClass): 200 GET http://10.180.1.21/identity/v3/roles 0.020s
2024-12-30 09:32:33.812 67147 INFO tempest.lib.common.rest_client [req-9d86e8d6-77cb-438b-a3a9-ab1fcc69c46c req-9d86e8d6-77cb-438b-a3a9-ab1fcc69c46c ] Request (ServerDiagnosticsNegativeTest:test_get_server_diagnostics_by_non_admin): 200 GET http://10.180.1.21/compute/v2.1/servers/94e9033e-3eb1-4e8d-86ce-3a6f627c5aaa 2.605s
2024-12-30 09:32:33.819 67097 INFO tempest.lib.common.rest_client [req-e4255e13-5bc5-4ef2-8a9e-65cb2758f914 req-e4255e13-5bc5-4ef2-8a9e-65cb2758f914 ] Request (MigrationsAdminTest:setUpClass): 204 PUT http://10.180.1.21/identity/v3/projects/5d39e21f711140c3830a775f3fa60e43/users/6221263a5ab24e7f85979efbbddf6298/roles/dc91b1af96f44092aad00da57fe51d0a 0.062s
2024-12-30 09:32:33.820 67097 INFO tempest.lib.common.dynamic_creds [-] Dynamic test user 6221263a5ab24e7f85979efbbddf6298 is created with scope project and roles: ['member']
2024-12-30 09:32:33.820 67097 INFO tempest.lib.common.dynamic_creds [-] Acquired dynamic creds: credentials: Credentials: {'domain_id': 'default', 'domain_name': 'Default', 'username': 'tempest-MigrationsAdminTest-1041191204-project-member', 'project_domain_id': 'default', 'project_domain_name': 'Default', 'project_id': '5d39e21f711140c3830a775f3fa60e43', 'project_name': 'tempest-MigrationsAdminTest-1041191204', 'tenant_id': '5d39e21f711140c3830a775f3fa60e43', 'tenant_name': 'tempest-MigrationsAdminTest-1041191204', 'user_domain_id': 'default', 'user_domain_name': 'Default', 'user_id': '6221263a5ab24e7f85979efbbddf6298', 'system': None}, Network: None, Subnet: None, Router: None
2024-12-30 09:32:33.820 67097 INFO tempest.lib.common.dynamic_creds [-] Created isolated network resources for: credentials: Credentials: {'domain_id': 'default', 'domain_name': 'Default', 'username': 'tempest-MigrationsAdminTest-1041191204-project-member', 'project_domain_id': 'default', 'project_domain_name': 'Default', 'project_id': '5d39e21f711140c3830a775f3fa60e43', 'project_name': 'tempest-MigrationsAdminTest-1041191204', 'tenant_id': '5d39e21f711140c3830a775f3fa60e43', 'tenant_name': 'tempest-MigrationsAdminTest-1041191204', 'user_domain_id': 'default', 'user_domain_name': 'Default', 'user_id': '6221263a5ab24e7f85979efbbddf6298', 'system': None}, Network: None, Subnet: None, Router: None
2024-12-30 09:32:33.821 67147 INFO tempest.common.waiters [-] State transition "BUILD/block_device_mapping" ==> "BUILD/spawning" after 12 second wait
2024-12-30 09:32:33.835 67099 INFO tempest.lib.common.rest_client [req-1d0c898c-5c38-4857-8a87-d8466993b46b req-1d0c898c-5c38-4857-8a87-d8466993b46b ] Request (InstanceUsageAuditLogTestJSON:setUpClass): 201 POST http://10.180.1.21/identity/v3/auth/tokens 0.081s
2024-12-30 09:32:33.874 67135 INFO tempest.lib.common.rest_client [req-7ea9a328-67bb-4dce-92ca-e01e5a752212 req-7ea9a328-67bb-4dce-92ca-e01e5a752212 ] Request (FlavorsV2NegativeTest:tearDownClass): 204 DELETE http://10.180.1.21:9696/networking/v2.0/security-groups/99cb8c00-5b67-4649-965a-832eaec8eb3d 0.333s
2024-12-30 09:32:33.943 67097 INFO tempest.lib.common.rest_client [req-2af8bb45-d037-4657-86bc-d29f335d4a91 req-2af8bb45-d037-4657-86bc-d29f335d4a91 ] Request (MigrationsAdminTest:setUpClass): 201 POST http://10.180.1.21/identity/v3/auth/tokens 0.119s
2024-12-30 09:32:33.972 67151 INFO tempest.lib.common.rest_client [req-e9e8670e-e97e-4b6d-8e3d-5fe95d92bba6 req-e9e8670e-e97e-4b6d-8e3d-5fe95d92bba6 ] Request (HypervisorAdminV253TestBase:test_list_show_detail_hypervisors): 200 GET http://10.180.1.21/compute/v2.1/os-hypervisors/detail?with_servers=True 2.563s
2024-12-30 09:32:33.975 67099 INFO tempest.lib.common.rest_client [req-dd37b464-7036-4c02-9eaf-8163cf6e8986 req-dd37b464-7036-4c02-9eaf-8163cf6e8986 ] Request (InstanceUsageAuditLogTestJSON:setUpClass): 201 POST http://10.180.1.21/identity/v3/projects 0.139s
2024-12-30 09:32:34.053 67097 INFO tempest.lib.common.rest_client [req-330afb14-334e-48e4-9fad-0db4d973e1e4 req-330afb14-334e-48e4-9fad-0db4d973e1e4 ] Request (MigrationsAdminTest:setUpClass): 201 POST http://10.180.1.21/identity/v3/projects 0.109s
2024-12-30 09:32:34.103 67135 INFO tempest.lib.common.rest_client [req-0cdcb19f-98f5-40c1-b31a-4e8635e23666 req-0cdcb19f-98f5-40c1-b31a-4e8635e23666 ] Request (FlavorsV2NegativeTest:tearDownClass): 204 DELETE http://10.180.1.21/identity/v3/projects/2c039623669645b288ef2bf877c690ad 0.229s
2024-12-30 09:32:34.123 67125 INFO tempest.lib.common.rest_client [req-b018f7b7-5571-4611-9ae1-109c0f18b5ff req-b018f7b7-5571-4611-9ae1-109c0f18b5ff ] Request (ServersAdminTestJSON:setUpClass): 200 PUT http://10.180.1.21:9696/networking/v2.0/routers/9089a817-47f9-4c70-a450-e979312a1668/add_router_interface 5.720s
2024-12-30 09:32:34.123 67125 INFO tempest.lib.common.dynamic_creds [-] Created isolated network resources for: credentials: Credentials: {'domain_id': 'default', 'domain_name': 'Default', 'username': 'tempest-ServersAdminTestJSON-235135416-project-admin', 'project_domain_id': 'default', 'project_domain_name': 'Default', 'project_id': 'd1d7c5365cfe41459e9ef0b781c57908', 'project_name': 'tempest-ServersAdminTestJSON-235135416', 'tenant_id': 'd1d7c5365cfe41459e9ef0b781c57908', 'tenant_name': 'tempest-ServersAdminTestJSON-235135416', 'user_domain_id': 'default', 'user_domain_name': 'Default', 'user_id': '1d6281806cd6457ca3c95de1b1616c86', 'system': None}, Network: {'id': '536f05c1-54ee-43a2-b932-26de1ffbaecb', 'name': 'tempest-ServersAdminTestJSON-1877143776-network', 'tenant_id': 'd1d7c5365cfe41459e9ef0b781c57908', 'admin_state_up': True, 'mtu': 8950, 'status': 'ACTIVE', 'subnets': [], 'shared': False, 'project_id': 'd1d7c5365cfe41459e9ef0b781c57908', 'port_security_enabled': True, 'router:external': False, 'provider:network_type': 'vlan', 'provider:physical_network': 'default', 'provider:segmentation_id': 340, 'availability_zone_hints': [], 'availability_zones': [], 'ipv4_address_scope': None, 'ipv6_address_scope': None, 'description': '', 'tags': [], 'created_at': '2024-12-30T09:32:25Z', 'updated_at': '2024-12-30T09:32:25Z', 'revision_number': 1}, Subnet: {'id': '13e3e020-6f87-4efa-855f-8943a2805842', 'name': 'tempest-ServersAdminTestJSON-1877143776-subnet', 'tenant_id': 'd1d7c5365cfe41459e9ef0b781c57908', 'network_id': '536f05c1-54ee-43a2-b932-26de1ffbaecb', 'ip_version': 4, 'subnetpool_id': None, 'enable_dhcp': True, 'ipv6_ra_mode': None, 'ipv6_address_mode': None, 'gateway_ip': '192.168.128.1', 'cidr': '192.168.128.0/28', 'allocation_pools': [{'start': '192.168.128.2', 'end': '192.168.128.14'}], 'host_routes': [], 'dns_nameservers': [], 'description': '', 'router:external': False, 'service_types': [], 'tags': [], 'created_at': '2024-12-30T09:32:25Z', 'updated_at': '2024-12-30T09:32:25Z', 'revision_number': 0, 'project_id': 'd1d7c5365cfe41459e9ef0b781c57908'}, Router: {'id': '9089a817-47f9-4c70-a450-e979312a1668', 'name': 'tempest-ServersAdminTestJSON-1877143776-router', 'tenant_id': 'd1d7c5365cfe41459e9ef0b781c57908', 'admin_state_up': True, 'status': 'ACTIVE', 'external_gateway_info': {'network_id': '1fc886c7-6153-48fa-a540-9e4b2bbf8238', 'external_fixed_ips': [{'subnet_id': 'a74aaac6-0a13-4a04-83b5-65b13da0f8cf', 'ip_address': '10.180.180.204'}], 'enable_snat': True}, 'description': '', 'availability_zones': [], 'distributed': False, 'ha': False, 'availability_zone_hints': [], 'routes': [], 'flavor_id': None, 'tags': [], 'created_at': '2024-12-30T09:32:26Z', 'updated_at': '2024-12-30T09:32:27Z', 'revision_number': 2, 'project_id': 'd1d7c5365cfe41459e9ef0b781c57908'}
2024-12-30 09:32:34.156 67099 INFO tempest.lib.common.rest_client [req-a8458ef6-ea80-4fec-8895-8b854a10943b req-a8458ef6-ea80-4fec-8895-8b854a10943b ] Request (InstanceUsageAuditLogTestJSON:setUpClass): 201 POST http://10.180.1.21/identity/v3/users 0.180s
2024-12-30 09:32:34.156 67129 INFO tempest.lib.common.rest_client [req-9f0dd852-0728-4cd0-abb9-53cc1f2de169 req-9f0dd852-0728-4cd0-abb9-53cc1f2de169 ] Request (SecurityGroupsTestJSON:setUpClass): 201 POST http://10.180.1.21:9696/networking/v2.0/routers 3.074s
2024-12-30 09:32:34.169 67097 INFO tempest.lib.common.rest_client [req-df1f95a0-cd5e-49b0-804c-0a0598d3f2f9 req-df1f95a0-cd5e-49b0-804c-0a0598d3f2f9 ] Request (MigrationsAdminTest:setUpClass): 201 POST http://10.180.1.21/identity/v3/users 0.115s
2024-12-30 09:32:34.201 67135 INFO tempest.lib.common.rest_client [req-f8cf1cea-8bad-443e-bbcd-b7f9105e14c1 req-f8cf1cea-8bad-443e-bbcd-b7f9105e14c1 ] Request (FloatingIPsTestJSON:setUpClass): 201 POST http://10.180.1.21/identity/v3/auth/tokens 0.095s
2024-12-30 09:32:34.300 67103 INFO tempest.lib.common.rest_client [req-52d51f26-9b04-4e76-b200-2dd86dba8933 req-52d51f26-9b04-4e76-b200-2dd86dba8933 ] Request (QuotasAdminTestV236:test_get_updated_quotas): 200 GET http://10.180.1.21/compute/v2.1/os-quota-sets/37bb61aad9c84352b2c96539afe8c5b8/detail 2.759s
2024-12-30 09:32:34.305 67125 INFO tempest.lib.common.rest_client [req-5637b89d-a920-49a6-92c7-498a24541692 req-5637b89d-a920-49a6-92c7-498a24541692 ] Request (ServersAdminTestJSON:setUpClass): 201 POST http://10.180.1.21/identity/v3/auth/tokens 0.176s
2024-12-30 09:32:34.319 67099 INFO tempest.lib.common.rest_client [req-55d60b8e-ec86-40fc-99f2-039ed152f59e req-55d60b8e-ec86-40fc-99f2-039ed152f59e ] Request (InstanceUsageAuditLogTestJSON:setUpClass): 200 GET http://10.180.1.21/identity/v3/roles 0.162s
2024-12-30 09:32:34.326 67097 INFO tempest.lib.common.rest_client [req-dbc72d7a-eb88-4491-88ed-b4ea6862d503 req-dbc72d7a-eb88-4491-88ed-b4ea6862d503 ] Request (MigrationsAdminTest:setUpClass): 200 GET http://10.180.1.21/identity/v3/roles 0.155s
2024-12-30 09:32:34.327 67109 INFO tempest.lib.common.rest_client [req-96a5d8d1-c28b-46af-bd46-18a5f7848f22 req-96a5d8d1-c28b-46af-bd46-18a5f7848f22 ] Request (ImagesMetadataNegativeTestJSON:test_list_nonexistent_image_metadata): 404 GET http://10.180.1.21/compute/v2.1/images/271aae0b-f015-4e1b-915e-ca860a7d320f/metadata 2.758s
2024-12-30 09:32:34.355 67103 INFO tempest.lib.common.rest_client [req-78337a1f-b4e7-4222-afa4-99d093301170 req-78337a1f-b4e7-4222-afa4-99d093301170 ] Request (QuotasAdminTestV236:test_get_updated_quotas): 200 GET http://10.180.1.21/identity/v3/domains?name=Default 0.048s
2024-12-30 09:32:34.362 67135 INFO tempest.lib.common.rest_client [req-f4d79017-273b-463b-99c9-5d83a5afecc8 req-f4d79017-273b-463b-99c9-5d83a5afecc8 ] Request (FloatingIPsTestJSON:setUpClass): 201 POST http://10.180.1.21/identity/v3/auth/tokens 0.159s
2024-12-30 09:32:34.415 67105 INFO tempest.lib.common.rest_client [req-0585997e-d0a6-4c30-96b3-b02ddeadaeee req-0585997e-d0a6-4c30-96b3-b02ddeadaeee ] Request (AttachInterfacesUnderV243Test:test_add_remove_fixed_ip): 200 GET http://10.180.1.21/compute/v2.1/servers/8638a2a6-96d8-4a94-8014-1228d31b81b1 2.619s
2024-12-30 09:32:34.428 67099 INFO tempest.lib.common.rest_client [req-173f447f-a56e-4fbf-91b7-7fad40d654c0 req-173f447f-a56e-4fbf-91b7-7fad40d654c0 ] Request (InstanceUsageAuditLogTestJSON:setUpClass): 204 PUT http://10.180.1.21/identity/v3/projects/71fd29ce9cc0437caa3c8ec6fc6765b0/users/154fbbf85bb344bdbe4b36a062347225/roles/3de55ec87a8948be99501a855b8ccc55 0.108s
2024-12-30 09:32:34.457 67125 INFO tempest.lib.common.rest_client [req-2b88ce7f-d1b6-4c4a-b81d-1affaa24a5be req-2b88ce7f-d1b6-4c4a-b81d-1affaa24a5be ] Request (ServersAdminTestJSON:setUpClass): 201 POST http://10.180.1.21/identity/v3/auth/tokens 0.146s
2024-12-30 09:32:34.458 67125 INFO tempest.lib.common.fixed_network [-] (ServersAdminTestJSON:setUpClass) Found network {'id': '0cdfa467-e54c-4b30-8a6e-0e74546bef2c', 'name': 'tempest-ServersAdminTestJSON-1473147691-network', 'tenant_id': 'a5ac244903e440e5a1fcc0817d6f27d0', 'admin_state_up': True, 'mtu': 8950, 'status': 'ACTIVE', 'subnets': [], 'shared': False, 'project_id': 'a5ac244903e440e5a1fcc0817d6f27d0', 'port_security_enabled': True, 'router:external': False, 'provider:network_type': 'vlan', 'provider:physical_network': 'default', 'provider:segmentation_id': 93, 'availability_zone_hints': [], 'availability_zones': [], 'ipv4_address_scope': None, 'ipv6_address_scope': None, 'description': '', 'tags': [], 'created_at': '2024-12-30T09:32:17Z', 'updated_at': '2024-12-30T09:32:17Z', 'revision_number': 1} available for tenant
2024-12-30 09:32:34.480 67111 INFO tempest.lib.common.rest_client [req-e433e71a-7b3c-41f5-89d6-425b0a45ee4e req-e433e71a-7b3c-41f5-89d6-425b0a45ee4e ] Request (FloatingIPDetailsTestJSON:setUpClass): 201 POST http://10.180.1.21:9696/networking/v2.0/subnets 0.788s
2024-12-30 09:32:34.487 67097 INFO tempest.lib.common.rest_client [req-88c71893-f64d-46bc-b843-5eef43f9fe40 req-88c71893-f64d-46bc-b843-5eef43f9fe40 ] Request (MigrationsAdminTest:setUpClass): 204 PUT http://10.180.1.21/identity/v3/projects/9fd3e963aa654e7cb1eeb75f083b85fe/users/387368fc8d7f486baa878d540a7bb1c3/roles/3de55ec87a8948be99501a855b8ccc55 0.161s
2024-12-30 09:32:34.491 67119 INFO tempest.lib.common.rest_client [req-b7bad2e6-df44-4f3c-9727-c9e3e99edefe req-b7bad2e6-df44-4f3c-9727-c9e3e99edefe ] Request (VolumesAdminNegativeTest:test_update_attached_volume_with_nonexistent_volume_in_body): 202 POST http://10.180.1.21/compute/v2.1/servers 3.196s
2024-12-30 09:32:34.513 67155 INFO tempest.lib.common.rest_client [req-c6000c64-a90a-498a-b587-825fa362c93c req-c6000c64-a90a-498a-b587-825fa362c93c ] Request (FlavorsExtraSpecsTestJSON:tearDownClass): 202 DELETE http://10.180.1.21/compute/v2.1/flavors/1624436803 2.654s
2024-12-30 09:32:34.528 67145 INFO tempest.lib.common.rest_client [req-f853fda1-78b7-4580-9694-63049a996eff req-f853fda1-78b7-4580-9694-63049a996eff ] Request (ImagesDeleteNegativeTestJSON:test_delete_image_with_id_over_character_limit): 404 DELETE http://10.180.1.21/compute/v2.1/images/0ae74e46-5a97-4eff-96c9-3245a37e49cc1 2.639s
2024-12-30 09:32:34.541 67103 INFO tempest.lib.common.rest_client [req-03460425-a988-4e42-80ec-e08b46afd2a2 req-03460425-a988-4e42-80ec-e08b46afd2a2 ] Request (QuotasAdminTestV236:test_get_updated_quotas): 201 POST http://10.180.1.21/identity/v3/users 0.185s
2024-12-30 09:32:34.565 67135 INFO tempest.lib.common.rest_client [req-d1bc33e1-7168-404f-a5f4-ca3de4cf9063 req-d1bc33e1-7168-404f-a5f4-ca3de4cf9063 ] Request (FloatingIPsTestJSON:setUpClass): 200 GET http://10.180.1.21/identity/v3/domains?name=Default 0.201s
2024-12-30 09:32:34.566 67099 INFO tempest.lib.common.rest_client [req-7332d872-0cf6-4265-9ed3-7907441a7337 req-7332d872-0cf6-4265-9ed3-7907441a7337 ] Request (InstanceUsageAuditLogTestJSON:setUpClass): 200 GET http://10.180.1.21/identity/v3/roles 0.137s
2024-12-30 09:32:34.598 67107 INFO tempest.lib.common.rest_client [req-0b42aeba-b78f-4fa5-88c1-27680804d2be req-0b42aeba-b78f-4fa5-88c1-27680804d2be ] Request (ImagesOneServerTestJSON:setUpClass): 200 GET http://10.180.1.21/compute/v2.1/servers/62cf026b-3186-4c9f-aa80-57058b88aa76 2.757s
2024-12-30 09:32:34.606 67097 INFO tempest.lib.common.rest_client [req-fdb97a2b-83ea-422c-82d4-ac0f6307f94a req-fdb97a2b-83ea-422c-82d4-ac0f6307f94a ] Request (MigrationsAdminTest:setUpClass): 200 GET http://10.180.1.21/identity/v3/roles 0.118s
2024-12-30 09:32:34.634 67099 INFO tempest.lib.common.rest_client [req-83c3243c-a42b-4462-ac35-766a32424c40 req-83c3243c-a42b-4462-ac35-766a32424c40 ] Request (InstanceUsageAuditLogTestJSON:setUpClass): 204 PUT http://10.180.1.21/identity/v3/projects/71fd29ce9cc0437caa3c8ec6fc6765b0/users/154fbbf85bb344bdbe4b36a062347225/roles/3de55ec87a8948be99501a855b8ccc55 0.065s
2024-12-30 09:32:34.634 67099 INFO tempest.lib.common.dynamic_creds [-] Dynamic test user 154fbbf85bb344bdbe4b36a062347225 is created with scope project and roles: ['admin']
2024-12-30 09:32:34.635 67099 INFO tempest.lib.common.dynamic_creds [-] Acquired dynamic creds: credentials: Credentials: {'domain_id': 'default', 'domain_name': 'Default', 'username': 'tempest-InstanceUsageAuditLogTestJSON-1495791019-project-admin', 'project_domain_id': 'default', 'project_domain_name': 'Default', 'project_id': '71fd29ce9cc0437caa3c8ec6fc6765b0', 'project_name': 'tempest-InstanceUsageAuditLogTestJSON-1495791019', 'tenant_id': '71fd29ce9cc0437caa3c8ec6fc6765b0', 'tenant_name': 'tempest-InstanceUsageAuditLogTestJSON-1495791019', 'user_domain_id': 'default', 'user_domain_name': 'Default', 'user_id': '154fbbf85bb344bdbe4b36a062347225', 'system': None}, Network: None, Subnet: None, Router: None
2024-12-30 09:32:34.635 67099 INFO tempest.lib.common.dynamic_creds [-] Created isolated network resources for: credentials: Credentials: {'domain_id': 'default', 'domain_name': 'Default', 'username': 'tempest-InstanceUsageAuditLogTestJSON-1495791019-project-admin', 'project_domain_id': 'default', 'project_domain_name': 'Default', 'project_id': '71fd29ce9cc0437caa3c8ec6fc6765b0', 'project_name': 'tempest-InstanceUsageAuditLogTestJSON-1495791019', 'tenant_id': '71fd29ce9cc0437caa3c8ec6fc6765b0', 'tenant_name': 'tempest-InstanceUsageAuditLogTestJSON-1495791019', 'user_domain_id': 'default', 'user_domain_name': 'Default', 'user_id': '154fbbf85bb344bdbe4b36a062347225', 'system': None}, Network: None, Subnet: None, Router: None
2024-12-30 09:32:34.643 67115 INFO tempest.lib.common.rest_client [req-1b3f5533-ea88-4b85-b606-1d1969e15304 req-1b3f5533-ea88-4b85-b606-1d1969e15304 ] Request (ServersWithSpecificFlavorTestJSON:test_verify_created_server_ephemeral_disk): 200 POST http://10.180.1.21/compute/v2.1/flavors/1309956562/os-extra_specs 2.732s
2024-12-30 09:32:34.650 67113 INFO tempest.lib.common.rest_client [req-3e5ffc5e-627e-4aee-bca4-530e068d4b10 req-3e5ffc5e-627e-4aee-bca4-530e068d4b10 ] Request (FloatingIPsAssociationNegativeTestJSON:setUpClass): 200 PUT http://10.180.1.21:9696/networking/v2.0/routers/5e5bee67-e050-4db6-9554-84fbd0a4b1c7/add_router_interface 4.174s
2024-12-30 09:32:34.650 67113 INFO tempest.lib.common.dynamic_creds [-] Created isolated network resources for: credentials: Credentials: {'domain_id': 'default', 'domain_name': 'Default', 'username': 'tempest-FloatingIPsAssociationNegativeTestJSON-156636722-project-member', 'project_domain_id': 'default', 'project_domain_name': 'Default', 'project_id': '66200c41639e41a4a6a50ca981dcdde8', 'project_name': 'tempest-FloatingIPsAssociationNegativeTestJSON-156636722', 'tenant_id': '66200c41639e41a4a6a50ca981dcdde8', 'tenant_name': 'tempest-FloatingIPsAssociationNegativeTestJSON-156636722', 'user_domain_id': 'default', 'user_domain_name': 'Default', 'user_id': 'd0556490c8c94e609069de7085bb2466', 'system': None}, Network: {'id': 'eb1cd55e-f4a6-4164-bf71-03cb155c84ac', 'name': 'tempest-FloatingIPsAssociationNegativeTestJSON-1974168331-network', 'tenant_id': '66200c41639e41a4a6a50ca981dcdde8', 'admin_state_up': True, 'mtu': 8950, 'status': 'ACTIVE', 'subnets': [], 'shared': False, 'project_id': '66200c41639e41a4a6a50ca981dcdde8', 'port_security_enabled': True, 'router:external': False, 'provider:network_type': 'vlan', 'provider:physical_network': 'default', 'provider:segmentation_id': 100, 'availability_zone_hints': [], 'availability_zones': [], 'ipv4_address_scope': None, 'ipv6_address_scope': None, 'description': '', 'tags': [], 'created_at': '2024-12-30T09:32:27Z', 'updated_at': '2024-12-30T09:32:27Z', 'revision_number': 1}, Subnet: {'id': 'db2218e6-2c4e-45fa-9004-3786737eebfe', 'name': 'tempest-FloatingIPsAssociationNegativeTestJSON-1974168331-subnet', 'tenant_id': '66200c41639e41a4a6a50ca981dcdde8', 'network_id': 'eb1cd55e-f4a6-4164-bf71-03cb155c84ac', 'ip_version': 4, 'subnetpool_id': None, 'enable_dhcp': True, 'ipv6_ra_mode': None, 'ipv6_address_mode': None, 'gateway_ip': '192.168.128.1', 'cidr': '192.168.128.0/28', 'allocation_pools': [{'start': '192.168.128.2', 'end': '192.168.128.14'}], 'host_routes': [], 'dns_nameservers': [], 'description': '', 'router:external': False, 'service_types': [], 'tags': [], 'created_at': '2024-12-30T09:32:28Z', 'updated_at': '2024-12-30T09:32:28Z', 'revision_number': 0, 'project_id': '66200c41639e41a4a6a50ca981dcdde8'}, Router: {'id': '5e5bee67-e050-4db6-9554-84fbd0a4b1c7', 'name': 'tempest-FloatingIPsAssociationNegativeTestJSON-1974168331-router', 'tenant_id': '66200c41639e41a4a6a50ca981dcdde8', 'admin_state_up': True, 'status': 'ACTIVE', 'external_gateway_info': {'network_id': '1fc886c7-6153-48fa-a540-9e4b2bbf8238', 'external_fixed_ips': [{'subnet_id': 'a74aaac6-0a13-4a04-83b5-65b13da0f8cf', 'ip_address': '10.180.180.140'}], 'enable_snat': True}, 'description': '', 'availability_zones': [], 'distributed': False, 'ha': False, 'availability_zone_hints': [], 'routes': [], 'flavor_id': None, 'tags': [], 'created_at': '2024-12-30T09:32:28Z', 'updated_at': '2024-12-30T09:32:29Z', 'revision_number': 2, 'project_id': '66200c41639e41a4a6a50ca981dcdde8'}
2024-12-30 09:32:34.670 67117 INFO tempest.lib.common.rest_client [req-534cca34-8635-4912-8133-83cd0bc825a1 req-534cca34-8635-4912-8133-83cd0bc825a1 ] Request (AggregatesAdminNegativeTestJSON:test_aggregate_create_with_existent_aggregate_name): 409 POST http://10.180.1.21/compute/v2.1/os-aggregates 2.721s
2024-12-30 09:32:34.775 67135 INFO tempest.lib.common.rest_client [req-512d5d37-d911-4968-9af5-4cc75384a508 req-512d5d37-d911-4968-9af5-4cc75384a508 ] Request (FloatingIPsTestJSON:setUpClass): 201 POST http://10.180.1.21/identity/v3/projects 0.209s
2024-12-30 09:32:34.799 67103 INFO tempest.lib.common.rest_client [req-e89291a7-1ba1-42ac-a681-3425f8b3bf33 req-e89291a7-1ba1-42ac-a681-3425f8b3bf33 ] Request (QuotasAdminTestV236:test_get_updated_quotas): 200 GET http://10.180.1.21/identity/v3/domains?name=Default 0.258s
2024-12-30 09:32:34.811 67153 INFO tempest.lib.common.rest_client [req-0cc8dfd8-9c0d-4038-99d6-10d76ea9d96f req-0cc8dfd8-9c0d-4038-99d6-10d76ea9d96f ] Request (ServersTestManualDisk:setUpClass): 200 GET http://10.180.1.21/compute/v2.1/servers/89054463-b87a-4d12-abdb-285ba68b1a1f 2.569s
2024-12-30 09:32:34.821 67127 INFO tempest.lib.common.rest_client [req-a2f1427e-f369-4220-925c-835a2c4037a3 req-a2f1427e-f369-4220-925c-835a2c4037a3 ] Request (ImagesMetadataTestJSON:test_delete_image_metadata_item): 204 DELETE http://10.180.1.21/compute/v2.1/images/7fec18e8-5b07-4f89-89d9-054ee39a4b8b/metadata/os_version 2.913s
2024-12-30 09:32:34.830 67097 INFO tempest.lib.common.rest_client [req-00a0d719-5e4b-4005-8e0d-ac5f92d5bb86 req-00a0d719-5e4b-4005-8e0d-ac5f92d5bb86 ] Request (MigrationsAdminTest:setUpClass): 204 PUT http://10.180.1.21/identity/v3/projects/9fd3e963aa654e7cb1eeb75f083b85fe/users/387368fc8d7f486baa878d540a7bb1c3/roles/3de55ec87a8948be99501a855b8ccc55 0.223s
2024-12-30 09:32:34.830 67097 INFO tempest.lib.common.dynamic_creds [-] Dynamic test user 387368fc8d7f486baa878d540a7bb1c3 is created with scope project and roles: ['admin']
2024-12-30 09:32:34.830 67097 INFO tempest.lib.common.dynamic_creds [-] Acquired dynamic creds: credentials: Credentials: {'domain_id': 'default', 'domain_name': 'Default', 'username': 'tempest-MigrationsAdminTest-1048507507-project-admin', 'project_domain_id': 'default', 'project_domain_name': 'Default', 'project_id': '9fd3e963aa654e7cb1eeb75f083b85fe', 'project_name': 'tempest-MigrationsAdminTest-1048507507', 'tenant_id': '9fd3e963aa654e7cb1eeb75f083b85fe', 'tenant_name': 'tempest-MigrationsAdminTest-1048507507', 'user_domain_id': 'default', 'user_domain_name': 'Default', 'user_id': '387368fc8d7f486baa878d540a7bb1c3', 'system': None}, Network: None, Subnet: None, Router: None
2024-12-30 09:32:34.831 67097 INFO tempest.lib.common.dynamic_creds [-] Created isolated network resources for: credentials: Credentials: {'domain_id': 'default', 'domain_name': 'Default', 'username': 'tempest-MigrationsAdminTest-1048507507-project-admin', 'project_domain_id': 'default', 'project_domain_name': 'Default', 'project_id': '9fd3e963aa654e7cb1eeb75f083b85fe', 'project_name': 'tempest-MigrationsAdminTest-1048507507', 'tenant_id': '9fd3e963aa654e7cb1eeb75f083b85fe', 'tenant_name': 'tempest-MigrationsAdminTest-1048507507', 'user_domain_id': 'default', 'user_domain_name': 'Default', 'user_id': '387368fc8d7f486baa878d540a7bb1c3', 'system': None}, Network: None, Subnet: None, Router: None
2024-12-30 09:32:34.835 67121 INFO tempest.lib.common.rest_client [req-4cb78f97-661a-4d84-b041-f27f008a7946 req-4cb78f97-661a-4d84-b041-f27f008a7946 ] Request (FlavorsAccessNegativeTestJSON:_run_cleanups): 202 DELETE http://10.180.1.21/compute/v2.1/flavors/1973531183 2.592s
2024-12-30 09:32:34.841 67093 INFO tempest.lib.common.rest_client [req-aba2912f-5dc7-43c6-a574-06f7d9c5af59 req-aba2912f-5dc7-43c6-a574-06f7d9c5af59 ] Request (HostsAdminNegativeTestJSON:test_update_host_with_non_admin_user): 403 PUT http://10.180.1.21/compute/v2.1/os-hosts/devstack 2.469s
2024-12-30 09:32:34.858 67101 INFO tempest.lib.common.rest_client [req-3ba1362f-a13f-4e7b-8020-0bb6cd739934 req-3ba1362f-a13f-4e7b-8020-0bb6cd739934 ] Request (KeyPairsV22TestJSON:_run_cleanups): 204 DELETE http://10.180.1.21/compute/v2.1/os-keypairs/tempest-KeyPairsV22TestJSON-keypair-831167546 2.462s
2024-12-30 09:32:34.882 67099 INFO tempest.lib.common.rest_client [req-9d677b32-bcff-44c3-97c7-84247ba4fe5e req-9d677b32-bcff-44c3-97c7-84247ba4fe5e ] Request (InstanceUsageAuditLogTestJSON:setUpClass): 201 POST http://10.180.1.21/identity/v3/auth/tokens 0.243s
2024-12-30 09:32:34.925 67113 INFO tempest.lib.common.rest_client [req-3108ef12-874b-4b57-86c7-33b7edc02820 req-3108ef12-874b-4b57-86c7-33b7edc02820 ] Request (FloatingIPsAssociationNegativeTestJSON:setUpClass): 201 POST http://10.180.1.21/identity/v3/auth/tokens 0.272s
2024-12-30 09:32:34.935 67135 INFO tempest.lib.common.rest_client [req-77d33f15-45b5-45c9-bb68-c9eb30dc52d5 req-77d33f15-45b5-45c9-bb68-c9eb30dc52d5 ] Request (FloatingIPsTestJSON:setUpClass): 201 POST http://10.180.1.21/identity/v3/users 0.159s
2024-12-30 09:32:35.007 67097 INFO tempest.lib.common.rest_client [req-09e2bfc7-0ec5-46a4-8685-2686ee9061e1 req-09e2bfc7-0ec5-46a4-8685-2686ee9061e1 ] Request (MigrationsAdminTest:setUpClass): 201 POST http://10.180.1.21/identity/v3/auth/tokens 0.171s
2024-12-30 09:32:35.040 67135 INFO tempest.lib.common.rest_client [req-d606702f-1d02-488c-b291-9b576c7b0368 req-d606702f-1d02-488c-b291-9b576c7b0368 ] Request (FloatingIPsTestJSON:setUpClass): 200 GET http://10.180.1.21/identity/v3/roles 0.104s
2024-12-30 09:32:35.054 67113 INFO tempest.lib.common.rest_client [req-3166ea14-475d-4836-b00d-1453c0b88b21 req-3166ea14-475d-4836-b00d-1453c0b88b21 ] Request (FloatingIPsAssociationNegativeTestJSON:setUpClass): 201 POST http://10.180.1.21/identity/v3/auth/tokens 0.125s
2024-12-30 09:32:35.055 67113 INFO tempest.lib.common.fixed_network [-] (FloatingIPsAssociationNegativeTestJSON:setUpClass) Found network {'id': 'eb1cd55e-f4a6-4164-bf71-03cb155c84ac', 'name': 'tempest-FloatingIPsAssociationNegativeTestJSON-1974168331-network', 'tenant_id': '66200c41639e41a4a6a50ca981dcdde8', 'admin_state_up': True, 'mtu': 8950, 'status': 'ACTIVE', 'subnets': [], 'shared': False, 'project_id': '66200c41639e41a4a6a50ca981dcdde8', 'port_security_enabled': True, 'router:external': False, 'provider:network_type': 'vlan', 'provider:physical_network': 'default', 'provider:segmentation_id': 100, 'availability_zone_hints': [], 'availability_zones': [], 'ipv4_address_scope': None, 'ipv6_address_scope': None, 'description': '', 'tags': [], 'created_at': '2024-12-30T09:32:27Z', 'updated_at': '2024-12-30T09:32:27Z', 'revision_number': 1} available for tenant
2024-12-30 09:32:35.070 67131 INFO tempest.lib.common.rest_client [req-fd119255-09d3-48d5-ada0-cce6ab460863 req-fd119255-09d3-48d5-ada0-cce6ab460863 ] Request (KeyPairsV2TestJSON:test_get_keypair_detail): 200 POST http://10.180.1.21/compute/v2.1/os-keypairs 1.635s
2024-12-30 09:32:35.083 67135 INFO tempest.lib.common.rest_client [req-8516d0f7-3953-4f1e-a03f-0933f468f50c req-8516d0f7-3953-4f1e-a03f-0933f468f50c ] Request (FloatingIPsTestJSON:setUpClass): 204 PUT http://10.180.1.21/identity/v3/projects/f8c846c06075479c85825087e2d595d3/users/b2b28cb7ded047febf311c542588cf7c/roles/dc91b1af96f44092aad00da57fe51d0a 0.043s
2024-12-30 09:32:35.084 67135 INFO tempest.lib.common.dynamic_creds [-] Dynamic test user b2b28cb7ded047febf311c542588cf7c is created with scope project and roles: ['member']
2024-12-30 09:32:35.084 67135 INFO tempest.lib.common.dynamic_creds [-] Acquired dynamic creds: credentials: Credentials: {'domain_id': 'default', 'domain_name': 'Default', 'username': 'tempest-FloatingIPsTestJSON-2072555265-project-member', 'project_domain_id': 'default', 'project_domain_name': 'Default', 'project_id': 'f8c846c06075479c85825087e2d595d3', 'project_name': 'tempest-FloatingIPsTestJSON-2072555265', 'tenant_id': 'f8c846c06075479c85825087e2d595d3', 'tenant_name': 'tempest-FloatingIPsTestJSON-2072555265', 'user_domain_id': 'default', 'user_domain_name': 'Default', 'user_id': 'b2b28cb7ded047febf311c542588cf7c', 'system': None}, Network: None, Subnet: None, Router: None
2024-12-30 09:32:35.156 67135 INFO tempest.lib.common.rest_client [req-50f86a21-3d34-45e9-aeaf-da592800de31 req-50f86a21-3d34-45e9-aeaf-da592800de31 ] Request (FloatingIPsTestJSON:setUpClass): 201 POST http://10.180.1.21/identity/v3/auth/tokens 0.071s
2024-12-30 09:32:35.245 67149 INFO tempest.lib.common.rest_client [req-9f77e06c-4774-4750-9284-3af2554ce323 req-9f77e06c-4774-4750-9284-3af2554ce323 ] Request (ImagesNegativeTestJSON:test_create_image_from_deleted_server): 200 GET http://10.180.1.21/compute/v2.1/servers/3934d14c-3eb6-41f9-a590-5b5d155604e3 2.887s
2024-12-30 09:32:35.250 67123 INFO tempest.lib.common.rest_client [req-00bf1677-8ac0-452b-8a47-cbeb4e83e97d req-00bf1677-8ac0-452b-8a47-cbeb4e83e97d ] Request (QuotasAdminNegativeTest:_run_cleanups): 200 PUT http://10.180.1.21/compute/v2.1/os-quota-sets/e165d196104a426db5180f7b35714b7b 1.660s
2024-12-30 09:32:35.262 67149 INFO tempest.common.waiters [-] State transition "BUILD/networking" ==> "BUILD/spawning" after 13 second wait
2024-12-30 09:32:35.287 67151 INFO tempest.lib.common.rest_client [req-8d6c8728-8d9d-463d-828d-5a09d2f54623 req-8d6c8728-8d9d-463d-828d-5a09d2f54623 ] Request (HypervisorAdminV253TestBase:test_list_show_detail_hypervisors): 200 GET http://10.180.1.21/compute/v2.1/os-hypervisors?with_servers=True 1.308s
2024-12-30 09:32:35.496 67095 INFO tempest.lib.common.rest_client [req-e310ecbb-695c-4f2a-a7f4-e7a342573c96 req-e310ecbb-695c-4f2a-a7f4-e7a342573c96 ] Request (DeleteServersAdminTestJSON:test_admin_delete_servers_of_others): 200 GET http://10.180.1.21/compute/v2.1/servers/63a3f6d1-15d0-430c-b6c9-a738aedcac9d 1.523s
2024-12-30 09:32:35.518 67139 INFO tempest.lib.common.rest_client [req-c2d148ba-f378-4cef-98f5-41fba0214b5a req-c2d148ba-f378-4cef-98f5-41fba0214b5a ] Request (ServerDiagnosticsTest:test_get_server_diagnostics): 200 GET http://10.180.1.21/compute/v2.1/servers/3cc67c78-e9e8-47ea-aa63-42b053f46cd4 1.362s
2024-12-30 09:32:35.530 67109 INFO tempest.lib.common.rest_client [req-f6bf5596-66e9-47ad-9483-8f44e32f1484 req-f6bf5596-66e9-47ad-9483-8f44e32f1484 ] Request (ImagesMetadataNegativeTestJSON:test_set_nonexistent_image_metadata): 404 PUT http://10.180.1.21/compute/v2.1/images/b7549d25-0578-4484-868c-23f9c7b069c9/metadata 1.202s
2024-12-30 09:32:35.603 67119 INFO tempest.lib.common.rest_client [req-361af3a7-0bd0-4c7d-9b33-245268cedae8 req-361af3a7-0bd0-4c7d-9b33-245268cedae8 ] Request (VolumesAdminNegativeTest:test_update_attached_volume_with_nonexistent_volume_in_body): 200 GET http://10.180.1.21/compute/v2.1/servers/4496e588-3745-4220-9679-b27a657fd09f 1.109s
2024-12-30 09:32:35.620 67155 INFO tempest.lib.common.rest_client [req-bba45ffa-be49-4b43-b22b-da94391868ae req-bba45ffa-be49-4b43-b22b-da94391868ae ] Request (FlavorsExtraSpecsTestJSON:tearDownClass): 200 GET http://10.180.1.21/compute/v2.1/flavors/detail 1.106s
2024-12-30 09:32:35.644 67145 INFO tempest.lib.common.rest_client [req-228e4de2-9cdd-493b-8cb9-9125affd5337 req-228e4de2-9cdd-493b-8cb9-9125affd5337 ] Request (ImagesDeleteNegativeTestJSON:test_delete_image_with_invalid_image_id): 404 DELETE http://10.180.1.21/compute/v2.1/images/tempest-invalid-466367895 1.115s
2024-12-30 09:32:35.754 67155 INFO tempest.lib.common.rest_client [req-7d69e7e1-ccb7-4ddd-b38e-b5964c519967 req-7d69e7e1-ccb7-4ddd-b38e-b5964c519967 ] Request (FlavorsExtraSpecsTestJSON:tearDownClass): 204 DELETE http://10.180.1.21/identity/v3/users/77d3d05fc0fe4981b09eb253a3246ed5 0.128s
2024-12-30 09:32:35.946 67155 INFO tempest.lib.common.rest_client [req-bb428298-625f-4aa0-8e3e-0d35a9477428 req-bb428298-625f-4aa0-8e3e-0d35a9477428 ] Request (FlavorsExtraSpecsTestJSON:tearDownClass): 204 DELETE http://10.180.1.21/identity/v3/users/bb1b5760f6a6467580d24a9653aecc21 0.192s
2024-12-30 09:32:35.946 67155 INFO tempest.lib.common.dynamic_creds [-] Deleting project and security group for project: d8f44c545a2540a285bac0a7c78f2eb4
2024-12-30 09:32:35.961 67133 INFO tempest.lib.common.rest_client [req-16204f5b-5636-4c9a-9775-9467e3023739 req-16204f5b-5636-4c9a-9775-9467e3023739 ] Request (ServersAdminNegativeTestJSON:setUpClass): 200 GET http://10.180.1.21/compute/v2.1/servers/85b88f2d-a6fc-4073-8988-27190e4ee0b1 1.426s
2024-12-30 09:32:36.012 67135 INFO tempest.lib.common.rest_client [req-042cc4b6-87c5-4813-b4fe-311cb17d3e26 req-042cc4b6-87c5-4813-b4fe-311cb17d3e26 ] Request (FloatingIPsTestJSON:setUpClass): 201 POST http://10.180.1.21:9696/networking/v2.0/networks 0.855s
2024-12-30 09:32:36.026 67115 INFO tempest.lib.common.rest_client [req-99ee7f30-2a7e-4d74-8a4e-541bd53a42b3 req-99ee7f30-2a7e-4d74-8a4e-541bd53a42b3 ] Request (ValidationResourcesFixture:setUp): 200 POST http://10.180.1.21/compute/v2.1/os-keypairs 1.381s
2024-12-30 09:32:36.028 67155 INFO tempest.lib.common.rest_client [req-d1d2ec0e-102c-4220-9735-c13253d4cc07 req-d1d2ec0e-102c-4220-9735-c13253d4cc07 ] Request (FlavorsExtraSpecsTestJSON:tearDownClass): 201 POST http://10.180.1.21/identity/v3/auth/tokens 0.081s
2024-12-30 09:32:36.049 67117 INFO tempest.lib.common.rest_client [req-16b675cd-c29e-44c4-b5db-431662681ca2 req-16b675cd-c29e-44c4-b5db-431662681ca2 ] Request (AggregatesAdminNegativeTestJSON:_run_cleanups): 200 DELETE http://10.180.1.21/compute/v2.1/os-aggregates/4 1.379s
2024-12-30 09:32:36.438 67141 INFO tempest.lib.common.rest_client [req-d8573ef2-0c6a-4525-8cd7-d77c4bcb256f req-d8573ef2-0c6a-4525-8cd7-d77c4bcb256f ] Request (VolumesAssistedSnapshotsTest:setUpClass): 200 PUT http://10.180.1.21:9696/networking/v2.0/routers/6f551933-c3f8-44d1-9d60-678d43f02cd8/add_router_interface 4.980s
2024-12-30 09:32:36.438 67141 INFO tempest.lib.common.dynamic_creds [-] Created isolated network resources for: credentials: Credentials: {'domain_id': 'default', 'domain_name': 'Default', 'username': 'tempest-VolumesAssistedSnapshotsTest-1092791193-project', 'project_domain_id': 'default', 'project_domain_name': 'Default', 'project_id': '99a45713a09e4fccbab170c8551ec129', 'project_name': 'tempest-VolumesAssistedSnapshotsTest-1092791193', 'tenant_id': '99a45713a09e4fccbab170c8551ec129', 'tenant_name': 'tempest-VolumesAssistedSnapshotsTest-1092791193', 'user_domain_id': 'default', 'user_domain_name': 'Default', 'user_id': '1911a70bf97647fcb57b06d0d7fc7ecb', 'system': None}, Network: {'id': 'ce18ba35-bb0f-459b-9b1d-fb305cb24df4', 'name': 'tempest-VolumesAssistedSnapshotsTest-1838966964-network', 'tenant_id': '99a45713a09e4fccbab170c8551ec129', 'admin_state_up': True, 'mtu': 8950, 'status': 'ACTIVE', 'subnets': [], 'shared': False, 'project_id': '99a45713a09e4fccbab170c8551ec129', 'port_security_enabled': True, 'router:external': False, 'provider:network_type': 'vlan', 'provider:physical_network': 'default', 'provider:segmentation_id': 281, 'availability_zone_hints': [], 'availability_zones': [], 'ipv4_address_scope': None, 'ipv6_address_scope': None, 'description': '', 'tags': [], 'created_at': '2024-12-30T09:32:26Z', 'updated_at': '2024-12-30T09:32:26Z', 'revision_number': 1}, Subnet: {'id': 'c7779c4a-3a07-4de6-9058-adeeee07eb87', 'name': 'tempest-VolumesAssistedSnapshotsTest-1838966964-subnet', 'tenant_id': '99a45713a09e4fccbab170c8551ec129', 'network_id': 'ce18ba35-bb0f-459b-9b1d-fb305cb24df4', 'ip_version': 4, 'subnetpool_id': None, 'enable_dhcp': True, 'ipv6_ra_mode': None, 'ipv6_address_mode': None, 'gateway_ip': '192.168.128.1', 'cidr': '192.168.128.0/28', 'allocation_pools': [{'start': '192.168.128.2', 'end': '192.168.128.14'}], 'host_routes': [], 'dns_nameservers': [], 'description': '', 'router:external': False, 'service_types': [], 'tags': [], 'created_at': '2024-12-30T09:32:27Z', 'updated_at': '2024-12-30T09:32:27Z', 'revision_number': 0, 'project_id': '99a45713a09e4fccbab170c8551ec129'}, Router: {'id': '6f551933-c3f8-44d1-9d60-678d43f02cd8', 'name': 'tempest-VolumesAssistedSnapshotsTest-1838966964-router', 'tenant_id': '99a45713a09e4fccbab170c8551ec129', 'admin_state_up': True, 'status': 'ACTIVE', 'external_gateway_info': {'network_id': '1fc886c7-6153-48fa-a540-9e4b2bbf8238', 'external_fixed_ips': [{'subnet_id': 'a74aaac6-0a13-4a04-83b5-65b13da0f8cf', 'ip_address': '10.180.180.148'}], 'enable_snat': True}, 'description': '', 'availability_zones': [], 'distributed': False, 'ha': False, 'availability_zone_hints': [], 'routes': [], 'flavor_id': None, 'tags': [], 'created_at': '2024-12-30T09:32:27Z', 'updated_at': '2024-12-30T09:32:29Z', 'revision_number': 2, 'project_id': '99a45713a09e4fccbab170c8551ec129'}
2024-12-30 09:32:36.486 67115 INFO tempest.lib.common.rest_client [req-bb9fae83-64b1-4410-86a9-a63374a6cd4a req-bb9fae83-64b1-4410-86a9-a63374a6cd4a ] Request (ValidationResourcesFixture:setUp): 201 POST http://10.180.1.21:9696/networking/v2.0/security-groups 0.458s
