2024-12-30 09:32:26.368 67145 INFO tempest.lib.common.rest_client [req-ab1795df-576f-4ea3-9109-e415a66c8c3d req-ab1795df-576f-4ea3-9109-e415a66c8c3d ] Request (ImagesDeleteNegativeTestJSON:setUpClass): 201 POST http://10.180.1.21/identity/v3/auth/tokens 0.179s
2024-12-30 09:32:26.387 67123 INFO tempest.lib.common.rest_client [req-383f73a7-5094-48b1-9a61-d802de4d4ba6 req-383f73a7-5094-48b1-9a61-d802de4d4ba6 ] Request (QuotasAdminNegativeTest:test_create_server_when_instances_quota_is_full): 200 PUT http://10.180.1.21/compute/v2.1/os-quota-sets/e165d196104a426db5180f7b35714b7b 2.134s
2024-12-30 09:32:26.394 67113 INFO tempest.lib.common.rest_client [req-fa66ccb3-e404-4f5e-9584-87041c84ba3c req-fa66ccb3-e404-4f5e-9584-87041c84ba3c ] Request (FloatingIPsAssociationNegativeTestJSON:setUpClass): 201 POST http://10.180.1.21/identity/v3/users 0.173s
2024-12-30 09:32:26.397 67143 INFO tempest.lib.common.rest_client [req-d2517df3-fedb-48ff-83f5-50e8dbd0a6d1 req-d2517df3-fedb-48ff-83f5-50e8dbd0a6d1 ] Request (AttachInterfacesTestJSON:test_create_list_show_delete_interfaces_by_fixed_ip): 200 GET http://10.180.1.21/compute/v2.1/servers/14d8f175-ca09-4fbc-a71c-8abdb5d43af1 1.323s
2024-12-30 09:32:26.411 67111 INFO tempest.lib.common.rest_client [req-3a992cf9-c4bd-412a-b17c-673d7932aee3 req-3a992cf9-c4bd-412a-b17c-673d7932aee3 ] Request (ServicesAdminNegativeV253TestJSON:test_get_service_by_invalid_service_and_valid_host): 200 GET http://10.180.1.21/compute/v2.1/os-services?host=devstack&binary=xxx 1.309s
2024-12-30 09:32:26.417 67121 INFO tempest.lib.common.rest_client [req-8627bd8a-1f95-46e9-a4b6-e5169ba83818 req-8627bd8a-1f95-46e9-a4b6-e5169ba83818 ] Request (FlavorsAccessNegativeTestJSON:_run_cleanups): 200 GET http://10.180.1.21/compute/v2.1/flavors/detail 1.302s
2024-12-30 09:32:26.426 67117 INFO tempest.lib.common.rest_client [req-c205a985-f8f3-432c-9a4a-4d1c9a194952 req-c205a985-f8f3-432c-9a4a-4d1c9a194952 ] Request (AggregatesAdminNegativeTestJSON:test_aggregate_add_non_exist_host): 200 POST http://10.180.1.21/compute/v2.1/os-aggregates 1.293s
2024-12-30 09:32:26.427 67129 INFO tempest.lib.common.rest_client [req-59fdc59d-8cdd-4d1d-8c26-463c93138c27 req-59fdc59d-8cdd-4d1d-8c26-463c93138c27 ] Request (FlavorsV261TestJSON:tearDownClass): 200 GET http://10.180.1.21:9696/networking/v2.0/security-groups?tenant_id=1b078b63e34a46c39152a28cb925393a&name=default 0.324s
2024-12-30 09:32:26.441 67151 INFO tempest.lib.common.rest_client [req-8450b1b8-2ec9-4ae1-906c-2bbab2f408d7 req-8450b1b8-2ec9-4ae1-906c-2bbab2f408d7 ] Request (FlavorsV255TestJSON:_run_cleanups): 200 GET http://10.180.1.21/compute/v2.1/flavors/detail 1.279s
2024-12-30 09:32:26.443 67137 INFO tempest.lib.common.rest_client [req-df74ce6a-ddf9-41a0-bd37-e189adab34a6 req-df74ce6a-ddf9-41a0-bd37-e189adab34a6 ] Request (KeyPairsV210TestJSON:_run_cleanups): 204 DELETE http://10.180.1.21/compute/v2.1/os-keypairs/tempest-keypair-78472367?user_id=f0de1e9b2b0d4f44b6b885d6c142cdd0 1.289s
2024-12-30 09:32:26.448 67099 INFO tempest.lib.common.rest_client [req-21f2337f-8660-431a-9311-176320fc4afb req-21f2337f-8660-431a-9311-176320fc4afb ] Request (FlavorsExtraSpecsNegativeTestJSON:test_flavor_non_admin_update_specific_key): 403 PUT http://10.180.1.21/compute/v2.1/flavors/1091263246/os-extra_specs/hw:numa_nodes 1.268s
2024-12-30 09:32:26.458 67093 INFO tempest.lib.common.rest_client [req-bda911a3-67fd-4779-9a14-c5689ae8f657 req-bda911a3-67fd-4779-9a14-c5689ae8f657 ] Request (HostsAdminNegativeTestJSON:test_show_host_detail_with_nonexistent_hostname): 404 GET http://10.180.1.21/compute/v2.1/os-hosts/nonexistent_hostname 1.168s
2024-12-30 09:32:26.472 67109 INFO tempest.lib.common.rest_client [req-4eb0ef90-12bf-4b33-81e6-b8835af51528 req-4eb0ef90-12bf-4b33-81e6-b8835af51528 ] Request (HypervisorAdminTestJSON:tearDownClass): 204 DELETE http://10.180.1.21/identity/v3/projects/4cb623444d57453ab7e72576ef04c2b5 0.190s
2024-12-30 09:32:26.487 67101 INFO tempest.lib.common.rest_client [req-abb45f0d-f210-4e15-9956-52cc54b496a5 req-abb45f0d-f210-4e15-9956-52cc54b496a5 ] Request (KeyPairsV22TestJSON:test_keypair_create_with_pub_key): 201 POST http://10.180.1.21/compute/v2.1/os-keypairs 1.168s
2024-12-30 09:32:26.500 67105 INFO tempest.lib.common.rest_client [req-52ed31d6-4788-4def-ba41-69584b7ac016 req-52ed31d6-4788-4def-ba41-69584b7ac016 ] Request (ValidationResourcesFixture:setUp): 201 POST http://10.180.1.21:9696/networking/v2.0/security-group-rules 0.243s
2024-12-30 09:32:26.507 67135 INFO tempest.lib.common.rest_client [req-4a290891-5f44-4b17-9816-c74fe6c40066 req-4a290891-5f44-4b17-9816-c74fe6c40066 ] Request (FlavorsV2NegativeTest:setUpClass): 204 PUT http://10.180.1.21/identity/v3/projects/2c039623669645b288ef2bf877c690ad/users/ef2ffd3a705642ca9083142510e45a94/roles/dc91b1af96f44092aad00da57fe51d0a 0.161s
2024-12-30 09:32:26.507 67135 INFO tempest.lib.common.dynamic_creds [-] Dynamic test user ef2ffd3a705642ca9083142510e45a94 is created with scope project and roles: ['member']
2024-12-30 09:32:26.507 67135 INFO tempest.lib.common.dynamic_creds [-] Acquired dynamic creds: credentials: Credentials: {'domain_id': 'default', 'domain_name': 'Default', 'username': 'tempest-FlavorsV2NegativeTest-200013425-project-member', 'project_domain_id': 'default', 'project_domain_name': 'Default', 'project_id': '2c039623669645b288ef2bf877c690ad', 'project_name': 'tempest-FlavorsV2NegativeTest-200013425', 'tenant_id': '2c039623669645b288ef2bf877c690ad', 'tenant_name': 'tempest-FlavorsV2NegativeTest-200013425', 'user_domain_id': 'default', 'user_domain_name': 'Default', 'user_id': 'ef2ffd3a705642ca9083142510e45a94', 'system': None}, Network: None, Subnet: None, Router: None
2024-12-30 09:32:26.508 67135 INFO tempest.lib.common.dynamic_creds [-] Created isolated network resources for: credentials: Credentials: {'domain_id': 'default', 'domain_name': 'Default', 'username': 'tempest-FlavorsV2NegativeTest-200013425-project-member', 'project_domain_id': 'default', 'project_domain_name': 'Default', 'project_id': '2c039623669645b288ef2bf877c690ad', 'project_name': 'tempest-FlavorsV2NegativeTest-200013425', 'tenant_id': '2c039623669645b288ef2bf877c690ad', 'tenant_name': 'tempest-FlavorsV2NegativeTest-200013425', 'user_domain_id': 'default', 'user_domain_name': 'Default', 'user_id': 'ef2ffd3a705642ca9083142510e45a94', 'system': None}, Network: None, Subnet: None, Router: None
2024-12-30 09:32:26.523 67107 INFO tempest.lib.common.rest_client [req-a8d558ac-5a13-4e08-a8d3-df270f31cde1 req-a8d558ac-5a13-4e08-a8d3-df270f31cde1 ] Request (ImagesOneServerTestJSON:setUpClass): 201 POST http://10.180.1.21:9696/networking/v2.0/routers 2.356s
2024-12-30 09:32:26.556 67145 INFO tempest.lib.common.rest_client [req-39b4a3e5-0968-487f-b4d6-a7115164c638 req-39b4a3e5-0968-487f-b4d6-a7115164c638 ] Request (ImagesDeleteNegativeTestJSON:setUpClass): 200 GET http://10.180.1.21/identity/v3/domains?name=Default 0.187s
2024-12-30 09:32:26.567 67103 INFO tempest.lib.common.rest_client [req-737335df-32a2-43f4-89b4-122556276ed0 req-737335df-32a2-43f4-89b4-122556276ed0 ] Request (QuotasAdminTestV236:setUpClass): 201 POST http://10.180.1.21/identity/v3/projects 0.199s
2024-12-30 09:32:26.577 67153 INFO tempest.lib.common.rest_client [req-682cafcf-8924-4784-ba16-1e34030bdf1c req-682cafcf-8924-4784-ba16-1e34030bdf1c ] Request (ServersTestManualDisk:setUpClass): 200 GET http://10.180.1.21/compute/v2.1/servers/89054463-b87a-4d12-abdb-285ba68b1a1f 1.069s
2024-12-30 09:32:26.581 67131 INFO tempest.lib.common.rest_client [req-8401fa75-9ca5-403b-be9e-5a74e5755a15 req-8401fa75-9ca5-403b-be9e-5a74e5755a15 ] Request (HypervisorAdminNegativeTestJSON:test_get_hypervisor_uptime_with_non_admin_user): 403 GET http://10.180.1.21/compute/v2.1/os-hypervisors/1/uptime 1.022s
2024-12-30 09:32:26.612 67123 INFO tempest.lib.common.rest_client [req-0d134e77-d05b-4351-becd-900cd038aed1 req-0d134e77-d05b-4351-becd-900cd038aed1 ] Request (QuotasAdminNegativeTest:test_create_server_when_instances_quota_is_full): 201 POST http://10.180.1.21/identity/v3/auth/tokens 0.219s
2024-12-30 09:32:26.613 67123 INFO tempest.lib.common.fixed_network [-] (QuotasAdminNegativeTest:test_create_server_when_instances_quota_is_full) Found network None available for tenant
2024-12-30 09:32:26.644 67113 INFO tempest.lib.common.rest_client [req-2e2ef7b0-952b-4a45-bd68-d98d3b7c628e req-2e2ef7b0-952b-4a45-bd68-d98d3b7c628e ] Request (FloatingIPsAssociationNegativeTestJSON:setUpClass): 200 GET http://10.180.1.21/identity/v3/roles 0.249s
2024-12-30 09:32:26.736 67115 INFO tempest.lib.common.rest_client [req-41991159-25b8-434d-91b3-00a33b37b8b0 req-41991159-25b8-434d-91b3-00a33b37b8b0 ] Request (ServersWithSpecificFlavorTestJSON:test_verify_created_server_ephemeral_disk): 200 GET http://10.180.1.21/compute/v2.1/flavors/42 1.449s
2024-12-30 09:32:26.747 67109 INFO tempest.lib.common.rest_client [req-39fd9669-18b6-43d3-a285-90ec95b64559 req-39fd9669-18b6-43d3-a285-90ec95b64559 ] Request (ImagesMetadataNegativeTestJSON:setUpClass): 201 POST http://10.180.1.21/identity/v3/auth/tokens 0.274s
2024-12-30 09:32:26.754 67097 INFO tempest.lib.common.rest_client [req-b0efeb8a-6896-4634-8af1-f33b2933cef7 req-b0efeb8a-6896-4634-8af1-f33b2933cef7 ] Request (FlavorsAccessTestJSON:_run_cleanups): 200 GET http://10.180.1.21/compute/v2.1/flavors/detail 0.707s
2024-12-30 09:32:26.762 67129 INFO tempest.lib.common.rest_client [req-91a8eb72-3c27-478c-8c9e-b5c363ab54af req-91a8eb72-3c27-478c-8c9e-b5c363ab54af ] Request (FlavorsV261TestJSON:tearDownClass): 204 DELETE http://10.180.1.21:9696/networking/v2.0/security-groups/bea7eddc-8a43-4f0e-ab8c-72e9c66943a5 0.333s
2024-12-30 09:32:26.764 67155 INFO tempest.lib.common.rest_client [req-556f42ad-3525-4d70-ba67-10cfcf9bfd75 req-556f42ad-3525-4d70-ba67-10cfcf9bfd75 ] Request (FlavorsExtraSpecsTestJSON:test_flavor_set_get_update_show_unset_keys): 200 GET http://10.180.1.21/compute/v2.1/flavors/1624436803/os-extra_specs 0.694s
2024-12-30 09:32:26.819 67105 INFO tempest.lib.common.rest_client [req-a7b6787f-4157-4eec-892a-7232dabdfee5 req-a7b6787f-4157-4eec-892a-7232dabdfee5 ] Request (ValidationResourcesFixture:setUp): 201 POST http://10.180.1.21:9696/networking/v2.0/security-group-rules 0.319s
2024-12-30 09:32:26.843 67149 INFO tempest.lib.common.rest_client [req-3a08d218-3c42-45d2-9268-9e20f000cb47 req-3a08d218-3c42-45d2-9268-9e20f000cb47 ] Request (ImagesNegativeTestJSON:test_create_image_from_deleted_server): 200 GET http://10.180.1.21/compute/v2.1/servers/3934d14c-3eb6-41f9-a590-5b5d155604e3 0.552s
2024-12-30 09:32:26.861 67141 INFO tempest.lib.common.rest_client [req-260211db-57ea-4ff0-bbe6-ae7280f39ed2 req-260211db-57ea-4ff0-bbe6-ae7280f39ed2 ] Request (VolumesAssistedSnapshotsTest:setUpClass): 201 POST http://10.180.1.21:9696/networking/v2.0/networks 0.576s
2024-12-30 09:32:26.870 67111 INFO tempest.lib.common.rest_client [req-0dcf7fb7-4fa6-484a-bf5c-0cee6dd868b1 req-0dcf7fb7-4fa6-484a-bf5c-0cee6dd868b1 ] Request (ServicesAdminNegativeV253TestJSON:test_get_service_with_valid_service_and_invalid_host): 200 GET http://10.180.1.21/compute/v2.1/os-services 0.456s
2024-12-30 09:32:26.871 67151 INFO tempest.lib.common.rest_client [req-1252c117-1cfd-4c78-9c1e-58f590532943 req-1252c117-1cfd-4c78-9c1e-58f590532943 ] Request (FlavorsV255TestJSON:tearDownClass): 204 DELETE http://10.180.1.21/identity/v3/users/72e5321cf0d4486ba2135fc30be24fb7 0.365s
2024-12-30 09:32:26.869 67135 INFO tempest.lib.common.rest_client [req-f3c7d712-2950-4b32-b21a-a02610dddb12 req-f3c7d712-2950-4b32-b21a-a02610dddb12 ] Request (FlavorsV2NegativeTest:setUpClass): 201 POST http://10.180.1.21/identity/v3/auth/tokens 0.357s
2024-12-30 09:32:26.903 67117 INFO tempest.lib.common.rest_client [req-a2219609-327a-462f-bd5a-44320f03cad2 req-a2219609-327a-462f-bd5a-44320f03cad2 ] Request (AggregatesAdminNegativeTestJSON:test_aggregate_add_non_exist_host): 404 POST http://10.180.1.21/compute/v2.1/os-aggregates/3/action 0.474s
2024-12-30 09:32:26.930 67121 INFO tempest.lib.common.rest_client [req-8f1560d3-fd84-4499-b342-648ab6f115ed req-8f1560d3-fd84-4499-b342-648ab6f115ed ] Request (FlavorsAccessNegativeTestJSON:test_flavor_access_list_with_public_flavor): 200 POST http://10.180.1.21/compute/v2.1/flavors 0.499s
2024-12-30 09:32:26.990 67137 INFO tempest.lib.common.rest_client [req-c977cd82-10a9-48c6-8aa6-efcb9a68e9d6 req-c977cd82-10a9-48c6-8aa6-efcb9a68e9d6 ] Request (KeyPairsV210TestJSON:_run_cleanups): 204 DELETE http://10.180.1.21/compute/v2.1/os-keypairs/tempest-keypair-2051654348?user_id=f0de1e9b2b0d4f44b6b885d6c142cdd0 0.547s
2024-12-30 09:32:27.001 67145 INFO tempest.lib.common.rest_client [req-3d937886-6406-4032-ba13-0813c969cea5 req-3d937886-6406-4032-ba13-0813c969cea5 ] Request (ImagesDeleteNegativeTestJSON:setUpClass): 201 POST http://10.180.1.21/identity/v3/projects 0.445s
2024-12-30 09:32:27.014 67099 INFO tempest.lib.common.rest_client [req-ac6c0b20-86c6-4f00-813c-f2b033ce4a1d req-ac6c0b20-86c6-4f00-813c-f2b033ce4a1d ] Request (FlavorsExtraSpecsNegativeTestJSON:test_flavor_unset_nonexistent_key): 404 DELETE http://10.180.1.21/compute/v2.1/flavors/1091263246/os-extra_specs/hw:cpu_thread_policy 0.562s
2024-12-30 09:32:27.022 67093 INFO tempest.lib.common.rest_client [req-d2962e1b-2c35-4a3b-8f26-2f87f91ff7cf req-d2962e1b-2c35-4a3b-8f26-2f87f91ff7cf ] Request (HostsAdminNegativeTestJSON:test_shutdown_host_with_non_admin_user): 403 GET http://10.180.1.21/compute/v2.1/os-hosts/devstack/shutdown 0.563s
2024-12-30 09:32:27.036 67103 INFO tempest.lib.common.rest_client [req-a248def8-7ddd-4ebe-b497-4d9af7ce3c11 req-a248def8-7ddd-4ebe-b497-4d9af7ce3c11 ] Request (QuotasAdminTestV236:setUpClass): 201 POST http://10.180.1.21/identity/v3/users 0.468s
2024-12-30 09:32:27.038 67101 INFO tempest.lib.common.rest_client [req-9e0ccf45-0cb8-427c-b38c-c01e3f19e79b req-9e0ccf45-0cb8-427c-b38c-c01e3f19e79b ] Request (KeyPairsV22TestJSON:_run_cleanups): 204 DELETE http://10.180.1.21/compute/v2.1/os-keypairs/tempest-keypair-839698611 0.550s
2024-12-30 09:32:27.045 67131 INFO tempest.lib.common.rest_client [req-0a7ed415-2897-4379-8fab-16fa7522f5e4 req-0a7ed415-2897-4379-8fab-16fa7522f5e4 ] Request (HypervisorAdminNegativeTestJSON:test_get_nonexistent_hypervisor_uptime): 404 GET http://10.180.1.21/compute/v2.1/os-hypervisors/d686684b-c0d4-47cb-960b-993b19d473b0/uptime 0.463s
2024-12-30 09:32:27.122 67113 INFO tempest.lib.common.rest_client [req-aff7c8d3-480c-4e80-8e2c-1a5d7e201f1a req-aff7c8d3-480c-4e80-8e2c-1a5d7e201f1a ] Request (FloatingIPsAssociationNegativeTestJSON:setUpClass): 204 PUT http://10.180.1.21/identity/v3/projects/66200c41639e41a4a6a50ca981dcdde8/users/d0556490c8c94e609069de7085bb2466/roles/dc91b1af96f44092aad00da57fe51d0a 0.477s
2024-12-30 09:32:27.123 67113 INFO tempest.lib.common.dynamic_creds [-] Dynamic test user d0556490c8c94e609069de7085bb2466 is created with scope project and roles: ['member']
2024-12-30 09:32:27.123 67113 INFO tempest.lib.common.dynamic_creds [-] Acquired dynamic creds: credentials: Credentials: {'domain_id': 'default', 'domain_name': 'Default', 'username': 'tempest-FloatingIPsAssociationNegativeTestJSON-156636722-project-member', 'project_domain_id': 'default', 'project_domain_name': 'Default', 'project_id': '66200c41639e41a4a6a50ca981dcdde8', 'project_name': 'tempest-FloatingIPsAssociationNegativeTestJSON-156636722', 'tenant_id': '66200c41639e41a4a6a50ca981dcdde8', 'tenant_name': 'tempest-FloatingIPsAssociationNegativeTestJSON-156636722', 'user_domain_id': 'default', 'user_domain_name': 'Default', 'user_id': 'd0556490c8c94e609069de7085bb2466', 'system': None}, Network: None, Subnet: None, Router: None
2024-12-30 09:32:27.162 67119 INFO tempest.lib.common.rest_client [req-4d2d4cb0-8b98-4252-9d2b-05f30e84ceb1 req-4d2d4cb0-8b98-4252-9d2b-05f30e84ceb1 ] Request (VolumesAdminNegativeTest:test_update_attached_volume_with_nonexistent_volume_in_body): 200 POST http://10.180.1.21/compute/v2.1/os-keypairs 1.244s
2024-12-30 09:32:27.179 67109 INFO tempest.lib.common.rest_client [req-2d4df12f-4bcd-479f-8d6e-8e33c35f0d42 req-2d4df12f-4bcd-479f-8d6e-8e33c35f0d42 ] Request (ImagesMetadataNegativeTestJSON:setUpClass): 201 POST http://10.180.1.21/identity/v3/auth/tokens 0.428s
2024-12-30 09:32:27.187 67155 INFO tempest.lib.common.rest_client [req-6c3f2401-797c-4df8-bee0-c8170c1f9332 req-6c3f2401-797c-4df8-bee0-c8170c1f9332 ] Request (FlavorsExtraSpecsTestJSON:test_flavor_set_get_update_show_unset_keys): 200 PUT http://10.180.1.21/compute/v2.1/flavors/1624436803/os-extra_specs/hw:numa_nodes 0.422s
2024-12-30 09:32:27.253 67129 INFO tempest.lib.common.rest_client [req-7671cf8d-6edf-4624-b3fe-b002f45cd0a4 req-7671cf8d-6edf-4624-b3fe-b002f45cd0a4 ] Request (FlavorsV261TestJSON:tearDownClass): 204 DELETE http://10.180.1.21/identity/v3/projects/1b078b63e34a46c39152a28cb925393a 0.490s
2024-12-30 09:32:27.253 67151 INFO tempest.lib.common.rest_client [req-1da91808-010b-457d-aa7d-fbb98e95ad35 req-1da91808-010b-457d-aa7d-fbb98e95ad35 ] Request (FlavorsV255TestJSON:tearDownClass): 204 DELETE http://10.180.1.21/identity/v3/users/e363e76aa45547069bafc334d8f9a6ef 0.382s
2024-12-30 09:32:27.253 67151 INFO tempest.lib.common.dynamic_creds [-] Deleting project and security group for project: 8ba123fd569f40fcb0870bb50b168c0e
2024-12-30 09:32:27.309 67145 INFO tempest.lib.common.rest_client [req-feadc852-924f-4c45-82bd-c1598db12035 req-feadc852-924f-4c45-82bd-c1598db12035 ] Request (ImagesDeleteNegativeTestJSON:setUpClass): 201 POST http://10.180.1.21/identity/v3/users 0.308s
2024-12-30 09:32:27.309 67103 INFO tempest.lib.common.rest_client [req-975f4c4b-a645-42b2-a354-e2e1fbecf092 req-975f4c4b-a645-42b2-a354-e2e1fbecf092 ] Request (QuotasAdminTestV236:setUpClass): 200 GET http://10.180.1.21/identity/v3/roles 0.272s
2024-12-30 09:32:27.337 67113 INFO tempest.lib.common.rest_client [req-faa6deca-dc6d-4ad0-bbeb-1cdf26936c31 req-faa6deca-dc6d-4ad0-bbeb-1cdf26936c31 ] Request (FloatingIPsAssociationNegativeTestJSON:setUpClass): 201 POST http://10.180.1.21/identity/v3/auth/tokens 0.214s
2024-12-30 09:32:27.348 67123 INFO tempest.lib.common.rest_client [req-7c666b5d-6eff-4814-bd3b-7814f36a2ca9 req-7c666b5d-6eff-4814-bd3b-7814f36a2ca9 ] Request (QuotasAdminNegativeTest:test_create_server_when_instances_quota_is_full): 403 POST http://10.180.1.21/compute/v2.1/servers 0.734s
2024-12-30 09:32:27.360 67109 INFO tempest.lib.common.rest_client [req-29e53332-f9f8-4968-a865-1a1a26eab2e6 req-29e53332-f9f8-4968-a865-1a1a26eab2e6 ] Request (ImagesMetadataNegativeTestJSON:setUpClass): 200 GET http://10.180.1.21/identity/v3/domains?name=Default 0.180s
2024-12-30 09:32:27.367 67097 INFO tempest.lib.common.rest_client [req-463c8365-8f5c-442b-8b04-83ebb3e51c8e req-463c8365-8f5c-442b-8b04-83ebb3e51c8e ] Request (FlavorsAccessTestJSON:test_flavor_access_list_with_private_flavor): 200 POST http://10.180.1.21/compute/v2.1/flavors 0.556s
2024-12-30 09:32:27.371 67137 INFO tempest.lib.common.rest_client [req-22719622-4da4-441f-ac76-9a910f8de2be req-22719622-4da4-441f-ac76-9a910f8de2be ] Request (KeyPairsV210TestJSON:tearDownClass): 204 DELETE http://10.180.1.21/identity/v3/users/f0de1e9b2b0d4f44b6b885d6c142cdd0 0.320s
2024-12-30 09:32:27.465 67119 INFO tempest.lib.common.rest_client [req-9bcd5b0c-f571-45f7-81b5-03aa6fbabaff req-9bcd5b0c-f571-45f7-81b5-03aa6fbabaff ] Request (VolumesAdminNegativeTest:test_update_attached_volume_with_nonexistent_volume_in_body): 201 POST http://10.180.1.21:9696/networking/v2.0/security-groups 0.301s
2024-12-30 09:32:27.477 67141 INFO tempest.lib.common.rest_client [req-2c0a7412-c59b-463c-aec6-a96b528ea3ce req-2c0a7412-c59b-463c-aec6-a96b528ea3ce ] Request (VolumesAssistedSnapshotsTest:setUpClass): 201 POST http://10.180.1.21:9696/networking/v2.0/subnets 0.616s
2024-12-30 09:32:27.498 67151 INFO tempest.lib.common.rest_client [req-fd3f0e94-ae5e-4b25-96f7-c948ceca5fb7 req-fd3f0e94-ae5e-4b25-96f7-c948ceca5fb7 ] Request (FlavorsV255TestJSON:tearDownClass): 201 POST http://10.180.1.21/identity/v3/auth/tokens 0.244s
2024-12-30 09:32:27.520 67115 INFO tempest.lib.common.rest_client [req-63640176-9c58-4f24-9c73-766a4bea5aef req-63640176-9c58-4f24-9c73-766a4bea5aef ] Request (ServersWithSpecificFlavorTestJSON:test_verify_created_server_ephemeral_disk): 200 POST http://10.180.1.21/compute/v2.1/flavors 0.726s
2024-12-30 09:32:27.525 67129 INFO tempest.lib.common.rest_client [req-2391401e-7577-4b66-b09f-e766af9af694 req-2391401e-7577-4b66-b09f-e766af9af694 ] Request (SecurityGroupsTestJSON:setUpClass): 201 POST http://10.180.1.21/identity/v3/auth/tokens 0.270s
2024-12-30 09:32:27.530 67145 INFO tempest.lib.common.rest_client [req-7980eb8d-cc33-45ac-a785-d8575accaf45 req-7980eb8d-cc33-45ac-a785-d8575accaf45 ] Request (ImagesDeleteNegativeTestJSON:setUpClass): 200 GET http://10.180.1.21/identity/v3/roles 0.220s
2024-12-30 09:32:27.541 67111 INFO tempest.lib.common.rest_client [req-b6025bed-216b-4520-8a5a-579ad08c01a7 req-b6025bed-216b-4520-8a5a-579ad08c01a7 ] Request (ServicesAdminNegativeV253TestJSON:test_get_service_with_valid_service_and_invalid_host): 200 GET http://10.180.1.21/compute/v2.1/os-services?host=xxx&binary=nova-scheduler 0.669s
2024-12-30 09:32:27.550 67095 INFO tempest.lib.common.rest_client [req-7684e036-fb66-468d-a925-2255a05d706d req-7684e036-fb66-468d-a925-2255a05d706d ] Request (DeleteServersAdminTestJSON:test_admin_delete_servers_of_others): 200 GET http://10.180.1.21/compute/v2.1/servers/63a3f6d1-15d0-430c-b6c9-a738aedcac9d 0.701s
2024-12-30 09:32:27.552 67103 INFO tempest.lib.common.rest_client [req-e9dbc830-2c85-4728-90aa-c4831a548c49 req-e9dbc830-2c85-4728-90aa-c4831a548c49 ] Request (QuotasAdminTestV236:setUpClass): 204 PUT http://10.180.1.21/identity/v3/projects/ecbf76ecc4fe409e92793ae1f58f19b5/users/e8a63b8e1d2943a3826c20caa4ffac58/roles/dc91b1af96f44092aad00da57fe51d0a 0.242s
2024-12-30 09:32:27.552 67103 INFO tempest.lib.common.dynamic_creds [-] Dynamic test user e8a63b8e1d2943a3826c20caa4ffac58 is created with scope project and roles: ['member']
2024-12-30 09:32:27.552 67103 INFO tempest.lib.common.dynamic_creds [-] Acquired dynamic creds: credentials: Credentials: {'domain_id': 'default', 'domain_name': 'Default', 'username': 'tempest-QuotasAdminTestV236-118683053-project-member', 'project_domain_id': 'default', 'project_domain_name': 'Default', 'project_id': 'ecbf76ecc4fe409e92793ae1f58f19b5', 'project_name': 'tempest-QuotasAdminTestV236-118683053', 'tenant_id': 'ecbf76ecc4fe409e92793ae1f58f19b5', 'tenant_name': 'tempest-QuotasAdminTestV236-118683053', 'user_domain_id': 'default', 'user_domain_name': 'Default', 'user_id': 'e8a63b8e1d2943a3826c20caa4ffac58', 'system': None}, Network: None, Subnet: None, Router: None
2024-12-30 09:32:27.552 67103 INFO tempest.lib.common.dynamic_creds [-] Created isolated network resources for: credentials: Credentials: {'domain_id': 'default', 'domain_name': 'Default', 'username': 'tempest-QuotasAdminTestV236-118683053-project-member', 'project_domain_id': 'default', 'project_domain_name': 'Default', 'project_id': 'ecbf76ecc4fe409e92793ae1f58f19b5', 'project_name': 'tempest-QuotasAdminTestV236-118683053', 'tenant_id': 'ecbf76ecc4fe409e92793ae1f58f19b5', 'tenant_name': 'tempest-QuotasAdminTestV236-118683053', 'user_domain_id': 'default', 'user_domain_name': 'Default', 'user_id': 'e8a63b8e1d2943a3826c20caa4ffac58', 'system': None}, Network: None, Subnet: None, Router: None
2024-12-30 09:32:27.570 67117 INFO tempest.lib.common.rest_client [req-1ddc0e24-87c3-4355-b818-20f6e69fbd0c req-1ddc0e24-87c3-4355-b818-20f6e69fbd0c ] Request (AggregatesAdminNegativeTestJSON:_run_cleanups): 200 DELETE http://10.180.1.21/compute/v2.1/os-aggregates/3 0.667s
2024-12-30 09:32:27.583 67121 INFO tempest.lib.common.rest_client [req-0d9a8be7-419e-4482-a2f9-0ae03f723db1 req-0d9a8be7-419e-4482-a2f9-0ae03f723db1 ] Request (FlavorsAccessNegativeTestJSON:test_flavor_access_list_with_public_flavor): 404 GET http://10.180.1.21/compute/v2.1/flavors/891672649/os-flavor-access 0.646s
2024-12-30 09:32:27.590 67099 INFO tempest.lib.common.rest_client [req-0313ed48-8d87-4f4b-86ea-e73a4a3699e0 req-0313ed48-8d87-4f4b-86ea-e73a4a3699e0 ] Request (FlavorsExtraSpecsNegativeTestJSON:test_flavor_update_mismatch_key): 400 PUT http://10.180.1.21/compute/v2.1/flavors/1091263246/os-extra_specs/hw:numa_nodes 0.575s
2024-12-30 09:32:27.608 67093 INFO tempest.lib.common.rest_client [req-f5e5c823-6b22-42f5-879c-3fa9dcac6dbb req-f5e5c823-6b22-42f5-879c-3fa9dcac6dbb ] Request (HostsAdminNegativeTestJSON:test_shutdown_nonexistent_host): 404 GET http://10.180.1.21/compute/v2.1/os-hosts/nonexistent_hostname/shutdown 0.583s
2024-12-30 09:32:27.621 67109 INFO tempest.lib.common.rest_client [req-9da4076d-916c-44e7-a935-0cadc18f6703 req-9da4076d-916c-44e7-a935-0cadc18f6703 ] Request (ImagesMetadataNegativeTestJSON:setUpClass): 201 POST http://10.180.1.21/identity/v3/projects 0.261s
2024-12-30 09:32:27.747 67137 INFO tempest.lib.common.rest_client [req-b01680c0-5973-4c38-b0ca-78bd13e0fd85 req-b01680c0-5973-4c38-b0ca-78bd13e0fd85 ] Request (KeyPairsV210TestJSON:tearDownClass): 204 DELETE http://10.180.1.21/identity/v3/users/d13a64e0b42b4612ae3dc7d90d495ca3 0.376s
2024-12-30 09:32:27.748 67137 INFO tempest.lib.common.dynamic_creds [-] Deleting project and security group for project: 52b8e929a23443a4afa8efe1bb437faa
2024-12-30 09:32:27.795 67119 INFO tempest.lib.common.rest_client [req-93e11b98-246f-44f3-b24b-2630a3eae66d req-93e11b98-246f-44f3-b24b-2630a3eae66d ] Request (VolumesAdminNegativeTest:test_update_attached_volume_with_nonexistent_volume_in_body): 201 POST http://10.180.1.21:9696/networking/v2.0/security-group-rules 0.329s
2024-12-30 09:32:27.802 67129 INFO tempest.lib.common.rest_client [req-91025556-285b-4f06-a50a-389a73a2e3f3 req-91025556-285b-4f06-a50a-389a73a2e3f3 ] Request (SecurityGroupsTestJSON:setUpClass): 201 POST http://10.180.1.21/identity/v3/auth/tokens 0.274s
2024-12-30 09:32:27.834 67145 INFO tempest.lib.common.rest_client [req-2d168e20-0b76-420f-9ce0-2455231ca7f1 req-2d168e20-0b76-420f-9ce0-2455231ca7f1 ] Request (ImagesDeleteNegativeTestJSON:setUpClass): 204 PUT http://10.180.1.21/identity/v3/projects/5ac737a3f0544be3bacbdc4216c38c11/users/61e60dcedebd4bdbaccddded03ed86c9/roles/dc91b1af96f44092aad00da57fe51d0a 0.304s
2024-12-30 09:32:27.835 67145 INFO tempest.lib.common.dynamic_creds [-] Dynamic test user 61e60dcedebd4bdbaccddded03ed86c9 is created with scope project and roles: ['member']
2024-12-30 09:32:27.835 67145 INFO tempest.lib.common.dynamic_creds [-] Acquired dynamic creds: credentials: Credentials: {'domain_id': 'default', 'domain_name': 'Default', 'username': 'tempest-ImagesDeleteNegativeTestJSON-865628180-project-member', 'project_domain_id': 'default', 'project_domain_name': 'Default', 'project_id': '5ac737a3f0544be3bacbdc4216c38c11', 'project_name': 'tempest-ImagesDeleteNegativeTestJSON-865628180', 'tenant_id': '5ac737a3f0544be3bacbdc4216c38c11', 'tenant_name': 'tempest-ImagesDeleteNegativeTestJSON-865628180', 'user_domain_id': 'default', 'user_domain_name': 'Default', 'user_id': '61e60dcedebd4bdbaccddded03ed86c9', 'system': None}, Network: None, Subnet: None, Router: None
2024-12-30 09:32:27.835 67145 INFO tempest.lib.common.dynamic_creds [-] Created isolated network resources for: credentials: Credentials: {'domain_id': 'default', 'domain_name': 'Default', 'username': 'tempest-ImagesDeleteNegativeTestJSON-865628180-project-member', 'project_domain_id': 'default', 'project_domain_name': 'Default', 'project_id': '5ac737a3f0544be3bacbdc4216c38c11', 'project_name': 'tempest-ImagesDeleteNegativeTestJSON-865628180', 'tenant_id': '5ac737a3f0544be3bacbdc4216c38c11', 'tenant_name': 'tempest-ImagesDeleteNegativeTestJSON-865628180', 'user_domain_id': 'default', 'user_domain_name': 'Default', 'user_id': '61e60dcedebd4bdbaccddded03ed86c9', 'system': None}, Network: None, Subnet: None, Router: None
2024-12-30 09:32:27.837 67139 INFO tempest.lib.common.rest_client [req-29446e25-03cc-4cee-9365-859ab523b935 req-29446e25-03cc-4cee-9365-859ab523b935 ] Request (ServerDiagnosticsTest:test_get_server_diagnostics): 200 GET http://10.180.1.21/compute/v2.1/servers/3cc67c78-e9e8-47ea-aa63-42b053f46cd4 0.804s
2024-12-30 09:32:27.845 67139 INFO tempest.common.waiters [-] State transition "BUILD/block_device_mapping" ==> "BUILD/spawning" after 6 second wait
2024-12-30 09:32:27.857 67105 INFO tempest.lib.common.rest_client [req-efb70c42-36f6-43cd-a462-514c394d71b8 req-efb70c42-36f6-43cd-a462-514c394d71b8 ] Request (ValidationResourcesFixture:setUp): 201 POST http://10.180.1.21:9696/networking/v2.0/floatingips 1.038s
2024-12-30 09:32:27.881 67101 INFO tempest.lib.common.rest_client [req-773e6e3a-1aca-4666-a181-9f6112e6e70f req-773e6e3a-1aca-4666-a181-9f6112e6e70f ] Request (KeyPairsV22TestJSON:test_keypairs_create_list_delete): 201 POST http://10.180.1.21/compute/v2.1/os-keypairs 0.839s
2024-12-30 09:32:27.906 67103 INFO tempest.lib.common.rest_client [req-2772ffa1-c4bf-4dd4-8d63-e94e73291a0d req-2772ffa1-c4bf-4dd4-8d63-e94e73291a0d ] Request (QuotasAdminTestV236:setUpClass): 201 POST http://10.180.1.21/identity/v3/auth/tokens 0.351s
2024-12-30 09:32:27.909 67131 INFO tempest.lib.common.rest_client [req-ea656e67-8c8d-449a-955d-6d5a4a500af3 req-ea656e67-8c8d-449a-955d-6d5a4a500af3 ] Request (HypervisorAdminNegativeTestJSON:test_show_hypervisor_with_non_admin_user): 200 GET http://10.180.1.21/compute/v2.1/os-hypervisors 0.862s
2024-12-30 09:32:27.917 67155 INFO tempest.lib.common.rest_client [req-bd7cf69b-fe9b-4b4a-bf31-8c95dfad44ec req-bd7cf69b-fe9b-4b4a-bf31-8c95dfad44ec ] Request (FlavorsExtraSpecsTestJSON:test_flavor_set_get_update_show_unset_keys): 200 GET http://10.180.1.21/compute/v2.1/flavors/1624436803/os-extra_specs 0.729s
2024-12-30 09:32:27.936 67135 INFO tempest.lib.common.rest_client [req-d934a582-55d0-4a6d-beac-5fac1c84cd06 req-d934a582-55d0-4a6d-beac-5fac1c84cd06 ] Request (FlavorsV2NegativeTest:test_boot_with_low_ram): 200 GET http://10.180.1.21/compute/v2.1/flavors/42 1.064s
2024-12-30 09:32:27.981 67109 INFO tempest.lib.common.rest_client [req-a5d4872f-a587-4127-9250-fb6600d5661e req-a5d4872f-a587-4127-9250-fb6600d5661e ] Request (ImagesMetadataNegativeTestJSON:setUpClass): 201 POST http://10.180.1.21/identity/v3/users 0.359s
2024-12-30 09:32:28.010 67133 INFO tempest.lib.common.rest_client [req-044b47a6-3d58-45ec-96ef-5472f2c9645f req-044b47a6-3d58-45ec-96ef-5472f2c9645f ] Request (ServersAdminNegativeTestJSON:setUpClass): 200 GET http://10.180.1.21/compute/v2.1/servers/85b88f2d-a6fc-4073-8988-27190e4ee0b1 0.755s
2024-12-30 09:32:28.012 67147 INFO tempest.lib.common.rest_client [req-4ac4183f-52d2-4d73-94e7-31980dfa1912 req-4ac4183f-52d2-4d73-94e7-31980dfa1912 ] Request (ServerDiagnosticsNegativeTest:test_get_server_diagnostics_by_non_admin): 200 GET http://10.180.1.21/compute/v2.1/servers/94e9033e-3eb1-4e8d-86ce-3a6f627c5aaa 0.682s
2024-12-30 09:32:28.012 67137 INFO tempest.lib.common.rest_client [req-7fe6736d-3c42-48e8-990c-496e97030566 req-7fe6736d-3c42-48e8-990c-496e97030566 ] Request (KeyPairsV210TestJSON:tearDownClass): 201 POST http://10.180.1.21/identity/v3/auth/tokens 0.264s
2024-12-30 09:32:28.015 67113 INFO tempest.lib.common.rest_client [req-d148172d-3c08-4b65-a4e6-ab3beaae739f req-d148172d-3c08-4b65-a4e6-ab3beaae739f ] Request (FloatingIPsAssociationNegativeTestJSON:setUpClass): 201 POST http://10.180.1.21:9696/networking/v2.0/networks 0.677s
2024-12-30 09:32:28.023 67133 INFO tempest.common.waiters [-] State transition "BUILD/None" ==> "BUILD/block_device_mapping" after 7 second wait
2024-12-30 09:32:28.028 67097 INFO tempest.lib.common.rest_client [req-68ab37fb-d220-4196-909d-56bf21474963 req-68ab37fb-d220-4196-909d-56bf21474963 ] Request (FlavorsAccessTestJSON:test_flavor_access_list_with_private_flavor): 200 GET http://10.180.1.21/compute/v2.1/flavors/1021727718/os-flavor-access 0.658s
2024-12-30 09:32:28.031 67129 INFO tempest.lib.common.rest_client [req-fa1c565f-ceda-4f5b-a40a-f6f9a7d25395 req-fa1c565f-ceda-4f5b-a40a-f6f9a7d25395 ] Request (SecurityGroupsTestJSON:setUpClass): 200 GET http://10.180.1.21/identity/v3/domains?name=Default 0.229s
2024-12-30 09:32:28.090 67105 INFO tempest.lib.common.rest_client [req-24ad1f29-1f2e-4c8a-ac82-3f5d9fe605d5 req-24ad1f29-1f2e-4c8a-ac82-3f5d9fe605d5 ] Request (AttachInterfacesUnderV243Test:test_add_remove_fixed_ip): 201 POST http://10.180.1.21/identity/v3/auth/tokens 0.228s
2024-12-30 09:32:28.090 67105 INFO tempest.lib.common.fixed_network [-] (AttachInterfacesUnderV243Test:test_add_remove_fixed_ip) Found network {'id': '638f522c-e6f0-4376-907d-772cc8262fda', 'name': 'tempest-AttachInterfacesUnderV243Test-1965774493-network', 'tenant_id': '399c790caac54ff9bab7657d38fe6534', 'admin_state_up': True, 'mtu': 8950, 'status': 'ACTIVE', 'subnets': [], 'shared': False, 'project_id': '399c790caac54ff9bab7657d38fe6534', 'port_security_enabled': True, 'router:external': False, 'provider:network_type': 'vlan', 'provider:physical_network': 'default', 'provider:segmentation_id': 544, 'availability_zone_hints': [], 'availability_zones': [], 'ipv4_address_scope': None, 'ipv6_address_scope': None, 'description': '', 'tags': [], 'created_at': '2024-12-30T09:32:17Z', 'updated_at': '2024-12-30T09:32:17Z', 'revision_number': 1} available for tenant
2024-12-30 09:32:28.096 67143 INFO tempest.lib.common.rest_client [req-c6579a3c-859e-4373-b560-46c193dc92d5 req-c6579a3c-859e-4373-b560-46c193dc92d5 ] Request (AttachInterfacesTestJSON:test_create_list_show_delete_interfaces_by_fixed_ip): 200 GET http://10.180.1.21/compute/v2.1/servers/14d8f175-ca09-4fbc-a71c-8abdb5d43af1 0.688s
2024-12-30 09:32:28.102 67145 INFO tempest.lib.common.rest_client [req-9e4e3a93-94d9-4906-ad12-bcb7155fb81d req-9e4e3a93-94d9-4906-ad12-bcb7155fb81d ] Request (ImagesDeleteNegativeTestJSON:setUpClass): 201 POST http://10.180.1.21/identity/v3/auth/tokens 0.264s
2024-12-30 09:32:28.108 67115 INFO tempest.lib.common.rest_client [req-33cd511b-c472-4cbe-b786-994cf10c0e8a req-33cd511b-c472-4cbe-b786-994cf10c0e8a ] Request (ServersWithSpecificFlavorTestJSON:test_verify_created_server_ephemeral_disk): 200 GET http://10.180.1.21/compute/v2.1/flavors/42/os-extra_specs 0.584s
2024-12-30 09:32:28.132 67103 INFO tempest.lib.common.rest_client [req-3415fe3a-5d41-44fa-be06-efde55065a9d req-3415fe3a-5d41-44fa-be06-efde55065a9d ] Request (QuotasAdminTestV236:setUpClass): 201 POST http://10.180.1.21/identity/v3/projects 0.225s
2024-12-30 09:32:28.182 67109 INFO tempest.lib.common.rest_client [req-8ebbf707-1f1b-4889-becf-6202f4d8073e req-8ebbf707-1f1b-4889-becf-6202f4d8073e ] Request (ImagesMetadataNegativeTestJSON:setUpClass): 200 GET http://10.180.1.21/identity/v3/roles 0.200s
2024-12-30 09:32:28.262 67129 INFO tempest.lib.common.rest_client [req-30c8ff4d-425b-4dbd-a530-21dc3d9e5d68 req-30c8ff4d-425b-4dbd-a530-21dc3d9e5d68 ] Request (SecurityGroupsTestJSON:setUpClass): 201 POST http://10.180.1.21/identity/v3/projects 0.231s
2024-12-30 09:32:28.316 67103 INFO tempest.lib.common.rest_client [req-6e3643a2-700e-4e32-8f2d-348b382814d5 req-6e3643a2-700e-4e32-8f2d-348b382814d5 ] Request (QuotasAdminTestV236:setUpClass): 201 POST http://10.180.1.21/identity/v3/users 0.183s
2024-12-30 09:32:28.343 67109 INFO tempest.lib.common.rest_client [req-52eaaf7f-abbe-4cfd-b524-6cc3fcb7ceb8 req-52eaaf7f-abbe-4cfd-b524-6cc3fcb7ceb8 ] Request (ImagesMetadataNegativeTestJSON:setUpClass): 204 PUT http://10.180.1.21/identity/v3/projects/8eb26d43e2fa4cd0b6665c5856024348/users/046d95f26e51418fbcbda7ec1b755388/roles/dc91b1af96f44092aad00da57fe51d0a 0.161s
2024-12-30 09:32:28.343 67109 INFO tempest.lib.common.dynamic_creds [-] Dynamic test user 046d95f26e51418fbcbda7ec1b755388 is created with scope project and roles: ['member']
2024-12-30 09:32:28.344 67109 INFO tempest.lib.common.dynamic_creds [-] Acquired dynamic creds: credentials: Credentials: {'domain_id': 'default', 'domain_name': 'Default', 'username': 'tempest-ImagesMetadataNegativeTestJSON-1444313235-project-member', 'project_domain_id': 'default', 'project_domain_name': 'Default', 'project_id': '8eb26d43e2fa4cd0b6665c5856024348', 'project_name': 'tempest-ImagesMetadataNegativeTestJSON-1444313235', 'tenant_id': '8eb26d43e2fa4cd0b6665c5856024348', 'tenant_name': 'tempest-ImagesMetadataNegativeTestJSON-1444313235', 'user_domain_id': 'default', 'user_domain_name': 'Default', 'user_id': '046d95f26e51418fbcbda7ec1b755388', 'system': None}, Network: None, Subnet: None, Router: None
2024-12-30 09:32:28.344 67109 INFO tempest.lib.common.dynamic_creds [-] Created isolated network resources for: credentials: Credentials: {'domain_id': 'default', 'domain_name': 'Default', 'username': 'tempest-ImagesMetadataNegativeTestJSON-1444313235-project-member', 'project_domain_id': 'default', 'project_domain_name': 'Default', 'project_id': '8eb26d43e2fa4cd0b6665c5856024348', 'project_name': 'tempest-ImagesMetadataNegativeTestJSON-1444313235', 'tenant_id': '8eb26d43e2fa4cd0b6665c5856024348', 'tenant_name': 'tempest-ImagesMetadataNegativeTestJSON-1444313235', 'user_domain_id': 'default', 'user_domain_name': 'Default', 'user_id': '046d95f26e51418fbcbda7ec1b755388', 'system': None}, Network: None, Subnet: None, Router: None
2024-12-30 09:32:28.379 67111 INFO tempest.lib.common.rest_client [req-691cd223-53a6-46e0-819e-ea44f8c3ac13 req-691cd223-53a6-46e0-819e-ea44f8c3ac13 ] Request (ServicesAdminNegativeV253TestJSON:test_list_services_with_non_admin_user): 403 GET http://10.180.1.21/compute/v2.1/os-services 0.834s
2024-12-30 09:32:28.389 67117 INFO tempest.lib.common.rest_client [req-14315519-9bf8-42bb-aae9-0ddcc5525fad req-14315519-9bf8-42bb-aae9-0ddcc5525fad ] Request (AggregatesAdminNegativeTestJSON:test_aggregate_create_aggregate_name_length_exceeds_255): 400 POST http://10.180.1.21/compute/v2.1/os-aggregates 0.818s
2024-12-30 09:32:28.403 67125 INFO tempest.lib.common.rest_client [req-5a43a71b-7913-4e61-b8f1-03cc6322a1a6 req-5a43a71b-7913-4e61-b8f1-03cc6322a1a6 ] Request (ServersAdminTestJSON:setUpClass): 201 POST http://10.180.1.21:9696/networking/v2.0/routers 2.101s
2024-12-30 09:32:28.406 67121 INFO tempest.lib.common.rest_client [req-af610932-45ae-48bd-8567-30fb95121f2a req-af610932-45ae-48bd-8567-30fb95121f2a ] Request (FlavorsAccessNegativeTestJSON:_run_cleanups): 202 DELETE http://10.180.1.21/compute/v2.1/flavors/891672649 0.822s
2024-12-30 09:32:28.410 67119 INFO tempest.lib.common.rest_client [req-45cb1371-2e1a-4b4f-88d3-7448a9a5e084 req-45cb1371-2e1a-4b4f-88d3-7448a9a5e084 ] Request (VolumesAdminNegativeTest:test_update_attached_volume_with_nonexistent_volume_in_body): 201 POST http://10.180.1.21:9696/networking/v2.0/security-group-rules 0.615s
2024-12-30 09:32:28.412 67099 INFO tempest.lib.common.rest_client [req-2d1a2432-40fa-4b79-85ee-404617c9cf63 req-2d1a2432-40fa-4b79-85ee-404617c9cf63 ] Request (FlavorsExtraSpecsNegativeTestJSON:test_flavor_update_more_key): 400 PUT http://10.180.1.21/compute/v2.1/flavors/1091263246/os-extra_specs/hw:numa_nodes 0.820s
2024-12-30 09:32:28.500 67129 INFO tempest.lib.common.rest_client [req-f6387319-cb57-4ca0-8676-faf328e93812 req-f6387319-cb57-4ca0-8676-faf328e93812 ] Request (SecurityGroupsTestJSON:setUpClass): 201 POST http://10.180.1.21/identity/v3/users 0.237s
2024-12-30 09:32:28.511 67123 INFO tempest.lib.common.rest_client [req-7dd1f6a9-e104-492f-8b7b-fe30913fceb6 req-7dd1f6a9-e104-492f-8b7b-fe30913fceb6 ] Request (QuotasAdminNegativeTest:_run_cleanups): 200 PUT http://10.180.1.21/compute/v2.1/os-quota-sets/e165d196104a426db5180f7b35714b7b 1.162s
2024-12-30 09:32:28.514 67153 INFO tempest.lib.common.rest_client [req-6d2be57b-bcab-489e-a98a-cd51051b3854 req-6d2be57b-bcab-489e-a98a-cd51051b3854 ] Request (ServersTestManualDisk:setUpClass): 200 GET http://10.180.1.21/compute/v2.1/servers/89054463-b87a-4d12-abdb-285ba68b1a1f 0.921s
2024-12-30 09:32:28.519 67113 INFO tempest.lib.common.rest_client [req-800a7d14-8813-42e6-8150-fd2abef49143 req-800a7d14-8813-42e6-8150-fd2abef49143 ] Request (FloatingIPsAssociationNegativeTestJSON:setUpClass): 201 POST http://10.180.1.21:9696/networking/v2.0/subnets 0.503s
2024-12-30 09:32:28.521 67093 INFO tempest.lib.common.rest_client [req-a56ab8b4-77d8-4239-9e2b-38e267e0f5fe req-a56ab8b4-77d8-4239-9e2b-38e267e0f5fe ] Request (HostsAdminNegativeTestJSON:test_startup_host_with_non_admin_user): 403 GET http://10.180.1.21/compute/v2.1/os-hosts/devstack/startup 0.911s
2024-12-30 09:32:28.522 67103 INFO tempest.lib.common.rest_client [req-4904dcd1-1521-45d5-8089-795769b0ede8 req-4904dcd1-1521-45d5-8089-795769b0ede8 ] Request (QuotasAdminTestV236:setUpClass): 200 GET http://10.180.1.21/identity/v3/roles 0.205s
2024-12-30 09:32:28.529 67153 INFO tempest.common.waiters [-] State transition "BUILD/scheduling" ==> "BUILD/None" after 2 second wait
2024-12-30 09:32:28.530 67151 INFO tempest.lib.common.rest_client [req-1cb57e90-154d-47c1-b8b4-8f40c830e274 req-1cb57e90-154d-47c1-b8b4-8f40c830e274 ] Request (FlavorsV255TestJSON:tearDownClass): 200 GET http://10.180.1.21:9696/networking/v2.0/security-groups?tenant_id=8ba123fd569f40fcb0870bb50b168c0e&name=default 1.032s
2024-12-30 09:32:28.571 67101 INFO tempest.lib.common.rest_client [req-b9d581d2-98ea-4b87-b20c-e91d7f0e01b1 req-b9d581d2-98ea-4b87-b20c-e91d7f0e01b1 ] Request (KeyPairsV22TestJSON:test_keypairs_create_list_delete): 201 POST http://10.180.1.21/compute/v2.1/os-keypairs 0.687s
2024-12-30 09:32:28.571 67109 INFO tempest.lib.common.rest_client [req-a3b395bd-131b-4a94-ad7c-7d7f377e68d3 req-a3b395bd-131b-4a94-ad7c-7d7f377e68d3 ] Request (ImagesMetadataNegativeTestJSON:setUpClass): 201 POST http://10.180.1.21/identity/v3/auth/tokens 0.223s
2024-12-30 09:32:28.576 67127 INFO tempest.lib.common.rest_client [req-a9e616b0-06c0-49e8-b2c2-1f85dd6c1407 req-a9e616b0-06c0-49e8-b2c2-1f85dd6c1407 ] Request (ImagesMetadataTestJSON:setUpClass): 204 PUT http://10.180.1.21/image/v2/images/7fec18e8-5b07-4f89-89d9-054ee39a4b8b/file 2.360s
2024-12-30 09:32:28.578 67131 INFO tempest.lib.common.rest_client [req-2dea1130-55e7-49f6-95ea-d15ddfd39734 req-2dea1130-55e7-49f6-95ea-d15ddfd39734 ] Request (HypervisorAdminNegativeTestJSON:test_show_hypervisor_with_non_admin_user): 403 GET http://10.180.1.21/compute/v2.1/os-hypervisors/1 0.668s
2024-12-30 09:32:28.586 67137 INFO tempest.lib.common.rest_client [req-7ace38d2-213e-4db5-ad0d-a4286e7eed1e req-7ace38d2-213e-4db5-ad0d-a4286e7eed1e ] Request (KeyPairsV210TestJSON:tearDownClass): 200 GET http://10.180.1.21:9696/networking/v2.0/security-groups?tenant_id=52b8e929a23443a4afa8efe1bb437faa&name=default 0.574s
2024-12-30 09:32:28.612 67155 INFO tempest.lib.common.rest_client [req-83d4f409-db34-4710-98bd-e24c564f4779 req-83d4f409-db34-4710-98bd-e24c564f4779 ] Request (FlavorsExtraSpecsTestJSON:test_flavor_set_get_update_show_unset_keys): 200 DELETE http://10.180.1.21/compute/v2.1/flavors/1624436803/os-extra_specs/hw:numa_nodes 0.694s
2024-12-30 09:32:28.620 67149 INFO tempest.lib.common.rest_client [req-b2de8b80-f108-49ad-bf51-1829019579d8 req-b2de8b80-f108-49ad-bf51-1829019579d8 ] Request (ImagesNegativeTestJSON:test_create_image_from_deleted_server): 200 GET http://10.180.1.21/compute/v2.1/servers/3934d14c-3eb6-41f9-a590-5b5d155604e3 0.762s
2024-12-30 09:32:28.651 67111 INFO tempest.lib.common.rest_client [req-0cf72e1c-53fa-4ecb-99ab-c751a683bb50 req-0cf72e1c-53fa-4ecb-99ab-c751a683bb50 ] Request (ServicesAdminNegativeV253TestJSON:tearDownClass): 204 DELETE http://10.180.1.21/identity/v3/users/7e801fd3d5c7490aa5878ce89dba228d 0.269s
2024-12-30 09:32:28.655 67097 INFO tempest.lib.common.rest_client [req-c2742556-3df6-491d-9934-a81afa5fdf0c req-c2742556-3df6-491d-9934-a81afa5fdf0c ] Request (FlavorsAccessTestJSON:_run_cleanups): 202 DELETE http://10.180.1.21/compute/v2.1/flavors/1021727718 0.626s
2024-12-30 09:32:28.738 67103 INFO tempest.lib.common.rest_client [req-0b2d67e5-e717-4994-86c1-f32243bab99d req-0b2d67e5-e717-4994-86c1-f32243bab99d ] Request (QuotasAdminTestV236:setUpClass): 204 PUT http://10.180.1.21/identity/v3/projects/607468e9383345f1bddb6d2133f2e5f5/users/06d7c1070dea48a0b065376df92d02f3/roles/3de55ec87a8948be99501a855b8ccc55 0.215s
2024-12-30 09:32:28.763 67129 INFO tempest.lib.common.rest_client [req-9236f012-de8c-4efb-8c36-6e8b0329bf51 req-9236f012-de8c-4efb-8c36-6e8b0329bf51 ] Request (SecurityGroupsTestJSON:setUpClass): 200 GET http://10.180.1.21/identity/v3/roles 0.262s
2024-12-30 09:32:28.796 67107 INFO tempest.lib.common.rest_client [req-f4b36250-8362-48d3-93d4-c8dea6a45e64 req-f4b36250-8362-48d3-93d4-c8dea6a45e64 ] Request (ImagesOneServerTestJSON:setUpClass): 200 PUT http://10.180.1.21:9696/networking/v2.0/routers/901d5132-4d08-4ec2-91dc-4120fe19be0c/add_router_interface 2.271s
2024-12-30 09:32:28.796 67107 INFO tempest.lib.common.dynamic_creds [-] Created isolated network resources for: credentials: Credentials: {'domain_id': 'default', 'domain_name': 'Default', 'username': 'tempest-ImagesOneServerTestJSON-1026784514-project-member', 'project_domain_id': 'default', 'project_domain_name': 'Default', 'project_id': '6ab3f98f859f494ab337cd59dbf6f653', 'project_name': 'tempest-ImagesOneServerTestJSON-1026784514', 'tenant_id': '6ab3f98f859f494ab337cd59dbf6f653', 'tenant_name': 'tempest-ImagesOneServerTestJSON-1026784514', 'user_domain_id': 'default', 'user_domain_name': 'Default', 'user_id': '67f393fd515a44e882ff808a36e6402a', 'system': None}, Network: {'id': '470ae530-ce53-49b5-ba99-23cda548235e', 'name': 'tempest-ImagesOneServerTestJSON-1047361619-network', 'tenant_id': '6ab3f98f859f494ab337cd59dbf6f653', 'admin_state_up': True, 'mtu': 8950, 'status': 'ACTIVE', 'subnets': [], 'shared': False, 'project_id': '6ab3f98f859f494ab337cd59dbf6f653', 'port_security_enabled': True, 'router:external': False, 'provider:network_type': 'vlan', 'provider:physical_network': 'default', 'provider:segmentation_id': 996, 'availability_zone_hints': [], 'availability_zones': [], 'ipv4_address_scope': None, 'ipv6_address_scope': None, 'description': '', 'tags': [], 'created_at': '2024-12-30T09:32:22Z', 'updated_at': '2024-12-30T09:32:22Z', 'revision_number': 1}, Subnet: {'id': '1cb2336b-2215-4acd-ada6-c7a7f0696538', 'name': 'tempest-ImagesOneServerTestJSON-1047361619-subnet', 'tenant_id': '6ab3f98f859f494ab337cd59dbf6f653', 'network_id': '470ae530-ce53-49b5-ba99-23cda548235e', 'ip_version': 4, 'subnetpool_id': None, 'enable_dhcp': True, 'ipv6_ra_mode': None, 'ipv6_address_mode': None, 'gateway_ip': '192.168.128.1', 'cidr': '192.168.128.0/28', 'allocation_pools': [{'start': '192.168.128.2', 'end': '192.168.128.14'}], 'host_routes': [], 'dns_nameservers': [], 'description': '', 'router:external': False, 'service_types': [], 'tags': [], 'created_at': '2024-12-30T09:32:23Z', 'updated_at': '2024-12-30T09:32:23Z', 'revision_number': 0, 'project_id': '6ab3f98f859f494ab337cd59dbf6f653'}, Router: {'id': '901d5132-4d08-4ec2-91dc-4120fe19be0c', 'name': 'tempest-ImagesOneServerTestJSON-1047361619-router', 'tenant_id': '6ab3f98f859f494ab337cd59dbf6f653', 'admin_state_up': True, 'status': 'ACTIVE', 'external_gateway_info': {'network_id': '1fc886c7-6153-48fa-a540-9e4b2bbf8238', 'external_fixed_ips': [{'subnet_id': 'a74aaac6-0a13-4a04-83b5-65b13da0f8cf', 'ip_address': '10.180.180.223'}], 'enable_snat': True}, 'description': '', 'availability_zones': [], 'distributed': False, 'ha': False, 'availability_zone_hints': [], 'routes': [], 'flavor_id': None, 'tags': [], 'created_at': '2024-12-30T09:32:24Z', 'updated_at': '2024-12-30T09:32:25Z', 'revision_number': 2, 'project_id': '6ab3f98f859f494ab337cd59dbf6f653'}
2024-12-30 09:32:28.834 67151 INFO tempest.lib.common.rest_client [req-5e831de6-c3c4-414c-9c66-2fae58b1c16e req-5e831de6-c3c4-414c-9c66-2fae58b1c16e ] Request (FlavorsV255TestJSON:tearDownClass): 204 DELETE http://10.180.1.21:9696/networking/v2.0/security-groups/638a1e6e-2923-46f8-a9b6-c1c04d0bddd7 0.304s
2024-12-30 09:32:28.889 67111 INFO tempest.lib.common.rest_client [req-d2c87008-26ea-4e84-ad2c-291c15543f6a req-d2c87008-26ea-4e84-ad2c-291c15543f6a ] Request (ServicesAdminNegativeV253TestJSON:tearDownClass): 204 DELETE http://10.180.1.21/identity/v3/users/7263ccc2c04647748bf5d647a30a1205 0.238s
2024-12-30 09:32:28.889 67111 INFO tempest.lib.common.dynamic_creds [-] Deleting project and security group for project: cf984eb1ffcb46849ed1b3f05106c96d
2024-12-30 09:32:28.889 67135 INFO tempest.lib.common.rest_client [req-3bd7b5fd-f60a-441b-b6ca-3e85471adee5 req-3bd7b5fd-f60a-441b-b6ca-3e85471adee5 ] Request (FlavorsV2NegativeTest:test_boot_with_low_ram): 201 POST http://10.180.1.21/image/v2/images 0.948s
2024-12-30 09:32:28.942 67103 INFO tempest.lib.common.rest_client [req-3efa58f5-2d4f-4d65-8fe0-704f3173b00d req-3efa58f5-2d4f-4d65-8fe0-704f3173b00d ] Request (QuotasAdminTestV236:setUpClass): 200 GET http://10.180.1.21/identity/v3/roles 0.204s
2024-12-30 09:32:28.970 67129 INFO tempest.lib.common.rest_client [req-cd6fa48c-d6c2-4020-966a-ef439b32ba0a req-cd6fa48c-d6c2-4020-966a-ef439b32ba0a ] Request (SecurityGroupsTestJSON:setUpClass): 204 PUT http://10.180.1.21/identity/v3/projects/c54beec5d2aa4a52b025cf1a4f20c54b/users/a5f631114ba54b4c9c5bbaa197f43a84/roles/dc91b1af96f44092aad00da57fe51d0a 0.207s
2024-12-30 09:32:28.970 67129 INFO tempest.lib.common.dynamic_creds [-] Dynamic test user a5f631114ba54b4c9c5bbaa197f43a84 is created with scope project and roles: ['member']
2024-12-30 09:32:28.971 67129 INFO tempest.lib.common.dynamic_creds [-] Acquired dynamic creds: credentials: Credentials: {'domain_id': 'default', 'domain_name': 'Default', 'username': 'tempest-SecurityGroupsTestJSON-1332414323-project-member', 'project_domain_id': 'default', 'project_domain_name': 'Default', 'project_id': 'c54beec5d2aa4a52b025cf1a4f20c54b', 'project_name': 'tempest-SecurityGroupsTestJSON-1332414323', 'tenant_id': 'c54beec5d2aa4a52b025cf1a4f20c54b', 'tenant_name': 'tempest-SecurityGroupsTestJSON-1332414323', 'user_domain_id': 'default', 'user_domain_name': 'Default', 'user_id': 'a5f631114ba54b4c9c5bbaa197f43a84', 'system': None}, Network: None, Subnet: None, Router: None
