2024-12-30 09:34:54.220 67121 INFO tempest.lib.common.rest_client [req-bffddb10-6a51-44f1-82e8-936012145d3c req-bffddb10-6a51-44f1-82e8-936012145d3c ] Request (ServerExternalEventsTest:test_create_server_external_events): 200 GET http://10.180.1.21/compute/v2.1/servers/677e3210-d6c0-4fbf-8768-e36ddf2acd2c 0.335s
2024-12-30 09:34:54.291 67133 INFO tempest.lib.common.rest_client [req-5e9e0295-b684-4d5d-a1c0-815306a24fd3 req-5e9e0295-b684-4d5d-a1c0-815306a24fd3 ] Request (ServersAdminNegativeTestJSON:tearDownClass): 200 GET http://10.180.1.21/compute/v2.1/servers/85b88f2d-a6fc-4073-8988-27190e4ee0b1 0.329s
2024-12-30 09:34:54.339 67123 INFO tempest.lib.common.rest_client [req-d3bf412c-2ca2-4e9a-9892-f4e906667eb1 req-d3bf412c-2ca2-4e9a-9892-f4e906667eb1 ] Request (ServerDiskConfigTestJSON:test_rebuild_server_with_manual_disk_config): 200 GET http://10.180.1.21/compute/v2.1/servers/1130179f-2d78-472e-927c-0b1d983fded2 0.325s
2024-12-30 09:34:54.344 67097 INFO tempest.lib.common.rest_client [req-4d285bfe-1e4f-4a5f-afee-dea5277a87d8 req-4d285bfe-1e4f-4a5f-afee-dea5277a87d8 ] Request (MigrationsAdminTest:test_resize_server_revert_deleted_flavor): 202 POST http://10.180.1.21/compute/v2.1/servers 0.549s
2024-12-30 09:34:54.354 67145 WARNING tempest.lib.common.ssh [-] Failed to establish authenticated ssh connection to cirros@10.180.180.181 ([Errno None] Unable to connect to port 22 on 10.180.180.181). Number attempts: 8. Retry after 9 seconds.: paramiko.ssh_exception.NoValidConnectionsError: [Errno None] Unable to connect to port 22 on 10.180.180.181
2024-12-30 09:34:54.384 67119 INFO tempest.lib.common.rest_client [req-20527187-80c7-44b9-9b0a-b6a8871aaa6a req-20527187-80c7-44b9-9b0a-b6a8871aaa6a ] Request (VolumesAdminNegativeTest:test_update_attached_volume_with_nonexistent_volume_in_uri): 200 GET http://10.180.1.21/compute/v2.1/servers/9a770759-5575-4329-945f-abc6973562e9 0.278s
2024-12-30 09:34:54.457 67131 INFO tempest.lib.common.rest_client [req-0a9c54e9-82f6-4e2e-b8fc-e8fabde5e6c6 req-0a9c54e9-82f6-4e2e-b8fc-e8fabde5e6c6 ] Request (InstanceActionsTestJSON:tearDownClass): 200 GET http://10.180.1.21/compute/v2.1/servers/877a937a-e068-47ac-a6ca-8b499fc46b74 0.228s
2024-12-30 09:34:54.464 67139 INFO tempest.lib.common.rest_client [req-32c7d7fe-e986-4601-a2f8-cee539f36e2b req-32c7d7fe-e986-4601-a2f8-cee539f36e2b ] Request (ServerActionsTestOtherB:setUpClass): 200 GET http://10.180.1.21/compute/v2.1/servers/3ea50bbd-56e4-4fd5-a15a-1059d58227d5 0.310s
2024-12-30 09:34:54.517 67125 INFO tempest.lib.common.rest_client [req-01b52189-6cd9-465c-ace6-5d76282a3b9e req-01b52189-6cd9-465c-ace6-5d76282a3b9e ] Request (ServersAdminTestJSON:test_inject_network_info): 200 GET http://10.180.1.21/compute/v2.1/servers/b7433a97-38b5-40c4-b993-b15aa9bfa420 0.236s
2024-12-30 09:34:54.524 67093 INFO tempest.lib.common.rest_client [req-f6994a03-9793-4be1-9f2c-91ac68125215 req-f6994a03-9793-4be1-9f2c-91ac68125215 ] Request (ListImageFiltersTestJSON:setUpClass): 200 GET http://10.180.1.21/compute/v2.1/servers/16287ba1-3b2f-44aa-baf7-6965213fec30 0.190s
2024-12-30 09:34:54.558 67097 INFO tempest.lib.common.rest_client [req-85a8fa3b-2c4e-4409-8313-0e3c30d78864 req-85a8fa3b-2c4e-4409-8313-0e3c30d78864 ] Request (MigrationsAdminTest:test_resize_server_revert_deleted_flavor): 200 GET http://10.180.1.21/compute/v2.1/servers/3a89c989-dbca-4f12-b59d-dada28b3f84b 0.212s
2024-12-30 09:34:54.569 67147 INFO tempest.lib.common.rest_client [req-50d11b47-fb3b-4d21-ac57-e0aa14239671 req-50d11b47-fb3b-4d21-ac57-e0aa14239671 ] Request (ServerActionsTestJSON:setUpClass): 200 GET http://10.180.1.21/compute/v2.1/servers/f63c1f62-24dd-427f-90cc-25312097d746 0.203s
2024-12-30 09:34:54.577 67095 INFO tempest.lib.common.rest_client [req-6c7cbd4a-5e5b-4b19-bb2b-7adaf719a473 req-6c7cbd4a-5e5b-4b19-bb2b-7adaf719a473 ] Request (DeleteServersAdminTestJSON:test_delete_server_while_in_error_state): 404 GET http://10.180.1.21/compute/v2.1/servers/a2ff6e56-fd4f-445d-9455-3c5a39815227 0.176s
2024-12-30 09:34:54.633 67115 INFO tempest.lib.common.rest_client [req-77768528-806a-4548-b35e-b3450e21a270 req-77768528-806a-4548-b35e-b3450e21a270 ] Request (ServersWithSpecificFlavorTestJSON:test_verify_created_server_ephemeral_disk): 200 GET http://10.180.1.21/compute/v2.1/servers/e0b3cdfa-29a1-43c7-8808-57a4bccedcde 0.184s
2024-12-30 09:34:54.638 67135 INFO tempest.lib.common.rest_client [req-1036427a-58ec-4e2a-b25d-4b8712316e53 req-1036427a-58ec-4e2a-b25d-4b8712316e53 ] Request (ServerAddressesTestJSON:tearDownClass): 200 GET http://10.180.1.21/compute/v2.1/servers/6db5008a-0bc2-41a4-8597-41bbdbe6681f 0.203s
2024-12-30 09:34:54.692 67101 INFO tempest.lib.common.rest_client [req-24c2d5d5-9580-47f5-8ea5-0adaae46dcc6 req-24c2d5d5-9580-47f5-8ea5-0adaae46dcc6 ] Request (ServersNegativeTestJSON:setUpClass): 200 GET http://10.180.1.21/compute/v2.1/servers/2346cc28-f1bd-4e6c-a45f-242f224132a9 0.208s
2024-12-30 09:34:54.699 67149 INFO tempest.lib.common.rest_client [req-f95df6c3-42e7-4b41-bf49-723641184808 req-f95df6c3-42e7-4b41-bf49-723641184808 ] Request (ServersTestBootFromVolume:setUpClass): 200 GET http://10.180.1.21/compute/v2.1/servers/a9959f70-763e-4ba6-8b44-f1b927d4cd01 0.205s
2024-12-30 09:34:54.759 67137 INFO tempest.lib.common.rest_client [req-7e987ab2-5b47-487c-a431-074095cdf06a req-7e987ab2-5b47-487c-a431-074095cdf06a ] Request (ServerRescueNegativeTestJSON:test_rescued_vm_detach_volume): 200 GET http://10.180.1.21/compute/v2.1/servers/9cbe5049-3a8e-4962-be3f-2312cced0b11 0.229s
2024-12-30 09:34:54.763 67107 INFO tempest.lib.common.rest_client [req-82c8bcb2-a013-428d-aa5b-65996795b2d7 req-82c8bcb2-a013-428d-aa5b-65996795b2d7 ] Request (ServerPasswordTestJSON:setUpClass): 200 GET http://10.180.1.21/compute/v2.1/servers/5439a79a-b411-4d33-a6e5-09ab473d3656 0.220s
2024-12-30 09:34:54.779 67095 INFO tempest.lib.common.rest_client [req-915e0b1f-7305-48ac-81fd-a350b2934a7e req-915e0b1f-7305-48ac-81fd-a350b2934a7e ] Request (DeleteServersAdminTestJSON:tearDownClass): 404 DELETE http://10.180.1.21/compute/v2.1/servers/a2ff6e56-fd4f-445d-9455-3c5a39815227 0.201s
2024-12-30 09:34:54.824 67129 INFO tempest.lib.common.rest_client [req-80724625-db49-4d22-9ea6-b729b09ed27c req-80724625-db49-4d22-9ea6-b729b09ed27c ] Request (SecurityGroupsTestJSON:test_server_security_groups): 200 GET http://10.180.1.21/compute/v2.1/servers/da06dfbd-2823-4075-b453-0e3ca30b7c9c 0.239s
2024-12-30 09:34:54.828 67103 INFO tempest.lib.common.rest_client [req-57fe713e-fd77-42a5-845f-7b8298853b9d req-57fe713e-fd77-42a5-845f-7b8298853b9d ] Request (ServersAaction247Test:test_create_backup): 200 GET http://10.180.1.21/compute/v2.1/servers/dc7438a3-d19c-4a38-863f-42bcbc36a1cf 0.235s
2024-12-30 09:34:54.887 67151 INFO tempest.lib.common.rest_client [req-620afafe-d193-4e1d-852e-68ac1cecc297 req-620afafe-d193-4e1d-852e-68ac1cecc297 ] Request (ServerShowV257Test:tearDownClass): 200 GET http://10.180.1.21/compute/v2.1/servers/8e628cfe-5d32-419d-ad18-1051130cb68d 0.228s
2024-12-30 09:34:54.890 67127 INFO tempest.lib.common.rest_client [req-824f0be2-50a1-4fe2-a28b-ce869f02f640 req-824f0be2-50a1-4fe2-a28b-ce869f02f640 ] Request (InstanceActionsNegativeTestJSON:tearDownClass): 200 GET http://10.180.1.21/compute/v2.1/servers/4cf6d2cb-8cf1-48ab-9865-22093b604bfc 0.239s
2024-12-30 09:34:54.912 67095 INFO tempest.lib.common.rest_client [req-3eaed83d-51b8-4e82-91b7-23bca07d6d38 req-3eaed83d-51b8-4e82-91b7-23bca07d6d38 ] Request (DeleteServersAdminTestJSON:tearDownClass): 404 GET http://10.180.1.21/compute/v2.1/servers/a2ff6e56-fd4f-445d-9455-3c5a39815227 0.132s
2024-12-30 09:34:54.938 67117 INFO tempest.lib.common.rest_client [req-2e28c18a-0839-4652-ae83-2483ceeff6be req-2e28c18a-0839-4652-ae83-2483ceeff6be ] Request (MultipleCreateTestJSON:test_multiple_create): 200 GET http://10.180.1.21/compute/v2.1/servers/f2072664-ec85-48eb-8a4b-8d09c10d29fc 0.220s
2024-12-30 09:34:54.965 67109 INFO tempest.lib.common.rest_client [req-e0e0f6af-314f-411c-8dad-62f1700fefde req-e0e0f6af-314f-411c-8dad-62f1700fefde ] Request (ServerTagsTestJSON:setUpClass): 200 GET http://10.180.1.21/compute/v2.1/servers/0323ded6-9e33-48f2-a1fc-5fda3cdfd3ce 0.163s
2024-12-30 09:34:54.980 67095 INFO tempest.lib.common.rest_client [req-9880363f-58a6-466f-bcf5-7e842157b46e req-9880363f-58a6-466f-bcf5-7e842157b46e ] Request (DeleteServersAdminTestJSON:tearDownClass): 404 DELETE http://10.180.1.21/compute/v2.1/servers/63a3f6d1-15d0-430c-b6c9-a738aedcac9d 0.068s
2024-12-30 09:34:55.035 67113 INFO tempest.lib.common.rest_client [req-baecc34c-d698-4879-b66d-393904692b3e req-baecc34c-d698-4879-b66d-393904692b3e ] Request (ImagesTestJSON:test_create_image_from_stopped_server): 200 GET http://10.180.1.21/compute/v2.1/servers/cac7cbdf-fbf9-480c-b3f6-92caa3dc4fbe 0.117s
2024-12-30 09:34:55.053 67095 INFO tempest.lib.common.rest_client [req-3e9f47b3-3a9c-4e68-a5f6-93e6c1dc97cd req-3e9f47b3-3a9c-4e68-a5f6-93e6c1dc97cd ] Request (DeleteServersAdminTestJSON:tearDownClass): 404 GET http://10.180.1.21/compute/v2.1/servers/63a3f6d1-15d0-430c-b6c9-a738aedcac9d 0.072s
2024-12-30 09:34:55.095 67111 INFO tempest.lib.common.rest_client [req-51d17994-7475-413a-b60b-4eb201006635 req-51d17994-7475-413a-b60b-4eb201006635 ] Request (ListServerFiltersTestJSON:setUpClass): 200 GET http://10.180.1.21/compute/v2.1/servers/8811ec10-8cc5-4238-b361-55f24e044027 0.234s
2024-12-30 09:34:55.103 67111 INFO tempest.common.waiters [-] State transition "BUILD/spawning" ==> "ACTIVE/None" after 92 second wait
2024-12-30 09:34:55.128 67095 INFO tempest.lib.common.rest_client [req-a79b42b8-c0ba-4360-a4e3-3ef343d4c293 req-a79b42b8-c0ba-4360-a4e3-3ef343d4c293 ] Request (DeleteServersAdminTestJSON:tearDownClass): 204 DELETE http://10.180.1.21/identity/v3/users/d50aa0e5bbca41868b89f45bd8a7ec10 0.074s
2024-12-30 09:34:55.195 67111 INFO tempest.lib.common.rest_client [req-614f8641-1982-4aa2-8b9d-d2917a7350bb req-614f8641-1982-4aa2-8b9d-d2917a7350bb ] Request (ListServerFiltersTestJSON:setUpClass): 200 GET http://10.180.1.21/compute/v2.1/servers/9739be8a-c790-4c96-924b-b47275236b38 0.091s
2024-12-30 09:34:55.243 67095 INFO tempest.lib.common.rest_client [req-054bc281-05ce-4287-af6b-e563441923be req-054bc281-05ce-4287-af6b-e563441923be ] Request (DeleteServersAdminTestJSON:tearDownClass): 204 DELETE http://10.180.1.21/identity/v3/users/ab149f36469e41529d0950785d31a44a 0.114s
2024-12-30 09:34:55.244 67095 INFO tempest.lib.common.dynamic_creds [-] Deleting project and security group for project: 3b1282f3a1c84938866e230cc505e8ab
2024-12-30 09:34:55.320 67095 INFO tempest.lib.common.rest_client [req-6a13699a-68ab-401f-983b-c8138dfb22f1 req-6a13699a-68ab-401f-983b-c8138dfb22f1 ] Request (DeleteServersAdminTestJSON:tearDownClass): 201 POST http://10.180.1.21/identity/v3/auth/tokens 0.076s
2024-12-30 09:34:55.347 67111 INFO tempest.lib.common.rest_client [req-9963b2e6-3f8f-4956-a318-8f75834b23a2 req-9963b2e6-3f8f-4956-a318-8f75834b23a2 ] Request (ListServerFiltersTestJSON:setUpClass): 200 GET http://10.180.1.21/compute/v2.1/servers/447f70db-fb44-424a-8013-630922ef258f 0.145s
2024-12-30 09:34:55.357 67121 INFO tempest.lib.common.rest_client [req-2080475b-3960-4310-97d0-7a0fcd2bb3be req-2080475b-3960-4310-97d0-7a0fcd2bb3be ] Request (ServerExternalEventsTest:test_create_server_external_events): 200 GET http://10.180.1.21/compute/v2.1/servers/677e3210-d6c0-4fbf-8768-e36ddf2acd2c 0.127s
2024-12-30 09:34:55.420 67133 INFO tempest.lib.common.rest_client [req-0ca97c43-c852-4460-989a-4c3b404e9ac8 req-0ca97c43-c852-4460-989a-4c3b404e9ac8 ] Request (ServersAdminNegativeTestJSON:tearDownClass): 200 GET http://10.180.1.21/compute/v2.1/servers/85b88f2d-a6fc-4073-8988-27190e4ee0b1 0.117s
2024-12-30 09:34:55.424 67123 INFO tempest.lib.common.rest_client [req-e39e6608-2b9a-43f7-b707-efac5d76680d req-e39e6608-2b9a-43f7-b707-efac5d76680d ] Request (ServerDiskConfigTestJSON:test_rebuild_server_with_manual_disk_config): 200 GET http://10.180.1.21/compute/v2.1/servers/1130179f-2d78-472e-927c-0b1d983fded2 0.076s
2024-12-30 09:34:55.483 67119 INFO tempest.lib.common.rest_client [req-ade284de-e3ee-4aa2-a61a-22a6a493858f req-ade284de-e3ee-4aa2-a61a-22a6a493858f ] Request (VolumesAdminNegativeTest:test_update_attached_volume_with_nonexistent_volume_in_uri): 200 GET http://10.180.1.21/compute/v2.1/servers/9a770759-5575-4329-945f-abc6973562e9 0.086s
2024-12-30 09:34:55.544 67131 INFO tempest.lib.common.rest_client [req-d15321b1-c197-482a-89c5-a78d624f564e req-d15321b1-c197-482a-89c5-a78d624f564e ] Request (InstanceActionsTestJSON:tearDownClass): 200 GET http://10.180.1.21/compute/v2.1/servers/877a937a-e068-47ac-a6ca-8b499fc46b74 0.078s
2024-12-30 09:34:55.557 67095 INFO tempest.lib.common.rest_client [req-9f649e55-b039-48bc-a8da-9bc96b29b3db req-9f649e55-b039-48bc-a8da-9bc96b29b3db ] Request (DeleteServersAdminTestJSON:tearDownClass): 200 GET http://10.180.1.21:9696/networking/v2.0/security-groups?tenant_id=3b1282f3a1c84938866e230cc505e8ab&name=default 0.237s
2024-12-30 09:34:55.571 67153 WARNING tempest.lib.common.ssh [-] Failed to establish authenticated ssh connection to cirros@10.180.180.147 ([Errno None] Unable to connect to port 22 on 10.180.180.147). Number attempts: 12. Retry after 13 seconds.: paramiko.ssh_exception.NoValidConnectionsError: [Errno None] Unable to connect to port 22 on 10.180.180.147
2024-12-30 09:34:55.696 67111 INFO tempest.lib.common.rest_client [req-1c102423-5299-4135-9b08-863348ff9a99 req-1c102423-5299-4135-9b08-863348ff9a99 ] Request (ListServerFiltersTestJSON:test_list_servers_detailed_filter_by_flavor): 200 GET http://10.180.1.21/compute/v2.1/servers/detail?flavor=84 0.342s
2024-12-30 09:34:55.708 67139 INFO tempest.lib.common.rest_client [req-79dfc3af-4015-477e-a0be-dbeb064041ba req-79dfc3af-4015-477e-a0be-dbeb064041ba ] Request (ServerActionsTestOtherB:setUpClass): 200 GET http://10.180.1.21/compute/v2.1/servers/3ea50bbd-56e4-4fd5-a15a-1059d58227d5 0.237s
2024-12-30 09:34:55.721 67095 INFO tempest.lib.common.rest_client [req-eb1be81a-899d-41f4-8290-92428e08f12f req-eb1be81a-899d-41f4-8290-92428e08f12f ] Request (DeleteServersAdminTestJSON:tearDownClass): 204 DELETE http://10.180.1.21:9696/networking/v2.0/security-groups/05df0454-90eb-4f55-8e31-59fd5404fc32 0.163s
2024-12-30 09:34:55.754 67125 INFO tempest.lib.common.rest_client [req-7c3a7100-d9c7-4e72-b07e-b3b5db5520c7 req-7c3a7100-d9c7-4e72-b07e-b3b5db5520c7 ] Request (ServersAdminTestJSON:test_inject_network_info): 200 GET http://10.180.1.21/compute/v2.1/servers/b7433a97-38b5-40c4-b993-b15aa9bfa420 0.229s
2024-12-30 09:34:55.758 67093 INFO tempest.lib.common.rest_client [req-c9106613-18f2-464b-bdb6-ef9cf36006c1 req-c9106613-18f2-464b-bdb6-ef9cf36006c1 ] Request (ListImageFiltersTestJSON:setUpClass): 200 GET http://10.180.1.21/compute/v2.1/servers/16287ba1-3b2f-44aa-baf7-6965213fec30 0.223s
2024-12-30 09:34:55.791 67095 INFO tempest.lib.common.rest_client [req-f7eea8ce-71bc-4a58-834e-11075a924df1 req-f7eea8ce-71bc-4a58-834e-11075a924df1 ] Request (DeleteServersAdminTestJSON:tearDownClass): 204 DELETE http://10.180.1.21/identity/v3/projects/3b1282f3a1c84938866e230cc505e8ab 0.070s
2024-12-30 09:34:55.791 67095 INFO tempest.lib.common.dynamic_creds [-] Deleting project and security group for project: d0597136e6574511a290f83b91b9bbf4
2024-12-30 09:34:55.811 67147 INFO tempest.lib.common.rest_client [req-99c4fd92-993a-46e5-b3bf-da23b2119a19 req-99c4fd92-993a-46e5-b3bf-da23b2119a19 ] Request (ServerActionsTestJSON:setUpClass): 200 GET http://10.180.1.21/compute/v2.1/servers/f63c1f62-24dd-427f-90cc-25312097d746 0.231s
2024-12-30 09:34:55.812 67097 INFO tempest.lib.common.rest_client [req-fe06c031-fd1d-4144-9cc7-a91ec1592ff1 req-fe06c031-fd1d-4144-9cc7-a91ec1592ff1 ] Request (MigrationsAdminTest:test_resize_server_revert_deleted_flavor): 200 GET http://10.180.1.21/compute/v2.1/servers/3a89c989-dbca-4f12-b59d-dada28b3f84b 0.246s
2024-12-30 09:34:55.823 67095 INFO tempest.lib.common.rest_client [req-a9e49ad8-d7da-41eb-a7ec-c65b8a1c18f4 req-a9e49ad8-d7da-41eb-a7ec-c65b8a1c18f4 ] Request (DeleteServersAdminTestJSON:tearDownClass): 200 GET http://10.180.1.21:9696/networking/v2.0/security-groups?tenant_id=d0597136e6574511a290f83b91b9bbf4&name=default 0.031s
2024-12-30 09:34:55.866 67115 INFO tempest.lib.common.rest_client [req-e055c280-1e5f-4226-81d0-68ef99c25f49 req-e055c280-1e5f-4226-81d0-68ef99c25f49 ] Request (ServersWithSpecificFlavorTestJSON:test_verify_created_server_ephemeral_disk): 200 GET http://10.180.1.21/compute/v2.1/servers/e0b3cdfa-29a1-43c7-8808-57a4bccedcde 0.221s
2024-12-30 09:34:55.917 67135 INFO tempest.lib.common.rest_client [req-f0aaf12c-5b45-48f6-9db9-abba9e3cd4b5 req-f0aaf12c-5b45-48f6-9db9-abba9e3cd4b5 ] Request (ServerAddressesTestJSON:tearDownClass): 200 GET http://10.180.1.21/compute/v2.1/servers/6db5008a-0bc2-41a4-8597-41bbdbe6681f 0.272s
2024-12-30 09:34:55.918 67101 INFO tempest.lib.common.rest_client [req-88142538-3329-4bd8-aa1d-92bb9df29e0e req-88142538-3329-4bd8-aa1d-92bb9df29e0e ] Request (ServersNegativeTestJSON:setUpClass): 200 GET http://10.180.1.21/compute/v2.1/servers/2346cc28-f1bd-4e6c-a45f-242f224132a9 0.217s
2024-12-30 09:34:55.939 67095 INFO tempest.lib.common.rest_client [req-054de242-43bc-4a98-9266-4be878bfb8d1 req-054de242-43bc-4a98-9266-4be878bfb8d1 ] Request (DeleteServersAdminTestJSON:tearDownClass): 204 DELETE http://10.180.1.21:9696/networking/v2.0/security-groups/1bff1cee-da3d-4c2c-94ab-f9138b0b3db8 0.115s
2024-12-30 09:34:55.960 67149 INFO tempest.lib.common.rest_client [req-90abfa5b-f8c8-4a1a-b1fc-53e25a7b4974 req-90abfa5b-f8c8-4a1a-b1fc-53e25a7b4974 ] Request (ServersTestBootFromVolume:setUpClass): 200 GET http://10.180.1.21/compute/v2.1/servers/a9959f70-763e-4ba6-8b44-f1b927d4cd01 0.251s
2024-12-30 09:34:56.004 67137 INFO tempest.lib.common.rest_client [req-943e9ced-5369-45ab-b479-aac09d879d31 req-943e9ced-5369-45ab-b479-aac09d879d31 ] Request (ServerRescueNegativeTestJSON:test_rescued_vm_detach_volume): 200 GET http://10.180.1.21/compute/v2.1/servers/9cbe5049-3a8e-4962-be3f-2312cced0b11 0.237s
2024-12-30 09:34:56.027 67095 INFO tempest.lib.common.rest_client [req-69e09db4-eb76-4571-bcc1-33f96d0afb13 req-69e09db4-eb76-4571-bcc1-33f96d0afb13 ] Request (DeleteServersAdminTestJSON:tearDownClass): 204 DELETE http://10.180.1.21/identity/v3/projects/d0597136e6574511a290f83b91b9bbf4 0.087s
2024-12-30 09:34:56.049 67107 INFO tempest.lib.common.rest_client [req-c03b6b10-650e-48d5-8937-4acf58b1391b req-c03b6b10-650e-48d5-8937-4acf58b1391b ] Request (ServerPasswordTestJSON:setUpClass): 200 GET http://10.180.1.21/compute/v2.1/servers/5439a79a-b411-4d33-a6e5-09ab473d3656 0.279s
2024-12-30 09:34:56.091 67095 INFO tempest.lib.common.rest_client [req-74b815cf-8702-430b-bb03-83ee86914de4 req-74b815cf-8702-430b-bb03-83ee86914de4 ] Request (FlavorMetadataValidation:setUpClass): 201 POST http://10.180.1.21/identity/v3/auth/tokens 0.062s
2024-12-30 09:34:56.105 67129 INFO tempest.lib.common.rest_client [req-4ec6d800-bb8d-4771-9530-2763559e8fcc req-4ec6d800-bb8d-4771-9530-2763559e8fcc ] Request (SecurityGroupsTestJSON:test_server_security_groups): 200 GET http://10.180.1.21/compute/v2.1/servers/da06dfbd-2823-4075-b453-0e3ca30b7c9c 0.272s
2024-12-30 09:34:56.111 67111 INFO tempest.lib.common.rest_client [req-98782a07-0f24-422a-af6e-3ce4da095b8c req-98782a07-0f24-422a-af6e-3ce4da095b8c ] Request (ListServerFiltersTestJSON:test_list_servers_detailed_filter_by_server_name): 200 GET http://10.180.1.21/compute/v2.1/servers/detail?name=tempest-ListServerFiltersTestJSON-instance-1919546218 0.406s
2024-12-30 09:34:56.123 67095 INFO tempest.lib.common.rest_client [req-b39f1b17-d16e-4b22-b1bf-b4556961e0a0 req-b39f1b17-d16e-4b22-b1bf-b4556961e0a0 ] Request (FlavorMetadataValidation:setUpClass): 201 POST http://10.180.1.21/identity/v3/auth/tokens 0.030s
2024-12-30 09:34:56.145 67095 INFO tempest.lib.common.rest_client [req-5d9e1c87-5f4e-45a2-a6ff-62e0c441672e req-5d9e1c87-5f4e-45a2-a6ff-62e0c441672e ] Request (FlavorMetadataValidation:setUpClass): 200 GET http://10.180.1.21/identity/v3/domains?name=Default 0.021s
2024-12-30 09:34:56.148 67103 INFO tempest.lib.common.rest_client [req-604eed0b-a53a-4aac-8dc1-cfed2fc36255 req-604eed0b-a53a-4aac-8dc1-cfed2fc36255 ] Request (ServersAaction247Test:test_create_backup): 200 GET http://10.180.1.21/compute/v2.1/servers/dc7438a3-d19c-4a38-863f-42bcbc36a1cf 0.311s
2024-12-30 09:34:56.157 67103 INFO tempest.common.waiters [-] State transition "BUILD/scheduling" ==> "BUILD/None" after 40 second wait
2024-12-30 09:34:56.162 67127 INFO tempest.lib.common.rest_client [req-70303093-d3e6-44d7-a75c-b1e21c05f6ce req-70303093-d3e6-44d7-a75c-b1e21c05f6ce ] Request (InstanceActionsNegativeTestJSON:tearDownClass): 200 GET http://10.180.1.21/compute/v2.1/servers/4cf6d2cb-8cf1-48ab-9865-22093b604bfc 0.265s
2024-12-30 09:34:56.175 67095 INFO tempest.lib.common.rest_client [req-9857a146-4584-463f-a192-e31f29fa6636 req-9857a146-4584-463f-a192-e31f29fa6636 ] Request (FlavorMetadataValidation:setUpClass): 201 POST http://10.180.1.21/identity/v3/projects 0.029s
2024-12-30 09:34:56.197 67151 INFO tempest.lib.common.rest_client [req-c548c491-b937-467a-9af1-b3523781b454 req-c548c491-b937-467a-9af1-b3523781b454 ] Request (ServerShowV257Test:tearDownClass): 200 GET http://10.180.1.21/compute/v2.1/servers/8e628cfe-5d32-419d-ad18-1051130cb68d 0.298s
2024-12-30 09:34:56.207 67117 INFO tempest.lib.common.rest_client [req-65a03ef2-10ad-46e1-8189-37234543695d req-65a03ef2-10ad-46e1-8189-37234543695d ] Request (MultipleCreateTestJSON:test_multiple_create): 200 GET http://10.180.1.21/compute/v2.1/servers/f2072664-ec85-48eb-8a4b-8d09c10d29fc 0.257s
2024-12-30 09:34:56.229 67095 INFO tempest.lib.common.rest_client [req-6fbfd2ec-ef20-4ede-9083-9c55c4f2dff6 req-6fbfd2ec-ef20-4ede-9083-9c55c4f2dff6 ] Request (FlavorMetadataValidation:setUpClass): 201 POST http://10.180.1.21/identity/v3/users 0.054s
2024-12-30 09:34:56.244 67109 INFO tempest.lib.common.rest_client [req-c25a6218-ba51-47af-ac44-62c7a5028fb9 req-c25a6218-ba51-47af-ac44-62c7a5028fb9 ] Request (ServerTagsTestJSON:setUpClass): 200 GET http://10.180.1.21/compute/v2.1/servers/0323ded6-9e33-48f2-a1fc-5fda3cdfd3ce 0.270s
2024-12-30 09:34:56.250 67095 INFO tempest.lib.common.rest_client [req-a36e01f2-4bb7-4ec3-b40b-25a6e7034fee req-a36e01f2-4bb7-4ec3-b40b-25a6e7034fee ] Request (FlavorMetadataValidation:setUpClass): 200 GET http://10.180.1.21/identity/v3/roles 0.020s
2024-12-30 09:34:56.257 67113 INFO tempest.lib.common.rest_client [req-8ae1cb10-ec71-4768-ade5-366ee4b7f86d req-8ae1cb10-ec71-4768-ade5-366ee4b7f86d ] Request (ImagesTestJSON:test_create_image_from_stopped_server): 200 GET http://10.180.1.21/compute/v2.1/servers/cac7cbdf-fbf9-480c-b3f6-92caa3dc4fbe 0.215s
2024-12-30 09:34:56.276 67095 INFO tempest.lib.common.rest_client [req-30b9dc40-ad01-47ac-8351-7545b3383b3d req-30b9dc40-ad01-47ac-8351-7545b3383b3d ] Request (FlavorMetadataValidation:setUpClass): 204 PUT http://10.180.1.21/identity/v3/projects/d9b1957d862442cb81a811acbfd7b7b3/users/4619792428ca47f5a380fd322a9531ce/roles/dc91b1af96f44092aad00da57fe51d0a 0.025s
2024-12-30 09:34:56.276 67095 INFO tempest.lib.common.dynamic_creds [-] Dynamic test user 4619792428ca47f5a380fd322a9531ce is created with scope project and roles: ['member']
2024-12-30 09:34:56.276 67095 INFO tempest.lib.common.dynamic_creds [-] Acquired dynamic creds: credentials: Credentials: {'domain_id': 'default', 'domain_name': 'Default', 'username': 'tempest-FlavorMetadataValidation-1818607937-project-member', 'project_domain_id': 'default', 'project_domain_name': 'Default', 'project_id': 'd9b1957d862442cb81a811acbfd7b7b3', 'project_name': 'tempest-FlavorMetadataValidation-1818607937', 'tenant_id': 'd9b1957d862442cb81a811acbfd7b7b3', 'tenant_name': 'tempest-FlavorMetadataValidation-1818607937', 'user_domain_id': 'default', 'user_domain_name': 'Default', 'user_id': '4619792428ca47f5a380fd322a9531ce', 'system': None}, Network: None, Subnet: None, Router: None
2024-12-30 09:34:56.276 67095 INFO tempest.lib.common.dynamic_creds [-] Created isolated network resources for: credentials: Credentials: {'domain_id': 'default', 'domain_name': 'Default', 'username': 'tempest-FlavorMetadataValidation-1818607937-project-member', 'project_domain_id': 'default', 'project_domain_name': 'Default', 'project_id': 'd9b1957d862442cb81a811acbfd7b7b3', 'project_name': 'tempest-FlavorMetadataValidation-1818607937', 'tenant_id': 'd9b1957d862442cb81a811acbfd7b7b3', 'tenant_name': 'tempest-FlavorMetadataValidation-1818607937', 'user_domain_id': 'default', 'user_domain_name': 'Default', 'user_id': '4619792428ca47f5a380fd322a9531ce', 'system': None}, Network: None, Subnet: None, Router: None
2024-12-30 09:34:56.339 67095 INFO tempest.lib.common.rest_client [req-dc64efcf-abdb-4c2e-8355-e70fb5a72b1c req-dc64efcf-abdb-4c2e-8355-e70fb5a72b1c ] Request (FlavorMetadataValidation:setUpClass): 201 POST http://10.180.1.21/identity/v3/auth/tokens 0.060s
2024-12-30 09:34:56.399 67095 INFO tempest.lib.common.rest_client [req-7f4d88a9-4d3c-4f45-8ad8-1934a8af41d8 req-7f4d88a9-4d3c-4f45-8ad8-1934a8af41d8 ] Request (FlavorMetadataValidation:setUpClass): 201 POST http://10.180.1.21/identity/v3/projects 0.059s
2024-12-30 09:34:56.417 67111 INFO tempest.lib.common.rest_client [req-43203a72-8744-45cd-8061-1e1aa5a002cd req-43203a72-8744-45cd-8061-1e1aa5a002cd ] Request (ListServerFiltersTestJSON:test_list_servers_detailed_filter_by_server_status): 200 GET http://10.180.1.21/compute/v2.1/servers/detail?status=active 0.296s
2024-12-30 09:34:56.459 67095 INFO tempest.lib.common.rest_client [req-603c04e0-ee80-46c0-8574-a59d7f6b7acc req-603c04e0-ee80-46c0-8574-a59d7f6b7acc ] Request (FlavorMetadataValidation:setUpClass): 201 POST http://10.180.1.21/identity/v3/users 0.060s
2024-12-30 09:34:56.466 67121 INFO tempest.lib.common.rest_client [req-dfb44728-9701-4f19-876e-32ab2a8c25c6 req-dfb44728-9701-4f19-876e-32ab2a8c25c6 ] Request (ServerExternalEventsTest:test_create_server_external_events): 200 GET http://10.180.1.21/compute/v2.1/servers/677e3210-d6c0-4fbf-8768-e36ddf2acd2c 0.101s
2024-12-30 09:34:56.484 67095 INFO tempest.lib.common.rest_client [req-6a9a7e1c-750b-4846-accb-2ace7062ee25 req-6a9a7e1c-750b-4846-accb-2ace7062ee25 ] Request (FlavorMetadataValidation:setUpClass): 200 GET http://10.180.1.21/identity/v3/roles 0.024s
2024-12-30 09:34:56.514 67095 INFO tempest.lib.common.rest_client [req-b482f88c-bb6e-4f77-8ac3-43f59967dc82 req-b482f88c-bb6e-4f77-8ac3-43f59967dc82 ] Request (FlavorMetadataValidation:setUpClass): 204 PUT http://10.180.1.21/identity/v3/projects/c1b2f5bbc0c54d5ea0b7d3be22944c69/users/6c7dc159ce494ee59b31394577561ef9/roles/3de55ec87a8948be99501a855b8ccc55 0.030s
2024-12-30 09:34:56.529 67143 WARNING tempest.lib.common.ssh [-] Failed to establish authenticated ssh connection to cirros@10.180.180.219 ([Errno None] Unable to connect to port 22 on 10.180.180.219). Number attempts: 12. Retry after 13 seconds.: paramiko.ssh_exception.NoValidConnectionsError: [Errno None] Unable to connect to port 22 on 10.180.180.219
2024-12-30 09:34:56.532 67133 INFO tempest.lib.common.rest_client [req-0117b6ce-82f2-468d-a116-c894d5c1b29d req-0117b6ce-82f2-468d-a116-c894d5c1b29d ] Request (ServersAdminNegativeTestJSON:tearDownClass): 200 GET http://10.180.1.21/compute/v2.1/servers/85b88f2d-a6fc-4073-8988-27190e4ee0b1 0.103s
2024-12-30 09:34:56.559 67095 INFO tempest.lib.common.rest_client [req-cd05a6e2-6081-4fa7-a4d9-d5444812ed80 req-cd05a6e2-6081-4fa7-a4d9-d5444812ed80 ] Request (FlavorMetadataValidation:setUpClass): 200 GET http://10.180.1.21/identity/v3/roles 0.044s
2024-12-30 09:34:56.578 67095 INFO tempest.lib.common.rest_client [req-05298d0f-7c86-47c5-aeb9-3f90413a4596 req-05298d0f-7c86-47c5-aeb9-3f90413a4596 ] Request (FlavorMetadataValidation:setUpClass): 204 PUT http://10.180.1.21/identity/v3/projects/c1b2f5bbc0c54d5ea0b7d3be22944c69/users/6c7dc159ce494ee59b31394577561ef9/roles/3de55ec87a8948be99501a855b8ccc55 0.018s
2024-12-30 09:34:56.578 67095 INFO tempest.lib.common.dynamic_creds [-] Dynamic test user 6c7dc159ce494ee59b31394577561ef9 is created with scope project and roles: ['admin']
2024-12-30 09:34:56.578 67095 INFO tempest.lib.common.dynamic_creds [-] Acquired dynamic creds: credentials: Credentials: {'domain_id': 'default', 'domain_name': 'Default', 'username': 'tempest-FlavorMetadataValidation-1788036722-project-admin', 'project_domain_id': 'default', 'project_domain_name': 'Default', 'project_id': 'c1b2f5bbc0c54d5ea0b7d3be22944c69', 'project_name': 'tempest-FlavorMetadataValidation-1788036722', 'tenant_id': 'c1b2f5bbc0c54d5ea0b7d3be22944c69', 'tenant_name': 'tempest-FlavorMetadataValidation-1788036722', 'user_domain_id': 'default', 'user_domain_name': 'Default', 'user_id': '6c7dc159ce494ee59b31394577561ef9', 'system': None}, Network: None, Subnet: None, Router: None
2024-12-30 09:34:56.578 67095 INFO tempest.lib.common.dynamic_creds [-] Created isolated network resources for: credentials: Credentials: {'domain_id': 'default', 'domain_name': 'Default', 'username': 'tempest-FlavorMetadataValidation-1788036722-project-admin', 'project_domain_id': 'default', 'project_domain_name': 'Default', 'project_id': 'c1b2f5bbc0c54d5ea0b7d3be22944c69', 'project_name': 'tempest-FlavorMetadataValidation-1788036722', 'tenant_id': 'c1b2f5bbc0c54d5ea0b7d3be22944c69', 'tenant_name': 'tempest-FlavorMetadataValidation-1788036722', 'user_domain_id': 'default', 'user_domain_name': 'Default', 'user_id': '6c7dc159ce494ee59b31394577561ef9', 'system': None}, Network: None, Subnet: None, Router: None
2024-12-30 09:34:56.580 67111 INFO tempest.lib.common.rest_client [req-d88af0ed-c737-49c8-bb9a-7aef7c1570b6 req-d88af0ed-c737-49c8-bb9a-7aef7c1570b6 ] Request (ListServerFiltersTestJSON:test_list_servers_detailed_limit_results): 200 GET http://10.180.1.21/compute/v2.1/servers/detail?limit=1 0.154s
2024-12-30 09:34:56.583 67123 INFO tempest.lib.common.rest_client [req-88b96cc1-052f-4cf1-a527-33837a75a6f1 req-88b96cc1-052f-4cf1-a527-33837a75a6f1 ] Request (ServerDiskConfigTestJSON:test_rebuild_server_with_manual_disk_config): 200 GET http://10.180.1.21/compute/v2.1/servers/1130179f-2d78-472e-927c-0b1d983fded2 0.153s
2024-12-30 09:34:56.629 67119 INFO tempest.lib.common.rest_client [req-96197523-f5ea-405a-b5a2-715913cc9312 req-96197523-f5ea-405a-b5a2-715913cc9312 ] Request (VolumesAdminNegativeTest:test_update_attached_volume_with_nonexistent_volume_in_uri): 200 GET http://10.180.1.21/compute/v2.1/servers/9a770759-5575-4329-945f-abc6973562e9 0.134s
2024-12-30 09:34:56.641 67131 INFO tempest.lib.common.rest_client [req-9f3f0549-e813-40df-b05a-21827d4db2e2 req-9f3f0549-e813-40df-b05a-21827d4db2e2 ] Request (InstanceActionsTestJSON:tearDownClass): 200 GET http://10.180.1.21/compute/v2.1/servers/877a937a-e068-47ac-a6ca-8b499fc46b74 0.089s
2024-12-30 09:34:56.650 67095 INFO tempest.lib.common.rest_client [req-45a0e652-d809-489f-9543-6f142c22f591 req-45a0e652-d809-489f-9543-6f142c22f591 ] Request (FlavorMetadataValidation:setUpClass): 201 POST http://10.180.1.21/identity/v3/auth/tokens 0.069s
2024-12-30 09:34:56.713 67111 INFO tempest.lib.common.rest_client [req-5e4a8150-474c-40a6-81ef-478395b7e96d req-5e4a8150-474c-40a6-81ef-478395b7e96d ] Request (ListServerFiltersTestJSON:test_list_servers_filter_by_active_status): 200 GET http://10.180.1.21/compute/v2.1/servers?status=active 0.121s
2024-12-30 09:34:56.749 67095 INFO tempest.lib.common.rest_client [req-62c2750e-e9d1-40d2-8b6a-c225497767b7 req-62c2750e-e9d1-40d2-8b6a-c225497767b7 ] Request (FlavorMetadataValidation:test_flavor_update_with_custom_namespace): 200 POST http://10.180.1.21/compute/v2.1/flavors 0.097s
2024-12-30 09:34:56.817 67111 INFO tempest.lib.common.rest_client [req-4eb89063-510b-4b2e-810c-46d1e6411d92 req-4eb89063-510b-4b2e-810c-46d1e6411d92 ] Request (ListServerFiltersTestJSON:test_list_servers_filter_by_exceed_limit): 200 GET http://10.180.1.21/compute/v2.1/servers?limit=100000 0.100s
2024-12-30 09:34:56.870 67139 INFO tempest.lib.common.rest_client [req-bb556b19-0992-4a57-a562-5a08ed568633 req-bb556b19-0992-4a57-a562-5a08ed568633 ] Request (ServerActionsTestOtherB:setUpClass): 200 GET http://10.180.1.21/compute/v2.1/servers/3ea50bbd-56e4-4fd5-a15a-1059d58227d5 0.155s
2024-12-30 09:34:56.923 67095 INFO tempest.lib.common.rest_client [req-604be91b-b2d1-4d2e-9006-b251fe5c50fa req-604be91b-b2d1-4d2e-9006-b251fe5c50fa ] Request (FlavorMetadataValidation:test_flavor_update_with_custom_namespace): 200 POST http://10.180.1.21/compute/v2.1/flavors/1918905759/os-extra_specs 0.172s
2024-12-30 09:34:56.924 67125 INFO tempest.lib.common.rest_client [req-0c889960-7cf5-43b0-a074-e79cd225605e req-0c889960-7cf5-43b0-a074-e79cd225605e ] Request (ServersAdminTestJSON:test_inject_network_info): 200 GET http://10.180.1.21/compute/v2.1/servers/b7433a97-38b5-40c4-b993-b15aa9bfa420 0.162s
2024-12-30 09:34:56.976 67093 INFO tempest.lib.common.rest_client [req-1c69ca53-1c08-496f-83a4-f0f63045df5d req-1c69ca53-1c08-496f-83a4-f0f63045df5d ] Request (ListImageFiltersTestJSON:setUpClass): 200 GET http://10.180.1.21/compute/v2.1/servers/16287ba1-3b2f-44aa-baf7-6965213fec30 0.211s
2024-12-30 09:34:57.010 67111 INFO tempest.lib.common.rest_client [req-99d4b176-688e-491d-844f-f0f27517ef4c req-99d4b176-688e-491d-844f-f0f27517ef4c ] Request (ListServerFiltersTestJSON:test_list_servers_filter_by_exceed_limit): 200 GET http://10.180.1.21/compute/v2.1/servers 0.191s
2024-12-30 09:34:57.024 67147 INFO tempest.lib.common.rest_client [req-cf7c4258-af5c-4e80-8f96-2ba273f8e3bf req-cf7c4258-af5c-4e80-8f96-2ba273f8e3bf ] Request (ServerActionsTestJSON:setUpClass): 200 GET http://10.180.1.21/compute/v2.1/servers/f63c1f62-24dd-427f-90cc-25312097d746 0.204s
2024-12-30 09:34:57.059 67097 INFO tempest.lib.common.rest_client [req-ecca5410-2f29-4324-b7dc-35fd1ecd3055 req-ecca5410-2f29-4324-b7dc-35fd1ecd3055 ] Request (MigrationsAdminTest:test_resize_server_revert_deleted_flavor): 200 GET http://10.180.1.21/compute/v2.1/servers/3a89c989-dbca-4f12-b59d-dada28b3f84b 0.238s
2024-12-30 09:34:57.069 67115 INFO tempest.lib.common.rest_client [req-f06d4c0b-ffb5-4157-8509-0a79df0a6e72 req-f06d4c0b-ffb5-4157-8509-0a79df0a6e72 ] Request (ServersWithSpecificFlavorTestJSON:test_verify_created_server_ephemeral_disk): 200 GET http://10.180.1.21/compute/v2.1/servers/e0b3cdfa-29a1-43c7-8808-57a4bccedcde 0.196s
2024-12-30 09:34:57.071 67095 INFO tempest.lib.common.rest_client [req-406544f1-b439-4728-b7aa-d30bee5722fb req-406544f1-b439-4728-b7aa-d30bee5722fb ] Request (FlavorMetadataValidation:_run_cleanups): 202 DELETE http://10.180.1.21/compute/v2.1/flavors/1918905759 0.147s
2024-12-30 09:34:57.112 67101 INFO tempest.lib.common.rest_client [req-a395db80-7c40-4281-8c0b-8147f2cc1993 req-a395db80-7c40-4281-8c0b-8147f2cc1993 ] Request (ServersNegativeTestJSON:setUpClass): 200 GET http://10.180.1.21/compute/v2.1/servers/2346cc28-f1bd-4e6c-a45f-242f224132a9 0.187s
2024-12-30 09:34:57.127 67135 INFO tempest.lib.common.rest_client [req-c390f9aa-1ec0-4df7-ace0-792d4f4980f6 req-c390f9aa-1ec0-4df7-ace0-792d4f4980f6 ] Request (ServerAddressesTestJSON:tearDownClass): 200 GET http://10.180.1.21/compute/v2.1/servers/6db5008a-0bc2-41a4-8597-41bbdbe6681f 0.200s
2024-12-30 09:34:57.156 67149 INFO tempest.lib.common.rest_client [req-39f47fbb-6815-4d51-b4db-21c950a33704 req-39f47fbb-6815-4d51-b4db-21c950a33704 ] Request (ServersTestBootFromVolume:setUpClass): 200 GET http://10.180.1.21/compute/v2.1/servers/a9959f70-763e-4ba6-8b44-f1b927d4cd01 0.189s
2024-12-30 09:34:57.172 67137 INFO tempest.lib.common.rest_client [req-0888aefc-636b-44d4-bf78-cf7f7ac6d59f req-0888aefc-636b-44d4-bf78-cf7f7ac6d59f ] Request (ServerRescueNegativeTestJSON:test_rescued_vm_detach_volume): 200 GET http://10.180.1.21/compute/v2.1/servers/9cbe5049-3a8e-4962-be3f-2312cced0b11 0.157s
2024-12-30 09:34:57.222 67107 INFO tempest.lib.common.rest_client [req-eefa5da4-f8d9-4aa2-a7e4-3b619cef31c3 req-eefa5da4-f8d9-4aa2-a7e4-3b619cef31c3 ] Request (ServerPasswordTestJSON:setUpClass): 200 GET http://10.180.1.21/compute/v2.1/servers/5439a79a-b411-4d33-a6e5-09ab473d3656 0.164s
2024-12-30 09:34:57.238 67095 INFO tempest.lib.common.rest_client [req-0ca9ec03-672e-4dc2-b0d8-b10f9a571b31 req-0ca9ec03-672e-4dc2-b0d8-b10f9a571b31 ] Request (FlavorMetadataValidation:_run_cleanups): 200 GET http://10.180.1.21/compute/v2.1/flavors/detail 0.166s
2024-12-30 09:34:57.240 67111 INFO tempest.lib.common.rest_client [req-648768da-26e7-4732-bc86-e98db0b73f0b req-648768da-26e7-4732-bc86-e98db0b73f0b ] Request (ListServerFiltersTestJSON:test_list_servers_filter_by_flavor): 200 GET http://10.180.1.21/compute/v2.1/servers?flavor=84 0.225s
2024-12-30 09:34:57.297 67129 INFO tempest.lib.common.rest_client [req-2e4b668b-de83-450b-9e0f-ebc523306795 req-2e4b668b-de83-450b-9e0f-ebc523306795 ] Request (SecurityGroupsTestJSON:test_server_security_groups): 200 GET http://10.180.1.21/compute/v2.1/servers/da06dfbd-2823-4075-b453-0e3ca30b7c9c 0.182s
2024-12-30 09:34:57.298 67103 INFO tempest.lib.common.rest_client [req-326e5c9d-3685-47f5-9291-948525b8b7bb req-326e5c9d-3685-47f5-9291-948525b8b7bb ] Request (ServersAaction247Test:test_create_backup): 200 GET http://10.180.1.21/compute/v2.1/servers/dc7438a3-d19c-4a38-863f-42bcbc36a1cf 0.140s
2024-12-30 09:34:57.348 67095 INFO tempest.lib.common.rest_client [req-053676e2-a6b5-4e18-bcc4-a0a98229971c req-053676e2-a6b5-4e18-bcc4-a0a98229971c ] Request (FlavorMetadataValidation:tearDownClass): 204 DELETE http://10.180.1.21/identity/v3/users/4619792428ca47f5a380fd322a9531ce 0.101s
2024-12-30 09:34:57.356 67127 INFO tempest.lib.common.rest_client [req-3a6eefaf-1819-42a6-b6d9-d4194f6c962d req-3a6eefaf-1819-42a6-b6d9-d4194f6c962d ] Request (InstanceActionsNegativeTestJSON:tearDownClass): 200 GET http://10.180.1.21/compute/v2.1/servers/4cf6d2cb-8cf1-48ab-9865-22093b604bfc 0.186s
2024-12-30 09:34:57.368 67151 INFO tempest.lib.common.rest_client [req-0709b489-0cef-4de7-9222-1ac937f03e12 req-0709b489-0cef-4de7-9222-1ac937f03e12 ] Request (ServerShowV257Test:tearDownClass): 200 GET http://10.180.1.21/compute/v2.1/servers/8e628cfe-5d32-419d-ad18-1051130cb68d 0.161s
2024-12-30 09:34:57.389 67111 INFO tempest.lib.common.rest_client [req-ba1743ae-4d42-4bb0-a0d6-a3ee22f94f90 req-ba1743ae-4d42-4bb0-a0d6-a3ee22f94f90 ] Request (ListServerFiltersTestJSON:test_list_servers_filter_by_limit): 200 GET http://10.180.1.21/compute/v2.1/servers?limit=1 0.147s
2024-12-30 09:34:57.401 67117 INFO tempest.lib.common.rest_client [req-e1b0fa1a-1680-461f-b8ca-ada1f360a5a9 req-e1b0fa1a-1680-461f-b8ca-ada1f360a5a9 ] Request (MultipleCreateTestJSON:test_multiple_create): 200 GET http://10.180.1.21/compute/v2.1/servers/f2072664-ec85-48eb-8a4b-8d09c10d29fc 0.186s
2024-12-30 09:34:57.435 67109 INFO tempest.lib.common.rest_client [req-69f968e5-6976-4623-894a-9939d5a93804 req-69f968e5-6976-4623-894a-9939d5a93804 ] Request (ServerTagsTestJSON:setUpClass): 200 GET http://10.180.1.21/compute/v2.1/servers/0323ded6-9e33-48f2-a1fc-5fda3cdfd3ce 0.182s
2024-12-30 09:34:57.446 67095 INFO tempest.lib.common.rest_client [req-9f0aaced-7cf9-4053-b369-d7f00fcaea85 req-9f0aaced-7cf9-4053-b369-d7f00fcaea85 ] Request (FlavorMetadataValidation:tearDownClass): 204 DELETE http://10.180.1.21/identity/v3/users/6c7dc159ce494ee59b31394577561ef9 0.097s
2024-12-30 09:34:57.446 67113 INFO tempest.lib.common.rest_client [req-e6e08b55-4b59-4312-9695-22e9c63ab7c0 req-e6e08b55-4b59-4312-9695-22e9c63ab7c0 ] Request (ImagesTestJSON:test_create_image_from_stopped_server): 200 GET http://10.180.1.21/compute/v2.1/servers/cac7cbdf-fbf9-480c-b3f6-92caa3dc4fbe 0.182s
2024-12-30 09:34:57.446 67095 INFO tempest.lib.common.dynamic_creds [-] Deleting project and security group for project: c1b2f5bbc0c54d5ea0b7d3be22944c69
2024-12-30 09:34:57.498 67095 INFO tempest.lib.common.rest_client [req-b6343ea4-4da2-4859-a2fd-75e68aa44e96 req-b6343ea4-4da2-4859-a2fd-75e68aa44e96 ] Request (FlavorMetadataValidation:tearDownClass): 201 POST http://10.180.1.21/identity/v3/auth/tokens 0.052s
2024-12-30 09:34:57.511 67111 INFO tempest.lib.common.rest_client [req-d97110cc-dc39-479a-ab09-05432de11b80 req-d97110cc-dc39-479a-ab09-05432de11b80 ] Request (ListServerFiltersTestJSON:test_list_servers_filter_by_server_name): 200 GET http://10.180.1.21/compute/v2.1/servers?name=tempest-ListServerFiltersTestJSON-instance-1919546218 0.119s
2024-12-30 09:34:57.586 67111 INFO tempest.lib.common.rest_client [req-1b20c861-ba88-4174-928c-3bf7370a9e11 req-1b20c861-ba88-4174-928c-3bf7370a9e11 ] Request (ListServerFiltersTestJSON:test_list_servers_filter_by_shutoff_status): 202 POST http://10.180.1.21/compute/v2.1/servers/9739be8a-c790-4c96-924b-b47275236b38/action 0.071s
2024-12-30 09:34:57.650 67121 INFO tempest.lib.common.rest_client [req-81a9a7ee-3fb8-4862-a642-2d328b8dbc02 req-81a9a7ee-3fb8-4862-a642-2d328b8dbc02 ] Request (ServerExternalEventsTest:test_create_server_external_events): 200 GET http://10.180.1.21/compute/v2.1/servers/677e3210-d6c0-4fbf-8768-e36ddf2acd2c 0.177s
2024-12-30 09:34:57.653 67133 INFO tempest.lib.common.rest_client [req-a30707f1-03ce-40b7-8754-8302b6688633 req-a30707f1-03ce-40b7-8754-8302b6688633 ] Request (ServersAdminNegativeTestJSON:tearDownClass): 200 GET http://10.180.1.21/compute/v2.1/servers/85b88f2d-a6fc-4073-8988-27190e4ee0b1 0.114s
2024-12-30 09:34:57.716 67123 INFO tempest.lib.common.rest_client [req-e8d5b30a-8de9-4cc0-a34a-92e5cae0307b req-e8d5b30a-8de9-4cc0-a34a-92e5cae0307b ] Request (ServerDiskConfigTestJSON:test_rebuild_server_with_manual_disk_config): 200 GET http://10.180.1.21/compute/v2.1/servers/1130179f-2d78-472e-927c-0b1d983fded2 0.126s
2024-12-30 09:34:57.746 67095 INFO tempest.lib.common.rest_client [req-81b9c23f-a189-4348-95a2-20601bf89264 req-81b9c23f-a189-4348-95a2-20601bf89264 ] Request (FlavorMetadataValidation:tearDownClass): 200 GET http://10.180.1.21:9696/networking/v2.0/security-groups?tenant_id=c1b2f5bbc0c54d5ea0b7d3be22944c69&name=default 0.247s
2024-12-30 09:34:57.782 67119 INFO tempest.lib.common.rest_client [req-94785f8d-f8de-4ebf-910a-f75a01190af0 req-94785f8d-f8de-4ebf-910a-f75a01190af0 ] Request (VolumesAdminNegativeTest:test_update_attached_volume_with_nonexistent_volume_in_uri): 200 GET http://10.180.1.21/compute/v2.1/servers/9a770759-5575-4329-945f-abc6973562e9 0.145s
2024-12-30 09:34:57.812 67111 INFO tempest.lib.common.rest_client [req-4169c8d4-f258-4025-8b55-e0e7d26bea78 req-4169c8d4-f258-4025-8b55-e0e7d26bea78 ] Request (ListServerFiltersTestJSON:test_list_servers_filter_by_shutoff_status): 200 GET http://10.180.1.21/compute/v2.1/servers/9739be8a-c790-4c96-924b-b47275236b38 0.226s
2024-12-30 09:34:57.846 67131 INFO tempest.lib.common.rest_client [req-dcab5297-8891-4d81-9d11-ddcda30ba7dd req-dcab5297-8891-4d81-9d11-ddcda30ba7dd ] Request (InstanceActionsTestJSON:tearDownClass): 200 GET http://10.180.1.21/compute/v2.1/servers/877a937a-e068-47ac-a6ca-8b499fc46b74 0.198s
2024-12-30 09:34:57.867 67095 INFO tempest.lib.common.rest_client [req-12d31377-3427-4fac-b9b0-9cccf2b3f057 req-12d31377-3427-4fac-b9b0-9cccf2b3f057 ] Request (FlavorMetadataValidation:tearDownClass): 204 DELETE http://10.180.1.21:9696/networking/v2.0/security-groups/64478858-3e6a-49e2-b76a-b76932795339 0.121s
2024-12-30 09:34:57.957 67095 INFO tempest.lib.common.rest_client [req-4f070110-9cdc-4e42-9673-1d869f4c1ebe req-4f070110-9cdc-4e42-9673-1d869f4c1ebe ] Request (FlavorMetadataValidation:tearDownClass): 204 DELETE http://10.180.1.21/identity/v3/projects/c1b2f5bbc0c54d5ea0b7d3be22944c69 0.089s
2024-12-30 09:34:57.957 67095 INFO tempest.lib.common.dynamic_creds [-] Deleting project and security group for project: d9b1957d862442cb81a811acbfd7b7b3
2024-12-30 09:34:57.991 67125 INFO tempest.lib.common.rest_client [req-7225a5aa-ce95-41e1-8ace-2ed02f83ffab req-7225a5aa-ce95-41e1-8ace-2ed02f83ffab ] Request (ServersAdminTestJSON:test_inject_network_info): 200 GET http://10.180.1.21/compute/v2.1/servers/b7433a97-38b5-40c4-b993-b15aa9bfa420 0.060s
2024-12-30 09:34:58.002 67139 INFO tempest.lib.common.rest_client [req-2d7bfe17-624a-4bd5-bd73-7c362356b6d3 req-2d7bfe17-624a-4bd5-bd73-7c362356b6d3 ] Request (ServerActionsTestOtherB:setUpClass): 200 GET http://10.180.1.21/compute/v2.1/servers/3ea50bbd-56e4-4fd5-a15a-1059d58227d5 0.117s
2024-12-30 09:34:58.043 67093 INFO tempest.lib.common.rest_client [req-55da4e89-04e2-4832-a773-ec99ed6e2b99 req-55da4e89-04e2-4832-a773-ec99ed6e2b99 ] Request (ListImageFiltersTestJSON:setUpClass): 200 GET http://10.180.1.21/compute/v2.1/servers/16287ba1-3b2f-44aa-baf7-6965213fec30 0.058s
2024-12-30 09:34:58.087 67095 INFO tempest.lib.common.rest_client [req-ab3402e6-0e68-496b-950a-68c3fa945dbf req-ab3402e6-0e68-496b-950a-68c3fa945dbf ] Request (FlavorMetadataValidation:tearDownClass): 200 GET http://10.180.1.21:9696/networking/v2.0/security-groups?tenant_id=d9b1957d862442cb81a811acbfd7b7b3&name=default 0.129s
2024-12-30 09:34:58.087 67147 INFO tempest.lib.common.rest_client [req-64c4bee6-f830-42d3-acc4-810c1c9e5e75 req-64c4bee6-f830-42d3-acc4-810c1c9e5e75 ] Request (ServerActionsTestJSON:setUpClass): 200 GET http://10.180.1.21/compute/v2.1/servers/f63c1f62-24dd-427f-90cc-25312097d746 0.055s
2024-12-30 09:34:58.125 67097 INFO tempest.lib.common.rest_client [req-d69588e5-c024-4be3-b2f3-6e24444dbda7 req-d69588e5-c024-4be3-b2f3-6e24444dbda7 ] Request (MigrationsAdminTest:test_resize_server_revert_deleted_flavor): 200 GET http://10.180.1.21/compute/v2.1/servers/3a89c989-dbca-4f12-b59d-dada28b3f84b 0.059s
2024-12-30 09:34:58.140 67115 INFO tempest.lib.common.rest_client [req-11cc88f3-8564-4c52-b3c2-d293d7dbd008 req-11cc88f3-8564-4c52-b3c2-d293d7dbd008 ] Request (ServersWithSpecificFlavorTestJSON:test_verify_created_server_ephemeral_disk): 200 GET http://10.180.1.21/compute/v2.1/servers/e0b3cdfa-29a1-43c7-8808-57a4bccedcde 0.064s
2024-12-30 09:34:58.174 67101 INFO tempest.lib.common.rest_client [req-60def39a-9ba4-4e1c-ad33-0edd4c558e51 req-60def39a-9ba4-4e1c-ad33-0edd4c558e51 ] Request (ServersNegativeTestJSON:setUpClass): 200 GET http://10.180.1.21/compute/v2.1/servers/2346cc28-f1bd-4e6c-a45f-242f224132a9 0.054s
2024-12-30 09:34:58.192 67135 INFO tempest.lib.common.rest_client [req-7e0d69a4-14ce-43f2-9192-8369db4713b3 req-7e0d69a4-14ce-43f2-9192-8369db4713b3 ] Request (ServerAddressesTestJSON:tearDownClass): 200 GET http://10.180.1.21/compute/v2.1/servers/6db5008a-0bc2-41a4-8597-41bbdbe6681f 0.057s
2024-12-30 09:34:58.201 67095 INFO tempest.lib.common.rest_client [req-4896c64e-8044-4946-9a8f-d2c7380d27fb req-4896c64e-8044-4946-9a8f-d2c7380d27fb ] Request (FlavorMetadataValidation:tearDownClass): 204 DELETE http://10.180.1.21:9696/networking/v2.0/security-groups/79d5ac95-50f2-40b5-bdb0-8d66abb15b13 0.114s
2024-12-30 09:34:58.224 67149 INFO tempest.lib.common.rest_client [req-a15051c1-653d-4a99-9192-529557d6e48b req-a15051c1-653d-4a99-9192-529557d6e48b ] Request (ServersTestBootFromVolume:setUpClass): 200 GET http://10.180.1.21/compute/v2.1/servers/a9959f70-763e-4ba6-8b44-f1b927d4cd01 0.058s
2024-12-30 09:34:58.239 67137 INFO tempest.lib.common.rest_client [req-d88007de-0281-4914-9da1-98ed62f280de req-d88007de-0281-4914-9da1-98ed62f280de ] Request (ServerRescueNegativeTestJSON:test_rescued_vm_detach_volume): 200 GET http://10.180.1.21/compute/v2.1/servers/9cbe5049-3a8e-4962-be3f-2312cced0b11 0.058s
2024-12-30 09:34:58.278 67107 INFO tempest.lib.common.rest_client [req-e6c8f783-bda8-4490-af0a-efd5604a87a2 req-e6c8f783-bda8-4490-af0a-efd5604a87a2 ] Request (ServerPasswordTestJSON:setUpClass): 200 GET http://10.180.1.21/compute/v2.1/servers/5439a79a-b411-4d33-a6e5-09ab473d3656 0.047s
2024-12-30 09:34:58.292 67095 INFO tempest.lib.common.rest_client [req-3b646e7b-45e0-42ce-badc-404d38cc782e req-3b646e7b-45e0-42ce-badc-404d38cc782e ] Request (FlavorMetadataValidation:tearDownClass): 204 DELETE http://10.180.1.21/identity/v3/projects/d9b1957d862442cb81a811acbfd7b7b3 0.090s
2024-12-30 09:34:58.352 67095 INFO tempest.lib.common.rest_client [req-528c4433-4f17-4a27-af64-022067d06df7 req-528c4433-4f17-4a27-af64-022067d06df7 ] Request (HostsAdminTestJSON:setUpClass): 201 POST http://10.180.1.21/identity/v3/auth/tokens 0.059s
2024-12-30 09:34:58.366 67129 INFO tempest.lib.common.rest_client [req-063b1ab3-eb16-42f5-b47b-45a3fdf65e37 req-063b1ab3-eb16-42f5-b47b-45a3fdf65e37 ] Request (SecurityGroupsTestJSON:test_server_security_groups): 200 GET http://10.180.1.21/compute/v2.1/servers/da06dfbd-2823-4075-b453-0e3ca30b7c9c 0.058s
2024-12-30 09:34:58.368 67103 INFO tempest.lib.common.rest_client [req-2cf03da5-0a95-4866-b208-78ae541c7a88 req-2cf03da5-0a95-4866-b208-78ae541c7a88 ] Request (ServersAaction247Test:test_create_backup): 200 GET http://10.180.1.21/compute/v2.1/servers/dc7438a3-d19c-4a38-863f-42bcbc36a1cf 0.059s
2024-12-30 09:34:58.381 67095 INFO tempest.lib.common.rest_client [req-6ae8e8be-7ce1-477e-88ad-abf288349815 req-6ae8e8be-7ce1-477e-88ad-abf288349815 ] Request (HostsAdminTestJSON:setUpClass): 201 POST http://10.180.1.21/identity/v3/auth/tokens 0.026s
2024-12-30 09:34:58.409 67095 INFO tempest.lib.common.rest_client [req-26044cdc-f138-46fe-bb84-b2829eaefaa4 req-26044cdc-f138-46fe-bb84-b2829eaefaa4 ] Request (HostsAdminTestJSON:setUpClass): 200 GET http://10.180.1.21/identity/v3/domains?name=Default 0.028s
2024-12-30 09:34:58.436 67127 INFO tempest.lib.common.rest_client [req-be0bb068-57eb-4533-a662-82f4bdaf2391 req-be0bb068-57eb-4533-a662-82f4bdaf2391 ] Request (InstanceActionsNegativeTestJSON:tearDownClass): 200 GET http://10.180.1.21/compute/v2.1/servers/4cf6d2cb-8cf1-48ab-9865-22093b604bfc 0.058s
2024-12-30 09:34:58.437 67095 INFO tempest.lib.common.rest_client [req-32599521-4937-4c33-8eac-eb0922df11f9 req-32599521-4937-4c33-8eac-eb0922df11f9 ] Request (HostsAdminTestJSON:setUpClass): 201 POST http://10.180.1.21/identity/v3/projects 0.027s
