2024-12-30 09:34:41.292 67133 INFO tempest.lib.common.rest_client [req-75dabb21-70cf-4c6c-831b-dcf64e918d56 req-75dabb21-70cf-4c6c-831b-dcf64e918d56 ] Request (ServersAdminNegativeTestJSON:tearDownClass): 200 GET http://10.180.1.21/compute/v2.1/servers/85b88f2d-a6fc-4073-8988-27190e4ee0b1 0.066s
2024-12-30 09:34:41.339 67117 INFO tempest.lib.common.rest_client [req-c440230b-6ac4-4032-86d0-ded67aec33af req-c440230b-6ac4-4032-86d0-ded67aec33af ] Request (MultipleCreateTestJSON:test_multiple_create): 200 GET http://10.180.1.21/compute/v2.1/servers/f2072664-ec85-48eb-8a4b-8d09c10d29fc 0.051s
2024-12-30 09:34:41.415 67109 INFO tempest.lib.common.rest_client [req-04420e52-3329-4f08-bc8a-867c33609708 req-04420e52-3329-4f08-bc8a-867c33609708 ] Request (ServerTagsTestJSON:setUpClass): 200 GET http://10.180.1.21/compute/v2.1/servers/0323ded6-9e33-48f2-a1fc-5fda3cdfd3ce 0.100s
2024-12-30 09:34:41.463 67113 INFO tempest.lib.common.rest_client [req-99eaa218-e405-4993-ba65-20e0f1bde74d req-99eaa218-e405-4993-ba65-20e0f1bde74d ] Request (ImagesTestJSON:test_create_image_from_stopped_server): 200 GET http://10.180.1.21/compute/v2.1/servers/cac7cbdf-fbf9-480c-b3f6-92caa3dc4fbe 0.112s
2024-12-30 09:34:41.515 67139 INFO tempest.lib.common.rest_client [req-5e1eaa05-f204-40ed-bf01-9c2e596e2d8f req-5e1eaa05-f204-40ed-bf01-9c2e596e2d8f ] Request (ServerActionsTestOtherB:setUpClass): 200 GET http://10.180.1.21/compute/v2.1/servers/3ea50bbd-56e4-4fd5-a15a-1059d58227d5 0.146s
2024-12-30 09:34:41.556 67107 INFO tempest.lib.common.rest_client [req-a9ef9885-5dbc-4d37-9ed6-94427d6aeb9d req-a9ef9885-5dbc-4d37-9ed6-94427d6aeb9d ] Request (ServerPasswordTestJSON:setUpClass): 201 POST http://10.180.1.21:9696/networking/v2.0/networks 0.268s
2024-12-30 09:34:41.575 67123 INFO tempest.lib.common.rest_client [req-5e8b5504-92b2-4ac3-986f-4b35940e7041 req-5e8b5504-92b2-4ac3-986f-4b35940e7041 ] Request (ServerDiskConfigTestJSON:test_rebuild_server_with_manual_disk_config): 200 GET http://10.180.1.21/compute/v2.1/servers/1130179f-2d78-472e-927c-0b1d983fded2 0.168s
2024-12-30 09:34:41.625 67131 INFO tempest.lib.common.rest_client [req-afbc44bb-82b8-4ed2-9704-315175c086f3 req-afbc44bb-82b8-4ed2-9704-315175c086f3 ] Request (InstanceActionsTestJSON:tearDownClass): 200 GET http://10.180.1.21/compute/v2.1/servers/877a937a-e068-47ac-a6ca-8b499fc46b74 0.151s
2024-12-30 09:34:41.670 67125 INFO tempest.lib.common.rest_client [req-2174c9e5-2923-4034-8c02-ff1c34a26875 req-2174c9e5-2923-4034-8c02-ff1c34a26875 ] Request (ServersAdminTestJSON:test_inject_network_info): 200 GET http://10.180.1.21/compute/v2.1/servers/b7433a97-38b5-40c4-b993-b15aa9bfa420 0.154s
2024-12-30 09:34:41.714 67107 INFO tempest.lib.common.rest_client [req-e420cae4-11ff-4f65-8bb4-28a0b51128bc req-e420cae4-11ff-4f65-8bb4-28a0b51128bc ] Request (ServerPasswordTestJSON:setUpClass): 201 POST http://10.180.1.21:9696/networking/v2.0/subnets 0.158s
2024-12-30 09:34:41.723 67093 INFO tempest.lib.common.rest_client [req-73e47feb-1bf0-4998-a0c5-483fb5717914 req-73e47feb-1bf0-4998-a0c5-483fb5717914 ] Request (ListImageFiltersTestJSON:setUpClass): 200 GET http://10.180.1.21/compute/v2.1/servers/16287ba1-3b2f-44aa-baf7-6965213fec30 0.147s
2024-12-30 09:34:42.092 67135 INFO tempest.lib.common.rest_client [req-c2b2d1a5-32e6-41c0-8b7c-d7282e4cd008 req-c2b2d1a5-32e6-41c0-8b7c-d7282e4cd008 ] Request (ServerAddressesTestJSON:setUpClass): 200 GET http://10.180.1.21/compute/v2.1/servers/6db5008a-0bc2-41a4-8597-41bbdbe6681f 0.480s
2024-12-30 09:34:42.099 67135 INFO tempest.common.waiters [-] State transition "BUILD/spawning" ==> "ACTIVE/None" after 83 second wait
2024-12-30 09:34:42.152 67147 INFO tempest.lib.common.rest_client [req-fe8cfa1d-41e6-4419-b292-222f46476547 req-fe8cfa1d-41e6-4419-b292-222f46476547 ] Request (ServerActionsTestJSON:setUpClass): 200 GET http://10.180.1.21/compute/v2.1/servers/f63c1f62-24dd-427f-90cc-25312097d746 0.521s
2024-12-30 09:34:42.221 67095 INFO tempest.lib.common.rest_client [req-4325f54b-f5be-4efe-9e35-b9a739305e35 req-4325f54b-f5be-4efe-9e35-b9a739305e35 ] Request (DeleteServersAdminTestJSON:test_delete_server_while_in_error_state): 200 GET http://10.180.1.21/compute/v2.1/servers/a2ff6e56-fd4f-445d-9455-3c5a39815227 0.524s
2024-12-30 09:34:42.281 67111 INFO tempest.lib.common.rest_client [req-987c5580-85f3-4ecd-af15-f6a85328db2f req-987c5580-85f3-4ecd-af15-f6a85328db2f ] Request (ListServerFiltersTestJSON:setUpClass): 200 GET http://10.180.1.21/compute/v2.1/servers/8811ec10-8cc5-4238-b361-55f24e044027 0.576s
2024-12-30 09:34:42.290 67111 INFO tempest.common.waiters [-] State transition "BUILD/None" ==> "BUILD/networking" after 79 second wait
2024-12-30 09:34:42.359 67101 INFO tempest.lib.common.rest_client [req-764ac6ff-6780-4d27-8fda-37c1e08aba52 req-764ac6ff-6780-4d27-8fda-37c1e08aba52 ] Request (ServersNegativeTestJSON:setUpClass): 200 GET http://10.180.1.21/compute/v2.1/servers/2346cc28-f1bd-4e6c-a45f-242f224132a9 0.602s
2024-12-30 09:34:42.410 67149 INFO tempest.lib.common.rest_client [req-e22cab6a-54d8-4f92-aae8-6b1f86c08ae8 req-e22cab6a-54d8-4f92-aae8-6b1f86c08ae8 ] Request (ServersTestBootFromVolume:setUpClass): 200 GET http://10.180.1.21/compute/v2.1/servers/a9959f70-763e-4ba6-8b44-f1b927d4cd01 0.648s
2024-12-30 09:34:42.464 67137 INFO tempest.lib.common.rest_client [req-5ca685e7-be47-4c5c-a775-2265d96cb163 req-5ca685e7-be47-4c5c-a775-2265d96cb163 ] Request (ServerRescueNegativeTestJSON:test_rescued_vm_detach_volume): 200 GET http://10.180.1.21/compute/v2.1/servers/9cbe5049-3a8e-4962-be3f-2312cced0b11 0.656s
2024-12-30 09:34:42.517 67129 INFO tempest.lib.common.rest_client [req-a739b776-91a6-4b66-9eb5-8d95c86ff580 req-a739b776-91a6-4b66-9eb5-8d95c86ff580 ] Request (SecurityGroupsTestJSON:test_server_security_groups): 200 GET http://10.180.1.21/compute/v2.1/servers/da06dfbd-2823-4075-b453-0e3ca30b7c9c 0.659s
2024-12-30 09:34:42.544 67119 INFO tempest.lib.common.rest_client [req-3a961b13-d56a-4374-ace4-076ea9164304 req-3a961b13-d56a-4374-ace4-076ea9164304 ] Request (VolumesAdminNegativeTest:test_update_attached_volume_with_nonexistent_volume_in_body): 200 POST http://10.180.1.21/compute/v2.1/servers/4496e588-3745-4220-9679-b27a657fd09f/os-volume_attachments 1.678s
2024-12-30 09:34:42.572 67103 INFO tempest.lib.common.rest_client [req-77e63855-7d44-4c27-8fab-2692b48b96b3 req-77e63855-7d44-4c27-8fab-2692b48b96b3 ] Request (ServersAaction247Test:test_create_backup): 200 GET http://10.180.1.21/compute/v2.1/servers/dc7438a3-d19c-4a38-863f-42bcbc36a1cf 0.678s
2024-12-30 09:34:42.575 67119 INFO tempest.lib.common.rest_client [req-9f77d610-dd2c-4256-9e50-904ebf90639f req-9f77d610-dd2c-4256-9e50-904ebf90639f ] Request (VolumesAdminNegativeTest:test_update_attached_volume_with_nonexistent_volume_in_body): 200 GET http://10.180.1.21/volume/v3/volumes/5f34f4fa-54b0-4651-829a-d9652160b9a4 0.030s
2024-12-30 09:34:42.626 67127 INFO tempest.lib.common.rest_client [req-ce99e353-d2de-4c9e-bdb5-c2dc99650462 req-ce99e353-d2de-4c9e-bdb5-c2dc99650462 ] Request (InstanceActionsNegativeTestJSON:tearDownClass): 200 GET http://10.180.1.21/compute/v2.1/servers/4cf6d2cb-8cf1-48ab-9865-22093b604bfc 0.662s
2024-12-30 09:34:42.642 67121 INFO tempest.lib.common.rest_client [req-741d04c6-ef6e-4450-9194-0eccb021c8a7 req-741d04c6-ef6e-4450-9194-0eccb021c8a7 ] Request (ServerExternalEventsTest:test_create_server_external_events): 200 GET http://10.180.1.21/compute/v2.1/servers/677e3210-d6c0-4fbf-8768-e36ddf2acd2c 0.634s
2024-12-30 09:34:42.656 67135 INFO tempest.lib.common.rest_client [req-b44c425a-cc0f-42ee-85b1-897cb4736c8f req-b44c425a-cc0f-42ee-85b1-897cb4736c8f ] Request (ServerAddressesTestJSON:test_list_server_addresses): 200 GET http://10.180.1.21/compute/v2.1/servers/6db5008a-0bc2-41a4-8597-41bbdbe6681f/ips 0.556s
2024-12-30 09:34:42.729 67151 INFO tempest.lib.common.rest_client [req-6034f13a-6868-49cc-9a93-a98b90d5141e req-6034f13a-6868-49cc-9a93-a98b90d5141e ] Request (ServerShowV257Test:tearDownClass): 200 GET http://10.180.1.21/compute/v2.1/servers/8e628cfe-5d32-419d-ad18-1051130cb68d 0.484s
2024-12-30 09:34:42.769 67145 WARNING tempest.lib.common.ssh [-] Failed to establish authenticated ssh connection to cirros@10.180.180.181 ([Errno None] Unable to connect to port 22 on 10.180.180.181). Number attempts: 7. Retry after 8 seconds.: paramiko.ssh_exception.NoValidConnectionsError: [Errno None] Unable to connect to port 22 on 10.180.180.181
2024-12-30 09:34:42.800 67133 INFO tempest.lib.common.rest_client [req-77e7e3de-6657-4d08-9a28-f6611291a133 req-77e7e3de-6657-4d08-9a28-f6611291a133 ] Request (ServersAdminNegativeTestJSON:tearDownClass): 200 GET http://10.180.1.21/compute/v2.1/servers/85b88f2d-a6fc-4073-8988-27190e4ee0b1 0.500s
2024-12-30 09:34:42.818 67097 INFO tempest.lib.common.rest_client [req-6a4c2b33-e73a-48d1-95e4-6776f3ace45e req-6a4c2b33-e73a-48d1-95e4-6776f3ace45e ] Request (MigrationsAdminTest:test_list_migrations_in_flavor_resize_situation): 200 GET http://10.180.1.21/compute/v2.1/servers/aee05e74-29a2-40ca-8185-a3698c7321af 0.633s
2024-12-30 09:34:42.828 67107 INFO tempest.lib.common.rest_client [req-f759a461-378d-422e-9d35-7dd0f6a29b1b req-f759a461-378d-422e-9d35-7dd0f6a29b1b ] Request (ServerPasswordTestJSON:setUpClass): 201 POST http://10.180.1.21:9696/networking/v2.0/routers 1.113s
2024-12-30 09:34:42.851 67117 INFO tempest.lib.common.rest_client [req-7282b009-1c55-481c-b046-a721da33b139 req-7282b009-1c55-481c-b046-a721da33b139 ] Request (MultipleCreateTestJSON:test_multiple_create): 200 GET http://10.180.1.21/compute/v2.1/servers/f2072664-ec85-48eb-8a4b-8d09c10d29fc 0.505s
2024-12-30 09:34:42.881 67109 INFO tempest.lib.common.rest_client [req-258e1b87-db62-4484-b521-5844ac9fd605 req-258e1b87-db62-4484-b521-5844ac9fd605 ] Request (ServerTagsTestJSON:setUpClass): 200 GET http://10.180.1.21/compute/v2.1/servers/0323ded6-9e33-48f2-a1fc-5fda3cdfd3ce 0.456s
2024-12-30 09:34:42.907 67113 INFO tempest.lib.common.rest_client [req-503b60ef-6270-42b4-a59c-e4103a1eef9f req-503b60ef-6270-42b4-a59c-e4103a1eef9f ] Request (ImagesTestJSON:test_create_image_from_stopped_server): 200 GET http://10.180.1.21/compute/v2.1/servers/cac7cbdf-fbf9-480c-b3f6-92caa3dc4fbe 0.437s
2024-12-30 09:34:42.938 67139 INFO tempest.lib.common.rest_client [req-e365781f-0f4d-464b-a264-2ed894862001 req-e365781f-0f4d-464b-a264-2ed894862001 ] Request (ServerActionsTestOtherB:setUpClass): 200 GET http://10.180.1.21/compute/v2.1/servers/3ea50bbd-56e4-4fd5-a15a-1059d58227d5 0.415s
2024-12-30 09:34:42.958 67123 INFO tempest.lib.common.rest_client [req-11167cc0-f4e2-4b15-aac5-3bd849581c92 req-11167cc0-f4e2-4b15-aac5-3bd849581c92 ] Request (ServerDiskConfigTestJSON:test_rebuild_server_with_manual_disk_config): 200 GET http://10.180.1.21/compute/v2.1/servers/1130179f-2d78-472e-927c-0b1d983fded2 0.376s
2024-12-30 09:34:42.994 67135 INFO tempest.lib.common.rest_client [req-3f988d7e-bd72-49ec-90c1-1bffe55360a3 req-3f988d7e-bd72-49ec-90c1-1bffe55360a3 ] Request (ServerAddressesTestJSON:test_list_server_addresses_by_network): 200 GET http://10.180.1.21/compute/v2.1/servers/6db5008a-0bc2-41a4-8597-41bbdbe6681f/ips 0.335s
2024-12-30 09:34:43.003 67131 INFO tempest.lib.common.rest_client [req-53437321-deaa-49c9-8937-91a08d5d29d3 req-53437321-deaa-49c9-8937-91a08d5d29d3 ] Request (InstanceActionsTestJSON:tearDownClass): 200 GET http://10.180.1.21/compute/v2.1/servers/877a937a-e068-47ac-a6ca-8b499fc46b74 0.371s
2024-12-30 09:34:43.055 67125 INFO tempest.lib.common.rest_client [req-bd1aa3d9-0549-4c82-8187-f47dabe5017d req-bd1aa3d9-0549-4c82-8187-f47dabe5017d ] Request (ServersAdminTestJSON:test_inject_network_info): 200 GET http://10.180.1.21/compute/v2.1/servers/b7433a97-38b5-40c4-b993-b15aa9bfa420 0.378s
2024-12-30 09:34:43.071 67093 INFO tempest.lib.common.rest_client [req-a5487116-12f8-497e-adf5-74e3f2d76629 req-a5487116-12f8-497e-adf5-74e3f2d76629 ] Request (ListImageFiltersTestJSON:setUpClass): 200 GET http://10.180.1.21/compute/v2.1/servers/16287ba1-3b2f-44aa-baf7-6965213fec30 0.338s
2024-12-30 09:34:43.076 67135 INFO tempest.lib.common.rest_client [req-2bea3673-5175-40b0-8c83-7fd60b11752d req-2bea3673-5175-40b0-8c83-7fd60b11752d ] Request (ServerAddressesTestJSON:test_list_server_addresses_by_network): 200 GET http://10.180.1.21/compute/v2.1/servers/6db5008a-0bc2-41a4-8597-41bbdbe6681f/ips/tempest-ServerAddressesTestJSON-1510890058-network 0.080s
2024-12-30 09:34:43.171 67135 INFO tempest.lib.common.rest_client [req-fc843233-1cbb-4963-ad9c-8894336bc639 req-fc843233-1cbb-4963-ad9c-8894336bc639 ] Request (ServerAddressesTestJSON:tearDownClass): 204 DELETE http://10.180.1.21/compute/v2.1/servers/6db5008a-0bc2-41a4-8597-41bbdbe6681f 0.082s
2024-12-30 09:34:43.229 67147 INFO tempest.lib.common.rest_client [req-76f547bf-9be1-45d1-bbc4-92dfe2abd739 req-76f547bf-9be1-45d1-bbc4-92dfe2abd739 ] Request (ServerActionsTestJSON:setUpClass): 200 GET http://10.180.1.21/compute/v2.1/servers/f63c1f62-24dd-427f-90cc-25312097d746 0.069s
2024-12-30 09:34:43.303 67095 INFO tempest.lib.common.rest_client [req-4307d607-8981-4e37-b836-56a9d69ececc req-4307d607-8981-4e37-b836-56a9d69ececc ] Request (DeleteServersAdminTestJSON:test_delete_server_while_in_error_state): 200 GET http://10.180.1.21/compute/v2.1/servers/a2ff6e56-fd4f-445d-9455-3c5a39815227 0.070s
2024-12-30 09:34:43.329 67135 INFO tempest.lib.common.rest_client [req-553d400f-8269-4bab-90d0-c5eb98b21148 req-553d400f-8269-4bab-90d0-c5eb98b21148 ] Request (ServerAddressesTestJSON:tearDownClass): 200 GET http://10.180.1.21/compute/v2.1/servers/6db5008a-0bc2-41a4-8597-41bbdbe6681f 0.157s
2024-12-30 09:34:43.448 67101 INFO tempest.lib.common.rest_client [req-e76207a1-d2cc-4848-a9d7-e69e8472e401 req-e76207a1-d2cc-4848-a9d7-e69e8472e401 ] Request (ServersNegativeTestJSON:setUpClass): 200 GET http://10.180.1.21/compute/v2.1/servers/2346cc28-f1bd-4e6c-a45f-242f224132a9 0.082s
2024-12-30 09:34:43.455 67111 INFO tempest.lib.common.rest_client [req-a5a66812-d894-48da-bd99-14cb9680db70 req-a5a66812-d894-48da-bd99-14cb9680db70 ] Request (ListServerFiltersTestJSON:setUpClass): 200 GET http://10.180.1.21/compute/v2.1/servers/8811ec10-8cc5-4238-b361-55f24e044027 0.164s
2024-12-30 09:34:43.467 67111 INFO tempest.common.waiters [-] State transition "BUILD/networking" ==> "BUILD/spawning" after 80 second wait
2024-12-30 09:34:43.504 67149 INFO tempest.lib.common.rest_client [req-0b720f27-ded2-416f-8059-425ad4b61884 req-0b720f27-ded2-416f-8059-425ad4b61884 ] Request (ServersTestBootFromVolume:setUpClass): 200 GET http://10.180.1.21/compute/v2.1/servers/a9959f70-763e-4ba6-8b44-f1b927d4cd01 0.086s
2024-12-30 09:34:43.513 67149 INFO tempest.common.waiters [-] State transition "BUILD/scheduling" ==> "BUILD/None" after 47 second wait
2024-12-30 09:34:43.531 67137 INFO tempest.lib.common.rest_client [req-1de03471-0ff1-4b8c-b6dd-dcc44e81bfa5 req-1de03471-0ff1-4b8c-b6dd-dcc44e81bfa5 ] Request (ServerRescueNegativeTestJSON:test_rescued_vm_detach_volume): 200 GET http://10.180.1.21/compute/v2.1/servers/9cbe5049-3a8e-4962-be3f-2312cced0b11 0.055s
2024-12-30 09:34:43.583 67129 INFO tempest.lib.common.rest_client [req-609e1b95-8d2c-4e77-b389-fe93d097c0a3 req-609e1b95-8d2c-4e77-b389-fe93d097c0a3 ] Request (SecurityGroupsTestJSON:test_server_security_groups): 200 GET http://10.180.1.21/compute/v2.1/servers/da06dfbd-2823-4075-b453-0e3ca30b7c9c 0.056s
2024-12-30 09:34:43.609 67119 INFO tempest.lib.common.rest_client [req-07879494-1274-4079-98d0-5fb9e2dbd461 req-07879494-1274-4079-98d0-5fb9e2dbd461 ] Request (VolumesAdminNegativeTest:test_update_attached_volume_with_nonexistent_volume_in_body): 200 GET http://10.180.1.21/volume/v3/volumes/5f34f4fa-54b0-4651-829a-d9652160b9a4 0.026s
2024-12-30 09:34:43.640 67103 INFO tempest.lib.common.rest_client [req-94d96051-4a25-45a8-960d-7b04599cd359 req-94d96051-4a25-45a8-960d-7b04599cd359 ] Request (ServersAaction247Test:test_create_backup): 200 GET http://10.180.1.21/compute/v2.1/servers/dc7438a3-d19c-4a38-863f-42bcbc36a1cf 0.058s
2024-12-30 09:34:43.709 67127 INFO tempest.lib.common.rest_client [req-118cedb0-e94a-43a6-b1cf-0337cbbd7e24 req-118cedb0-e94a-43a6-b1cf-0337cbbd7e24 ] Request (InstanceActionsNegativeTestJSON:tearDownClass): 200 GET http://10.180.1.21/compute/v2.1/servers/4cf6d2cb-8cf1-48ab-9865-22093b604bfc 0.074s
2024-12-30 09:34:43.716 67121 INFO tempest.lib.common.rest_client [req-717090dd-035c-45e2-a63b-e08a208c1316 req-717090dd-035c-45e2-a63b-e08a208c1316 ] Request (ServerExternalEventsTest:test_create_server_external_events): 200 GET http://10.180.1.21/compute/v2.1/servers/677e3210-d6c0-4fbf-8768-e36ddf2acd2c 0.065s
2024-12-30 09:34:43.824 67151 INFO tempest.lib.common.rest_client [req-8cf2e54a-8fd7-48a5-b40b-64f1c1ee9714 req-8cf2e54a-8fd7-48a5-b40b-64f1c1ee9714 ] Request (ServerShowV257Test:tearDownClass): 200 GET http://10.180.1.21/compute/v2.1/servers/8e628cfe-5d32-419d-ad18-1051130cb68d 0.086s
2024-12-30 09:34:43.879 67107 INFO tempest.lib.common.rest_client [req-f58fcb0c-a986-433a-9930-4e72915ae1a1 req-f58fcb0c-a986-433a-9930-4e72915ae1a1 ] Request (ServerPasswordTestJSON:setUpClass): 200 PUT http://10.180.1.21:9696/networking/v2.0/routers/412f4f2f-843d-43e7-9965-ef12e6b0457a/add_router_interface 1.051s
2024-12-30 09:34:43.879 67107 INFO tempest.lib.common.dynamic_creds [-] Created isolated network resources for: credentials: Credentials: {'domain_id': 'default', 'domain_name': 'Default', 'username': 'tempest-ServerPasswordTestJSON-1928117601-project-member', 'project_domain_id': 'default', 'project_domain_name': 'Default', 'project_id': '5b08b6b129a64f9c97f1ed593a717a62', 'project_name': 'tempest-ServerPasswordTestJSON-1928117601', 'tenant_id': '5b08b6b129a64f9c97f1ed593a717a62', 'tenant_name': 'tempest-ServerPasswordTestJSON-1928117601', 'user_domain_id': 'default', 'user_domain_name': 'Default', 'user_id': 'c92f7c7ab0ab4984b62dea6b7c60f93f', 'system': None}, Network: {'id': '52449046-cc24-47cf-b802-e6cb6e6c61e2', 'name': 'tempest-ServerPasswordTestJSON-1379873060-network', 'tenant_id': '5b08b6b129a64f9c97f1ed593a717a62', 'admin_state_up': True, 'mtu': 8950, 'status': 'ACTIVE', 'subnets': [], 'shared': False, 'project_id': '5b08b6b129a64f9c97f1ed593a717a62', 'port_security_enabled': True, 'router:external': False, 'provider:network_type': 'vlan', 'provider:physical_network': 'default', 'provider:segmentation_id': 50, 'availability_zone_hints': [], 'availability_zones': [], 'ipv4_address_scope': None, 'ipv6_address_scope': None, 'description': '', 'tags': [], 'created_at': '2024-12-30T09:34:41Z', 'updated_at': '2024-12-30T09:34:41Z', 'revision_number': 1}, Subnet: {'id': '63e084e3-747c-454b-bfc3-e92e66b26acf', 'name': 'tempest-ServerPasswordTestJSON-1379873060-subnet', 'tenant_id': '5b08b6b129a64f9c97f1ed593a717a62', 'network_id': '52449046-cc24-47cf-b802-e6cb6e6c61e2', 'ip_version': 4, 'subnetpool_id': None, 'enable_dhcp': True, 'ipv6_ra_mode': None, 'ipv6_address_mode': None, 'gateway_ip': '192.168.128.1', 'cidr': '192.168.128.0/28', 'allocation_pools': [{'start': '192.168.128.2', 'end': '192.168.128.14'}], 'host_routes': [], 'dns_nameservers': [], 'description': '', 'router:external': False, 'service_types': [], 'tags': [], 'created_at': '2024-12-30T09:34:41Z', 'updated_at': '2024-12-30T09:34:41Z', 'revision_number': 0, 'project_id': '5b08b6b129a64f9c97f1ed593a717a62'}, Router: {'id': '412f4f2f-843d-43e7-9965-ef12e6b0457a', 'name': 'tempest-ServerPasswordTestJSON-1379873060-router', 'tenant_id': '5b08b6b129a64f9c97f1ed593a717a62', 'admin_state_up': True, 'status': 'ACTIVE', 'external_gateway_info': {'network_id': '1fc886c7-6153-48fa-a540-9e4b2bbf8238', 'external_fixed_ips': [{'subnet_id': 'a74aaac6-0a13-4a04-83b5-65b13da0f8cf', 'ip_address': '10.180.180.234'}], 'enable_snat': True}, 'description': '', 'availability_zones': [], 'distributed': False, 'ha': False, 'availability_zone_hints': [], 'routes': [], 'flavor_id': None, 'tags': [], 'created_at': '2024-12-30T09:34:41Z', 'updated_at': '2024-12-30T09:34:42Z', 'revision_number': 2, 'project_id': '5b08b6b129a64f9c97f1ed593a717a62'}
2024-12-30 09:34:43.902 67133 INFO tempest.lib.common.rest_client [req-3b13d465-bc1d-4774-95b2-ec7517ea75d2 req-3b13d465-bc1d-4774-95b2-ec7517ea75d2 ] Request (ServersAdminNegativeTestJSON:tearDownClass): 200 GET http://10.180.1.21/compute/v2.1/servers/85b88f2d-a6fc-4073-8988-27190e4ee0b1 0.090s
2024-12-30 09:34:43.976 67117 INFO tempest.lib.common.rest_client [req-f68b381f-aee4-4acd-bb4b-73ae69fe4e8c req-f68b381f-aee4-4acd-bb4b-73ae69fe4e8c ] Request (MultipleCreateTestJSON:test_multiple_create): 200 GET http://10.180.1.21/compute/v2.1/servers/f2072664-ec85-48eb-8a4b-8d09c10d29fc 0.114s
2024-12-30 09:34:43.979 67107 INFO tempest.lib.common.rest_client [req-bb13f8d0-88fe-4220-9a97-570dc3aa74b0 req-bb13f8d0-88fe-4220-9a97-570dc3aa74b0 ] Request (ServerPasswordTestJSON:setUpClass): 201 POST http://10.180.1.21/identity/v3/auth/tokens 0.096s
2024-12-30 09:34:43.984 67097 INFO tempest.lib.common.rest_client [req-aa535df6-b1bb-4a84-b2c5-366ffd72e4b5 req-aa535df6-b1bb-4a84-b2c5-366ffd72e4b5 ] Request (MigrationsAdminTest:test_list_migrations_in_flavor_resize_situation): 200 GET http://10.180.1.21/compute/v2.1/servers/aee05e74-29a2-40ca-8185-a3698c7321af 0.153s
2024-12-30 09:34:44.018 67107 INFO tempest.lib.common.rest_client [req-fc371e0d-6ef0-48c2-ae2a-d79f6a180f3a req-fc371e0d-6ef0-48c2-ae2a-d79f6a180f3a ] Request (ServerPasswordTestJSON:setUpClass): 201 POST http://10.180.1.21/identity/v3/auth/tokens 0.036s
2024-12-30 09:34:44.019 67107 INFO tempest.lib.common.fixed_network [-] (ServerPasswordTestJSON:setUpClass) Found network {'id': '52449046-cc24-47cf-b802-e6cb6e6c61e2', 'name': 'tempest-ServerPasswordTestJSON-1379873060-network', 'tenant_id': '5b08b6b129a64f9c97f1ed593a717a62', 'admin_state_up': True, 'mtu': 8950, 'status': 'ACTIVE', 'subnets': [], 'shared': False, 'project_id': '5b08b6b129a64f9c97f1ed593a717a62', 'port_security_enabled': True, 'router:external': False, 'provider:network_type': 'vlan', 'provider:physical_network': 'default', 'provider:segmentation_id': 50, 'availability_zone_hints': [], 'availability_zones': [], 'ipv4_address_scope': None, 'ipv6_address_scope': None, 'description': '', 'tags': [], 'created_at': '2024-12-30T09:34:41Z', 'updated_at': '2024-12-30T09:34:41Z', 'revision_number': 1} available for tenant
2024-12-30 09:34:44.036 67109 INFO tempest.lib.common.rest_client [req-8caee840-8afd-4339-a376-05442e7fa316 req-8caee840-8afd-4339-a376-05442e7fa316 ] Request (ServerTagsTestJSON:setUpClass): 200 GET http://10.180.1.21/compute/v2.1/servers/0323ded6-9e33-48f2-a1fc-5fda3cdfd3ce 0.143s
2024-12-30 09:34:44.044 67113 INFO tempest.lib.common.rest_client [req-76d9d109-340c-4ae7-9614-59112a465548 req-76d9d109-340c-4ae7-9614-59112a465548 ] Request (ImagesTestJSON:test_create_image_from_stopped_server): 200 GET http://10.180.1.21/compute/v2.1/servers/cac7cbdf-fbf9-480c-b3f6-92caa3dc4fbe 0.128s
2024-12-30 09:34:44.087 67139 INFO tempest.lib.common.rest_client [req-f03faf73-ac1f-4564-8128-b4e9049882cc req-f03faf73-ac1f-4564-8128-b4e9049882cc ] Request (ServerActionsTestOtherB:setUpClass): 200 GET http://10.180.1.21/compute/v2.1/servers/3ea50bbd-56e4-4fd5-a15a-1059d58227d5 0.141s
2024-12-30 09:34:44.105 67123 INFO tempest.lib.common.rest_client [req-ce91762c-7bdd-4cf1-b8c0-f1dc81f39991 req-ce91762c-7bdd-4cf1-b8c0-f1dc81f39991 ] Request (ServerDiskConfigTestJSON:test_rebuild_server_with_manual_disk_config): 200 GET http://10.180.1.21/compute/v2.1/servers/1130179f-2d78-472e-927c-0b1d983fded2 0.135s
2024-12-30 09:34:44.154 67131 INFO tempest.lib.common.rest_client [req-20898a82-ca3c-4b5f-aff2-2907351f9b2f req-20898a82-ca3c-4b5f-aff2-2907351f9b2f ] Request (InstanceActionsTestJSON:tearDownClass): 200 GET http://10.180.1.21/compute/v2.1/servers/877a937a-e068-47ac-a6ca-8b499fc46b74 0.144s
2024-12-30 09:34:44.204 67125 INFO tempest.lib.common.rest_client [req-fbc66429-b929-4099-bc81-a9efc7989461 req-fbc66429-b929-4099-bc81-a9efc7989461 ] Request (ServersAdminTestJSON:test_inject_network_info): 200 GET http://10.180.1.21/compute/v2.1/servers/b7433a97-38b5-40c4-b993-b15aa9bfa420 0.136s
2024-12-30 09:34:44.268 67093 INFO tempest.lib.common.rest_client [req-e7552170-3f1f-49ff-b0f8-d2a492e88db1 req-e7552170-3f1f-49ff-b0f8-d2a492e88db1 ] Request (ListImageFiltersTestJSON:setUpClass): 200 GET http://10.180.1.21/compute/v2.1/servers/16287ba1-3b2f-44aa-baf7-6965213fec30 0.185s
2024-12-30 09:34:44.324 67147 INFO tempest.lib.common.rest_client [req-ae578aea-acc3-404d-a6bd-4615be58e4cb req-ae578aea-acc3-404d-a6bd-4615be58e4cb ] Request (ServerActionsTestJSON:setUpClass): 200 GET http://10.180.1.21/compute/v2.1/servers/f63c1f62-24dd-427f-90cc-25312097d746 0.087s
2024-12-30 09:34:44.370 67105 WARNING tempest.lib.common.ssh [-] Failed to establish authenticated ssh connection to cirros@10.180.180.175 ([Errno None] Unable to connect to port 22 on 10.180.180.175). Number attempts: 11. Retry after 12 seconds.: paramiko.ssh_exception.NoValidConnectionsError: [Errno None] Unable to connect to port 22 on 10.180.180.175
2024-12-30 09:34:44.404 67095 INFO tempest.lib.common.rest_client [req-1ebcf18b-c3a1-46cd-b23a-e97a5d154fa8 req-1ebcf18b-c3a1-46cd-b23a-e97a5d154fa8 ] Request (DeleteServersAdminTestJSON:test_delete_server_while_in_error_state): 200 GET http://10.180.1.21/compute/v2.1/servers/a2ff6e56-fd4f-445d-9455-3c5a39815227 0.089s
2024-12-30 09:34:44.522 67135 INFO tempest.lib.common.rest_client [req-a5dee00f-6906-41a1-beea-171381c8bdfa req-a5dee00f-6906-41a1-beea-171381c8bdfa ] Request (ServerAddressesTestJSON:tearDownClass): 200 GET http://10.180.1.21/compute/v2.1/servers/6db5008a-0bc2-41a4-8597-41bbdbe6681f 0.183s
2024-12-30 09:34:44.549 67107 INFO tempest.lib.common.rest_client [req-4183aa90-9990-4574-9a83-d924a288437f req-4183aa90-9990-4574-9a83-d924a288437f ] Request (ServerPasswordTestJSON:setUpClass): 202 POST http://10.180.1.21/compute/v2.1/servers 0.530s
2024-12-30 09:34:44.571 67101 INFO tempest.lib.common.rest_client [req-a9f46f4c-89ea-4237-a42c-eee5c60b867e req-a9f46f4c-89ea-4237-a42c-eee5c60b867e ] Request (ServersNegativeTestJSON:setUpClass): 200 GET http://10.180.1.21/compute/v2.1/servers/2346cc28-f1bd-4e6c-a45f-242f224132a9 0.110s
2024-12-30 09:34:44.628 67149 INFO tempest.lib.common.rest_client [req-8603b7e2-4ef9-4901-aaef-1d1601c518b0 req-8603b7e2-4ef9-4901-aaef-1d1601c518b0 ] Request (ServersTestBootFromVolume:setUpClass): 200 GET http://10.180.1.21/compute/v2.1/servers/a9959f70-763e-4ba6-8b44-f1b927d4cd01 0.114s
2024-12-30 09:34:44.651 67119 INFO tempest.lib.common.rest_client [req-c1ebd48f-025c-4de3-b58c-df10501742aa req-c1ebd48f-025c-4de3-b58c-df10501742aa ] Request (VolumesAdminNegativeTest:test_update_attached_volume_with_nonexistent_volume_in_body): 200 GET http://10.180.1.21/volume/v3/volumes/5f34f4fa-54b0-4651-829a-d9652160b9a4 0.031s
2024-12-30 09:34:44.653 67111 INFO tempest.lib.common.rest_client [req-5a8852ca-901a-4501-aad4-838ec5304c2d req-5a8852ca-901a-4501-aad4-838ec5304c2d ] Request (ListServerFiltersTestJSON:setUpClass): 200 GET http://10.180.1.21/compute/v2.1/servers/8811ec10-8cc5-4238-b361-55f24e044027 0.185s
2024-12-30 09:34:44.687 67137 INFO tempest.lib.common.rest_client [req-032bd876-6ed2-4fb9-a7bc-68906bf8349f req-032bd876-6ed2-4fb9-a7bc-68906bf8349f ] Request (ServerRescueNegativeTestJSON:test_rescued_vm_detach_volume): 200 GET http://10.180.1.21/compute/v2.1/servers/9cbe5049-3a8e-4962-be3f-2312cced0b11 0.146s
2024-12-30 09:34:44.700 67107 INFO tempest.lib.common.rest_client [req-414749dc-09a4-47a3-8da4-5ff42ecfa4d9 req-414749dc-09a4-47a3-8da4-5ff42ecfa4d9 ] Request (ServerPasswordTestJSON:setUpClass): 200 GET http://10.180.1.21/compute/v2.1/servers/5439a79a-b411-4d33-a6e5-09ab473d3656 0.149s
2024-12-30 09:34:44.737 67129 INFO tempest.lib.common.rest_client [req-d6b2c6b4-53d8-4ab3-9559-91d976d23030 req-d6b2c6b4-53d8-4ab3-9559-91d976d23030 ] Request (SecurityGroupsTestJSON:test_server_security_groups): 200 GET http://10.180.1.21/compute/v2.1/servers/da06dfbd-2823-4075-b453-0e3ca30b7c9c 0.146s
2024-12-30 09:34:44.753 67103 INFO tempest.lib.common.rest_client [req-7897e4f2-38d4-4c57-881e-00ce05e27cd1 req-7897e4f2-38d4-4c57-881e-00ce05e27cd1 ] Request (ServersAaction247Test:test_create_backup): 200 GET http://10.180.1.21/compute/v2.1/servers/dc7438a3-d19c-4a38-863f-42bcbc36a1cf 0.102s
2024-12-30 09:34:44.801 67127 INFO tempest.lib.common.rest_client [req-4c7b4814-bdd0-4d2b-99a3-699d0f08d7d8 req-4c7b4814-bdd0-4d2b-99a3-699d0f08d7d8 ] Request (InstanceActionsNegativeTestJSON:tearDownClass): 200 GET http://10.180.1.21/compute/v2.1/servers/4cf6d2cb-8cf1-48ab-9865-22093b604bfc 0.080s
2024-12-30 09:34:44.808 67121 INFO tempest.lib.common.rest_client [req-d7faeddf-5776-4288-a7c5-6f5b41debf37 req-d7faeddf-5776-4288-a7c5-6f5b41debf37 ] Request (ServerExternalEventsTest:test_create_server_external_events): 200 GET http://10.180.1.21/compute/v2.1/servers/677e3210-d6c0-4fbf-8768-e36ddf2acd2c 0.084s
2024-12-30 09:34:44.815 67121 INFO tempest.common.waiters [-] State transition "BUILD/None" ==> "BUILD/networking" after 80 second wait
2024-12-30 09:34:44.901 67151 INFO tempest.lib.common.rest_client [req-be0a50c6-2619-45c2-9737-4da139a2864f req-be0a50c6-2619-45c2-9737-4da139a2864f ] Request (ServerShowV257Test:tearDownClass): 200 GET http://10.180.1.21/compute/v2.1/servers/8e628cfe-5d32-419d-ad18-1051130cb68d 0.064s
2024-12-30 09:34:44.975 67133 INFO tempest.lib.common.rest_client [req-8fdeab26-58f9-47fa-8698-69401075ea14 req-8fdeab26-58f9-47fa-8698-69401075ea14 ] Request (ServersAdminNegativeTestJSON:tearDownClass): 200 GET http://10.180.1.21/compute/v2.1/servers/85b88f2d-a6fc-4073-8988-27190e4ee0b1 0.063s
2024-12-30 09:34:45.049 67117 INFO tempest.lib.common.rest_client [req-5dd8d134-f94a-4f7c-a8b7-ddedd9dad677 req-5dd8d134-f94a-4f7c-a8b7-ddedd9dad677 ] Request (MultipleCreateTestJSON:test_multiple_create): 200 GET http://10.180.1.21/compute/v2.1/servers/f2072664-ec85-48eb-8a4b-8d09c10d29fc 0.066s
2024-12-30 09:34:45.107 67109 INFO tempest.lib.common.rest_client [req-c5d13164-b18a-471f-a0ea-93ca196d3e69 req-c5d13164-b18a-471f-a0ea-93ca196d3e69 ] Request (ServerTagsTestJSON:setUpClass): 200 GET http://10.180.1.21/compute/v2.1/servers/0323ded6-9e33-48f2-a1fc-5fda3cdfd3ce 0.061s
2024-12-30 09:34:45.121 67097 INFO tempest.lib.common.rest_client [req-b0450b6e-1e06-4481-9e15-b34e5b34fc07 req-b0450b6e-1e06-4481-9e15-b34e5b34fc07 ] Request (MigrationsAdminTest:test_list_migrations_in_flavor_resize_situation): 200 GET http://10.180.1.21/compute/v2.1/servers/aee05e74-29a2-40ca-8185-a3698c7321af 0.126s
2024-12-30 09:34:45.155 67113 INFO tempest.lib.common.rest_client [req-7fc7aae5-2e9d-432b-b53e-bacfe39f58d3 req-7fc7aae5-2e9d-432b-b53e-bacfe39f58d3 ] Request (ImagesTestJSON:test_create_image_from_stopped_server): 200 GET http://10.180.1.21/compute/v2.1/servers/cac7cbdf-fbf9-480c-b3f6-92caa3dc4fbe 0.101s
2024-12-30 09:34:45.172 67139 INFO tempest.lib.common.rest_client [req-3d9f9abb-24c4-4ee7-8a7b-e49ab93ee27d req-3d9f9abb-24c4-4ee7-8a7b-e49ab93ee27d ] Request (ServerActionsTestOtherB:setUpClass): 200 GET http://10.180.1.21/compute/v2.1/servers/3ea50bbd-56e4-4fd5-a15a-1059d58227d5 0.077s
2024-12-30 09:34:45.220 67123 INFO tempest.lib.common.rest_client [req-d7c209f0-396a-48a6-964e-8d690951478f req-d7c209f0-396a-48a6-964e-8d690951478f ] Request (ServerDiskConfigTestJSON:test_rebuild_server_with_manual_disk_config): 200 GET http://10.180.1.21/compute/v2.1/servers/1130179f-2d78-472e-927c-0b1d983fded2 0.104s
2024-12-30 09:34:45.235 67131 INFO tempest.lib.common.rest_client [req-5be0c64c-1cff-4756-b6ae-b83d499d1696 req-5be0c64c-1cff-4756-b6ae-b83d499d1696 ] Request (InstanceActionsTestJSON:tearDownClass): 200 GET http://10.180.1.21/compute/v2.1/servers/877a937a-e068-47ac-a6ca-8b499fc46b74 0.067s
2024-12-30 09:34:45.267 67125 INFO tempest.lib.common.rest_client [req-c0a79020-8f08-49c0-9498-1870440e94fa req-c0a79020-8f08-49c0-9498-1870440e94fa ] Request (ServersAdminTestJSON:test_inject_network_info): 200 GET http://10.180.1.21/compute/v2.1/servers/b7433a97-38b5-40c4-b993-b15aa9bfa420 0.053s
2024-12-30 09:34:45.330 67093 INFO tempest.lib.common.rest_client [req-ffabe807-2d04-414a-86ca-dfa99fc79955 req-ffabe807-2d04-414a-86ca-dfa99fc79955 ] Request (ListImageFiltersTestJSON:setUpClass): 200 GET http://10.180.1.21/compute/v2.1/servers/16287ba1-3b2f-44aa-baf7-6965213fec30 0.054s
2024-12-30 09:34:45.384 67147 INFO tempest.lib.common.rest_client [req-8a38f676-e584-4ed6-b9fc-abd5392ddf6b req-8a38f676-e584-4ed6-b9fc-abd5392ddf6b ] Request (ServerActionsTestJSON:setUpClass): 200 GET http://10.180.1.21/compute/v2.1/servers/f63c1f62-24dd-427f-90cc-25312097d746 0.053s
2024-12-30 09:34:45.495 67095 INFO tempest.lib.common.rest_client [req-704ca606-6cab-49d1-93aa-804a0004bae4 req-704ca606-6cab-49d1-93aa-804a0004bae4 ] Request (DeleteServersAdminTestJSON:test_delete_server_while_in_error_state): 200 GET http://10.180.1.21/compute/v2.1/servers/a2ff6e56-fd4f-445d-9455-3c5a39815227 0.083s
2024-12-30 09:34:45.590 67135 INFO tempest.lib.common.rest_client [req-6d3e3d17-44b8-41ad-9f0d-d22f1fada4e3 req-6d3e3d17-44b8-41ad-9f0d-d22f1fada4e3 ] Request (ServerAddressesTestJSON:tearDownClass): 200 GET http://10.180.1.21/compute/v2.1/servers/6db5008a-0bc2-41a4-8597-41bbdbe6681f 0.061s
2024-12-30 09:34:45.633 67101 INFO tempest.lib.common.rest_client [req-a2c2f2fe-1c46-4e69-944c-f2817c55c9ac req-a2c2f2fe-1c46-4e69-944c-f2817c55c9ac ] Request (ServersNegativeTestJSON:setUpClass): 200 GET http://10.180.1.21/compute/v2.1/servers/2346cc28-f1bd-4e6c-a45f-242f224132a9 0.055s
2024-12-30 09:34:45.692 67149 INFO tempest.lib.common.rest_client [req-0580e39d-43da-4e6d-a29b-e9da233f757f req-0580e39d-43da-4e6d-a29b-e9da233f757f ] Request (ServersTestBootFromVolume:setUpClass): 200 GET http://10.180.1.21/compute/v2.1/servers/a9959f70-763e-4ba6-8b44-f1b927d4cd01 0.056s
2024-12-30 09:34:45.703 67119 INFO tempest.lib.common.rest_client [req-28ac9bd4-7eca-40fa-b4ae-3e26c144e980 req-28ac9bd4-7eca-40fa-b4ae-3e26c144e980 ] Request (VolumesAdminNegativeTest:test_update_attached_volume_with_nonexistent_volume_in_body): 200 GET http://10.180.1.21/volume/v3/volumes/5f34f4fa-54b0-4651-829a-d9652160b9a4 0.044s
2024-12-30 09:34:45.782 67137 INFO tempest.lib.common.rest_client [req-208b4ab6-e94f-4564-9ac5-6650a50b59eb req-208b4ab6-e94f-4564-9ac5-6650a50b59eb ] Request (ServerRescueNegativeTestJSON:test_rescued_vm_detach_volume): 200 GET http://10.180.1.21/compute/v2.1/servers/9cbe5049-3a8e-4962-be3f-2312cced0b11 0.081s
2024-12-30 09:34:45.836 67111 INFO tempest.lib.common.rest_client [req-108ee548-239b-4fac-b052-4ecd6e358fc1 req-108ee548-239b-4fac-b052-4ecd6e358fc1 ] Request (ListServerFiltersTestJSON:setUpClass): 200 GET http://10.180.1.21/compute/v2.1/servers/8811ec10-8cc5-4238-b361-55f24e044027 0.174s
2024-12-30 09:34:45.840 67107 INFO tempest.lib.common.rest_client [req-ed948ec3-ddbf-443f-baff-d9c7b2369d93 req-ed948ec3-ddbf-443f-baff-d9c7b2369d93 ] Request (ServerPasswordTestJSON:setUpClass): 200 GET http://10.180.1.21/compute/v2.1/servers/5439a79a-b411-4d33-a6e5-09ab473d3656 0.132s
2024-12-30 09:34:45.897 67129 INFO tempest.lib.common.rest_client [req-67fbae37-6856-4b7c-9528-eccb0a946d56 req-67fbae37-6856-4b7c-9528-eccb0a946d56 ] Request (SecurityGroupsTestJSON:test_server_security_groups): 200 GET http://10.180.1.21/compute/v2.1/servers/da06dfbd-2823-4075-b453-0e3ca30b7c9c 0.153s
2024-12-30 09:34:45.902 67103 INFO tempest.lib.common.rest_client [req-810fbf26-98f0-42c8-bb3d-048f2f21aecf req-810fbf26-98f0-42c8-bb3d-048f2f21aecf ] Request (ServersAaction247Test:test_create_backup): 200 GET http://10.180.1.21/compute/v2.1/servers/dc7438a3-d19c-4a38-863f-42bcbc36a1cf 0.140s
2024-12-30 09:34:45.993 67127 INFO tempest.lib.common.rest_client [req-765cda45-57e0-4d71-83fc-f7d7143347f8 req-765cda45-57e0-4d71-83fc-f7d7143347f8 ] Request (InstanceActionsNegativeTestJSON:tearDownClass): 200 GET http://10.180.1.21/compute/v2.1/servers/4cf6d2cb-8cf1-48ab-9865-22093b604bfc 0.181s
2024-12-30 09:34:46.036 67121 INFO tempest.lib.common.rest_client [req-7eae55cc-9b70-40c1-818f-69ecd82b98a1 req-7eae55cc-9b70-40c1-818f-69ecd82b98a1 ] Request (ServerExternalEventsTest:test_create_server_external_events): 200 GET http://10.180.1.21/compute/v2.1/servers/677e3210-d6c0-4fbf-8768-e36ddf2acd2c 0.221s
2024-12-30 09:34:46.044 67121 INFO tempest.common.waiters [-] State transition "BUILD/networking" ==> "BUILD/block_device_mapping" after 82 second wait
2024-12-30 09:34:46.068 67151 INFO tempest.lib.common.rest_client [req-cecb1918-9118-463d-b169-ec320db099cc req-cecb1918-9118-463d-b169-ec320db099cc ] Request (ServerShowV257Test:tearDownClass): 200 GET http://10.180.1.21/compute/v2.1/servers/8e628cfe-5d32-419d-ad18-1051130cb68d 0.158s
2024-12-30 09:34:46.130 67133 INFO tempest.lib.common.rest_client [req-b8b81009-af18-403b-a0a1-bd2aa98a22ac req-b8b81009-af18-403b-a0a1-bd2aa98a22ac ] Request (ServersAdminNegativeTestJSON:tearDownClass): 200 GET http://10.180.1.21/compute/v2.1/servers/85b88f2d-a6fc-4073-8988-27190e4ee0b1 0.148s
2024-12-30 09:34:46.137 67117 INFO tempest.lib.common.rest_client [req-849d45e7-74bf-491d-b7e2-9bd05e69e455 req-849d45e7-74bf-491d-b7e2-9bd05e69e455 ] Request (MultipleCreateTestJSON:test_multiple_create): 200 GET http://10.180.1.21/compute/v2.1/servers/f2072664-ec85-48eb-8a4b-8d09c10d29fc 0.079s
2024-12-30 09:34:46.209 67109 INFO tempest.lib.common.rest_client [req-4ec3d70c-e08d-4aaf-a352-6757342127e5 req-4ec3d70c-e08d-4aaf-a352-6757342127e5 ] Request (ServerTagsTestJSON:setUpClass): 200 GET http://10.180.1.21/compute/v2.1/servers/0323ded6-9e33-48f2-a1fc-5fda3cdfd3ce 0.092s
2024-12-30 09:34:46.277 67113 INFO tempest.lib.common.rest_client [req-bc33e0f6-d2b5-47c4-888a-cd8b1222fe1b req-bc33e0f6-d2b5-47c4-888a-cd8b1222fe1b ] Request (ImagesTestJSON:test_create_image_from_stopped_server): 200 GET http://10.180.1.21/compute/v2.1/servers/cac7cbdf-fbf9-480c-b3f6-92caa3dc4fbe 0.115s
2024-12-30 09:34:46.295 67097 INFO tempest.lib.common.rest_client [req-e93bc6d9-b1c0-466c-a893-acc228482a0d req-e93bc6d9-b1c0-466c-a893-acc228482a0d ] Request (MigrationsAdminTest:test_list_migrations_in_flavor_resize_situation): 200 GET http://10.180.1.21/compute/v2.1/servers/aee05e74-29a2-40ca-8185-a3698c7321af 0.166s
2024-12-30 09:34:46.328 67139 INFO tempest.lib.common.rest_client [req-5470b2ff-5148-41be-ac2a-fc0435a3aee2 req-5470b2ff-5148-41be-ac2a-fc0435a3aee2 ] Request (ServerActionsTestOtherB:setUpClass): 200 GET http://10.180.1.21/compute/v2.1/servers/3ea50bbd-56e4-4fd5-a15a-1059d58227d5 0.149s
2024-12-30 09:34:46.341 67123 INFO tempest.lib.common.rest_client [req-fc980eca-e7ff-44b2-85ec-cf6411f0909c req-fc980eca-e7ff-44b2-85ec-cf6411f0909c ] Request (ServerDiskConfigTestJSON:test_rebuild_server_with_manual_disk_config): 200 GET http://10.180.1.21/compute/v2.1/servers/1130179f-2d78-472e-927c-0b1d983fded2 0.111s
2024-12-30 09:34:46.382 67131 INFO tempest.lib.common.rest_client [req-e48d75d7-33a7-4ebb-9693-f83c35e44c87 req-e48d75d7-33a7-4ebb-9693-f83c35e44c87 ] Request (InstanceActionsTestJSON:tearDownClass): 200 GET http://10.180.1.21/compute/v2.1/servers/877a937a-e068-47ac-a6ca-8b499fc46b74 0.139s
2024-12-30 09:34:46.388 67125 INFO tempest.lib.common.rest_client [req-d2c32046-ca56-4f1a-adaa-815f6aea8d46 req-d2c32046-ca56-4f1a-adaa-815f6aea8d46 ] Request (ServersAdminTestJSON:test_inject_network_info): 200 GET http://10.180.1.21/compute/v2.1/servers/b7433a97-38b5-40c4-b993-b15aa9bfa420 0.114s
2024-12-30 09:34:46.426 67093 INFO tempest.lib.common.rest_client [req-1dfa0804-7c14-4824-a88c-3bb40eb9af8c req-1dfa0804-7c14-4824-a88c-3bb40eb9af8c ] Request (ListImageFiltersTestJSON:setUpClass): 200 GET http://10.180.1.21/compute/v2.1/servers/16287ba1-3b2f-44aa-baf7-6965213fec30 0.089s
2024-12-30 09:34:46.456 67147 INFO tempest.lib.common.rest_client [req-23b192cf-6ad5-48df-923a-a8e72705db71 req-23b192cf-6ad5-48df-923a-a8e72705db71 ] Request (ServerActionsTestJSON:setUpClass): 200 GET http://10.180.1.21/compute/v2.1/servers/f63c1f62-24dd-427f-90cc-25312097d746 0.064s
2024-12-30 09:34:46.561 67095 INFO tempest.lib.common.rest_client [req-f2c61459-a8a6-420e-8453-123883a96e33 req-f2c61459-a8a6-420e-8453-123883a96e33 ] Request (DeleteServersAdminTestJSON:test_delete_server_while_in_error_state): 200 GET http://10.180.1.21/compute/v2.1/servers/a2ff6e56-fd4f-445d-9455-3c5a39815227 0.054s
2024-12-30 09:34:46.661 67135 INFO tempest.lib.common.rest_client [req-7e9405ad-aadc-428b-b481-f9ba18bdadf5 req-7e9405ad-aadc-428b-b481-f9ba18bdadf5 ] Request (ServerAddressesTestJSON:tearDownClass): 200 GET http://10.180.1.21/compute/v2.1/servers/6db5008a-0bc2-41a4-8597-41bbdbe6681f 0.058s
2024-12-30 09:34:46.667 67135 INFO tempest.common.waiters [-] State transition "ACTIVE/deleting" ==> "DELETED/None" after 3 second wait
2024-12-30 09:34:46.715 67101 INFO tempest.lib.common.rest_client [req-7b7fa52d-ae0f-4382-ae07-1141ffbd5b21 req-7b7fa52d-ae0f-4382-ae07-1141ffbd5b21 ] Request (ServersNegativeTestJSON:setUpClass): 200 GET http://10.180.1.21/compute/v2.1/servers/2346cc28-f1bd-4e6c-a45f-242f224132a9 0.075s
2024-12-30 09:34:46.753 67119 INFO tempest.lib.common.rest_client [req-68027ac8-fa44-4d80-877b-f76e8f86364c req-68027ac8-fa44-4d80-877b-f76e8f86364c ] Request (VolumesAdminNegativeTest:test_update_attached_volume_with_nonexistent_volume_in_body): 200 GET http://10.180.1.21/volume/v3/volumes/5f34f4fa-54b0-4651-829a-d9652160b9a4 0.041s
2024-12-30 09:34:46.787 67149 INFO tempest.lib.common.rest_client [req-82e0ae72-8ae1-4e42-8b3d-d4afce3db341 req-82e0ae72-8ae1-4e42-8b3d-d4afce3db341 ] Request (ServersTestBootFromVolume:setUpClass): 200 GET http://10.180.1.21/compute/v2.1/servers/a9959f70-763e-4ba6-8b44-f1b927d4cd01 0.085s
2024-12-30 09:34:46.837 67137 INFO tempest.lib.common.rest_client [req-43677d27-f449-49e7-911b-4c2b37438ea2 req-43677d27-f449-49e7-911b-4c2b37438ea2 ] Request (ServerRescueNegativeTestJSON:test_rescued_vm_detach_volume): 200 GET http://10.180.1.21/compute/v2.1/servers/9cbe5049-3a8e-4962-be3f-2312cced0b11 0.049s
2024-12-30 09:34:46.909 67107 INFO tempest.lib.common.rest_client [req-45c30fc2-6655-425b-be17-95e4c1f1ae49 req-45c30fc2-6655-425b-be17-95e4c1f1ae49 ] Request (ServerPasswordTestJSON:setUpClass): 200 GET http://10.180.1.21/compute/v2.1/servers/5439a79a-b411-4d33-a6e5-09ab473d3656 0.054s
2024-12-30 09:34:46.954 67129 INFO tempest.lib.common.rest_client [req-28acdfb3-791e-4945-9156-88c89482f8d1 req-28acdfb3-791e-4945-9156-88c89482f8d1 ] Request (SecurityGroupsTestJSON:test_server_security_groups): 200 GET http://10.180.1.21/compute/v2.1/servers/da06dfbd-2823-4075-b453-0e3ca30b7c9c 0.050s
2024-12-30 09:34:46.960 67111 INFO tempest.lib.common.rest_client [req-9c363f60-7a33-4172-8d1c-dac923008fb5 req-9c363f60-7a33-4172-8d1c-dac923008fb5 ] Request (ListServerFiltersTestJSON:setUpClass): 200 GET http://10.180.1.21/compute/v2.1/servers/8811ec10-8cc5-4238-b361-55f24e044027 0.110s
2024-12-30 09:34:47.004 67103 INFO tempest.lib.common.rest_client [req-bea54a0b-9f0a-42ae-bec3-e3ba3d5ea284 req-bea54a0b-9f0a-42ae-bec3-e3ba3d5ea284 ] Request (ServersAaction247Test:test_create_backup): 200 GET http://10.180.1.21/compute/v2.1/servers/dc7438a3-d19c-4a38-863f-42bcbc36a1cf 0.092s
2024-12-30 09:34:47.061 67127 INFO tempest.lib.common.rest_client [req-d30eb94d-7e69-403b-9b29-90656d26227f req-d30eb94d-7e69-403b-9b29-90656d26227f ] Request (InstanceActionsNegativeTestJSON:tearDownClass): 200 GET http://10.180.1.21/compute/v2.1/servers/4cf6d2cb-8cf1-48ab-9865-22093b604bfc 0.060s
2024-12-30 09:34:47.139 67151 INFO tempest.lib.common.rest_client [req-a9646e2f-e100-4a2a-a0aa-7fa102db35dd req-a9646e2f-e100-4a2a-a0aa-7fa102db35dd ] Request (ServerShowV257Test:tearDownClass): 200 GET http://10.180.1.21/compute/v2.1/servers/8e628cfe-5d32-419d-ad18-1051130cb68d 0.061s
2024-12-30 09:34:47.159 67121 INFO tempest.lib.common.rest_client [req-7991a9da-fd2c-4ea2-b25a-711cabf13f18 req-7991a9da-fd2c-4ea2-b25a-711cabf13f18 ] Request (ServerExternalEventsTest:test_create_server_external_events): 200 GET http://10.180.1.21/compute/v2.1/servers/677e3210-d6c0-4fbf-8768-e36ddf2acd2c 0.109s
2024-12-30 09:34:47.165 67121 INFO tempest.common.waiters [-] State transition "BUILD/block_device_mapping" ==> "BUILD/spawning" after 83 second wait
2024-12-30 09:34:47.212 67133 INFO tempest.lib.common.rest_client [req-1a232565-fc0b-4450-b2a6-e72b36304f5d req-1a232565-fc0b-4450-b2a6-e72b36304f5d ] Request (ServersAdminNegativeTestJSON:tearDownClass): 200 GET http://10.180.1.21/compute/v2.1/servers/85b88f2d-a6fc-4073-8988-27190e4ee0b1 0.066s
2024-12-30 09:34:47.214 67117 INFO tempest.lib.common.rest_client [req-d647faca-8e44-4b2c-bee1-dee742947262 req-d647faca-8e44-4b2c-bee1-dee742947262 ] Request (MultipleCreateTestJSON:test_multiple_create): 200 GET http://10.180.1.21/compute/v2.1/servers/f2072664-ec85-48eb-8a4b-8d09c10d29fc 0.067s
2024-12-30 09:34:47.265 67109 INFO tempest.lib.common.rest_client [req-7902f4f8-5b73-4daa-af55-123ecc5fa114 req-7902f4f8-5b73-4daa-af55-123ecc5fa114 ] Request (ServerTagsTestJSON:setUpClass): 200 GET http://10.180.1.21/compute/v2.1/servers/0323ded6-9e33-48f2-a1fc-5fda3cdfd3ce 0.048s
2024-12-30 09:34:47.332 67113 INFO tempest.lib.common.rest_client [req-48293175-1647-468a-b0a6-73abbbe7417f req-48293175-1647-468a-b0a6-73abbbe7417f ] Request (ImagesTestJSON:test_create_image_from_stopped_server): 200 GET http://10.180.1.21/compute/v2.1/servers/cac7cbdf-fbf9-480c-b3f6-92caa3dc4fbe 0.048s
2024-12-30 09:34:47.387 67139 INFO tempest.lib.common.rest_client [req-7f307d0a-3293-4ff2-bef6-3a7d3e695d94 req-7f307d0a-3293-4ff2-bef6-3a7d3e695d94 ] Request (ServerActionsTestOtherB:setUpClass): 200 GET http://10.180.1.21/compute/v2.1/servers/3ea50bbd-56e4-4fd5-a15a-1059d58227d5 0.053s
2024-12-30 09:34:47.405 67097 INFO tempest.lib.common.rest_client [req-427a968b-4887-4a5e-95d9-2a433a3dfec6 req-427a968b-4887-4a5e-95d9-2a433a3dfec6 ] Request (MigrationsAdminTest:test_list_migrations_in_flavor_resize_situation): 200 GET http://10.180.1.21/compute/v2.1/servers/aee05e74-29a2-40ca-8185-a3698c7321af 0.102s
2024-12-30 09:34:47.429 67123 INFO tempest.lib.common.rest_client [req-08b159d9-01de-4c6b-9b0c-524e7975cf4e req-08b159d9-01de-4c6b-9b0c-524e7975cf4e ] Request (ServerDiskConfigTestJSON:test_rebuild_server_with_manual_disk_config): 200 GET http://10.180.1.21/compute/v2.1/servers/1130179f-2d78-472e-927c-0b1d983fded2 0.081s
2024-12-30 09:34:47.454 67131 INFO tempest.lib.common.rest_client [req-a0fbe71d-dce9-4ef1-b286-2262f7da317d req-a0fbe71d-dce9-4ef1-b286-2262f7da317d ] Request (InstanceActionsTestJSON:tearDownClass): 200 GET http://10.180.1.21/compute/v2.1/servers/877a937a-e068-47ac-a6ca-8b499fc46b74 0.065s
2024-12-30 09:34:47.472 67125 INFO tempest.lib.common.rest_client [req-88b9c64e-23a2-421d-806d-c3261a8078c2 req-88b9c64e-23a2-421d-806d-c3261a8078c2 ] Request (ServersAdminTestJSON:test_inject_network_info): 200 GET http://10.180.1.21/compute/v2.1/servers/b7433a97-38b5-40c4-b993-b15aa9bfa420 0.077s
2024-12-30 09:34:47.500 67093 INFO tempest.lib.common.rest_client [req-8b592af8-9644-4550-b910-5f03edcb0d9d req-8b592af8-9644-4550-b910-5f03edcb0d9d ] Request (ListImageFiltersTestJSON:setUpClass): 200 GET http://10.180.1.21/compute/v2.1/servers/16287ba1-3b2f-44aa-baf7-6965213fec30 0.068s
2024-12-30 09:34:47.515 67147 INFO tempest.lib.common.rest_client [req-9da76be0-1522-48fe-a1d6-e5382747c63c req-9da76be0-1522-48fe-a1d6-e5382747c63c ] Request (ServerActionsTestJSON:setUpClass): 200 GET http://10.180.1.21/compute/v2.1/servers/f63c1f62-24dd-427f-90cc-25312097d746 0.052s
2024-12-30 09:34:47.630 67095 INFO tempest.lib.common.rest_client [req-0d002ddd-8169-45a0-96b1-a7d426760c07 req-0d002ddd-8169-45a0-96b1-a7d426760c07 ] Request (DeleteServersAdminTestJSON:test_delete_server_while_in_error_state): 200 GET http://10.180.1.21/compute/v2.1/servers/a2ff6e56-fd4f-445d-9455-3c5a39815227 0.060s
2024-12-30 09:34:47.729 67135 INFO tempest.lib.common.rest_client [req-cfdde80e-67d0-4336-82a8-0223cf26a0c3 req-cfdde80e-67d0-4336-82a8-0223cf26a0c3 ] Request (ServerAddressesTestJSON:tearDownClass): 200 GET http://10.180.1.21/compute/v2.1/servers/6db5008a-0bc2-41a4-8597-41bbdbe6681f 0.060s
2024-12-30 09:34:47.778 67101 INFO tempest.lib.common.rest_client [req-ec19dc90-78e0-4e80-92a1-3904273b3082 req-ec19dc90-78e0-4e80-92a1-3904273b3082 ] Request (ServersNegativeTestJSON:setUpClass): 200 GET http://10.180.1.21/compute/v2.1/servers/2346cc28-f1bd-4e6c-a45f-242f224132a9 0.054s
2024-12-30 09:34:47.784 67101 INFO tempest.common.waiters [-] State transition "BUILD/scheduling" ==> "BUILD/None" after 46 second wait
2024-12-30 09:34:47.785 67119 INFO tempest.lib.common.rest_client [req-42fd8356-e103-4e03-bd53-2c3fb38d571b req-42fd8356-e103-4e03-bd53-2c3fb38d571b ] Request (VolumesAdminNegativeTest:test_update_attached_volume_with_nonexistent_volume_in_body): 200 GET http://10.180.1.21/volume/v3/volumes/5f34f4fa-54b0-4651-829a-d9652160b9a4 0.024s
2024-12-30 09:34:47.844 67149 INFO tempest.lib.common.rest_client [req-e2e73fdb-0923-480e-b175-4b25a750987f req-e2e73fdb-0923-480e-b175-4b25a750987f ] Request (ServersTestBootFromVolume:setUpClass): 200 GET http://10.180.1.21/compute/v2.1/servers/a9959f70-763e-4ba6-8b44-f1b927d4cd01 0.050s
2024-12-30 09:34:47.896 67137 INFO tempest.lib.common.rest_client [req-33ec2e2f-8caf-4098-9e25-74f209542073 req-33ec2e2f-8caf-4098-9e25-74f209542073 ] Request (ServerRescueNegativeTestJSON:test_rescued_vm_detach_volume): 200 GET http://10.180.1.21/compute/v2.1/servers/9cbe5049-3a8e-4962-be3f-2312cced0b11 0.052s
2024-12-30 09:34:47.964 67107 INFO tempest.lib.common.rest_client [req-f2ae56a7-e7b4-4fdc-89a6-953f62faf9c9 req-f2ae56a7-e7b4-4fdc-89a6-953f62faf9c9 ] Request (ServerPasswordTestJSON:setUpClass): 200 GET http://10.180.1.21/compute/v2.1/servers/5439a79a-b411-4d33-a6e5-09ab473d3656 0.048s
