2024-12-30 09:33:31.717 67099 INFO tempest.lib.common.rest_client [req-94312959-f6fa-46fc-823f-b9d62c65e41a req-94312959-f6fa-46fc-823f-b9d62c65e41a ] Request (ServersV294TestFqdnHostnames:setUpClass): 200 GET http://10.180.1.21/compute/v2.1/servers/3fb34c5d-46bd-483d-ae49-cef54a5ba59d 0.387s
2024-12-30 09:33:31.768 67109 INFO tempest.lib.common.rest_client [req-5bb933d5-d55c-4559-9475-7b48e8f8e20e req-5bb933d5-d55c-4559-9475-7b48e8f8e20e ] Request (AttachInterfacesV270Test:test_create_get_list_interfaces): 200 GET http://10.180.1.21/compute/v2.1/servers/b1054cd3-d64d-4f9b-a314-e94b0d73c80c 0.458s
2024-12-30 09:33:31.859 67105 WARNING tempest.lib.common.ssh [-] Failed to establish authenticated ssh connection to cirros@10.180.180.175 ([Errno None] Unable to connect to port 22 on 10.180.180.175). Number attempts: 5. Retry after 6 seconds.: paramiko.ssh_exception.NoValidConnectionsError: [Errno None] Unable to connect to port 22 on 10.180.180.175
2024-12-30 09:33:31.861 67123 INFO tempest.lib.common.rest_client [req-475b3a0f-6e54-462b-afee-7b038880789a req-475b3a0f-6e54-462b-afee-7b038880789a ] Request (ServerDiskConfigTestJSON:test_rebuild_server_with_auto_disk_config): 200 GET http://10.180.1.21/compute/v2.1/servers/07726d27-59fc-4540-8350-22aba76b0eab 0.458s
2024-12-30 09:33:31.865 67155 INFO tempest.lib.common.rest_client [req-ac0f355d-5610-4c35-857e-86b1cc12210b req-ac0f355d-5610-4c35-857e-86b1cc12210b ] Request (ServersListShow296Test:test_list_show_server_296): 200 GET http://10.180.1.21/compute/v2.1/servers/detail 0.485s
2024-12-30 09:33:31.915 67147 INFO tempest.lib.common.rest_client [req-8c5490a6-1269-44f4-9c57-69ce575361f5 req-8c5490a6-1269-44f4-9c57-69ce575361f5 ] Request (SecurityGroupsNegativeTestJSON:tearDownClass): 204 DELETE http://10.180.1.21:9696/networking/v2.0/routers/c5375052-86cd-42fe-8f5c-f4002ca9ffea 0.771s
2024-12-30 09:33:32.061 67133 INFO tempest.lib.common.rest_client [req-19b0902b-9eb3-4082-84eb-2930e93b071e req-19b0902b-9eb3-4082-84eb-2930e93b071e ] Request (ServersAdminNegativeTestJSON:test_migrate_server_invalid_state): 200 GET http://10.180.1.21/compute/v2.1/servers/ed6d0b03-0a79-4691-bc11-cca6ed9ee120 0.558s
2024-12-30 09:33:32.091 67147 INFO tempest.lib.common.rest_client [req-663c9e16-ad1c-45e8-be06-9b1f8ecbf79a req-663c9e16-ad1c-45e8-be06-9b1f8ecbf79a ] Request (SecurityGroupsNegativeTestJSON:tearDownClass): 204 DELETE http://10.180.1.21:9696/networking/v2.0/subnets/01a98fe3-128f-4ede-8d6d-5ff7428f870e 0.176s
2024-12-30 09:33:32.228 67129 INFO tempest.lib.common.rest_client [req-01464338-42ef-42c8-9f79-2895228d0059 req-01464338-42ef-42c8-9f79-2895228d0059 ] Request (SecurityGroupsTestJSON:test_server_security_groups): 200 POST http://10.180.1.21/compute/v2.1/os-security-groups 0.634s
2024-12-30 09:33:32.288 67121 INFO tempest.lib.common.rest_client [req-d6bd9238-ae3f-4e1c-9578-809820f6f28c req-d6bd9238-ae3f-4e1c-9578-809820f6f28c ] Request (ServerExternalEventsTest:test_create_server_external_events): 200 GET http://10.180.1.21/compute/v2.1/servers/677e3210-d6c0-4fbf-8768-e36ddf2acd2c 0.512s
2024-12-30 09:33:32.336 67139 INFO tempest.lib.common.rest_client [req-1361db57-8c8f-46e4-80e8-dd6ca3dcb3aa req-1361db57-8c8f-46e4-80e8-dd6ca3dcb3aa ] Request (ServerActionsTestOtherB:setUpClass): 200 GET http://10.180.1.21/compute/v2.1/servers/3ea50bbd-56e4-4fd5-a15a-1059d58227d5 0.471s
2024-12-30 09:33:32.370 67141 WARNING tempest.lib.common.ssh [-] Failed to establish authenticated ssh connection to cirros@10.180.180.155 ([Errno None] Unable to connect to port 22 on 10.180.180.155). Number attempts: 2. Retry after 3 seconds.: paramiko.ssh_exception.NoValidConnectionsError: [Errno None] Unable to connect to port 22 on 10.180.180.155
2024-12-30 09:33:32.373 67117 INFO tempest.lib.common.rest_client [req-862b273b-43f0-49b0-8f65-6ca77af48e27 req-862b273b-43f0-49b0-8f65-6ca77af48e27 ] Request (MultipleCreateTestJSON:test_multiple_create): 202 POST http://10.180.1.21/compute/v2.1/servers 0.801s
2024-12-30 09:33:32.425 67155 INFO tempest.lib.common.rest_client [req-2ac6118e-69ed-4a3c-99b0-f41e8ddeba7a req-2ac6118e-69ed-4a3c-99b0-f41e8ddeba7a ] Request (ServersListShow296Test:test_list_show_server_296): 200 GET http://10.180.1.21/compute/v2.1/servers/f9ebbfa9-47e1-497d-9349-e293ea9a2392 0.545s
2024-12-30 09:33:32.430 67095 INFO tempest.lib.common.rest_client [req-e74f2ff2-5562-429f-8dfa-0f6c9aaa19eb req-e74f2ff2-5562-429f-8dfa-0f6c9aaa19eb ] Request (DeleteServersAdminTestJSON:test_delete_server_while_in_error_state): 200 GET http://10.180.1.21/compute/v2.1/servers/a2ff6e56-fd4f-445d-9455-3c5a39815227 0.532s
2024-12-30 09:33:32.489 67101 INFO tempest.lib.common.rest_client [req-e6c27e1c-d422-48d4-9a02-f924bd0c917f req-e6c27e1c-d422-48d4-9a02-f924bd0c917f ] Request (ServersNegativeTestJSON:setUpClass): 200 GET http://10.180.1.21/compute/v2.1/servers/9c489c02-6010-4f1a-8d7f-fe4fa5007c7c 0.565s
2024-12-30 09:33:32.494 67127 INFO tempest.lib.common.rest_client [req-708cbfea-1466-4c38-b541-4ae94691b3d3 req-708cbfea-1466-4c38-b541-4ae94691b3d3 ] Request (InstanceActionsNegativeTestJSON:setUpClass): 200 GET http://10.180.1.21/compute/v2.1/servers/4cf6d2cb-8cf1-48ab-9865-22093b604bfc 0.508s
2024-12-30 09:33:32.557 67125 INFO tempest.lib.common.rest_client [req-8ef27871-980a-4fca-99f0-025bf2fdfea2 req-8ef27871-980a-4fca-99f0-025bf2fdfea2 ] Request (ServersAdminTestJSON:test_create_server_with_scheduling_hint): 200 GET http://10.180.1.21/compute/v2.1/servers/f1a3decb-7efc-4d62-ad83-2da3532c9b4c 0.517s
2024-12-30 09:33:32.561 67093 INFO tempest.lib.common.rest_client [req-1843816f-9569-45e3-9a25-edb677156a79 req-1843816f-9569-45e3-9a25-edb677156a79 ] Request (ServersAdmin275Test:test_rebuild_update_server_275): 200 GET http://10.180.1.21/compute/v2.1/servers/0dfed87c-cd62-4849-9af4-0e0593a1a478 0.564s
2024-12-30 09:33:32.579 67093 INFO tempest.common.waiters [-] State transition "REBUILD/rebuild_spawning" ==> "ACTIVE/None" after 11 second wait
2024-12-30 09:33:32.587 67147 INFO tempest.lib.common.rest_client [req-997b422d-dacc-481c-92c0-ee3552d51885 req-997b422d-dacc-481c-92c0-ee3552d51885 ] Request (SecurityGroupsNegativeTestJSON:tearDownClass): 204 DELETE http://10.180.1.21:9696/networking/v2.0/networks/3d6cd285-e396-4867-8d9b-e6af5e77df39 0.496s
2024-12-30 09:33:32.605 67107 INFO tempest.lib.common.rest_client [req-20b5e493-b52c-4a62-8803-42d0aa54dc77 req-20b5e493-b52c-4a62-8803-42d0aa54dc77 ] Request (ImagesOneServerTestJSON:test_create_image_specify_multibyte_character_image_name): 200 GET http://10.180.1.21/compute/v2.1/images/92873e5a-6021-4c9b-8b8f-109b2977bcdd 0.515s
2024-12-30 09:33:32.625 67151 INFO tempest.lib.common.rest_client [req-f7239a54-fd5e-4b93-bf28-7af85bcff1f3 req-f7239a54-fd5e-4b93-bf28-7af85bcff1f3 ] Request (ServerShowV257Test:test_rebuild_server): 200 GET http://10.180.1.21/compute/v2.1/servers/8e628cfe-5d32-419d-ad18-1051130cb68d 0.562s
2024-12-30 09:33:32.681 67149 INFO tempest.lib.common.rest_client [req-d6b3c6ee-96af-4ad4-8740-0a7c21255c4a req-d6b3c6ee-96af-4ad4-8740-0a7c21255c4a ] Request (ServersTestBootFromVolume:setUpClass): 201 POST http://10.180.1.21:9696/networking/v2.0/routers 1.221s
2024-12-30 09:33:32.682 67147 INFO tempest.lib.common.rest_client [req-41926025-c56f-4878-9b92-efb8d9331f71 req-41926025-c56f-4878-9b92-efb8d9331f71 ] Request (SecurityGroupsNegativeTestJSON:tearDownClass): 204 DELETE http://10.180.1.21/identity/v3/users/0185a0d95d6c4186a91c68a3a051aa87 0.093s
2024-12-30 09:33:32.683 67147 INFO tempest.lib.common.dynamic_creds [-] Deleting project and security group for project: 5d80f149a7154b1a8640bad237435d0f
2024-12-30 09:33:32.708 67113 INFO tempest.lib.common.rest_client [req-b4821460-97ef-4aa7-a0d6-525fd8546728 req-b4821460-97ef-4aa7-a0d6-525fd8546728 ] Request (FloatingIPsAssociationNegativeTestJSON:tearDownClass): 200 GET http://10.180.1.21/compute/v2.1/servers/ba819e78-f9b0-4e7f-b896-3c4b7b758cfa 0.571s
2024-12-30 09:33:32.717 67145 INFO tempest.lib.common.rest_client [req-96445d70-1b41-47af-9320-73f14d887d30 req-96445d70-1b41-47af-9320-73f14d887d30 ] Request (ServersTestJSON:setUpClass): 200 GET http://10.180.1.21/compute/v2.1/servers/e2033d6a-1cae-4bb8-9b0e-e975360cdad3 0.512s
2024-12-30 09:33:32.773 67147 INFO tempest.lib.common.rest_client [req-3c39ac2d-fd23-4019-b7a1-843997deaf68 req-3c39ac2d-fd23-4019-b7a1-843997deaf68 ] Request (SecurityGroupsNegativeTestJSON:tearDownClass): 200 GET http://10.180.1.21:9696/networking/v2.0/security-groups?tenant_id=5d80f149a7154b1a8640bad237435d0f&name=default 0.089s
2024-12-30 09:33:32.801 67131 INFO tempest.lib.common.rest_client [req-52ecb24b-e0d4-48a7-b245-f8332abfa887 req-52ecb24b-e0d4-48a7-b245-f8332abfa887 ] Request (InstanceActionsTestJSON:setUpClass): 200 GET http://10.180.1.21/compute/v2.1/servers/877a937a-e068-47ac-a6ca-8b499fc46b74 0.529s
2024-12-30 09:33:32.864 67137 INFO tempest.lib.common.rest_client [req-8bd760e2-4a2d-4d93-ae3d-e5cf96d809d3 req-8bd760e2-4a2d-4d93-ae3d-e5cf96d809d3 ] Request (ServerRescueNegativeTestJSON:setUpClass): 200 GET http://10.180.1.21/compute/v2.1/servers/97a48c79-8950-4b53-ae7e-7b7e0845158e 0.516s
2024-12-30 09:33:32.882 67115 WARNING tempest.lib.common.ssh [-] Failed to establish authenticated ssh connection to cirros@10.180.180.184 ([Errno None] Unable to connect to port 22 on 10.180.180.184). Number attempts: 3. Retry after 4 seconds.: paramiko.ssh_exception.NoValidConnectionsError: [Errno None] Unable to connect to port 22 on 10.180.180.184
2024-12-30 09:33:32.935 67129 INFO tempest.lib.common.rest_client [req-28c3cfcd-44fc-49ad-8774-9a6f0b461c63 req-28c3cfcd-44fc-49ad-8774-9a6f0b461c63 ] Request (SecurityGroupsTestJSON:test_server_security_groups): 200 POST http://10.180.1.21/compute/v2.1/os-security-groups 0.704s
2024-12-30 09:33:32.947 67117 INFO tempest.lib.common.rest_client [req-1f436ca5-812a-4de5-b2f2-77eee10874ad req-1f436ca5-812a-4de5-b2f2-77eee10874ad ] Request (MultipleCreateTestJSON:test_multiple_create): 200 GET http://10.180.1.21/compute/v2.1/servers 0.571s
2024-12-30 09:33:32.949 67147 INFO tempest.lib.common.rest_client [req-b424e139-b2c2-46b2-9897-626f134c2042 req-b424e139-b2c2-46b2-9897-626f134c2042 ] Request (SecurityGroupsNegativeTestJSON:tearDownClass): 204 DELETE http://10.180.1.21:9696/networking/v2.0/security-groups/19ea1b38-df3c-4f8a-9570-baadeef3ba41 0.176s
2024-12-30 09:33:33.015 67111 INFO tempest.lib.common.rest_client [req-c0da68b0-ab45-48cd-9e4e-ff70c8499869 req-c0da68b0-ab45-48cd-9e4e-ff70c8499869 ] Request (ListServerFiltersTestJSON:setUpClass): 200 GET http://10.180.1.21/compute/v2.1/servers/8811ec10-8cc5-4238-b361-55f24e044027 0.604s
2024-12-30 09:33:33.028 67129 INFO tempest.lib.common.rest_client [req-f012a673-20bc-44bc-82fb-85c408b5d055 req-f012a673-20bc-44bc-82fb-85c408b5d055 ] Request (SecurityGroupsTestJSON:test_server_security_groups): 201 POST http://10.180.1.21/identity/v3/auth/tokens 0.088s
2024-12-30 09:33:33.028 67129 INFO tempest.lib.common.fixed_network [-] (SecurityGroupsTestJSON:test_server_security_groups) Found network {'id': 'f19ef4ed-8852-40fb-847e-2ae0fc8f5a8c', 'name': 'tempest-SecurityGroupsTestJSON-121989039-network', 'tenant_id': 'c54beec5d2aa4a52b025cf1a4f20c54b', 'admin_state_up': True, 'mtu': 8950, 'status': 'ACTIVE', 'subnets': [], 'shared': False, 'project_id': 'c54beec5d2aa4a52b025cf1a4f20c54b', 'port_security_enabled': True, 'router:external': False, 'provider:network_type': 'vlan', 'provider:physical_network': 'default', 'provider:segmentation_id': 724, 'availability_zone_hints': [], 'availability_zones': [], 'ipv4_address_scope': None, 'ipv6_address_scope': None, 'description': '', 'tags': [], 'created_at': '2024-12-30T09:32:29Z', 'updated_at': '2024-12-30T09:32:29Z', 'revision_number': 1} available for tenant
2024-12-30 09:33:33.103 67147 INFO tempest.lib.common.rest_client [req-19f84389-0331-4539-8f88-9e358acef1fc req-19f84389-0331-4539-8f88-9e358acef1fc ] Request (SecurityGroupsNegativeTestJSON:tearDownClass): 204 DELETE http://10.180.1.21/identity/v3/projects/5d80f149a7154b1a8640bad237435d0f 0.154s
2024-12-30 09:33:33.194 67147 INFO tempest.lib.common.rest_client [req-e44ba0c6-d0f3-47b1-8c29-fd1fb382064e req-e44ba0c6-d0f3-47b1-8c29-fd1fb382064e ] Request (ServerActionsTestJSON:setUpClass): 201 POST http://10.180.1.21/identity/v3/auth/tokens 0.087s
2024-12-30 09:33:33.227 67147 INFO tempest.lib.common.rest_client [req-dad94ddb-6c67-42a3-b03b-147eeea8b24d req-dad94ddb-6c67-42a3-b03b-147eeea8b24d ] Request (ServerActionsTestJSON:setUpClass): 201 POST http://10.180.1.21/identity/v3/auth/tokens 0.030s
2024-12-30 09:33:33.265 67147 INFO tempest.lib.common.rest_client [req-380e4ac8-6144-41ba-88a0-b3538f410001 req-380e4ac8-6144-41ba-88a0-b3538f410001 ] Request (ServerActionsTestJSON:setUpClass): 200 GET http://10.180.1.21/identity/v3/domains?name=Default 0.037s
2024-12-30 09:33:33.297 67147 INFO tempest.lib.common.rest_client [req-a944bca3-e832-434c-b3af-76bae317df80 req-a944bca3-e832-434c-b3af-76bae317df80 ] Request (ServerActionsTestJSON:setUpClass): 201 POST http://10.180.1.21/identity/v3/projects 0.031s
2024-12-30 09:33:33.361 67147 INFO tempest.lib.common.rest_client [req-75034bbe-68e3-4f85-9103-8bc364cf52eb req-75034bbe-68e3-4f85-9103-8bc364cf52eb ] Request (ServerActionsTestJSON:setUpClass): 201 POST http://10.180.1.21/identity/v3/users 0.063s
2024-12-30 09:33:33.392 67147 INFO tempest.lib.common.rest_client [req-c40f0036-b7c1-410a-91d7-57b50c20fb19 req-c40f0036-b7c1-410a-91d7-57b50c20fb19 ] Request (ServerActionsTestJSON:setUpClass): 200 GET http://10.180.1.21/identity/v3/roles 0.030s
2024-12-30 09:33:33.415 67155 INFO tempest.lib.common.rest_client [req-16aea8f7-4b3b-4429-8b5b-9f03bbf6de53 req-16aea8f7-4b3b-4429-8b5b-9f03bbf6de53 ] Request (ServersListShow296Test:tearDownClass): 204 DELETE http://10.180.1.21/compute/v2.1/servers/f9ebbfa9-47e1-497d-9349-e293ea9a2392 0.965s
2024-12-30 09:33:33.429 67147 INFO tempest.lib.common.rest_client [req-00726bc9-1ee9-4b00-8ce5-43af38fd6487 req-00726bc9-1ee9-4b00-8ce5-43af38fd6487 ] Request (ServerActionsTestJSON:setUpClass): 204 PUT http://10.180.1.21/identity/v3/projects/87a4f6434c5e4923b96f3d8350251059/users/0d5a0052b62a48f59e4dd1d2d1276455/roles/dc91b1af96f44092aad00da57fe51d0a 0.036s
2024-12-30 09:33:33.429 67147 INFO tempest.lib.common.dynamic_creds [-] Dynamic test user 0d5a0052b62a48f59e4dd1d2d1276455 is created with scope project and roles: ['member']
2024-12-30 09:33:33.429 67147 INFO tempest.lib.common.dynamic_creds [-] Acquired dynamic creds: credentials: Credentials: {'domain_id': 'default', 'domain_name': 'Default', 'username': 'tempest-ServerActionsTestJSON-872920825-project-member', 'project_domain_id': 'default', 'project_domain_name': 'Default', 'project_id': '87a4f6434c5e4923b96f3d8350251059', 'project_name': 'tempest-ServerActionsTestJSON-872920825', 'tenant_id': '87a4f6434c5e4923b96f3d8350251059', 'tenant_name': 'tempest-ServerActionsTestJSON-872920825', 'user_domain_id': 'default', 'user_domain_name': 'Default', 'user_id': '0d5a0052b62a48f59e4dd1d2d1276455', 'system': None}, Network: None, Subnet: None, Router: None
2024-12-30 09:33:33.466 67093 INFO tempest.lib.common.rest_client [req-44eba50e-60cc-4733-962c-2a35d0043e2b req-44eba50e-60cc-4733-962c-2a35d0043e2b ] Request (ServersAdmin275Test:test_rebuild_update_server_275): 202 POST http://10.180.1.21/compute/v2.1/servers/0dfed87c-cd62-4849-9af4-0e0593a1a478/action 0.884s
2024-12-30 09:33:33.499 67147 INFO tempest.lib.common.rest_client [req-a746132e-0964-4e51-a5d0-6639caab696c req-a746132e-0964-4e51-a5d0-6639caab696c ] Request (ServerActionsTestJSON:setUpClass): 201 POST http://10.180.1.21/identity/v3/auth/tokens 0.070s
2024-12-30 09:33:33.519 67135 INFO tempest.lib.common.rest_client [req-912fabd9-d3ed-41d9-93f0-6b53fb77bb5d req-912fabd9-d3ed-41d9-93f0-6b53fb77bb5d ] Request (ServerAddressesTestJSON:setUpClass): 200 GET http://10.180.1.21/compute/v2.1/servers/6db5008a-0bc2-41a4-8597-41bbdbe6681f 0.882s
2024-12-30 09:33:33.530 67097 INFO tempest.lib.common.rest_client [req-11312f9a-ec36-4bc1-a1d9-7c84ec23e8f2 req-11312f9a-ec36-4bc1-a1d9-7c84ec23e8f2 ] Request (MigrationsAdminTest:test_list_migrations_in_flavor_resize_situation): 200 GET http://10.180.1.21/compute/v2.1/servers/aee05e74-29a2-40ca-8185-a3698c7321af 0.947s
2024-12-30 09:33:33.582 67099 INFO tempest.lib.common.rest_client [req-9aedd06a-0c59-4cf0-972b-b3c42c0e48bd req-9aedd06a-0c59-4cf0-972b-b3c42c0e48bd ] Request (ServersV294TestFqdnHostnames:setUpClass): 200 GET http://10.180.1.21/compute/v2.1/servers/3fb34c5d-46bd-483d-ae49-cef54a5ba59d 0.850s
2024-12-30 09:33:33.640 67123 INFO tempest.lib.common.rest_client [req-cd66a8ec-0b0b-4642-bc22-3f585376b109 req-cd66a8ec-0b0b-4642-bc22-3f585376b109 ] Request (ServerDiskConfigTestJSON:test_rebuild_server_with_auto_disk_config): 200 GET http://10.180.1.21/compute/v2.1/servers/07726d27-59fc-4540-8350-22aba76b0eab 0.762s
2024-12-30 09:33:33.649 67109 INFO tempest.lib.common.rest_client [req-56e90c46-46fe-4a23-a338-39fdfe4394e4 req-56e90c46-46fe-4a23-a338-39fdfe4394e4 ] Request (AttachInterfacesV270Test:test_create_get_list_interfaces): 200 GET http://10.180.1.21/compute/v2.1/servers/b1054cd3-d64d-4f9b-a314-e94b0d73c80c 0.866s
2024-12-30 09:33:33.695 67117 INFO tempest.lib.common.rest_client [req-b041ab3c-64cc-4b7b-a4c3-8310dfa19059 req-b041ab3c-64cc-4b7b-a4c3-8310dfa19059 ] Request (MultipleCreateTestJSON:test_multiple_create): 200 GET http://10.180.1.21/compute/v2.1/servers/f2072664-ec85-48eb-8a4b-8d09c10d29fc 0.744s
2024-12-30 09:33:33.846 67149 INFO tempest.lib.common.rest_client [req-a68c3e4e-0449-4aa3-a87f-cec1a1a265a7 req-a68c3e4e-0449-4aa3-a87f-cec1a1a265a7 ] Request (ServersTestBootFromVolume:setUpClass): 200 PUT http://10.180.1.21:9696/networking/v2.0/routers/2513662b-2bd4-4b68-90e0-c4f4e17b06d2/add_router_interface 1.164s
2024-12-30 09:33:33.846 67149 INFO tempest.lib.common.dynamic_creds [-] Created isolated network resources for: credentials: Credentials: {'domain_id': 'default', 'domain_name': 'Default', 'username': 'tempest-ServersTestBootFromVolume-424031061-project-member', 'project_domain_id': 'default', 'project_domain_name': 'Default', 'project_id': 'acff39144ba74ff29c63764be750e7cb', 'project_name': 'tempest-ServersTestBootFromVolume-424031061', 'tenant_id': 'acff39144ba74ff29c63764be750e7cb', 'tenant_name': 'tempest-ServersTestBootFromVolume-424031061', 'user_domain_id': 'default', 'user_domain_name': 'Default', 'user_id': '58cc282b76444e4f98005b02c313ce92', 'system': None}, Network: {'id': 'd62bb94f-e142-4030-a9bf-b832f54a43aa', 'name': 'tempest-ServersTestBootFromVolume-257613106-network', 'tenant_id': 'acff39144ba74ff29c63764be750e7cb', 'admin_state_up': True, 'mtu': 8950, 'status': 'ACTIVE', 'subnets': [], 'shared': False, 'project_id': 'acff39144ba74ff29c63764be750e7cb', 'port_security_enabled': True, 'router:external': False, 'provider:network_type': 'vlan', 'provider:physical_network': 'default', 'provider:segmentation_id': 564, 'availability_zone_hints': [], 'availability_zones': [], 'ipv4_address_scope': None, 'ipv6_address_scope': None, 'description': '', 'tags': [], 'created_at': '2024-12-30T09:33:31Z', 'updated_at': '2024-12-30T09:33:31Z', 'revision_number': 1}, Subnet: {'id': 'eaadf263-2184-49b4-8f85-0645496bb59d', 'name': 'tempest-ServersTestBootFromVolume-257613106-subnet', 'tenant_id': 'acff39144ba74ff29c63764be750e7cb', 'network_id': 'd62bb94f-e142-4030-a9bf-b832f54a43aa', 'ip_version': 4, 'subnetpool_id': None, 'enable_dhcp': True, 'ipv6_ra_mode': None, 'ipv6_address_mode': None, 'gateway_ip': '192.168.128.1', 'cidr': '192.168.128.0/28', 'allocation_pools': [{'start': '192.168.128.2', 'end': '192.168.128.14'}], 'host_routes': [], 'dns_nameservers': [], 'description': '', 'router:external': False, 'service_types': [], 'tags': [], 'created_at': '2024-12-30T09:33:31Z', 'updated_at': '2024-12-30T09:33:31Z', 'revision_number': 0, 'project_id': 'acff39144ba74ff29c63764be750e7cb'}, Router: {'id': '2513662b-2bd4-4b68-90e0-c4f4e17b06d2', 'name': 'tempest-ServersTestBootFromVolume-257613106-router', 'tenant_id': 'acff39144ba74ff29c63764be750e7cb', 'admin_state_up': True, 'status': 'ACTIVE', 'external_gateway_info': {'network_id': '1fc886c7-6153-48fa-a540-9e4b2bbf8238', 'external_fixed_ips': [{'subnet_id': 'a74aaac6-0a13-4a04-83b5-65b13da0f8cf', 'ip_address': '10.180.180.150'}], 'enable_snat': True}, 'description': '', 'availability_zones': [], 'distributed': False, 'ha': False, 'availability_zone_hints': [], 'routes': [], 'flavor_id': None, 'tags': [], 'created_at': '2024-12-30T09:33:31Z', 'updated_at': '2024-12-30T09:33:31Z', 'revision_number': 2, 'project_id': 'acff39144ba74ff29c63764be750e7cb'}
2024-12-30 09:33:33.869 67147 INFO tempest.lib.common.rest_client [req-e4df9355-fa80-4319-832e-22204b8355ab req-e4df9355-fa80-4319-832e-22204b8355ab ] Request (ServerActionsTestJSON:setUpClass): 201 POST http://10.180.1.21:9696/networking/v2.0/networks 0.369s
2024-12-30 09:33:33.903 67133 INFO tempest.lib.common.rest_client [req-48ebb2c1-e25b-48d6-9f2e-8a411f189afb req-48ebb2c1-e25b-48d6-9f2e-8a411f189afb ] Request (ServersAdminNegativeTestJSON:test_migrate_server_invalid_state): 200 GET http://10.180.1.21/compute/v2.1/servers/ed6d0b03-0a79-4691-bc11-cca6ed9ee120 0.832s
2024-12-30 09:33:33.945 67149 INFO tempest.lib.common.rest_client [req-681d2d20-747c-452e-a09b-b5053d68c398 req-681d2d20-747c-452e-a09b-b5053d68c398 ] Request (ServersTestBootFromVolume:setUpClass): 201 POST http://10.180.1.21/identity/v3/auth/tokens 0.095s
2024-12-30 09:33:33.976 67121 INFO tempest.lib.common.rest_client [req-fea2c24a-3f4a-4806-8cab-f1e902a94c0b req-fea2c24a-3f4a-4806-8cab-f1e902a94c0b ] Request (ServerExternalEventsTest:test_create_server_external_events): 200 GET http://10.180.1.21/compute/v2.1/servers/677e3210-d6c0-4fbf-8768-e36ddf2acd2c 0.681s
2024-12-30 09:33:34.026 67139 INFO tempest.lib.common.rest_client [req-def959e9-ca21-4e17-bbeb-10b69f916c25 req-def959e9-ca21-4e17-bbeb-10b69f916c25 ] Request (ServerActionsTestOtherB:setUpClass): 200 GET http://10.180.1.21/compute/v2.1/servers/3ea50bbd-56e4-4fd5-a15a-1059d58227d5 0.682s
2024-12-30 09:33:34.043 67147 INFO tempest.lib.common.rest_client [req-012e9838-368c-4695-9dc5-15163cfdffe0 req-012e9838-368c-4695-9dc5-15163cfdffe0 ] Request (ServerActionsTestJSON:setUpClass): 201 POST http://10.180.1.21:9696/networking/v2.0/subnets 0.174s
2024-12-30 09:33:34.045 67155 INFO tempest.lib.common.rest_client [req-d0d8add1-3b0d-4d52-a893-a3d7e515c503 req-d0d8add1-3b0d-4d52-a893-a3d7e515c503 ] Request (ServersListShow296Test:tearDownClass): 404 GET http://10.180.1.21/compute/v2.1/servers/f9ebbfa9-47e1-497d-9349-e293ea9a2392 0.630s
2024-12-30 09:33:34.088 67129 INFO tempest.lib.common.rest_client [req-5842ad80-c574-43e5-a96e-4b3710ecb4eb req-5842ad80-c574-43e5-a96e-4b3710ecb4eb ] Request (SecurityGroupsTestJSON:test_server_security_groups): 202 POST http://10.180.1.21/compute/v2.1/servers 1.059s
2024-12-30 09:33:34.097 67095 INFO tempest.lib.common.rest_client [req-9cf0c234-2652-41b1-8a5c-f69151e8b817 req-9cf0c234-2652-41b1-8a5c-f69151e8b817 ] Request (DeleteServersAdminTestJSON:test_delete_server_while_in_error_state): 200 GET http://10.180.1.21/compute/v2.1/servers/a2ff6e56-fd4f-445d-9455-3c5a39815227 0.657s
2024-12-30 09:33:34.147 67155 INFO tempest.lib.common.rest_client [req-45b3f66a-54a0-4b37-aebf-32ac52ca0c1c req-45b3f66a-54a0-4b37-aebf-32ac52ca0c1c ] Request (ServersListShow296Test:tearDownClass): 204 DELETE http://10.180.1.21/identity/v3/users/bd1ed9ef86404882843343f7448861b0 0.101s
2024-12-30 09:33:34.148 67155 INFO tempest.lib.common.dynamic_creds [-] Deleting project and security group for project: a7536942ae5344b58d5e4b05fe0be860
2024-12-30 09:33:34.152 67101 INFO tempest.lib.common.rest_client [req-7627f1ae-5c5b-4169-bf23-39d375ab31c7 req-7627f1ae-5c5b-4169-bf23-39d375ab31c7 ] Request (ServersNegativeTestJSON:setUpClass): 200 GET http://10.180.1.21/compute/v2.1/servers/9c489c02-6010-4f1a-8d7f-fe4fa5007c7c 0.651s
2024-12-30 09:33:34.182 67093 INFO tempest.lib.common.rest_client [req-8bfb5dac-1ce2-4bb3-949a-42af64e6ab13 req-8bfb5dac-1ce2-4bb3-949a-42af64e6ab13 ] Request (ServersAdmin275Test:_run_cleanups): 200 GET http://10.180.1.21/compute/v2.1/servers/0dfed87c-cd62-4849-9af4-0e0593a1a478 0.704s
2024-12-30 09:33:34.218 67155 INFO tempest.lib.common.rest_client [req-c1927327-5969-4f96-b35d-9168ebfe1089 req-c1927327-5969-4f96-b35d-9168ebfe1089 ] Request (ServersListShow296Test:tearDownClass): 201 POST http://10.180.1.21/identity/v3/auth/tokens 0.070s
2024-12-30 09:33:34.223 67127 INFO tempest.lib.common.rest_client [req-b4f50c2a-f24d-43e8-b35e-e1ca0da116af req-b4f50c2a-f24d-43e8-b35e-e1ca0da116af ] Request (InstanceActionsNegativeTestJSON:setUpClass): 200 GET http://10.180.1.21/compute/v2.1/servers/4cf6d2cb-8cf1-48ab-9865-22093b604bfc 0.721s
2024-12-30 09:33:34.250 67125 INFO tempest.lib.common.rest_client [req-fab77e41-4c8a-4333-8f04-088ea9bbab35 req-fab77e41-4c8a-4333-8f04-088ea9bbab35 ] Request (ServersAdminTestJSON:test_create_server_with_scheduling_hint): 200 GET http://10.180.1.21/compute/v2.1/servers/f1a3decb-7efc-4d62-ad83-2da3532c9b4c 0.684s
2024-12-30 09:33:34.262 67107 INFO tempest.lib.common.rest_client [req-388df606-4d0a-4b46-bee0-9b573e3e6ee2 req-388df606-4d0a-4b46-bee0-9b573e3e6ee2 ] Request (ImagesOneServerTestJSON:test_create_image_specify_multibyte_character_image_name): 200 GET http://10.180.1.21/compute/v2.1/images/92873e5a-6021-4c9b-8b8f-109b2977bcdd 0.650s
2024-12-30 09:33:34.318 67151 INFO tempest.lib.common.rest_client [req-09ca0100-6e5d-4ba7-b8dd-aae75e6b7579 req-09ca0100-6e5d-4ba7-b8dd-aae75e6b7579 ] Request (ServerShowV257Test:test_rebuild_server): 200 GET http://10.180.1.21/compute/v2.1/servers/8e628cfe-5d32-419d-ad18-1051130cb68d 0.684s
2024-12-30 09:33:34.365 67113 INFO tempest.lib.common.rest_client [req-81fb7f0a-92d4-4b3d-b38c-8dd20ae7228d req-81fb7f0a-92d4-4b3d-b38c-8dd20ae7228d ] Request (FloatingIPsAssociationNegativeTestJSON:tearDownClass): 200 GET http://10.180.1.21/compute/v2.1/servers/ba819e78-f9b0-4e7f-b896-3c4b7b758cfa 0.646s
2024-12-30 09:33:34.402 67145 INFO tempest.lib.common.rest_client [req-39a446a7-c42b-469e-8fbe-4d3c89509430 req-39a446a7-c42b-469e-8fbe-4d3c89509430 ] Request (ServersTestJSON:setUpClass): 200 GET http://10.180.1.21/compute/v2.1/servers/e2033d6a-1cae-4bb8-9b0e-e975360cdad3 0.676s
2024-12-30 09:33:34.455 67131 INFO tempest.lib.common.rest_client [req-1d0cfe00-3310-4252-bae0-21db71180b25 req-1d0cfe00-3310-4252-bae0-21db71180b25 ] Request (InstanceActionsTestJSON:setUpClass): 200 GET http://10.180.1.21/compute/v2.1/servers/877a937a-e068-47ac-a6ca-8b499fc46b74 0.642s
2024-12-30 09:33:34.493 67137 INFO tempest.lib.common.rest_client [req-bd8ba6d3-0406-4693-b7d6-d4304754ef79 req-bd8ba6d3-0406-4693-b7d6-d4304754ef79 ] Request (ServerRescueNegativeTestJSON:setUpClass): 200 GET http://10.180.1.21/compute/v2.1/servers/97a48c79-8950-4b53-ae7e-7b7e0845158e 0.616s
2024-12-30 09:33:34.520 67155 INFO tempest.lib.common.rest_client [req-01911ba3-ba8e-4ec4-ad17-fbaafd65f2cd req-01911ba3-ba8e-4ec4-ad17-fbaafd65f2cd ] Request (ServersListShow296Test:tearDownClass): 200 GET http://10.180.1.21:9696/networking/v2.0/security-groups?tenant_id=a7536942ae5344b58d5e4b05fe0be860&name=default 0.302s
2024-12-30 09:33:34.540 67111 INFO tempest.lib.common.rest_client [req-e0fdc2c7-95b0-4f18-be81-fb303a10e52c req-e0fdc2c7-95b0-4f18-be81-fb303a10e52c ] Request (ListServerFiltersTestJSON:setUpClass): 200 GET http://10.180.1.21/compute/v2.1/servers/8811ec10-8cc5-4238-b361-55f24e044027 0.516s
2024-12-30 09:33:34.578 67129 INFO tempest.lib.common.rest_client [req-3268745a-6e41-45cf-b232-8fa388d8b91d req-3268745a-6e41-45cf-b232-8fa388d8b91d ] Request (SecurityGroupsTestJSON:test_server_security_groups): 200 GET http://10.180.1.21/compute/v2.1/servers/da06dfbd-2823-4075-b453-0e3ca30b7c9c 0.488s
2024-12-30 09:33:34.625 67149 INFO tempest.lib.common.rest_client [req-b08cca11-a07e-446e-ad88-afbd890e2d94 req-b08cca11-a07e-446e-ad88-afbd890e2d94 ] Request (ServersTestBootFromVolume:setUpClass): 200 POST http://10.180.1.21/compute/v2.1/os-keypairs 0.678s
2024-12-30 09:33:34.637 67135 INFO tempest.lib.common.rest_client [req-f5651058-f509-4a6b-860b-2fb4792bea81 req-f5651058-f509-4a6b-860b-2fb4792bea81 ] Request (ServerAddressesTestJSON:setUpClass): 200 GET http://10.180.1.21/compute/v2.1/servers/6db5008a-0bc2-41a4-8597-41bbdbe6681f 0.108s
2024-12-30 09:33:34.709 67099 INFO tempest.lib.common.rest_client [req-bc2da38d-4655-4811-ba99-944a9e2767df req-bc2da38d-4655-4811-ba99-944a9e2767df ] Request (ServersV294TestFqdnHostnames:setUpClass): 200 GET http://10.180.1.21/compute/v2.1/servers/3fb34c5d-46bd-483d-ae49-cef54a5ba59d 0.112s
2024-12-30 09:33:34.721 67155 INFO tempest.lib.common.rest_client [req-bc49e960-d399-4481-9a22-c280a97b2172 req-bc49e960-d399-4481-9a22-c280a97b2172 ] Request (ServersListShow296Test:tearDownClass): 204 DELETE http://10.180.1.21:9696/networking/v2.0/security-groups/0e79fdd0-af10-45bf-97f9-ec0c94be2bdb 0.201s
2024-12-30 09:33:34.760 67097 INFO tempest.lib.common.rest_client [req-12a7693f-a29b-4a09-9456-274b979d2d89 req-12a7693f-a29b-4a09-9456-274b979d2d89 ] Request (MigrationsAdminTest:test_list_migrations_in_flavor_resize_situation): 200 GET http://10.180.1.21/compute/v2.1/servers/aee05e74-29a2-40ca-8185-a3698c7321af 0.223s
2024-12-30 09:33:34.792 67123 INFO tempest.lib.common.rest_client [req-5d73eaf8-1db9-43b7-bd9a-988bcd544d5f req-5d73eaf8-1db9-43b7-bd9a-988bcd544d5f ] Request (ServerDiskConfigTestJSON:test_rebuild_server_with_auto_disk_config): 200 GET http://10.180.1.21/compute/v2.1/servers/07726d27-59fc-4540-8350-22aba76b0eab 0.145s
2024-12-30 09:33:34.825 67155 INFO tempest.lib.common.rest_client [req-a550899f-c444-495e-a973-322d9af2123a req-a550899f-c444-495e-a973-322d9af2123a ] Request (ServersListShow296Test:tearDownClass): 204 DELETE http://10.180.1.21/identity/v3/projects/a7536942ae5344b58d5e4b05fe0be860 0.103s
2024-12-30 09:33:34.848 67117 INFO tempest.lib.common.rest_client [req-c6a7ae08-5fbe-4e48-840c-4c4d94075b13 req-c6a7ae08-5fbe-4e48-840c-4c4d94075b13 ] Request (MultipleCreateTestJSON:test_multiple_create): 200 GET http://10.180.1.21/compute/v2.1/servers/f2072664-ec85-48eb-8a4b-8d09c10d29fc 0.133s
2024-12-30 09:33:34.873 67149 INFO tempest.lib.common.rest_client [req-47f59b2d-1770-4daa-8a72-ccb278e484f8 req-47f59b2d-1770-4daa-8a72-ccb278e484f8 ] Request (ServersTestBootFromVolume:setUpClass): 201 POST http://10.180.1.21:9696/networking/v2.0/security-groups 0.246s
2024-12-30 09:33:34.938 67109 INFO tempest.lib.common.rest_client [req-623ac4da-2c0e-485a-a4af-c2ed195ca036 req-623ac4da-2c0e-485a-a4af-c2ed195ca036 ] Request (AttachInterfacesV270Test:test_create_get_list_interfaces): 200 GET http://10.180.1.21/compute/v2.1/servers/b1054cd3-d64d-4f9b-a314-e94b0d73c80c 0.280s
2024-12-30 09:33:35.041 67149 INFO tempest.lib.common.rest_client [req-42bde302-436b-477c-92fb-3cf89d36af09 req-42bde302-436b-477c-92fb-3cf89d36af09 ] Request (ServersTestBootFromVolume:setUpClass): 201 POST http://10.180.1.21:9696/networking/v2.0/security-group-rules 0.168s
2024-12-30 09:33:35.062 67133 INFO tempest.lib.common.rest_client [req-deded4c8-69be-4141-a0c1-b3c86b0c106d req-deded4c8-69be-4141-a0c1-b3c86b0c106d ] Request (ServersAdminNegativeTestJSON:test_migrate_server_invalid_state): 200 GET http://10.180.1.21/compute/v2.1/servers/ed6d0b03-0a79-4691-bc11-cca6ed9ee120 0.147s
2024-12-30 09:33:35.080 67147 INFO tempest.lib.common.rest_client [req-c19750b7-7b6c-4849-aa42-88d10d255457 req-c19750b7-7b6c-4849-aa42-88d10d255457 ] Request (ServerActionsTestJSON:setUpClass): 201 POST http://10.180.1.21:9696/networking/v2.0/routers 1.036s
2024-12-30 09:33:35.124 67121 INFO tempest.lib.common.rest_client [req-db222998-229b-4944-99c5-c4de779d59ef req-db222998-229b-4944-99c5-c4de779d59ef ] Request (ServerExternalEventsTest:test_create_server_external_events): 200 GET http://10.180.1.21/compute/v2.1/servers/677e3210-d6c0-4fbf-8768-e36ddf2acd2c 0.139s
2024-12-30 09:33:35.148 67149 INFO tempest.lib.common.rest_client [req-b625299b-be0d-4965-a59e-debef656b76b req-b625299b-be0d-4965-a59e-debef656b76b ] Request (ServersTestBootFromVolume:setUpClass): 201 POST http://10.180.1.21:9696/networking/v2.0/security-group-rules 0.106s
2024-12-30 09:33:35.178 67139 INFO tempest.lib.common.rest_client [req-a39080c9-2d7f-44b3-8135-666c435fa399 req-a39080c9-2d7f-44b3-8135-666c435fa399 ] Request (ServerActionsTestOtherB:setUpClass): 200 GET http://10.180.1.21/compute/v2.1/servers/3ea50bbd-56e4-4fd5-a15a-1059d58227d5 0.145s
2024-12-30 09:33:35.226 67095 INFO tempest.lib.common.rest_client [req-e1ca6667-93c5-4586-894e-636b34e99b5e req-e1ca6667-93c5-4586-894e-636b34e99b5e ] Request (DeleteServersAdminTestJSON:test_delete_server_while_in_error_state): 200 GET http://10.180.1.21/compute/v2.1/servers/a2ff6e56-fd4f-445d-9455-3c5a39815227 0.121s
2024-12-30 09:33:35.279 67101 INFO tempest.lib.common.rest_client [req-352a1c13-6b9b-4bfe-b91a-0c19b2256892 req-352a1c13-6b9b-4bfe-b91a-0c19b2256892 ] Request (ServersNegativeTestJSON:setUpClass): 200 GET http://10.180.1.21/compute/v2.1/servers/9c489c02-6010-4f1a-8d7f-fe4fa5007c7c 0.118s
2024-12-30 09:33:35.358 67093 INFO tempest.lib.common.rest_client [req-188b15fc-f640-4876-b4d4-26afe9bb4d46 req-188b15fc-f640-4876-b4d4-26afe9bb4d46 ] Request (ServersAdmin275Test:_run_cleanups): 200 GET http://10.180.1.21/compute/v2.1/servers/0dfed87c-cd62-4849-9af4-0e0593a1a478 0.164s
2024-12-30 09:33:35.409 67127 INFO tempest.lib.common.rest_client [req-feadc204-9086-4555-9140-95b6bedc32f1 req-feadc204-9086-4555-9140-95b6bedc32f1 ] Request (InstanceActionsNegativeTestJSON:setUpClass): 200 GET http://10.180.1.21/compute/v2.1/servers/4cf6d2cb-8cf1-48ab-9865-22093b604bfc 0.178s
2024-12-30 09:33:35.426 67103 INFO tempest.lib.common.rest_client [req-96a87d8c-c40d-431c-8d4e-a55658cf128f req-96a87d8c-c40d-431c-8d4e-a55658cf128f ] Request (ServerDiagnosticsV248Test:test_get_server_diagnostics): 200 GET http://10.180.1.21/compute/v2.1/servers/67373f7f-6ef7-41be-8edf-51a13d27a1c5/diagnostics 0.542s
2024-12-30 09:33:35.458 67107 INFO tempest.lib.common.rest_client [req-48004d7d-a69f-4d24-923c-36d2e3805306 req-48004d7d-a69f-4d24-923c-36d2e3805306 ] Request (ImagesOneServerTestJSON:test_create_image_specify_multibyte_character_image_name): 200 GET http://10.180.1.21/compute/v2.1/images/92873e5a-6021-4c9b-8b8f-109b2977bcdd 0.188s
2024-12-30 09:33:35.459 67125 INFO tempest.lib.common.rest_client [req-9c0886cd-6b0a-4a24-9b53-334adbcbf122 req-9c0886cd-6b0a-4a24-9b53-334adbcbf122 ] Request (ServersAdminTestJSON:test_create_server_with_scheduling_hint): 200 GET http://10.180.1.21/compute/v2.1/servers/f1a3decb-7efc-4d62-ad83-2da3532c9b4c 0.200s
2024-12-30 09:33:35.527 67151 INFO tempest.lib.common.rest_client [req-7b8d43af-851e-4a22-b459-27eeb02f1e4a req-7b8d43af-851e-4a22-b459-27eeb02f1e4a ] Request (ServerShowV257Test:test_rebuild_server): 200 GET http://10.180.1.21/compute/v2.1/servers/8e628cfe-5d32-419d-ad18-1051130cb68d 0.197s
2024-12-30 09:33:35.532 67113 INFO tempest.lib.common.rest_client [req-5b6b7a7d-6862-4a9b-aeb4-5900ff0d071c req-5b6b7a7d-6862-4a9b-aeb4-5900ff0d071c ] Request (FloatingIPsAssociationNegativeTestJSON:tearDownClass): 200 GET http://10.180.1.21/compute/v2.1/servers/ba819e78-f9b0-4e7f-b896-3c4b7b758cfa 0.157s
2024-12-30 09:33:35.593 67145 INFO tempest.lib.common.rest_client [req-92e94a8b-1989-4e33-8059-3eace4561cab req-92e94a8b-1989-4e33-8059-3eace4561cab ] Request (ServersTestJSON:setUpClass): 200 GET http://10.180.1.21/compute/v2.1/servers/e2033d6a-1cae-4bb8-9b0e-e975360cdad3 0.180s
2024-12-30 09:33:35.618 67103 INFO tempest.lib.common.rest_client [req-98dbf70c-ff90-4944-9b21-3c51369b10fd req-98dbf70c-ff90-4944-9b21-3c51369b10fd ] Request (ServerDiagnosticsV248Test:tearDownClass): 204 DELETE http://10.180.1.21/compute/v2.1/servers/67373f7f-6ef7-41be-8edf-51a13d27a1c5 0.182s
2024-12-30 09:33:35.652 67131 INFO tempest.lib.common.rest_client [req-fface019-99e9-414a-b3e3-bb53bcfee4d6 req-fface019-99e9-414a-b3e3-bb53bcfee4d6 ] Request (InstanceActionsTestJSON:setUpClass): 200 GET http://10.180.1.21/compute/v2.1/servers/877a937a-e068-47ac-a6ca-8b499fc46b74 0.185s
2024-12-30 09:33:35.677 67149 INFO tempest.lib.common.rest_client [req-37f93d34-4777-44bf-a9bd-e8f339e31b17 req-37f93d34-4777-44bf-a9bd-e8f339e31b17 ] Request (ServersTestBootFromVolume:setUpClass): 201 POST http://10.180.1.21:9696/networking/v2.0/floatingips 0.529s
2024-12-30 09:33:35.679 67137 INFO tempest.lib.common.rest_client [req-28e9cd45-e3c0-43d4-a6c8-48bba6585bfd req-28e9cd45-e3c0-43d4-a6c8-48bba6585bfd ] Request (ServerRescueNegativeTestJSON:setUpClass): 200 GET http://10.180.1.21/compute/v2.1/servers/97a48c79-8950-4b53-ae7e-7b7e0845158e 0.178s
2024-12-30 09:33:35.713 67111 INFO tempest.lib.common.rest_client [req-4986b274-72e8-4f76-a96f-e4928bdac28c req-4986b274-72e8-4f76-a96f-e4928bdac28c ] Request (ListServerFiltersTestJSON:setUpClass): 200 GET http://10.180.1.21/compute/v2.1/servers/8811ec10-8cc5-4238-b361-55f24e044027 0.166s
2024-12-30 09:33:35.765 67129 INFO tempest.lib.common.rest_client [req-edb0e8df-88f1-4504-bc6c-3660829d60e6 req-edb0e8df-88f1-4504-bc6c-3660829d60e6 ] Request (SecurityGroupsTestJSON:test_server_security_groups): 200 GET http://10.180.1.21/compute/v2.1/servers/da06dfbd-2823-4075-b453-0e3ca30b7c9c 0.176s
2024-12-30 09:33:35.778 67149 INFO tempest.lib.common.rest_client [req-1433fb64-2d16-4a0d-9507-1c6fc1ca8c76 req-1433fb64-2d16-4a0d-9507-1c6fc1ca8c76 ] Request (ServersTestBootFromVolume:setUpClass): 201 POST http://10.180.1.21/identity/v3/auth/tokens 0.096s
2024-12-30 09:33:35.779 67149 INFO tempest.lib.common.fixed_network [-] (ServersTestBootFromVolume:setUpClass) Found network {'id': 'd62bb94f-e142-4030-a9bf-b832f54a43aa', 'name': 'tempest-ServersTestBootFromVolume-257613106-network', 'tenant_id': 'acff39144ba74ff29c63764be750e7cb', 'admin_state_up': True, 'mtu': 8950, 'status': 'ACTIVE', 'subnets': [], 'shared': False, 'project_id': 'acff39144ba74ff29c63764be750e7cb', 'port_security_enabled': True, 'router:external': False, 'provider:network_type': 'vlan', 'provider:physical_network': 'default', 'provider:segmentation_id': 564, 'availability_zone_hints': [], 'availability_zones': [], 'ipv4_address_scope': None, 'ipv6_address_scope': None, 'description': '', 'tags': [], 'created_at': '2024-12-30T09:33:31Z', 'updated_at': '2024-12-30T09:33:31Z', 'revision_number': 1} available for tenant
2024-12-30 09:33:35.806 67103 INFO tempest.lib.common.rest_client [req-e72ce02b-76d7-4475-b615-cc6dcce4856d req-e72ce02b-76d7-4475-b615-cc6dcce4856d ] Request (ServerDiagnosticsV248Test:tearDownClass): 200 GET http://10.180.1.21/compute/v2.1/servers/67373f7f-6ef7-41be-8edf-51a13d27a1c5 0.188s
2024-12-30 09:33:35.829 67135 INFO tempest.lib.common.rest_client [req-fc7f65e5-4497-4310-bafd-adcceffab2d9 req-fc7f65e5-4497-4310-bafd-adcceffab2d9 ] Request (ServerAddressesTestJSON:setUpClass): 200 GET http://10.180.1.21/compute/v2.1/servers/6db5008a-0bc2-41a4-8597-41bbdbe6681f 0.185s
2024-12-30 09:33:35.866 67099 INFO tempest.lib.common.rest_client [req-d85b22e7-9f0a-428d-bfdc-e6ac4580ec38 req-d85b22e7-9f0a-428d-bfdc-e6ac4580ec38 ] Request (ServersV294TestFqdnHostnames:setUpClass): 200 GET http://10.180.1.21/compute/v2.1/servers/3fb34c5d-46bd-483d-ae49-cef54a5ba59d 0.142s
2024-12-30 09:33:35.945 67123 INFO tempest.lib.common.rest_client [req-6c1ef1bc-6b69-4171-b050-37f9e7baf949 req-6c1ef1bc-6b69-4171-b050-37f9e7baf949 ] Request (ServerDiskConfigTestJSON:test_rebuild_server_with_auto_disk_config): 200 GET http://10.180.1.21/compute/v2.1/servers/07726d27-59fc-4540-8350-22aba76b0eab 0.139s
2024-12-30 09:33:35.997 67097 INFO tempest.lib.common.rest_client [req-dd2dd164-0f12-4e9d-84b1-9c3871183498 req-dd2dd164-0f12-4e9d-84b1-9c3871183498 ] Request (MigrationsAdminTest:test_list_migrations_in_flavor_resize_situation): 200 GET http://10.180.1.21/compute/v2.1/servers/aee05e74-29a2-40ca-8185-a3698c7321af 0.229s
2024-12-30 09:33:36.005 67117 INFO tempest.lib.common.rest_client [req-bde9ed96-d522-4e98-b642-ef993d22af63 req-bde9ed96-d522-4e98-b642-ef993d22af63 ] Request (MultipleCreateTestJSON:test_multiple_create): 200 GET http://10.180.1.21/compute/v2.1/servers/f2072664-ec85-48eb-8a4b-8d09c10d29fc 0.144s
2024-12-30 09:33:36.075 67147 INFO tempest.lib.common.rest_client [req-156b5e7f-823d-4f33-820c-179ce5f1d239 req-156b5e7f-823d-4f33-820c-179ce5f1d239 ] Request (ServerActionsTestJSON:setUpClass): 200 PUT http://10.180.1.21:9696/networking/v2.0/routers/e64f81c2-4bf4-49a2-9fae-d75363faf330/add_router_interface 0.991s
2024-12-30 09:33:36.075 67147 INFO tempest.lib.common.dynamic_creds [-] Created isolated network resources for: credentials: Credentials: {'domain_id': 'default', 'domain_name': 'Default', 'username': 'tempest-ServerActionsTestJSON-872920825-project-member', 'project_domain_id': 'default', 'project_domain_name': 'Default', 'project_id': '87a4f6434c5e4923b96f3d8350251059', 'project_name': 'tempest-ServerActionsTestJSON-872920825', 'tenant_id': '87a4f6434c5e4923b96f3d8350251059', 'tenant_name': 'tempest-ServerActionsTestJSON-872920825', 'user_domain_id': 'default', 'user_domain_name': 'Default', 'user_id': '0d5a0052b62a48f59e4dd1d2d1276455', 'system': None}, Network: {'id': 'd11bc068-5848-47b5-84d0-286f0ce67142', 'name': 'tempest-ServerActionsTestJSON-1551502531-network', 'tenant_id': '87a4f6434c5e4923b96f3d8350251059', 'admin_state_up': True, 'mtu': 8950, 'status': 'ACTIVE', 'subnets': [], 'shared': False, 'project_id': '87a4f6434c5e4923b96f3d8350251059', 'port_security_enabled': True, 'router:external': False, 'provider:network_type': 'vlan', 'provider:physical_network': 'default', 'provider:segmentation_id': 989, 'availability_zone_hints': [], 'availability_zones': [], 'ipv4_address_scope': None, 'ipv6_address_scope': None, 'description': '', 'tags': [], 'created_at': '2024-12-30T09:33:33Z', 'updated_at': '2024-12-30T09:33:33Z', 'revision_number': 1}, Subnet: {'id': '7f391caf-d128-4be8-9d50-f2751975b18d', 'name': 'tempest-ServerActionsTestJSON-1551502531-subnet', 'tenant_id': '87a4f6434c5e4923b96f3d8350251059', 'network_id': 'd11bc068-5848-47b5-84d0-286f0ce67142', 'ip_version': 4, 'subnetpool_id': None, 'enable_dhcp': True, 'ipv6_ra_mode': None, 'ipv6_address_mode': None, 'gateway_ip': '192.168.128.1', 'cidr': '192.168.128.0/28', 'allocation_pools': [{'start': '192.168.128.2', 'end': '192.168.128.14'}], 'host_routes': [], 'dns_nameservers': [], 'description': '', 'router:external': False, 'service_types': [], 'tags': [], 'created_at': '2024-12-30T09:33:33Z', 'updated_at': '2024-12-30T09:33:33Z', 'revision_number': 0, 'project_id': '87a4f6434c5e4923b96f3d8350251059'}, Router: {'id': 'e64f81c2-4bf4-49a2-9fae-d75363faf330', 'name': 'tempest-ServerActionsTestJSON-1551502531-router', 'tenant_id': '87a4f6434c5e4923b96f3d8350251059', 'admin_state_up': True, 'status': 'ACTIVE', 'external_gateway_info': {'network_id': '1fc886c7-6153-48fa-a540-9e4b2bbf8238', 'external_fixed_ips': [{'subnet_id': 'a74aaac6-0a13-4a04-83b5-65b13da0f8cf', 'ip_address': '10.180.180.188'}], 'enable_snat': True}, 'description': '', 'availability_zones': [], 'distributed': False, 'ha': False, 'availability_zone_hints': [], 'routes': [], 'flavor_id': None, 'tags': [], 'created_at': '2024-12-30T09:33:34Z', 'updated_at': '2024-12-30T09:33:34Z', 'revision_number': 2, 'project_id': '87a4f6434c5e4923b96f3d8350251059'}
2024-12-30 09:33:36.146 67109 INFO tempest.lib.common.rest_client [req-fa9b4a99-3b61-464a-a1bc-4392c2719b2e req-fa9b4a99-3b61-464a-a1bc-4392c2719b2e ] Request (AttachInterfacesV270Test:test_create_get_list_interfaces): 200 GET http://10.180.1.21/compute/v2.1/servers/b1054cd3-d64d-4f9b-a314-e94b0d73c80c 0.191s
2024-12-30 09:33:36.162 67109 INFO tempest.common.waiters [-] State transition "BUILD/spawning" ==> "ACTIVE/None" after 42 second wait
2024-12-30 09:33:36.181 67147 INFO tempest.lib.common.rest_client [req-60184cb1-7d23-4bc2-81b2-cc6f8678860d req-60184cb1-7d23-4bc2-81b2-cc6f8678860d ] Request (ServerActionsTestJSON:setUpClass): 201 POST http://10.180.1.21/identity/v3/auth/tokens 0.103s
2024-12-30 09:33:36.209 67119 WARNING tempest.lib.common.ssh [-] Failed to establish authenticated ssh connection to cirros@10.180.180.168 ([Errno None] Unable to connect to port 22 on 10.180.180.168). Number attempts: 5. Retry after 6 seconds.: paramiko.ssh_exception.NoValidConnectionsError: [Errno None] Unable to connect to port 22 on 10.180.180.168
2024-12-30 09:33:36.210 67133 INFO tempest.lib.common.rest_client [req-1de650a9-c026-4283-9503-12a4ac849e50 req-1de650a9-c026-4283-9503-12a4ac849e50 ] Request (ServersAdminNegativeTestJSON:test_migrate_server_invalid_state): 200 GET http://10.180.1.21/compute/v2.1/servers/ed6d0b03-0a79-4691-bc11-cca6ed9ee120 0.137s
2024-12-30 09:33:36.225 67121 INFO tempest.lib.common.rest_client [req-da32d636-ab36-4f6c-9955-dd1145ede2ef req-da32d636-ab36-4f6c-9955-dd1145ede2ef ] Request (ServerExternalEventsTest:test_create_server_external_events): 200 GET http://10.180.1.21/compute/v2.1/servers/677e3210-d6c0-4fbf-8768-e36ddf2acd2c 0.090s
2024-12-30 09:33:36.368 67147 INFO tempest.lib.common.rest_client [req-5334b3a3-bebc-4e85-a9b3-5b8c9f9764fe req-5334b3a3-bebc-4e85-a9b3-5b8c9f9764fe ] Request (ServerActionsTestJSON:setUpClass): 200 POST http://10.180.1.21/compute/v2.1/os-keypairs 0.185s
2024-12-30 09:33:36.442 67139 INFO tempest.lib.common.rest_client [req-a950f6ac-3ec4-4427-a0b6-7a545bdd1312 req-a950f6ac-3ec4-4427-a0b6-7a545bdd1312 ] Request (ServerActionsTestOtherB:setUpClass): 200 GET http://10.180.1.21/compute/v2.1/servers/3ea50bbd-56e4-4fd5-a15a-1059d58227d5 0.255s
2024-12-30 09:33:36.509 67095 INFO tempest.lib.common.rest_client [req-f889b8b0-9f12-418d-8a61-49c3b1555ccd req-f889b8b0-9f12-418d-8a61-49c3b1555ccd ] Request (DeleteServersAdminTestJSON:test_delete_server_while_in_error_state): 200 GET http://10.180.1.21/compute/v2.1/servers/a2ff6e56-fd4f-445d-9455-3c5a39815227 0.270s
2024-12-30 09:33:36.519 67149 INFO tempest.lib.common.rest_client [req-0740d0f9-cdbc-4cad-be8d-6cb05fe967ca req-0740d0f9-cdbc-4cad-be8d-6cb05fe967ca ] Request (ServersTestBootFromVolume:setUpClass): 202 POST http://10.180.1.21/volume/v3/volumes 0.740s
2024-12-30 09:33:36.568 67101 INFO tempest.lib.common.rest_client [req-097b3a54-369e-4d65-b553-d3ddccb79b3e req-097b3a54-369e-4d65-b553-d3ddccb79b3e ] Request (ServersNegativeTestJSON:setUpClass): 200 GET http://10.180.1.21/compute/v2.1/servers/9c489c02-6010-4f1a-8d7f-fe4fa5007c7c 0.282s
2024-12-30 09:33:36.570 67147 INFO tempest.lib.common.rest_client [req-ab665f0b-7640-4751-873a-9d7651485f20 req-ab665f0b-7640-4751-873a-9d7651485f20 ] Request (ServerActionsTestJSON:setUpClass): 201 POST http://10.180.1.21:9696/networking/v2.0/security-groups 0.200s
2024-12-30 09:33:36.582 67149 INFO tempest.lib.common.rest_client [req-bb550f48-ac19-4af7-aa4d-02a6c44fcebd req-bb550f48-ac19-4af7-aa4d-02a6c44fcebd ] Request (ServersTestBootFromVolume:setUpClass): 200 GET http://10.180.1.21/volume/v3/volumes/537114b9-1755-4bf2-9386-e6426e50c81e 0.057s
2024-12-30 09:33:36.645 67093 INFO tempest.lib.common.rest_client [req-a0efb495-9ec6-455e-b750-1afc7f20489f req-a0efb495-9ec6-455e-b750-1afc7f20489f ] Request (ServersAdmin275Test:_run_cleanups): 200 GET http://10.180.1.21/compute/v2.1/servers/0dfed87c-cd62-4849-9af4-0e0593a1a478 0.275s
2024-12-30 09:33:36.657 67093 INFO tempest.common.waiters [-] State transition "REBUILD/rebuilding" ==> "REBUILD/rebuild_spawning" after 2 second wait
2024-12-30 09:33:36.715 67127 INFO tempest.lib.common.rest_client [req-3f268ede-f38d-48f9-885a-78454d5f3bec req-3f268ede-f38d-48f9-885a-78454d5f3bec ] Request (InstanceActionsNegativeTestJSON:setUpClass): 200 GET http://10.180.1.21/compute/v2.1/servers/4cf6d2cb-8cf1-48ab-9865-22093b604bfc 0.296s
2024-12-30 09:33:36.716 67147 INFO tempest.lib.common.rest_client [req-4b5a770a-16d2-4a33-9c03-77e273922e59 req-4b5a770a-16d2-4a33-9c03-77e273922e59 ] Request (ServerActionsTestJSON:setUpClass): 201 POST http://10.180.1.21:9696/networking/v2.0/security-group-rules 0.146s
2024-12-30 09:33:36.791 67107 INFO tempest.lib.common.rest_client [req-0021a7f0-69a2-4284-abe8-068f4482e8e2 req-0021a7f0-69a2-4284-abe8-068f4482e8e2 ] Request (ImagesOneServerTestJSON:test_create_image_specify_multibyte_character_image_name): 200 GET http://10.180.1.21/compute/v2.1/images/92873e5a-6021-4c9b-8b8f-109b2977bcdd 0.327s
2024-12-30 09:33:36.864 67125 INFO tempest.lib.common.rest_client [req-67ae8a1e-26a1-4084-9c1d-5b55af54390a req-67ae8a1e-26a1-4084-9c1d-5b55af54390a ] Request (ServersAdminTestJSON:test_create_server_with_scheduling_hint): 200 GET http://10.180.1.21/compute/v2.1/servers/f1a3decb-7efc-4d62-ad83-2da3532c9b4c 0.396s
2024-12-30 09:33:36.881 67147 INFO tempest.lib.common.rest_client [req-a04751fa-e10e-4045-bf43-bd2bc8c95035 req-a04751fa-e10e-4045-bf43-bd2bc8c95035 ] Request (ServerActionsTestJSON:setUpClass): 201 POST http://10.180.1.21:9696/networking/v2.0/security-group-rules 0.164s
2024-12-30 09:33:36.927 67151 INFO tempest.lib.common.rest_client [req-1645dcb3-eaad-4584-899a-2f65247782bc req-1645dcb3-eaad-4584-899a-2f65247782bc ] Request (ServerShowV257Test:test_rebuild_server): 200 GET http://10.180.1.21/compute/v2.1/servers/8e628cfe-5d32-419d-ad18-1051130cb68d 0.390s
2024-12-30 09:33:37.004 67113 INFO tempest.lib.common.rest_client [req-d8680b8e-c7a7-4019-ba97-57f2bb8817a4 req-d8680b8e-c7a7-4019-ba97-57f2bb8817a4 ] Request (FloatingIPsAssociationNegativeTestJSON:tearDownClass): 200 GET http://10.180.1.21/compute/v2.1/servers/ba819e78-f9b0-4e7f-b896-3c4b7b758cfa 0.459s
2024-12-30 09:33:37.041 67153 WARNING tempest.lib.common.ssh [-] Failed to establish authenticated ssh connection to cirros@10.180.180.147 ([Errno None] Unable to connect to port 22 on 10.180.180.147). Number attempts: 6. Retry after 7 seconds.: paramiko.ssh_exception.NoValidConnectionsError: [Errno None] Unable to connect to port 22 on 10.180.180.147
