2024-12-30 09:32:05.559 67101 INFO tempest.lib.common.dynamic_creds [-] Created isolated network resources for: credentials: Credentials: {'domain_id': 'default', 'domain_name': 'Default', 'username': 'tempest-SecurityGroupsTestAdminJSON-2083890518-project-member', 'project_domain_id': 'default', 'project_domain_name': 'Default', 'project_id': 'f7c1d50c5b324ba1aa1eed507f230919', 'project_name': 'tempest-SecurityGroupsTestAdminJSON-2083890518', 'tenant_id': 'f7c1d50c5b324ba1aa1eed507f230919', 'tenant_name': 'tempest-SecurityGroupsTestAdminJSON-2083890518', 'user_domain_id': 'default', 'user_domain_name': 'Default', 'user_id': '6e417086ef764d839aa37ea71ee24d3f', 'system': None}, Network: None, Subnet: None, Router: None
2024-12-30 09:32:05.582 67127 INFO tempest [-] Using tempest config file /opt/stack/testrun/etc/tempest.conf
2024-12-30 09:32:05.608 67127 WARNING oslo_config.cfg [-] Deprecated: Option "auth_version" from group "identity" is deprecated for removal (Identity v2 API was removed and v3 is the only available identity API version now). Its value may be silently ignored in the future.
2024-12-30 09:32:05.609 67127 WARNING oslo_config.cfg [-] Deprecated: Option "access_rules" from group "identity-feature-enabled" is deprecated for removal (Access rules for application credentials is a default feature since Train). Its value may be silently ignored in the future.
2024-12-30 09:32:05.610 67125 INFO tempest.lib.common.rest_client [req-93808a5c-71c0-465d-b9d7-8b62f3fd21d5 req-93808a5c-71c0-465d-b9d7-8b62f3fd21d5 ] Request (QuotasSecurityGroupAdminNegativeTest:setUpClass): 201 POST http://10.180.1.21/identity/v3/projects 0.074s
2024-12-30 09:32:05.631 67117 INFO tempest.lib.common.rest_client [req-cd489ed6-8dca-4014-9e40-267d2acf6afa req-cd489ed6-8dca-4014-9e40-267d2acf6afa ] Request (AggregatesAdminNegativeTestJSON:setUpClass): 201 POST http://10.180.1.21/identity/v3/auth/tokens 0.093s
2024-12-30 09:32:05.609 67127 WARNING oslo_config.cfg [-] Deprecated: Option "import_image" from group "image-feature-enabled" is deprecated for removal (Issue with image import in WSGI mode was fixed in Victoria, and this feature works in any deployment architecture now.). Its value may be silently ignored in the future.
2024-12-30 09:32:05.634 67127 WARNING oslo_config.cfg [-] Deprecated: Option "os_glance_reserved" from group "image-feature-enabled" is deprecated for removal (os_glance namespace is always reserved since Wallaby). Its value may be silently ignored in the future.
2024-12-30 09:32:05.666 67125 INFO tempest.lib.common.rest_client [req-2b9d6848-0931-4d81-90b7-500876c3e162 req-2b9d6848-0931-4d81-90b7-500876c3e162 ] Request (QuotasSecurityGroupAdminNegativeTest:setUpClass): 201 POST http://10.180.1.21/identity/v3/users 0.056s
2024-12-30 09:32:05.677 67101 INFO tempest.lib.common.rest_client [req-5769263d-3e06-4f4b-a98c-594783f3931b req-5769263d-3e06-4f4b-a98c-594783f3931b ] Request (SecurityGroupsTestAdminJSON:setUpClass): 201 POST http://10.180.1.21/identity/v3/auth/tokens 0.095s
2024-12-30 09:32:05.678 67141 INFO tempest [-] Using tempest config file /opt/stack/testrun/etc/tempest.conf
2024-12-30 09:32:05.689 67117 INFO tempest.lib.common.rest_client [req-3add6829-fba4-4962-a80e-9df35d310b1a req-3add6829-fba4-4962-a80e-9df35d310b1a ] Request (AggregatesAdminNegativeTestJSON:setUpClass): 201 POST http://10.180.1.21/identity/v3/auth/tokens 0.045s
2024-12-30 09:32:05.693 67141 WARNING oslo_config.cfg [-] Deprecated: Option "auth_version" from group "identity" is deprecated for removal (Identity v2 API was removed and v3 is the only available identity API version now). Its value may be silently ignored in the future.
2024-12-30 09:32:05.700 67125 INFO tempest.lib.common.rest_client [req-0263e64d-cce5-4d7b-8b93-e2fbe083fa4a req-0263e64d-cce5-4d7b-8b93-e2fbe083fa4a ] Request (QuotasSecurityGroupAdminNegativeTest:setUpClass): 200 GET http://10.180.1.21/identity/v3/roles 0.033s
2024-12-30 09:32:05.705 67141 WARNING oslo_config.cfg [-] Deprecated: Option "access_rules" from group "identity-feature-enabled" is deprecated for removal (Access rules for application credentials is a default feature since Train). Its value may be silently ignored in the future.
2024-12-30 09:32:05.705 67141 WARNING oslo_config.cfg [-] Deprecated: Option "import_image" from group "image-feature-enabled" is deprecated for removal (Issue with image import in WSGI mode was fixed in Victoria, and this feature works in any deployment architecture now.). Its value may be silently ignored in the future.
2024-12-30 09:32:05.706 67141 WARNING oslo_config.cfg [-] Deprecated: Option "os_glance_reserved" from group "image-feature-enabled" is deprecated for removal (os_glance namespace is always reserved since Wallaby). Its value may be silently ignored in the future.
2024-12-30 09:32:05.718 67117 INFO tempest.lib.common.rest_client [req-c61b11bb-c76e-4d6d-bd41-f304abaca2eb req-c61b11bb-c76e-4d6d-bd41-f304abaca2eb ] Request (AggregatesAdminNegativeTestJSON:setUpClass): 200 GET http://10.180.1.21/identity/v3/domains?name=Default 0.027s
2024-12-30 09:32:05.725 67101 INFO tempest.lib.common.rest_client [req-aeb4572e-017d-46cb-a8d5-5b0bfad62bed req-aeb4572e-017d-46cb-a8d5-5b0bfad62bed ] Request (SecurityGroupsTestAdminJSON:setUpClass): 201 POST http://10.180.1.21/identity/v3/projects 0.048s
2024-12-30 09:32:05.771 67125 INFO tempest.lib.common.rest_client [req-0196e720-a8f2-4264-8105-bfcb06521250 req-0196e720-a8f2-4264-8105-bfcb06521250 ] Request (QuotasSecurityGroupAdminNegativeTest:setUpClass): 204 PUT http://10.180.1.21/identity/v3/projects/df546ab5e59a4e44a4b88f3ac55e2461/users/92da66b9f2694e61892bba0fd1a60b7a/roles/dc91b1af96f44092aad00da57fe51d0a 0.069s
2024-12-30 09:32:05.772 67105 INFO tempest.lib.common.rest_client [req-1951fe4c-62dc-4cd5-8034-44397ba1be81 req-1951fe4c-62dc-4cd5-8034-44397ba1be81 ] Request (ListImageFiltersNegativeTestJSON:setUpClass): 201 POST http://10.180.1.21/identity/v3/auth/tokens 0.075s
2024-12-30 09:32:05.776 67125 INFO tempest.lib.common.dynamic_creds [-] Dynamic test user 92da66b9f2694e61892bba0fd1a60b7a is created with scope project and roles: ['member']
2024-12-30 09:32:05.776 67125 INFO tempest.lib.common.dynamic_creds [-] Acquired dynamic creds: credentials: Credentials: {'domain_id': 'default', 'domain_name': 'Default', 'username': 'tempest-QuotasSecurityGroupAdminNegativeTest-714739111-project-member', 'project_domain_id': 'default', 'project_domain_name': 'Default', 'project_id': 'df546ab5e59a4e44a4b88f3ac55e2461', 'project_name': 'tempest-QuotasSecurityGroupAdminNegativeTest-714739111', 'tenant_id': 'df546ab5e59a4e44a4b88f3ac55e2461', 'tenant_name': 'tempest-QuotasSecurityGroupAdminNegativeTest-714739111', 'user_domain_id': 'default', 'user_domain_name': 'Default', 'user_id': '92da66b9f2694e61892bba0fd1a60b7a', 'system': None}, Network: None, Subnet: None, Router: None
2024-12-30 09:32:05.776 67125 INFO tempest.lib.common.dynamic_creds [-] Created isolated network resources for: credentials: Credentials: {'domain_id': 'default', 'domain_name': 'Default', 'username': 'tempest-QuotasSecurityGroupAdminNegativeTest-714739111-project-member', 'project_domain_id': 'default', 'project_domain_name': 'Default', 'project_id': 'df546ab5e59a4e44a4b88f3ac55e2461', 'project_name': 'tempest-QuotasSecurityGroupAdminNegativeTest-714739111', 'tenant_id': 'df546ab5e59a4e44a4b88f3ac55e2461', 'tenant_name': 'tempest-QuotasSecurityGroupAdminNegativeTest-714739111', 'user_domain_id': 'default', 'user_domain_name': 'Default', 'user_id': '92da66b9f2694e61892bba0fd1a60b7a', 'system': None}, Network: None, Subnet: None, Router: None
2024-12-30 09:32:05.793 67093 INFO tempest.lib.common.rest_client [req-50da6cd9-dfbf-42cd-b7ff-996a6d11c282 req-50da6cd9-dfbf-42cd-b7ff-996a6d11c282 ] Request (FlavorsAdminTestJSON:test_create_flavor_verify_entry_in_list_details): 200 POST http://10.180.1.21/compute/v2.1/flavors 0.030s
2024-12-30 09:32:05.833 67093 INFO tempest.lib.common.rest_client [req-be7b3ac8-85b0-4650-ab74-64c36eb88821 req-be7b3ac8-85b0-4650-ab74-64c36eb88821 ] Request (FlavorsAdminTestJSON:test_create_flavor_verify_entry_in_list_details): 200 GET http://10.180.1.21/compute/v2.1/flavors/detail 0.038s
2024-12-30 09:32:05.842 67101 INFO tempest.lib.common.rest_client [req-889b1555-5a96-4e88-ad20-7488904aa954 req-889b1555-5a96-4e88-ad20-7488904aa954 ] Request (SecurityGroupsTestAdminJSON:setUpClass): 201 POST http://10.180.1.21/identity/v3/users 0.116s
2024-12-30 09:32:05.844 67117 INFO tempest.lib.common.rest_client [req-de7acfb8-e68d-47e3-b1e7-5a6b9b5cf91d req-de7acfb8-e68d-47e3-b1e7-5a6b9b5cf91d ] Request (AggregatesAdminNegativeTestJSON:setUpClass): 201 POST http://10.180.1.21/identity/v3/projects 0.119s
2024-12-30 09:32:05.881 67093 INFO tempest.lib.common.rest_client [req-79c5a7cb-7b9a-49f2-9ba7-88534455ef7f req-79c5a7cb-7b9a-49f2-9ba7-88534455ef7f ] Request (FlavorsAdminTestJSON:_run_cleanups): 202 DELETE http://10.180.1.21/compute/v2.1/flavors/1143793704 0.025s
2024-12-30 09:32:05.877 67153 INFO tempest [-] Using tempest config file /opt/stack/testrun/etc/tempest.conf
2024-12-30 09:32:05.893 67105 INFO tempest.lib.common.rest_client [req-bff55aef-8607-4131-8fd1-f6d58a8c8643 req-bff55aef-8607-4131-8fd1-f6d58a8c8643 ] Request (ListImageFiltersNegativeTestJSON:setUpClass): 201 POST http://10.180.1.21/identity/v3/auth/tokens 0.108s
2024-12-30 09:32:05.901 67093 INFO tempest.lib.common.rest_client [req-437b3a2d-429d-40d8-ad8b-1db5a0707c60 req-437b3a2d-429d-40d8-ad8b-1db5a0707c60 ] Request (FlavorsAdminTestJSON:_run_cleanups): 200 GET http://10.180.1.21/compute/v2.1/flavors/detail 0.019s
2024-12-30 09:32:05.911 67153 WARNING oslo_config.cfg [-] Deprecated: Option "auth_version" from group "identity" is deprecated for removal (Identity v2 API was removed and v3 is the only available identity API version now). Its value may be silently ignored in the future.
2024-12-30 09:32:05.912 67153 WARNING oslo_config.cfg [-] Deprecated: Option "access_rules" from group "identity-feature-enabled" is deprecated for removal (Access rules for application credentials is a default feature since Train). Its value may be silently ignored in the future.
2024-12-30 09:32:05.916 67145 INFO tempest.lib.common.rest_client [req-7562d6f1-af5e-4ac4-beba-8de3918ae93b req-7562d6f1-af5e-4ac4-beba-8de3918ae93b ] Request (HypervisorAdminNegativeUnderV252Test:setUpClass): 201 POST http://10.180.1.21/identity/v3/auth/tokens 0.136s
2024-12-30 09:32:05.920 67153 WARNING oslo_config.cfg [-] Deprecated: Option "import_image" from group "image-feature-enabled" is deprecated for removal (Issue with image import in WSGI mode was fixed in Victoria, and this feature works in any deployment architecture now.). Its value may be silently ignored in the future.
2024-12-30 09:32:05.920 67153 WARNING oslo_config.cfg [-] Deprecated: Option "os_glance_reserved" from group "image-feature-enabled" is deprecated for removal (os_glance namespace is always reserved since Wallaby). Its value may be silently ignored in the future.
2024-12-30 09:32:05.932 67125 INFO tempest.lib.common.rest_client [req-4d2df177-562d-44d4-a120-00569de01505 req-4d2df177-562d-44d4-a120-00569de01505 ] Request (QuotasSecurityGroupAdminNegativeTest:setUpClass): 201 POST http://10.180.1.21/identity/v3/auth/tokens 0.145s
2024-12-30 09:32:05.958 67093 INFO tempest.lib.common.rest_client [req-9a139512-a135-41a6-9156-5c697935efcb req-9a139512-a135-41a6-9156-5c697935efcb ] Request (FlavorsAdminTestJSON:test_create_flavor_with_int_id): 200 POST http://10.180.1.21/compute/v2.1/flavors 0.029s
2024-12-30 09:32:05.959 67117 INFO tempest.lib.common.rest_client [req-2bb77d91-8c64-4273-af98-0d9e7e552a3c req-2bb77d91-8c64-4273-af98-0d9e7e552a3c ] Request (AggregatesAdminNegativeTestJSON:setUpClass): 201 POST http://10.180.1.21/identity/v3/users 0.112s
2024-12-30 09:32:05.960 67129 INFO tempest.lib.common.rest_client [req-582d92e0-e19b-4c62-afb2-5ba4b3429efc req-582d92e0-e19b-4c62-afb2-5ba4b3429efc ] Request (FlavorsV261TestJSON:setUpClass): 201 POST http://10.180.1.21/identity/v3/auth/tokens 0.146s
2024-12-30 09:32:05.963 67101 INFO tempest.lib.common.rest_client [req-eca09d94-9c9e-419f-b0e9-08ceb334c56d req-eca09d94-9c9e-419f-b0e9-08ceb334c56d ] Request (SecurityGroupsTestAdminJSON:setUpClass): 200 GET http://10.180.1.21/identity/v3/roles 0.120s
2024-12-30 09:32:05.987 67105 INFO tempest.lib.common.rest_client [req-e6296fba-bff3-48ce-9d6b-c5354ff46960 req-e6296fba-bff3-48ce-9d6b-c5354ff46960 ] Request (ListImageFiltersNegativeTestJSON:setUpClass): 200 GET http://10.180.1.21/identity/v3/domains?name=Default 0.093s
2024-12-30 09:32:05.998 67113 INFO tempest.lib.common.rest_client [req-8fcf30a3-4f8d-4cf8-9378-01d0447afec4 req-8fcf30a3-4f8d-4cf8-9378-01d0447afec4 ] Request (QuotaClassesAdmin257Test:setUpClass): 201 POST http://10.180.1.21/identity/v3/auth/tokens 0.148s
2024-12-30 09:32:06.003 67093 INFO tempest.lib.common.rest_client [req-fe7aa4c7-aeeb-43eb-a6b8-35670e31d9aa req-fe7aa4c7-aeeb-43eb-a6b8-35670e31d9aa ] Request (FlavorsAdminTestJSON:_run_cleanups): 202 DELETE http://10.180.1.21/compute/v2.1/flavors/672159399 0.036s
2024-12-30 09:32:06.008 67123 INFO tempest.lib.common.rest_client [req-dfcb7f5b-1228-4edd-8d4e-7ff2dc1f9a1d req-dfcb7f5b-1228-4edd-8d4e-7ff2dc1f9a1d ] Request (QuotasAdminNegativeTest:setUpClass): 201 POST http://10.180.1.21/identity/v3/auth/tokens 0.082s
2024-12-30 09:32:06.029 67093 INFO tempest.lib.common.rest_client [req-0c107f14-cd9a-4e08-811d-dbe22a37cb13 req-0c107f14-cd9a-4e08-811d-dbe22a37cb13 ] Request (FlavorsAdminTestJSON:_run_cleanups): 200 GET http://10.180.1.21/compute/v2.1/flavors/detail 0.026s
2024-12-30 09:32:06.030 67145 INFO tempest.lib.common.rest_client [req-3bf887e9-e937-4029-aef4-4ced8772af62 req-3bf887e9-e937-4029-aef4-4ced8772af62 ] Request (HypervisorAdminNegativeUnderV252Test:setUpClass): 201 POST http://10.180.1.21/identity/v3/auth/tokens 0.101s
2024-12-30 09:32:06.043 67125 INFO tempest.lib.common.rest_client [req-1f46742b-10ba-40b5-94ea-9b640d829a03 req-1f46742b-10ba-40b5-94ea-9b640d829a03 ] Request (QuotasSecurityGroupAdminNegativeTest:setUpClass): 201 POST http://10.180.1.21/identity/v3/projects 0.107s
2024-12-30 09:32:06.082 67093 INFO tempest.lib.common.rest_client [req-f8514eda-ed48-424b-b6e6-0aab01e703e2 req-f8514eda-ed48-424b-b6e6-0aab01e703e2 ] Request (FlavorsAdminTestJSON:test_create_flavor_with_none_id): 200 POST http://10.180.1.21/compute/v2.1/flavors 0.033s
2024-12-30 09:32:06.093 67117 INFO tempest.lib.common.rest_client [req-c78b6568-1cb7-45ba-b0cc-d539d882714d req-c78b6568-1cb7-45ba-b0cc-d539d882714d ] Request (AggregatesAdminNegativeTestJSON:setUpClass): 200 GET http://10.180.1.21/identity/v3/roles 0.133s
2024-12-30 09:32:06.114 67093 INFO tempest.lib.common.rest_client [req-19b383e4-f7d6-44e9-bf5a-6d1fb99b7c30 req-19b383e4-f7d6-44e9-bf5a-6d1fb99b7c30 ] Request (FlavorsAdminTestJSON:_run_cleanups): 202 DELETE http://10.180.1.21/compute/v2.1/flavors/f16a0d5c-64fc-446c-a1c1-53d74a856bbf 0.030s
2024-12-30 09:32:06.120 67107 INFO tempest.lib.common.rest_client [req-adac16c6-79bf-48f2-b1f9-3642d9f24644 req-adac16c6-79bf-48f2-b1f9-3642d9f24644 ] Request (HypervisorAdminV228Test:setUpClass): 201 POST http://10.180.1.21/identity/v3/auth/tokens 0.162s
2024-12-30 09:32:06.130 67101 INFO tempest.lib.common.rest_client [req-e0149aa2-3d12-44ef-82c3-27301761d98d req-e0149aa2-3d12-44ef-82c3-27301761d98d ] Request (SecurityGroupsTestAdminJSON:setUpClass): 204 PUT http://10.180.1.21/identity/v3/projects/0913f0cca2a64d4b850d0ab401c65186/users/d97ef17b22a54df9a33a8ac74566a945/roles/3de55ec87a8948be99501a855b8ccc55 0.166s
2024-12-30 09:32:06.136 67093 INFO tempest.lib.common.rest_client [req-16de9a1f-9fa6-417d-8df8-78ce4d5aa691 req-16de9a1f-9fa6-417d-8df8-78ce4d5aa691 ] Request (FlavorsAdminTestJSON:_run_cleanups): 200 GET http://10.180.1.21/compute/v2.1/flavors/detail 0.021s
2024-12-30 09:32:06.148 67111 INFO tempest.test [-] raised in LiveMigrationRemoteConsolesV26Test.setUpClass. Invoking tearDownClass.
2024-12-30 09:32:06.168 67119 INFO tempest.test [-] raised in LiveMigrationNegativeTest.setUpClass. Invoking tearDownClass.
2024-12-30 09:32:06.171 67143 INFO tempest.test [-] raised in ServersOnMultiNodesTest.setUpClass. Invoking tearDownClass.
2024-12-30 09:32:06.193 67105 INFO tempest.lib.common.rest_client [req-380f5e63-cab4-47df-a92e-b0a6088f103d req-380f5e63-cab4-47df-a92e-b0a6088f103d ] Request (ListImageFiltersNegativeTestJSON:setUpClass): 201 POST http://10.180.1.21/identity/v3/projects 0.199s
2024-12-30 09:32:06.197 67093 INFO tempest.lib.common.rest_client [req-6464f470-3014-46e6-8a95-e783b4e3d39d req-6464f470-3014-46e6-8a95-e783b4e3d39d ] Request (FlavorsAdminTestJSON:test_create_flavor_with_uuid_id): 200 POST http://10.180.1.21/compute/v2.1/flavors 0.043s
2024-12-30 09:32:06.197 67129 INFO tempest.lib.common.rest_client [req-10acd6f0-199e-409f-8e32-e3d162e0d3fd req-10acd6f0-199e-409f-8e32-e3d162e0d3fd ] Request (FlavorsV261TestJSON:setUpClass): 201 POST http://10.180.1.21/identity/v3/auth/tokens 0.225s
2024-12-30 09:32:06.226 67093 INFO tempest.lib.common.rest_client [req-0940221d-3d80-4589-8c43-fae49ba0c198 req-0940221d-3d80-4589-8c43-fae49ba0c198 ] Request (FlavorsAdminTestJSON:_run_cleanups): 202 DELETE http://10.180.1.21/compute/v2.1/flavors/8b47a2ea-c04d-43f8-8e42-019ab70b3839 0.026s
2024-12-30 09:32:06.242 67093 INFO tempest.lib.common.rest_client [req-9e57648c-57fb-4ce8-89fd-3699e1ae867b req-9e57648c-57fb-4ce8-89fd-3699e1ae867b ] Request (FlavorsAdminTestJSON:_run_cleanups): 200 GET http://10.180.1.21/compute/v2.1/flavors/detail 0.016s
2024-12-30 09:32:06.266 67113 INFO tempest.lib.common.rest_client [req-1a801d35-2753-419a-af9a-99bfe18484d1 req-1a801d35-2753-419a-af9a-99bfe18484d1 ] Request (QuotaClassesAdmin257Test:setUpClass): 201 POST http://10.180.1.21/identity/v3/auth/tokens 0.253s
2024-12-30 09:32:06.274 67095 INFO tempest.lib.common.rest_client [req-38e9d129-dc3c-440e-9198-a301e64e344c req-38e9d129-dc3c-440e-9198-a301e64e344c ] Request (DeleteServersAdminTestJSON:setUpClass): 201 POST http://10.180.1.21/identity/v3/auth/tokens 0.288s
2024-12-30 09:32:06.280 67093 INFO tempest.lib.common.rest_client [req-d7aeeaa3-af65-4a5f-b34b-b39ba69af180 req-d7aeeaa3-af65-4a5f-b34b-b39ba69af180 ] Request (FlavorsAdminTestJSON:test_create_list_flavor_without_extra_data): 200 POST http://10.180.1.21/compute/v2.1/flavors 0.026s
2024-12-30 09:32:06.284 67123 INFO tempest.lib.common.rest_client [req-e148d83a-8e20-4720-9a7e-7d01c607699d req-e148d83a-8e20-4720-9a7e-7d01c607699d ] Request (QuotasAdminNegativeTest:setUpClass): 201 POST http://10.180.1.21/identity/v3/auth/tokens 0.265s
2024-12-30 09:32:06.304 67145 INFO tempest.lib.common.rest_client [req-2006345f-3e1a-4d25-8954-a1002e082dae req-2006345f-3e1a-4d25-8954-a1002e082dae ] Request (HypervisorAdminNegativeUnderV252Test:setUpClass): 200 GET http://10.180.1.21/identity/v3/domains?name=Default 0.273s
2024-12-30 09:32:06.307 67093 INFO tempest.lib.common.rest_client [req-717b8735-6659-489d-9182-badedce65189 req-717b8735-6659-489d-9182-badedce65189 ] Request (FlavorsAdminTestJSON:test_create_list_flavor_without_extra_data): 200 GET http://10.180.1.21/compute/v2.1/flavors/2095370767 0.021s
2024-12-30 09:32:06.311 67125 INFO tempest.lib.common.rest_client [req-3a92896d-d669-4764-91cc-c71438454520 req-3a92896d-d669-4764-91cc-c71438454520 ] Request (QuotasSecurityGroupAdminNegativeTest:setUpClass): 201 POST http://10.180.1.21/identity/v3/users 0.266s
2024-12-30 09:32:06.333 67131 INFO tempest.lib.common.rest_client [req-e06639dd-8015-4c06-aeb7-6a813a9d0fe7 req-e06639dd-8015-4c06-aeb7-6a813a9d0fe7 ] Request (AZAdminNegativeTestJSON:setUpClass): 201 POST http://10.180.1.21/identity/v3/auth/tokens 0.257s
2024-12-30 09:32:06.341 67135 INFO tempest.lib.common.rest_client [req-e70406a4-4bd2-4e4e-b196-ad563ead1278 req-e70406a4-4bd2-4e4e-b196-ad563ead1278 ] Request (InstanceUsageAuditLogNegativeTestJSON:setUpClass): 201 POST http://10.180.1.21/identity/v3/auth/tokens 0.267s
2024-12-30 09:32:06.366 67117 INFO tempest.lib.common.rest_client [req-b9d9d99a-e6eb-40f0-876a-d3167799a6db req-b9d9d99a-e6eb-40f0-876a-d3167799a6db ] Request (AggregatesAdminNegativeTestJSON:setUpClass): 204 PUT http://10.180.1.21/identity/v3/projects/49d82cead195483e980030ccc61f824b/users/be3c6b70ff694ec79a2712094435fc28/roles/dc91b1af96f44092aad00da57fe51d0a 0.272s
2024-12-30 09:32:06.366 67117 INFO tempest.lib.common.dynamic_creds [-] Dynamic test user be3c6b70ff694ec79a2712094435fc28 is created with scope project and roles: ['member']
2024-12-30 09:32:06.366 67117 INFO tempest.lib.common.dynamic_creds [-] Acquired dynamic creds: credentials: Credentials: {'domain_id': 'default', 'domain_name': 'Default', 'username': 'tempest-AggregatesAdminNegativeTestJSON-1487961773-project-member', 'project_domain_id': 'default', 'project_domain_name': 'Default', 'project_id': '49d82cead195483e980030ccc61f824b', 'project_name': 'tempest-AggregatesAdminNegativeTestJSON-1487961773', 'tenant_id': '49d82cead195483e980030ccc61f824b', 'tenant_name': 'tempest-AggregatesAdminNegativeTestJSON-1487961773', 'user_domain_id': 'default', 'user_domain_name': 'Default', 'user_id': 'be3c6b70ff694ec79a2712094435fc28', 'system': None}, Network: None, Subnet: None, Router: None
2024-12-30 09:32:06.366 67117 INFO tempest.lib.common.dynamic_creds [-] Created isolated network resources for: credentials: Credentials: {'domain_id': 'default', 'domain_name': 'Default', 'username': 'tempest-AggregatesAdminNegativeTestJSON-1487961773-project-member', 'project_domain_id': 'default', 'project_domain_name': 'Default', 'project_id': '49d82cead195483e980030ccc61f824b', 'project_name': 'tempest-AggregatesAdminNegativeTestJSON-1487961773', 'tenant_id': '49d82cead195483e980030ccc61f824b', 'tenant_name': 'tempest-AggregatesAdminNegativeTestJSON-1487961773', 'user_domain_id': 'default', 'user_domain_name': 'Default', 'user_id': 'be3c6b70ff694ec79a2712094435fc28', 'system': None}, Network: None, Subnet: None, Router: None
2024-12-30 09:32:06.391 67101 INFO tempest.lib.common.rest_client [req-21cdc175-79d5-4051-9456-ab9a7c1afae4 req-21cdc175-79d5-4051-9456-ab9a7c1afae4 ] Request (SecurityGroupsTestAdminJSON:setUpClass): 200 GET http://10.180.1.21/identity/v3/roles 0.261s
2024-12-30 09:32:06.446 67107 INFO tempest.lib.common.rest_client [req-84aa9aa7-45f5-4737-97a6-8a781644dcdd req-84aa9aa7-45f5-4737-97a6-8a781644dcdd ] Request (HypervisorAdminV228Test:setUpClass): 201 POST http://10.180.1.21/identity/v3/auth/tokens 0.307s
2024-12-30 09:32:06.464 67139 INFO tempest.lib.common.rest_client [req-b4d3b06b-b1ce-4373-a378-94317aeada07 req-b4d3b06b-b1ce-4373-a378-94317aeada07 ] Request (ServerDiagnosticsTest:setUpClass): 201 POST http://10.180.1.21/identity/v3/auth/tokens 0.297s
2024-12-30 09:32:06.477 67121 INFO tempest.lib.common.rest_client [req-ca0c9906-46ec-4300-8b13-b73a0948529e req-ca0c9906-46ec-4300-8b13-b73a0948529e ] Request (FlavorsAccessNegativeTestJSON:setUpClass): 201 POST http://10.180.1.21/identity/v3/auth/tokens 0.297s
2024-12-30 09:32:06.493 67143 INFO tempest.lib.common.rest_client [req-4041dea7-4dcc-41bf-a8c0-e718cc042e20 req-4041dea7-4dcc-41bf-a8c0-e718cc042e20 ] Request (AttachInterfacesTestJSON:setUpClass): 201 POST http://10.180.1.21/identity/v3/auth/tokens 0.313s
2024-12-30 09:32:06.500 67119 INFO tempest.lib.common.rest_client [req-4d8118de-6563-4864-90ae-a22d1f54b52a req-4d8118de-6563-4864-90ae-a22d1f54b52a ] Request (VolumesAdminNegativeTest:setUpClass): 201 POST http://10.180.1.21/identity/v3/auth/tokens 0.311s
2024-12-30 09:32:06.518 67105 INFO tempest.lib.common.rest_client [req-f16dffa2-fa79-46e0-8c7e-c851e8137aec req-f16dffa2-fa79-46e0-8c7e-c851e8137aec ] Request (ListImageFiltersNegativeTestJSON:setUpClass): 201 POST http://10.180.1.21/identity/v3/users 0.323s
2024-12-30 09:32:06.523 67129 INFO tempest.lib.common.rest_client [req-0552890e-a32e-4e51-871e-4ba58e9072a0 req-0552890e-a32e-4e51-871e-4ba58e9072a0 ] Request (FlavorsV261TestJSON:setUpClass): 200 GET http://10.180.1.21/identity/v3/domains?name=Default 0.325s
2024-12-30 09:32:06.540 67111 INFO tempest.lib.common.rest_client [req-666f9697-6a6a-4aa3-96e4-4856fdd097eb req-666f9697-6a6a-4aa3-96e4-4856fdd097eb ] Request (ServicesAdminNegativeV253TestJSON:setUpClass): 201 POST http://10.180.1.21/identity/v3/auth/tokens 0.349s
2024-12-30 09:32:06.545 67151 INFO tempest.lib.common.rest_client [req-f7942d68-cb05-4475-8a74-aa4b629ca5e4 req-f7942d68-cb05-4475-8a74-aa4b629ca5e4 ] Request (FlavorsV255TestJSON:setUpClass): 201 POST http://10.180.1.21/identity/v3/auth/tokens 0.295s
2024-12-30 09:32:06.563 67113 INFO tempest.lib.common.rest_client [req-0a412016-86ff-438c-bcf4-6698ed0cccac req-0a412016-86ff-438c-bcf4-6698ed0cccac ] Request (QuotaClassesAdmin257Test:setUpClass): 200 GET http://10.180.1.21/identity/v3/domains?name=Default 0.296s
2024-12-30 09:32:06.568 67123 INFO tempest.lib.common.rest_client [req-f4246a6d-fe2f-4cae-86e0-21a85d772caa req-f4246a6d-fe2f-4cae-86e0-21a85d772caa ] Request (QuotasAdminNegativeTest:setUpClass): 200 GET http://10.180.1.21/identity/v3/domains?name=Default 0.283s
2024-12-30 09:32:06.587 67125 INFO tempest.lib.common.rest_client [req-855610e5-b730-4b0b-97ff-b62dbf4e44c2 req-855610e5-b730-4b0b-97ff-b62dbf4e44c2 ] Request (QuotasSecurityGroupAdminNegativeTest:setUpClass): 200 GET http://10.180.1.21/identity/v3/roles 0.275s
2024-12-30 09:32:06.588 67095 INFO tempest.lib.common.rest_client [req-484be050-de40-48e5-81c9-89ad06e90809 req-484be050-de40-48e5-81c9-89ad06e90809 ] Request (DeleteServersAdminTestJSON:setUpClass): 201 POST http://10.180.1.21/identity/v3/auth/tokens 0.299s
2024-12-30 09:32:06.611 67145 INFO tempest.lib.common.rest_client [req-25f13e56-0c8b-4294-a247-461745078da3 req-25f13e56-0c8b-4294-a247-461745078da3 ] Request (HypervisorAdminNegativeUnderV252Test:setUpClass): 201 POST http://10.180.1.21/identity/v3/projects 0.303s
2024-12-30 09:32:06.660 67131 INFO tempest.lib.common.rest_client [req-aa4385b2-2c89-40f2-a9af-1eb2a01f0403 req-aa4385b2-2c89-40f2-a9af-1eb2a01f0403 ] Request (AZAdminNegativeTestJSON:setUpClass): 201 POST http://10.180.1.21/identity/v3/auth/tokens 0.317s
2024-12-30 09:32:06.684 67141 INFO tempest.lib.common.rest_client [req-0c6d0579-8a1f-490d-b8e9-99f73999d254 req-0c6d0579-8a1f-490d-b8e9-99f73999d254 ] Request (VolumesAssistedSnapshotsTest:setUpClass): 201 POST http://10.180.1.21/identity/v3/auth/tokens 0.334s
2024-12-30 09:32:06.703 67093 INFO tempest.lib.common.rest_client [req-1a5584e4-40bf-495e-980d-6041859f5719 req-1a5584e4-40bf-495e-980d-6041859f5719 ] Request (FlavorsAdminTestJSON:test_create_list_flavor_without_extra_data): 200 GET http://10.180.1.21/compute/v2.1/flavors/detail 0.392s
2024-12-30 09:32:06.704 67135 INFO tempest.lib.common.rest_client [req-dafad72a-a79a-43c8-af5b-2ac4ed81f291 req-dafad72a-a79a-43c8-af5b-2ac4ed81f291 ] Request (InstanceUsageAuditLogNegativeTestJSON:setUpClass): 201 POST http://10.180.1.21/identity/v3/auth/tokens 0.350s
2024-12-30 09:32:06.721 67101 INFO tempest.lib.common.rest_client [req-40d9c974-9a32-488a-a33c-815c997752a1 req-40d9c974-9a32-488a-a33c-815c997752a1 ] Request (SecurityGroupsTestAdminJSON:setUpClass): 204 PUT http://10.180.1.21/identity/v3/projects/0913f0cca2a64d4b850d0ab401c65186/users/d97ef17b22a54df9a33a8ac74566a945/roles/3de55ec87a8948be99501a855b8ccc55 0.329s
2024-12-30 09:32:06.721 67101 INFO tempest.lib.common.dynamic_creds [-] Dynamic test user d97ef17b22a54df9a33a8ac74566a945 is created with scope project and roles: ['admin']
2024-12-30 09:32:06.721 67101 INFO tempest.lib.common.dynamic_creds [-] Acquired dynamic creds: credentials: Credentials: {'domain_id': 'default', 'domain_name': 'Default', 'username': 'tempest-SecurityGroupsTestAdminJSON-1279073809-project-admin', 'project_domain_id': 'default', 'project_domain_name': 'Default', 'project_id': '0913f0cca2a64d4b850d0ab401c65186', 'project_name': 'tempest-SecurityGroupsTestAdminJSON-1279073809', 'tenant_id': '0913f0cca2a64d4b850d0ab401c65186', 'tenant_name': 'tempest-SecurityGroupsTestAdminJSON-1279073809', 'user_domain_id': 'default', 'user_domain_name': 'Default', 'user_id': 'd97ef17b22a54df9a33a8ac74566a945', 'system': None}, Network: None, Subnet: None, Router: None
2024-12-30 09:32:06.721 67101 INFO tempest.lib.common.dynamic_creds [-] Created isolated network resources for: credentials: Credentials: {'domain_id': 'default', 'domain_name': 'Default', 'username': 'tempest-SecurityGroupsTestAdminJSON-1279073809-project-admin', 'project_domain_id': 'default', 'project_domain_name': 'Default', 'project_id': '0913f0cca2a64d4b850d0ab401c65186', 'project_name': 'tempest-SecurityGroupsTestAdminJSON-1279073809', 'tenant_id': '0913f0cca2a64d4b850d0ab401c65186', 'tenant_name': 'tempest-SecurityGroupsTestAdminJSON-1279073809', 'user_domain_id': 'default', 'user_domain_name': 'Default', 'user_id': 'd97ef17b22a54df9a33a8ac74566a945', 'system': None}, Network: None, Subnet: None, Router: None
2024-12-30 09:32:06.722 67093 INFO tempest.lib.common.rest_client [req-736649b0-a2bd-4941-a790-a912feae51f6 req-736649b0-a2bd-4941-a790-a912feae51f6 ] Request (FlavorsAdminTestJSON:_run_cleanups): 202 DELETE http://10.180.1.21/compute/v2.1/flavors/2095370767 0.015s
2024-12-30 09:32:06.740 67093 INFO tempest.lib.common.rest_client [req-ebb3b327-1a06-4a3e-9b4b-0778242f5cda req-ebb3b327-1a06-4a3e-9b4b-0778242f5cda ] Request (FlavorsAdminTestJSON:_run_cleanups): 200 GET http://10.180.1.21/compute/v2.1/flavors/detail 0.017s
2024-12-30 09:32:06.751 67117 INFO tempest.lib.common.rest_client [req-97ecac6a-b22b-4133-91da-e85c3d1b85a1 req-97ecac6a-b22b-4133-91da-e85c3d1b85a1 ] Request (AggregatesAdminNegativeTestJSON:setUpClass): 201 POST http://10.180.1.21/identity/v3/auth/tokens 0.369s
2024-12-30 09:32:06.764 67093 INFO tempest.lib.common.rest_client [req-bd00c7df-6d99-46e0-a6d2-bcd2a22a4c36 req-bd00c7df-6d99-46e0-a6d2-bcd2a22a4c36 ] Request (FlavorsAdminTestJSON:test_create_server_with_non_public_flavor): 200 POST http://10.180.1.21/compute/v2.1/flavors 0.018s
2024-12-30 09:32:06.777 67115 INFO tempest.lib.common.rest_client [req-e91543a0-cfa2-4062-9f55-8580e0d8fd84 req-e91543a0-cfa2-4062-9f55-8580e0d8fd84 ] Request (ServersWithSpecificFlavorTestJSON:setUpClass): 201 POST http://10.180.1.21/identity/v3/auth/tokens 0.386s
2024-12-30 09:32:06.786 67093 INFO tempest.lib.common.rest_client [req-4067060f-eb66-43d3-95ee-7ac3f7c4379e req-4067060f-eb66-43d3-95ee-7ac3f7c4379e ] Request (FlavorsAdminTestJSON:test_create_server_with_non_public_flavor): 400 POST http://10.180.1.21/compute/v2.1/servers 0.019s
2024-12-30 09:32:06.799 67099 INFO tempest.lib.common.rest_client [req-95d5a4c6-f6fe-45c8-8a9b-aded5af4e943 req-95d5a4c6-f6fe-45c8-8a9b-aded5af4e943 ] Request (FlavorsExtraSpecsNegativeTestJSON:setUpClass): 201 POST http://10.180.1.21/identity/v3/auth/tokens 0.395s
2024-12-30 09:32:06.802 67149 INFO tempest.lib.common.rest_client [req-e11ca492-fdc4-4421-8155-b064ada03572 req-e11ca492-fdc4-4421-8155-b064ada03572 ] Request (ImagesNegativeTestJSON:setUpClass): 201 POST http://10.180.1.21/identity/v3/auth/tokens 0.402s
2024-12-30 09:32:06.806 67093 INFO tempest.lib.common.rest_client [req-7023df94-033c-485d-8d0a-b5ab99a176a1 req-7023df94-033c-485d-8d0a-b5ab99a176a1 ] Request (FlavorsAdminTestJSON:_run_cleanups): 202 DELETE http://10.180.1.21/compute/v2.1/flavors/1426106202 0.019s
2024-12-30 09:32:06.824 67093 INFO tempest.lib.common.rest_client [req-62076d7b-2d99-44d2-b643-f1eeaa46274e req-62076d7b-2d99-44d2-b643-f1eeaa46274e ] Request (FlavorsAdminTestJSON:_run_cleanups): 200 GET http://10.180.1.21/compute/v2.1/flavors/detail 0.017s
2024-12-30 09:32:06.825 67137 INFO tempest.lib.common.rest_client [req-48afd2ff-ef22-4839-b9c3-681dbaa3bcee req-48afd2ff-ef22-4839-b9c3-681dbaa3bcee ] Request (KeyPairsV210TestJSON:setUpClass): 201 POST http://10.180.1.21/identity/v3/auth/tokens 0.403s
2024-12-30 09:32:06.828 67097 INFO tempest.lib.common.rest_client [req-8aa94641-a5e8-4e10-834f-cbe6d14492a2 req-8aa94641-a5e8-4e10-834f-cbe6d14492a2 ] Request (FlavorsAccessTestJSON:setUpClass): 201 POST http://10.180.1.21/identity/v3/auth/tokens 0.418s
2024-12-30 09:32:06.843 67107 INFO tempest.lib.common.rest_client [req-54fa1142-faa1-43fa-84ef-1998e8b6bd32 req-54fa1142-faa1-43fa-84ef-1998e8b6bd32 ] Request (HypervisorAdminV228Test:setUpClass): 200 GET http://10.180.1.21/identity/v3/domains?name=Default 0.395s
2024-12-30 09:32:06.848 67103 INFO tempest.lib.common.rest_client [req-d7166b3e-60f2-4b82-8d00-120f0bf0a788 req-d7166b3e-60f2-4b82-8d00-120f0bf0a788 ] Request (NetworksTest:setUpClass): 201 POST http://10.180.1.21/identity/v3/auth/tokens 0.395s
2024-12-30 09:32:06.858 67093 INFO tempest.lib.common.rest_client [req-013cc318-cde4-4fdb-a641-0791cdb8c79d req-013cc318-cde4-4fdb-a641-0791cdb8c79d ] Request (FlavorsAdminTestJSON:test_is_public_string_variations): 200 POST http://10.180.1.21/compute/v2.1/flavors 0.020s
2024-12-30 09:32:06.872 67109 INFO tempest.lib.common.rest_client [req-c10bb652-f376-40ee-bcb7-4168c1dd065e req-c10bb652-f376-40ee-bcb7-4168c1dd065e ] Request (HypervisorAdminTestJSON:setUpClass): 201 POST http://10.180.1.21/identity/v3/auth/tokens 0.418s
2024-12-30 09:32:06.876 67139 INFO tempest.lib.common.rest_client [req-8b61de1e-a43a-4bd5-9d06-eaacf88b38fc req-8b61de1e-a43a-4bd5-9d06-eaacf88b38fc ] Request (ServerDiagnosticsTest:setUpClass): 201 POST http://10.180.1.21/identity/v3/auth/tokens 0.407s
2024-12-30 09:32:06.884 67093 INFO tempest.lib.common.rest_client [req-406f87c1-5025-4036-8583-71b1c4d79511 req-406f87c1-5025-4036-8583-71b1c4d79511 ] Request (FlavorsAdminTestJSON:test_is_public_string_variations): 200 POST http://10.180.1.21/compute/v2.1/flavors 0.022s
2024-12-30 09:32:06.896 67121 INFO tempest.lib.common.rest_client [req-80806efc-8bd7-43fc-8e14-4723dcb413ce req-80806efc-8bd7-43fc-8e14-4723dcb413ce ] Request (FlavorsAccessNegativeTestJSON:setUpClass): 201 POST http://10.180.1.21/identity/v3/auth/tokens 0.410s
2024-12-30 09:32:06.904 67155 INFO tempest.lib.common.rest_client [req-9dbe65c9-cafb-413c-b38c-b822fac8d6de req-9dbe65c9-cafb-413c-b38c-b822fac8d6de ] Request (FlavorsExtraSpecsTestJSON:setUpClass): 201 POST http://10.180.1.21/identity/v3/auth/tokens 0.410s
2024-12-30 09:32:06.905 67093 INFO tempest.lib.common.rest_client [req-50ed75ac-8ac0-4709-8bda-b1323f81e9a2 req-50ed75ac-8ac0-4709-8bda-b1323f81e9a2 ] Request (FlavorsAdminTestJSON:test_is_public_string_variations): 200 GET http://10.180.1.21/compute/v2.1/flavors/detail?is_public=f 0.019s
2024-12-30 09:32:06.923 67143 INFO tempest.lib.common.rest_client [req-9b50a067-914b-4d1b-8940-385e5f4831f0 req-9b50a067-914b-4d1b-8940-385e5f4831f0 ] Request (AttachInterfacesTestJSON:setUpClass): 201 POST http://10.180.1.21/identity/v3/auth/tokens 0.428s
2024-12-30 09:32:06.924 67093 INFO tempest.lib.common.rest_client [req-a7b9db3d-b805-4307-9329-5517b5627399 req-a7b9db3d-b805-4307-9329-5517b5627399 ] Request (FlavorsAdminTestJSON:test_is_public_string_variations): 200 GET http://10.180.1.21/compute/v2.1/flavors/detail?is_public=false 0.016s
2024-12-30 09:32:06.926 67119 INFO tempest.lib.common.rest_client [req-5af59e68-82b0-4be2-bb29-1bb7cd7a4af9 req-5af59e68-82b0-4be2-bb29-1bb7cd7a4af9 ] Request (VolumesAdminNegativeTest:setUpClass): 201 POST http://10.180.1.21/identity/v3/auth/tokens 0.423s
2024-12-30 09:32:06.941 67093 INFO tempest.lib.common.rest_client [req-c2dafa57-4678-491d-a009-1ec3d96ebb62 req-c2dafa57-4678-491d-a009-1ec3d96ebb62 ] Request (FlavorsAdminTestJSON:test_is_public_string_variations): 200 GET http://10.180.1.21/compute/v2.1/flavors/detail?is_public=no 0.014s
2024-12-30 09:32:06.942 67105 INFO tempest.lib.common.rest_client [req-27e7e379-ec84-4c33-b29d-c0fa09746a06 req-27e7e379-ec84-4c33-b29d-c0fa09746a06 ] Request (ListImageFiltersNegativeTestJSON:setUpClass): 200 GET http://10.180.1.21/identity/v3/roles 0.424s
2024-12-30 09:32:06.943 67147 INFO tempest.lib.common.rest_client [req-e1e69b9f-85d4-4d15-b541-43ddbefc6c58 req-e1e69b9f-85d4-4d15-b541-43ddbefc6c58 ] Request (ServerDiagnosticsNegativeTest:setUpClass): 201 POST http://10.180.1.21/identity/v3/auth/tokens 0.439s
2024-12-30 09:32:06.955 67093 INFO tempest.lib.common.rest_client [req-71f48c3b-637a-4864-afed-a209ef289f4a req-71f48c3b-637a-4864-afed-a209ef289f4a ] Request (FlavorsAdminTestJSON:test_is_public_string_variations): 200 GET http://10.180.1.21/compute/v2.1/flavors/detail?is_public=0 0.012s
2024-12-30 09:32:06.966 67133 INFO tempest.lib.common.rest_client [req-204a3b51-45ac-4eca-8fcb-644cd7ad195f req-204a3b51-45ac-4eca-8fcb-644cd7ad195f ] Request (ServersAdminNegativeTestJSON:setUpClass): 201 POST http://10.180.1.21/identity/v3/auth/tokens 0.442s
2024-12-30 09:32:06.966 67127 INFO tempest.lib.common.rest_client [req-31996696-75f0-4add-a6cf-a1ec9065a572 req-31996696-75f0-4add-a6cf-a1ec9065a572 ] Request (AZAdminV2TestJSON:setUpClass): 201 POST http://10.180.1.21/identity/v3/auth/tokens 0.448s
2024-12-30 09:32:06.975 67093 INFO tempest.lib.common.rest_client [req-7f5759ab-a58a-4b67-a9ef-22bb58a88066 req-7f5759ab-a58a-4b67-a9ef-22bb58a88066 ] Request (FlavorsAdminTestJSON:test_is_public_string_variations): 200 GET http://10.180.1.21/compute/v2.1/flavors/detail?is_public=t 0.017s
2024-12-30 09:32:06.990 67111 INFO tempest.lib.common.rest_client [req-51307bd3-af0e-4659-a05d-5be0040155fb req-51307bd3-af0e-4659-a05d-5be0040155fb ] Request (ServicesAdminNegativeV253TestJSON:setUpClass): 201 POST http://10.180.1.21/identity/v3/auth/tokens 0.448s
2024-12-30 09:32:06.992 67129 INFO tempest.lib.common.rest_client [req-a217750f-62ae-45ca-9b25-42bdd66d264a req-a217750f-62ae-45ca-9b25-42bdd66d264a ] Request (FlavorsV261TestJSON:setUpClass): 201 POST http://10.180.1.21/identity/v3/projects 0.467s
2024-12-30 09:32:07.000 67093 INFO tempest.lib.common.rest_client [req-e20cbc20-a036-424f-a795-33191289d3d6 req-e20cbc20-a036-424f-a795-33191289d3d6 ] Request (FlavorsAdminTestJSON:test_is_public_string_variations): 200 GET http://10.180.1.21/compute/v2.1/flavors/detail?is_public=true 0.020s
2024-12-30 09:32:07.020 67093 INFO tempest.lib.common.rest_client [req-eadbc261-0c69-4dc7-ab2c-b5a46b8b740a req-eadbc261-0c69-4dc7-ab2c-b5a46b8b740a ] Request (FlavorsAdminTestJSON:test_is_public_string_variations): 200 GET http://10.180.1.21/compute/v2.1/flavors/detail?is_public=yes 0.017s
2024-12-30 09:32:07.040 67151 INFO tempest.lib.common.rest_client [req-417b2887-de1d-404f-858d-d911131aabcb req-417b2887-de1d-404f-858d-d911131aabcb ] Request (FlavorsV255TestJSON:setUpClass): 201 POST http://10.180.1.21/identity/v3/auth/tokens 0.491s
2024-12-30 09:32:07.040 67093 INFO tempest.lib.common.rest_client [req-7b072a7b-e16c-480e-86c9-bcdf2c55a656 req-7b072a7b-e16c-480e-86c9-bcdf2c55a656 ] Request (FlavorsAdminTestJSON:test_is_public_string_variations): 200 GET http://10.180.1.21/compute/v2.1/flavors/detail?is_public=1 0.015s
2024-12-30 09:32:07.047 67113 INFO tempest.lib.common.rest_client [req-b215add4-e895-40a2-b599-b56b26608741 req-b215add4-e895-40a2-b599-b56b26608741 ] Request (QuotaClassesAdmin257Test:setUpClass): 201 POST http://10.180.1.21/identity/v3/projects 0.481s
2024-12-30 09:32:07.063 67093 INFO tempest.lib.common.rest_client [req-14f29075-d784-458e-b42b-087ef18e70cf req-14f29075-d784-458e-b42b-087ef18e70cf ] Request (FlavorsAdminTestJSON:_run_cleanups): 202 DELETE http://10.180.1.21/compute/v2.1/flavors/252826255 0.018s
2024-12-30 09:32:07.079 67093 INFO tempest.lib.common.rest_client [req-df104685-3f35-48bd-9481-24f439ce7341 req-df104685-3f35-48bd-9481-24f439ce7341 ] Request (FlavorsAdminTestJSON:_run_cleanups): 200 GET http://10.180.1.21/compute/v2.1/flavors/detail 0.015s
2024-12-30 09:32:07.091 67153 INFO tempest.lib.common.rest_client [req-2b62bda7-17c3-4470-83c9-7bd0f9954790 req-2b62bda7-17c3-4470-83c9-7bd0f9954790 ] Request (ServersTestManualDisk:setUpClass): 201 POST http://10.180.1.21/identity/v3/auth/tokens 0.525s
2024-12-30 09:32:07.097 67093 INFO tempest.lib.common.rest_client [req-e1c198bb-adb0-4b9b-836b-1277943d71d9 req-e1c198bb-adb0-4b9b-836b-1277943d71d9 ] Request (FlavorsAdminTestJSON:_run_cleanups): 202 DELETE http://10.180.1.21/compute/v2.1/flavors/4938205 0.014s
2024-12-30 09:32:07.098 67123 INFO tempest.lib.common.rest_client [req-9be877ba-60b6-4dbd-a8db-faffc78971d4 req-9be877ba-60b6-4dbd-a8db-faffc78971d4 ] Request (QuotasAdminNegativeTest:setUpClass): 201 POST http://10.180.1.21/identity/v3/projects 0.527s
2024-12-30 09:32:07.111 67125 INFO tempest.lib.common.rest_client [req-c90c11ef-bad5-4326-92c9-394addc644aa req-c90c11ef-bad5-4326-92c9-394addc644aa ] Request (QuotasSecurityGroupAdminNegativeTest:setUpClass): 204 PUT http://10.180.1.21/identity/v3/projects/b17da086b92840bfb12621387c559305/users/25698fe2057b43bea739559bc8d4b289/roles/3de55ec87a8948be99501a855b8ccc55 0.524s
2024-12-30 09:32:07.115 67093 INFO tempest.lib.common.rest_client [req-f876b884-a843-498a-b1cf-e8744201971f req-f876b884-a843-498a-b1cf-e8744201971f ] Request (FlavorsAdminTestJSON:_run_cleanups): 200 GET http://10.180.1.21/compute/v2.1/flavors/detail 0.017s
2024-12-30 09:32:07.163 67145 INFO tempest.lib.common.rest_client [req-de080b7d-3354-4583-9237-08f7fa3c0ba6 req-de080b7d-3354-4583-9237-08f7fa3c0ba6 ] Request (HypervisorAdminNegativeUnderV252Test:setUpClass): 201 POST http://10.180.1.21/identity/v3/users 0.551s
2024-12-30 09:32:07.173 67095 INFO tempest.lib.common.rest_client [req-5109e6b6-6732-4b5c-983c-d05d66d75705 req-5109e6b6-6732-4b5c-983c-d05d66d75705 ] Request (DeleteServersAdminTestJSON:setUpClass): 200 GET http://10.180.1.21/identity/v3/domains?name=Default 0.584s
2024-12-30 09:32:07.183 67131 INFO tempest.lib.common.rest_client [req-08e67589-f6e7-4ee1-b0cc-f9f54e6cc061 req-08e67589-f6e7-4ee1-b0cc-f9f54e6cc061 ] Request (AZAdminNegativeTestJSON:setUpClass): 200 GET http://10.180.1.21/identity/v3/domains?name=Default 0.523s
2024-12-30 09:32:07.195 67141 INFO tempest.lib.common.rest_client [req-41ceb3d5-c604-4ab1-8b4d-7d46bf9e05e3 req-41ceb3d5-c604-4ab1-8b4d-7d46bf9e05e3 ] Request (VolumesAssistedSnapshotsTest:setUpClass): 201 POST http://10.180.1.21/identity/v3/auth/tokens 0.507s
2024-12-30 09:32:07.202 67135 INFO tempest.lib.common.rest_client [req-e6e59d8e-7701-4ac0-97bb-3e7236937102 req-e6e59d8e-7701-4ac0-97bb-3e7236937102 ] Request (InstanceUsageAuditLogNegativeTestJSON:setUpClass): 200 GET http://10.180.1.21/identity/v3/domains?name=Default 0.497s
2024-12-30 09:32:07.220 67117 INFO tempest.lib.common.rest_client [req-4bd0a683-3445-428e-ac54-0868e75f6973 req-4bd0a683-3445-428e-ac54-0868e75f6973 ] Request (AggregatesAdminNegativeTestJSON:setUpClass): 201 POST http://10.180.1.21/identity/v3/projects 0.469s
2024-12-30 09:32:07.259 67101 INFO tempest.lib.common.rest_client [req-b7e3926f-90ce-412b-8480-2689a0b1fb84 req-b7e3926f-90ce-412b-8480-2689a0b1fb84 ] Request (SecurityGroupsTestAdminJSON:setUpClass): 201 POST http://10.180.1.21/identity/v3/auth/tokens 0.494s
2024-12-30 09:32:07.273 67115 INFO tempest.lib.common.rest_client [req-40b3d53d-39a4-44d5-b6af-d66950d12c2a req-40b3d53d-39a4-44d5-b6af-d66950d12c2a ] Request (ServersWithSpecificFlavorTestJSON:setUpClass): 201 POST http://10.180.1.21/identity/v3/auth/tokens 0.491s
2024-12-30 09:32:07.284 67099 INFO tempest.lib.common.rest_client [req-429245cf-5271-4927-92ed-a3d23d0131d5 req-429245cf-5271-4927-92ed-a3d23d0131d5 ] Request (FlavorsExtraSpecsNegativeTestJSON:setUpClass): 201 POST http://10.180.1.21/identity/v3/auth/tokens 0.481s
2024-12-30 09:32:07.297 67149 INFO tempest.lib.common.rest_client [req-76e2571d-dc2b-48be-869e-62045f976e63 req-76e2571d-dc2b-48be-869e-62045f976e63 ] Request (ImagesNegativeTestJSON:setUpClass): 201 POST http://10.180.1.21/identity/v3/auth/tokens 0.490s
2024-12-30 09:32:07.304 67093 INFO tempest.lib.common.rest_client [req-f4b84ff1-ab9b-4220-abe4-f6d0f52b3b9c req-f4b84ff1-ab9b-4220-abe4-f6d0f52b3b9c ] Request (FlavorsAdminTestJSON:test_list_non_public_flavor): 200 POST http://10.180.1.21/compute/v2.1/flavors 0.184s
2024-12-30 09:32:07.305 67137 INFO tempest.lib.common.rest_client [req-9e6faca7-2289-497d-b4d0-d3121e3f20ff req-9e6faca7-2289-497d-b4d0-d3121e3f20ff ] Request (KeyPairsV210TestJSON:setUpClass): 201 POST http://10.180.1.21/identity/v3/auth/tokens 0.475s
2024-12-30 09:32:07.320 67093 INFO tempest.lib.common.rest_client [req-b313f8a2-5f3e-44cf-bda7-62dcfc853a90 req-b313f8a2-5f3e-44cf-bda7-62dcfc853a90 ] Request (FlavorsAdminTestJSON:test_list_non_public_flavor): 200 GET http://10.180.1.21/compute/v2.1/flavors/detail 0.014s
2024-12-30 09:32:07.321 67097 INFO tempest.lib.common.rest_client [req-a672237d-6d76-4c10-81ad-8b8c2896d5f0 req-a672237d-6d76-4c10-81ad-8b8c2896d5f0 ] Request (FlavorsAccessTestJSON:setUpClass): 201 POST http://10.180.1.21/identity/v3/auth/tokens 0.484s
2024-12-30 09:32:07.329 67107 INFO tempest.lib.common.rest_client [req-4f7eec66-ff66-45e2-9c5a-21f30ce42873 req-4f7eec66-ff66-45e2-9c5a-21f30ce42873 ] Request (HypervisorAdminV228Test:setUpClass): 201 POST http://10.180.1.21/identity/v3/projects 0.484s
2024-12-30 09:32:07.344 67093 INFO tempest.lib.common.rest_client [req-add5e36b-2a8a-4271-8dcd-3f597bdb301c req-add5e36b-2a8a-4271-8dcd-3f597bdb301c ] Request (FlavorsAdminTestJSON:test_list_non_public_flavor): 200 GET http://10.180.1.21/compute/v2.1/flavors/detail 0.019s
2024-12-30 09:32:07.360 67093 INFO tempest.lib.common.rest_client [req-04ad1f23-fdac-4fe9-b5bd-844dd2c67ac9 req-04ad1f23-fdac-4fe9-b5bd-844dd2c67ac9 ] Request (FlavorsAdminTestJSON:_run_cleanups): 202 DELETE http://10.180.1.21/compute/v2.1/flavors/183995682 0.012s
2024-12-30 09:32:07.373 67103 INFO tempest.lib.common.rest_client [req-8ea85c88-be42-44ff-9b83-12400a8a4852 req-8ea85c88-be42-44ff-9b83-12400a8a4852 ] Request (NetworksTest:setUpClass): 201 POST http://10.180.1.21/identity/v3/auth/tokens 0.521s
2024-12-30 09:32:07.375 67093 INFO tempest.lib.common.rest_client [req-57d7bfe0-b8cf-4cb6-8fe1-fe422efdf1e9 req-57d7bfe0-b8cf-4cb6-8fe1-fe422efdf1e9 ] Request (FlavorsAdminTestJSON:_run_cleanups): 200 GET http://10.180.1.21/compute/v2.1/flavors/detail 0.014s
2024-12-30 09:32:07.375 67139 INFO tempest.lib.common.rest_client [req-1427f097-c136-4c8f-bccc-3c24e4630161 req-1427f097-c136-4c8f-bccc-3c24e4630161 ] Request (ServerDiagnosticsTest:setUpClass): 200 GET http://10.180.1.21/identity/v3/domains?name=Default 0.498s
2024-12-30 09:32:07.392 67093 INFO tempest.lib.common.rest_client [req-2a1189d9-a16f-4d24-a268-4d93011c3920 req-2a1189d9-a16f-4d24-a268-4d93011c3920 ] Request (FlavorsAdminTestJSON:test_list_public_flavor_with_other_user): 200 POST http://10.180.1.21/compute/v2.1/flavors 0.013s
2024-12-30 09:32:07.393 67121 INFO tempest.lib.common.rest_client [req-824373eb-1212-4297-87bf-e61f519624e2 req-824373eb-1212-4297-87bf-e61f519624e2 ] Request (FlavorsAccessNegativeTestJSON:setUpClass): 200 GET http://10.180.1.21/identity/v3/domains?name=Default 0.496s
2024-12-30 09:32:07.394 67109 INFO tempest.lib.common.rest_client [req-c024ead7-6f78-451d-96cf-2181a67f5d30 req-c024ead7-6f78-451d-96cf-2181a67f5d30 ] Request (HypervisorAdminTestJSON:setUpClass): 201 POST http://10.180.1.21/identity/v3/auth/tokens 0.516s
2024-12-30 09:32:07.408 67093 INFO tempest.lib.common.rest_client [req-fab7653a-fb44-4be4-a624-77dec4e3085f req-fab7653a-fb44-4be4-a624-77dec4e3085f ] Request (FlavorsAdminTestJSON:test_list_public_flavor_with_other_user): 200 GET http://10.180.1.21/compute/v2.1/flavors/detail 0.014s
2024-12-30 09:32:07.414 67143 INFO tempest.lib.common.rest_client [req-1dbad515-6fb6-463d-b27f-136a12f35844 req-1dbad515-6fb6-463d-b27f-136a12f35844 ] Request (AttachInterfacesTestJSON:setUpClass): 200 GET http://10.180.1.21/identity/v3/domains?name=Default 0.490s
2024-12-30 09:32:07.414 67155 INFO tempest.lib.common.rest_client [req-b9979c17-fb5f-4093-b587-d483c1828c98 req-b9979c17-fb5f-4093-b587-d483c1828c98 ] Request (FlavorsExtraSpecsTestJSON:setUpClass): 201 POST http://10.180.1.21/identity/v3/auth/tokens 0.506s
2024-12-30 09:32:07.425 67093 INFO tempest.lib.common.rest_client [req-a7cfc0b7-de66-4456-a564-c4328ef581d9 req-a7cfc0b7-de66-4456-a564-c4328ef581d9 ] Request (FlavorsAdminTestJSON:_run_cleanups): 202 DELETE http://10.180.1.21/compute/v2.1/flavors/1614212030 0.012s
2024-12-30 09:32:07.430 67119 INFO tempest.lib.common.rest_client [req-0e901699-0b38-4f43-b3c6-09477c5c8e94 req-0e901699-0b38-4f43-b3c6-09477c5c8e94 ] Request (VolumesAdminNegativeTest:setUpClass): 200 GET http://10.180.1.21/identity/v3/domains?name=Default 0.503s
2024-12-30 09:32:07.433 67105 INFO tempest.lib.common.rest_client [req-4b5bac31-9e75-41b6-991f-ecfce3456eb2 req-4b5bac31-9e75-41b6-991f-ecfce3456eb2 ] Request (ListImageFiltersNegativeTestJSON:setUpClass): 204 PUT http://10.180.1.21/identity/v3/projects/ba565a99d22a435482a7d852d08e98ba/users/a0edf07a4b0b416888a6ea882c93fe52/roles/dc91b1af96f44092aad00da57fe51d0a 0.490s
2024-12-30 09:32:07.433 67105 INFO tempest.lib.common.dynamic_creds [-] Dynamic test user a0edf07a4b0b416888a6ea882c93fe52 is created with scope project and roles: ['member']
2024-12-30 09:32:07.434 67105 INFO tempest.lib.common.dynamic_creds [-] Acquired dynamic creds: credentials: Credentials: {'domain_id': 'default', 'domain_name': 'Default', 'username': 'tempest-ListImageFiltersNegativeTestJSON-1379655903-project-member', 'project_domain_id': 'default', 'project_domain_name': 'Default', 'project_id': 'ba565a99d22a435482a7d852d08e98ba', 'project_name': 'tempest-ListImageFiltersNegativeTestJSON-1379655903', 'tenant_id': 'ba565a99d22a435482a7d852d08e98ba', 'tenant_name': 'tempest-ListImageFiltersNegativeTestJSON-1379655903', 'user_domain_id': 'default', 'user_domain_name': 'Default', 'user_id': 'a0edf07a4b0b416888a6ea882c93fe52', 'system': None}, Network: None, Subnet: None, Router: None
