2024-09-16 06:53:53.622 62287 INFO tempest.lib.common.dynamic_creds [-] Acquired dynamic creds: credentials: Credentials: {'domain_id': 'default', 'domain_name': 'Default', 'username': 'tempest-SecurityGroupRulesTestJSON-1125945724-project-member', 'project_domain_id': 'default', 'project_domain_name': 'Default', 'project_id': 'f642a7ce1ffe42b593d1fc7567cb4e61', 'project_name': 'tempest-SecurityGroupRulesTestJSON-1125945724', 'tenant_id': 'f642a7ce1ffe42b593d1fc7567cb4e61', 'tenant_name': 'tempest-SecurityGroupRulesTestJSON-1125945724', 'user_domain_id': 'default', 'user_domain_name': 'Default', 'user_id': '172956ad98044892be242dd89fe7455b', 'system': None}, Network: None, Subnet: None, Router: None
2024-09-16 06:53:53.634 62243 INFO tempest.lib.common.rest_client [req-958b0cbe-fa51-40d8-8c06-4d369fcc06ee req-958b0cbe-fa51-40d8-8c06-4d369fcc06ee ] Request (ServersTestJSON:setUpClass): 200 GET http://10.180.1.21/compute/v2.1/servers/faa1794d-5941-40fb-bd78-2608fa2d5da0 0.369s
2024-09-16 06:53:53.728 62287 INFO tempest.lib.common.rest_client [req-fa1a623b-0bc5-4a14-8ded-0b6e450846e8 req-fa1a623b-0bc5-4a14-8ded-0b6e450846e8 ] Request (SecurityGroupRulesTestJSON:setUpClass): 201 POST http://10.180.1.21/identity/v3/auth/tokens 0.106s
2024-09-16 06:53:53.798 62258 INFO tempest.lib.common.rest_client [req-a24b7fd2-5892-4538-8771-bfd6fd6e2365 req-a24b7fd2-5892-4538-8771-bfd6fd6e2365 ] Request (VolumesAdminNegativeTest:setUpClass): 201 POST http://10.180.1.21:9696/networking/v2.0/routers 1.775s
2024-09-16 06:53:53.844 62277 INFO tempest.lib.common.rest_client [req-cd90b1dd-a404-4a90-8494-1004758aa26e req-cd90b1dd-a404-4a90-8494-1004758aa26e ] Request (ServersAdmin275Test:test_rebuild_update_server_275): 202 POST http://10.180.1.21/compute/v2.1/servers/15409fa7-254c-435e-8080-46d3f65b2d46/action 0.840s
2024-09-16 06:53:53.945 62299 INFO tempest.lib.common.rest_client [req-4f2deb4d-e061-496e-96fa-ed5f6a19533a req-4f2deb4d-e061-496e-96fa-ed5f6a19533a ] Request (ServerDiagnosticsTest:test_get_server_diagnostics): 200 GET http://10.180.1.21/compute/v2.1/servers/c0f34d3e-39a1-4487-bd1f-ade41ef6832c 0.624s
2024-09-16 06:53:54.013 62297 INFO tempest.lib.common.rest_client [req-9ffe925a-020c-46c1-8a2a-936768084918 req-9ffe925a-020c-46c1-8a2a-936768084918 ] Request (SecurityGroupRulesNegativeTestJSON:test_create_security_group_rule_with_invalid_port_range): 200 POST http://10.180.1.21/compute/v2.1/os-security-groups 0.717s
2024-09-16 06:53:54.021 62253 INFO tempest.lib.common.rest_client [req-36f9e935-bb99-4274-a79e-7d93b702abe8 req-36f9e935-bb99-4274-a79e-7d93b702abe8 ] Request (ServersWithSpecificFlavorTestJSON:test_verify_created_server_ephemeral_disk): 200 GET http://10.180.1.21/compute/v2.1/servers/465d94c2-5ebf-4b05-966e-9272e2ddebb3 0.634s
2024-09-16 06:53:54.108 62293 INFO tempest.lib.common.rest_client [req-bf35ba12-097a-4ad4-a8eb-89dd2b1482e8 req-bf35ba12-097a-4ad4-a8eb-89dd2b1482e8 ] Request (ListServersNegativeTestJSON:setUpClass): 200 GET http://10.180.1.21/compute/v2.1/servers/e99bfd97-1952-4166-aa19-560053bae307 0.652s
2024-09-16 06:53:54.128 62245 INFO tempest.lib.common.rest_client [req-f567dd25-fa61-4c16-8757-0466da603129 req-f567dd25-fa61-4c16-8757-0466da603129 ] Request (FlavorsAdminTestJSON:test_is_public_string_variations): 200 GET http://10.180.1.21/compute/v2.1/flavors/detail?is_public=true 0.667s
2024-09-16 06:53:54.219 62273 INFO tempest.lib.common.rest_client [req-d816e52f-64d3-4cce-a8f1-15fe52843ed3 req-d816e52f-64d3-4cce-a8f1-15fe52843ed3 ] Request (ListImageFiltersTestJSON:setUpClass): 200 GET http://10.180.1.21/compute/v2.1/servers/7ff67667-32ce-48ee-bae6-32a7b7d0bfd4 0.686s
2024-09-16 06:53:54.247 62247 INFO tempest.lib.common.rest_client [req-0ec774dc-ec57-4831-ab43-036fcc1be6ad req-0ec774dc-ec57-4831-ab43-036fcc1be6ad ] Request (AggregatesAdminNegativeTestJSON:test_aggregate_remove_nonexistent_host): 404 POST http://10.180.1.21/compute/v2.1/os-aggregates/8/action 0.693s
2024-09-16 06:53:54.249 62261 INFO tempest.lib.common.rest_client [req-e9858865-b539-43ec-bdb3-7ee69ff204e0 req-e9858865-b539-43ec-bdb3-7ee69ff204e0 ] Request (QuotasAdminTestJSON:test_update_all_quota_resources_for_tenant): 200 PUT http://10.180.1.21/compute/v2.1/os-quota-sets/dd766640cc654f23966a0dd8495f0518 0.835s
2024-09-16 06:53:54.335 62249 INFO tempest.lib.common.rest_client [req-f84a959a-c2f5-479e-8825-830dd7f793f3 req-f84a959a-c2f5-479e-8825-830dd7f793f3 ] Request (ListServerFiltersTestJSON:setUpClass): 200 GET http://10.180.1.21/compute/v2.1/servers/1419e5a8-a78f-44f1-bfc4-00fcf176bf35 0.705s
2024-09-16 06:53:54.447 62277 INFO tempest.lib.common.rest_client [req-a8766199-59b1-4340-ae2c-8165549138ec req-a8766199-59b1-4340-ae2c-8165549138ec ] Request (ServersAdmin275Test:_run_cleanups): 200 GET http://10.180.1.21/compute/v2.1/servers/15409fa7-254c-435e-8080-46d3f65b2d46 0.592s
2024-09-16 06:53:54.484 62285 INFO tempest.lib.common.rest_client [req-4c532daa-65b8-402d-a880-8d7f86313264 req-4c532daa-65b8-402d-a880-8d7f86313264 ] Request (SecurityGroupsTestJSON:test_list_security_groups_by_server): 200 GET http://10.180.1.21/compute/v2.1/servers/d7c25703-df04-4289-92d6-226180c43082 0.735s
2024-09-16 06:53:54.508 62272 INFO tempest.lib.common.rest_client [req-913132b5-6b7e-47db-812a-96c9e441565f req-913132b5-6b7e-47db-812a-96c9e441565f ] Request (ServersTestMultiNic:setUpClass): 201 POST http://10.180.1.21:9696/networking/v2.0/routers 1.846s
2024-09-16 06:53:54.534 62287 INFO tempest.lib.common.rest_client [req-a98b0370-efc4-478e-948f-b91dcb36b395 req-a98b0370-efc4-478e-948f-b91dcb36b395 ] Request (SecurityGroupRulesTestJSON:setUpClass): 201 POST http://10.180.1.21:9696/networking/v2.0/networks 0.805s
2024-09-16 06:53:54.541 62276 INFO tempest.lib.common.rest_client [req-095440de-2460-419f-9c9e-302daf12316b req-095440de-2460-419f-9c9e-302daf12316b ] Request (DeleteServersAdminTestJSON:test_delete_server_while_in_error_state): 200 GET http://10.180.1.21/compute/v2.1/servers/ab167fa4-062b-4137-801c-9b57a17b20e2 0.685s
2024-09-16 06:53:54.580 62269 INFO tempest.lib.common.rest_client [req-066f938d-9dc1-41c4-8522-7bda3b3db88f req-066f938d-9dc1-41c4-8522-7bda3b3db88f ] Request (ServerRescueTestJSON:setUpClass): 200 GET http://10.180.1.21/compute/v2.1/servers/3bd34ec2-5253-4578-baf3-11775de18ed4 0.675s
2024-09-16 06:53:54.668 62263 INFO tempest.lib.common.rest_client [req-648ff0a6-a2b4-4666-8f80-1709de64f80a req-648ff0a6-a2b4-4666-8f80-1709de64f80a ] Request (InstanceActionsV221TestJSON:test_get_list_deleted_instance_actions): 200 GET http://10.180.1.21/compute/v2.1/servers/762e429f-f690-43c4-95eb-877caf1cdad7 0.740s
2024-09-16 06:53:54.679 62237 INFO tempest.lib.common.rest_client [req-0d85f144-91ea-4291-83f6-b11e92a1b96c req-0d85f144-91ea-4291-83f6-b11e92a1b96c ] Request (ServersNegativeTestJSON:setUpClass): 200 GET http://10.180.1.21/compute/v2.1/servers/6ac79769-fc49-4dd9-abae-fc2113983257 0.673s
2024-09-16 06:53:54.770 62251 INFO tempest.lib.common.rest_client [req-5bc6d637-564d-4777-9e65-67c5656da03d req-5bc6d637-564d-4777-9e65-67c5656da03d ] Request (AttachInterfacesTestJSON:test_create_list_show_delete_interfaces_by_fixed_ip): 200 GET http://10.180.1.21/compute/v2.1/servers/123175a1-51a6-4463-8d90-c6b10770f905 0.693s
2024-09-16 06:53:54.862 62265 INFO tempest.lib.common.rest_client [req-2e502323-a4e9-4072-8298-ee18e03362a1 req-2e502323-a4e9-4072-8298-ee18e03362a1 ] Request (ImagesOneServerTestJSON:setUpClass): 200 GET http://10.180.1.21/compute/v2.1/servers/1298037f-9cb7-4e2b-b70f-2ab24efe9b91 0.778s
2024-09-16 06:53:54.889 62245 INFO tempest.lib.common.rest_client [req-995e96ad-d811-4b02-892b-ae521f5a63b1 req-995e96ad-d811-4b02-892b-ae521f5a63b1 ] Request (FlavorsAdminTestJSON:test_is_public_string_variations): 200 GET http://10.180.1.21/compute/v2.1/flavors/detail?is_public=yes 0.753s
2024-09-16 06:53:54.897 62297 INFO tempest.lib.common.rest_client [req-0c20cec2-5128-4d3b-87dc-2cf5e69d0f01 req-0c20cec2-5128-4d3b-87dc-2cf5e69d0f01 ] Request (SecurityGroupRulesNegativeTestJSON:test_create_security_group_rule_with_invalid_port_range): 400 POST http://10.180.1.21/compute/v2.1/os-security-group-rules 0.880s
2024-09-16 06:53:54.990 62239 INFO tempest.lib.common.rest_client [req-05a268ec-5346-49ce-bee0-978aea20bd24 req-05a268ec-5346-49ce-bee0-978aea20bd24 ] Request (ServersAdminTestJSON:setUpClass): 200 GET http://10.180.1.21/compute/v2.1/servers/e3c65b37-a2b9-43dd-bcc5-f7aaf1e8d6f6 0.839s
2024-09-16 06:53:55.002 62281 INFO tempest.lib.common.rest_client [req-cb70af76-13a8-42b9-b2b6-581449694e43 req-cb70af76-13a8-42b9-b2b6-581449694e43 ] Request (MigrationsAdminTest:test_list_migrations_in_flavor_resize_situation): 200 GET http://10.180.1.21/compute/v2.1/servers/e7739874-2088-48e3-b970-96b3d935477b 0.844s
2024-09-16 06:53:55.014 62267 INFO tempest.lib.common.rest_client [req-7d7ea37b-f0d7-4a88-b00b-49b1de369fd7 req-7d7ea37b-f0d7-4a88-b00b-49b1de369fd7 ] Request (FloatingIPsTestJSON:setUpClass): 200 PUT http://10.180.1.21:9696/networking/v2.0/routers/13fe47e8-d2fa-4662-91e5-bb0a5c8b0dca/add_router_interface 2.498s
2024-09-16 06:53:55.014 62267 INFO tempest.lib.common.dynamic_creds [-] Created isolated network resources for: credentials: Credentials: {'domain_id': 'default', 'domain_name': 'Default', 'username': 'tempest-FloatingIPsTestJSON-616784729-project-member', 'project_domain_id': 'default', 'project_domain_name': 'Default', 'project_id': '9cba43c62c714d4088a1a7e0cd6410cd', 'project_name': 'tempest-FloatingIPsTestJSON-616784729', 'tenant_id': '9cba43c62c714d4088a1a7e0cd6410cd', 'tenant_name': 'tempest-FloatingIPsTestJSON-616784729', 'user_domain_id': 'default', 'user_domain_name': 'Default', 'user_id': '4b3688ae63a044bc99abce99309d2805', 'system': None}, Network: {'id': '77ec9dc8-8efe-4eaa-b5e0-d88701cb4909', 'name': 'tempest-FloatingIPsTestJSON-1560465413-network', 'tenant_id': '9cba43c62c714d4088a1a7e0cd6410cd', 'admin_state_up': True, 'mtu': 8950, 'status': 'ACTIVE', 'subnets': [], 'shared': False, 'project_id': '9cba43c62c714d4088a1a7e0cd6410cd', 'port_security_enabled': True, 'router:external': False, 'provider:network_type': 'vlan', 'provider:physical_network': 'default', 'provider:segmentation_id': 17, 'is_default': False, 'availability_zone_hints': [], 'availability_zones': [], 'ipv4_address_scope': None, 'ipv6_address_scope': None, 'description': '', 'tags': [], 'created_at': '2024-09-16T06:53:49Z', 'updated_at': '2024-09-16T06:53:49Z', 'revision_number': 1}, Subnet: {'id': 'c3b52f67-85af-4db9-8935-8a9db06ac154', 'name': 'tempest-FloatingIPsTestJSON-1560465413-subnet', 'tenant_id': '9cba43c62c714d4088a1a7e0cd6410cd', 'network_id': '77ec9dc8-8efe-4eaa-b5e0-d88701cb4909', 'ip_version': 4, 'subnetpool_id': None, 'enable_dhcp': True, 'ipv6_ra_mode': None, 'ipv6_address_mode': None, 'gateway_ip': '192.168.128.1', 'cidr': '192.168.128.0/28', 'allocation_pools': [{'start': '192.168.128.2', 'end': '192.168.128.14'}], 'host_routes': [], 'dns_nameservers': [], 'description': '', 'router:external': False, 'service_types': [], 'tags': [], 'created_at': '2024-09-16T06:53:49Z', 'updated_at': '2024-09-16T06:53:49Z', 'revision_number': 0, 'project_id': '9cba43c62c714d4088a1a7e0cd6410cd'}, Router: {'id': '13fe47e8-d2fa-4662-91e5-bb0a5c8b0dca', 'name': 'tempest-FloatingIPsTestJSON-1560465413-router', 'tenant_id': '9cba43c62c714d4088a1a7e0cd6410cd', 'admin_state_up': True, 'status': 'ACTIVE', 'external_gateway_info': {'network_id': '43cd45b2-7ddd-482b-8e24-01da9f44fb56', 'external_fixed_ips': [{'subnet_id': 'e0491fc5-58ff-4fae-90c2-d0395a2faaa6', 'ip_address': '10.180.180.136'}], 'enable_snat': True}, 'description': '', 'availability_zones': [], 'distributed': False, 'ha': False, 'availability_zone_hints': [], 'routes': [], 'flavor_id': None, 'tags': [], 'created_at': '2024-09-16T06:53:50Z', 'updated_at': '2024-09-16T06:53:51Z', 'revision_number': 2, 'project_id': '9cba43c62c714d4088a1a7e0cd6410cd'}
2024-09-16 06:53:55.057 62241 INFO tempest.lib.common.rest_client [req-27a8518c-bfcf-49f0-89ee-e3c0ea844862 req-27a8518c-bfcf-49f0-89ee-e3c0ea844862 ] Request (FloatingIPsAssociationNegativeTestJSON:setUpClass): 200 GET http://10.180.1.21/compute/v2.1/servers/b6186f74-8a8e-4145-8126-7048ad29673f 0.844s
2024-09-16 06:53:55.086 62247 INFO tempest.lib.common.rest_client [req-e4f8c2f8-6a8d-4450-b987-04665498d082 req-e4f8c2f8-6a8d-4450-b987-04665498d082 ] Request (AggregatesAdminNegativeTestJSON:_run_cleanups): 200 DELETE http://10.180.1.21/compute/v2.1/os-aggregates/8 0.839s
2024-09-16 06:53:55.093 62295 INFO tempest.lib.common.rest_client [req-374fd67e-8959-43d8-91f9-09bb696cfa4d req-374fd67e-8959-43d8-91f9-09bb696cfa4d ] Request (ImagesOneServerNegativeTestJSON:setUpClass): 200 GET http://10.180.1.21/compute/v2.1/servers/1575bafd-50f9-43d8-bec9-dcc9b6e0fc9f 0.858s
2024-09-16 06:53:55.114 62267 INFO tempest.lib.common.rest_client [req-d1ad5602-b7cd-4098-9a51-851421069e74 req-d1ad5602-b7cd-4098-9a51-851421069e74 ] Request (FloatingIPsTestJSON:setUpClass): 201 POST http://10.180.1.21/identity/v3/auth/tokens 0.097s
2024-09-16 06:53:55.186 62283 INFO tempest.lib.common.rest_client [req-c5e3a314-340a-49c6-896e-f85f6b132d11 req-c5e3a314-340a-49c6-896e-f85f6b132d11 ] Request (ServerRescueNegativeTestJSON:setUpClass): 200 GET http://10.180.1.21/compute/v2.1/servers/7396796d-77e5-4364-b889-9cf3cbdad3c9 0.856s
2024-09-16 06:53:55.191 62247 INFO tempest.lib.common.rest_client [req-cb3bee08-71d4-4266-8f1d-0a775f5ec60e req-cb3bee08-71d4-4266-8f1d-0a775f5ec60e ] Request (AggregatesAdminNegativeTestJSON:tearDownClass): 204 DELETE http://10.180.1.21/identity/v3/users/4930140884724ab982df297ce76a683b 0.102s
2024-09-16 06:53:55.300 62247 INFO tempest.lib.common.rest_client [req-2e006e42-c4cb-4d17-97a4-92d1728c0e3e req-2e006e42-c4cb-4d17-97a4-92d1728c0e3e ] Request (AggregatesAdminNegativeTestJSON:tearDownClass): 204 DELETE http://10.180.1.21/identity/v3/users/96f8a317614f424da5ae7f1504cfe33a 0.108s
2024-09-16 06:53:55.300 62247 INFO tempest.lib.common.dynamic_creds [-] Deleting project and security group for project: d61d431e026a4fd8a6b876130be2bc69
2024-09-16 06:53:55.304 62261 INFO tempest.lib.common.rest_client [req-bbb5a24c-fef4-4811-b0e3-5180149c8e87 req-bbb5a24c-fef4-4811-b0e3-5180149c8e87 ] Request (QuotasAdminTestJSON:_run_cleanups): 200 PUT http://10.180.1.21/compute/v2.1/os-quota-sets/dd766640cc654f23966a0dd8495f0518 1.052s
2024-09-16 06:53:55.362 62279 INFO tempest.lib.common.rest_client [req-9d129131-6ecd-4833-84be-fbd337a9fe60 req-9d129131-6ecd-4833-84be-fbd337a9fe60 ] Request (ServerActionsTestJSON:setUpClass): 200 GET http://10.180.1.21/compute/v2.1/servers/289e3403-c90d-40f0-9e18-1d10c0f8aec4 0.827s
2024-09-16 06:53:55.376 62247 INFO tempest.lib.common.rest_client [req-98b35acb-27b9-490a-8565-6e74aad1685a req-98b35acb-27b9-490a-8565-6e74aad1685a ] Request (AggregatesAdminNegativeTestJSON:tearDownClass): 201 POST http://10.180.1.21/identity/v3/auth/tokens 0.076s
2024-09-16 06:53:55.399 62261 INFO tempest.lib.common.rest_client [req-2ae49bae-3204-4b25-a060-ff387eefc757 req-2ae49bae-3204-4b25-a060-ff387eefc757 ] Request (QuotasAdminTestJSON:tearDownClass): 204 DELETE http://10.180.1.21/identity/v3/users/aa34a620c09544e5a614b6bc932059e4 0.090s
2024-09-16 06:53:55.438 62243 INFO tempest.lib.common.rest_client [req-43c3c6c8-6a9e-418e-af14-232d773cbd77 req-43c3c6c8-6a9e-418e-af14-232d773cbd77 ] Request (ServersTestJSON:setUpClass): 200 GET http://10.180.1.21/compute/v2.1/servers/faa1794d-5941-40fb-bd78-2608fa2d5da0 0.796s
2024-09-16 06:53:55.465 62245 INFO tempest.lib.common.rest_client [req-9cb81adf-5f74-4955-8466-9922367d7bdc req-9cb81adf-5f74-4955-8466-9922367d7bdc ] Request (FlavorsAdminTestJSON:test_is_public_string_variations): 200 GET http://10.180.1.21/compute/v2.1/flavors/detail?is_public=1 0.572s
2024-09-16 06:53:55.529 62261 INFO tempest.lib.common.rest_client [req-75bb8dfb-6d9d-486c-aa5a-d554c9f89162 req-75bb8dfb-6d9d-486c-aa5a-d554c9f89162 ] Request (QuotasAdminTestJSON:tearDownClass): 204 DELETE http://10.180.1.21/identity/v3/users/96776183f2ec4d86ad62b629425f98cd 0.129s
2024-09-16 06:53:55.529 62261 INFO tempest.lib.common.dynamic_creds [-] Deleting project and security group for project: a3731b975ef044548563e05e1dffcf08
2024-09-16 06:53:55.597 62261 INFO tempest.lib.common.rest_client [req-4a83b3de-87dd-49e7-a889-82a914ad6992 req-4a83b3de-87dd-49e7-a889-82a914ad6992 ] Request (QuotasAdminTestJSON:tearDownClass): 201 POST http://10.180.1.21/identity/v3/auth/tokens 0.067s
2024-09-16 06:53:55.660 62287 INFO tempest.lib.common.rest_client [req-e7b4ece8-d72f-429d-a569-4317fc04d8c9 req-e7b4ece8-d72f-429d-a569-4317fc04d8c9 ] Request (SecurityGroupRulesTestJSON:setUpClass): 201 POST http://10.180.1.21:9696/networking/v2.0/subnets 1.121s
2024-09-16 06:53:55.771 62297 INFO tempest.lib.common.rest_client [req-66bc24f1-b2ff-4746-b8a6-bbbdc5ac835a req-66bc24f1-b2ff-4746-b8a6-bbbdc5ac835a ] Request (SecurityGroupRulesNegativeTestJSON:test_create_security_group_rule_with_invalid_to_port): 200 POST http://10.180.1.21/compute/v2.1/os-security-groups 0.872s
2024-09-16 06:53:55.796 62247 INFO tempest.lib.common.rest_client [req-a1afeb04-e3ef-4454-8871-934c79bf9c48 req-a1afeb04-e3ef-4454-8871-934c79bf9c48 ] Request (AggregatesAdminNegativeTestJSON:tearDownClass): 200 GET http://10.180.1.21:9696/networking/v2.0/security-groups?tenant_id=d61d431e026a4fd8a6b876130be2bc69&name=default 0.419s
2024-09-16 06:53:55.873 62299 INFO tempest.lib.common.rest_client [req-18bff056-eb1a-44d7-884c-609d3d61f0fa req-18bff056-eb1a-44d7-884c-609d3d61f0fa ] Request (ServerDiagnosticsTest:test_get_server_diagnostics): 200 GET http://10.180.1.21/compute/v2.1/servers/c0f34d3e-39a1-4487-bd1f-ade41ef6832c 0.918s
2024-09-16 06:53:55.922 62259 INFO tempest.lib.common.rest_client [req-d8eaa9b8-0d84-4f00-aadf-a5df6dfc47f5 req-d8eaa9b8-0d84-4f00-aadf-a5df6dfc47f5 ] Request (VolumesAssistedSnapshotsTest:test_volume_assisted_snapshot_create_delete): 200 GET http://10.180.1.21/compute/v2.1/servers/57cc0a22-28ff-4a24-9fea-5c6a0a699a67 1.521s
2024-09-16 06:53:55.932 62259 INFO tempest.common.waiters [-] State transition "BUILD/networking" ==> "BUILD/spawning" after 29 second wait
2024-09-16 06:53:55.950 62253 INFO tempest.lib.common.rest_client [req-6da9d314-e81c-412e-8877-3d81bcff3058 req-6da9d314-e81c-412e-8877-3d81bcff3058 ] Request (ServersWithSpecificFlavorTestJSON:test_verify_created_server_ephemeral_disk): 200 GET http://10.180.1.21/compute/v2.1/servers/465d94c2-5ebf-4b05-966e-9272e2ddebb3 0.919s
2024-09-16 06:53:55.982 62272 INFO tempest.lib.common.rest_client [req-ef30a08b-317a-445d-8f90-41473336a0b2 req-ef30a08b-317a-445d-8f90-41473336a0b2 ] Request (ServersTestMultiNic:setUpClass): 200 PUT http://10.180.1.21:9696/networking/v2.0/routers/a1dec6a8-c1a0-4416-999c-8a8c0db998bd/add_router_interface 1.473s
2024-09-16 06:53:55.982 62272 INFO tempest.lib.common.dynamic_creds [-] Created isolated network resources for: credentials: Credentials: {'domain_id': 'default', 'domain_name': 'Default', 'username': 'tempest-ServersTestMultiNic-398619037-project-member', 'project_domain_id': 'default', 'project_domain_name': 'Default', 'project_id': 'e45b26d92ce540cea0f7cd27f52da2ec', 'project_name': 'tempest-ServersTestMultiNic-398619037', 'tenant_id': 'e45b26d92ce540cea0f7cd27f52da2ec', 'tenant_name': 'tempest-ServersTestMultiNic-398619037', 'user_domain_id': 'default', 'user_domain_name': 'Default', 'user_id': 'afdefedc02bc4b3e9b92336f57a9997b', 'system': None}, Network: {'id': '8973c2f3-4527-484f-b0c2-f3ada584b98f', 'name': 'tempest-ServersTestMultiNic-576279887-network', 'tenant_id': 'e45b26d92ce540cea0f7cd27f52da2ec', 'admin_state_up': True, 'mtu': 8950, 'status': 'ACTIVE', 'subnets': [], 'shared': False, 'project_id': 'e45b26d92ce540cea0f7cd27f52da2ec', 'port_security_enabled': True, 'router:external': False, 'provider:network_type': 'vlan', 'provider:physical_network': 'default', 'provider:segmentation_id': 186, 'is_default': False, 'availability_zone_hints': [], 'availability_zones': [], 'ipv4_address_scope': None, 'ipv6_address_scope': None, 'description': '', 'tags': [], 'created_at': '2024-09-16T06:53:51Z', 'updated_at': '2024-09-16T06:53:51Z', 'revision_number': 1}, Subnet: {'id': 'baa355b6-336b-4c1a-8926-4026db7efe47', 'name': 'tempest-ServersTestMultiNic-576279887-subnet', 'tenant_id': 'e45b26d92ce540cea0f7cd27f52da2ec', 'network_id': '8973c2f3-4527-484f-b0c2-f3ada584b98f', 'ip_version': 4, 'subnetpool_id': None, 'enable_dhcp': True, 'ipv6_ra_mode': None, 'ipv6_address_mode': None, 'gateway_ip': '192.168.128.1', 'cidr': '192.168.128.0/28', 'allocation_pools': [{'start': '192.168.128.2', 'end': '192.168.128.14'}], 'host_routes': [], 'dns_nameservers': [], 'description': '', 'router:external': False, 'service_types': [], 'tags': [], 'created_at': '2024-09-16T06:53:52Z', 'updated_at': '2024-09-16T06:53:52Z', 'revision_number': 0, 'project_id': 'e45b26d92ce540cea0f7cd27f52da2ec'}, Router: {'id': 'a1dec6a8-c1a0-4416-999c-8a8c0db998bd', 'name': 'tempest-ServersTestMultiNic-576279887-router', 'tenant_id': 'e45b26d92ce540cea0f7cd27f52da2ec', 'admin_state_up': True, 'status': 'ACTIVE', 'external_gateway_info': {'network_id': '43cd45b2-7ddd-482b-8e24-01da9f44fb56', 'external_fixed_ips': [{'subnet_id': 'e0491fc5-58ff-4fae-90c2-d0395a2faaa6', 'ip_address': '10.180.180.253'}], 'enable_snat': True}, 'description': '', 'availability_zones': [], 'distributed': False, 'ha': False, 'availability_zone_hints': [], 'routes': [], 'flavor_id': None, 'tags': [], 'created_at': '2024-09-16T06:53:52Z', 'updated_at': '2024-09-16T06:53:53Z', 'revision_number': 2, 'project_id': 'e45b26d92ce540cea0f7cd27f52da2ec'}
2024-09-16 06:53:55.997 62261 INFO tempest.lib.common.rest_client [req-2a5c6339-2197-45fa-a268-85114f339c42 req-2a5c6339-2197-45fa-a268-85114f339c42 ] Request (QuotasAdminTestJSON:tearDownClass): 200 GET http://10.180.1.21:9696/networking/v2.0/security-groups?tenant_id=a3731b975ef044548563e05e1dffcf08&name=default 0.399s
2024-09-16 06:53:56.043 62293 INFO tempest.lib.common.rest_client [req-f8b0b269-bf83-463e-8cbb-3e32c5fa8c3b req-f8b0b269-bf83-463e-8cbb-3e32c5fa8c3b ] Request (ListServersNegativeTestJSON:setUpClass): 200 GET http://10.180.1.21/compute/v2.1/servers/e99bfd97-1952-4166-aa19-560053bae307 0.924s
2024-09-16 06:53:56.077 62272 INFO tempest.lib.common.rest_client [req-6e51bbe3-d1a5-4ac2-90c7-a9fc3cd2c17f req-6e51bbe3-d1a5-4ac2-90c7-a9fc3cd2c17f ] Request (ServersTestMultiNic:setUpClass): 201 POST http://10.180.1.21/identity/v3/auth/tokens 0.088s
2024-09-16 06:53:56.110 62247 INFO tempest.lib.common.rest_client [req-c414fa63-4f14-40ce-917e-45fb2adaa8b6 req-c414fa63-4f14-40ce-917e-45fb2adaa8b6 ] Request (AggregatesAdminNegativeTestJSON:tearDownClass): 204 DELETE http://10.180.1.21:9696/networking/v2.0/security-groups/3dec7a6b-7ddb-4803-ae9c-5d068cf83edd 0.314s
2024-09-16 06:53:56.118 62273 INFO tempest.lib.common.rest_client [req-89f5ac8e-8b6f-4b20-83c9-9227aba892df req-89f5ac8e-8b6f-4b20-83c9-9227aba892df ] Request (ListImageFiltersTestJSON:setUpClass): 200 GET http://10.180.1.21/compute/v2.1/servers/7ff67667-32ce-48ee-bae6-32a7b7d0bfd4 0.888s
2024-09-16 06:53:56.182 62247 INFO tempest.lib.common.rest_client [req-80beb87d-9325-43de-8c5c-4a6b83a5a6a9 req-80beb87d-9325-43de-8c5c-4a6b83a5a6a9 ] Request (AggregatesAdminNegativeTestJSON:tearDownClass): 204 DELETE http://10.180.1.21/identity/v3/projects/d61d431e026a4fd8a6b876130be2bc69 0.071s
2024-09-16 06:53:56.182 62247 INFO tempest.lib.common.dynamic_creds [-] Deleting project and security group for project: 18e67dacf3504c02b4b08e3c6cf35ab8
2024-09-16 06:53:56.195 62249 INFO tempest.lib.common.rest_client [req-01fa5cbf-067d-4a6a-9a14-0fe9dd6f6125 req-01fa5cbf-067d-4a6a-9a14-0fe9dd6f6125 ] Request (ListServerFiltersTestJSON:setUpClass): 200 GET http://10.180.1.21/compute/v2.1/servers/1419e5a8-a78f-44f1-bfc4-00fcf176bf35 0.851s
2024-09-16 06:53:56.210 62289 INFO tempest.lib.common.rest_client [req-eac612e0-8559-4b51-842c-3707d3750336 req-eac612e0-8559-4b51-842c-3707d3750336 ] Request (ServersTestManualDisk:setUpClass): 201 POST http://10.180.1.21:9696/networking/v2.0/routers 3.137s
2024-09-16 06:53:56.236 62261 INFO tempest.lib.common.rest_client [req-ca3265b9-4cc3-4d11-bb5b-af7f483dcde9 req-ca3265b9-4cc3-4d11-bb5b-af7f483dcde9 ] Request (QuotasAdminTestJSON:tearDownClass): 204 DELETE http://10.180.1.21:9696/networking/v2.0/security-groups/56e3d965-6972-4a0d-b512-f8c9e14f1d30 0.238s
2024-09-16 06:53:56.311 62277 INFO tempest.lib.common.rest_client [req-dc88adc6-1e8d-450d-9fa9-bf079d32db23 req-dc88adc6-1e8d-450d-9fa9-bf079d32db23 ] Request (ServersAdmin275Test:_run_cleanups): 200 GET http://10.180.1.21/compute/v2.1/servers/15409fa7-254c-435e-8080-46d3f65b2d46 0.855s
2024-09-16 06:53:56.324 62277 INFO tempest.common.waiters [-] State transition "REBUILD/rebuilding" ==> "REBUILD/rebuild_block_device_mapping" after 2 second wait
2024-09-16 06:53:56.327 62245 INFO tempest.lib.common.rest_client [req-88335cd1-8a6e-4bd4-9bb7-96af7c5c1067 req-88335cd1-8a6e-4bd4-9bb7-96af7c5c1067 ] Request (FlavorsAdminTestJSON:_run_cleanups): 202 DELETE http://10.180.1.21/compute/v2.1/flavors/1901381172 0.850s
2024-09-16 06:53:56.352 62261 INFO tempest.lib.common.rest_client [req-a6bb9673-1a2f-425b-a75b-4439362b03cf req-a6bb9673-1a2f-425b-a75b-4439362b03cf ] Request (QuotasAdminTestJSON:tearDownClass): 204 DELETE http://10.180.1.21/identity/v3/projects/a3731b975ef044548563e05e1dffcf08 0.115s
2024-09-16 06:53:56.352 62261 INFO tempest.lib.common.dynamic_creds [-] Deleting project and security group for project: dd766640cc654f23966a0dd8495f0518
2024-09-16 06:53:56.384 62272 INFO tempest.lib.common.rest_client [req-9213da27-f96f-4587-b48e-ef10fb9b9a49 req-9213da27-f96f-4587-b48e-ef10fb9b9a49 ] Request (ServersTestMultiNic:test_verify_duplicate_network_nics): 201 POST http://10.180.1.21:9696/networking/v2.0/networks 0.306s
2024-09-16 06:53:56.389 62285 INFO tempest.lib.common.rest_client [req-738c4ea2-a966-4b68-8f4f-b0ef1800c25f req-738c4ea2-a966-4b68-8f4f-b0ef1800c25f ] Request (SecurityGroupsTestJSON:test_list_security_groups_by_server): 200 GET http://10.180.1.21/compute/v2.1/servers/d7c25703-df04-4289-92d6-226180c43082 0.892s
2024-09-16 06:53:56.458 62276 INFO tempest.lib.common.rest_client [req-b8e561e1-1ee7-49e6-839f-46471a34dde5 req-b8e561e1-1ee7-49e6-839f-46471a34dde5 ] Request (DeleteServersAdminTestJSON:test_delete_server_while_in_error_state): 200 GET http://10.180.1.21/compute/v2.1/servers/ab167fa4-062b-4137-801c-9b57a17b20e2 0.909s
2024-09-16 06:53:56.532 62269 INFO tempest.lib.common.rest_client [req-c5c2ce11-1e19-4c5a-a818-056c9cd818ae req-c5c2ce11-1e19-4c5a-a818-056c9cd818ae ] Request (ServerRescueTestJSON:setUpClass): 200 GET http://10.180.1.21/compute/v2.1/servers/3bd34ec2-5253-4578-baf3-11775de18ed4 0.940s
2024-09-16 06:53:56.591 62263 INFO tempest.lib.common.rest_client [req-ddc5314b-49e5-4acf-9467-8f9039a66784 req-ddc5314b-49e5-4acf-9467-8f9039a66784 ] Request (InstanceActionsV221TestJSON:test_get_list_deleted_instance_actions): 200 GET http://10.180.1.21/compute/v2.1/servers/762e429f-f690-43c4-95eb-877caf1cdad7 0.909s
2024-09-16 06:53:56.660 62237 INFO tempest.lib.common.rest_client [req-ac978cf4-b362-4dc6-aad2-5c494af23c13 req-ac978cf4-b362-4dc6-aad2-5c494af23c13 ] Request (ServersNegativeTestJSON:setUpClass): 200 GET http://10.180.1.21/compute/v2.1/servers/6ac79769-fc49-4dd9-abae-fc2113983257 0.975s
2024-09-16 06:53:56.744 62297 INFO tempest.lib.common.rest_client [req-beb360f2-acd7-4f16-8a8e-ee5c550e9166 req-beb360f2-acd7-4f16-8a8e-ee5c550e9166 ] Request (SecurityGroupRulesNegativeTestJSON:test_create_security_group_rule_with_invalid_to_port): 400 POST http://10.180.1.21/compute/v2.1/os-security-group-rules 0.969s
2024-09-16 06:53:56.791 62247 INFO tempest.lib.common.rest_client [req-60afec92-4bc1-4b89-81a8-85e4449faf01 req-60afec92-4bc1-4b89-81a8-85e4449faf01 ] Request (AggregatesAdminNegativeTestJSON:tearDownClass): 200 GET http://10.180.1.21:9696/networking/v2.0/security-groups?tenant_id=18e67dacf3504c02b4b08e3c6cf35ab8&name=default 0.608s
2024-09-16 06:53:56.811 62272 INFO tempest.lib.common.rest_client [req-1657d7b0-7ac3-4669-8140-bd1ce9565031 req-1657d7b0-7ac3-4669-8140-bd1ce9565031 ] Request (ServersTestMultiNic:test_verify_duplicate_network_nics): 201 POST http://10.180.1.21:9696/networking/v2.0/subnets 0.426s
2024-09-16 06:53:56.823 62251 INFO tempest.lib.common.rest_client [req-42bb9517-6c0c-44f4-8ae9-c709cf09bb48 req-42bb9517-6c0c-44f4-8ae9-c709cf09bb48 ] Request (AttachInterfacesTestJSON:test_create_list_show_delete_interfaces_by_fixed_ip): 200 GET http://10.180.1.21/compute/v2.1/servers/123175a1-51a6-4463-8d90-c6b10770f905 1.040s
2024-09-16 06:53:56.891 62265 INFO tempest.lib.common.rest_client [req-49fae7c1-33ce-4bba-89c8-1a5f09e812b1 req-49fae7c1-33ce-4bba-89c8-1a5f09e812b1 ] Request (ImagesOneServerTestJSON:setUpClass): 200 GET http://10.180.1.21/compute/v2.1/servers/1298037f-9cb7-4e2b-b70f-2ab24efe9b91 1.022s
2024-09-16 06:53:56.970 62261 INFO tempest.lib.common.rest_client [req-40638089-ac37-4346-aa05-ef660ebe3679 req-40638089-ac37-4346-aa05-ef660ebe3679 ] Request (QuotasAdminTestJSON:tearDownClass): 200 GET http://10.180.1.21:9696/networking/v2.0/security-groups?tenant_id=dd766640cc654f23966a0dd8495f0518&name=default 0.617s
2024-09-16 06:53:57.117 62239 INFO tempest.lib.common.rest_client [req-a485f00f-dbdd-4cf5-9c34-12cc0a229473 req-a485f00f-dbdd-4cf5-9c34-12cc0a229473 ] Request (ServersAdminTestJSON:setUpClass): 200 GET http://10.180.1.21/compute/v2.1/servers/e3c65b37-a2b9-43dd-bcc5-f7aaf1e8d6f6 1.115s
2024-09-16 06:53:57.188 62281 INFO tempest.lib.common.rest_client [req-f74db9d3-a0e6-470b-9ede-1ce73c4ad527 req-f74db9d3-a0e6-470b-9ede-1ce73c4ad527 ] Request (MigrationsAdminTest:test_list_migrations_in_flavor_resize_situation): 200 GET http://10.180.1.21/compute/v2.1/servers/e7739874-2088-48e3-b970-96b3d935477b 1.176s
2024-09-16 06:53:57.253 62247 INFO tempest.lib.common.rest_client [req-33fc5cbf-f184-46b7-9cfc-7f639646afe6 req-33fc5cbf-f184-46b7-9cfc-7f639646afe6 ] Request (AggregatesAdminNegativeTestJSON:tearDownClass): 204 DELETE http://10.180.1.21:9696/networking/v2.0/security-groups/cbdda478-cf5c-41f0-b4d5-3f272d9f2623 0.462s
2024-09-16 06:53:57.274 62272 INFO tempest.lib.common.rest_client [req-d0fba0f9-6249-4949-af5e-3a0b06fc86c8 req-d0fba0f9-6249-4949-af5e-3a0b06fc86c8 ] Request (ServersTestMultiNic:test_verify_duplicate_network_nics): 201 POST http://10.180.1.21:9696/networking/v2.0/networks 0.463s
2024-09-16 06:53:57.280 62241 INFO tempest.lib.common.rest_client [req-16c46abb-e108-4cff-9b14-2a307ca213a8 req-16c46abb-e108-4cff-9b14-2a307ca213a8 ] Request (FloatingIPsAssociationNegativeTestJSON:setUpClass): 200 GET http://10.180.1.21/compute/v2.1/servers/b6186f74-8a8e-4145-8126-7048ad29673f 1.211s
2024-09-16 06:53:57.350 62295 INFO tempest.lib.common.rest_client [req-435858ed-ef73-4c95-ac11-a0a3cc36332f req-435858ed-ef73-4c95-ac11-a0a3cc36332f ] Request (ImagesOneServerNegativeTestJSON:setUpClass): 200 GET http://10.180.1.21/compute/v2.1/servers/1575bafd-50f9-43d8-bec9-dcc9b6e0fc9f 1.244s
2024-09-16 06:53:57.386 62247 INFO tempest.lib.common.rest_client [req-b589b7bd-26a2-49d4-acc3-419a0419c819 req-b589b7bd-26a2-49d4-acc3-419a0419c819 ] Request (AggregatesAdminNegativeTestJSON:tearDownClass): 204 DELETE http://10.180.1.21/identity/v3/projects/18e67dacf3504c02b4b08e3c6cf35ab8 0.132s
2024-09-16 06:53:57.418 62255 INFO tempest.lib.common.rest_client [req-171952b1-acd4-48d2-946a-061e144a60e2 req-171952b1-acd4-48d2-946a-061e144a60e2 ] Request (ServersTestBootFromVolume:setUpClass): 200 PUT http://10.180.1.21:9696/networking/v2.0/routers/d4c73c06-b5b1-43aa-9414-bcdc1be9b993/add_router_interface 4.370s
2024-09-16 06:53:57.418 62255 INFO tempest.lib.common.dynamic_creds [-] Created isolated network resources for: credentials: Credentials: {'domain_id': 'default', 'domain_name': 'Default', 'username': 'tempest-ServersTestBootFromVolume-116970681-project-member', 'project_domain_id': 'default', 'project_domain_name': 'Default', 'project_id': 'cbd14025e565405a93d619f2ac64c28f', 'project_name': 'tempest-ServersTestBootFromVolume-116970681', 'tenant_id': 'cbd14025e565405a93d619f2ac64c28f', 'tenant_name': 'tempest-ServersTestBootFromVolume-116970681', 'user_domain_id': 'default', 'user_domain_name': 'Default', 'user_id': '6712f85a79744b71a2924a66fdcc5bf4', 'system': None}, Network: {'id': '3f54f1ab-b381-433a-898d-9680054a6797', 'name': 'tempest-ServersTestBootFromVolume-1006300929-network', 'tenant_id': 'cbd14025e565405a93d619f2ac64c28f', 'admin_state_up': True, 'mtu': 8950, 'status': 'ACTIVE', 'subnets': [], 'shared': False, 'project_id': 'cbd14025e565405a93d619f2ac64c28f', 'port_security_enabled': True, 'router:external': False, 'provider:network_type': 'vlan', 'provider:physical_network': 'default', 'provider:segmentation_id': 964, 'is_default': False, 'availability_zone_hints': [], 'availability_zones': [], 'ipv4_address_scope': None, 'ipv6_address_scope': None, 'description': '', 'tags': [], 'created_at': '2024-09-16T06:53:50Z', 'updated_at': '2024-09-16T06:53:50Z', 'revision_number': 1}, Subnet: {'id': 'c9d7b0d7-d1bc-4eac-886c-9d618f2ea485', 'name': 'tempest-ServersTestBootFromVolume-1006300929-subnet', 'tenant_id': 'cbd14025e565405a93d619f2ac64c28f', 'network_id': '3f54f1ab-b381-433a-898d-9680054a6797', 'ip_version': 4, 'subnetpool_id': None, 'enable_dhcp': True, 'ipv6_ra_mode': None, 'ipv6_address_mode': None, 'gateway_ip': '192.168.128.1', 'cidr': '192.168.128.0/28', 'allocation_pools': [{'start': '192.168.128.2', 'end': '192.168.128.14'}], 'host_routes': [], 'dns_nameservers': [], 'description': '', 'router:external': False, 'service_types': [], 'tags': [], 'created_at': '2024-09-16T06:53:50Z', 'updated_at': '2024-09-16T06:53:50Z', 'revision_number': 0, 'project_id': 'cbd14025e565405a93d619f2ac64c28f'}, Router: {'id': 'd4c73c06-b5b1-43aa-9414-bcdc1be9b993', 'name': 'tempest-ServersTestBootFromVolume-1006300929-router', 'tenant_id': 'cbd14025e565405a93d619f2ac64c28f', 'admin_state_up': True, 'status': 'ACTIVE', 'external_gateway_info': {'network_id': '43cd45b2-7ddd-482b-8e24-01da9f44fb56', 'external_fixed_ips': [{'subnet_id': 'e0491fc5-58ff-4fae-90c2-d0395a2faaa6', 'ip_address': '10.180.180.244'}], 'enable_snat': True}, 'description': '', 'availability_zones': [], 'distributed': False, 'ha': False, 'availability_zone_hints': [], 'routes': [], 'flavor_id': None, 'tags': [], 'created_at': '2024-09-16T06:53:50Z', 'updated_at': '2024-09-16T06:53:51Z', 'revision_number': 2, 'project_id': 'cbd14025e565405a93d619f2ac64c28f'}
2024-09-16 06:53:57.419 62283 INFO tempest.lib.common.rest_client [req-e98a7616-7882-413f-aa08-5f5f55521b37 req-e98a7616-7882-413f-aa08-5f5f55521b37 ] Request (ServerRescueNegativeTestJSON:setUpClass): 200 GET http://10.180.1.21/compute/v2.1/servers/7396796d-77e5-4364-b889-9cf3cbdad3c9 1.224s
2024-09-16 06:53:57.438 62245 INFO tempest.lib.common.rest_client [req-f245e900-cdd4-4a3a-aeba-613dda127541 req-f245e900-cdd4-4a3a-aeba-613dda127541 ] Request (FlavorsAdminTestJSON:_run_cleanups): 200 GET http://10.180.1.21/compute/v2.1/flavors/detail 1.110s
2024-09-16 06:53:57.463 62247 INFO tempest.lib.common.rest_client [req-7dd84d84-f721-48bd-82d0-ae3c6e00d5f0 req-7dd84d84-f721-48bd-82d0-ae3c6e00d5f0 ] Request (ServicesAdminNegativeV253TestJSON:setUpClass): 201 POST http://10.180.1.21/identity/v3/auth/tokens 0.076s
2024-09-16 06:53:57.511 62247 INFO tempest.lib.common.rest_client [req-92121d58-21f6-4991-b5f5-cd83ad356e84 req-92121d58-21f6-4991-b5f5-cd83ad356e84 ] Request (ServicesAdminNegativeV253TestJSON:setUpClass): 201 POST http://10.180.1.21/identity/v3/auth/tokens 0.044s
2024-09-16 06:53:57.534 62255 INFO tempest.lib.common.rest_client [req-29deb059-7fa3-4ed4-a5cb-de3d29a032a2 req-29deb059-7fa3-4ed4-a5cb-de3d29a032a2 ] Request (ServersTestBootFromVolume:setUpClass): 201 POST http://10.180.1.21/identity/v3/auth/tokens 0.113s
2024-09-16 06:53:57.544 62279 INFO tempest.lib.common.rest_client [req-f617e805-0531-4624-95de-db306f9d6e3f req-f617e805-0531-4624-95de-db306f9d6e3f ] Request (ServerActionsTestJSON:setUpClass): 200 GET http://10.180.1.21/compute/v2.1/servers/289e3403-c90d-40f0-9e18-1d10c0f8aec4 1.172s
2024-09-16 06:53:57.546 62247 INFO tempest.lib.common.rest_client [req-4637efc9-7176-40ca-9033-231474874b74 req-4637efc9-7176-40ca-9033-231474874b74 ] Request (ServicesAdminNegativeV253TestJSON:setUpClass): 200 GET http://10.180.1.21/identity/v3/domains?name=Default 0.034s
2024-09-16 06:53:57.584 62247 INFO tempest.lib.common.rest_client [req-527579e9-2934-4bb4-a09d-679ba1a22119 req-527579e9-2934-4bb4-a09d-679ba1a22119 ] Request (ServicesAdminNegativeV253TestJSON:setUpClass): 201 POST http://10.180.1.21/identity/v3/projects 0.038s
2024-09-16 06:53:57.657 62261 INFO tempest.lib.common.rest_client [req-1f12724c-1c51-4371-aaca-b84f3a15dd61 req-1f12724c-1c51-4371-aaca-b84f3a15dd61 ] Request (QuotasAdminTestJSON:tearDownClass): 204 DELETE http://10.180.1.21:9696/networking/v2.0/security-groups/62925712-ebc8-4be1-8c1d-21065389d98b 0.687s
2024-09-16 06:53:57.677 62243 INFO tempest.lib.common.rest_client [req-34764128-f54a-4537-9cb0-d61c4b725c97 req-34764128-f54a-4537-9cb0-d61c4b725c97 ] Request (ServersTestJSON:setUpClass): 200 GET http://10.180.1.21/compute/v2.1/servers/faa1794d-5941-40fb-bd78-2608fa2d5da0 1.228s
2024-09-16 06:53:57.681 62247 INFO tempest.lib.common.rest_client [req-c203db78-e54b-4ef1-91b3-fe6d7c1e2658 req-c203db78-e54b-4ef1-91b3-fe6d7c1e2658 ] Request (ServicesAdminNegativeV253TestJSON:setUpClass): 201 POST http://10.180.1.21/identity/v3/users 0.096s
2024-09-16 06:53:57.712 62247 INFO tempest.lib.common.rest_client [req-83479230-f6a7-4b99-a568-9e62fcb677e7 req-83479230-f6a7-4b99-a568-9e62fcb677e7 ] Request (ServicesAdminNegativeV253TestJSON:setUpClass): 200 GET http://10.180.1.21/identity/v3/roles 0.030s
2024-09-16 06:53:57.726 62297 INFO tempest.lib.common.rest_client [req-a1234cd1-3936-465e-9865-34e2512f10c6 req-a1234cd1-3936-465e-9865-34e2512f10c6 ] Request (SecurityGroupRulesNegativeTestJSON:test_create_security_group_rule_with_non_existent_id): 404 POST http://10.180.1.21/compute/v2.1/os-security-group-rules 0.980s
2024-09-16 06:53:57.765 62247 INFO tempest.lib.common.rest_client [req-248e09c5-90e4-42d8-abfe-ac83fa9539ad req-248e09c5-90e4-42d8-abfe-ac83fa9539ad ] Request (ServicesAdminNegativeV253TestJSON:setUpClass): 204 PUT http://10.180.1.21/identity/v3/projects/3e27c155828349fcbde4d7489f5241be/users/2ac31b0e5dbf43229ee876edf5ec721b/roles/54264ac68002466f880300d685431cd7 0.053s
2024-09-16 06:53:57.766 62247 INFO tempest.lib.common.dynamic_creds [-] Dynamic test user 2ac31b0e5dbf43229ee876edf5ec721b is created with scope project and roles: ['member']
2024-09-16 06:53:57.766 62247 INFO tempest.lib.common.dynamic_creds [-] Acquired dynamic creds: credentials: Credentials: {'domain_id': 'default', 'domain_name': 'Default', 'username': 'tempest-ServicesAdminNegativeV253TestJSON-429053286-project-member', 'project_domain_id': 'default', 'project_domain_name': 'Default', 'project_id': '3e27c155828349fcbde4d7489f5241be', 'project_name': 'tempest-ServicesAdminNegativeV253TestJSON-429053286', 'tenant_id': '3e27c155828349fcbde4d7489f5241be', 'tenant_name': 'tempest-ServicesAdminNegativeV253TestJSON-429053286', 'user_domain_id': 'default', 'user_domain_name': 'Default', 'user_id': '2ac31b0e5dbf43229ee876edf5ec721b', 'system': None}, Network: None, Subnet: None, Router: None
2024-09-16 06:53:57.766 62247 INFO tempest.lib.common.dynamic_creds [-] Created isolated network resources for: credentials: Credentials: {'domain_id': 'default', 'domain_name': 'Default', 'username': 'tempest-ServicesAdminNegativeV253TestJSON-429053286-project-member', 'project_domain_id': 'default', 'project_domain_name': 'Default', 'project_id': '3e27c155828349fcbde4d7489f5241be', 'project_name': 'tempest-ServicesAdminNegativeV253TestJSON-429053286', 'tenant_id': '3e27c155828349fcbde4d7489f5241be', 'tenant_name': 'tempest-ServicesAdminNegativeV253TestJSON-429053286', 'user_domain_id': 'default', 'user_domain_name': 'Default', 'user_id': '2ac31b0e5dbf43229ee876edf5ec721b', 'system': None}, Network: None, Subnet: None, Router: None
2024-09-16 06:53:57.790 62261 INFO tempest.lib.common.rest_client [req-c30e5a33-b6d9-4d75-b59f-9d7b114bcb20 req-c30e5a33-b6d9-4d75-b59f-9d7b114bcb20 ] Request (QuotasAdminTestJSON:tearDownClass): 204 DELETE http://10.180.1.21/identity/v3/projects/dd766640cc654f23966a0dd8495f0518 0.132s
2024-09-16 06:53:57.805 62299 INFO tempest.lib.common.rest_client [req-a7beaef5-7abe-4edc-8464-55d4f97ee81f req-a7beaef5-7abe-4edc-8464-55d4f97ee81f ] Request (ServerDiagnosticsTest:test_get_server_diagnostics): 200 GET http://10.180.1.21/compute/v2.1/servers/c0f34d3e-39a1-4487-bd1f-ade41ef6832c 0.924s
2024-09-16 06:53:57.813 62299 INFO tempest.common.waiters [-] State transition "BUILD/None" ==> "BUILD/networking" after 28 second wait
2024-09-16 06:53:57.862 62261 INFO tempest.lib.common.rest_client [req-47a12db6-824e-40e9-bb42-b3ee37365fe2 req-47a12db6-824e-40e9-bb42-b3ee37365fe2 ] Request (ServerDiagnosticsV248Test:setUpClass): 201 POST http://10.180.1.21/identity/v3/auth/tokens 0.070s
2024-09-16 06:53:57.868 62247 INFO tempest.lib.common.rest_client [req-66895d6f-cd2e-4c36-b980-017c132cd795 req-66895d6f-cd2e-4c36-b980-017c132cd795 ] Request (ServicesAdminNegativeV253TestJSON:setUpClass): 201 POST http://10.180.1.21/identity/v3/auth/tokens 0.097s
2024-09-16 06:53:57.872 62272 INFO tempest.lib.common.rest_client [req-606e31a9-7a6b-47e5-bf53-1c23f24e3de6 req-606e31a9-7a6b-47e5-bf53-1c23f24e3de6 ] Request (ServersTestMultiNic:test_verify_duplicate_network_nics): 201 POST http://10.180.1.21:9696/networking/v2.0/subnets 0.596s
2024-09-16 06:53:57.899 62261 INFO tempest.lib.common.rest_client [req-c5ac0187-fe6b-4d4f-b50a-6c324e4fc460 req-c5ac0187-fe6b-4d4f-b50a-6c324e4fc460 ] Request (ServerDiagnosticsV248Test:setUpClass): 201 POST http://10.180.1.21/identity/v3/auth/tokens 0.035s
2024-09-16 06:53:57.918 62247 INFO tempest.lib.common.rest_client [req-9d58444a-3700-405c-86ad-28dbe96308d5 req-9d58444a-3700-405c-86ad-28dbe96308d5 ] Request (ServicesAdminNegativeV253TestJSON:setUpClass): 201 POST http://10.180.1.21/identity/v3/projects 0.049s
2024-09-16 06:53:57.953 62272 INFO tempest.lib.common.rest_client [req-7ccae586-e1a5-4e86-885d-5d587a3622c6 req-7ccae586-e1a5-4e86-885d-5d587a3622c6 ] Request (ServersTestMultiNic:test_verify_duplicate_network_nics): 201 POST http://10.180.1.21/identity/v3/auth/tokens 0.077s
2024-09-16 06:53:57.953 62272 INFO tempest.lib.common.fixed_network [-] (ServersTestMultiNic:test_verify_duplicate_network_nics) Found network {'id': '8973c2f3-4527-484f-b0c2-f3ada584b98f', 'name': 'tempest-ServersTestMultiNic-576279887-network', 'tenant_id': 'e45b26d92ce540cea0f7cd27f52da2ec', 'admin_state_up': True, 'mtu': 8950, 'status': 'ACTIVE', 'subnets': [], 'shared': False, 'project_id': 'e45b26d92ce540cea0f7cd27f52da2ec', 'port_security_enabled': True, 'router:external': False, 'provider:network_type': 'vlan', 'provider:physical_network': 'default', 'provider:segmentation_id': 186, 'is_default': False, 'availability_zone_hints': [], 'availability_zones': [], 'ipv4_address_scope': None, 'ipv6_address_scope': None, 'description': '', 'tags': [], 'created_at': '2024-09-16T06:53:51Z', 'updated_at': '2024-09-16T06:53:51Z', 'revision_number': 1} available for tenant
2024-09-16 06:53:57.965 62261 INFO tempest.lib.common.rest_client [req-17cada1f-165f-402f-9155-c2deb87c5c4f req-17cada1f-165f-402f-9155-c2deb87c5c4f ] Request (ServerDiagnosticsV248Test:setUpClass): 200 GET http://10.180.1.21/identity/v3/domains?name=Default 0.066s
2024-09-16 06:53:57.974 62247 INFO tempest.lib.common.rest_client [req-e3277356-af7e-40d2-8771-f75b873e1444 req-e3277356-af7e-40d2-8771-f75b873e1444 ] Request (ServicesAdminNegativeV253TestJSON:setUpClass): 201 POST http://10.180.1.21/identity/v3/users 0.055s
2024-09-16 06:53:57.990 62247 INFO tempest.lib.common.rest_client [req-5f097155-93ed-4639-8bb0-8d8d39e551a8 req-5f097155-93ed-4639-8bb0-8d8d39e551a8 ] Request (ServicesAdminNegativeV253TestJSON:setUpClass): 200 GET http://10.180.1.21/identity/v3/roles 0.015s
2024-09-16 06:53:57.993 62261 INFO tempest.lib.common.rest_client [req-5a8bb991-2a38-4c5d-b5db-61d4e3c69fb2 req-5a8bb991-2a38-4c5d-b5db-61d4e3c69fb2 ] Request (ServerDiagnosticsV248Test:setUpClass): 201 POST http://10.180.1.21/identity/v3/projects 0.027s
2024-09-16 06:53:58.037 62259 INFO tempest.lib.common.rest_client [req-5e6bb052-cec2-4122-9d7c-784cfa548d71 req-5e6bb052-cec2-4122-9d7c-784cfa548d71 ] Request (VolumesAssistedSnapshotsTest:test_volume_assisted_snapshot_create_delete): 200 GET http://10.180.1.21/compute/v2.1/servers/57cc0a22-28ff-4a24-9fea-5c6a0a699a67 1.104s
2024-09-16 06:53:58.053 62261 INFO tempest.lib.common.rest_client [req-b13f1b6d-32f0-44f2-a49d-1b71620f3086 req-b13f1b6d-32f0-44f2-a49d-1b71620f3086 ] Request (ServerDiagnosticsV248Test:setUpClass): 201 POST http://10.180.1.21/identity/v3/users 0.059s
2024-09-16 06:53:58.057 62247 INFO tempest.lib.common.rest_client [req-3d6999dc-45ae-4c2a-8665-a3cd8055089e req-3d6999dc-45ae-4c2a-8665-a3cd8055089e ] Request (ServicesAdminNegativeV253TestJSON:setUpClass): 204 PUT http://10.180.1.21/identity/v3/projects/1339cbb07d96434cbc0e8627ace23ead/users/f16938e6c74945758b263bf5c2c2e473/roles/deeb69cf4ee649d385ba1d7fe7044b7e 0.066s
2024-09-16 06:53:58.101 62261 INFO tempest.lib.common.rest_client [req-340da5bd-23b8-4e2b-8b97-3f4bd89b7d60 req-340da5bd-23b8-4e2b-8b97-3f4bd89b7d60 ] Request (ServerDiagnosticsV248Test:setUpClass): 200 GET http://10.180.1.21/identity/v3/roles 0.048s
2024-09-16 06:53:58.102 62247 INFO tempest.lib.common.rest_client [req-8e97c275-8d26-458f-9830-7a9a8ed60ca6 req-8e97c275-8d26-458f-9830-7a9a8ed60ca6 ] Request (ServicesAdminNegativeV253TestJSON:setUpClass): 200 GET http://10.180.1.21/identity/v3/roles 0.045s
2024-09-16 06:53:58.111 62253 INFO tempest.lib.common.rest_client [req-31262864-742e-47ca-b936-999fd4f958c9 req-31262864-742e-47ca-b936-999fd4f958c9 ] Request (ServersWithSpecificFlavorTestJSON:test_verify_created_server_ephemeral_disk): 200 GET http://10.180.1.21/compute/v2.1/servers/465d94c2-5ebf-4b05-966e-9272e2ddebb3 1.151s
2024-09-16 06:53:58.119 62247 INFO tempest.lib.common.rest_client [req-b2e9b771-1407-4c4d-8d38-b3a1cdc40561 req-b2e9b771-1407-4c4d-8d38-b3a1cdc40561 ] Request (ServicesAdminNegativeV253TestJSON:setUpClass): 204 PUT http://10.180.1.21/identity/v3/projects/1339cbb07d96434cbc0e8627ace23ead/users/f16938e6c74945758b263bf5c2c2e473/roles/deeb69cf4ee649d385ba1d7fe7044b7e 0.016s
2024-09-16 06:53:58.119 62247 INFO tempest.lib.common.dynamic_creds [-] Dynamic test user f16938e6c74945758b263bf5c2c2e473 is created with scope project and roles: ['admin']
2024-09-16 06:53:58.119 62247 INFO tempest.lib.common.dynamic_creds [-] Acquired dynamic creds: credentials: Credentials: {'domain_id': 'default', 'domain_name': 'Default', 'username': 'tempest-ServicesAdminNegativeV253TestJSON-1346375048-project-admin', 'project_domain_id': 'default', 'project_domain_name': 'Default', 'project_id': '1339cbb07d96434cbc0e8627ace23ead', 'project_name': 'tempest-ServicesAdminNegativeV253TestJSON-1346375048', 'tenant_id': '1339cbb07d96434cbc0e8627ace23ead', 'tenant_name': 'tempest-ServicesAdminNegativeV253TestJSON-1346375048', 'user_domain_id': 'default', 'user_domain_name': 'Default', 'user_id': 'f16938e6c74945758b263bf5c2c2e473', 'system': None}, Network: None, Subnet: None, Router: None
2024-09-16 06:53:58.119 62247 INFO tempest.lib.common.dynamic_creds [-] Created isolated network resources for: credentials: Credentials: {'domain_id': 'default', 'domain_name': 'Default', 'username': 'tempest-ServicesAdminNegativeV253TestJSON-1346375048-project-admin', 'project_domain_id': 'default', 'project_domain_name': 'Default', 'project_id': '1339cbb07d96434cbc0e8627ace23ead', 'project_name': 'tempest-ServicesAdminNegativeV253TestJSON-1346375048', 'tenant_id': '1339cbb07d96434cbc0e8627ace23ead', 'tenant_name': 'tempest-ServicesAdminNegativeV253TestJSON-1346375048', 'user_domain_id': 'default', 'user_domain_name': 'Default', 'user_id': 'f16938e6c74945758b263bf5c2c2e473', 'system': None}, Network: None, Subnet: None, Router: None
2024-09-16 06:53:58.141 62261 INFO tempest.lib.common.rest_client [req-38295ff4-4be4-48ff-97de-ebb90daa80e5 req-38295ff4-4be4-48ff-97de-ebb90daa80e5 ] Request (ServerDiagnosticsV248Test:setUpClass): 204 PUT http://10.180.1.21/identity/v3/projects/c700dfde5a7047778a5ac7af481f00f8/users/b4b8897d9da0440684914d27d6275b0e/roles/54264ac68002466f880300d685431cd7 0.039s
2024-09-16 06:53:58.141 62261 INFO tempest.lib.common.dynamic_creds [-] Dynamic test user b4b8897d9da0440684914d27d6275b0e is created with scope project and roles: ['member']
2024-09-16 06:53:58.142 62261 INFO tempest.lib.common.dynamic_creds [-] Acquired dynamic creds: credentials: Credentials: {'domain_id': 'default', 'domain_name': 'Default', 'username': 'tempest-ServerDiagnosticsV248Test-1086762981-project-member', 'project_domain_id': 'default', 'project_domain_name': 'Default', 'project_id': 'c700dfde5a7047778a5ac7af481f00f8', 'project_name': 'tempest-ServerDiagnosticsV248Test-1086762981', 'tenant_id': 'c700dfde5a7047778a5ac7af481f00f8', 'tenant_name': 'tempest-ServerDiagnosticsV248Test-1086762981', 'user_domain_id': 'default', 'user_domain_name': 'Default', 'user_id': 'b4b8897d9da0440684914d27d6275b0e', 'system': None}, Network: None, Subnet: None, Router: None
