2024-09-16 06:53:42.498 62299 INFO tempest.lib.common.rest_client [req-0ed4d9fd-f900-4492-a453-a1373ed03f1d req-0ed4d9fd-f900-4492-a453-a1373ed03f1d ] Request (ServerDiagnosticsTest:test_get_server_diagnostics): 200 GET http://10.180.1.21/compute/v2.1/servers/c0f34d3e-39a1-4487-bd1f-ade41ef6832c 1.047s
2024-09-16 06:53:42.532 62265 INFO tempest.lib.common.rest_client [req-08c47c0b-db4a-4b11-a6f4-165c4b995365 req-08c47c0b-db4a-4b11-a6f4-165c4b995365 ] Request (ImagesMetadataTestJSON:tearDownClass): 204 DELETE http://10.180.1.21/image/v2/images/023d72a0-76ce-466c-aa38-3a1b9aa096b4 0.103s
2024-09-16 06:53:42.554 62291 INFO tempest.lib.common.rest_client [req-9b26df69-ea0c-4b21-855c-36384a0d66d3 req-9b26df69-ea0c-4b21-855c-36384a0d66d3 ] Request (QuotasTestJSON:test_compare_tenant_quotas_with_default_quotas): 200 GET http://10.180.1.21/compute/v2.1/os-quota-sets/eddaa63c295f4468ae3e20584513e337 0.953s
2024-09-16 06:53:42.561 62269 INFO tempest.lib.common.rest_client [req-f453e479-9100-4d4e-bfd7-b9af11106a65 req-f453e479-9100-4d4e-bfd7-b9af11106a65 ] Request (ServerRescueTestJSON:setUpClass): 200 GET http://10.180.1.21/compute/v2.1/servers/3bd34ec2-5253-4578-baf3-11775de18ed4 0.904s
2024-09-16 06:53:42.666 62265 INFO tempest.lib.common.rest_client [req-41e37d4f-281f-4245-9b71-cebf7b19aad9 req-41e37d4f-281f-4245-9b71-cebf7b19aad9 ] Request (ImagesMetadataTestJSON:tearDownClass): 204 DELETE http://10.180.1.21/identity/v3/users/0ee99ad822674cd7bbe2ce6a1c078536 0.133s
2024-09-16 06:53:42.666 62265 INFO tempest.lib.common.dynamic_creds [-] Deleting project and security group for project: 346e5d6c2e7944b4999770c551b7e143
2024-09-16 06:53:42.759 62265 INFO tempest.lib.common.rest_client [req-3ea2e4e9-45eb-47bd-84e1-0e00085de077 req-3ea2e4e9-45eb-47bd-84e1-0e00085de077 ] Request (ImagesMetadataTestJSON:tearDownClass): 201 POST http://10.180.1.21/identity/v3/auth/tokens 0.092s
2024-09-16 06:53:42.845 62255 INFO tempest.lib.common.rest_client [req-0139c849-2d65-41f2-8e9a-c9cd86f647c4 req-0139c849-2d65-41f2-8e9a-c9cd86f647c4 ] Request (FloatingIPsAssociationTestJSON:setUpClass): 204 DELETE http://10.180.1.21/compute/v2.1/servers/4489993f-7d78-4891-8282-5d06d7689447 1.142s
2024-09-16 06:53:42.890 62249 INFO tempest.lib.common.rest_client [req-218a0b36-f698-4570-b37b-6cf04eddc322 req-218a0b36-f698-4570-b37b-6cf04eddc322 ] Request (ListServerFiltersTestJSON:setUpClass): 201 POST http://10.180.1.21:9696/networking/v2.0/networks 0.865s
2024-09-16 06:53:42.913 62285 INFO tempest.lib.common.rest_client [req-35e6c73d-691f-4b56-94c6-99b3b2fd369e req-35e6c73d-691f-4b56-94c6-99b3b2fd369e ] Request (SecurityGroupsTestJSON:test_list_security_groups_by_server): 200 GET http://10.180.1.21/compute/v2.1/servers/d7c25703-df04-4289-92d6-226180c43082 1.169s
2024-09-16 06:53:42.981 62276 INFO tempest.lib.common.rest_client [req-357dd14a-b0c4-452e-b012-605142dc5e1c req-357dd14a-b0c4-452e-b012-605142dc5e1c ] Request (DeleteServersAdminTestJSON:test_delete_server_while_in_error_state): 200 GET http://10.180.1.21/compute/v2.1/servers/ab167fa4-062b-4137-801c-9b57a17b20e2 1.148s
2024-09-16 06:53:43.008 62265 INFO tempest.lib.common.rest_client [req-8de3b28a-9535-4d58-8713-35b4b36bbb57 req-8de3b28a-9535-4d58-8713-35b4b36bbb57 ] Request (ImagesMetadataTestJSON:tearDownClass): 200 GET http://10.180.1.21:9696/networking/v2.0/security-groups?tenant_id=346e5d6c2e7944b4999770c551b7e143&name=default 0.249s
2024-09-16 06:53:43.039 62237 INFO tempest.lib.common.rest_client [req-38d1eaca-840f-4bd4-a839-9b0b5c9da13c req-38d1eaca-840f-4bd4-a839-9b0b5c9da13c ] Request (ServersNegativeTestJSON:setUpClass): 200 GET http://10.180.1.21/compute/v2.1/servers/6ac79769-fc49-4dd9-abae-fc2113983257 1.175s
2024-09-16 06:53:43.059 62289 INFO tempest.lib.common.rest_client [req-71700563-7148-48bd-bb21-bd41259e66fa req-71700563-7148-48bd-bb21-bd41259e66fa ] Request (FlavorsAccessNegativeTestJSON:_run_cleanups): 202 DELETE http://10.180.1.21/compute/v2.1/flavors/416346863 1.153s
2024-09-16 06:53:43.123 62251 INFO tempest.lib.common.rest_client [req-3f01cd50-e13c-435c-8146-30cd691aaab0 req-3f01cd50-e13c-435c-8146-30cd691aaab0 ] Request (AttachInterfacesTestJSON:test_create_list_show_delete_interfaces_by_fixed_ip): 200 GET http://10.180.1.21/compute/v2.1/servers/123175a1-51a6-4463-8d90-c6b10770f905 1.186s
2024-09-16 06:53:43.137 62265 INFO tempest.lib.common.rest_client [req-131e9b6b-f352-4320-9d5e-b9d2ed12c49a req-131e9b6b-f352-4320-9d5e-b9d2ed12c49a ] Request (ImagesMetadataTestJSON:tearDownClass): 204 DELETE http://10.180.1.21:9696/networking/v2.0/security-groups/8b2f80fd-c88e-4236-8b35-fc81ead0bdcc 0.128s
2024-09-16 06:53:43.197 62263 INFO tempest.lib.common.rest_client [req-03148be3-1725-4bb8-9042-d118430c7e95 req-03148be3-1725-4bb8-9042-d118430c7e95 ] Request (FloatingIPsNegativeTestJSON:tearDownClass): 204 DELETE http://10.180.1.21:9696/networking/v2.0/routers/44e63dc2-4832-4d3f-a1ef-b87569f11c7b 1.225s
2024-09-16 06:53:43.207 62265 INFO tempest.lib.common.rest_client [req-7da7b75a-4ccb-41d9-86fc-bbc9ee163c12 req-7da7b75a-4ccb-41d9-86fc-bbc9ee163c12 ] Request (ImagesMetadataTestJSON:tearDownClass): 204 DELETE http://10.180.1.21/identity/v3/projects/346e5d6c2e7944b4999770c551b7e143 0.070s
2024-09-16 06:53:43.270 62265 INFO tempest.lib.common.rest_client [req-0f04a78a-078d-424b-8cc8-f007a7a5efd1 req-0f04a78a-078d-424b-8cc8-f007a7a5efd1 ] Request (ImagesOneServerTestJSON:setUpClass): 201 POST http://10.180.1.21/identity/v3/auth/tokens 0.060s
2024-09-16 06:53:43.299 62287 INFO tempest.lib.common.rest_client [req-ac5cd3b7-dc5a-433c-8164-39633b781a8b req-ac5cd3b7-dc5a-433c-8164-39633b781a8b ] Request (TenantUsagesNegativeTestJSON:test_get_usage_tenant_with_empty_tenant_id): 404 GET http://10.180.1.21/compute/v2.1/os-simple-tenant-usage/?start=2024-09-15T06%3A53%3A41.965570&end=2024-09-17T06%3A53%3A41.965570 1.332s
2024-09-16 06:53:43.309 62265 INFO tempest.lib.common.rest_client [req-1a1863bd-a79c-4c1b-a95a-e77ea2329eca req-1a1863bd-a79c-4c1b-a95a-e77ea2329eca ] Request (ImagesOneServerTestJSON:setUpClass): 201 POST http://10.180.1.21/identity/v3/auth/tokens 0.036s
2024-09-16 06:53:43.317 62263 INFO tempest.lib.common.rest_client [req-57e1e98f-02e6-4235-9b0e-a327034d4bc1 req-57e1e98f-02e6-4235-9b0e-a327034d4bc1 ] Request (FloatingIPsNegativeTestJSON:tearDownClass): 204 DELETE http://10.180.1.21:9696/networking/v2.0/subnets/24d688f7-6dc4-4a2d-af59-c76b3590ae48 0.119s
2024-09-16 06:53:43.324 62247 INFO tempest.lib.common.rest_client [req-7fcb315e-5535-418f-b22d-7decf82278f6 req-7fcb315e-5535-418f-b22d-7decf82278f6 ] Request (AggregatesAdminNegativeTestJSON:_run_cleanups): 200 DELETE http://10.180.1.21/compute/v2.1/os-aggregates/5 1.316s
2024-09-16 06:53:43.329 62249 INFO tempest.lib.common.rest_client [req-5d82aa8e-ce12-4e97-8196-823c53ec8916 req-5d82aa8e-ce12-4e97-8196-823c53ec8916 ] Request (ListServerFiltersTestJSON:setUpClass): 201 POST http://10.180.1.21:9696/networking/v2.0/subnets 0.438s
2024-09-16 06:53:43.329 62249 INFO tempest.lib.common.dynamic_creds [-] Created isolated network resources for: credentials: Credentials: {'domain_id': 'default', 'domain_name': 'Default', 'username': 'tempest-ListServerFiltersTestJSON-1034416581-project-member', 'project_domain_id': 'default', 'project_domain_name': 'Default', 'project_id': '4300067ba40e4949861567c49e3f8093', 'project_name': 'tempest-ListServerFiltersTestJSON-1034416581', 'tenant_id': '4300067ba40e4949861567c49e3f8093', 'tenant_name': 'tempest-ListServerFiltersTestJSON-1034416581', 'user_domain_id': 'default', 'user_domain_name': 'Default', 'user_id': 'abd23fd5a7bb43d08acd62244d19c153', 'system': None}, Network: {'id': 'c0a7cb0d-5e6f-4f14-81c5-ccab76f340e2', 'name': 'tempest-ListServerFiltersTestJSON-151434811-network', 'tenant_id': '4300067ba40e4949861567c49e3f8093', 'admin_state_up': True, 'mtu': 8950, 'status': 'ACTIVE', 'subnets': [], 'shared': False, 'project_id': '4300067ba40e4949861567c49e3f8093', 'port_security_enabled': True, 'router:external': False, 'provider:network_type': 'vlan', 'provider:physical_network': 'default', 'provider:segmentation_id': 42, 'is_default': False, 'availability_zone_hints': [], 'availability_zones': [], 'ipv4_address_scope': None, 'ipv6_address_scope': None, 'description': '', 'tags': [], 'created_at': '2024-09-16T06:53:42Z', 'updated_at': '2024-09-16T06:53:42Z', 'revision_number': 1}, Subnet: {'id': '5933349c-b546-4f6f-8b36-621e691a900b', 'name': 'tempest-ListServerFiltersTestJSON-151434811-subnet', 'tenant_id': '4300067ba40e4949861567c49e3f8093', 'network_id': 'c0a7cb0d-5e6f-4f14-81c5-ccab76f340e2', 'ip_version': 4, 'subnetpool_id': None, 'enable_dhcp': True, 'ipv6_ra_mode': None, 'ipv6_address_mode': None, 'gateway_ip': '192.168.128.1', 'cidr': '192.168.128.0/28', 'allocation_pools': [{'start': '192.168.128.2', 'end': '192.168.128.14'}], 'host_routes': [], 'dns_nameservers': [], 'description': '', 'router:external': False, 'service_types': [], 'tags': [], 'created_at': '2024-09-16T06:53:43Z', 'updated_at': '2024-09-16T06:53:43Z', 'revision_number': 0, 'project_id': '4300067ba40e4949861567c49e3f8093'}, Router: None
2024-09-16 06:53:43.333 62239 INFO tempest.lib.common.rest_client [req-980fa4d9-cad1-42b1-a278-b36c5ddaa921 req-980fa4d9-cad1-42b1-a278-b36c5ddaa921 ] Request (ServersAdminTestJSON:setUpClass): 202 POST http://10.180.1.21/compute/v2.1/servers 1.630s
2024-09-16 06:53:43.344 62265 INFO tempest.lib.common.rest_client [req-216035fc-c212-401a-aecf-02e2ad98a7bc req-216035fc-c212-401a-aecf-02e2ad98a7bc ] Request (ImagesOneServerTestJSON:setUpClass): 200 GET http://10.180.1.21/identity/v3/domains?name=Default 0.034s
2024-09-16 06:53:43.402 62293 INFO tempest.lib.common.rest_client [req-451dd8fa-0af8-4289-937f-fe3c388937a6 req-451dd8fa-0af8-4289-937f-fe3c388937a6 ] Request (ListServersNegativeTestJSON:setUpClass): 200 GET http://10.180.1.21/compute/v2.1/servers/dc980828-985b-4da1-b3fe-e3cda8b84a6a 1.281s
2024-09-16 06:53:43.414 62293 INFO tempest.common.waiters [-] State transition "BUILD/spawning" ==> "BUILD/scheduling" after 27 second wait
2024-09-16 06:53:43.433 62249 INFO tempest.lib.common.rest_client [req-defab06a-019a-423b-9993-19bcef21a290 req-defab06a-019a-423b-9993-19bcef21a290 ] Request (ListServerFiltersTestJSON:setUpClass): 201 POST http://10.180.1.21/identity/v3/auth/tokens 0.100s
2024-09-16 06:53:43.446 62239 INFO tempest.lib.common.rest_client [req-d76b5c63-4b1e-49e8-bb4d-9cd35fae52f3 req-d76b5c63-4b1e-49e8-bb4d-9cd35fae52f3 ] Request (ServersAdminTestJSON:setUpClass): 201 POST http://10.180.1.21/identity/v3/auth/tokens 0.107s
2024-09-16 06:53:43.446 62239 INFO tempest.lib.common.fixed_network [-] (ServersAdminTestJSON:setUpClass) Found network {'id': 'f1700d76-91b7-4771-a468-fc7bff6a50fb', 'name': 'tempest-ServersAdminTestJSON-63129495-network', 'tenant_id': '9eb068823bc74cc99499568ebd94650d', 'admin_state_up': True, 'mtu': 8950, 'status': 'ACTIVE', 'subnets': [], 'shared': False, 'project_id': '9eb068823bc74cc99499568ebd94650d', 'port_security_enabled': True, 'router:external': False, 'provider:network_type': 'vlan', 'provider:physical_network': 'default', 'provider:segmentation_id': 610, 'is_default': False, 'availability_zone_hints': [], 'availability_zones': [], 'ipv4_address_scope': None, 'ipv6_address_scope': None, 'description': '', 'tags': [], 'created_at': '2024-09-16T06:53:33Z', 'updated_at': '2024-09-16T06:53:33Z', 'revision_number': 1} available for tenant
2024-09-16 06:53:43.480 62249 INFO tempest.lib.common.rest_client [req-cde3cec2-645b-4883-915b-4e283e151c16 req-cde3cec2-645b-4883-915b-4e283e151c16 ] Request (ListServerFiltersTestJSON:setUpClass): 201 POST http://10.180.1.21/identity/v3/auth/tokens 0.040s
2024-09-16 06:53:43.481 62249 INFO tempest.lib.common.fixed_network [-] (ListServerFiltersTestJSON:setUpClass) Found network {'id': 'c0a7cb0d-5e6f-4f14-81c5-ccab76f340e2', 'name': 'tempest-ListServerFiltersTestJSON-151434811-network', 'tenant_id': '4300067ba40e4949861567c49e3f8093', 'admin_state_up': True, 'mtu': 8950, 'status': 'ACTIVE', 'subnets': [], 'shared': False, 'project_id': '4300067ba40e4949861567c49e3f8093', 'port_security_enabled': True, 'router:external': False, 'provider:network_type': 'vlan', 'provider:physical_network': 'default', 'provider:segmentation_id': 42, 'is_default': False, 'availability_zone_hints': [], 'availability_zones': [], 'ipv4_address_scope': None, 'ipv6_address_scope': None, 'description': '', 'tags': [], 'created_at': '2024-09-16T06:53:42Z', 'updated_at': '2024-09-16T06:53:42Z', 'revision_number': 1} available for tenant
2024-09-16 06:53:43.491 62265 INFO tempest.lib.common.rest_client [req-56e8ba46-f9e4-493d-9542-ccd063d7dda8 req-56e8ba46-f9e4-493d-9542-ccd063d7dda8 ] Request (ImagesOneServerTestJSON:setUpClass): 201 POST http://10.180.1.21/identity/v3/projects 0.147s
2024-09-16 06:53:43.522 62263 INFO tempest.lib.common.rest_client [req-6b2c4d7c-881f-4ca2-9500-c2829ad1a39c req-6b2c4d7c-881f-4ca2-9500-c2829ad1a39c ] Request (FloatingIPsNegativeTestJSON:tearDownClass): 204 DELETE http://10.180.1.21:9696/networking/v2.0/networks/7698eb56-7360-41e4-b2fb-e8feabb3671e 0.205s
2024-09-16 06:53:43.551 62249 INFO tempest.lib.common.rest_client [req-07527d11-6956-49ef-bff0-7978eadb5034 req-07527d11-6956-49ef-bff0-7978eadb5034 ] Request (ListServerFiltersTestJSON:setUpClass): 201 POST http://10.180.1.21/identity/v3/auth/tokens 0.067s
2024-09-16 06:53:43.551 62249 INFO tempest.lib.common.fixed_network [-] (ListServerFiltersTestJSON:setUpClass) Found network {'id': 'c0a7cb0d-5e6f-4f14-81c5-ccab76f340e2', 'name': 'tempest-ListServerFiltersTestJSON-151434811-network', 'tenant_id': '4300067ba40e4949861567c49e3f8093', 'admin_state_up': True, 'mtu': 8950, 'status': 'ACTIVE', 'subnets': [], 'shared': False, 'project_id': '4300067ba40e4949861567c49e3f8093', 'port_security_enabled': True, 'router:external': False, 'provider:network_type': 'vlan', 'provider:physical_network': 'default', 'provider:segmentation_id': 42, 'is_default': False, 'availability_zone_hints': [], 'availability_zones': [], 'ipv4_address_scope': None, 'ipv6_address_scope': None, 'description': '', 'tags': [], 'created_at': '2024-09-16T06:53:42Z', 'updated_at': '2024-09-16T06:53:42Z', 'revision_number': 1} available for tenant
2024-09-16 06:53:43.572 62265 INFO tempest.lib.common.rest_client [req-aaea327c-108d-46b6-96a3-5793632ee759 req-aaea327c-108d-46b6-96a3-5793632ee759 ] Request (ImagesOneServerTestJSON:setUpClass): 201 POST http://10.180.1.21/identity/v3/users 0.080s
2024-09-16 06:53:43.595 62265 INFO tempest.lib.common.rest_client [req-363b826e-b1be-493b-88e1-2d291e4017e9 req-363b826e-b1be-493b-88e1-2d291e4017e9 ] Request (ImagesOneServerTestJSON:setUpClass): 200 GET http://10.180.1.21/identity/v3/roles 0.023s
2024-09-16 06:53:43.630 62263 INFO tempest.lib.common.rest_client [req-bc1edaa0-5e86-42a3-ba85-d92a5ea16a84 req-bc1edaa0-5e86-42a3-ba85-d92a5ea16a84 ] Request (FloatingIPsNegativeTestJSON:tearDownClass): 204 DELETE http://10.180.1.21/identity/v3/users/830f80e87745419089a35aac513b0965 0.107s
2024-09-16 06:53:43.631 62263 INFO tempest.lib.common.dynamic_creds [-] Deleting project and security group for project: 8ab157943eab41d7b5d07da9fa8d453d
2024-09-16 06:53:43.650 62267 INFO tempest.lib.common.rest_client [req-9aa45204-fcf4-4cc8-ac44-5629352ee184 req-9aa45204-fcf4-4cc8-ac44-5629352ee184 ] Request (ServerExternalEventsTest:test_create_server_external_events): 204 DELETE http://10.180.1.21/compute/v2.1/servers/6a67dde1-ca25-493e-8d65-8d4cea487c85 1.593s
2024-09-16 06:53:43.663 62265 INFO tempest.lib.common.rest_client [req-4c0226f4-892f-4ddf-8cc9-18e7ec18101a req-4c0226f4-892f-4ddf-8cc9-18e7ec18101a ] Request (ImagesOneServerTestJSON:setUpClass): 204 PUT http://10.180.1.21/identity/v3/projects/076d68ba0f9d4cdbbfbdeb879a222c08/users/63e13861aad6446bbf266ba67aa293e1/roles/54264ac68002466f880300d685431cd7 0.067s
2024-09-16 06:53:43.663 62265 INFO tempest.lib.common.dynamic_creds [-] Dynamic test user 63e13861aad6446bbf266ba67aa293e1 is created with scope project and roles: ['member']
2024-09-16 06:53:43.663 62265 INFO tempest.lib.common.dynamic_creds [-] Acquired dynamic creds: credentials: Credentials: {'domain_id': 'default', 'domain_name': 'Default', 'username': 'tempest-ImagesOneServerTestJSON-377593690-project-member', 'project_domain_id': 'default', 'project_domain_name': 'Default', 'project_id': '076d68ba0f9d4cdbbfbdeb879a222c08', 'project_name': 'tempest-ImagesOneServerTestJSON-377593690', 'tenant_id': '076d68ba0f9d4cdbbfbdeb879a222c08', 'tenant_name': 'tempest-ImagesOneServerTestJSON-377593690', 'user_domain_id': 'default', 'user_domain_name': 'Default', 'user_id': '63e13861aad6446bbf266ba67aa293e1', 'system': None}, Network: None, Subnet: None, Router: None
2024-09-16 06:53:43.662 62297 INFO tempest.lib.common.rest_client [req-553a5ae7-21c8-4d22-9997-8b22aff54a17 req-553a5ae7-21c8-4d22-9997-8b22aff54a17 ] Request (SecurityGroupRulesNegativeTestJSON:setUpClass): 200 PUT http://10.180.1.21:9696/networking/v2.0/routers/e62ae2e9-e240-4b03-811b-2ebaf0525ca4/add_router_interface 2.219s
2024-09-16 06:53:43.664 62297 INFO tempest.lib.common.dynamic_creds [-] Created isolated network resources for: credentials: Credentials: {'domain_id': 'default', 'domain_name': 'Default', 'username': 'tempest-SecurityGroupRulesNegativeTestJSON-1487037998-project-member', 'project_domain_id': 'default', 'project_domain_name': 'Default', 'project_id': 'f29944a7891f43608c0603f15507dfca', 'project_name': 'tempest-SecurityGroupRulesNegativeTestJSON-1487037998', 'tenant_id': 'f29944a7891f43608c0603f15507dfca', 'tenant_name': 'tempest-SecurityGroupRulesNegativeTestJSON-1487037998', 'user_domain_id': 'default', 'user_domain_name': 'Default', 'user_id': '0dac5edf675d44e9894feedc3192b4f2', 'system': None}, Network: {'id': '17f9ea2a-afd0-451f-bee7-6844818adac6', 'name': 'tempest-SecurityGroupRulesNegativeTestJSON-1988810756-network', 'tenant_id': 'f29944a7891f43608c0603f15507dfca', 'admin_state_up': True, 'mtu': 8950, 'status': 'ACTIVE', 'subnets': [], 'shared': False, 'project_id': 'f29944a7891f43608c0603f15507dfca', 'port_security_enabled': True, 'router:external': False, 'provider:network_type': 'vlan', 'provider:physical_network': 'default', 'provider:segmentation_id': 294, 'is_default': False, 'availability_zone_hints': [], 'availability_zones': [], 'ipv4_address_scope': None, 'ipv6_address_scope': None, 'description': '', 'tags': [], 'created_at': '2024-09-16T06:53:38Z', 'updated_at': '2024-09-16T06:53:39Z', 'revision_number': 1}, Subnet: {'id': '429c1419-d750-408f-8511-e3f8e6eb890f', 'name': 'tempest-SecurityGroupRulesNegativeTestJSON-1988810756-subnet', 'tenant_id': 'f29944a7891f43608c0603f15507dfca', 'network_id': '17f9ea2a-afd0-451f-bee7-6844818adac6', 'ip_version': 4, 'subnetpool_id': None, 'enable_dhcp': True, 'ipv6_ra_mode': None, 'ipv6_address_mode': None, 'gateway_ip': '192.168.128.1', 'cidr': '192.168.128.0/28', 'allocation_pools': [{'start': '192.168.128.2', 'end': '192.168.128.14'}], 'host_routes': [], 'dns_nameservers': [], 'description': '', 'router:external': False, 'service_types': [], 'tags': [], 'created_at': '2024-09-16T06:53:39Z', 'updated_at': '2024-09-16T06:53:39Z', 'revision_number': 0, 'project_id': 'f29944a7891f43608c0603f15507dfca'}, Router: {'id': 'e62ae2e9-e240-4b03-811b-2ebaf0525ca4', 'name': 'tempest-SecurityGroupRulesNegativeTestJSON-1988810756-router', 'tenant_id': 'f29944a7891f43608c0603f15507dfca', 'admin_state_up': True, 'status': 'ACTIVE', 'external_gateway_info': {'network_id': '43cd45b2-7ddd-482b-8e24-01da9f44fb56', 'external_fixed_ips': [{'subnet_id': 'e0491fc5-58ff-4fae-90c2-d0395a2faaa6', 'ip_address': '10.180.180.151'}], 'enable_snat': True}, 'description': '', 'availability_zones': [], 'distributed': False, 'ha': False, 'availability_zone_hints': [], 'routes': [], 'flavor_id': None, 'tags': [], 'created_at': '2024-09-16T06:53:39Z', 'updated_at': '2024-09-16T06:53:40Z', 'revision_number': 2, 'project_id': 'f29944a7891f43608c0603f15507dfca'}
2024-09-16 06:53:43.674 62263 INFO tempest.lib.common.rest_client [req-409b5cf6-0d4a-4430-8371-edb150111834 req-409b5cf6-0d4a-4430-8371-edb150111834 ] Request (FloatingIPsNegativeTestJSON:tearDownClass): 200 GET http://10.180.1.21:9696/networking/v2.0/security-groups?tenant_id=8ab157943eab41d7b5d07da9fa8d453d&name=default 0.043s
2024-09-16 06:53:43.735 62297 INFO tempest.lib.common.rest_client [req-1b667aba-acf5-454c-b8a2-3657dce4f0fe req-1b667aba-acf5-454c-b8a2-3657dce4f0fe ] Request (SecurityGroupRulesNegativeTestJSON:setUpClass): 201 POST http://10.180.1.21/identity/v3/auth/tokens 0.068s
2024-09-16 06:53:43.736 62265 INFO tempest.lib.common.rest_client [req-b9b089a7-32e5-4ead-ac12-3c4c82141744 req-b9b089a7-32e5-4ead-ac12-3c4c82141744 ] Request (ImagesOneServerTestJSON:setUpClass): 201 POST http://10.180.1.21/identity/v3/auth/tokens 0.073s
2024-09-16 06:53:43.801 62273 INFO tempest.lib.common.rest_client [req-165ce00e-8eca-4696-b61e-8a97040d9b08 req-165ce00e-8eca-4696-b61e-8a97040d9b08 ] Request (ListImageFiltersTestJSON:setUpClass): 202 POST http://10.180.1.21/compute/v2.1/servers 1.640s
2024-09-16 06:53:43.881 62281 INFO tempest.lib.common.rest_client [req-c6fea62a-a40f-4d49-9e3d-27cd7179767d req-c6fea62a-a40f-4d49-9e3d-27cd7179767d ] Request (MigrationsAdminTest:test_list_migrations_in_flavor_resize_situation): 200 GET http://10.180.1.21/compute/v2.1/servers/e7739874-2088-48e3-b970-96b3d935477b 1.646s
2024-09-16 06:53:43.926 62273 INFO tempest.lib.common.rest_client [req-cdd550f9-7463-4250-9a32-04e31dc5c313 req-cdd550f9-7463-4250-9a32-04e31dc5c313 ] Request (ListImageFiltersTestJSON:setUpClass): 201 POST http://10.180.1.21/identity/v3/auth/tokens 0.120s
2024-09-16 06:53:43.926 62273 INFO tempest.lib.common.fixed_network [-] (ListImageFiltersTestJSON:setUpClass) Found network None available for tenant
2024-09-16 06:53:43.948 62241 INFO tempest.lib.common.rest_client [req-b2223ac1-6c4f-4895-8091-2ae8c8a151e8 req-b2223ac1-6c4f-4895-8091-2ae8c8a151e8 ] Request (FloatingIPsAssociationNegativeTestJSON:setUpClass): 200 GET http://10.180.1.21/compute/v2.1/servers/b6186f74-8a8e-4145-8126-7048ad29673f 1.647s
2024-09-16 06:53:43.963 62272 INFO tempest.lib.common.rest_client [req-cd040967-549b-4c3c-a66e-fb334948b341 req-cd040967-549b-4c3c-a66e-fb334948b341 ] Request (HypervisorAdminNegativeTestJSON:test_get_hypervisor_uptime_with_non_admin_user): 403 GET http://10.180.1.21/compute/v2.1/os-hypervisors/1/uptime 1.617s
2024-09-16 06:53:44.015 62295 INFO tempest.lib.common.rest_client [req-125cf159-43c8-4110-b336-7ffb0879e8fd req-125cf159-43c8-4110-b336-7ffb0879e8fd ] Request (ImagesOneServerNegativeTestJSON:setUpClass): 200 GET http://10.180.1.21/compute/v2.1/servers/1575bafd-50f9-43d8-bec9-dcc9b6e0fc9f 1.616s
2024-09-16 06:53:44.023 62295 INFO tempest.common.waiters [-] State transition "BUILD/scheduling" ==> "BUILD/None" after 8 second wait
2024-09-16 06:53:44.050 62277 INFO tempest.lib.common.rest_client [req-8d39cd96-f88d-4300-8176-9e3a258b5461 req-8d39cd96-f88d-4300-8176-9e3a258b5461 ] Request (ServersAdmin275Test:test_rebuild_update_server_275): 202 POST http://10.180.1.21/compute/v2.1/servers/15409fa7-254c-435e-8080-46d3f65b2d46/action 1.871s
2024-09-16 06:53:44.058 62263 INFO tempest.lib.common.rest_client [req-aefad82f-b5ab-4a93-b4df-8f3acaab4c05 req-aefad82f-b5ab-4a93-b4df-8f3acaab4c05 ] Request (FloatingIPsNegativeTestJSON:tearDownClass): 204 DELETE http://10.180.1.21:9696/networking/v2.0/security-groups/4a6cb760-80a3-4f19-b70b-faa6c4779d40 0.384s
2024-09-16 06:53:44.075 62245 INFO tempest.lib.common.rest_client [req-fa3faf94-dce5-48e2-9588-fd7f970d0648 req-fa3faf94-dce5-48e2-9588-fd7f970d0648 ] Request (FlavorsAdminTestJSON:_run_cleanups): 200 GET http://10.180.1.21/compute/v2.1/flavors/detail 1.611s
2024-09-16 06:53:44.145 62258 INFO tempest.lib.common.rest_client [req-a7a87e89-65cd-4cc0-b293-7448dba99c9d req-a7a87e89-65cd-4cc0-b293-7448dba99c9d ] Request (SecurityGroupsTestAdminJSON:_run_cleanups): 202 DELETE http://10.180.1.21/compute/v2.1/os-security-groups/aa1587ce-50bc-4cee-9617-d3506746b942 1.713s
2024-09-16 06:53:44.145 62263 INFO tempest.lib.common.rest_client [req-a3dedb71-3bb0-4fd1-b677-28f4511c88fc req-a3dedb71-3bb0-4fd1-b677-28f4511c88fc ] Request (FloatingIPsNegativeTestJSON:tearDownClass): 204 DELETE http://10.180.1.21/identity/v3/projects/8ab157943eab41d7b5d07da9fa8d453d 0.086s
2024-09-16 06:53:44.171 62255 INFO tempest.lib.common.rest_client [req-c4254607-70bf-4486-ae54-b35e15dff13d req-c4254607-70bf-4486-ae54-b35e15dff13d ] Request (FloatingIPsAssociationTestJSON:setUpClass): 404 GET http://10.180.1.21/compute/v2.1/servers/4489993f-7d78-4891-8282-5d06d7689447 1.325s
2024-09-16 06:53:44.171 62255 INFO tempest.test [-] raised in FloatingIPsAssociationTestJSON.setUpClass. Invoking tearDownClass.
2024-09-16 06:53:44.217 62263 INFO tempest.lib.common.rest_client [req-a8ed4932-55b3-4c25-ad2a-c0deb1be1548 req-a8ed4932-55b3-4c25-ad2a-c0deb1be1548 ] Request (InstanceActionsV221TestJSON:setUpClass): 201 POST http://10.180.1.21/identity/v3/auth/tokens 0.071s
2024-09-16 06:53:44.233 62265 INFO tempest.lib.common.rest_client [req-69a2df81-9f3a-499d-afb7-cf2c8a69a61d req-69a2df81-9f3a-499d-afb7-cf2c8a69a61d ] Request (ImagesOneServerTestJSON:setUpClass): 201 POST http://10.180.1.21:9696/networking/v2.0/networks 0.496s
2024-09-16 06:53:44.234 62291 INFO tempest.lib.common.rest_client [req-42eed812-29ab-4cab-acae-f7b65b1c7167 req-42eed812-29ab-4cab-acae-f7b65b1c7167 ] Request (QuotasTestJSON:test_get_default_quotas): 200 GET http://10.180.1.21/compute/v2.1/os-quota-sets/eddaa63c295f4468ae3e20584513e337/defaults 1.676s
2024-09-16 06:53:44.248 62283 INFO tempest.lib.common.rest_client [req-b19296dd-34a8-4a03-8173-c1c2bc12c9cf req-b19296dd-34a8-4a03-8173-c1c2bc12c9cf ] Request (ServerRescueNegativeTestJSON:setUpClass): 200 GET http://10.180.1.21/compute/v2.1/servers/7396796d-77e5-4364-b889-9cf3cbdad3c9 1.317s
2024-09-16 06:53:44.259 62263 INFO tempest.lib.common.rest_client [req-b87cd961-8bc8-47c5-b97a-7a2d62fa4f32 req-b87cd961-8bc8-47c5-b97a-7a2d62fa4f32 ] Request (InstanceActionsV221TestJSON:setUpClass): 201 POST http://10.180.1.21/identity/v3/auth/tokens 0.037s
2024-09-16 06:53:44.277 62289 INFO tempest.lib.common.rest_client [req-48e2d76a-3d35-4dd7-b37e-186b656f079a req-48e2d76a-3d35-4dd7-b37e-186b656f079a ] Request (FlavorsAccessNegativeTestJSON:_run_cleanups): 200 GET http://10.180.1.21/compute/v2.1/flavors/detail 1.216s
2024-09-16 06:53:44.300 62259 INFO tempest.lib.common.rest_client [req-f9480cb2-fbbb-4f10-8dc9-2f2da11701b5 req-f9480cb2-fbbb-4f10-8dc9-2f2da11701b5 ] Request (VolumesAssistedSnapshotsTest:test_volume_assisted_snapshot_create_delete): 200 GET http://10.180.1.21/compute/v2.1/servers/57cc0a22-28ff-4a24-9fea-5c6a0a699a67 1.289s
2024-09-16 06:53:44.301 62258 INFO tempest.lib.common.rest_client [req-3a92c12a-92d2-4462-91e9-d994d2eb0b1b req-3a92c12a-92d2-4462-91e9-d994d2eb0b1b ] Request (SecurityGroupsTestAdminJSON:tearDownClass): 204 DELETE http://10.180.1.21/identity/v3/users/f64119c3b151413c920be47b38d6de57 0.153s
2024-09-16 06:53:44.314 62263 INFO tempest.lib.common.rest_client [req-aecb190b-4154-40c4-9b80-ee2366be1216 req-aecb190b-4154-40c4-9b80-ee2366be1216 ] Request (InstanceActionsV221TestJSON:setUpClass): 200 GET http://10.180.1.21/identity/v3/domains?name=Default 0.054s
2024-09-16 06:53:44.338 62279 INFO tempest.lib.common.rest_client [req-d3d36db7-9c5a-48d7-9ca5-281c55543b02 req-d3d36db7-9c5a-48d7-9ca5-281c55543b02 ] Request (ServerActionsTestJSON:setUpClass): 200 GET http://10.180.1.21/compute/v2.1/servers/289e3403-c90d-40f0-9e18-1d10c0f8aec4 1.247s
2024-09-16 06:53:44.342 62287 INFO tempest.lib.common.rest_client [req-bc1b3dff-93b2-4fcc-ab5a-e480e6b5e523 req-bc1b3dff-93b2-4fcc-ab5a-e480e6b5e523 ] Request (TenantUsagesNegativeTestJSON:test_get_usage_tenant_with_invalid_date): 400 GET http://10.180.1.21/compute/v2.1/os-simple-tenant-usage/4319022a528541168c5ad1d25efb8c1b?start=2024-09-17T06%3A53%3A41.965570&end=2024-09-15T06%3A53%3A41.965570 1.041s
2024-09-16 06:53:44.355 62247 INFO tempest.lib.common.rest_client [req-e637055a-e99d-4075-a671-32c50bc9c034 req-e637055a-e99d-4075-a671-32c50bc9c034 ] Request (AggregatesAdminNegativeTestJSON:test_aggregate_delete_with_invalid_id): 404 DELETE http://10.180.1.21/compute/v2.1/os-aggregates/-1 1.029s
2024-09-16 06:53:44.373 62243 INFO tempest.lib.common.rest_client [req-b97377a6-cc0e-4a21-a0f5-23dee2036508 req-b97377a6-cc0e-4a21-a0f5-23dee2036508 ] Request (ServersTestJSON:setUpClass): 200 GET http://10.180.1.21/compute/v2.1/servers/faa1794d-5941-40fb-bd78-2608fa2d5da0 1.144s
2024-09-16 06:53:44.412 62263 INFO tempest.lib.common.rest_client [req-96cace76-db6c-42c5-8f0d-7b6e49a757c3 req-96cace76-db6c-42c5-8f0d-7b6e49a757c3 ] Request (InstanceActionsV221TestJSON:setUpClass): 201 POST http://10.180.1.21/identity/v3/projects 0.097s
2024-09-16 06:53:44.431 62253 INFO tempest.lib.common.rest_client [req-1a0d764b-f041-4ca0-a135-893ca58f1a05 req-1a0d764b-f041-4ca0-a135-893ca58f1a05 ] Request (ServersWithSpecificFlavorTestJSON:test_verify_created_server_ephemeral_disk): 200 GET http://10.180.1.21/compute/v2.1/servers/465d94c2-5ebf-4b05-966e-9272e2ddebb3 1.022s
2024-09-16 06:53:44.433 62258 INFO tempest.lib.common.rest_client [req-93dc28b4-df01-4e98-aca8-22f8f56df92d req-93dc28b4-df01-4e98-aca8-22f8f56df92d ] Request (SecurityGroupsTestAdminJSON:tearDownClass): 204 DELETE http://10.180.1.21/identity/v3/users/c080f90104554678846fdaa36252525d 0.131s
2024-09-16 06:53:44.434 62258 INFO tempest.lib.common.dynamic_creds [-] Deleting project and security group for project: 02723b03e9db4e66bc9ad42f3f8d78ae
2024-09-16 06:53:44.498 62299 INFO tempest.lib.common.rest_client [req-15139a6a-83b7-4291-96ef-b25acc6a7160 req-15139a6a-83b7-4291-96ef-b25acc6a7160 ] Request (ServerDiagnosticsTest:test_get_server_diagnostics): 200 GET http://10.180.1.21/compute/v2.1/servers/c0f34d3e-39a1-4487-bd1f-ade41ef6832c 0.988s
2024-09-16 06:53:44.499 62258 INFO tempest.lib.common.rest_client [req-865e52b0-5110-4ed6-8bb7-30ccb5039a58 req-865e52b0-5110-4ed6-8bb7-30ccb5039a58 ] Request (SecurityGroupsTestAdminJSON:tearDownClass): 201 POST http://10.180.1.21/identity/v3/auth/tokens 0.065s
2024-09-16 06:53:44.537 62263 INFO tempest.lib.common.rest_client [req-aa9dc66b-6b4a-4e3d-a10d-4abd0daed004 req-aa9dc66b-6b4a-4e3d-a10d-4abd0daed004 ] Request (InstanceActionsV221TestJSON:setUpClass): 201 POST http://10.180.1.21/identity/v3/users 0.124s
2024-09-16 06:53:44.561 62265 INFO tempest.lib.common.rest_client [req-c4089f2d-1999-4ff6-9e78-9cadaea53e4c req-c4089f2d-1999-4ff6-9e78-9cadaea53e4c ] Request (ImagesOneServerTestJSON:setUpClass): 201 POST http://10.180.1.21:9696/networking/v2.0/subnets 0.328s
2024-09-16 06:53:44.619 62263 INFO tempest.lib.common.rest_client [req-fb4618d8-cbfb-49f2-847d-cd59b9de7169 req-fb4618d8-cbfb-49f2-847d-cd59b9de7169 ] Request (InstanceActionsV221TestJSON:setUpClass): 200 GET http://10.180.1.21/identity/v3/roles 0.082s
2024-09-16 06:53:44.645 62263 INFO tempest.lib.common.rest_client [req-6cb0d875-c112-49c4-949b-91191ed77314 req-6cb0d875-c112-49c4-949b-91191ed77314 ] Request (InstanceActionsV221TestJSON:setUpClass): 204 PUT http://10.180.1.21/identity/v3/projects/99c8317210514ebaa8a975fe063b5378/users/8352c796b8764961a489857ca33b5317/roles/54264ac68002466f880300d685431cd7 0.025s
2024-09-16 06:53:44.645 62263 INFO tempest.lib.common.dynamic_creds [-] Dynamic test user 8352c796b8764961a489857ca33b5317 is created with scope project and roles: ['member']
2024-09-16 06:53:44.646 62263 INFO tempest.lib.common.dynamic_creds [-] Acquired dynamic creds: credentials: Credentials: {'domain_id': 'default', 'domain_name': 'Default', 'username': 'tempest-InstanceActionsV221TestJSON-945743975-project-member', 'project_domain_id': 'default', 'project_domain_name': 'Default', 'project_id': '99c8317210514ebaa8a975fe063b5378', 'project_name': 'tempest-InstanceActionsV221TestJSON-945743975', 'tenant_id': '99c8317210514ebaa8a975fe063b5378', 'tenant_name': 'tempest-InstanceActionsV221TestJSON-945743975', 'user_domain_id': 'default', 'user_domain_name': 'Default', 'user_id': '8352c796b8764961a489857ca33b5317', 'system': None}, Network: None, Subnet: None, Router: None
2024-09-16 06:53:44.654 62258 INFO tempest.lib.common.rest_client [req-a741d0d5-dce6-41cc-83ce-be8a1faefa08 req-a741d0d5-dce6-41cc-83ce-be8a1faefa08 ] Request (SecurityGroupsTestAdminJSON:tearDownClass): 200 GET http://10.180.1.21:9696/networking/v2.0/security-groups?tenant_id=02723b03e9db4e66bc9ad42f3f8d78ae&name=default 0.155s
2024-09-16 06:53:44.710 62263 INFO tempest.lib.common.rest_client [req-e3608f2e-075a-4976-83df-a5512d9bb175 req-e3608f2e-075a-4976-83df-a5512d9bb175 ] Request (InstanceActionsV221TestJSON:setUpClass): 201 POST http://10.180.1.21/identity/v3/auth/tokens 0.064s
2024-09-16 06:53:44.904 62239 INFO tempest.lib.common.rest_client [req-1a3699d7-bd00-43f9-8d04-8675dfa9a8ac req-1a3699d7-bd00-43f9-8d04-8675dfa9a8ac ] Request (ServersAdminTestJSON:setUpClass): 202 POST http://10.180.1.21/compute/v2.1/servers 1.457s
2024-09-16 06:53:44.922 62258 INFO tempest.lib.common.rest_client [req-c3574f85-5183-4d5a-a402-1f3b090159b7 req-c3574f85-5183-4d5a-a402-1f3b090159b7 ] Request (SecurityGroupsTestAdminJSON:tearDownClass): 204 DELETE http://10.180.1.21:9696/networking/v2.0/security-groups/560b9bfd-6d4a-43fa-9019-e10fa7a4f61d 0.267s
2024-09-16 06:53:44.983 62269 INFO tempest.lib.common.rest_client [req-77c37ada-f569-48d4-bea9-b650e11b51f3 req-77c37ada-f569-48d4-bea9-b650e11b51f3 ] Request (ServerRescueTestJSON:setUpClass): 200 GET http://10.180.1.21/compute/v2.1/servers/3bd34ec2-5253-4578-baf3-11775de18ed4 1.410s
2024-09-16 06:53:44.993 62269 INFO tempest.common.waiters [-] State transition "BUILD/scheduling" ==> "BUILD/None" after 6 second wait
2024-09-16 06:53:45.011 62267 INFO tempest.lib.common.rest_client [req-1f362f5d-5df9-44d2-b00a-7a1b874e3d23 req-1f362f5d-5df9-44d2-b00a-7a1b874e3d23 ] Request (ServerExternalEventsTest:test_create_server_external_events): 404 GET http://10.180.1.21/compute/v2.1/servers/6a67dde1-ca25-493e-8d65-8d4cea487c85 1.360s
2024-09-16 06:53:45.028 62258 INFO tempest.lib.common.rest_client [req-c9cbc0cd-0549-442d-b0d0-232250dadc8d req-c9cbc0cd-0549-442d-b0d0-232250dadc8d ] Request (SecurityGroupsTestAdminJSON:tearDownClass): 204 DELETE http://10.180.1.21/identity/v3/projects/02723b03e9db4e66bc9ad42f3f8d78ae 0.105s
2024-09-16 06:53:45.029 62258 INFO tempest.lib.common.dynamic_creds [-] Deleting project and security group for project: f39efc189d2243779ffe745c4673a047
2024-09-16 06:53:45.080 62249 INFO tempest.lib.common.rest_client [req-99369157-b8b9-4e3d-886b-b96cc1e79b3c req-99369157-b8b9-4e3d-886b-b96cc1e79b3c ] Request (ListServerFiltersTestJSON:setUpClass): 202 POST http://10.180.1.21/compute/v2.1/servers 1.528s
2024-09-16 06:53:45.120 62258 INFO tempest.lib.common.rest_client [req-8ceab6f1-b4c3-4cc8-b470-ebd26d0c18cc req-8ceab6f1-b4c3-4cc8-b470-ebd26d0c18cc ] Request (SecurityGroupsTestAdminJSON:tearDownClass): 200 GET http://10.180.1.21:9696/networking/v2.0/security-groups?tenant_id=f39efc189d2243779ffe745c4673a047&name=default 0.090s
2024-09-16 06:53:45.141 62267 INFO tempest.lib.common.rest_client [req-34fd6e6d-09ac-4ea8-814e-cb87dab199bd req-34fd6e6d-09ac-4ea8-814e-cb87dab199bd ] Request (ServerExternalEventsTest:tearDownClass): 204 DELETE http://10.180.1.21/identity/v3/users/a744ab2e149d401cb723f5ff8037d426 0.122s
2024-09-16 06:53:45.144 62285 INFO tempest.lib.common.rest_client [req-23ac35ec-e288-49af-9129-cd56a9c50db9 req-23ac35ec-e288-49af-9129-cd56a9c50db9 ] Request (SecurityGroupsTestJSON:test_list_security_groups_by_server): 200 GET http://10.180.1.21/compute/v2.1/servers/d7c25703-df04-4289-92d6-226180c43082 1.223s
2024-09-16 06:53:45.220 62249 INFO tempest.lib.common.rest_client [req-25afb8a4-106c-485a-b41c-3521e5ae5b4a req-25afb8a4-106c-485a-b41c-3521e5ae5b4a ] Request (ListServerFiltersTestJSON:setUpClass): 201 POST http://10.180.1.21/identity/v3/auth/tokens 0.132s
2024-09-16 06:53:45.220 62249 INFO tempest.lib.common.fixed_network [-] (ListServerFiltersTestJSON:setUpClass) Found network {'id': 'c0a7cb0d-5e6f-4f14-81c5-ccab76f340e2', 'name': 'tempest-ListServerFiltersTestJSON-151434811-network', 'tenant_id': '4300067ba40e4949861567c49e3f8093', 'admin_state_up': True, 'mtu': 8950, 'status': 'ACTIVE', 'subnets': [], 'shared': False, 'project_id': '4300067ba40e4949861567c49e3f8093', 'port_security_enabled': True, 'router:external': False, 'provider:network_type': 'vlan', 'provider:physical_network': 'default', 'provider:segmentation_id': 42, 'is_default': False, 'availability_zone_hints': [], 'availability_zones': [], 'ipv4_address_scope': None, 'ipv6_address_scope': None, 'description': '', 'tags': [], 'created_at': '2024-09-16T06:53:42Z', 'updated_at': '2024-09-16T06:53:42Z', 'revision_number': 1} available for tenant
2024-09-16 06:53:45.271 62263 INFO tempest.lib.common.rest_client [req-40540ac9-57f1-41ba-bf09-b98fb8ee1148 req-40540ac9-57f1-41ba-bf09-b98fb8ee1148 ] Request (InstanceActionsV221TestJSON:setUpClass): 201 POST http://10.180.1.21:9696/networking/v2.0/networks 0.561s
2024-09-16 06:53:45.312 62267 INFO tempest.lib.common.rest_client [req-cb591a1b-0bb6-4edd-b0aa-4bbd2487a9c9 req-cb591a1b-0bb6-4edd-b0aa-4bbd2487a9c9 ] Request (ServerExternalEventsTest:tearDownClass): 204 DELETE http://10.180.1.21/identity/v3/users/01921272e85f4a6a9934366389417e4c 0.171s
2024-09-16 06:53:45.415 62255 INFO tempest.lib.common.rest_client [req-362f7907-fe84-44fb-b20e-0bec2a47ef12 req-362f7907-fe84-44fb-b20e-0bec2a47ef12 ] Request (FloatingIPsAssociationTestJSON:tearDownClass): 200 PUT http://10.180.1.21:9696/networking/v2.0/routers/9d513dd9-c88b-44be-8ce5-e6820fb563ad/remove_router_interface 1.243s
2024-09-16 06:53:45.500 62267 INFO tempest.lib.common.rest_client [req-cd9b862a-bfd4-4c82-9f8a-89004f87888c req-cd9b862a-bfd4-4c82-9f8a-89004f87888c ] Request (ServerExternalEventsTest:tearDownClass): 204 DELETE http://10.180.1.21/identity/v3/users/9dda701b2bef426facec0fba95adea91 0.187s
2024-09-16 06:53:45.500 62267 INFO tempest.lib.common.dynamic_creds [-] Deleting project and security group for project: 36c5b54a4d2b456e86ad1769c6b04116
2024-09-16 06:53:45.549 62273 INFO tempest.lib.common.rest_client [req-355e6f95-1e10-4811-bad7-fe43865ab3d6 req-355e6f95-1e10-4811-bad7-fe43865ab3d6 ] Request (ListImageFiltersTestJSON:setUpClass): 202 POST http://10.180.1.21/compute/v2.1/servers 1.622s
2024-09-16 06:53:45.557 62272 INFO tempest.lib.common.rest_client [req-0c3f56d7-80a6-41ee-a578-5f20ac9e8bec req-0c3f56d7-80a6-41ee-a578-5f20ac9e8bec ] Request (HypervisorAdminNegativeTestJSON:test_get_nonexistent_hypervisor_uptime): 404 GET http://10.180.1.21/compute/v2.1/os-hypervisors/fe37e592-bb3b-4376-867a-6450fadc6285/uptime 1.592s
2024-09-16 06:53:45.577 62258 INFO tempest.lib.common.rest_client [req-677f2f3a-ba1e-4d62-b94f-7b6c40b6e829 req-677f2f3a-ba1e-4d62-b94f-7b6c40b6e829 ] Request (SecurityGroupsTestAdminJSON:tearDownClass): 204 DELETE http://10.180.1.21:9696/networking/v2.0/security-groups/ca18ed88-0d46-4865-866a-2523b7e85784 0.454s
2024-09-16 06:53:45.599 62267 INFO tempest.lib.common.rest_client [req-05b76155-ba41-4895-8d14-614b7110c628 req-05b76155-ba41-4895-8d14-614b7110c628 ] Request (ServerExternalEventsTest:tearDownClass): 201 POST http://10.180.1.21/identity/v3/auth/tokens 0.099s
2024-09-16 06:53:45.635 62297 INFO tempest.lib.common.rest_client [req-3db4b9c0-ef97-4c96-b032-5702cd6f3bb9 req-3db4b9c0-ef97-4c96-b032-5702cd6f3bb9 ] Request (SecurityGroupRulesNegativeTestJSON:test_create_security_group_rule_duplicate): 200 POST http://10.180.1.21/compute/v2.1/os-security-groups 1.898s
2024-09-16 06:53:45.706 62276 INFO tempest.lib.common.rest_client [req-07b65fe6-500a-4158-b772-7abc222b6d5a req-07b65fe6-500a-4158-b772-7abc222b6d5a ] Request (DeleteServersAdminTestJSON:test_delete_server_while_in_error_state): 200 GET http://10.180.1.21/compute/v2.1/servers/ab167fa4-062b-4137-801c-9b57a17b20e2 1.717s
2024-09-16 06:53:45.722 62237 INFO tempest.lib.common.rest_client [req-e7c4009e-69e2-418a-8997-d62fae273e89 req-e7c4009e-69e2-418a-8997-d62fae273e89 ] Request (ServersNegativeTestJSON:setUpClass): 200 GET http://10.180.1.21/compute/v2.1/servers/6ac79769-fc49-4dd9-abae-fc2113983257 1.673s
2024-09-16 06:53:45.757 62245 INFO tempest.lib.common.rest_client [req-32e4e32a-00b2-4389-a9fc-07f404a1f235 req-32e4e32a-00b2-4389-a9fc-07f404a1f235 ] Request (FlavorsAdminTestJSON:test_create_server_with_non_public_flavor): 200 POST http://10.180.1.21/compute/v2.1/flavors 1.676s
2024-09-16 06:53:45.787 62258 INFO tempest.lib.common.rest_client [req-034ca85b-b08d-4c09-b55c-0510287688fd req-034ca85b-b08d-4c09-b55c-0510287688fd ] Request (SecurityGroupsTestAdminJSON:tearDownClass): 204 DELETE http://10.180.1.21/identity/v3/projects/f39efc189d2243779ffe745c4673a047 0.210s
2024-09-16 06:53:45.827 62277 INFO tempest.lib.common.rest_client [req-b3bb48d9-6abc-491b-bfac-ea281069e02c req-b3bb48d9-6abc-491b-bfac-ea281069e02c ] Request (ServersAdmin275Test:test_rebuild_update_server_275): 200 GET http://10.180.1.21/compute/v2.1/servers/15409fa7-254c-435e-8080-46d3f65b2d46 1.766s
2024-09-16 06:53:45.841 62263 INFO tempest.lib.common.rest_client [req-7850089c-aa1c-447d-a858-3ddc6dddfcb6 req-7850089c-aa1c-447d-a858-3ddc6dddfcb6 ] Request (InstanceActionsV221TestJSON:setUpClass): 201 POST http://10.180.1.21:9696/networking/v2.0/subnets 0.570s
2024-09-16 06:53:45.849 62251 INFO tempest.lib.common.rest_client [req-33fdee34-3dd9-41a9-ba27-0db04660a951 req-33fdee34-3dd9-41a9-ba27-0db04660a951 ] Request (AttachInterfacesTestJSON:test_create_list_show_delete_interfaces_by_fixed_ip): 200 GET http://10.180.1.21/compute/v2.1/servers/123175a1-51a6-4463-8d90-c6b10770f905 1.717s
2024-09-16 06:53:45.872 62289 INFO tempest.lib.common.rest_client [req-a81fe550-0f48-431c-9b19-9e06a3910bd7 req-a81fe550-0f48-431c-9b19-9e06a3910bd7 ] Request (FlavorsAccessNegativeTestJSON:test_remove_flavor_access_not_found): 200 POST http://10.180.1.21/compute/v2.1/flavors 1.581s
2024-09-16 06:53:45.894 62258 INFO tempest.lib.common.rest_client [req-f41db879-4f61-4d61-af83-3b97809475a2 req-f41db879-4f61-4d61-af83-3b97809475a2 ] Request (VolumesAdminNegativeTest:setUpClass): 201 POST http://10.180.1.21/identity/v3/auth/tokens 0.105s
2024-09-16 06:53:45.962 62291 INFO tempest.lib.common.rest_client [req-7d496ddc-7af2-47e2-a028-a46b7fe01b7f req-7d496ddc-7af2-47e2-a028-a46b7fe01b7f ] Request (QuotasTestJSON:test_get_quotas): 200 GET http://10.180.1.21/compute/v2.1/os-quota-sets/eddaa63c295f4468ae3e20584513e337 1.724s
2024-09-16 06:53:45.965 62267 INFO tempest.lib.common.rest_client [req-97c89c3f-3564-47af-a5e0-1de1b6282775 req-97c89c3f-3564-47af-a5e0-1de1b6282775 ] Request (ServerExternalEventsTest:tearDownClass): 200 GET http://10.180.1.21:9696/networking/v2.0/security-groups?tenant_id=36c5b54a4d2b456e86ad1769c6b04116&name=default 0.365s
2024-09-16 06:53:45.978 62287 INFO tempest.lib.common.rest_client [req-bbeb7afb-381b-42a6-a9b5-930111d48bf7 req-bbeb7afb-381b-42a6-a9b5-930111d48bf7 ] Request (TenantUsagesNegativeTestJSON:test_list_usage_all_tenants_with_non_admin_user): 403 GET http://10.180.1.21/compute/v2.1/os-simple-tenant-usage?start=2024-09-15T06%3A53%3A41.965570&end=2024-09-17T06%3A53%3A41.965570&detailed=1 1.633s
2024-09-16 06:53:45.979 62258 INFO tempest.lib.common.rest_client [req-47a2c56b-692f-40ad-992f-f3b84fd96fb8 req-47a2c56b-692f-40ad-992f-f3b84fd96fb8 ] Request (VolumesAdminNegativeTest:setUpClass): 201 POST http://10.180.1.21/identity/v3/auth/tokens 0.081s
2024-09-16 06:53:45.994 62247 INFO tempest.lib.common.rest_client [req-3b88db76-13f0-4e4f-a736-3276d3c546ea req-3b88db76-13f0-4e4f-a736-3276d3c546ea ] Request (AggregatesAdminNegativeTestJSON:test_aggregate_get_details_as_user): 200 POST http://10.180.1.21/compute/v2.1/os-aggregates 1.634s
2024-09-16 06:53:46.013 62258 INFO tempest.lib.common.rest_client [req-3e7e01fc-304a-45df-b0d1-703d97588831 req-3e7e01fc-304a-45df-b0d1-703d97588831 ] Request (VolumesAdminNegativeTest:setUpClass): 200 GET http://10.180.1.21/identity/v3/domains?name=Default 0.033s
2024-09-16 06:53:46.042 62258 INFO tempest.lib.common.rest_client [req-cd8ddc4d-848a-4a42-bb11-003af1a8e094 req-cd8ddc4d-848a-4a42-bb11-003af1a8e094 ] Request (VolumesAdminNegativeTest:setUpClass): 201 POST http://10.180.1.21/identity/v3/projects 0.029s
2024-09-16 06:53:46.057 62287 INFO tempest.lib.common.rest_client [req-2db1e7db-89b8-46e4-90ab-e26b511a8753 req-2db1e7db-89b8-46e4-90ab-e26b511a8753 ] Request (TenantUsagesNegativeTestJSON:tearDownClass): 204 DELETE http://10.180.1.21/identity/v3/users/4e0b1613e5304823b14ca36aa75c2f17 0.077s
2024-09-16 06:53:46.059 62281 INFO tempest.lib.common.rest_client [req-7901fa19-c142-4005-8ecf-7c5e41a87e59 req-7901fa19-c142-4005-8ecf-7c5e41a87e59 ] Request (MigrationsAdminTest:test_list_migrations_in_flavor_resize_situation): 200 GET http://10.180.1.21/compute/v2.1/servers/e7739874-2088-48e3-b970-96b3d935477b 1.169s
2024-09-16 06:53:46.065 62293 INFO tempest.lib.common.rest_client [req-2df89f4d-3357-4e4b-b07d-5b288fdaee07 req-2df89f4d-3357-4e4b-b07d-5b288fdaee07 ] Request (ListServersNegativeTestJSON:setUpClass): 200 GET http://10.180.1.21/compute/v2.1/servers/dc980828-985b-4da1-b3fe-e3cda8b84a6a 1.650s
2024-09-16 06:53:46.073 62293 INFO tempest.common.waiters [-] State transition "BUILD/scheduling" ==> "ERROR/None" after 30 second wait
2024-09-16 06:53:46.121 62239 INFO tempest.lib.common.rest_client [req-4670771d-ba15-4ce0-8373-b02e87768e19 req-4670771d-ba15-4ce0-8373-b02e87768e19 ] Request (ServersAdminTestJSON:setUpClass): 200 GET http://10.180.1.21/compute/v2.1/servers/e3c65b37-a2b9-43dd-bcc5-f7aaf1e8d6f6 1.216s
2024-09-16 06:53:46.145 62241 INFO tempest.lib.common.rest_client [req-d9d1d146-233c-42fc-bd68-0b29df809cbf req-d9d1d146-233c-42fc-bd68-0b29df809cbf ] Request (FloatingIPsAssociationNegativeTestJSON:setUpClass): 200 GET http://10.180.1.21/compute/v2.1/servers/b6186f74-8a8e-4145-8126-7048ad29673f 1.186s
2024-09-16 06:53:46.147 62258 INFO tempest.lib.common.rest_client [req-65f0dd17-ae6f-448a-aebc-9cd42a253bc8 req-65f0dd17-ae6f-448a-aebc-9cd42a253bc8 ] Request (VolumesAdminNegativeTest:setUpClass): 201 POST http://10.180.1.21/identity/v3/users 0.104s
2024-09-16 06:53:46.155 62267 INFO tempest.lib.common.rest_client [req-a3ba8af6-f7cf-421b-86ee-864851dce16c req-a3ba8af6-f7cf-421b-86ee-864851dce16c ] Request (ServerExternalEventsTest:tearDownClass): 204 DELETE http://10.180.1.21:9696/networking/v2.0/security-groups/d84c8a84-89fe-4d59-a7b2-995fa104f345 0.190s
2024-09-16 06:53:46.165 62287 INFO tempest.lib.common.rest_client [req-3ff579fa-d281-4d20-9b67-93cb380bf58b req-3ff579fa-d281-4d20-9b67-93cb380bf58b ] Request (TenantUsagesNegativeTestJSON:tearDownClass): 204 DELETE http://10.180.1.21/identity/v3/users/a19744754265499086f9f3fe62313291 0.107s
2024-09-16 06:53:46.166 62287 INFO tempest.lib.common.dynamic_creds [-] Deleting project and security group for project: b9846c688e374713a6657aaf01db4741
2024-09-16 06:53:46.190 62295 INFO tempest.lib.common.rest_client [req-e65770b0-667a-4e86-8b11-a96e34cbef44 req-e65770b0-667a-4e86-8b11-a96e34cbef44 ] Request (ImagesOneServerNegativeTestJSON:setUpClass): 200 GET http://10.180.1.21/compute/v2.1/servers/1575bafd-50f9-43d8-bec9-dcc9b6e0fc9f 1.164s
2024-09-16 06:53:46.210 62258 INFO tempest.lib.common.rest_client [req-7413b2b5-836b-4b40-8aac-9ba754421936 req-7413b2b5-836b-4b40-8aac-9ba754421936 ] Request (VolumesAdminNegativeTest:setUpClass): 200 GET http://10.180.1.21/identity/v3/roles 0.062s
2024-09-16 06:53:46.210 62255 INFO tempest.lib.common.rest_client [req-d9200c63-244b-4bbf-baa7-ec08ce25a94f req-d9200c63-244b-4bbf-baa7-ec08ce25a94f ] Request (FloatingIPsAssociationTestJSON:tearDownClass): 204 DELETE http://10.180.1.21:9696/networking/v2.0/routers/9d513dd9-c88b-44be-8ce5-e6820fb563ad 0.794s
2024-09-16 06:53:46.235 62287 INFO tempest.lib.common.rest_client [req-8c949a88-9526-4471-b743-344955150151 req-8c949a88-9526-4471-b743-344955150151 ] Request (TenantUsagesNegativeTestJSON:tearDownClass): 201 POST http://10.180.1.21/identity/v3/auth/tokens 0.069s
2024-09-16 06:53:46.247 62265 INFO tempest.lib.common.rest_client [req-c9a3fd0d-4b21-49fc-97d3-eceb02148ffb req-c9a3fd0d-4b21-49fc-97d3-eceb02148ffb ] Request (ImagesOneServerTestJSON:setUpClass): 201 POST http://10.180.1.21:9696/networking/v2.0/routers 1.685s
2024-09-16 06:53:46.259 62258 INFO tempest.lib.common.rest_client [req-c5574ac3-c386-4110-a75f-53f05520f049 req-c5574ac3-c386-4110-a75f-53f05520f049 ] Request (VolumesAdminNegativeTest:setUpClass): 204 PUT http://10.180.1.21/identity/v3/projects/c93358b7815d4b5ea3b188965c276329/users/041d24bce7f14a24b84fa108f731283b/roles/54264ac68002466f880300d685431cd7 0.049s
2024-09-16 06:53:46.259 62258 INFO tempest.lib.common.dynamic_creds [-] Dynamic test user 041d24bce7f14a24b84fa108f731283b is created with scope project and roles: ['member']
2024-09-16 06:53:46.259 62258 INFO tempest.lib.common.dynamic_creds [-] Acquired dynamic creds: credentials: Credentials: {'domain_id': 'default', 'domain_name': 'Default', 'username': 'tempest-VolumesAdminNegativeTest-2122117178-project-member', 'project_domain_id': 'default', 'project_domain_name': 'Default', 'project_id': 'c93358b7815d4b5ea3b188965c276329', 'project_name': 'tempest-VolumesAdminNegativeTest-2122117178', 'tenant_id': 'c93358b7815d4b5ea3b188965c276329', 'tenant_name': 'tempest-VolumesAdminNegativeTest-2122117178', 'user_domain_id': 'default', 'user_domain_name': 'Default', 'user_id': '041d24bce7f14a24b84fa108f731283b', 'system': None}, Network: None, Subnet: None, Router: None
2024-09-16 06:53:46.263 62283 INFO tempest.lib.common.rest_client [req-6ab383c5-d766-4cb7-bf1c-7118c3db2ed8 req-6ab383c5-d766-4cb7-bf1c-7118c3db2ed8 ] Request (ServerRescueNegativeTestJSON:setUpClass): 200 GET http://10.180.1.21/compute/v2.1/servers/7396796d-77e5-4364-b889-9cf3cbdad3c9 1.004s
