2024-09-16 06:55:28.108 62276 INFO tempest.lib.common.rest_client [req-ba65d822-035d-4e82-a9f6-9c21ac4c93b8 req-ba65d822-035d-4e82-a9f6-9c21ac4c93b8 ] Request (AttachInterfacesUnderV243Test:setUpClass): 204 PUT http://10.180.1.21/identity/v3/projects/0b5041eab4c4480c9221aefa7838ab27/users/83fc5232a1484305b2800d56f539c251/roles/54264ac68002466f880300d685431cd7 0.024s
2024-09-16 06:55:28.108 62276 INFO tempest.lib.common.dynamic_creds [-] Dynamic test user 83fc5232a1484305b2800d56f539c251 is created with scope project and roles: ['member']
2024-09-16 06:55:28.108 62276 INFO tempest.lib.common.dynamic_creds [-] Acquired dynamic creds: credentials: Credentials: {'domain_id': 'default', 'domain_name': 'Default', 'username': 'tempest-AttachInterfacesUnderV243Test-145862007-project-member', 'project_domain_id': 'default', 'project_domain_name': 'Default', 'project_id': '0b5041eab4c4480c9221aefa7838ab27', 'project_name': 'tempest-AttachInterfacesUnderV243Test-145862007', 'tenant_id': '0b5041eab4c4480c9221aefa7838ab27', 'tenant_name': 'tempest-AttachInterfacesUnderV243Test-145862007', 'user_domain_id': 'default', 'user_domain_name': 'Default', 'user_id': '83fc5232a1484305b2800d56f539c251', 'system': None}, Network: None, Subnet: None, Router: None
2024-09-16 06:55:28.124 62249 INFO tempest.lib.common.rest_client [req-2e254db7-6e22-430a-80a9-23666967d82f req-2e254db7-6e22-430a-80a9-23666967d82f ] Request (ListServerFiltersTestJSON:setUpClass): 200 GET http://10.180.1.21/compute/v2.1/servers/1419e5a8-a78f-44f1-bfc4-00fcf176bf35 0.047s
2024-09-16 06:55:28.148 62251 INFO tempest.lib.common.rest_client [req-be03d76d-dc85-4dff-96db-90e3ba1c901b req-be03d76d-dc85-4dff-96db-90e3ba1c901b ] Request (AttachInterfacesTestJSON:test_create_list_show_delete_interfaces_by_network_port): 200 GET http://10.180.1.21/compute/v2.1/servers/71192360-6ee6-4876-bf37-da987a09cbb2 0.045s
2024-09-16 06:55:28.157 62276 INFO tempest.lib.common.rest_client [req-df37cb0d-04b8-469f-b780-7b3e6d8ba555 req-df37cb0d-04b8-469f-b780-7b3e6d8ba555 ] Request (AttachInterfacesUnderV243Test:setUpClass): 201 POST http://10.180.1.21/identity/v3/auth/tokens 0.048s
2024-09-16 06:55:28.243 62247 INFO tempest.lib.common.rest_client [req-2aa95df8-c4ef-486b-acf4-5e6f41966f63 req-2aa95df8-c4ef-486b-acf4-5e6f41966f63 ] Request (ServersV294TestFqdnHostnames:setUpClass): 200 GET http://10.180.1.21/compute/v2.1/servers/210af329-4cdb-4c3f-9e82-e72a2ea79421 0.054s
2024-09-16 06:55:28.269 62297 INFO tempest.lib.common.rest_client [req-f1e0d4d2-ecec-4ca8-a8ac-2920f3997525 req-f1e0d4d2-ecec-4ca8-a8ac-2920f3997525 ] Request (ServerActionsTestOtherB:setUpClass): 200 GET http://10.180.1.21/compute/v2.1/servers/5a8cded8-bcfb-4488-a736-fb6b6aad5a94 0.049s
2024-09-16 06:55:28.316 62272 INFO tempest.lib.common.rest_client [req-c2362e37-23cd-4044-bdda-3effae490746 req-c2362e37-23cd-4044-bdda-3effae490746 ] Request (ServersTestMultiNic:test_verify_duplicate_network_nics): 200 GET http://10.180.1.21/compute/v2.1/servers/1d9b67b5-c0cf-41ff-a838-79caf8789609 0.045s
2024-09-16 06:55:28.382 62285 INFO tempest.lib.common.rest_client [req-5d9d9f98-df49-4146-9bac-e9af7976a772 req-5d9d9f98-df49-4146-9bac-e9af7976a772 ] Request (SecurityGroupsTestJSON:test_server_security_groups): 200 GET http://10.180.1.21/compute/v2.1/servers/4e617bb5-84e4-4505-99e3-61289826f511 0.052s
2024-09-16 06:55:28.408 62276 INFO tempest.lib.common.rest_client [req-2d51fee1-d3c5-4a11-a19e-c66497370c7c req-2d51fee1-d3c5-4a11-a19e-c66497370c7c ] Request (AttachInterfacesUnderV243Test:setUpClass): 201 POST http://10.180.1.21:9696/networking/v2.0/networks 0.251s
2024-09-16 06:55:28.419 62263 INFO tempest.lib.common.rest_client [req-923312e0-d2b3-465a-aa8b-5a6fadd559ba req-923312e0-d2b3-465a-aa8b-5a6fadd559ba ] Request (InstanceActionsV221TestJSON:test_get_list_deleted_instance_actions): 200 GET http://10.180.1.21/compute/v2.1/servers/762e429f-f690-43c4-95eb-877caf1cdad7 0.051s
2024-09-16 06:55:28.435 62265 INFO tempest.lib.common.rest_client [req-ae351970-684f-4fdf-9f8d-a25b21a04a80 req-ae351970-684f-4fdf-9f8d-a25b21a04a80 ] Request (ImagesOneServerTestJSON:setUpClass): 200 GET http://10.180.1.21/compute/v2.1/servers/1298037f-9cb7-4e2b-b70f-2ab24efe9b91 0.055s
2024-09-16 06:55:28.466 62239 INFO tempest.lib.common.rest_client [req-977a4d81-d647-445b-acc4-37c2b5f4f39e req-977a4d81-d647-445b-acc4-37c2b5f4f39e ] Request (ServersAdminTestJSON:setUpClass): 200 GET http://10.180.1.21/compute/v2.1/servers/e3c65b37-a2b9-43dd-bcc5-f7aaf1e8d6f6 0.055s
2024-09-16 06:55:28.489 62269 INFO tempest.lib.common.rest_client [req-331c752a-7299-49d0-9150-d155fd73d42d req-331c752a-7299-49d0-9150-d155fd73d42d ] Request (ServerShowV257Test:test_rebuild_server): 200 GET http://10.180.1.21/compute/v2.1/servers/a9783a2a-a7d3-4fbe-9590-d530ac24fa82 0.050s
2024-09-16 06:55:28.507 62258 INFO tempest.lib.common.rest_client [req-6f1c69e5-b3a2-4009-b76f-3f119cf5b788 req-6f1c69e5-b3a2-4009-b76f-3f119cf5b788 ] Request (VolumesAdminNegativeTest:test_update_attached_volume_with_nonexistent_volume_in_body): 200 GET http://10.180.1.21/compute/v2.1/servers/eb27703f-b657-423a-90a9-a7c024a2e473 0.051s
2024-09-16 06:55:28.542 62267 INFO tempest.lib.common.rest_client [req-298c95f7-e903-47ec-980c-d4621d8784bf req-298c95f7-e903-47ec-980c-d4621d8784bf ] Request (ServerMetadataNegativeTestJSON:setUpClass): 200 GET http://10.180.1.21/compute/v2.1/servers/72688992-333f-459d-9d05-f7c728961a6d 0.051s
2024-09-16 06:55:28.574 62261 INFO tempest.lib.common.rest_client [req-aa30df52-1931-4aa8-af3b-20827f16fc28 req-aa30df52-1931-4aa8-af3b-20827f16fc28 ] Request (ServerDiagnosticsV248Test:test_get_server_diagnostics): 200 GET http://10.180.1.21/compute/v2.1/servers/5e80a5c8-030c-4ad8-90c4-26136fa39d71 0.051s
2024-09-16 06:55:28.592 62276 INFO tempest.lib.common.rest_client [req-cf9f3316-096b-470a-8123-63d6d2248468 req-cf9f3316-096b-470a-8123-63d6d2248468 ] Request (AttachInterfacesUnderV243Test:setUpClass): 201 POST http://10.180.1.21:9696/networking/v2.0/subnets 0.183s
2024-09-16 06:55:28.596 62245 INFO tempest.lib.common.rest_client [req-7d39c578-1b3c-4fdc-ac5e-a161986fc29a req-7d39c578-1b3c-4fdc-ac5e-a161986fc29a ] Request (ServerDiagnosticsNegativeTest:test_get_server_diagnostics_by_non_admin): 200 GET http://10.180.1.21/compute/v2.1/servers/415cc4a5-7610-4678-971d-cd00a0e8b54d 0.049s
2024-09-16 06:55:28.632 62289 INFO tempest.lib.common.rest_client [req-4f81c6cb-c9fa-425e-b48d-c1194a538585 req-4f81c6cb-c9fa-425e-b48d-c1194a538585 ] Request (ServersTestManualDisk:setUpClass): 200 GET http://10.180.1.21/compute/v2.1/servers/49f6c198-13b7-4c07-81d8-c010e7b0598e 0.047s
2024-09-16 06:55:28.644 62255 INFO tempest.lib.common.rest_client [req-1ef2cedd-5642-4ee1-974d-aa20435e1a6c req-1ef2cedd-5642-4ee1-974d-aa20435e1a6c ] Request (ServersTestBootFromVolume:setUpClass): 200 GET http://10.180.1.21/compute/v2.1/servers/334fd514-c7b5-402f-935e-1d95f9b5dbc8 0.053s
2024-09-16 06:55:28.684 62279 INFO tempest.lib.common.rest_client [req-ad669650-d17b-4740-a809-f38566e39f61 req-ad669650-d17b-4740-a809-f38566e39f61 ] Request (ServersAaction247Test:test_create_backup): 200 GET http://10.180.1.21/compute/v2.1/servers/30d82c70-1401-4a1a-a88b-f798f8fbf96a 0.045s
2024-09-16 06:55:28.792 62273 INFO tempest.lib.common.rest_client [req-31c42ad0-3bd8-4ed0-a845-926b350f89ec req-31c42ad0-3bd8-4ed0-a845-926b350f89ec ] Request (ListImageFiltersTestJSON:setUpClass): 200 GET http://10.180.1.21/compute/v2.1/servers/7ff67667-32ce-48ee-bae6-32a7b7d0bfd4 0.054s
2024-09-16 06:55:28.918 62281 INFO tempest.lib.common.rest_client [req-03101e9b-322e-480a-872e-45e51d9fa725 req-03101e9b-322e-480a-872e-45e51d9fa725 ] Request (MigrationsAdminTest:test_resize_server_revert_deleted_flavor): 200 GET http://10.180.1.21/compute/v2.1/servers/f3a6527c-777e-4a07-9482-598de15d4eb3 0.057s
2024-09-16 06:55:29.010 62259 INFO tempest.lib.common.rest_client [req-c7fa9e73-f4c8-4a95-8b13-0876c15bcdf4 req-c7fa9e73-f4c8-4a95-8b13-0876c15bcdf4 ] Request (ServerDiskConfigTestJSON:test_rebuild_server_with_auto_disk_config): 200 GET http://10.180.1.21/compute/v2.1/servers/596af5ab-1791-42ce-93d2-3e4f0a47dfa2 0.050s
2024-09-16 06:55:29.077 62243 INFO tempest.lib.common.rest_client [req-ae2b7e7a-a3ca-464e-9156-43fae8a5dbf3 req-ae2b7e7a-a3ca-464e-9156-43fae8a5dbf3 ] Request (ServerRescueTestJSONUnderV235:setUpClass): 200 GET http://10.180.1.21/compute/v2.1/servers/64ff4a7b-ec89-48cd-8fb6-124e0726d6f0 0.061s
2024-09-16 06:55:29.106 62295 INFO tempest.lib.common.rest_client [req-f0cdd9b0-d077-4ff6-93cd-f8959597336a req-f0cdd9b0-d077-4ff6-93cd-f8959597336a ] Request (ServerActionsTestOtherA:setUpClass): 200 GET http://10.180.1.21/compute/v2.1/servers/f10356f8-5eb4-4f6a-bd5b-7fcfdce03e5c 0.199s
2024-09-16 06:55:29.151 62253 INFO tempest.lib.common.rest_client [req-1f795b7e-acb2-4701-91a3-8c7de43611ae req-1f795b7e-acb2-4701-91a3-8c7de43611ae ] Request (AttachInterfacesV270Test:test_create_get_list_interfaces): 200 GET http://10.180.1.21/compute/v2.1/servers/af49714d-8e50-4159-96a5-cf8f70580471 0.050s
2024-09-16 06:55:29.176 62249 INFO tempest.lib.common.rest_client [req-dd8d8586-b136-433b-b3fe-90516dc064fa req-dd8d8586-b136-433b-b3fe-90516dc064fa ] Request (ListServerFiltersTestJSON:setUpClass): 200 GET http://10.180.1.21/compute/v2.1/servers/1419e5a8-a78f-44f1-bfc4-00fcf176bf35 0.046s
2024-09-16 06:55:29.202 62251 INFO tempest.lib.common.rest_client [req-768c6760-f255-41c9-82a5-4d8c08e04bd7 req-768c6760-f255-41c9-82a5-4d8c08e04bd7 ] Request (AttachInterfacesTestJSON:test_create_list_show_delete_interfaces_by_network_port): 200 GET http://10.180.1.21/compute/v2.1/servers/71192360-6ee6-4876-bf37-da987a09cbb2 0.047s
2024-09-16 06:55:29.304 62247 INFO tempest.lib.common.rest_client [req-88a70454-dd1b-4a2b-84f9-c50ae884c486 req-88a70454-dd1b-4a2b-84f9-c50ae884c486 ] Request (ServersV294TestFqdnHostnames:setUpClass): 200 GET http://10.180.1.21/compute/v2.1/servers/210af329-4cdb-4c3f-9e82-e72a2ea79421 0.052s
2024-09-16 06:55:29.326 62297 INFO tempest.lib.common.rest_client [req-d4d27162-57dd-47fb-b78f-c4e59b8e4dfd req-d4d27162-57dd-47fb-b78f-c4e59b8e4dfd ] Request (ServerActionsTestOtherB:setUpClass): 200 GET http://10.180.1.21/compute/v2.1/servers/5a8cded8-bcfb-4488-a736-fb6b6aad5a94 0.050s
2024-09-16 06:55:29.369 62272 INFO tempest.lib.common.rest_client [req-9efca1f1-5348-482d-b9e0-b1ad0f5ac601 req-9efca1f1-5348-482d-b9e0-b1ad0f5ac601 ] Request (ServersTestMultiNic:test_verify_duplicate_network_nics): 200 GET http://10.180.1.21/compute/v2.1/servers/1d9b67b5-c0cf-41ff-a838-79caf8789609 0.046s
2024-09-16 06:55:29.379 62276 INFO tempest.lib.common.rest_client [req-c2c6c50d-b077-4157-917b-2542df2f4842 req-c2c6c50d-b077-4157-917b-2542df2f4842 ] Request (AttachInterfacesUnderV243Test:setUpClass): 201 POST http://10.180.1.21:9696/networking/v2.0/routers 0.787s
2024-09-16 06:55:29.438 62285 INFO tempest.lib.common.rest_client [req-20ff6b58-1e8f-4d8d-bffe-b9efa89e21bf req-20ff6b58-1e8f-4d8d-bffe-b9efa89e21bf ] Request (SecurityGroupsTestJSON:test_server_security_groups): 200 GET http://10.180.1.21/compute/v2.1/servers/4e617bb5-84e4-4505-99e3-61289826f511 0.049s
2024-09-16 06:55:29.479 62263 INFO tempest.lib.common.rest_client [req-29547005-8f40-4d7e-a510-5f18999b6072 req-29547005-8f40-4d7e-a510-5f18999b6072 ] Request (InstanceActionsV221TestJSON:test_get_list_deleted_instance_actions): 200 GET http://10.180.1.21/compute/v2.1/servers/762e429f-f690-43c4-95eb-877caf1cdad7 0.049s
2024-09-16 06:55:29.512 62265 INFO tempest.lib.common.rest_client [req-927e130f-4324-467f-a414-f689f49ab1f5 req-927e130f-4324-467f-a414-f689f49ab1f5 ] Request (ImagesOneServerTestJSON:setUpClass): 200 GET http://10.180.1.21/compute/v2.1/servers/1298037f-9cb7-4e2b-b70f-2ab24efe9b91 0.070s
2024-09-16 06:55:29.525 62239 INFO tempest.lib.common.rest_client [req-190dd192-f8ea-4b8d-ae23-2a15cda46724 req-190dd192-f8ea-4b8d-ae23-2a15cda46724 ] Request (ServersAdminTestJSON:setUpClass): 200 GET http://10.180.1.21/compute/v2.1/servers/e3c65b37-a2b9-43dd-bcc5-f7aaf1e8d6f6 0.052s
2024-09-16 06:55:29.571 62269 INFO tempest.lib.common.rest_client [req-019e8c48-49ff-4470-99aa-3af5a92119f9 req-019e8c48-49ff-4470-99aa-3af5a92119f9 ] Request (ServerShowV257Test:test_rebuild_server): 200 GET http://10.180.1.21/compute/v2.1/servers/a9783a2a-a7d3-4fbe-9590-d530ac24fa82 0.074s
2024-09-16 06:55:29.581 62258 INFO tempest.lib.common.rest_client [req-4407a8bb-ebd4-4168-8942-f2bebd28d192 req-4407a8bb-ebd4-4168-8942-f2bebd28d192 ] Request (VolumesAdminNegativeTest:test_update_attached_volume_with_nonexistent_volume_in_body): 200 GET http://10.180.1.21/compute/v2.1/servers/eb27703f-b657-423a-90a9-a7c024a2e473 0.067s
2024-09-16 06:55:29.590 62258 INFO tempest.common.waiters [-] State transition "BUILD/scheduling" ==> "BUILD/None" after 87 second wait
2024-09-16 06:55:29.624 62267 INFO tempest.lib.common.rest_client [req-77f82471-a33d-4dd5-90f0-b18fbaf6d216 req-77f82471-a33d-4dd5-90f0-b18fbaf6d216 ] Request (ServerMetadataNegativeTestJSON:setUpClass): 200 GET http://10.180.1.21/compute/v2.1/servers/72688992-333f-459d-9d05-f7c728961a6d 0.074s
2024-09-16 06:55:29.634 62261 INFO tempest.lib.common.rest_client [req-29cf94b0-ef69-498f-9b02-53691574fae7 req-29cf94b0-ef69-498f-9b02-53691574fae7 ] Request (ServerDiagnosticsV248Test:test_get_server_diagnostics): 200 GET http://10.180.1.21/compute/v2.1/servers/5e80a5c8-030c-4ad8-90c4-26136fa39d71 0.047s
2024-09-16 06:55:29.680 62245 INFO tempest.lib.common.rest_client [req-16dedef1-f34d-4aa5-948e-5df088b05f14 req-16dedef1-f34d-4aa5-948e-5df088b05f14 ] Request (ServerDiagnosticsNegativeTest:test_get_server_diagnostics_by_non_admin): 200 GET http://10.180.1.21/compute/v2.1/servers/415cc4a5-7610-4678-971d-cd00a0e8b54d 0.071s
2024-09-16 06:55:29.695 62289 INFO tempest.lib.common.rest_client [req-f9a3273e-3fa6-48de-bec2-afef8afd4d39 req-f9a3273e-3fa6-48de-bec2-afef8afd4d39 ] Request (ServersTestManualDisk:setUpClass): 200 GET http://10.180.1.21/compute/v2.1/servers/49f6c198-13b7-4c07-81d8-c010e7b0598e 0.057s
2024-09-16 06:55:29.733 62255 INFO tempest.lib.common.rest_client [req-bc4be158-be61-4db7-8151-35882e07a2b3 req-bc4be158-be61-4db7-8151-35882e07a2b3 ] Request (ServersTestBootFromVolume:setUpClass): 200 GET http://10.180.1.21/compute/v2.1/servers/334fd514-c7b5-402f-935e-1d95f9b5dbc8 0.082s
2024-09-16 06:55:29.744 62279 INFO tempest.lib.common.rest_client [req-eba37b8b-5add-40d9-b01e-421a584a3209 req-eba37b8b-5add-40d9-b01e-421a584a3209 ] Request (ServersAaction247Test:test_create_backup): 200 GET http://10.180.1.21/compute/v2.1/servers/30d82c70-1401-4a1a-a88b-f798f8fbf96a 0.052s
2024-09-16 06:55:29.851 62273 INFO tempest.lib.common.rest_client [req-26af15c4-c288-44e9-acfc-72abd7fafcb0 req-26af15c4-c288-44e9-acfc-72abd7fafcb0 ] Request (ListImageFiltersTestJSON:setUpClass): 200 GET http://10.180.1.21/compute/v2.1/servers/7ff67667-32ce-48ee-bae6-32a7b7d0bfd4 0.052s
2024-09-16 06:55:29.974 62281 INFO tempest.lib.common.rest_client [req-7bf7f98e-89fe-47b8-9a55-89fe8f67b59f req-7bf7f98e-89fe-47b8-9a55-89fe8f67b59f ] Request (MigrationsAdminTest:test_resize_server_revert_deleted_flavor): 200 GET http://10.180.1.21/compute/v2.1/servers/f3a6527c-777e-4a07-9482-598de15d4eb3 0.049s
2024-09-16 06:55:30.073 62259 INFO tempest.lib.common.rest_client [req-62097639-a404-4d0f-b9fe-5a28a6f0ed05 req-62097639-a404-4d0f-b9fe-5a28a6f0ed05 ] Request (ServerDiskConfigTestJSON:test_rebuild_server_with_auto_disk_config): 200 GET http://10.180.1.21/compute/v2.1/servers/596af5ab-1791-42ce-93d2-3e4f0a47dfa2 0.056s
2024-09-16 06:55:30.136 62243 INFO tempest.lib.common.rest_client [req-714aaf27-477e-4048-b1ef-02be5945c89f req-714aaf27-477e-4048-b1ef-02be5945c89f ] Request (ServerRescueTestJSONUnderV235:setUpClass): 200 GET http://10.180.1.21/compute/v2.1/servers/64ff4a7b-ec89-48cd-8fb6-124e0726d6f0 0.052s
2024-09-16 06:55:30.172 62295 INFO tempest.lib.common.rest_client [req-848fbf1a-f39d-4df3-a175-f8201f030a87 req-848fbf1a-f39d-4df3-a175-f8201f030a87 ] Request (ServerActionsTestOtherA:setUpClass): 200 GET http://10.180.1.21/compute/v2.1/servers/f10356f8-5eb4-4f6a-bd5b-7fcfdce03e5c 0.059s
2024-09-16 06:55:30.214 62253 INFO tempest.lib.common.rest_client [req-0574c8cc-bcbb-48cf-9d43-a4778e408341 req-0574c8cc-bcbb-48cf-9d43-a4778e408341 ] Request (AttachInterfacesV270Test:test_create_get_list_interfaces): 200 GET http://10.180.1.21/compute/v2.1/servers/af49714d-8e50-4159-96a5-cf8f70580471 0.055s
2024-09-16 06:55:30.216 62276 INFO tempest.lib.common.rest_client [req-abdbe3f3-4909-4ef0-bf47-285c27298296 req-abdbe3f3-4909-4ef0-bf47-285c27298296 ] Request (AttachInterfacesUnderV243Test:setUpClass): 200 PUT http://10.180.1.21:9696/networking/v2.0/routers/b1be936c-4bb4-45bb-be40-02867bf71755/add_router_interface 0.837s
2024-09-16 06:55:30.217 62276 INFO tempest.lib.common.dynamic_creds [-] Created isolated network resources for: credentials: Credentials: {'domain_id': 'default', 'domain_name': 'Default', 'username': 'tempest-AttachInterfacesUnderV243Test-145862007-project-member', 'project_domain_id': 'default', 'project_domain_name': 'Default', 'project_id': '0b5041eab4c4480c9221aefa7838ab27', 'project_name': 'tempest-AttachInterfacesUnderV243Test-145862007', 'tenant_id': '0b5041eab4c4480c9221aefa7838ab27', 'tenant_name': 'tempest-AttachInterfacesUnderV243Test-145862007', 'user_domain_id': 'default', 'user_domain_name': 'Default', 'user_id': '83fc5232a1484305b2800d56f539c251', 'system': None}, Network: {'id': '16bd471a-8387-404f-9986-63ceba14dbe7', 'name': 'tempest-AttachInterfacesUnderV243Test-1132644585-network', 'tenant_id': '0b5041eab4c4480c9221aefa7838ab27', 'admin_state_up': True, 'mtu': 8950, 'status': 'ACTIVE', 'subnets': [], 'shared': False, 'project_id': '0b5041eab4c4480c9221aefa7838ab27', 'port_security_enabled': True, 'router:external': False, 'provider:network_type': 'vlan', 'provider:physical_network': 'default', 'provider:segmentation_id': 953, 'is_default': False, 'availability_zone_hints': [], 'availability_zones': [], 'ipv4_address_scope': None, 'ipv6_address_scope': None, 'description': '', 'tags': [], 'created_at': '2024-09-16T06:55:28Z', 'updated_at': '2024-09-16T06:55:28Z', 'revision_number': 1}, Subnet: {'id': '7cbd5598-1cb8-42fc-827a-2316017b0020', 'name': 'tempest-AttachInterfacesUnderV243Test-1132644585-subnet', 'tenant_id': '0b5041eab4c4480c9221aefa7838ab27', 'network_id': '16bd471a-8387-404f-9986-63ceba14dbe7', 'ip_version': 4, 'subnetpool_id': None, 'enable_dhcp': True, 'ipv6_ra_mode': None, 'ipv6_address_mode': None, 'gateway_ip': '192.168.128.1', 'cidr': '192.168.128.0/28', 'allocation_pools': [{'start': '192.168.128.2', 'end': '192.168.128.14'}], 'host_routes': [], 'dns_nameservers': [], 'description': '', 'router:external': False, 'service_types': [], 'tags': [], 'created_at': '2024-09-16T06:55:28Z', 'updated_at': '2024-09-16T06:55:28Z', 'revision_number': 0, 'project_id': '0b5041eab4c4480c9221aefa7838ab27'}, Router: {'id': 'b1be936c-4bb4-45bb-be40-02867bf71755', 'name': 'tempest-AttachInterfacesUnderV243Test-1132644585-router', 'tenant_id': '0b5041eab4c4480c9221aefa7838ab27', 'admin_state_up': True, 'status': 'ACTIVE', 'external_gateway_info': {'network_id': '43cd45b2-7ddd-482b-8e24-01da9f44fb56', 'external_fixed_ips': [{'subnet_id': 'e0491fc5-58ff-4fae-90c2-d0395a2faaa6', 'ip_address': '10.180.180.156'}], 'enable_snat': True}, 'description': '', 'availability_zones': [], 'distributed': False, 'ha': False, 'availability_zone_hints': [], 'routes': [], 'flavor_id': None, 'tags': [], 'created_at': '2024-09-16T06:55:28Z', 'updated_at': '2024-09-16T06:55:29Z', 'revision_number': 2, 'project_id': '0b5041eab4c4480c9221aefa7838ab27'}
2024-09-16 06:55:30.237 62249 INFO tempest.lib.common.rest_client [req-f35da294-8089-4d32-9d09-cc49547a3e18 req-f35da294-8089-4d32-9d09-cc49547a3e18 ] Request (ListServerFiltersTestJSON:setUpClass): 200 GET http://10.180.1.21/compute/v2.1/servers/1419e5a8-a78f-44f1-bfc4-00fcf176bf35 0.054s
2024-09-16 06:55:30.266 62251 INFO tempest.lib.common.rest_client [req-7ed910f0-93a0-4dc8-be9c-9cfda00573cc req-7ed910f0-93a0-4dc8-be9c-9cfda00573cc ] Request (AttachInterfacesTestJSON:test_create_list_show_delete_interfaces_by_network_port): 200 GET http://10.180.1.21/compute/v2.1/servers/71192360-6ee6-4876-bf37-da987a09cbb2 0.057s
2024-09-16 06:55:30.293 62276 INFO tempest.lib.common.rest_client [req-03d80028-104e-4877-90d5-dd399879a254 req-03d80028-104e-4877-90d5-dd399879a254 ] Request (AttachInterfacesUnderV243Test:setUpClass): 201 POST http://10.180.1.21/identity/v3/auth/tokens 0.071s
2024-09-16 06:55:30.381 62247 INFO tempest.lib.common.rest_client [req-63006bcf-90b9-499e-a342-8c9f8a85cbf8 req-63006bcf-90b9-499e-a342-8c9f8a85cbf8 ] Request (ServersV294TestFqdnHostnames:setUpClass): 200 GET http://10.180.1.21/compute/v2.1/servers/210af329-4cdb-4c3f-9e82-e72a2ea79421 0.067s
2024-09-16 06:55:30.411 62276 INFO tempest.lib.common.rest_client [req-6d3aec6e-6e79-4cbc-aa9c-cd43af397526 req-6d3aec6e-6e79-4cbc-aa9c-cd43af397526 ] Request (ValidationResourcesFixture:setUp): 200 POST http://10.180.1.21/compute/v2.1/os-keypairs 0.115s
2024-09-16 06:55:30.437 62297 INFO tempest.lib.common.rest_client [req-85e48f43-9dbc-4146-8112-f3f9a5e5a252 req-85e48f43-9dbc-4146-8112-f3f9a5e5a252 ] Request (ServerActionsTestOtherB:setUpClass): 200 GET http://10.180.1.21/compute/v2.1/servers/5a8cded8-bcfb-4488-a736-fb6b6aad5a94 0.104s
2024-09-16 06:55:30.465 62272 INFO tempest.lib.common.rest_client [req-062f8218-d126-4728-80cd-2644b981b8db req-062f8218-d126-4728-80cd-2644b981b8db ] Request (ServersTestMultiNic:test_verify_duplicate_network_nics): 200 GET http://10.180.1.21/compute/v2.1/servers/1d9b67b5-c0cf-41ff-a838-79caf8789609 0.089s
2024-09-16 06:55:30.510 62285 INFO tempest.lib.common.rest_client [req-f45c0d68-dd89-4af7-941d-efe6dcd359ea req-f45c0d68-dd89-4af7-941d-efe6dcd359ea ] Request (SecurityGroupsTestJSON:test_server_security_groups): 200 GET http://10.180.1.21/compute/v2.1/servers/4e617bb5-84e4-4505-99e3-61289826f511 0.066s
2024-09-16 06:55:30.535 62276 INFO tempest.lib.common.rest_client [req-30cc47d8-6f7b-4944-9306-1a3b76d8412e req-30cc47d8-6f7b-4944-9306-1a3b76d8412e ] Request (ValidationResourcesFixture:setUp): 201 POST http://10.180.1.21:9696/networking/v2.0/security-groups 0.123s
2024-09-16 06:55:30.536 62263 INFO tempest.lib.common.rest_client [req-7cbbcd2f-23c9-485f-90d7-001ee1688406 req-7cbbcd2f-23c9-485f-90d7-001ee1688406 ] Request (InstanceActionsV221TestJSON:test_get_list_deleted_instance_actions): 200 GET http://10.180.1.21/compute/v2.1/servers/762e429f-f690-43c4-95eb-877caf1cdad7 0.049s
2024-09-16 06:55:30.569 62265 INFO tempest.lib.common.rest_client [req-72c786ad-99cb-4129-aa4a-79a8fdbce5c2 req-72c786ad-99cb-4129-aa4a-79a8fdbce5c2 ] Request (ImagesOneServerTestJSON:setUpClass): 200 GET http://10.180.1.21/compute/v2.1/servers/1298037f-9cb7-4e2b-b70f-2ab24efe9b91 0.050s
2024-09-16 06:55:30.581 62239 INFO tempest.lib.common.rest_client [req-ec746727-6a48-40d7-9dde-b4418b601f40 req-ec746727-6a48-40d7-9dde-b4418b601f40 ] Request (ServersAdminTestJSON:setUpClass): 200 GET http://10.180.1.21/compute/v2.1/servers/e3c65b37-a2b9-43dd-bcc5-f7aaf1e8d6f6 0.049s
2024-09-16 06:55:30.637 62269 INFO tempest.lib.common.rest_client [req-79920cf6-d6e1-4f97-a20a-a8f59e8ea912 req-79920cf6-d6e1-4f97-a20a-a8f59e8ea912 ] Request (ServerShowV257Test:test_rebuild_server): 200 GET http://10.180.1.21/compute/v2.1/servers/a9783a2a-a7d3-4fbe-9590-d530ac24fa82 0.056s
2024-09-16 06:55:30.639 62276 INFO tempest.lib.common.rest_client [req-03af6235-fc60-4734-a14e-3a3140ed3857 req-03af6235-fc60-4734-a14e-3a3140ed3857 ] Request (ValidationResourcesFixture:setUp): 201 POST http://10.180.1.21:9696/networking/v2.0/security-group-rules 0.104s
2024-09-16 06:55:30.643 62258 INFO tempest.lib.common.rest_client [req-e68df87a-801e-4f02-b12d-7688841e795f req-e68df87a-801e-4f02-b12d-7688841e795f ] Request (VolumesAdminNegativeTest:test_update_attached_volume_with_nonexistent_volume_in_body): 200 GET http://10.180.1.21/compute/v2.1/servers/eb27703f-b657-423a-90a9-a7c024a2e473 0.051s
2024-09-16 06:55:30.682 62267 INFO tempest.lib.common.rest_client [req-153325af-8468-41ce-ab0c-b40afbabae7a req-153325af-8468-41ce-ab0c-b40afbabae7a ] Request (ServerMetadataNegativeTestJSON:setUpClass): 200 GET http://10.180.1.21/compute/v2.1/servers/72688992-333f-459d-9d05-f7c728961a6d 0.050s
2024-09-16 06:55:30.706 62261 INFO tempest.lib.common.rest_client [req-1fbc8435-01a4-415b-8822-2a6fc21287ac req-1fbc8435-01a4-415b-8822-2a6fc21287ac ] Request (ServerDiagnosticsV248Test:test_get_server_diagnostics): 200 GET http://10.180.1.21/compute/v2.1/servers/5e80a5c8-030c-4ad8-90c4-26136fa39d71 0.058s
2024-09-16 06:55:30.739 62245 INFO tempest.lib.common.rest_client [req-efc0c5fa-c11a-4ecf-8668-1667bb0a99b3 req-efc0c5fa-c11a-4ecf-8668-1667bb0a99b3 ] Request (ServerDiagnosticsNegativeTest:test_get_server_diagnostics_by_non_admin): 200 GET http://10.180.1.21/compute/v2.1/servers/415cc4a5-7610-4678-971d-cd00a0e8b54d 0.047s
2024-09-16 06:55:30.753 62289 INFO tempest.lib.common.rest_client [req-d63623d1-8578-489d-ac34-25e94ff3072f req-d63623d1-8578-489d-ac34-25e94ff3072f ] Request (ServersTestManualDisk:setUpClass): 200 GET http://10.180.1.21/compute/v2.1/servers/49f6c198-13b7-4c07-81d8-c010e7b0598e 0.050s
2024-09-16 06:55:30.754 62276 INFO tempest.lib.common.rest_client [req-e2dffba6-97b4-49e1-9c31-e9e4ab2699f2 req-e2dffba6-97b4-49e1-9c31-e9e4ab2699f2 ] Request (ValidationResourcesFixture:setUp): 201 POST http://10.180.1.21:9696/networking/v2.0/security-group-rules 0.114s
2024-09-16 06:55:30.787 62255 INFO tempest.lib.common.rest_client [req-ff350123-577a-4009-b8b9-eb718329fc26 req-ff350123-577a-4009-b8b9-eb718329fc26 ] Request (ServersTestBootFromVolume:setUpClass): 200 GET http://10.180.1.21/compute/v2.1/servers/334fd514-c7b5-402f-935e-1d95f9b5dbc8 0.046s
2024-09-16 06:55:30.816 62279 INFO tempest.lib.common.rest_client [req-df689b05-5d63-43cc-aaa9-d843b33ce8c5 req-df689b05-5d63-43cc-aaa9-d843b33ce8c5 ] Request (ServersAaction247Test:test_create_backup): 200 GET http://10.180.1.21/compute/v2.1/servers/30d82c70-1401-4a1a-a88b-f798f8fbf96a 0.061s
2024-09-16 06:55:30.919 62273 INFO tempest.lib.common.rest_client [req-ab1f3261-1e8b-4bfb-a887-bdccc51ee18a req-ab1f3261-1e8b-4bfb-a887-bdccc51ee18a ] Request (ListImageFiltersTestJSON:setUpClass): 200 GET http://10.180.1.21/compute/v2.1/servers/7ff67667-32ce-48ee-bae6-32a7b7d0bfd4 0.060s
2024-09-16 06:55:31.040 62281 INFO tempest.lib.common.rest_client [req-1092e074-99ac-4e71-b51c-0df15dd83926 req-1092e074-99ac-4e71-b51c-0df15dd83926 ] Request (MigrationsAdminTest:test_resize_server_revert_deleted_flavor): 200 GET http://10.180.1.21/compute/v2.1/servers/f3a6527c-777e-4a07-9482-598de15d4eb3 0.058s
2024-09-16 06:55:31.128 62259 INFO tempest.lib.common.rest_client [req-b5942863-19f2-4ba2-ac7e-d372b24c72a0 req-b5942863-19f2-4ba2-ac7e-d372b24c72a0 ] Request (ServerDiskConfigTestJSON:test_rebuild_server_with_auto_disk_config): 200 GET http://10.180.1.21/compute/v2.1/servers/596af5ab-1791-42ce-93d2-3e4f0a47dfa2 0.048s
2024-09-16 06:55:31.169 62276 INFO tempest.lib.common.rest_client [req-ef69b282-4cd5-400b-9ae1-8a1437815c2f req-ef69b282-4cd5-400b-9ae1-8a1437815c2f ] Request (ValidationResourcesFixture:setUp): 201 POST http://10.180.1.21:9696/networking/v2.0/floatingips 0.414s
2024-09-16 06:55:31.195 62243 INFO tempest.lib.common.rest_client [req-c9195e94-56d4-4a90-b10e-e5138b4a66c9 req-c9195e94-56d4-4a90-b10e-e5138b4a66c9 ] Request (ServerRescueTestJSONUnderV235:setUpClass): 200 GET http://10.180.1.21/compute/v2.1/servers/64ff4a7b-ec89-48cd-8fb6-124e0726d6f0 0.051s
2024-09-16 06:55:31.205 62276 INFO tempest.lib.common.rest_client [req-c1bee768-a3fd-4e83-9b4e-2f5a4dbe444b req-c1bee768-a3fd-4e83-9b4e-2f5a4dbe444b ] Request (AttachInterfacesUnderV243Test:test_add_remove_fixed_ip): 201 POST http://10.180.1.21/identity/v3/auth/tokens 0.032s
2024-09-16 06:55:31.206 62276 INFO tempest.lib.common.fixed_network [-] (AttachInterfacesUnderV243Test:test_add_remove_fixed_ip) Found network {'id': '16bd471a-8387-404f-9986-63ceba14dbe7', 'name': 'tempest-AttachInterfacesUnderV243Test-1132644585-network', 'tenant_id': '0b5041eab4c4480c9221aefa7838ab27', 'admin_state_up': True, 'mtu': 8950, 'status': 'ACTIVE', 'subnets': [], 'shared': False, 'project_id': '0b5041eab4c4480c9221aefa7838ab27', 'port_security_enabled': True, 'router:external': False, 'provider:network_type': 'vlan', 'provider:physical_network': 'default', 'provider:segmentation_id': 953, 'is_default': False, 'availability_zone_hints': [], 'availability_zones': [], 'ipv4_address_scope': None, 'ipv6_address_scope': None, 'description': '', 'tags': [], 'created_at': '2024-09-16T06:55:28Z', 'updated_at': '2024-09-16T06:55:28Z', 'revision_number': 1} available for tenant
2024-09-16 06:55:31.227 62295 INFO tempest.lib.common.rest_client [req-c6bed73b-2229-4ed3-a0cc-c11190a2c453 req-c6bed73b-2229-4ed3-a0cc-c11190a2c453 ] Request (ServerActionsTestOtherA:setUpClass): 200 GET http://10.180.1.21/compute/v2.1/servers/f10356f8-5eb4-4f6a-bd5b-7fcfdce03e5c 0.047s
2024-09-16 06:55:31.276 62253 INFO tempest.lib.common.rest_client [req-c022809b-9ac3-4b63-a862-91b6b03e78df req-c022809b-9ac3-4b63-a862-91b6b03e78df ] Request (AttachInterfacesV270Test:test_create_get_list_interfaces): 200 GET http://10.180.1.21/compute/v2.1/servers/af49714d-8e50-4159-96a5-cf8f70580471 0.053s
2024-09-16 06:55:31.321 62249 INFO tempest.lib.common.rest_client [req-2496f689-17f2-4abd-a11c-880ce546c9e6 req-2496f689-17f2-4abd-a11c-880ce546c9e6 ] Request (ListServerFiltersTestJSON:setUpClass): 200 GET http://10.180.1.21/compute/v2.1/servers/1419e5a8-a78f-44f1-bfc4-00fcf176bf35 0.077s
2024-09-16 06:55:31.367 62251 INFO tempest.lib.common.rest_client [req-9024dcef-0ef8-4876-a767-c06cc75db5c2 req-9024dcef-0ef8-4876-a767-c06cc75db5c2 ] Request (AttachInterfacesTestJSON:test_create_list_show_delete_interfaces_by_network_port): 200 GET http://10.180.1.21/compute/v2.1/servers/71192360-6ee6-4876-bf37-da987a09cbb2 0.094s
2024-09-16 06:55:31.450 62247 INFO tempest.lib.common.rest_client [req-52e597ae-c845-41fc-9e76-320e2bdaf984 req-52e597ae-c845-41fc-9e76-320e2bdaf984 ] Request (ServersV294TestFqdnHostnames:setUpClass): 200 GET http://10.180.1.21/compute/v2.1/servers/210af329-4cdb-4c3f-9e82-e72a2ea79421 0.059s
2024-09-16 06:55:31.495 62297 INFO tempest.lib.common.rest_client [req-a921fb0e-763a-4594-b045-4665e36eb00a req-a921fb0e-763a-4594-b045-4665e36eb00a ] Request (ServerActionsTestOtherB:setUpClass): 200 GET http://10.180.1.21/compute/v2.1/servers/5a8cded8-bcfb-4488-a736-fb6b6aad5a94 0.052s
2024-09-16 06:55:31.541 62272 INFO tempest.lib.common.rest_client [req-d1c0b8ec-767d-4838-a2a8-944691210493 req-d1c0b8ec-767d-4838-a2a8-944691210493 ] Request (ServersTestMultiNic:test_verify_duplicate_network_nics): 200 GET http://10.180.1.21/compute/v2.1/servers/1d9b67b5-c0cf-41ff-a838-79caf8789609 0.069s
2024-09-16 06:55:31.565 62276 INFO tempest.lib.common.rest_client [req-7a649414-399f-43a5-9abe-9703a56f8682 req-7a649414-399f-43a5-9abe-9703a56f8682 ] Request (AttachInterfacesUnderV243Test:test_add_remove_fixed_ip): 202 POST http://10.180.1.21/compute/v2.1/servers 0.359s
2024-09-16 06:55:31.588 62285 INFO tempest.lib.common.rest_client [req-95ebaa88-2e65-4bfd-936a-cf988fe57c25 req-95ebaa88-2e65-4bfd-936a-cf988fe57c25 ] Request (SecurityGroupsTestJSON:test_server_security_groups): 200 GET http://10.180.1.21/compute/v2.1/servers/4e617bb5-84e4-4505-99e3-61289826f511 0.071s
2024-09-16 06:55:31.609 62263 INFO tempest.lib.common.rest_client [req-f01c15e0-9698-4760-b037-cca39fd2561e req-f01c15e0-9698-4760-b037-cca39fd2561e ] Request (InstanceActionsV221TestJSON:test_get_list_deleted_instance_actions): 200 GET http://10.180.1.21/compute/v2.1/servers/762e429f-f690-43c4-95eb-877caf1cdad7 0.065s
2024-09-16 06:55:31.631 62276 INFO tempest.lib.common.rest_client [req-2da6b798-ebfc-4499-a699-354bfa065277 req-2da6b798-ebfc-4499-a699-354bfa065277 ] Request (AttachInterfacesUnderV243Test:test_add_remove_fixed_ip): 200 GET http://10.180.1.21/compute/v2.1/servers/ea8ae421-1d7f-4814-bc0f-90a3316ad028 0.065s
2024-09-16 06:55:31.657 62265 INFO tempest.lib.common.rest_client [req-f806c3ac-7424-44a0-95ab-a9899c374b96 req-f806c3ac-7424-44a0-95ab-a9899c374b96 ] Request (ImagesOneServerTestJSON:setUpClass): 200 GET http://10.180.1.21/compute/v2.1/servers/1298037f-9cb7-4e2b-b70f-2ab24efe9b91 0.080s
2024-09-16 06:55:31.694 62239 INFO tempest.lib.common.rest_client [req-e72b19f2-bae9-4455-9215-d85ae86ecfa1 req-e72b19f2-bae9-4455-9215-d85ae86ecfa1 ] Request (ServersAdminTestJSON:setUpClass): 200 GET http://10.180.1.21/compute/v2.1/servers/e3c65b37-a2b9-43dd-bcc5-f7aaf1e8d6f6 0.105s
2024-09-16 06:55:31.715 62269 INFO tempest.lib.common.rest_client [req-1ec74e48-4a2a-4251-8a72-e7ef7723d627 req-1ec74e48-4a2a-4251-8a72-e7ef7723d627 ] Request (ServerShowV257Test:test_rebuild_server): 200 GET http://10.180.1.21/compute/v2.1/servers/a9783a2a-a7d3-4fbe-9590-d530ac24fa82 0.068s
2024-09-16 06:55:31.739 62258 INFO tempest.lib.common.rest_client [req-9aa73be8-8a8a-447d-b8f6-532a3738895f req-9aa73be8-8a8a-447d-b8f6-532a3738895f ] Request (VolumesAdminNegativeTest:test_update_attached_volume_with_nonexistent_volume_in_body): 200 GET http://10.180.1.21/compute/v2.1/servers/eb27703f-b657-423a-90a9-a7c024a2e473 0.087s
2024-09-16 06:55:31.758 62267 INFO tempest.lib.common.rest_client [req-489769b2-a061-4c81-9d7f-b11da5a614ec req-489769b2-a061-4c81-9d7f-b11da5a614ec ] Request (ServerMetadataNegativeTestJSON:setUpClass): 200 GET http://10.180.1.21/compute/v2.1/servers/72688992-333f-459d-9d05-f7c728961a6d 0.069s
2024-09-16 06:55:31.794 62261 INFO tempest.lib.common.rest_client [req-d1baa64a-5a87-4701-9e6e-71e708d09166 req-d1baa64a-5a87-4701-9e6e-71e708d09166 ] Request (ServerDiagnosticsV248Test:test_get_server_diagnostics): 200 GET http://10.180.1.21/compute/v2.1/servers/5e80a5c8-030c-4ad8-90c4-26136fa39d71 0.080s
2024-09-16 06:55:31.804 62245 INFO tempest.lib.common.rest_client [req-5ea02d4b-ccbc-40b5-be5b-5226fee51557 req-5ea02d4b-ccbc-40b5-be5b-5226fee51557 ] Request (ServerDiagnosticsNegativeTest:test_get_server_diagnostics_by_non_admin): 200 GET http://10.180.1.21/compute/v2.1/servers/415cc4a5-7610-4678-971d-cd00a0e8b54d 0.058s
2024-09-16 06:55:31.843 62289 INFO tempest.lib.common.rest_client [req-f517d467-629f-4f9b-8b5d-27fbd2cf54f9 req-f517d467-629f-4f9b-8b5d-27fbd2cf54f9 ] Request (ServersTestManualDisk:setUpClass): 200 GET http://10.180.1.21/compute/v2.1/servers/49f6c198-13b7-4c07-81d8-c010e7b0598e 0.084s
2024-09-16 06:55:31.851 62255 INFO tempest.lib.common.rest_client [req-fce84c67-2922-4a0c-b3ad-70008a1cd1f6 req-fce84c67-2922-4a0c-b3ad-70008a1cd1f6 ] Request (ServersTestBootFromVolume:setUpClass): 200 GET http://10.180.1.21/compute/v2.1/servers/334fd514-c7b5-402f-935e-1d95f9b5dbc8 0.056s
2024-09-16 06:55:31.890 62279 INFO tempest.lib.common.rest_client [req-7d3aebed-2e47-4628-aa1a-92a242219d8b req-7d3aebed-2e47-4628-aa1a-92a242219d8b ] Request (ServersAaction247Test:test_create_backup): 200 GET http://10.180.1.21/compute/v2.1/servers/30d82c70-1401-4a1a-a88b-f798f8fbf96a 0.064s
2024-09-16 06:55:31.976 62273 INFO tempest.lib.common.rest_client [req-66a57ad6-39f0-4a07-b611-076fb8b167c6 req-66a57ad6-39f0-4a07-b611-076fb8b167c6 ] Request (ListImageFiltersTestJSON:setUpClass): 200 GET http://10.180.1.21/compute/v2.1/servers/7ff67667-32ce-48ee-bae6-32a7b7d0bfd4 0.050s
2024-09-16 06:55:32.099 62281 INFO tempest.lib.common.rest_client [req-496a5a1c-83be-4a14-a0d0-fa339d7d9733 req-496a5a1c-83be-4a14-a0d0-fa339d7d9733 ] Request (MigrationsAdminTest:test_resize_server_revert_deleted_flavor): 200 GET http://10.180.1.21/compute/v2.1/servers/f3a6527c-777e-4a07-9482-598de15d4eb3 0.049s
2024-09-16 06:55:32.258 62243 INFO tempest.lib.common.rest_client [req-a0944f75-7220-4200-b308-efbfe08f088c req-a0944f75-7220-4200-b308-efbfe08f088c ] Request (ServerRescueTestJSONUnderV235:setUpClass): 200 GET http://10.180.1.21/compute/v2.1/servers/64ff4a7b-ec89-48cd-8fb6-124e0726d6f0 0.056s
2024-09-16 06:55:32.307 62295 INFO tempest.lib.common.rest_client [req-4a88f6f4-3824-4d03-ab5b-1791584b494f req-4a88f6f4-3824-4d03-ab5b-1791584b494f ] Request (ServerActionsTestOtherA:setUpClass): 200 GET http://10.180.1.21/compute/v2.1/servers/f10356f8-5eb4-4f6a-bd5b-7fcfdce03e5c 0.073s
2024-09-16 06:55:32.352 62253 INFO tempest.lib.common.rest_client [req-82cec5ae-12e9-462c-85b2-a644335f4525 req-82cec5ae-12e9-462c-85b2-a644335f4525 ] Request (AttachInterfacesV270Test:test_create_get_list_interfaces): 200 GET http://10.180.1.21/compute/v2.1/servers/af49714d-8e50-4159-96a5-cf8f70580471 0.067s
2024-09-16 06:55:32.382 62259 INFO tempest.lib.common.rest_client [req-74482ef6-8787-4d02-9ed3-9188c68da81a req-74482ef6-8787-4d02-9ed3-9188c68da81a ] Request (ServerDiskConfigTestJSON:test_rebuild_server_with_auto_disk_config): 200 GET http://10.180.1.21/compute/v2.1/servers/596af5ab-1791-42ce-93d2-3e4f0a47dfa2 0.248s
2024-09-16 06:55:32.397 62249 INFO tempest.lib.common.rest_client [req-a49989ea-fd2f-4130-81f5-dffbf29738c5 req-a49989ea-fd2f-4130-81f5-dffbf29738c5 ] Request (ListServerFiltersTestJSON:setUpClass): 200 GET http://10.180.1.21/compute/v2.1/servers/1419e5a8-a78f-44f1-bfc4-00fcf176bf35 0.068s
2024-09-16 06:55:32.425 62251 INFO tempest.lib.common.rest_client [req-51e11fbd-2680-48d9-b9f0-a80720db9208 req-51e11fbd-2680-48d9-b9f0-a80720db9208 ] Request (AttachInterfacesTestJSON:test_create_list_show_delete_interfaces_by_network_port): 200 GET http://10.180.1.21/compute/v2.1/servers/71192360-6ee6-4876-bf37-da987a09cbb2 0.048s
2024-09-16 06:55:32.533 62247 INFO tempest.lib.common.rest_client [req-cd233794-c9b7-4ff0-ae97-8265d3dbdbec req-cd233794-c9b7-4ff0-ae97-8265d3dbdbec ] Request (ServersV294TestFqdnHostnames:setUpClass): 200 GET http://10.180.1.21/compute/v2.1/servers/210af329-4cdb-4c3f-9e82-e72a2ea79421 0.074s
2024-09-16 06:55:32.556 62297 INFO tempest.lib.common.rest_client [req-a77ea80b-fa67-48c8-8e86-5e0dd689ae84 req-a77ea80b-fa67-48c8-8e86-5e0dd689ae84 ] Request (ServerActionsTestOtherB:setUpClass): 200 GET http://10.180.1.21/compute/v2.1/servers/5a8cded8-bcfb-4488-a736-fb6b6aad5a94 0.053s
2024-09-16 06:55:32.608 62272 INFO tempest.lib.common.rest_client [req-2e6ad92d-2d84-4525-89ae-1879b293ffc2 req-2e6ad92d-2d84-4525-89ae-1879b293ffc2 ] Request (ServersTestMultiNic:test_verify_duplicate_network_nics): 200 GET http://10.180.1.21/compute/v2.1/servers/1d9b67b5-c0cf-41ff-a838-79caf8789609 0.057s
2024-09-16 06:55:32.648 62285 INFO tempest.lib.common.rest_client [req-234ec82b-ba1d-4904-8190-b4193619981e req-234ec82b-ba1d-4904-8190-b4193619981e ] Request (SecurityGroupsTestJSON:test_server_security_groups): 200 GET http://10.180.1.21/compute/v2.1/servers/4e617bb5-84e4-4505-99e3-61289826f511 0.049s
2024-09-16 06:55:32.663 62263 INFO tempest.lib.common.rest_client [req-ff9a5543-fa73-404c-994e-0e1ba936e71d req-ff9a5543-fa73-404c-994e-0e1ba936e71d ] Request (InstanceActionsV221TestJSON:test_get_list_deleted_instance_actions): 200 GET http://10.180.1.21/compute/v2.1/servers/762e429f-f690-43c4-95eb-877caf1cdad7 0.045s
2024-09-16 06:55:32.690 62276 INFO tempest.lib.common.rest_client [req-1d9cfcb2-f4de-4cfa-b100-7ad46b772b5a req-1d9cfcb2-f4de-4cfa-b100-7ad46b772b5a ] Request (AttachInterfacesUnderV243Test:test_add_remove_fixed_ip): 200 GET http://10.180.1.21/compute/v2.1/servers/ea8ae421-1d7f-4814-bc0f-90a3316ad028 0.047s
2024-09-16 06:55:32.711 62265 INFO tempest.lib.common.rest_client [req-dd75f08e-189a-4469-a96e-fb7b81fd7101 req-dd75f08e-189a-4469-a96e-fb7b81fd7101 ] Request (ImagesOneServerTestJSON:setUpClass): 200 GET http://10.180.1.21/compute/v2.1/servers/1298037f-9cb7-4e2b-b70f-2ab24efe9b91 0.044s
2024-09-16 06:55:32.747 62239 INFO tempest.lib.common.rest_client [req-50941791-df50-4414-b6d0-445c89898f94 req-50941791-df50-4414-b6d0-445c89898f94 ] Request (ServersAdminTestJSON:setUpClass): 200 GET http://10.180.1.21/compute/v2.1/servers/e3c65b37-a2b9-43dd-bcc5-f7aaf1e8d6f6 0.046s
2024-09-16 06:55:32.772 62269 INFO tempest.lib.common.rest_client [req-4f7856ca-cbb6-4ecc-b1c9-cbe4f6eadceb req-4f7856ca-cbb6-4ecc-b1c9-cbe4f6eadceb ] Request (ServerShowV257Test:test_rebuild_server): 200 GET http://10.180.1.21/compute/v2.1/servers/a9783a2a-a7d3-4fbe-9590-d530ac24fa82 0.048s
2024-09-16 06:55:32.791 62258 INFO tempest.lib.common.rest_client [req-166d6cb8-fcab-48b5-8865-5ca1acaa5edd req-166d6cb8-fcab-48b5-8865-5ca1acaa5edd ] Request (VolumesAdminNegativeTest:test_update_attached_volume_with_nonexistent_volume_in_body): 200 GET http://10.180.1.21/compute/v2.1/servers/eb27703f-b657-423a-90a9-a7c024a2e473 0.045s
2024-09-16 06:55:32.814 62267 INFO tempest.lib.common.rest_client [req-da35fa1a-83b5-4074-a2fa-467f742821cf req-da35fa1a-83b5-4074-a2fa-467f742821cf ] Request (ServerMetadataNegativeTestJSON:setUpClass): 200 GET http://10.180.1.21/compute/v2.1/servers/72688992-333f-459d-9d05-f7c728961a6d 0.046s
2024-09-16 06:55:32.856 62261 INFO tempest.lib.common.rest_client [req-b7a62f82-c9b3-4f94-87cc-cfdd065854ea req-b7a62f82-c9b3-4f94-87cc-cfdd065854ea ] Request (ServerDiagnosticsV248Test:test_get_server_diagnostics): 200 GET http://10.180.1.21/compute/v2.1/servers/5e80a5c8-030c-4ad8-90c4-26136fa39d71 0.053s
2024-09-16 06:55:32.857 62245 INFO tempest.lib.common.rest_client [req-1255f128-9878-4c6e-85dc-ee7dbc8e1fcd req-1255f128-9878-4c6e-85dc-ee7dbc8e1fcd ] Request (ServerDiagnosticsNegativeTest:test_get_server_diagnostics_by_non_admin): 200 GET http://10.180.1.21/compute/v2.1/servers/415cc4a5-7610-4678-971d-cd00a0e8b54d 0.046s
2024-09-16 06:55:32.898 62289 INFO tempest.lib.common.rest_client [req-52eaa08a-60b0-43e8-a259-3dd210371fd5 req-52eaa08a-60b0-43e8-a259-3dd210371fd5 ] Request (ServersTestManualDisk:setUpClass): 200 GET http://10.180.1.21/compute/v2.1/servers/49f6c198-13b7-4c07-81d8-c010e7b0598e 0.048s
2024-09-16 06:55:32.904 62255 INFO tempest.lib.common.rest_client [req-d81949e1-44f5-440e-9f95-033d5ca7d31d req-d81949e1-44f5-440e-9f95-033d5ca7d31d ] Request (ServersTestBootFromVolume:setUpClass): 200 GET http://10.180.1.21/compute/v2.1/servers/334fd514-c7b5-402f-935e-1d95f9b5dbc8 0.047s
2024-09-16 06:55:32.945 62279 INFO tempest.lib.common.rest_client [req-a02de407-b3c5-464d-88a4-647057ee3a32 req-a02de407-b3c5-464d-88a4-647057ee3a32 ] Request (ServersAaction247Test:test_create_backup): 200 GET http://10.180.1.21/compute/v2.1/servers/30d82c70-1401-4a1a-a88b-f798f8fbf96a 0.046s
2024-09-16 06:55:33.031 62273 INFO tempest.lib.common.rest_client [req-7fcab093-90b4-4270-97e0-b33ce13db07f req-7fcab093-90b4-4270-97e0-b33ce13db07f ] Request (ListImageFiltersTestJSON:setUpClass): 200 GET http://10.180.1.21/compute/v2.1/servers/7ff67667-32ce-48ee-bae6-32a7b7d0bfd4 0.048s
2024-09-16 06:55:33.154 62281 INFO tempest.lib.common.rest_client [req-351d6c50-7cd7-447f-a11a-b776aee251eb req-351d6c50-7cd7-447f-a11a-b776aee251eb ] Request (MigrationsAdminTest:test_resize_server_revert_deleted_flavor): 200 GET http://10.180.1.21/compute/v2.1/servers/f3a6527c-777e-4a07-9482-598de15d4eb3 0.049s
2024-09-16 06:55:33.313 62243 INFO tempest.lib.common.rest_client [req-f227f51f-ebee-4707-9cae-738dfe3867e1 req-f227f51f-ebee-4707-9cae-738dfe3867e1 ] Request (ServerRescueTestJSONUnderV235:setUpClass): 200 GET http://10.180.1.21/compute/v2.1/servers/64ff4a7b-ec89-48cd-8fb6-124e0726d6f0 0.044s
2024-09-16 06:55:33.360 62295 INFO tempest.lib.common.rest_client [req-10929633-70af-4edb-9b5e-acffa26e6eaf req-10929633-70af-4edb-9b5e-acffa26e6eaf ] Request (ServerActionsTestOtherA:setUpClass): 200 GET http://10.180.1.21/compute/v2.1/servers/f10356f8-5eb4-4f6a-bd5b-7fcfdce03e5c 0.045s
2024-09-16 06:55:33.410 62253 INFO tempest.lib.common.rest_client [req-9679eb97-7a90-4a00-99ec-4ba73686421a req-9679eb97-7a90-4a00-99ec-4ba73686421a ] Request (AttachInterfacesV270Test:test_create_get_list_interfaces): 200 GET http://10.180.1.21/compute/v2.1/servers/af49714d-8e50-4159-96a5-cf8f70580471 0.049s
2024-09-16 06:55:33.439 62259 INFO tempest.lib.common.rest_client [req-7b56258e-6789-41c2-af10-fa83934c8243 req-7b56258e-6789-41c2-af10-fa83934c8243 ] Request (ServerDiskConfigTestJSON:test_rebuild_server_with_auto_disk_config): 200 GET http://10.180.1.21/compute/v2.1/servers/596af5ab-1791-42ce-93d2-3e4f0a47dfa2 0.047s
2024-09-16 06:55:33.452 62249 INFO tempest.lib.common.rest_client [req-6de7cd07-0ded-4759-908e-ab44a6e4042a req-6de7cd07-0ded-4759-908e-ab44a6e4042a ] Request (ListServerFiltersTestJSON:setUpClass): 200 GET http://10.180.1.21/compute/v2.1/servers/1419e5a8-a78f-44f1-bfc4-00fcf176bf35 0.048s
2024-09-16 06:55:33.479 62251 INFO tempest.lib.common.rest_client [req-b3321408-4cc1-472e-bb4d-f4cd3fd58ba3 req-b3321408-4cc1-472e-bb4d-f4cd3fd58ba3 ] Request (AttachInterfacesTestJSON:test_create_list_show_delete_interfaces_by_network_port): 200 GET http://10.180.1.21/compute/v2.1/servers/71192360-6ee6-4876-bf37-da987a09cbb2 0.047s
2024-09-16 06:55:33.597 62247 INFO tempest.lib.common.rest_client [req-8d345d45-4a40-4c29-b183-f0ef6a905bb6 req-8d345d45-4a40-4c29-b183-f0ef6a905bb6 ] Request (ServersV294TestFqdnHostnames:setUpClass): 200 GET http://10.180.1.21/compute/v2.1/servers/210af329-4cdb-4c3f-9e82-e72a2ea79421 0.051s
2024-09-16 06:55:33.607 62297 INFO tempest.lib.common.rest_client [req-a630732a-e0f3-4cda-938a-15e07f8a8b2a req-a630732a-e0f3-4cda-938a-15e07f8a8b2a ] Request (ServerActionsTestOtherB:setUpClass): 200 GET http://10.180.1.21/compute/v2.1/servers/5a8cded8-bcfb-4488-a736-fb6b6aad5a94 0.044s
2024-09-16 06:55:33.662 62272 INFO tempest.lib.common.rest_client [req-ee3d5726-c842-4874-8879-1dfcf04d5890 req-ee3d5726-c842-4874-8879-1dfcf04d5890 ] Request (ServersTestMultiNic:test_verify_duplicate_network_nics): 200 GET http://10.180.1.21/compute/v2.1/servers/1d9b67b5-c0cf-41ff-a838-79caf8789609 0.045s
2024-09-16 06:55:33.699 62285 INFO tempest.lib.common.rest_client [req-e85c74bb-d49f-4fcc-b2d2-54be2589a512 req-e85c74bb-d49f-4fcc-b2d2-54be2589a512 ] Request (SecurityGroupsTestJSON:test_server_security_groups): 200 GET http://10.180.1.21/compute/v2.1/servers/4e617bb5-84e4-4505-99e3-61289826f511 0.043s
2024-09-16 06:55:33.718 62263 INFO tempest.lib.common.rest_client [req-836b7c49-43bb-4b90-b3db-bab9c72af212 req-836b7c49-43bb-4b90-b3db-bab9c72af212 ] Request (InstanceActionsV221TestJSON:test_get_list_deleted_instance_actions): 200 GET http://10.180.1.21/compute/v2.1/servers/762e429f-f690-43c4-95eb-877caf1cdad7 0.047s
2024-09-16 06:55:33.742 62276 INFO tempest.lib.common.rest_client [req-490ee430-93e9-44ab-b981-e2d299efc3f2 req-490ee430-93e9-44ab-b981-e2d299efc3f2 ] Request (AttachInterfacesUnderV243Test:test_add_remove_fixed_ip): 200 GET http://10.180.1.21/compute/v2.1/servers/ea8ae421-1d7f-4814-bc0f-90a3316ad028 0.045s
2024-09-16 06:55:33.759 62265 INFO tempest.lib.common.rest_client [req-ad292866-d718-4df8-aafd-2ae1e048b895 req-ad292866-d718-4df8-aafd-2ae1e048b895 ] Request (ImagesOneServerTestJSON:setUpClass): 200 GET http://10.180.1.21/compute/v2.1/servers/1298037f-9cb7-4e2b-b70f-2ab24efe9b91 0.043s
2024-09-16 06:55:33.799 62239 INFO tempest.lib.common.rest_client [req-787e07b0-fcb8-4ec5-9401-2b1b48ae2fe6 req-787e07b0-fcb8-4ec5-9401-2b1b48ae2fe6 ] Request (ServersAdminTestJSON:setUpClass): 200 GET http://10.180.1.21/compute/v2.1/servers/e3c65b37-a2b9-43dd-bcc5-f7aaf1e8d6f6 0.045s
2024-09-16 06:55:33.828 62269 INFO tempest.lib.common.rest_client [req-6319d229-eabd-4e24-b805-d25eeab5f60d req-6319d229-eabd-4e24-b805-d25eeab5f60d ] Request (ServerShowV257Test:test_rebuild_server): 200 GET http://10.180.1.21/compute/v2.1/servers/a9783a2a-a7d3-4fbe-9590-d530ac24fa82 0.048s
2024-09-16 06:55:33.843 62258 INFO tempest.lib.common.rest_client [req-db5c9f0c-319b-4573-9a28-f6d63ee2c034 req-db5c9f0c-319b-4573-9a28-f6d63ee2c034 ] Request (VolumesAdminNegativeTest:test_update_attached_volume_with_nonexistent_volume_in_body): 200 GET http://10.180.1.21/compute/v2.1/servers/eb27703f-b657-423a-90a9-a7c024a2e473 0.045s
2024-09-16 06:55:33.871 62267 INFO tempest.lib.common.rest_client [req-6d3a615f-9389-407f-a97b-4e4b397f3398 req-6d3a615f-9389-407f-a97b-4e4b397f3398 ] Request (ServerMetadataNegativeTestJSON:setUpClass): 200 GET http://10.180.1.21/compute/v2.1/servers/72688992-333f-459d-9d05-f7c728961a6d 0.050s
2024-09-16 06:55:33.910 62245 INFO tempest.lib.common.rest_client [req-cab2074b-6ea6-4339-9b8b-f604c6f5bba9 req-cab2074b-6ea6-4339-9b8b-f604c6f5bba9 ] Request (ServerDiagnosticsNegativeTest:test_get_server_diagnostics_by_non_admin): 200 GET http://10.180.1.21/compute/v2.1/servers/415cc4a5-7610-4678-971d-cd00a0e8b54d 0.045s
2024-09-16 06:55:33.916 62261 INFO tempest.lib.common.rest_client [req-517955d3-398a-4d1b-81f2-943fc4d4797b req-517955d3-398a-4d1b-81f2-943fc4d4797b ] Request (ServerDiagnosticsV248Test:test_get_server_diagnostics): 200 GET http://10.180.1.21/compute/v2.1/servers/5e80a5c8-030c-4ad8-90c4-26136fa39d71 0.051s
2024-09-16 06:55:33.952 62289 INFO tempest.lib.common.rest_client [req-3dce5260-61ca-4124-998d-69e302463540 req-3dce5260-61ca-4124-998d-69e302463540 ] Request (ServersTestManualDisk:setUpClass): 200 GET http://10.180.1.21/compute/v2.1/servers/49f6c198-13b7-4c07-81d8-c010e7b0598e 0.047s
2024-09-16 06:55:33.959 62255 INFO tempest.lib.common.rest_client [req-0da0b0d9-d266-469f-852a-ce170d201036 req-0da0b0d9-d266-469f-852a-ce170d201036 ] Request (ServersTestBootFromVolume:setUpClass): 200 GET http://10.180.1.21/compute/v2.1/servers/334fd514-c7b5-402f-935e-1d95f9b5dbc8 0.048s
2024-09-16 06:55:33.997 62279 INFO tempest.lib.common.rest_client [req-d36a9dcd-c35b-4132-8cba-c2bacf069c0c req-d36a9dcd-c35b-4132-8cba-c2bacf069c0c ] Request (ServersAaction247Test:test_create_backup): 200 GET http://10.180.1.21/compute/v2.1/servers/30d82c70-1401-4a1a-a88b-f798f8fbf96a 0.044s
2024-09-16 06:55:34.083 62273 INFO tempest.lib.common.rest_client [req-ea7bb6d9-0f88-475a-8497-993b83a04eb2 req-ea7bb6d9-0f88-475a-8497-993b83a04eb2 ] Request (ListImageFiltersTestJSON:setUpClass): 200 GET http://10.180.1.21/compute/v2.1/servers/7ff67667-32ce-48ee-bae6-32a7b7d0bfd4 0.044s
