2024-09-16 06:53:22.397 62291 INFO tempest.lib.common.rest_client [req-ed9483e5-9685-41bb-aa93-31b51bdf0c91 req-ed9483e5-9685-41bb-aa93-31b51bdf0c91 ] Request (QuotaClassesAdmin257Test:test_update_default_quotas): 200 PUT http://10.180.1.21/compute/v2.1/os-quota-class-sets/default 1.604s
2024-09-16 06:53:22.420 62247 INFO tempest.lib.common.rest_client [req-11f415af-fc8f-4a0f-a148-65201678a534 req-11f415af-fc8f-4a0f-a148-65201678a534 ] Request (AggregatesAdminNegativeTestJSON:_run_cleanups): 200 DELETE http://10.180.1.21/compute/v2.1/os-aggregates/3 1.455s
2024-09-16 06:53:22.431 62253 INFO tempest.lib.common.rest_client [req-8aad7be4-e941-46dc-ba7b-4b52399ab6e5 req-8aad7be4-e941-46dc-ba7b-4b52399ab6e5 ] Request (ValidationResourcesFixture:setUp): 200 POST http://10.180.1.21/compute/v2.1/os-keypairs 1.614s
2024-09-16 06:53:22.447 62299 INFO tempest.lib.common.rest_client [req-94f745f3-55c9-401c-bc98-6f4d86a5f887 req-94f745f3-55c9-401c-bc98-6f4d86a5f887 ] Request (ServerDiagnosticsTest:setUpClass): 201 POST http://10.180.1.21/identity/v3/projects 0.144s
2024-09-16 06:53:22.500 62279 INFO tempest.lib.common.rest_client [req-4e8d8c62-b732-4f78-973f-801a9b82b12d req-4e8d8c62-b732-4f78-973f-801a9b82b12d ] Request (ServerActionsTestJSON:setUpClass): 201 POST http://10.180.1.21/identity/v3/auth/tokens 0.137s
2024-09-16 06:53:22.506 62273 INFO tempest.lib.common.rest_client [req-d668a8dc-1652-4e6e-b6d2-41741d2f06e6 req-d668a8dc-1652-4e6e-b6d2-41741d2f06e6 ] Request (ListImageFiltersTestJSON:setUpClass): 204 PUT http://10.180.1.21/image/v2/images/5d855a50-063b-452f-be90-141080ecbfcc/file 0.952s
2024-09-16 06:53:22.524 62241 INFO tempest.lib.common.rest_client [req-8ea63979-b160-4068-b816-332c08e7dbc6 req-8ea63979-b160-4068-b816-332c08e7dbc6 ] Request (FlavorsV261TestJSON:tearDownClass): 201 POST http://10.180.1.21/identity/v3/auth/tokens 0.140s
2024-09-16 06:53:22.544 62299 INFO tempest.lib.common.rest_client [req-65ef479f-63b3-4b1a-a416-90b862e1102e req-65ef479f-63b3-4b1a-a416-90b862e1102e ] Request (ServerDiagnosticsTest:setUpClass): 201 POST http://10.180.1.21/identity/v3/users 0.097s
2024-09-16 06:53:22.549 62255 INFO tempest.lib.common.rest_client [req-c86255cd-f4df-46c6-8738-9be63c57a8eb req-c86255cd-f4df-46c6-8738-9be63c57a8eb ] Request (FloatingIPsAssociationTestJSON:setUpClass): 200 GET http://10.180.1.21/compute/v2.1/servers/4489993f-7d78-4891-8282-5d06d7689447 1.020s
2024-09-16 06:53:22.554 62279 INFO tempest.lib.common.rest_client [req-19a48dab-a087-4ad1-9160-887ed2449e6e req-19a48dab-a087-4ad1-9160-887ed2449e6e ] Request (ServerActionsTestJSON:setUpClass): 201 POST http://10.180.1.21/identity/v3/auth/tokens 0.050s
2024-09-16 06:53:22.566 62299 INFO tempest.lib.common.rest_client [req-be413edc-7269-4c0f-a05b-d1d8ea42310d req-be413edc-7269-4c0f-a05b-d1d8ea42310d ] Request (ServerDiagnosticsTest:setUpClass): 200 GET http://10.180.1.21/identity/v3/roles 0.021s
2024-09-16 06:53:22.589 62269 INFO tempest.lib.common.rest_client [req-cea1683a-7b47-4601-a631-555d65b46bf5 req-cea1683a-7b47-4601-a631-555d65b46bf5 ] Request (InstanceUsageAuditLogTestJSON:tearDownClass): 200 GET http://10.180.1.21:9696/networking/v2.0/security-groups?tenant_id=a5e0527e33c741bf9571d3c62ad4cd64&name=default 0.457s
2024-09-16 06:53:22.605 62279 INFO tempest.lib.common.rest_client [req-68c5b758-adfc-4f19-9e37-f257ab322266 req-68c5b758-adfc-4f19-9e37-f257ab322266 ] Request (ServerActionsTestJSON:setUpClass): 200 GET http://10.180.1.21/identity/v3/domains?name=Default 0.050s
2024-09-16 06:53:22.632 62299 INFO tempest.lib.common.rest_client [req-f9599fda-5105-4fe7-9262-e6dffad98541 req-f9599fda-5105-4fe7-9262-e6dffad98541 ] Request (ServerDiagnosticsTest:setUpClass): 204 PUT http://10.180.1.21/identity/v3/projects/03ad93ef1d244ef2b8980357ca2abaa8/users/a55903eebb6c4da18b0eaff1f244d6f3/roles/54264ac68002466f880300d685431cd7 0.066s
2024-09-16 06:53:22.632 62299 INFO tempest.lib.common.dynamic_creds [-] Dynamic test user a55903eebb6c4da18b0eaff1f244d6f3 is created with scope project and roles: ['member']
2024-09-16 06:53:22.633 62299 INFO tempest.lib.common.dynamic_creds [-] Acquired dynamic creds: credentials: Credentials: {'domain_id': 'default', 'domain_name': 'Default', 'username': 'tempest-ServerDiagnosticsTest-1258149472-project-member', 'project_domain_id': 'default', 'project_domain_name': 'Default', 'project_id': '03ad93ef1d244ef2b8980357ca2abaa8', 'project_name': 'tempest-ServerDiagnosticsTest-1258149472', 'tenant_id': '03ad93ef1d244ef2b8980357ca2abaa8', 'tenant_name': 'tempest-ServerDiagnosticsTest-1258149472', 'user_domain_id': 'default', 'user_domain_name': 'Default', 'user_id': 'a55903eebb6c4da18b0eaff1f244d6f3', 'system': None}, Network: None, Subnet: None, Router: None
2024-09-16 06:53:22.633 62299 INFO tempest.lib.common.dynamic_creds [-] Created isolated network resources for: credentials: Credentials: {'domain_id': 'default', 'domain_name': 'Default', 'username': 'tempest-ServerDiagnosticsTest-1258149472-project-member', 'project_domain_id': 'default', 'project_domain_name': 'Default', 'project_id': '03ad93ef1d244ef2b8980357ca2abaa8', 'project_name': 'tempest-ServerDiagnosticsTest-1258149472', 'tenant_id': '03ad93ef1d244ef2b8980357ca2abaa8', 'tenant_name': 'tempest-ServerDiagnosticsTest-1258149472', 'user_domain_id': 'default', 'user_domain_name': 'Default', 'user_id': 'a55903eebb6c4da18b0eaff1f244d6f3', 'system': None}, Network: None, Subnet: None, Router: None
2024-09-16 06:53:22.705 62279 INFO tempest.lib.common.rest_client [req-3560fb69-c12f-4990-a3a2-f89d1d078eaf req-3560fb69-c12f-4990-a3a2-f89d1d078eaf ] Request (ServerActionsTestJSON:setUpClass): 201 POST http://10.180.1.21/identity/v3/projects 0.096s
2024-09-16 06:53:22.723 62299 INFO tempest.lib.common.rest_client [req-a095f969-097f-4417-ae30-69e09fc9fa14 req-a095f969-097f-4417-ae30-69e09fc9fa14 ] Request (ServerDiagnosticsTest:setUpClass): 201 POST http://10.180.1.21/identity/v3/auth/tokens 0.084s
2024-09-16 06:53:22.776 62279 INFO tempest.lib.common.rest_client [req-69b87965-6623-411b-ad64-d2182a5e4bae req-69b87965-6623-411b-ad64-d2182a5e4bae ] Request (ServerActionsTestJSON:setUpClass): 201 POST http://10.180.1.21/identity/v3/users 0.070s
2024-09-16 06:53:22.795 62279 INFO tempest.lib.common.rest_client [req-c35df703-f81b-432b-91fc-8f9c4f30769d req-c35df703-f81b-432b-91fc-8f9c4f30769d ] Request (ServerActionsTestJSON:setUpClass): 200 GET http://10.180.1.21/identity/v3/roles 0.019s
2024-09-16 06:53:22.798 62299 INFO tempest.lib.common.rest_client [req-b484bf8f-c431-44e3-8cd8-a0b06bb337d2 req-b484bf8f-c431-44e3-8cd8-a0b06bb337d2 ] Request (ServerDiagnosticsTest:setUpClass): 201 POST http://10.180.1.21/identity/v3/projects 0.074s
2024-09-16 06:53:22.877 62279 INFO tempest.lib.common.rest_client [req-9e869952-79d1-4ec3-b627-9962efe62d7e req-9e869952-79d1-4ec3-b627-9962efe62d7e ] Request (ServerActionsTestJSON:setUpClass): 204 PUT http://10.180.1.21/identity/v3/projects/af0cfb674a7e46aaa502b61838d8bc97/users/a6a4afad6b3943eca890b41032f20c3d/roles/54264ac68002466f880300d685431cd7 0.082s
2024-09-16 06:53:22.877 62279 INFO tempest.lib.common.dynamic_creds [-] Dynamic test user a6a4afad6b3943eca890b41032f20c3d is created with scope project and roles: ['member']
2024-09-16 06:53:22.879 62279 INFO tempest.lib.common.dynamic_creds [-] Acquired dynamic creds: credentials: Credentials: {'domain_id': 'default', 'domain_name': 'Default', 'username': 'tempest-ServerActionsTestJSON-1792958832-project-member', 'project_domain_id': 'default', 'project_domain_name': 'Default', 'project_id': 'af0cfb674a7e46aaa502b61838d8bc97', 'project_name': 'tempest-ServerActionsTestJSON-1792958832', 'tenant_id': 'af0cfb674a7e46aaa502b61838d8bc97', 'tenant_name': 'tempest-ServerActionsTestJSON-1792958832', 'user_domain_id': 'default', 'user_domain_name': 'Default', 'user_id': 'a6a4afad6b3943eca890b41032f20c3d', 'system': None}, Network: None, Subnet: None, Router: None
2024-09-16 06:53:22.880 62299 INFO tempest.lib.common.rest_client [req-d84eb6ab-3c12-4490-8ba1-3dcbbd0402ca req-d84eb6ab-3c12-4490-8ba1-3dcbbd0402ca ] Request (ServerDiagnosticsTest:setUpClass): 201 POST http://10.180.1.21/identity/v3/users 0.082s
2024-09-16 06:53:22.933 62299 INFO tempest.lib.common.rest_client [req-0b6c1348-1305-467e-aa3e-1defa8be25df req-0b6c1348-1305-467e-aa3e-1defa8be25df ] Request (ServerDiagnosticsTest:setUpClass): 200 GET http://10.180.1.21/identity/v3/roles 0.051s
2024-09-16 06:53:22.959 62279 INFO tempest.lib.common.rest_client [req-3068ea70-18cc-44da-8441-fe75a915e0a9 req-3068ea70-18cc-44da-8441-fe75a915e0a9 ] Request (ServerActionsTestJSON:setUpClass): 201 POST http://10.180.1.21/identity/v3/auth/tokens 0.079s
2024-09-16 06:53:22.961 62299 INFO tempest.lib.common.rest_client [req-e9465a93-cea4-471b-97f9-a9fa4d7fb40a req-e9465a93-cea4-471b-97f9-a9fa4d7fb40a ] Request (ServerDiagnosticsTest:setUpClass): 204 PUT http://10.180.1.21/identity/v3/projects/74c1c112f7dd40a38055f37a73216962/users/f600d7535ff14b1596d31c342faa41c1/roles/deeb69cf4ee649d385ba1d7fe7044b7e 0.028s
2024-09-16 06:53:23.003 62253 INFO tempest.lib.common.rest_client [req-a8318933-dda7-4457-934b-1b8d9135e2cf req-a8318933-dda7-4457-934b-1b8d9135e2cf ] Request (ValidationResourcesFixture:setUp): 201 POST http://10.180.1.21:9696/networking/v2.0/security-groups 0.570s
2024-09-16 06:53:23.007 62299 INFO tempest.lib.common.rest_client [req-1116744f-9e98-4226-a3ec-7cb62b8efdba req-1116744f-9e98-4226-a3ec-7cb62b8efdba ] Request (ServerDiagnosticsTest:setUpClass): 200 GET http://10.180.1.21/identity/v3/roles 0.045s
2024-09-16 06:53:23.025 62299 INFO tempest.lib.common.rest_client [req-53142053-93eb-4224-b21e-d345b1c08e16 req-53142053-93eb-4224-b21e-d345b1c08e16 ] Request (ServerDiagnosticsTest:setUpClass): 204 PUT http://10.180.1.21/identity/v3/projects/74c1c112f7dd40a38055f37a73216962/users/f600d7535ff14b1596d31c342faa41c1/roles/deeb69cf4ee649d385ba1d7fe7044b7e 0.018s
2024-09-16 06:53:23.026 62299 INFO tempest.lib.common.dynamic_creds [-] Dynamic test user f600d7535ff14b1596d31c342faa41c1 is created with scope project and roles: ['admin']
2024-09-16 06:53:23.026 62299 INFO tempest.lib.common.dynamic_creds [-] Acquired dynamic creds: credentials: Credentials: {'domain_id': 'default', 'domain_name': 'Default', 'username': 'tempest-ServerDiagnosticsTest-1473703938-project-admin', 'project_domain_id': 'default', 'project_domain_name': 'Default', 'project_id': '74c1c112f7dd40a38055f37a73216962', 'project_name': 'tempest-ServerDiagnosticsTest-1473703938', 'tenant_id': '74c1c112f7dd40a38055f37a73216962', 'tenant_name': 'tempest-ServerDiagnosticsTest-1473703938', 'user_domain_id': 'default', 'user_domain_name': 'Default', 'user_id': 'f600d7535ff14b1596d31c342faa41c1', 'system': None}, Network: None, Subnet: None, Router: None
2024-09-16 06:53:23.026 62299 INFO tempest.lib.common.dynamic_creds [-] Created isolated network resources for: credentials: Credentials: {'domain_id': 'default', 'domain_name': 'Default', 'username': 'tempest-ServerDiagnosticsTest-1473703938-project-admin', 'project_domain_id': 'default', 'project_domain_name': 'Default', 'project_id': '74c1c112f7dd40a38055f37a73216962', 'project_name': 'tempest-ServerDiagnosticsTest-1473703938', 'tenant_id': '74c1c112f7dd40a38055f37a73216962', 'tenant_name': 'tempest-ServerDiagnosticsTest-1473703938', 'user_domain_id': 'default', 'user_domain_name': 'Default', 'user_id': 'f600d7535ff14b1596d31c342faa41c1', 'system': None}, Network: None, Subnet: None, Router: None
2024-09-16 06:53:23.106 62299 INFO tempest.lib.common.rest_client [req-09f404ab-1d19-45d4-a1e2-03a16985cc91 req-09f404ab-1d19-45d4-a1e2-03a16985cc91 ] Request (ServerDiagnosticsTest:setUpClass): 201 POST http://10.180.1.21/identity/v3/auth/tokens 0.076s
2024-09-16 06:53:23.184 62299 INFO tempest.lib.common.rest_client [req-a92ad80e-5397-45b9-a799-f74053b060a6 req-a92ad80e-5397-45b9-a799-f74053b060a6 ] Request (ServerDiagnosticsTest:test_get_server_diagnostics): 201 POST http://10.180.1.21/identity/v3/auth/tokens 0.074s
2024-09-16 06:53:23.186 62299 INFO tempest.lib.common.fixed_network [-] (ServerDiagnosticsTest:test_get_server_diagnostics) Found network None available for tenant
2024-09-16 06:53:23.282 62269 INFO tempest.lib.common.rest_client [req-f30d051d-7b93-4375-97aa-1862ef08e660 req-f30d051d-7b93-4375-97aa-1862ef08e660 ] Request (InstanceUsageAuditLogTestJSON:tearDownClass): 204 DELETE http://10.180.1.21:9696/networking/v2.0/security-groups/4f49ee01-104a-4a02-b17b-4f1e12fa6d4d 0.692s
2024-09-16 06:53:23.301 62241 INFO tempest.lib.common.rest_client [req-870b2df0-6ad9-4a5b-80a5-f46c66cf7466 req-870b2df0-6ad9-4a5b-80a5-f46c66cf7466 ] Request (FlavorsV261TestJSON:tearDownClass): 200 GET http://10.180.1.21:9696/networking/v2.0/security-groups?tenant_id=4987caf80e0641359b08f2f7b5b07ef8&name=default 0.777s
2024-09-16 06:53:23.398 62269 INFO tempest.lib.common.rest_client [req-b7548f60-1cd0-4760-805e-01d7405cf1ab req-b7548f60-1cd0-4760-805e-01d7405cf1ab ] Request (InstanceUsageAuditLogTestJSON:tearDownClass): 204 DELETE http://10.180.1.21/identity/v3/projects/a5e0527e33c741bf9571d3c62ad4cd64 0.116s
2024-09-16 06:53:23.417 62285 INFO tempest.lib.common.rest_client [req-7b2ad915-b977-4844-97d3-7a32e8a83ca6 req-7b2ad915-b977-4844-97d3-7a32e8a83ca6 ] Request (SecurityGroupsTestJSON:test_list_security_groups_by_server): 200 POST http://10.180.1.21/compute/v2.1/os-security-groups 1.703s
2024-09-16 06:53:23.435 62237 INFO tempest.lib.common.rest_client [req-57138dd2-f6ec-405f-a9ce-4c017d9094b9 req-57138dd2-f6ec-405f-a9ce-4c017d9094b9 ] Request (ServersNegativeTestJSON:setUpClass): 201 POST http://10.180.1.21:9696/networking/v2.0/networks 1.109s
2024-09-16 06:53:23.441 62281 INFO tempest.lib.common.rest_client [req-405aa609-9f91-4e05-aa61-fb6a62b3f1ac req-405aa609-9f91-4e05-aa61-fb6a62b3f1ac ] Request (FlavorsAccessTestJSON:_run_cleanups): 200 GET http://10.180.1.21/compute/v2.1/flavors/detail 1.569s
2024-09-16 06:53:23.482 62269 INFO tempest.lib.common.rest_client [req-15ec8ca7-8aa4-48a2-a24e-bafc2d6104ef req-15ec8ca7-8aa4-48a2-a24e-bafc2d6104ef ] Request (ServerRescueTestJSON:setUpClass): 201 POST http://10.180.1.21/identity/v3/auth/tokens 0.082s
2024-09-16 06:53:23.496 62295 INFO tempest.lib.common.rest_client [req-30b50025-9ff7-4758-a976-2fe980ac3c7a req-30b50025-9ff7-4758-a976-2fe980ac3c7a ] Request (ImagesOneServerNegativeTestJSON:setUpClass): 201 POST http://10.180.1.21:9696/networking/v2.0/routers 2.857s
2024-09-16 06:53:23.517 62269 INFO tempest.lib.common.rest_client [req-7f0e87ca-b65e-4916-a235-60a44a32d8c2 req-7f0e87ca-b65e-4916-a235-60a44a32d8c2 ] Request (ServerRescueTestJSON:setUpClass): 201 POST http://10.180.1.21/identity/v3/auth/tokens 0.033s
2024-09-16 06:53:23.541 62269 INFO tempest.lib.common.rest_client [req-299038ab-cbc5-4a75-95d8-a79562d6c744 req-299038ab-cbc5-4a75-95d8-a79562d6c744 ] Request (ServerRescueTestJSON:setUpClass): 200 GET http://10.180.1.21/identity/v3/domains?name=Default 0.023s
2024-09-16 06:53:23.583 62281 INFO tempest.lib.common.rest_client [req-2f673fb8-145e-48e4-a2e4-6b1a6ff0535a req-2f673fb8-145e-48e4-a2e4-6b1a6ff0535a ] Request (FlavorsAccessTestJSON:tearDownClass): 204 DELETE http://10.180.1.21/identity/v3/users/197e2fff130545538f0e1429cbe06d41 0.133s
2024-09-16 06:53:23.607 62269 INFO tempest.lib.common.rest_client [req-29767b59-8354-4282-a8a9-2b48a5fc53a4 req-29767b59-8354-4282-a8a9-2b48a5fc53a4 ] Request (ServerRescueTestJSON:setUpClass): 201 POST http://10.180.1.21/identity/v3/projects 0.066s
2024-09-16 06:53:23.675 62253 INFO tempest.lib.common.rest_client [req-c2dd5d64-dec9-4119-b9d7-d18bd2eaf793 req-c2dd5d64-dec9-4119-b9d7-d18bd2eaf793 ] Request (ValidationResourcesFixture:setUp): 201 POST http://10.180.1.21:9696/networking/v2.0/security-group-rules 0.672s
2024-09-16 06:53:23.676 62269 INFO tempest.lib.common.rest_client [req-ba3fffd7-e979-4c5c-993f-7f49ed46dddb req-ba3fffd7-e979-4c5c-993f-7f49ed46dddb ] Request (ServerRescueTestJSON:setUpClass): 201 POST http://10.180.1.21/identity/v3/users 0.068s
2024-09-16 06:53:23.707 62269 INFO tempest.lib.common.rest_client [req-f6813982-83b0-4ad7-9e6e-4fc6081f0011 req-f6813982-83b0-4ad7-9e6e-4fc6081f0011 ] Request (ServerRescueTestJSON:setUpClass): 200 GET http://10.180.1.21/identity/v3/roles 0.031s
2024-09-16 06:53:23.736 62281 INFO tempest.lib.common.rest_client [req-45805479-1791-4c2c-bbae-f8de284400b1 req-45805479-1791-4c2c-bbae-f8de284400b1 ] Request (FlavorsAccessTestJSON:tearDownClass): 204 DELETE http://10.180.1.21/identity/v3/users/41f1ac3a06064dabab131b5ed9c2f59d 0.153s
2024-09-16 06:53:23.737 62281 INFO tempest.lib.common.dynamic_creds [-] Deleting project and security group for project: 9a0d4eccd4cc4c3a8841074550db4d06
2024-09-16 06:53:23.799 62269 INFO tempest.lib.common.rest_client [req-37ebb297-19da-4b0e-ad96-55d8886b4b13 req-37ebb297-19da-4b0e-ad96-55d8886b4b13 ] Request (ServerRescueTestJSON:setUpClass): 204 PUT http://10.180.1.21/identity/v3/projects/9de9f8fa96fd42ea9f9ba9698a74228d/users/9a383ddc61034bf5b48be4a55ad9c330/roles/54264ac68002466f880300d685431cd7 0.091s
2024-09-16 06:53:23.799 62269 INFO tempest.lib.common.dynamic_creds [-] Dynamic test user 9a383ddc61034bf5b48be4a55ad9c330 is created with scope project and roles: ['member']
2024-09-16 06:53:23.799 62269 INFO tempest.lib.common.dynamic_creds [-] Acquired dynamic creds: credentials: Credentials: {'domain_id': 'default', 'domain_name': 'Default', 'username': 'tempest-ServerRescueTestJSON-828137247-project-member', 'project_domain_id': 'default', 'project_domain_name': 'Default', 'project_id': '9de9f8fa96fd42ea9f9ba9698a74228d', 'project_name': 'tempest-ServerRescueTestJSON-828137247', 'tenant_id': '9de9f8fa96fd42ea9f9ba9698a74228d', 'tenant_name': 'tempest-ServerRescueTestJSON-828137247', 'user_domain_id': 'default', 'user_domain_name': 'Default', 'user_id': '9a383ddc61034bf5b48be4a55ad9c330', 'system': None}, Network: None, Subnet: None, Router: None
2024-09-16 06:53:23.824 62281 INFO tempest.lib.common.rest_client [req-e2612072-dbb9-4cdb-80ba-14b58d8c1a6b req-e2612072-dbb9-4cdb-80ba-14b58d8c1a6b ] Request (FlavorsAccessTestJSON:tearDownClass): 201 POST http://10.180.1.21/identity/v3/auth/tokens 0.087s
2024-09-16 06:53:23.888 62269 INFO tempest.lib.common.rest_client [req-7b0fcb92-77b8-48b9-a87b-bcd5ae75ed35 req-7b0fcb92-77b8-48b9-a87b-bcd5ae75ed35 ] Request (ServerRescueTestJSON:setUpClass): 201 POST http://10.180.1.21/identity/v3/auth/tokens 0.088s
2024-09-16 06:53:23.912 62259 INFO tempest.lib.common.rest_client [req-d696a0ee-90a2-4b12-a4f1-7704bfdda370 req-d696a0ee-90a2-4b12-a4f1-7704bfdda370 ] Request (VolumesAssistedSnapshotsTest:test_volume_assisted_snapshot_create_delete): 202 POST http://10.180.1.21/compute/v2.1/servers 2.826s
2024-09-16 06:53:23.928 62279 INFO tempest.lib.common.rest_client [req-1138ee7f-1a60-4e02-b496-be4d05e93ba8 req-1138ee7f-1a60-4e02-b496-be4d05e93ba8 ] Request (ServerActionsTestJSON:setUpClass): 201 POST http://10.180.1.21:9696/networking/v2.0/networks 0.969s
2024-09-16 06:53:23.994 62241 INFO tempest.lib.common.rest_client [req-30e8a092-4c8f-42d7-80b7-6d49afb3b76c req-30e8a092-4c8f-42d7-80b7-6d49afb3b76c ] Request (FlavorsV261TestJSON:tearDownClass): 204 DELETE http://10.180.1.21:9696/networking/v2.0/security-groups/ea13f2ba-ff00-45cd-90ff-4e7a29ca0d67 0.693s
2024-09-16 06:53:24.055 62287 INFO tempest.lib.common.rest_client [req-25fc264d-700a-4d32-85a1-3851e891c8c1 req-25fc264d-700a-4d32-85a1-3851e891c8c1 ] Request (ServersAdminNegativeTestJSON:setUpClass): 200 GET http://10.180.1.21/compute/v2.1/servers/34097eee-1eab-4b71-a450-8d8dddd94276 2.108s
2024-09-16 06:53:24.066 62253 INFO tempest.lib.common.rest_client [req-a78a3aba-cc43-46fa-8c03-9085d8980368 req-a78a3aba-cc43-46fa-8c03-9085d8980368 ] Request (ValidationResourcesFixture:setUp): 201 POST http://10.180.1.21:9696/networking/v2.0/security-group-rules 0.390s
2024-09-16 06:53:24.073 62239 INFO tempest.lib.common.rest_client [req-55d0646c-6449-4a87-9560-cf0980881edf req-55d0646c-6449-4a87-9560-cf0980881edf ] Request (QuotasAdminNegativeTest:test_create_server_when_memory_quota_is_full): 403 POST http://10.180.1.21/compute/v2.1/servers 2.159s
2024-09-16 06:53:24.097 62241 INFO tempest.lib.common.rest_client [req-abd73148-9c18-4d22-9c8e-acce812bc9d2 req-abd73148-9c18-4d22-9c8e-acce812bc9d2 ] Request (FlavorsV261TestJSON:tearDownClass): 204 DELETE http://10.180.1.21/identity/v3/projects/4987caf80e0641359b08f2f7b5b07ef8 0.102s
2024-09-16 06:53:24.097 62241 INFO tempest.lib.common.dynamic_creds [-] Deleting project and security group for project: aa23acd3d82d44bdabe0b4086fcabd99
2024-09-16 06:53:24.163 62267 INFO tempest.lib.common.rest_client [req-d6955f38-03ce-45d6-9c03-dbfd7cddda12 req-d6955f38-03ce-45d6-9c03-dbfd7cddda12 ] Request (ServerExternalEventsTest:test_create_server_external_events): 200 GET http://10.180.1.21/compute/v2.1/servers/6a67dde1-ca25-493e-8d65-8d4cea487c85 2.098s
2024-09-16 06:53:24.192 62263 INFO tempest.lib.common.rest_client [req-73427e8c-537e-477c-9dc7-f5e2ba3d7716 req-73427e8c-537e-477c-9dc7-f5e2ba3d7716 ] Request (FlavorsExtraSpecsNegativeTestJSON:tearDownClass): 200 GET http://10.180.1.21/compute/v2.1/flavors/detail 2.046s
2024-09-16 06:53:24.297 62263 INFO tempest.lib.common.rest_client [req-4d4d5eae-cd21-4dbd-8042-9f42c27cabda req-4d4d5eae-cd21-4dbd-8042-9f42c27cabda ] Request (FlavorsExtraSpecsNegativeTestJSON:tearDownClass): 204 DELETE http://10.180.1.21/identity/v3/users/61671e8f1b4944b6a696045f3e30a61b 0.100s
2024-09-16 06:53:24.375 62281 INFO tempest.lib.common.rest_client [req-3034e706-7753-4875-b082-290fd9e3917b req-3034e706-7753-4875-b082-290fd9e3917b ] Request (FlavorsAccessTestJSON:tearDownClass): 200 GET http://10.180.1.21:9696/networking/v2.0/security-groups?tenant_id=9a0d4eccd4cc4c3a8841074550db4d06&name=default 0.551s
2024-09-16 06:53:24.404 62263 INFO tempest.lib.common.rest_client [req-12e1559c-5f60-47a1-b5f4-97db6db2b0ab req-12e1559c-5f60-47a1-b5f4-97db6db2b0ab ] Request (FlavorsExtraSpecsNegativeTestJSON:tearDownClass): 204 DELETE http://10.180.1.21/identity/v3/users/149e8acc5a3f47f9a5d42d46f804f229 0.106s
2024-09-16 06:53:24.404 62263 INFO tempest.lib.common.dynamic_creds [-] Deleting project and security group for project: 3eafd6828ca24d65bd51be75de74eaf6
2024-09-16 06:53:24.440 62237 INFO tempest.lib.common.rest_client [req-131f09dc-c34c-4c07-ba59-209e87f3330f req-131f09dc-c34c-4c07-ba59-209e87f3330f ] Request (ServersNegativeTestJSON:setUpClass): 201 POST http://10.180.1.21:9696/networking/v2.0/subnets 1.004s
2024-09-16 06:53:24.469 62263 INFO tempest.lib.common.rest_client [req-a97acaa9-9722-45f8-bff5-d32c1ee1f236 req-a97acaa9-9722-45f8-bff5-d32c1ee1f236 ] Request (FlavorsExtraSpecsNegativeTestJSON:tearDownClass): 201 POST http://10.180.1.21/identity/v3/auth/tokens 0.063s
2024-09-16 06:53:24.662 62258 INFO tempest.lib.common.rest_client [req-ba21d949-e33f-4655-a3a9-c892a791c4b7 req-ba21d949-e33f-4655-a3a9-c892a791c4b7 ] Request (SecurityGroupsTestAdminJSON:test_list_security_groups_list_all_tenants_filter): 200 POST http://10.180.1.21/compute/v2.1/os-security-groups 2.518s
2024-09-16 06:53:24.673 62272 INFO tempest.lib.common.rest_client [req-b6dfe412-1114-453f-a04f-e0a5fa61cd17 req-b6dfe412-1114-453f-a04f-e0a5fa61cd17 ] Request (HostsAdminNegativeTestJSON:test_update_host_with_invalid_status): 400 PUT http://10.180.1.21/compute/v2.1/os-hosts/devstack 2.518s
2024-09-16 06:53:24.698 62289 INFO tempest.lib.common.rest_client [req-c6702553-0fb3-40bb-af81-cb5f9b3a3aa5 req-c6702553-0fb3-40bb-af81-cb5f9b3a3aa5 ] Request (FlavorsAccessNegativeTestJSON:test_flavor_non_admin_add): 200 POST http://10.180.1.21/compute/v2.1/flavors 2.522s
2024-09-16 06:53:24.724 62245 INFO tempest.lib.common.rest_client [req-551fff56-8918-44c1-80a5-1037c609ceb1 req-551fff56-8918-44c1-80a5-1037c609ceb1 ] Request (FlavorsAdminTestJSON:_run_cleanups): 202 DELETE http://10.180.1.21/compute/v2.1/flavors/b506df74-fe96-449f-b2fc-499941fac65d 2.531s
2024-09-16 06:53:24.741 62241 INFO tempest.lib.common.rest_client [req-c890e309-cc6f-4b01-8aa7-958b61cf7651 req-c890e309-cc6f-4b01-8aa7-958b61cf7651 ] Request (FlavorsV261TestJSON:tearDownClass): 200 GET http://10.180.1.21:9696/networking/v2.0/security-groups?tenant_id=aa23acd3d82d44bdabe0b4086fcabd99&name=default 0.644s
2024-09-16 06:53:24.877 62277 INFO tempest.lib.common.rest_client [req-10141602-9c93-4339-a872-bbcfb8eb54e2 req-10141602-9c93-4339-a872-bbcfb8eb54e2 ] Request (ServersAdmin275Test:test_rebuild_update_server_275): 200 GET http://10.180.1.21/compute/v2.1/servers/15409fa7-254c-435e-8080-46d3f65b2d46 2.681s
2024-09-16 06:53:24.929 62279 INFO tempest.lib.common.rest_client [req-2ee63a95-4773-4f6f-9fc8-17285f19a455 req-2ee63a95-4773-4f6f-9fc8-17285f19a455 ] Request (ServerActionsTestJSON:setUpClass): 201 POST http://10.180.1.21:9696/networking/v2.0/subnets 1.000s
2024-09-16 06:53:24.994 62243 INFO tempest.lib.common.rest_client [req-fe7d4d6b-85d0-4cdd-b386-aebbe8f9efc1 req-fe7d4d6b-85d0-4cdd-b386-aebbe8f9efc1 ] Request (ServersTestJSON:setUpClass): 200 GET http://10.180.1.21/compute/v2.1/servers/faa1794d-5941-40fb-bd78-2608fa2d5da0 2.736s
2024-09-16 06:53:25.078 62263 INFO tempest.lib.common.rest_client [req-5ab3a3e6-2b91-4f92-ab61-8948d162b26f req-5ab3a3e6-2b91-4f92-ab61-8948d162b26f ] Request (FlavorsExtraSpecsNegativeTestJSON:tearDownClass): 200 GET http://10.180.1.21:9696/networking/v2.0/security-groups?tenant_id=3eafd6828ca24d65bd51be75de74eaf6&name=default 0.609s
2024-09-16 06:53:25.169 62269 INFO tempest.lib.common.rest_client [req-690bf797-f697-4e3e-b777-931fa4197470 req-690bf797-f697-4e3e-b777-931fa4197470 ] Request (ServerRescueTestJSON:setUpClass): 201 POST http://10.180.1.21:9696/networking/v2.0/networks 1.280s
2024-09-16 06:53:25.247 62265 INFO tempest.lib.common.rest_client [req-29756ae0-6ae9-4ebf-a656-b1d7b1c9d1b3 req-29756ae0-6ae9-4ebf-a656-b1d7b1c9d1b3 ] Request (ImagesMetadataTestJSON:test_set_image_metadata): 200 PUT http://10.180.1.21/compute/v2.1/images/023d72a0-76ce-466c-aa38-3a1b9aa096b4/metadata 2.909s
2024-09-16 06:53:25.261 62291 INFO tempest.lib.common.rest_client [req-ec920b14-b7bf-4696-bc61-18216c2b2590 req-ec920b14-b7bf-4696-bc61-18216c2b2590 ] Request (QuotaClassesAdmin257Test:test_update_default_quotas): 200 GET http://10.180.1.21/compute/v2.1/os-quota-class-sets/default 2.862s
2024-09-16 06:53:25.263 62281 INFO tempest.lib.common.rest_client [req-91b82152-5d2b-4fc7-97c1-1792db7343bc req-91b82152-5d2b-4fc7-97c1-1792db7343bc ] Request (FlavorsAccessTestJSON:tearDownClass): 204 DELETE http://10.180.1.21:9696/networking/v2.0/security-groups/31c70d13-66a3-4674-81dd-72ee2a4c33ee 0.887s
2024-09-16 06:53:25.269 62247 INFO tempest.lib.common.rest_client [req-6b786e40-2c60-4e4f-960e-3013df772218 req-6b786e40-2c60-4e4f-960e-3013df772218 ] Request (AggregatesAdminNegativeTestJSON:test_aggregate_create_aggregate_name_length_exceeds_255): 400 POST http://10.180.1.21/compute/v2.1/os-aggregates 2.848s
2024-09-16 06:53:25.303 62273 INFO tempest.lib.common.rest_client [req-fb58f62c-a5d9-49cc-a55a-dd6ec08956d1 req-fb58f62c-a5d9-49cc-a55a-dd6ec08956d1 ] Request (ListImageFiltersTestJSON:setUpClass): 200 GET http://10.180.1.21/compute/v2.1/images/5d855a50-063b-452f-be90-141080ecbfcc 2.796s
2024-09-16 06:53:25.319 62241 INFO tempest.lib.common.rest_client [req-ffecd57e-8e56-4698-9f94-01057a25121c req-ffecd57e-8e56-4698-9f94-01057a25121c ] Request (FlavorsV261TestJSON:tearDownClass): 204 DELETE http://10.180.1.21:9696/networking/v2.0/security-groups/862306e4-6efc-4d1a-8f46-fb2b5d5d25c4 0.578s
2024-09-16 06:53:25.350 62281 INFO tempest.lib.common.rest_client [req-465db2f2-f16f-422c-99b1-d0d9a88561e4 req-465db2f2-f16f-422c-99b1-d0d9a88561e4 ] Request (FlavorsAccessTestJSON:tearDownClass): 204 DELETE http://10.180.1.21/identity/v3/projects/9a0d4eccd4cc4c3a8841074550db4d06 0.086s
2024-09-16 06:53:25.350 62281 INFO tempest.lib.common.dynamic_creds [-] Deleting project and security group for project: 5c3010b35dd74263b7c112863fc9da4f
2024-09-16 06:53:25.426 62241 INFO tempest.lib.common.rest_client [req-b90516d3-62ab-47f1-bee4-5fef48c243d9 req-b90516d3-62ab-47f1-bee4-5fef48c243d9 ] Request (FlavorsV261TestJSON:tearDownClass): 204 DELETE http://10.180.1.21/identity/v3/projects/aa23acd3d82d44bdabe0b4086fcabd99 0.106s
2024-09-16 06:53:25.427 62241 INFO tempest.test [-] raised in TestVolumeSwap.setUpClass. Invoking tearDownClass.
2024-09-16 06:53:25.498 62241 INFO tempest.lib.common.rest_client [req-bfd6e586-d1e6-4f44-a152-c6fe5e8c6144 req-bfd6e586-d1e6-4f44-a152-c6fe5e8c6144 ] Request (FloatingIPsAssociationNegativeTestJSON:setUpClass): 201 POST http://10.180.1.21/identity/v3/auth/tokens 0.068s
2024-09-16 06:53:25.531 62241 INFO tempest.lib.common.rest_client [req-32c0b2f2-fc87-4ee2-81cc-a3dde64bf21e req-32c0b2f2-fc87-4ee2-81cc-a3dde64bf21e ] Request (FloatingIPsAssociationNegativeTestJSON:setUpClass): 201 POST http://10.180.1.21/identity/v3/auth/tokens 0.030s
2024-09-16 06:53:25.553 62241 INFO tempest.lib.common.rest_client [req-7a4658d2-5a13-4dd4-8223-2cf98200b2d4 req-7a4658d2-5a13-4dd4-8223-2cf98200b2d4 ] Request (FloatingIPsAssociationNegativeTestJSON:setUpClass): 200 GET http://10.180.1.21/identity/v3/domains?name=Default 0.022s
2024-09-16 06:53:25.579 62241 INFO tempest.lib.common.rest_client [req-14912063-2e43-4dda-8ff7-9ff3e6c2c0fd req-14912063-2e43-4dda-8ff7-9ff3e6c2c0fd ] Request (FloatingIPsAssociationNegativeTestJSON:setUpClass): 201 POST http://10.180.1.21/identity/v3/projects 0.026s
2024-09-16 06:53:25.632 62263 INFO tempest.lib.common.rest_client [req-96932979-5a6b-4ac7-a8ae-ec6df83d7f33 req-96932979-5a6b-4ac7-a8ae-ec6df83d7f33 ] Request (FlavorsExtraSpecsNegativeTestJSON:tearDownClass): 204 DELETE http://10.180.1.21:9696/networking/v2.0/security-groups/f4fe82b4-cb55-4d1e-9c2b-2f69c60f3716 0.552s
2024-09-16 06:53:25.639 62241 INFO tempest.lib.common.rest_client [req-bcb4321b-0407-42bc-bb1c-dd7e6813e5dd req-bcb4321b-0407-42bc-bb1c-dd7e6813e5dd ] Request (FloatingIPsAssociationNegativeTestJSON:setUpClass): 201 POST http://10.180.1.21/identity/v3/users 0.059s
2024-09-16 06:53:25.657 62241 INFO tempest.lib.common.rest_client [req-051f74ea-19bb-432e-80dd-91247d4da529 req-051f74ea-19bb-432e-80dd-91247d4da529 ] Request (FloatingIPsAssociationNegativeTestJSON:setUpClass): 200 GET http://10.180.1.21/identity/v3/roles 0.017s
2024-09-16 06:53:25.688 62241 INFO tempest.lib.common.rest_client [req-1c78f696-7e73-4cad-89ec-b09b38019afd req-1c78f696-7e73-4cad-89ec-b09b38019afd ] Request (FloatingIPsAssociationNegativeTestJSON:setUpClass): 204 PUT http://10.180.1.21/identity/v3/projects/9bae70aa236a4629b801902c036cadb5/users/dd622b8d6ca74338acb1932d966b2b1a/roles/54264ac68002466f880300d685431cd7 0.030s
2024-09-16 06:53:25.688 62241 INFO tempest.lib.common.dynamic_creds [-] Dynamic test user dd622b8d6ca74338acb1932d966b2b1a is created with scope project and roles: ['member']
2024-09-16 06:53:25.688 62241 INFO tempest.lib.common.dynamic_creds [-] Acquired dynamic creds: credentials: Credentials: {'domain_id': 'default', 'domain_name': 'Default', 'username': 'tempest-FloatingIPsAssociationNegativeTestJSON-1260778380-project-member', 'project_domain_id': 'default', 'project_domain_name': 'Default', 'project_id': '9bae70aa236a4629b801902c036cadb5', 'project_name': 'tempest-FloatingIPsAssociationNegativeTestJSON-1260778380', 'tenant_id': '9bae70aa236a4629b801902c036cadb5', 'tenant_name': 'tempest-FloatingIPsAssociationNegativeTestJSON-1260778380', 'user_domain_id': 'default', 'user_domain_name': 'Default', 'user_id': 'dd622b8d6ca74338acb1932d966b2b1a', 'system': None}, Network: None, Subnet: None, Router: None
2024-09-16 06:53:25.711 62263 INFO tempest.lib.common.rest_client [req-187fe552-c713-4429-8102-1451694d4fe2 req-187fe552-c713-4429-8102-1451694d4fe2 ] Request (FlavorsExtraSpecsNegativeTestJSON:tearDownClass): 204 DELETE http://10.180.1.21/identity/v3/projects/3eafd6828ca24d65bd51be75de74eaf6 0.078s
2024-09-16 06:53:25.712 62263 INFO tempest.lib.common.dynamic_creds [-] Deleting project and security group for project: 2bf4e7d3c73e4c0193f67d91b3941774
2024-09-16 06:53:25.757 62241 INFO tempest.lib.common.rest_client [req-7e259e85-385e-4938-b89d-3bfd4edde383 req-7e259e85-385e-4938-b89d-3bfd4edde383 ] Request (FloatingIPsAssociationNegativeTestJSON:setUpClass): 201 POST http://10.180.1.21/identity/v3/auth/tokens 0.069s
2024-09-16 06:53:25.824 62297 INFO tempest.lib.common.rest_client [req-1ccc7c2f-9518-4746-b631-955c55c0ed4d req-1ccc7c2f-9518-4746-b631-955c55c0ed4d ] Request (FloatingIPDetailsTestJSON:tearDownClass): 202 DELETE http://10.180.1.21/compute/v2.1/os-floating-ips/3a19c291-4683-41f3-88ee-6c0c4b838263 3.720s
2024-09-16 06:53:25.912 62281 INFO tempest.lib.common.rest_client [req-409188e7-16f9-498a-91e2-6fc0ea37d870 req-409188e7-16f9-498a-91e2-6fc0ea37d870 ] Request (FlavorsAccessTestJSON:tearDownClass): 200 GET http://10.180.1.21:9696/networking/v2.0/security-groups?tenant_id=5c3010b35dd74263b7c112863fc9da4f&name=default 0.561s
2024-09-16 06:53:26.001 62293 INFO tempest.lib.common.rest_client [req-4e857f7b-7df4-4dd4-87ef-94675386d3c6 req-4e857f7b-7df4-4dd4-87ef-94675386d3c6 ] Request (ListServersNegativeTestJSON:setUpClass): 200 GET http://10.180.1.21/compute/v2.1/servers/dc980828-985b-4da1-b3fe-e3cda8b84a6a 3.372s
2024-09-16 06:53:26.114 62249 INFO tempest.lib.common.rest_client [req-5154e97d-5ab2-4c4e-ad16-eb69c13004fa req-5154e97d-5ab2-4c4e-ad16-eb69c13004fa ] Request (InstanceActionsTestJSON:setUpClass): 200 GET http://10.180.1.21/compute/v2.1/servers/e57fb81c-3337-4500-863c-d27eaf763caa 2.828s
2024-09-16 06:53:26.207 62276 INFO tempest.lib.common.rest_client [req-b79c6748-b24a-4d9e-8cd3-35246b75d4b0 req-b79c6748-b24a-4d9e-8cd3-35246b75d4b0 ] Request (DeleteServersAdminTestJSON:test_admin_delete_servers_of_others): 200 GET http://10.180.1.21/compute/v2.1/servers/b8b1038d-86b5-40ce-bc0c-4718013d8e73 2.818s
2024-09-16 06:53:26.267 62263 INFO tempest.lib.common.rest_client [req-07ab1bba-d790-4eb2-b74b-dc00ce37729f req-07ab1bba-d790-4eb2-b74b-dc00ce37729f ] Request (FlavorsExtraSpecsNegativeTestJSON:tearDownClass): 200 GET http://10.180.1.21:9696/networking/v2.0/security-groups?tenant_id=2bf4e7d3c73e4c0193f67d91b3941774&name=default 0.555s
2024-09-16 06:53:26.399 62269 INFO tempest.lib.common.rest_client [req-34dc7f9c-6719-425d-a88e-9af6f4019390 req-34dc7f9c-6719-425d-a88e-9af6f4019390 ] Request (ServerRescueTestJSON:setUpClass): 201 POST http://10.180.1.21:9696/networking/v2.0/subnets 1.229s
2024-09-16 06:53:26.402 62253 INFO tempest.lib.common.rest_client [req-01f086bc-a72a-4f58-977e-ab768769e62c req-01f086bc-a72a-4f58-977e-ab768769e62c ] Request (ValidationResourcesFixture:setUp): 201 POST http://10.180.1.21:9696/networking/v2.0/floatingips 2.335s
2024-09-16 06:53:26.415 62299 INFO tempest.lib.common.rest_client [req-06d58b0f-2e35-42d0-b767-91af563b1f3c req-06d58b0f-2e35-42d0-b767-91af563b1f3c ] Request (ServerDiagnosticsTest:test_get_server_diagnostics): 202 POST http://10.180.1.21/compute/v2.1/servers 3.228s
2024-09-16 06:53:26.452 62281 INFO tempest.lib.common.rest_client [req-40528ac8-a104-4891-a1ba-d7f4a0a49481 req-40528ac8-a104-4891-a1ba-d7f4a0a49481 ] Request (FlavorsAccessTestJSON:tearDownClass): 204 DELETE http://10.180.1.21:9696/networking/v2.0/security-groups/66823242-5396-4353-bc28-ecbf0cbcc3d9 0.539s
2024-09-16 06:53:26.465 62251 INFO tempest.lib.common.rest_client [req-9fd89d3b-779a-448b-ac31-53b2d0933f50 req-9fd89d3b-779a-448b-ac31-53b2d0933f50 ] Request (AttachInterfacesTestJSON:setUpClass): 200 PUT http://10.180.1.21:9696/networking/v2.0/routers/7403426d-2863-47d5-a050-a5101b8055e4/add_router_interface 4.652s
2024-09-16 06:53:26.468 62251 INFO tempest.lib.common.dynamic_creds [-] Created isolated network resources for: credentials: Credentials: {'domain_id': 'default', 'domain_name': 'Default', 'username': 'tempest-AttachInterfacesTestJSON-1020067435-project-member', 'project_domain_id': 'default', 'project_domain_name': 'Default', 'project_id': '747546b09fd04a41b9c2df860a699186', 'project_name': 'tempest-AttachInterfacesTestJSON-1020067435', 'tenant_id': '747546b09fd04a41b9c2df860a699186', 'tenant_name': 'tempest-AttachInterfacesTestJSON-1020067435', 'user_domain_id': 'default', 'user_domain_name': 'Default', 'user_id': 'a908ddc4430b471a8023f73ffed5df0b', 'system': None}, Network: {'id': 'e21c3795-1c6b-42ef-af81-e113912fa80d', 'name': 'tempest-AttachInterfacesTestJSON-1749839473-network', 'tenant_id': '747546b09fd04a41b9c2df860a699186', 'admin_state_up': True, 'mtu': 8950, 'status': 'ACTIVE', 'subnets': [], 'shared': False, 'project_id': '747546b09fd04a41b9c2df860a699186', 'port_security_enabled': True, 'router:external': False, 'provider:network_type': 'vlan', 'provider:physical_network': 'default', 'provider:segmentation_id': 13, 'is_default': False, 'availability_zone_hints': [], 'availability_zones': [], 'ipv4_address_scope': None, 'ipv6_address_scope': None, 'description': '', 'tags': [], 'created_at': '2024-09-16T06:53:17Z', 'updated_at': '2024-09-16T06:53:17Z', 'revision_number': 1}, Subnet: {'id': 'bcad7c4c-4729-4b54-9e7c-32c70f3ca23b', 'name': 'tempest-AttachInterfacesTestJSON-1749839473-subnet', 'tenant_id': '747546b09fd04a41b9c2df860a699186', 'network_id': 'e21c3795-1c6b-42ef-af81-e113912fa80d', 'ip_version': 4, 'subnetpool_id': None, 'enable_dhcp': True, 'ipv6_ra_mode': None, 'ipv6_address_mode': None, 'gateway_ip': '192.168.128.1', 'cidr': '192.168.128.0/28', 'allocation_pools': [{'start': '192.168.128.2', 'end': '192.168.128.14'}], 'host_routes': [], 'dns_nameservers': [], 'description': '', 'router:external': False, 'service_types': [], 'tags': [], 'created_at': '2024-09-16T06:53:18Z', 'updated_at': '2024-09-16T06:53:18Z', 'revision_number': 0, 'project_id': '747546b09fd04a41b9c2df860a699186'}, Router: {'id': '7403426d-2863-47d5-a050-a5101b8055e4', 'name': 'tempest-AttachInterfacesTestJSON-1749839473-router', 'tenant_id': '747546b09fd04a41b9c2df860a699186', 'admin_state_up': True, 'status': 'ACTIVE', 'external_gateway_info': {'network_id': '43cd45b2-7ddd-482b-8e24-01da9f44fb56', 'external_fixed_ips': [{'subnet_id': 'e0491fc5-58ff-4fae-90c2-d0395a2faaa6', 'ip_address': '10.180.180.233'}], 'enable_snat': True}, 'description': '', 'availability_zones': [], 'distributed': False, 'ha': False, 'availability_zone_hints': [], 'routes': [], 'flavor_id': None, 'tags': [], 'created_at': '2024-09-16T06:53:18Z', 'updated_at': '2024-09-16T06:53:20Z', 'revision_number': 2, 'project_id': '747546b09fd04a41b9c2df860a699186'}
2024-09-16 06:53:26.504 62255 INFO tempest.lib.common.rest_client [req-aea8e758-4acd-4e2f-b268-46717a135e75 req-aea8e758-4acd-4e2f-b268-46717a135e75 ] Request (FloatingIPsAssociationTestJSON:setUpClass): 200 GET http://10.180.1.21/compute/v2.1/servers/4489993f-7d78-4891-8282-5d06d7689447 2.945s
2024-09-16 06:53:26.519 62253 INFO tempest.lib.common.rest_client [req-1a12a92f-279f-41e6-8791-3475135851f5 req-1a12a92f-279f-41e6-8791-3475135851f5 ] Request (ServersWithSpecificFlavorTestJSON:test_verify_created_server_ephemeral_disk): 201 POST http://10.180.1.21/identity/v3/auth/tokens 0.066s
2024-09-16 06:53:26.522 62253 INFO tempest.lib.common.fixed_network [-] (ServersWithSpecificFlavorTestJSON:test_verify_created_server_ephemeral_disk) Found network {'id': '5c5b2d8d-313c-4e71-aa13-0a448fbdb708', 'name': 'tempest-ServersWithSpecificFlavorTestJSON-1653136749-network', 'tenant_id': 'b21cae77c3724d329b125a22e9d5f4a9', 'admin_state_up': True, 'mtu': 8950, 'status': 'ACTIVE', 'subnets': [], 'shared': False, 'project_id': 'b21cae77c3724d329b125a22e9d5f4a9', 'port_security_enabled': True, 'router:external': False, 'provider:network_type': 'vlan', 'provider:physical_network': 'default', 'provider:segmentation_id': 814, 'is_default': False, 'availability_zone_hints': [], 'availability_zones': [], 'ipv4_address_scope': None, 'ipv6_address_scope': None, 'description': '', 'tags': [], 'created_at': '2024-09-16T06:52:59Z', 'updated_at': '2024-09-16T06:52:59Z', 'revision_number': 1} available for tenant
2024-09-16 06:53:26.552 62281 INFO tempest.lib.common.rest_client [req-9d7307c6-3dca-4403-9adf-41831156896f req-9d7307c6-3dca-4403-9adf-41831156896f ] Request (FlavorsAccessTestJSON:tearDownClass): 204 DELETE http://10.180.1.21/identity/v3/projects/5c3010b35dd74263b7c112863fc9da4f 0.100s
2024-09-16 06:53:26.585 62251 INFO tempest.lib.common.rest_client [req-ba7e4d2b-9709-4fdd-8fee-c619dc389af7 req-ba7e4d2b-9709-4fdd-8fee-c619dc389af7 ] Request (AttachInterfacesTestJSON:setUpClass): 201 POST http://10.180.1.21/identity/v3/auth/tokens 0.110s
2024-09-16 06:53:26.599 62259 INFO tempest.lib.common.rest_client [req-2ad3dca7-7785-43e8-9581-c16d472318f6 req-2ad3dca7-7785-43e8-9581-c16d472318f6 ] Request (VolumesAssistedSnapshotsTest:test_volume_assisted_snapshot_create_delete): 200 GET http://10.180.1.21/compute/v2.1/servers/57cc0a22-28ff-4a24-9fea-5c6a0a699a67 2.684s
2024-09-16 06:53:26.623 62281 INFO tempest.lib.common.rest_client [req-583f3665-01f3-49b6-8be9-e07f0cec8559 req-583f3665-01f3-49b6-8be9-e07f0cec8559 ] Request (MigrationsAdminTest:setUpClass): 201 POST http://10.180.1.21/identity/v3/auth/tokens 0.070s
2024-09-16 06:53:26.660 62281 INFO tempest.lib.common.rest_client [req-2fe236ab-0f4a-4602-8a4e-23d61217f484 req-2fe236ab-0f4a-4602-8a4e-23d61217f484 ] Request (MigrationsAdminTest:setUpClass): 201 POST http://10.180.1.21/identity/v3/auth/tokens 0.034s
2024-09-16 06:53:26.688 62281 INFO tempest.lib.common.rest_client [req-f3072cef-ed4a-4e79-9da2-d7dbfcbd9b09 req-f3072cef-ed4a-4e79-9da2-d7dbfcbd9b09 ] Request (MigrationsAdminTest:setUpClass): 200 GET http://10.180.1.21/identity/v3/domains?name=Default 0.028s
2024-09-16 06:53:26.724 62281 INFO tempest.lib.common.rest_client [req-bcbcb565-6bf5-4134-9c83-0de23ca1e02a req-bcbcb565-6bf5-4134-9c83-0de23ca1e02a ] Request (MigrationsAdminTest:setUpClass): 201 POST http://10.180.1.21/identity/v3/projects 0.035s
2024-09-16 06:53:26.758 62239 INFO tempest.lib.common.rest_client [req-9893071d-084f-4a8b-af77-8648cdde3e31 req-9893071d-084f-4a8b-af77-8648cdde3e31 ] Request (QuotasAdminNegativeTest:_run_cleanups): 200 PUT http://10.180.1.21/compute/v2.1/os-quota-sets/b5442331c03e4976b5644de920d1a247 2.684s
2024-09-16 06:53:26.814 62281 INFO tempest.lib.common.rest_client [req-65465b14-3e70-43b4-87bf-731d5b0a5567 req-65465b14-3e70-43b4-87bf-731d5b0a5567 ] Request (MigrationsAdminTest:setUpClass): 201 POST http://10.180.1.21/identity/v3/users 0.090s
2024-09-16 06:53:26.842 62281 INFO tempest.lib.common.rest_client [req-0af6fe96-f570-4946-894b-de5c8ad145aa req-0af6fe96-f570-4946-894b-de5c8ad145aa ] Request (MigrationsAdminTest:setUpClass): 200 GET http://10.180.1.21/identity/v3/roles 0.027s
2024-09-16 06:53:26.846 62285 INFO tempest.lib.common.rest_client [req-12dba182-2bf7-4c18-84d0-e17bf22e38dc req-12dba182-2bf7-4c18-84d0-e17bf22e38dc ] Request (SecurityGroupsTestJSON:test_list_security_groups_by_server): 200 POST http://10.180.1.21/compute/v2.1/os-security-groups 3.423s
2024-09-16 06:53:26.853 62272 INFO tempest.lib.common.rest_client [req-8d7392b1-fd5b-4fd0-b232-4483de0b60c2 req-8d7392b1-fd5b-4fd0-b232-4483de0b60c2 ] Request (HostsAdminNegativeTestJSON:test_update_host_with_non_admin_user): 403 PUT http://10.180.1.21/compute/v2.1/os-hosts/devstack 2.178s
2024-09-16 06:53:26.882 62281 INFO tempest.lib.common.rest_client [req-1798066c-3aa9-4dae-9df4-d02eac0d4877 req-1798066c-3aa9-4dae-9df4-d02eac0d4877 ] Request (MigrationsAdminTest:setUpClass): 204 PUT http://10.180.1.21/identity/v3/projects/45a0491d5e13450bb11b99c4fba2807f/users/147e732bf4e94249abef07fd2090ea80/roles/54264ac68002466f880300d685431cd7 0.040s
2024-09-16 06:53:26.882 62281 INFO tempest.lib.common.dynamic_creds [-] Dynamic test user 147e732bf4e94249abef07fd2090ea80 is created with scope project and roles: ['member']
2024-09-16 06:53:26.882 62281 INFO tempest.lib.common.dynamic_creds [-] Acquired dynamic creds: credentials: Credentials: {'domain_id': 'default', 'domain_name': 'Default', 'username': 'tempest-MigrationsAdminTest-1401037496-project-member', 'project_domain_id': 'default', 'project_domain_name': 'Default', 'project_id': '45a0491d5e13450bb11b99c4fba2807f', 'project_name': 'tempest-MigrationsAdminTest-1401037496', 'tenant_id': '45a0491d5e13450bb11b99c4fba2807f', 'tenant_name': 'tempest-MigrationsAdminTest-1401037496', 'user_domain_id': 'default', 'user_domain_name': 'Default', 'user_id': '147e732bf4e94249abef07fd2090ea80', 'system': None}, Network: None, Subnet: None, Router: None
2024-09-16 06:53:26.883 62281 INFO tempest.lib.common.dynamic_creds [-] Created isolated network resources for: credentials: Credentials: {'domain_id': 'default', 'domain_name': 'Default', 'username': 'tempest-MigrationsAdminTest-1401037496-project-member', 'project_domain_id': 'default', 'project_domain_name': 'Default', 'project_id': '45a0491d5e13450bb11b99c4fba2807f', 'project_name': 'tempest-MigrationsAdminTest-1401037496', 'tenant_id': '45a0491d5e13450bb11b99c4fba2807f', 'tenant_name': 'tempest-MigrationsAdminTest-1401037496', 'user_domain_id': 'default', 'user_domain_name': 'Default', 'user_id': '147e732bf4e94249abef07fd2090ea80', 'system': None}, Network: None, Subnet: None, Router: None
2024-09-16 06:53:26.917 62285 INFO tempest.lib.common.rest_client [req-830d5123-2ac4-4635-a0e7-90cfef91e218 req-830d5123-2ac4-4635-a0e7-90cfef91e218 ] Request (SecurityGroupsTestJSON:test_list_security_groups_by_server): 201 POST http://10.180.1.21/identity/v3/auth/tokens 0.063s
2024-09-16 06:53:26.918 62285 INFO tempest.lib.common.fixed_network [-] (SecurityGroupsTestJSON:test_list_security_groups_by_server) Found network {'id': 'cf99ede7-0ed9-4d79-8c61-ac82a6d038eb', 'name': 'tempest-SecurityGroupsTestJSON-1063502461-network', 'tenant_id': 'ad12e169457d491097ab311e05d8e30a', 'admin_state_up': True, 'mtu': 8950, 'status': 'ACTIVE', 'subnets': [], 'shared': False, 'project_id': 'ad12e169457d491097ab311e05d8e30a', 'port_security_enabled': True, 'router:external': False, 'provider:network_type': 'vlan', 'provider:physical_network': 'default', 'provider:segmentation_id': 966, 'is_default': False, 'availability_zone_hints': [], 'availability_zones': [], 'ipv4_address_scope': None, 'ipv6_address_scope': None, 'description': '', 'tags': [], 'created_at': '2024-09-16T06:53:15Z', 'updated_at': '2024-09-16T06:53:15Z', 'revision_number': 1} available for tenant
2024-09-16 06:53:26.925 62241 INFO tempest.lib.common.rest_client [req-3f6fcc8b-6274-4cc0-895f-cf4db840aac8 req-3f6fcc8b-6274-4cc0-895f-cf4db840aac8 ] Request (FloatingIPsAssociationNegativeTestJSON:setUpClass): 201 POST http://10.180.1.21:9696/networking/v2.0/networks 1.166s
2024-09-16 06:53:26.928 62263 INFO tempest.lib.common.rest_client [req-7b5cdc37-5239-49e9-8be9-51013c83ce43 req-7b5cdc37-5239-49e9-8be9-51013c83ce43 ] Request (FlavorsExtraSpecsNegativeTestJSON:tearDownClass): 204 DELETE http://10.180.1.21:9696/networking/v2.0/security-groups/7a82565c-b979-441e-9db1-b4ec21882787 0.660s
2024-09-16 06:53:26.929 62283 INFO tempest.lib.common.rest_client [req-4010e54d-5fed-4494-8834-c66491e2994d req-4010e54d-5fed-4494-8834-c66491e2994d ] Request (ServerRescueNegativeTestJSON:setUpClass): 200 PUT http://10.180.1.21:9696/networking/v2.0/routers/55b5791e-3fe0-4015-989d-e0291b6d58d5/add_router_interface 4.728s
