2024-09-16 06:55:14.288 62272 INFO tempest.lib.common.rest_client [req-30db9f5d-c9b7-4985-92e0-2576a3c698b1 req-30db9f5d-c9b7-4985-92e0-2576a3c698b1 ] Request (ServersTestMultiNic:test_verify_duplicate_network_nics): 200 GET http://10.180.1.21/compute/v2.1/servers/1d9b67b5-c0cf-41ff-a838-79caf8789609 0.078s
2024-09-16 06:55:14.298 62263 INFO tempest.lib.common.rest_client [req-102e3ff5-6114-4129-8b52-e8226ff85ceb req-102e3ff5-6114-4129-8b52-e8226ff85ceb ] Request (InstanceActionsV221TestJSON:test_get_list_deleted_instance_actions): 200 GET http://10.180.1.21/compute/v2.1/servers/762e429f-f690-43c4-95eb-877caf1cdad7 0.062s
2024-09-16 06:55:14.337 62297 INFO tempest.lib.common.rest_client [req-7e0108e3-01ce-43ac-a4b7-cdd30e3d7d7d req-7e0108e3-01ce-43ac-a4b7-cdd30e3d7d7d ] Request (ServerActionsTestOtherB:setUpClass): 200 GET http://10.180.1.21/compute/v2.1/servers/5a8cded8-bcfb-4488-a736-fb6b6aad5a94 0.074s
2024-09-16 06:55:14.401 62265 INFO tempest.lib.common.rest_client [req-42c948d8-ab56-440c-b1dd-59e365e6af1b req-42c948d8-ab56-440c-b1dd-59e365e6af1b ] Request (ImagesOneServerTestJSON:setUpClass): 200 GET http://10.180.1.21/compute/v2.1/servers/1298037f-9cb7-4e2b-b70f-2ab24efe9b91 0.053s
2024-09-16 06:55:14.443 62285 INFO tempest.lib.common.rest_client [req-9b117aa7-d9e8-4f99-9a04-1f2a1ddd2088 req-9b117aa7-d9e8-4f99-9a04-1f2a1ddd2088 ] Request (SecurityGroupsTestJSON:test_server_security_groups): 200 GET http://10.180.1.21/compute/v2.1/servers/4e617bb5-84e4-4505-99e3-61289826f511 0.049s
2024-09-16 06:55:14.484 62239 INFO tempest.lib.common.rest_client [req-e6a5ee16-2618-466c-a206-e3090c54eeb3 req-e6a5ee16-2618-466c-a206-e3090c54eeb3 ] Request (ServersAdminTestJSON:setUpClass): 200 GET http://10.180.1.21/compute/v2.1/servers/e3c65b37-a2b9-43dd-bcc5-f7aaf1e8d6f6 0.048s
2024-09-16 06:55:14.511 62269 INFO tempest.lib.common.rest_client [req-3a6e27e8-c887-475e-9da7-4008055ceeeb req-3a6e27e8-c887-475e-9da7-4008055ceeeb ] Request (ServerShowV257Test:test_rebuild_server): 200 GET http://10.180.1.21/compute/v2.1/servers/a9783a2a-a7d3-4fbe-9590-d530ac24fa82 0.056s
2024-09-16 06:55:14.527 62258 INFO tempest.lib.common.rest_client [req-70fadd9a-e85d-461f-b0ca-591b98492fca req-70fadd9a-e85d-461f-b0ca-591b98492fca ] Request (VolumesAdminNegativeTest:test_update_attached_volume_with_nonexistent_volume_in_body): 200 GET http://10.180.1.21/compute/v2.1/servers/eb27703f-b657-423a-90a9-a7c024a2e473 0.048s
2024-09-16 06:55:14.560 62267 INFO tempest.lib.common.rest_client [req-8520b067-ec89-4f33-8a04-4e4cf84c46e4 req-8520b067-ec89-4f33-8a04-4e4cf84c46e4 ] Request (ServerMetadataNegativeTestJSON:setUpClass): 200 GET http://10.180.1.21/compute/v2.1/servers/72688992-333f-459d-9d05-f7c728961a6d 0.068s
2024-09-16 06:55:14.665 62245 INFO tempest.lib.common.rest_client [req-1291dc37-dfd6-4d94-866b-76523e1e2292 req-1291dc37-dfd6-4d94-866b-76523e1e2292 ] Request (ServerDiagnosticsNegativeTest:test_get_server_diagnostics_by_non_admin): 200 GET http://10.180.1.21/compute/v2.1/servers/415cc4a5-7610-4678-971d-cd00a0e8b54d 0.045s
2024-09-16 06:55:14.692 62261 INFO tempest.lib.common.rest_client [req-c654eb74-d155-42bc-9573-644f347a6eb5 req-c654eb74-d155-42bc-9573-644f347a6eb5 ] Request (ServerDiagnosticsV248Test:test_get_server_diagnostics): 200 GET http://10.180.1.21/compute/v2.1/servers/5e80a5c8-030c-4ad8-90c4-26136fa39d71 0.059s
2024-09-16 06:55:14.763 62289 INFO tempest.lib.common.rest_client [req-ebe5780f-dd57-4e4b-960a-9210e2c9c65e req-ebe5780f-dd57-4e4b-960a-9210e2c9c65e ] Request (ServersTestManualDisk:setUpClass): 200 GET http://10.180.1.21/compute/v2.1/servers/49f6c198-13b7-4c07-81d8-c010e7b0598e 0.047s
2024-09-16 06:55:14.808 62241 INFO tempest.lib.common.rest_client [req-bd5d72de-de8b-4573-895f-a2b8fcf94fb7 req-bd5d72de-de8b-4573-895f-a2b8fcf94fb7 ] Request (FloatingIPsAssociationNegativeTestJSON:tearDownClass): 200 PUT http://10.180.1.21:9696/networking/v2.0/routers/664c652c-24b9-4e29-b46e-50cce7135c9b/remove_router_interface 0.718s
2024-09-16 06:55:14.809 62255 INFO tempest.lib.common.rest_client [req-3b7edbca-315b-464a-99f2-b02b816901ac req-3b7edbca-315b-464a-99f2-b02b816901ac ] Request (ServersTestBootFromVolume:setUpClass): 200 GET http://10.180.1.21/compute/v2.1/servers/334fd514-c7b5-402f-935e-1d95f9b5dbc8 0.054s
2024-09-16 06:55:14.868 62283 INFO tempest.lib.common.rest_client [req-7b26efbd-3730-4efa-9623-2ad02658b3ea req-7b26efbd-3730-4efa-9623-2ad02658b3ea ] Request (ServerRescueNegativeTestJSON:setUpClass): 200 GET http://10.180.1.21/compute/v2.1/servers/7396796d-77e5-4364-b889-9cf3cbdad3c9 0.053s
2024-09-16 06:55:14.875 62283 INFO tempest.common.waiters [-] State transition "BUILD/spawning" ==> "BUILD/scheduling" after 95 second wait
2024-09-16 06:55:14.877 62279 INFO tempest.lib.common.rest_client [req-2573e13d-9f32-4b7b-a9be-09bd22b0f0e7 req-2573e13d-9f32-4b7b-a9be-09bd22b0f0e7 ] Request (ServerActionsTestJSON:setUpClass): 200 GET http://10.180.1.21/compute/v2.1/servers/289e3403-c90d-40f0-9e18-1d10c0f8aec4 0.073s
2024-09-16 06:55:14.925 62273 INFO tempest.lib.common.rest_client [req-f013a228-b938-46a6-96ca-305d6043c5e7 req-f013a228-b938-46a6-96ca-305d6043c5e7 ] Request (ListImageFiltersTestJSON:setUpClass): 200 GET http://10.180.1.21/compute/v2.1/servers/7ff67667-32ce-48ee-bae6-32a7b7d0bfd4 0.068s
2024-09-16 06:55:14.931 62273 INFO tempest.common.waiters [-] State transition "BUILD/None" ==> "BUILD/networking" after 88 second wait
2024-09-16 06:55:15.020 62281 INFO tempest.lib.common.rest_client [req-50fffa87-f68f-4e57-b1cb-ec3a4c7e823a req-50fffa87-f68f-4e57-b1cb-ec3a4c7e823a ] Request (MigrationsAdminTest:test_resize_server_revert_deleted_flavor): 200 GET http://10.180.1.21/compute/v2.1/servers/f3a6527c-777e-4a07-9482-598de15d4eb3 0.055s
2024-09-16 06:55:15.060 62295 INFO tempest.lib.common.rest_client [req-175482ca-3976-4b51-9692-515f71f4cf1b req-175482ca-3976-4b51-9692-515f71f4cf1b ] Request (ServerActionsTestOtherA:setUpClass): 200 GET http://10.180.1.21/compute/v2.1/servers/f10356f8-5eb4-4f6a-bd5b-7fcfdce03e5c 0.054s
2024-09-16 06:55:15.155 62259 INFO tempest.lib.common.rest_client [req-cfe9780f-f6e5-4efb-b1fe-726e46c11844 req-cfe9780f-f6e5-4efb-b1fe-726e46c11844 ] Request (ServerDiskConfigTestJSON:test_rebuild_server_with_auto_disk_config): 200 GET http://10.180.1.21/compute/v2.1/servers/596af5ab-1791-42ce-93d2-3e4f0a47dfa2 0.076s
2024-09-16 06:55:15.155 62249 INFO tempest.lib.common.rest_client [req-5a2ae11f-fd0c-4da0-87c7-f34e4afc9363 req-5a2ae11f-fd0c-4da0-87c7-f34e4afc9363 ] Request (ListServerFiltersTestJSON:setUpClass): 200 GET http://10.180.1.21/compute/v2.1/servers/1419e5a8-a78f-44f1-bfc4-00fcf176bf35 0.054s
2024-09-16 06:55:15.163 62249 INFO tempest.common.waiters [-] State transition "BUILD/scheduling" ==> "BUILD/None" after 87 second wait
2024-09-16 06:55:15.210 62241 INFO tempest.lib.common.rest_client [req-67db70c4-9020-4570-aa10-dc7812b5519f req-67db70c4-9020-4570-aa10-dc7812b5519f ] Request (FloatingIPsAssociationNegativeTestJSON:tearDownClass): 204 DELETE http://10.180.1.21:9696/networking/v2.0/routers/664c652c-24b9-4e29-b46e-50cce7135c9b 0.401s
2024-09-16 06:55:15.212 62253 INFO tempest.lib.common.rest_client [req-56836090-0f2e-4dd0-a9e1-bf5f2e2e65e8 req-56836090-0f2e-4dd0-a9e1-bf5f2e2e65e8 ] Request (AttachInterfacesV270Test:test_create_get_list_interfaces): 200 GET http://10.180.1.21/compute/v2.1/servers/af49714d-8e50-4159-96a5-cf8f70580471 0.069s
2024-09-16 06:55:15.220 62243 INFO tempest.lib.common.rest_client [req-b254a2e1-e0df-46a7-9b4a-852a723ebbab req-b254a2e1-e0df-46a7-9b4a-852a723ebbab ] Request (ServerRescueTestJSONUnderV235:setUpClass): 200 GET http://10.180.1.21/compute/v2.1/servers/64ff4a7b-ec89-48cd-8fb6-124e0726d6f0 0.071s
2024-09-16 06:55:15.278 62251 INFO tempest.lib.common.rest_client [req-f6648904-cb7e-4869-a64a-8309e3ba9cd4 req-f6648904-cb7e-4869-a64a-8309e3ba9cd4 ] Request (AttachInterfacesTestJSON:test_create_list_show_delete_interfaces_by_network_port): 200 GET http://10.180.1.21/compute/v2.1/servers/71192360-6ee6-4876-bf37-da987a09cbb2 0.096s
2024-09-16 06:55:15.310 62247 INFO tempest.lib.common.rest_client [req-612710a1-5d4f-40da-bc38-a099b95f6509 req-612710a1-5d4f-40da-bc38-a099b95f6509 ] Request (ServersV294TestFqdnHostnames:setUpClass): 200 GET http://10.180.1.21/compute/v2.1/servers/210af329-4cdb-4c3f-9e82-e72a2ea79421 0.069s
2024-09-16 06:55:15.333 62276 INFO tempest.lib.common.rest_client [req-11177a7a-70dc-41d1-a0c0-e209d26ac282 req-11177a7a-70dc-41d1-a0c0-e209d26ac282 ] Request (DeleteServersAdminTestJSON:test_delete_server_while_in_error_state): 200 GET http://10.180.1.21/compute/v2.1/servers/ab167fa4-062b-4137-801c-9b57a17b20e2 0.082s
2024-09-16 06:55:15.362 62241 INFO tempest.lib.common.rest_client [req-eb1868bf-d424-47ee-9653-ca4c84eaef57 req-eb1868bf-d424-47ee-9653-ca4c84eaef57 ] Request (FloatingIPsAssociationNegativeTestJSON:tearDownClass): 204 DELETE http://10.180.1.21:9696/networking/v2.0/subnets/9cde1eba-0770-40f4-8ff8-0dc07b63ab2b 0.152s
2024-09-16 06:55:15.370 62272 INFO tempest.lib.common.rest_client [req-6d9ca3d4-5ae6-4d8b-99e7-a66db1aa2be3 req-6d9ca3d4-5ae6-4d8b-99e7-a66db1aa2be3 ] Request (ServersTestMultiNic:test_verify_duplicate_network_nics): 200 GET http://10.180.1.21/compute/v2.1/servers/1d9b67b5-c0cf-41ff-a838-79caf8789609 0.074s
2024-09-16 06:55:15.395 62263 INFO tempest.lib.common.rest_client [req-8aeb50c6-bd19-48ac-bf8c-774651a09e69 req-8aeb50c6-bd19-48ac-bf8c-774651a09e69 ] Request (InstanceActionsV221TestJSON:test_get_list_deleted_instance_actions): 200 GET http://10.180.1.21/compute/v2.1/servers/762e429f-f690-43c4-95eb-877caf1cdad7 0.089s
2024-09-16 06:55:15.425 62297 INFO tempest.lib.common.rest_client [req-2bfc4c08-11ac-4039-ac1c-75e399488a97 req-2bfc4c08-11ac-4039-ac1c-75e399488a97 ] Request (ServerActionsTestOtherB:setUpClass): 200 GET http://10.180.1.21/compute/v2.1/servers/5a8cded8-bcfb-4488-a736-fb6b6aad5a94 0.082s
2024-09-16 06:55:15.477 62265 INFO tempest.lib.common.rest_client [req-fe84273e-550d-499a-ae90-880d8f9cd161 req-fe84273e-550d-499a-ae90-880d8f9cd161 ] Request (ImagesOneServerTestJSON:setUpClass): 200 GET http://10.180.1.21/compute/v2.1/servers/1298037f-9cb7-4e2b-b70f-2ab24efe9b91 0.069s
2024-09-16 06:55:15.514 62285 INFO tempest.lib.common.rest_client [req-29927ad6-5ce4-450d-8869-dc192a663949 req-29927ad6-5ce4-450d-8869-dc192a663949 ] Request (SecurityGroupsTestJSON:test_server_security_groups): 200 GET http://10.180.1.21/compute/v2.1/servers/4e617bb5-84e4-4505-99e3-61289826f511 0.063s
2024-09-16 06:55:15.546 62239 INFO tempest.lib.common.rest_client [req-5c31afec-80e0-485f-8d3e-6b8401359f4c req-5c31afec-80e0-485f-8d3e-6b8401359f4c ] Request (ServersAdminTestJSON:setUpClass): 200 GET http://10.180.1.21/compute/v2.1/servers/e3c65b37-a2b9-43dd-bcc5-f7aaf1e8d6f6 0.055s
2024-09-16 06:55:15.583 62269 INFO tempest.lib.common.rest_client [req-c2264992-dea6-471e-b0ed-d17d113cfb6c req-c2264992-dea6-471e-b0ed-d17d113cfb6c ] Request (ServerShowV257Test:test_rebuild_server): 200 GET http://10.180.1.21/compute/v2.1/servers/a9783a2a-a7d3-4fbe-9590-d530ac24fa82 0.058s
2024-09-16 06:55:15.600 62258 INFO tempest.lib.common.rest_client [req-bf2fa30a-6d03-4d86-a2cc-743c6c2751c8 req-bf2fa30a-6d03-4d86-a2cc-743c6c2751c8 ] Request (VolumesAdminNegativeTest:test_update_attached_volume_with_nonexistent_volume_in_body): 200 GET http://10.180.1.21/compute/v2.1/servers/eb27703f-b657-423a-90a9-a7c024a2e473 0.066s
2024-09-16 06:55:15.638 62267 INFO tempest.lib.common.rest_client [req-24f731f9-3d73-46ba-a46c-68b5ba6c1d26 req-24f731f9-3d73-46ba-a46c-68b5ba6c1d26 ] Request (ServerMetadataNegativeTestJSON:setUpClass): 200 GET http://10.180.1.21/compute/v2.1/servers/72688992-333f-459d-9d05-f7c728961a6d 0.070s
2024-09-16 06:55:15.648 62241 INFO tempest.lib.common.rest_client [req-bcd1f795-b336-459c-a1fb-22384c52516d req-bcd1f795-b336-459c-a1fb-22384c52516d ] Request (FloatingIPsAssociationNegativeTestJSON:tearDownClass): 204 DELETE http://10.180.1.21:9696/networking/v2.0/networks/4ffa5e47-ccfd-4702-aafe-a49afef0d4f8 0.285s
2024-09-16 06:55:15.722 62245 INFO tempest.lib.common.rest_client [req-ee440406-00fb-4373-8c24-7884e2cdd923 req-ee440406-00fb-4373-8c24-7884e2cdd923 ] Request (ServerDiagnosticsNegativeTest:test_get_server_diagnostics_by_non_admin): 200 GET http://10.180.1.21/compute/v2.1/servers/415cc4a5-7610-4678-971d-cd00a0e8b54d 0.050s
2024-09-16 06:55:15.758 62261 INFO tempest.lib.common.rest_client [req-9e5bc5d0-50fb-420c-8890-9da84acffc2a req-9e5bc5d0-50fb-420c-8890-9da84acffc2a ] Request (ServerDiagnosticsV248Test:test_get_server_diagnostics): 200 GET http://10.180.1.21/compute/v2.1/servers/5e80a5c8-030c-4ad8-90c4-26136fa39d71 0.057s
2024-09-16 06:55:15.766 62241 INFO tempest.lib.common.rest_client [req-37b714b1-1d50-4c7f-9f91-b5e12942993d req-37b714b1-1d50-4c7f-9f91-b5e12942993d ] Request (FloatingIPsAssociationNegativeTestJSON:tearDownClass): 204 DELETE http://10.180.1.21/identity/v3/users/dd622b8d6ca74338acb1932d966b2b1a 0.118s
2024-09-16 06:55:15.766 62241 INFO tempest.lib.common.dynamic_creds [-] Deleting project and security group for project: 9bae70aa236a4629b801902c036cadb5
2024-09-16 06:55:15.823 62241 INFO tempest.lib.common.rest_client [req-13d91109-c671-4dfb-ab84-c63d8e2e210c req-13d91109-c671-4dfb-ab84-c63d8e2e210c ] Request (FloatingIPsAssociationNegativeTestJSON:tearDownClass): 200 GET http://10.180.1.21:9696/networking/v2.0/security-groups?tenant_id=9bae70aa236a4629b801902c036cadb5&name=default 0.056s
2024-09-16 06:55:15.828 62289 INFO tempest.lib.common.rest_client [req-f112cc37-da70-413f-9945-bfe26ca228c7 req-f112cc37-da70-413f-9945-bfe26ca228c7 ] Request (ServersTestManualDisk:setUpClass): 200 GET http://10.180.1.21/compute/v2.1/servers/49f6c198-13b7-4c07-81d8-c010e7b0598e 0.057s
2024-09-16 06:55:15.899 62255 INFO tempest.lib.common.rest_client [req-34aa3c9a-5a2b-483e-b8ee-8281078f3114 req-34aa3c9a-5a2b-483e-b8ee-8281078f3114 ] Request (ServersTestBootFromVolume:setUpClass): 200 GET http://10.180.1.21/compute/v2.1/servers/334fd514-c7b5-402f-935e-1d95f9b5dbc8 0.082s
2024-09-16 06:55:15.943 62283 INFO tempest.lib.common.rest_client [req-e17b14c7-6fe5-432f-9e66-d05e7cd21b96 req-e17b14c7-6fe5-432f-9e66-d05e7cd21b96 ] Request (ServerRescueNegativeTestJSON:setUpClass): 200 GET http://10.180.1.21/compute/v2.1/servers/7396796d-77e5-4364-b889-9cf3cbdad3c9 0.067s
2024-09-16 06:55:15.949 62283 INFO tempest.common.waiters [-] State transition "BUILD/scheduling" ==> "ERROR/None" after 96 second wait
2024-09-16 06:55:15.954 62241 INFO tempest.lib.common.rest_client [req-40e4f157-8918-4e1c-a15e-6bd2db16c644 req-40e4f157-8918-4e1c-a15e-6bd2db16c644 ] Request (FloatingIPsAssociationNegativeTestJSON:tearDownClass): 204 DELETE http://10.180.1.21:9696/networking/v2.0/security-groups/25425ec2-4436-4263-839f-4d105592125d 0.131s
2024-09-16 06:55:15.958 62279 INFO tempest.lib.common.rest_client [req-79efd638-382c-4e4a-a3d1-680fc3d7a8a1 req-79efd638-382c-4e4a-a3d1-680fc3d7a8a1 ] Request (ServerActionsTestJSON:setUpClass): 200 GET http://10.180.1.21/compute/v2.1/servers/289e3403-c90d-40f0-9e18-1d10c0f8aec4 0.071s
2024-09-16 06:55:16.055 62241 INFO tempest.lib.common.rest_client [req-d471c7af-a6cb-4b6d-8382-0ba4e26cae19 req-d471c7af-a6cb-4b6d-8382-0ba4e26cae19 ] Request (FloatingIPsAssociationNegativeTestJSON:tearDownClass): 204 DELETE http://10.180.1.21/identity/v3/projects/9bae70aa236a4629b801902c036cadb5 0.101s
2024-09-16 06:55:16.102 62273 INFO tempest.lib.common.rest_client [req-472d85bb-25bd-4736-9eb9-07d1fa9812b1 req-472d85bb-25bd-4736-9eb9-07d1fa9812b1 ] Request (ListImageFiltersTestJSON:setUpClass): 200 GET http://10.180.1.21/compute/v2.1/servers/7ff67667-32ce-48ee-bae6-32a7b7d0bfd4 0.169s
2024-09-16 06:55:16.110 62273 INFO tempest.common.waiters [-] State transition "BUILD/networking" ==> "BUILD/spawning" after 90 second wait
2024-09-16 06:55:16.123 62241 INFO tempest.lib.common.rest_client [req-ee376dd8-12b0-48fc-b6f8-9935d3b683f7 req-ee376dd8-12b0-48fc-b6f8-9935d3b683f7 ] Request (ImagesDeleteNegativeTestJSON:setUpClass): 201 POST http://10.180.1.21/identity/v3/auth/tokens 0.063s
2024-09-16 06:55:16.144 62283 INFO tempest.lib.common.rest_client [req-69c0a3a8-b913-4952-a697-745f20f7db6d req-69c0a3a8-b913-4952-a697-745f20f7db6d ] Request (ServerRescueNegativeTestJSON:setUpClass): 204 DELETE http://10.180.1.21/compute/v2.1/servers/7396796d-77e5-4364-b889-9cf3cbdad3c9 0.194s
2024-09-16 06:55:16.149 62281 INFO tempest.lib.common.rest_client [req-ccce9351-1dcb-44d7-a205-da71ecf40c89 req-ccce9351-1dcb-44d7-a205-da71ecf40c89 ] Request (MigrationsAdminTest:test_resize_server_revert_deleted_flavor): 200 GET http://10.180.1.21/compute/v2.1/servers/f3a6527c-777e-4a07-9482-598de15d4eb3 0.121s
2024-09-16 06:55:16.151 62241 INFO tempest.lib.common.rest_client [req-5b59662e-fa19-4e5b-b737-1b01d9f50db7 req-5b59662e-fa19-4e5b-b737-1b01d9f50db7 ] Request (ImagesDeleteNegativeTestJSON:setUpClass): 201 POST http://10.180.1.21/identity/v3/auth/tokens 0.025s
2024-09-16 06:55:16.169 62241 INFO tempest.lib.common.rest_client [req-ddaf2f46-0843-43f1-a1cb-99bb98984946 req-ddaf2f46-0843-43f1-a1cb-99bb98984946 ] Request (ImagesDeleteNegativeTestJSON:setUpClass): 200 GET http://10.180.1.21/identity/v3/domains?name=Default 0.018s
2024-09-16 06:55:16.195 62283 INFO tempest.lib.common.rest_client [req-f63c364a-1abc-4410-a74d-61b7b2ba1122 req-f63c364a-1abc-4410-a74d-61b7b2ba1122 ] Request (ServerRescueNegativeTestJSON:setUpClass): 404 GET http://10.180.1.21/compute/v2.1/servers/7396796d-77e5-4364-b889-9cf3cbdad3c9 0.051s
2024-09-16 06:55:16.195 62283 INFO tempest.test [-] raised in ServerRescueNegativeTestJSON.setUpClass. Invoking tearDownClass.
2024-09-16 06:55:16.195 62295 INFO tempest.lib.common.rest_client [req-9b945601-04a2-443a-b849-b46c3aa2d315 req-9b945601-04a2-443a-b849-b46c3aa2d315 ] Request (ServerActionsTestOtherA:setUpClass): 200 GET http://10.180.1.21/compute/v2.1/servers/f10356f8-5eb4-4f6a-bd5b-7fcfdce03e5c 0.126s
2024-09-16 06:55:16.197 62241 INFO tempest.lib.common.rest_client [req-782077f0-940c-4159-8ee1-6fa8d1024a7e req-782077f0-940c-4159-8ee1-6fa8d1024a7e ] Request (ImagesDeleteNegativeTestJSON:setUpClass): 201 POST http://10.180.1.21/identity/v3/projects 0.027s
2024-09-16 06:55:16.243 62259 INFO tempest.lib.common.rest_client [req-d6245c7c-4778-4ef5-a5e6-0d47ed752cba req-d6245c7c-4778-4ef5-a5e6-0d47ed752cba ] Request (ServerDiskConfigTestJSON:test_rebuild_server_with_auto_disk_config): 200 GET http://10.180.1.21/compute/v2.1/servers/596af5ab-1791-42ce-93d2-3e4f0a47dfa2 0.076s
2024-09-16 06:55:16.245 62249 INFO tempest.lib.common.rest_client [req-89aa37b3-d92c-428a-b365-12cdfb61c6b7 req-89aa37b3-d92c-428a-b365-12cdfb61c6b7 ] Request (ListServerFiltersTestJSON:setUpClass): 200 GET http://10.180.1.21/compute/v2.1/servers/1419e5a8-a78f-44f1-bfc4-00fcf176bf35 0.081s
2024-09-16 06:55:16.253 62241 INFO tempest.lib.common.rest_client [req-123b7912-f279-4b42-a475-dca801c2b65c req-123b7912-f279-4b42-a475-dca801c2b65c ] Request (ImagesDeleteNegativeTestJSON:setUpClass): 201 POST http://10.180.1.21/identity/v3/users 0.055s
2024-09-16 06:55:16.271 62241 INFO tempest.lib.common.rest_client [req-284873ce-df9a-453d-8642-fcaa69c57d78 req-284873ce-df9a-453d-8642-fcaa69c57d78 ] Request (ImagesDeleteNegativeTestJSON:setUpClass): 200 GET http://10.180.1.21/identity/v3/roles 0.017s
2024-09-16 06:55:16.300 62241 INFO tempest.lib.common.rest_client [req-7699e8f6-4f42-45f0-bd58-14942e3b10e1 req-7699e8f6-4f42-45f0-bd58-14942e3b10e1 ] Request (ImagesDeleteNegativeTestJSON:setUpClass): 204 PUT http://10.180.1.21/identity/v3/projects/8914533899d349d092a2b5b20602d3ea/users/ac5a28217e1c48398964faae0802609a/roles/54264ac68002466f880300d685431cd7 0.028s
2024-09-16 06:55:16.300 62241 INFO tempest.lib.common.dynamic_creds [-] Dynamic test user ac5a28217e1c48398964faae0802609a is created with scope project and roles: ['member']
2024-09-16 06:55:16.300 62241 INFO tempest.lib.common.dynamic_creds [-] Acquired dynamic creds: credentials: Credentials: {'domain_id': 'default', 'domain_name': 'Default', 'username': 'tempest-ImagesDeleteNegativeTestJSON-903645443-project-member', 'project_domain_id': 'default', 'project_domain_name': 'Default', 'project_id': '8914533899d349d092a2b5b20602d3ea', 'project_name': 'tempest-ImagesDeleteNegativeTestJSON-903645443', 'tenant_id': '8914533899d349d092a2b5b20602d3ea', 'tenant_name': 'tempest-ImagesDeleteNegativeTestJSON-903645443', 'user_domain_id': 'default', 'user_domain_name': 'Default', 'user_id': 'ac5a28217e1c48398964faae0802609a', 'system': None}, Network: None, Subnet: None, Router: None
2024-09-16 06:55:16.301 62241 INFO tempest.lib.common.dynamic_creds [-] Created isolated network resources for: credentials: Credentials: {'domain_id': 'default', 'domain_name': 'Default', 'username': 'tempest-ImagesDeleteNegativeTestJSON-903645443-project-member', 'project_domain_id': 'default', 'project_domain_name': 'Default', 'project_id': '8914533899d349d092a2b5b20602d3ea', 'project_name': 'tempest-ImagesDeleteNegativeTestJSON-903645443', 'tenant_id': '8914533899d349d092a2b5b20602d3ea', 'tenant_name': 'tempest-ImagesDeleteNegativeTestJSON-903645443', 'user_domain_id': 'default', 'user_domain_name': 'Default', 'user_id': 'ac5a28217e1c48398964faae0802609a', 'system': None}, Network: None, Subnet: None, Router: None
2024-09-16 06:55:16.302 62253 INFO tempest.lib.common.rest_client [req-8071e731-ccb5-485f-8c74-682dd2d007ce req-8071e731-ccb5-485f-8c74-682dd2d007ce ] Request (AttachInterfacesV270Test:test_create_get_list_interfaces): 200 GET http://10.180.1.21/compute/v2.1/servers/af49714d-8e50-4159-96a5-cf8f70580471 0.077s
2024-09-16 06:55:16.347 62243 INFO tempest.lib.common.rest_client [req-9049f5e2-91b0-4b17-9d0e-49c2f06397f2 req-9049f5e2-91b0-4b17-9d0e-49c2f06397f2 ] Request (ServerRescueTestJSONUnderV235:setUpClass): 200 GET http://10.180.1.21/compute/v2.1/servers/64ff4a7b-ec89-48cd-8fb6-124e0726d6f0 0.120s
2024-09-16 06:55:16.364 62241 INFO tempest.lib.common.rest_client [req-f4782054-9abc-4954-8cbc-5221c3a3296c req-f4782054-9abc-4954-8cbc-5221c3a3296c ] Request (ImagesDeleteNegativeTestJSON:setUpClass): 201 POST http://10.180.1.21/identity/v3/auth/tokens 0.060s
2024-09-16 06:55:16.399 62251 INFO tempest.lib.common.rest_client [req-78605a48-9df9-48ab-ba7c-a5c6056de4e5 req-78605a48-9df9-48ab-ba7c-a5c6056de4e5 ] Request (AttachInterfacesTestJSON:test_create_list_show_delete_interfaces_by_network_port): 200 GET http://10.180.1.21/compute/v2.1/servers/71192360-6ee6-4876-bf37-da987a09cbb2 0.113s
2024-09-16 06:55:16.424 62283 INFO tempest.lib.common.rest_client [req-e4b1865a-0e26-4a0a-9de4-e4d6d15673be req-e4b1865a-0e26-4a0a-9de4-e4d6d15673be ] Request (ServerRescueNegativeTestJSON:tearDownClass): 204 DELETE http://10.180.1.21/compute/v2.1/servers/a36de4b6-6928-4110-bc27-825ae58b15e5 0.229s
2024-09-16 06:55:16.458 62247 INFO tempest.lib.common.rest_client [req-456a561f-a7ef-42fa-8d69-860a34167210 req-456a561f-a7ef-42fa-8d69-860a34167210 ] Request (ServersV294TestFqdnHostnames:setUpClass): 200 GET http://10.180.1.21/compute/v2.1/servers/210af329-4cdb-4c3f-9e82-e72a2ea79421 0.138s
2024-09-16 06:55:16.477 62276 INFO tempest.lib.common.rest_client [req-43089b95-b731-47e1-a583-f32297b9e690 req-43089b95-b731-47e1-a583-f32297b9e690 ] Request (DeleteServersAdminTestJSON:test_delete_server_while_in_error_state): 200 GET http://10.180.1.21/compute/v2.1/servers/ab167fa4-062b-4137-801c-9b57a17b20e2 0.137s
2024-09-16 06:55:16.521 62272 INFO tempest.lib.common.rest_client [req-8647c7fe-c5db-4548-b668-38bad6c79b82 req-8647c7fe-c5db-4548-b668-38bad6c79b82 ] Request (ServersTestMultiNic:test_verify_duplicate_network_nics): 200 GET http://10.180.1.21/compute/v2.1/servers/1d9b67b5-c0cf-41ff-a838-79caf8789609 0.142s
2024-09-16 06:55:16.523 62241 INFO tempest.lib.common.rest_client [req-1f270ee1-6a93-4814-b3cc-1b9062de1d62 req-1f270ee1-6a93-4814-b3cc-1b9062de1d62 ] Request (ImagesDeleteNegativeTestJSON:test_delete_image_blank_id): 404 DELETE http://10.180.1.21/compute/v2.1/images/ 0.157s
2024-09-16 06:55:16.543 62283 INFO tempest.lib.common.rest_client [req-3e2e4177-2fc0-4d72-adf2-0bbc82230519 req-3e2e4177-2fc0-4d72-adf2-0bbc82230519 ] Request (ServerRescueNegativeTestJSON:tearDownClass): 404 GET http://10.180.1.21/compute/v2.1/servers/a36de4b6-6928-4110-bc27-825ae58b15e5 0.118s
2024-09-16 06:55:16.577 62263 INFO tempest.lib.common.rest_client [req-6c8913b8-9f1a-4faf-bc65-85a46ab2fb64 req-6c8913b8-9f1a-4faf-bc65-85a46ab2fb64 ] Request (InstanceActionsV221TestJSON:test_get_list_deleted_instance_actions): 200 GET http://10.180.1.21/compute/v2.1/servers/762e429f-f690-43c4-95eb-877caf1cdad7 0.170s
2024-09-16 06:55:16.587 62297 INFO tempest.lib.common.rest_client [req-b1681195-af75-4b89-8c9c-829878ecd3d1 req-b1681195-af75-4b89-8c9c-829878ecd3d1 ] Request (ServerActionsTestOtherB:setUpClass): 200 GET http://10.180.1.21/compute/v2.1/servers/5a8cded8-bcfb-4488-a736-fb6b6aad5a94 0.154s
2024-09-16 06:55:16.623 62265 INFO tempest.lib.common.rest_client [req-d246c5c6-820d-49dd-9ed1-ca09465f9493 req-d246c5c6-820d-49dd-9ed1-ca09465f9493 ] Request (ImagesOneServerTestJSON:setUpClass): 200 GET http://10.180.1.21/compute/v2.1/servers/1298037f-9cb7-4e2b-b70f-2ab24efe9b91 0.138s
2024-09-16 06:55:16.629 62265 INFO tempest.common.waiters [-] State transition "BUILD/scheduling" ==> "BUILD/None" after 85 second wait
2024-09-16 06:55:16.630 62285 INFO tempest.lib.common.rest_client [req-604d10cf-b1e7-4b95-b4da-8ad39cedf6cc req-604d10cf-b1e7-4b95-b4da-8ad39cedf6cc ] Request (SecurityGroupsTestJSON:test_server_security_groups): 200 GET http://10.180.1.21/compute/v2.1/servers/4e617bb5-84e4-4505-99e3-61289826f511 0.109s
2024-09-16 06:55:16.641 62241 INFO tempest.lib.common.rest_client [req-38349b5e-98bb-4993-afbc-5f182caa4367 req-38349b5e-98bb-4993-afbc-5f182caa4367 ] Request (ImagesDeleteNegativeTestJSON:test_delete_image_negative_image_id): 404 DELETE http://10.180.1.21/compute/v2.1/images/-1 0.116s
2024-09-16 06:55:16.674 62239 INFO tempest.lib.common.rest_client [req-b1e983c0-a18b-4448-af15-9aac1136f504 req-b1e983c0-a18b-4448-af15-9aac1136f504 ] Request (ServersAdminTestJSON:setUpClass): 200 GET http://10.180.1.21/compute/v2.1/servers/e3c65b37-a2b9-43dd-bcc5-f7aaf1e8d6f6 0.120s
2024-09-16 06:55:16.692 62269 INFO tempest.lib.common.rest_client [req-fb1f49e8-223c-4c43-963e-320deaa6fcee req-fb1f49e8-223c-4c43-963e-320deaa6fcee ] Request (ServerShowV257Test:test_rebuild_server): 200 GET http://10.180.1.21/compute/v2.1/servers/a9783a2a-a7d3-4fbe-9590-d530ac24fa82 0.096s
2024-09-16 06:55:16.711 62241 INFO tempest.lib.common.rest_client [req-3ffe9efe-4b6f-46da-9ac1-b5e18bb080ae req-3ffe9efe-4b6f-46da-9ac1-b5e18bb080ae ] Request (ImagesDeleteNegativeTestJSON:test_delete_image_non_hex_string_id): 404 DELETE http://10.180.1.21/compute/v2.1/images/93cf467e-d81f-4815-9741-07f8adc4827j 0.069s
2024-09-16 06:55:16.727 62258 INFO tempest.lib.common.rest_client [req-d5816547-b214-48d1-ab6f-52e3ce3a0087 req-d5816547-b214-48d1-ab6f-52e3ce3a0087 ] Request (VolumesAdminNegativeTest:test_update_attached_volume_with_nonexistent_volume_in_body): 200 GET http://10.180.1.21/compute/v2.1/servers/eb27703f-b657-423a-90a9-a7c024a2e473 0.120s
2024-09-16 06:55:16.740 62241 INFO tempest.lib.common.rest_client [req-94a17356-1912-487c-97c6-5cfbe2a0011a req-94a17356-1912-487c-97c6-5cfbe2a0011a ] Request (ImagesDeleteNegativeTestJSON:test_delete_image_with_id_over_character_limit): 404 DELETE http://10.180.1.21/compute/v2.1/images/ed371edc-3a61-451a-ba91-d551819d93021 0.027s
2024-09-16 06:55:16.763 62267 INFO tempest.lib.common.rest_client [req-81f72e5d-48ee-47b7-b355-16452bd14734 req-81f72e5d-48ee-47b7-b355-16452bd14734 ] Request (ServerMetadataNegativeTestJSON:setUpClass): 200 GET http://10.180.1.21/compute/v2.1/servers/72688992-333f-459d-9d05-f7c728961a6d 0.119s
2024-09-16 06:55:16.780 62241 INFO tempest.lib.common.rest_client [req-da234429-8438-46b3-a711-9d8c9612e9a0 req-da234429-8438-46b3-a711-9d8c9612e9a0 ] Request (ImagesDeleteNegativeTestJSON:test_delete_image_with_invalid_image_id): 404 DELETE http://10.180.1.21/compute/v2.1/images/tempest-invalid-450380503 0.037s
2024-09-16 06:55:16.791 62245 INFO tempest.lib.common.rest_client [req-352742ae-d0eb-4a09-9595-1cc735b5b8b5 req-352742ae-d0eb-4a09-9595-1cc735b5b8b5 ] Request (ServerDiagnosticsNegativeTest:test_get_server_diagnostics_by_non_admin): 200 GET http://10.180.1.21/compute/v2.1/servers/415cc4a5-7610-4678-971d-cd00a0e8b54d 0.062s
2024-09-16 06:55:16.809 62241 INFO tempest.lib.common.rest_client [req-43ff6743-c0cb-4360-94cc-bd03b329278b req-43ff6743-c0cb-4360-94cc-bd03b329278b ] Request (ImagesDeleteNegativeTestJSON:test_delete_non_existent_image): 404 DELETE http://10.180.1.21/compute/v2.1/images/eaedded6-f645-40c7-91d2-e5d9e716e611 0.028s
2024-09-16 06:55:16.841 62261 INFO tempest.lib.common.rest_client [req-863ced88-1128-47bd-9ffa-73df189e97b6 req-863ced88-1128-47bd-9ffa-73df189e97b6 ] Request (ServerDiagnosticsV248Test:test_get_server_diagnostics): 200 GET http://10.180.1.21/compute/v2.1/servers/5e80a5c8-030c-4ad8-90c4-26136fa39d71 0.072s
2024-09-16 06:55:16.920 62289 INFO tempest.lib.common.rest_client [req-eb45a623-c68f-4137-9603-f411358c18ee req-eb45a623-c68f-4137-9603-f411358c18ee ] Request (ServersTestManualDisk:setUpClass): 200 GET http://10.180.1.21/compute/v2.1/servers/49f6c198-13b7-4c07-81d8-c010e7b0598e 0.083s
2024-09-16 06:55:16.948 62241 INFO tempest.lib.common.rest_client [req-f602f842-8d7f-47dd-bd4c-62b50b0ebd00 req-f602f842-8d7f-47dd-bd4c-62b50b0ebd00 ] Request (ImagesDeleteNegativeTestJSON:tearDownClass): 204 DELETE http://10.180.1.21/identity/v3/users/ac5a28217e1c48398964faae0802609a 0.133s
2024-09-16 06:55:16.949 62241 INFO tempest.lib.common.dynamic_creds [-] Deleting project and security group for project: 8914533899d349d092a2b5b20602d3ea
2024-09-16 06:55:16.955 62255 INFO tempest.lib.common.rest_client [req-acb021b0-886d-4b31-acb8-3053cf08bdc2 req-acb021b0-886d-4b31-acb8-3053cf08bdc2 ] Request (ServersTestBootFromVolume:setUpClass): 200 GET http://10.180.1.21/compute/v2.1/servers/334fd514-c7b5-402f-935e-1d95f9b5dbc8 0.049s
2024-09-16 06:55:17.002 62241 INFO tempest.lib.common.rest_client [req-5dfb78d4-29a4-4404-b3e3-94955e3829e7 req-5dfb78d4-29a4-4404-b3e3-94955e3829e7 ] Request (ImagesDeleteNegativeTestJSON:tearDownClass): 201 POST http://10.180.1.21/identity/v3/auth/tokens 0.053s
2024-09-16 06:55:17.021 62279 INFO tempest.lib.common.rest_client [req-b71deed5-2621-41ec-84a6-35baedbb530b req-b71deed5-2621-41ec-84a6-35baedbb530b ] Request (ServerActionsTestJSON:setUpClass): 200 GET http://10.180.1.21/compute/v2.1/servers/289e3403-c90d-40f0-9e18-1d10c0f8aec4 0.056s
2024-09-16 06:55:17.159 62273 INFO tempest.lib.common.rest_client [req-5871ae19-235c-42bd-928e-3019e6885be8 req-5871ae19-235c-42bd-928e-3019e6885be8 ] Request (ListImageFiltersTestJSON:setUpClass): 200 GET http://10.180.1.21/compute/v2.1/servers/7ff67667-32ce-48ee-bae6-32a7b7d0bfd4 0.048s
2024-09-16 06:55:17.180 62241 INFO tempest.lib.common.rest_client [req-6753210c-9780-4ce0-91bf-f692d598198a req-6753210c-9780-4ce0-91bf-f692d598198a ] Request (ImagesDeleteNegativeTestJSON:tearDownClass): 200 GET http://10.180.1.21:9696/networking/v2.0/security-groups?tenant_id=8914533899d349d092a2b5b20602d3ea&name=default 0.177s
2024-09-16 06:55:17.227 62281 INFO tempest.lib.common.rest_client [req-839cfa4a-90f0-4b0c-b852-7b385f8a9c1c req-839cfa4a-90f0-4b0c-b852-7b385f8a9c1c ] Request (MigrationsAdminTest:test_resize_server_revert_deleted_flavor): 200 GET http://10.180.1.21/compute/v2.1/servers/f3a6527c-777e-4a07-9482-598de15d4eb3 0.067s
2024-09-16 06:55:17.249 62295 INFO tempest.lib.common.rest_client [req-e4e0bde8-3cbf-42ec-88e6-a795bae5a4a2 req-e4e0bde8-3cbf-42ec-88e6-a795bae5a4a2 ] Request (ServerActionsTestOtherA:setUpClass): 200 GET http://10.180.1.21/compute/v2.1/servers/f10356f8-5eb4-4f6a-bd5b-7fcfdce03e5c 0.047s
2024-09-16 06:55:17.279 62241 INFO tempest.lib.common.rest_client [req-b4e71016-a0fc-4153-96d9-a25a09867043 req-b4e71016-a0fc-4153-96d9-a25a09867043 ] Request (ImagesDeleteNegativeTestJSON:tearDownClass): 204 DELETE http://10.180.1.21:9696/networking/v2.0/security-groups/f1116734-f518-4423-8227-d7fa054ac661 0.099s
2024-09-16 06:55:17.297 62249 INFO tempest.lib.common.rest_client [req-9273ce64-2299-4da6-abea-43f748f8e907 req-9273ce64-2299-4da6-abea-43f748f8e907 ] Request (ListServerFiltersTestJSON:setUpClass): 200 GET http://10.180.1.21/compute/v2.1/servers/1419e5a8-a78f-44f1-bfc4-00fcf176bf35 0.045s
2024-09-16 06:55:17.301 62259 INFO tempest.lib.common.rest_client [req-5762f145-864a-472a-bd42-46003010395a req-5762f145-864a-472a-bd42-46003010395a ] Request (ServerDiskConfigTestJSON:test_rebuild_server_with_auto_disk_config): 200 GET http://10.180.1.21/compute/v2.1/servers/596af5ab-1791-42ce-93d2-3e4f0a47dfa2 0.049s
2024-09-16 06:55:17.320 62283 INFO tempest.lib.common.rest_client [req-1629e305-5e20-449b-ad2a-b9676e00bc6c req-1629e305-5e20-449b-ad2a-b9676e00bc6c ] Request (ServerRescueNegativeTestJSON:tearDownClass): 200 PUT http://10.180.1.21:9696/networking/v2.0/routers/55b5791e-3fe0-4015-989d-e0291b6d58d5/remove_router_interface 0.776s
2024-09-16 06:55:17.332 62241 INFO tempest.lib.common.rest_client [req-6abf77b4-0fe8-4c7b-99ff-c91643b69e59 req-6abf77b4-0fe8-4c7b-99ff-c91643b69e59 ] Request (ImagesDeleteNegativeTestJSON:tearDownClass): 204 DELETE http://10.180.1.21/identity/v3/projects/8914533899d349d092a2b5b20602d3ea 0.052s
2024-09-16 06:55:17.369 62253 INFO tempest.lib.common.rest_client [req-6a9b94b7-0c0d-4e99-adf7-5b0ed55d87bd req-6a9b94b7-0c0d-4e99-adf7-5b0ed55d87bd ] Request (AttachInterfacesV270Test:test_create_get_list_interfaces): 200 GET http://10.180.1.21/compute/v2.1/servers/af49714d-8e50-4159-96a5-cf8f70580471 0.057s
2024-09-16 06:55:17.426 62243 INFO tempest.lib.common.rest_client [req-30e6df5d-69ef-4488-be0c-3d91d22ede45 req-30e6df5d-69ef-4488-be0c-3d91d22ede45 ] Request (ServerRescueTestJSONUnderV235:setUpClass): 200 GET http://10.180.1.21/compute/v2.1/servers/64ff4a7b-ec89-48cd-8fb6-124e0726d6f0 0.071s
2024-09-16 06:55:17.472 62251 INFO tempest.lib.common.rest_client [req-ccab119c-9a39-40ca-a3a0-4d26a11667e6 req-ccab119c-9a39-40ca-a3a0-4d26a11667e6 ] Request (AttachInterfacesTestJSON:test_create_list_show_delete_interfaces_by_network_port): 200 GET http://10.180.1.21/compute/v2.1/servers/71192360-6ee6-4876-bf37-da987a09cbb2 0.060s
2024-09-16 06:55:17.535 62247 INFO tempest.lib.common.rest_client [req-37a9056e-e876-4025-ab0a-511415c33373 req-37a9056e-e876-4025-ab0a-511415c33373 ] Request (ServersV294TestFqdnHostnames:setUpClass): 200 GET http://10.180.1.21/compute/v2.1/servers/210af329-4cdb-4c3f-9e82-e72a2ea79421 0.068s
2024-09-16 06:55:17.539 62276 INFO tempest.lib.common.rest_client [req-dc714774-b485-4e0e-a759-0ed8bd2141f3 req-dc714774-b485-4e0e-a759-0ed8bd2141f3 ] Request (DeleteServersAdminTestJSON:test_delete_server_while_in_error_state): 200 GET http://10.180.1.21/compute/v2.1/servers/ab167fa4-062b-4137-801c-9b57a17b20e2 0.055s
2024-09-16 06:55:17.587 62272 INFO tempest.lib.common.rest_client [req-b8a78047-cbae-44ca-a628-bb18b621fe74 req-b8a78047-cbae-44ca-a628-bb18b621fe74 ] Request (ServersTestMultiNic:test_verify_duplicate_network_nics): 200 GET http://10.180.1.21/compute/v2.1/servers/1d9b67b5-c0cf-41ff-a838-79caf8789609 0.058s
2024-09-16 06:55:17.641 62263 INFO tempest.lib.common.rest_client [req-428ce063-c33d-4be3-9f39-df3373702329 req-428ce063-c33d-4be3-9f39-df3373702329 ] Request (InstanceActionsV221TestJSON:test_get_list_deleted_instance_actions): 200 GET http://10.180.1.21/compute/v2.1/servers/762e429f-f690-43c4-95eb-877caf1cdad7 0.056s
2024-09-16 06:55:17.642 62297 INFO tempest.lib.common.rest_client [req-69174583-04fb-43c1-a780-4b0f9e1b9175 req-69174583-04fb-43c1-a780-4b0f9e1b9175 ] Request (ServerActionsTestOtherB:setUpClass): 200 GET http://10.180.1.21/compute/v2.1/servers/5a8cded8-bcfb-4488-a736-fb6b6aad5a94 0.046s
2024-09-16 06:55:17.686 62265 INFO tempest.lib.common.rest_client [req-9bc7f746-c296-4fa7-8d1a-e15d3841b6b7 req-9bc7f746-c296-4fa7-8d1a-e15d3841b6b7 ] Request (ImagesOneServerTestJSON:setUpClass): 200 GET http://10.180.1.21/compute/v2.1/servers/1298037f-9cb7-4e2b-b70f-2ab24efe9b91 0.057s
2024-09-16 06:55:17.696 62285 INFO tempest.lib.common.rest_client [req-2e8a4653-58e8-4527-bf06-72bd673ffdd0 req-2e8a4653-58e8-4527-bf06-72bd673ffdd0 ] Request (SecurityGroupsTestJSON:test_server_security_groups): 200 GET http://10.180.1.21/compute/v2.1/servers/4e617bb5-84e4-4505-99e3-61289826f511 0.058s
2024-09-16 06:55:17.721 62283 INFO tempest.lib.common.rest_client [req-61deb1fe-b586-4520-9c86-91f4950c73e1 req-61deb1fe-b586-4520-9c86-91f4950c73e1 ] Request (ServerRescueNegativeTestJSON:tearDownClass): 204 DELETE http://10.180.1.21:9696/networking/v2.0/routers/55b5791e-3fe0-4015-989d-e0291b6d58d5 0.401s
2024-09-16 06:55:17.736 62239 INFO tempest.lib.common.rest_client [req-90c7f4fa-fe95-4f3c-b0bd-d557cd29577f req-90c7f4fa-fe95-4f3c-b0bd-d557cd29577f ] Request (ServersAdminTestJSON:setUpClass): 200 GET http://10.180.1.21/compute/v2.1/servers/e3c65b37-a2b9-43dd-bcc5-f7aaf1e8d6f6 0.051s
2024-09-16 06:55:17.751 62269 INFO tempest.lib.common.rest_client [req-3630adec-1103-4a9e-930a-d5f3cd89b8cc req-3630adec-1103-4a9e-930a-d5f3cd89b8cc ] Request (ServerShowV257Test:test_rebuild_server): 200 GET http://10.180.1.21/compute/v2.1/servers/a9783a2a-a7d3-4fbe-9590-d530ac24fa82 0.048s
2024-09-16 06:55:17.795 62258 INFO tempest.lib.common.rest_client [req-9517293c-299c-4545-8369-107df5f33f0c req-9517293c-299c-4545-8369-107df5f33f0c ] Request (VolumesAdminNegativeTest:test_update_attached_volume_with_nonexistent_volume_in_body): 200 GET http://10.180.1.21/compute/v2.1/servers/eb27703f-b657-423a-90a9-a7c024a2e473 0.060s
2024-09-16 06:55:17.829 62267 INFO tempest.lib.common.rest_client [req-2646ecfb-1b52-4f04-99e7-17ee546f8e3c req-2646ecfb-1b52-4f04-99e7-17ee546f8e3c ] Request (ServerMetadataNegativeTestJSON:setUpClass): 200 GET http://10.180.1.21/compute/v2.1/servers/72688992-333f-459d-9d05-f7c728961a6d 0.057s
2024-09-16 06:55:17.858 62245 INFO tempest.lib.common.rest_client [req-a6edf49e-4aca-443f-b101-7a3155832cce req-a6edf49e-4aca-443f-b101-7a3155832cce ] Request (ServerDiagnosticsNegativeTest:test_get_server_diagnostics_by_non_admin): 200 GET http://10.180.1.21/compute/v2.1/servers/415cc4a5-7610-4678-971d-cd00a0e8b54d 0.059s
2024-09-16 06:55:17.866 62283 INFO tempest.lib.common.rest_client [req-787616cf-21a0-49a5-85c7-27796ed8e127 req-787616cf-21a0-49a5-85c7-27796ed8e127 ] Request (ServerRescueNegativeTestJSON:tearDownClass): 204 DELETE http://10.180.1.21:9696/networking/v2.0/subnets/2ebd195c-8459-4fcb-b446-17e6fadff3d7 0.144s
2024-09-16 06:55:17.920 62261 INFO tempest.lib.common.rest_client [req-9dfeebf1-85c2-4d03-bba5-ef324d42f66b req-9dfeebf1-85c2-4d03-bba5-ef324d42f66b ] Request (ServerDiagnosticsV248Test:test_get_server_diagnostics): 200 GET http://10.180.1.21/compute/v2.1/servers/5e80a5c8-030c-4ad8-90c4-26136fa39d71 0.070s
2024-09-16 06:55:17.978 62289 INFO tempest.lib.common.rest_client [req-e569e1ae-0333-4a0f-8410-ad5e60c07c25 req-e569e1ae-0333-4a0f-8410-ad5e60c07c25 ] Request (ServersTestManualDisk:setUpClass): 200 GET http://10.180.1.21/compute/v2.1/servers/49f6c198-13b7-4c07-81d8-c010e7b0598e 0.051s
2024-09-16 06:55:18.012 62255 INFO tempest.lib.common.rest_client [req-1a0b8438-92b2-4390-960f-52b9c9ce600d req-1a0b8438-92b2-4390-960f-52b9c9ce600d ] Request (ServersTestBootFromVolume:setUpClass): 200 GET http://10.180.1.21/compute/v2.1/servers/334fd514-c7b5-402f-935e-1d95f9b5dbc8 0.050s
2024-09-16 06:55:18.078 62279 INFO tempest.lib.common.rest_client [req-e1fcbb49-b822-4ba2-a2bc-2121de85c579 req-e1fcbb49-b822-4ba2-a2bc-2121de85c579 ] Request (ServerActionsTestJSON:setUpClass): 200 GET http://10.180.1.21/compute/v2.1/servers/289e3403-c90d-40f0-9e18-1d10c0f8aec4 0.049s
2024-09-16 06:55:18.109 62283 INFO tempest.lib.common.rest_client [req-f4f268a6-dac5-4fa1-a075-55b8604d1304 req-f4f268a6-dac5-4fa1-a075-55b8604d1304 ] Request (ServerRescueNegativeTestJSON:tearDownClass): 204 DELETE http://10.180.1.21:9696/networking/v2.0/networks/f932fa9c-2730-4aa3-ac8f-46e1e252c7c3 0.243s
2024-09-16 06:55:18.211 62283 INFO tempest.lib.common.rest_client [req-9a38c03f-342e-432d-8da1-8cdaabe30bb2 req-9a38c03f-342e-432d-8da1-8cdaabe30bb2 ] Request (ServerRescueNegativeTestJSON:tearDownClass): 204 DELETE http://10.180.1.21/identity/v3/users/187d789b014a4e6ba7fdb719f1ad0db0 0.102s
2024-09-16 06:55:18.212 62283 INFO tempest.lib.common.dynamic_creds [-] Deleting project and security group for project: d9f40435bd544efcada1427af9fc8596
2024-09-16 06:55:18.220 62273 INFO tempest.lib.common.rest_client [req-29ad7ea8-88bd-4f3b-b02b-8ccd9c277f70 req-29ad7ea8-88bd-4f3b-b02b-8ccd9c277f70 ] Request (ListImageFiltersTestJSON:setUpClass): 200 GET http://10.180.1.21/compute/v2.1/servers/7ff67667-32ce-48ee-bae6-32a7b7d0bfd4 0.054s
2024-09-16 06:55:18.256 62283 INFO tempest.lib.common.rest_client [req-7cdd1184-e279-4834-a888-6ac51208e835 req-7cdd1184-e279-4834-a888-6ac51208e835 ] Request (ServerRescueNegativeTestJSON:tearDownClass): 200 GET http://10.180.1.21:9696/networking/v2.0/security-groups?tenant_id=d9f40435bd544efcada1427af9fc8596&name=default 0.044s
2024-09-16 06:55:18.281 62281 INFO tempest.lib.common.rest_client [req-9cadc573-f02f-426f-9b7a-b03b7587c4a0 req-9cadc573-f02f-426f-9b7a-b03b7587c4a0 ] Request (MigrationsAdminTest:test_resize_server_revert_deleted_flavor): 200 GET http://10.180.1.21/compute/v2.1/servers/f3a6527c-777e-4a07-9482-598de15d4eb3 0.048s
2024-09-16 06:55:18.301 62295 INFO tempest.lib.common.rest_client [req-5b843ea3-c699-447c-bca1-29b61d9c554e req-5b843ea3-c699-447c-bca1-29b61d9c554e ] Request (ServerActionsTestOtherA:setUpClass): 200 GET http://10.180.1.21/compute/v2.1/servers/f10356f8-5eb4-4f6a-bd5b-7fcfdce03e5c 0.044s
2024-09-16 06:55:18.352 62259 INFO tempest.lib.common.rest_client [req-b643114b-a078-40ad-82b9-b97ee08153d2 req-b643114b-a078-40ad-82b9-b97ee08153d2 ] Request (ServerDiskConfigTestJSON:test_rebuild_server_with_auto_disk_config): 200 GET http://10.180.1.21/compute/v2.1/servers/596af5ab-1791-42ce-93d2-3e4f0a47dfa2 0.043s
2024-09-16 06:55:18.354 62249 INFO tempest.lib.common.rest_client [req-4dcc1cfd-54bc-4b34-a57c-00cd858c5aff req-4dcc1cfd-54bc-4b34-a57c-00cd858c5aff ] Request (ListServerFiltersTestJSON:setUpClass): 200 GET http://10.180.1.21/compute/v2.1/servers/1419e5a8-a78f-44f1-bfc4-00fcf176bf35 0.050s
2024-09-16 06:55:18.370 62283 INFO tempest.lib.common.rest_client [req-90ac8ddc-8c1b-4160-8543-e5804d34c28d req-90ac8ddc-8c1b-4160-8543-e5804d34c28d ] Request (ServerRescueNegativeTestJSON:tearDownClass): 204 DELETE http://10.180.1.21:9696/networking/v2.0/security-groups/478913cd-cff2-4792-b2ca-2b77e5268603 0.113s
2024-09-16 06:55:18.428 62253 INFO tempest.lib.common.rest_client [req-aea5f8b5-e903-4e15-a141-2aa225776bf0 req-aea5f8b5-e903-4e15-a141-2aa225776bf0 ] Request (AttachInterfacesV270Test:test_create_get_list_interfaces): 200 GET http://10.180.1.21/compute/v2.1/servers/af49714d-8e50-4159-96a5-cf8f70580471 0.051s
2024-09-16 06:55:18.455 62283 INFO tempest.lib.common.rest_client [req-afb44ada-59d8-4b50-845b-69d24679dac6 req-afb44ada-59d8-4b50-845b-69d24679dac6 ] Request (ServerRescueNegativeTestJSON:tearDownClass): 204 DELETE http://10.180.1.21/identity/v3/projects/d9f40435bd544efcada1427af9fc8596 0.085s
2024-09-16 06:55:18.481 62243 INFO tempest.lib.common.rest_client [req-37ebb5ed-de3d-4358-b615-d9e829108897 req-37ebb5ed-de3d-4358-b615-d9e829108897 ] Request (ServerRescueTestJSONUnderV235:setUpClass): 200 GET http://10.180.1.21/compute/v2.1/servers/64ff4a7b-ec89-48cd-8fb6-124e0726d6f0 0.047s
2024-09-16 06:55:18.511 62283 INFO tempest.lib.common.rest_client [req-2eba0de3-e3bc-43d9-b9f9-560e4341ac6c req-2eba0de3-e3bc-43d9-b9f9-560e4341ac6c ] Request (VolumesTestJSON:setUpClass): 201 POST http://10.180.1.21/identity/v3/auth/tokens 0.052s
2024-09-16 06:55:18.525 62251 INFO tempest.lib.common.rest_client [req-f19d0b19-ee04-4051-ba89-a121798fcd5b req-f19d0b19-ee04-4051-ba89-a121798fcd5b ] Request (AttachInterfacesTestJSON:test_create_list_show_delete_interfaces_by_network_port): 200 GET http://10.180.1.21/compute/v2.1/servers/71192360-6ee6-4876-bf37-da987a09cbb2 0.045s
2024-09-16 06:55:18.537 62283 INFO tempest.lib.common.rest_client [req-52ef8169-6d13-4693-86d6-58ac44839e46 req-52ef8169-6d13-4693-86d6-58ac44839e46 ] Request (VolumesTestJSON:setUpClass): 201 POST http://10.180.1.21/identity/v3/auth/tokens 0.023s
2024-09-16 06:55:18.555 62283 INFO tempest.lib.common.rest_client [req-b17d475b-083d-4790-b310-d4692c260e77 req-b17d475b-083d-4790-b310-d4692c260e77 ] Request (VolumesTestJSON:setUpClass): 200 GET http://10.180.1.21/identity/v3/domains?name=Default 0.018s
2024-09-16 06:55:18.579 62283 INFO tempest.lib.common.rest_client [req-61c69197-375e-4fb6-83ee-09f8c97356e1 req-61c69197-375e-4fb6-83ee-09f8c97356e1 ] Request (VolumesTestJSON:setUpClass): 201 POST http://10.180.1.21/identity/v3/projects 0.024s
2024-09-16 06:55:18.593 62276 INFO tempest.lib.common.rest_client [req-961d1e2d-2165-46ec-bd14-a37726854ba5 req-961d1e2d-2165-46ec-bd14-a37726854ba5 ] Request (DeleteServersAdminTestJSON:test_delete_server_while_in_error_state): 200 GET http://10.180.1.21/compute/v2.1/servers/ab167fa4-062b-4137-801c-9b57a17b20e2 0.046s
2024-09-16 06:55:18.597 62247 INFO tempest.lib.common.rest_client [req-d435290a-b64a-40a9-afdf-c7cf26895bd9 req-d435290a-b64a-40a9-afdf-c7cf26895bd9 ] Request (ServersV294TestFqdnHostnames:setUpClass): 200 GET http://10.180.1.21/compute/v2.1/servers/210af329-4cdb-4c3f-9e82-e72a2ea79421 0.054s
2024-09-16 06:55:18.631 62283 INFO tempest.lib.common.rest_client [req-b5f10857-6ef2-4a4a-95e2-a08353207850 req-b5f10857-6ef2-4a4a-95e2-a08353207850 ] Request (VolumesTestJSON:setUpClass): 201 POST http://10.180.1.21/identity/v3/users 0.051s
2024-09-16 06:55:18.643 62272 INFO tempest.lib.common.rest_client [req-85e643ba-46b5-490f-a53d-2aff300215e5 req-85e643ba-46b5-490f-a53d-2aff300215e5 ] Request (ServersTestMultiNic:test_verify_duplicate_network_nics): 200 GET http://10.180.1.21/compute/v2.1/servers/1d9b67b5-c0cf-41ff-a838-79caf8789609 0.046s
2024-09-16 06:55:18.646 62283 INFO tempest.lib.common.rest_client [req-6cf881d6-dd06-406e-bf69-ab799770fc16 req-6cf881d6-dd06-406e-bf69-ab799770fc16 ] Request (VolumesTestJSON:setUpClass): 200 GET http://10.180.1.21/identity/v3/roles 0.015s
2024-09-16 06:55:18.672 62283 INFO tempest.lib.common.rest_client [req-6bb9074a-df6c-4c67-a0ff-da76d2611962 req-6bb9074a-df6c-4c67-a0ff-da76d2611962 ] Request (VolumesTestJSON:setUpClass): 204 PUT http://10.180.1.21/identity/v3/projects/e2c7bd04208a45a1aac47ea1ce061c12/users/bff8631e0482441cbf8e793691dff9d1/roles/54264ac68002466f880300d685431cd7 0.025s
2024-09-16 06:55:18.672 62283 INFO tempest.lib.common.dynamic_creds [-] Dynamic test user bff8631e0482441cbf8e793691dff9d1 is created with scope project and roles: ['member']
2024-09-16 06:55:18.672 62283 INFO tempest.lib.common.dynamic_creds [-] Acquired dynamic creds: credentials: Credentials: {'domain_id': 'default', 'domain_name': 'Default', 'username': 'tempest-VolumesTestJSON-1550774408-project-member', 'project_domain_id': 'default', 'project_domain_name': 'Default', 'project_id': 'e2c7bd04208a45a1aac47ea1ce061c12', 'project_name': 'tempest-VolumesTestJSON-1550774408', 'tenant_id': 'e2c7bd04208a45a1aac47ea1ce061c12', 'tenant_name': 'tempest-VolumesTestJSON-1550774408', 'user_domain_id': 'default', 'user_domain_name': 'Default', 'user_id': 'bff8631e0482441cbf8e793691dff9d1', 'system': None}, Network: None, Subnet: None, Router: None
2024-09-16 06:55:18.672 62283 INFO tempest.lib.common.dynamic_creds [-] Created isolated network resources for: credentials: Credentials: {'domain_id': 'default', 'domain_name': 'Default', 'username': 'tempest-VolumesTestJSON-1550774408-project-member', 'project_domain_id': 'default', 'project_domain_name': 'Default', 'project_id': 'e2c7bd04208a45a1aac47ea1ce061c12', 'project_name': 'tempest-VolumesTestJSON-1550774408', 'tenant_id': 'e2c7bd04208a45a1aac47ea1ce061c12', 'tenant_name': 'tempest-VolumesTestJSON-1550774408', 'user_domain_id': 'default', 'user_domain_name': 'Default', 'user_id': 'bff8631e0482441cbf8e793691dff9d1', 'system': None}, Network: None, Subnet: None, Router: None
2024-09-16 06:55:18.693 62297 INFO tempest.lib.common.rest_client [req-d857db4a-6af6-45af-8d09-7903fcffc7ca req-d857db4a-6af6-45af-8d09-7903fcffc7ca ] Request (ServerActionsTestOtherB:setUpClass): 200 GET http://10.180.1.21/compute/v2.1/servers/5a8cded8-bcfb-4488-a736-fb6b6aad5a94 0.044s
2024-09-16 06:55:18.695 62263 INFO tempest.lib.common.rest_client [req-9a86a06d-fe3c-46fa-ac17-42b504dc2a7a req-9a86a06d-fe3c-46fa-ac17-42b504dc2a7a ] Request (InstanceActionsV221TestJSON:test_get_list_deleted_instance_actions): 200 GET http://10.180.1.21/compute/v2.1/servers/762e429f-f690-43c4-95eb-877caf1cdad7 0.045s
2024-09-16 06:55:18.733 62283 INFO tempest.lib.common.rest_client [req-69bbd2fb-bbf2-41a3-85b9-bf958689587a req-69bbd2fb-bbf2-41a3-85b9-bf958689587a ] Request (VolumesTestJSON:setUpClass): 201 POST http://10.180.1.21/identity/v3/auth/tokens 0.057s
2024-09-16 06:55:18.737 62265 INFO tempest.lib.common.rest_client [req-8d3c3461-334b-45af-a631-d9e453f7dd0e req-8d3c3461-334b-45af-a631-d9e453f7dd0e ] Request (ImagesOneServerTestJSON:setUpClass): 200 GET http://10.180.1.21/compute/v2.1/servers/1298037f-9cb7-4e2b-b70f-2ab24efe9b91 0.043s
2024-09-16 06:55:18.747 62285 INFO tempest.lib.common.rest_client [req-d57d15f4-b86c-49d0-ac64-6ed0c7863521 req-d57d15f4-b86c-49d0-ac64-6ed0c7863521 ] Request (SecurityGroupsTestJSON:test_server_security_groups): 200 GET http://10.180.1.21/compute/v2.1/servers/4e617bb5-84e4-4505-99e3-61289826f511 0.044s
2024-09-16 06:55:18.797 62239 INFO tempest.lib.common.rest_client [req-19c87046-b109-4c76-8ee2-384d4c3c7533 req-19c87046-b109-4c76-8ee2-384d4c3c7533 ] Request (ServersAdminTestJSON:setUpClass): 200 GET http://10.180.1.21/compute/v2.1/servers/e3c65b37-a2b9-43dd-bcc5-f7aaf1e8d6f6 0.047s
