2024-10-11 05:01:17.064 62796 INFO tempest.lib.common.rest_client [req-14c1f2ff-9ef8-415c-a7e2-67c5feaf50e5 req-14c1f2ff-9ef8-415c-a7e2-67c5feaf50e5 ] Request (ServersTestManualDisk:setUpClass): 200 GET http://10.180.1.21/compute/v2.1/servers/d46bdbc6-e691-44b7-8e9c-3bedb1275e93 0.148s
2024-10-11 05:01:17.078 62826 INFO tempest.lib.common.rest_client [req-b82f5eaf-8014-4733-9375-38cd47c0740b req-b82f5eaf-8014-4733-9375-38cd47c0740b ] Request (ServersV294TestFqdnHostnames:setUpClass): 200 GET http://10.180.1.21/compute/v2.1/servers/1513843d-0a96-4b56-86bb-3c39ab4b3692 0.115s
2024-10-11 05:01:17.130 62846 INFO tempest.lib.common.rest_client [req-a0f4b98e-05fc-43c1-bcc6-c2bcc6860edb req-a0f4b98e-05fc-43c1-bcc6-c2bcc6860edb ] Request (MigrationsAdminTest:test_resize_server_revert_deleted_flavor): 200 GET http://10.180.1.21/compute/v2.1/servers/dca0a819-d11d-437e-9a4c-da4279a9d553 0.162s
2024-10-11 05:01:17.149 62800 INFO tempest.lib.common.rest_client [req-7c6f6a78-8cc4-48ae-90f7-0169376bcf7a req-7c6f6a78-8cc4-48ae-90f7-0169376bcf7a ] Request (ServicesAdminTestJSON:test_get_service_by_host_name): 200 GET http://10.180.1.21/compute/v2.1/os-services?host=devstack 0.136s
2024-10-11 05:01:17.199 62804 INFO tempest.lib.common.rest_client [req-8ec2959c-cd77-4862-8b38-6e30796af8e6 req-8ec2959c-cd77-4862-8b38-6e30796af8e6 ] Request (SecurityGroupRulesTestJSON:test_security_group_rules_delete_when_peer_group_deleted): 200 POST http://10.180.1.21/compute/v2.1/os-security-groups 0.237s
2024-10-11 05:01:17.204 62802 INFO tempest.lib.common.rest_client [req-e734b49b-eb75-4816-b9f9-ca61fb3f2851 req-e734b49b-eb75-4816-b9f9-ca61fb3f2851 ] Request (ServerDiskConfigTestJSON:test_rebuild_server_with_auto_disk_config): 200 GET http://10.180.1.21/compute/v2.1/servers/290e15dc-4ee0-4595-8412-d610895aeb46 0.190s
2024-10-11 05:01:17.253 62825 INFO tempest.lib.common.rest_client [req-c1504232-6412-48b8-983b-633b27b5bade req-c1504232-6412-48b8-983b-633b27b5bade ] Request (VolumesAdminNegativeTest:test_update_attached_volume_with_nonexistent_volume_in_body): 200 GET http://10.180.1.21/compute/v2.1/servers/14c27acb-0c19-47f9-b3fd-4f9e3e83bb5e 0.123s
2024-10-11 05:01:17.259 62830 INFO tempest.lib.common.rest_client [req-fe4d5efe-b1ff-4bb0-9a73-d341572af186 req-fe4d5efe-b1ff-4bb0-9a73-d341572af186 ] Request (AttachInterfacesUnderV243Test:test_add_remove_fixed_ip): 200 GET http://10.180.1.21/compute/v2.1/servers/813e287c-9d7f-4e9c-9216-986f631b6eb6 0.180s
2024-10-11 05:01:17.272 62800 INFO tempest.lib.common.rest_client [req-254d3c51-4ce2-4e8d-b01c-2c40f85127e9 req-254d3c51-4ce2-4e8d-b01c-2c40f85127e9 ] Request (ServicesAdminTestJSON:test_get_service_by_service_binary_name): 200 GET http://10.180.1.21/compute/v2.1/os-services?binary=nova-compute 0.118s
2024-10-11 05:01:17.305 62806 INFO tempest.lib.common.rest_client [req-61f55fb7-a9eb-4f99-97c4-f31b342435d4 req-61f55fb7-a9eb-4f99-97c4-f31b342435d4 ] Request (DeleteServersAdminTestJSON:test_delete_server_while_in_error_state): 200 GET http://10.180.1.21/compute/v2.1/servers/4e7e1c74-10a8-4746-b6a6-56dfcc0c2d76 0.122s
2024-10-11 05:01:17.356 62810 INFO tempest.lib.common.rest_client [req-d90cc52f-3c62-4cb7-a456-55ba9bb7c56d req-d90cc52f-3c62-4cb7-a456-55ba9bb7c56d ] Request (ServersTestJSON:setUpClass): 200 GET http://10.180.1.21/compute/v2.1/servers/9b49513e-4c01-4664-be2c-6058a357b0db 0.144s
2024-10-11 05:01:17.363 62798 INFO tempest.lib.common.rest_client [req-49c4b6aa-0926-43f7-a77f-a53a1a6d6c91 req-49c4b6aa-0926-43f7-a77f-a53a1a6d6c91 ] Request (VolumesAssistedSnapshotsTest:tearDownClass): 204 DELETE http://10.180.1.21:9696/networking/v2.0/routers/1fc3649b-366e-4488-98eb-008f42b33273 0.322s
2024-10-11 05:01:17.408 62842 INFO tempest.lib.common.rest_client [req-30a33761-9d06-4623-a764-9fe22a75cfbd req-30a33761-9d06-4623-a764-9fe22a75cfbd ] Request (AttachVolumeShelveTestJSON:test_attach_volume_shelved_or_offload_server): 200 GET http://10.180.1.21/compute/v2.1/servers/65e8971a-a149-4a11-92ad-7c5c8874530c 0.168s
2024-10-11 05:01:17.455 62820 INFO tempest.lib.common.rest_client [req-ebbf024b-91e6-43ab-b65f-83719095ac2f req-ebbf024b-91e6-43ab-b65f-83719095ac2f ] Request (ServerShowV254Test:test_rebuild_server): 200 GET http://10.180.1.21/compute/v2.1/servers/f4f7e2c9-229c-4547-b674-5a5219a28151 0.190s
2024-10-11 05:01:17.461 62798 INFO tempest.lib.common.rest_client [req-461cd785-6ff6-49cb-8c23-8d6dbb9d5e15 req-461cd785-6ff6-49cb-8c23-8d6dbb9d5e15 ] Request (VolumesAssistedSnapshotsTest:tearDownClass): 204 DELETE http://10.180.1.21:9696/networking/v2.0/subnets/26f1b88a-447b-4fcb-aabc-a83e105f10ca 0.097s
2024-10-11 05:01:17.462 62820 INFO tempest.common.waiters [-] State transition "BUILD/None" ==> "BUILD/networking" after 43 second wait
2024-10-11 05:01:17.473 62800 INFO tempest.lib.common.rest_client [req-4afea875-91d2-4300-89b0-794368bb9436 req-4afea875-91d2-4300-89b0-794368bb9436 ] Request (ServicesAdminTestJSON:test_list_services): 200 GET http://10.180.1.21/compute/v2.1/os-services 0.198s
2024-10-11 05:01:17.474 62804 INFO tempest.lib.common.rest_client [req-3f029915-63e4-4f20-8edd-7907021870a6 req-3f029915-63e4-4f20-8edd-7907021870a6 ] Request (SecurityGroupRulesTestJSON:test_security_group_rules_delete_when_peer_group_deleted): 200 POST http://10.180.1.21/compute/v2.1/os-security-group-rules 0.272s
2024-10-11 05:01:17.528 62814 INFO tempest.lib.common.rest_client [req-5e36993c-96a7-402d-8214-18f5029a6f86 req-5e36993c-96a7-402d-8214-18f5029a6f86 ] Request (MultipleCreateTestJSON:test_multiple_create): 200 GET http://10.180.1.21/compute/v2.1/servers/88cee397-bcbd-428c-b203-e5d9b6acbbb2 0.206s
2024-10-11 05:01:17.528 62836 INFO tempest.lib.common.rest_client [req-e3d7685b-6bff-4e6c-8d11-b060250ab8fd req-e3d7685b-6bff-4e6c-8d11-b060250ab8fd ] Request (ImagesTestJSON:test_create_image_from_stopped_server): 200 GET http://10.180.1.21/compute/v2.1/servers/b482dcca-ae32-425d-a097-f9af69785835 0.231s
2024-10-11 05:01:17.570 62800 INFO tempest.lib.common.rest_client [req-f843b506-dcd9-4884-8527-bc4bf715cf86 req-f843b506-dcd9-4884-8527-bc4bf715cf86 ] Request (ServicesAdminTestJSON:tearDownClass): 204 DELETE http://10.180.1.21/identity/v3/users/33d6cf1bea064ce7a26ab80b7e860caf 0.094s
2024-10-11 05:01:17.585 62852 INFO tempest.lib.common.rest_client [req-9910a9f1-1c58-4632-9c0e-4da46bdb2b7e req-9910a9f1-1c58-4632-9c0e-4da46bdb2b7e ] Request (TenantUsagesTestJSON:setUpClass): 200 GET http://10.180.1.21/compute/v2.1/servers/2e1410c0-8aff-429c-8bbb-46d9bc01de32 0.169s
2024-10-11 05:01:17.585 62838 INFO tempest.lib.common.rest_client [req-315c9ebe-8556-4002-b87d-b1bde27b9d9f req-315c9ebe-8556-4002-b87d-b1bde27b9d9f ] Request (ImagesNegativeTestJSON:test_create_image_from_deleted_server): 200 GET http://10.180.1.21/compute/v2.1/servers/95348a45-f517-4e21-8969-57c978985984 0.231s
2024-10-11 05:01:17.637 62816 INFO tempest.lib.common.rest_client [req-9198ab62-985d-4e9c-9058-192575fee369 req-9198ab62-985d-4e9c-9058-192575fee369 ] Request (ServerPasswordTestJSON:setUpClass): 200 GET http://10.180.1.21/compute/v2.1/servers/49ba74b6-fbbe-442a-b3a1-00bdd4e046e5 0.157s
2024-10-11 05:01:17.678 62800 INFO tempest.lib.common.rest_client [req-743afaca-a70b-43ae-afe6-3ffec07d6fe7 req-743afaca-a70b-43ae-afe6-3ffec07d6fe7 ] Request (ServicesAdminTestJSON:tearDownClass): 204 DELETE http://10.180.1.21/identity/v3/users/2542ca2f815741efb45a3886ba8e135f 0.107s
2024-10-11 05:01:17.678 62800 INFO tempest.lib.common.dynamic_creds [-] Deleting project and security group for project: ac792012ccb74cdb88a8731ae25ef371
2024-10-11 05:01:17.697 62850 INFO tempest.lib.common.rest_client [req-64ba8293-e15d-4113-aade-96781fe85b96 req-64ba8293-e15d-4113-aade-96781fe85b96 ] Request (FloatingIPsAssociationNegativeTestJSON:setUpClass): 200 GET http://10.180.1.21/compute/v2.1/servers/f52921c6-abbc-4a27-a451-e1cb4f5dfc48 0.151s
2024-10-11 05:01:17.734 62798 INFO tempest.lib.common.rest_client [req-de150b92-14d7-48d9-8f22-fdc36ac8a2c5 req-de150b92-14d7-48d9-8f22-fdc36ac8a2c5 ] Request (VolumesAssistedSnapshotsTest:tearDownClass): 204 DELETE http://10.180.1.21:9696/networking/v2.0/networks/45f36865-76fb-4a78-87e4-fca4adb76ccb 0.272s
2024-10-11 05:01:17.777 62832 INFO tempest.lib.common.rest_client [req-ef903122-8052-4c2a-aa4e-022576600539 req-ef903122-8052-4c2a-aa4e-022576600539 ] Request (ServersTestJSON:test_create_server_specify_multibyte_character_name): 200 GET http://10.180.1.21/compute/v2.1/servers/7c22d751-2aa8-4794-9fbb-3be5c1ac40f4 0.174s
2024-10-11 05:01:17.778 62800 INFO tempest.lib.common.rest_client [req-adea574c-4e0a-4eeb-866b-f4a0a25d4dba req-adea574c-4e0a-4eeb-866b-f4a0a25d4dba ] Request (ServicesAdminTestJSON:tearDownClass): 201 POST http://10.180.1.21/identity/v3/auth/tokens 0.100s
2024-10-11 05:01:17.781 62804 INFO tempest.lib.common.rest_client [req-581b0d03-f876-430b-a23a-9152ae11390e req-581b0d03-f876-430b-a23a-9152ae11390e ] Request (SecurityGroupRulesTestJSON:test_security_group_rules_delete_when_peer_group_deleted): 202 DELETE http://10.180.1.21/compute/v2.1/os-security-groups/79f3a6f3-cb2b-4678-9751-cfb52dc5f045 0.305s
2024-10-11 05:01:17.841 62798 INFO tempest.lib.common.rest_client [req-89622d56-5a38-4313-bd90-cad9b14f62ae req-89622d56-5a38-4313-bd90-cad9b14f62ae ] Request (VolumesAssistedSnapshotsTest:tearDownClass): 204 DELETE http://10.180.1.21/identity/v3/users/981bde3f516747fab7dccfc98e102729 0.106s
2024-10-11 05:01:17.842 62856 INFO tempest.lib.common.rest_client [req-84ff7219-2dc9-4bb7-9182-a9d9ae19cd7e req-84ff7219-2dc9-4bb7-9182-a9d9ae19cd7e ] Request (ServerAddressesNegativeTestJSON:setUpClass): 200 GET http://10.180.1.21/compute/v2.1/servers/5a1f074f-8e43-42f9-864d-976cdaa4639c 0.179s
2024-10-11 05:01:17.848 62818 INFO tempest.lib.common.rest_client [req-84504df9-8681-4d8a-8302-39a03e6dda39 req-84504df9-8681-4d8a-8302-39a03e6dda39 ] Request (DeleteServersTestJSON:test_delete_server_while_in_attached_volume): 200 GET http://10.180.1.21/compute/v2.1/servers/2888fde6-8a1b-41ce-a482-cb99acd74a6e 0.129s
2024-10-11 05:01:17.890 62858 INFO tempest.lib.common.rest_client [req-f3d33923-8f6f-41f8-b438-d6700cec5d6e req-f3d33923-8f6f-41f8-b438-d6700cec5d6e ] Request (AttachInterfacesV270Test:test_create_get_list_interfaces): 200 GET http://10.180.1.21/compute/v2.1/servers/8e7dcc93-2079-4857-8f18-513958ef4e0a 0.149s
2024-10-11 05:01:17.903 62840 INFO tempest.lib.common.rest_client [req-fbce7420-05de-4ddb-b295-5723470b684b req-fbce7420-05de-4ddb-b295-5723470b684b ] Request (ImagesOneServerNegativeTestJSON:setUpClass): 200 GET http://10.180.1.21/compute/v2.1/servers/f8db751a-c495-467c-ae32-addb4387346d 0.132s
2024-10-11 05:01:17.928 62804 INFO tempest.lib.common.rest_client [req-8b27d6d1-cda8-4533-a4e9-9ea8d8012482 req-8b27d6d1-cda8-4533-a4e9-9ea8d8012482 ] Request (SecurityGroupRulesTestJSON:test_security_group_rules_delete_when_peer_group_deleted): 200 GET http://10.180.1.21/compute/v2.1/os-security-groups/86b74efb-5ede-4135-80b5-651a48f8477d 0.146s
2024-10-11 05:01:17.955 62808 INFO tempest.lib.common.rest_client [req-49c2330d-1644-4c73-9cf9-146c003f7e9c req-49c2330d-1644-4c73-9cf9-146c003f7e9c ] Request (ServerActionsV293TestJSON:setUpClass): 200 GET http://10.180.1.21/volume/v3/volumes/037f5ce4-4bab-4515-8d66-b684c30581c7 0.033s
2024-10-11 05:01:17.962 62798 INFO tempest.lib.common.rest_client [req-f98247a3-206b-4958-8ad6-533ad00d66b7 req-f98247a3-206b-4958-8ad6-533ad00d66b7 ] Request (VolumesAssistedSnapshotsTest:tearDownClass): 204 DELETE http://10.180.1.21/identity/v3/users/deea8f148dea44628b01b45fe8c4c4dd 0.121s
2024-10-11 05:01:17.976 62848 INFO tempest.lib.common.rest_client [req-2cfe199e-7cf6-4f25-b630-e5c300916f50 req-2cfe199e-7cf6-4f25-b630-e5c300916f50 ] Request (ServerActionsTestOtherB:setUpClass): 200 GET http://10.180.1.21/compute/v2.1/servers/2236b710-2141-49a2-b3f5-9ed71090e1db 0.187s
2024-10-11 05:01:17.979 62834 INFO tempest.lib.common.rest_client [req-94fe773c-fbb8-4d8b-8cc2-294271496650 req-94fe773c-fbb8-4d8b-8cc2-294271496650 ] Request (InstanceActionsNegativeTestJSON:setUpClass): 200 GET http://10.180.1.21/compute/v2.1/servers/9274ce52-49af-48df-bcd1-269b8241d93f 0.148s
2024-10-11 05:01:18.041 62800 INFO tempest.lib.common.rest_client [req-396c1c32-789e-4122-9718-32811c91fa6e req-396c1c32-789e-4122-9718-32811c91fa6e ] Request (ServicesAdminTestJSON:tearDownClass): 200 GET http://10.180.1.21:9696/networking/v2.0/security-groups?tenant_id=ac792012ccb74cdb88a8731ae25ef371&name=default 0.262s
2024-10-11 05:01:18.054 62822 INFO tempest.lib.common.rest_client [req-383e823e-9de9-416e-ac12-5f9acf86b919 req-383e823e-9de9-416e-ac12-5f9acf86b919 ] Request (InstanceActionsV221TestJSON:test_get_list_deleted_instance_actions): 200 GET http://10.180.1.21/compute/v2.1/servers/5fc9a508-323d-4f1c-ae46-d15f340f6b73 0.173s
2024-10-11 05:01:18.055 62828 INFO tempest.lib.common.rest_client [req-ee5e6812-278e-4adc-8c45-f84d9f8294cc req-ee5e6812-278e-4adc-8c45-f84d9f8294cc ] Request (ServerExternalEventsTest:test_create_server_external_events): 200 GET http://10.180.1.21/compute/v2.1/servers/5845d273-b18a-447a-ad2d-a011bfcc2423 0.209s
2024-10-11 05:01:18.067 62798 INFO tempest.lib.common.rest_client [req-934ea4ce-2539-414b-a404-55b7d955f9ae req-934ea4ce-2539-414b-a404-55b7d955f9ae ] Request (VolumesAssistedSnapshotsTest:tearDownClass): 204 DELETE http://10.180.1.21/identity/v3/users/618e2bba9f1045cd9fdf273b12ffd499 0.104s
2024-10-11 05:01:18.067 62798 INFO tempest.lib.common.dynamic_creds [-] Deleting project and security group for project: 3bf5aaba7118430b94e0c68ca34868c2
2024-10-11 05:01:18.113 62798 INFO tempest.lib.common.rest_client [req-1585b322-de25-415d-9288-8f4a05e8cba6 req-1585b322-de25-415d-9288-8f4a05e8cba6 ] Request (VolumesAssistedSnapshotsTest:tearDownClass): 200 GET http://10.180.1.21:9696/networking/v2.0/security-groups?tenant_id=3bf5aaba7118430b94e0c68ca34868c2&name=default 0.045s
2024-10-11 05:01:18.115 62854 INFO tempest.lib.common.rest_client [req-2045d549-935a-4fdd-8a5f-23679e7c3ea8 req-2045d549-935a-4fdd-8a5f-23679e7c3ea8 ] Request (ServerShowV257Test:tearDownClass): 200 GET http://10.180.1.21/compute/v2.1/servers/9316facd-0c95-4720-b0d3-c0a39df81619 0.173s
2024-10-11 05:01:18.175 62844 INFO tempest.lib.common.rest_client [req-e3a36295-4f32-4c7b-b894-c0b4f5c29931 req-e3a36295-4f32-4c7b-b894-c0b4f5c29931 ] Request (SecurityGroupsTestJSON:test_list_security_groups_by_server): 200 GET http://10.180.1.21/compute/v2.1/servers/37cbd58c-b11a-4a62-95b2-5f4c5cf7ad1f 0.161s
2024-10-11 05:01:18.200 62804 INFO tempest.lib.common.rest_client [req-78713889-80de-484c-8081-f72b01d071e3 req-78713889-80de-484c-8081-f72b01d071e3 ] Request (SecurityGroupRulesTestJSON:test_security_group_rules_list): 200 POST http://10.180.1.21/compute/v2.1/os-security-groups 0.266s
2024-10-11 05:01:18.203 62800 INFO tempest.lib.common.rest_client [req-25f1a1cd-572f-4c29-b774-b959ca8f1588 req-25f1a1cd-572f-4c29-b774-b959ca8f1588 ] Request (ServicesAdminTestJSON:tearDownClass): 204 DELETE http://10.180.1.21:9696/networking/v2.0/security-groups/8ca697c8-ce43-4d86-ab15-9a2ad447755b 0.162s
2024-10-11 05:01:18.223 62796 INFO tempest.lib.common.rest_client [req-35a16f6a-20f8-4b37-ad68-cae81a3c4043 req-35a16f6a-20f8-4b37-ad68-cae81a3c4043 ] Request (ServersTestManualDisk:setUpClass): 200 GET http://10.180.1.21/compute/v2.1/servers/d46bdbc6-e691-44b7-8e9c-3bedb1275e93 0.141s
2024-10-11 05:01:18.223 62798 INFO tempest.lib.common.rest_client [req-4a1d4618-3f55-49dc-a326-836820ef760d req-4a1d4618-3f55-49dc-a326-836820ef760d ] Request (VolumesAssistedSnapshotsTest:tearDownClass): 204 DELETE http://10.180.1.21:9696/networking/v2.0/security-groups/ed6658b9-008a-4ba4-8865-7280f612a031 0.110s
2024-10-11 05:01:18.269 62826 INFO tempest.lib.common.rest_client [req-5acd8fb3-a8ab-439e-bf6e-b677a841ec63 req-5acd8fb3-a8ab-439e-bf6e-b677a841ec63 ] Request (ServersV294TestFqdnHostnames:setUpClass): 200 GET http://10.180.1.21/compute/v2.1/servers/1513843d-0a96-4b56-86bb-3c39ab4b3692 0.180s
2024-10-11 05:01:18.278 62846 INFO tempest.lib.common.rest_client [req-93adb8f1-0b49-4b8b-be27-eb836fd37736 req-93adb8f1-0b49-4b8b-be27-eb836fd37736 ] Request (MigrationsAdminTest:test_resize_server_revert_deleted_flavor): 200 GET http://10.180.1.21/compute/v2.1/servers/dca0a819-d11d-437e-9a4c-da4279a9d553 0.141s
2024-10-11 05:01:18.315 62800 INFO tempest.lib.common.rest_client [req-85cf5f58-2cca-468f-b421-a5e99c3fb7d5 req-85cf5f58-2cca-468f-b421-a5e99c3fb7d5 ] Request (ServicesAdminTestJSON:tearDownClass): 204 DELETE http://10.180.1.21/identity/v3/projects/ac792012ccb74cdb88a8731ae25ef371 0.109s
2024-10-11 05:01:18.315 62800 INFO tempest.lib.common.dynamic_creds [-] Deleting project and security group for project: c39aa3487c6a40fca01ea098aff06fd0
2024-10-11 05:01:18.315 62798 INFO tempest.lib.common.rest_client [req-8c886f06-8600-4dba-9231-e55103027abe req-8c886f06-8600-4dba-9231-e55103027abe ] Request (VolumesAssistedSnapshotsTest:tearDownClass): 204 DELETE http://10.180.1.21/identity/v3/projects/3bf5aaba7118430b94e0c68ca34868c2 0.091s
2024-10-11 05:01:18.316 62798 INFO tempest.lib.common.dynamic_creds [-] Deleting project and security group for project: e491249e28d74357a6f22a8c31c5a32e
2024-10-11 05:01:18.329 62802 INFO tempest.lib.common.rest_client [req-a86af0e2-0f8d-40d5-b15a-8b648e30c443 req-a86af0e2-0f8d-40d5-b15a-8b648e30c443 ] Request (ServerDiskConfigTestJSON:test_rebuild_server_with_auto_disk_config): 200 GET http://10.180.1.21/compute/v2.1/servers/290e15dc-4ee0-4595-8412-d610895aeb46 0.118s
2024-10-11 05:01:18.370 62798 INFO tempest.lib.common.rest_client [req-cb11361c-5e39-4558-8fef-c8d82cb127aa req-cb11361c-5e39-4558-8fef-c8d82cb127aa ] Request (VolumesAssistedSnapshotsTest:tearDownClass): 200 GET http://10.180.1.21:9696/networking/v2.0/security-groups?tenant_id=e491249e28d74357a6f22a8c31c5a32e&name=default 0.054s
2024-10-11 05:01:18.387 62825 INFO tempest.lib.common.rest_client [req-c7952a62-a917-4244-9705-445517a4626f req-c7952a62-a917-4244-9705-445517a4626f ] Request (VolumesAdminNegativeTest:test_update_attached_volume_with_nonexistent_volume_in_body): 200 GET http://10.180.1.21/compute/v2.1/servers/14c27acb-0c19-47f9-b3fd-4f9e3e83bb5e 0.124s
2024-10-11 05:01:18.441 62800 INFO tempest.lib.common.rest_client [req-faabdb46-c1d3-4975-9676-1e5d9c41a7e6 req-faabdb46-c1d3-4975-9676-1e5d9c41a7e6 ] Request (ServicesAdminTestJSON:tearDownClass): 200 GET http://10.180.1.21:9696/networking/v2.0/security-groups?tenant_id=c39aa3487c6a40fca01ea098aff06fd0&name=default 0.125s
2024-10-11 05:01:18.447 62830 INFO tempest.lib.common.rest_client [req-af999731-bdfc-4e7d-9bfa-e4a3c0473c85 req-af999731-bdfc-4e7d-9bfa-e4a3c0473c85 ] Request (AttachInterfacesUnderV243Test:test_add_remove_fixed_ip): 200 GET http://10.180.1.21/compute/v2.1/servers/813e287c-9d7f-4e9c-9216-986f631b6eb6 0.181s
2024-10-11 05:01:18.505 62806 INFO tempest.lib.common.rest_client [req-7c023c17-4a00-4875-a7eb-d565b4d0b5be req-7c023c17-4a00-4875-a7eb-d565b4d0b5be ] Request (DeleteServersAdminTestJSON:test_delete_server_while_in_error_state): 200 GET http://10.180.1.21/compute/v2.1/servers/4e7e1c74-10a8-4746-b6a6-56dfcc0c2d76 0.192s
2024-10-11 05:01:18.528 62800 INFO tempest.lib.common.rest_client [req-e46b9487-68eb-4934-a3f6-46cd483504e6 req-e46b9487-68eb-4934-a3f6-46cd483504e6 ] Request (ServicesAdminTestJSON:tearDownClass): 204 DELETE http://10.180.1.21:9696/networking/v2.0/security-groups/1a1a76aa-82d6-4acd-94d2-6b62a76f630c 0.086s
2024-10-11 05:01:18.559 62810 INFO tempest.lib.common.rest_client [req-fc889671-c0db-4dd8-924e-b48fb1cf648a req-fc889671-c0db-4dd8-924e-b48fb1cf648a ] Request (ServersTestJSON:setUpClass): 200 GET http://10.180.1.21/compute/v2.1/servers/9b49513e-4c01-4664-be2c-6058a357b0db 0.197s
2024-10-11 05:01:18.560 62804 INFO tempest.lib.common.rest_client [req-4f924370-baba-482b-ac6e-41358c9ba012 req-4f924370-baba-482b-ac6e-41358c9ba012 ] Request (SecurityGroupRulesTestJSON:test_security_group_rules_list): 200 POST http://10.180.1.21/compute/v2.1/os-security-group-rules 0.357s
2024-10-11 05:01:18.561 62798 INFO tempest.lib.common.rest_client [req-cf413b80-a1be-43a7-86a1-61e54892dd0b req-cf413b80-a1be-43a7-86a1-61e54892dd0b ] Request (VolumesAssistedSnapshotsTest:tearDownClass): 204 DELETE http://10.180.1.21:9696/networking/v2.0/security-groups/8261413f-fbf0-4e03-80ad-6a5dc252ae06 0.190s
2024-10-11 05:01:18.603 62842 INFO tempest.lib.common.rest_client [req-177ba0ec-b1b7-4e50-9dcc-5f603ca284b6 req-177ba0ec-b1b7-4e50-9dcc-5f603ca284b6 ] Request (AttachVolumeShelveTestJSON:test_attach_volume_shelved_or_offload_server): 200 GET http://10.180.1.21/compute/v2.1/servers/65e8971a-a149-4a11-92ad-7c5c8874530c 0.187s
2024-10-11 05:01:18.615 62820 INFO tempest.lib.common.rest_client [req-cf349806-7e66-4892-89b3-a72fded86983 req-cf349806-7e66-4892-89b3-a72fded86983 ] Request (ServerShowV254Test:test_rebuild_server): 200 GET http://10.180.1.21/compute/v2.1/servers/f4f7e2c9-229c-4547-b674-5a5219a28151 0.152s
2024-10-11 05:01:18.624 62820 INFO tempest.common.waiters [-] State transition "BUILD/networking" ==> "BUILD/spawning" after 44 second wait
2024-10-11 05:01:18.650 62836 INFO tempest.lib.common.rest_client [req-a0999224-9404-4f60-aa0c-930861a8a5d9 req-a0999224-9404-4f60-aa0c-930861a8a5d9 ] Request (ImagesTestJSON:test_create_image_from_stopped_server): 200 GET http://10.180.1.21/compute/v2.1/servers/b482dcca-ae32-425d-a097-f9af69785835 0.114s
2024-10-11 05:01:18.664 62800 INFO tempest.lib.common.rest_client [req-3cd236c2-c45b-4f8f-9125-10f1a13ada55 req-3cd236c2-c45b-4f8f-9125-10f1a13ada55 ] Request (ServicesAdminTestJSON:tearDownClass): 204 DELETE http://10.180.1.21/identity/v3/projects/c39aa3487c6a40fca01ea098aff06fd0 0.136s
2024-10-11 05:01:18.668 62814 INFO tempest.lib.common.rest_client [req-0ef2a1fa-6421-49f4-8e99-d5f75ee6ec3c req-0ef2a1fa-6421-49f4-8e99-d5f75ee6ec3c ] Request (MultipleCreateTestJSON:test_multiple_create): 200 GET http://10.180.1.21/compute/v2.1/servers/88cee397-bcbd-428c-b203-e5d9b6acbbb2 0.130s
2024-10-11 05:01:18.678 62798 INFO tempest.lib.common.rest_client [req-997e86a5-e6fe-41a2-9ab7-9c28026e09f2 req-997e86a5-e6fe-41a2-9ab7-9c28026e09f2 ] Request (VolumesAssistedSnapshotsTest:tearDownClass): 204 DELETE http://10.180.1.21/identity/v3/projects/e491249e28d74357a6f22a8c31c5a32e 0.116s
2024-10-11 05:01:18.678 62798 INFO tempest.lib.common.dynamic_creds [-] Deleting project and security group for project: d623320406ba40a2b331f5d45f6b2399
2024-10-11 05:01:18.717 62798 INFO tempest.lib.common.rest_client [req-defc270e-8339-4c50-87f8-14fe75c04427 req-defc270e-8339-4c50-87f8-14fe75c04427 ] Request (VolumesAssistedSnapshotsTest:tearDownClass): 200 GET http://10.180.1.21:9696/networking/v2.0/security-groups?tenant_id=d623320406ba40a2b331f5d45f6b2399&name=default 0.039s
2024-10-11 05:01:18.728 62838 INFO tempest.lib.common.rest_client [req-d080d5d1-f1a7-43aa-b77d-a018e8156518 req-d080d5d1-f1a7-43aa-b77d-a018e8156518 ] Request (ImagesNegativeTestJSON:test_create_image_from_deleted_server): 200 GET http://10.180.1.21/compute/v2.1/servers/95348a45-f517-4e21-8969-57c978985984 0.136s
2024-10-11 05:01:18.734 62800 INFO tempest.lib.common.rest_client [req-5a63795d-b445-4427-a49f-a2ddf0c7b26e req-5a63795d-b445-4427-a49f-a2ddf0c7b26e ] Request (ImagesMetadataTestJSON:setUpClass): 201 POST http://10.180.1.21/identity/v3/auth/tokens 0.068s
2024-10-11 05:01:18.762 62800 INFO tempest.lib.common.rest_client [req-98ff0820-d752-47bc-abe0-fead729ab876 req-98ff0820-d752-47bc-abe0-fead729ab876 ] Request (ImagesMetadataTestJSON:setUpClass): 201 POST http://10.180.1.21/identity/v3/auth/tokens 0.025s
2024-10-11 05:01:18.781 62800 INFO tempest.lib.common.rest_client [req-45eff5ea-ff62-405a-afc3-3fc879f5fa28 req-45eff5ea-ff62-405a-afc3-3fc879f5fa28 ] Request (ImagesMetadataTestJSON:setUpClass): 200 GET http://10.180.1.21/identity/v3/domains?name=Default 0.019s
2024-10-11 05:01:18.783 62852 INFO tempest.lib.common.rest_client [req-d0d200ef-15b3-49b0-b05f-7253a1636dbd req-d0d200ef-15b3-49b0-b05f-7253a1636dbd ] Request (TenantUsagesTestJSON:setUpClass): 200 GET http://10.180.1.21/compute/v2.1/servers/2e1410c0-8aff-429c-8bbb-46d9bc01de32 0.189s
2024-10-11 05:01:18.811 62798 INFO tempest.lib.common.rest_client [req-afffd22d-fa94-458d-a2f8-a2e4e2b4d002 req-afffd22d-fa94-458d-a2f8-a2e4e2b4d002 ] Request (VolumesAssistedSnapshotsTest:tearDownClass): 204 DELETE http://10.180.1.21:9696/networking/v2.0/security-groups/945163df-951b-4008-b369-2298a92e7f62 0.093s
2024-10-11 05:01:18.817 62800 INFO tempest.lib.common.rest_client [req-3fc22af7-cf99-45af-876c-266d5537d4ff req-3fc22af7-cf99-45af-876c-266d5537d4ff ] Request (ImagesMetadataTestJSON:setUpClass): 201 POST http://10.180.1.21/identity/v3/projects 0.035s
2024-10-11 05:01:18.836 62816 INFO tempest.lib.common.rest_client [req-721ed832-439b-4000-a5d0-7ea64052dd44 req-721ed832-439b-4000-a5d0-7ea64052dd44 ] Request (ServerPasswordTestJSON:setUpClass): 200 GET http://10.180.1.21/compute/v2.1/servers/49ba74b6-fbbe-442a-b3a1-00bdd4e046e5 0.187s
2024-10-11 05:01:18.838 62804 INFO tempest.lib.common.rest_client [req-c1bf60c1-59c3-4dae-aeda-56df38492d68 req-c1bf60c1-59c3-4dae-aeda-56df38492d68 ] Request (SecurityGroupRulesTestJSON:test_security_group_rules_list): 200 POST http://10.180.1.21/compute/v2.1/os-security-group-rules 0.274s
2024-10-11 05:01:18.870 62800 INFO tempest.lib.common.rest_client [req-394dfe81-01e2-4aae-81cc-883ce9420544 req-394dfe81-01e2-4aae-81cc-883ce9420544 ] Request (ImagesMetadataTestJSON:setUpClass): 201 POST http://10.180.1.21/identity/v3/users 0.052s
2024-10-11 05:01:18.888 62832 INFO tempest.lib.common.rest_client [req-de3b2b1e-1748-48ef-9c4b-045107dd26a6 req-de3b2b1e-1748-48ef-9c4b-045107dd26a6 ] Request (ServersTestJSON:test_create_server_specify_multibyte_character_name): 200 GET http://10.180.1.21/compute/v2.1/servers/7c22d751-2aa8-4794-9fbb-3be5c1ac40f4 0.101s
2024-10-11 05:01:18.892 62850 INFO tempest.lib.common.rest_client [req-d2a550ca-b26e-4bf3-b556-ae35566c53c0 req-d2a550ca-b26e-4bf3-b556-ae35566c53c0 ] Request (FloatingIPsAssociationNegativeTestJSON:setUpClass): 200 GET http://10.180.1.21/compute/v2.1/servers/f52921c6-abbc-4a27-a451-e1cb4f5dfc48 0.186s
2024-10-11 05:01:18.904 62798 INFO tempest.lib.common.rest_client [req-5445913d-ccb0-41e3-b2d0-2c31b6d10314 req-5445913d-ccb0-41e3-b2d0-2c31b6d10314 ] Request (VolumesAssistedSnapshotsTest:tearDownClass): 204 DELETE http://10.180.1.21/identity/v3/projects/d623320406ba40a2b331f5d45f6b2399 0.093s
2024-10-11 05:01:18.914 62800 INFO tempest.lib.common.rest_client [req-e04d2fa2-981c-4b4f-8d3b-770160806fbc req-e04d2fa2-981c-4b4f-8d3b-770160806fbc ] Request (ImagesMetadataTestJSON:setUpClass): 200 GET http://10.180.1.21/identity/v3/roles 0.043s
2024-10-11 05:01:18.932 62798 INFO tempest.lib.common.rest_client [req-29e734d0-9792-4a35-a4ce-5d13458485e4 req-29e734d0-9792-4a35-a4ce-5d13458485e4 ] Request (ServersWithSpecificFlavorTestJSON:setUpClass): 201 POST http://10.180.1.21/identity/v3/auth/tokens 0.025s
2024-10-11 05:01:18.942 62804 INFO tempest.lib.common.rest_client [req-180f188d-47c1-459b-9d01-2245646f46bc req-180f188d-47c1-459b-9d01-2245646f46bc ] Request (SecurityGroupRulesTestJSON:test_security_group_rules_list): 200 GET http://10.180.1.21/compute/v2.1/os-security-groups/52aa3688-3319-41d3-a618-79ab184b7881 0.102s
2024-10-11 05:01:18.943 62800 INFO tempest.lib.common.rest_client [req-8467b044-2d32-4c35-800b-27dc6ffaacb0 req-8467b044-2d32-4c35-800b-27dc6ffaacb0 ] Request (ImagesMetadataTestJSON:setUpClass): 204 PUT http://10.180.1.21/identity/v3/projects/889249aaf41548f6945214d94731576f/users/dc2aa8f2037a4b0b918d3f47909497b4/roles/f3c0e00d29714df8814ef1e0d32f6934 0.029s
2024-10-11 05:01:18.943 62800 INFO tempest.lib.common.dynamic_creds [-] Dynamic test user dc2aa8f2037a4b0b918d3f47909497b4 is created with scope project and roles: ['member']
2024-10-11 05:01:18.943 62800 INFO tempest.lib.common.dynamic_creds [-] Acquired dynamic creds: credentials: Credentials: {'domain_id': 'default', 'domain_name': 'Default', 'username': 'tempest-ImagesMetadataTestJSON-2027841266-project-member', 'project_domain_id': 'default', 'project_domain_name': 'Default', 'project_id': '889249aaf41548f6945214d94731576f', 'project_name': 'tempest-ImagesMetadataTestJSON-2027841266', 'tenant_id': '889249aaf41548f6945214d94731576f', 'tenant_name': 'tempest-ImagesMetadataTestJSON-2027841266', 'user_domain_id': 'default', 'user_domain_name': 'Default', 'user_id': 'dc2aa8f2037a4b0b918d3f47909497b4', 'system': None}, Network: None, Subnet: None, Router: None
2024-10-11 05:01:18.944 62800 INFO tempest.lib.common.dynamic_creds [-] Created isolated network resources for: credentials: Credentials: {'domain_id': 'default', 'domain_name': 'Default', 'username': 'tempest-ImagesMetadataTestJSON-2027841266-project-member', 'project_domain_id': 'default', 'project_domain_name': 'Default', 'project_id': '889249aaf41548f6945214d94731576f', 'project_name': 'tempest-ImagesMetadataTestJSON-2027841266', 'tenant_id': '889249aaf41548f6945214d94731576f', 'tenant_name': 'tempest-ImagesMetadataTestJSON-2027841266', 'user_domain_id': 'default', 'user_domain_name': 'Default', 'user_id': 'dc2aa8f2037a4b0b918d3f47909497b4', 'system': None}, Network: None, Subnet: None, Router: None
2024-10-11 05:01:18.946 62856 INFO tempest.lib.common.rest_client [req-5f04ac60-766d-4cbd-a580-097484fa9fdb req-5f04ac60-766d-4cbd-a580-097484fa9fdb ] Request (ServerAddressesNegativeTestJSON:setUpClass): 200 GET http://10.180.1.21/compute/v2.1/servers/5a1f074f-8e43-42f9-864d-976cdaa4639c 0.097s
2024-10-11 05:01:18.998 62798 INFO tempest.lib.common.rest_client [req-353c2078-f9de-466c-890f-ce02fb7eaebb req-353c2078-f9de-466c-890f-ce02fb7eaebb ] Request (ServersWithSpecificFlavorTestJSON:setUpClass): 201 POST http://10.180.1.21/identity/v3/auth/tokens 0.062s
2024-10-11 05:01:19.001 62858 INFO tempest.lib.common.rest_client [req-d82c7cc7-0ad1-40cc-9818-ff276a34e66b req-d82c7cc7-0ad1-40cc-9818-ff276a34e66b ] Request (AttachInterfacesV270Test:test_create_get_list_interfaces): 200 GET http://10.180.1.21/compute/v2.1/servers/8e7dcc93-2079-4857-8f18-513958ef4e0a 0.102s
2024-10-11 05:01:19.002 62808 INFO tempest.lib.common.rest_client [req-205fde50-af4b-49de-b816-99289da780d4 req-205fde50-af4b-49de-b816-99289da780d4 ] Request (ServerActionsV293TestJSON:setUpClass): 200 GET http://10.180.1.21/volume/v3/volumes/037f5ce4-4bab-4515-8d66-b684c30581c7 0.032s
2024-10-11 05:01:19.006 62818 INFO tempest.lib.common.rest_client [req-20bfeec3-f508-4fc0-b850-f75197ebd5fb req-20bfeec3-f508-4fc0-b850-f75197ebd5fb ] Request (DeleteServersTestJSON:test_delete_server_while_in_attached_volume): 200 GET http://10.180.1.21/compute/v2.1/servers/2888fde6-8a1b-41ce-a482-cb99acd74a6e 0.145s
2024-10-11 05:01:19.012 62800 INFO tempest.lib.common.rest_client [req-b7d310e1-6716-44f3-9f9b-fc26cf321012 req-b7d310e1-6716-44f3-9f9b-fc26cf321012 ] Request (ImagesMetadataTestJSON:setUpClass): 201 POST http://10.180.1.21/identity/v3/auth/tokens 0.065s
2024-10-11 05:01:19.022 62798 INFO tempest.lib.common.rest_client [req-6a98b4bf-b14f-45cc-9ef1-d08665e90a7d req-6a98b4bf-b14f-45cc-9ef1-d08665e90a7d ] Request (ServersWithSpecificFlavorTestJSON:setUpClass): 200 GET http://10.180.1.21/identity/v3/domains?name=Default 0.023s
2024-10-11 05:01:19.045 62798 INFO tempest.lib.common.rest_client [req-1c26acb1-f9b1-4605-9fe2-618f3c9e53d6 req-1c26acb1-f9b1-4605-9fe2-618f3c9e53d6 ] Request (ServersWithSpecificFlavorTestJSON:setUpClass): 201 POST http://10.180.1.21/identity/v3/projects 0.022s
2024-10-11 05:01:19.050 62840 INFO tempest.lib.common.rest_client [req-d0e8a4ea-2de1-4048-834f-6dae73b43498 req-d0e8a4ea-2de1-4048-834f-6dae73b43498 ] Request (ImagesOneServerNegativeTestJSON:setUpClass): 200 GET http://10.180.1.21/compute/v2.1/servers/f8db751a-c495-467c-ae32-addb4387346d 0.139s
2024-10-11 05:01:19.094 62798 INFO tempest.lib.common.rest_client [req-4775f193-2833-48c0-8dc0-5c7f15b49fee req-4775f193-2833-48c0-8dc0-5c7f15b49fee ] Request (ServersWithSpecificFlavorTestJSON:setUpClass): 201 POST http://10.180.1.21/identity/v3/users 0.049s
2024-10-11 05:01:19.098 62848 INFO tempest.lib.common.rest_client [req-9e514878-41c0-4e29-a60e-5dc483214ed1 req-9e514878-41c0-4e29-a60e-5dc483214ed1 ] Request (ServerActionsTestOtherB:setUpClass): 200 GET http://10.180.1.21/compute/v2.1/servers/2236b710-2141-49a2-b3f5-9ed71090e1db 0.115s
2024-10-11 05:01:19.110 62798 INFO tempest.lib.common.rest_client [req-f97b92ed-0806-4894-8dd2-9a5e1466b96a req-f97b92ed-0806-4894-8dd2-9a5e1466b96a ] Request (ServersWithSpecificFlavorTestJSON:setUpClass): 200 GET http://10.180.1.21/identity/v3/roles 0.015s
2024-10-11 05:01:19.134 62798 INFO tempest.lib.common.rest_client [req-e29a0d20-0c35-4c97-8315-7e49ff40cd99 req-e29a0d20-0c35-4c97-8315-7e49ff40cd99 ] Request (ServersWithSpecificFlavorTestJSON:setUpClass): 204 PUT http://10.180.1.21/identity/v3/projects/38a5cd0418f841c38e45284f2b12ad53/users/4c1ba36c5f0648ea940553d6d7b0e5b5/roles/f3c0e00d29714df8814ef1e0d32f6934 0.023s
2024-10-11 05:01:19.134 62798 INFO tempest.lib.common.dynamic_creds [-] Dynamic test user 4c1ba36c5f0648ea940553d6d7b0e5b5 is created with scope project and roles: ['member']
2024-10-11 05:01:19.134 62798 INFO tempest.lib.common.dynamic_creds [-] Acquired dynamic creds: credentials: Credentials: {'domain_id': 'default', 'domain_name': 'Default', 'username': 'tempest-ServersWithSpecificFlavorTestJSON-1103641373-project-member', 'project_domain_id': 'default', 'project_domain_name': 'Default', 'project_id': '38a5cd0418f841c38e45284f2b12ad53', 'project_name': 'tempest-ServersWithSpecificFlavorTestJSON-1103641373', 'tenant_id': '38a5cd0418f841c38e45284f2b12ad53', 'tenant_name': 'tempest-ServersWithSpecificFlavorTestJSON-1103641373', 'user_domain_id': 'default', 'user_domain_name': 'Default', 'user_id': '4c1ba36c5f0648ea940553d6d7b0e5b5', 'system': None}, Network: None, Subnet: None, Router: None
2024-10-11 05:01:19.144 62804 INFO tempest.lib.common.rest_client [req-49d29ac8-0d80-4615-9ff9-cff779e1782b req-49d29ac8-0d80-4615-9ff9-cff779e1782b ] Request (SecurityGroupRulesTestJSON:_run_cleanups): 202 DELETE http://10.180.1.21/compute/v2.1/os-security-group-rules/65e872d7-39b1-47f1-ad82-8fc9a8d6204a 0.198s
2024-10-11 05:01:19.150 62834 INFO tempest.lib.common.rest_client [req-25e16974-9f8d-4533-93aa-17573638fca8 req-25e16974-9f8d-4533-93aa-17573638fca8 ] Request (InstanceActionsNegativeTestJSON:setUpClass): 200 GET http://10.180.1.21/compute/v2.1/servers/9274ce52-49af-48df-bcd1-269b8241d93f 0.158s
2024-10-11 05:01:19.192 62798 INFO tempest.lib.common.rest_client [req-8c41fe66-df45-4c5c-8a7b-4778b879011c req-8c41fe66-df45-4c5c-8a7b-4778b879011c ] Request (ServersWithSpecificFlavorTestJSON:setUpClass): 201 POST http://10.180.1.21/identity/v3/auth/tokens 0.058s
2024-10-11 05:01:19.200 62822 INFO tempest.lib.common.rest_client [req-88d3f7ca-9d7e-4066-ad20-6c8ef42be6dc req-88d3f7ca-9d7e-4066-ad20-6c8ef42be6dc ] Request (InstanceActionsV221TestJSON:test_get_list_deleted_instance_actions): 200 GET http://10.180.1.21/compute/v2.1/servers/5fc9a508-323d-4f1c-ae46-d15f340f6b73 0.137s
2024-10-11 05:01:19.204 62828 INFO tempest.lib.common.rest_client [req-1e38fdc7-a385-4d5f-9e61-486f69bad845 req-1e38fdc7-a385-4d5f-9e61-486f69bad845 ] Request (ServerExternalEventsTest:test_create_server_external_events): 200 GET http://10.180.1.21/compute/v2.1/servers/5845d273-b18a-447a-ad2d-a011bfcc2423 0.141s
2024-10-11 05:01:19.259 62854 INFO tempest.lib.common.rest_client [req-575a454f-1d5e-47da-a278-a7df641ad338 req-575a454f-1d5e-47da-a278-a7df641ad338 ] Request (ServerShowV257Test:tearDownClass): 200 GET http://10.180.1.21/compute/v2.1/servers/9316facd-0c95-4720-b0d3-c0a39df81619 0.132s
2024-10-11 05:01:19.267 62854 INFO tempest.common.waiters [-] State transition "ACTIVE/deleting" ==> "DELETED/None" after 4 second wait
2024-10-11 05:01:19.309 62844 INFO tempest.lib.common.rest_client [req-fdd221a9-6be4-4b34-9a19-5ace1c45814e req-fdd221a9-6be4-4b34-9a19-5ace1c45814e ] Request (SecurityGroupsTestJSON:test_list_security_groups_by_server): 200 GET http://10.180.1.21/compute/v2.1/servers/37cbd58c-b11a-4a62-95b2-5f4c5cf7ad1f 0.124s
2024-10-11 05:01:19.360 62804 INFO tempest.lib.common.rest_client [req-fdb287a6-4a21-4723-af03-05d077264d62 req-fdb287a6-4a21-4723-af03-05d077264d62 ] Request (SecurityGroupRulesTestJSON:tearDownClass): 202 DELETE http://10.180.1.21/compute/v2.1/os-security-groups/52aa3688-3319-41d3-a618-79ab184b7881 0.215s
2024-10-11 05:01:19.367 62796 INFO tempest.lib.common.rest_client [req-2810d907-91c6-49aa-94ab-0a859dd25e02 req-2810d907-91c6-49aa-94ab-0a859dd25e02 ] Request (ServersTestManualDisk:setUpClass): 200 GET http://10.180.1.21/compute/v2.1/servers/d46bdbc6-e691-44b7-8e9c-3bedb1275e93 0.136s
2024-10-11 05:01:19.435 62800 INFO tempest.lib.common.rest_client [req-abd8130f-9a42-49fd-8480-589cd934de92 req-abd8130f-9a42-49fd-8480-589cd934de92 ] Request (ImagesMetadataTestJSON:setUpClass): 201 POST http://10.180.1.21/image/v2/images 0.422s
2024-10-11 05:01:19.447 62798 INFO tempest.lib.common.rest_client [req-6d22617e-cf0d-41ee-84b8-d24fe04ab3f9 req-6d22617e-cf0d-41ee-84b8-d24fe04ab3f9 ] Request (ServersWithSpecificFlavorTestJSON:setUpClass): 201 POST http://10.180.1.21:9696/networking/v2.0/networks 0.254s
2024-10-11 05:01:19.677 62798 INFO tempest.lib.common.rest_client [req-f9ccbb43-ab16-4868-a14c-3a1848b66413 req-f9ccbb43-ab16-4868-a14c-3a1848b66413 ] Request (ServersWithSpecificFlavorTestJSON:setUpClass): 201 POST http://10.180.1.21:9696/networking/v2.0/subnets 0.229s
2024-10-11 05:01:19.712 62846 INFO tempest.lib.common.rest_client [req-83f1a9a5-16a1-4c89-bc56-1398abd8c585 req-83f1a9a5-16a1-4c89-bc56-1398abd8c585 ] Request (MigrationsAdminTest:test_resize_server_revert_deleted_flavor): 200 GET http://10.180.1.21/compute/v2.1/servers/dca0a819-d11d-437e-9a4c-da4279a9d553 0.427s
2024-10-11 05:01:19.721 62826 INFO tempest.lib.common.rest_client [req-ac0f7f2f-c313-4bd2-99c8-a00e2f828bdd req-ac0f7f2f-c313-4bd2-99c8-a00e2f828bdd ] Request (ServersV294TestFqdnHostnames:setUpClass): 200 GET http://10.180.1.21/compute/v2.1/servers/1513843d-0a96-4b56-86bb-3c39ab4b3692 0.441s
2024-10-11 05:01:19.741 62804 INFO tempest.lib.common.rest_client [req-da1778d2-4bae-40c6-9b11-8dbde415aeb4 req-da1778d2-4bae-40c6-9b11-8dbde415aeb4 ] Request (SecurityGroupRulesTestJSON:tearDownClass): 404 DELETE http://10.180.1.21/compute/v2.1/os-security-groups/79f3a6f3-cb2b-4678-9751-cfb52dc5f045 0.381s
2024-10-11 05:01:19.780 62802 INFO tempest.lib.common.rest_client [req-70a4c804-12b0-4f6a-802b-35688c6fae5e req-70a4c804-12b0-4f6a-802b-35688c6fae5e ] Request (ServerDiskConfigTestJSON:test_rebuild_server_with_auto_disk_config): 200 GET http://10.180.1.21/compute/v2.1/servers/290e15dc-4ee0-4595-8412-d610895aeb46 0.441s
2024-10-11 05:01:19.791 62825 INFO tempest.lib.common.rest_client [req-a5134c36-d47d-41f9-a793-9bdcd18b369b req-a5134c36-d47d-41f9-a793-9bdcd18b369b ] Request (VolumesAdminNegativeTest:test_update_attached_volume_with_nonexistent_volume_in_body): 200 GET http://10.180.1.21/compute/v2.1/servers/14c27acb-0c19-47f9-b3fd-4f9e3e83bb5e 0.388s
2024-10-11 05:01:19.840 62830 INFO tempest.lib.common.rest_client [req-b369a7ec-9dd9-43ea-a6aa-ee1f15048a75 req-b369a7ec-9dd9-43ea-a6aa-ee1f15048a75 ] Request (AttachInterfacesUnderV243Test:test_add_remove_fixed_ip): 200 GET http://10.180.1.21/compute/v2.1/servers/813e287c-9d7f-4e9c-9216-986f631b6eb6 0.384s
2024-10-11 05:01:19.841 62806 INFO tempest.lib.common.rest_client [req-71a5f36f-550d-4c64-8cec-0e558cfdd195 req-71a5f36f-550d-4c64-8cec-0e558cfdd195 ] Request (DeleteServersAdminTestJSON:test_delete_server_while_in_error_state): 200 GET http://10.180.1.21/compute/v2.1/servers/4e7e1c74-10a8-4746-b6a6-56dfcc0c2d76 0.328s
2024-10-11 05:01:19.846 62830 INFO tempest.common.waiters [-] State transition "BUILD/None" ==> "BUILD/networking" after 45 second wait
2024-10-11 05:01:19.892 62842 INFO tempest.lib.common.rest_client [req-cf985e2b-9443-4812-9f3e-6a61a3b3fead req-cf985e2b-9443-4812-9f3e-6a61a3b3fead ] Request (AttachVolumeShelveTestJSON:test_attach_volume_shelved_or_offload_server): 200 GET http://10.180.1.21/compute/v2.1/servers/65e8971a-a149-4a11-92ad-7c5c8874530c 0.280s
2024-10-11 05:01:19.894 62810 INFO tempest.lib.common.rest_client [req-77ce4eb7-f07e-4a4b-9b10-99286f91377c req-77ce4eb7-f07e-4a4b-9b10-99286f91377c ] Request (ServersTestJSON:setUpClass): 200 GET http://10.180.1.21/compute/v2.1/servers/9b49513e-4c01-4664-be2c-6058a357b0db 0.327s
2024-10-11 05:01:19.944 62836 INFO tempest.lib.common.rest_client [req-48066c3f-950a-4c64-8326-01baed5553bf req-48066c3f-950a-4c64-8326-01baed5553bf ] Request (ImagesTestJSON:test_create_image_from_stopped_server): 200 GET http://10.180.1.21/compute/v2.1/servers/b482dcca-ae32-425d-a097-f9af69785835 0.285s
2024-10-11 05:01:19.958 62820 INFO tempest.lib.common.rest_client [req-fdb4c1ee-4f2b-4444-b452-60ac2ac08a08 req-fdb4c1ee-4f2b-4444-b452-60ac2ac08a08 ] Request (ServerShowV254Test:test_rebuild_server): 200 GET http://10.180.1.21/compute/v2.1/servers/f4f7e2c9-229c-4547-b674-5a5219a28151 0.333s
2024-10-11 05:01:19.987 62814 INFO tempest.lib.common.rest_client [req-3db60788-3c6b-464b-bce1-a73b3eab6a1b req-3db60788-3c6b-464b-bce1-a73b3eab6a1b ] Request (MultipleCreateTestJSON:test_multiple_create): 200 GET http://10.180.1.21/compute/v2.1/servers/88cee397-bcbd-428c-b203-e5d9b6acbbb2 0.312s
2024-10-11 05:01:19.998 62838 INFO tempest.lib.common.rest_client [req-d465db4f-e632-44ad-8db0-b21f2bc39f67 req-d465db4f-e632-44ad-8db0-b21f2bc39f67 ] Request (ImagesNegativeTestJSON:test_create_image_from_deleted_server): 200 GET http://10.180.1.21/compute/v2.1/servers/95348a45-f517-4e21-8969-57c978985984 0.262s
2024-10-11 05:01:20.048 62808 INFO tempest.lib.common.rest_client [req-8fdcf0b8-13f0-451a-b244-27a56369e33e req-8fdcf0b8-13f0-451a-b244-27a56369e33e ] Request (ServerActionsV293TestJSON:setUpClass): 200 GET http://10.180.1.21/volume/v3/volumes/037f5ce4-4bab-4515-8d66-b684c30581c7 0.037s
2024-10-11 05:01:20.059 62852 INFO tempest.lib.common.rest_client [req-16e9f87c-345b-4df0-b9df-9ca0e5dc675c req-16e9f87c-345b-4df0-b9df-9ca0e5dc675c ] Request (TenantUsagesTestJSON:setUpClass): 200 GET http://10.180.1.21/compute/v2.1/servers/2e1410c0-8aff-429c-8bbb-46d9bc01de32 0.264s
2024-10-11 05:01:20.067 62800 INFO tempest.lib.common.rest_client [req-f0e0508f-c8ad-4fad-a1b8-b8f08143f7c8 req-f0e0508f-c8ad-4fad-a1b8-b8f08143f7c8 ] Request (ImagesMetadataTestJSON:setUpClass): 204 PUT http://10.180.1.21/image/v2/images/3589065e-5b12-4d2d-b616-68a7ecb662a6/file 0.631s
2024-10-11 05:01:20.112 62816 INFO tempest.lib.common.rest_client [req-08f7908e-32ee-4862-8f17-ab3f9b463143 req-08f7908e-32ee-4862-8f17-ab3f9b463143 ] Request (ServerPasswordTestJSON:setUpClass): 200 GET http://10.180.1.21/compute/v2.1/servers/49ba74b6-fbbe-442a-b3a1-00bdd4e046e5 0.267s
2024-10-11 05:01:20.169 62832 INFO tempest.lib.common.rest_client [req-4f978542-198f-4c70-b7d2-698bd7a6d896 req-4f978542-198f-4c70-b7d2-698bd7a6d896 ] Request (ServersTestJSON:test_create_server_specify_multibyte_character_name): 200 GET http://10.180.1.21/compute/v2.1/servers/7c22d751-2aa8-4794-9fbb-3be5c1ac40f4 0.274s
2024-10-11 05:01:20.222 62804 INFO tempest.lib.common.rest_client [req-78b3d472-ee25-40b1-b851-b52609cea490 req-78b3d472-ee25-40b1-b851-b52609cea490 ] Request (SecurityGroupRulesTestJSON:tearDownClass): 202 DELETE http://10.180.1.21/compute/v2.1/os-security-groups/86b74efb-5ede-4135-80b5-651a48f8477d 0.481s
2024-10-11 05:01:20.232 62850 INFO tempest.lib.common.rest_client [req-8ad82fba-913c-4fed-a8c9-fb5ece6031e3 req-8ad82fba-913c-4fed-a8c9-fb5ece6031e3 ] Request (FloatingIPsAssociationNegativeTestJSON:setUpClass): 200 GET http://10.180.1.21/compute/v2.1/servers/f52921c6-abbc-4a27-a451-e1cb4f5dfc48 0.332s
2024-10-11 05:01:20.293 62856 INFO tempest.lib.common.rest_client [req-7543482b-10f7-446b-acd3-b1b7972524c5 req-7543482b-10f7-446b-acd3-b1b7972524c5 ] Request (ServerAddressesNegativeTestJSON:setUpClass): 200 GET http://10.180.1.21/compute/v2.1/servers/5a1f074f-8e43-42f9-864d-976cdaa4639c 0.340s
2024-10-11 05:01:20.301 62858 INFO tempest.lib.common.rest_client [req-7746f2fe-52ff-4300-a86d-eaafc713a7bf req-7746f2fe-52ff-4300-a86d-eaafc713a7bf ] Request (AttachInterfacesV270Test:test_create_get_list_interfaces): 200 GET http://10.180.1.21/compute/v2.1/servers/8e7dcc93-2079-4857-8f18-513958ef4e0a 0.291s
2024-10-11 05:01:20.342 62798 INFO tempest.lib.common.rest_client [req-c7743939-5672-4390-a8c5-5a99c6ba0d58 req-c7743939-5672-4390-a8c5-5a99c6ba0d58 ] Request (ServersWithSpecificFlavorTestJSON:setUpClass): 201 POST http://10.180.1.21:9696/networking/v2.0/routers 0.664s
2024-10-11 05:01:20.359 62818 INFO tempest.lib.common.rest_client [req-a1af30ff-cdb5-41de-828f-b2caeff4fa9f req-a1af30ff-cdb5-41de-828f-b2caeff4fa9f ] Request (DeleteServersTestJSON:test_delete_server_while_in_attached_volume): 200 GET http://10.180.1.21/compute/v2.1/servers/2888fde6-8a1b-41ce-a482-cb99acd74a6e 0.346s
2024-10-11 05:01:20.371 62840 INFO tempest.lib.common.rest_client [req-9bfd9f87-5add-4633-947c-dac0839cdc03 req-9bfd9f87-5add-4633-947c-dac0839cdc03 ] Request (ImagesOneServerNegativeTestJSON:setUpClass): 200 GET http://10.180.1.21/compute/v2.1/servers/f8db751a-c495-467c-ae32-addb4387346d 0.311s
2024-10-11 05:01:20.401 62800 INFO tempest.lib.common.rest_client [req-dd70ce50-a9c7-43bf-ba2d-f2bcb7d1188b req-dd70ce50-a9c7-43bf-ba2d-f2bcb7d1188b ] Request (ImagesMetadataTestJSON:setUpClass): 200 GET http://10.180.1.21/compute/v2.1/images/3589065e-5b12-4d2d-b616-68a7ecb662a6 0.334s
2024-10-11 05:01:20.431 62848 INFO tempest.lib.common.rest_client [req-ae15dc62-1964-4865-a121-580de00a000c req-ae15dc62-1964-4865-a121-580de00a000c ] Request (ServerActionsTestOtherB:setUpClass): 200 GET http://10.180.1.21/compute/v2.1/servers/2236b710-2141-49a2-b3f5-9ed71090e1db 0.327s
2024-10-11 05:01:20.457 62834 INFO tempest.lib.common.rest_client [req-b99a5abb-d381-404d-8028-fe25313cefec req-b99a5abb-d381-404d-8028-fe25313cefec ] Request (InstanceActionsNegativeTestJSON:setUpClass): 200 GET http://10.180.1.21/compute/v2.1/servers/9274ce52-49af-48df-bcd1-269b8241d93f 0.299s
2024-10-11 05:01:20.503 62822 INFO tempest.lib.common.rest_client [req-02d8643b-2b79-44bd-b0b7-a1fe0e32a168 req-02d8643b-2b79-44bd-b0b7-a1fe0e32a168 ] Request (InstanceActionsV221TestJSON:test_get_list_deleted_instance_actions): 200 GET http://10.180.1.21/compute/v2.1/servers/5fc9a508-323d-4f1c-ae46-d15f340f6b73 0.293s
2024-10-11 05:01:20.516 62828 INFO tempest.lib.common.rest_client [req-1fbd13bb-ec4a-4b6b-aa10-c8f8290f080e req-1fbd13bb-ec4a-4b6b-aa10-c8f8290f080e ] Request (ServerExternalEventsTest:test_create_server_external_events): 200 GET http://10.180.1.21/compute/v2.1/servers/5845d273-b18a-447a-ad2d-a011bfcc2423 0.304s
2024-10-11 05:01:20.596 62854 INFO tempest.lib.common.rest_client [req-70ed075c-fe0e-48c8-86cf-db011af8cfc3 req-70ed075c-fe0e-48c8-86cf-db011af8cfc3 ] Request (ServerShowV257Test:tearDownClass): 200 GET http://10.180.1.21/compute/v2.1/servers/9316facd-0c95-4720-b0d3-c0a39df81619 0.328s
2024-10-11 05:01:20.661 62844 INFO tempest.lib.common.rest_client [req-a2c95048-1575-4ddc-882e-3e9aebdc02b4 req-a2c95048-1575-4ddc-882e-3e9aebdc02b4 ] Request (SecurityGroupsTestJSON:test_list_security_groups_by_server): 200 GET http://10.180.1.21/compute/v2.1/servers/37cbd58c-b11a-4a62-95b2-5f4c5cf7ad1f 0.345s
2024-10-11 05:01:20.730 62796 INFO tempest.lib.common.rest_client [req-8ac5fbb5-40f5-4b60-938b-d01222e4c501 req-8ac5fbb5-40f5-4b60-938b-d01222e4c501 ] Request (ServersTestManualDisk:setUpClass): 200 GET http://10.180.1.21/compute/v2.1/servers/d46bdbc6-e691-44b7-8e9c-3bedb1275e93 0.355s
2024-10-11 05:01:20.785 62804 INFO tempest.lib.common.rest_client [req-fbeec354-cf65-42fb-bc81-88e7901d765b req-fbeec354-cf65-42fb-bc81-88e7901d765b ] Request (SecurityGroupRulesTestJSON:tearDownClass): 202 DELETE http://10.180.1.21/compute/v2.1/os-security-groups/ed40d6c8-6d2f-47c3-85d0-3abff4c44aee 0.562s
2024-10-11 05:01:20.847 62846 INFO tempest.lib.common.rest_client [req-e20644f5-91d0-4298-986b-4fa030df7cc6 req-e20644f5-91d0-4298-986b-4fa030df7cc6 ] Request (MigrationsAdminTest:test_resize_server_revert_deleted_flavor): 200 GET http://10.180.1.21/compute/v2.1/servers/dca0a819-d11d-437e-9a4c-da4279a9d553 0.123s
2024-10-11 05:01:20.906 62826 INFO tempest.lib.common.rest_client [req-4218e7de-9d4a-406e-ae61-6be65d21b014 req-4218e7de-9d4a-406e-ae61-6be65d21b014 ] Request (ServersV294TestFqdnHostnames:setUpClass): 200 GET http://10.180.1.21/compute/v2.1/servers/1513843d-0a96-4b56-86bb-3c39ab4b3692 0.172s
2024-10-11 05:01:20.954 62802 INFO tempest.lib.common.rest_client [req-d259adcb-5b1e-468e-a97a-25a001b7ce42 req-d259adcb-5b1e-468e-a97a-25a001b7ce42 ] Request (ServerDiskConfigTestJSON:test_rebuild_server_with_auto_disk_config): 200 GET http://10.180.1.21/compute/v2.1/servers/290e15dc-4ee0-4595-8412-d610895aeb46 0.167s
2024-10-11 05:01:20.990 62800 INFO tempest.lib.common.rest_client [req-bd8f4c75-9896-490d-acff-d791dbac7c45 req-bd8f4c75-9896-490d-acff-d791dbac7c45 ] Request (ImagesMetadataTestJSON:setUp): 200 PUT http://10.180.1.21/compute/v2.1/images/3589065e-5b12-4d2d-b616-68a7ecb662a6/metadata 0.584s
2024-10-11 05:01:21.047 62825 INFO tempest.lib.common.rest_client [req-1331e5ff-fc1c-4565-ba65-bd08d804fc7c req-1331e5ff-fc1c-4565-ba65-bd08d804fc7c ] Request (VolumesAdminNegativeTest:test_update_attached_volume_with_nonexistent_volume_in_body): 200 GET http://10.180.1.21/compute/v2.1/servers/14c27acb-0c19-47f9-b3fd-4f9e3e83bb5e 0.247s
2024-10-11 05:01:21.083 62808 INFO tempest.lib.common.rest_client [req-d13125a6-0af8-4c98-b6bb-6d4895771228 req-d13125a6-0af8-4c98-b6bb-6d4895771228 ] Request (ServerActionsV293TestJSON:setUpClass): 200 GET http://10.180.1.21/volume/v3/volumes/037f5ce4-4bab-4515-8d66-b684c30581c7 0.028s
2024-10-11 05:01:21.091 62808 INFO tempest.common.waiters [-] volume 037f5ce4-4bab-4515-8d66-b684c30581c7 reached available after waiting for 19.091708 seconds
