2024-10-11 05:02:14.160 62836 INFO tempest.lib.common.rest_client [req-20125e59-e484-4c32-a64e-a14fd85204d6 req-20125e59-e484-4c32-a64e-a14fd85204d6 ] Request (ImagesTestJSON:test_create_image_from_stopped_server): 200 GET http://10.180.1.21/compute/v2.1/servers/b482dcca-ae32-425d-a097-f9af69785835 0.042s
2024-10-11 05:02:14.194 62828 INFO tempest.lib.common.rest_client [req-32a0e5c9-5914-4dc2-a50a-aa5ecb4877f7 req-32a0e5c9-5914-4dc2-a50a-aa5ecb4877f7 ] Request (ServersTestMultiNic:test_verify_duplicate_network_nics): 200 GET http://10.180.1.21/compute/v2.1/servers/d92dca09-0a42-4103-ac92-25b6b0fa3c32 0.043s
2024-10-11 05:02:14.211 62852 INFO tempest.lib.common.rest_client [req-8fa2e3c3-75d4-4665-9463-7f3fc22713cf req-8fa2e3c3-75d4-4665-9463-7f3fc22713cf ] Request (TenantUsagesTestJSON:setUpClass): 200 GET http://10.180.1.21/compute/v2.1/servers/2e1410c0-8aff-429c-8bbb-46d9bc01de32 0.040s
2024-10-11 05:02:14.300 62816 INFO tempest.lib.common.rest_client [req-a8a933fb-9239-4e8a-8b56-3db59590c256 req-a8a933fb-9239-4e8a-8b56-3db59590c256 ] Request (ServerPasswordTestJSON:setUpClass): 200 GET http://10.180.1.21/compute/v2.1/servers/49ba74b6-fbbe-442a-b3a1-00bdd4e046e5 0.044s
2024-10-11 05:02:14.392 62808 INFO tempest.lib.common.rest_client [req-eeccb47a-de5a-4a64-bd2d-23c408f045b5 req-eeccb47a-de5a-4a64-bd2d-23c408f045b5 ] Request (ServerActionsV293TestJSON:setUpClass): 200 GET http://10.180.1.21/compute/v2.1/servers/2ae701c0-3016-4635-8fe1-1e1c314fa748 0.048s
2024-10-11 05:02:14.402 62858 INFO tempest.lib.common.rest_client [req-8785b1ef-dfd7-4a9b-9e47-2ff1b00d5171 req-8785b1ef-dfd7-4a9b-9e47-2ff1b00d5171 ] Request (AttachInterfacesV270Test:test_create_get_list_interfaces): 200 GET http://10.180.1.21/compute/v2.1/servers/8e7dcc93-2079-4857-8f18-513958ef4e0a 0.044s
2024-10-11 05:02:14.429 62818 INFO tempest.lib.common.rest_client [req-f2864c8f-111f-454e-b062-c1afab22e3e1 req-f2864c8f-111f-454e-b062-c1afab22e3e1 ] Request (DeleteServersTestJSON:test_delete_server_while_in_attached_volume): 200 GET http://10.180.1.21/compute/v2.1/servers/2888fde6-8a1b-41ce-a482-cb99acd74a6e 0.044s
2024-10-11 05:02:14.440 62838 INFO tempest.lib.common.rest_client [req-c381ebc0-d2f3-4fb8-9324-a8e3a33ab246 req-c381ebc0-d2f3-4fb8-9324-a8e3a33ab246 ] Request (ImagesNegativeTestJSON:test_create_image_from_deleted_server): 200 GET http://10.180.1.21/compute/v2.1/servers/95348a45-f517-4e21-8969-57c978985984 0.044s
2024-10-11 05:02:14.527 62825 INFO tempest.lib.common.rest_client [req-5ca5762c-5c47-4dba-b47f-9a27d747bcff req-5ca5762c-5c47-4dba-b47f-9a27d747bcff ] Request (VolumesAdminNegativeTest:test_update_attached_volume_with_nonexistent_volume_in_uri): 200 GET http://10.180.1.21/compute/v2.1/servers/d65fbfe3-b1e9-48d9-88ba-209fdc264283 0.050s
2024-10-11 05:02:14.534 62844 INFO tempest.lib.common.rest_client [req-c50de09a-d63b-4a27-99cd-bb6601d6ccc2 req-c50de09a-d63b-4a27-99cd-bb6601d6ccc2 ] Request (SecurityGroupsTestJSON:test_server_security_groups): 200 GET http://10.180.1.21/compute/v2.1/servers/f4dfa1c6-6c8b-4098-b3a2-9b229fc57bb0 0.053s
2024-10-11 05:02:14.572 62840 INFO tempest.lib.common.rest_client [req-7f9ce6b8-2008-4ce5-abb7-480346701ba8 req-7f9ce6b8-2008-4ce5-abb7-480346701ba8 ] Request (ImagesOneServerNegativeTestJSON:setUpClass): 200 GET http://10.180.1.21/compute/v2.1/servers/f8db751a-c495-467c-ae32-addb4387346d 0.052s
2024-10-11 05:02:14.576 62832 INFO tempest.lib.common.rest_client [req-e85a0c8f-179d-4cf4-ad32-f2c6337e5483 req-e85a0c8f-179d-4cf4-ad32-f2c6337e5483 ] Request (ServersTestJSON:test_create_server_specify_multibyte_character_name): 200 GET http://10.180.1.21/compute/v2.1/servers/7c22d751-2aa8-4794-9fbb-3be5c1ac40f4 0.048s
2024-10-11 05:02:14.651 62830 INFO tempest.lib.common.rest_client [req-cb0b01a3-05f8-4f10-8a0f-8d52d995a5e0 req-cb0b01a3-05f8-4f10-8a0f-8d52d995a5e0 ] Request (ListServerFiltersTestJSON:setUpClass): 200 GET http://10.180.1.21/compute/v2.1/servers/b0038711-5d12-4909-b331-72acb5ed0d24 0.045s
2024-10-11 05:02:14.674 62848 INFO tempest.lib.common.rest_client [req-2b3a7f82-9147-4350-8927-a171df71f097 req-2b3a7f82-9147-4350-8927-a171df71f097 ] Request (ServerActionsTestOtherB:setUpClass): 200 GET http://10.180.1.21/compute/v2.1/servers/2236b710-2141-49a2-b3f5-9ed71090e1db 0.042s
2024-10-11 05:02:14.716 62834 INFO tempest.lib.common.rest_client [req-0ca306d5-59d5-4fd2-8142-c986de36b37a req-0ca306d5-59d5-4fd2-8142-c986de36b37a ] Request (InstanceActionsNegativeTestJSON:setUpClass): 200 GET http://10.180.1.21/compute/v2.1/servers/9274ce52-49af-48df-bcd1-269b8241d93f 0.047s
2024-10-11 05:02:14.722 62834 INFO tempest.common.waiters [-] State transition "BUILD/None" ==> "BUILD/networking" after 78 second wait
2024-10-11 05:02:14.724 62804 INFO tempest.lib.common.rest_client [req-6a390278-9a4a-44d4-992d-83eb28157c16 req-6a390278-9a4a-44d4-992d-83eb28157c16 ] Request (ServersTestFqdnHostnames:test_create_server_with_fqdn_name): 200 GET http://10.180.1.21/compute/v2.1/servers/a092fb50-c750-4b91-a94e-e11e9eb7faf5 0.044s
2024-10-11 05:02:14.756 62846 INFO tempest.lib.common.rest_client [req-469ba762-7f5a-4ed5-bdb1-cafb6a413382 req-469ba762-7f5a-4ed5-bdb1-cafb6a413382 ] Request (MigrationsAdminTest:test_resize_server_revert_deleted_flavor): 200 GET http://10.180.1.21/compute/v2.1/servers/dca0a819-d11d-437e-9a4c-da4279a9d553 0.045s
2024-10-11 05:02:14.820 62806 INFO tempest.lib.common.rest_client [req-ac82b171-f4a1-439d-a1fc-a2057cb97ebd req-ac82b171-f4a1-439d-a1fc-a2057cb97ebd ] Request (ImagesOneServerTestJSON:setUpClass): 200 GET http://10.180.1.21/compute/v2.1/servers/8acd06fc-b040-468c-980f-6e17b2343c4a 0.043s
2024-10-11 05:02:14.886 62796 INFO tempest.lib.common.rest_client [req-a1744c85-788e-4d58-9030-ad1c3ba31e02 req-a1744c85-788e-4d58-9030-ad1c3ba31e02 ] Request (ServersTestManualDisk:setUpClass): 200 GET http://10.180.1.21/compute/v2.1/servers/d46bdbc6-e691-44b7-8e9c-3bedb1275e93 0.051s
2024-10-11 05:02:14.891 62798 INFO tempest.lib.common.rest_client [req-62ec54c9-3ccb-4da4-9415-85aa076b5dc4 req-62ec54c9-3ccb-4da4-9415-85aa076b5dc4 ] Request (ServersWithSpecificFlavorTestJSON:test_verify_created_server_ephemeral_disk): 200 GET http://10.180.1.21/compute/v2.1/servers/cecebc6a-25cc-4376-8467-2aa0f909c9bd 0.050s
2024-10-11 05:02:14.934 62850 INFO tempest.lib.common.rest_client [req-2b860531-e863-486f-96af-0f8dae2df0ed req-2b860531-e863-486f-96af-0f8dae2df0ed ] Request (ServerAddressesTestJSON:setUpClass): 200 GET http://10.180.1.21/compute/v2.1/servers/3e035ee1-a63a-46a6-84ca-4980e1185e03 0.051s
2024-10-11 05:02:14.935 62802 INFO tempest.lib.common.rest_client [req-fced609e-9bf9-44fe-9cae-017daeb77d3a req-fced609e-9bf9-44fe-9cae-017daeb77d3a ] Request (ServerDiskConfigTestJSON:test_rebuild_server_with_auto_disk_config): 200 GET http://10.180.1.21/compute/v2.1/servers/290e15dc-4ee0-4595-8412-d610895aeb46 0.047s
2024-10-11 05:02:14.977 62800 INFO tempest.lib.common.rest_client [req-e05ca3ca-2202-44cc-97ce-7ba0e3ecbc02 req-e05ca3ca-2202-44cc-97ce-7ba0e3ecbc02 ] Request (ListImageFiltersTestJSON:setUpClass): 200 GET http://10.180.1.21/compute/v2.1/servers/f3128303-9b2c-4f14-9ea0-093f55ecb063 0.044s
2024-10-11 05:02:14.992 62810 INFO tempest.lib.common.rest_client [req-ae60898d-4886-4a24-8809-bac1f91acbad req-ae60898d-4886-4a24-8809-bac1f91acbad ] Request (ServersTestJSON:setUpClass): 200 GET http://10.180.1.21/compute/v2.1/servers/9b49513e-4c01-4664-be2c-6058a357b0db 0.052s
2024-10-11 05:02:15.030 62822 INFO tempest.lib.common.rest_client [req-554d23be-48ed-4f6f-971f-f901ab4d3903 req-554d23be-48ed-4f6f-971f-f901ab4d3903 ] Request (ServerRescueTestJSON:setUpClass): 200 GET http://10.180.1.21/compute/v2.1/servers/d526aa96-4007-45f8-8eee-9030bdb9f402 0.055s
2024-10-11 05:02:15.155 62826 INFO tempest.lib.common.rest_client [req-24855253-8eb8-46e9-a5e1-f78b72a78af6 req-24855253-8eb8-46e9-a5e1-f78b72a78af6 ] Request (ServerRescueNegativeTestJSON:setUpClass): 200 GET http://10.180.1.21/compute/v2.1/servers/99bcd698-cd39-4ed4-8c4d-54aa7a3cb7d1 0.053s
2024-10-11 05:02:15.171 62842 INFO tempest.lib.common.rest_client [req-71ea5f14-a346-4d25-a624-5d9ed7378355 req-71ea5f14-a346-4d25-a624-5d9ed7378355 ] Request (AttachVolumeShelveTestJSON:test_attach_volume_shelved_or_offload_server): 200 GET http://10.180.1.21/compute/v2.1/servers/65e8971a-a149-4a11-92ad-7c5c8874530c 0.055s
2024-10-11 05:02:15.214 62814 INFO tempest.lib.common.rest_client [req-22af22e5-9254-45fe-90f6-68130f25cfb9 req-22af22e5-9254-45fe-90f6-68130f25cfb9 ] Request (MultipleCreateTestJSON:test_multiple_create): 200 GET http://10.180.1.21/compute/v2.1/servers/88cee397-bcbd-428c-b203-e5d9b6acbbb2 0.059s
2024-10-11 05:02:15.222 62836 INFO tempest.lib.common.rest_client [req-3c7a4657-75e2-426a-bc23-83426f3fc447 req-3c7a4657-75e2-426a-bc23-83426f3fc447 ] Request (ImagesTestJSON:test_create_image_from_stopped_server): 200 GET http://10.180.1.21/compute/v2.1/servers/b482dcca-ae32-425d-a097-f9af69785835 0.055s
2024-10-11 05:02:15.271 62828 INFO tempest.lib.common.rest_client [req-7b16230d-7898-4ebb-89a9-969249ae0166 req-7b16230d-7898-4ebb-89a9-969249ae0166 ] Request (ServersTestMultiNic:test_verify_duplicate_network_nics): 200 GET http://10.180.1.21/compute/v2.1/servers/d92dca09-0a42-4103-ac92-25b6b0fa3c32 0.071s
2024-10-11 05:02:15.278 62852 INFO tempest.lib.common.rest_client [req-1e30bc33-8711-4e14-afaa-fa236f7366ab req-1e30bc33-8711-4e14-afaa-fa236f7366ab ] Request (TenantUsagesTestJSON:setUpClass): 200 GET http://10.180.1.21/compute/v2.1/servers/2e1410c0-8aff-429c-8bbb-46d9bc01de32 0.060s
2024-10-11 05:02:15.286 62852 INFO tempest.common.waiters [-] State transition "BUILD/spawning" ==> "ERROR/None" after 90 second wait
2024-10-11 05:02:15.366 62816 INFO tempest.lib.common.rest_client [req-66c55ea8-0e6e-4c1b-9a01-b981fc50d85f req-66c55ea8-0e6e-4c1b-9a01-b981fc50d85f ] Request (ServerPasswordTestJSON:setUpClass): 200 GET http://10.180.1.21/compute/v2.1/servers/49ba74b6-fbbe-442a-b3a1-00bdd4e046e5 0.058s
2024-10-11 05:02:15.459 62808 INFO tempest.lib.common.rest_client [req-8002fb7e-ce0d-4eec-9b9f-ed47193b6192 req-8002fb7e-ce0d-4eec-9b9f-ed47193b6192 ] Request (ServerActionsV293TestJSON:setUpClass): 200 GET http://10.180.1.21/compute/v2.1/servers/2ae701c0-3016-4635-8fe1-1e1c314fa748 0.056s
2024-10-11 05:02:15.499 62852 INFO tempest.lib.common.rest_client [req-8ed35828-8b06-4a51-8c03-98bb291e320c req-8ed35828-8b06-4a51-8c03-98bb291e320c ] Request (TenantUsagesTestJSON:setUpClass): 204 DELETE http://10.180.1.21/compute/v2.1/servers/2e1410c0-8aff-429c-8bbb-46d9bc01de32 0.213s
2024-10-11 05:02:15.518 62858 INFO tempest.lib.common.rest_client [req-e6c8d6e8-d762-42c1-ad6a-01694f5b4e3f req-e6c8d6e8-d762-42c1-ad6a-01694f5b4e3f ] Request (AttachInterfacesV270Test:test_create_get_list_interfaces): 200 GET http://10.180.1.21/compute/v2.1/servers/8e7dcc93-2079-4857-8f18-513958ef4e0a 0.106s
2024-10-11 05:02:15.554 62818 INFO tempest.lib.common.rest_client [req-73e5a5bf-df33-45e4-bdf6-df91a19b143e req-73e5a5bf-df33-45e4-bdf6-df91a19b143e ] Request (DeleteServersTestJSON:test_delete_server_while_in_attached_volume): 200 GET http://10.180.1.21/compute/v2.1/servers/2888fde6-8a1b-41ce-a482-cb99acd74a6e 0.118s
2024-10-11 05:02:15.578 62838 INFO tempest.lib.common.rest_client [req-f47e3234-eb4b-4af3-9633-cd8acf37158c req-f47e3234-eb4b-4af3-9633-cd8acf37158c ] Request (ImagesNegativeTestJSON:test_create_image_from_deleted_server): 200 GET http://10.180.1.21/compute/v2.1/servers/95348a45-f517-4e21-8969-57c978985984 0.131s
2024-10-11 05:02:15.585 62852 INFO tempest.lib.common.rest_client [req-ce2148aa-bfb0-4069-bdde-a377001861fd req-ce2148aa-bfb0-4069-bdde-a377001861fd ] Request (TenantUsagesTestJSON:setUpClass): 404 GET http://10.180.1.21/compute/v2.1/servers/2e1410c0-8aff-429c-8bbb-46d9bc01de32 0.085s
2024-10-11 05:02:15.585 62852 INFO tempest.test [-] raised in TenantUsagesTestJSON.setUpClass. Invoking tearDownClass.
2024-10-11 05:02:15.633 62825 INFO tempest.lib.common.rest_client [req-39327ba7-043f-4103-8667-f12f8cfd5295 req-39327ba7-043f-4103-8667-f12f8cfd5295 ] Request (VolumesAdminNegativeTest:test_update_attached_volume_with_nonexistent_volume_in_uri): 200 GET http://10.180.1.21/compute/v2.1/servers/d65fbfe3-b1e9-48d9-88ba-209fdc264283 0.097s
2024-10-11 05:02:15.647 62844 INFO tempest.lib.common.rest_client [req-689beeff-7ca0-4e4b-902d-2212e783fdab req-689beeff-7ca0-4e4b-902d-2212e783fdab ] Request (SecurityGroupsTestJSON:test_server_security_groups): 200 GET http://10.180.1.21/compute/v2.1/servers/f4dfa1c6-6c8b-4098-b3a2-9b229fc57bb0 0.106s
2024-10-11 05:02:15.690 62840 INFO tempest.lib.common.rest_client [req-35356581-52bb-4f25-8fb7-9600b072be26 req-35356581-52bb-4f25-8fb7-9600b072be26 ] Request (ImagesOneServerNegativeTestJSON:setUpClass): 200 GET http://10.180.1.21/compute/v2.1/servers/f8db751a-c495-467c-ae32-addb4387346d 0.111s
2024-10-11 05:02:15.703 62832 INFO tempest.lib.common.rest_client [req-e9be09dc-f5df-408a-b81b-71704a15664f req-e9be09dc-f5df-408a-b81b-71704a15664f ] Request (ServersTestJSON:test_create_server_specify_multibyte_character_name): 200 GET http://10.180.1.21/compute/v2.1/servers/7c22d751-2aa8-4794-9fbb-3be5c1ac40f4 0.117s
2024-10-11 05:02:15.722 62852 INFO tempest.lib.common.rest_client [req-c5d6b60d-2a47-48b2-b66a-516a3910f321 req-c5d6b60d-2a47-48b2-b66a-516a3910f321 ] Request (TenantUsagesTestJSON:tearDownClass): 204 DELETE http://10.180.1.21/identity/v3/users/b1ada4fb2d454435a1aa8f83ab9d35d0 0.136s
2024-10-11 05:02:15.747 62830 INFO tempest.lib.common.rest_client [req-94a599ba-c44e-439f-94f3-b0d4947fac44 req-94a599ba-c44e-439f-94f3-b0d4947fac44 ] Request (ListServerFiltersTestJSON:setUpClass): 200 GET http://10.180.1.21/compute/v2.1/servers/b0038711-5d12-4909-b331-72acb5ed0d24 0.089s
2024-10-11 05:02:15.767 62848 INFO tempest.lib.common.rest_client [req-070865ec-538c-426f-9e81-0d0533d9c122 req-070865ec-538c-426f-9e81-0d0533d9c122 ] Request (ServerActionsTestOtherB:setUpClass): 200 GET http://10.180.1.21/compute/v2.1/servers/2236b710-2141-49a2-b3f5-9ed71090e1db 0.085s
2024-10-11 05:02:15.826 62852 INFO tempest.lib.common.rest_client [req-acfdbfb0-952f-4cb9-903b-1a14e01afb9a req-acfdbfb0-952f-4cb9-903b-1a14e01afb9a ] Request (TenantUsagesTestJSON:tearDownClass): 204 DELETE http://10.180.1.21/identity/v3/users/e102af7bcd39419b90196379dac4745a 0.103s
2024-10-11 05:02:15.826 62852 INFO tempest.lib.common.dynamic_creds [-] Deleting project and security group for project: ddad32020e004244a0f15141ba838c2d
2024-10-11 05:02:15.828 62804 INFO tempest.lib.common.rest_client [req-20544a40-2d25-4473-8804-723a1635a75f req-20544a40-2d25-4473-8804-723a1635a75f ] Request (ServersTestFqdnHostnames:test_create_server_with_fqdn_name): 200 GET http://10.180.1.21/compute/v2.1/servers/a092fb50-c750-4b91-a94e-e11e9eb7faf5 0.097s
2024-10-11 05:02:15.882 62852 INFO tempest.lib.common.rest_client [req-4daa79c2-0ca4-4fe2-888d-aec4599feedc req-4daa79c2-0ca4-4fe2-888d-aec4599feedc ] Request (TenantUsagesTestJSON:tearDownClass): 201 POST http://10.180.1.21/identity/v3/auth/tokens 0.055s
2024-10-11 05:02:15.887 62846 INFO tempest.lib.common.rest_client [req-41cb5871-f1c4-4444-b85d-67cdd8f8890e req-41cb5871-f1c4-4444-b85d-67cdd8f8890e ] Request (MigrationsAdminTest:test_resize_server_revert_deleted_flavor): 200 GET http://10.180.1.21/compute/v2.1/servers/dca0a819-d11d-437e-9a4c-da4279a9d553 0.124s
2024-10-11 05:02:15.939 62806 INFO tempest.lib.common.rest_client [req-3a59ab32-709d-48e6-a6b8-99c316825c4e req-3a59ab32-709d-48e6-a6b8-99c316825c4e ] Request (ImagesOneServerTestJSON:setUpClass): 200 GET http://10.180.1.21/compute/v2.1/servers/8acd06fc-b040-468c-980f-6e17b2343c4a 0.110s
2024-10-11 05:02:15.966 62852 INFO tempest.lib.common.rest_client [req-028c74bf-e340-42cc-94c3-d80adfd0927d req-028c74bf-e340-42cc-94c3-d80adfd0927d ] Request (TenantUsagesTestJSON:tearDownClass): 200 GET http://10.180.1.21:9696/networking/v2.0/security-groups?tenant_id=ddad32020e004244a0f15141ba838c2d&name=default 0.084s
2024-10-11 05:02:15.977 62834 INFO tempest.lib.common.rest_client [req-6ad950a5-6086-45b1-9995-a43159d14713 req-6ad950a5-6086-45b1-9995-a43159d14713 ] Request (InstanceActionsNegativeTestJSON:setUpClass): 200 GET http://10.180.1.21/compute/v2.1/servers/9274ce52-49af-48df-bcd1-269b8241d93f 0.254s
2024-10-11 05:02:15.991 62834 INFO tempest.common.waiters [-] State transition "BUILD/networking" ==> "BUILD/block_device_mapping" after 79 second wait
2024-10-11 05:02:15.994 62796 INFO tempest.lib.common.rest_client [req-7682df42-4978-48df-a232-a45ef3797bbd req-7682df42-4978-48df-a232-a45ef3797bbd ] Request (ServersTestManualDisk:setUpClass): 200 GET http://10.180.1.21/compute/v2.1/servers/d46bdbc6-e691-44b7-8e9c-3bedb1275e93 0.101s
2024-10-11 05:02:16.052 62798 INFO tempest.lib.common.rest_client [req-74bf0d19-28df-4b7c-aecc-41b4ade5eca5 req-74bf0d19-28df-4b7c-aecc-41b4ade5eca5 ] Request (ServersWithSpecificFlavorTestJSON:test_verify_created_server_ephemeral_disk): 200 GET http://10.180.1.21/compute/v2.1/servers/cecebc6a-25cc-4376-8467-2aa0f909c9bd 0.154s
2024-10-11 05:02:16.055 62802 INFO tempest.lib.common.rest_client [req-1196062c-ed15-4cb7-95d2-57afc7711e47 req-1196062c-ed15-4cb7-95d2-57afc7711e47 ] Request (ServerDiskConfigTestJSON:test_rebuild_server_with_auto_disk_config): 200 GET http://10.180.1.21/compute/v2.1/servers/290e15dc-4ee0-4595-8412-d610895aeb46 0.114s
2024-10-11 05:02:16.072 62852 INFO tempest.lib.common.rest_client [req-50b82545-ca55-4132-af63-a0188a4657d5 req-50b82545-ca55-4132-af63-a0188a4657d5 ] Request (TenantUsagesTestJSON:tearDownClass): 204 DELETE http://10.180.1.21:9696/networking/v2.0/security-groups/01a05da2-99bc-4957-a0a8-c93c0de68f33 0.106s
2024-10-11 05:02:16.112 62800 INFO tempest.lib.common.rest_client [req-6da04f44-1d70-42ee-b3b7-f1593555c563 req-6da04f44-1d70-42ee-b3b7-f1593555c563 ] Request (ListImageFiltersTestJSON:setUpClass): 200 GET http://10.180.1.21/compute/v2.1/servers/f3128303-9b2c-4f14-9ea0-093f55ecb063 0.128s
2024-10-11 05:02:16.113 62850 INFO tempest.lib.common.rest_client [req-06cdd505-a93f-404a-a08f-2afc54c02865 req-06cdd505-a93f-404a-a08f-2afc54c02865 ] Request (ServerAddressesTestJSON:setUpClass): 200 GET http://10.180.1.21/compute/v2.1/servers/3e035ee1-a63a-46a6-84ca-4980e1185e03 0.171s
2024-10-11 05:02:16.132 62852 INFO tempest.lib.common.rest_client [req-eb77e05a-67b7-49a8-9596-f93b3e78f5aa req-eb77e05a-67b7-49a8-9596-f93b3e78f5aa ] Request (TenantUsagesTestJSON:tearDownClass): 204 DELETE http://10.180.1.21/identity/v3/projects/ddad32020e004244a0f15141ba838c2d 0.059s
2024-10-11 05:02:16.132 62852 INFO tempest.lib.common.dynamic_creds [-] Deleting project and security group for project: 524f42f7f1bf431784be972810cf3c26
2024-10-11 05:02:16.171 62822 INFO tempest.lib.common.rest_client [req-77a1b7fc-c01b-452d-bfb9-cac2d07a9180 req-77a1b7fc-c01b-452d-bfb9-cac2d07a9180 ] Request (ServerRescueTestJSON:setUpClass): 200 GET http://10.180.1.21/compute/v2.1/servers/d526aa96-4007-45f8-8eee-9030bdb9f402 0.135s
2024-10-11 05:02:16.171 62810 INFO tempest.lib.common.rest_client [req-24715577-8ef1-4560-81f3-2a8c09a5068a req-24715577-8ef1-4560-81f3-2a8c09a5068a ] Request (ServersTestJSON:setUpClass): 200 GET http://10.180.1.21/compute/v2.1/servers/9b49513e-4c01-4664-be2c-6058a357b0db 0.171s
2024-10-11 05:02:16.233 62826 INFO tempest.lib.common.rest_client [req-a13d02a8-1a7c-4f04-91a0-6ce962f4700f req-a13d02a8-1a7c-4f04-91a0-6ce962f4700f ] Request (ServerRescueNegativeTestJSON:setUpClass): 200 GET http://10.180.1.21/compute/v2.1/servers/99bcd698-cd39-4ed4-8c4d-54aa7a3cb7d1 0.070s
2024-10-11 05:02:16.239 62852 INFO tempest.lib.common.rest_client [req-b4c68443-4e31-42a3-936f-b522f94ca422 req-b4c68443-4e31-42a3-936f-b522f94ca422 ] Request (TenantUsagesTestJSON:tearDownClass): 200 GET http://10.180.1.21:9696/networking/v2.0/security-groups?tenant_id=524f42f7f1bf431784be972810cf3c26&name=default 0.106s
2024-10-11 05:02:16.246 62842 INFO tempest.lib.common.rest_client [req-64fa1dad-cbf7-4c7c-93e5-0f4d596ca58f req-64fa1dad-cbf7-4c7c-93e5-0f4d596ca58f ] Request (AttachVolumeShelveTestJSON:test_attach_volume_shelved_or_offload_server): 200 GET http://10.180.1.21/compute/v2.1/servers/65e8971a-a149-4a11-92ad-7c5c8874530c 0.066s
2024-10-11 05:02:16.291 62814 INFO tempest.lib.common.rest_client [req-a91e4ac8-3f29-49a0-aed2-9f5c9a01e026 req-a91e4ac8-3f29-49a0-aed2-9f5c9a01e026 ] Request (MultipleCreateTestJSON:test_multiple_create): 200 GET http://10.180.1.21/compute/v2.1/servers/88cee397-bcbd-428c-b203-e5d9b6acbbb2 0.070s
2024-10-11 05:02:16.309 62836 INFO tempest.lib.common.rest_client [req-c944cc07-0cb2-4412-9ae7-ec63116449cc req-c944cc07-0cb2-4412-9ae7-ec63116449cc ] Request (ImagesTestJSON:test_create_image_from_stopped_server): 200 GET http://10.180.1.21/compute/v2.1/servers/b482dcca-ae32-425d-a097-f9af69785835 0.077s
2024-10-11 05:02:16.339 62828 INFO tempest.lib.common.rest_client [req-13a9d7f3-d448-491a-b5cd-1dd4f721f97b req-13a9d7f3-d448-491a-b5cd-1dd4f721f97b ] Request (ServersTestMultiNic:test_verify_duplicate_network_nics): 200 GET http://10.180.1.21/compute/v2.1/servers/d92dca09-0a42-4103-ac92-25b6b0fa3c32 0.061s
2024-10-11 05:02:16.405 62852 INFO tempest.lib.common.rest_client [req-3b6f28bc-f0c2-4acc-ae6f-c3699e9b9bbc req-3b6f28bc-f0c2-4acc-ae6f-c3699e9b9bbc ] Request (TenantUsagesTestJSON:tearDownClass): 204 DELETE http://10.180.1.21:9696/networking/v2.0/security-groups/54374f06-5e99-4ee3-89ec-a81e71f0676c 0.166s
2024-10-11 05:02:16.423 62816 INFO tempest.lib.common.rest_client [req-362d188b-c77c-476b-aa3b-4e6dbf69561e req-362d188b-c77c-476b-aa3b-4e6dbf69561e ] Request (ServerPasswordTestJSON:setUpClass): 200 GET http://10.180.1.21/compute/v2.1/servers/49ba74b6-fbbe-442a-b3a1-00bdd4e046e5 0.050s
2024-10-11 05:02:16.479 62852 INFO tempest.lib.common.rest_client [req-9aaec23a-fcee-4125-85f0-f5d9403f7cbb req-9aaec23a-fcee-4125-85f0-f5d9403f7cbb ] Request (TenantUsagesTestJSON:tearDownClass): 204 DELETE http://10.180.1.21/identity/v3/projects/524f42f7f1bf431784be972810cf3c26 0.073s
2024-10-11 05:02:16.533 62808 INFO tempest.lib.common.rest_client [req-19da7e52-e5ee-4eb5-84be-b9c9b7dc9b09 req-19da7e52-e5ee-4eb5-84be-b9c9b7dc9b09 ] Request (ServerActionsV293TestJSON:setUpClass): 200 GET http://10.180.1.21/compute/v2.1/servers/2ae701c0-3016-4635-8fe1-1e1c314fa748 0.065s
2024-10-11 05:02:16.552 62852 INFO tempest.lib.common.rest_client [req-6c99354d-cbfc-47ac-a5e4-ee33e9b093c2 req-6c99354d-cbfc-47ac-a5e4-ee33e9b093c2 ] Request (FlavorsV2NegativeTest:setUpClass): 201 POST http://10.180.1.21/identity/v3/auth/tokens 0.070s
2024-10-11 05:02:16.579 62852 INFO tempest.lib.common.rest_client [req-3ba3e95d-d26f-4017-8929-049e388decb0 req-3ba3e95d-d26f-4017-8929-049e388decb0 ] Request (FlavorsV2NegativeTest:setUpClass): 201 POST http://10.180.1.21/identity/v3/auth/tokens 0.024s
2024-10-11 05:02:16.585 62858 INFO tempest.lib.common.rest_client [req-e380d7f3-cea7-46e3-b93c-a86510004b82 req-e380d7f3-cea7-46e3-b93c-a86510004b82 ] Request (AttachInterfacesV270Test:test_create_get_list_interfaces): 200 GET http://10.180.1.21/compute/v2.1/servers/8e7dcc93-2079-4857-8f18-513958ef4e0a 0.054s
2024-10-11 05:02:16.606 62852 INFO tempest.lib.common.rest_client [req-07fd803a-95e5-402e-b86d-21d86f943aec req-07fd803a-95e5-402e-b86d-21d86f943aec ] Request (FlavorsV2NegativeTest:setUpClass): 200 GET http://10.180.1.21/identity/v3/domains?name=Default 0.026s
2024-10-11 05:02:16.626 62818 INFO tempest.lib.common.rest_client [req-cf414348-432b-45fd-8e56-d2a943b7a839 req-cf414348-432b-45fd-8e56-d2a943b7a839 ] Request (DeleteServersTestJSON:test_delete_server_while_in_attached_volume): 200 GET http://10.180.1.21/compute/v2.1/servers/2888fde6-8a1b-41ce-a482-cb99acd74a6e 0.057s
2024-10-11 05:02:16.634 62852 INFO tempest.lib.common.rest_client [req-5781fd87-b17d-4873-bf40-c9dc8c98b343 req-5781fd87-b17d-4873-bf40-c9dc8c98b343 ] Request (FlavorsV2NegativeTest:setUpClass): 201 POST http://10.180.1.21/identity/v3/projects 0.027s
2024-10-11 05:02:16.636 62838 INFO tempest.lib.common.rest_client [req-f4fe2e6a-178e-4361-bc8e-dc44600091db req-f4fe2e6a-178e-4361-bc8e-dc44600091db ] Request (ImagesNegativeTestJSON:test_create_image_from_deleted_server): 200 GET http://10.180.1.21/compute/v2.1/servers/95348a45-f517-4e21-8969-57c978985984 0.047s
2024-10-11 05:02:16.695 62852 INFO tempest.lib.common.rest_client [req-0d4b1bd5-5cc8-46b0-8239-e877c5c6c8a8 req-0d4b1bd5-5cc8-46b0-8239-e877c5c6c8a8 ] Request (FlavorsV2NegativeTest:setUpClass): 201 POST http://10.180.1.21/identity/v3/users 0.061s
2024-10-11 05:02:16.711 62852 INFO tempest.lib.common.rest_client [req-22fae6ad-1f53-4178-bbe8-7b2a03c45896 req-22fae6ad-1f53-4178-bbe8-7b2a03c45896 ] Request (FlavorsV2NegativeTest:setUpClass): 200 GET http://10.180.1.21/identity/v3/roles 0.015s
2024-10-11 05:02:16.736 62852 INFO tempest.lib.common.rest_client [req-9d012af7-1b1a-43d9-83ce-27f4171540b5 req-9d012af7-1b1a-43d9-83ce-27f4171540b5 ] Request (FlavorsV2NegativeTest:setUpClass): 204 PUT http://10.180.1.21/identity/v3/projects/844964687fd345eea39c7f27bda710f6/users/422d62e2f16749779653849ed78eac95/roles/f3c0e00d29714df8814ef1e0d32f6934 0.024s
2024-10-11 05:02:16.736 62852 INFO tempest.lib.common.dynamic_creds [-] Dynamic test user 422d62e2f16749779653849ed78eac95 is created with scope project and roles: ['member']
2024-10-11 05:02:16.736 62852 INFO tempest.lib.common.dynamic_creds [-] Acquired dynamic creds: credentials: Credentials: {'domain_id': 'default', 'domain_name': 'Default', 'username': 'tempest-FlavorsV2NegativeTest-928419842-project-member', 'project_domain_id': 'default', 'project_domain_name': 'Default', 'project_id': '844964687fd345eea39c7f27bda710f6', 'project_name': 'tempest-FlavorsV2NegativeTest-928419842', 'tenant_id': '844964687fd345eea39c7f27bda710f6', 'tenant_name': 'tempest-FlavorsV2NegativeTest-928419842', 'user_domain_id': 'default', 'user_domain_name': 'Default', 'user_id': '422d62e2f16749779653849ed78eac95', 'system': None}, Network: None, Subnet: None, Router: None
2024-10-11 05:02:16.736 62852 INFO tempest.lib.common.dynamic_creds [-] Created isolated network resources for: credentials: Credentials: {'domain_id': 'default', 'domain_name': 'Default', 'username': 'tempest-FlavorsV2NegativeTest-928419842-project-member', 'project_domain_id': 'default', 'project_domain_name': 'Default', 'project_id': '844964687fd345eea39c7f27bda710f6', 'project_name': 'tempest-FlavorsV2NegativeTest-928419842', 'tenant_id': '844964687fd345eea39c7f27bda710f6', 'tenant_name': 'tempest-FlavorsV2NegativeTest-928419842', 'user_domain_id': 'default', 'user_domain_name': 'Default', 'user_id': '422d62e2f16749779653849ed78eac95', 'system': None}, Network: None, Subnet: None, Router: None
2024-10-11 05:02:16.801 62852 INFO tempest.lib.common.rest_client [req-985b0df3-0572-4795-afc8-b71431fac2be req-985b0df3-0572-4795-afc8-b71431fac2be ] Request (FlavorsV2NegativeTest:setUpClass): 201 POST http://10.180.1.21/identity/v3/auth/tokens 0.061s
2024-10-11 05:02:16.854 62844 INFO tempest.lib.common.rest_client [req-74c94159-8b6c-41eb-8e0a-9f157c20f5d8 req-74c94159-8b6c-41eb-8e0a-9f157c20f5d8 ] Request (SecurityGroupsTestJSON:test_server_security_groups): 200 GET http://10.180.1.21/compute/v2.1/servers/f4dfa1c6-6c8b-4098-b3a2-9b229fc57bb0 0.199s
2024-10-11 05:02:16.856 62825 INFO tempest.lib.common.rest_client [req-b5a02b8c-6b3c-4f1b-a176-cee25c42c2a9 req-b5a02b8c-6b3c-4f1b-a176-cee25c42c2a9 ] Request (VolumesAdminNegativeTest:test_update_attached_volume_with_nonexistent_volume_in_uri): 200 GET http://10.180.1.21/compute/v2.1/servers/d65fbfe3-b1e9-48d9-88ba-209fdc264283 0.215s
2024-10-11 05:02:16.911 62840 INFO tempest.lib.common.rest_client [req-4443e092-f047-419c-b450-0701a9c7fb7f req-4443e092-f047-419c-b450-0701a9c7fb7f ] Request (ImagesOneServerNegativeTestJSON:setUpClass): 200 GET http://10.180.1.21/compute/v2.1/servers/f8db751a-c495-467c-ae32-addb4387346d 0.210s
2024-10-11 05:02:16.912 62832 INFO tempest.lib.common.rest_client [req-8f641800-c8e1-4701-a126-3cbf16194090 req-8f641800-c8e1-4701-a126-3cbf16194090 ] Request (ServersTestJSON:test_create_server_specify_multibyte_character_name): 200 GET http://10.180.1.21/compute/v2.1/servers/7c22d751-2aa8-4794-9fbb-3be5c1ac40f4 0.201s
2024-10-11 05:02:16.962 62830 INFO tempest.lib.common.rest_client [req-9afe5ba2-d0fe-459c-a51c-f4936281ae6e req-9afe5ba2-d0fe-459c-a51c-f4936281ae6e ] Request (ListServerFiltersTestJSON:setUpClass): 200 GET http://10.180.1.21/compute/v2.1/servers/b0038711-5d12-4909-b331-72acb5ed0d24 0.205s
2024-10-11 05:02:16.963 62848 INFO tempest.lib.common.rest_client [req-a6b485ab-ab42-4d65-b948-c5ccf82f7563 req-a6b485ab-ab42-4d65-b948-c5ccf82f7563 ] Request (ServerActionsTestOtherB:setUpClass): 200 GET http://10.180.1.21/compute/v2.1/servers/2236b710-2141-49a2-b3f5-9ed71090e1db 0.188s
2024-10-11 05:02:17.006 62804 INFO tempest.lib.common.rest_client [req-25197f9d-51f2-42d6-bcec-c583e84ff404 req-25197f9d-51f2-42d6-bcec-c583e84ff404 ] Request (ServersTestFqdnHostnames:test_create_server_with_fqdn_name): 200 GET http://10.180.1.21/compute/v2.1/servers/a092fb50-c750-4b91-a94e-e11e9eb7faf5 0.170s
2024-10-11 05:02:17.035 62852 INFO tempest.lib.common.rest_client [req-1af0c1ab-7aa5-47e6-9849-e7e43ec83959 req-1af0c1ab-7aa5-47e6-9849-e7e43ec83959 ] Request (FlavorsV2NegativeTest:test_boot_with_low_ram): 200 GET http://10.180.1.21/compute/v2.1/flavors/42 0.233s
2024-10-11 05:02:17.053 62846 INFO tempest.lib.common.rest_client [req-13d89234-27e0-41cb-b74d-373721656824 req-13d89234-27e0-41cb-b74d-373721656824 ] Request (MigrationsAdminTest:test_resize_server_revert_deleted_flavor): 200 GET http://10.180.1.21/compute/v2.1/servers/dca0a819-d11d-437e-9a4c-da4279a9d553 0.158s
2024-10-11 05:02:17.060 62846 INFO tempest.common.waiters [-] State transition "BUILD/scheduling" ==> "BUILD/None" after 77 second wait
2024-10-11 05:02:17.081 62806 INFO tempest.lib.common.rest_client [req-bfc96b2f-54c0-43bb-91bc-0771c539a43c req-bfc96b2f-54c0-43bb-91bc-0771c539a43c ] Request (ImagesOneServerTestJSON:setUpClass): 200 GET http://10.180.1.21/compute/v2.1/servers/8acd06fc-b040-468c-980f-6e17b2343c4a 0.134s
2024-10-11 05:02:17.100 62834 INFO tempest.lib.common.rest_client [req-a6d91e47-849a-4411-b09f-ffc9f569a59c req-a6d91e47-849a-4411-b09f-ffc9f569a59c ] Request (InstanceActionsNegativeTestJSON:setUpClass): 200 GET http://10.180.1.21/compute/v2.1/servers/9274ce52-49af-48df-bcd1-269b8241d93f 0.108s
2024-10-11 05:02:17.106 62834 INFO tempest.common.waiters [-] State transition "BUILD/block_device_mapping" ==> "BUILD/spawning" after 81 second wait
2024-10-11 05:02:17.125 62796 INFO tempest.lib.common.rest_client [req-d106d2e7-af3d-46c7-ae62-a34e2a439f2e req-d106d2e7-af3d-46c7-ae62-a34e2a439f2e ] Request (ServersTestManualDisk:setUpClass): 200 GET http://10.180.1.21/compute/v2.1/servers/d46bdbc6-e691-44b7-8e9c-3bedb1275e93 0.123s
2024-10-11 05:02:17.148 62798 INFO tempest.lib.common.rest_client [req-5ebfe388-6191-42d6-bcac-dd4c1290680e req-5ebfe388-6191-42d6-bcac-dd4c1290680e ] Request (ServersWithSpecificFlavorTestJSON:test_verify_created_server_ephemeral_disk): 200 GET http://10.180.1.21/compute/v2.1/servers/cecebc6a-25cc-4376-8467-2aa0f909c9bd 0.089s
2024-10-11 05:02:17.167 62802 INFO tempest.lib.common.rest_client [req-365a2fa2-15c7-4923-a827-74787c4c1061 req-365a2fa2-15c7-4923-a827-74787c4c1061 ] Request (ServerDiskConfigTestJSON:test_rebuild_server_with_auto_disk_config): 200 GET http://10.180.1.21/compute/v2.1/servers/290e15dc-4ee0-4595-8412-d610895aeb46 0.103s
2024-10-11 05:02:17.195 62800 INFO tempest.lib.common.rest_client [req-f0b278ef-21c0-4f5a-9894-65726d0dfd9d req-f0b278ef-21c0-4f5a-9894-65726d0dfd9d ] Request (ListImageFiltersTestJSON:setUpClass): 200 GET http://10.180.1.21/compute/v2.1/servers/f3128303-9b2c-4f14-9ea0-093f55ecb063 0.075s
2024-10-11 05:02:17.208 62850 INFO tempest.lib.common.rest_client [req-f1fe6876-88be-4640-ba1a-35a79a13c399 req-f1fe6876-88be-4640-ba1a-35a79a13c399 ] Request (ServerAddressesTestJSON:setUpClass): 200 GET http://10.180.1.21/compute/v2.1/servers/3e035ee1-a63a-46a6-84ca-4980e1185e03 0.088s
2024-10-11 05:02:17.236 62822 INFO tempest.lib.common.rest_client [req-28ff4c3f-fedb-4cc3-b53d-be57069f44cb req-28ff4c3f-fedb-4cc3-b53d-be57069f44cb ] Request (ServerRescueTestJSON:setUpClass): 200 GET http://10.180.1.21/compute/v2.1/servers/d526aa96-4007-45f8-8eee-9030bdb9f402 0.059s
2024-10-11 05:02:17.248 62810 INFO tempest.lib.common.rest_client [req-5943cf02-9444-40fb-b3b8-5af3da2009d9 req-5943cf02-9444-40fb-b3b8-5af3da2009d9 ] Request (ServersTestJSON:setUpClass): 200 GET http://10.180.1.21/compute/v2.1/servers/9b49513e-4c01-4664-be2c-6058a357b0db 0.069s
2024-10-11 05:02:17.288 62826 INFO tempest.lib.common.rest_client [req-3226c814-3723-4683-8a94-287fbb6de101 req-3226c814-3723-4683-8a94-287fbb6de101 ] Request (ServerRescueNegativeTestJSON:setUpClass): 200 GET http://10.180.1.21/compute/v2.1/servers/99bcd698-cd39-4ed4-8c4d-54aa7a3cb7d1 0.046s
2024-10-11 05:02:17.299 62842 INFO tempest.lib.common.rest_client [req-6e4dc0fc-ecf4-4f38-bd9a-068967d0edd0 req-6e4dc0fc-ecf4-4f38-bd9a-068967d0edd0 ] Request (AttachVolumeShelveTestJSON:test_attach_volume_shelved_or_offload_server): 200 GET http://10.180.1.21/compute/v2.1/servers/65e8971a-a149-4a11-92ad-7c5c8874530c 0.046s
2024-10-11 05:02:17.299 62852 INFO tempest.lib.common.rest_client [req-073fc7cd-8f49-4ed7-9270-98e176c6ef60 req-073fc7cd-8f49-4ed7-9270-98e176c6ef60 ] Request (FlavorsV2NegativeTest:test_boot_with_low_ram): 201 POST http://10.180.1.21/image/v2/images 0.260s
2024-10-11 05:02:17.347 62814 INFO tempest.lib.common.rest_client [req-14a777d0-91a7-4389-8ca8-b7853797971f req-14a777d0-91a7-4389-8ca8-b7853797971f ] Request (MultipleCreateTestJSON:test_multiple_create): 200 GET http://10.180.1.21/compute/v2.1/servers/88cee397-bcbd-428c-b203-e5d9b6acbbb2 0.049s
2024-10-11 05:02:17.353 62814 INFO tempest.common.waiters [-] State transition "BUILD/None" ==> "BUILD/networking" after 80 second wait
2024-10-11 05:02:17.363 62836 INFO tempest.lib.common.rest_client [req-21cdf8bf-efb6-4154-87a2-e940e76ce482 req-21cdf8bf-efb6-4154-87a2-e940e76ce482 ] Request (ImagesTestJSON:test_create_image_from_stopped_server): 200 GET http://10.180.1.21/compute/v2.1/servers/b482dcca-ae32-425d-a097-f9af69785835 0.047s
2024-10-11 05:02:17.391 62828 INFO tempest.lib.common.rest_client [req-83da6200-1413-4b5e-ae86-35f6c2c926d1 req-83da6200-1413-4b5e-ae86-35f6c2c926d1 ] Request (ServersTestMultiNic:test_verify_duplicate_network_nics): 200 GET http://10.180.1.21/compute/v2.1/servers/d92dca09-0a42-4103-ac92-25b6b0fa3c32 0.045s
2024-10-11 05:02:17.476 62816 INFO tempest.lib.common.rest_client [req-35dc0f41-df85-47a1-a7a3-aab1446cf75e req-35dc0f41-df85-47a1-a7a3-aab1446cf75e ] Request (ServerPasswordTestJSON:setUpClass): 200 GET http://10.180.1.21/compute/v2.1/servers/49ba74b6-fbbe-442a-b3a1-00bdd4e046e5 0.046s
2024-10-11 05:02:17.616 62808 INFO tempest.lib.common.rest_client [req-9953b153-e513-4f76-b2a1-1da02e28fbea req-9953b153-e513-4f76-b2a1-1da02e28fbea ] Request (ServerActionsV293TestJSON:setUpClass): 200 GET http://10.180.1.21/compute/v2.1/servers/2ae701c0-3016-4635-8fe1-1e1c314fa748 0.064s
2024-10-11 05:02:17.653 62858 INFO tempest.lib.common.rest_client [req-b13db6ba-ea27-4a11-9c30-9748ba181970 req-b13db6ba-ea27-4a11-9c30-9748ba181970 ] Request (AttachInterfacesV270Test:test_create_get_list_interfaces): 200 GET http://10.180.1.21/compute/v2.1/servers/8e7dcc93-2079-4857-8f18-513958ef4e0a 0.059s
2024-10-11 05:02:17.720 62818 INFO tempest.lib.common.rest_client [req-9726ad12-149c-46a4-8368-22d638c85ef6 req-9726ad12-149c-46a4-8368-22d638c85ef6 ] Request (DeleteServersTestJSON:test_delete_server_while_in_attached_volume): 200 GET http://10.180.1.21/compute/v2.1/servers/2888fde6-8a1b-41ce-a482-cb99acd74a6e 0.082s
2024-10-11 05:02:17.723 62838 INFO tempest.lib.common.rest_client [req-0646ec27-e58c-48bc-9a36-6c1f3f7ce78a req-0646ec27-e58c-48bc-9a36-6c1f3f7ce78a ] Request (ImagesNegativeTestJSON:test_create_image_from_deleted_server): 200 GET http://10.180.1.21/compute/v2.1/servers/95348a45-f517-4e21-8969-57c978985984 0.080s
2024-10-11 05:02:17.808 62852 INFO tempest.lib.common.rest_client [req-21cfe565-9d8c-4161-95d9-3c92f057eaa2 req-21cfe565-9d8c-4161-95d9-3c92f057eaa2 ] Request (FlavorsV2NegativeTest:test_boot_with_low_ram): 204 PUT http://10.180.1.21/image/v2/images/c94ef527-6c3e-40a7-bc1a-ed4005ac778f/file 0.508s
2024-10-11 05:02:17.833 62852 INFO tempest.lib.common.rest_client [req-19df5240-88ec-421d-8dc5-52228e45852f req-19df5240-88ec-421d-8dc5-52228e45852f ] Request (FlavorsV2NegativeTest:test_boot_with_low_ram): 201 POST http://10.180.1.21/identity/v3/auth/tokens 0.022s
2024-10-11 05:02:17.834 62852 INFO tempest.lib.common.fixed_network [-] (FlavorsV2NegativeTest:test_boot_with_low_ram) Found network None available for tenant
2024-10-11 05:02:17.935 62844 INFO tempest.lib.common.rest_client [req-bb33478a-7b83-4199-a1bb-ba5658e49b7f req-bb33478a-7b83-4199-a1bb-ba5658e49b7f ] Request (SecurityGroupsTestJSON:test_server_security_groups): 200 GET http://10.180.1.21/compute/v2.1/servers/f4dfa1c6-6c8b-4098-b3a2-9b229fc57bb0 0.074s
2024-10-11 05:02:17.988 62825 INFO tempest.lib.common.rest_client [req-2ac9154b-7221-40e4-8624-e50dd17aa1f6 req-2ac9154b-7221-40e4-8624-e50dd17aa1f6 ] Request (VolumesAdminNegativeTest:test_update_attached_volume_with_nonexistent_volume_in_uri): 200 GET http://10.180.1.21/compute/v2.1/servers/d65fbfe3-b1e9-48d9-88ba-209fdc264283 0.126s
2024-10-11 05:02:17.990 62852 INFO tempest.lib.common.rest_client [req-b13529c4-c0f1-4ecc-aa3f-5b35bead274a req-b13529c4-c0f1-4ecc-aa3f-5b35bead274a ] Request (FlavorsV2NegativeTest:test_boot_with_low_ram): 400 POST http://10.180.1.21/compute/v2.1/servers 0.155s
2024-10-11 05:02:18.045 62852 INFO tempest.lib.common.rest_client [req-85292fba-ac0c-4a50-ba33-c5250aa3c289 req-85292fba-ac0c-4a50-ba33-c5250aa3c289 ] Request (FlavorsV2NegativeTest:_run_cleanups): 204 DELETE http://10.180.1.21/image/v2/images/c94ef527-6c3e-40a7-bc1a-ed4005ac778f 0.055s
2024-10-11 05:02:18.049 62832 INFO tempest.lib.common.rest_client [req-84b61592-c48f-4f20-b698-96b39d439999 req-84b61592-c48f-4f20-b698-96b39d439999 ] Request (ServersTestJSON:test_create_server_specify_multibyte_character_name): 200 GET http://10.180.1.21/compute/v2.1/servers/7c22d751-2aa8-4794-9fbb-3be5c1ac40f4 0.130s
2024-10-11 05:02:18.054 62840 INFO tempest.lib.common.rest_client [req-68aead16-eef8-40d3-88d3-0ab0fa851135 req-68aead16-eef8-40d3-88d3-0ab0fa851135 ] Request (ImagesOneServerNegativeTestJSON:setUpClass): 200 GET http://10.180.1.21/compute/v2.1/servers/f8db751a-c495-467c-ae32-addb4387346d 0.136s
2024-10-11 05:02:18.114 62830 INFO tempest.lib.common.rest_client [req-c5056a8d-bd3d-4799-84ea-6f46acc6700e req-c5056a8d-bd3d-4799-84ea-6f46acc6700e ] Request (ListServerFiltersTestJSON:setUpClass): 200 GET http://10.180.1.21/compute/v2.1/servers/b0038711-5d12-4909-b331-72acb5ed0d24 0.145s
2024-10-11 05:02:18.116 62848 INFO tempest.lib.common.rest_client [req-80f4e27e-c8e1-4d4d-b2d4-711e20ee4958 req-80f4e27e-c8e1-4d4d-b2d4-711e20ee4958 ] Request (ServerActionsTestOtherB:setUpClass): 200 GET http://10.180.1.21/compute/v2.1/servers/2236b710-2141-49a2-b3f5-9ed71090e1db 0.146s
2024-10-11 05:02:18.162 62852 INFO tempest.lib.common.rest_client [req-350e2d57-0a46-456f-bed9-48850cea31cf req-350e2d57-0a46-456f-bed9-48850cea31cf ] Request (FlavorsV2NegativeTest:tearDownClass): 204 DELETE http://10.180.1.21/identity/v3/users/422d62e2f16749779653849ed78eac95 0.113s
2024-10-11 05:02:18.162 62852 INFO tempest.lib.common.dynamic_creds [-] Deleting project and security group for project: 844964687fd345eea39c7f27bda710f6
2024-10-11 05:02:18.176 62846 INFO tempest.lib.common.rest_client [req-8cb16dba-099c-4577-b7dd-e61beda68f06 req-8cb16dba-099c-4577-b7dd-e61beda68f06 ] Request (MigrationsAdminTest:test_resize_server_revert_deleted_flavor): 200 GET http://10.180.1.21/compute/v2.1/servers/dca0a819-d11d-437e-9a4c-da4279a9d553 0.115s
2024-10-11 05:02:18.181 62804 INFO tempest.lib.common.rest_client [req-b07e9b0a-82d6-4b13-a7bc-ce11e80d7b63 req-b07e9b0a-82d6-4b13-a7bc-ce11e80d7b63 ] Request (ServersTestFqdnHostnames:test_create_server_with_fqdn_name): 200 GET http://10.180.1.21/compute/v2.1/servers/a092fb50-c750-4b91-a94e-e11e9eb7faf5 0.169s
2024-10-11 05:02:18.222 62852 INFO tempest.lib.common.rest_client [req-f28c4f21-efbc-40a2-8acc-575369546b63 req-f28c4f21-efbc-40a2-8acc-575369546b63 ] Request (FlavorsV2NegativeTest:tearDownClass): 201 POST http://10.180.1.21/identity/v3/auth/tokens 0.060s
2024-10-11 05:02:18.232 62834 INFO tempest.lib.common.rest_client [req-f785937a-2c20-4efe-95c5-e7d3d632ab1f req-f785937a-2c20-4efe-95c5-e7d3d632ab1f ] Request (InstanceActionsNegativeTestJSON:setUpClass): 200 GET http://10.180.1.21/compute/v2.1/servers/9274ce52-49af-48df-bcd1-269b8241d93f 0.123s
2024-10-11 05:02:18.235 62806 INFO tempest.lib.common.rest_client [req-3abb2b42-e8ed-45a7-9202-a8f5dd7633ee req-3abb2b42-e8ed-45a7-9202-a8f5dd7633ee ] Request (ImagesOneServerTestJSON:setUpClass): 200 GET http://10.180.1.21/compute/v2.1/servers/8acd06fc-b040-468c-980f-6e17b2343c4a 0.148s
2024-10-11 05:02:18.286 62798 INFO tempest.lib.common.rest_client [req-11b09935-e0a2-4030-87a3-34766b161451 req-11b09935-e0a2-4030-87a3-34766b161451 ] Request (ServersWithSpecificFlavorTestJSON:test_verify_created_server_ephemeral_disk): 200 GET http://10.180.1.21/compute/v2.1/servers/cecebc6a-25cc-4376-8467-2aa0f909c9bd 0.130s
2024-10-11 05:02:18.298 62796 INFO tempest.lib.common.rest_client [req-330a74a0-02ef-4489-b17a-a88245dc9dac req-330a74a0-02ef-4489-b17a-a88245dc9dac ] Request (ServersTestManualDisk:setUpClass): 200 GET http://10.180.1.21/compute/v2.1/servers/d46bdbc6-e691-44b7-8e9c-3bedb1275e93 0.165s
2024-10-11 05:02:18.349 62802 INFO tempest.lib.common.rest_client [req-38817e4f-cd79-4a1a-90b8-30be30c7fcc1 req-38817e4f-cd79-4a1a-90b8-30be30c7fcc1 ] Request (ServerDiskConfigTestJSON:test_rebuild_server_with_auto_disk_config): 200 GET http://10.180.1.21/compute/v2.1/servers/290e15dc-4ee0-4595-8412-d610895aeb46 0.175s
2024-10-11 05:02:18.352 62800 INFO tempest.lib.common.rest_client [req-f8c26b84-6c81-4796-bd33-b410777a171d req-f8c26b84-6c81-4796-bd33-b410777a171d ] Request (ListImageFiltersTestJSON:setUpClass): 200 GET http://10.180.1.21/compute/v2.1/servers/f3128303-9b2c-4f14-9ea0-093f55ecb063 0.147s
2024-10-11 05:02:18.399 62852 INFO tempest.lib.common.rest_client [req-06dc1316-a8a3-4f69-a228-33b01908d570 req-06dc1316-a8a3-4f69-a228-33b01908d570 ] Request (FlavorsV2NegativeTest:tearDownClass): 200 GET http://10.180.1.21:9696/networking/v2.0/security-groups?tenant_id=844964687fd345eea39c7f27bda710f6&name=default 0.176s
2024-10-11 05:02:18.405 62850 INFO tempest.lib.common.rest_client [req-4e2d420c-8de2-45b0-8bc7-b11a1d5358c8 req-4e2d420c-8de2-45b0-8bc7-b11a1d5358c8 ] Request (ServerAddressesTestJSON:setUpClass): 200 GET http://10.180.1.21/compute/v2.1/servers/3e035ee1-a63a-46a6-84ca-4980e1185e03 0.190s
2024-10-11 05:02:18.409 62822 INFO tempest.lib.common.rest_client [req-73d458f2-471f-4649-bb30-33a8f83968d4 req-73d458f2-471f-4649-bb30-33a8f83968d4 ] Request (ServerRescueTestJSON:setUpClass): 200 GET http://10.180.1.21/compute/v2.1/servers/d526aa96-4007-45f8-8eee-9030bdb9f402 0.166s
2024-10-11 05:02:18.464 62810 INFO tempest.lib.common.rest_client [req-28febb8c-0d69-49ae-8afa-9054a34866da req-28febb8c-0d69-49ae-8afa-9054a34866da ] Request (ServersTestJSON:setUpClass): 200 GET http://10.180.1.21/compute/v2.1/servers/9b49513e-4c01-4664-be2c-6058a357b0db 0.209s
2024-10-11 05:02:18.464 62826 INFO tempest.lib.common.rest_client [req-3364fac9-de01-4114-b199-3710af54b003 req-3364fac9-de01-4114-b199-3710af54b003 ] Request (ServerRescueNegativeTestJSON:setUpClass): 200 GET http://10.180.1.21/compute/v2.1/servers/99bcd698-cd39-4ed4-8c4d-54aa7a3cb7d1 0.167s
2024-10-11 05:02:18.500 62852 INFO tempest.lib.common.rest_client [req-708695b8-f019-4be7-8ffc-c8209668d8b7 req-708695b8-f019-4be7-8ffc-c8209668d8b7 ] Request (FlavorsV2NegativeTest:tearDownClass): 204 DELETE http://10.180.1.21:9696/networking/v2.0/security-groups/fd5d7742-a02a-45ca-b6a8-950d6fe35ae7 0.101s
2024-10-11 05:02:18.520 62842 INFO tempest.lib.common.rest_client [req-06730dd6-694e-43d3-bd57-c20b1a6cf620 req-06730dd6-694e-43d3-bd57-c20b1a6cf620 ] Request (AttachVolumeShelveTestJSON:test_attach_volume_shelved_or_offload_server): 200 GET http://10.180.1.21/compute/v2.1/servers/65e8971a-a149-4a11-92ad-7c5c8874530c 0.214s
2024-10-11 05:02:18.566 62852 INFO tempest.lib.common.rest_client [req-0e8ccf6c-7f1b-4f14-b372-0ae0702e3062 req-0e8ccf6c-7f1b-4f14-b372-0ae0702e3062 ] Request (FlavorsV2NegativeTest:tearDownClass): 204 DELETE http://10.180.1.21/identity/v3/projects/844964687fd345eea39c7f27bda710f6 0.065s
2024-10-11 05:02:18.574 62836 INFO tempest.lib.common.rest_client [req-a69ecc7d-81ef-4576-a629-d739e898bbb6 req-a69ecc7d-81ef-4576-a629-d739e898bbb6 ] Request (ImagesTestJSON:test_create_image_from_stopped_server): 200 GET http://10.180.1.21/compute/v2.1/servers/b482dcca-ae32-425d-a097-f9af69785835 0.204s
2024-10-11 05:02:18.621 62828 INFO tempest.lib.common.rest_client [req-198a6605-e5fa-4ed5-b64e-1a444baa6d43 req-198a6605-e5fa-4ed5-b64e-1a444baa6d43 ] Request (ServersTestMultiNic:test_verify_duplicate_network_nics): 200 GET http://10.180.1.21/compute/v2.1/servers/d92dca09-0a42-4103-ac92-25b6b0fa3c32 0.223s
2024-10-11 05:02:18.624 62852 INFO tempest.lib.common.rest_client [req-10653ce0-e0d5-49ad-9270-da0e282071b3 req-10653ce0-e0d5-49ad-9270-da0e282071b3 ] Request (ServerMetadataTestJSON:setUpClass): 201 POST http://10.180.1.21/identity/v3/auth/tokens 0.057s
2024-10-11 05:02:18.652 62852 INFO tempest.lib.common.rest_client [req-ee8e84f1-769d-4eb1-bfec-aa2cb8a6928b req-ee8e84f1-769d-4eb1-bfec-aa2cb8a6928b ] Request (ServerMetadataTestJSON:setUpClass): 201 POST http://10.180.1.21/identity/v3/auth/tokens 0.024s
2024-10-11 05:02:18.670 62816 INFO tempest.lib.common.rest_client [req-06065ade-b427-4e9d-9cbd-d9e39d29df53 req-06065ade-b427-4e9d-9cbd-d9e39d29df53 ] Request (ServerPasswordTestJSON:setUpClass): 200 GET http://10.180.1.21/compute/v2.1/servers/49ba74b6-fbbe-442a-b3a1-00bdd4e046e5 0.187s
2024-10-11 05:02:18.673 62852 INFO tempest.lib.common.rest_client [req-2f6cada2-49ed-4a3a-85be-0afa7970583d req-2f6cada2-49ed-4a3a-85be-0afa7970583d ] Request (ServerMetadataTestJSON:setUpClass): 200 GET http://10.180.1.21/identity/v3/domains?name=Default 0.020s
2024-10-11 05:02:18.675 62814 INFO tempest.lib.common.rest_client [req-374007e4-9124-491f-90f3-a28c6317e45b req-374007e4-9124-491f-90f3-a28c6317e45b ] Request (MultipleCreateTestJSON:test_multiple_create): 200 GET http://10.180.1.21/compute/v2.1/servers/88cee397-bcbd-428c-b203-e5d9b6acbbb2 0.319s
2024-10-11 05:02:18.682 62814 INFO tempest.common.waiters [-] State transition "BUILD/networking" ==> "BUILD/block_device_mapping" after 81 second wait
2024-10-11 05:02:18.710 62852 INFO tempest.lib.common.rest_client [req-c5df350d-f9ed-46f6-ade1-d70a47e0fed3 req-c5df350d-f9ed-46f6-ade1-d70a47e0fed3 ] Request (ServerMetadataTestJSON:setUpClass): 201 POST http://10.180.1.21/identity/v3/projects 0.037s
2024-10-11 05:02:18.748 62808 INFO tempest.lib.common.rest_client [req-8f55ef2b-98c2-4395-9702-bbf2cde60adf req-8f55ef2b-98c2-4395-9702-bbf2cde60adf ] Request (ServerActionsV293TestJSON:setUpClass): 200 GET http://10.180.1.21/compute/v2.1/servers/2ae701c0-3016-4635-8fe1-1e1c314fa748 0.121s
2024-10-11 05:02:18.761 62858 INFO tempest.lib.common.rest_client [req-d67a29e1-bfdf-4ebd-a7a4-c5cbbd0e2ced req-d67a29e1-bfdf-4ebd-a7a4-c5cbbd0e2ced ] Request (AttachInterfacesV270Test:test_create_get_list_interfaces): 200 GET http://10.180.1.21/compute/v2.1/servers/8e7dcc93-2079-4857-8f18-513958ef4e0a 0.097s
2024-10-11 05:02:18.782 62852 INFO tempest.lib.common.rest_client [req-7372b61d-dae1-4bf4-8ce8-93c4bb72f901 req-7372b61d-dae1-4bf4-8ce8-93c4bb72f901 ] Request (ServerMetadataTestJSON:setUpClass): 201 POST http://10.180.1.21/identity/v3/users 0.072s
2024-10-11 05:02:18.802 62818 INFO tempest.lib.common.rest_client [req-f4e523cc-cd0f-4bec-91a9-b0f0fab3954c req-f4e523cc-cd0f-4bec-91a9-b0f0fab3954c ] Request (DeleteServersTestJSON:test_delete_server_while_in_attached_volume): 200 GET http://10.180.1.21/compute/v2.1/servers/2888fde6-8a1b-41ce-a482-cb99acd74a6e 0.074s
2024-10-11 05:02:18.807 62852 INFO tempest.lib.common.rest_client [req-52179739-0c4f-41f0-a712-3939361d61c6 req-52179739-0c4f-41f0-a712-3939361d61c6 ] Request (ServerMetadataTestJSON:setUpClass): 200 GET http://10.180.1.21/identity/v3/roles 0.024s
2024-10-11 05:02:18.826 62838 INFO tempest.lib.common.rest_client [req-1b909ede-606d-41fa-ad8a-b68fcd015097 req-1b909ede-606d-41fa-ad8a-b68fcd015097 ] Request (ImagesNegativeTestJSON:test_create_image_from_deleted_server): 200 GET http://10.180.1.21/compute/v2.1/servers/95348a45-f517-4e21-8969-57c978985984 0.097s
2024-10-11 05:02:18.835 62852 INFO tempest.lib.common.rest_client [req-7b69db9a-8aac-4b65-8536-d29a4b972908 req-7b69db9a-8aac-4b65-8536-d29a4b972908 ] Request (ServerMetadataTestJSON:setUpClass): 204 PUT http://10.180.1.21/identity/v3/projects/3625580997514184ab36f8258cf2358b/users/9769ac5368ed412c90eba91ec6c66401/roles/f3c0e00d29714df8814ef1e0d32f6934 0.027s
2024-10-11 05:02:18.835 62852 INFO tempest.lib.common.dynamic_creds [-] Dynamic test user 9769ac5368ed412c90eba91ec6c66401 is created with scope project and roles: ['member']
