2024-10-11 05:00:27.033 62825 INFO tempest.lib.common.dynamic_creds [-] Created isolated network resources for: credentials: Credentials: {'domain_id': 'default', 'domain_name': 'Default', 'username': 'tempest-VolumesAdminNegativeTest-1780069695-project-member', 'project_domain_id': 'default', 'project_domain_name': 'Default', 'project_id': '81ebf6dfdbcd46098ad0e978899cd27b', 'project_name': 'tempest-VolumesAdminNegativeTest-1780069695', 'tenant_id': '81ebf6dfdbcd46098ad0e978899cd27b', 'tenant_name': 'tempest-VolumesAdminNegativeTest-1780069695', 'user_domain_id': 'default', 'user_domain_name': 'Default', 'user_id': 'dbd32f833a88422f850c86d764de3736', 'system': None}, Network: {'id': 'b8161d72-a42a-4761-8319-78ce9545da3c', 'name': 'tempest-VolumesAdminNegativeTest-1089191843-network', 'tenant_id': '81ebf6dfdbcd46098ad0e978899cd27b', 'admin_state_up': True, 'mtu': 8950, 'status': 'ACTIVE', 'subnets': [], 'shared': False, 'project_id': '81ebf6dfdbcd46098ad0e978899cd27b', 'port_security_enabled': True, 'router:external': False, 'provider:network_type': 'vlan', 'provider:physical_network': 'default', 'provider:segmentation_id': 913, 'is_default': False, 'availability_zone_hints': [], 'availability_zones': [], 'ipv4_address_scope': None, 'ipv6_address_scope': None, 'description': '', 'tags': [], 'created_at': '2024-10-11T05:00:19Z', 'updated_at': '2024-10-11T05:00:19Z', 'revision_number': 1}, Subnet: {'id': '9499e149-f67b-4ede-897d-d8362c7ab443', 'name': 'tempest-VolumesAdminNegativeTest-1089191843-subnet', 'tenant_id': '81ebf6dfdbcd46098ad0e978899cd27b', 'network_id': 'b8161d72-a42a-4761-8319-78ce9545da3c', 'ip_version': 4, 'subnetpool_id': None, 'enable_dhcp': True, 'ipv6_ra_mode': None, 'ipv6_address_mode': None, 'gateway_ip': '192.168.128.1', 'cidr': '192.168.128.0/28', 'allocation_pools': [{'start': '192.168.128.2', 'end': '192.168.128.14'}], 'host_routes': [], 'dns_nameservers': [], 'description': '', 'router:external': False, 'service_types': [], 'tags': [], 'created_at': '2024-10-11T05:00:20Z', 'updated_at': '2024-10-11T05:00:20Z', 'revision_number': 0, 'project_id': '81ebf6dfdbcd46098ad0e978899cd27b'}, Router: {'id': 'd410d979-59ff-4794-9b33-5d0d87093b21', 'name': 'tempest-VolumesAdminNegativeTest-1089191843-router', 'tenant_id': '81ebf6dfdbcd46098ad0e978899cd27b', 'admin_state_up': True, 'status': 'ACTIVE', 'external_gateway_info': {'network_id': '8f883b1b-8068-4cb0-97f7-123a2fd695db', 'external_fixed_ips': [{'subnet_id': '2dd4f139-32ca-429b-9800-036d50ed596c', 'ip_address': '10.180.180.135'}], 'enable_snat': True}, 'description': '', 'availability_zones': [], 'distributed': False, 'ha': False, 'availability_zone_hints': [], 'routes': [], 'flavor_id': None, 'tags': [], 'created_at': '2024-10-11T05:00:20Z', 'updated_at': '2024-10-11T05:00:22Z', 'revision_number': 2, 'project_id': '81ebf6dfdbcd46098ad0e978899cd27b'}
2024-10-11 05:00:27.035 62812 INFO tempest.lib.common.rest_client [req-fe3c90a9-5bc5-40e2-a9f1-3aefe33ce163 req-fe3c90a9-5bc5-40e2-a9f1-3aefe33ce163 ] Request (QuotasAdminTestV236:setUpClass): 201 POST http://10.180.1.21/identity/v3/projects 0.035s
2024-10-11 05:00:27.089 62812 INFO tempest.lib.common.rest_client [req-9f30ca82-1693-42bc-bd6b-9037301ab054 req-9f30ca82-1693-42bc-bd6b-9037301ab054 ] Request (QuotasAdminTestV236:setUpClass): 201 POST http://10.180.1.21/identity/v3/users 0.054s
2024-10-11 05:00:27.105 62812 INFO tempest.lib.common.rest_client [req-92a8be6e-6af9-49e8-95cf-f2ad17c37a98 req-92a8be6e-6af9-49e8-95cf-f2ad17c37a98 ] Request (QuotasAdminTestV236:setUpClass): 200 GET http://10.180.1.21/identity/v3/roles 0.015s
2024-10-11 05:00:27.108 62825 INFO tempest.lib.common.rest_client [req-373438ff-e3a8-48f4-85b6-1aa1af36b61f req-373438ff-e3a8-48f4-85b6-1aa1af36b61f ] Request (VolumesAdminNegativeTest:setUpClass): 201 POST http://10.180.1.21/identity/v3/auth/tokens 0.070s
2024-10-11 05:00:27.130 62812 INFO tempest.lib.common.rest_client [req-8392dc00-5220-4e59-8b90-b436c8fe25c6 req-8392dc00-5220-4e59-8b90-b436c8fe25c6 ] Request (QuotasAdminTestV236:setUpClass): 204 PUT http://10.180.1.21/identity/v3/projects/6bd2d44f6a564476891b30aa66b72ae9/users/f800aae2c73f4d77a5820abf34feaa63/roles/c9b0d198ce354fa4895e233c10a48758 0.025s
2024-10-11 05:00:27.146 62825 INFO tempest.lib.common.rest_client [req-24cb28b9-8ebd-4ab8-99f4-4821dd1b3ac6 req-24cb28b9-8ebd-4ab8-99f4-4821dd1b3ac6 ] Request (VolumesAdminNegativeTest:setUpClass): 201 POST http://10.180.1.21/identity/v3/projects 0.038s
2024-10-11 05:00:27.207 62812 INFO tempest.lib.common.rest_client [req-99dfeba0-2187-4797-b05e-4914c4f7df51 req-99dfeba0-2187-4797-b05e-4914c4f7df51 ] Request (QuotasAdminTestV236:setUpClass): 200 GET http://10.180.1.21/identity/v3/roles 0.076s
2024-10-11 05:00:27.207 62825 INFO tempest.lib.common.rest_client [req-29ae293d-1da3-4978-86aa-bf46debb868b req-29ae293d-1da3-4978-86aa-bf46debb868b ] Request (VolumesAdminNegativeTest:setUpClass): 201 POST http://10.180.1.21/identity/v3/users 0.060s
2024-10-11 05:00:27.218 62856 INFO tempest.lib.common.rest_client [req-888dd99d-8d73-4489-b58b-3ca735a14a4c req-888dd99d-8d73-4489-b58b-3ca735a14a4c ] Request (KeyPairsV210TestJSON:tearDownClass): 200 GET http://10.180.1.21:9696/networking/v2.0/security-groups?tenant_id=a78815ade3e5493d8f2a2ff0b72919b8&name=default 0.816s
2024-10-11 05:00:27.229 62812 INFO tempest.lib.common.rest_client [req-6d3acea2-a73a-4f65-a472-47f8f959d5aa req-6d3acea2-a73a-4f65-a472-47f8f959d5aa ] Request (QuotasAdminTestV236:setUpClass): 204 PUT http://10.180.1.21/identity/v3/projects/6bd2d44f6a564476891b30aa66b72ae9/users/f800aae2c73f4d77a5820abf34feaa63/roles/c9b0d198ce354fa4895e233c10a48758 0.021s
2024-10-11 05:00:27.229 62812 INFO tempest.lib.common.dynamic_creds [-] Dynamic test user f800aae2c73f4d77a5820abf34feaa63 is created with scope project and roles: ['admin']
2024-10-11 05:00:27.229 62812 INFO tempest.lib.common.dynamic_creds [-] Acquired dynamic creds: credentials: Credentials: {'domain_id': 'default', 'domain_name': 'Default', 'username': 'tempest-QuotasAdminTestV236-1894490710-project-admin', 'project_domain_id': 'default', 'project_domain_name': 'Default', 'project_id': '6bd2d44f6a564476891b30aa66b72ae9', 'project_name': 'tempest-QuotasAdminTestV236-1894490710', 'tenant_id': '6bd2d44f6a564476891b30aa66b72ae9', 'tenant_name': 'tempest-QuotasAdminTestV236-1894490710', 'user_domain_id': 'default', 'user_domain_name': 'Default', 'user_id': 'f800aae2c73f4d77a5820abf34feaa63', 'system': None}, Network: None, Subnet: None, Router: None
2024-10-11 05:00:27.229 62812 INFO tempest.lib.common.dynamic_creds [-] Created isolated network resources for: credentials: Credentials: {'domain_id': 'default', 'domain_name': 'Default', 'username': 'tempest-QuotasAdminTestV236-1894490710-project-admin', 'project_domain_id': 'default', 'project_domain_name': 'Default', 'project_id': '6bd2d44f6a564476891b30aa66b72ae9', 'project_name': 'tempest-QuotasAdminTestV236-1894490710', 'tenant_id': '6bd2d44f6a564476891b30aa66b72ae9', 'tenant_name': 'tempest-QuotasAdminTestV236-1894490710', 'user_domain_id': 'default', 'user_domain_name': 'Default', 'user_id': 'f800aae2c73f4d77a5820abf34feaa63', 'system': None}, Network: None, Subnet: None, Router: None
2024-10-11 05:00:27.230 62825 INFO tempest.lib.common.rest_client [req-e1ab102f-4362-4993-8b1d-dd9b26259e77 req-e1ab102f-4362-4993-8b1d-dd9b26259e77 ] Request (VolumesAdminNegativeTest:setUpClass): 200 GET http://10.180.1.21/identity/v3/roles 0.021s
2024-10-11 05:00:27.232 62828 INFO tempest.lib.common.rest_client [req-8945b07f-8138-411e-b7ad-afc6fd065e94 req-8945b07f-8138-411e-b7ad-afc6fd065e94 ] Request (HypervisorAdminV228Test:tearDownClass): 200 GET http://10.180.1.21:9696/networking/v2.0/security-groups?tenant_id=7093fa262064414fb8b8d251569ad0eb&name=default 0.762s
2024-10-11 05:00:27.288 62825 INFO tempest.lib.common.rest_client [req-52c3d285-b0de-4513-b7bf-d45da6133e7d req-52c3d285-b0de-4513-b7bf-d45da6133e7d ] Request (VolumesAdminNegativeTest:setUpClass): 204 PUT http://10.180.1.21/identity/v3/projects/1a56d50a7b3d4d3cba3c55b6b227ddd8/users/52f0da2f6075407283f84bef2a93858d/roles/c9b0d198ce354fa4895e233c10a48758 0.058s
2024-10-11 05:00:27.307 62812 INFO tempest.lib.common.rest_client [req-c52ab878-514f-4707-b239-bd6da292fa4e req-c52ab878-514f-4707-b239-bd6da292fa4e ] Request (QuotasAdminTestV236:setUpClass): 201 POST http://10.180.1.21/identity/v3/auth/tokens 0.074s
2024-10-11 05:00:27.308 62812 WARNING tempest.lib.common.rest_client [-] Deprecated: "tenant_id" property is deprecated for removal, use "project_id" instead
2024-10-11 05:00:27.333 62825 INFO tempest.lib.common.rest_client [req-59059f6d-f7c0-4483-ba85-268001451f06 req-59059f6d-f7c0-4483-ba85-268001451f06 ] Request (VolumesAdminNegativeTest:setUpClass): 200 GET http://10.180.1.21/identity/v3/roles 0.045s
2024-10-11 05:00:27.353 62825 INFO tempest.lib.common.rest_client [req-20d9cbcd-7963-4fef-8114-8352cbd317b5 req-20d9cbcd-7963-4fef-8114-8352cbd317b5 ] Request (VolumesAdminNegativeTest:setUpClass): 204 PUT http://10.180.1.21/identity/v3/projects/1a56d50a7b3d4d3cba3c55b6b227ddd8/users/52f0da2f6075407283f84bef2a93858d/roles/c9b0d198ce354fa4895e233c10a48758 0.018s
2024-10-11 05:00:27.353 62825 INFO tempest.lib.common.dynamic_creds [-] Dynamic test user 52f0da2f6075407283f84bef2a93858d is created with scope project and roles: ['admin']
2024-10-11 05:00:27.353 62825 INFO tempest.lib.common.dynamic_creds [-] Acquired dynamic creds: credentials: Credentials: {'domain_id': 'default', 'domain_name': 'Default', 'username': 'tempest-VolumesAdminNegativeTest-747435461-project-admin', 'project_domain_id': 'default', 'project_domain_name': 'Default', 'project_id': '1a56d50a7b3d4d3cba3c55b6b227ddd8', 'project_name': 'tempest-VolumesAdminNegativeTest-747435461', 'tenant_id': '1a56d50a7b3d4d3cba3c55b6b227ddd8', 'tenant_name': 'tempest-VolumesAdminNegativeTest-747435461', 'user_domain_id': 'default', 'user_domain_name': 'Default', 'user_id': '52f0da2f6075407283f84bef2a93858d', 'system': None}, Network: None, Subnet: None, Router: None
2024-10-11 05:00:27.446 62832 INFO tempest.lib.common.rest_client [req-e2208cd3-45a4-4d6c-8d96-4a4120ec6956 req-e2208cd3-45a4-4d6c-8d96-4a4120ec6956 ] Request (ServerDiagnosticsNegativeTest:test_get_server_diagnostics_by_non_admin): 200 GET http://10.180.1.21/compute/v2.1/servers/b00d6153-c94f-4605-9b97-9a3a813ee93b 1.348s
2024-10-11 05:00:27.453 62832 INFO tempest.common.waiters [-] State transition "BUILD/networking" ==> "BUILD/spawning" after 18 second wait
2024-10-11 05:00:27.486 62826 INFO tempest.lib.common.rest_client [req-69dab128-a9ea-4e3f-b883-ccded2c46fee req-69dab128-a9ea-4e3f-b883-ccded2c46fee ] Request (ListImageFiltersNegativeTestJSON:tearDownClass): 200 GET http://10.180.1.21:9696/networking/v2.0/security-groups?tenant_id=5ae7ebf9bc4044a986e0d25af7bb60af&name=default 0.875s
2024-10-11 05:00:27.504 62804 INFO tempest.lib.common.rest_client [req-ce797e1c-1050-4033-a219-39164d8a1d98 req-ce797e1c-1050-4033-a219-39164d8a1d98 ] Request (ServersAdminTestJSON:setUpClass): 200 GET http://10.180.1.21/compute/v2.1/servers/7d66f026-8b3e-4670-ada6-0109d99bb984 1.109s
2024-10-11 05:00:27.571 62852 INFO tempest.lib.common.rest_client [req-eb4ac50e-b08b-44ed-a391-0e09f3f5338b req-eb4ac50e-b08b-44ed-a391-0e09f3f5338b ] Request (QuotasAdminTestJSON:test_get_default_quotas): 200 GET http://10.180.1.21/compute/v2.1/os-quota-sets/9c6b34ea3d8641c68d7431983bf1aecf/defaults 1.136s
2024-10-11 05:00:27.614 62852 INFO tempest.lib.common.rest_client [req-da12a5d0-d15d-449e-9a47-761d0a895f41 req-da12a5d0-d15d-449e-9a47-761d0a895f41 ] Request (QuotasAdminTestJSON:test_get_updated_quotas): 200 GET http://10.180.1.21/identity/v3/domains?name=Default 0.038s
2024-10-11 05:00:27.618 62842 INFO tempest.lib.common.rest_client [req-c2007bf1-d6c6-495a-b71c-e0863a345d18 req-c2007bf1-d6c6-495a-b71c-e0863a345d18 ] Request (FloatingIPsAssociationTestJSON:setUpClass): 200 GET http://10.180.1.21/compute/v2.1/servers/9b5c5a62-d708-4201-be94-28cff078b2e8 1.154s
2024-10-11 05:00:27.662 62820 INFO tempest.lib.common.rest_client [req-1ef66fa9-1772-4124-9b58-b51cadc49315 req-1ef66fa9-1772-4124-9b58-b51cadc49315 ] Request (QuotaClassesAdminTestJSON:tearDownClass): 200 GET http://10.180.1.21:9696/networking/v2.0/security-groups?tenant_id=825a14ab754742cfbf2cddccb4668bbc&name=default 0.835s
2024-10-11 05:00:27.663 62852 INFO tempest.lib.common.rest_client [req-e4640712-79fd-42eb-965c-8d6b363b20e9 req-e4640712-79fd-42eb-965c-8d6b363b20e9 ] Request (QuotasAdminTestJSON:test_get_updated_quotas): 201 POST http://10.180.1.21/identity/v3/projects 0.048s
2024-10-11 05:00:27.699 62806 INFO tempest.lib.common.rest_client [req-82a5dc93-b809-4c56-9a4e-8a1fb76e8b2b req-82a5dc93-b809-4c56-9a4e-8a1fb76e8b2b ] Request (DeleteServersAdminTestJSON:test_admin_delete_servers_of_others): 200 GET http://10.180.1.21/compute/v2.1/servers/d6eaf42d-dd83-4158-a507-9bc71cd1aa43 1.138s
2024-10-11 05:00:27.728 62834 INFO tempest.lib.common.rest_client [req-48b98026-c546-4d5d-af76-4ff8377248fb req-48b98026-c546-4d5d-af76-4ff8377248fb ] Request (AggregatesAdminNegativeTestJSON:test_aggregate_create_with_existent_aggregate_name): 200 POST http://10.180.1.21/compute/v2.1/os-aggregates 1.072s
2024-10-11 05:00:27.735 62852 INFO tempest.lib.common.rest_client [req-830495f8-dd7a-4e53-894f-a11e3eea6fcf req-830495f8-dd7a-4e53-894f-a11e3eea6fcf ] Request (QuotasAdminTestJSON:test_get_updated_quotas): 200 GET http://10.180.1.21/identity/v3/domains?name=Default 0.072s
2024-10-11 05:00:27.799 62856 INFO tempest.lib.common.rest_client [req-9c5b0e2d-7855-4b5e-a04a-e2adc5050e5e req-9c5b0e2d-7855-4b5e-a04a-e2adc5050e5e ] Request (KeyPairsV210TestJSON:tearDownClass): 204 DELETE http://10.180.1.21:9696/networking/v2.0/security-groups/62109c9d-e253-426d-b8fa-d267ecc564e9 0.580s
2024-10-11 05:00:27.803 62828 INFO tempest.lib.common.rest_client [req-72fded6b-c7dd-430f-9c73-520bfae63c18 req-72fded6b-c7dd-430f-9c73-520bfae63c18 ] Request (HypervisorAdminV228Test:tearDownClass): 204 DELETE http://10.180.1.21:9696/networking/v2.0/security-groups/e235d2e3-6609-451e-9652-68b7744f23dc 0.570s
2024-10-11 05:00:27.832 62850 INFO tempest.lib.common.rest_client [req-25a9f39f-cf40-4da2-a9e2-66e6e65bb58b req-25a9f39f-cf40-4da2-a9e2-66e6e65bb58b ] Request (FloatingIPsAssociationNegativeTestJSON:setUpClass): 200 GET http://10.180.1.21/compute/v2.1/servers/f52921c6-abbc-4a27-a451-e1cb4f5dfc48 1.146s
2024-10-11 05:00:27.889 62826 INFO tempest.lib.common.rest_client [req-78a9af56-9c1d-4ac6-9501-aebed16dc878 req-78a9af56-9c1d-4ac6-9501-aebed16dc878 ] Request (ListImageFiltersNegativeTestJSON:tearDownClass): 204 DELETE http://10.180.1.21:9696/networking/v2.0/security-groups/86412134-4f08-4fae-8eae-21dc1a7a7bec 0.403s
2024-10-11 05:00:27.927 62856 INFO tempest.lib.common.rest_client [req-7a6fa6d5-78f1-4a0b-b79c-52efebc968e5 req-7a6fa6d5-78f1-4a0b-b79c-52efebc968e5 ] Request (KeyPairsV210TestJSON:tearDownClass): 204 DELETE http://10.180.1.21/identity/v3/projects/a78815ade3e5493d8f2a2ff0b72919b8 0.127s
2024-10-11 05:00:27.927 62856 INFO tempest.lib.common.dynamic_creds [-] Deleting project and security group for project: b0ddb8fbc944413795d21e457662754f
2024-10-11 05:00:27.927 62828 INFO tempest.lib.common.rest_client [req-eaa3b24f-f6b4-446b-a71a-814c37f6d1b0 req-eaa3b24f-f6b4-446b-a71a-814c37f6d1b0 ] Request (HypervisorAdminV228Test:tearDownClass): 204 DELETE http://10.180.1.21/identity/v3/projects/7093fa262064414fb8b8d251569ad0eb 0.124s
2024-10-11 05:00:27.927 62828 INFO tempest.lib.common.dynamic_creds [-] Deleting project and security group for project: 48f0c4e8b07947e39fdd8db38e3d15e4
2024-10-11 05:00:27.936 62836 INFO tempest.lib.common.rest_client [req-895ea71e-e05e-4fc4-872f-c2e5ae31598a req-895ea71e-e05e-4fc4-872f-c2e5ae31598a ] Request (ServersAdminNegativeTestJSON:setUpClass): 200 GET http://10.180.1.21/compute/v2.1/servers/d8a5ccf1-34dd-42b2-aa83-3d4cdc2df55d 1.202s
2024-10-11 05:00:28.022 62800 INFO tempest.lib.common.rest_client [req-2c60a564-09c9-4dac-b456-891e17b11d39 req-2c60a564-09c9-4dac-b456-891e17b11d39 ] Request (ServersAdmin275Test:test_rebuild_update_server_275): 200 GET http://10.180.1.21/compute/v2.1/servers/d02e6383-42d9-40db-89a3-ba8b5595b95b 1.249s
2024-10-11 05:00:28.025 62802 INFO tempest.lib.common.rest_client [req-c567bd63-4d11-4f12-ac53-0ecdd2e69655 req-c567bd63-4d11-4f12-ac53-0ecdd2e69655 ] Request (SecurityGroupsTestAdminJSON:_run_cleanups): 202 DELETE http://10.180.1.21/compute/v2.1/os-security-groups/69b8c261-a841-4588-bb27-945f7d646673 1.377s
2024-10-11 05:00:28.084 62826 INFO tempest.lib.common.rest_client [req-cb0bdc64-a569-4ebe-9dbb-6622a225730c req-cb0bdc64-a569-4ebe-9dbb-6622a225730c ] Request (ListImageFiltersNegativeTestJSON:tearDownClass): 204 DELETE http://10.180.1.21/identity/v3/projects/5ae7ebf9bc4044a986e0d25af7bb60af 0.194s
2024-10-11 05:00:28.098 62844 INFO tempest.lib.common.rest_client [req-08d2f1a4-9791-463c-96f0-7b0af41f8e76 req-08d2f1a4-9791-463c-96f0-7b0af41f8e76 ] Request (SecurityGroupsTestJSON:setUpClass): 200 PUT http://10.180.1.21:9696/networking/v2.0/routers/6f54a846-c87b-491b-8ca3-7554235b9d6e/add_router_interface 4.297s
2024-10-11 05:00:28.099 62844 INFO tempest.lib.common.dynamic_creds [-] Created isolated network resources for: credentials: Credentials: {'domain_id': 'default', 'domain_name': 'Default', 'username': 'tempest-SecurityGroupsTestJSON-785116825-project-member', 'project_domain_id': 'default', 'project_domain_name': 'Default', 'project_id': '50cccd70acb04a4aa4691260e3437a94', 'project_name': 'tempest-SecurityGroupsTestJSON-785116825', 'tenant_id': '50cccd70acb04a4aa4691260e3437a94', 'tenant_name': 'tempest-SecurityGroupsTestJSON-785116825', 'user_domain_id': 'default', 'user_domain_name': 'Default', 'user_id': 'b177e8a629d2494aaf0497b520408909', 'system': None}, Network: {'id': 'c9e58693-f20e-4670-87ff-544b5303ff40', 'name': 'tempest-SecurityGroupsTestJSON-422242453-network', 'tenant_id': '50cccd70acb04a4aa4691260e3437a94', 'admin_state_up': True, 'mtu': 8950, 'status': 'ACTIVE', 'subnets': [], 'shared': False, 'project_id': '50cccd70acb04a4aa4691260e3437a94', 'port_security_enabled': True, 'router:external': False, 'provider:network_type': 'vlan', 'provider:physical_network': 'default', 'provider:segmentation_id': 447, 'is_default': False, 'availability_zone_hints': [], 'availability_zones': [], 'ipv4_address_scope': None, 'ipv6_address_scope': None, 'description': '', 'tags': [], 'created_at': '2024-10-11T05:00:20Z', 'updated_at': '2024-10-11T05:00:20Z', 'revision_number': 1}, Subnet: {'id': '244a307c-8d80-44bb-975d-1d8da470b280', 'name': 'tempest-SecurityGroupsTestJSON-422242453-subnet', 'tenant_id': '50cccd70acb04a4aa4691260e3437a94', 'network_id': 'c9e58693-f20e-4670-87ff-544b5303ff40', 'ip_version': 4, 'subnetpool_id': None, 'enable_dhcp': True, 'ipv6_ra_mode': None, 'ipv6_address_mode': None, 'gateway_ip': '192.168.128.1', 'cidr': '192.168.128.0/28', 'allocation_pools': [{'start': '192.168.128.2', 'end': '192.168.128.14'}], 'host_routes': [], 'dns_nameservers': [], 'description': '', 'router:external': False, 'service_types': [], 'tags': [], 'created_at': '2024-10-11T05:00:20Z', 'updated_at': '2024-10-11T05:00:20Z', 'revision_number': 0, 'project_id': '50cccd70acb04a4aa4691260e3437a94'}, Router: {'id': '6f54a846-c87b-491b-8ca3-7554235b9d6e', 'name': 'tempest-SecurityGroupsTestJSON-422242453-router', 'tenant_id': '50cccd70acb04a4aa4691260e3437a94', 'admin_state_up': True, 'status': 'ACTIVE', 'external_gateway_info': {'network_id': '8f883b1b-8068-4cb0-97f7-123a2fd695db', 'external_fixed_ips': [{'subnet_id': '2dd4f139-32ca-429b-9800-036d50ed596c', 'ip_address': '10.180.180.244'}], 'enable_snat': True}, 'description': '', 'availability_zones': [], 'distributed': False, 'ha': False, 'availability_zone_hints': [], 'routes': [], 'flavor_id': None, 'tags': [], 'created_at': '2024-10-11T05:00:21Z', 'updated_at': '2024-10-11T05:00:22Z', 'revision_number': 2, 'project_id': '50cccd70acb04a4aa4691260e3437a94'}
2024-10-11 05:00:28.123 62798 INFO tempest.lib.common.rest_client [req-96135b61-8496-419d-ab4b-1f4c291f1855 req-96135b61-8496-419d-ab4b-1f4c291f1855 ] Request (VolumesAssistedSnapshotsTest:test_volume_assisted_snapshot_create_delete): 200 GET http://10.180.1.21/compute/v2.1/servers/3c173701-9f61-4561-ac3c-7ac3de4101d9 1.301s
2024-10-11 05:00:28.148 62816 INFO tempest.lib.common.rest_client [req-935d69c1-6625-4f82-b9e4-f9985c42a4c9 req-935d69c1-6625-4f82-b9e4-f9985c42a4c9 ] Request (SecurityGroupRulesNegativeTestJSON:test_create_security_group_rule_with_invalid_to_port): 400 POST http://10.180.1.21/compute/v2.1/os-security-group-rules 1.335s
2024-10-11 05:00:28.174 62826 INFO tempest.lib.common.rest_client [req-075dd7c6-20b5-4f6b-ac20-e4e9646e1a15 req-075dd7c6-20b5-4f6b-ac20-e4e9646e1a15 ] Request (ListImagesTestJSON:setUpClass): 201 POST http://10.180.1.21/identity/v3/auth/tokens 0.087s
2024-10-11 05:00:28.177 62858 INFO tempest.lib.common.rest_client [req-6379b979-38cb-4f9f-bfb7-c5e49cb4e792 req-6379b979-38cb-4f9f-bfb7-c5e49cb4e792 ] Request (KeyPairsV22TestJSON:test_keypair_create_with_pub_key): 201 POST http://10.180.1.21/compute/v2.1/os-keypairs 1.341s
2024-10-11 05:00:28.191 62796 INFO tempest.lib.common.rest_client [req-ba58f049-20b3-4877-8626-c1b44c1955b2 req-ba58f049-20b3-4877-8626-c1b44c1955b2 ] Request (FlavorsV2TestJSON:test_list_flavors_detailed_using_marker): 200 GET http://10.180.1.21/compute/v2.1/flavors/detail?marker=42 1.337s
2024-10-11 05:00:28.196 62840 INFO tempest.lib.common.rest_client [req-5063a514-7924-478a-a3b2-841a2115f317 req-5063a514-7924-478a-a3b2-841a2115f317 ] Request (FlavorsAdminTestJSON:test_create_list_flavor_without_extra_data): 200 POST http://10.180.1.21/compute/v2.1/flavors 1.315s
2024-10-11 05:00:28.220 62826 INFO tempest.lib.common.rest_client [req-a99a3655-7e0b-42ce-883b-cd85b5d81648 req-a99a3655-7e0b-42ce-883b-cd85b5d81648 ] Request (ListImagesTestJSON:setUpClass): 201 POST http://10.180.1.21/identity/v3/auth/tokens 0.042s
2024-10-11 05:00:28.221 62838 INFO tempest.lib.common.rest_client [req-2ee2ced3-8ba0-494a-a936-a49173180964 req-2ee2ced3-8ba0-494a-a936-a49173180964 ] Request (ServicesAdminNegativeV253TestJSON:test_get_service_by_invalid_params): 200 GET http://10.180.1.21/compute/v2.1/os-services?xxx=nova-compute 1.316s
2024-10-11 05:00:28.226 62844 INFO tempest.lib.common.rest_client [req-b7d6376e-40ac-49e3-9e37-a1ce20d1e82d req-b7d6376e-40ac-49e3-9e37-a1ce20d1e82d ] Request (SecurityGroupsTestJSON:setUpClass): 201 POST http://10.180.1.21/identity/v3/auth/tokens 0.123s
2024-10-11 05:00:28.252 62826 INFO tempest.lib.common.rest_client [req-4020dc80-ddbc-478f-8900-6b1ab11f53d1 req-4020dc80-ddbc-478f-8900-6b1ab11f53d1 ] Request (ListImagesTestJSON:setUpClass): 200 GET http://10.180.1.21/identity/v3/domains?name=Default 0.030s
2024-10-11 05:00:28.272 62828 INFO tempest.lib.common.rest_client [req-03d1775f-da18-4ff9-9318-0838f4a7d4c1 req-03d1775f-da18-4ff9-9318-0838f4a7d4c1 ] Request (HypervisorAdminV228Test:tearDownClass): 200 GET http://10.180.1.21:9696/networking/v2.0/security-groups?tenant_id=48f0c4e8b07947e39fdd8db38e3d15e4&name=default 0.344s
2024-10-11 05:00:28.273 62856 INFO tempest.lib.common.rest_client [req-4d48d383-171e-4f74-94e1-666cd9ac1832 req-4d48d383-171e-4f74-94e1-666cd9ac1832 ] Request (KeyPairsV210TestJSON:tearDownClass): 200 GET http://10.180.1.21:9696/networking/v2.0/security-groups?tenant_id=b0ddb8fbc944413795d21e457662754f&name=default 0.345s
2024-10-11 05:00:28.290 62854 INFO tempest.lib.common.rest_client [req-b49b2b11-80ac-4e68-ba6d-dfd71408e5d1 req-b49b2b11-80ac-4e68-ba6d-dfd71408e5d1 ] Request (ServerShowV257Test:test_rebuild_server): 200 GET http://10.180.1.21/compute/v2.1/servers/9316facd-0c95-4720-b0d3-c0a39df81619 1.392s
2024-10-11 05:00:28.291 62848 INFO tempest.lib.common.rest_client [req-6f190e25-9634-4acc-a295-2a14ebd748d4 req-6f190e25-9634-4acc-a295-2a14ebd748d4 ] Request (ServerDiagnosticsTest:test_get_server_diagnostics): 200 GET http://10.180.1.21/compute/v2.1/servers/158e242b-3f2d-4cac-b3f3-c51da7f78bb1 1.313s
2024-10-11 05:00:28.299 62826 INFO tempest.lib.common.rest_client [req-dbe4063b-1ec2-471f-87fc-5cecf1904425 req-dbe4063b-1ec2-471f-87fc-5cecf1904425 ] Request (ListImagesTestJSON:setUpClass): 201 POST http://10.180.1.21/identity/v3/projects 0.046s
2024-10-11 05:00:28.308 62808 INFO tempest.lib.common.rest_client [req-f2affcd0-5877-4a26-8f01-16fe8b5bca80 req-f2affcd0-5877-4a26-8f01-16fe8b5bca80 ] Request (FlavorsAccessNegativeTestJSON:test_flavor_non_admin_remove): 403 POST http://10.180.1.21/compute/v2.1/flavors/1080669333/action 1.315s
2024-10-11 05:00:28.319 62820 INFO tempest.lib.common.rest_client [req-550508c8-a426-4c43-9de3-c79f1f3b19cb req-550508c8-a426-4c43-9de3-c79f1f3b19cb ] Request (QuotaClassesAdminTestJSON:tearDownClass): 204 DELETE http://10.180.1.21:9696/networking/v2.0/security-groups/7e387e4b-f71a-4b8c-97df-af0a01a21ce2 0.656s
2024-10-11 05:00:28.356 62846 INFO tempest.lib.common.rest_client [req-cfcbcc9b-0255-4589-a570-0d1eb5cf50e9 req-cfcbcc9b-0255-4589-a570-0d1eb5cf50e9 ] Request (MigrationsAdminTest:test_list_migrations_in_flavor_resize_situation): 200 GET http://10.180.1.21/compute/v2.1/servers/9f923c30-6c68-4e5d-be8a-4f18e996a999 1.032s
2024-10-11 05:00:28.373 62826 INFO tempest.lib.common.rest_client [req-6ee497f4-9c26-4d0c-b0dc-386167d5bd6d req-6ee497f4-9c26-4d0c-b0dc-386167d5bd6d ] Request (ListImagesTestJSON:setUpClass): 201 POST http://10.180.1.21/identity/v3/users 0.074s
2024-10-11 05:00:28.390 62818 INFO tempest.lib.common.rest_client [req-f8424cff-d34e-4122-a148-e6f9366ba84e req-f8424cff-d34e-4122-a148-e6f9366ba84e ] Request (DeleteServersTestJSON:test_delete_active_server): 200 GET http://10.180.1.21/compute/v2.1/servers/b08cb5a2-56d1-43da-ae4a-684077dd517f 0.925s
2024-10-11 05:00:28.394 62826 INFO tempest.lib.common.rest_client [req-4db2bb66-6683-42bd-a6af-142742624a7e req-4db2bb66-6683-42bd-a6af-142742624a7e ] Request (ListImagesTestJSON:setUpClass): 200 GET http://10.180.1.21/identity/v3/roles 0.020s
2024-10-11 05:00:28.412 62834 INFO tempest.lib.common.rest_client [req-a0598c25-ad1e-4ccb-9798-03b676a23537 req-a0598c25-ad1e-4ccb-9798-03b676a23537 ] Request (AggregatesAdminNegativeTestJSON:test_aggregate_create_with_existent_aggregate_name): 409 POST http://10.180.1.21/compute/v2.1/os-aggregates 0.681s
2024-10-11 05:00:28.426 62825 INFO tempest.lib.common.rest_client [req-ca9d9364-1ff6-4eea-99c5-4571b8b32023 req-ca9d9364-1ff6-4eea-99c5-4571b8b32023 ] Request (VolumesAdminNegativeTest:setUpClass): 201 POST http://10.180.1.21:9696/networking/v2.0/networks 1.072s
2024-10-11 05:00:28.426 62820 INFO tempest.lib.common.rest_client [req-4b8d9ce6-fc8e-4444-8dfb-c6e0ad3a7dba req-4b8d9ce6-fc8e-4444-8dfb-c6e0ad3a7dba ] Request (QuotaClassesAdminTestJSON:tearDownClass): 204 DELETE http://10.180.1.21/identity/v3/projects/825a14ab754742cfbf2cddccb4668bbc 0.107s
2024-10-11 05:00:28.427 62820 INFO tempest.lib.common.dynamic_creds [-] Deleting project and security group for project: aecc7c0ead81450aabec2f789d5eecb8
2024-10-11 05:00:28.465 62826 INFO tempest.lib.common.rest_client [req-54fa1741-457d-4d47-8fb4-b03254a90980 req-54fa1741-457d-4d47-8fb4-b03254a90980 ] Request (ListImagesTestJSON:setUpClass): 204 PUT http://10.180.1.21/identity/v3/projects/ee68dba2c7b4418d873dd3081ffee0b6/users/da83b3bc7ff144fc8fe0188339efb1dc/roles/f3c0e00d29714df8814ef1e0d32f6934 0.070s
2024-10-11 05:00:28.465 62826 INFO tempest.lib.common.dynamic_creds [-] Dynamic test user da83b3bc7ff144fc8fe0188339efb1dc is created with scope project and roles: ['member']
2024-10-11 05:00:28.465 62826 INFO tempest.lib.common.dynamic_creds [-] Acquired dynamic creds: credentials: Credentials: {'domain_id': 'default', 'domain_name': 'Default', 'username': 'tempest-ListImagesTestJSON-414988468-project-member', 'project_domain_id': 'default', 'project_domain_name': 'Default', 'project_id': 'ee68dba2c7b4418d873dd3081ffee0b6', 'project_name': 'tempest-ListImagesTestJSON-414988468', 'tenant_id': 'ee68dba2c7b4418d873dd3081ffee0b6', 'tenant_name': 'tempest-ListImagesTestJSON-414988468', 'user_domain_id': 'default', 'user_domain_name': 'Default', 'user_id': 'da83b3bc7ff144fc8fe0188339efb1dc', 'system': None}, Network: None, Subnet: None, Router: None
2024-10-11 05:00:28.465 62826 INFO tempest.lib.common.dynamic_creds [-] Created isolated network resources for: credentials: Credentials: {'domain_id': 'default', 'domain_name': 'Default', 'username': 'tempest-ListImagesTestJSON-414988468-project-member', 'project_domain_id': 'default', 'project_domain_name': 'Default', 'project_id': 'ee68dba2c7b4418d873dd3081ffee0b6', 'project_name': 'tempest-ListImagesTestJSON-414988468', 'tenant_id': 'ee68dba2c7b4418d873dd3081ffee0b6', 'tenant_name': 'tempest-ListImagesTestJSON-414988468', 'user_domain_id': 'default', 'user_domain_name': 'Default', 'user_id': 'da83b3bc7ff144fc8fe0188339efb1dc', 'system': None}, Network: None, Subnet: None, Router: None
2024-10-11 05:00:28.541 62826 INFO tempest.lib.common.rest_client [req-df8386f5-7409-45c6-aa34-7f142a6672d7 req-df8386f5-7409-45c6-aa34-7f142a6672d7 ] Request (ListImagesTestJSON:setUpClass): 201 POST http://10.180.1.21/identity/v3/auth/tokens 0.067s
2024-10-11 05:00:28.615 62852 INFO tempest.lib.common.rest_client [req-f30f8a9c-36c6-4724-90a8-4626ea47fe8d req-f30f8a9c-36c6-4724-90a8-4626ea47fe8d ] Request (QuotasAdminTestJSON:test_get_updated_quotas): 200 PUT http://10.180.1.21/compute/v2.1/os-quota-sets/f9cc9803e8484e65a6fc8ac17729c85b 0.879s
2024-10-11 05:00:28.623 62828 INFO tempest.lib.common.rest_client [req-6b6a2055-adbd-45b0-8f56-93109415367a req-6b6a2055-adbd-45b0-8f56-93109415367a ] Request (HypervisorAdminV228Test:tearDownClass): 204 DELETE http://10.180.1.21:9696/networking/v2.0/security-groups/f6966435-3288-43d5-b036-5206acd56868 0.351s
2024-10-11 05:00:28.625 62856 INFO tempest.lib.common.rest_client [req-72bec88b-02f6-452f-95ce-6116d6ca2a7f req-72bec88b-02f6-452f-95ce-6116d6ca2a7f ] Request (KeyPairsV210TestJSON:tearDownClass): 204 DELETE http://10.180.1.21:9696/networking/v2.0/security-groups/fd0480af-b91b-45dd-933c-3c9990e04682 0.351s
2024-10-11 05:00:28.747 62820 INFO tempest.lib.common.rest_client [req-a0ccbc52-81a2-4f1c-8b0b-fcb179bb99e6 req-a0ccbc52-81a2-4f1c-8b0b-fcb179bb99e6 ] Request (QuotaClassesAdminTestJSON:tearDownClass): 200 GET http://10.180.1.21:9696/networking/v2.0/security-groups?tenant_id=aecc7c0ead81450aabec2f789d5eecb8&name=default 0.318s
2024-10-11 05:00:28.758 62828 INFO tempest.lib.common.rest_client [req-54cb3f59-7c2c-45be-9f65-312236ffeac6 req-54cb3f59-7c2c-45be-9f65-312236ffeac6 ] Request (HypervisorAdminV228Test:tearDownClass): 204 DELETE http://10.180.1.21/identity/v3/projects/48f0c4e8b07947e39fdd8db38e3d15e4 0.134s
2024-10-11 05:00:28.767 62856 INFO tempest.lib.common.rest_client [req-a39259ec-92e3-4501-82b1-02c38a33e86f req-a39259ec-92e3-4501-82b1-02c38a33e86f ] Request (KeyPairsV210TestJSON:tearDownClass): 204 DELETE http://10.180.1.21/identity/v3/projects/b0ddb8fbc944413795d21e457662754f 0.141s
2024-10-11 05:00:28.830 62828 INFO tempest.lib.common.rest_client [req-864adca2-d8f4-40fd-befe-bb466738d8bb req-864adca2-d8f4-40fd-befe-bb466738d8bb ] Request (ServerExternalEventsTest:setUpClass): 201 POST http://10.180.1.21/identity/v3/auth/tokens 0.071s
2024-10-11 05:00:28.844 62856 INFO tempest.lib.common.rest_client [req-3a382aec-4f46-44f5-a450-f3d593afc56f req-3a382aec-4f46-44f5-a450-f3d593afc56f ] Request (NetworksTest:setUpClass): 201 POST http://10.180.1.21/identity/v3/auth/tokens 0.076s
2024-10-11 05:00:28.859 62828 INFO tempest.lib.common.rest_client [req-ca551f33-9fec-4fce-9b1e-217fcab53ac4 req-ca551f33-9fec-4fce-9b1e-217fcab53ac4 ] Request (ServerExternalEventsTest:setUpClass): 201 POST http://10.180.1.21/identity/v3/auth/tokens 0.026s
2024-10-11 05:00:28.872 62856 INFO tempest.lib.common.rest_client [req-dfda1253-8e96-4349-b5b0-3ed38ce15b97 req-dfda1253-8e96-4349-b5b0-3ed38ce15b97 ] Request (NetworksTest:setUpClass): 201 POST http://10.180.1.21/identity/v3/auth/tokens 0.026s
2024-10-11 05:00:28.879 62828 INFO tempest.lib.common.rest_client [req-dc3e3ad2-fe8b-4bb2-81d5-4ac3b0d93f61 req-dc3e3ad2-fe8b-4bb2-81d5-4ac3b0d93f61 ] Request (ServerExternalEventsTest:setUpClass): 200 GET http://10.180.1.21/identity/v3/domains?name=Default 0.020s
2024-10-11 05:00:28.892 62856 INFO tempest.lib.common.rest_client [req-4a03a44d-8c60-4531-8033-658894fbbbc4 req-4a03a44d-8c60-4531-8033-658894fbbbc4 ] Request (NetworksTest:setUpClass): 200 GET http://10.180.1.21/identity/v3/domains?name=Default 0.019s
2024-10-11 05:00:28.907 62828 INFO tempest.lib.common.rest_client [req-d8f0b3b5-27bc-4371-a958-de9423d8873a req-d8f0b3b5-27bc-4371-a958-de9423d8873a ] Request (ServerExternalEventsTest:setUpClass): 201 POST http://10.180.1.21/identity/v3/projects 0.027s
2024-10-11 05:00:28.923 62856 INFO tempest.lib.common.rest_client [req-f9a691af-03e2-4d9c-be99-a346f4c2cc7f req-f9a691af-03e2-4d9c-be99-a346f4c2cc7f ] Request (NetworksTest:setUpClass): 201 POST http://10.180.1.21/identity/v3/projects 0.031s
2024-10-11 05:00:28.957 62810 INFO tempest.lib.common.rest_client [req-720d8a51-39c2-4962-a739-3abd3fddd5a7 req-720d8a51-39c2-4962-a739-3abd3fddd5a7 ] Request (ServerDiagnosticsV248Test:test_get_server_diagnostics): 200 GET http://10.180.1.21/compute/v2.1/servers/06df57a7-2c53-4f79-bec4-e46cfe1dca63/diagnostics 1.316s
2024-10-11 05:00:28.971 62825 INFO tempest.lib.common.rest_client [req-54f1bc89-eb3a-4774-b25e-402b0e161199 req-54f1bc89-eb3a-4774-b25e-402b0e161199 ] Request (VolumesAdminNegativeTest:setUpClass): 201 POST http://10.180.1.21:9696/networking/v2.0/subnets 0.544s
2024-10-11 05:00:28.990 62802 INFO tempest.lib.common.rest_client [req-e572a703-2dea-48af-b838-c292a5e604ac req-e572a703-2dea-48af-b838-c292a5e604ac ] Request (SecurityGroupsTestAdminJSON:_run_cleanups): 202 DELETE http://10.180.1.21/compute/v2.1/os-security-groups/bc90b60f-6eed-41d4-916c-167b2dfdd10c 0.963s
2024-10-11 05:00:28.991 62830 INFO tempest.lib.common.rest_client [req-8e245fd6-52cf-43b9-81fd-ca925818b360 req-8e245fd6-52cf-43b9-81fd-ca925818b360 ] Request (AttachInterfacesUnderV243Test:setUpClass): 200 PUT http://10.180.1.21:9696/networking/v2.0/routers/a2166251-8ba0-4741-ba98-0028d389982b/add_router_interface 3.866s
2024-10-11 05:00:28.992 62830 INFO tempest.lib.common.dynamic_creds [-] Created isolated network resources for: credentials: Credentials: {'domain_id': 'default', 'domain_name': 'Default', 'username': 'tempest-AttachInterfacesUnderV243Test-1300824439-project-member', 'project_domain_id': 'default', 'project_domain_name': 'Default', 'project_id': '440c42b1b44a4373aca7068989e23513', 'project_name': 'tempest-AttachInterfacesUnderV243Test-1300824439', 'tenant_id': '440c42b1b44a4373aca7068989e23513', 'tenant_name': 'tempest-AttachInterfacesUnderV243Test-1300824439', 'user_domain_id': 'default', 'user_domain_name': 'Default', 'user_id': '08837d0811c949b4871d0c5a50b73229', 'system': None}, Network: {'id': '610b1b23-1a46-4d4b-94b1-2b5802b3bd66', 'name': 'tempest-AttachInterfacesUnderV243Test-323159098-network', 'tenant_id': '440c42b1b44a4373aca7068989e23513', 'admin_state_up': True, 'mtu': 8950, 'status': 'ACTIVE', 'subnets': [], 'shared': False, 'project_id': '440c42b1b44a4373aca7068989e23513', 'port_security_enabled': True, 'router:external': False, 'provider:network_type': 'vlan', 'provider:physical_network': 'default', 'provider:segmentation_id': 715, 'is_default': False, 'availability_zone_hints': [], 'availability_zones': [], 'ipv4_address_scope': None, 'ipv6_address_scope': None, 'description': '', 'tags': [], 'created_at': '2024-10-11T05:00:21Z', 'updated_at': '2024-10-11T05:00:21Z', 'revision_number': 1}, Subnet: {'id': 'a3e9b028-e65b-420c-b114-b2a3163045f6', 'name': 'tempest-AttachInterfacesUnderV243Test-323159098-subnet', 'tenant_id': '440c42b1b44a4373aca7068989e23513', 'network_id': '610b1b23-1a46-4d4b-94b1-2b5802b3bd66', 'ip_version': 4, 'subnetpool_id': None, 'enable_dhcp': True, 'ipv6_ra_mode': None, 'ipv6_address_mode': None, 'gateway_ip': '192.168.128.1', 'cidr': '192.168.128.0/28', 'allocation_pools': [{'start': '192.168.128.2', 'end': '192.168.128.14'}], 'host_routes': [], 'dns_nameservers': [], 'description': '', 'router:external': False, 'service_types': [], 'tags': [], 'created_at': '2024-10-11T05:00:22Z', 'updated_at': '2024-10-11T05:00:22Z', 'revision_number': 0, 'project_id': '440c42b1b44a4373aca7068989e23513'}, Router: {'id': 'a2166251-8ba0-4741-ba98-0028d389982b', 'name': 'tempest-AttachInterfacesUnderV243Test-323159098-router', 'tenant_id': '440c42b1b44a4373aca7068989e23513', 'admin_state_up': True, 'status': 'ACTIVE', 'external_gateway_info': {'network_id': '8f883b1b-8068-4cb0-97f7-123a2fd695db', 'external_fixed_ips': [{'subnet_id': '2dd4f139-32ca-429b-9800-036d50ed596c', 'ip_address': '10.180.180.234'}], 'enable_snat': True}, 'description': '', 'availability_zones': [], 'distributed': False, 'ha': False, 'availability_zone_hints': [], 'routes': [], 'flavor_id': None, 'tags': [], 'created_at': '2024-10-11T05:00:22Z', 'updated_at': '2024-10-11T05:00:24Z', 'revision_number': 2, 'project_id': '440c42b1b44a4373aca7068989e23513'}
2024-10-11 05:00:28.995 62816 INFO tempest.lib.common.rest_client [req-733430bd-71fd-4e3e-a77b-4e264eb55b90 req-733430bd-71fd-4e3e-a77b-4e264eb55b90 ] Request (SecurityGroupRulesNegativeTestJSON:test_create_security_group_rule_with_non_existent_id): 404 POST http://10.180.1.21/compute/v2.1/os-security-group-rules 0.843s
2024-10-11 05:00:28.998 62828 INFO tempest.lib.common.rest_client [req-1aeba1b7-e2da-4e4b-9401-197c9d911e66 req-1aeba1b7-e2da-4e4b-9401-197c9d911e66 ] Request (ServerExternalEventsTest:setUpClass): 201 POST http://10.180.1.21/identity/v3/users 0.091s
2024-10-11 05:00:29.000 62856 INFO tempest.lib.common.rest_client [req-85615a73-5b39-4de2-a91f-980a1d662e75 req-85615a73-5b39-4de2-a91f-980a1d662e75 ] Request (NetworksTest:setUpClass): 201 POST http://10.180.1.21/identity/v3/users 0.076s
2024-10-11 05:00:29.013 62840 INFO tempest.lib.common.rest_client [req-85557115-d6d1-4cc1-9eef-a511399f0c09 req-85557115-d6d1-4cc1-9eef-a511399f0c09 ] Request (FlavorsAdminTestJSON:test_create_list_flavor_without_extra_data): 200 GET http://10.180.1.21/compute/v2.1/flavors/196854731 0.815s
2024-10-11 05:00:29.019 62828 INFO tempest.lib.common.rest_client [req-d8063bd8-da8b-4122-b241-d77396dbfc64 req-d8063bd8-da8b-4122-b241-d77396dbfc64 ] Request (ServerExternalEventsTest:setUpClass): 200 GET http://10.180.1.21/identity/v3/roles 0.020s
2024-10-11 05:00:29.020 62856 INFO tempest.lib.common.rest_client [req-e1553249-49d1-48a5-9844-f15fe525f89b req-e1553249-49d1-48a5-9844-f15fe525f89b ] Request (NetworksTest:setUpClass): 200 GET http://10.180.1.21/identity/v3/roles 0.019s
2024-10-11 05:00:29.024 62858 INFO tempest.lib.common.rest_client [req-e8d29610-5c68-4386-bce6-b4e03b1e2f47 req-e8d29610-5c68-4386-bce6-b4e03b1e2f47 ] Request (KeyPairsV22TestJSON:_run_cleanups): 204 DELETE http://10.180.1.21/compute/v2.1/os-keypairs/tempest-keypair-1811244126 0.843s
2024-10-11 05:00:29.028 62796 INFO tempest.lib.common.rest_client [req-39e6ccb7-2306-42ad-a994-e81a5c0e71fa req-39e6ccb7-2306-42ad-a994-e81a5c0e71fa ] Request (FlavorsV2TestJSON:test_list_flavors_filter_by_min_disk): 200 GET http://10.180.1.21/compute/v2.1/flavors/42 0.829s
2024-10-11 05:00:29.031 62820 INFO tempest.lib.common.rest_client [req-01fd08f7-eebc-4a78-8f72-e601cd2f83f9 req-01fd08f7-eebc-4a78-8f72-e601cd2f83f9 ] Request (QuotaClassesAdminTestJSON:tearDownClass): 204 DELETE http://10.180.1.21:9696/networking/v2.0/security-groups/3243df67-1d6e-4750-aa49-474a18e6ed2f 0.283s
2024-10-11 05:00:29.046 62838 INFO tempest.lib.common.rest_client [req-14315b08-bfd4-47fc-b11f-eaff461c51e9 req-14315b08-bfd4-47fc-b11f-eaff461c51e9 ] Request (ServicesAdminNegativeV253TestJSON:test_get_service_by_invalid_service_and_valid_host): 200 GET http://10.180.1.21/compute/v2.1/os-services 0.814s
2024-10-11 05:00:29.051 62828 INFO tempest.lib.common.rest_client [req-ca15ebe0-d4c1-4c7e-8b6b-513b93169792 req-ca15ebe0-d4c1-4c7e-8b6b-513b93169792 ] Request (ServerExternalEventsTest:setUpClass): 204 PUT http://10.180.1.21/identity/v3/projects/fafd1092c04e4472849e56b06c9f6a10/users/c32356f84bae49ef95f4395daee5e91e/roles/f3c0e00d29714df8814ef1e0d32f6934 0.031s
2024-10-11 05:00:29.051 62828 INFO tempest.lib.common.dynamic_creds [-] Dynamic test user c32356f84bae49ef95f4395daee5e91e is created with scope project and roles: ['member']
2024-10-11 05:00:29.052 62828 INFO tempest.lib.common.dynamic_creds [-] Acquired dynamic creds: credentials: Credentials: {'domain_id': 'default', 'domain_name': 'Default', 'username': 'tempest-ServerExternalEventsTest-1021826053-project-member', 'project_domain_id': 'default', 'project_domain_name': 'Default', 'project_id': 'fafd1092c04e4472849e56b06c9f6a10', 'project_name': 'tempest-ServerExternalEventsTest-1021826053', 'tenant_id': 'fafd1092c04e4472849e56b06c9f6a10', 'tenant_name': 'tempest-ServerExternalEventsTest-1021826053', 'user_domain_id': 'default', 'user_domain_name': 'Default', 'user_id': 'c32356f84bae49ef95f4395daee5e91e', 'system': None}, Network: None, Subnet: None, Router: None
2024-10-11 05:00:29.053 62828 INFO tempest.lib.common.dynamic_creds [-] Created isolated network resources for: credentials: Credentials: {'domain_id': 'default', 'domain_name': 'Default', 'username': 'tempest-ServerExternalEventsTest-1021826053-project-member', 'project_domain_id': 'default', 'project_domain_name': 'Default', 'project_id': 'fafd1092c04e4472849e56b06c9f6a10', 'project_name': 'tempest-ServerExternalEventsTest-1021826053', 'tenant_id': 'fafd1092c04e4472849e56b06c9f6a10', 'tenant_name': 'tempest-ServerExternalEventsTest-1021826053', 'user_domain_id': 'default', 'user_domain_name': 'Default', 'user_id': 'c32356f84bae49ef95f4395daee5e91e', 'system': None}, Network: None, Subnet: None, Router: None
2024-10-11 05:00:29.080 62830 INFO tempest.lib.common.rest_client [req-606bc006-2a9b-418b-97ce-32e296da8135 req-606bc006-2a9b-418b-97ce-32e296da8135 ] Request (AttachInterfacesUnderV243Test:setUpClass): 201 POST http://10.180.1.21/identity/v3/auth/tokens 0.078s
2024-10-11 05:00:29.107 62856 INFO tempest.lib.common.rest_client [req-9cf7d308-5fde-4b90-958a-0936f113668f req-9cf7d308-5fde-4b90-958a-0936f113668f ] Request (NetworksTest:setUpClass): 204 PUT http://10.180.1.21/identity/v3/projects/c9d85a20a0a14981b257af12a2eff63d/users/f674746fcfe3466eafc91d726025f235/roles/f3c0e00d29714df8814ef1e0d32f6934 0.085s
2024-10-11 05:00:29.108 62856 INFO tempest.lib.common.dynamic_creds [-] Dynamic test user f674746fcfe3466eafc91d726025f235 is created with scope project and roles: ['member']
2024-10-11 05:00:29.108 62856 INFO tempest.lib.common.dynamic_creds [-] Acquired dynamic creds: credentials: Credentials: {'domain_id': 'default', 'domain_name': 'Default', 'username': 'tempest-NetworksTest-1613377913-project-member', 'project_domain_id': 'default', 'project_domain_name': 'Default', 'project_id': 'c9d85a20a0a14981b257af12a2eff63d', 'project_name': 'tempest-NetworksTest-1613377913', 'tenant_id': 'c9d85a20a0a14981b257af12a2eff63d', 'tenant_name': 'tempest-NetworksTest-1613377913', 'user_domain_id': 'default', 'user_domain_name': 'Default', 'user_id': 'f674746fcfe3466eafc91d726025f235', 'system': None}, Network: None, Subnet: None, Router: None
2024-10-11 05:00:29.108 62856 INFO tempest.lib.common.dynamic_creds [-] Created isolated network resources for: credentials: Credentials: {'domain_id': 'default', 'domain_name': 'Default', 'username': 'tempest-NetworksTest-1613377913-project-member', 'project_domain_id': 'default', 'project_domain_name': 'Default', 'project_id': 'c9d85a20a0a14981b257af12a2eff63d', 'project_name': 'tempest-NetworksTest-1613377913', 'tenant_id': 'c9d85a20a0a14981b257af12a2eff63d', 'tenant_name': 'tempest-NetworksTest-1613377913', 'user_domain_id': 'default', 'user_domain_name': 'Default', 'user_id': 'f674746fcfe3466eafc91d726025f235', 'system': None}, Network: None, Subnet: None, Router: None
2024-10-11 05:00:29.198 62820 INFO tempest.lib.common.rest_client [req-e95e139f-d274-4fe2-bdc2-bbc914fad1f9 req-e95e139f-d274-4fe2-bdc2-bbc914fad1f9 ] Request (QuotaClassesAdminTestJSON:tearDownClass): 204 DELETE http://10.180.1.21/identity/v3/projects/aecc7c0ead81450aabec2f789d5eecb8 0.166s
2024-10-11 05:00:29.264 62828 INFO tempest.lib.common.rest_client [req-baa2f65d-33b6-4d9a-8464-88a60f13887a req-baa2f65d-33b6-4d9a-8464-88a60f13887a ] Request (ServerExternalEventsTest:setUpClass): 201 POST http://10.180.1.21/identity/v3/auth/tokens 0.206s
2024-10-11 05:00:29.271 62856 INFO tempest.lib.common.rest_client [req-2270e95c-e80b-4553-a12b-51d5262934d0 req-2270e95c-e80b-4553-a12b-51d5262934d0 ] Request (NetworksTest:setUpClass): 201 POST http://10.180.1.21/identity/v3/auth/tokens 0.160s
2024-10-11 05:00:29.323 62820 INFO tempest.lib.common.rest_client [req-e753bc58-1cfc-403d-8c29-05551eb0488a req-e753bc58-1cfc-403d-8c29-05551eb0488a ] Request (ServerShowV263Test:setUpClass): 201 POST http://10.180.1.21/identity/v3/auth/tokens 0.124s
2024-10-11 05:00:29.357 62828 INFO tempest.lib.common.rest_client [req-6a78db04-9c77-4ef2-a097-4b4660c5adda req-6a78db04-9c77-4ef2-a097-4b4660c5adda ] Request (ServerExternalEventsTest:setUpClass): 201 POST http://10.180.1.21/identity/v3/projects 0.092s
2024-10-11 05:00:29.428 62856 INFO tempest.lib.common.rest_client [req-a4540164-02c4-4546-bcf4-a771dd2ba431 req-a4540164-02c4-4546-bcf4-a771dd2ba431 ] Request (NetworksTest:setUpClass): 201 POST http://10.180.1.21/identity/v3/projects 0.156s
2024-10-11 05:00:29.440 62808 INFO tempest.lib.common.rest_client [req-ef5975d3-0963-415f-9ba5-11e59ff35c80 req-ef5975d3-0963-415f-9ba5-11e59ff35c80 ] Request (FlavorsAccessNegativeTestJSON:_run_cleanups): 200 POST http://10.180.1.21/compute/v2.1/flavors/1080669333/action 1.132s
2024-10-11 05:00:29.460 62844 INFO tempest.lib.common.rest_client [req-f2414a70-3d11-469d-be0e-26c92ea1ef89 req-f2414a70-3d11-469d-be0e-26c92ea1ef89 ] Request (SecurityGroupsTestJSON:test_list_security_groups_by_server): 200 POST http://10.180.1.21/compute/v2.1/os-security-groups 1.231s
2024-10-11 05:00:29.462 62834 INFO tempest.lib.common.rest_client [req-cb958506-df3f-428e-838a-f40e50acd611 req-cb958506-df3f-428e-838a-f40e50acd611 ] Request (AggregatesAdminNegativeTestJSON:_run_cleanups): 200 DELETE http://10.180.1.21/compute/v2.1/os-aggregates/4 1.048s
2024-10-11 05:00:29.496 62820 INFO tempest.lib.common.rest_client [req-265bc2a7-3d5f-4ca6-9766-45f488f43afe req-265bc2a7-3d5f-4ca6-9766-45f488f43afe ] Request (ServerShowV263Test:setUpClass): 201 POST http://10.180.1.21/identity/v3/auth/tokens 0.171s
2024-10-11 05:00:29.506 62828 INFO tempest.lib.common.rest_client [req-33f747f9-ea1f-416d-8dd8-61acdd708389 req-33f747f9-ea1f-416d-8dd8-61acdd708389 ] Request (ServerExternalEventsTest:setUpClass): 201 POST http://10.180.1.21/identity/v3/users 0.149s
2024-10-11 05:00:29.517 62856 INFO tempest.lib.common.rest_client [req-7efc24ae-a7c1-47ee-9095-423a64e3d8e8 req-7efc24ae-a7c1-47ee-9095-423a64e3d8e8 ] Request (NetworksTest:setUpClass): 201 POST http://10.180.1.21/identity/v3/users 0.087s
2024-10-11 05:00:29.533 62820 INFO tempest.lib.common.rest_client [req-d9221ad1-f2a1-4151-88b3-1904ec694c4d req-d9221ad1-f2a1-4151-88b3-1904ec694c4d ] Request (ServerShowV263Test:setUpClass): 200 GET http://10.180.1.21/identity/v3/domains?name=Default 0.036s
2024-10-11 05:00:29.538 62828 INFO tempest.lib.common.rest_client [req-0691f1e8-32aa-4a1d-bfaf-b68da513b424 req-0691f1e8-32aa-4a1d-bfaf-b68da513b424 ] Request (ServerExternalEventsTest:setUpClass): 200 GET http://10.180.1.21/identity/v3/roles 0.031s
2024-10-11 05:00:29.556 62832 INFO tempest.lib.common.rest_client [req-8fb4a981-cc27-462f-afc4-9d955308a267 req-8fb4a981-cc27-462f-afc4-9d955308a267 ] Request (ServerDiagnosticsNegativeTest:test_get_server_diagnostics_by_non_admin): 200 GET http://10.180.1.21/compute/v2.1/servers/b00d6153-c94f-4605-9b97-9a3a813ee93b 1.101s
2024-10-11 05:00:29.560 62856 INFO tempest.lib.common.rest_client [req-e68bc058-f73c-4488-a2de-a340042c8f57 req-e68bc058-f73c-4488-a2de-a340042c8f57 ] Request (NetworksTest:setUpClass): 200 GET http://10.180.1.21/identity/v3/roles 0.042s
2024-10-11 05:00:29.563 62804 INFO tempest.lib.common.rest_client [req-b5a401b9-66d8-457e-a600-00f2132e22fa req-b5a401b9-66d8-457e-a600-00f2132e22fa ] Request (ServersAdminTestJSON:setUpClass): 200 GET http://10.180.1.21/compute/v2.1/servers/7d66f026-8b3e-4670-ada6-0109d99bb984 1.049s
2024-10-11 05:00:29.580 62822 INFO tempest.lib.common.rest_client [req-e1fabb20-b9f9-4ff6-9ce2-d9b666529a1f req-e1fabb20-b9f9-4ff6-9ce2-d9b666529a1f ] Request (InstanceActionsV221TestJSON:setUpClass): 200 PUT http://10.180.1.21:9696/networking/v2.0/routers/291f2ecd-3908-4115-9318-883e5960d56b/add_router_interface 3.034s
