2024-10-11 05:01:11.507 62804 INFO tempest.lib.common.rest_client [req-03158207-60b6-4248-9839-01fd228ce6a7 req-03158207-60b6-4248-9839-01fd228ce6a7 ] Request (SecurityGroupRulesTestJSON:setUpClass): 201 POST http://10.180.1.21/identity/v3/auth/tokens 0.075s
2024-10-11 05:01:11.527 62810 INFO tempest.lib.common.rest_client [req-d5e53243-a61e-4504-8c01-ee07afa74285 req-d5e53243-a61e-4504-8c01-ee07afa74285 ] Request (ServersTestJSON:setUpClass): 200 GET http://10.180.1.21/compute/v2.1/servers/9b49513e-4c01-4664-be2c-6058a357b0db 1.249s
2024-10-11 05:01:11.606 62842 INFO tempest.lib.common.rest_client [req-a1fced57-3f53-4b2a-b486-900e9076527a req-a1fced57-3f53-4b2a-b486-900e9076527a ] Request (AttachVolumeShelveTestJSON:test_attach_volume_shelved_or_offload_server): 200 GET http://10.180.1.21/compute/v2.1/servers/65e8971a-a149-4a11-92ad-7c5c8874530c 1.149s
2024-10-11 05:01:11.625 62820 INFO tempest.lib.common.rest_client [req-0af6fd0c-9e73-4f50-b4ea-963bd55bc773 req-0af6fd0c-9e73-4f50-b4ea-963bd55bc773 ] Request (ServerShowV254Test:test_rebuild_server): 200 GET http://10.180.1.21/compute/v2.1/servers/f4f7e2c9-229c-4547-b674-5a5219a28151 1.496s
2024-10-11 05:01:11.674 62836 INFO tempest.lib.common.rest_client [req-9b005305-7a20-4fb6-9f08-382cd3295979 req-9b005305-7a20-4fb6-9f08-382cd3295979 ] Request (ImagesTestJSON:test_create_image_from_stopped_server): 200 GET http://10.180.1.21/compute/v2.1/servers/b482dcca-ae32-425d-a097-f9af69785835 1.146s
2024-10-11 05:01:11.686 62814 INFO tempest.lib.common.rest_client [req-6ffb15d4-90fe-471e-86fd-da105f634d97 req-6ffb15d4-90fe-471e-86fd-da105f634d97 ] Request (MultipleCreateTestJSON:test_multiple_create): 200 GET http://10.180.1.21/compute/v2.1/servers/88cee397-bcbd-428c-b203-e5d9b6acbbb2 1.076s
2024-10-11 05:01:11.702 62808 INFO tempest.lib.common.rest_client [req-079ca830-c812-4ea6-a7af-e8d65af08a7e req-079ca830-c812-4ea6-a7af-e8d65af08a7e ] Request (ServerActionsV293TestJSON:setUpClass): 200 GET http://10.180.1.21/volume/v3/volumes/037f5ce4-4bab-4515-8d66-b684c30581c7 0.036s
2024-10-11 05:01:11.740 62838 INFO tempest.lib.common.rest_client [req-d6d19316-7e37-4295-b444-f6f8d9e2b451 req-d6d19316-7e37-4295-b444-f6f8d9e2b451 ] Request (ImagesNegativeTestJSON:test_create_image_from_deleted_server): 200 GET http://10.180.1.21/compute/v2.1/servers/95348a45-f517-4e21-8969-57c978985984 0.995s
2024-10-11 05:01:11.756 62852 INFO tempest.lib.common.rest_client [req-76359cf3-4fa1-43ce-a40e-7386ced902d5 req-76359cf3-4fa1-43ce-a40e-7386ced902d5 ] Request (TenantUsagesTestJSON:setUpClass): 200 GET http://10.180.1.21/compute/v2.1/servers/2e1410c0-8aff-429c-8bbb-46d9bc01de32 0.945s
2024-10-11 05:01:11.814 62816 INFO tempest.lib.common.rest_client [req-08a644d8-eaea-4de3-b9e7-effedf1c9a03 req-08a644d8-eaea-4de3-b9e7-effedf1c9a03 ] Request (ServerPasswordTestJSON:setUpClass): 200 GET http://10.180.1.21/compute/v2.1/servers/49ba74b6-fbbe-442a-b3a1-00bdd4e046e5 0.921s
2024-10-11 05:01:11.823 62850 INFO tempest.lib.common.rest_client [req-69ecdb83-77b2-4da6-93bb-b1f4befcd472 req-69ecdb83-77b2-4da6-93bb-b1f4befcd472 ] Request (FloatingIPsAssociationNegativeTestJSON:setUpClass): 200 GET http://10.180.1.21/compute/v2.1/servers/f52921c6-abbc-4a27-a451-e1cb4f5dfc48 0.850s
2024-10-11 05:01:11.883 62832 INFO tempest.lib.common.rest_client [req-b5a10226-c9f4-433b-8822-2f532a71eef0 req-b5a10226-c9f4-433b-8822-2f532a71eef0 ] Request (ServersTestJSON:test_create_server_specify_multibyte_character_name): 200 GET http://10.180.1.21/compute/v2.1/servers/7c22d751-2aa8-4794-9fbb-3be5c1ac40f4 0.888s
2024-10-11 05:01:11.898 62856 INFO tempest.lib.common.rest_client [req-96ac86d4-aac9-4e68-a86d-fbe6a44d8a30 req-96ac86d4-aac9-4e68-a86d-fbe6a44d8a30 ] Request (ServerAddressesNegativeTestJSON:setUpClass): 200 GET http://10.180.1.21/compute/v2.1/servers/5a1f074f-8e43-42f9-864d-976cdaa4639c 0.843s
2024-10-11 05:01:11.957 62858 INFO tempest.lib.common.rest_client [req-ac464603-83e9-4972-ab4f-916e6bdd1b91 req-ac464603-83e9-4972-ab4f-916e6bdd1b91 ] Request (AttachInterfacesV270Test:test_create_get_list_interfaces): 200 GET http://10.180.1.21/compute/v2.1/servers/8e7dcc93-2079-4857-8f18-513958ef4e0a 0.816s
2024-10-11 05:01:11.968 62818 INFO tempest.lib.common.rest_client [req-4207b40a-fc70-4457-a71a-c7e6e9e95ecf req-4207b40a-fc70-4457-a71a-c7e6e9e95ecf ] Request (DeleteServersTestJSON:test_delete_server_while_in_attached_volume): 200 GET http://10.180.1.21/compute/v2.1/servers/2888fde6-8a1b-41ce-a482-cb99acd74a6e 0.755s
2024-10-11 05:01:12.204 62840 INFO tempest.lib.common.rest_client [req-b77a2933-0062-4d31-ad85-820c8f56c060 req-b77a2933-0062-4d31-ad85-820c8f56c060 ] Request (ImagesOneServerNegativeTestJSON:setUpClass): 200 GET http://10.180.1.21/compute/v2.1/servers/f8db751a-c495-467c-ae32-addb4387346d 0.854s
2024-10-11 05:01:12.270 62848 INFO tempest.lib.common.rest_client [req-0d318bfd-f48c-4ef5-bada-b18945ee867f req-0d318bfd-f48c-4ef5-bada-b18945ee867f ] Request (ServerActionsTestOtherB:setUpClass): 200 GET http://10.180.1.21/compute/v2.1/servers/2236b710-2141-49a2-b3f5-9ed71090e1db 0.859s
2024-10-11 05:01:12.346 62834 INFO tempest.lib.common.rest_client [req-840bf328-757e-415a-827a-9cf3072dcbd9 req-840bf328-757e-415a-827a-9cf3072dcbd9 ] Request (InstanceActionsNegativeTestJSON:setUpClass): 200 GET http://10.180.1.21/compute/v2.1/servers/9274ce52-49af-48df-bcd1-269b8241d93f 0.862s
2024-10-11 05:01:12.475 62798 INFO tempest.lib.common.rest_client [req-0bc1a68a-3634-4de1-b4f0-1eb3505d9157 req-0bc1a68a-3634-4de1-b4f0-1eb3505d9157 ] Request (VolumesAssistedSnapshotsTest:tearDownClass): 204 DELETE http://10.180.1.21:9696/networking/v2.0/routers/fee9788e-be20-4def-8755-6e1eab78dd2f 1.055s
2024-10-11 05:01:12.522 62828 INFO tempest.lib.common.rest_client [req-1703d75e-6a63-4400-8a0e-d1287b8d591d req-1703d75e-6a63-4400-8a0e-d1287b8d591d ] Request (ServerExternalEventsTest:test_create_server_external_events): 200 GET http://10.180.1.21/compute/v2.1/servers/5845d273-b18a-447a-ad2d-a011bfcc2423 1.303s
2024-10-11 05:01:12.593 62844 INFO tempest.lib.common.rest_client [req-27efc483-0fe4-4aae-ba04-cc9fd3cb83c3 req-27efc483-0fe4-4aae-ba04-cc9fd3cb83c3 ] Request (SecurityGroupsTestJSON:test_list_security_groups_by_server): 200 GET http://10.180.1.21/compute/v2.1/servers/37cbd58c-b11a-4a62-95b2-5f4c5cf7ad1f 0.998s
2024-10-11 05:01:12.599 62844 INFO tempest.common.waiters [-] State transition "BUILD/None" ==> "BUILD/networking" after 38 second wait
2024-10-11 05:01:12.603 62798 INFO tempest.lib.common.rest_client [req-8d27a31e-3005-4c5c-9c45-c9aff0ddb952 req-8d27a31e-3005-4c5c-9c45-c9aff0ddb952 ] Request (VolumesAssistedSnapshotsTest:tearDownClass): 204 DELETE http://10.180.1.21:9696/networking/v2.0/subnets/f595f7aa-603b-4afe-9f22-deed7de362a9 0.127s
2024-10-11 05:01:12.674 62822 INFO tempest.lib.common.rest_client [req-59775196-dcb8-4785-b595-d0b9e9b4a453 req-59775196-dcb8-4785-b595-d0b9e9b4a453 ] Request (InstanceActionsV221TestJSON:test_get_list_deleted_instance_actions): 200 GET http://10.180.1.21/compute/v2.1/servers/5fc9a508-323d-4f1c-ae46-d15f340f6b73 0.600s
2024-10-11 05:01:12.679 62804 INFO tempest.lib.common.rest_client [req-2a13ed67-72e2-4212-b49e-118912ea46b5 req-2a13ed67-72e2-4212-b49e-118912ea46b5 ] Request (SecurityGroupRulesTestJSON:test_security_group_rules_create): 200 POST http://10.180.1.21/compute/v2.1/os-security-groups 1.170s
2024-10-11 05:01:12.751 62808 INFO tempest.lib.common.rest_client [req-7059872b-c705-4896-bf14-94389df883ba req-7059872b-c705-4896-bf14-94389df883ba ] Request (ServerActionsV293TestJSON:setUpClass): 200 GET http://10.180.1.21/volume/v3/volumes/037f5ce4-4bab-4515-8d66-b684c30581c7 0.040s
2024-10-11 05:01:12.761 62796 INFO tempest.lib.common.rest_client [req-007ff6da-3210-40c3-b553-bb630b34d3b0 req-007ff6da-3210-40c3-b553-bb630b34d3b0 ] Request (ServersTestManualDisk:setUpClass): 200 GET http://10.180.1.21/compute/v2.1/servers/d46bdbc6-e691-44b7-8e9c-3bedb1275e93 0.636s
2024-10-11 05:01:12.786 62800 INFO tempest.lib.common.rest_client [req-8da709c7-e7ac-4330-a8cf-483ba5f75bfa req-8da709c7-e7ac-4330-a8cf-483ba5f75bfa ] Request (ServersAdmin275Test:tearDownClass): 200 GET http://10.180.1.21/compute/v2.1/servers/d02e6383-42d9-40db-89a3-ba8b5595b95b 0.585s
2024-10-11 05:01:12.845 62826 INFO tempest.lib.common.rest_client [req-c234ac12-a330-4850-b4f1-a398fcfefe82 req-c234ac12-a330-4850-b4f1-a398fcfefe82 ] Request (ServersV294TestFqdnHostnames:setUpClass): 200 GET http://10.180.1.21/compute/v2.1/servers/1513843d-0a96-4b56-86bb-3c39ab4b3692 0.585s
2024-10-11 05:01:12.852 62846 INFO tempest.lib.common.rest_client [req-df25964b-0976-4557-bdc7-014ad8cb4743 req-df25964b-0976-4557-bdc7-014ad8cb4743 ] Request (MigrationsAdminTest:test_resize_server_revert_deleted_flavor): 200 GET http://10.180.1.21/compute/v2.1/servers/dca0a819-d11d-437e-9a4c-da4279a9d553 0.568s
2024-10-11 05:01:12.939 62854 INFO tempest.lib.common.rest_client [req-17575a31-2143-4b1e-9190-a99927e5eb31 req-17575a31-2143-4b1e-9190-a99927e5eb31 ] Request (ServerShowV257Test:test_rebuild_server): 200 GET http://10.180.1.21/compute/v2.1/servers/9316facd-0c95-4720-b0d3-c0a39df81619 0.591s
2024-10-11 05:01:12.943 62802 INFO tempest.lib.common.rest_client [req-115e57c0-7fdb-458f-8f8c-561750a29190 req-115e57c0-7fdb-458f-8f8c-561750a29190 ] Request (ServerDiskConfigTestJSON:test_rebuild_server_with_auto_disk_config): 200 GET http://10.180.1.21/compute/v2.1/servers/290e15dc-4ee0-4595-8412-d610895aeb46 0.635s
2024-10-11 05:01:12.948 62798 INFO tempest.lib.common.rest_client [req-e94db060-b7de-4fbf-86cd-392e80f9ddb1 req-e94db060-b7de-4fbf-86cd-392e80f9ddb1 ] Request (VolumesAssistedSnapshotsTest:tearDownClass): 204 DELETE http://10.180.1.21:9696/networking/v2.0/networks/b92974a0-b16d-4c3a-846e-1c25f7ce628f 0.344s
2024-10-11 05:01:13.018 62830 INFO tempest.lib.common.rest_client [req-7d17df6e-b9e8-4d39-9dcb-0c4917e30018 req-7d17df6e-b9e8-4d39-9dcb-0c4917e30018 ] Request (AttachInterfacesUnderV243Test:test_add_remove_fixed_ip): 200 GET http://10.180.1.21/compute/v2.1/servers/813e287c-9d7f-4e9c-9216-986f631b6eb6 0.601s
2024-10-11 05:01:13.032 62825 INFO tempest.lib.common.rest_client [req-9a62c7a1-7cb3-4f7b-ad2a-540a70406b5c req-9a62c7a1-7cb3-4f7b-ad2a-540a70406b5c ] Request (VolumesAdminNegativeTest:test_update_attached_volume_with_nonexistent_volume_in_body): 200 GET http://10.180.1.21/compute/v2.1/servers/14c27acb-0c19-47f9-b3fd-4f9e3e83bb5e 0.665s
2024-10-11 05:01:13.083 62806 INFO tempest.lib.common.rest_client [req-2cc64a92-963d-4fe1-bbad-7481ddc9f928 req-2cc64a92-963d-4fe1-bbad-7481ddc9f928 ] Request (DeleteServersAdminTestJSON:test_delete_server_while_in_error_state): 200 GET http://10.180.1.21/compute/v2.1/servers/4e7e1c74-10a8-4746-b6a6-56dfcc0c2d76 0.598s
2024-10-11 05:01:13.125 62810 INFO tempest.lib.common.rest_client [req-53e08e4a-57d6-4ce2-b21f-b12936224353 req-53e08e4a-57d6-4ce2-b21f-b12936224353 ] Request (ServersTestJSON:setUpClass): 200 GET http://10.180.1.21/compute/v2.1/servers/9b49513e-4c01-4664-be2c-6058a357b0db 0.588s
2024-10-11 05:01:13.161 62842 INFO tempest.lib.common.rest_client [req-96e3043e-c3e8-41f8-b914-fc29a30a819f req-96e3043e-c3e8-41f8-b914-fc29a30a819f ] Request (AttachVolumeShelveTestJSON:test_attach_volume_shelved_or_offload_server): 200 GET http://10.180.1.21/compute/v2.1/servers/65e8971a-a149-4a11-92ad-7c5c8874530c 0.544s
2024-10-11 05:01:13.181 62820 INFO tempest.lib.common.rest_client [req-7e4ef4d4-b93e-420d-a8a9-103513c3a20d req-7e4ef4d4-b93e-420d-a8a9-103513c3a20d ] Request (ServerShowV254Test:test_rebuild_server): 200 GET http://10.180.1.21/compute/v2.1/servers/f4f7e2c9-229c-4547-b674-5a5219a28151 0.539s
2024-10-11 05:01:13.240 62836 INFO tempest.lib.common.rest_client [req-c29b1357-5230-4a89-acc9-dae6f1a77c25 req-c29b1357-5230-4a89-acc9-dae6f1a77c25 ] Request (ImagesTestJSON:test_create_image_from_stopped_server): 200 GET http://10.180.1.21/compute/v2.1/servers/b482dcca-ae32-425d-a097-f9af69785835 0.559s
2024-10-11 05:01:13.317 62814 INFO tempest.lib.common.rest_client [req-f5c4c23b-0679-42c6-b814-ca2ea7b7aa75 req-f5c4c23b-0679-42c6-b814-ca2ea7b7aa75 ] Request (MultipleCreateTestJSON:test_multiple_create): 200 GET http://10.180.1.21/compute/v2.1/servers/88cee397-bcbd-428c-b203-e5d9b6acbbb2 0.620s
2024-10-11 05:01:13.401 62838 INFO tempest.lib.common.rest_client [req-1ded44d4-013f-4ea4-a158-b103cb8ee5be req-1ded44d4-013f-4ea4-a158-b103cb8ee5be ] Request (ImagesNegativeTestJSON:test_create_image_from_deleted_server): 200 GET http://10.180.1.21/compute/v2.1/servers/95348a45-f517-4e21-8969-57c978985984 0.651s
2024-10-11 05:01:13.490 62852 INFO tempest.lib.common.rest_client [req-6ac478a6-000f-41b5-8883-df6aa9bb9fe4 req-6ac478a6-000f-41b5-8883-df6aa9bb9fe4 ] Request (TenantUsagesTestJSON:setUpClass): 200 GET http://10.180.1.21/compute/v2.1/servers/2e1410c0-8aff-429c-8bbb-46d9bc01de32 0.723s
2024-10-11 05:01:13.572 62816 INFO tempest.lib.common.rest_client [req-eb56b105-9895-4293-92b0-292c54f83724 req-eb56b105-9895-4293-92b0-292c54f83724 ] Request (ServerPasswordTestJSON:setUpClass): 200 GET http://10.180.1.21/compute/v2.1/servers/49ba74b6-fbbe-442a-b3a1-00bdd4e046e5 0.746s
2024-10-11 05:01:13.641 62850 INFO tempest.lib.common.rest_client [req-9b61ed91-7933-425f-8da4-ce8f0ef5de5b req-9b61ed91-7933-425f-8da4-ce8f0ef5de5b ] Request (FloatingIPsAssociationNegativeTestJSON:setUpClass): 200 GET http://10.180.1.21/compute/v2.1/servers/f52921c6-abbc-4a27-a451-e1cb4f5dfc48 0.808s
2024-10-11 05:01:13.750 62804 INFO tempest.lib.common.rest_client [req-d4318bc6-cae6-4602-862f-2c8f9efdfe44 req-d4318bc6-cae6-4602-862f-2c8f9efdfe44 ] Request (SecurityGroupRulesTestJSON:test_security_group_rules_create): 200 POST http://10.180.1.21/compute/v2.1/os-security-group-rules 1.067s
2024-10-11 05:01:13.798 62808 INFO tempest.lib.common.rest_client [req-de3e7c80-4341-4f92-baf1-9ee58e790902 req-de3e7c80-4341-4f92-baf1-9ee58e790902 ] Request (ServerActionsV293TestJSON:setUpClass): 200 GET http://10.180.1.21/volume/v3/volumes/037f5ce4-4bab-4515-8d66-b684c30581c7 0.032s
2024-10-11 05:01:13.824 62832 INFO tempest.lib.common.rest_client [req-fe857ed2-aee6-4f69-b97a-5ac8c3c7da14 req-fe857ed2-aee6-4f69-b97a-5ac8c3c7da14 ] Request (ServersTestJSON:test_create_server_specify_multibyte_character_name): 200 GET http://10.180.1.21/compute/v2.1/servers/7c22d751-2aa8-4794-9fbb-3be5c1ac40f4 0.928s
2024-10-11 05:01:13.827 62856 INFO tempest.lib.common.rest_client [req-9617a168-624b-4934-9bb4-d7a20ec55324 req-9617a168-624b-4934-9bb4-d7a20ec55324 ] Request (ServerAddressesNegativeTestJSON:setUpClass): 200 GET http://10.180.1.21/compute/v2.1/servers/5a1f074f-8e43-42f9-864d-976cdaa4639c 0.921s
2024-10-11 05:01:13.898 62818 INFO tempest.lib.common.rest_client [req-689d9357-6654-4941-8b65-fc59e2bb9b91 req-689d9357-6654-4941-8b65-fc59e2bb9b91 ] Request (DeleteServersTestJSON:test_delete_server_while_in_attached_volume): 200 GET http://10.180.1.21/compute/v2.1/servers/2888fde6-8a1b-41ce-a482-cb99acd74a6e 0.918s
2024-10-11 05:01:13.910 62858 INFO tempest.lib.common.rest_client [req-a1cec73a-a568-40f2-9016-3e04facda54f req-a1cec73a-a568-40f2-9016-3e04facda54f ] Request (AttachInterfacesV270Test:test_create_get_list_interfaces): 200 GET http://10.180.1.21/compute/v2.1/servers/8e7dcc93-2079-4857-8f18-513958ef4e0a 0.942s
2024-10-11 05:01:13.961 62840 INFO tempest.lib.common.rest_client [req-2ac74e2d-2fb3-4787-9c69-554d1f9623f9 req-2ac74e2d-2fb3-4787-9c69-554d1f9623f9 ] Request (ImagesOneServerNegativeTestJSON:setUpClass): 200 GET http://10.180.1.21/compute/v2.1/servers/f8db751a-c495-467c-ae32-addb4387346d 0.748s
2024-10-11 05:01:13.972 62848 INFO tempest.lib.common.rest_client [req-f4104762-5c36-4cca-a53e-11defcf6f4ce req-f4104762-5c36-4cca-a53e-11defcf6f4ce ] Request (ServerActionsTestOtherB:setUpClass): 200 GET http://10.180.1.21/compute/v2.1/servers/2236b710-2141-49a2-b3f5-9ed71090e1db 0.694s
2024-10-11 05:01:14.048 62834 INFO tempest.lib.common.rest_client [req-461da6d4-905a-4add-941f-ba688666fb51 req-461da6d4-905a-4add-941f-ba688666fb51 ] Request (InstanceActionsNegativeTestJSON:setUpClass): 200 GET http://10.180.1.21/compute/v2.1/servers/9274ce52-49af-48df-bcd1-269b8241d93f 0.690s
2024-10-11 05:01:14.057 62828 INFO tempest.lib.common.rest_client [req-e8878aab-5ec4-4173-b891-da12b5b869bc req-e8878aab-5ec4-4173-b891-da12b5b869bc ] Request (ServerExternalEventsTest:test_create_server_external_events): 200 GET http://10.180.1.21/compute/v2.1/servers/5845d273-b18a-447a-ad2d-a011bfcc2423 0.528s
2024-10-11 05:01:14.129 62822 INFO tempest.lib.common.rest_client [req-aabc962d-5e09-434b-9942-6383ed093a4f req-aabc962d-5e09-434b-9942-6383ed093a4f ] Request (InstanceActionsV221TestJSON:test_get_list_deleted_instance_actions): 200 GET http://10.180.1.21/compute/v2.1/servers/5fc9a508-323d-4f1c-ae46-d15f340f6b73 0.380s
2024-10-11 05:01:14.354 62844 INFO tempest.lib.common.rest_client [req-1c7e68d7-a29b-4bdf-8f2d-a5664b7bbb7a req-1c7e68d7-a29b-4bdf-8f2d-a5664b7bbb7a ] Request (SecurityGroupsTestJSON:test_list_security_groups_by_server): 200 GET http://10.180.1.21/compute/v2.1/servers/37cbd58c-b11a-4a62-95b2-5f4c5cf7ad1f 0.754s
2024-10-11 05:01:14.361 62844 INFO tempest.common.waiters [-] State transition "BUILD/networking" ==> "BUILD/spawning" after 40 second wait
2024-10-11 05:01:14.396 62804 INFO tempest.lib.common.rest_client [req-ac122b34-569d-4009-b378-1a0eb51ce791 req-ac122b34-569d-4009-b378-1a0eb51ce791 ] Request (SecurityGroupRulesTestJSON:test_security_group_rules_create_with_optional_cidr): 200 POST http://10.180.1.21/compute/v2.1/os-security-groups 0.643s
2024-10-11 05:01:14.411 62796 INFO tempest.lib.common.rest_client [req-826e90c4-b806-4338-b663-9a885a5562c6 req-826e90c4-b806-4338-b663-9a885a5562c6 ] Request (ServersTestManualDisk:setUpClass): 200 GET http://10.180.1.21/compute/v2.1/servers/d46bdbc6-e691-44b7-8e9c-3bedb1275e93 0.642s
2024-10-11 05:01:14.417 62800 INFO tempest.lib.common.rest_client [req-682e35bd-4ef2-49fe-9306-c76214124b09 req-682e35bd-4ef2-49fe-9306-c76214124b09 ] Request (ServersAdmin275Test:tearDownClass): 404 GET http://10.180.1.21/compute/v2.1/servers/d02e6383-42d9-40db-89a3-ba8b5595b95b 0.616s
2024-10-11 05:01:14.655 62826 INFO tempest.lib.common.rest_client [req-b9a407df-9df5-4a4c-9be9-a0f616996f71 req-b9a407df-9df5-4a4c-9be9-a0f616996f71 ] Request (ServersV294TestFqdnHostnames:setUpClass): 200 GET http://10.180.1.21/compute/v2.1/servers/1513843d-0a96-4b56-86bb-3c39ab4b3692 0.795s
2024-10-11 05:01:14.668 62846 INFO tempest.lib.common.rest_client [req-48de412a-d34c-4978-bed9-a147c89b1ae4 req-48de412a-d34c-4978-bed9-a147c89b1ae4 ] Request (MigrationsAdminTest:test_resize_server_revert_deleted_flavor): 200 GET http://10.180.1.21/compute/v2.1/servers/dca0a819-d11d-437e-9a4c-da4279a9d553 0.804s
2024-10-11 05:01:14.709 62800 INFO tempest.lib.common.rest_client [req-340be37d-3060-439b-9da5-3071d34d4792 req-340be37d-3060-439b-9da5-3071d34d4792 ] Request (ServersAdmin275Test:tearDownClass): 204 DELETE http://10.180.1.21/identity/v3/users/af5a46ed6abc45f198b67f4d5b95f637 0.292s
2024-10-11 05:01:14.741 62802 INFO tempest.lib.common.rest_client [req-2771ccc5-d6e7-44cd-bf9a-bdd420d4f69a req-2771ccc5-d6e7-44cd-bf9a-bdd420d4f69a ] Request (ServerDiskConfigTestJSON:test_rebuild_server_with_auto_disk_config): 200 GET http://10.180.1.21/compute/v2.1/servers/290e15dc-4ee0-4595-8412-d610895aeb46 0.790s
2024-10-11 05:01:14.777 62854 INFO tempest.lib.common.rest_client [req-eb6ee335-ec19-4914-8037-707667674144 req-eb6ee335-ec19-4914-8037-707667674144 ] Request (ServerShowV257Test:test_rebuild_server): 200 GET http://10.180.1.21/compute/v2.1/servers/9316facd-0c95-4720-b0d3-c0a39df81619 0.823s
2024-10-11 05:01:14.786 62854 INFO tempest.common.waiters [-] State transition "REBUILD/rebuild_spawning" ==> "ACTIVE/None" after 9 second wait
2024-10-11 05:01:14.834 62830 INFO tempest.lib.common.rest_client [req-009d7647-6c84-4ff0-a2f3-7739110d7637 req-009d7647-6c84-4ff0-a2f3-7739110d7637 ] Request (AttachInterfacesUnderV243Test:test_add_remove_fixed_ip): 200 GET http://10.180.1.21/compute/v2.1/servers/813e287c-9d7f-4e9c-9216-986f631b6eb6 0.807s
2024-10-11 05:01:14.834 62808 INFO tempest.lib.common.rest_client [req-0f9603e5-2303-4cc9-997b-3bcf39d89934 req-0f9603e5-2303-4cc9-997b-3bcf39d89934 ] Request (ServerActionsV293TestJSON:setUpClass): 200 GET http://10.180.1.21/volume/v3/volumes/037f5ce4-4bab-4515-8d66-b684c30581c7 0.027s
2024-10-11 05:01:14.845 62825 INFO tempest.lib.common.rest_client [req-2e51a327-0dcc-4e07-8d4a-ccc5a7750bf3 req-2e51a327-0dcc-4e07-8d4a-ccc5a7750bf3 ] Request (VolumesAdminNegativeTest:test_update_attached_volume_with_nonexistent_volume_in_body): 200 GET http://10.180.1.21/compute/v2.1/servers/14c27acb-0c19-47f9-b3fd-4f9e3e83bb5e 0.801s
2024-10-11 05:01:14.860 62800 INFO tempest.lib.common.rest_client [req-3acdc8ac-dd96-4ad9-8be3-fd60d17f6ce6 req-3acdc8ac-dd96-4ad9-8be3-fd60d17f6ce6 ] Request (ServersAdmin275Test:tearDownClass): 204 DELETE http://10.180.1.21/identity/v3/users/ffeb5720233d4078a6c29759de17284d 0.150s
2024-10-11 05:01:14.860 62800 INFO tempest.lib.common.dynamic_creds [-] Deleting project and security group for project: f2d0b0da015442179c0a9915ae0caefd
2024-10-11 05:01:14.894 62806 INFO tempest.lib.common.rest_client [req-ae76f197-fc83-46ef-8a86-f7ccf5a49365 req-ae76f197-fc83-46ef-8a86-f7ccf5a49365 ] Request (DeleteServersAdminTestJSON:test_delete_server_while_in_error_state): 200 GET http://10.180.1.21/compute/v2.1/servers/4e7e1c74-10a8-4746-b6a6-56dfcc0c2d76 0.804s
2024-10-11 05:01:14.908 62800 INFO tempest.lib.common.rest_client [req-20c83743-41d4-4763-8b4c-0fbf35ac3baa req-20c83743-41d4-4763-8b4c-0fbf35ac3baa ] Request (ServersAdmin275Test:tearDownClass): 201 POST http://10.180.1.21/identity/v3/auth/tokens 0.048s
2024-10-11 05:01:14.910 62810 INFO tempest.lib.common.rest_client [req-dc70e7d3-e290-4f4a-9d07-09520b25b2a6 req-dc70e7d3-e290-4f4a-9d07-09520b25b2a6 ] Request (ServersTestJSON:setUpClass): 200 GET http://10.180.1.21/compute/v2.1/servers/9b49513e-4c01-4664-be2c-6058a357b0db 0.775s
2024-10-11 05:01:14.962 62842 INFO tempest.lib.common.rest_client [req-dbcee6f1-af3d-4a4c-939f-c0f5f64f627e req-dbcee6f1-af3d-4a4c-939f-c0f5f64f627e ] Request (AttachVolumeShelveTestJSON:test_attach_volume_shelved_or_offload_server): 200 GET http://10.180.1.21/compute/v2.1/servers/65e8971a-a149-4a11-92ad-7c5c8874530c 0.794s
2024-10-11 05:01:14.984 62820 INFO tempest.lib.common.rest_client [req-3da75c3d-0cff-4649-806a-bcac10dadf74 req-3da75c3d-0cff-4649-806a-bcac10dadf74 ] Request (ServerShowV254Test:test_rebuild_server): 200 GET http://10.180.1.21/compute/v2.1/servers/f4f7e2c9-229c-4547-b674-5a5219a28151 0.793s
2024-10-11 05:01:15.016 62798 INFO tempest.lib.common.rest_client [req-5c8334ec-e635-4431-a638-a44ef54a61ba req-5c8334ec-e635-4431-a638-a44ef54a61ba ] Request (VolumesAssistedSnapshotsTest:tearDownClass): 200 PUT http://10.180.1.21:9696/networking/v2.0/routers/2972731e-e1b5-4cd2-8537-448d6d939c4e/remove_router_interface 2.068s
2024-10-11 05:01:15.024 62836 INFO tempest.lib.common.rest_client [req-5e370b26-11fa-4f93-906d-9f686d5b859d req-5e370b26-11fa-4f93-906d-9f686d5b859d ] Request (ImagesTestJSON:test_create_image_from_stopped_server): 200 GET http://10.180.1.21/compute/v2.1/servers/b482dcca-ae32-425d-a097-f9af69785835 0.777s
2024-10-11 05:01:15.043 62814 INFO tempest.lib.common.rest_client [req-2cae553b-1016-48c4-bf40-300f006ddd97 req-2cae553b-1016-48c4-bf40-300f006ddd97 ] Request (MultipleCreateTestJSON:test_multiple_create): 200 GET http://10.180.1.21/compute/v2.1/servers/88cee397-bcbd-428c-b203-e5d9b6acbbb2 0.718s
2024-10-11 05:01:15.107 62838 INFO tempest.lib.common.rest_client [req-d64ccf9a-0543-4da7-9510-124224b7b891 req-d64ccf9a-0543-4da7-9510-124224b7b891 ] Request (ImagesNegativeTestJSON:test_create_image_from_deleted_server): 200 GET http://10.180.1.21/compute/v2.1/servers/95348a45-f517-4e21-8969-57c978985984 0.695s
2024-10-11 05:01:15.165 62852 INFO tempest.lib.common.rest_client [req-c55acbeb-80ce-4bb2-bedd-374242011f43 req-c55acbeb-80ce-4bb2-bedd-374242011f43 ] Request (TenantUsagesTestJSON:setUpClass): 200 GET http://10.180.1.21/compute/v2.1/servers/2e1410c0-8aff-429c-8bbb-46d9bc01de32 0.659s
2024-10-11 05:01:15.179 62800 INFO tempest.lib.common.rest_client [req-1adea735-f0fb-4424-9dc3-ca4726a57431 req-1adea735-f0fb-4424-9dc3-ca4726a57431 ] Request (ServersAdmin275Test:tearDownClass): 200 GET http://10.180.1.21:9696/networking/v2.0/security-groups?tenant_id=f2d0b0da015442179c0a9915ae0caefd&name=default 0.271s
2024-10-11 05:01:15.225 62816 INFO tempest.lib.common.rest_client [req-7e431514-f2f1-4a29-9baa-9419c83d894a req-7e431514-f2f1-4a29-9baa-9419c83d894a ] Request (ServerPasswordTestJSON:setUpClass): 200 GET http://10.180.1.21/compute/v2.1/servers/49ba74b6-fbbe-442a-b3a1-00bdd4e046e5 0.646s
2024-10-11 05:01:15.254 62804 INFO tempest.lib.common.rest_client [req-d31ad442-ff20-4bfa-957f-2a787cb59228 req-d31ad442-ff20-4bfa-957f-2a787cb59228 ] Request (SecurityGroupRulesTestJSON:test_security_group_rules_create_with_optional_cidr): 200 POST http://10.180.1.21/compute/v2.1/os-security-group-rules 0.855s
2024-10-11 05:01:15.284 62850 INFO tempest.lib.common.rest_client [req-4c3a311a-9082-45bd-822a-76dbf0d1bb36 req-4c3a311a-9082-45bd-822a-76dbf0d1bb36 ] Request (FloatingIPsAssociationNegativeTestJSON:setUpClass): 200 GET http://10.180.1.21/compute/v2.1/servers/f52921c6-abbc-4a27-a451-e1cb4f5dfc48 0.634s
2024-10-11 05:01:15.342 62800 INFO tempest.lib.common.rest_client [req-23138908-5769-447c-9eab-411634d2d18b req-23138908-5769-447c-9eab-411634d2d18b ] Request (ServersAdmin275Test:tearDownClass): 204 DELETE http://10.180.1.21:9696/networking/v2.0/security-groups/e810d401-8678-467a-8fdf-25ad85cc8e1b 0.163s
2024-10-11 05:01:15.347 62832 INFO tempest.lib.common.rest_client [req-05326b91-9ee0-4523-af4f-f412e73ea683 req-05326b91-9ee0-4523-af4f-f412e73ea683 ] Request (ServersTestJSON:test_create_server_specify_multibyte_character_name): 200 GET http://10.180.1.21/compute/v2.1/servers/7c22d751-2aa8-4794-9fbb-3be5c1ac40f4 0.516s
2024-10-11 05:01:15.358 62854 INFO tempest.lib.common.rest_client [req-74d29900-dead-4722-8aeb-82acdce311f4 req-74d29900-dead-4722-8aeb-82acdce311f4 ] Request (ServerShowV257Test:tearDownClass): 204 DELETE http://10.180.1.21/compute/v2.1/servers/9316facd-0c95-4720-b0d3-c0a39df81619 0.571s
2024-10-11 05:01:15.414 62856 INFO tempest.lib.common.rest_client [req-b70eca83-772b-41b1-b32c-06cf9b4ec6f6 req-b70eca83-772b-41b1-b32c-06cf9b4ec6f6 ] Request (ServerAddressesNegativeTestJSON:setUpClass): 200 GET http://10.180.1.21/compute/v2.1/servers/5a1f074f-8e43-42f9-864d-976cdaa4639c 0.573s
2024-10-11 05:01:15.420 62818 INFO tempest.lib.common.rest_client [req-6cf10fb3-614b-43cd-b6a9-07d567949487 req-6cf10fb3-614b-43cd-b6a9-07d567949487 ] Request (DeleteServersTestJSON:test_delete_server_while_in_attached_volume): 200 GET http://10.180.1.21/compute/v2.1/servers/2888fde6-8a1b-41ce-a482-cb99acd74a6e 0.514s
2024-10-11 05:01:15.465 62800 INFO tempest.lib.common.rest_client [req-fedb26a8-80d9-4198-9758-505bd1e41af9 req-fedb26a8-80d9-4198-9758-505bd1e41af9 ] Request (ServersAdmin275Test:tearDownClass): 204 DELETE http://10.180.1.21/identity/v3/projects/f2d0b0da015442179c0a9915ae0caefd 0.123s
2024-10-11 05:01:15.466 62800 INFO tempest.lib.common.dynamic_creds [-] Deleting project and security group for project: 1d104f357aee4d5093ef84f633ac9f20
2024-10-11 05:01:15.475 62858 INFO tempest.lib.common.rest_client [req-5dbd4e0c-c4a9-4a88-8b56-bf4db008f2f6 req-5dbd4e0c-c4a9-4a88-8b56-bf4db008f2f6 ] Request (AttachInterfacesV270Test:test_create_get_list_interfaces): 200 GET http://10.180.1.21/compute/v2.1/servers/8e7dcc93-2079-4857-8f18-513958ef4e0a 0.555s
2024-10-11 05:01:15.490 62840 INFO tempest.lib.common.rest_client [req-84be08a4-f182-4110-afd2-f6fcdddad8fd req-84be08a4-f182-4110-afd2-f6fcdddad8fd ] Request (ImagesOneServerNegativeTestJSON:setUpClass): 200 GET http://10.180.1.21/compute/v2.1/servers/f8db751a-c495-467c-ae32-addb4387346d 0.517s
2024-10-11 05:01:15.559 62848 INFO tempest.lib.common.rest_client [req-513e44c5-ba67-41bb-ada1-048d681fdca7 req-513e44c5-ba67-41bb-ada1-048d681fdca7 ] Request (ServerActionsTestOtherB:setUpClass): 200 GET http://10.180.1.21/compute/v2.1/servers/2236b710-2141-49a2-b3f5-9ed71090e1db 0.572s
2024-10-11 05:01:15.561 62834 INFO tempest.lib.common.rest_client [req-042f958b-546e-470b-a076-06a8d40f06d1 req-042f958b-546e-470b-a076-06a8d40f06d1 ] Request (InstanceActionsNegativeTestJSON:setUpClass): 200 GET http://10.180.1.21/compute/v2.1/servers/9274ce52-49af-48df-bcd1-269b8241d93f 0.506s
2024-10-11 05:01:15.587 62798 INFO tempest.lib.common.rest_client [req-6eb40c68-3a92-472d-970c-3508c938a9f7 req-6eb40c68-3a92-472d-970c-3508c938a9f7 ] Request (VolumesAssistedSnapshotsTest:tearDownClass): 204 DELETE http://10.180.1.21:9696/networking/v2.0/routers/2972731e-e1b5-4cd2-8537-448d6d939c4e 0.570s
2024-10-11 05:01:15.622 62828 INFO tempest.lib.common.rest_client [req-583d1732-6179-4c0a-93d8-9ab87b2d77f4 req-583d1732-6179-4c0a-93d8-9ab87b2d77f4 ] Request (ServerExternalEventsTest:test_create_server_external_events): 200 GET http://10.180.1.21/compute/v2.1/servers/5845d273-b18a-447a-ad2d-a011bfcc2423 0.555s
2024-10-11 05:01:15.647 62822 INFO tempest.lib.common.rest_client [req-04a45be5-c052-4248-9f0d-06c8d00f24f2 req-04a45be5-c052-4248-9f0d-06c8d00f24f2 ] Request (InstanceActionsV221TestJSON:test_get_list_deleted_instance_actions): 200 GET http://10.180.1.21/compute/v2.1/servers/5fc9a508-323d-4f1c-ae46-d15f340f6b73 0.508s
2024-10-11 05:01:15.724 62854 INFO tempest.lib.common.rest_client [req-212cfbef-7d24-4dbd-bd52-5be0f06beaca req-212cfbef-7d24-4dbd-bd52-5be0f06beaca ] Request (ServerShowV257Test:tearDownClass): 200 GET http://10.180.1.21/compute/v2.1/servers/9316facd-0c95-4720-b0d3-c0a39df81619 0.365s
2024-10-11 05:01:15.824 62804 INFO tempest.lib.common.rest_client [req-c31eabc3-867b-4ffb-8b74-b03304affde2 req-c31eabc3-867b-4ffb-8b74-b03304affde2 ] Request (SecurityGroupRulesTestJSON:test_security_group_rules_create_with_optional_group_id): 200 POST http://10.180.1.21/compute/v2.1/os-security-groups 0.567s
2024-10-11 05:01:15.825 62800 INFO tempest.lib.common.rest_client [req-61b42a9b-a0f0-47ce-9a6e-8a38b11324d9 req-61b42a9b-a0f0-47ce-9a6e-8a38b11324d9 ] Request (ServersAdmin275Test:tearDownClass): 200 GET http://10.180.1.21:9696/networking/v2.0/security-groups?tenant_id=1d104f357aee4d5093ef84f633ac9f20&name=default 0.359s
2024-10-11 05:01:15.875 62808 INFO tempest.lib.common.rest_client [req-82e055ed-ae1d-421a-89ef-1c3dbc668a73 req-82e055ed-ae1d-421a-89ef-1c3dbc668a73 ] Request (ServerActionsV293TestJSON:setUpClass): 200 GET http://10.180.1.21/volume/v3/volumes/037f5ce4-4bab-4515-8d66-b684c30581c7 0.034s
2024-10-11 05:01:15.893 62844 INFO tempest.lib.common.rest_client [req-aba5e219-5e7f-40a9-9ff0-383b4fe00036 req-aba5e219-5e7f-40a9-9ff0-383b4fe00036 ] Request (SecurityGroupsTestJSON:test_list_security_groups_by_server): 200 GET http://10.180.1.21/compute/v2.1/servers/37cbd58c-b11a-4a62-95b2-5f4c5cf7ad1f 0.530s
2024-10-11 05:01:15.906 62796 INFO tempest.lib.common.rest_client [req-4587a853-2f71-4b18-8427-a24ef284dfb9 req-4587a853-2f71-4b18-8427-a24ef284dfb9 ] Request (ServersTestManualDisk:setUpClass): 200 GET http://10.180.1.21/compute/v2.1/servers/d46bdbc6-e691-44b7-8e9c-3bedb1275e93 0.485s
2024-10-11 05:01:15.941 62798 INFO tempest.lib.common.rest_client [req-027604fb-c071-42dc-8de4-612313cce3bd req-027604fb-c071-42dc-8de4-612313cce3bd ] Request (VolumesAssistedSnapshotsTest:tearDownClass): 204 DELETE http://10.180.1.21:9696/networking/v2.0/subnets/2dc8ee42-53b6-4368-b485-19a38ca5cf2f 0.353s
2024-10-11 05:01:15.950 62826 INFO tempest.lib.common.rest_client [req-e1afd4a9-4cf7-4dcc-bc3d-3afad2ba35d0 req-e1afd4a9-4cf7-4dcc-bc3d-3afad2ba35d0 ] Request (ServersV294TestFqdnHostnames:setUpClass): 200 GET http://10.180.1.21/compute/v2.1/servers/1513843d-0a96-4b56-86bb-3c39ab4b3692 0.281s
2024-10-11 05:01:15.959 62800 INFO tempest.lib.common.rest_client [req-d62ae724-537f-4625-80a6-ad302f9ba0f3 req-d62ae724-537f-4625-80a6-ad302f9ba0f3 ] Request (ServersAdmin275Test:tearDownClass): 204 DELETE http://10.180.1.21:9696/networking/v2.0/security-groups/6a4623bc-dbfa-4d5e-9696-2e2e949dbd1c 0.133s
2024-10-11 05:01:15.961 62846 INFO tempest.lib.common.rest_client [req-293066ab-7d40-4b41-890b-41ecf2e73362 req-293066ab-7d40-4b41-890b-41ecf2e73362 ] Request (MigrationsAdminTest:test_resize_server_revert_deleted_flavor): 200 GET http://10.180.1.21/compute/v2.1/servers/dca0a819-d11d-437e-9a4c-da4279a9d553 0.286s
2024-10-11 05:01:16.007 62802 INFO tempest.lib.common.rest_client [req-640ad52c-237b-4301-a8a9-019e2f4addb6 req-640ad52c-237b-4301-a8a9-019e2f4addb6 ] Request (ServerDiskConfigTestJSON:test_rebuild_server_with_auto_disk_config): 200 GET http://10.180.1.21/compute/v2.1/servers/290e15dc-4ee0-4595-8412-d610895aeb46 0.258s
2024-10-11 05:01:16.059 62800 INFO tempest.lib.common.rest_client [req-1f94f26f-f5ed-4183-ba34-2439af507cce req-1f94f26f-f5ed-4183-ba34-2439af507cce ] Request (ServersAdmin275Test:tearDownClass): 204 DELETE http://10.180.1.21/identity/v3/projects/1d104f357aee4d5093ef84f633ac9f20 0.099s
2024-10-11 05:01:16.060 62830 INFO tempest.lib.common.rest_client [req-8ac4feb3-3b08-4f97-80d7-74e79f41c575 req-8ac4feb3-3b08-4f97-80d7-74e79f41c575 ] Request (AttachInterfacesUnderV243Test:test_add_remove_fixed_ip): 200 GET http://10.180.1.21/compute/v2.1/servers/813e287c-9d7f-4e9c-9216-986f631b6eb6 0.219s
2024-10-11 05:01:16.118 62825 INFO tempest.lib.common.rest_client [req-eab90ec2-5478-4b1f-9145-a5e6d680e884 req-eab90ec2-5478-4b1f-9145-a5e6d680e884 ] Request (VolumesAdminNegativeTest:test_update_attached_volume_with_nonexistent_volume_in_body): 200 GET http://10.180.1.21/compute/v2.1/servers/14c27acb-0c19-47f9-b3fd-4f9e3e83bb5e 0.264s
2024-10-11 05:01:16.144 62800 INFO tempest.lib.common.rest_client [req-b7cc5afa-d131-4f6b-8105-d0b3e0772010 req-b7cc5afa-d131-4f6b-8105-d0b3e0772010 ] Request (ServicesAdminTestJSON:setUpClass): 201 POST http://10.180.1.21/identity/v3/auth/tokens 0.084s
2024-10-11 05:01:16.151 62804 INFO tempest.lib.common.rest_client [req-108fe55e-eee9-4df2-a1c4-5757dd87c130 req-108fe55e-eee9-4df2-a1c4-5757dd87c130 ] Request (SecurityGroupRulesTestJSON:test_security_group_rules_create_with_optional_group_id): 200 POST http://10.180.1.21/compute/v2.1/os-security-groups 0.325s
2024-10-11 05:01:16.175 62806 INFO tempest.lib.common.rest_client [req-84fb3995-1e60-4080-92ba-f421eed957c7 req-84fb3995-1e60-4080-92ba-f421eed957c7 ] Request (DeleteServersAdminTestJSON:test_delete_server_while_in_error_state): 200 GET http://10.180.1.21/compute/v2.1/servers/4e7e1c74-10a8-4746-b6a6-56dfcc0c2d76 0.274s
2024-10-11 05:01:16.185 62800 INFO tempest.lib.common.rest_client [req-83a1e801-54bc-4e8a-b485-75c9e3009831 req-83a1e801-54bc-4e8a-b485-75c9e3009831 ] Request (ServicesAdminTestJSON:setUpClass): 201 POST http://10.180.1.21/identity/v3/auth/tokens 0.038s
2024-10-11 05:01:16.202 62810 INFO tempest.lib.common.rest_client [req-61610f7b-47a1-4648-af6d-274b83a87cbb req-61610f7b-47a1-4648-af6d-274b83a87cbb ] Request (ServersTestJSON:setUpClass): 200 GET http://10.180.1.21/compute/v2.1/servers/9b49513e-4c01-4664-be2c-6058a357b0db 0.285s
2024-10-11 05:01:16.209 62800 INFO tempest.lib.common.rest_client [req-9d08e28e-a72c-488c-abaf-81222d0c3c7a req-9d08e28e-a72c-488c-abaf-81222d0c3c7a ] Request (ServicesAdminTestJSON:setUpClass): 200 GET http://10.180.1.21/identity/v3/domains?name=Default 0.023s
2024-10-11 05:01:16.229 62842 INFO tempest.lib.common.rest_client [req-6b4a52fd-4711-4928-8505-6146a69d76e8 req-6b4a52fd-4711-4928-8505-6146a69d76e8 ] Request (AttachVolumeShelveTestJSON:test_attach_volume_shelved_or_offload_server): 200 GET http://10.180.1.21/compute/v2.1/servers/65e8971a-a149-4a11-92ad-7c5c8874530c 0.259s
2024-10-11 05:01:16.235 62800 INFO tempest.lib.common.rest_client [req-42570290-d8b8-447c-8886-f8aadb96651a req-42570290-d8b8-447c-8886-f8aadb96651a ] Request (ServicesAdminTestJSON:setUpClass): 201 POST http://10.180.1.21/identity/v3/projects 0.026s
2024-10-11 05:01:16.257 62820 INFO tempest.lib.common.rest_client [req-4ce526cc-3773-4621-a284-ececddc0d342 req-4ce526cc-3773-4621-a284-ececddc0d342 ] Request (ServerShowV254Test:test_rebuild_server): 200 GET http://10.180.1.21/compute/v2.1/servers/f4f7e2c9-229c-4547-b674-5a5219a28151 0.264s
2024-10-11 05:01:16.287 62836 INFO tempest.lib.common.rest_client [req-1b660861-dafb-4553-b598-3052c35e0bee req-1b660861-dafb-4553-b598-3052c35e0bee ] Request (ImagesTestJSON:test_create_image_from_stopped_server): 200 GET http://10.180.1.21/compute/v2.1/servers/b482dcca-ae32-425d-a097-f9af69785835 0.255s
2024-10-11 05:01:16.308 62800 INFO tempest.lib.common.rest_client [req-7ad9d1bb-0b18-46a3-b495-4759f0e9f501 req-7ad9d1bb-0b18-46a3-b495-4759f0e9f501 ] Request (ServicesAdminTestJSON:setUpClass): 201 POST http://10.180.1.21/identity/v3/users 0.072s
2024-10-11 05:01:16.310 62814 INFO tempest.lib.common.rest_client [req-b1cde830-c2eb-47e9-8b9f-520da8ddd118 req-b1cde830-c2eb-47e9-8b9f-520da8ddd118 ] Request (MultipleCreateTestJSON:test_multiple_create): 200 GET http://10.180.1.21/compute/v2.1/servers/88cee397-bcbd-428c-b203-e5d9b6acbbb2 0.259s
2024-10-11 05:01:16.327 62798 INFO tempest.lib.common.rest_client [req-a8f14e9b-3628-4d86-932b-6392ddc23db1 req-a8f14e9b-3628-4d86-932b-6392ddc23db1 ] Request (VolumesAssistedSnapshotsTest:tearDownClass): 204 DELETE http://10.180.1.21:9696/networking/v2.0/networks/cc1f125c-f903-4fe1-b29a-ad24395d61b5 0.386s
2024-10-11 05:01:16.329 62800 INFO tempest.lib.common.rest_client [req-d2c80566-4521-40ca-b1a3-0de97bdfe4e0 req-d2c80566-4521-40ca-b1a3-0de97bdfe4e0 ] Request (ServicesAdminTestJSON:setUpClass): 200 GET http://10.180.1.21/identity/v3/roles 0.020s
2024-10-11 05:01:16.347 62838 INFO tempest.lib.common.rest_client [req-eddf6358-c871-4e4b-9bb8-c7fe46367d14 req-eddf6358-c871-4e4b-9bb8-c7fe46367d14 ] Request (ImagesNegativeTestJSON:test_create_image_from_deleted_server): 200 GET http://10.180.1.21/compute/v2.1/servers/95348a45-f517-4e21-8969-57c978985984 0.229s
2024-10-11 05:01:16.363 62800 INFO tempest.lib.common.rest_client [req-b52100e2-f18c-4a5d-8646-69ec1991db5a req-b52100e2-f18c-4a5d-8646-69ec1991db5a ] Request (ServicesAdminTestJSON:setUpClass): 204 PUT http://10.180.1.21/identity/v3/projects/c39aa3487c6a40fca01ea098aff06fd0/users/33d6cf1bea064ce7a26ab80b7e860caf/roles/f3c0e00d29714df8814ef1e0d32f6934 0.034s
2024-10-11 05:01:16.364 62800 INFO tempest.lib.common.dynamic_creds [-] Dynamic test user 33d6cf1bea064ce7a26ab80b7e860caf is created with scope project and roles: ['member']
2024-10-11 05:01:16.364 62800 INFO tempest.lib.common.dynamic_creds [-] Acquired dynamic creds: credentials: Credentials: {'domain_id': 'default', 'domain_name': 'Default', 'username': 'tempest-ServicesAdminTestJSON-1799213985-project-member', 'project_domain_id': 'default', 'project_domain_name': 'Default', 'project_id': 'c39aa3487c6a40fca01ea098aff06fd0', 'project_name': 'tempest-ServicesAdminTestJSON-1799213985', 'tenant_id': 'c39aa3487c6a40fca01ea098aff06fd0', 'tenant_name': 'tempest-ServicesAdminTestJSON-1799213985', 'user_domain_id': 'default', 'user_domain_name': 'Default', 'user_id': '33d6cf1bea064ce7a26ab80b7e860caf', 'system': None}, Network: None, Subnet: None, Router: None
2024-10-11 05:01:16.364 62800 INFO tempest.lib.common.dynamic_creds [-] Created isolated network resources for: credentials: Credentials: {'domain_id': 'default', 'domain_name': 'Default', 'username': 'tempest-ServicesAdminTestJSON-1799213985-project-member', 'project_domain_id': 'default', 'project_domain_name': 'Default', 'project_id': 'c39aa3487c6a40fca01ea098aff06fd0', 'project_name': 'tempest-ServicesAdminTestJSON-1799213985', 'tenant_id': 'c39aa3487c6a40fca01ea098aff06fd0', 'tenant_name': 'tempest-ServicesAdminTestJSON-1799213985', 'user_domain_id': 'default', 'user_domain_name': 'Default', 'user_id': '33d6cf1bea064ce7a26ab80b7e860caf', 'system': None}, Network: None, Subnet: None, Router: None
2024-10-11 05:01:16.404 62852 INFO tempest.lib.common.rest_client [req-1301e84b-2121-4978-8154-e03c5bea1410 req-1301e84b-2121-4978-8154-e03c5bea1410 ] Request (TenantUsagesTestJSON:setUpClass): 200 GET http://10.180.1.21/compute/v2.1/servers/2e1410c0-8aff-429c-8bbb-46d9bc01de32 0.227s
2024-10-11 05:01:16.451 62800 INFO tempest.lib.common.rest_client [req-bcbcab92-cf26-463c-8777-496a9a278845 req-bcbcab92-cf26-463c-8777-496a9a278845 ] Request (ServicesAdminTestJSON:setUpClass): 201 POST http://10.180.1.21/identity/v3/auth/tokens 0.083s
2024-10-11 05:01:16.471 62816 INFO tempest.lib.common.rest_client [req-ca1626c5-809e-444c-b4bf-2899bf908cbc req-ca1626c5-809e-444c-b4bf-2899bf908cbc ] Request (ServerPasswordTestJSON:setUpClass): 200 GET http://10.180.1.21/compute/v2.1/servers/49ba74b6-fbbe-442a-b3a1-00bdd4e046e5 0.235s
2024-10-11 05:01:16.526 62800 INFO tempest.lib.common.rest_client [req-d87fc89c-5edc-444f-9d07-d8c0abf3df0d req-d87fc89c-5edc-444f-9d07-d8c0abf3df0d ] Request (ServicesAdminTestJSON:setUpClass): 201 POST http://10.180.1.21/identity/v3/projects 0.074s
2024-10-11 05:01:16.537 62850 INFO tempest.lib.common.rest_client [req-e5330743-7cf7-4429-8586-c14be71b77a1 req-e5330743-7cf7-4429-8586-c14be71b77a1 ] Request (FloatingIPsAssociationNegativeTestJSON:setUpClass): 200 GET http://10.180.1.21/compute/v2.1/servers/f52921c6-abbc-4a27-a451-e1cb4f5dfc48 0.242s
2024-10-11 05:01:16.584 62800 INFO tempest.lib.common.rest_client [req-794e0c39-88a1-46b6-abdc-5072639bf72b req-794e0c39-88a1-46b6-abdc-5072639bf72b ] Request (ServicesAdminTestJSON:setUpClass): 201 POST http://10.180.1.21/identity/v3/users 0.057s
2024-10-11 05:01:16.597 62832 INFO tempest.lib.common.rest_client [req-d4f41bbc-a55d-4866-be31-c45f89a4203a req-d4f41bbc-a55d-4866-be31-c45f89a4203a ] Request (ServersTestJSON:test_create_server_specify_multibyte_character_name): 200 GET http://10.180.1.21/compute/v2.1/servers/7c22d751-2aa8-4794-9fbb-3be5c1ac40f4 0.243s
2024-10-11 05:01:16.611 62800 INFO tempest.lib.common.rest_client [req-bc3477ad-63b6-4d2c-ac24-97d941cd920f req-bc3477ad-63b6-4d2c-ac24-97d941cd920f ] Request (ServicesAdminTestJSON:setUpClass): 200 GET http://10.180.1.21/identity/v3/roles 0.027s
2024-10-11 05:01:16.650 62800 INFO tempest.lib.common.rest_client [req-a8ec4f71-7404-4cf4-8eb1-7764e8c1dcc3 req-a8ec4f71-7404-4cf4-8eb1-7764e8c1dcc3 ] Request (ServicesAdminTestJSON:setUpClass): 204 PUT http://10.180.1.21/identity/v3/projects/ac792012ccb74cdb88a8731ae25ef371/users/2542ca2f815741efb45a3886ba8e135f/roles/c9b0d198ce354fa4895e233c10a48758 0.038s
2024-10-11 05:01:16.653 62856 INFO tempest.lib.common.rest_client [req-e154f626-83e5-4720-aa31-41998207cab0 req-e154f626-83e5-4720-aa31-41998207cab0 ] Request (ServerAddressesNegativeTestJSON:setUpClass): 200 GET http://10.180.1.21/compute/v2.1/servers/5a1f074f-8e43-42f9-864d-976cdaa4639c 0.231s
2024-10-11 05:01:16.670 62804 INFO tempest.lib.common.rest_client [req-bfd0b144-ce3d-48e3-a36d-151d3fbc3fa3 req-bfd0b144-ce3d-48e3-a36d-151d3fbc3fa3 ] Request (SecurityGroupRulesTestJSON:test_security_group_rules_create_with_optional_group_id): 200 POST http://10.180.1.21/compute/v2.1/os-security-group-rules 0.515s
2024-10-11 05:01:16.673 62804 WARNING tempest.lib.common.rest_client [-] Deprecated: "tenant_id" property is deprecated for removal, use "project_id" instead
2024-10-11 05:01:16.712 62818 INFO tempest.lib.common.rest_client [req-04531265-b331-4625-a720-34fa32d44fcd req-04531265-b331-4625-a720-34fa32d44fcd ] Request (DeleteServersTestJSON:test_delete_server_while_in_attached_volume): 200 GET http://10.180.1.21/compute/v2.1/servers/2888fde6-8a1b-41ce-a482-cb99acd74a6e 0.283s
2024-10-11 05:01:16.724 62800 INFO tempest.lib.common.rest_client [req-3d1c6e40-3524-4cf3-9fb7-b1e1b4735b09 req-3d1c6e40-3524-4cf3-9fb7-b1e1b4735b09 ] Request (ServicesAdminTestJSON:setUpClass): 200 GET http://10.180.1.21/identity/v3/roles 0.074s
2024-10-11 05:01:16.729 62858 INFO tempest.lib.common.rest_client [req-11df7052-66a7-485e-a0c6-05d451d253a4 req-11df7052-66a7-485e-a0c6-05d451d253a4 ] Request (AttachInterfacesV270Test:test_create_get_list_interfaces): 200 GET http://10.180.1.21/compute/v2.1/servers/8e7dcc93-2079-4857-8f18-513958ef4e0a 0.240s
2024-10-11 05:01:16.746 62800 INFO tempest.lib.common.rest_client [req-cb4fca0f-b936-486e-bb21-18f24a65b120 req-cb4fca0f-b936-486e-bb21-18f24a65b120 ] Request (ServicesAdminTestJSON:setUpClass): 204 PUT http://10.180.1.21/identity/v3/projects/ac792012ccb74cdb88a8731ae25ef371/users/2542ca2f815741efb45a3886ba8e135f/roles/c9b0d198ce354fa4895e233c10a48758 0.022s
2024-10-11 05:01:16.747 62800 INFO tempest.lib.common.dynamic_creds [-] Dynamic test user 2542ca2f815741efb45a3886ba8e135f is created with scope project and roles: ['admin']
2024-10-11 05:01:16.747 62800 INFO tempest.lib.common.dynamic_creds [-] Acquired dynamic creds: credentials: Credentials: {'domain_id': 'default', 'domain_name': 'Default', 'username': 'tempest-ServicesAdminTestJSON-1423028749-project-admin', 'project_domain_id': 'default', 'project_domain_name': 'Default', 'project_id': 'ac792012ccb74cdb88a8731ae25ef371', 'project_name': 'tempest-ServicesAdminTestJSON-1423028749', 'tenant_id': 'ac792012ccb74cdb88a8731ae25ef371', 'tenant_name': 'tempest-ServicesAdminTestJSON-1423028749', 'user_domain_id': 'default', 'user_domain_name': 'Default', 'user_id': '2542ca2f815741efb45a3886ba8e135f', 'system': None}, Network: None, Subnet: None, Router: None
2024-10-11 05:01:16.747 62800 INFO tempest.lib.common.dynamic_creds [-] Created isolated network resources for: credentials: Credentials: {'domain_id': 'default', 'domain_name': 'Default', 'username': 'tempest-ServicesAdminTestJSON-1423028749-project-admin', 'project_domain_id': 'default', 'project_domain_name': 'Default', 'project_id': 'ac792012ccb74cdb88a8731ae25ef371', 'project_name': 'tempest-ServicesAdminTestJSON-1423028749', 'tenant_id': 'ac792012ccb74cdb88a8731ae25ef371', 'tenant_name': 'tempest-ServicesAdminTestJSON-1423028749', 'user_domain_id': 'default', 'user_domain_name': 'Default', 'user_id': '2542ca2f815741efb45a3886ba8e135f', 'system': None}, Network: None, Subnet: None, Router: None
2024-10-11 05:01:16.763 62840 INFO tempest.lib.common.rest_client [req-dbe29ada-a0fa-4bd7-a263-a9658701e23d req-dbe29ada-a0fa-4bd7-a263-a9658701e23d ] Request (ImagesOneServerNegativeTestJSON:setUpClass): 200 GET http://10.180.1.21/compute/v2.1/servers/f8db751a-c495-467c-ae32-addb4387346d 0.261s
2024-10-11 05:01:16.782 62848 INFO tempest.lib.common.rest_client [req-17571f35-dc1a-4cbb-9777-bc5942864ced req-17571f35-dc1a-4cbb-9777-bc5942864ced ] Request (ServerActionsTestOtherB:setUpClass): 200 GET http://10.180.1.21/compute/v2.1/servers/2236b710-2141-49a2-b3f5-9ed71090e1db 0.214s
2024-10-11 05:01:16.819 62834 INFO tempest.lib.common.rest_client [req-9b83b951-168a-457f-a1b2-d85d7099abdd req-9b83b951-168a-457f-a1b2-d85d7099abdd ] Request (InstanceActionsNegativeTestJSON:setUpClass): 200 GET http://10.180.1.21/compute/v2.1/servers/9274ce52-49af-48df-bcd1-269b8241d93f 0.247s
2024-10-11 05:01:16.831 62800 INFO tempest.lib.common.rest_client [req-e2aff531-ca0d-43c4-a64e-d640338b1949 req-e2aff531-ca0d-43c4-a64e-d640338b1949 ] Request (ServicesAdminTestJSON:setUpClass): 201 POST http://10.180.1.21/identity/v3/auth/tokens 0.082s
2024-10-11 05:01:16.839 62828 INFO tempest.lib.common.rest_client [req-229f9c7a-c08e-486f-8ed2-533663fff81c req-229f9c7a-c08e-486f-8ed2-533663fff81c ] Request (ServerExternalEventsTest:test_create_server_external_events): 200 GET http://10.180.1.21/compute/v2.1/servers/5845d273-b18a-447a-ad2d-a011bfcc2423 0.202s
2024-10-11 05:01:16.873 62822 INFO tempest.lib.common.rest_client [req-7bd2948d-ce92-4545-9337-9c0758cd74f3 req-7bd2948d-ce92-4545-9337-9c0758cd74f3 ] Request (InstanceActionsV221TestJSON:test_get_list_deleted_instance_actions): 200 GET http://10.180.1.21/compute/v2.1/servers/5fc9a508-323d-4f1c-ae46-d15f340f6b73 0.216s
2024-10-11 05:01:16.913 62808 INFO tempest.lib.common.rest_client [req-6763dc2c-5da5-4f2b-9bbc-54492bd6fb17 req-6763dc2c-5da5-4f2b-9bbc-54492bd6fb17 ] Request (ServerActionsV293TestJSON:setUpClass): 200 GET http://10.180.1.21/volume/v3/volumes/037f5ce4-4bab-4515-8d66-b684c30581c7 0.030s
2024-10-11 05:01:16.931 62854 INFO tempest.lib.common.rest_client [req-42669507-8140-4fb3-b723-b9bd932cf9db req-42669507-8140-4fb3-b723-b9bd932cf9db ] Request (ServerShowV257Test:tearDownClass): 200 GET http://10.180.1.21/compute/v2.1/servers/9316facd-0c95-4720-b0d3-c0a39df81619 0.197s
2024-10-11 05:01:16.960 62804 INFO tempest.lib.common.rest_client [req-73b2f919-604b-48b2-beef-e8efee35642a req-73b2f919-604b-48b2-beef-e8efee35642a ] Request (SecurityGroupRulesTestJSON:test_security_group_rules_delete_when_peer_group_deleted): 200 POST http://10.180.1.21/compute/v2.1/os-security-groups 0.286s
2024-10-11 05:01:17.007 62844 INFO tempest.lib.common.rest_client [req-ed0cb915-749e-4a5b-bd32-b4a4cd5d5ccc req-ed0cb915-749e-4a5b-bd32-b4a4cd5d5ccc ] Request (SecurityGroupsTestJSON:test_list_security_groups_by_server): 200 GET http://10.180.1.21/compute/v2.1/servers/37cbd58c-b11a-4a62-95b2-5f4c5cf7ad1f 0.102s
2024-10-11 05:01:17.011 62800 INFO tempest.lib.common.rest_client [req-1263b1b1-cd06-4c13-ac8e-9fc0d9d3bb8f req-1263b1b1-cd06-4c13-ac8e-9fc0d9d3bb8f ] Request (ServicesAdminTestJSON:test_get_service_by_host_name): 200 GET http://10.180.1.21/compute/v2.1/os-services 0.179s
2024-10-11 05:01:17.041 62798 INFO tempest.lib.common.rest_client [req-905b7f78-b860-4f53-bdb8-8253d60486a1 req-905b7f78-b860-4f53-bdb8-8253d60486a1 ] Request (VolumesAssistedSnapshotsTest:tearDownClass): 200 PUT http://10.180.1.21:9696/networking/v2.0/routers/1fc3649b-366e-4488-98eb-008f42b33273/remove_router_interface 0.713s
