2024-10-11 05:01:21.148 62804 INFO tempest.lib.common.rest_client [req-d8aee5bc-ec14-4261-941d-485f36c6652c req-d8aee5bc-ec14-4261-941d-485f36c6652c ] Request (SecurityGroupRulesTestJSON:tearDownClass): 202 DELETE http://10.180.1.21/compute/v2.1/os-security-groups/6b172597-e31c-452d-8406-1aecaae99c04 0.362s
2024-10-11 05:01:21.184 62798 INFO tempest.lib.common.rest_client [req-4d4429d6-18cb-4422-8cda-d310a6d8f45e req-4d4429d6-18cb-4422-8cda-d310a6d8f45e ] Request (ServersWithSpecificFlavorTestJSON:setUpClass): 200 PUT http://10.180.1.21:9696/networking/v2.0/routers/b041911f-ad1d-4c7e-b776-a8ad5a793388/add_router_interface 0.840s
2024-10-11 05:01:21.184 62798 INFO tempest.lib.common.dynamic_creds [-] Created isolated network resources for: credentials: Credentials: {'domain_id': 'default', 'domain_name': 'Default', 'username': 'tempest-ServersWithSpecificFlavorTestJSON-1103641373-project-member', 'project_domain_id': 'default', 'project_domain_name': 'Default', 'project_id': '38a5cd0418f841c38e45284f2b12ad53', 'project_name': 'tempest-ServersWithSpecificFlavorTestJSON-1103641373', 'tenant_id': '38a5cd0418f841c38e45284f2b12ad53', 'tenant_name': 'tempest-ServersWithSpecificFlavorTestJSON-1103641373', 'user_domain_id': 'default', 'user_domain_name': 'Default', 'user_id': '4c1ba36c5f0648ea940553d6d7b0e5b5', 'system': None}, Network: {'id': 'e028ae4e-220b-4512-8781-6cf5f853ad64', 'name': 'tempest-ServersWithSpecificFlavorTestJSON-1294782550-network', 'tenant_id': '38a5cd0418f841c38e45284f2b12ad53', 'admin_state_up': True, 'mtu': 8950, 'status': 'ACTIVE', 'subnets': [], 'shared': False, 'project_id': '38a5cd0418f841c38e45284f2b12ad53', 'port_security_enabled': True, 'router:external': False, 'provider:network_type': 'vlan', 'provider:physical_network': 'default', 'provider:segmentation_id': 814, 'is_default': False, 'availability_zone_hints': [], 'availability_zones': [], 'ipv4_address_scope': None, 'ipv6_address_scope': None, 'description': '', 'tags': [], 'created_at': '2024-10-11T05:01:19Z', 'updated_at': '2024-10-11T05:01:19Z', 'revision_number': 1}, Subnet: {'id': '6ba7b019-a8e5-4c1e-a522-099fd93445d2', 'name': 'tempest-ServersWithSpecificFlavorTestJSON-1294782550-subnet', 'tenant_id': '38a5cd0418f841c38e45284f2b12ad53', 'network_id': 'e028ae4e-220b-4512-8781-6cf5f853ad64', 'ip_version': 4, 'subnetpool_id': None, 'enable_dhcp': True, 'ipv6_ra_mode': None, 'ipv6_address_mode': None, 'gateway_ip': '192.168.128.1', 'cidr': '192.168.128.0/28', 'allocation_pools': [{'start': '192.168.128.2', 'end': '192.168.128.14'}], 'host_routes': [], 'dns_nameservers': [], 'description': '', 'router:external': False, 'service_types': [], 'tags': [], 'created_at': '2024-10-11T05:01:19Z', 'updated_at': '2024-10-11T05:01:19Z', 'revision_number': 0, 'project_id': '38a5cd0418f841c38e45284f2b12ad53'}, Router: {'id': 'b041911f-ad1d-4c7e-b776-a8ad5a793388', 'name': 'tempest-ServersWithSpecificFlavorTestJSON-1294782550-router', 'tenant_id': '38a5cd0418f841c38e45284f2b12ad53', 'admin_state_up': True, 'status': 'ACTIVE', 'external_gateway_info': {'network_id': '8f883b1b-8068-4cb0-97f7-123a2fd695db', 'external_fixed_ips': [{'subnet_id': '2dd4f139-32ca-429b-9800-036d50ed596c', 'ip_address': '10.180.180.239'}], 'enable_snat': True}, 'description': '', 'availability_zones': [], 'distributed': False, 'ha': False, 'availability_zone_hints': [], 'routes': [], 'flavor_id': None, 'tags': [], 'created_at': '2024-10-11T05:01:19Z', 'updated_at': '2024-10-11T05:01:20Z', 'revision_number': 2, 'project_id': '38a5cd0418f841c38e45284f2b12ad53'}
2024-10-11 05:01:21.216 62806 INFO tempest.lib.common.rest_client [req-cbd40842-7155-414b-b254-97c589b0012a req-cbd40842-7155-414b-b254-97c589b0012a ] Request (DeleteServersAdminTestJSON:test_delete_server_while_in_error_state): 200 GET http://10.180.1.21/compute/v2.1/servers/4e7e1c74-10a8-4746-b6a6-56dfcc0c2d76 0.366s
2024-10-11 05:01:21.244 62830 INFO tempest.lib.common.rest_client [req-37a8165f-ae6d-429e-b499-ba4d026ee819 req-37a8165f-ae6d-429e-b499-ba4d026ee819 ] Request (AttachInterfacesUnderV243Test:test_add_remove_fixed_ip): 200 GET http://10.180.1.21/compute/v2.1/servers/813e287c-9d7f-4e9c-9216-986f631b6eb6 0.397s
2024-10-11 05:01:21.255 62830 INFO tempest.common.waiters [-] State transition "BUILD/networking" ==> "BUILD/spawning" after 47 second wait
2024-10-11 05:01:21.274 62810 INFO tempest.lib.common.rest_client [req-aa715089-1578-4669-a791-eb28d02d76bf req-aa715089-1578-4669-a791-eb28d02d76bf ] Request (ServersTestJSON:setUpClass): 200 GET http://10.180.1.21/compute/v2.1/servers/9b49513e-4c01-4664-be2c-6058a357b0db 0.372s
2024-10-11 05:01:21.282 62798 INFO tempest.lib.common.rest_client [req-012ddfd1-14c3-4b21-8529-b39174816e6b req-012ddfd1-14c3-4b21-8529-b39174816e6b ] Request (ServersWithSpecificFlavorTestJSON:setUpClass): 201 POST http://10.180.1.21/identity/v3/auth/tokens 0.094s
2024-10-11 05:01:21.303 62842 INFO tempest.lib.common.rest_client [req-7da0f0da-0fee-4b46-a69d-13e67100b46d req-7da0f0da-0fee-4b46-a69d-13e67100b46d ] Request (AttachVolumeShelveTestJSON:test_attach_volume_shelved_or_offload_server): 200 GET http://10.180.1.21/compute/v2.1/servers/65e8971a-a149-4a11-92ad-7c5c8874530c 0.399s
2024-10-11 05:01:21.318 62798 INFO tempest.lib.common.rest_client [req-9dd17abd-4433-45fa-9bd1-effe969c4200 req-9dd17abd-4433-45fa-9bd1-effe969c4200 ] Request (ServersWithSpecificFlavorTestJSON:setUpClass): 201 POST http://10.180.1.21/identity/v3/projects 0.036s
2024-10-11 05:01:21.330 62836 INFO tempest.lib.common.rest_client [req-673db39c-d5f3-4ad5-a6f0-e05211cab295 req-673db39c-d5f3-4ad5-a6f0-e05211cab295 ] Request (ImagesTestJSON:test_create_image_from_stopped_server): 200 GET http://10.180.1.21/compute/v2.1/servers/b482dcca-ae32-425d-a097-f9af69785835 0.374s
2024-10-11 05:01:21.355 62820 INFO tempest.lib.common.rest_client [req-83c00047-1068-4e16-97ff-d3cb1359510b req-83c00047-1068-4e16-97ff-d3cb1359510b ] Request (ServerShowV254Test:test_rebuild_server): 200 GET http://10.180.1.21/compute/v2.1/servers/f4f7e2c9-229c-4547-b674-5a5219a28151 0.389s
2024-10-11 05:01:21.378 62798 INFO tempest.lib.common.rest_client [req-5d72f98a-9468-48f7-a3e9-097c2d8b95e2 req-5d72f98a-9468-48f7-a3e9-097c2d8b95e2 ] Request (ServersWithSpecificFlavorTestJSON:setUpClass): 201 POST http://10.180.1.21/identity/v3/users 0.059s
2024-10-11 05:01:21.399 62798 INFO tempest.lib.common.rest_client [req-fc3e3536-1f7c-4e8d-aeb9-32c9f45b9ff8 req-fc3e3536-1f7c-4e8d-aeb9-32c9f45b9ff8 ] Request (ServersWithSpecificFlavorTestJSON:setUpClass): 200 GET http://10.180.1.21/identity/v3/roles 0.021s
2024-10-11 05:01:21.406 62814 INFO tempest.lib.common.rest_client [req-df38ce40-4d4f-49a0-bed2-3201ac3b4c59 req-df38ce40-4d4f-49a0-bed2-3201ac3b4c59 ] Request (MultipleCreateTestJSON:test_multiple_create): 200 GET http://10.180.1.21/compute/v2.1/servers/88cee397-bcbd-428c-b203-e5d9b6acbbb2 0.412s
2024-10-11 05:01:21.444 62798 INFO tempest.lib.common.rest_client [req-4ae9eae5-d4dd-4e56-9465-b627c6788664 req-4ae9eae5-d4dd-4e56-9465-b627c6788664 ] Request (ServersWithSpecificFlavorTestJSON:setUpClass): 204 PUT http://10.180.1.21/identity/v3/projects/dd3f3d3bac404cc4aa2eb99bc014739e/users/fc14931e96b84fefb8ca7f4b7f6804ac/roles/c9b0d198ce354fa4895e233c10a48758 0.044s
2024-10-11 05:01:21.470 62838 INFO tempest.lib.common.rest_client [req-7334d587-bc66-4f6e-a8cf-bfddd0334cc2 req-7334d587-bc66-4f6e-a8cf-bfddd0334cc2 ] Request (ImagesNegativeTestJSON:test_create_image_from_deleted_server): 200 GET http://10.180.1.21/compute/v2.1/servers/95348a45-f517-4e21-8969-57c978985984 0.464s
2024-10-11 05:01:21.498 62798 INFO tempest.lib.common.rest_client [req-3d91f08b-d248-488d-9aa9-ca69e9e67b0e req-3d91f08b-d248-488d-9aa9-ca69e9e67b0e ] Request (ServersWithSpecificFlavorTestJSON:setUpClass): 200 GET http://10.180.1.21/identity/v3/roles 0.053s
2024-10-11 05:01:21.511 62800 INFO tempest.lib.common.rest_client [req-ac20542f-4a44-4230-899b-ef0a018b3b55 req-ac20542f-4a44-4230-899b-ef0a018b3b55 ] Request (ImagesMetadataTestJSON:test_delete_image_metadata_item): 204 DELETE http://10.180.1.21/compute/v2.1/images/3589065e-5b12-4d2d-b616-68a7ecb662a6/metadata/os_version 0.520s
2024-10-11 05:01:21.525 62852 INFO tempest.lib.common.rest_client [req-9ea77795-8b7d-458a-9df1-9c2a80ec9ff0 req-9ea77795-8b7d-458a-9df1-9c2a80ec9ff0 ] Request (TenantUsagesTestJSON:setUpClass): 200 GET http://10.180.1.21/compute/v2.1/servers/2e1410c0-8aff-429c-8bbb-46d9bc01de32 0.459s
2024-10-11 05:01:21.527 62798 INFO tempest.lib.common.rest_client [req-7408e19a-031d-4a6f-92ca-e921736e3eb5 req-7408e19a-031d-4a6f-92ca-e921736e3eb5 ] Request (ServersWithSpecificFlavorTestJSON:setUpClass): 204 PUT http://10.180.1.21/identity/v3/projects/dd3f3d3bac404cc4aa2eb99bc014739e/users/fc14931e96b84fefb8ca7f4b7f6804ac/roles/c9b0d198ce354fa4895e233c10a48758 0.029s
2024-10-11 05:01:21.528 62798 INFO tempest.lib.common.dynamic_creds [-] Dynamic test user fc14931e96b84fefb8ca7f4b7f6804ac is created with scope project and roles: ['admin']
2024-10-11 05:01:21.528 62798 INFO tempest.lib.common.dynamic_creds [-] Acquired dynamic creds: credentials: Credentials: {'domain_id': 'default', 'domain_name': 'Default', 'username': 'tempest-ServersWithSpecificFlavorTestJSON-1490199816-project-admin', 'project_domain_id': 'default', 'project_domain_name': 'Default', 'project_id': 'dd3f3d3bac404cc4aa2eb99bc014739e', 'project_name': 'tempest-ServersWithSpecificFlavorTestJSON-1490199816', 'tenant_id': 'dd3f3d3bac404cc4aa2eb99bc014739e', 'tenant_name': 'tempest-ServersWithSpecificFlavorTestJSON-1490199816', 'user_domain_id': 'default', 'user_domain_name': 'Default', 'user_id': 'fc14931e96b84fefb8ca7f4b7f6804ac', 'system': None}, Network: None, Subnet: None, Router: None
2024-10-11 05:01:21.588 62816 INFO tempest.lib.common.rest_client [req-784626d8-e6d6-4991-9ef2-12da93d3aaef req-784626d8-e6d6-4991-9ef2-12da93d3aaef ] Request (ServerPasswordTestJSON:setUpClass): 200 GET http://10.180.1.21/compute/v2.1/servers/49ba74b6-fbbe-442a-b3a1-00bdd4e046e5 0.468s
2024-10-11 05:01:21.961 62804 INFO tempest.lib.common.rest_client [req-afdde691-c373-4916-91b8-8df74f26ff44 req-afdde691-c373-4916-91b8-8df74f26ff44 ] Request (SecurityGroupRulesTestJSON:tearDownClass): 202 DELETE http://10.180.1.21/compute/v2.1/os-security-groups/7bf65bf4-a346-40bd-9a02-b2f1bed86094 0.813s
2024-10-11 05:01:22.021 62798 INFO tempest.lib.common.rest_client [req-ddc326d9-e2d5-4f45-8c8c-1d73b5859ccb req-ddc326d9-e2d5-4f45-8c8c-1d73b5859ccb ] Request (ServersWithSpecificFlavorTestJSON:setUpClass): 201 POST http://10.180.1.21:9696/networking/v2.0/networks 0.490s
2024-10-11 05:01:22.058 62832 INFO tempest.lib.common.rest_client [req-091e7c17-3348-4022-bcd1-951b14fa6a46 req-091e7c17-3348-4022-bcd1-951b14fa6a46 ] Request (ServersTestJSON:test_create_server_specify_multibyte_character_name): 200 GET http://10.180.1.21/compute/v2.1/servers/7c22d751-2aa8-4794-9fbb-3be5c1ac40f4 0.881s
2024-10-11 05:01:22.123 62850 INFO tempest.lib.common.rest_client [req-9fa49074-6c14-468b-ad91-7b5f5957a2a2 req-9fa49074-6c14-468b-ad91-7b5f5957a2a2 ] Request (FloatingIPsAssociationNegativeTestJSON:setUpClass): 200 GET http://10.180.1.21/compute/v2.1/servers/f52921c6-abbc-4a27-a451-e1cb4f5dfc48 0.880s
2024-10-11 05:01:22.175 62798 INFO tempest.lib.common.rest_client [req-c5762908-d057-4179-81eb-291dcd8dd4e1 req-c5762908-d057-4179-81eb-291dcd8dd4e1 ] Request (ServersWithSpecificFlavorTestJSON:setUpClass): 201 POST http://10.180.1.21:9696/networking/v2.0/subnets 0.154s
2024-10-11 05:01:22.184 62856 INFO tempest.lib.common.rest_client [req-f7e41ea2-ae26-435f-9df8-2961d0d12c9b req-f7e41ea2-ae26-435f-9df8-2961d0d12c9b ] Request (ServerAddressesNegativeTestJSON:setUpClass): 200 GET http://10.180.1.21/compute/v2.1/servers/5a1f074f-8e43-42f9-864d-976cdaa4639c 0.883s
2024-10-11 05:01:22.245 62858 INFO tempest.lib.common.rest_client [req-94eacb1c-3400-4319-bcd1-215fc942f305 req-94eacb1c-3400-4319-bcd1-215fc942f305 ] Request (AttachInterfacesV270Test:test_create_get_list_interfaces): 200 GET http://10.180.1.21/compute/v2.1/servers/8e7dcc93-2079-4857-8f18-513958ef4e0a 0.927s
2024-10-11 05:01:22.291 62818 INFO tempest.lib.common.rest_client [req-d1e948a3-5459-4c60-ae25-fce2d682a786 req-d1e948a3-5459-4c60-ae25-fce2d682a786 ] Request (DeleteServersTestJSON:test_delete_server_while_in_attached_volume): 200 GET http://10.180.1.21/compute/v2.1/servers/2888fde6-8a1b-41ce-a482-cb99acd74a6e 0.924s
2024-10-11 05:01:22.346 62840 INFO tempest.lib.common.rest_client [req-cb2ae5f8-b0ff-480a-a218-405ec513f5b1 req-cb2ae5f8-b0ff-480a-a218-405ec513f5b1 ] Request (ImagesOneServerNegativeTestJSON:setUpClass): 200 GET http://10.180.1.21/compute/v2.1/servers/f8db751a-c495-467c-ae32-addb4387346d 0.964s
2024-10-11 05:01:22.382 62808 INFO tempest.lib.common.rest_client [req-e734ff10-c636-42f3-958f-5c148d703c68 req-e734ff10-c636-42f3-958f-5c148d703c68 ] Request (ServerActionsV293TestJSON:setUpClass): 202 POST http://10.180.1.21/compute/v2.1/servers 1.290s
2024-10-11 05:01:22.400 62848 INFO tempest.lib.common.rest_client [req-ecb0f851-cee6-45e6-93c7-b051f790dc06 req-ecb0f851-cee6-45e6-93c7-b051f790dc06 ] Request (ServerActionsTestOtherB:setUpClass): 200 GET http://10.180.1.21/compute/v2.1/servers/2236b710-2141-49a2-b3f5-9ed71090e1db 0.962s
2024-10-11 05:01:22.436 62800 INFO tempest.lib.common.rest_client [req-123efbc8-760f-4599-b558-84d63d439271 req-123efbc8-760f-4599-b558-84d63d439271 ] Request (ImagesMetadataTestJSON:test_delete_image_metadata_item): 200 GET http://10.180.1.21/compute/v2.1/images/3589065e-5b12-4d2d-b616-68a7ecb662a6/metadata 0.924s
2024-10-11 05:01:22.433 62834 INFO tempest.lib.common.rest_client [req-6ce60242-f9c1-46d0-8320-1bf51b722970 req-6ce60242-f9c1-46d0-8320-1bf51b722970 ] Request (InstanceActionsNegativeTestJSON:setUpClass): 200 GET http://10.180.1.21/compute/v2.1/servers/9274ce52-49af-48df-bcd1-269b8241d93f 0.966s
2024-10-11 05:01:22.493 62828 INFO tempest.lib.common.rest_client [req-4bc1b1fd-d092-4221-9f2e-bfd4910697e3 req-4bc1b1fd-d092-4221-9f2e-bfd4910697e3 ] Request (ServerExternalEventsTest:test_create_server_external_events): 200 GET http://10.180.1.21/compute/v2.1/servers/5845d273-b18a-447a-ad2d-a011bfcc2423 0.970s
2024-10-11 05:01:22.494 62822 INFO tempest.lib.common.rest_client [req-66a1d7c1-9c5e-415e-9927-623152b5e806 req-66a1d7c1-9c5e-415e-9927-623152b5e806 ] Request (InstanceActionsV221TestJSON:test_get_list_deleted_instance_actions): 200 GET http://10.180.1.21/compute/v2.1/servers/5fc9a508-323d-4f1c-ae46-d15f340f6b73 0.979s
2024-10-11 05:01:22.544 62844 INFO tempest.lib.common.rest_client [req-efe360d7-c0cb-407d-92d4-c1e78be2c24a req-efe360d7-c0cb-407d-92d4-c1e78be2c24a ] Request (SecurityGroupsTestJSON:test_list_security_groups_by_server): 200 GET http://10.180.1.21/compute/v2.1/servers/37cbd58c-b11a-4a62-95b2-5f4c5cf7ad1f 0.873s
2024-10-11 05:01:22.564 62854 INFO tempest.lib.common.rest_client [req-b8fb2cfa-3af4-4fb2-8277-9db0eb8d7caa req-b8fb2cfa-3af4-4fb2-8277-9db0eb8d7caa ] Request (ServerShowV257Test:tearDownClass): 200 GET http://10.180.1.21/compute/v2.1/servers/9316facd-0c95-4720-b0d3-c0a39df81619 0.957s
2024-10-11 05:01:22.634 62796 INFO tempest.lib.common.rest_client [req-22e290a0-9e9b-49c8-8d6f-ccf6f9d97edc req-22e290a0-9e9b-49c8-8d6f-ccf6f9d97edc ] Request (ServersTestManualDisk:setUpClass): 200 GET http://10.180.1.21/compute/v2.1/servers/d46bdbc6-e691-44b7-8e9c-3bedb1275e93 0.897s
2024-10-11 05:01:22.642 62846 INFO tempest.lib.common.rest_client [req-dad14064-43c3-4145-9aba-1c69dd85d404 req-dad14064-43c3-4145-9aba-1c69dd85d404 ] Request (MigrationsAdminTest:test_resize_server_revert_deleted_flavor): 200 GET http://10.180.1.21/compute/v2.1/servers/dca0a819-d11d-437e-9a4c-da4279a9d553 0.786s
2024-10-11 05:01:22.704 62826 INFO tempest.lib.common.rest_client [req-bf3c2e23-9193-41a7-a9dc-970099e17555 req-bf3c2e23-9193-41a7-a9dc-970099e17555 ] Request (ServersV294TestFqdnHostnames:setUpClass): 200 GET http://10.180.1.21/compute/v2.1/servers/1513843d-0a96-4b56-86bb-3c39ab4b3692 0.788s
2024-10-11 05:01:22.735 62802 INFO tempest.lib.common.rest_client [req-7679b3f3-bbbc-429f-b711-6dd92ece7d58 req-7679b3f3-bbbc-429f-b711-6dd92ece7d58 ] Request (ServerDiskConfigTestJSON:test_rebuild_server_with_auto_disk_config): 200 GET http://10.180.1.21/compute/v2.1/servers/290e15dc-4ee0-4595-8412-d610895aeb46 0.774s
2024-10-11 05:01:22.814 62825 INFO tempest.lib.common.rest_client [req-eeda2c34-415d-4560-a141-0aa9dfa08958 req-eeda2c34-415d-4560-a141-0aa9dfa08958 ] Request (VolumesAdminNegativeTest:test_update_attached_volume_with_nonexistent_volume_in_body): 200 GET http://10.180.1.21/compute/v2.1/servers/14c27acb-0c19-47f9-b3fd-4f9e3e83bb5e 0.759s
2024-10-11 05:01:22.827 62825 INFO tempest.common.waiters [-] State transition "BUILD/None" ==> "BUILD/networking" after 44 second wait
2024-10-11 05:01:22.888 62806 INFO tempest.lib.common.rest_client [req-1ca0b48b-4527-45cc-9da4-71b7b9f950e5 req-1ca0b48b-4527-45cc-9da4-71b7b9f950e5 ] Request (DeleteServersAdminTestJSON:test_delete_server_while_in_error_state): 200 GET http://10.180.1.21/compute/v2.1/servers/4e7e1c74-10a8-4746-b6a6-56dfcc0c2d76 0.664s
2024-10-11 05:01:22.932 62798 INFO tempest.lib.common.rest_client [req-be81ac91-639f-4fd9-aefb-b16163860886 req-be81ac91-639f-4fd9-aefb-b16163860886 ] Request (ServersWithSpecificFlavorTestJSON:setUpClass): 201 POST http://10.180.1.21:9696/networking/v2.0/routers 0.757s
2024-10-11 05:01:22.976 62830 INFO tempest.lib.common.rest_client [req-b9d003ce-6bcd-4127-abb9-ad0cdc333ad7 req-b9d003ce-6bcd-4127-abb9-ad0cdc333ad7 ] Request (AttachInterfacesUnderV243Test:test_add_remove_fixed_ip): 200 GET http://10.180.1.21/compute/v2.1/servers/813e287c-9d7f-4e9c-9216-986f631b6eb6 0.720s
2024-10-11 05:01:23.054 62810 INFO tempest.lib.common.rest_client [req-c003ef5f-1177-4a93-aeee-4e7b5d70b4e4 req-c003ef5f-1177-4a93-aeee-4e7b5d70b4e4 ] Request (ServersTestJSON:setUpClass): 200 GET http://10.180.1.21/compute/v2.1/servers/9b49513e-4c01-4664-be2c-6058a357b0db 0.770s
2024-10-11 05:01:23.060 62804 INFO tempest.lib.common.rest_client [req-ba08a109-6643-4f87-b648-fcce5c574f22 req-ba08a109-6643-4f87-b648-fcce5c574f22 ] Request (SecurityGroupRulesTestJSON:tearDownClass): 202 DELETE http://10.180.1.21/compute/v2.1/os-security-groups/f324ca5c-df2d-49dc-b2e5-40d48f261e28 1.098s
2024-10-11 05:01:23.145 62842 INFO tempest.lib.common.rest_client [req-a77ec446-6a56-49da-a7d3-8539a555e853 req-a77ec446-6a56-49da-a7d3-8539a555e853 ] Request (AttachVolumeShelveTestJSON:test_attach_volume_shelved_or_offload_server): 200 GET http://10.180.1.21/compute/v2.1/servers/65e8971a-a149-4a11-92ad-7c5c8874530c 0.833s
2024-10-11 05:01:23.150 62836 INFO tempest.lib.common.rest_client [req-c3ddeaa5-5a3d-4656-b405-febfac7b1059 req-c3ddeaa5-5a3d-4656-b405-febfac7b1059 ] Request (ImagesTestJSON:test_create_image_from_stopped_server): 200 GET http://10.180.1.21/compute/v2.1/servers/b482dcca-ae32-425d-a097-f9af69785835 0.809s
2024-10-11 05:01:23.228 62820 INFO tempest.lib.common.rest_client [req-114e618c-d2e2-4ef5-a199-cda44ab39f3a req-114e618c-d2e2-4ef5-a199-cda44ab39f3a ] Request (ServerShowV254Test:test_rebuild_server): 200 GET http://10.180.1.21/compute/v2.1/servers/f4f7e2c9-229c-4547-b674-5a5219a28151 0.864s
2024-10-11 05:01:23.262 62808 INFO tempest.lib.common.rest_client [req-8515d026-d7ca-416e-82cb-9e25de4a101f req-8515d026-d7ca-416e-82cb-9e25de4a101f ] Request (ServerActionsV293TestJSON:setUpClass): 200 GET http://10.180.1.21/compute/v2.1/servers/2ae701c0-3016-4635-8fe1-1e1c314fa748 0.878s
2024-10-11 05:01:23.339 62814 INFO tempest.lib.common.rest_client [req-f7e1e372-8d20-4e06-8ccd-750bfd6c0377 req-f7e1e372-8d20-4e06-8ccd-750bfd6c0377 ] Request (MultipleCreateTestJSON:test_multiple_create): 200 GET http://10.180.1.21/compute/v2.1/servers/88cee397-bcbd-428c-b203-e5d9b6acbbb2 0.924s
2024-10-11 05:01:23.421 62838 INFO tempest.lib.common.rest_client [req-10c8b7ee-b72f-4415-8435-e2e85e6ea14d req-10c8b7ee-b72f-4415-8435-e2e85e6ea14d ] Request (ImagesNegativeTestJSON:test_create_image_from_deleted_server): 200 GET http://10.180.1.21/compute/v2.1/servers/95348a45-f517-4e21-8969-57c978985984 0.944s
2024-10-11 05:01:23.513 62852 INFO tempest.lib.common.rest_client [req-0e6b4569-ac1f-4bd7-a25c-c4242d159d09 req-0e6b4569-ac1f-4bd7-a25c-c4242d159d09 ] Request (TenantUsagesTestJSON:setUpClass): 200 GET http://10.180.1.21/compute/v2.1/servers/2e1410c0-8aff-429c-8bbb-46d9bc01de32 0.977s
2024-10-11 05:01:23.519 62800 INFO tempest.lib.common.rest_client [req-52b3b8a5-5af9-4326-93ea-d1b250a674d8 req-52b3b8a5-5af9-4326-93ea-d1b250a674d8 ] Request (ImagesMetadataTestJSON:setUp): 200 PUT http://10.180.1.21/compute/v2.1/images/3589065e-5b12-4d2d-b616-68a7ecb662a6/metadata 1.081s
2024-10-11 05:01:23.576 62816 INFO tempest.lib.common.rest_client [req-5d38e3b1-1a0d-4c9f-a699-82a4beb70ccc req-5d38e3b1-1a0d-4c9f-a699-82a4beb70ccc ] Request (ServerPasswordTestJSON:setUpClass): 200 GET http://10.180.1.21/compute/v2.1/servers/49ba74b6-fbbe-442a-b3a1-00bdd4e046e5 0.981s
2024-10-11 05:01:23.612 62832 INFO tempest.lib.common.rest_client [req-8505ca2e-afe8-47a3-b4e1-56fc2f659ee2 req-8505ca2e-afe8-47a3-b4e1-56fc2f659ee2 ] Request (ServersTestJSON:test_create_server_specify_multibyte_character_name): 200 GET http://10.180.1.21/compute/v2.1/servers/7c22d751-2aa8-4794-9fbb-3be5c1ac40f4 0.544s
2024-10-11 05:01:23.643 62850 INFO tempest.lib.common.rest_client [req-a85af9af-8bf5-4373-8051-85235235c379 req-a85af9af-8bf5-4373-8051-85235235c379 ] Request (FloatingIPsAssociationNegativeTestJSON:setUpClass): 200 GET http://10.180.1.21/compute/v2.1/servers/f52921c6-abbc-4a27-a451-e1cb4f5dfc48 0.512s
2024-10-11 05:01:23.690 62856 INFO tempest.lib.common.rest_client [req-d6f46b93-4c67-4066-933c-55bdae96a870 req-d6f46b93-4c67-4066-933c-55bdae96a870 ] Request (ServerAddressesNegativeTestJSON:setUpClass): 200 GET http://10.180.1.21/compute/v2.1/servers/5a1f074f-8e43-42f9-864d-976cdaa4639c 0.498s
2024-10-11 05:01:23.716 62858 INFO tempest.lib.common.rest_client [req-818cd77c-4aa4-49f7-a327-0b0f3bb9b240 req-818cd77c-4aa4-49f7-a327-0b0f3bb9b240 ] Request (AttachInterfacesV270Test:test_create_get_list_interfaces): 200 GET http://10.180.1.21/compute/v2.1/servers/8e7dcc93-2079-4857-8f18-513958ef4e0a 0.459s
2024-10-11 05:01:23.750 62818 INFO tempest.lib.common.rest_client [req-d7fbaa2b-43ce-416f-81c7-e3d352b2e2ad req-d7fbaa2b-43ce-416f-81c7-e3d352b2e2ad ] Request (DeleteServersTestJSON:test_delete_server_while_in_attached_volume): 200 GET http://10.180.1.21/compute/v2.1/servers/2888fde6-8a1b-41ce-a482-cb99acd74a6e 0.452s
2024-10-11 05:01:23.779 62840 INFO tempest.lib.common.rest_client [req-68af4452-e1c9-4434-b44b-1b7e573875c8 req-68af4452-e1c9-4434-b44b-1b7e573875c8 ] Request (ImagesOneServerNegativeTestJSON:setUpClass): 200 GET http://10.180.1.21/compute/v2.1/servers/f8db751a-c495-467c-ae32-addb4387346d 0.425s
2024-10-11 05:01:23.813 62848 INFO tempest.lib.common.rest_client [req-5dd93ec2-5a08-4eed-8bf5-eccd61695dff req-5dd93ec2-5a08-4eed-8bf5-eccd61695dff ] Request (ServerActionsTestOtherB:setUpClass): 200 GET http://10.180.1.21/compute/v2.1/servers/2236b710-2141-49a2-b3f5-9ed71090e1db 0.406s
2024-10-11 05:01:23.853 62834 INFO tempest.lib.common.rest_client [req-a2e926c9-6c6c-41aa-9b72-11b0dc2b67e6 req-a2e926c9-6c6c-41aa-9b72-11b0dc2b67e6 ] Request (InstanceActionsNegativeTestJSON:setUpClass): 200 GET http://10.180.1.21/compute/v2.1/servers/9274ce52-49af-48df-bcd1-269b8241d93f 0.407s
2024-10-11 05:01:23.900 62828 INFO tempest.lib.common.rest_client [req-4f7092d6-9dc3-43d0-8489-7f7fe2204235 req-4f7092d6-9dc3-43d0-8489-7f7fe2204235 ] Request (ServerExternalEventsTest:test_create_server_external_events): 200 GET http://10.180.1.21/compute/v2.1/servers/5845d273-b18a-447a-ad2d-a011bfcc2423 0.399s
2024-10-11 05:01:23.946 62800 INFO tempest.lib.common.rest_client [req-18bb02af-e78b-4a22-b4fd-c1a1db6a9da7 req-18bb02af-e78b-4a22-b4fd-c1a1db6a9da7 ] Request (ImagesMetadataTestJSON:test_get_image_metadata_item): 200 GET http://10.180.1.21/compute/v2.1/images/3589065e-5b12-4d2d-b616-68a7ecb662a6/metadata/os_distro 0.426s
2024-10-11 05:01:24.020 62798 INFO tempest.lib.common.rest_client [req-75c26e34-a556-4a0c-82f5-71d05511e886 req-75c26e34-a556-4a0c-82f5-71d05511e886 ] Request (ServersWithSpecificFlavorTestJSON:setUpClass): 200 PUT http://10.180.1.21:9696/networking/v2.0/routers/8c01528c-e791-4bc0-afc7-38525cbf6eb2/add_router_interface 1.087s
2024-10-11 05:01:24.020 62798 INFO tempest.lib.common.dynamic_creds [-] Created isolated network resources for: credentials: Credentials: {'domain_id': 'default', 'domain_name': 'Default', 'username': 'tempest-ServersWithSpecificFlavorTestJSON-1490199816-project-admin', 'project_domain_id': 'default', 'project_domain_name': 'Default', 'project_id': 'dd3f3d3bac404cc4aa2eb99bc014739e', 'project_name': 'tempest-ServersWithSpecificFlavorTestJSON-1490199816', 'tenant_id': 'dd3f3d3bac404cc4aa2eb99bc014739e', 'tenant_name': 'tempest-ServersWithSpecificFlavorTestJSON-1490199816', 'user_domain_id': 'default', 'user_domain_name': 'Default', 'user_id': 'fc14931e96b84fefb8ca7f4b7f6804ac', 'system': None}, Network: {'id': 'becb4ede-2661-4902-b371-2daebb6ab9fb', 'name': 'tempest-ServersWithSpecificFlavorTestJSON-531454563-network', 'tenant_id': 'dd3f3d3bac404cc4aa2eb99bc014739e', 'admin_state_up': True, 'mtu': 8950, 'status': 'ACTIVE', 'subnets': [], 'shared': False, 'project_id': 'dd3f3d3bac404cc4aa2eb99bc014739e', 'port_security_enabled': True, 'router:external': False, 'provider:network_type': 'vlan', 'provider:physical_network': 'default', 'provider:segmentation_id': 617, 'is_default': False, 'availability_zone_hints': [], 'availability_zones': [], 'ipv4_address_scope': None, 'ipv6_address_scope': None, 'description': '', 'tags': [], 'created_at': '2024-10-11T05:01:21Z', 'updated_at': '2024-10-11T05:01:21Z', 'revision_number': 1}, Subnet: {'id': '0cbccd17-0dac-4143-901b-9e03f398d7fa', 'name': 'tempest-ServersWithSpecificFlavorTestJSON-531454563-subnet', 'tenant_id': 'dd3f3d3bac404cc4aa2eb99bc014739e', 'network_id': 'becb4ede-2661-4902-b371-2daebb6ab9fb', 'ip_version': 4, 'subnetpool_id': None, 'enable_dhcp': True, 'ipv6_ra_mode': None, 'ipv6_address_mode': None, 'gateway_ip': '192.168.128.1', 'cidr': '192.168.128.0/28', 'allocation_pools': [{'start': '192.168.128.2', 'end': '192.168.128.14'}], 'host_routes': [], 'dns_nameservers': [], 'description': '', 'router:external': False, 'service_types': [], 'tags': [], 'created_at': '2024-10-11T05:01:22Z', 'updated_at': '2024-10-11T05:01:22Z', 'revision_number': 0, 'project_id': 'dd3f3d3bac404cc4aa2eb99bc014739e'}, Router: {'id': '8c01528c-e791-4bc0-afc7-38525cbf6eb2', 'name': 'tempest-ServersWithSpecificFlavorTestJSON-531454563-router', 'tenant_id': 'dd3f3d3bac404cc4aa2eb99bc014739e', 'admin_state_up': True, 'status': 'ACTIVE', 'external_gateway_info': {'network_id': '8f883b1b-8068-4cb0-97f7-123a2fd695db', 'external_fixed_ips': [{'subnet_id': '2dd4f139-32ca-429b-9800-036d50ed596c', 'ip_address': '10.180.180.131'}], 'enable_snat': True}, 'description': '', 'availability_zones': [], 'distributed': False, 'ha': False, 'availability_zone_hints': [], 'routes': [], 'flavor_id': None, 'tags': [], 'created_at': '2024-10-11T05:01:22Z', 'updated_at': '2024-10-11T05:01:22Z', 'revision_number': 2, 'project_id': 'dd3f3d3bac404cc4aa2eb99bc014739e'}
2024-10-11 05:01:24.088 62822 INFO tempest.lib.common.rest_client [req-fa057470-34d0-402c-8fd2-aa4edc7cd88f req-fa057470-34d0-402c-8fd2-aa4edc7cd88f ] Request (InstanceActionsV221TestJSON:test_get_list_deleted_instance_actions): 200 GET http://10.180.1.21/compute/v2.1/servers/5fc9a508-323d-4f1c-ae46-d15f340f6b73 0.582s
2024-10-11 05:01:24.119 62844 INFO tempest.lib.common.rest_client [req-f2646aa7-e39e-4e2c-9f18-2dd04f5d709b req-f2646aa7-e39e-4e2c-9f18-2dd04f5d709b ] Request (SecurityGroupsTestJSON:test_list_security_groups_by_server): 200 GET http://10.180.1.21/compute/v2.1/servers/37cbd58c-b11a-4a62-95b2-5f4c5cf7ad1f 0.564s
2024-10-11 05:01:24.135 62798 INFO tempest.lib.common.rest_client [req-b1ad945e-93c3-49b9-bec2-0afd16d511aa req-b1ad945e-93c3-49b9-bec2-0afd16d511aa ] Request (ServersWithSpecificFlavorTestJSON:setUpClass): 201 POST http://10.180.1.21/identity/v3/auth/tokens 0.111s
2024-10-11 05:01:24.185 62854 INFO tempest.lib.common.rest_client [req-89d0de70-b391-4187-abde-0409e4df76b7 req-89d0de70-b391-4187-abde-0409e4df76b7 ] Request (ServerShowV257Test:tearDownClass): 200 GET http://10.180.1.21/compute/v2.1/servers/9316facd-0c95-4720-b0d3-c0a39df81619 0.611s
2024-10-11 05:01:24.194 62796 INFO tempest.lib.common.rest_client [req-bd5aa6c8-2b8e-45d1-9aa1-d3de44957655 req-bd5aa6c8-2b8e-45d1-9aa1-d3de44957655 ] Request (ServersTestManualDisk:setUpClass): 200 GET http://10.180.1.21/compute/v2.1/servers/d46bdbc6-e691-44b7-8e9c-3bedb1275e93 0.546s
2024-10-11 05:01:24.266 62846 INFO tempest.lib.common.rest_client [req-1e65c412-61fa-4cb3-a6d9-811582ede896 req-1e65c412-61fa-4cb3-a6d9-811582ede896 ] Request (MigrationsAdminTest:test_resize_server_revert_deleted_flavor): 200 GET http://10.180.1.21/compute/v2.1/servers/dca0a819-d11d-437e-9a4c-da4279a9d553 0.605s
2024-10-11 05:01:24.273 62826 INFO tempest.lib.common.rest_client [req-a0adbaa6-2136-4288-95f8-fbadae7645ce req-a0adbaa6-2136-4288-95f8-fbadae7645ce ] Request (ServersV294TestFqdnHostnames:setUpClass): 200 GET http://10.180.1.21/compute/v2.1/servers/1513843d-0a96-4b56-86bb-3c39ab4b3692 0.550s
2024-10-11 05:01:24.357 62802 INFO tempest.lib.common.rest_client [req-1739d826-97ac-4420-990c-1289dd800355 req-1739d826-97ac-4420-990c-1289dd800355 ] Request (ServerDiskConfigTestJSON:test_rebuild_server_with_auto_disk_config): 200 GET http://10.180.1.21/compute/v2.1/servers/290e15dc-4ee0-4595-8412-d610895aeb46 0.614s
2024-10-11 05:01:24.427 62806 INFO tempest.lib.common.rest_client [req-eb4e5061-de51-40e2-841a-8d3f92fcf239 req-eb4e5061-de51-40e2-841a-8d3f92fcf239 ] Request (DeleteServersAdminTestJSON:test_delete_server_while_in_error_state): 200 GET http://10.180.1.21/compute/v2.1/servers/4e7e1c74-10a8-4746-b6a6-56dfcc0c2d76 0.527s
2024-10-11 05:01:24.557 62825 INFO tempest.lib.common.rest_client [req-900fc804-485d-4613-9022-749027110c44 req-900fc804-485d-4613-9022-749027110c44 ] Request (VolumesAdminNegativeTest:test_update_attached_volume_with_nonexistent_volume_in_body): 200 GET http://10.180.1.21/compute/v2.1/servers/14c27acb-0c19-47f9-b3fd-4f9e3e83bb5e 0.729s
2024-10-11 05:01:24.564 62825 INFO tempest.common.waiters [-] State transition "BUILD/networking" ==> "BUILD/spawning" after 46 second wait
2024-10-11 05:01:24.572 62800 INFO tempest.lib.common.rest_client [req-6082a852-f302-4df7-af08-d814ebda7d0b req-6082a852-f302-4df7-af08-d814ebda7d0b ] Request (ImagesMetadataTestJSON:setUp): 200 PUT http://10.180.1.21/compute/v2.1/images/3589065e-5b12-4d2d-b616-68a7ecb662a6/metadata 0.622s
2024-10-11 05:01:24.610 62830 INFO tempest.lib.common.rest_client [req-7b556fc5-9eaf-4269-b4c2-be46e9e5ef3e req-7b556fc5-9eaf-4269-b4c2-be46e9e5ef3e ] Request (AttachInterfacesUnderV243Test:test_add_remove_fixed_ip): 200 GET http://10.180.1.21/compute/v2.1/servers/813e287c-9d7f-4e9c-9216-986f631b6eb6 0.619s
2024-10-11 05:01:24.636 62810 INFO tempest.lib.common.rest_client [req-4115ec7f-c39e-47be-a38c-71e05530a8c4 req-4115ec7f-c39e-47be-a38c-71e05530a8c4 ] Request (ServersTestJSON:setUpClass): 200 GET http://10.180.1.21/compute/v2.1/servers/9b49513e-4c01-4664-be2c-6058a357b0db 0.573s
2024-10-11 05:01:24.707 62842 INFO tempest.lib.common.rest_client [req-9cc6d0b4-744a-4e16-8e18-e3528de4c862 req-9cc6d0b4-744a-4e16-8e18-e3528de4c862 ] Request (AttachVolumeShelveTestJSON:test_attach_volume_shelved_or_offload_server): 200 GET http://10.180.1.21/compute/v2.1/servers/65e8971a-a149-4a11-92ad-7c5c8874530c 0.555s
2024-10-11 05:01:24.716 62798 INFO tempest.lib.common.rest_client [req-5e2daf45-b7a9-4fda-82ef-342cd2e6846d req-5e2daf45-b7a9-4fda-82ef-342cd2e6846d ] Request (ServersWithSpecificFlavorTestJSON:test_verify_created_server_ephemeral_disk): 200 GET http://10.180.1.21/compute/v2.1/flavors/42 0.580s
2024-10-11 05:01:24.778 62836 INFO tempest.lib.common.rest_client [req-b73c04fb-ec6b-4479-9818-2b9e101ab74c req-b73c04fb-ec6b-4479-9818-2b9e101ab74c ] Request (ImagesTestJSON:test_create_image_from_stopped_server): 200 GET http://10.180.1.21/compute/v2.1/servers/b482dcca-ae32-425d-a097-f9af69785835 0.615s
2024-10-11 05:01:24.794 62820 INFO tempest.lib.common.rest_client [req-5ba2b48f-1d63-4be5-bfd6-25f66283a9be req-5ba2b48f-1d63-4be5-bfd6-25f66283a9be ] Request (ServerShowV254Test:test_rebuild_server): 200 GET http://10.180.1.21/compute/v2.1/servers/f4f7e2c9-229c-4547-b674-5a5219a28151 0.556s
2024-10-11 05:01:24.804 62820 INFO tempest.common.waiters [-] State transition "BUILD/spawning" ==> "ACTIVE/None" after 50 second wait
2024-10-11 05:01:24.847 62804 INFO tempest.lib.common.rest_client [req-f504de6f-1943-4137-a397-91555b83ac22 req-f504de6f-1943-4137-a397-91555b83ac22 ] Request (SecurityGroupRulesTestJSON:tearDownClass): 200 PUT http://10.180.1.21:9696/networking/v2.0/routers/72419e77-dd87-4be0-b814-0d5fd9966884/remove_router_interface 1.787s
2024-10-11 05:01:24.855 62808 INFO tempest.lib.common.rest_client [req-c6948a39-d8bf-495f-b5ec-af841da1228a req-c6948a39-d8bf-495f-b5ec-af841da1228a ] Request (ServerActionsV293TestJSON:setUpClass): 200 GET http://10.180.1.21/compute/v2.1/servers/2ae701c0-3016-4635-8fe1-1e1c314fa748 0.567s
2024-10-11 05:01:24.860 62814 INFO tempest.lib.common.rest_client [req-67ec707a-17c9-4349-b02b-43a110d64c2d req-67ec707a-17c9-4349-b02b-43a110d64c2d ] Request (MultipleCreateTestJSON:test_multiple_create): 200 GET http://10.180.1.21/compute/v2.1/servers/88cee397-bcbd-428c-b203-e5d9b6acbbb2 0.501s
2024-10-11 05:01:24.915 62852 INFO tempest.lib.common.rest_client [req-c1620646-1d51-4bec-8731-b9d11fca7dfb req-c1620646-1d51-4bec-8731-b9d11fca7dfb ] Request (TenantUsagesTestJSON:setUpClass): 200 GET http://10.180.1.21/compute/v2.1/servers/2e1410c0-8aff-429c-8bbb-46d9bc01de32 0.389s
2024-10-11 05:01:24.916 62838 INFO tempest.lib.common.rest_client [req-65b79a06-f168-4371-9ce8-c01f8f04debb req-65b79a06-f168-4371-9ce8-c01f8f04debb ] Request (ImagesNegativeTestJSON:test_create_image_from_deleted_server): 200 GET http://10.180.1.21/compute/v2.1/servers/95348a45-f517-4e21-8969-57c978985984 0.483s
2024-10-11 05:01:24.921 62852 INFO tempest.common.waiters [-] State transition "BUILD/scheduling" ==> "BUILD/None" after 39 second wait
2024-10-11 05:01:24.968 62800 INFO tempest.lib.common.rest_client [req-5eb4a4e5-5b7a-48b6-a3b8-63ad16fe115d req-5eb4a4e5-5b7a-48b6-a3b8-63ad16fe115d ] Request (ImagesMetadataTestJSON:test_list_image_metadata): 200 GET http://10.180.1.21/compute/v2.1/images/3589065e-5b12-4d2d-b616-68a7ecb662a6/metadata 0.395s
2024-10-11 05:01:24.981 62816 INFO tempest.lib.common.rest_client [req-2b9ef096-ed5b-4d1d-a1b9-08fe6f1d8a81 req-2b9ef096-ed5b-4d1d-a1b9-08fe6f1d8a81 ] Request (ServerPasswordTestJSON:setUpClass): 200 GET http://10.180.1.21/compute/v2.1/servers/49ba74b6-fbbe-442a-b3a1-00bdd4e046e5 0.396s
2024-10-11 05:01:25.016 62832 INFO tempest.lib.common.rest_client [req-cc9b0494-fe5d-40a6-a3a4-eada91f37cd2 req-cc9b0494-fe5d-40a6-a3a4-eada91f37cd2 ] Request (ServersTestJSON:test_create_server_specify_multibyte_character_name): 200 GET http://10.180.1.21/compute/v2.1/servers/7c22d751-2aa8-4794-9fbb-3be5c1ac40f4 0.394s
2024-10-11 05:01:25.039 62850 INFO tempest.lib.common.rest_client [req-12719a70-7912-482f-9cff-3c81996197e1 req-12719a70-7912-482f-9cff-3c81996197e1 ] Request (FloatingIPsAssociationNegativeTestJSON:setUpClass): 200 GET http://10.180.1.21/compute/v2.1/servers/f52921c6-abbc-4a27-a451-e1cb4f5dfc48 0.387s
2024-10-11 05:01:25.080 62798 INFO tempest.lib.common.rest_client [req-41e3b181-826e-4aa9-99a2-2d0ab4c5c69a req-41e3b181-826e-4aa9-99a2-2d0ab4c5c69a ] Request (ServersWithSpecificFlavorTestJSON:test_verify_created_server_ephemeral_disk): 200 POST http://10.180.1.21/compute/v2.1/flavors 0.359s
2024-10-11 05:01:25.095 62856 INFO tempest.lib.common.rest_client [req-5e906987-9aa7-41f8-8ed1-013753bd93e5 req-5e906987-9aa7-41f8-8ed1-013753bd93e5 ] Request (ServerAddressesNegativeTestJSON:setUpClass): 200 GET http://10.180.1.21/compute/v2.1/servers/5a1f074f-8e43-42f9-864d-976cdaa4639c 0.396s
2024-10-11 05:01:25.105 62856 INFO tempest.common.waiters [-] State transition "BUILD/None" ==> "BUILD/networking" after 44 second wait
2024-10-11 05:01:25.137 62858 INFO tempest.lib.common.rest_client [req-31863ee5-397a-4b5c-8409-89c09eec4df2 req-31863ee5-397a-4b5c-8409-89c09eec4df2 ] Request (AttachInterfacesV270Test:test_create_get_list_interfaces): 200 GET http://10.180.1.21/compute/v2.1/servers/8e7dcc93-2079-4857-8f18-513958ef4e0a 0.411s
2024-10-11 05:01:25.151 62818 INFO tempest.lib.common.rest_client [req-aaef0561-d402-4728-8d1b-b8392b88471d req-aaef0561-d402-4728-8d1b-b8392b88471d ] Request (DeleteServersTestJSON:test_delete_server_while_in_attached_volume): 200 GET http://10.180.1.21/compute/v2.1/servers/2888fde6-8a1b-41ce-a482-cb99acd74a6e 0.393s
2024-10-11 05:01:25.181 62840 INFO tempest.lib.common.rest_client [req-f3a185c6-2a1f-4356-be5d-593cefa53184 req-f3a185c6-2a1f-4356-be5d-593cefa53184 ] Request (ImagesOneServerNegativeTestJSON:setUpClass): 200 GET http://10.180.1.21/compute/v2.1/servers/f8db751a-c495-467c-ae32-addb4387346d 0.388s
2024-10-11 05:01:25.196 62804 INFO tempest.lib.common.rest_client [req-547f95f4-10ca-4e29-a0b0-3aec9d140f39 req-547f95f4-10ca-4e29-a0b0-3aec9d140f39 ] Request (SecurityGroupRulesTestJSON:tearDownClass): 204 DELETE http://10.180.1.21:9696/networking/v2.0/routers/72419e77-dd87-4be0-b814-0d5fd9966884 0.348s
2024-10-11 05:01:25.200 62820 INFO tempest.lib.common.rest_client [req-96cc4f31-eabc-4c82-ac9f-5c1ad4c1f282 req-96cc4f31-eabc-4c82-ac9f-5c1ad4c1f282 ] Request (ServerShowV254Test:test_rebuild_server): 201 POST http://10.180.1.21/compute/v2.1/os-keypairs 0.395s
2024-10-11 05:01:25.234 62848 INFO tempest.lib.common.rest_client [req-5ae4329e-ea4e-4e27-bae8-deba2843068b req-5ae4329e-ea4e-4e27-bae8-deba2843068b ] Request (ServerActionsTestOtherB:setUpClass): 200 GET http://10.180.1.21/compute/v2.1/servers/2236b710-2141-49a2-b3f5-9ed71090e1db 0.405s
2024-10-11 05:01:25.247 62834 INFO tempest.lib.common.rest_client [req-401a6197-71c9-44d7-81e4-c982b4ca46b7 req-401a6197-71c9-44d7-81e4-c982b4ca46b7 ] Request (InstanceActionsNegativeTestJSON:setUpClass): 200 GET http://10.180.1.21/compute/v2.1/servers/9274ce52-49af-48df-bcd1-269b8241d93f 0.381s
2024-10-11 05:01:25.306 62828 INFO tempest.lib.common.rest_client [req-de647eb7-e693-4479-8f62-5e5e1f8db0a5 req-de647eb7-e693-4479-8f62-5e5e1f8db0a5 ] Request (ServerExternalEventsTest:test_create_server_external_events): 200 GET http://10.180.1.21/compute/v2.1/servers/5845d273-b18a-447a-ad2d-a011bfcc2423 0.399s
2024-10-11 05:01:25.319 62798 INFO tempest.lib.common.rest_client [req-e9c876b6-46f5-47e7-ba5e-3a9688953951 req-e9c876b6-46f5-47e7-ba5e-3a9688953951 ] Request (ServersWithSpecificFlavorTestJSON:test_verify_created_server_ephemeral_disk): 200 GET http://10.180.1.21/compute/v2.1/flavors/42/os-extra_specs 0.236s
2024-10-11 05:01:25.348 62804 INFO tempest.lib.common.rest_client [req-32438294-6376-4935-8069-ec0bbae6f956 req-32438294-6376-4935-8069-ec0bbae6f956 ] Request (SecurityGroupRulesTestJSON:tearDownClass): 204 DELETE http://10.180.1.21:9696/networking/v2.0/subnets/8b1cf54c-63fd-4fbe-9642-0c70d12b3788 0.151s
2024-10-11 05:01:25.393 62800 INFO tempest.lib.common.rest_client [req-455056a9-b347-45da-830c-af53a47aa3fc req-455056a9-b347-45da-830c-af53a47aa3fc ] Request (ImagesMetadataTestJSON:setUp): 200 PUT http://10.180.1.21/compute/v2.1/images/3589065e-5b12-4d2d-b616-68a7ecb662a6/metadata 0.423s
2024-10-11 05:01:25.393 62822 INFO tempest.lib.common.rest_client [req-b96c54ef-318a-4d96-81e6-768dce2b2e86 req-b96c54ef-318a-4d96-81e6-768dce2b2e86 ] Request (InstanceActionsV221TestJSON:test_get_list_deleted_instance_actions): 200 GET http://10.180.1.21/compute/v2.1/servers/5fc9a508-323d-4f1c-ae46-d15f340f6b73 0.295s
2024-10-11 05:01:25.458 62844 INFO tempest.lib.common.rest_client [req-d1ce5469-0b0a-40bd-876d-d0925e617bff req-d1ce5469-0b0a-40bd-876d-d0925e617bff ] Request (SecurityGroupsTestJSON:test_list_security_groups_by_server): 200 GET http://10.180.1.21/compute/v2.1/servers/37cbd58c-b11a-4a62-95b2-5f4c5cf7ad1f 0.330s
2024-10-11 05:01:25.485 62854 INFO tempest.lib.common.rest_client [req-25a1749b-5aea-4663-be24-86e0774e6164 req-25a1749b-5aea-4663-be24-86e0774e6164 ] Request (ServerShowV257Test:tearDownClass): 200 GET http://10.180.1.21/compute/v2.1/servers/9316facd-0c95-4720-b0d3-c0a39df81619 0.289s
2024-10-11 05:01:25.558 62796 INFO tempest.lib.common.rest_client [req-4c570d3a-90aa-4dda-bd51-010c9b88d767 req-4c570d3a-90aa-4dda-bd51-010c9b88d767 ] Request (ServersTestManualDisk:setUpClass): 200 GET http://10.180.1.21/compute/v2.1/servers/d46bdbc6-e691-44b7-8e9c-3bedb1275e93 0.350s
2024-10-11 05:01:25.631 62804 INFO tempest.lib.common.rest_client [req-58cf7e78-fda0-4278-a1e5-86dbe1b8dfa0 req-58cf7e78-fda0-4278-a1e5-86dbe1b8dfa0 ] Request (SecurityGroupRulesTestJSON:tearDownClass): 204 DELETE http://10.180.1.21:9696/networking/v2.0/networks/2df77420-3143-466a-8e62-933c62533863 0.283s
2024-10-11 05:01:25.643 62846 INFO tempest.lib.common.rest_client [req-68d021aa-c975-4aec-8309-d725dec3a8f7 req-68d021aa-c975-4aec-8309-d725dec3a8f7 ] Request (MigrationsAdminTest:test_resize_server_revert_deleted_flavor): 200 GET http://10.180.1.21/compute/v2.1/servers/dca0a819-d11d-437e-9a4c-da4279a9d553 0.368s
2024-10-11 05:01:25.683 62820 INFO tempest.lib.common.rest_client [req-b40a2ffc-b2fd-4efd-8a20-43e88e1f866f req-b40a2ffc-b2fd-4efd-8a20-43e88e1f866f ] Request (ServerShowV254Test:test_rebuild_server): 202 POST http://10.180.1.21/compute/v2.1/servers/f4f7e2c9-229c-4547-b674-5a5219a28151/action 0.481s
2024-10-11 05:01:25.705 62798 INFO tempest.lib.common.rest_client [req-4ad787b2-00f2-409d-8d7d-f0deb56e70da req-4ad787b2-00f2-409d-8d7d-f0deb56e70da ] Request (ServersWithSpecificFlavorTestJSON:test_verify_created_server_ephemeral_disk): 200 POST http://10.180.1.21/compute/v2.1/flavors/1303847526/os-extra_specs 0.386s
2024-10-11 05:01:25.732 62826 INFO tempest.lib.common.rest_client [req-862567db-27e2-4182-972d-c9c8dff56ab1 req-862567db-27e2-4182-972d-c9c8dff56ab1 ] Request (ServersV294TestFqdnHostnames:setUpClass): 200 GET http://10.180.1.21/compute/v2.1/servers/1513843d-0a96-4b56-86bb-3c39ab4b3692 0.446s
2024-10-11 05:01:25.764 62802 INFO tempest.lib.common.rest_client [req-b69f5707-3884-4c12-a0e6-77a7df64c36e req-b69f5707-3884-4c12-a0e6-77a7df64c36e ] Request (ServerDiskConfigTestJSON:test_rebuild_server_with_auto_disk_config): 200 GET http://10.180.1.21/compute/v2.1/servers/290e15dc-4ee0-4595-8412-d610895aeb46 0.397s
2024-10-11 05:01:25.782 62804 INFO tempest.lib.common.rest_client [req-98fc9fab-5e64-4eaf-aced-02539c347c4a req-98fc9fab-5e64-4eaf-aced-02539c347c4a ] Request (SecurityGroupRulesTestJSON:tearDownClass): 204 DELETE http://10.180.1.21/identity/v3/users/1bdbaff561e345fabe411d1f3a089980 0.149s
2024-10-11 05:01:25.782 62804 INFO tempest.lib.common.dynamic_creds [-] Deleting project and security group for project: aecb7f672517418db38bfdde6f8412f1
2024-10-11 05:01:25.836 62806 INFO tempest.lib.common.rest_client [req-9bcdd7f9-a543-4435-a932-a283d191df41 req-9bcdd7f9-a543-4435-a932-a283d191df41 ] Request (DeleteServersAdminTestJSON:test_delete_server_while_in_error_state): 200 GET http://10.180.1.21/compute/v2.1/servers/4e7e1c74-10a8-4746-b6a6-56dfcc0c2d76 0.400s
2024-10-11 05:01:25.859 62804 INFO tempest.lib.common.rest_client [req-da2770b3-8590-4914-9868-efc4083e851e req-da2770b3-8590-4914-9868-efc4083e851e ] Request (SecurityGroupRulesTestJSON:tearDownClass): 200 GET http://10.180.1.21:9696/networking/v2.0/security-groups?tenant_id=aecb7f672517418db38bfdde6f8412f1&name=default 0.076s
2024-10-11 05:01:25.907 62825 INFO tempest.lib.common.rest_client [req-3c5325a5-7572-4ab7-a08a-c463e647c13f req-3c5325a5-7572-4ab7-a08a-c463e647c13f ] Request (VolumesAdminNegativeTest:test_update_attached_volume_with_nonexistent_volume_in_body): 200 GET http://10.180.1.21/compute/v2.1/servers/14c27acb-0c19-47f9-b3fd-4f9e3e83bb5e 0.342s
2024-10-11 05:01:25.977 62830 INFO tempest.lib.common.rest_client [req-6ee6f47d-da01-49d8-ab42-232b13984420 req-6ee6f47d-da01-49d8-ab42-232b13984420 ] Request (AttachInterfacesUnderV243Test:test_add_remove_fixed_ip): 200 GET http://10.180.1.21/compute/v2.1/servers/813e287c-9d7f-4e9c-9216-986f631b6eb6 0.359s
2024-10-11 05:01:25.999 62800 INFO tempest.lib.common.rest_client [req-b1d3520e-b627-48b7-bf6d-865662dba4bb req-b1d3520e-b627-48b7-bf6d-865662dba4bb ] Request (ImagesMetadataTestJSON:test_set_image_metadata): 200 PUT http://10.180.1.21/compute/v2.1/images/3589065e-5b12-4d2d-b616-68a7ecb662a6/metadata 0.605s
2024-10-11 05:01:26.045 62810 INFO tempest.lib.common.rest_client [req-ad6503ff-7538-4e83-8798-97d503ea30e5 req-ad6503ff-7538-4e83-8798-97d503ea30e5 ] Request (ServersTestJSON:setUpClass): 200 GET http://10.180.1.21/compute/v2.1/servers/9b49513e-4c01-4664-be2c-6058a357b0db 0.395s
2024-10-11 05:01:26.061 62798 INFO tempest.lib.common.rest_client [req-ba1796b2-85f6-4a76-a666-8e906cc8ae23 req-ba1796b2-85f6-4a76-a666-8e906cc8ae23 ] Request (ServersWithSpecificFlavorTestJSON:test_verify_created_server_ephemeral_disk): 200 POST http://10.180.1.21/compute/v2.1/flavors 0.353s
2024-10-11 05:01:26.067 62820 INFO tempest.lib.common.rest_client [req-ea2603ef-7777-4192-8940-1adfec52c7a5 req-ea2603ef-7777-4192-8940-1adfec52c7a5 ] Request (ServerShowV254Test:test_rebuild_server): 200 GET http://10.180.1.21/compute/v2.1/servers/f4f7e2c9-229c-4547-b674-5a5219a28151 0.376s
2024-10-11 05:01:26.076 62804 INFO tempest.lib.common.rest_client [req-fa6c6ba7-fa90-4bed-add6-07161dc5c3df req-fa6c6ba7-fa90-4bed-add6-07161dc5c3df ] Request (SecurityGroupRulesTestJSON:tearDownClass): 204 DELETE http://10.180.1.21:9696/networking/v2.0/security-groups/2462d773-d0a0-4e96-a1b0-ee78d43ca3e4 0.217s
2024-10-11 05:01:26.125 62842 INFO tempest.lib.common.rest_client [req-54a4c823-102a-4f36-9b88-69cb88035a07 req-54a4c823-102a-4f36-9b88-69cb88035a07 ] Request (AttachVolumeShelveTestJSON:test_attach_volume_shelved_or_offload_server): 200 GET http://10.180.1.21/compute/v2.1/servers/65e8971a-a149-4a11-92ad-7c5c8874530c 0.409s
2024-10-11 05:01:26.137 62836 INFO tempest.lib.common.rest_client [req-5efdd151-c36e-4f1f-ac1e-27c8c7a19290 req-5efdd151-c36e-4f1f-ac1e-27c8c7a19290 ] Request (ImagesTestJSON:test_create_image_from_stopped_server): 200 GET http://10.180.1.21/compute/v2.1/servers/b482dcca-ae32-425d-a097-f9af69785835 0.347s
2024-10-11 05:01:26.191 62804 INFO tempest.lib.common.rest_client [req-60239ec6-7762-4838-b976-3afa2f34fdfe req-60239ec6-7762-4838-b976-3afa2f34fdfe ] Request (SecurityGroupRulesTestJSON:tearDownClass): 204 DELETE http://10.180.1.21/identity/v3/projects/aecb7f672517418db38bfdde6f8412f1 0.113s
2024-10-11 05:01:26.201 62814 INFO tempest.lib.common.rest_client [req-9025e447-e2b1-469c-b5e6-6057aaf13f27 req-9025e447-e2b1-469c-b5e6-6057aaf13f27 ] Request (MultipleCreateTestJSON:test_multiple_create): 200 GET http://10.180.1.21/compute/v2.1/servers/88cee397-bcbd-428c-b203-e5d9b6acbbb2 0.334s
2024-10-11 05:01:26.209 62808 INFO tempest.lib.common.rest_client [req-e371436b-4bc8-4bd7-92f4-2063b80f7674 req-e371436b-4bc8-4bd7-92f4-2063b80f7674 ] Request (ServerActionsV293TestJSON:setUpClass): 200 GET http://10.180.1.21/compute/v2.1/servers/2ae701c0-3016-4635-8fe1-1e1c314fa748 0.344s
2024-10-11 05:01:26.252 62804 INFO tempest.lib.common.rest_client [req-bea77920-2c2d-44df-bbf6-654664be7d08 req-bea77920-2c2d-44df-bbf6-654664be7d08 ] Request (ServersTestFqdnHostnames:setUpClass): 201 POST http://10.180.1.21/identity/v3/auth/tokens 0.060s
2024-10-11 05:01:26.266 62852 INFO tempest.lib.common.rest_client [req-63bbd3a3-9483-4e94-b233-893876d5a27a req-63bbd3a3-9483-4e94-b233-893876d5a27a ] Request (TenantUsagesTestJSON:setUpClass): 200 GET http://10.180.1.21/compute/v2.1/servers/2e1410c0-8aff-429c-8bbb-46d9bc01de32 0.343s
2024-10-11 05:01:26.278 62838 INFO tempest.lib.common.rest_client [req-b490b562-a811-416a-b909-f0bf793dab6a req-b490b562-a811-416a-b909-f0bf793dab6a ] Request (ImagesNegativeTestJSON:test_create_image_from_deleted_server): 200 GET http://10.180.1.21/compute/v2.1/servers/95348a45-f517-4e21-8969-57c978985984 0.352s
2024-10-11 05:01:26.288 62804 INFO tempest.lib.common.rest_client [req-f2f67b79-d527-41a1-b1af-82e2478a8e27 req-f2f67b79-d527-41a1-b1af-82e2478a8e27 ] Request (ServersTestFqdnHostnames:setUpClass): 201 POST http://10.180.1.21/identity/v3/auth/tokens 0.033s
2024-10-11 05:01:26.311 62804 INFO tempest.lib.common.rest_client [req-316e3826-bf2f-4e43-8e94-bb06101af9f0 req-316e3826-bf2f-4e43-8e94-bb06101af9f0 ] Request (ServersTestFqdnHostnames:setUpClass): 200 GET http://10.180.1.21/identity/v3/domains?name=Default 0.023s
2024-10-11 05:01:26.319 62800 INFO tempest.lib.common.rest_client [req-709c6e0b-16a5-4aec-9623-e1b1e4da42e8 req-709c6e0b-16a5-4aec-9623-e1b1e4da42e8 ] Request (ImagesMetadataTestJSON:test_set_image_metadata): 200 GET http://10.180.1.21/compute/v2.1/images/3589065e-5b12-4d2d-b616-68a7ecb662a6/metadata 0.319s
2024-10-11 05:01:26.339 62816 INFO tempest.lib.common.rest_client [req-06abce10-e8b7-4731-a5e0-1a508d4c9175 req-06abce10-e8b7-4731-a5e0-1a508d4c9175 ] Request (ServerPasswordTestJSON:setUpClass): 200 GET http://10.180.1.21/compute/v2.1/servers/49ba74b6-fbbe-442a-b3a1-00bdd4e046e5 0.350s
2024-10-11 05:01:26.341 62804 INFO tempest.lib.common.rest_client [req-73c4a38d-fda3-4f84-9883-7897ca168e08 req-73c4a38d-fda3-4f84-9883-7897ca168e08 ] Request (ServersTestFqdnHostnames:setUpClass): 201 POST http://10.180.1.21/identity/v3/projects 0.029s
