2024-10-11 05:00:36.781 62850 INFO tempest.lib.common.rest_client [req-9bab7663-5703-4cd4-9d22-aed3c4bb252e req-9bab7663-5703-4cd4-9d22-aed3c4bb252e ] Request (FloatingIPsAssociationNegativeTestJSON:setUpClass): 200 GET http://10.180.1.21/compute/v2.1/servers/f52921c6-abbc-4a27-a451-e1cb4f5dfc48 1.199s
2024-10-11 05:00:36.820 62856 INFO tempest.lib.common.rest_client [req-39e1f9c8-7698-4754-b22b-9faed21a26ad req-39e1f9c8-7698-4754-b22b-9faed21a26ad ] Request (ServerAddressesNegativeTestJSON:setUpClass): 201 POST http://10.180.1.21:9696/networking/v2.0/subnets 0.228s
2024-10-11 05:00:36.861 62836 INFO tempest.lib.common.rest_client [req-4590e875-ad2c-4757-bc1a-4f07124af0bc req-4590e875-ad2c-4757-bc1a-4f07124af0bc ] Request (ServersAdminNegativeTestJSON:tearDownClass): 204 DELETE http://10.180.1.21/identity/v3/projects/279b995323cf405493f63e8444306e30 0.090s
2024-10-11 05:00:36.873 62820 INFO tempest.lib.common.rest_client [req-dc922ee5-3847-46a1-ae86-f0f76fdf1676 req-dc922ee5-3847-46a1-ae86-f0f76fdf1676 ] Request (ServerShowV254Test:test_rebuild_server): 200 GET http://10.180.1.21/compute/v2.1/servers/f4f7e2c9-229c-4547-b674-5a5219a28151 1.283s
2024-10-11 05:00:36.938 62836 INFO tempest.lib.common.rest_client [req-07157ef1-a535-44ca-8414-1f4320f10e5e req-07157ef1-a535-44ca-8414-1f4320f10e5e ] Request (ServicesAdminNegativeTestJSON:setUpClass): 201 POST http://10.180.1.21/identity/v3/auth/tokens 0.070s
2024-10-11 05:00:36.977 62836 INFO tempest.lib.common.rest_client [req-933400de-d3ee-4ef7-a148-55299c1393ea req-933400de-d3ee-4ef7-a148-55299c1393ea ] Request (ServicesAdminNegativeTestJSON:setUpClass): 201 POST http://10.180.1.21/identity/v3/auth/tokens 0.036s
2024-10-11 05:00:37.003 62836 INFO tempest.lib.common.rest_client [req-06a3e38b-db1b-4869-b0d6-c6d82ecc7c28 req-06a3e38b-db1b-4869-b0d6-c6d82ecc7c28 ] Request (ServicesAdminNegativeTestJSON:setUpClass): 200 GET http://10.180.1.21/identity/v3/domains?name=Default 0.025s
2024-10-11 05:00:37.038 62836 INFO tempest.lib.common.rest_client [req-05d592b7-bd20-4639-bd94-a896017c2caf req-05d592b7-bd20-4639-bd94-a896017c2caf ] Request (ServicesAdminNegativeTestJSON:setUpClass): 201 POST http://10.180.1.21/identity/v3/projects 0.034s
2024-10-11 05:00:37.095 62836 INFO tempest.lib.common.rest_client [req-32fb2e17-2066-4126-b631-9098a8a43da0 req-32fb2e17-2066-4126-b631-9098a8a43da0 ] Request (ServicesAdminNegativeTestJSON:setUpClass): 201 POST http://10.180.1.21/identity/v3/users 0.056s
2024-10-11 05:00:37.103 62830 INFO tempest.lib.common.rest_client [req-4aeaf7a1-8165-4da0-bd8a-2bd9ede587bd req-4aeaf7a1-8165-4da0-bd8a-2bd9ede587bd ] Request (AttachInterfacesUnderV243Test:test_add_remove_fixed_ip): 200 GET http://10.180.1.21/compute/v2.1/servers/813e287c-9d7f-4e9c-9216-986f631b6eb6 1.448s
2024-10-11 05:00:37.119 62836 INFO tempest.lib.common.rest_client [req-c08f9b4a-0691-495f-bdfd-be91dab0d21c req-c08f9b4a-0691-495f-bdfd-be91dab0d21c ] Request (ServicesAdminNegativeTestJSON:setUpClass): 200 GET http://10.180.1.21/identity/v3/roles 0.023s
2024-10-11 05:00:37.152 62836 INFO tempest.lib.common.rest_client [req-06af5466-d5d1-42dd-a094-94da7cf6286c req-06af5466-d5d1-42dd-a094-94da7cf6286c ] Request (ServicesAdminNegativeTestJSON:setUpClass): 204 PUT http://10.180.1.21/identity/v3/projects/00dce19a327d41fcbb6040f925ae1a68/users/4d738ee81e2949c5b8cd93f3cc0d798c/roles/f3c0e00d29714df8814ef1e0d32f6934 0.033s
2024-10-11 05:00:37.152 62836 INFO tempest.lib.common.dynamic_creds [-] Dynamic test user 4d738ee81e2949c5b8cd93f3cc0d798c is created with scope project and roles: ['member']
2024-10-11 05:00:37.152 62836 INFO tempest.lib.common.dynamic_creds [-] Acquired dynamic creds: credentials: Credentials: {'domain_id': 'default', 'domain_name': 'Default', 'username': 'tempest-ServicesAdminNegativeTestJSON-55030361-project-member', 'project_domain_id': 'default', 'project_domain_name': 'Default', 'project_id': '00dce19a327d41fcbb6040f925ae1a68', 'project_name': 'tempest-ServicesAdminNegativeTestJSON-55030361', 'tenant_id': '00dce19a327d41fcbb6040f925ae1a68', 'tenant_name': 'tempest-ServicesAdminNegativeTestJSON-55030361', 'user_domain_id': 'default', 'user_domain_name': 'Default', 'user_id': '4d738ee81e2949c5b8cd93f3cc0d798c', 'system': None}, Network: None, Subnet: None, Router: None
2024-10-11 05:00:37.152 62836 INFO tempest.lib.common.dynamic_creds [-] Created isolated network resources for: credentials: Credentials: {'domain_id': 'default', 'domain_name': 'Default', 'username': 'tempest-ServicesAdminNegativeTestJSON-55030361-project-member', 'project_domain_id': 'default', 'project_domain_name': 'Default', 'project_id': '00dce19a327d41fcbb6040f925ae1a68', 'project_name': 'tempest-ServicesAdminNegativeTestJSON-55030361', 'tenant_id': '00dce19a327d41fcbb6040f925ae1a68', 'tenant_name': 'tempest-ServicesAdminNegativeTestJSON-55030361', 'user_domain_id': 'default', 'user_domain_name': 'Default', 'user_id': '4d738ee81e2949c5b8cd93f3cc0d798c', 'system': None}, Network: None, Subnet: None, Router: None
2024-10-11 05:00:37.223 62800 INFO tempest.lib.common.rest_client [req-060b54a5-5069-4f91-b940-1b4e0a6619bd req-060b54a5-5069-4f91-b940-1b4e0a6619bd ] Request (ServersAdmin275Test:_run_cleanups): 200 GET http://10.180.1.21/compute/v2.1/servers/d02e6383-42d9-40db-89a3-ba8b5595b95b 1.253s
2024-10-11 05:00:37.229 62834 INFO tempest.lib.common.rest_client [req-7fdd058f-46ee-4558-a530-e034cfdd5478 req-7fdd058f-46ee-4558-a530-e034cfdd5478 ] Request (AggregatesAdminNegativeTestJSON:test_aggregate_get_details_as_user): 403 GET http://10.180.1.21/compute/v2.1/os-aggregates/6 1.246s
2024-10-11 05:00:37.247 62836 INFO tempest.lib.common.rest_client [req-17226ef2-49ff-44c4-9720-4b9d18aafd4d req-17226ef2-49ff-44c4-9720-4b9d18aafd4d ] Request (ServicesAdminNegativeTestJSON:setUpClass): 201 POST http://10.180.1.21/identity/v3/auth/tokens 0.089s
2024-10-11 05:00:37.256 62808 INFO tempest.lib.common.rest_client [req-285e03d7-5e1a-44a4-9d0c-f6134aee5259 req-285e03d7-5e1a-44a4-9d0c-f6134aee5259 ] Request (FlavorsAccessNegativeTestJSON:_run_cleanups): 200 GET http://10.180.1.21/compute/v2.1/flavors/detail 1.252s
2024-10-11 05:00:37.308 62836 INFO tempest.lib.common.rest_client [req-608ebbd6-33cf-4694-887e-c65cb7d4466e req-608ebbd6-33cf-4694-887e-c65cb7d4466e ] Request (ServicesAdminNegativeTestJSON:setUpClass): 201 POST http://10.180.1.21/identity/v3/projects 0.060s
2024-10-11 05:00:37.346 62854 INFO tempest.lib.common.rest_client [req-08983367-9505-4691-908c-08cc02285fed req-08983367-9505-4691-908c-08cc02285fed ] Request (ServerShowV257Test:test_rebuild_server): 200 GET http://10.180.1.21/compute/v2.1/servers/9316facd-0c95-4720-b0d3-c0a39df81619 1.287s
2024-10-11 05:00:37.367 62836 INFO tempest.lib.common.rest_client [req-c46112a5-f08c-4b11-a5aa-274bbac2d2bd req-c46112a5-f08c-4b11-a5aa-274bbac2d2bd ] Request (ServicesAdminNegativeTestJSON:setUpClass): 201 POST http://10.180.1.21/identity/v3/users 0.058s
2024-10-11 05:00:37.384 62836 INFO tempest.lib.common.rest_client [req-64e6ef26-7ead-48dc-9bf0-80d4c895e9c9 req-64e6ef26-7ead-48dc-9bf0-80d4c895e9c9 ] Request (ServicesAdminNegativeTestJSON:setUpClass): 200 GET http://10.180.1.21/identity/v3/roles 0.015s
2024-10-11 05:00:37.406 62808 INFO tempest.lib.common.rest_client [req-2da48f33-dd07-4535-94b7-46bc8c32d833 req-2da48f33-dd07-4535-94b7-46bc8c32d833 ] Request (FlavorsAccessNegativeTestJSON:tearDownClass): 204 DELETE http://10.180.1.21/identity/v3/users/176333abed4541009d8706ec0b116582 0.139s
2024-10-11 05:00:37.438 62836 INFO tempest.lib.common.rest_client [req-f11fe04c-baaf-48cb-bc30-7355fc8853a7 req-f11fe04c-baaf-48cb-bc30-7355fc8853a7 ] Request (ServicesAdminNegativeTestJSON:setUpClass): 204 PUT http://10.180.1.21/identity/v3/projects/aa147ea2fa9a4b02b384109d7570bfae/users/09c323689a95470ab952ed7aec45f1d5/roles/c9b0d198ce354fa4895e233c10a48758 0.054s
2024-10-11 05:00:37.442 62798 INFO tempest.lib.common.rest_client [req-6f3d9a10-70a4-4cf9-a8ea-b09a62e2502f req-6f3d9a10-70a4-4cf9-a8ea-b09a62e2502f ] Request (VolumesAssistedSnapshotsTest:test_volume_assisted_snapshot_create_delete): 200 GET http://10.180.1.21/compute/v2.1/servers/3c173701-9f61-4561-ac3c-7ac3de4101d9 1.334s
2024-10-11 05:00:37.450 62856 INFO tempest.lib.common.rest_client [req-a9fb9acb-1d29-4468-b904-0ba413e7d07e req-a9fb9acb-1d29-4468-b904-0ba413e7d07e ] Request (ServerAddressesNegativeTestJSON:setUpClass): 201 POST http://10.180.1.21:9696/networking/v2.0/routers 0.629s
2024-10-11 05:00:37.490 62836 INFO tempest.lib.common.rest_client [req-a04aad15-4420-4aa4-a7a0-ebd3fb9e424e req-a04aad15-4420-4aa4-a7a0-ebd3fb9e424e ] Request (ServicesAdminNegativeTestJSON:setUpClass): 200 GET http://10.180.1.21/identity/v3/roles 0.051s
2024-10-11 05:00:37.510 62836 INFO tempest.lib.common.rest_client [req-f048dea0-b702-47ef-af8f-9ccdb80abc31 req-f048dea0-b702-47ef-af8f-9ccdb80abc31 ] Request (ServicesAdminNegativeTestJSON:setUpClass): 204 PUT http://10.180.1.21/identity/v3/projects/aa147ea2fa9a4b02b384109d7570bfae/users/09c323689a95470ab952ed7aec45f1d5/roles/c9b0d198ce354fa4895e233c10a48758 0.019s
2024-10-11 05:00:37.510 62836 INFO tempest.lib.common.dynamic_creds [-] Dynamic test user 09c323689a95470ab952ed7aec45f1d5 is created with scope project and roles: ['admin']
2024-10-11 05:00:37.510 62836 INFO tempest.lib.common.dynamic_creds [-] Acquired dynamic creds: credentials: Credentials: {'domain_id': 'default', 'domain_name': 'Default', 'username': 'tempest-ServicesAdminNegativeTestJSON-520513417-project-admin', 'project_domain_id': 'default', 'project_domain_name': 'Default', 'project_id': 'aa147ea2fa9a4b02b384109d7570bfae', 'project_name': 'tempest-ServicesAdminNegativeTestJSON-520513417', 'tenant_id': 'aa147ea2fa9a4b02b384109d7570bfae', 'tenant_name': 'tempest-ServicesAdminNegativeTestJSON-520513417', 'user_domain_id': 'default', 'user_domain_name': 'Default', 'user_id': '09c323689a95470ab952ed7aec45f1d5', 'system': None}, Network: None, Subnet: None, Router: None
2024-10-11 05:00:37.510 62836 INFO tempest.lib.common.dynamic_creds [-] Created isolated network resources for: credentials: Credentials: {'domain_id': 'default', 'domain_name': 'Default', 'username': 'tempest-ServicesAdminNegativeTestJSON-520513417-project-admin', 'project_domain_id': 'default', 'project_domain_name': 'Default', 'project_id': 'aa147ea2fa9a4b02b384109d7570bfae', 'project_name': 'tempest-ServicesAdminNegativeTestJSON-520513417', 'tenant_id': 'aa147ea2fa9a4b02b384109d7570bfae', 'tenant_name': 'tempest-ServicesAdminNegativeTestJSON-520513417', 'user_domain_id': 'default', 'user_domain_name': 'Default', 'user_id': '09c323689a95470ab952ed7aec45f1d5', 'system': None}, Network: None, Subnet: None, Router: None
2024-10-11 05:00:37.558 62808 INFO tempest.lib.common.rest_client [req-12372c3b-afa7-4a72-be4a-e7e261f1794d req-12372c3b-afa7-4a72-be4a-e7e261f1794d ] Request (FlavorsAccessNegativeTestJSON:tearDownClass): 204 DELETE http://10.180.1.21/identity/v3/users/44db45e9029145a099d26ff2c79b0cbd 0.152s
2024-10-11 05:00:37.575 62838 INFO tempest.lib.common.rest_client [req-75475390-91a6-4a0c-b16c-9b99d281922c req-75475390-91a6-4a0c-b16c-9b99d281922c ] Request (ImagesNegativeTestJSON:setUpClass): 201 POST http://10.180.1.21:9696/networking/v2.0/networks 1.095s
2024-10-11 05:00:37.585 62836 INFO tempest.lib.common.rest_client [req-68bd9298-8391-4454-9d25-a1179c9fc6e7 req-68bd9298-8391-4454-9d25-a1179c9fc6e7 ] Request (ServicesAdminNegativeTestJSON:setUpClass): 201 POST http://10.180.1.21/identity/v3/auth/tokens 0.071s
2024-10-11 05:00:37.686 62808 INFO tempest.lib.common.rest_client [req-b114288a-fd35-4bb3-9b81-34d04e836f38 req-b114288a-fd35-4bb3-9b81-34d04e836f38 ] Request (FlavorsAccessNegativeTestJSON:tearDownClass): 204 DELETE http://10.180.1.21/identity/v3/users/f7873cb8cd014ded9417642071b1233d 0.127s
2024-10-11 05:00:37.686 62808 INFO tempest.lib.common.dynamic_creds [-] Deleting project and security group for project: 92ebcfaddf704e3898d1817ff1ff098c
2024-10-11 05:00:37.691 62825 INFO tempest.lib.common.rest_client [req-057464a4-a7eb-4183-9123-48dfa201a5f9 req-057464a4-a7eb-4183-9123-48dfa201a5f9 ] Request (VolumesAdminNegativeTest:test_update_attached_volume_with_nonexistent_volume_in_body): 202 POST http://10.180.1.21/compute/v2.1/servers 2.210s
2024-10-11 05:00:37.706 62802 INFO tempest.lib.common.rest_client [req-e6e227a9-75d8-42e4-a44e-61fcb48fbd29 req-e6e227a9-75d8-42e4-a44e-61fcb48fbd29 ] Request (ImagesDeleteNegativeTestJSON:test_delete_image_with_id_over_character_limit): 404 DELETE http://10.180.1.21/compute/v2.1/images/05a930e5-d2f7-4fea-bb95-ea5782e702b01 1.448s
2024-10-11 05:00:37.773 62808 INFO tempest.lib.common.rest_client [req-d5ff2941-d565-47a6-a725-24a0d299253d req-d5ff2941-d565-47a6-a725-24a0d299253d ] Request (FlavorsAccessNegativeTestJSON:tearDownClass): 201 POST http://10.180.1.21/identity/v3/auth/tokens 0.087s
2024-10-11 05:00:37.793 62846 INFO tempest.lib.common.rest_client [req-a44b16ef-3921-4cf6-aab2-307c29259b00 req-a44b16ef-3921-4cf6-aab2-307c29259b00 ] Request (MigrationsAdminTest:test_list_migrations_in_flavor_resize_situation): 200 GET http://10.180.1.21/compute/v2.1/servers/9f923c30-6c68-4e5d-be8a-4f18e996a999 1.470s
2024-10-11 05:00:37.852 62842 INFO tempest.lib.common.rest_client [req-b4967feb-7b9c-4474-a15d-aed421c32a31 req-b4967feb-7b9c-4474-a15d-aed421c32a31 ] Request (FloatingIPsAssociationTestJSON:tearDownClass): 200 PUT http://10.180.1.21:9696/networking/v2.0/routers/0931253e-b8c4-444d-94bf-45e9687631b8/remove_router_interface 2.733s
2024-10-11 05:00:37.875 62848 INFO tempest.lib.common.rest_client [req-6da96f17-e6ba-4277-9ce6-9536b5aba104 req-6da96f17-e6ba-4277-9ce6-9536b5aba104 ] Request (ServerDiagnosticsTest:test_get_server_diagnostics): 200 GET http://10.180.1.21/compute/v2.1/servers/158e242b-3f2d-4cac-b3f3-c51da7f78bb1 1.551s
2024-10-11 05:00:37.892 62858 INFO tempest.lib.common.rest_client [req-9c604450-b30e-4d23-bf0e-013526629b8e req-9c604450-b30e-4d23-bf0e-013526629b8e ] Request (KeyPairsV22TestJSON:_run_cleanups): 204 DELETE http://10.180.1.21/compute/v2.1/os-keypairs/tempest-KeyPairsV22TestJSON-keypair-2125760430 1.460s
2024-10-11 05:00:37.903 62816 INFO tempest.lib.common.rest_client [req-fcb80879-2fea-4b30-b864-addbcbc633c6 req-fcb80879-2fea-4b30-b864-addbcbc633c6 ] Request (SecurityGroupRulesNegativeTestJSON:tearDownClass): 202 DELETE http://10.180.1.21/compute/v2.1/os-security-groups/4a1ff153-d9f4-4a50-907d-19313fab9ce0 1.673s
2024-10-11 05:00:37.930 62840 INFO tempest.lib.common.rest_client [req-f48a53b2-341c-4757-ad8c-02460ba883f8 req-f48a53b2-341c-4757-ad8c-02460ba883f8 ] Request (FlavorsAdminTestJSON:_run_cleanups): 200 GET http://10.180.1.21/compute/v2.1/flavors/detail 1.479s
2024-10-11 05:00:37.983 62822 INFO tempest.lib.common.rest_client [req-664a882b-00d1-43ac-b3d5-e871bf9b27bd req-664a882b-00d1-43ac-b3d5-e871bf9b27bd ] Request (InstanceActionsV221TestJSON:test_get_list_deleted_instance_actions): 200 GET http://10.180.1.21/compute/v2.1/servers/5fc9a508-323d-4f1c-ae46-d15f340f6b73 1.544s
2024-10-11 05:00:38.000 62796 INFO tempest.lib.common.rest_client [req-5ed9538b-539e-489d-9238-66267d359bbb req-5ed9538b-539e-489d-9238-66267d359bbb ] Request (FlavorsV2TestJSON:test_list_flavors_with_detail): 200 GET http://10.180.1.21/compute/v2.1/flavors/detail 1.482s
2024-10-11 05:00:38.087 62808 INFO tempest.lib.common.rest_client [req-9e369a2f-d97d-4356-abdb-a1c8dc7bbc31 req-9e369a2f-d97d-4356-abdb-a1c8dc7bbc31 ] Request (FlavorsAccessNegativeTestJSON:tearDownClass): 200 GET http://10.180.1.21:9696/networking/v2.0/security-groups?tenant_id=92ebcfaddf704e3898d1817ff1ff098c&name=default 0.313s
2024-10-11 05:00:38.107 62818 INFO tempest.lib.common.rest_client [req-72800cf8-bbd4-4cf0-8175-0716eee8ea6a req-72800cf8-bbd4-4cf0-8175-0716eee8ea6a ] Request (DeleteServersTestJSON:test_delete_active_server): 200 GET http://10.180.1.21/compute/v2.1/servers/b08cb5a2-56d1-43da-ae4a-684077dd517f 1.356s
2024-10-11 05:00:38.186 62828 INFO tempest.lib.common.rest_client [req-e3e7c30e-cc4f-45fe-aa61-4921b8de79d2 req-e3e7c30e-cc4f-45fe-aa61-4921b8de79d2 ] Request (ServerExternalEventsTest:test_create_server_external_events): 200 GET http://10.180.1.21/compute/v2.1/servers/5845d273-b18a-447a-ad2d-a011bfcc2423 1.046s
2024-10-11 05:00:38.200 62838 INFO tempest.lib.common.rest_client [req-1f078e28-b2f3-48cf-8391-7b3c16dbb988 req-1f078e28-b2f3-48cf-8391-7b3c16dbb988 ] Request (ImagesNegativeTestJSON:setUpClass): 201 POST http://10.180.1.21:9696/networking/v2.0/subnets 0.624s
2024-10-11 05:00:38.206 62834 INFO tempest.lib.common.rest_client [req-b79a0adc-a5c5-40f6-bb34-09504501e005 req-b79a0adc-a5c5-40f6-bb34-09504501e005 ] Request (AggregatesAdminNegativeTestJSON:_run_cleanups): 200 DELETE http://10.180.1.21/compute/v2.1/os-aggregates/6 0.977s
2024-10-11 05:00:38.282 62852 INFO tempest.lib.common.rest_client [req-03567ebe-01f2-4d28-ad58-16a3302a9724 req-03567ebe-01f2-4d28-ad58-16a3302a9724 ] Request (QuotasAdminTestJSON:_run_cleanups): 200 PUT http://10.180.1.21/compute/v2.1/os-quota-sets/9c6b34ea3d8641c68d7431983bf1aecf 1.781s
2024-10-11 05:00:38.306 62810 INFO tempest.lib.common.rest_client [req-b7d3f18b-6a84-40d4-95e4-15d60d980ddb req-b7d3f18b-6a84-40d4-95e4-15d60d980ddb ] Request (ServerDiagnosticsV248Test:tearDownClass): 200 GET http://10.180.1.21/compute/v2.1/servers/06df57a7-2c53-4f79-bec4-e46cfe1dca63 1.054s
2024-10-11 05:00:38.364 62832 INFO tempest.lib.common.rest_client [req-fda4b02a-2fee-4672-b3e3-17d307ecfaea req-fda4b02a-2fee-4672-b3e3-17d307ecfaea ] Request (ServerDiagnosticsNegativeTest:test_get_server_diagnostics_by_non_admin): 200 GET http://10.180.1.21/compute/v2.1/servers/b00d6153-c94f-4605-9b97-9a3a813ee93b 1.026s
2024-10-11 05:00:38.385 62852 INFO tempest.lib.common.rest_client [req-f2e4444c-ce16-47b6-96a8-e11a715e4d44 req-f2e4444c-ce16-47b6-96a8-e11a715e4d44 ] Request (QuotasAdminTestJSON:tearDownClass): 204 DELETE http://10.180.1.21/identity/v3/users/523fedf3bd0f4a3da975244e164a8a18 0.100s
2024-10-11 05:00:38.391 62808 INFO tempest.lib.common.rest_client [req-4c360cb3-01d2-42f1-9003-7b20398cd151 req-4c360cb3-01d2-42f1-9003-7b20398cd151 ] Request (FlavorsAccessNegativeTestJSON:tearDownClass): 204 DELETE http://10.180.1.21:9696/networking/v2.0/security-groups/5c59cae5-eaa1-472b-ab49-1fc91827d230 0.304s
2024-10-11 05:00:38.400 62844 INFO tempest.lib.common.rest_client [req-f6f79b72-be99-470b-ba26-4b58fffb14f2 req-f6f79b72-be99-470b-ba26-4b58fffb14f2 ] Request (SecurityGroupsTestJSON:test_list_security_groups_by_server): 200 GET http://10.180.1.21/compute/v2.1/servers/37cbd58c-b11a-4a62-95b2-5f4c5cf7ad1f 0.981s
2024-10-11 05:00:38.425 62812 INFO tempest.lib.common.rest_client [req-1705b9a7-43b5-465d-8372-c93a9ba2c897 req-1705b9a7-43b5-465d-8372-c93a9ba2c897 ] Request (QuotasAdminTestV236:test_get_updated_quotas): 200 GET http://10.180.1.21/identity/v3/domains?name=Default 0.100s
2024-10-11 05:00:38.471 62804 INFO tempest.lib.common.rest_client [req-2f1e0e9f-8e2f-4e48-9c16-ab7b0cfdae7d req-2f1e0e9f-8e2f-4e48-9c16-ab7b0cfdae7d ] Request (ServersAdminTestJSON:setUpClass): 200 GET http://10.180.1.21/compute/v2.1/servers/7d66f026-8b3e-4670-ada6-0109d99bb984 0.859s
2024-10-11 05:00:38.519 62836 INFO tempest.lib.common.rest_client [req-ca2a47f6-3418-4ff4-bba1-7c48c8e4062b req-ca2a47f6-3418-4ff4-bba1-7c48c8e4062b ] Request (ServicesAdminNegativeTestJSON:test_get_service_by_invalid_params): 200 GET http://10.180.1.21/compute/v2.1/os-services 0.933s
2024-10-11 05:00:38.543 62825 INFO tempest.lib.common.rest_client [req-304a1f2e-6d12-4846-8595-e82c1a03f143 req-304a1f2e-6d12-4846-8595-e82c1a03f143 ] Request (VolumesAdminNegativeTest:test_update_attached_volume_with_nonexistent_volume_in_body): 200 GET http://10.180.1.21/compute/v2.1/servers/14c27acb-0c19-47f9-b3fd-4f9e3e83bb5e 0.850s
2024-10-11 05:00:38.570 62802 INFO tempest.lib.common.rest_client [req-3620b768-d972-4056-baa3-d64e723ea640 req-3620b768-d972-4056-baa3-d64e723ea640 ] Request (ImagesDeleteNegativeTestJSON:test_delete_image_with_invalid_image_id): 404 DELETE http://10.180.1.21/compute/v2.1/images/tempest-invalid-1704533374 0.862s
2024-10-11 05:00:38.584 62852 INFO tempest.lib.common.rest_client [req-dc4eec6c-723f-40e4-8c20-1354c08715a7 req-dc4eec6c-723f-40e4-8c20-1354c08715a7 ] Request (QuotasAdminTestJSON:tearDownClass): 204 DELETE http://10.180.1.21/identity/v3/users/8b83c361cd75425e8f9977eff55c943f 0.199s
2024-10-11 05:00:38.584 62826 INFO tempest.lib.common.rest_client [req-e1750c27-2e3a-4f08-bf4b-050b6335a756 req-e1750c27-2e3a-4f08-bf4b-050b6335a756 ] Request (ServersV294TestFqdnHostnames:setUpClass): 200 PUT http://10.180.1.21:9696/networking/v2.0/routers/0e94ade0-4d39-4044-8c9f-9548d2ea971e/add_router_interface 3.246s
2024-10-11 05:00:38.584 62852 INFO tempest.lib.common.dynamic_creds [-] Deleting project and security group for project: f4dbeaf531884920be275bf2ff1ef61b
2024-10-11 05:00:38.585 62826 INFO tempest.lib.common.dynamic_creds [-] Created isolated network resources for: credentials: Credentials: {'domain_id': 'default', 'domain_name': 'Default', 'username': 'tempest-ServersV294TestFqdnHostnames-963862238-project-member', 'project_domain_id': 'default', 'project_domain_name': 'Default', 'project_id': 'c516a8aef1614886b3b28d81167e81e0', 'project_name': 'tempest-ServersV294TestFqdnHostnames-963862238', 'tenant_id': 'c516a8aef1614886b3b28d81167e81e0', 'tenant_name': 'tempest-ServersV294TestFqdnHostnames-963862238', 'user_domain_id': 'default', 'user_domain_name': 'Default', 'user_id': '4cbe0033a0bb48d1ab4d03546d2d3493', 'system': None}, Network: {'id': '5984bc99-f7cd-485c-bc46-5427cc83d702', 'name': 'tempest-ServersV294TestFqdnHostnames-799681933-network', 'tenant_id': 'c516a8aef1614886b3b28d81167e81e0', 'admin_state_up': True, 'mtu': 8950, 'status': 'ACTIVE', 'subnets': [], 'shared': False, 'project_id': 'c516a8aef1614886b3b28d81167e81e0', 'port_security_enabled': True, 'router:external': False, 'provider:network_type': 'vlan', 'provider:physical_network': 'default', 'provider:segmentation_id': 909, 'is_default': False, 'availability_zone_hints': [], 'availability_zones': [], 'ipv4_address_scope': None, 'ipv6_address_scope': None, 'description': '', 'tags': [], 'created_at': '2024-10-11T05:00:33Z', 'updated_at': '2024-10-11T05:00:33Z', 'revision_number': 1}, Subnet: {'id': '52576c5f-328c-4e9a-9c6c-b0e278693f30', 'name': 'tempest-ServersV294TestFqdnHostnames-799681933-subnet', 'tenant_id': 'c516a8aef1614886b3b28d81167e81e0', 'network_id': '5984bc99-f7cd-485c-bc46-5427cc83d702', 'ip_version': 4, 'subnetpool_id': None, 'enable_dhcp': True, 'ipv6_ra_mode': None, 'ipv6_address_mode': None, 'gateway_ip': '192.168.128.1', 'cidr': '192.168.128.0/28', 'allocation_pools': [{'start': '192.168.128.2', 'end': '192.168.128.14'}], 'host_routes': [], 'dns_nameservers': [], 'description': '', 'router:external': False, 'service_types': [], 'tags': [], 'created_at': '2024-10-11T05:00:33Z', 'updated_at': '2024-10-11T05:00:33Z', 'revision_number': 0, 'project_id': 'c516a8aef1614886b3b28d81167e81e0'}, Router: {'id': '0e94ade0-4d39-4044-8c9f-9548d2ea971e', 'name': 'tempest-ServersV294TestFqdnHostnames-799681933-router', 'tenant_id': 'c516a8aef1614886b3b28d81167e81e0', 'admin_state_up': True, 'status': 'ACTIVE', 'external_gateway_info': {'network_id': '8f883b1b-8068-4cb0-97f7-123a2fd695db', 'external_fixed_ips': [{'subnet_id': '2dd4f139-32ca-429b-9800-036d50ed596c', 'ip_address': '10.180.180.199'}], 'enable_snat': True}, 'description': '', 'availability_zones': [], 'distributed': False, 'ha': False, 'availability_zone_hints': [], 'routes': [], 'flavor_id': None, 'tags': [], 'created_at': '2024-10-11T05:00:34Z', 'updated_at': '2024-10-11T05:00:34Z', 'revision_number': 2, 'project_id': 'c516a8aef1614886b3b28d81167e81e0'}
2024-10-11 05:00:38.589 62808 INFO tempest.lib.common.rest_client [req-34cfb3bc-c5f3-4714-a42f-771800397574 req-34cfb3bc-c5f3-4714-a42f-771800397574 ] Request (FlavorsAccessNegativeTestJSON:tearDownClass): 204 DELETE http://10.180.1.21/identity/v3/projects/92ebcfaddf704e3898d1817ff1ff098c 0.197s
2024-10-11 05:00:38.589 62808 INFO tempest.lib.common.dynamic_creds [-] Deleting project and security group for project: 1fcefee82842420db9d276152a5a1aaa
2024-10-11 05:00:38.613 62806 INFO tempest.lib.common.rest_client [req-019eea81-ccbd-4737-80a0-6f7cd53b9f20 req-019eea81-ccbd-4737-80a0-6f7cd53b9f20 ] Request (DeleteServersAdminTestJSON:test_admin_delete_servers_of_others): 200 GET http://10.180.1.21/compute/v2.1/servers/d6eaf42d-dd83-4158-a507-9bc71cd1aa43 0.908s
2024-10-11 05:00:38.624 62806 INFO tempest.common.waiters [-] State transition "BUILD/spawning" ==> "BUILD/scheduling" after 35 second wait
2024-10-11 05:00:38.653 62812 INFO tempest.lib.common.rest_client [req-bb22fb73-8833-4d55-91e4-b940ec8ae0b2 req-bb22fb73-8833-4d55-91e4-b940ec8ae0b2 ] Request (QuotasAdminTestV236:test_get_updated_quotas): 201 POST http://10.180.1.21/identity/v3/projects 0.227s
2024-10-11 05:00:38.669 62850 INFO tempest.lib.common.rest_client [req-bca0cadd-daae-41e9-b22a-b0985aadb125 req-bca0cadd-daae-41e9-b22a-b0985aadb125 ] Request (FloatingIPsAssociationNegativeTestJSON:setUpClass): 200 GET http://10.180.1.21/compute/v2.1/servers/f52921c6-abbc-4a27-a451-e1cb4f5dfc48 0.873s
2024-10-11 05:00:38.702 62820 INFO tempest.lib.common.rest_client [req-e44f97ea-fb18-4ecc-be5d-ce07be67c15e req-e44f97ea-fb18-4ecc-be5d-ce07be67c15e ] Request (ServerShowV254Test:test_rebuild_server): 200 GET http://10.180.1.21/compute/v2.1/servers/f4f7e2c9-229c-4547-b674-5a5219a28151 0.820s
2024-10-11 05:00:38.706 62852 INFO tempest.lib.common.rest_client [req-93d30064-2299-4f44-a904-26ba36095fec req-93d30064-2299-4f44-a904-26ba36095fec ] Request (QuotasAdminTestJSON:tearDownClass): 201 POST http://10.180.1.21/identity/v3/auth/tokens 0.121s
2024-10-11 05:00:38.720 62858 INFO tempest.lib.common.rest_client [req-d8ce2d35-6c3e-4d10-820d-a39a922a1885 req-d8ce2d35-6c3e-4d10-820d-a39a922a1885 ] Request (KeyPairsV22TestJSON:test_keypairsv22_create_list_show): 201 POST http://10.180.1.21/compute/v2.1/os-keypairs 0.824s
2024-10-11 05:00:38.723 62840 INFO tempest.lib.common.rest_client [req-ac0f638e-2575-49af-ae30-c2404df44cea req-ac0f638e-2575-49af-ae30-c2404df44cea ] Request (FlavorsAdminTestJSON:test_is_public_string_variations): 200 POST http://10.180.1.21/compute/v2.1/flavors 0.787s
2024-10-11 05:00:38.740 62826 INFO tempest.lib.common.rest_client [req-7097901b-07bd-4e26-ad16-0b959cba2243 req-7097901b-07bd-4e26-ad16-0b959cba2243 ] Request (ServersV294TestFqdnHostnames:setUpClass): 201 POST http://10.180.1.21/identity/v3/auth/tokens 0.150s
2024-10-11 05:00:38.741 62796 INFO tempest.lib.common.rest_client [req-4960ef50-1619-449e-92a5-0ba2c034b59a req-4960ef50-1619-449e-92a5-0ba2c034b59a ] Request (FlavorsV2TestJSON:test_list_flavors_with_detail): 200 GET http://10.180.1.21/compute/v2.1/flavors/42 0.735s
2024-10-11 05:00:38.757 62834 INFO tempest.lib.common.rest_client [req-83d6fc48-aff9-4d04-ae9f-e92ef6a79e9a req-83d6fc48-aff9-4d04-ae9f-e92ef6a79e9a ] Request (AggregatesAdminNegativeTestJSON:test_aggregate_get_details_with_invalid_id): 404 GET http://10.180.1.21/compute/v2.1/os-aggregates/-1 0.549s
2024-10-11 05:00:38.789 62812 INFO tempest.lib.common.rest_client [req-d198223b-a388-4b08-887b-7438139f3cd5 req-d198223b-a388-4b08-887b-7438139f3cd5 ] Request (QuotasAdminTestV236:test_get_updated_quotas): 200 GET http://10.180.1.21/identity/v3/domains?name=Default 0.135s
2024-10-11 05:00:38.815 62830 INFO tempest.lib.common.rest_client [req-d5b1b82c-1f24-4d95-9945-e6ad76caffa8 req-d5b1b82c-1f24-4d95-9945-e6ad76caffa8 ] Request (AttachInterfacesUnderV243Test:test_add_remove_fixed_ip): 200 GET http://10.180.1.21/compute/v2.1/servers/813e287c-9d7f-4e9c-9216-986f631b6eb6 0.704s
2024-10-11 05:00:38.852 62808 INFO tempest.lib.common.rest_client [req-717aa04a-b9b8-4f6e-bb85-8720febd15eb req-717aa04a-b9b8-4f6e-bb85-8720febd15eb ] Request (FlavorsAccessNegativeTestJSON:tearDownClass): 200 GET http://10.180.1.21:9696/networking/v2.0/security-groups?tenant_id=1fcefee82842420db9d276152a5a1aaa&name=default 0.263s
2024-10-11 05:00:38.899 62854 INFO tempest.lib.common.rest_client [req-970984ef-eccb-43ca-ad85-64b5dc710899 req-970984ef-eccb-43ca-ad85-64b5dc710899 ] Request (ServerShowV257Test:test_rebuild_server): 200 GET http://10.180.1.21/compute/v2.1/servers/9316facd-0c95-4720-b0d3-c0a39df81619 0.544s
2024-10-11 05:00:38.911 62800 INFO tempest.lib.common.rest_client [req-29ffb277-1d0e-4b03-9e95-4857aafe19af req-29ffb277-1d0e-4b03-9e95-4857aafe19af ] Request (ServersAdmin275Test:_run_cleanups): 200 GET http://10.180.1.21/compute/v2.1/servers/d02e6383-42d9-40db-89a3-ba8b5595b95b 0.675s
2024-10-11 05:00:38.920 62800 INFO tempest.common.waiters [-] State transition "REBUILD/rebuilding" ==> "REBUILD/rebuild_spawning" after 1 second wait
2024-10-11 05:00:38.929 62796 INFO tempest.lib.common.rest_client [req-84f7abd2-d547-45f7-95a3-28e2988adf7f req-84f7abd2-d547-45f7-95a3-28e2988adf7f ] Request (FlavorsV2TestJSON:tearDownClass): 204 DELETE http://10.180.1.21/identity/v3/users/9dd68ae949614d1ca5a45405cb069283 0.183s
2024-10-11 05:00:38.929 62796 INFO tempest.lib.common.dynamic_creds [-] Deleting project and security group for project: 71d97839844549518d783d742ed96a34
2024-10-11 05:00:38.938 62836 INFO tempest.lib.common.rest_client [req-3302a174-24a2-447f-bd05-916d8e7787df req-3302a174-24a2-447f-bd05-916d8e7787df ] Request (ServicesAdminNegativeTestJSON:test_get_service_by_invalid_params): 200 GET http://10.180.1.21/compute/v2.1/os-services?xxx=nova-compute 0.416s
2024-10-11 05:00:38.962 62802 INFO tempest.lib.common.rest_client [req-cbf4bee7-785f-442f-bffb-f72d050b0485 req-cbf4bee7-785f-442f-bffb-f72d050b0485 ] Request (ImagesDeleteNegativeTestJSON:test_delete_non_existent_image): 404 DELETE http://10.180.1.21/compute/v2.1/images/c96c6c5c-2436-4fd3-bce2-b8c1819e1b6f 0.390s
2024-10-11 05:00:38.979 62798 INFO tempest.lib.common.rest_client [req-7a467e3b-21aa-4041-966f-0f094b4cbc8a req-7a467e3b-21aa-4041-966f-0f094b4cbc8a ] Request (VolumesAssistedSnapshotsTest:test_volume_assisted_snapshot_create_delete): 200 GET http://10.180.1.21/compute/v2.1/servers/3c173701-9f61-4561-ac3c-7ac3de4101d9 0.528s
2024-10-11 05:00:38.992 62858 INFO tempest.lib.common.rest_client [req-afb3e7e9-f042-4426-a6f3-b916a97450f3 req-afb3e7e9-f042-4426-a6f3-b916a97450f3 ] Request (KeyPairsV22TestJSON:test_keypairsv22_create_list_show): 200 GET http://10.180.1.21/compute/v2.1/os-keypairs/tempest-keypair-370234415 0.267s
2024-10-11 05:00:39.002 62840 INFO tempest.lib.common.rest_client [req-1b177b8e-0774-4e8e-a494-f7f2ff14adff req-1b177b8e-0774-4e8e-a494-f7f2ff14adff ] Request (FlavorsAdminTestJSON:test_is_public_string_variations): 200 POST http://10.180.1.21/compute/v2.1/flavors 0.277s
2024-10-11 05:00:39.008 62834 INFO tempest.lib.common.rest_client [req-0a2b9a99-9f84-4c4e-b6b2-983a3cc66ca0 req-0a2b9a99-9f84-4c4e-b6b2-983a3cc66ca0 ] Request (AggregatesAdminNegativeTestJSON:test_aggregate_list_as_user): 403 GET http://10.180.1.21/compute/v2.1/os-aggregates 0.246s
2024-10-11 05:00:39.017 62796 INFO tempest.lib.common.rest_client [req-c35efd5b-b620-4abc-b451-50507e76589f req-c35efd5b-b620-4abc-b451-50507e76589f ] Request (FlavorsV2TestJSON:tearDownClass): 201 POST http://10.180.1.21/identity/v3/auth/tokens 0.087s
2024-10-11 05:00:39.068 62852 INFO tempest.lib.common.rest_client [req-92454c74-84af-485a-8dc9-e0df6d683eee req-92454c74-84af-485a-8dc9-e0df6d683eee ] Request (QuotasAdminTestJSON:tearDownClass): 200 GET http://10.180.1.21:9696/networking/v2.0/security-groups?tenant_id=f4dbeaf531884920be275bf2ff1ef61b&name=default 0.361s
2024-10-11 05:00:39.104 62842 INFO tempest.lib.common.rest_client [req-a7369e26-d827-4a6b-8ce7-20fb076193c5 req-a7369e26-d827-4a6b-8ce7-20fb076193c5 ] Request (FloatingIPsAssociationTestJSON:tearDownClass): 204 DELETE http://10.180.1.21:9696/networking/v2.0/routers/0931253e-b8c4-444d-94bf-45e9687631b8 1.251s
2024-10-11 05:00:39.139 62802 INFO tempest.lib.common.rest_client [req-10989b39-03a6-4263-9909-b347e410c371 req-10989b39-03a6-4263-9909-b347e410c371 ] Request (ImagesDeleteNegativeTestJSON:tearDownClass): 204 DELETE http://10.180.1.21/identity/v3/users/7edd9ee373624331be08f2ab3059baed 0.172s
2024-10-11 05:00:39.139 62802 INFO tempest.lib.common.dynamic_creds [-] Deleting project and security group for project: 981c618df4264c3283bde8f947ec7681
2024-10-11 05:00:39.234 62808 INFO tempest.lib.common.rest_client [req-71af32dd-2fb0-42fd-a9b4-df5c22f561ba req-71af32dd-2fb0-42fd-a9b4-df5c22f561ba ] Request (FlavorsAccessNegativeTestJSON:tearDownClass): 204 DELETE http://10.180.1.21:9696/networking/v2.0/security-groups/5ad091c8-bcb9-4c16-b3ad-6a4aac408361 0.382s
2024-10-11 05:00:39.260 62842 INFO tempest.lib.common.rest_client [req-f9e6e707-5007-43da-ae61-65c0d651454b req-f9e6e707-5007-43da-ae61-65c0d651454b ] Request (FloatingIPsAssociationTestJSON:tearDownClass): 204 DELETE http://10.180.1.21:9696/networking/v2.0/subnets/a13ba590-1b3f-4fd0-bda9-3b2cbff2b740 0.155s
2024-10-11 05:00:39.282 62826 INFO tempest.lib.common.rest_client [req-4d53c39e-b5b0-4ce3-b792-684bd75cf63f req-4d53c39e-b5b0-4ce3-b792-684bd75cf63f ] Request (ServersV294TestFqdnHostnames:setUpClass): 201 POST http://10.180.1.21/compute/v2.1/os-keypairs 0.535s
2024-10-11 05:00:39.352 62802 INFO tempest.lib.common.rest_client [req-2fc6f9ba-0eca-4f34-88fb-a23dae9413cd req-2fc6f9ba-0eca-4f34-88fb-a23dae9413cd ] Request (ImagesDeleteNegativeTestJSON:tearDownClass): 201 POST http://10.180.1.21/identity/v3/auth/tokens 0.212s
2024-10-11 05:00:39.372 62852 INFO tempest.lib.common.rest_client [req-f0b81c54-d709-4c01-8e05-dfdb4c099230 req-f0b81c54-d709-4c01-8e05-dfdb4c099230 ] Request (QuotasAdminTestJSON:tearDownClass): 204 DELETE http://10.180.1.21:9696/networking/v2.0/security-groups/5765bf0c-92cc-4a9e-89ba-bf3abea0a93c 0.304s
2024-10-11 05:00:39.426 62808 INFO tempest.lib.common.rest_client [req-0c78ae35-ef64-4836-80a2-aa93853af430 req-0c78ae35-ef64-4836-80a2-aa93853af430 ] Request (FlavorsAccessNegativeTestJSON:tearDownClass): 204 DELETE http://10.180.1.21/identity/v3/projects/1fcefee82842420db9d276152a5a1aaa 0.191s
2024-10-11 05:00:39.426 62808 INFO tempest.lib.common.dynamic_creds [-] Deleting project and security group for project: 7a6763cefe9d4fcc96cf670b2d6eb45d
2024-10-11 05:00:39.489 62856 INFO tempest.lib.common.rest_client [req-bd17e05f-57ae-4fe8-8c72-3801a8da13dd req-bd17e05f-57ae-4fe8-8c72-3801a8da13dd ] Request (ServerAddressesNegativeTestJSON:setUpClass): 200 PUT http://10.180.1.21:9696/networking/v2.0/routers/7a4a298a-7587-493a-ad9f-64731fba110c/add_router_interface 2.039s
2024-10-11 05:00:39.489 62856 INFO tempest.lib.common.dynamic_creds [-] Created isolated network resources for: credentials: Credentials: {'domain_id': 'default', 'domain_name': 'Default', 'username': 'tempest-ServerAddressesNegativeTestJSON-323139077-project-member', 'project_domain_id': 'default', 'project_domain_name': 'Default', 'project_id': 'd2ee76d3ce9f44c88762335678dc8e46', 'project_name': 'tempest-ServerAddressesNegativeTestJSON-323139077', 'tenant_id': 'd2ee76d3ce9f44c88762335678dc8e46', 'tenant_name': 'tempest-ServerAddressesNegativeTestJSON-323139077', 'user_domain_id': 'default', 'user_domain_name': 'Default', 'user_id': '8801c599f26a4eaaae9051ddb8a247ba', 'system': None}, Network: {'id': '94180031-2fa3-4d1e-b1b3-47d8a76976d4', 'name': 'tempest-ServerAddressesNegativeTestJSON-192025104-network', 'tenant_id': 'd2ee76d3ce9f44c88762335678dc8e46', 'admin_state_up': True, 'mtu': 8950, 'status': 'ACTIVE', 'subnets': [], 'shared': False, 'project_id': 'd2ee76d3ce9f44c88762335678dc8e46', 'port_security_enabled': True, 'router:external': False, 'provider:network_type': 'vlan', 'provider:physical_network': 'default', 'provider:segmentation_id': 430, 'is_default': False, 'availability_zone_hints': [], 'availability_zones': [], 'ipv4_address_scope': None, 'ipv6_address_scope': None, 'description': '', 'tags': [], 'created_at': '2024-10-11T05:00:36Z', 'updated_at': '2024-10-11T05:00:36Z', 'revision_number': 1}, Subnet: {'id': '8f1b96c9-1c44-4cf7-9e8f-ee460efb8712', 'name': 'tempest-ServerAddressesNegativeTestJSON-192025104-subnet', 'tenant_id': 'd2ee76d3ce9f44c88762335678dc8e46', 'network_id': '94180031-2fa3-4d1e-b1b3-47d8a76976d4', 'ip_version': 4, 'subnetpool_id': None, 'enable_dhcp': True, 'ipv6_ra_mode': None, 'ipv6_address_mode': None, 'gateway_ip': '192.168.128.1', 'cidr': '192.168.128.0/28', 'allocation_pools': [{'start': '192.168.128.2', 'end': '192.168.128.14'}], 'host_routes': [], 'dns_nameservers': [], 'description': '', 'router:external': False, 'service_types': [], 'tags': [], 'created_at': '2024-10-11T05:00:36Z', 'updated_at': '2024-10-11T05:00:36Z', 'revision_number': 0, 'project_id': 'd2ee76d3ce9f44c88762335678dc8e46'}, Router: {'id': '7a4a298a-7587-493a-ad9f-64731fba110c', 'name': 'tempest-ServerAddressesNegativeTestJSON-192025104-router', 'tenant_id': 'd2ee76d3ce9f44c88762335678dc8e46', 'admin_state_up': True, 'status': 'ACTIVE', 'external_gateway_info': {'network_id': '8f883b1b-8068-4cb0-97f7-123a2fd695db', 'external_fixed_ips': [{'subnet_id': '2dd4f139-32ca-429b-9800-036d50ed596c', 'ip_address': '10.180.180.241'}], 'enable_snat': True}, 'description': '', 'availability_zones': [], 'distributed': False, 'ha': False, 'availability_zone_hints': [], 'routes': [], 'flavor_id': None, 'tags': [], 'created_at': '2024-10-11T05:00:36Z', 'updated_at': '2024-10-11T05:00:37Z', 'revision_number': 2, 'project_id': 'd2ee76d3ce9f44c88762335678dc8e46'}
2024-10-11 05:00:39.552 62852 INFO tempest.lib.common.rest_client [req-a0fd20cc-15eb-44ef-83f3-28fd529cde45 req-a0fd20cc-15eb-44ef-83f3-28fd529cde45 ] Request (QuotasAdminTestJSON:tearDownClass): 204 DELETE http://10.180.1.21/identity/v3/projects/f4dbeaf531884920be275bf2ff1ef61b 0.179s
2024-10-11 05:00:39.552 62852 INFO tempest.lib.common.dynamic_creds [-] Deleting project and security group for project: 9c6b34ea3d8641c68d7431983bf1aecf
2024-10-11 05:00:39.564 62846 INFO tempest.lib.common.rest_client [req-f100ad56-57e1-4c7c-b25a-c3349ccdbfe6 req-f100ad56-57e1-4c7c-b25a-c3349ccdbfe6 ] Request (MigrationsAdminTest:test_list_migrations_in_flavor_resize_situation): 200 GET http://10.180.1.21/compute/v2.1/servers/9f923c30-6c68-4e5d-be8a-4f18e996a999 0.759s
2024-10-11 05:00:39.618 62856 INFO tempest.lib.common.rest_client [req-b1ec640a-4f1c-450f-8d3c-1d18762539ee req-b1ec640a-4f1c-450f-8d3c-1d18762539ee ] Request (ServerAddressesNegativeTestJSON:setUpClass): 201 POST http://10.180.1.21/identity/v3/auth/tokens 0.124s
2024-10-11 05:00:39.667 62856 INFO tempest.lib.common.rest_client [req-b48e0e4a-dbbb-45ee-a526-79b3fde6aa4b req-b48e0e4a-dbbb-45ee-a526-79b3fde6aa4b ] Request (ServerAddressesNegativeTestJSON:setUpClass): 201 POST http://10.180.1.21/identity/v3/auth/tokens 0.041s
2024-10-11 05:00:39.668 62856 INFO tempest.lib.common.fixed_network [-] (ServerAddressesNegativeTestJSON:setUpClass) Found network {'id': '94180031-2fa3-4d1e-b1b3-47d8a76976d4', 'name': 'tempest-ServerAddressesNegativeTestJSON-192025104-network', 'tenant_id': 'd2ee76d3ce9f44c88762335678dc8e46', 'admin_state_up': True, 'mtu': 8950, 'status': 'ACTIVE', 'subnets': [], 'shared': False, 'project_id': 'd2ee76d3ce9f44c88762335678dc8e46', 'port_security_enabled': True, 'router:external': False, 'provider:network_type': 'vlan', 'provider:physical_network': 'default', 'provider:segmentation_id': 430, 'is_default': False, 'availability_zone_hints': [], 'availability_zones': [], 'ipv4_address_scope': None, 'ipv6_address_scope': None, 'description': '', 'tags': [], 'created_at': '2024-10-11T05:00:36Z', 'updated_at': '2024-10-11T05:00:36Z', 'revision_number': 1} available for tenant
2024-10-11 05:00:39.670 62812 INFO tempest.lib.common.rest_client [req-4bf6dd00-fa28-4682-807c-e2baff40fd2e req-4bf6dd00-fa28-4682-807c-e2baff40fd2e ] Request (QuotasAdminTestV236:test_get_updated_quotas): 200 PUT http://10.180.1.21/compute/v2.1/os-quota-sets/ca1888c21dff40ab8dbc5847c8059214 0.881s
2024-10-11 05:00:39.674 62848 INFO tempest.lib.common.rest_client [req-602f1bce-e294-4155-a97b-49ac5cb7e4ac req-602f1bce-e294-4155-a97b-49ac5cb7e4ac ] Request (ServerDiagnosticsTest:test_get_server_diagnostics): 200 GET http://10.180.1.21/compute/v2.1/servers/158e242b-3f2d-4cac-b3f3-c51da7f78bb1 0.788s
2024-10-11 05:00:39.694 62836 INFO tempest.lib.common.rest_client [req-3e7deb26-957f-4b81-b2fb-8e821410d448 req-3e7deb26-957f-4b81-b2fb-8e821410d448 ] Request (ServicesAdminNegativeTestJSON:test_get_service_by_invalid_service_and_valid_host): 200 GET http://10.180.1.21/compute/v2.1/os-services 0.752s
2024-10-11 05:00:39.695 62858 INFO tempest.lib.common.rest_client [req-66aa2935-a0ff-420b-9a28-4bfec8c5e3b2 req-66aa2935-a0ff-420b-9a28-4bfec8c5e3b2 ] Request (KeyPairsV22TestJSON:test_keypairsv22_create_list_show): 200 GET http://10.180.1.21/compute/v2.1/os-keypairs 0.699s
2024-10-11 05:00:39.717 62840 INFO tempest.lib.common.rest_client [req-2e6d0f26-9f6e-4d6e-a655-879af8965765 req-2e6d0f26-9f6e-4d6e-a655-879af8965765 ] Request (FlavorsAdminTestJSON:test_is_public_string_variations): 200 GET http://10.180.1.21/compute/v2.1/flavors/detail?is_public=f 0.711s
2024-10-11 05:00:39.749 62834 INFO tempest.lib.common.rest_client [req-3e5b8c51-c178-401b-b89e-bd76eebc942e req-3e5b8c51-c178-401b-b89e-bd76eebc942e ] Request (AggregatesAdminNegativeTestJSON:test_aggregate_remove_host_as_user): 200 POST http://10.180.1.21/compute/v2.1/os-aggregates 0.737s
2024-10-11 05:00:39.789 62808 INFO tempest.lib.common.rest_client [req-5fe29963-24e2-4148-9e67-6faa7e08a1dd req-5fe29963-24e2-4148-9e67-6faa7e08a1dd ] Request (FlavorsAccessNegativeTestJSON:tearDownClass): 200 GET http://10.180.1.21:9696/networking/v2.0/security-groups?tenant_id=7a6763cefe9d4fcc96cf670b2d6eb45d&name=default 0.363s
2024-10-11 05:00:39.854 62822 INFO tempest.lib.common.rest_client [req-dffe0c18-d06c-4872-8782-eab20d64e172 req-dffe0c18-d06c-4872-8782-eab20d64e172 ] Request (InstanceActionsV221TestJSON:test_get_list_deleted_instance_actions): 200 GET http://10.180.1.21/compute/v2.1/servers/5fc9a508-323d-4f1c-ae46-d15f340f6b73 0.857s
2024-10-11 05:00:39.858 62818 INFO tempest.lib.common.rest_client [req-f826bd2b-5046-4f14-84de-c5c768864e3b req-f826bd2b-5046-4f14-84de-c5c768864e3b ] Request (DeleteServersTestJSON:test_delete_active_server): 200 GET http://10.180.1.21/compute/v2.1/servers/b08cb5a2-56d1-43da-ae4a-684077dd517f 0.742s
2024-10-11 05:00:39.866 62802 INFO tempest.lib.common.rest_client [req-14758b8a-981b-4476-90a9-80f4b3e63dd2 req-14758b8a-981b-4476-90a9-80f4b3e63dd2 ] Request (ImagesDeleteNegativeTestJSON:tearDownClass): 200 GET http://10.180.1.21:9696/networking/v2.0/security-groups?tenant_id=981c618df4264c3283bde8f947ec7681&name=default 0.514s
2024-10-11 05:00:39.909 62852 INFO tempest.lib.common.rest_client [req-eed861ac-92ae-4c0d-856f-d8ae3a8e2249 req-eed861ac-92ae-4c0d-856f-d8ae3a8e2249 ] Request (QuotasAdminTestJSON:tearDownClass): 200 GET http://10.180.1.21:9696/networking/v2.0/security-groups?tenant_id=9c6b34ea3d8641c68d7431983bf1aecf&name=default 0.356s
2024-10-11 05:00:39.964 62828 INFO tempest.lib.common.rest_client [req-032e0400-dfe6-4179-b2ad-cb5b374e8762 req-032e0400-dfe6-4179-b2ad-cb5b374e8762 ] Request (ServerExternalEventsTest:test_create_server_external_events): 200 GET http://10.180.1.21/compute/v2.1/servers/5845d273-b18a-447a-ad2d-a011bfcc2423 0.768s
2024-10-11 05:00:40.000 62810 INFO tempest.lib.common.rest_client [req-74bc5114-7e73-4b54-9f0f-bd7870bdf99e req-74bc5114-7e73-4b54-9f0f-bd7870bdf99e ] Request (ServerDiagnosticsV248Test:tearDownClass): 200 GET http://10.180.1.21/compute/v2.1/servers/06df57a7-2c53-4f79-bec4-e46cfe1dca63 0.682s
2024-10-11 05:00:40.042 62808 INFO tempest.lib.common.rest_client [req-d754a0d9-213f-43c6-99e6-3db6ee2edaed req-d754a0d9-213f-43c6-99e6-3db6ee2edaed ] Request (FlavorsAccessNegativeTestJSON:tearDownClass): 204 DELETE http://10.180.1.21:9696/networking/v2.0/security-groups/b54b081b-be51-41e0-9af8-32b7ef4b4144 0.252s
2024-10-11 05:00:40.061 62826 INFO tempest.lib.common.rest_client [req-5ec22c96-cadd-4801-9e81-cf57e8cfa599 req-5ec22c96-cadd-4801-9e81-cf57e8cfa599 ] Request (ServersV294TestFqdnHostnames:setUpClass): 201 POST http://10.180.1.21:9696/networking/v2.0/security-groups 0.777s
2024-10-11 05:00:40.072 62832 INFO tempest.lib.common.rest_client [req-46249b94-1dce-4370-9a19-0df83e1ab2dc req-46249b94-1dce-4370-9a19-0df83e1ab2dc ] Request (ServerDiagnosticsNegativeTest:test_get_server_diagnostics_by_non_admin): 200 GET http://10.180.1.21/compute/v2.1/servers/b00d6153-c94f-4605-9b97-9a3a813ee93b 0.701s
2024-10-11 05:00:40.104 62844 INFO tempest.lib.common.rest_client [req-088a1f19-97e6-4cf9-a66e-5cf7d81edecb req-088a1f19-97e6-4cf9-a66e-5cf7d81edecb ] Request (SecurityGroupsTestJSON:test_list_security_groups_by_server): 200 GET http://10.180.1.21/compute/v2.1/servers/37cbd58c-b11a-4a62-95b2-5f4c5cf7ad1f 0.693s
2024-10-11 05:00:40.107 62852 INFO tempest.lib.common.rest_client [req-3242c5b7-686b-4c4b-b1b0-73c68f8e61c9 req-3242c5b7-686b-4c4b-b1b0-73c68f8e61c9 ] Request (QuotasAdminTestJSON:tearDownClass): 204 DELETE http://10.180.1.21:9696/networking/v2.0/security-groups/599ceb37-a2b7-443c-9baf-6c8dc74bfee2 0.198s
2024-10-11 05:00:40.153 62796 INFO tempest.lib.common.rest_client [req-3018ad19-31fc-4ec2-b0a6-bc4226137bdd req-3018ad19-31fc-4ec2-b0a6-bc4226137bdd ] Request (FlavorsV2TestJSON:tearDownClass): 200 GET http://10.180.1.21:9696/networking/v2.0/security-groups?tenant_id=71d97839844549518d783d742ed96a34&name=default 1.135s
2024-10-11 05:00:40.178 62804 INFO tempest.lib.common.rest_client [req-106ed330-4d32-44c6-8c6d-d049292141d0 req-106ed330-4d32-44c6-8c6d-d049292141d0 ] Request (ServersAdminTestJSON:setUpClass): 200 GET http://10.180.1.21/compute/v2.1/servers/7d66f026-8b3e-4670-ada6-0109d99bb984 0.694s
2024-10-11 05:00:40.189 62808 INFO tempest.lib.common.rest_client [req-70e539fc-872a-48b7-963e-48e64c374f21 req-70e539fc-872a-48b7-963e-48e64c374f21 ] Request (FlavorsAccessNegativeTestJSON:tearDownClass): 204 DELETE http://10.180.1.21/identity/v3/projects/7a6763cefe9d4fcc96cf670b2d6eb45d 0.146s
2024-10-11 05:00:40.203 62852 INFO tempest.lib.common.rest_client [req-471e4bbe-372c-4fdd-a8e6-e388e8146ec5 req-471e4bbe-372c-4fdd-a8e6-e388e8146ec5 ] Request (QuotasAdminTestJSON:tearDownClass): 204 DELETE http://10.180.1.21/identity/v3/projects/9c6b34ea3d8641c68d7431983bf1aecf 0.095s
2024-10-11 05:00:40.210 62825 INFO tempest.lib.common.rest_client [req-1bcf02a5-2f21-4fab-bae5-90afabe3235b req-1bcf02a5-2f21-4fab-bae5-90afabe3235b ] Request (VolumesAdminNegativeTest:test_update_attached_volume_with_nonexistent_volume_in_body): 200 GET http://10.180.1.21/compute/v2.1/servers/14c27acb-0c19-47f9-b3fd-4f9e3e83bb5e 0.649s
2024-10-11 05:00:40.232 62816 INFO tempest.lib.common.rest_client [req-91433e76-8a6a-4e70-98e5-ccea63782f4c req-91433e76-8a6a-4e70-98e5-ccea63782f4c ] Request (SecurityGroupRulesNegativeTestJSON:tearDownClass): 200 PUT http://10.180.1.21:9696/networking/v2.0/routers/c7b8a93a-bb7e-4a6d-8359-99989d20769d/remove_router_interface 2.328s
2024-10-11 05:00:40.268 62806 INFO tempest.lib.common.rest_client [req-9473fe21-c4dd-4871-aa67-d04ce32209ba req-9473fe21-c4dd-4871-aa67-d04ce32209ba ] Request (DeleteServersAdminTestJSON:test_admin_delete_servers_of_others): 200 GET http://10.180.1.21/compute/v2.1/servers/d6eaf42d-dd83-4158-a507-9bc71cd1aa43 0.643s
2024-10-11 05:00:40.274 62808 INFO tempest.lib.common.rest_client [req-1a3e763a-ea4c-44c7-a42b-809016a97d87 req-1a3e763a-ea4c-44c7-a42b-809016a97d87 ] Request (KeyPairsNegativeTestJSON:setUpClass): 201 POST http://10.180.1.21/identity/v3/auth/tokens 0.083s
2024-10-11 05:00:40.276 62806 INFO tempest.common.waiters [-] State transition "BUILD/scheduling" ==> "ERROR/None" after 37 second wait
2024-10-11 05:00:40.281 62852 INFO tempest.lib.common.rest_client [req-3463cd16-3945-4c67-b611-a04053c52e08 req-3463cd16-3945-4c67-b611-a04053c52e08 ] Request (TenantUsagesTestJSON:setUpClass): 201 POST http://10.180.1.21/identity/v3/auth/tokens 0.076s
2024-10-11 05:00:40.311 62808 INFO tempest.lib.common.rest_client [req-fffabaf1-40ce-4b25-a48d-512659be8216 req-fffabaf1-40ce-4b25-a48d-512659be8216 ] Request (KeyPairsNegativeTestJSON:setUpClass): 201 POST http://10.180.1.21/identity/v3/auth/tokens 0.035s
2024-10-11 05:00:40.320 62826 INFO tempest.lib.common.rest_client [req-6b10c0ca-f790-417b-a50e-618caa6deedf req-6b10c0ca-f790-417b-a50e-618caa6deedf ] Request (ServersV294TestFqdnHostnames:setUpClass): 201 POST http://10.180.1.21:9696/networking/v2.0/security-group-rules 0.259s
2024-10-11 05:00:40.324 62838 INFO tempest.lib.common.rest_client [req-db053a21-3c82-4ee6-8e39-4e43d95102f8 req-db053a21-3c82-4ee6-8e39-4e43d95102f8 ] Request (ImagesNegativeTestJSON:setUpClass): 201 POST http://10.180.1.21:9696/networking/v2.0/routers 2.124s
2024-10-11 05:00:40.340 62802 INFO tempest.lib.common.rest_client [req-c816c877-23bc-4483-8d50-55c3394a4d87 req-c816c877-23bc-4483-8d50-55c3394a4d87 ] Request (ImagesDeleteNegativeTestJSON:tearDownClass): 204 DELETE http://10.180.1.21:9696/networking/v2.0/security-groups/fbe7783f-b915-489b-bf9e-12239881aad3 0.472s
2024-10-11 05:00:40.388 62842 INFO tempest.lib.common.rest_client [req-9068a823-932f-422c-9ea5-b3f00c7e7fcf req-9068a823-932f-422c-9ea5-b3f00c7e7fcf ] Request (FloatingIPsAssociationTestJSON:tearDownClass): 204 DELETE http://10.180.1.21:9696/networking/v2.0/networks/5ade4495-5811-447e-862d-f4891a23e4d2 1.127s
2024-10-11 05:00:40.405 62852 INFO tempest.lib.common.rest_client [req-61882d3b-7ab1-4780-8532-86a11a8980d1 req-61882d3b-7ab1-4780-8532-86a11a8980d1 ] Request (TenantUsagesTestJSON:setUpClass): 201 POST http://10.180.1.21/identity/v3/auth/tokens 0.120s
2024-10-11 05:00:40.424 62808 INFO tempest.lib.common.rest_client [req-6fecfbcc-97c7-4f24-b3c1-2e900af22e2e req-6fecfbcc-97c7-4f24-b3c1-2e900af22e2e ] Request (KeyPairsNegativeTestJSON:setUpClass): 200 GET http://10.180.1.21/identity/v3/domains?name=Default 0.112s
