2024-10-11 05:01:30.911 62844 INFO tempest.lib.common.rest_client [req-47d7dc3e-cea8-42a2-a83d-bb280ec22980 req-47d7dc3e-cea8-42a2-a83d-bb280ec22980 ] Request (SecurityGroupsTestJSON:test_list_security_groups_by_server): 200 GET http://10.180.1.21/compute/v2.1/servers/37cbd58c-b11a-4a62-95b2-5f4c5cf7ad1f 0.239s
2024-10-11 05:01:30.962 62796 INFO tempest.lib.common.rest_client [req-0d2fd80a-06f0-4cca-933c-c48853979992 req-0d2fd80a-06f0-4cca-933c-c48853979992 ] Request (ServersTestManualDisk:setUpClass): 200 GET http://10.180.1.21/compute/v2.1/servers/d46bdbc6-e691-44b7-8e9c-3bedb1275e93 0.206s
2024-10-11 05:01:30.965 62854 INFO tempest.lib.common.rest_client [req-49bb4502-9274-45c5-9bd0-b04df157d568 req-49bb4502-9274-45c5-9bd0-b04df157d568 ] Request (ServerShowV257Test:tearDownClass): 200 GET http://10.180.1.21/compute/v2.1/servers/9316facd-0c95-4720-b0d3-c0a39df81619 0.272s
2024-10-11 05:01:31.001 62804 INFO tempest.lib.common.rest_client [req-4b2f4eaf-ed22-4e4d-be71-42fc1a6570d3 req-4b2f4eaf-ed22-4e4d-be71-42fc1a6570d3 ] Request (ServersTestFqdnHostnames:test_create_server_with_fqdn_name): 200 GET http://10.180.1.21/compute/v2.1/servers/a092fb50-c750-4b91-a94e-e11e9eb7faf5 0.189s
2024-10-11 05:01:31.020 62846 INFO tempest.lib.common.rest_client [req-63b3ff46-5040-4152-bebc-68202a664fc4 req-63b3ff46-5040-4152-bebc-68202a664fc4 ] Request (MigrationsAdminTest:test_resize_server_revert_deleted_flavor): 200 GET http://10.180.1.21/compute/v2.1/servers/dca0a819-d11d-437e-9a4c-da4279a9d553 0.256s
2024-10-11 05:01:31.044 62802 INFO tempest.lib.common.rest_client [req-2411cb2e-3dda-4e52-a0a6-49acf5b3bc3f req-2411cb2e-3dda-4e52-a0a6-49acf5b3bc3f ] Request (ServerDiskConfigTestJSON:test_rebuild_server_with_auto_disk_config): 200 GET http://10.180.1.21/compute/v2.1/servers/290e15dc-4ee0-4595-8412-d610895aeb46 0.217s
2024-10-11 05:01:31.064 62806 INFO tempest.lib.common.rest_client [req-5eec29e7-b255-4777-8bb5-40318370f35c req-5eec29e7-b255-4777-8bb5-40318370f35c ] Request (DeleteServersAdminTestJSON:test_delete_server_while_in_error_state): 200 GET http://10.180.1.21/compute/v2.1/servers/4e7e1c74-10a8-4746-b6a6-56dfcc0c2d76 0.172s
2024-10-11 05:01:31.089 62825 INFO tempest.lib.common.rest_client [req-3d2a8af3-1204-4163-92d6-1c23f4895cf5 req-3d2a8af3-1204-4163-92d6-1c23f4895cf5 ] Request (VolumesAdminNegativeTest:test_update_attached_volume_with_nonexistent_volume_in_body): 200 GET http://10.180.1.21/compute/v2.1/servers/14c27acb-0c19-47f9-b3fd-4f9e3e83bb5e 0.144s
2024-10-11 05:01:31.112 62830 INFO tempest.lib.common.rest_client [req-b046b39d-6a5c-432b-a463-3f79ff0d30d6 req-b046b39d-6a5c-432b-a463-3f79ff0d30d6 ] Request (AttachInterfacesUnderV243Test:test_add_remove_fixed_ip): 200 GET http://10.180.1.21/compute/v2.1/servers/813e287c-9d7f-4e9c-9216-986f631b6eb6 0.099s
2024-10-11 05:01:31.145 62826 INFO tempest.lib.common.rest_client [req-11850e6d-a347-468b-ba66-0d3aba49f4dd req-11850e6d-a347-468b-ba66-0d3aba49f4dd ] Request (ServersV294TestFqdnHostnames:setUpClass): 200 GET http://10.180.1.21/compute/v2.1/servers/1513843d-0a96-4b56-86bb-3c39ab4b3692 0.130s
2024-10-11 05:01:31.152 62798 INFO tempest.lib.common.rest_client [req-806e4b79-3e5e-4303-b5e5-8aa610505700 req-806e4b79-3e5e-4303-b5e5-8aa610505700 ] Request (ServersWithSpecificFlavorTestJSON:test_verify_created_server_ephemeral_disk): 200 GET http://10.180.1.21/compute/v2.1/servers/cecebc6a-25cc-4376-8467-2aa0f909c9bd 0.109s
2024-10-11 05:01:31.189 62810 INFO tempest.lib.common.rest_client [req-ba1287b8-ce5d-4b92-a494-b12e58dc30fe req-ba1287b8-ce5d-4b92-a494-b12e58dc30fe ] Request (ServersTestJSON:setUpClass): 200 GET http://10.180.1.21/compute/v2.1/servers/9b49513e-4c01-4664-be2c-6058a357b0db 0.114s
2024-10-11 05:01:31.200 62820 INFO tempest.lib.common.rest_client [req-020ee07c-bc7f-4d38-b154-f188b40f3e18 req-020ee07c-bc7f-4d38-b154-f188b40f3e18 ] Request (ServerShowV254Test:test_rebuild_server): 200 GET http://10.180.1.21/compute/v2.1/servers/f4f7e2c9-229c-4547-b674-5a5219a28151 0.080s
2024-10-11 05:01:31.235 62842 INFO tempest.lib.common.rest_client [req-b36a3c2a-55b7-4478-accb-4ef060bd1285 req-b36a3c2a-55b7-4478-accb-4ef060bd1285 ] Request (AttachVolumeShelveTestJSON:test_attach_volume_shelved_or_offload_server): 200 GET http://10.180.1.21/compute/v2.1/servers/65e8971a-a149-4a11-92ad-7c5c8874530c 0.096s
2024-10-11 05:01:31.254 62836 INFO tempest.lib.common.rest_client [req-056e7a07-6ef3-4ea4-8abe-accf329e3595 req-056e7a07-6ef3-4ea4-8abe-accf329e3595 ] Request (ImagesTestJSON:test_create_image_from_stopped_server): 200 GET http://10.180.1.21/compute/v2.1/servers/b482dcca-ae32-425d-a097-f9af69785835 0.048s
2024-10-11 05:01:31.278 62814 INFO tempest.lib.common.rest_client [req-d9239cb1-f6ba-4933-a830-4f9f5adf2317 req-d9239cb1-f6ba-4933-a830-4f9f5adf2317 ] Request (MultipleCreateTestJSON:test_multiple_create): 200 GET http://10.180.1.21/compute/v2.1/servers/88cee397-bcbd-428c-b203-e5d9b6acbbb2 0.064s
2024-10-11 05:01:31.355 62852 INFO tempest.lib.common.rest_client [req-e044e1f7-f690-4d46-a165-c4431bb49d88 req-e044e1f7-f690-4d46-a165-c4431bb49d88 ] Request (TenantUsagesTestJSON:setUpClass): 200 GET http://10.180.1.21/compute/v2.1/servers/2e1410c0-8aff-429c-8bbb-46d9bc01de32 0.053s
2024-10-11 05:01:31.365 62808 INFO tempest.lib.common.rest_client [req-07836b84-2f65-4713-ad40-3b43dfdd57e3 req-07836b84-2f65-4713-ad40-3b43dfdd57e3 ] Request (ServerActionsV293TestJSON:setUpClass): 200 GET http://10.180.1.21/compute/v2.1/servers/2ae701c0-3016-4635-8fe1-1e1c314fa748 0.061s
2024-10-11 05:01:31.443 62816 INFO tempest.lib.common.rest_client [req-2ce478b9-c103-4920-a6e2-1978e7ca01de req-2ce478b9-c103-4920-a6e2-1978e7ca01de ] Request (ServerPasswordTestJSON:setUpClass): 200 GET http://10.180.1.21/compute/v2.1/servers/49ba74b6-fbbe-442a-b3a1-00bdd4e046e5 0.056s
2024-10-11 05:01:31.444 62838 INFO tempest.lib.common.rest_client [req-f6ea6b38-5bc7-4e29-9eed-1a08ff464127 req-f6ea6b38-5bc7-4e29-9eed-1a08ff464127 ] Request (ImagesNegativeTestJSON:test_create_image_from_deleted_server): 200 GET http://10.180.1.21/compute/v2.1/servers/95348a45-f517-4e21-8969-57c978985984 0.057s
2024-10-11 05:01:31.519 62832 INFO tempest.lib.common.rest_client [req-7e534bbb-5199-442f-83b3-b41c83fc8798 req-7e534bbb-5199-442f-83b3-b41c83fc8798 ] Request (ServersTestJSON:test_create_server_specify_multibyte_character_name): 200 GET http://10.180.1.21/compute/v2.1/servers/7c22d751-2aa8-4794-9fbb-3be5c1ac40f4 0.045s
2024-10-11 05:01:31.602 62850 INFO tempest.lib.common.rest_client [req-39a63567-a5dd-455d-8319-683c0e61ce64 req-39a63567-a5dd-455d-8319-683c0e61ce64 ] Request (FloatingIPsAssociationNegativeTestJSON:setUpClass): 200 GET http://10.180.1.21/compute/v2.1/servers/f52921c6-abbc-4a27-a451-e1cb4f5dfc48 0.053s
2024-10-11 05:01:31.661 62858 INFO tempest.lib.common.rest_client [req-74e00638-71df-4777-95be-699ad94f6f3f req-74e00638-71df-4777-95be-699ad94f6f3f ] Request (AttachInterfacesV270Test:test_create_get_list_interfaces): 200 GET http://10.180.1.21/compute/v2.1/servers/8e7dcc93-2079-4857-8f18-513958ef4e0a 0.048s
2024-10-11 05:01:31.722 62818 INFO tempest.lib.common.rest_client [req-197db0c0-03e7-4b3e-909b-61efe4f69b1b req-197db0c0-03e7-4b3e-909b-61efe4f69b1b ] Request (DeleteServersTestJSON:test_delete_server_while_in_attached_volume): 200 GET http://10.180.1.21/compute/v2.1/servers/2888fde6-8a1b-41ce-a482-cb99acd74a6e 0.056s
2024-10-11 05:01:31.784 62840 INFO tempest.lib.common.rest_client [req-44544202-c7a3-4780-a026-d37ceef1aa9e req-44544202-c7a3-4780-a026-d37ceef1aa9e ] Request (ImagesOneServerNegativeTestJSON:setUpClass): 200 GET http://10.180.1.21/compute/v2.1/servers/f8db751a-c495-467c-ae32-addb4387346d 0.051s
2024-10-11 05:01:31.832 62856 INFO tempest.lib.common.rest_client [req-84b9d8da-cbbe-4fe7-9752-149dd0695acf req-84b9d8da-cbbe-4fe7-9752-149dd0695acf ] Request (ServerAddressesNegativeTestJSON:setUpClass): 200 GET http://10.180.1.21/compute/v2.1/servers/5a1f074f-8e43-42f9-864d-976cdaa4639c 0.049s
2024-10-11 05:01:31.847 62800 INFO tempest.lib.common.rest_client [req-4166df7b-1710-4364-8bd2-9b504562d0a6 req-4166df7b-1710-4364-8bd2-9b504562d0a6 ] Request (ListImageFiltersTestJSON:setUpClass): 204 PUT http://10.180.1.21/image/v2/images/6d6b8f48-9f24-4b73-8b51-29711ba25db0/file 0.515s
2024-10-11 05:01:31.875 62800 INFO tempest.lib.common.rest_client [req-e8063840-8024-4c88-8b91-33ad97e30a45 req-e8063840-8024-4c88-8b91-33ad97e30a45 ] Request (ListImageFiltersTestJSON:setUpClass): 200 GET http://10.180.1.21/compute/v2.1/images/6d6b8f48-9f24-4b73-8b51-29711ba25db0 0.028s
2024-10-11 05:01:31.878 62848 INFO tempest.lib.common.rest_client [req-7daa4c9e-c73e-444f-9fc0-4cb5d32f34fa req-7daa4c9e-c73e-444f-9fc0-4cb5d32f34fa ] Request (ServerActionsTestOtherB:setUpClass): 200 GET http://10.180.1.21/compute/v2.1/servers/2236b710-2141-49a2-b3f5-9ed71090e1db 0.051s
2024-10-11 05:01:31.926 62828 INFO tempest.lib.common.rest_client [req-a9083c1e-a5d2-47ba-bbe4-b751d8a78e3e req-a9083c1e-a5d2-47ba-bbe4-b751d8a78e3e ] Request (ServerExternalEventsTest:test_create_server_external_events): 200 GET http://10.180.1.21/compute/v2.1/servers/5845d273-b18a-447a-ad2d-a011bfcc2423 0.056s
2024-10-11 05:01:31.929 62834 INFO tempest.lib.common.rest_client [req-26c57ee7-b3a0-47e1-8b76-4f43a81a2614 req-26c57ee7-b3a0-47e1-8b76-4f43a81a2614 ] Request (InstanceActionsNegativeTestJSON:setUpClass): 200 GET http://10.180.1.21/compute/v2.1/servers/9274ce52-49af-48df-bcd1-269b8241d93f 0.070s
2024-10-11 05:01:31.954 62800 INFO tempest.lib.common.rest_client [req-08a3b69c-7eb1-49b7-af57-a2b43fd5257b req-08a3b69c-7eb1-49b7-af57-a2b43fd5257b ] Request (ListImageFiltersTestJSON:setUpClass): 200 GET http://10.180.1.21/compute/v2.1/images/6d6b8f48-9f24-4b73-8b51-29711ba25db0 0.076s
2024-10-11 05:01:31.973 62822 INFO tempest.lib.common.rest_client [req-51b64a9f-4c56-472f-92f1-e9d40eaa98b5 req-51b64a9f-4c56-472f-92f1-e9d40eaa98b5 ] Request (InstanceActionsV221TestJSON:test_get_list_deleted_instance_actions): 200 GET http://10.180.1.21/compute/v2.1/servers/5fc9a508-323d-4f1c-ae46-d15f340f6b73 0.064s
2024-10-11 05:01:32.015 62844 INFO tempest.lib.common.rest_client [req-2565ada7-e795-492e-a79a-48fb1f44a6ad req-2565ada7-e795-492e-a79a-48fb1f44a6ad ] Request (SecurityGroupsTestJSON:test_list_security_groups_by_server): 200 GET http://10.180.1.21/compute/v2.1/servers/37cbd58c-b11a-4a62-95b2-5f4c5cf7ad1f 0.097s
2024-10-11 05:01:32.021 62796 INFO tempest.lib.common.rest_client [req-d2bd0806-c784-413e-9776-e19956958774 req-d2bd0806-c784-413e-9776-e19956958774 ] Request (ServersTestManualDisk:setUpClass): 200 GET http://10.180.1.21/compute/v2.1/servers/d46bdbc6-e691-44b7-8e9c-3bedb1275e93 0.051s
2024-10-11 05:01:32.076 62804 INFO tempest.lib.common.rest_client [req-0654c77c-e0c8-4f9e-9535-9cd6987e9627 req-0654c77c-e0c8-4f9e-9535-9cd6987e9627 ] Request (ServersTestFqdnHostnames:test_create_server_with_fqdn_name): 200 GET http://10.180.1.21/compute/v2.1/servers/a092fb50-c750-4b91-a94e-e11e9eb7faf5 0.067s
2024-10-11 05:01:32.079 62854 INFO tempest.lib.common.rest_client [req-4e351eb2-f91a-4c15-b3e5-6de5f22afc34 req-4e351eb2-f91a-4c15-b3e5-6de5f22afc34 ] Request (ServerShowV257Test:tearDownClass): 200 GET http://10.180.1.21/compute/v2.1/servers/9316facd-0c95-4720-b0d3-c0a39df81619 0.106s
2024-10-11 05:01:32.117 62846 INFO tempest.lib.common.rest_client [req-a6888c99-3425-4809-95ed-30fcab5ce0ce req-a6888c99-3425-4809-95ed-30fcab5ce0ce ] Request (MigrationsAdminTest:test_resize_server_revert_deleted_flavor): 200 GET http://10.180.1.21/compute/v2.1/servers/dca0a819-d11d-437e-9a4c-da4279a9d553 0.090s
2024-10-11 05:01:32.151 62802 INFO tempest.lib.common.rest_client [req-a239a5e8-1abf-4286-92d6-8aab61adcd53 req-a239a5e8-1abf-4286-92d6-8aab61adcd53 ] Request (ServerDiskConfigTestJSON:test_rebuild_server_with_auto_disk_config): 200 GET http://10.180.1.21/compute/v2.1/servers/290e15dc-4ee0-4595-8412-d610895aeb46 0.100s
2024-10-11 05:01:32.188 62806 INFO tempest.lib.common.rest_client [req-6093e067-b009-47b5-a375-7900120e298a req-6093e067-b009-47b5-a375-7900120e298a ] Request (DeleteServersAdminTestJSON:test_delete_server_while_in_error_state): 200 GET http://10.180.1.21/compute/v2.1/servers/4e7e1c74-10a8-4746-b6a6-56dfcc0c2d76 0.116s
2024-10-11 05:01:32.202 62806 INFO tempest.common.waiters [-] State transition "BUILD/None" ==> "BUILD/networking" after 47 second wait
2024-10-11 05:01:32.284 62800 INFO tempest.lib.common.rest_client [req-d29c3d7b-b6b7-4947-b1a6-4fc9e71e0515 req-d29c3d7b-b6b7-4947-b1a6-4fc9e71e0515 ] Request (ListImageFiltersTestJSON:setUpClass): 201 POST http://10.180.1.21/image/v2/images 0.327s
2024-10-11 05:01:32.383 62825 INFO tempest.lib.common.rest_client [req-e914fce2-161e-4afe-ab3f-98215d5d9e60 req-e914fce2-161e-4afe-ab3f-98215d5d9e60 ] Request (VolumesAdminNegativeTest:test_update_attached_volume_with_nonexistent_volume_in_body): 200 GET http://10.180.1.21/compute/v2.1/servers/14c27acb-0c19-47f9-b3fd-4f9e3e83bb5e 0.287s
2024-10-11 05:01:32.384 62830 INFO tempest.lib.common.rest_client [req-0beff1d6-41a3-44eb-bfe9-e70b4b67511f req-0beff1d6-41a3-44eb-bfe9-e70b4b67511f ] Request (AttachInterfacesUnderV243Test:test_add_remove_fixed_ip): 200 GET http://10.180.1.21/compute/v2.1/servers/813e287c-9d7f-4e9c-9216-986f631b6eb6 0.266s
2024-10-11 05:01:32.447 62798 INFO tempest.lib.common.rest_client [req-aa15f683-fbfd-4408-ae44-801d91b74e2c req-aa15f683-fbfd-4408-ae44-801d91b74e2c ] Request (ServersWithSpecificFlavorTestJSON:test_verify_created_server_ephemeral_disk): 200 GET http://10.180.1.21/compute/v2.1/servers/cecebc6a-25cc-4376-8467-2aa0f909c9bd 0.288s
2024-10-11 05:01:32.455 62826 INFO tempest.lib.common.rest_client [req-e7f47d38-b988-4b7d-a44e-e9d764d1a967 req-e7f47d38-b988-4b7d-a44e-e9d764d1a967 ] Request (ServersV294TestFqdnHostnames:setUpClass): 200 GET http://10.180.1.21/compute/v2.1/servers/1513843d-0a96-4b56-86bb-3c39ab4b3692 0.302s
2024-10-11 05:01:32.496 62810 INFO tempest.lib.common.rest_client [req-6a39b5a4-9135-4e04-b551-e37163767d24 req-6a39b5a4-9135-4e04-b551-e37163767d24 ] Request (ServersTestJSON:setUpClass): 200 GET http://10.180.1.21/compute/v2.1/servers/9b49513e-4c01-4664-be2c-6058a357b0db 0.299s
2024-10-11 05:01:32.517 62820 INFO tempest.lib.common.rest_client [req-5d01d902-557d-4032-bcdc-5b112a706b92 req-5d01d902-557d-4032-bcdc-5b112a706b92 ] Request (ServerShowV254Test:test_rebuild_server): 200 GET http://10.180.1.21/compute/v2.1/servers/f4f7e2c9-229c-4547-b674-5a5219a28151 0.309s
2024-10-11 05:01:32.553 62842 INFO tempest.lib.common.rest_client [req-cf89c85b-d51d-4c41-87eb-11458eb12cb7 req-cf89c85b-d51d-4c41-87eb-11458eb12cb7 ] Request (AttachVolumeShelveTestJSON:test_attach_volume_shelved_or_offload_server): 200 GET http://10.180.1.21/compute/v2.1/servers/65e8971a-a149-4a11-92ad-7c5c8874530c 0.309s
2024-10-11 05:01:32.566 62836 INFO tempest.lib.common.rest_client [req-89465286-464e-4f7b-adc2-7d36d633b745 req-89465286-464e-4f7b-adc2-7d36d633b745 ] Request (ImagesTestJSON:test_create_image_from_stopped_server): 200 GET http://10.180.1.21/compute/v2.1/servers/b482dcca-ae32-425d-a097-f9af69785835 0.304s
2024-10-11 05:01:32.613 62814 INFO tempest.lib.common.rest_client [req-d7fc2c9b-57aa-416f-9db4-9cbb7da25591 req-d7fc2c9b-57aa-416f-9db4-9cbb7da25591 ] Request (MultipleCreateTestJSON:test_multiple_create): 200 GET http://10.180.1.21/compute/v2.1/servers/88cee397-bcbd-428c-b203-e5d9b6acbbb2 0.328s
2024-10-11 05:01:32.620 62852 INFO tempest.lib.common.rest_client [req-fd817b60-6409-44cf-a562-c5a03965e63d req-fd817b60-6409-44cf-a562-c5a03965e63d ] Request (TenantUsagesTestJSON:setUpClass): 200 GET http://10.180.1.21/compute/v2.1/servers/2e1410c0-8aff-429c-8bbb-46d9bc01de32 0.258s
2024-10-11 05:01:32.675 62808 INFO tempest.lib.common.rest_client [req-fa6f02a6-58fa-418b-832e-920724cbf9a3 req-fa6f02a6-58fa-418b-832e-920724cbf9a3 ] Request (ServerActionsV293TestJSON:setUpClass): 200 GET http://10.180.1.21/compute/v2.1/servers/2ae701c0-3016-4635-8fe1-1e1c314fa748 0.298s
2024-10-11 05:01:32.683 62816 INFO tempest.lib.common.rest_client [req-930aefd6-1ab9-4d0c-b5d4-e4d75e462ea0 req-930aefd6-1ab9-4d0c-b5d4-e4d75e462ea0 ] Request (ServerPasswordTestJSON:setUpClass): 200 GET http://10.180.1.21/compute/v2.1/servers/49ba74b6-fbbe-442a-b3a1-00bdd4e046e5 0.233s
2024-10-11 05:01:32.740 62838 INFO tempest.lib.common.rest_client [req-d4344740-3f16-4aa5-97aa-6f72945fcade req-d4344740-3f16-4aa5-97aa-6f72945fcade ] Request (ImagesNegativeTestJSON:test_create_image_from_deleted_server): 200 GET http://10.180.1.21/compute/v2.1/servers/95348a45-f517-4e21-8969-57c978985984 0.289s
2024-10-11 05:01:32.743 62832 INFO tempest.lib.common.rest_client [req-2cf3d4d0-53a9-46fd-8c24-3645684bab1c req-2cf3d4d0-53a9-46fd-8c24-3645684bab1c ] Request (ServersTestJSON:test_create_server_specify_multibyte_character_name): 200 GET http://10.180.1.21/compute/v2.1/servers/7c22d751-2aa8-4794-9fbb-3be5c1ac40f4 0.217s
2024-10-11 05:01:32.806 62850 INFO tempest.lib.common.rest_client [req-d497a5b1-21f5-4655-914c-c47cc1b6967b req-d497a5b1-21f5-4655-914c-c47cc1b6967b ] Request (FloatingIPsAssociationNegativeTestJSON:setUpClass): 200 GET http://10.180.1.21/compute/v2.1/servers/f52921c6-abbc-4a27-a451-e1cb4f5dfc48 0.197s
2024-10-11 05:01:32.810 62858 INFO tempest.lib.common.rest_client [req-b7f52ecc-26a7-4ce6-96ac-7a44708cdf05 req-b7f52ecc-26a7-4ce6-96ac-7a44708cdf05 ] Request (AttachInterfacesV270Test:test_create_get_list_interfaces): 200 GET http://10.180.1.21/compute/v2.1/servers/8e7dcc93-2079-4857-8f18-513958ef4e0a 0.137s
2024-10-11 05:01:32.813 62850 INFO tempest.common.waiters [-] State transition "BUILD/spawning" ==> "ERROR/None" after 67 second wait
2024-10-11 05:01:32.868 62818 INFO tempest.lib.common.rest_client [req-95f3fe82-44aa-4dc8-bc48-ea6e481d73f6 req-95f3fe82-44aa-4dc8-bc48-ea6e481d73f6 ] Request (DeleteServersTestJSON:test_delete_server_while_in_attached_volume): 200 GET http://10.180.1.21/compute/v2.1/servers/2888fde6-8a1b-41ce-a482-cb99acd74a6e 0.138s
2024-10-11 05:01:32.879 62840 INFO tempest.lib.common.rest_client [req-72cd48b8-9c41-4539-978e-b9d69b8ce78f req-72cd48b8-9c41-4539-978e-b9d69b8ce78f ] Request (ImagesOneServerNegativeTestJSON:setUpClass): 200 GET http://10.180.1.21/compute/v2.1/servers/f8db751a-c495-467c-ae32-addb4387346d 0.088s
2024-10-11 05:01:32.933 62856 INFO tempest.lib.common.rest_client [req-26ae9b96-ac9d-4449-b3a6-50f119c01ce6 req-26ae9b96-ac9d-4449-b3a6-50f119c01ce6 ] Request (ServerAddressesNegativeTestJSON:setUpClass): 200 GET http://10.180.1.21/compute/v2.1/servers/5a1f074f-8e43-42f9-864d-976cdaa4639c 0.093s
2024-10-11 05:01:32.983 62848 INFO tempest.lib.common.rest_client [req-981e7182-db1d-4692-ac53-6a5f96356c30 req-981e7182-db1d-4692-ac53-6a5f96356c30 ] Request (ServerActionsTestOtherB:setUpClass): 200 GET http://10.180.1.21/compute/v2.1/servers/2236b710-2141-49a2-b3f5-9ed71090e1db 0.098s
2024-10-11 05:01:33.042 62828 INFO tempest.lib.common.rest_client [req-ce018612-f2e4-4ec8-bbcf-36104aeeabf5 req-ce018612-f2e4-4ec8-bbcf-36104aeeabf5 ] Request (ServerExternalEventsTest:test_create_server_external_events): 200 GET http://10.180.1.21/compute/v2.1/servers/5845d273-b18a-447a-ad2d-a011bfcc2423 0.108s
2024-10-11 05:01:33.057 62850 INFO tempest.lib.common.rest_client [req-1a6d651c-ecca-418a-a90e-408344531ef8 req-1a6d651c-ecca-418a-a90e-408344531ef8 ] Request (FloatingIPsAssociationNegativeTestJSON:setUpClass): 204 DELETE http://10.180.1.21/compute/v2.1/servers/f52921c6-abbc-4a27-a451-e1cb4f5dfc48 0.243s
2024-10-11 05:01:33.089 62834 INFO tempest.lib.common.rest_client [req-ca7c7e8f-7986-4c44-9cc7-9479f82c3e31 req-ca7c7e8f-7986-4c44-9cc7-9479f82c3e31 ] Request (InstanceActionsNegativeTestJSON:setUpClass): 200 GET http://10.180.1.21/compute/v2.1/servers/9274ce52-49af-48df-bcd1-269b8241d93f 0.153s
2024-10-11 05:01:33.111 62822 INFO tempest.lib.common.rest_client [req-536ae8b3-caf8-4944-bca6-579629a37570 req-536ae8b3-caf8-4944-bca6-579629a37570 ] Request (InstanceActionsV221TestJSON:test_get_list_deleted_instance_actions): 200 GET http://10.180.1.21/compute/v2.1/servers/5fc9a508-323d-4f1c-ae46-d15f340f6b73 0.130s
2024-10-11 05:01:33.150 62844 INFO tempest.lib.common.rest_client [req-9993387b-265b-4c0f-8d0b-9ecca872ced4 req-9993387b-265b-4c0f-8d0b-9ecca872ced4 ] Request (SecurityGroupsTestJSON:test_list_security_groups_by_server): 200 GET http://10.180.1.21/compute/v2.1/servers/37cbd58c-b11a-4a62-95b2-5f4c5cf7ad1f 0.128s
2024-10-11 05:01:33.163 62796 INFO tempest.lib.common.rest_client [req-49587bd9-d877-4b39-977a-da6f6286bf97 req-49587bd9-d877-4b39-977a-da6f6286bf97 ] Request (ServersTestManualDisk:setUpClass): 200 GET http://10.180.1.21/compute/v2.1/servers/d46bdbc6-e691-44b7-8e9c-3bedb1275e93 0.134s
2024-10-11 05:01:33.170 62850 INFO tempest.lib.common.rest_client [req-d8d2c20d-e692-463f-ba27-29bc87e62919 req-d8d2c20d-e692-463f-ba27-29bc87e62919 ] Request (FloatingIPsAssociationNegativeTestJSON:setUpClass): 404 GET http://10.180.1.21/compute/v2.1/servers/f52921c6-abbc-4a27-a451-e1cb4f5dfc48 0.113s
2024-10-11 05:01:33.170 62850 INFO tempest.test [-] raised in FloatingIPsAssociationNegativeTestJSON.setUpClass. Invoking tearDownClass.
2024-10-11 05:01:33.222 62804 INFO tempest.lib.common.rest_client [req-c79156af-f5aa-4f7d-9d45-f331b41161f2 req-c79156af-f5aa-4f7d-9d45-f331b41161f2 ] Request (ServersTestFqdnHostnames:test_create_server_with_fqdn_name): 200 GET http://10.180.1.21/compute/v2.1/servers/a092fb50-c750-4b91-a94e-e11e9eb7faf5 0.138s
2024-10-11 05:01:33.237 62854 INFO tempest.lib.common.rest_client [req-1f153ee3-388e-490e-8548-f907a66b7039 req-1f153ee3-388e-490e-8548-f907a66b7039 ] Request (ServerShowV257Test:tearDownClass): 200 GET http://10.180.1.21/compute/v2.1/servers/9316facd-0c95-4720-b0d3-c0a39df81619 0.145s
2024-10-11 05:01:33.278 62846 INFO tempest.lib.common.rest_client [req-b65faa9a-a944-41fc-b7e8-e3566ff1ec89 req-b65faa9a-a944-41fc-b7e8-e3566ff1ec89 ] Request (MigrationsAdminTest:test_resize_server_revert_deleted_flavor): 200 GET http://10.180.1.21/compute/v2.1/servers/dca0a819-d11d-437e-9a4c-da4279a9d553 0.148s
2024-10-11 05:01:33.297 62802 INFO tempest.lib.common.rest_client [req-dd8369f3-64f7-4109-98b7-d3ec27c09a94 req-dd8369f3-64f7-4109-98b7-d3ec27c09a94 ] Request (ServerDiskConfigTestJSON:test_rebuild_server_with_auto_disk_config): 200 GET http://10.180.1.21/compute/v2.1/servers/290e15dc-4ee0-4595-8412-d610895aeb46 0.138s
2024-10-11 05:01:33.453 62825 INFO tempest.lib.common.rest_client [req-f792116e-65c2-4e88-841f-39af3f9c4803 req-f792116e-65c2-4e88-841f-39af3f9c4803 ] Request (VolumesAdminNegativeTest:test_update_attached_volume_with_nonexistent_volume_in_body): 200 GET http://10.180.1.21/compute/v2.1/servers/14c27acb-0c19-47f9-b3fd-4f9e3e83bb5e 0.062s
2024-10-11 05:01:33.464 62806 INFO tempest.lib.common.rest_client [req-1c6b1000-0a00-48f3-a8c2-0b9285808fb4 req-1c6b1000-0a00-48f3-a8c2-0b9285808fb4 ] Request (DeleteServersAdminTestJSON:test_delete_server_while_in_error_state): 200 GET http://10.180.1.21/compute/v2.1/servers/4e7e1c74-10a8-4746-b6a6-56dfcc0c2d76 0.260s
2024-10-11 05:01:33.470 62806 INFO tempest.common.waiters [-] State transition "BUILD/networking" ==> "BUILD/spawning" after 48 second wait
2024-10-11 05:01:33.504 62830 INFO tempest.lib.common.rest_client [req-66a4a457-6385-428e-98e1-920f04ef78ba req-66a4a457-6385-428e-98e1-920f04ef78ba ] Request (AttachInterfacesUnderV243Test:test_add_remove_fixed_ip): 200 GET http://10.180.1.21/compute/v2.1/servers/813e287c-9d7f-4e9c-9216-986f631b6eb6 0.113s
2024-10-11 05:01:33.520 62798 INFO tempest.lib.common.rest_client [req-6582bb54-e5bc-4320-93b8-46c1a82ca5f3 req-6582bb54-e5bc-4320-93b8-46c1a82ca5f3 ] Request (ServersWithSpecificFlavorTestJSON:test_verify_created_server_ephemeral_disk): 200 GET http://10.180.1.21/compute/v2.1/servers/cecebc6a-25cc-4376-8467-2aa0f909c9bd 0.066s
2024-10-11 05:01:33.559 62826 INFO tempest.lib.common.rest_client [req-22777e49-a0be-4f50-bb60-daa45d436e81 req-22777e49-a0be-4f50-bb60-daa45d436e81 ] Request (ServersV294TestFqdnHostnames:setUpClass): 200 GET http://10.180.1.21/compute/v2.1/servers/1513843d-0a96-4b56-86bb-3c39ab4b3692 0.095s
2024-10-11 05:01:33.571 62810 INFO tempest.lib.common.rest_client [req-213be1da-3982-44aa-829b-c52563359011 req-213be1da-3982-44aa-829b-c52563359011 ] Request (ServersTestJSON:setUpClass): 200 GET http://10.180.1.21/compute/v2.1/servers/9b49513e-4c01-4664-be2c-6058a357b0db 0.068s
2024-10-11 05:01:33.625 62820 INFO tempest.lib.common.rest_client [req-6df3cf6c-0ef5-4b62-9292-9b86c330a679 req-6df3cf6c-0ef5-4b62-9292-9b86c330a679 ] Request (ServerShowV254Test:test_rebuild_server): 200 GET http://10.180.1.21/compute/v2.1/servers/f4f7e2c9-229c-4547-b674-5a5219a28151 0.097s
2024-10-11 05:01:33.629 62842 INFO tempest.lib.common.rest_client [req-b2b9d82e-5b0a-490b-90be-0b13ba40e4f9 req-b2b9d82e-5b0a-490b-90be-0b13ba40e4f9 ] Request (AttachVolumeShelveTestJSON:test_attach_volume_shelved_or_offload_server): 200 GET http://10.180.1.21/compute/v2.1/servers/65e8971a-a149-4a11-92ad-7c5c8874530c 0.065s
2024-10-11 05:01:33.637 62820 INFO tempest.common.waiters [-] State transition "REBUILD/rebuild_spawning" ==> "ACTIVE/None" after 7 second wait
2024-10-11 05:01:33.704 62852 INFO tempest.lib.common.rest_client [req-7dee3abc-7eb4-498a-bab9-47d1c2fc2cc3 req-7dee3abc-7eb4-498a-bab9-47d1c2fc2cc3 ] Request (TenantUsagesTestJSON:setUpClass): 200 GET http://10.180.1.21/compute/v2.1/servers/2e1410c0-8aff-429c-8bbb-46d9bc01de32 0.076s
2024-10-11 05:01:33.707 62836 INFO tempest.lib.common.rest_client [req-437291b4-0c8a-41bb-aded-8829ab62baf5 req-437291b4-0c8a-41bb-aded-8829ab62baf5 ] Request (ImagesTestJSON:test_create_image_from_stopped_server): 200 GET http://10.180.1.21/compute/v2.1/servers/b482dcca-ae32-425d-a097-f9af69785835 0.133s
2024-10-11 05:01:33.723 62820 INFO tempest.lib.common.rest_client [req-3f22b274-8629-41b8-9adf-1ddc0634e8ac req-3f22b274-8629-41b8-9adf-1ddc0634e8ac ] Request (ServerShowV254Test:_run_cleanups): 204 DELETE http://10.180.1.21/compute/v2.1/os-keypairs/tempest-ServerShowV254Test-keypair-76326368 0.086s
2024-10-11 05:01:33.786 62814 INFO tempest.lib.common.rest_client [req-ac150479-1690-4f3a-8066-809d23dabb3e req-ac150479-1690-4f3a-8066-809d23dabb3e ] Request (MultipleCreateTestJSON:test_multiple_create): 200 GET http://10.180.1.21/compute/v2.1/servers/88cee397-bcbd-428c-b203-e5d9b6acbbb2 0.157s
2024-10-11 05:01:33.793 62808 INFO tempest.lib.common.rest_client [req-724503d6-bef2-4627-8870-9a14de04d499 req-724503d6-bef2-4627-8870-9a14de04d499 ] Request (ServerActionsV293TestJSON:setUpClass): 200 GET http://10.180.1.21/compute/v2.1/servers/2ae701c0-3016-4635-8fe1-1e1c314fa748 0.108s
2024-10-11 05:01:33.842 62800 INFO tempest.lib.common.rest_client [req-c4fcf2af-752b-46cb-adec-65a779389156 req-c4fcf2af-752b-46cb-adec-65a779389156 ] Request (ListImageFiltersTestJSON:setUpClass): 204 PUT http://10.180.1.21/image/v2/images/5f45e67c-7140-4464-be73-f7d5f15c32aa/file 0.558s
2024-10-11 05:01:33.844 62816 INFO tempest.lib.common.rest_client [req-55ad5afb-2059-40c5-9952-839f6c764570 req-55ad5afb-2059-40c5-9952-839f6c764570 ] Request (ServerPasswordTestJSON:setUpClass): 200 GET http://10.180.1.21/compute/v2.1/servers/49ba74b6-fbbe-442a-b3a1-00bdd4e046e5 0.154s
2024-10-11 05:01:33.864 62820 INFO tempest.lib.common.rest_client [req-c3981956-0b4d-4be5-85f0-599b3b5bfb6d req-c3981956-0b4d-4be5-85f0-599b3b5bfb6d ] Request (ServerShowV254Test:tearDownClass): 204 DELETE http://10.180.1.21/compute/v2.1/servers/f4f7e2c9-229c-4547-b674-5a5219a28151 0.139s
2024-10-11 05:01:33.893 62838 INFO tempest.lib.common.rest_client [req-b6c9e921-d5bf-4889-acab-0ba715b07d9b req-b6c9e921-d5bf-4889-acab-0ba715b07d9b ] Request (ImagesNegativeTestJSON:test_create_image_from_deleted_server): 200 GET http://10.180.1.21/compute/v2.1/servers/95348a45-f517-4e21-8969-57c978985984 0.146s
2024-10-11 05:01:33.900 62838 INFO tempest.common.waiters [-] State transition "BUILD/scheduling" ==> "BUILD/None" after 48 second wait
2024-10-11 05:01:33.914 62832 INFO tempest.lib.common.rest_client [req-1dbe5fd8-8e20-462c-b54c-f19cade77111 req-1dbe5fd8-8e20-462c-b54c-f19cade77111 ] Request (ServersTestJSON:test_create_server_specify_multibyte_character_name): 200 GET http://10.180.1.21/compute/v2.1/servers/7c22d751-2aa8-4794-9fbb-3be5c1ac40f4 0.163s
2024-10-11 05:01:33.949 62800 INFO tempest.lib.common.rest_client [req-575fb0dd-b272-4a12-b221-1786af4c1294 req-575fb0dd-b272-4a12-b221-1786af4c1294 ] Request (ListImageFiltersTestJSON:setUpClass): 200 GET http://10.180.1.21/compute/v2.1/images/5f45e67c-7140-4464-be73-f7d5f15c32aa 0.106s
2024-10-11 05:01:33.966 62858 INFO tempest.lib.common.rest_client [req-168e4d54-5abd-4cd0-bc85-a8aebd5f5874 req-168e4d54-5abd-4cd0-bc85-a8aebd5f5874 ] Request (AttachInterfacesV270Test:test_create_get_list_interfaces): 200 GET http://10.180.1.21/compute/v2.1/servers/8e7dcc93-2079-4857-8f18-513958ef4e0a 0.147s
2024-10-11 05:01:33.988 62850 INFO tempest.lib.common.rest_client [req-241229b0-fed1-4c9d-b7e6-09ee80f61d8b req-241229b0-fed1-4c9d-b7e6-09ee80f61d8b ] Request (FloatingIPsAssociationNegativeTestJSON:tearDownClass): 200 PUT http://10.180.1.21:9696/networking/v2.0/routers/7507011b-1c8f-4c21-abe2-5080ea743f97/remove_router_interface 0.818s
2024-10-11 05:01:34.000 62820 INFO tempest.lib.common.rest_client [req-8eab0fc5-0dea-4a76-8ee5-654e8235c65a req-8eab0fc5-0dea-4a76-8ee5-654e8235c65a ] Request (ServerShowV254Test:tearDownClass): 200 GET http://10.180.1.21/compute/v2.1/servers/f4f7e2c9-229c-4547-b674-5a5219a28151 0.136s
2024-10-11 05:01:34.015 62818 INFO tempest.lib.common.rest_client [req-b1a94938-f08d-4c26-b2b8-baad53a0fcec req-b1a94938-f08d-4c26-b2b8-baad53a0fcec ] Request (DeleteServersTestJSON:test_delete_server_while_in_attached_volume): 200 GET http://10.180.1.21/compute/v2.1/servers/2888fde6-8a1b-41ce-a482-cb99acd74a6e 0.141s
2024-10-11 05:01:34.051 62840 INFO tempest.lib.common.rest_client [req-b8198664-7e65-4da5-88fd-9edaf1c0ad14 req-b8198664-7e65-4da5-88fd-9edaf1c0ad14 ] Request (ImagesOneServerNegativeTestJSON:setUpClass): 200 GET http://10.180.1.21/compute/v2.1/servers/f8db751a-c495-467c-ae32-addb4387346d 0.164s
2024-10-11 05:01:34.065 62856 INFO tempest.lib.common.rest_client [req-b7f56902-433c-4c4d-b8fc-89dec914b0ee req-b7f56902-433c-4c4d-b8fc-89dec914b0ee ] Request (ServerAddressesNegativeTestJSON:setUpClass): 200 GET http://10.180.1.21/compute/v2.1/servers/5a1f074f-8e43-42f9-864d-976cdaa4639c 0.122s
2024-10-11 05:01:34.086 62800 INFO tempest.lib.common.rest_client [req-4eb314fe-2863-488a-9917-511d53af9807 req-4eb314fe-2863-488a-9917-511d53af9807 ] Request (ListImageFiltersTestJSON:setUpClass): 200 GET http://10.180.1.21/compute/v2.1/images/5f45e67c-7140-4464-be73-f7d5f15c32aa 0.134s
2024-10-11 05:01:34.108 62848 INFO tempest.lib.common.rest_client [req-6c482e5a-464a-40be-9481-fb68bb7938ff req-6c482e5a-464a-40be-9481-fb68bb7938ff ] Request (ServerActionsTestOtherB:setUpClass): 200 GET http://10.180.1.21/compute/v2.1/servers/2236b710-2141-49a2-b3f5-9ed71090e1db 0.117s
2024-10-11 05:01:34.136 62828 INFO tempest.lib.common.rest_client [req-331859b7-ec3c-4f1f-993b-79fad12320de req-331859b7-ec3c-4f1f-993b-79fad12320de ] Request (ServerExternalEventsTest:test_create_server_external_events): 200 GET http://10.180.1.21/compute/v2.1/servers/5845d273-b18a-447a-ad2d-a011bfcc2423 0.081s
2024-10-11 05:01:34.153 62834 INFO tempest.lib.common.rest_client [req-b9f74e92-d2be-499c-82ac-d6bd38831ac3 req-b9f74e92-d2be-499c-82ac-d6bd38831ac3 ] Request (InstanceActionsNegativeTestJSON:setUpClass): 200 GET http://10.180.1.21/compute/v2.1/servers/9274ce52-49af-48df-bcd1-269b8241d93f 0.056s
2024-10-11 05:01:34.186 62822 INFO tempest.lib.common.rest_client [req-99037073-67e0-4633-b136-e762a2dba7a1 req-99037073-67e0-4633-b136-e762a2dba7a1 ] Request (InstanceActionsV221TestJSON:test_get_list_deleted_instance_actions): 200 GET http://10.180.1.21/compute/v2.1/servers/5fc9a508-323d-4f1c-ae46-d15f340f6b73 0.065s
2024-10-11 05:01:34.213 62844 INFO tempest.lib.common.rest_client [req-5cd595aa-65c6-47ed-98b5-76454dc94e79 req-5cd595aa-65c6-47ed-98b5-76454dc94e79 ] Request (SecurityGroupsTestJSON:test_list_security_groups_by_server): 200 GET http://10.180.1.21/compute/v2.1/servers/37cbd58c-b11a-4a62-95b2-5f4c5cf7ad1f 0.055s
2024-10-11 05:01:34.233 62796 INFO tempest.lib.common.rest_client [req-8216819f-ec0d-473e-857a-f3504cf5e655 req-8216819f-ec0d-473e-857a-f3504cf5e655 ] Request (ServersTestManualDisk:setUpClass): 200 GET http://10.180.1.21/compute/v2.1/servers/d46bdbc6-e691-44b7-8e9c-3bedb1275e93 0.062s
2024-10-11 05:01:34.279 62804 INFO tempest.lib.common.rest_client [req-be53e8e0-1cd7-4b8c-a33a-98f9668ee290 req-be53e8e0-1cd7-4b8c-a33a-98f9668ee290 ] Request (ServersTestFqdnHostnames:test_create_server_with_fqdn_name): 200 GET http://10.180.1.21/compute/v2.1/servers/a092fb50-c750-4b91-a94e-e11e9eb7faf5 0.050s
2024-10-11 05:01:34.302 62854 INFO tempest.lib.common.rest_client [req-f0cc9a51-a150-4ac9-8b7c-fc016111fd71 req-f0cc9a51-a150-4ac9-8b7c-fc016111fd71 ] Request (ServerShowV257Test:tearDownClass): 200 GET http://10.180.1.21/compute/v2.1/servers/9316facd-0c95-4720-b0d3-c0a39df81619 0.056s
2024-10-11 05:01:34.322 62850 INFO tempest.lib.common.rest_client [req-dcab83f9-df56-4d77-b9ce-96332312361e req-dcab83f9-df56-4d77-b9ce-96332312361e ] Request (FloatingIPsAssociationNegativeTestJSON:tearDownClass): 204 DELETE http://10.180.1.21:9696/networking/v2.0/routers/7507011b-1c8f-4c21-abe2-5080ea743f97 0.333s
2024-10-11 05:01:34.336 62846 INFO tempest.lib.common.rest_client [req-ef85b18d-5e47-4b3a-8d19-1bfc3105de1f req-ef85b18d-5e47-4b3a-8d19-1bfc3105de1f ] Request (MigrationsAdminTest:test_resize_server_revert_deleted_flavor): 200 GET http://10.180.1.21/compute/v2.1/servers/dca0a819-d11d-437e-9a4c-da4279a9d553 0.050s
2024-10-11 05:01:34.354 62802 INFO tempest.lib.common.rest_client [req-f3972283-405f-41f7-b42f-1c2aedcb2763 req-f3972283-405f-41f7-b42f-1c2aedcb2763 ] Request (ServerDiskConfigTestJSON:test_rebuild_server_with_auto_disk_config): 200 GET http://10.180.1.21/compute/v2.1/servers/290e15dc-4ee0-4595-8412-d610895aeb46 0.044s
2024-10-11 05:01:34.396 62800 INFO tempest.lib.common.rest_client [req-3e55372e-12ea-457d-9c30-ce42b5a022b0 req-3e55372e-12ea-457d-9c30-ce42b5a022b0 ] Request (ListImageFiltersTestJSON:setUpClass): 201 POST http://10.180.1.21/image/v2/images 0.304s
2024-10-11 05:01:34.428 62850 INFO tempest.lib.common.rest_client [req-957a3013-06b0-4d86-a896-38e9cc853902 req-957a3013-06b0-4d86-a896-38e9cc853902 ] Request (FloatingIPsAssociationNegativeTestJSON:tearDownClass): 204 DELETE http://10.180.1.21:9696/networking/v2.0/subnets/2f2459fa-10eb-4170-9969-2f85b7f6dbb0 0.105s
2024-10-11 05:01:34.513 62825 INFO tempest.lib.common.rest_client [req-00ebcb7a-ef86-4b70-9ae8-5e3874fcdad0 req-00ebcb7a-ef86-4b70-9ae8-5e3874fcdad0 ] Request (VolumesAdminNegativeTest:test_update_attached_volume_with_nonexistent_volume_in_body): 200 GET http://10.180.1.21/compute/v2.1/servers/14c27acb-0c19-47f9-b3fd-4f9e3e83bb5e 0.053s
2024-10-11 05:01:34.524 62806 INFO tempest.lib.common.rest_client [req-b4ca66db-0516-448f-9201-8cdc29120a85 req-b4ca66db-0516-448f-9201-8cdc29120a85 ] Request (DeleteServersAdminTestJSON:test_delete_server_while_in_error_state): 200 GET http://10.180.1.21/compute/v2.1/servers/4e7e1c74-10a8-4746-b6a6-56dfcc0c2d76 0.053s
2024-10-11 05:01:34.569 62830 INFO tempest.lib.common.rest_client [req-3e79e6a4-d2e1-4cf8-8f07-5c141d095893 req-3e79e6a4-d2e1-4cf8-8f07-5c141d095893 ] Request (AttachInterfacesUnderV243Test:test_add_remove_fixed_ip): 200 GET http://10.180.1.21/compute/v2.1/servers/813e287c-9d7f-4e9c-9216-986f631b6eb6 0.057s
2024-10-11 05:01:34.587 62798 INFO tempest.lib.common.rest_client [req-7533bcc4-1f2f-4588-a409-a1b44bb1de68 req-7533bcc4-1f2f-4588-a409-a1b44bb1de68 ] Request (ServersWithSpecificFlavorTestJSON:test_verify_created_server_ephemeral_disk): 200 GET http://10.180.1.21/compute/v2.1/servers/cecebc6a-25cc-4376-8467-2aa0f909c9bd 0.056s
2024-10-11 05:01:34.640 62810 INFO tempest.lib.common.rest_client [req-b539cab3-4bfb-4890-a5d5-c543e8d3b2b1 req-b539cab3-4bfb-4890-a5d5-c543e8d3b2b1 ] Request (ServersTestJSON:setUpClass): 200 GET http://10.180.1.21/compute/v2.1/servers/9b49513e-4c01-4664-be2c-6058a357b0db 0.060s
2024-10-11 05:01:34.646 62826 INFO tempest.lib.common.rest_client [req-3dc50d27-11a7-4bbf-b6d4-653bdeac19c5 req-3dc50d27-11a7-4bbf-b6d4-653bdeac19c5 ] Request (ServersV294TestFqdnHostnames:setUpClass): 200 GET http://10.180.1.21/compute/v2.1/servers/1513843d-0a96-4b56-86bb-3c39ab4b3692 0.072s
2024-10-11 05:01:34.696 62850 INFO tempest.lib.common.rest_client [req-6cec9d9b-36ce-4e3e-b697-86e9f82bfa9b req-6cec9d9b-36ce-4e3e-b697-86e9f82bfa9b ] Request (FloatingIPsAssociationNegativeTestJSON:tearDownClass): 204 DELETE http://10.180.1.21:9696/networking/v2.0/networks/53d5d328-2adb-4985-8192-243bed3424a5 0.268s
2024-10-11 05:01:34.733 62842 INFO tempest.lib.common.rest_client [req-a5efef06-4e1a-489b-900b-67cd824edd8d req-a5efef06-4e1a-489b-900b-67cd824edd8d ] Request (AttachVolumeShelveTestJSON:test_attach_volume_shelved_or_offload_server): 200 GET http://10.180.1.21/compute/v2.1/servers/65e8971a-a149-4a11-92ad-7c5c8874530c 0.083s
2024-10-11 05:01:34.767 62852 INFO tempest.lib.common.rest_client [req-2568c969-14bc-4b0b-bfd0-68ee62580b4e req-2568c969-14bc-4b0b-bfd0-68ee62580b4e ] Request (TenantUsagesTestJSON:setUpClass): 200 GET http://10.180.1.21/compute/v2.1/servers/2e1410c0-8aff-429c-8bbb-46d9bc01de32 0.056s
2024-10-11 05:01:34.778 62836 INFO tempest.lib.common.rest_client [req-dd14f4fe-138b-479a-85e0-4a0957925f87 req-dd14f4fe-138b-479a-85e0-4a0957925f87 ] Request (ImagesTestJSON:test_create_image_from_stopped_server): 200 GET http://10.180.1.21/compute/v2.1/servers/b482dcca-ae32-425d-a097-f9af69785835 0.060s
2024-10-11 05:01:34.821 62850 INFO tempest.lib.common.rest_client [req-39da961c-9d06-46bb-b990-a018e6d269f5 req-39da961c-9d06-46bb-b990-a018e6d269f5 ] Request (FloatingIPsAssociationNegativeTestJSON:tearDownClass): 204 DELETE http://10.180.1.21/identity/v3/users/e8e4c35b45c64777bc690550450533f0 0.125s
2024-10-11 05:01:34.822 62850 INFO tempest.lib.common.dynamic_creds [-] Deleting project and security group for project: 6a0dce7fbc2b4289bb428c99fea936e2
2024-10-11 05:01:34.863 62814 INFO tempest.lib.common.rest_client [req-351edd58-18dd-4033-8f25-c3f4392e3e3d req-351edd58-18dd-4033-8f25-c3f4392e3e3d ] Request (MultipleCreateTestJSON:test_multiple_create): 200 GET http://10.180.1.21/compute/v2.1/servers/88cee397-bcbd-428c-b203-e5d9b6acbbb2 0.066s
2024-10-11 05:01:34.875 62808 INFO tempest.lib.common.rest_client [req-af66b03d-2a87-473a-a37a-98969f99759d req-af66b03d-2a87-473a-a37a-98969f99759d ] Request (ServerActionsV293TestJSON:setUpClass): 200 GET http://10.180.1.21/compute/v2.1/servers/2ae701c0-3016-4635-8fe1-1e1c314fa748 0.072s
2024-10-11 05:01:34.891 62850 INFO tempest.lib.common.rest_client [req-3c30b0ab-c4fe-480b-bd0d-2428ca10865d req-3c30b0ab-c4fe-480b-bd0d-2428ca10865d ] Request (FloatingIPsAssociationNegativeTestJSON:tearDownClass): 200 GET http://10.180.1.21:9696/networking/v2.0/security-groups?tenant_id=6a0dce7fbc2b4289bb428c99fea936e2&name=default 0.069s
2024-10-11 05:01:34.915 62816 INFO tempest.lib.common.rest_client [req-6e38e649-ae39-4d6b-9b20-da0f8fed8af3 req-6e38e649-ae39-4d6b-9b20-da0f8fed8af3 ] Request (ServerPasswordTestJSON:setUpClass): 200 GET http://10.180.1.21/compute/v2.1/servers/49ba74b6-fbbe-442a-b3a1-00bdd4e046e5 0.063s
2024-10-11 05:01:34.953 62838 INFO tempest.lib.common.rest_client [req-1f5cc187-6eb9-46f3-8e7b-e8594e714a20 req-1f5cc187-6eb9-46f3-8e7b-e8594e714a20 ] Request (ImagesNegativeTestJSON:test_create_image_from_deleted_server): 200 GET http://10.180.1.21/compute/v2.1/servers/95348a45-f517-4e21-8969-57c978985984 0.052s
2024-10-11 05:01:34.970 62832 INFO tempest.lib.common.rest_client [req-e9c5a0ab-033e-43ea-993d-9da26c7fe6d1 req-e9c5a0ab-033e-43ea-993d-9da26c7fe6d1 ] Request (ServersTestJSON:test_create_server_specify_multibyte_character_name): 200 GET http://10.180.1.21/compute/v2.1/servers/7c22d751-2aa8-4794-9fbb-3be5c1ac40f4 0.048s
2024-10-11 05:01:35.032 62850 INFO tempest.lib.common.rest_client [req-82b974c4-4520-4e5a-ba0f-fae5dfa5aad4 req-82b974c4-4520-4e5a-ba0f-fae5dfa5aad4 ] Request (FloatingIPsAssociationNegativeTestJSON:tearDownClass): 204 DELETE http://10.180.1.21:9696/networking/v2.0/security-groups/b887d70b-ec17-404b-abed-93cdf86f9b9f 0.140s
2024-10-11 05:01:35.039 62858 INFO tempest.lib.common.rest_client [req-208b67d6-4984-4acd-9fbf-7ea157caf6b1 req-208b67d6-4984-4acd-9fbf-7ea157caf6b1 ] Request (AttachInterfacesV270Test:test_create_get_list_interfaces): 200 GET http://10.180.1.21/compute/v2.1/servers/8e7dcc93-2079-4857-8f18-513958ef4e0a 0.063s
2024-10-11 05:01:35.073 62820 INFO tempest.lib.common.rest_client [req-c4803597-5e7c-42dc-9c0c-bf6c94748569 req-c4803597-5e7c-42dc-9c0c-bf6c94748569 ] Request (ServerShowV254Test:tearDownClass): 200 GET http://10.180.1.21/compute/v2.1/servers/f4f7e2c9-229c-4547-b674-5a5219a28151 0.060s
2024-10-11 05:01:35.098 62818 INFO tempest.lib.common.rest_client [req-ff5cb443-2ba7-409c-b5ba-5883854edd2e req-ff5cb443-2ba7-409c-b5ba-5883854edd2e ] Request (DeleteServersTestJSON:test_delete_server_while_in_attached_volume): 200 GET http://10.180.1.21/compute/v2.1/servers/2888fde6-8a1b-41ce-a482-cb99acd74a6e 0.075s
2024-10-11 05:01:35.120 62840 INFO tempest.lib.common.rest_client [req-95f04a4f-038b-4a3a-a243-99ef11648072 req-95f04a4f-038b-4a3a-a243-99ef11648072 ] Request (ImagesOneServerNegativeTestJSON:setUpClass): 200 GET http://10.180.1.21/compute/v2.1/servers/f8db751a-c495-467c-ae32-addb4387346d 0.057s
2024-10-11 05:01:35.143 62856 INFO tempest.lib.common.rest_client [req-68a39cad-0162-47c6-9f1a-3f58b098e7c7 req-68a39cad-0162-47c6-9f1a-3f58b098e7c7 ] Request (ServerAddressesNegativeTestJSON:setUpClass): 200 GET http://10.180.1.21/compute/v2.1/servers/5a1f074f-8e43-42f9-864d-976cdaa4639c 0.071s
2024-10-11 05:01:35.148 62850 INFO tempest.lib.common.rest_client [req-98a17e84-b592-4939-8024-c0f2fb3ed02e req-98a17e84-b592-4939-8024-c0f2fb3ed02e ] Request (FloatingIPsAssociationNegativeTestJSON:tearDownClass): 204 DELETE http://10.180.1.21/identity/v3/projects/6a0dce7fbc2b4289bb428c99fea936e2 0.115s
2024-10-11 05:01:35.161 62848 INFO tempest.lib.common.rest_client [req-69e6606a-8029-4fd3-b8a7-4b2db8bc43bf req-69e6606a-8029-4fd3-b8a7-4b2db8bc43bf ] Request (ServerActionsTestOtherB:setUpClass): 200 GET http://10.180.1.21/compute/v2.1/servers/2236b710-2141-49a2-b3f5-9ed71090e1db 0.047s
2024-10-11 05:01:35.187 62828 INFO tempest.lib.common.rest_client [req-94e55d8f-53a3-4480-b598-6e33f2778b7d req-94e55d8f-53a3-4480-b598-6e33f2778b7d ] Request (ServerExternalEventsTest:test_create_server_external_events): 200 GET http://10.180.1.21/compute/v2.1/servers/5845d273-b18a-447a-ad2d-a011bfcc2423 0.044s
2024-10-11 05:01:35.201 62850 INFO tempest.lib.common.rest_client [req-fd28b67d-20c7-4c4d-a7dc-7138dec593a2 req-fd28b67d-20c7-4c4d-a7dc-7138dec593a2 ] Request (ServerAddressesTestJSON:setUpClass): 201 POST http://10.180.1.21/identity/v3/auth/tokens 0.049s
2024-10-11 05:01:35.206 62834 INFO tempest.lib.common.rest_client [req-aab2a94b-7edc-4929-a234-476accba64b3 req-aab2a94b-7edc-4929-a234-476accba64b3 ] Request (InstanceActionsNegativeTestJSON:setUpClass): 200 GET http://10.180.1.21/compute/v2.1/servers/9274ce52-49af-48df-bcd1-269b8241d93f 0.042s
2024-10-11 05:01:35.229 62850 INFO tempest.lib.common.rest_client [req-6a592321-1bd4-4492-a990-fc7fe9cf8bd8 req-6a592321-1bd4-4492-a990-fc7fe9cf8bd8 ] Request (ServerAddressesTestJSON:setUpClass): 201 POST http://10.180.1.21/identity/v3/auth/tokens 0.026s
2024-10-11 05:01:35.242 62822 INFO tempest.lib.common.rest_client [req-5b1c9b20-2ed5-40b4-830c-52f9627c8067 req-5b1c9b20-2ed5-40b4-830c-52f9627c8067 ] Request (InstanceActionsV221TestJSON:test_get_list_deleted_instance_actions): 200 GET http://10.180.1.21/compute/v2.1/servers/5fc9a508-323d-4f1c-ae46-d15f340f6b73 0.047s
2024-10-11 05:01:35.248 62850 INFO tempest.lib.common.rest_client [req-655ad7cd-9a35-41cd-a786-ec41c2b0cfa8 req-655ad7cd-9a35-41cd-a786-ec41c2b0cfa8 ] Request (ServerAddressesTestJSON:setUpClass): 200 GET http://10.180.1.21/identity/v3/domains?name=Default 0.018s
2024-10-11 05:01:35.268 62844 INFO tempest.lib.common.rest_client [req-9d1997a0-7dd5-46fc-a04c-00dfe51d5bc5 req-9d1997a0-7dd5-46fc-a04c-00dfe51d5bc5 ] Request (SecurityGroupsTestJSON:test_list_security_groups_by_server): 200 GET http://10.180.1.21/compute/v2.1/servers/37cbd58c-b11a-4a62-95b2-5f4c5cf7ad1f 0.047s
2024-10-11 05:01:35.272 62850 INFO tempest.lib.common.rest_client [req-b18c19e2-5286-46d8-a981-2df3b58db6d7 req-b18c19e2-5286-46d8-a981-2df3b58db6d7 ] Request (ServerAddressesTestJSON:setUpClass): 201 POST http://10.180.1.21/identity/v3/projects 0.024s
2024-10-11 05:01:35.282 62796 INFO tempest.lib.common.rest_client [req-8b034383-d9a3-45ae-91c4-3a5576b49f2f req-8b034383-d9a3-45ae-91c4-3a5576b49f2f ] Request (ServersTestManualDisk:setUpClass): 200 GET http://10.180.1.21/compute/v2.1/servers/d46bdbc6-e691-44b7-8e9c-3bedb1275e93 0.043s
2024-10-11 05:01:35.322 62850 INFO tempest.lib.common.rest_client [req-e2258bbd-a808-4879-9dcd-c900a21a4097 req-e2258bbd-a808-4879-9dcd-c900a21a4097 ] Request (ServerAddressesTestJSON:setUpClass): 201 POST http://10.180.1.21/identity/v3/users 0.050s
2024-10-11 05:01:35.336 62804 INFO tempest.lib.common.rest_client [req-ce328309-b1ef-4bc3-9aa4-5f146494c991 req-ce328309-b1ef-4bc3-9aa4-5f146494c991 ] Request (ServersTestFqdnHostnames:test_create_server_with_fqdn_name): 200 GET http://10.180.1.21/compute/v2.1/servers/a092fb50-c750-4b91-a94e-e11e9eb7faf5 0.043s
2024-10-11 05:01:35.338 62850 INFO tempest.lib.common.rest_client [req-ad00bcfa-47c7-4875-838a-4a96eb49677f req-ad00bcfa-47c7-4875-838a-4a96eb49677f ] Request (ServerAddressesTestJSON:setUpClass): 200 GET http://10.180.1.21/identity/v3/roles 0.015s
2024-10-11 05:01:35.359 62850 INFO tempest.lib.common.rest_client [req-03280276-b897-4aa6-996c-afbcbb0eb682 req-03280276-b897-4aa6-996c-afbcbb0eb682 ] Request (ServerAddressesTestJSON:setUpClass): 204 PUT http://10.180.1.21/identity/v3/projects/5cc4e04eb5ed47799e45a2ca0b1676dd/users/7c28a344dd1340229e157824595f2eaf/roles/f3c0e00d29714df8814ef1e0d32f6934 0.021s
2024-10-11 05:01:35.360 62850 INFO tempest.lib.common.dynamic_creds [-] Dynamic test user 7c28a344dd1340229e157824595f2eaf is created with scope project and roles: ['member']
2024-10-11 05:01:35.360 62850 INFO tempest.lib.common.dynamic_creds [-] Acquired dynamic creds: credentials: Credentials: {'domain_id': 'default', 'domain_name': 'Default', 'username': 'tempest-ServerAddressesTestJSON-1308440485-project-member', 'project_domain_id': 'default', 'project_domain_name': 'Default', 'project_id': '5cc4e04eb5ed47799e45a2ca0b1676dd', 'project_name': 'tempest-ServerAddressesTestJSON-1308440485', 'tenant_id': '5cc4e04eb5ed47799e45a2ca0b1676dd', 'tenant_name': 'tempest-ServerAddressesTestJSON-1308440485', 'user_domain_id': 'default', 'user_domain_name': 'Default', 'user_id': '7c28a344dd1340229e157824595f2eaf', 'system': None}, Network: None, Subnet: None, Router: None
2024-10-11 05:01:35.366 62854 INFO tempest.lib.common.rest_client [req-7ca13e7c-3683-4056-bee9-af43a67e791a req-7ca13e7c-3683-4056-bee9-af43a67e791a ] Request (ServerShowV257Test:tearDownClass): 200 GET http://10.180.1.21/compute/v2.1/servers/9316facd-0c95-4720-b0d3-c0a39df81619 0.053s
2024-10-11 05:01:35.389 62846 INFO tempest.lib.common.rest_client [req-5c18ed20-fa94-4ca5-b920-9c7132d60674 req-5c18ed20-fa94-4ca5-b920-9c7132d60674 ] Request (MigrationsAdminTest:test_resize_server_revert_deleted_flavor): 200 GET http://10.180.1.21/compute/v2.1/servers/dca0a819-d11d-437e-9a4c-da4279a9d553 0.042s
2024-10-11 05:01:35.407 62802 INFO tempest.lib.common.rest_client [req-4a9bd773-d5f6-470e-a006-672ab8cd9612 req-4a9bd773-d5f6-470e-a006-672ab8cd9612 ] Request (ServerDiskConfigTestJSON:test_rebuild_server_with_auto_disk_config): 200 GET http://10.180.1.21/compute/v2.1/servers/290e15dc-4ee0-4595-8412-d610895aeb46 0.046s
2024-10-11 05:01:35.411 62850 INFO tempest.lib.common.rest_client [req-05841840-e0cb-410c-99d2-5b0ff26f4f97 req-05841840-e0cb-410c-99d2-5b0ff26f4f97 ] Request (ServerAddressesTestJSON:setUpClass): 201 POST http://10.180.1.21/identity/v3/auth/tokens 0.050s
2024-10-11 05:01:35.581 62825 INFO tempest.lib.common.rest_client [req-636f9512-d4d0-4d42-9882-9f728adad8b4 req-636f9512-d4d0-4d42-9882-9f728adad8b4 ] Request (VolumesAdminNegativeTest:test_update_attached_volume_with_nonexistent_volume_in_body): 200 GET http://10.180.1.21/compute/v2.1/servers/14c27acb-0c19-47f9-b3fd-4f9e3e83bb5e 0.057s
2024-10-11 05:01:35.587 62806 INFO tempest.lib.common.rest_client [req-6f3a40fe-d4fb-467e-9d1b-2daf2bbb4aea req-6f3a40fe-d4fb-467e-9d1b-2daf2bbb4aea ] Request (DeleteServersAdminTestJSON:test_delete_server_while_in_error_state): 200 GET http://10.180.1.21/compute/v2.1/servers/4e7e1c74-10a8-4746-b6a6-56dfcc0c2d76 0.050s
2024-10-11 05:01:35.630 62830 INFO tempest.lib.common.rest_client [req-acbf1e81-b0a0-423e-8534-5a3d584eed06 req-acbf1e81-b0a0-423e-8534-5a3d584eed06 ] Request (AttachInterfacesUnderV243Test:test_add_remove_fixed_ip): 200 GET http://10.180.1.21/compute/v2.1/servers/813e287c-9d7f-4e9c-9216-986f631b6eb6 0.051s
2024-10-11 05:01:35.637 62850 INFO tempest.lib.common.rest_client [req-23619992-9cdd-4bf0-bf84-1329071c7c1d req-23619992-9cdd-4bf0-bf84-1329071c7c1d ] Request (ServerAddressesTestJSON:setUpClass): 201 POST http://10.180.1.21:9696/networking/v2.0/networks 0.226s
2024-10-11 05:01:35.644 62798 INFO tempest.lib.common.rest_client [req-aaf6e33f-8634-4903-b98e-b0c553273003 req-aaf6e33f-8634-4903-b98e-b0c553273003 ] Request (ServersWithSpecificFlavorTestJSON:test_verify_created_server_ephemeral_disk): 200 GET http://10.180.1.21/compute/v2.1/servers/cecebc6a-25cc-4376-8467-2aa0f909c9bd 0.050s
