2024-10-11 05:00:29.580 62822 INFO tempest.lib.common.dynamic_creds [-] Created isolated network resources for: credentials: Credentials: {'domain_id': 'default', 'domain_name': 'Default', 'username': 'tempest-InstanceActionsV221TestJSON-559300460-project-member', 'project_domain_id': 'default', 'project_domain_name': 'Default', 'project_id': '62b80560ffed4c88822ad4c949e457ea', 'project_name': 'tempest-InstanceActionsV221TestJSON-559300460', 'tenant_id': '62b80560ffed4c88822ad4c949e457ea', 'tenant_name': 'tempest-InstanceActionsV221TestJSON-559300460', 'user_domain_id': 'default', 'user_domain_name': 'Default', 'user_id': 'e63faf20d13b4b6eb274deb5dc7924c2', 'system': None}, Network: {'id': 'b7cd5df6-a9e6-4fb9-92e4-9fa787ed98bb', 'name': 'tempest-InstanceActionsV221TestJSON-1968558966-network', 'tenant_id': '62b80560ffed4c88822ad4c949e457ea', 'admin_state_up': True, 'mtu': 8950, 'status': 'ACTIVE', 'subnets': [], 'shared': False, 'project_id': '62b80560ffed4c88822ad4c949e457ea', 'port_security_enabled': True, 'router:external': False, 'provider:network_type': 'vlan', 'provider:physical_network': 'default', 'provider:segmentation_id': 765, 'is_default': False, 'availability_zone_hints': [], 'availability_zones': [], 'ipv4_address_scope': None, 'ipv6_address_scope': None, 'description': '', 'tags': [], 'created_at': '2024-10-11T05:00:22Z', 'updated_at': '2024-10-11T05:00:22Z', 'revision_number': 1}, Subnet: {'id': '6fda9c8d-a2b8-4353-99d5-ca71e05566fb', 'name': 'tempest-InstanceActionsV221TestJSON-1968558966-subnet', 'tenant_id': '62b80560ffed4c88822ad4c949e457ea', 'network_id': 'b7cd5df6-a9e6-4fb9-92e4-9fa787ed98bb', 'ip_version': 4, 'subnetpool_id': None, 'enable_dhcp': True, 'ipv6_ra_mode': None, 'ipv6_address_mode': None, 'gateway_ip': '192.168.128.1', 'cidr': '192.168.128.0/28', 'allocation_pools': [{'start': '192.168.128.2', 'end': '192.168.128.14'}], 'host_routes': [], 'dns_nameservers': [], 'description': '', 'router:external': False, 'service_types': [], 'tags': [], 'created_at': '2024-10-11T05:00:23Z', 'updated_at': '2024-10-11T05:00:23Z', 'revision_number': 0, 'project_id': '62b80560ffed4c88822ad4c949e457ea'}, Router: {'id': '291f2ecd-3908-4115-9318-883e5960d56b', 'name': 'tempest-InstanceActionsV221TestJSON-1968558966-router', 'tenant_id': '62b80560ffed4c88822ad4c949e457ea', 'admin_state_up': True, 'status': 'ACTIVE', 'external_gateway_info': {'network_id': '8f883b1b-8068-4cb0-97f7-123a2fd695db', 'external_fixed_ips': [{'subnet_id': '2dd4f139-32ca-429b-9800-036d50ed596c', 'ip_address': '10.180.180.148'}], 'enable_snat': True}, 'description': '', 'availability_zones': [], 'distributed': False, 'ha': False, 'availability_zone_hints': [], 'routes': [], 'flavor_id': None, 'tags': [], 'created_at': '2024-10-11T05:00:23Z', 'updated_at': '2024-10-11T05:00:25Z', 'revision_number': 2, 'project_id': '62b80560ffed4c88822ad4c949e457ea'}
2024-10-11 05:00:29.586 62820 INFO tempest.lib.common.rest_client [req-08267d73-5012-4f6c-8867-85db371ea0d5 req-08267d73-5012-4f6c-8867-85db371ea0d5 ] Request (ServerShowV263Test:setUpClass): 201 POST http://10.180.1.21/identity/v3/projects 0.053s
2024-10-11 05:00:29.594 62828 INFO tempest.lib.common.rest_client [req-7c0b4504-f206-4c28-b076-daa3bb01ce8a req-7c0b4504-f206-4c28-b076-daa3bb01ce8a ] Request (ServerExternalEventsTest:setUpClass): 204 PUT http://10.180.1.21/identity/v3/projects/dc8f8a3185fa45eb892d09204bac7667/users/79d266087cfd4fee9ca93667ff31708d/roles/c9b0d198ce354fa4895e233c10a48758 0.055s
2024-10-11 05:00:29.662 62856 INFO tempest.lib.common.rest_client [req-39a979a7-e58e-4157-9517-5e79c00c8346 req-39a979a7-e58e-4157-9517-5e79c00c8346 ] Request (NetworksTest:setUpClass): 204 PUT http://10.180.1.21/identity/v3/projects/7e4ebcb90e4f4d02b6b908de42a23674/users/2157ab5b640543398e02e05ae506f677/roles/c9b0d198ce354fa4895e233c10a48758 0.101s
2024-10-11 05:00:29.740 62822 INFO tempest.lib.common.rest_client [req-bad8d988-9e6d-4192-aeba-3c3cfa8597b6 req-bad8d988-9e6d-4192-aeba-3c3cfa8597b6 ] Request (InstanceActionsV221TestJSON:setUpClass): 201 POST http://10.180.1.21/identity/v3/auth/tokens 0.155s
2024-10-11 05:00:29.778 62826 INFO tempest.lib.common.rest_client [req-297897e4-457e-401b-b2cb-1cbbcf306898 req-297897e4-457e-401b-b2cb-1cbbcf306898 ] Request (ListImagesTestJSON:test_get_image): 200 GET http://10.180.1.21/compute/v2.1/images/bd09177c-5fd7-495c-893b-5ec219b6b3de 1.236s
2024-10-11 05:00:29.796 62828 INFO tempest.lib.common.rest_client [req-e132d00b-52a9-455b-b792-047dd6c7a979 req-e132d00b-52a9-455b-b792-047dd6c7a979 ] Request (ServerExternalEventsTest:setUpClass): 200 GET http://10.180.1.21/identity/v3/roles 0.201s
2024-10-11 05:00:29.810 62820 INFO tempest.lib.common.rest_client [req-4a9c6b4f-d747-4fe7-a88e-434d0e9149ca req-4a9c6b4f-d747-4fe7-a88e-434d0e9149ca ] Request (ServerShowV263Test:setUpClass): 201 POST http://10.180.1.21/identity/v3/users 0.223s
2024-10-11 05:00:29.813 62856 INFO tempest.lib.common.rest_client [req-1b2896be-3d9f-4581-a036-f79cef1feb6e req-1b2896be-3d9f-4581-a036-f79cef1feb6e ] Request (NetworksTest:setUpClass): 200 GET http://10.180.1.21/identity/v3/roles 0.150s
2024-10-11 05:00:29.839 62822 INFO tempest.lib.common.rest_client [req-fbba499d-df3a-4092-a91e-3bb617f44258 req-fbba499d-df3a-4092-a91e-3bb617f44258 ] Request (InstanceActionsV221TestJSON:test_get_list_deleted_instance_actions): 201 POST http://10.180.1.21/identity/v3/auth/tokens 0.092s
2024-10-11 05:00:29.839 62822 INFO tempest.lib.common.fixed_network [-] (InstanceActionsV221TestJSON:test_get_list_deleted_instance_actions) Found network {'id': 'b7cd5df6-a9e6-4fb9-92e4-9fa787ed98bb', 'name': 'tempest-InstanceActionsV221TestJSON-1968558966-network', 'tenant_id': '62b80560ffed4c88822ad4c949e457ea', 'admin_state_up': True, 'mtu': 8950, 'status': 'ACTIVE', 'subnets': [], 'shared': False, 'project_id': '62b80560ffed4c88822ad4c949e457ea', 'port_security_enabled': True, 'router:external': False, 'provider:network_type': 'vlan', 'provider:physical_network': 'default', 'provider:segmentation_id': 765, 'is_default': False, 'availability_zone_hints': [], 'availability_zones': [], 'ipv4_address_scope': None, 'ipv6_address_scope': None, 'description': '', 'tags': [], 'created_at': '2024-10-11T05:00:22Z', 'updated_at': '2024-10-11T05:00:22Z', 'revision_number': 1} available for tenant
2024-10-11 05:00:29.854 62828 INFO tempest.lib.common.rest_client [req-381a25f6-4893-4f7e-bb9f-e8e1ac8e8b8a req-381a25f6-4893-4f7e-bb9f-e8e1ac8e8b8a ] Request (ServerExternalEventsTest:setUpClass): 204 PUT http://10.180.1.21/identity/v3/projects/dc8f8a3185fa45eb892d09204bac7667/users/79d266087cfd4fee9ca93667ff31708d/roles/c9b0d198ce354fa4895e233c10a48758 0.058s
2024-10-11 05:00:29.855 62828 INFO tempest.lib.common.dynamic_creds [-] Dynamic test user 79d266087cfd4fee9ca93667ff31708d is created with scope project and roles: ['admin']
2024-10-11 05:00:29.855 62828 INFO tempest.lib.common.dynamic_creds [-] Acquired dynamic creds: credentials: Credentials: {'domain_id': 'default', 'domain_name': 'Default', 'username': 'tempest-ServerExternalEventsTest-1306653206-project-admin', 'project_domain_id': 'default', 'project_domain_name': 'Default', 'project_id': 'dc8f8a3185fa45eb892d09204bac7667', 'project_name': 'tempest-ServerExternalEventsTest-1306653206', 'tenant_id': 'dc8f8a3185fa45eb892d09204bac7667', 'tenant_name': 'tempest-ServerExternalEventsTest-1306653206', 'user_domain_id': 'default', 'user_domain_name': 'Default', 'user_id': '79d266087cfd4fee9ca93667ff31708d', 'system': None}, Network: None, Subnet: None, Router: None
2024-10-11 05:00:29.855 62828 INFO tempest.lib.common.dynamic_creds [-] Created isolated network resources for: credentials: Credentials: {'domain_id': 'default', 'domain_name': 'Default', 'username': 'tempest-ServerExternalEventsTest-1306653206-project-admin', 'project_domain_id': 'default', 'project_domain_name': 'Default', 'project_id': 'dc8f8a3185fa45eb892d09204bac7667', 'project_name': 'tempest-ServerExternalEventsTest-1306653206', 'tenant_id': 'dc8f8a3185fa45eb892d09204bac7667', 'tenant_name': 'tempest-ServerExternalEventsTest-1306653206', 'user_domain_id': 'default', 'user_domain_name': 'Default', 'user_id': '79d266087cfd4fee9ca93667ff31708d', 'system': None}, Network: None, Subnet: None, Router: None
2024-10-11 05:00:29.889 62842 INFO tempest.lib.common.rest_client [req-a88470dc-4935-4175-b837-a4a27975f422 req-a88470dc-4935-4175-b837-a4a27975f422 ] Request (FloatingIPsAssociationTestJSON:setUpClass): 200 GET http://10.180.1.21/compute/v2.1/servers/9b5c5a62-d708-4201-be94-28cff078b2e8 1.212s
2024-10-11 05:00:29.905 62820 INFO tempest.lib.common.rest_client [req-c76ebb86-25b8-4f85-ba14-844ccea4f875 req-c76ebb86-25b8-4f85-ba14-844ccea4f875 ] Request (ServerShowV263Test:setUpClass): 200 GET http://10.180.1.21/identity/v3/roles 0.094s
2024-10-11 05:00:29.922 62856 INFO tempest.lib.common.rest_client [req-de46740b-4c50-4a91-8497-6aab85a21c61 req-de46740b-4c50-4a91-8497-6aab85a21c61 ] Request (NetworksTest:setUpClass): 204 PUT http://10.180.1.21/identity/v3/projects/7e4ebcb90e4f4d02b6b908de42a23674/users/2157ab5b640543398e02e05ae506f677/roles/c9b0d198ce354fa4895e233c10a48758 0.108s
2024-10-11 05:00:29.922 62856 INFO tempest.lib.common.dynamic_creds [-] Dynamic test user 2157ab5b640543398e02e05ae506f677 is created with scope project and roles: ['admin']
2024-10-11 05:00:29.922 62856 INFO tempest.lib.common.dynamic_creds [-] Acquired dynamic creds: credentials: Credentials: {'domain_id': 'default', 'domain_name': 'Default', 'username': 'tempest-NetworksTest-1038757433-project-admin', 'project_domain_id': 'default', 'project_domain_name': 'Default', 'project_id': '7e4ebcb90e4f4d02b6b908de42a23674', 'project_name': 'tempest-NetworksTest-1038757433', 'tenant_id': '7e4ebcb90e4f4d02b6b908de42a23674', 'tenant_name': 'tempest-NetworksTest-1038757433', 'user_domain_id': 'default', 'user_domain_name': 'Default', 'user_id': '2157ab5b640543398e02e05ae506f677', 'system': None}, Network: None, Subnet: None, Router: None
2024-10-11 05:00:29.922 62856 INFO tempest.lib.common.dynamic_creds [-] Created isolated network resources for: credentials: Credentials: {'domain_id': 'default', 'domain_name': 'Default', 'username': 'tempest-NetworksTest-1038757433-project-admin', 'project_domain_id': 'default', 'project_domain_name': 'Default', 'project_id': '7e4ebcb90e4f4d02b6b908de42a23674', 'project_name': 'tempest-NetworksTest-1038757433', 'tenant_id': '7e4ebcb90e4f4d02b6b908de42a23674', 'tenant_name': 'tempest-NetworksTest-1038757433', 'user_domain_id': 'default', 'user_domain_name': 'Default', 'user_id': '2157ab5b640543398e02e05ae506f677', 'system': None}, Network: None, Subnet: None, Router: None
2024-10-11 05:00:29.971 62825 INFO tempest.lib.common.rest_client [req-0a16a3e2-b797-4786-8ab3-54a856c0d7e8 req-0a16a3e2-b797-4786-8ab3-54a856c0d7e8 ] Request (VolumesAdminNegativeTest:setUpClass): 201 POST http://10.180.1.21:9696/networking/v2.0/routers 0.999s
2024-10-11 05:00:29.973 62806 INFO tempest.lib.common.rest_client [req-c7b810b6-aac1-4938-821f-308018799cd0 req-c7b810b6-aac1-4938-821f-308018799cd0 ] Request (DeleteServersAdminTestJSON:test_admin_delete_servers_of_others): 200 GET http://10.180.1.21/compute/v2.1/servers/d6eaf42d-dd83-4158-a507-9bc71cd1aa43 1.267s
2024-10-11 05:00:29.993 62828 INFO tempest.lib.common.rest_client [req-3b7b4d8b-628c-4cbb-8f20-2be3806740fe req-3b7b4d8b-628c-4cbb-8f20-2be3806740fe ] Request (ServerExternalEventsTest:setUpClass): 201 POST http://10.180.1.21/identity/v3/auth/tokens 0.131s
2024-10-11 05:00:30.010 62852 INFO tempest.lib.common.rest_client [req-0dbee041-0874-4492-9ac1-e5bc7fda9f48 req-0dbee041-0874-4492-9ac1-e5bc7fda9f48 ] Request (QuotasAdminTestJSON:test_get_updated_quotas): 200 GET http://10.180.1.21/compute/v2.1/os-quota-sets/f9cc9803e8484e65a6fc8ac17729c85b/detail 1.392s
2024-10-11 05:00:30.021 62820 INFO tempest.lib.common.rest_client [req-5a098dfb-7e69-4dcb-ba84-fd93ebffed67 req-5a098dfb-7e69-4dcb-ba84-fd93ebffed67 ] Request (ServerShowV263Test:setUpClass): 204 PUT http://10.180.1.21/identity/v3/projects/663dee2a0e28409bafc8492a07646ec6/users/80adc99cab2d4003abecf52c246d3fe3/roles/f3c0e00d29714df8814ef1e0d32f6934 0.115s
2024-10-11 05:00:30.021 62820 INFO tempest.lib.common.dynamic_creds [-] Dynamic test user 80adc99cab2d4003abecf52c246d3fe3 is created with scope project and roles: ['member']
2024-10-11 05:00:30.021 62820 INFO tempest.lib.common.dynamic_creds [-] Acquired dynamic creds: credentials: Credentials: {'domain_id': 'default', 'domain_name': 'Default', 'username': 'tempest-ServerShowV263Test-1124720901-project-member', 'project_domain_id': 'default', 'project_domain_name': 'Default', 'project_id': '663dee2a0e28409bafc8492a07646ec6', 'project_name': 'tempest-ServerShowV263Test-1124720901', 'tenant_id': '663dee2a0e28409bafc8492a07646ec6', 'tenant_name': 'tempest-ServerShowV263Test-1124720901', 'user_domain_id': 'default', 'user_domain_name': 'Default', 'user_id': '80adc99cab2d4003abecf52c246d3fe3', 'system': None}, Network: None, Subnet: None, Router: None
2024-10-11 05:00:30.021 62820 INFO tempest.lib.common.dynamic_creds [-] Created isolated network resources for: credentials: Credentials: {'domain_id': 'default', 'domain_name': 'Default', 'username': 'tempest-ServerShowV263Test-1124720901-project-member', 'project_domain_id': 'default', 'project_domain_name': 'Default', 'project_id': '663dee2a0e28409bafc8492a07646ec6', 'project_name': 'tempest-ServerShowV263Test-1124720901', 'tenant_id': '663dee2a0e28409bafc8492a07646ec6', 'tenant_name': 'tempest-ServerShowV263Test-1124720901', 'user_domain_id': 'default', 'user_domain_name': 'Default', 'user_id': '80adc99cab2d4003abecf52c246d3fe3', 'system': None}, Network: None, Subnet: None, Router: None
2024-10-11 05:00:30.055 62850 INFO tempest.lib.common.rest_client [req-36a10561-a385-429e-8e57-cabb514cd000 req-36a10561-a385-429e-8e57-cabb514cd000 ] Request (FloatingIPsAssociationNegativeTestJSON:setUpClass): 200 GET http://10.180.1.21/compute/v2.1/servers/f52921c6-abbc-4a27-a451-e1cb4f5dfc48 1.212s
2024-10-11 05:00:30.057 62856 INFO tempest.lib.common.rest_client [req-d25de33d-7681-4618-9516-84e68883fc50 req-d25de33d-7681-4618-9516-84e68883fc50 ] Request (NetworksTest:setUpClass): 201 POST http://10.180.1.21/identity/v3/auth/tokens 0.127s
2024-10-11 05:00:30.088 62836 INFO tempest.lib.common.rest_client [req-24be1d8c-1997-4bbf-8ff1-fbf53c436568 req-24be1d8c-1997-4bbf-8ff1-fbf53c436568 ] Request (ServersAdminNegativeTestJSON:setUpClass): 200 GET http://10.180.1.21/compute/v2.1/servers/d8a5ccf1-34dd-42b2-aa83-3d4cdc2df55d 1.139s
2024-10-11 05:00:30.100 62828 INFO tempest.lib.common.rest_client [req-0b0b4493-6895-4320-9d29-70157717f75e req-0b0b4493-6895-4320-9d29-70157717f75e ] Request (ServerExternalEventsTest:setUpClass): 201 POST http://10.180.1.21/identity/v3/projects 0.106s
2024-10-11 05:00:30.102 62852 INFO tempest.lib.common.rest_client [req-450cdedb-af42-4da2-8c47-b462eb0b3d9a req-450cdedb-af42-4da2-8c47-b462eb0b3d9a ] Request (QuotasAdminTestJSON:test_get_updated_quotas): 200 GET http://10.180.1.21/identity/v3/domains?name=Default 0.086s
2024-10-11 05:00:30.150 62828 INFO tempest.lib.common.rest_client [req-30adc47b-bc44-434e-ae66-0a538a3762f5 req-30adc47b-bc44-434e-ae66-0a538a3762f5 ] Request (ServerExternalEventsTest:setUpClass): 201 POST http://10.180.1.21/identity/v3/users 0.049s
2024-10-11 05:00:30.160 62820 INFO tempest.lib.common.rest_client [req-c831ac94-318c-4b72-8f89-d400b06cae4f req-c831ac94-318c-4b72-8f89-d400b06cae4f ] Request (ServerShowV263Test:setUpClass): 201 POST http://10.180.1.21/identity/v3/auth/tokens 0.134s
2024-10-11 05:00:30.173 62828 INFO tempest.lib.common.rest_client [req-914412f8-f2a5-4452-9926-3eeac88ff3c0 req-914412f8-f2a5-4452-9926-3eeac88ff3c0 ] Request (ServerExternalEventsTest:setUpClass): 200 GET http://10.180.1.21/identity/v3/roles 0.023s
2024-10-11 05:00:30.179 62810 INFO tempest.lib.common.rest_client [req-a4cd1281-9622-43d9-ba5b-46cd7c0c85e5 req-a4cd1281-9622-43d9-ba5b-46cd7c0c85e5 ] Request (ServerDiagnosticsV248Test:tearDownClass): 204 DELETE http://10.180.1.21/compute/v2.1/servers/06df57a7-2c53-4f79-bec4-e46cfe1dca63 1.207s
2024-10-11 05:00:30.184 62820 INFO tempest.lib.common.rest_client [req-272b6fe3-6e12-4806-b957-1b3c4ed76382 req-272b6fe3-6e12-4806-b957-1b3c4ed76382 ] Request (ServerShowV263Test:setUpClass): 200 GET http://10.180.1.21/identity/v3/projects/663dee2a0e28409bafc8492a07646ec6 0.024s
2024-10-11 05:00:30.185 62820 INFO tempest.lib.common.dynamic_creds [-] Using the existing project 663dee2a0e28409bafc8492a07646ec6 for scope project and roles: ['reader']
2024-10-11 05:00:30.198 62852 INFO tempest.lib.common.rest_client [req-5ee11527-24f3-4e8c-8bcb-cd2fc0a087c7 req-5ee11527-24f3-4e8c-8bcb-cd2fc0a087c7 ] Request (QuotasAdminTestJSON:test_get_updated_quotas): 201 POST http://10.180.1.21/identity/v3/users 0.095s
2024-10-11 05:00:30.208 62828 INFO tempest.lib.common.rest_client [req-9fedd730-53f3-43f7-ae8a-23a82f917aee req-9fedd730-53f3-43f7-ae8a-23a82f917aee ] Request (ServerExternalEventsTest:setUpClass): 204 PUT http://10.180.1.21/identity/v3/projects/08ef1d5e453d4b3ba21b51e44bb512d6/users/dc740119f9ed4ccf8f577dd88b79ab01/roles/f7817a186339449496c3318c3a746f6a 0.034s
2024-10-11 05:00:30.217 62820 INFO tempest.lib.common.rest_client [req-eaf1dea4-6f0d-44ce-a9ee-e94952440e90 req-eaf1dea4-6f0d-44ce-a9ee-e94952440e90 ] Request (ServerShowV263Test:setUpClass): 201 POST http://10.180.1.21/identity/v3/users 0.032s
2024-10-11 05:00:30.222 62816 INFO tempest.lib.common.rest_client [req-ecbb04ea-e591-49a3-bf2e-4eaa1a5a3898 req-ecbb04ea-e591-49a3-bf2e-4eaa1a5a3898 ] Request (SecurityGroupRulesNegativeTestJSON:test_delete_security_group_rule_with_non_existent_id): 404 DELETE http://10.180.1.21/compute/v2.1/os-security-group-rules/8dc6f294-5430-4813-883e-a838e93a72d5 1.226s
2024-10-11 05:00:30.252 62852 INFO tempest.lib.common.rest_client [req-77c9a4ea-b1d4-4b26-a414-292b7f8e6170 req-77c9a4ea-b1d4-4b26-a414-292b7f8e6170 ] Request (QuotasAdminTestJSON:test_get_updated_quotas): 200 GET http://10.180.1.21/identity/v3/domains?name=Default 0.053s
2024-10-11 05:00:30.260 62828 INFO tempest.lib.common.rest_client [req-d86c32cc-cec7-4523-aa37-04f95c70fa59 req-d86c32cc-cec7-4523-aa37-04f95c70fa59 ] Request (ServerExternalEventsTest:setUpClass): 200 GET http://10.180.1.21/identity/v3/roles 0.049s
2024-10-11 05:00:30.265 62820 INFO tempest.lib.common.rest_client [req-c6cf4afc-da6e-4db2-8c03-74cb40bd6b2e req-c6cf4afc-da6e-4db2-8c03-74cb40bd6b2e ] Request (ServerShowV263Test:setUpClass): 200 GET http://10.180.1.21/identity/v3/roles 0.047s
2024-10-11 05:00:30.278 62828 INFO tempest.lib.common.rest_client [req-9dc08d09-8845-4e2d-93d9-0cae4d2b2a16 req-9dc08d09-8845-4e2d-93d9-0cae4d2b2a16 ] Request (ServerExternalEventsTest:setUpClass): 204 PUT http://10.180.1.21/identity/v3/projects/08ef1d5e453d4b3ba21b51e44bb512d6/users/dc740119f9ed4ccf8f577dd88b79ab01/roles/c9b0d198ce354fa4895e233c10a48758 0.017s
2024-10-11 05:00:30.278 62828 INFO tempest.lib.common.dynamic_creds [-] Dynamic test user dc740119f9ed4ccf8f577dd88b79ab01 is created with scope project and roles: ['service', 'admin']
2024-10-11 05:00:30.278 62828 INFO tempest.lib.common.dynamic_creds [-] Acquired dynamic creds: credentials: Credentials: {'domain_id': 'default', 'domain_name': 'Default', 'username': 'tempest-ServerExternalEventsTest-1744590499-project', 'project_domain_id': 'default', 'project_domain_name': 'Default', 'project_id': '08ef1d5e453d4b3ba21b51e44bb512d6', 'project_name': 'tempest-ServerExternalEventsTest-1744590499', 'tenant_id': '08ef1d5e453d4b3ba21b51e44bb512d6', 'tenant_name': 'tempest-ServerExternalEventsTest-1744590499', 'user_domain_id': 'default', 'user_domain_name': 'Default', 'user_id': 'dc740119f9ed4ccf8f577dd88b79ab01', 'system': None}, Network: None, Subnet: None, Router: None
2024-10-11 05:00:30.279 62828 INFO tempest.lib.common.dynamic_creds [-] Created isolated network resources for: credentials: Credentials: {'domain_id': 'default', 'domain_name': 'Default', 'username': 'tempest-ServerExternalEventsTest-1744590499-project', 'project_domain_id': 'default', 'project_domain_name': 'Default', 'project_id': '08ef1d5e453d4b3ba21b51e44bb512d6', 'project_name': 'tempest-ServerExternalEventsTest-1744590499', 'tenant_id': '08ef1d5e453d4b3ba21b51e44bb512d6', 'tenant_name': 'tempest-ServerExternalEventsTest-1744590499', 'user_domain_id': 'default', 'user_domain_name': 'Default', 'user_id': 'dc740119f9ed4ccf8f577dd88b79ab01', 'system': None}, Network: None, Subnet: None, Router: None
2024-10-11 05:00:30.322 62802 INFO tempest.lib.common.rest_client [req-d5fd5246-2375-4417-888c-63b383b59be8 req-d5fd5246-2375-4417-888c-63b383b59be8 ] Request (SecurityGroupsTestAdminJSON:_run_cleanups): 202 DELETE http://10.180.1.21/compute/v2.1/os-security-groups/9966293d-4f0b-4876-85a4-0819f3337b0a 1.331s
2024-10-11 05:00:30.324 62820 INFO tempest.lib.common.rest_client [req-f358741f-3ed0-42a2-b454-2e28851df483 req-f358741f-3ed0-42a2-b454-2e28851df483 ] Request (ServerShowV263Test:setUpClass): 204 PUT http://10.180.1.21/identity/v3/projects/663dee2a0e28409bafc8492a07646ec6/users/b18c48bb8a224f05988498a8e7ed2db8/roles/9fb9bbb5197d4d9a945cce2daa1b15b7 0.057s
2024-10-11 05:00:30.324 62820 INFO tempest.lib.common.dynamic_creds [-] Dynamic test user b18c48bb8a224f05988498a8e7ed2db8 is created with scope project and roles: ['reader']
2024-10-11 05:00:30.325 62820 INFO tempest.lib.common.dynamic_creds [-] Acquired dynamic creds: credentials: Credentials: {'domain_id': 'default', 'domain_name': 'Default', 'username': 'tempest-ServerShowV263Test-1124720901-project-reader', 'project_domain_id': 'default', 'project_domain_name': 'Default', 'project_id': '663dee2a0e28409bafc8492a07646ec6', 'project_name': 'tempest-ServerShowV263Test-1124720901', 'tenant_id': '663dee2a0e28409bafc8492a07646ec6', 'tenant_name': 'tempest-ServerShowV263Test-1124720901', 'user_domain_id': 'default', 'user_domain_name': 'Default', 'user_id': 'b18c48bb8a224f05988498a8e7ed2db8', 'system': None}, Network: None, Subnet: None, Router: None
2024-10-11 05:00:30.325 62820 INFO tempest.lib.common.dynamic_creds [-] Network resources are not created for requested scope: project and credentials: Credentials: {'domain_id': 'default', 'domain_name': 'Default', 'username': 'tempest-ServerShowV263Test-1124720901-project-reader', 'project_domain_id': 'default', 'project_domain_name': 'Default', 'project_id': '663dee2a0e28409bafc8492a07646ec6', 'project_name': 'tempest-ServerShowV263Test-1124720901', 'tenant_id': '663dee2a0e28409bafc8492a07646ec6', 'tenant_name': 'tempest-ServerShowV263Test-1124720901', 'user_domain_id': 'default', 'user_domain_name': 'Default', 'user_id': 'b18c48bb8a224f05988498a8e7ed2db8', 'system': None}, Network: None, Subnet: None, Router: None
2024-10-11 05:00:30.377 62858 INFO tempest.lib.common.rest_client [req-eb8a1cf2-8dfb-4532-8347-b01da94caa9b req-eb8a1cf2-8dfb-4532-8347-b01da94caa9b ] Request (KeyPairsV22TestJSON:test_keypairs_create_list_delete): 201 POST http://10.180.1.21/compute/v2.1/os-keypairs 1.351s
2024-10-11 05:00:30.393 62840 INFO tempest.lib.common.rest_client [req-00bfd293-664c-41b2-a835-abcefda3cce4 req-00bfd293-664c-41b2-a835-abcefda3cce4 ] Request (FlavorsAdminTestJSON:test_create_list_flavor_without_extra_data): 200 GET http://10.180.1.21/compute/v2.1/flavors/detail 1.377s
2024-10-11 05:00:30.404 62828 INFO tempest.lib.common.rest_client [req-9f6bd462-9b83-48cd-8e23-8ef98042134b req-9f6bd462-9b83-48cd-8e23-8ef98042134b ] Request (ServerExternalEventsTest:setUpClass): 201 POST http://10.180.1.21/identity/v3/auth/tokens 0.122s
2024-10-11 05:00:30.414 62796 INFO tempest.lib.common.rest_client [req-5835c215-ce05-498f-833b-2d970e821f44 req-5835c215-ce05-498f-833b-2d970e821f44 ] Request (FlavorsV2TestJSON:test_list_flavors_filter_by_min_disk): 200 GET http://10.180.1.21/compute/v2.1/flavors?minDisk=2 1.380s
2024-10-11 05:00:30.428 62820 INFO tempest.lib.common.rest_client [req-ec21966e-27e5-499e-b0ac-e4a2bd4c5347 req-ec21966e-27e5-499e-b0ac-e4a2bd4c5347 ] Request (ServerShowV263Test:setUpClass): 201 POST http://10.180.1.21/identity/v3/auth/tokens 0.094s
2024-10-11 05:00:30.439 62838 INFO tempest.lib.common.rest_client [req-4d4cf086-d73a-493d-9e90-60618d2e82a4 req-4d4cf086-d73a-493d-9e90-60618d2e82a4 ] Request (ServicesAdminNegativeV253TestJSON:test_get_service_by_invalid_service_and_valid_host): 200 GET http://10.180.1.21/compute/v2.1/os-services?host=devstack&binary=xxx 1.390s
2024-10-11 05:00:30.443 62800 INFO tempest.lib.common.rest_client [req-ce900eb1-89df-479d-8044-51082cb2fcab req-ce900eb1-89df-479d-8044-51082cb2fcab ] Request (ServersAdmin275Test:test_rebuild_update_server_275): 200 GET http://10.180.1.21/compute/v2.1/servers/d02e6383-42d9-40db-89a3-ba8b5595b95b 1.408s
2024-10-11 05:00:30.475 62828 INFO tempest.lib.common.rest_client [req-3f7ce849-3a2f-428e-95bf-157731a5aec5 req-3f7ce849-3a2f-428e-95bf-157731a5aec5 ] Request (ServerExternalEventsTest:test_create_server_external_events): 201 POST http://10.180.1.21/identity/v3/auth/tokens 0.065s
2024-10-11 05:00:30.475 62828 INFO tempest.lib.common.fixed_network [-] (ServerExternalEventsTest:test_create_server_external_events) Found network None available for tenant
2024-10-11 05:00:30.495 62798 INFO tempest.lib.common.rest_client [req-dfbb9303-6bf4-4d6c-83f5-8508418bc867 req-dfbb9303-6bf4-4d6c-83f5-8508418bc867 ] Request (VolumesAssistedSnapshotsTest:test_volume_assisted_snapshot_create_delete): 200 GET http://10.180.1.21/compute/v2.1/servers/3c173701-9f61-4561-ac3c-7ac3de4101d9 1.361s
2024-10-11 05:00:30.526 62820 INFO tempest.lib.common.rest_client [req-44ffaa20-d5d5-45ce-b99c-6b619d5b28da req-44ffaa20-d5d5-45ce-b99c-6b619d5b28da ] Request (ServerShowV263Test:tearDownClass): 204 DELETE http://10.180.1.21/identity/v3/users/80adc99cab2d4003abecf52c246d3fe3 0.095s
2024-10-11 05:00:30.547 62854 INFO tempest.lib.common.rest_client [req-379aa96c-d74c-4ca4-ad0b-a8813d47ca16 req-379aa96c-d74c-4ca4-ad0b-a8813d47ca16 ] Request (ServerShowV257Test:test_rebuild_server): 200 GET http://10.180.1.21/compute/v2.1/servers/9316facd-0c95-4720-b0d3-c0a39df81619 1.246s
2024-10-11 05:00:30.612 62848 INFO tempest.lib.common.rest_client [req-df863fd4-0050-4f79-aa55-e44dd3a182ba req-df863fd4-0050-4f79-aa55-e44dd3a182ba ] Request (ServerDiagnosticsTest:test_get_server_diagnostics): 200 GET http://10.180.1.21/compute/v2.1/servers/158e242b-3f2d-4cac-b3f3-c51da7f78bb1 1.311s
2024-10-11 05:00:30.641 62830 INFO tempest.lib.common.rest_client [req-f91131e8-c004-4e60-a377-8fecc7ad4927 req-f91131e8-c004-4e60-a377-8fecc7ad4927 ] Request (ValidationResourcesFixture:setUp): 200 POST http://10.180.1.21/compute/v2.1/os-keypairs 1.558s
2024-10-11 05:00:30.672 62820 INFO tempest.lib.common.rest_client [req-8594cf84-2be7-4bd4-a044-76239dbe5027 req-8594cf84-2be7-4bd4-a044-76239dbe5027 ] Request (ServerShowV263Test:tearDownClass): 204 DELETE http://10.180.1.21/identity/v3/users/b18c48bb8a224f05988498a8e7ed2db8 0.145s
2024-10-11 05:00:30.672 62820 INFO tempest.lib.common.dynamic_creds [-] Deleting project and security group for project: 663dee2a0e28409bafc8492a07646ec6
2024-10-11 05:00:30.687 62846 INFO tempest.lib.common.rest_client [req-3ac5814d-1836-4568-a1a8-2618ed770b58 req-3ac5814d-1836-4568-a1a8-2618ed770b58 ] Request (MigrationsAdminTest:test_list_migrations_in_flavor_resize_situation): 200 GET http://10.180.1.21/compute/v2.1/servers/9f923c30-6c68-4e5d-be8a-4f18e996a999 1.323s
2024-10-11 05:00:30.715 62808 INFO tempest.lib.common.rest_client [req-6170c2d3-77c2-44c8-a2ec-e15345c7906e req-6170c2d3-77c2-44c8-a2ec-e15345c7906e ] Request (FlavorsAccessNegativeTestJSON:_run_cleanups): 202 DELETE http://10.180.1.21/compute/v2.1/flavors/1080669333 1.274s
2024-10-11 05:00:30.724 62818 INFO tempest.lib.common.rest_client [req-9029c724-adb3-4f69-a1d6-08ad755d27a2 req-9029c724-adb3-4f69-a1d6-08ad755d27a2 ] Request (DeleteServersTestJSON:test_delete_active_server): 200 GET http://10.180.1.21/compute/v2.1/servers/b08cb5a2-56d1-43da-ae4a-684077dd517f 1.323s
2024-10-11 05:00:30.746 62834 INFO tempest.lib.common.rest_client [req-afe42870-08cb-4d76-9e2d-6cd84ad5014c req-afe42870-08cb-4d76-9e2d-6cd84ad5014c ] Request (AggregatesAdminNegativeTestJSON:test_aggregate_delete_as_user): 200 POST http://10.180.1.21/compute/v2.1/os-aggregates 1.282s
2024-10-11 05:00:30.771 62820 INFO tempest.lib.common.rest_client [req-35e18a0a-63c3-411c-ab9f-e7af4b605e16 req-35e18a0a-63c3-411c-ab9f-e7af4b605e16 ] Request (ServerShowV263Test:tearDownClass): 201 POST http://10.180.1.21/identity/v3/auth/tokens 0.098s
2024-10-11 05:00:30.793 62830 INFO tempest.lib.common.rest_client [req-420450ff-9fd8-4f37-8bbc-53c6baf9de54 req-420450ff-9fd8-4f37-8bbc-53c6baf9de54 ] Request (ValidationResourcesFixture:setUp): 201 POST http://10.180.1.21:9696/networking/v2.0/security-groups 0.150s
2024-10-11 05:00:30.818 62826 INFO tempest.lib.common.rest_client [req-24d1bd67-1801-4159-b20c-32347898d07b req-24d1bd67-1801-4159-b20c-32347898d07b ] Request (ListImagesTestJSON:test_list_images): 200 GET http://10.180.1.21/compute/v2.1/images 1.032s
2024-10-11 05:00:30.937 62844 INFO tempest.lib.common.rest_client [req-784f24bb-77d9-47f2-a75f-51ad0e54749a req-784f24bb-77d9-47f2-a75f-51ad0e54749a ] Request (SecurityGroupsTestJSON:test_list_security_groups_by_server): 200 POST http://10.180.1.21/compute/v2.1/os-security-groups 1.474s
2024-10-11 05:00:30.969 62830 INFO tempest.lib.common.rest_client [req-c865cb7a-2133-4b3d-be6d-06a20f40c489 req-c865cb7a-2133-4b3d-be6d-06a20f40c489 ] Request (ValidationResourcesFixture:setUp): 201 POST http://10.180.1.21:9696/networking/v2.0/security-group-rules 0.175s
2024-10-11 05:00:30.990 62820 INFO tempest.lib.common.rest_client [req-06a74540-7163-4a67-b6a9-bcf6040b7d53 req-06a74540-7163-4a67-b6a9-bcf6040b7d53 ] Request (ServerShowV263Test:tearDownClass): 200 GET http://10.180.1.21:9696/networking/v2.0/security-groups?tenant_id=663dee2a0e28409bafc8492a07646ec6&name=default 0.219s
2024-10-11 05:00:31.010 62844 INFO tempest.lib.common.rest_client [req-1266962b-7ffd-467c-8379-9df0f451ecdf req-1266962b-7ffd-467c-8379-9df0f451ecdf ] Request (SecurityGroupsTestJSON:test_list_security_groups_by_server): 201 POST http://10.180.1.21/identity/v3/auth/tokens 0.068s
2024-10-11 05:00:31.011 62844 INFO tempest.lib.common.fixed_network [-] (SecurityGroupsTestJSON:test_list_security_groups_by_server) Found network {'id': 'c9e58693-f20e-4670-87ff-544b5303ff40', 'name': 'tempest-SecurityGroupsTestJSON-422242453-network', 'tenant_id': '50cccd70acb04a4aa4691260e3437a94', 'admin_state_up': True, 'mtu': 8950, 'status': 'ACTIVE', 'subnets': [], 'shared': False, 'project_id': '50cccd70acb04a4aa4691260e3437a94', 'port_security_enabled': True, 'router:external': False, 'provider:network_type': 'vlan', 'provider:physical_network': 'default', 'provider:segmentation_id': 447, 'is_default': False, 'availability_zone_hints': [], 'availability_zones': [], 'ipv4_address_scope': None, 'ipv6_address_scope': None, 'description': '', 'tags': [], 'created_at': '2024-10-11T05:00:20Z', 'updated_at': '2024-10-11T05:00:20Z', 'revision_number': 1} available for tenant
2024-10-11 05:00:31.111 62830 INFO tempest.lib.common.rest_client [req-db59d5d0-7697-4fa5-88ef-21f6cf90d492 req-db59d5d0-7697-4fa5-88ef-21f6cf90d492 ] Request (ValidationResourcesFixture:setUp): 201 POST http://10.180.1.21:9696/networking/v2.0/security-group-rules 0.142s
2024-10-11 05:00:31.195 62820 INFO tempest.lib.common.rest_client [req-87b951c0-a1b7-4ff3-bced-eab3196a312d req-87b951c0-a1b7-4ff3-bced-eab3196a312d ] Request (ServerShowV263Test:tearDownClass): 204 DELETE http://10.180.1.21:9696/networking/v2.0/security-groups/a46f569c-b444-43b9-b44f-adeb7fbcb43f 0.205s
2024-10-11 05:00:31.267 62820 INFO tempest.lib.common.rest_client [req-dd5952d4-d41b-4141-a667-6023b309bb5e req-dd5952d4-d41b-4141-a667-6023b309bb5e ] Request (ServerShowV263Test:tearDownClass): 204 DELETE http://10.180.1.21/identity/v3/projects/663dee2a0e28409bafc8492a07646ec6 0.071s
2024-10-11 05:00:31.352 62820 INFO tempest.lib.common.rest_client [req-6ba5140f-635e-4a51-a366-3a5b03edd77b req-6ba5140f-635e-4a51-a366-3a5b03edd77b ] Request (ServerShowV254Test:setUpClass): 201 POST http://10.180.1.21/identity/v3/auth/tokens 0.083s
2024-10-11 05:00:31.391 62820 INFO tempest.lib.common.rest_client [req-8e48a832-329b-4bc7-8423-b762faab9372 req-8e48a832-329b-4bc7-8423-b762faab9372 ] Request (ServerShowV254Test:setUpClass): 201 POST http://10.180.1.21/identity/v3/auth/tokens 0.036s
2024-10-11 05:00:31.413 62856 INFO tempest.lib.common.rest_client [req-c03b4e7d-6719-4d46-a408-749fbc74153e req-c03b4e7d-6719-4d46-a408-749fbc74153e ] Request (NetworksTest:test_get_network): 200 GET http://10.180.1.21/compute/v2.1/os-networks 1.354s
2024-10-11 05:00:31.416 62820 INFO tempest.lib.common.rest_client [req-43da1c54-2348-4e1a-8622-91b9b7fde927 req-43da1c54-2348-4e1a-8622-91b9b7fde927 ] Request (ServerShowV254Test:setUpClass): 200 GET http://10.180.1.21/identity/v3/domains?name=Default 0.025s
2024-10-11 05:00:31.458 62820 INFO tempest.lib.common.rest_client [req-63c53cbb-a9c4-45eb-ab67-449674ffbe43 req-63c53cbb-a9c4-45eb-ab67-449674ffbe43 ] Request (ServerShowV254Test:setUpClass): 201 POST http://10.180.1.21/identity/v3/projects 0.041s
2024-10-11 05:00:31.497 62810 INFO tempest.lib.common.rest_client [req-ba058b75-f437-4e13-b6c5-0e2d9938dc75 req-ba058b75-f437-4e13-b6c5-0e2d9938dc75 ] Request (ServerDiagnosticsV248Test:tearDownClass): 200 GET http://10.180.1.21/compute/v2.1/servers/06df57a7-2c53-4f79-bec4-e46cfe1dca63 1.318s
2024-10-11 05:00:31.511 62830 INFO tempest.lib.common.rest_client [req-1cc0ad8b-534b-46b0-adb6-c01a7e1d7546 req-1cc0ad8b-534b-46b0-adb6-c01a7e1d7546 ] Request (ValidationResourcesFixture:setUp): 201 POST http://10.180.1.21:9696/networking/v2.0/floatingips 0.399s
2024-10-11 05:00:31.524 62820 INFO tempest.lib.common.rest_client [req-a79e7a47-da5f-4ae4-8aae-fb3d074d95c2 req-a79e7a47-da5f-4ae4-8aae-fb3d074d95c2 ] Request (ServerShowV254Test:setUpClass): 201 POST http://10.180.1.21/identity/v3/users 0.065s
2024-10-11 05:00:31.547 62820 INFO tempest.lib.common.rest_client [req-3dba2cfe-5048-49a8-9b28-a26febbd7f90 req-3dba2cfe-5048-49a8-9b28-a26febbd7f90 ] Request (ServerShowV254Test:setUpClass): 200 GET http://10.180.1.21/identity/v3/roles 0.022s
2024-10-11 05:00:31.581 62820 INFO tempest.lib.common.rest_client [req-ea44f1eb-f918-4a0c-93d7-a31ba7dd3977 req-ea44f1eb-f918-4a0c-93d7-a31ba7dd3977 ] Request (ServerShowV254Test:setUpClass): 204 PUT http://10.180.1.21/identity/v3/projects/19e15f21b11341ff9c22912ed08edfef/users/12eced74cffb4c1ebb254af12372c34c/roles/f3c0e00d29714df8814ef1e0d32f6934 0.032s
2024-10-11 05:00:31.581 62820 INFO tempest.lib.common.dynamic_creds [-] Dynamic test user 12eced74cffb4c1ebb254af12372c34c is created with scope project and roles: ['member']
2024-10-11 05:00:31.581 62820 INFO tempest.lib.common.dynamic_creds [-] Acquired dynamic creds: credentials: Credentials: {'domain_id': 'default', 'domain_name': 'Default', 'username': 'tempest-ServerShowV254Test-1724350-project-member', 'project_domain_id': 'default', 'project_domain_name': 'Default', 'project_id': '19e15f21b11341ff9c22912ed08edfef', 'project_name': 'tempest-ServerShowV254Test-1724350', 'tenant_id': '19e15f21b11341ff9c22912ed08edfef', 'tenant_name': 'tempest-ServerShowV254Test-1724350', 'user_domain_id': 'default', 'user_domain_name': 'Default', 'user_id': '12eced74cffb4c1ebb254af12372c34c', 'system': None}, Network: None, Subnet: None, Router: None
2024-10-11 05:00:31.581 62820 INFO tempest.lib.common.dynamic_creds [-] Created isolated network resources for: credentials: Credentials: {'domain_id': 'default', 'domain_name': 'Default', 'username': 'tempest-ServerShowV254Test-1724350-project-member', 'project_domain_id': 'default', 'project_domain_name': 'Default', 'project_id': '19e15f21b11341ff9c22912ed08edfef', 'project_name': 'tempest-ServerShowV254Test-1724350', 'tenant_id': '19e15f21b11341ff9c22912ed08edfef', 'tenant_name': 'tempest-ServerShowV254Test-1724350', 'user_domain_id': 'default', 'user_domain_name': 'Default', 'user_id': '12eced74cffb4c1ebb254af12372c34c', 'system': None}, Network: None, Subnet: None, Router: None
2024-10-11 05:00:31.584 62830 INFO tempest.lib.common.rest_client [req-435c70bf-45c5-4e03-b3d9-87dcd832cce2 req-435c70bf-45c5-4e03-b3d9-87dcd832cce2 ] Request (AttachInterfacesUnderV243Test:test_add_remove_fixed_ip): 201 POST http://10.180.1.21/identity/v3/auth/tokens 0.068s
2024-10-11 05:00:31.584 62830 INFO tempest.lib.common.fixed_network [-] (AttachInterfacesUnderV243Test:test_add_remove_fixed_ip) Found network {'id': '610b1b23-1a46-4d4b-94b1-2b5802b3bd66', 'name': 'tempest-AttachInterfacesUnderV243Test-323159098-network', 'tenant_id': '440c42b1b44a4373aca7068989e23513', 'admin_state_up': True, 'mtu': 8950, 'status': 'ACTIVE', 'subnets': [], 'shared': False, 'project_id': '440c42b1b44a4373aca7068989e23513', 'port_security_enabled': True, 'router:external': False, 'provider:network_type': 'vlan', 'provider:physical_network': 'default', 'provider:segmentation_id': 715, 'is_default': False, 'availability_zone_hints': [], 'availability_zones': [], 'ipv4_address_scope': None, 'ipv6_address_scope': None, 'description': '', 'tags': [], 'created_at': '2024-10-11T05:00:21Z', 'updated_at': '2024-10-11T05:00:21Z', 'revision_number': 1} available for tenant
2024-10-11 05:00:31.673 62820 INFO tempest.lib.common.rest_client [req-e4b399db-949c-4cdf-933b-5cd75adb23e6 req-e4b399db-949c-4cdf-933b-5cd75adb23e6 ] Request (ServerShowV254Test:setUpClass): 201 POST http://10.180.1.21/identity/v3/auth/tokens 0.089s
2024-10-11 05:00:31.706 62820 INFO tempest.lib.common.rest_client [req-a21f2102-d5af-450b-9a3b-8d5d0cb8e96f req-a21f2102-d5af-450b-9a3b-8d5d0cb8e96f ] Request (ServerShowV254Test:test_rebuild_server): 201 POST http://10.180.1.21/identity/v3/auth/tokens 0.028s
2024-10-11 05:00:31.708 62820 INFO tempest.lib.common.fixed_network [-] (ServerShowV254Test:test_rebuild_server) Found network None available for tenant
2024-10-11 05:00:31.720 62822 INFO tempest.lib.common.rest_client [req-3df11a8d-e83e-4258-b9aa-ebdd4909d7c0 req-3df11a8d-e83e-4258-b9aa-ebdd4909d7c0 ] Request (InstanceActionsV221TestJSON:test_get_list_deleted_instance_actions): 202 POST http://10.180.1.21/compute/v2.1/servers 1.880s
2024-10-11 05:00:31.864 62816 INFO tempest.lib.common.rest_client [req-e599be3b-25df-413d-8c9b-f32b3d009131 req-e599be3b-25df-413d-8c9b-f32b3d009131 ] Request (SecurityGroupRulesNegativeTestJSON:tearDownClass): 202 DELETE http://10.180.1.21/compute/v2.1/os-security-groups/8fa32234-e726-488a-a50b-c44fb7384c91 1.638s
2024-10-11 05:00:31.916 62825 INFO tempest.lib.common.rest_client [req-58cdeaa0-2a2c-4497-b2e8-079ab41c7369 req-58cdeaa0-2a2c-4497-b2e8-079ab41c7369 ] Request (VolumesAdminNegativeTest:setUpClass): 200 PUT http://10.180.1.21:9696/networking/v2.0/routers/5ad6591e-127c-4582-af94-461e7bcb50f1/add_router_interface 1.944s
2024-10-11 05:00:31.916 62825 INFO tempest.lib.common.dynamic_creds [-] Created isolated network resources for: credentials: Credentials: {'domain_id': 'default', 'domain_name': 'Default', 'username': 'tempest-VolumesAdminNegativeTest-747435461-project-admin', 'project_domain_id': 'default', 'project_domain_name': 'Default', 'project_id': '1a56d50a7b3d4d3cba3c55b6b227ddd8', 'project_name': 'tempest-VolumesAdminNegativeTest-747435461', 'tenant_id': '1a56d50a7b3d4d3cba3c55b6b227ddd8', 'tenant_name': 'tempest-VolumesAdminNegativeTest-747435461', 'user_domain_id': 'default', 'user_domain_name': 'Default', 'user_id': '52f0da2f6075407283f84bef2a93858d', 'system': None}, Network: {'id': 'e1b90e68-503b-485a-9e9f-c55700778bf3', 'name': 'tempest-VolumesAdminNegativeTest-932126617-network', 'tenant_id': '1a56d50a7b3d4d3cba3c55b6b227ddd8', 'admin_state_up': True, 'mtu': 8950, 'status': 'ACTIVE', 'subnets': [], 'shared': False, 'project_id': '1a56d50a7b3d4d3cba3c55b6b227ddd8', 'port_security_enabled': True, 'router:external': False, 'provider:network_type': 'vlan', 'provider:physical_network': 'default', 'provider:segmentation_id': 695, 'is_default': False, 'availability_zone_hints': [], 'availability_zones': [], 'ipv4_address_scope': None, 'ipv6_address_scope': None, 'description': '', 'tags': [], 'created_at': '2024-10-11T05:00:27Z', 'updated_at': '2024-10-11T05:00:28Z', 'revision_number': 1}, Subnet: {'id': '5dc33960-355e-445b-a3de-88cc61d6e523', 'name': 'tempest-VolumesAdminNegativeTest-932126617-subnet', 'tenant_id': '1a56d50a7b3d4d3cba3c55b6b227ddd8', 'network_id': 'e1b90e68-503b-485a-9e9f-c55700778bf3', 'ip_version': 4, 'subnetpool_id': None, 'enable_dhcp': True, 'ipv6_ra_mode': None, 'ipv6_address_mode': None, 'gateway_ip': '192.168.128.1', 'cidr': '192.168.128.0/28', 'allocation_pools': [{'start': '192.168.128.2', 'end': '192.168.128.14'}], 'host_routes': [], 'dns_nameservers': [], 'description': '', 'router:external': False, 'service_types': [], 'tags': [], 'created_at': '2024-10-11T05:00:28Z', 'updated_at': '2024-10-11T05:00:28Z', 'revision_number': 0, 'project_id': '1a56d50a7b3d4d3cba3c55b6b227ddd8'}, Router: {'id': '5ad6591e-127c-4582-af94-461e7bcb50f1', 'name': 'tempest-VolumesAdminNegativeTest-932126617-router', 'tenant_id': '1a56d50a7b3d4d3cba3c55b6b227ddd8', 'admin_state_up': True, 'status': 'ACTIVE', 'external_gateway_info': {'network_id': '8f883b1b-8068-4cb0-97f7-123a2fd695db', 'external_fixed_ips': [{'subnet_id': '2dd4f139-32ca-429b-9800-036d50ed596c', 'ip_address': '10.180.180.216'}], 'enable_snat': True}, 'description': '', 'availability_zones': [], 'distributed': False, 'ha': False, 'availability_zone_hints': [], 'routes': [], 'flavor_id': None, 'tags': [], 'created_at': '2024-10-11T05:00:29Z', 'updated_at': '2024-10-11T05:00:29Z', 'revision_number': 2, 'project_id': '1a56d50a7b3d4d3cba3c55b6b227ddd8'}
2024-10-11 05:00:31.919 62852 INFO tempest.lib.common.rest_client [req-c4e6bad2-ef38-45f4-a92c-606f56512f07 req-c4e6bad2-ef38-45f4-a92c-606f56512f07 ] Request (QuotasAdminTestJSON:test_get_updated_quotas): 200 PUT http://10.180.1.21/compute/v2.1/os-quota-sets/f9cc9803e8484e65a6fc8ac17729c85b?user_id=f5fe5daa58104cb5b65e533164ebbc43 1.667s
2024-10-11 05:00:31.963 62858 INFO tempest.lib.common.rest_client [req-4a4e2c52-b4e8-4ef4-beb8-208c1d56fe7f req-4a4e2c52-b4e8-4ef4-beb8-208c1d56fe7f ] Request (KeyPairsV22TestJSON:test_keypairs_create_list_delete): 201 POST http://10.180.1.21/compute/v2.1/os-keypairs 1.584s
2024-10-11 05:00:31.979 62840 INFO tempest.lib.common.rest_client [req-819f4aa6-41e7-4c56-b690-0890eb58c420 req-819f4aa6-41e7-4c56-b690-0890eb58c420 ] Request (FlavorsAdminTestJSON:_run_cleanups): 202 DELETE http://10.180.1.21/compute/v2.1/flavors/196854731 1.580s
2024-10-11 05:00:31.993 62796 INFO tempest.lib.common.rest_client [req-ebe7ffb2-dee1-4d73-aabe-81de9bd13c92 req-ebe7ffb2-dee1-4d73-aabe-81de9bd13c92 ] Request (FlavorsV2TestJSON:test_list_flavors_filter_by_min_ram): 200 GET http://10.180.1.21/compute/v2.1/flavors/42 1.572s
2024-10-11 05:00:32.015 62825 INFO tempest.lib.common.rest_client [req-af67c78d-5353-4b9e-bc6d-ec196587afd6 req-af67c78d-5353-4b9e-bc6d-ec196587afd6 ] Request (VolumesAdminNegativeTest:setUpClass): 201 POST http://10.180.1.21/identity/v3/auth/tokens 0.093s
2024-10-11 05:00:32.016 62838 INFO tempest.lib.common.rest_client [req-be33f4cb-4e20-4e59-8f74-5dd465e50e9f req-be33f4cb-4e20-4e59-8f74-5dd465e50e9f ] Request (ServicesAdminNegativeV253TestJSON:test_get_service_with_valid_service_and_invalid_host): 200 GET http://10.180.1.21/compute/v2.1/os-services 1.572s
2024-10-11 05:00:32.085 62802 INFO tempest.lib.common.rest_client [req-335773a1-5d21-4dd0-b1c8-a16eb463369f req-335773a1-5d21-4dd0-b1c8-a16eb463369f ] Request (SecurityGroupsTestAdminJSON:_run_cleanups): 202 DELETE http://10.180.1.21/compute/v2.1/os-security-groups/78b6b05c-aeb4-4b58-ba8b-9ce03c03dfdc 1.763s
2024-10-11 05:00:32.174 62832 INFO tempest.lib.common.rest_client [req-8637940e-6844-412e-9682-1d7343db088d req-8637940e-6844-412e-9682-1d7343db088d ] Request (ServerDiagnosticsNegativeTest:test_get_server_diagnostics_by_non_admin): 200 GET http://10.180.1.21/compute/v2.1/servers/b00d6153-c94f-4605-9b97-9a3a813ee93b 1.606s
2024-10-11 05:00:32.229 62802 INFO tempest.lib.common.rest_client [req-3e63b246-7e73-4301-8cc5-64c9880b8776 req-3e63b246-7e73-4301-8cc5-64c9880b8776 ] Request (SecurityGroupsTestAdminJSON:tearDownClass): 204 DELETE http://10.180.1.21/identity/v3/users/e2afdb3c1b95451cabea6a3cdd96a104 0.140s
2024-10-11 05:00:32.231 62804 INFO tempest.lib.common.rest_client [req-4cbfe4bf-4202-46e6-bf50-4294252febbe req-4cbfe4bf-4202-46e6-bf50-4294252febbe ] Request (ServersAdminTestJSON:setUpClass): 200 GET http://10.180.1.21/compute/v2.1/servers/7d66f026-8b3e-4670-ada6-0109d99bb984 1.657s
2024-10-11 05:00:32.248 62808 INFO tempest.lib.common.rest_client [req-a1f38764-cbc3-4a18-9f4f-c121d3e1f141 req-a1f38764-cbc3-4a18-9f4f-c121d3e1f141 ] Request (FlavorsAccessNegativeTestJSON:_run_cleanups): 200 GET http://10.180.1.21/compute/v2.1/flavors/detail 1.532s
2024-10-11 05:00:32.253 62834 INFO tempest.lib.common.rest_client [req-53cd0340-ae3d-46ad-aa21-20b9664e0d31 req-53cd0340-ae3d-46ad-aa21-20b9664e0d31 ] Request (AggregatesAdminNegativeTestJSON:test_aggregate_delete_as_user): 403 DELETE http://10.180.1.21/compute/v2.1/os-aggregates/5 1.503s
2024-10-11 05:00:32.296 62826 INFO tempest.lib.common.rest_client [req-07ee8d08-e039-47b0-b705-38c6386050c4 req-07ee8d08-e039-47b0-b705-38c6386050c4 ] Request (ListImagesTestJSON:test_list_images_with_detail): 200 GET http://10.180.1.21/compute/v2.1/images/detail 1.475s
2024-10-11 05:00:32.358 62828 INFO tempest.lib.common.rest_client [req-2e698fa2-91db-4641-910b-07e4b1d868d9 req-2e698fa2-91db-4641-910b-07e4b1d868d9 ] Request (ServerExternalEventsTest:test_create_server_external_events): 202 POST http://10.180.1.21/compute/v2.1/servers 1.882s
2024-10-11 05:00:32.358 62842 INFO tempest.lib.common.rest_client [req-dc331a92-0af9-4f6b-95ea-940791ba3ec9 req-dc331a92-0af9-4f6b-95ea-940791ba3ec9 ] Request (FloatingIPsAssociationTestJSON:setUpClass): 200 GET http://10.180.1.21/compute/v2.1/servers/9b5c5a62-d708-4201-be94-28cff078b2e8 1.461s
2024-10-11 05:00:32.364 62842 INFO tempest.common.waiters [-] State transition "BUILD/spawning" ==> "ERROR/None" after 29 second wait
2024-10-11 05:00:32.389 62802 INFO tempest.lib.common.rest_client [req-c4c0b7d4-3f94-4abc-84d2-66674f15c748 req-c4c0b7d4-3f94-4abc-84d2-66674f15c748 ] Request (SecurityGroupsTestAdminJSON:tearDownClass): 204 DELETE http://10.180.1.21/identity/v3/users/3f3fe3686e7b4f08a7ea3358a3bb0395 0.160s
2024-10-11 05:00:32.389 62802 INFO tempest.lib.common.dynamic_creds [-] Deleting project and security group for project: 094e1fc3f9b544a88850f080e31d3a18
2024-10-11 05:00:32.400 62826 INFO tempest.lib.common.rest_client [req-a8fa81e0-3cb4-43cc-b938-21f46469d8ce req-a8fa81e0-3cb4-43cc-b938-21f46469d8ce ] Request (ListImagesTestJSON:tearDownClass): 204 DELETE http://10.180.1.21/identity/v3/users/da83b3bc7ff144fc8fe0188339efb1dc 0.098s
2024-10-11 05:00:32.400 62826 INFO tempest.lib.common.dynamic_creds [-] Deleting project and security group for project: ee68dba2c7b4418d873dd3081ffee0b6
2024-10-11 05:00:32.413 62806 INFO tempest.lib.common.rest_client [req-a9ff3f23-add3-4272-96f4-023989527e7f req-a9ff3f23-add3-4272-96f4-023989527e7f ] Request (DeleteServersAdminTestJSON:test_admin_delete_servers_of_others): 200 GET http://10.180.1.21/compute/v2.1/servers/d6eaf42d-dd83-4158-a507-9bc71cd1aa43 1.429s
2024-10-11 05:00:32.454 62826 INFO tempest.lib.common.rest_client [req-94fe5619-cfa2-4283-9617-3af26c96ed0a req-94fe5619-cfa2-4283-9617-3af26c96ed0a ] Request (ListImagesTestJSON:tearDownClass): 201 POST http://10.180.1.21/identity/v3/auth/tokens 0.054s
2024-10-11 05:00:32.461 62802 INFO tempest.lib.common.rest_client [req-f5f76488-a093-45e1-8d3a-d9df9000469c req-f5f76488-a093-45e1-8d3a-d9df9000469c ] Request (SecurityGroupsTestAdminJSON:tearDownClass): 201 POST http://10.180.1.21/identity/v3/auth/tokens 0.072s
2024-10-11 05:00:32.471 62850 INFO tempest.lib.common.rest_client [req-a5704145-aaf3-431f-bb5a-308f06943db7 req-a5704145-aaf3-431f-bb5a-308f06943db7 ] Request (FloatingIPsAssociationNegativeTestJSON:setUpClass): 200 GET http://10.180.1.21/compute/v2.1/servers/f52921c6-abbc-4a27-a451-e1cb4f5dfc48 1.403s
2024-10-11 05:00:32.543 62836 INFO tempest.lib.common.rest_client [req-2ce3c243-18e3-4e4b-a766-9c23d7a36603 req-2ce3c243-18e3-4e4b-a766-9c23d7a36603 ] Request (ServersAdminNegativeTestJSON:setUpClass): 200 GET http://10.180.1.21/compute/v2.1/servers/d8a5ccf1-34dd-42b2-aa83-3d4cdc2df55d 1.448s
2024-10-11 05:00:32.549 62836 INFO tempest.common.waiters [-] State transition "BUILD/spawning" ==> "ERROR/None" after 29 second wait
2024-10-11 05:00:32.580 62802 INFO tempest.lib.common.rest_client [req-78ea9605-2c9e-49fb-990d-8076f056c09a req-78ea9605-2c9e-49fb-990d-8076f056c09a ] Request (SecurityGroupsTestAdminJSON:tearDownClass): 200 GET http://10.180.1.21:9696/networking/v2.0/security-groups?tenant_id=094e1fc3f9b544a88850f080e31d3a18&name=default 0.118s
2024-10-11 05:00:32.633 62856 INFO tempest.lib.common.rest_client [req-870a46de-2b6d-41b5-88bb-da9490d46da4 req-870a46de-2b6d-41b5-88bb-da9490d46da4 ] Request (NetworksTest:test_get_network): 200 GET http://10.180.1.21/compute/v2.1/os-networks/8f883b1b-8068-4cb0-97f7-123a2fd695db 1.219s
2024-10-11 05:00:32.682 62826 INFO tempest.lib.common.rest_client [req-bc453d84-909e-4120-a170-171bac525c1d req-bc453d84-909e-4120-a170-171bac525c1d ] Request (ListImagesTestJSON:tearDownClass): 200 GET http://10.180.1.21:9696/networking/v2.0/security-groups?tenant_id=ee68dba2c7b4418d873dd3081ffee0b6&name=default 0.227s
