2024-10-11 05:00:40.447 62812 INFO tempest.lib.common.rest_client [req-30a609ac-3ab1-423a-ac7d-9b539a060eb4 req-30a609ac-3ab1-423a-ac7d-9b539a060eb4 ] Request (QuotasAdminTestV236:test_get_updated_quotas): 200 GET http://10.180.1.21/compute/v2.1/os-quota-sets/ca1888c21dff40ab8dbc5847c8059214/detail 0.774s
2024-10-11 05:00:40.468 62802 INFO tempest.lib.common.rest_client [req-c4641653-f32d-4f70-8c00-2244751c72f0 req-c4641653-f32d-4f70-8c00-2244751c72f0 ] Request (ImagesDeleteNegativeTestJSON:tearDownClass): 204 DELETE http://10.180.1.21/identity/v3/projects/981c618df4264c3283bde8f947ec7681 0.128s
2024-10-11 05:00:40.501 62842 INFO tempest.lib.common.rest_client [req-2e74487f-99ea-41f4-a72a-8c7ffacc7aa2 req-2e74487f-99ea-41f4-a72a-8c7ffacc7aa2 ] Request (FloatingIPsAssociationTestJSON:tearDownClass): 204 DELETE http://10.180.1.21/identity/v3/users/28c9b4581e634e46ab8da8b2266ff853 0.113s
2024-10-11 05:00:40.501 62842 INFO tempest.lib.common.dynamic_creds [-] Deleting project and security group for project: 9e9c4a6e7f6d407ea2d2eeaf287dce0f
2024-10-11 05:00:40.529 62850 INFO tempest.lib.common.rest_client [req-a9a08372-cdc0-45c2-af67-db0742548492 req-a9a08372-cdc0-45c2-af67-db0742548492 ] Request (FloatingIPsAssociationNegativeTestJSON:setUpClass): 200 GET http://10.180.1.21/compute/v2.1/servers/f52921c6-abbc-4a27-a451-e1cb4f5dfc48 0.852s
2024-10-11 05:00:40.546 62852 INFO tempest.lib.common.rest_client [req-9e6c8d41-9eb9-4236-976a-f55dd81dc999 req-9e6c8d41-9eb9-4236-976a-f55dd81dc999 ] Request (TenantUsagesTestJSON:setUpClass): 200 GET http://10.180.1.21/identity/v3/domains?name=Default 0.141s
2024-10-11 05:00:40.553 62836 INFO tempest.lib.common.rest_client [req-cadcb22a-d5e4-4c42-8039-625c5203e133 req-cadcb22a-d5e4-4c42-8039-625c5203e133 ] Request (ServicesAdminNegativeTestJSON:test_get_service_by_invalid_service_and_valid_host): 200 GET http://10.180.1.21/compute/v2.1/os-services?host=devstack&binary=xxx 0.857s
2024-10-11 05:00:40.560 62796 INFO tempest.lib.common.rest_client [req-a2648036-105f-4458-bf03-8fda0da956f2 req-a2648036-105f-4458-bf03-8fda0da956f2 ] Request (FlavorsV2TestJSON:tearDownClass): 204 DELETE http://10.180.1.21:9696/networking/v2.0/security-groups/fe308a49-2a37-4189-8487-378b85f68263 0.406s
2024-10-11 05:00:40.571 62858 INFO tempest.lib.common.rest_client [req-8013a479-1134-423a-8ca7-e2500ee75a05 req-8013a479-1134-423a-8ca7-e2500ee75a05 ] Request (KeyPairsV22TestJSON:_run_cleanups): 204 DELETE http://10.180.1.21/compute/v2.1/os-keypairs/tempest-keypair-370234415 0.875s
2024-10-11 05:00:40.580 62808 INFO tempest.lib.common.rest_client [req-b9849f85-f79e-4779-b012-27a5a331d6e9 req-b9849f85-f79e-4779-b012-27a5a331d6e9 ] Request (KeyPairsNegativeTestJSON:setUpClass): 201 POST http://10.180.1.21/identity/v3/projects 0.156s
2024-10-11 05:00:40.581 62842 INFO tempest.lib.common.rest_client [req-7d1808c2-ae2f-465f-b78b-c201bf876798 req-7d1808c2-ae2f-465f-b78b-c201bf876798 ] Request (FloatingIPsAssociationTestJSON:tearDownClass): 200 GET http://10.180.1.21:9696/networking/v2.0/security-groups?tenant_id=9e9c4a6e7f6d407ea2d2eeaf287dce0f&name=default 0.080s
2024-10-11 05:00:40.639 62820 INFO tempest.lib.common.rest_client [req-d041de9d-d38e-477e-87ee-7a1a52e5c52a req-d041de9d-d38e-477e-87ee-7a1a52e5c52a ] Request (ServerShowV254Test:test_rebuild_server): 200 GET http://10.180.1.21/compute/v2.1/servers/f4f7e2c9-229c-4547-b674-5a5219a28151 0.921s
2024-10-11 05:00:40.656 62812 INFO tempest.lib.common.rest_client [req-5485ee48-2579-4cfa-bc9c-63ca68b3d994 req-5485ee48-2579-4cfa-bc9c-63ca68b3d994 ] Request (QuotasAdminTestV236:test_get_updated_quotas): 200 GET http://10.180.1.21/identity/v3/domains?name=Default 0.205s
2024-10-11 05:00:40.658 62840 INFO tempest.lib.common.rest_client [req-64a1b142-d73b-40d3-9163-dfbfa19459fb req-64a1b142-d73b-40d3-9163-dfbfa19459fb ] Request (FlavorsAdminTestJSON:test_is_public_string_variations): 200 GET http://10.180.1.21/compute/v2.1/flavors/detail?is_public=false 0.937s
2024-10-11 05:00:40.659 62802 INFO tempest.lib.common.rest_client [req-33d0abea-99b5-4753-9737-3dd278d6220e req-33d0abea-99b5-4753-9737-3dd278d6220e ] Request (ServerDiskConfigTestJSON:setUpClass): 201 POST http://10.180.1.21/identity/v3/auth/tokens 0.189s
2024-10-11 05:00:40.702 62852 INFO tempest.lib.common.rest_client [req-fa9f683d-a5fa-4dfe-bb2f-3b213145a280 req-fa9f683d-a5fa-4dfe-bb2f-3b213145a280 ] Request (TenantUsagesTestJSON:setUpClass): 201 POST http://10.180.1.21/identity/v3/projects 0.155s
2024-10-11 05:00:40.727 62796 INFO tempest.lib.common.rest_client [req-41470fe1-4c5f-4fe8-b946-99eee9a667d0 req-41470fe1-4c5f-4fe8-b946-99eee9a667d0 ] Request (FlavorsV2TestJSON:tearDownClass): 204 DELETE http://10.180.1.21/identity/v3/projects/71d97839844549518d783d742ed96a34 0.167s
2024-10-11 05:00:40.779 62808 INFO tempest.lib.common.rest_client [req-7e10f090-9849-4f16-888f-746895614240 req-7e10f090-9849-4f16-888f-746895614240 ] Request (KeyPairsNegativeTestJSON:setUpClass): 201 POST http://10.180.1.21/identity/v3/users 0.198s
2024-10-11 05:00:40.800 62834 INFO tempest.lib.common.rest_client [req-e958d5d7-0f25-48cf-bc66-fbeab3445a73 req-e958d5d7-0f25-48cf-bc66-fbeab3445a73 ] Request (AggregatesAdminNegativeTestJSON:test_aggregate_remove_host_as_user): 200 POST http://10.180.1.21/compute/v2.1/os-aggregates/7/action 1.048s
2024-10-11 05:00:40.808 62802 INFO tempest.lib.common.rest_client [req-6a05222c-b482-456d-9a68-0f61376028a5 req-6a05222c-b482-456d-9a68-0f61376028a5 ] Request (ServerDiskConfigTestJSON:setUpClass): 201 POST http://10.180.1.21/identity/v3/auth/tokens 0.146s
2024-10-11 05:00:40.834 62852 INFO tempest.lib.common.rest_client [req-4553f699-3948-4183-aa9c-9f260cfac763 req-4553f699-3948-4183-aa9c-9f260cfac763 ] Request (TenantUsagesTestJSON:setUpClass): 201 POST http://10.180.1.21/identity/v3/users 0.131s
2024-10-11 05:00:40.837 62812 INFO tempest.lib.common.rest_client [req-fbab936b-0423-4019-92d1-aa00ef777b5c req-fbab936b-0423-4019-92d1-aa00ef777b5c ] Request (QuotasAdminTestV236:test_get_updated_quotas): 201 POST http://10.180.1.21/identity/v3/users 0.180s
2024-10-11 05:00:40.840 62856 INFO tempest.lib.common.rest_client [req-f1380d00-3367-40ce-bbb1-399dc23dfd5d req-f1380d00-3367-40ce-bbb1-399dc23dfd5d ] Request (ServerAddressesNegativeTestJSON:setUpClass): 202 POST http://10.180.1.21/compute/v2.1/servers 1.171s
2024-10-11 05:00:40.867 62796 INFO tempest.lib.common.rest_client [req-72b03433-14a7-46ed-a31f-4afc005faf47 req-72b03433-14a7-46ed-a31f-4afc005faf47 ] Request (ServersTestManualDisk:setUpClass): 201 POST http://10.180.1.21/identity/v3/auth/tokens 0.138s
2024-10-11 05:00:40.869 62830 INFO tempest.lib.common.rest_client [req-40500184-e4e9-4a7c-ae0f-1d6c06d8c732 req-40500184-e4e9-4a7c-ae0f-1d6c06d8c732 ] Request (AttachInterfacesUnderV243Test:test_add_remove_fixed_ip): 200 GET http://10.180.1.21/compute/v2.1/servers/813e287c-9d7f-4e9c-9216-986f631b6eb6 1.041s
2024-10-11 05:00:40.888 62802 INFO tempest.lib.common.rest_client [req-7d163d43-ad15-4e66-af60-9e4c4c27a6aa req-7d163d43-ad15-4e66-af60-9e4c4c27a6aa ] Request (ServerDiskConfigTestJSON:setUpClass): 200 GET http://10.180.1.21/identity/v3/domains?name=Default 0.080s
2024-10-11 05:00:40.889 62808 INFO tempest.lib.common.rest_client [req-d5182b02-28cd-4a82-89a1-9fa2e83c5718 req-d5182b02-28cd-4a82-89a1-9fa2e83c5718 ] Request (KeyPairsNegativeTestJSON:setUpClass): 200 GET http://10.180.1.21/identity/v3/roles 0.109s
2024-10-11 05:00:40.905 62812 INFO tempest.lib.common.rest_client [req-f41c1bcc-b2c5-46a6-8122-78235e38590c req-f41c1bcc-b2c5-46a6-8122-78235e38590c ] Request (QuotasAdminTestV236:test_get_updated_quotas): 200 GET http://10.180.1.21/identity/v3/domains?name=Default 0.067s
2024-10-11 05:00:40.905 62852 INFO tempest.lib.common.rest_client [req-cf00ad17-0741-4c92-a60f-f273c0c2f67d req-cf00ad17-0741-4c92-a60f-f273c0c2f67d ] Request (TenantUsagesTestJSON:setUpClass): 200 GET http://10.180.1.21/identity/v3/roles 0.071s
2024-10-11 05:00:40.907 62826 INFO tempest.lib.common.rest_client [req-d0af1eb0-761b-4658-80e7-f0d69ed8c88c req-d0af1eb0-761b-4658-80e7-f0d69ed8c88c ] Request (ServersV294TestFqdnHostnames:setUpClass): 201 POST http://10.180.1.21:9696/networking/v2.0/security-group-rules 0.586s
2024-10-11 05:00:40.910 62854 INFO tempest.lib.common.rest_client [req-383f7635-3204-49e2-abb9-31d27b785684 req-383f7635-3204-49e2-abb9-31d27b785684 ] Request (ServerShowV257Test:test_rebuild_server): 200 GET http://10.180.1.21/compute/v2.1/servers/9316facd-0c95-4720-b0d3-c0a39df81619 0.997s
2024-10-11 05:00:40.931 62802 INFO tempest.lib.common.rest_client [req-f8b30867-c8a9-4e29-8325-70221428c2cf req-f8b30867-c8a9-4e29-8325-70221428c2cf ] Request (ServerDiskConfigTestJSON:setUpClass): 201 POST http://10.180.1.21/identity/v3/projects 0.042s
2024-10-11 05:00:40.960 62800 INFO tempest.lib.common.rest_client [req-d615b631-31d0-4784-8b8b-152e66d9aa02 req-d615b631-31d0-4784-8b8b-152e66d9aa02 ] Request (ServersAdmin275Test:_run_cleanups): 200 GET http://10.180.1.21/compute/v2.1/servers/d02e6383-42d9-40db-89a3-ba8b5595b95b 1.039s
2024-10-11 05:00:40.977 62796 INFO tempest.lib.common.rest_client [req-2345f25b-1ced-492b-9c02-3e68f55051d1 req-2345f25b-1ced-492b-9c02-3e68f55051d1 ] Request (ServersTestManualDisk:setUpClass): 201 POST http://10.180.1.21/identity/v3/auth/tokens 0.102s
2024-10-11 05:00:40.995 62798 INFO tempest.lib.common.rest_client [req-0a779b02-eba2-4348-9510-db5672fcca5c req-0a779b02-eba2-4348-9510-db5672fcca5c ] Request (VolumesAssistedSnapshotsTest:test_volume_assisted_snapshot_create_delete): 200 GET http://10.180.1.21/compute/v2.1/servers/3c173701-9f61-4561-ac3c-7ac3de4101d9 1.008s
2024-10-11 05:00:41.002 62808 INFO tempest.lib.common.rest_client [req-59b57b0a-d483-41f0-916e-557bdc35aa4b req-59b57b0a-d483-41f0-916e-557bdc35aa4b ] Request (KeyPairsNegativeTestJSON:setUpClass): 204 PUT http://10.180.1.21/identity/v3/projects/56e78ad072654e53be2f58864e2385bb/users/f15a9a9032b74cc08edc031893260690/roles/f3c0e00d29714df8814ef1e0d32f6934 0.111s
2024-10-11 05:00:41.002 62808 INFO tempest.lib.common.dynamic_creds [-] Dynamic test user f15a9a9032b74cc08edc031893260690 is created with scope project and roles: ['member']
2024-10-11 05:00:41.003 62808 INFO tempest.lib.common.dynamic_creds [-] Acquired dynamic creds: credentials: Credentials: {'domain_id': 'default', 'domain_name': 'Default', 'username': 'tempest-KeyPairsNegativeTestJSON-915110444-project-member', 'project_domain_id': 'default', 'project_domain_name': 'Default', 'project_id': '56e78ad072654e53be2f58864e2385bb', 'project_name': 'tempest-KeyPairsNegativeTestJSON-915110444', 'tenant_id': '56e78ad072654e53be2f58864e2385bb', 'tenant_name': 'tempest-KeyPairsNegativeTestJSON-915110444', 'user_domain_id': 'default', 'user_domain_name': 'Default', 'user_id': 'f15a9a9032b74cc08edc031893260690', 'system': None}, Network: None, Subnet: None, Router: None
2024-10-11 05:00:41.003 62808 INFO tempest.lib.common.dynamic_creds [-] Created isolated network resources for: credentials: Credentials: {'domain_id': 'default', 'domain_name': 'Default', 'username': 'tempest-KeyPairsNegativeTestJSON-915110444-project-member', 'project_domain_id': 'default', 'project_domain_name': 'Default', 'project_id': '56e78ad072654e53be2f58864e2385bb', 'project_name': 'tempest-KeyPairsNegativeTestJSON-915110444', 'tenant_id': '56e78ad072654e53be2f58864e2385bb', 'tenant_name': 'tempest-KeyPairsNegativeTestJSON-915110444', 'user_domain_id': 'default', 'user_domain_name': 'Default', 'user_id': 'f15a9a9032b74cc08edc031893260690', 'system': None}, Network: None, Subnet: None, Router: None
2024-10-11 05:00:41.020 62852 INFO tempest.lib.common.rest_client [req-2105ca3c-e95c-46c1-8764-38df9a7f7f17 req-2105ca3c-e95c-46c1-8764-38df9a7f7f17 ] Request (TenantUsagesTestJSON:setUpClass): 204 PUT http://10.180.1.21/identity/v3/projects/ddad32020e004244a0f15141ba838c2d/users/b1ada4fb2d454435a1aa8f83ab9d35d0/roles/f3c0e00d29714df8814ef1e0d32f6934 0.115s
2024-10-11 05:00:41.021 62852 INFO tempest.lib.common.dynamic_creds [-] Dynamic test user b1ada4fb2d454435a1aa8f83ab9d35d0 is created with scope project and roles: ['member']
2024-10-11 05:00:41.022 62852 INFO tempest.lib.common.dynamic_creds [-] Acquired dynamic creds: credentials: Credentials: {'domain_id': 'default', 'domain_name': 'Default', 'username': 'tempest-TenantUsagesTestJSON-1503578095-project-member', 'project_domain_id': 'default', 'project_domain_name': 'Default', 'project_id': 'ddad32020e004244a0f15141ba838c2d', 'project_name': 'tempest-TenantUsagesTestJSON-1503578095', 'tenant_id': 'ddad32020e004244a0f15141ba838c2d', 'tenant_name': 'tempest-TenantUsagesTestJSON-1503578095', 'user_domain_id': 'default', 'user_domain_name': 'Default', 'user_id': 'b1ada4fb2d454435a1aa8f83ab9d35d0', 'system': None}, Network: None, Subnet: None, Router: None
2024-10-11 05:00:41.022 62852 INFO tempest.lib.common.dynamic_creds [-] Created isolated network resources for: credentials: Credentials: {'domain_id': 'default', 'domain_name': 'Default', 'username': 'tempest-TenantUsagesTestJSON-1503578095-project-member', 'project_domain_id': 'default', 'project_domain_name': 'Default', 'project_id': 'ddad32020e004244a0f15141ba838c2d', 'project_name': 'tempest-TenantUsagesTestJSON-1503578095', 'tenant_id': 'ddad32020e004244a0f15141ba838c2d', 'tenant_name': 'tempest-TenantUsagesTestJSON-1503578095', 'user_domain_id': 'default', 'user_domain_name': 'Default', 'user_id': 'b1ada4fb2d454435a1aa8f83ab9d35d0', 'system': None}, Network: None, Subnet: None, Router: None
2024-10-11 05:00:41.032 62836 INFO tempest.lib.common.rest_client [req-2010aba7-7c6b-4b95-9b0e-77f9a234190f req-2010aba7-7c6b-4b95-9b0e-77f9a234190f ] Request (ServicesAdminNegativeTestJSON:test_get_service_with_valid_service_and_invalid_host): 200 GET http://10.180.1.21/compute/v2.1/os-services 0.474s
2024-10-11 05:00:41.097 62796 INFO tempest.lib.common.rest_client [req-e8767622-7e76-40d9-8c5f-9b5d6feb4ff0 req-e8767622-7e76-40d9-8c5f-9b5d6feb4ff0 ] Request (ServersTestManualDisk:setUpClass): 200 GET http://10.180.1.21/identity/v3/domains?name=Default 0.119s
2024-10-11 05:00:41.104 62842 INFO tempest.lib.common.rest_client [req-a3e69339-b94d-4758-aa47-04f9551b0227 req-a3e69339-b94d-4758-aa47-04f9551b0227 ] Request (FloatingIPsAssociationTestJSON:tearDownClass): 204 DELETE http://10.180.1.21:9696/networking/v2.0/security-groups/d01c734c-b55d-44a2-903d-e4bdd746f492 0.522s
2024-10-11 05:00:41.107 62802 INFO tempest.lib.common.rest_client [req-a9f0a212-a31e-44de-90c8-2464c72646de req-a9f0a212-a31e-44de-90c8-2464c72646de ] Request (ServerDiskConfigTestJSON:setUpClass): 201 POST http://10.180.1.21/identity/v3/users 0.176s
2024-10-11 05:00:41.175 62852 INFO tempest.lib.common.rest_client [req-35a86b28-d716-4260-aa06-613f040f4022 req-35a86b28-d716-4260-aa06-613f040f4022 ] Request (TenantUsagesTestJSON:setUpClass): 201 POST http://10.180.1.21/identity/v3/auth/tokens 0.149s
2024-10-11 05:00:41.179 62808 INFO tempest.lib.common.rest_client [req-e6d84534-fccb-4cc0-b3cd-2684c89bfa94 req-e6d84534-fccb-4cc0-b3cd-2684c89bfa94 ] Request (KeyPairsNegativeTestJSON:setUpClass): 201 POST http://10.180.1.21/identity/v3/auth/tokens 0.165s
2024-10-11 05:00:41.202 62796 INFO tempest.lib.common.rest_client [req-079dd6ef-ef69-401b-a023-a3a5d6b5fd8a req-079dd6ef-ef69-401b-a023-a3a5d6b5fd8a ] Request (ServersTestManualDisk:setUpClass): 201 POST http://10.180.1.21/identity/v3/projects 0.105s
2024-10-11 05:00:41.262 62806 INFO tempest.lib.common.rest_client [req-a934a9b7-d12c-46f3-abb5-ffde8a23c3e5 req-a934a9b7-d12c-46f3-abb5-ffde8a23c3e5 ] Request (DeleteServersAdminTestJSON:test_admin_delete_servers_of_others): 204 DELETE http://10.180.1.21/compute/v2.1/servers/d6eaf42d-dd83-4158-a507-9bc71cd1aa43 0.984s
2024-10-11 05:00:41.267 62842 INFO tempest.lib.common.rest_client [req-e11aec23-7c73-4dee-8161-4e24f859611b req-e11aec23-7c73-4dee-8161-4e24f859611b ] Request (FloatingIPsAssociationTestJSON:tearDownClass): 204 DELETE http://10.180.1.21/identity/v3/projects/9e9c4a6e7f6d407ea2d2eeaf287dce0f 0.162s
2024-10-11 05:00:41.269 62816 INFO tempest.lib.common.rest_client [req-a95d6bf1-98d9-46bb-ad8c-f81a8516c753 req-a95d6bf1-98d9-46bb-ad8c-f81a8516c753 ] Request (SecurityGroupRulesNegativeTestJSON:tearDownClass): 204 DELETE http://10.180.1.21:9696/networking/v2.0/routers/c7b8a93a-bb7e-4a6d-8359-99989d20769d 1.035s
2024-10-11 05:00:41.293 62802 INFO tempest.lib.common.rest_client [req-47c3984b-25d2-4491-9874-7db9c3c4885b req-47c3984b-25d2-4491-9874-7db9c3c4885b ] Request (ServerDiskConfigTestJSON:setUpClass): 200 GET http://10.180.1.21/identity/v3/roles 0.185s
2024-10-11 05:00:41.320 62796 INFO tempest.lib.common.rest_client [req-e293b20a-f4a5-42d8-87f2-1fd0fe68ab95 req-e293b20a-f4a5-42d8-87f2-1fd0fe68ab95 ] Request (ServersTestManualDisk:setUpClass): 201 POST http://10.180.1.21/identity/v3/users 0.117s
2024-10-11 05:00:41.328 62846 INFO tempest.lib.common.rest_client [req-c0415e64-45d4-402d-bed2-0c5cbd5846e9 req-c0415e64-45d4-402d-bed2-0c5cbd5846e9 ] Request (MigrationsAdminTest:test_list_migrations_in_flavor_resize_situation): 200 GET http://10.180.1.21/compute/v2.1/servers/9f923c30-6c68-4e5d-be8a-4f18e996a999 0.751s
2024-10-11 05:00:41.339 62852 INFO tempest.lib.common.rest_client [req-f92fa05a-c9dc-4fd9-9b6a-43dd00afab7d req-f92fa05a-c9dc-4fd9-9b6a-43dd00afab7d ] Request (TenantUsagesTestJSON:setUpClass): 201 POST http://10.180.1.21/identity/v3/projects 0.163s
2024-10-11 05:00:41.341 62840 INFO tempest.lib.common.rest_client [req-f80c0358-0e16-46b3-89cc-fea835f11723 req-f80c0358-0e16-46b3-89cc-fea835f11723 ] Request (FlavorsAdminTestJSON:test_is_public_string_variations): 200 GET http://10.180.1.21/compute/v2.1/flavors/detail?is_public=no 0.681s
2024-10-11 05:00:41.378 62842 INFO tempest.lib.common.rest_client [req-4e988c20-b909-4019-bfb8-2dec7aeabe8e req-4e988c20-b909-4019-bfb8-2dec7aeabe8e ] Request (KeyPairsV2TestJSON:setUpClass): 201 POST http://10.180.1.21/identity/v3/auth/tokens 0.101s
2024-10-11 05:00:41.393 62796 INFO tempest.lib.common.rest_client [req-8db303b2-6b2a-4eeb-9a64-bacb013f8bf5 req-8db303b2-6b2a-4eeb-9a64-bacb013f8bf5 ] Request (ServersTestManualDisk:setUpClass): 200 GET http://10.180.1.21/identity/v3/roles 0.073s
2024-10-11 05:00:41.412 62816 INFO tempest.lib.common.rest_client [req-97abab97-cd91-44cb-a148-53a279ce0b2d req-97abab97-cd91-44cb-a148-53a279ce0b2d ] Request (SecurityGroupRulesNegativeTestJSON:tearDownClass): 204 DELETE http://10.180.1.21:9696/networking/v2.0/subnets/b08c00ad-4e3d-4511-a8db-9bde3d365ab6 0.142s
2024-10-11 05:00:41.416 62802 INFO tempest.lib.common.rest_client [req-cff93a3e-e4a1-4c5a-8a6a-05b2335c4af3 req-cff93a3e-e4a1-4c5a-8a6a-05b2335c4af3 ] Request (ServerDiskConfigTestJSON:setUpClass): 204 PUT http://10.180.1.21/identity/v3/projects/f9d4de9f22ec414d90eb8c2ed9c42d18/users/5c5503a5bf734483af68683a8c853a71/roles/f3c0e00d29714df8814ef1e0d32f6934 0.123s
2024-10-11 05:00:41.417 62802 INFO tempest.lib.common.dynamic_creds [-] Dynamic test user 5c5503a5bf734483af68683a8c853a71 is created with scope project and roles: ['member']
2024-10-11 05:00:41.417 62802 INFO tempest.lib.common.dynamic_creds [-] Acquired dynamic creds: credentials: Credentials: {'domain_id': 'default', 'domain_name': 'Default', 'username': 'tempest-ServerDiskConfigTestJSON-1813885824-project-member', 'project_domain_id': 'default', 'project_domain_name': 'Default', 'project_id': 'f9d4de9f22ec414d90eb8c2ed9c42d18', 'project_name': 'tempest-ServerDiskConfigTestJSON-1813885824', 'tenant_id': 'f9d4de9f22ec414d90eb8c2ed9c42d18', 'tenant_name': 'tempest-ServerDiskConfigTestJSON-1813885824', 'user_domain_id': 'default', 'user_domain_name': 'Default', 'user_id': '5c5503a5bf734483af68683a8c853a71', 'system': None}, Network: None, Subnet: None, Router: None
2024-10-11 05:00:41.420 62848 INFO tempest.lib.common.rest_client [req-1df46531-3aa1-476a-9811-838a9f1f7aec req-1df46531-3aa1-476a-9811-838a9f1f7aec ] Request (ServerDiagnosticsTest:test_get_server_diagnostics): 200 GET http://10.180.1.21/compute/v2.1/servers/158e242b-3f2d-4cac-b3f3-c51da7f78bb1 0.733s
2024-10-11 05:00:41.425 62852 INFO tempest.lib.common.rest_client [req-8e5a61da-5354-426d-b935-547345fcd3c9 req-8e5a61da-5354-426d-b935-547345fcd3c9 ] Request (TenantUsagesTestJSON:setUpClass): 201 POST http://10.180.1.21/identity/v3/users 0.085s
2024-10-11 05:00:41.431 62834 INFO tempest.lib.common.rest_client [req-5737d5c8-3baf-4e34-82ff-8fd03e378bf0 req-5737d5c8-3baf-4e34-82ff-8fd03e378bf0 ] Request (AggregatesAdminNegativeTestJSON:test_aggregate_remove_host_as_user): 403 POST http://10.180.1.21/compute/v2.1/os-aggregates/7/action 0.628s
2024-10-11 05:00:41.434 62848 INFO tempest.common.waiters [-] State transition "BUILD/spawning" ==> "ERROR/None" after 38 second wait
2024-10-11 05:00:41.484 62842 INFO tempest.lib.common.rest_client [req-390c1e95-dc05-4017-a81a-cc86314d35c2 req-390c1e95-dc05-4017-a81a-cc86314d35c2 ] Request (KeyPairsV2TestJSON:setUpClass): 201 POST http://10.180.1.21/identity/v3/auth/tokens 0.103s
2024-10-11 05:00:41.491 62858 INFO tempest.lib.common.rest_client [req-0d011d72-66cf-4f4b-899c-a6c49b404ec6 req-0d011d72-66cf-4f4b-899c-a6c49b404ec6 ] Request (KeyPairsV22TestJSON:test_keypairsv22_create_list_show_with_type): 201 POST http://10.180.1.21/compute/v2.1/os-keypairs 0.918s
2024-10-11 05:00:41.493 62856 INFO tempest.lib.common.rest_client [req-afd7f187-93d8-4060-abe6-89d1c796210d req-afd7f187-93d8-4060-abe6-89d1c796210d ] Request (ServerAddressesNegativeTestJSON:setUpClass): 200 GET http://10.180.1.21/compute/v2.1/servers/5a1f074f-8e43-42f9-864d-976cdaa4639c 0.650s
2024-10-11 05:00:41.501 62796 INFO tempest.lib.common.rest_client [req-fb619de5-ae1e-4a58-b35f-77ed9f585401 req-fb619de5-ae1e-4a58-b35f-77ed9f585401 ] Request (ServersTestManualDisk:setUpClass): 204 PUT http://10.180.1.21/identity/v3/projects/7594024ac3d24174bf0bf6fcd80e4b65/users/82cfc280dc6a4876822c6c7ce21537f8/roles/f3c0e00d29714df8814ef1e0d32f6934 0.107s
2024-10-11 05:00:41.503 62796 INFO tempest.lib.common.dynamic_creds [-] Dynamic test user 82cfc280dc6a4876822c6c7ce21537f8 is created with scope project and roles: ['member']
2024-10-11 05:00:41.503 62796 INFO tempest.lib.common.dynamic_creds [-] Acquired dynamic creds: credentials: Credentials: {'domain_id': 'default', 'domain_name': 'Default', 'username': 'tempest-ServersTestManualDisk-1131741670-project-member', 'project_domain_id': 'default', 'project_domain_name': 'Default', 'project_id': '7594024ac3d24174bf0bf6fcd80e4b65', 'project_name': 'tempest-ServersTestManualDisk-1131741670', 'tenant_id': '7594024ac3d24174bf0bf6fcd80e4b65', 'tenant_name': 'tempest-ServersTestManualDisk-1131741670', 'user_domain_id': 'default', 'user_domain_name': 'Default', 'user_id': '82cfc280dc6a4876822c6c7ce21537f8', 'system': None}, Network: None, Subnet: None, Router: None
2024-10-11 05:00:41.549 62802 INFO tempest.lib.common.rest_client [req-c3462021-44da-4ef1-ba7b-15636f720933 req-c3462021-44da-4ef1-ba7b-15636f720933 ] Request (ServerDiskConfigTestJSON:setUpClass): 201 POST http://10.180.1.21/identity/v3/auth/tokens 0.131s
2024-10-11 05:00:41.553 62852 INFO tempest.lib.common.rest_client [req-306ad73b-b480-49ff-8420-8203ce358d51 req-306ad73b-b480-49ff-8420-8203ce358d51 ] Request (TenantUsagesTestJSON:setUpClass): 200 GET http://10.180.1.21/identity/v3/roles 0.127s
2024-10-11 05:00:41.566 62842 INFO tempest.lib.common.rest_client [req-aac3d0e3-d355-491e-a2cf-c415a29c009c req-aac3d0e3-d355-491e-a2cf-c415a29c009c ] Request (KeyPairsV2TestJSON:setUpClass): 200 GET http://10.180.1.21/identity/v3/domains?name=Default 0.082s
2024-10-11 05:00:41.566 62822 INFO tempest.lib.common.rest_client [req-dcb41693-ea13-4824-a492-d4235a929edf req-dcb41693-ea13-4824-a492-d4235a929edf ] Request (InstanceActionsV221TestJSON:test_get_list_deleted_instance_actions): 200 GET http://10.180.1.21/compute/v2.1/servers/5fc9a508-323d-4f1c-ae46-d15f340f6b73 0.702s
2024-10-11 05:00:41.569 62818 INFO tempest.lib.common.rest_client [req-6928e50d-9abc-4e48-8ebe-83776614a50e req-6928e50d-9abc-4e48-8ebe-83776614a50e ] Request (DeleteServersTestJSON:test_delete_active_server): 200 GET http://10.180.1.21/compute/v2.1/servers/b08cb5a2-56d1-43da-ae4a-684077dd517f 0.700s
2024-10-11 05:00:41.577 62796 INFO tempest.lib.common.rest_client [req-85d2678d-b70a-4414-bb51-b2c3751e4a71 req-85d2678d-b70a-4414-bb51-b2c3751e4a71 ] Request (ServersTestManualDisk:setUpClass): 201 POST http://10.180.1.21/identity/v3/auth/tokens 0.073s
2024-10-11 05:00:41.582 62822 INFO tempest.common.waiters [-] State transition "BUILD/scheduling" ==> "BUILD/None" after 8 second wait
2024-10-11 05:00:41.589 62852 INFO tempest.lib.common.rest_client [req-594c8688-a66e-489a-8f8c-81e098b22e17 req-594c8688-a66e-489a-8f8c-81e098b22e17 ] Request (TenantUsagesTestJSON:setUpClass): 204 PUT http://10.180.1.21/identity/v3/projects/524f42f7f1bf431784be972810cf3c26/users/e102af7bcd39419b90196379dac4745a/roles/c9b0d198ce354fa4895e233c10a48758 0.035s
2024-10-11 05:00:41.629 62828 INFO tempest.lib.common.rest_client [req-3184437d-47d3-48ae-91a8-d8ca4932c940 req-3184437d-47d3-48ae-91a8-d8ca4932c940 ] Request (ServerExternalEventsTest:test_create_server_external_events): 200 GET http://10.180.1.21/compute/v2.1/servers/5845d273-b18a-447a-ad2d-a011bfcc2423 0.654s
2024-10-11 05:00:41.658 62842 INFO tempest.lib.common.rest_client [req-ff6bba51-fdec-4c96-aa4d-e9738288c1bf req-ff6bba51-fdec-4c96-aa4d-e9738288c1bf ] Request (KeyPairsV2TestJSON:setUpClass): 201 POST http://10.180.1.21/identity/v3/projects 0.092s
2024-10-11 05:00:41.698 62826 INFO tempest.lib.common.rest_client [req-0309a7f1-71c3-4973-921e-68a0d14be552 req-0309a7f1-71c3-4973-921e-68a0d14be552 ] Request (ServersV294TestFqdnHostnames:setUpClass): 201 POST http://10.180.1.21:9696/networking/v2.0/floatingips 0.790s
2024-10-11 05:00:41.706 62810 INFO tempest.lib.common.rest_client [req-dd74cd25-c2b9-4274-962f-32e4759d7947 req-dd74cd25-c2b9-4274-962f-32e4759d7947 ] Request (ServerDiagnosticsV248Test:tearDownClass): 200 GET http://10.180.1.21/compute/v2.1/servers/06df57a7-2c53-4f79-bec4-e46cfe1dca63 0.695s
2024-10-11 05:00:41.712 62852 INFO tempest.lib.common.rest_client [req-1bd2f0ad-4a10-46b0-a6bc-438c3f828bb0 req-1bd2f0ad-4a10-46b0-a6bc-438c3f828bb0 ] Request (TenantUsagesTestJSON:setUpClass): 200 GET http://10.180.1.21/identity/v3/roles 0.122s
2024-10-11 05:00:41.732 62836 INFO tempest.lib.common.rest_client [req-1763d62b-6ece-4bb9-bab5-fe1b6aefbd73 req-1763d62b-6ece-4bb9-bab5-fe1b6aefbd73 ] Request (ServicesAdminNegativeTestJSON:test_get_service_with_valid_service_and_invalid_host): 200 GET http://10.180.1.21/compute/v2.1/os-services?host=xxx&binary=nova-scheduler 0.696s
2024-10-11 05:00:41.739 62842 INFO tempest.lib.common.rest_client [req-affe321a-9f8a-4917-bc7a-6ee06af2a97d req-affe321a-9f8a-4917-bc7a-6ee06af2a97d ] Request (KeyPairsV2TestJSON:setUpClass): 201 POST http://10.180.1.21/identity/v3/users 0.081s
2024-10-11 05:00:41.806 62826 INFO tempest.lib.common.rest_client [req-79693a44-eaba-4163-8617-d362012e87b4 req-79693a44-eaba-4163-8617-d362012e87b4 ] Request (ServersV294TestFqdnHostnames:setUpClass): 201 POST http://10.180.1.21/identity/v3/auth/tokens 0.102s
2024-10-11 05:00:41.806 62826 INFO tempest.lib.common.fixed_network [-] (ServersV294TestFqdnHostnames:setUpClass) Found network {'id': '5984bc99-f7cd-485c-bc46-5427cc83d702', 'name': 'tempest-ServersV294TestFqdnHostnames-799681933-network', 'tenant_id': 'c516a8aef1614886b3b28d81167e81e0', 'admin_state_up': True, 'mtu': 8950, 'status': 'ACTIVE', 'subnets': [], 'shared': False, 'project_id': 'c516a8aef1614886b3b28d81167e81e0', 'port_security_enabled': True, 'router:external': False, 'provider:network_type': 'vlan', 'provider:physical_network': 'default', 'provider:segmentation_id': 909, 'is_default': False, 'availability_zone_hints': [], 'availability_zones': [], 'ipv4_address_scope': None, 'ipv6_address_scope': None, 'description': '', 'tags': [], 'created_at': '2024-10-11T05:00:33Z', 'updated_at': '2024-10-11T05:00:33Z', 'revision_number': 1} available for tenant
2024-10-11 05:00:41.820 62832 INFO tempest.lib.common.rest_client [req-b8fb91ae-80c4-46fd-b37e-720fc7e12233 req-b8fb91ae-80c4-46fd-b37e-720fc7e12233 ] Request (ServerDiagnosticsNegativeTest:test_get_server_diagnostics_by_non_admin): 200 GET http://10.180.1.21/compute/v2.1/servers/b00d6153-c94f-4605-9b97-9a3a813ee93b 0.740s
2024-10-11 05:00:41.830 62852 INFO tempest.lib.common.rest_client [req-7575eda5-e122-4ab3-8d69-11d75f8c1507 req-7575eda5-e122-4ab3-8d69-11d75f8c1507 ] Request (TenantUsagesTestJSON:setUpClass): 204 PUT http://10.180.1.21/identity/v3/projects/524f42f7f1bf431784be972810cf3c26/users/e102af7bcd39419b90196379dac4745a/roles/c9b0d198ce354fa4895e233c10a48758 0.117s
2024-10-11 05:00:41.830 62852 INFO tempest.lib.common.dynamic_creds [-] Dynamic test user e102af7bcd39419b90196379dac4745a is created with scope project and roles: ['admin']
2024-10-11 05:00:41.830 62852 INFO tempest.lib.common.dynamic_creds [-] Acquired dynamic creds: credentials: Credentials: {'domain_id': 'default', 'domain_name': 'Default', 'username': 'tempest-TenantUsagesTestJSON-1408714701-project-admin', 'project_domain_id': 'default', 'project_domain_name': 'Default', 'project_id': '524f42f7f1bf431784be972810cf3c26', 'project_name': 'tempest-TenantUsagesTestJSON-1408714701', 'tenant_id': '524f42f7f1bf431784be972810cf3c26', 'tenant_name': 'tempest-TenantUsagesTestJSON-1408714701', 'user_domain_id': 'default', 'user_domain_name': 'Default', 'user_id': 'e102af7bcd39419b90196379dac4745a', 'system': None}, Network: None, Subnet: None, Router: None
2024-10-11 05:00:41.830 62852 INFO tempest.lib.common.dynamic_creds [-] Created isolated network resources for: credentials: Credentials: {'domain_id': 'default', 'domain_name': 'Default', 'username': 'tempest-TenantUsagesTestJSON-1408714701-project-admin', 'project_domain_id': 'default', 'project_domain_name': 'Default', 'project_id': '524f42f7f1bf431784be972810cf3c26', 'project_name': 'tempest-TenantUsagesTestJSON-1408714701', 'tenant_id': '524f42f7f1bf431784be972810cf3c26', 'tenant_name': 'tempest-TenantUsagesTestJSON-1408714701', 'user_domain_id': 'default', 'user_domain_name': 'Default', 'user_id': 'e102af7bcd39419b90196379dac4745a', 'system': None}, Network: None, Subnet: None, Router: None
2024-10-11 05:00:41.885 62842 INFO tempest.lib.common.rest_client [req-1097cfa6-38d0-4c47-a998-7c50be86fb05 req-1097cfa6-38d0-4c47-a998-7c50be86fb05 ] Request (KeyPairsV2TestJSON:setUpClass): 200 GET http://10.180.1.21/identity/v3/roles 0.144s
2024-10-11 05:00:41.921 62842 INFO tempest.lib.common.rest_client [req-cd7ada96-872d-454a-a933-d93f300d76b8 req-cd7ada96-872d-454a-a933-d93f300d76b8 ] Request (KeyPairsV2TestJSON:setUpClass): 204 PUT http://10.180.1.21/identity/v3/projects/ac47fa326aea4f7d91e0991d8b6829f0/users/49fdc9e64fb141908931b1916c2abb78/roles/f3c0e00d29714df8814ef1e0d32f6934 0.036s
2024-10-11 05:00:41.922 62842 INFO tempest.lib.common.dynamic_creds [-] Dynamic test user 49fdc9e64fb141908931b1916c2abb78 is created with scope project and roles: ['member']
2024-10-11 05:00:41.922 62842 INFO tempest.lib.common.dynamic_creds [-] Acquired dynamic creds: credentials: Credentials: {'domain_id': 'default', 'domain_name': 'Default', 'username': 'tempest-KeyPairsV2TestJSON-567452807-project-member', 'project_domain_id': 'default', 'project_domain_name': 'Default', 'project_id': 'ac47fa326aea4f7d91e0991d8b6829f0', 'project_name': 'tempest-KeyPairsV2TestJSON-567452807', 'tenant_id': 'ac47fa326aea4f7d91e0991d8b6829f0', 'tenant_name': 'tempest-KeyPairsV2TestJSON-567452807', 'user_domain_id': 'default', 'user_domain_name': 'Default', 'user_id': '49fdc9e64fb141908931b1916c2abb78', 'system': None}, Network: None, Subnet: None, Router: None
2024-10-11 05:00:41.922 62842 INFO tempest.lib.common.dynamic_creds [-] Created isolated network resources for: credentials: Credentials: {'domain_id': 'default', 'domain_name': 'Default', 'username': 'tempest-KeyPairsV2TestJSON-567452807-project-member', 'project_domain_id': 'default', 'project_domain_name': 'Default', 'project_id': 'ac47fa326aea4f7d91e0991d8b6829f0', 'project_name': 'tempest-KeyPairsV2TestJSON-567452807', 'tenant_id': 'ac47fa326aea4f7d91e0991d8b6829f0', 'tenant_name': 'tempest-KeyPairsV2TestJSON-567452807', 'user_domain_id': 'default', 'user_domain_name': 'Default', 'user_id': '49fdc9e64fb141908931b1916c2abb78', 'system': None}, Network: None, Subnet: None, Router: None
2024-10-11 05:00:41.926 62844 INFO tempest.lib.common.rest_client [req-aa2faa1d-94dc-4af2-83f1-ae728d325bf9 req-aa2faa1d-94dc-4af2-83f1-ae728d325bf9 ] Request (SecurityGroupsTestJSON:test_list_security_groups_by_server): 200 GET http://10.180.1.21/compute/v2.1/servers/37cbd58c-b11a-4a62-95b2-5f4c5cf7ad1f 0.812s
2024-10-11 05:00:41.951 62852 INFO tempest.lib.common.rest_client [req-f82deec9-4267-4995-914c-0798efc92b51 req-f82deec9-4267-4995-914c-0798efc92b51 ] Request (TenantUsagesTestJSON:setUpClass): 201 POST http://10.180.1.21/identity/v3/auth/tokens 0.116s
2024-10-11 05:00:41.957 62816 INFO tempest.lib.common.rest_client [req-bf89dbf4-28b2-4b74-b857-570bc9842f3a req-bf89dbf4-28b2-4b74-b857-570bc9842f3a ] Request (SecurityGroupRulesNegativeTestJSON:tearDownClass): 204 DELETE http://10.180.1.21:9696/networking/v2.0/networks/ddb79b6e-c580-4b05-8e00-802f4672cce4 0.544s
2024-10-11 05:00:41.963 62812 INFO tempest.lib.common.rest_client [req-6cb3a0ad-fd7a-4447-9b54-d65c98275b24 req-6cb3a0ad-fd7a-4447-9b54-d65c98275b24 ] Request (QuotasAdminTestV236:test_get_updated_quotas): 200 PUT http://10.180.1.21/compute/v2.1/os-quota-sets/ca1888c21dff40ab8dbc5847c8059214?user_id=309fd4af3f524abc976ad65ade838a49 1.058s
2024-10-11 05:00:41.994 62842 INFO tempest.lib.common.rest_client [req-5cde5f23-4970-4c57-9de2-8427374caeb9 req-5cde5f23-4970-4c57-9de2-8427374caeb9 ] Request (KeyPairsV2TestJSON:setUpClass): 201 POST http://10.180.1.21/identity/v3/auth/tokens 0.067s
2024-10-11 05:00:42.021 62804 INFO tempest.lib.common.rest_client [req-1a0530f8-255f-48fb-a57a-aa391467a8f1 req-1a0530f8-255f-48fb-a57a-aa391467a8f1 ] Request (ServersAdminTestJSON:setUpClass): 200 GET http://10.180.1.21/compute/v2.1/servers/7d66f026-8b3e-4670-ada6-0109d99bb984 0.834s
2024-10-11 05:00:42.022 62802 INFO tempest.lib.common.rest_client [req-ff51a319-a8ce-485f-9af7-478670475ca4 req-ff51a319-a8ce-485f-9af7-478670475ca4 ] Request (ServerDiskConfigTestJSON:setUpClass): 201 POST http://10.180.1.21:9696/networking/v2.0/networks 0.473s
2024-10-11 05:00:42.028 62796 INFO tempest.lib.common.rest_client [req-76dae433-2148-4f9d-8b96-85a10145f551 req-76dae433-2148-4f9d-8b96-85a10145f551 ] Request (ServersTestManualDisk:setUpClass): 201 POST http://10.180.1.21:9696/networking/v2.0/networks 0.450s
2024-10-11 05:00:42.043 62852 INFO tempest.lib.common.rest_client [req-eab8407d-bf1b-4cae-b054-95c38c7ff9d7 req-eab8407d-bf1b-4cae-b054-95c38c7ff9d7 ] Request (TenantUsagesTestJSON:setUpClass): 201 POST http://10.180.1.21/identity/v3/auth/tokens 0.087s
2024-10-11 05:00:42.044 62852 INFO tempest.lib.common.fixed_network [-] (TenantUsagesTestJSON:setUpClass) Found network None available for tenant
2024-10-11 05:00:42.070 62808 INFO tempest.lib.common.rest_client [req-cb974f20-d189-4cdb-9180-835d02f4448c req-cb974f20-d189-4cdb-9180-835d02f4448c ] Request (KeyPairsNegativeTestJSON:test_create_keypair_invalid_name): 400 POST http://10.180.1.21/compute/v2.1/os-keypairs 0.889s
2024-10-11 05:00:42.083 62825 INFO tempest.lib.common.rest_client [req-8c73c22a-8555-4f39-90da-8660e6a7bb33 req-8c73c22a-8555-4f39-90da-8660e6a7bb33 ] Request (VolumesAdminNegativeTest:test_update_attached_volume_with_nonexistent_volume_in_body): 200 GET http://10.180.1.21/compute/v2.1/servers/14c27acb-0c19-47f9-b3fd-4f9e3e83bb5e 0.861s
2024-10-11 05:00:42.098 62840 INFO tempest.lib.common.rest_client [req-daf7ff0f-a9ee-4656-a409-b54d5c846a37 req-daf7ff0f-a9ee-4656-a409-b54d5c846a37 ] Request (FlavorsAdminTestJSON:test_is_public_string_variations): 200 GET http://10.180.1.21/compute/v2.1/flavors/detail?is_public=0 0.754s
2024-10-11 05:00:42.115 62806 INFO tempest.lib.common.rest_client [req-a02693d6-944d-4128-817a-7d1f9dbfe0fc req-a02693d6-944d-4128-817a-7d1f9dbfe0fc ] Request (DeleteServersAdminTestJSON:test_admin_delete_servers_of_others): 404 GET http://10.180.1.21/compute/v2.1/servers/d6eaf42d-dd83-4158-a507-9bc71cd1aa43 0.853s
2024-10-11 05:00:42.156 62816 INFO tempest.lib.common.rest_client [req-d185467d-0f72-4b4c-8eb8-fb2130b34f0e req-d185467d-0f72-4b4c-8eb8-fb2130b34f0e ] Request (SecurityGroupRulesNegativeTestJSON:tearDownClass): 204 DELETE http://10.180.1.21/identity/v3/users/18b8f88857fb4e38888ef6023526d7e1 0.198s
2024-10-11 05:00:42.156 62816 INFO tempest.lib.common.dynamic_creds [-] Deleting project and security group for project: 6e7c8d3967464fb1836b3d0369751204
2024-10-11 05:00:42.209 62806 INFO tempest.lib.common.rest_client [req-20b54a92-7c5e-4c9c-a91a-29d8ea133de1 req-20b54a92-7c5e-4c9c-a91a-29d8ea133de1 ] Request (DeleteServersAdminTestJSON:test_delete_server_while_in_error_state): 201 POST http://10.180.1.21/identity/v3/auth/tokens 0.079s
2024-10-11 05:00:42.210 62806 INFO tempest.lib.common.fixed_network [-] (DeleteServersAdminTestJSON:test_delete_server_while_in_error_state) Found network None available for tenant
2024-10-11 05:00:42.224 62834 INFO tempest.lib.common.rest_client [req-a5ba563d-4b3b-4936-94a4-af707ae8baa9 req-a5ba563d-4b3b-4936-94a4-af707ae8baa9 ] Request (AggregatesAdminNegativeTestJSON:_run_cleanups): 200 POST http://10.180.1.21/compute/v2.1/os-aggregates/7/action 0.791s
2024-10-11 05:00:42.235 62858 INFO tempest.lib.common.rest_client [req-e989ea6a-aca1-4ee4-99b8-98699efcd054 req-e989ea6a-aca1-4ee4-99b8-98699efcd054 ] Request (KeyPairsV22TestJSON:test_keypairsv22_create_list_show_with_type): 200 GET http://10.180.1.21/compute/v2.1/os-keypairs/tempest-keypair-1088372855 0.743s
2024-10-11 05:00:42.249 62816 INFO tempest.lib.common.rest_client [req-780c7966-9709-4da3-b238-0e5269e55f76 req-780c7966-9709-4da3-b238-0e5269e55f76 ] Request (SecurityGroupRulesNegativeTestJSON:tearDownClass): 200 GET http://10.180.1.21:9696/networking/v2.0/security-groups?tenant_id=6e7c8d3967464fb1836b3d0369751204&name=default 0.092s
2024-10-11 05:00:42.300 62850 INFO tempest.lib.common.rest_client [req-2a025160-6e79-49d3-a349-a4e08b70e378 req-2a025160-6e79-49d3-a349-a4e08b70e378 ] Request (FloatingIPsAssociationNegativeTestJSON:setUpClass): 200 GET http://10.180.1.21/compute/v2.1/servers/f52921c6-abbc-4a27-a451-e1cb4f5dfc48 0.760s
2024-10-11 05:00:42.337 62796 INFO tempest.lib.common.rest_client [req-466bf7b3-f6ee-487a-b4ef-5295790fa79f req-466bf7b3-f6ee-487a-b4ef-5295790fa79f ] Request (ServersTestManualDisk:setUpClass): 201 POST http://10.180.1.21:9696/networking/v2.0/subnets 0.309s
2024-10-11 05:00:42.369 62848 INFO tempest.lib.common.rest_client [req-15236f2d-8869-4316-8b5f-30fcaa3c476d req-15236f2d-8869-4316-8b5f-30fcaa3c476d ] Request (ServerDiagnosticsTest:test_get_server_diagnostics): 204 DELETE http://10.180.1.21/compute/v2.1/servers/158e242b-3f2d-4cac-b3f3-c51da7f78bb1 0.934s
2024-10-11 05:00:42.377 62838 INFO tempest.lib.common.rest_client [req-ae15082c-8e46-46ac-aa4a-a75fb3d52c16 req-ae15082c-8e46-46ac-aa4a-a75fb3d52c16 ] Request (ImagesNegativeTestJSON:setUpClass): 200 PUT http://10.180.1.21:9696/networking/v2.0/routers/5b77d847-1feb-4538-bcd6-423f664c60a6/add_router_interface 2.052s
2024-10-11 05:00:42.378 62838 INFO tempest.lib.common.dynamic_creds [-] Created isolated network resources for: credentials: Credentials: {'domain_id': 'default', 'domain_name': 'Default', 'username': 'tempest-ImagesNegativeTestJSON-611852905-project-member', 'project_domain_id': 'default', 'project_domain_name': 'Default', 'project_id': '8166a9c95d364dc58126f7eaef3c6761', 'project_name': 'tempest-ImagesNegativeTestJSON-611852905', 'tenant_id': '8166a9c95d364dc58126f7eaef3c6761', 'tenant_name': 'tempest-ImagesNegativeTestJSON-611852905', 'user_domain_id': 'default', 'user_domain_name': 'Default', 'user_id': '969e0fdf86264a16ab12a43287433f0d', 'system': None}, Network: {'id': 'f7bd3f6e-c1ce-4a9a-af7d-459a7baef383', 'name': 'tempest-ImagesNegativeTestJSON-555938949-network', 'tenant_id': '8166a9c95d364dc58126f7eaef3c6761', 'admin_state_up': True, 'mtu': 8950, 'status': 'ACTIVE', 'subnets': [], 'shared': False, 'project_id': '8166a9c95d364dc58126f7eaef3c6761', 'port_security_enabled': True, 'router:external': False, 'provider:network_type': 'vlan', 'provider:physical_network': 'default', 'provider:segmentation_id': 244, 'is_default': False, 'availability_zone_hints': [], 'availability_zones': [], 'ipv4_address_scope': None, 'ipv6_address_scope': None, 'description': '', 'tags': [], 'created_at': '2024-10-11T05:00:37Z', 'updated_at': '2024-10-11T05:00:37Z', 'revision_number': 1}, Subnet: {'id': 'ced2aef2-6d0d-4224-87ad-b1d6ffa952fa', 'name': 'tempest-ImagesNegativeTestJSON-555938949-subnet', 'tenant_id': '8166a9c95d364dc58126f7eaef3c6761', 'network_id': 'f7bd3f6e-c1ce-4a9a-af7d-459a7baef383', 'ip_version': 4, 'subnetpool_id': None, 'enable_dhcp': True, 'ipv6_ra_mode': None, 'ipv6_address_mode': None, 'gateway_ip': '192.168.128.1', 'cidr': '192.168.128.0/28', 'allocation_pools': [{'start': '192.168.128.2', 'end': '192.168.128.14'}], 'host_routes': [], 'dns_nameservers': [], 'description': '', 'router:external': False, 'service_types': [], 'tags': [], 'created_at': '2024-10-11T05:00:37Z', 'updated_at': '2024-10-11T05:00:37Z', 'revision_number': 0, 'project_id': '8166a9c95d364dc58126f7eaef3c6761'}, Router: {'id': '5b77d847-1feb-4538-bcd6-423f664c60a6', 'name': 'tempest-ImagesNegativeTestJSON-555938949-router', 'tenant_id': '8166a9c95d364dc58126f7eaef3c6761', 'admin_state_up': True, 'status': 'ACTIVE', 'external_gateway_info': {'network_id': '8f883b1b-8068-4cb0-97f7-123a2fd695db', 'external_fixed_ips': [{'subnet_id': '2dd4f139-32ca-429b-9800-036d50ed596c', 'ip_address': '10.180.180.150'}], 'enable_snat': True}, 'description': '', 'availability_zones': [], 'distributed': False, 'ha': False, 'availability_zone_hints': [], 'routes': [], 'flavor_id': None, 'tags': [], 'created_at': '2024-10-11T05:00:38Z', 'updated_at': '2024-10-11T05:00:39Z', 'revision_number': 2, 'project_id': '8166a9c95d364dc58126f7eaef3c6761'}
2024-10-11 05:00:42.381 62820 INFO tempest.lib.common.rest_client [req-48f87724-1c25-4cd9-b1ab-d54241713d33 req-48f87724-1c25-4cd9-b1ab-d54241713d33 ] Request (ServerShowV254Test:test_rebuild_server): 200 GET http://10.180.1.21/compute/v2.1/servers/f4f7e2c9-229c-4547-b674-5a5219a28151 0.725s
2024-10-11 05:00:42.398 62802 INFO tempest.lib.common.rest_client [req-acbd74f7-847c-4262-ac03-3f8d389f7331 req-acbd74f7-847c-4262-ac03-3f8d389f7331 ] Request (ServerDiskConfigTestJSON:setUpClass): 201 POST http://10.180.1.21:9696/networking/v2.0/subnets 0.375s
2024-10-11 05:00:42.482 62838 INFO tempest.lib.common.rest_client [req-f5ecdc6b-f394-402d-9eea-22bf3d0750f3 req-f5ecdc6b-f394-402d-9eea-22bf3d0750f3 ] Request (ImagesNegativeTestJSON:setUpClass): 201 POST http://10.180.1.21/identity/v3/auth/tokens 0.099s
2024-10-11 05:00:42.489 62816 INFO tempest.lib.common.rest_client [req-c0071d96-6d52-4db8-baf0-de9dd92f4830 req-c0071d96-6d52-4db8-baf0-de9dd92f4830 ] Request (SecurityGroupRulesNegativeTestJSON:tearDownClass): 204 DELETE http://10.180.1.21:9696/networking/v2.0/security-groups/e0acde5d-99d2-4342-95b1-3235097b59c2 0.240s
2024-10-11 05:00:42.499 62836 INFO tempest.lib.common.rest_client [req-70d47b79-d943-4663-b094-dde9241773aa req-70d47b79-d943-4663-b094-dde9241773aa ] Request (ServicesAdminNegativeTestJSON:test_list_services_with_non_admin_user): 403 GET http://10.180.1.21/compute/v2.1/os-services 0.765s
2024-10-11 05:00:42.529 62838 INFO tempest.lib.common.rest_client [req-56fd61fe-88d0-46f3-a395-ffa26abfafc5 req-56fd61fe-88d0-46f3-a395-ffa26abfafc5 ] Request (ImagesNegativeTestJSON:test_create_image_from_deleted_server): 201 POST http://10.180.1.21/identity/v3/auth/tokens 0.037s
2024-10-11 05:00:42.530 62838 INFO tempest.lib.common.fixed_network [-] (ImagesNegativeTestJSON:test_create_image_from_deleted_server) Found network {'id': 'f7bd3f6e-c1ce-4a9a-af7d-459a7baef383', 'name': 'tempest-ImagesNegativeTestJSON-555938949-network', 'tenant_id': '8166a9c95d364dc58126f7eaef3c6761', 'admin_state_up': True, 'mtu': 8950, 'status': 'ACTIVE', 'subnets': [], 'shared': False, 'project_id': '8166a9c95d364dc58126f7eaef3c6761', 'port_security_enabled': True, 'router:external': False, 'provider:network_type': 'vlan', 'provider:physical_network': 'default', 'provider:segmentation_id': 244, 'is_default': False, 'availability_zone_hints': [], 'availability_zones': [], 'ipv4_address_scope': None, 'ipv6_address_scope': None, 'description': '', 'tags': [], 'created_at': '2024-10-11T05:00:37Z', 'updated_at': '2024-10-11T05:00:37Z', 'revision_number': 1} available for tenant
2024-10-11 05:00:42.583 62830 INFO tempest.lib.common.rest_client [req-d73c4c32-a4fb-4fc8-8a6f-7798276d5119 req-d73c4c32-a4fb-4fc8-8a6f-7798276d5119 ] Request (AttachInterfacesUnderV243Test:test_add_remove_fixed_ip): 200 GET http://10.180.1.21/compute/v2.1/servers/813e287c-9d7f-4e9c-9216-986f631b6eb6 0.698s
2024-10-11 05:00:42.591 62816 INFO tempest.lib.common.rest_client [req-1c57f5dd-1068-46ca-971b-015e1e75e539 req-1c57f5dd-1068-46ca-971b-015e1e75e539 ] Request (SecurityGroupRulesNegativeTestJSON:tearDownClass): 204 DELETE http://10.180.1.21/identity/v3/projects/6e7c8d3967464fb1836b3d0369751204 0.102s
2024-10-11 05:00:42.592 62816 INFO tempest.test [-] raised in NoVNCConsoleTestJSON.setUpClass. Invoking tearDownClass.
2024-10-11 05:00:42.602 62836 INFO tempest.lib.common.rest_client [req-81373c73-f842-4472-bab4-336572bcc0c8 req-81373c73-f842-4472-bab4-336572bcc0c8 ] Request (ServicesAdminNegativeTestJSON:tearDownClass): 204 DELETE http://10.180.1.21/identity/v3/users/4d738ee81e2949c5b8cd93f3cc0d798c 0.102s
2024-10-11 05:00:42.660 62854 INFO tempest.lib.common.rest_client [req-63424f91-a135-48eb-9687-ffeaf2f95daf req-63424f91-a135-48eb-9687-ffeaf2f95daf ] Request (ServerShowV257Test:test_rebuild_server): 200 GET http://10.180.1.21/compute/v2.1/servers/9316facd-0c95-4720-b0d3-c0a39df81619 0.740s
2024-10-11 05:00:42.675 62816 INFO tempest.lib.common.rest_client [req-3bfa9222-ad61-4fc7-81c9-0c27db536b7e req-3bfa9222-ad61-4fc7-81c9-0c27db536b7e ] Request (ServerPasswordTestJSON:setUpClass): 201 POST http://10.180.1.21/identity/v3/auth/tokens 0.079s
2024-10-11 05:00:42.722 62836 INFO tempest.lib.common.rest_client [req-4eaa8436-d1a5-4ca5-bcb9-b5da48716a44 req-4eaa8436-d1a5-4ca5-bcb9-b5da48716a44 ] Request (ServicesAdminNegativeTestJSON:tearDownClass): 204 DELETE http://10.180.1.21/identity/v3/users/09c323689a95470ab952ed7aec45f1d5 0.119s
2024-10-11 05:00:42.722 62836 INFO tempest.lib.common.dynamic_creds [-] Deleting project and security group for project: aa147ea2fa9a4b02b384109d7570bfae
2024-10-11 05:00:42.790 62816 INFO tempest.lib.common.rest_client [req-b6c69d2a-a89d-4205-ada7-bdda5f7c0ada req-b6c69d2a-a89d-4205-ada7-bdda5f7c0ada ] Request (ServerPasswordTestJSON:setUpClass): 201 POST http://10.180.1.21/identity/v3/auth/tokens 0.108s
2024-10-11 05:00:42.828 62836 INFO tempest.lib.common.rest_client [req-732a9ce6-feca-496b-ac7c-845a4c2441cd req-732a9ce6-feca-496b-ac7c-845a4c2441cd ] Request (ServicesAdminNegativeTestJSON:tearDownClass): 201 POST http://10.180.1.21/identity/v3/auth/tokens 0.105s
2024-10-11 05:00:42.849 62816 INFO tempest.lib.common.rest_client [req-f57e3b4c-f8bb-47fc-9506-15be6b60c4f6 req-f57e3b4c-f8bb-47fc-9506-15be6b60c4f6 ] Request (ServerPasswordTestJSON:setUpClass): 200 GET http://10.180.1.21/identity/v3/domains?name=Default 0.059s
2024-10-11 05:00:42.869 62812 INFO tempest.lib.common.rest_client [req-fae3fb7e-7142-4f5c-97ab-e29c97f298d4 req-fae3fb7e-7142-4f5c-97ab-e29c97f298d4 ] Request (QuotasAdminTestV236:test_get_updated_quotas): 200 GET http://10.180.1.21/compute/v2.1/os-quota-sets/ca1888c21dff40ab8dbc5847c8059214?user_id=309fd4af3f524abc976ad65ade838a49 0.905s
2024-10-11 05:00:42.889 62816 INFO tempest.lib.common.rest_client [req-49b93ced-aaa5-451e-b893-48dfaf01694f req-49b93ced-aaa5-451e-b893-48dfaf01694f ] Request (ServerPasswordTestJSON:setUpClass): 201 POST http://10.180.1.21/identity/v3/projects 0.039s
2024-10-11 05:00:42.951 62800 INFO tempest.lib.common.rest_client [req-fc66e504-0cbf-45bf-b21d-c1f229d1e389 req-fc66e504-0cbf-45bf-b21d-c1f229d1e389 ] Request (ServersAdmin275Test:_run_cleanups): 200 GET http://10.180.1.21/compute/v2.1/servers/d02e6383-42d9-40db-89a3-ba8b5595b95b 0.979s
2024-10-11 05:00:43.004 62812 INFO tempest.lib.common.rest_client [req-7c2199e0-6cce-4278-96f1-7284989a59ed req-7c2199e0-6cce-4278-96f1-7284989a59ed ] Request (QuotasAdminTestV236:_run_cleanups): 204 DELETE http://10.180.1.21/identity/v3/users/309fd4af3f524abc976ad65ade838a49 0.132s
2024-10-11 05:00:43.007 62826 INFO tempest.lib.common.rest_client [req-4269c4ed-6f93-4dc2-b429-665eb92a4067 req-4269c4ed-6f93-4dc2-b429-665eb92a4067 ] Request (ServersV294TestFqdnHostnames:setUpClass): 202 POST http://10.180.1.21/compute/v2.1/servers 1.200s
2024-10-11 05:00:43.050 62816 INFO tempest.lib.common.rest_client [req-6f53f20d-dd46-400b-b0b2-0d9b708abb3c req-6f53f20d-dd46-400b-b0b2-0d9b708abb3c ] Request (ServerPasswordTestJSON:setUpClass): 201 POST http://10.180.1.21/identity/v3/users 0.160s
2024-10-11 05:00:43.067 62798 INFO tempest.lib.common.rest_client [req-4f4a1de8-fe4e-4494-ad2e-f1d653a77989 req-4f4a1de8-fe4e-4494-ad2e-f1d653a77989 ] Request (VolumesAssistedSnapshotsTest:test_volume_assisted_snapshot_create_delete): 200 GET http://10.180.1.21/compute/v2.1/servers/3c173701-9f61-4561-ac3c-7ac3de4101d9 1.061s
2024-10-11 05:00:43.131 62842 INFO tempest.lib.common.rest_client [req-e334400d-fe51-48e2-b1d5-ad6691fa0176 req-e334400d-fe51-48e2-b1d5-ad6691fa0176 ] Request (KeyPairsV2TestJSON:test_get_keypair_detail): 200 POST http://10.180.1.21/compute/v2.1/os-keypairs 1.134s
