2024-10-11 05:01:58.676 62838 INFO tempest.lib.common.rest_client [req-8f40fa9a-b93e-4681-a438-e1b4d4c4ffab req-8f40fa9a-b93e-4681-a438-e1b4d4c4ffab ] Request (ImagesNegativeTestJSON:test_create_image_from_deleted_server): 200 GET http://10.180.1.21/compute/v2.1/servers/95348a45-f517-4e21-8969-57c978985984 0.065s
2024-10-11 05:01:58.699 62826 INFO tempest.lib.common.rest_client [req-e40e4d3f-1893-4960-8dfd-70f738fe6a18 req-e40e4d3f-1893-4960-8dfd-70f738fe6a18 ] Request (ServersV294TestFqdnHostnames:tearDownClass): 200 GET http://10.180.1.21:9696/networking/v2.0/security-groups?tenant_id=c516a8aef1614886b3b28d81167e81e0&name=default 0.049s
2024-10-11 05:01:58.708 62818 INFO tempest.lib.common.rest_client [req-cbff036d-32e0-40b5-9515-fe443bf8462e req-cbff036d-32e0-40b5-9515-fe443bf8462e ] Request (DeleteServersTestJSON:test_delete_server_while_in_attached_volume): 200 GET http://10.180.1.21/compute/v2.1/servers/2888fde6-8a1b-41ce-a482-cb99acd74a6e 0.053s
2024-10-11 05:01:58.796 62826 INFO tempest.lib.common.rest_client [req-f3ab37f4-274a-4193-9893-dadae9c7799f req-f3ab37f4-274a-4193-9893-dadae9c7799f ] Request (ServersV294TestFqdnHostnames:tearDownClass): 204 DELETE http://10.180.1.21:9696/networking/v2.0/security-groups/457728c4-9fca-4700-8af1-056201ad2a80 0.097s
2024-10-11 05:01:58.798 62844 INFO tempest.lib.common.rest_client [req-4fa62a83-29bf-4f8f-a6b4-454ef6267b7d req-4fa62a83-29bf-4f8f-a6b4-454ef6267b7d ] Request (SecurityGroupsTestJSON:test_server_security_groups): 200 GET http://10.180.1.21/compute/v2.1/servers/f4dfa1c6-6c8b-4098-b3a2-9b229fc57bb0 0.055s
2024-10-11 05:01:58.823 62820 INFO tempest.lib.common.rest_client [req-1d874376-35a2-4ec1-995d-19c2d777f6d6 req-1d874376-35a2-4ec1-995d-19c2d777f6d6 ] Request (ServerShowV254Test:tearDownClass): 200 GET http://10.180.1.21/compute/v2.1/servers/f4f7e2c9-229c-4547-b674-5a5219a28151 0.079s
2024-10-11 05:01:58.849 62825 INFO tempest.lib.common.rest_client [req-3aa015d5-7afb-466f-82a9-d89d518e89d6 req-3aa015d5-7afb-466f-82a9-d89d518e89d6 ] Request (VolumesAdminNegativeTest:test_update_attached_volume_with_nonexistent_volume_in_uri): 200 GET http://10.180.1.21/compute/v2.1/servers/d65fbfe3-b1e9-48d9-88ba-209fdc264283 0.046s
2024-10-11 05:01:58.869 62832 INFO tempest.lib.common.rest_client [req-2c6c613f-c49b-49c8-85ef-d1561e1a475e req-2c6c613f-c49b-49c8-85ef-d1561e1a475e ] Request (ServersTestJSON:test_create_server_specify_multibyte_character_name): 200 GET http://10.180.1.21/compute/v2.1/servers/7c22d751-2aa8-4794-9fbb-3be5c1ac40f4 0.064s
2024-10-11 05:01:58.899 62826 INFO tempest.lib.common.rest_client [req-752bad4a-7bdf-469a-95ea-25f56a256c4c req-752bad4a-7bdf-469a-95ea-25f56a256c4c ] Request (ServersV294TestFqdnHostnames:tearDownClass): 204 DELETE http://10.180.1.21/identity/v3/projects/c516a8aef1614886b3b28d81167e81e0 0.103s
2024-10-11 05:01:58.900 62840 INFO tempest.lib.common.rest_client [req-b0619eeb-0280-47cd-81ff-2281e19735b0 req-b0619eeb-0280-47cd-81ff-2281e19735b0 ] Request (ImagesOneServerNegativeTestJSON:setUpClass): 200 GET http://10.180.1.21/compute/v2.1/servers/f8db751a-c495-467c-ae32-addb4387346d 0.055s
2024-10-11 05:01:58.916 62830 INFO tempest.lib.common.rest_client [req-a209773c-be7e-4ab5-98ea-3e7d61a27326 req-a209773c-be7e-4ab5-98ea-3e7d61a27326 ] Request (ListServerFiltersTestJSON:setUpClass): 200 GET http://10.180.1.21/compute/v2.1/servers/b0038711-5d12-4909-b331-72acb5ed0d24 0.060s
2024-10-11 05:01:58.947 62848 INFO tempest.lib.common.rest_client [req-3602e92c-8b49-44e8-8015-7ea4409e721c req-3602e92c-8b49-44e8-8015-7ea4409e721c ] Request (ServerActionsTestOtherB:setUpClass): 200 GET http://10.180.1.21/compute/v2.1/servers/2236b710-2141-49a2-b3f5-9ed71090e1db 0.052s
2024-10-11 05:01:58.960 62834 INFO tempest.lib.common.rest_client [req-38762119-ccac-4f92-a9a1-7cc0f348e826 req-38762119-ccac-4f92-a9a1-7cc0f348e826 ] Request (InstanceActionsNegativeTestJSON:setUpClass): 200 GET http://10.180.1.21/compute/v2.1/servers/9274ce52-49af-48df-bcd1-269b8241d93f 0.053s
2024-10-11 05:01:58.963 62826 INFO tempest.lib.common.rest_client [req-f5ab95ee-ed22-4755-a466-4858d0496f26 req-f5ab95ee-ed22-4755-a466-4858d0496f26 ] Request (ServerRescueNegativeTestJSON:setUpClass): 201 POST http://10.180.1.21/identity/v3/auth/tokens 0.058s
2024-10-11 05:01:58.989 62826 INFO tempest.lib.common.rest_client [req-dc80f6a0-1a90-4771-ba09-d2797b48110b req-dc80f6a0-1a90-4771-ba09-d2797b48110b ] Request (ServerRescueNegativeTestJSON:setUpClass): 201 POST http://10.180.1.21/identity/v3/auth/tokens 0.024s
2024-10-11 05:01:58.991 62804 INFO tempest.lib.common.rest_client [req-532ab0b8-dfcc-492c-bd07-982a25ab50af req-532ab0b8-dfcc-492c-bd07-982a25ab50af ] Request (ServersTestFqdnHostnames:test_create_server_with_fqdn_name): 200 GET http://10.180.1.21/compute/v2.1/servers/a092fb50-c750-4b91-a94e-e11e9eb7faf5 0.044s
2024-10-11 05:01:59.012 62826 INFO tempest.lib.common.rest_client [req-cc21a1f3-8e6c-466a-b75b-67716744068c req-cc21a1f3-8e6c-466a-b75b-67716744068c ] Request (ServerRescueNegativeTestJSON:setUpClass): 200 GET http://10.180.1.21/identity/v3/domains?name=Default 0.022s
2024-10-11 05:01:59.025 62796 INFO tempest.lib.common.rest_client [req-77575881-09c2-4c09-a1e4-158509894b83 req-77575881-09c2-4c09-a1e4-158509894b83 ] Request (ServersTestManualDisk:setUpClass): 200 GET http://10.180.1.21/compute/v2.1/servers/d46bdbc6-e691-44b7-8e9c-3bedb1275e93 0.044s
2024-10-11 05:01:59.038 62826 INFO tempest.lib.common.rest_client [req-70656763-fe11-4e8f-afbd-4d03c6eb45a0 req-70656763-fe11-4e8f-afbd-4d03c6eb45a0 ] Request (ServerRescueNegativeTestJSON:setUpClass): 201 POST http://10.180.1.21/identity/v3/projects 0.025s
2024-10-11 05:01:59.046 62802 INFO tempest.lib.common.rest_client [req-6281ff67-65d5-4f11-a885-bc17d7ab2116 req-6281ff67-65d5-4f11-a885-bc17d7ab2116 ] Request (ServerDiskConfigTestJSON:test_rebuild_server_with_auto_disk_config): 200 GET http://10.180.1.21/compute/v2.1/servers/290e15dc-4ee0-4595-8412-d610895aeb46 0.046s
2024-10-11 05:01:59.068 62846 INFO tempest.lib.common.rest_client [req-96195af8-763e-4e6d-999f-4449460c14ab req-96195af8-763e-4e6d-999f-4449460c14ab ] Request (MigrationsAdminTest:test_resize_server_revert_deleted_flavor): 200 GET http://10.180.1.21/compute/v2.1/servers/dca0a819-d11d-437e-9a4c-da4279a9d553 0.044s
2024-10-11 05:01:59.088 62806 INFO tempest.lib.common.rest_client [req-372ff750-2c31-4283-ae21-83a7697350d7 req-372ff750-2c31-4283-ae21-83a7697350d7 ] Request (DeleteServersAdminTestJSON:test_delete_server_while_in_error_state): 200 GET http://10.180.1.21/compute/v2.1/servers/4e7e1c74-10a8-4746-b6a6-56dfcc0c2d76 0.048s
2024-10-11 05:01:59.095 62826 INFO tempest.lib.common.rest_client [req-255144e4-2da2-41fc-8bf6-477b14704d38 req-255144e4-2da2-41fc-8bf6-477b14704d38 ] Request (ServerRescueNegativeTestJSON:setUpClass): 201 POST http://10.180.1.21/identity/v3/users 0.057s
2024-10-11 05:01:59.117 62826 INFO tempest.lib.common.rest_client [req-ae0376d7-f989-43f6-b5ec-978875f52825 req-ae0376d7-f989-43f6-b5ec-978875f52825 ] Request (ServerRescueNegativeTestJSON:setUpClass): 200 GET http://10.180.1.21/identity/v3/roles 0.021s
2024-10-11 05:01:59.139 62850 INFO tempest.lib.common.rest_client [req-008001f4-23ea-4712-89e4-3330ad1a6f0b req-008001f4-23ea-4712-89e4-3330ad1a6f0b ] Request (ServerAddressesTestJSON:setUpClass): 200 GET http://10.180.1.21/compute/v2.1/servers/3e035ee1-a63a-46a6-84ca-4980e1185e03 0.050s
2024-10-11 05:01:59.142 62826 INFO tempest.lib.common.rest_client [req-790ee46d-e57c-4fd8-92d5-fe1ecfa5f915 req-790ee46d-e57c-4fd8-92d5-fe1ecfa5f915 ] Request (ServerRescueNegativeTestJSON:setUpClass): 204 PUT http://10.180.1.21/identity/v3/projects/0b9d93976e6045c288ad6b152304ef72/users/dd3a894e5784481eaff0fdd0fa414cee/roles/f3c0e00d29714df8814ef1e0d32f6934 0.024s
2024-10-11 05:01:59.142 62826 INFO tempest.lib.common.dynamic_creds [-] Dynamic test user dd3a894e5784481eaff0fdd0fa414cee is created with scope project and roles: ['member']
2024-10-11 05:01:59.142 62826 INFO tempest.lib.common.dynamic_creds [-] Acquired dynamic creds: credentials: Credentials: {'domain_id': 'default', 'domain_name': 'Default', 'username': 'tempest-ServerRescueNegativeTestJSON-687222775-project-member', 'project_domain_id': 'default', 'project_domain_name': 'Default', 'project_id': '0b9d93976e6045c288ad6b152304ef72', 'project_name': 'tempest-ServerRescueNegativeTestJSON-687222775', 'tenant_id': '0b9d93976e6045c288ad6b152304ef72', 'tenant_name': 'tempest-ServerRescueNegativeTestJSON-687222775', 'user_domain_id': 'default', 'user_domain_name': 'Default', 'user_id': 'dd3a894e5784481eaff0fdd0fa414cee', 'system': None}, Network: None, Subnet: None, Router: None
2024-10-11 05:01:59.143 62798 INFO tempest.lib.common.rest_client [req-c6190baf-0bc6-42c2-9b65-e325fa3e9f3a req-c6190baf-0bc6-42c2-9b65-e325fa3e9f3a ] Request (ServersWithSpecificFlavorTestJSON:test_verify_created_server_ephemeral_disk): 200 GET http://10.180.1.21/compute/v2.1/servers/cecebc6a-25cc-4376-8467-2aa0f909c9bd 0.045s
2024-10-11 05:01:59.182 62800 INFO tempest.lib.common.rest_client [req-e01b0e2d-7dd2-477b-b6f7-39d3c3785def req-e01b0e2d-7dd2-477b-b6f7-39d3c3785def ] Request (ListImageFiltersTestJSON:setUpClass): 200 GET http://10.180.1.21/compute/v2.1/servers/f3128303-9b2c-4f14-9ea0-093f55ecb063 0.045s
2024-10-11 05:01:59.193 62826 INFO tempest.lib.common.rest_client [req-2ac41397-59e7-4208-b36a-f0731b8c26c5 req-2ac41397-59e7-4208-b36a-f0731b8c26c5 ] Request (ServerRescueNegativeTestJSON:setUpClass): 201 POST http://10.180.1.21/identity/v3/auth/tokens 0.050s
2024-10-11 05:01:59.232 62810 INFO tempest.lib.common.rest_client [req-b9d7fde8-729e-43fe-b371-a7d7e58a57fe req-b9d7fde8-729e-43fe-b371-a7d7e58a57fe ] Request (ServersTestJSON:setUpClass): 200 GET http://10.180.1.21/compute/v2.1/servers/9b49513e-4c01-4664-be2c-6058a357b0db 0.043s
2024-10-11 05:01:59.243 62822 INFO tempest.lib.common.rest_client [req-7f44756e-8454-4e33-a789-0978111a77c1 req-7f44756e-8454-4e33-a789-0978111a77c1 ] Request (ServerRescueTestJSON:setUpClass): 200 GET http://10.180.1.21/compute/v2.1/servers/d526aa96-4007-45f8-8eee-9030bdb9f402 0.044s
2024-10-11 05:01:59.306 62842 INFO tempest.lib.common.rest_client [req-c3b21f31-51d3-4c91-b569-ba5ddd0b85d1 req-c3b21f31-51d3-4c91-b569-ba5ddd0b85d1 ] Request (AttachVolumeShelveTestJSON:test_attach_volume_shelved_or_offload_server): 200 GET http://10.180.1.21/compute/v2.1/servers/65e8971a-a149-4a11-92ad-7c5c8874530c 0.052s
2024-10-11 05:01:59.313 62836 INFO tempest.lib.common.rest_client [req-fba305f2-d140-49d0-81f0-ca462ab0235f req-fba305f2-d140-49d0-81f0-ca462ab0235f ] Request (ImagesTestJSON:test_create_image_from_stopped_server): 200 GET http://10.180.1.21/compute/v2.1/servers/b482dcca-ae32-425d-a097-f9af69785835 0.051s
2024-10-11 05:01:59.391 62814 INFO tempest.lib.common.rest_client [req-75ebb441-528e-48d4-86ae-50929d9ea14c req-75ebb441-528e-48d4-86ae-50929d9ea14c ] Request (MultipleCreateTestJSON:test_multiple_create): 200 GET http://10.180.1.21/compute/v2.1/servers/88cee397-bcbd-428c-b203-e5d9b6acbbb2 0.061s
2024-10-11 05:01:59.393 62828 INFO tempest.lib.common.rest_client [req-075b6d0d-1399-433b-acb5-b3ac0dc4871b req-075b6d0d-1399-433b-acb5-b3ac0dc4871b ] Request (ServersTestMultiNic:test_verify_duplicate_network_nics): 200 GET http://10.180.1.21/compute/v2.1/servers/d92dca09-0a42-4103-ac92-25b6b0fa3c32 0.056s
2024-10-11 05:01:59.438 62826 INFO tempest.lib.common.rest_client [req-52cc78c5-b2e0-4b9f-8349-d1ecf784df70 req-52cc78c5-b2e0-4b9f-8349-d1ecf784df70 ] Request (ServerRescueNegativeTestJSON:setUpClass): 201 POST http://10.180.1.21:9696/networking/v2.0/networks 0.245s
2024-10-11 05:01:59.446 62852 INFO tempest.lib.common.rest_client [req-7bee7686-97ed-41d1-bd3e-58541d9539cc req-7bee7686-97ed-41d1-bd3e-58541d9539cc ] Request (TenantUsagesTestJSON:setUpClass): 200 GET http://10.180.1.21/compute/v2.1/servers/2e1410c0-8aff-429c-8bbb-46d9bc01de32 0.051s
2024-10-11 05:01:59.514 62808 INFO tempest.lib.common.rest_client [req-89a682c6-99e3-4ae3-9bb8-3c69fbe8aef8 req-89a682c6-99e3-4ae3-9bb8-3c69fbe8aef8 ] Request (ServerActionsV293TestJSON:setUpClass): 200 GET http://10.180.1.21/compute/v2.1/servers/2ae701c0-3016-4635-8fe1-1e1c314fa748 0.055s
2024-10-11 05:01:59.533 62816 INFO tempest.lib.common.rest_client [req-f1589010-156b-470c-baff-da68f08373d1 req-f1589010-156b-470c-baff-da68f08373d1 ] Request (ServerPasswordTestJSON:setUpClass): 200 GET http://10.180.1.21/compute/v2.1/servers/49ba74b6-fbbe-442a-b3a1-00bdd4e046e5 0.058s
2024-10-11 05:01:59.596 62826 INFO tempest.lib.common.rest_client [req-76709424-d464-4177-8b98-26ae0e07958e req-76709424-d464-4177-8b98-26ae0e07958e ] Request (ServerRescueNegativeTestJSON:setUpClass): 201 POST http://10.180.1.21:9696/networking/v2.0/subnets 0.157s
2024-10-11 05:01:59.602 62858 INFO tempest.lib.common.rest_client [req-6098b89a-2580-4a66-ba1f-e56d7b0139d8 req-6098b89a-2580-4a66-ba1f-e56d7b0139d8 ] Request (AttachInterfacesV270Test:test_create_get_list_interfaces): 200 GET http://10.180.1.21/compute/v2.1/servers/8e7dcc93-2079-4857-8f18-513958ef4e0a 0.052s
2024-10-11 05:01:59.740 62838 INFO tempest.lib.common.rest_client [req-f15a04dd-0d5c-4a42-a460-4015c33b1a50 req-f15a04dd-0d5c-4a42-a460-4015c33b1a50 ] Request (ImagesNegativeTestJSON:test_create_image_from_deleted_server): 200 GET http://10.180.1.21/compute/v2.1/servers/95348a45-f517-4e21-8969-57c978985984 0.056s
2024-10-11 05:01:59.767 62818 INFO tempest.lib.common.rest_client [req-d1c08aad-8666-47fc-8e4a-f717d1a6df6c req-d1c08aad-8666-47fc-8e4a-f717d1a6df6c ] Request (DeleteServersTestJSON:test_delete_server_while_in_attached_volume): 200 GET http://10.180.1.21/compute/v2.1/servers/2888fde6-8a1b-41ce-a482-cb99acd74a6e 0.050s
2024-10-11 05:01:59.858 62844 INFO tempest.lib.common.rest_client [req-ad22aa5b-b55d-4ac3-8806-42091b799500 req-ad22aa5b-b55d-4ac3-8806-42091b799500 ] Request (SecurityGroupsTestJSON:test_server_security_groups): 200 GET http://10.180.1.21/compute/v2.1/servers/f4dfa1c6-6c8b-4098-b3a2-9b229fc57bb0 0.052s
2024-10-11 05:01:59.896 62820 INFO tempest.lib.common.rest_client [req-3ecc380f-5c5a-4428-a1e0-564381252408 req-3ecc380f-5c5a-4428-a1e0-564381252408 ] Request (ServerShowV254Test:tearDownClass): 200 GET http://10.180.1.21/compute/v2.1/servers/f4f7e2c9-229c-4547-b674-5a5219a28151 0.064s
2024-10-11 05:01:59.908 62825 INFO tempest.lib.common.rest_client [req-fed44ecc-74e9-4b05-9e13-e1c17b012d4a req-fed44ecc-74e9-4b05-9e13-e1c17b012d4a ] Request (VolumesAdminNegativeTest:test_update_attached_volume_with_nonexistent_volume_in_uri): 200 GET http://10.180.1.21/compute/v2.1/servers/d65fbfe3-b1e9-48d9-88ba-209fdc264283 0.049s
2024-10-11 05:02:00.097 62840 INFO tempest.lib.common.rest_client [req-f85f482c-8e8e-47be-aad3-37db3f73e660 req-f85f482c-8e8e-47be-aad3-37db3f73e660 ] Request (ImagesOneServerNegativeTestJSON:setUpClass): 200 GET http://10.180.1.21/compute/v2.1/servers/f8db751a-c495-467c-ae32-addb4387346d 0.188s
2024-10-11 05:02:00.098 62832 INFO tempest.lib.common.rest_client [req-59398b17-cdf9-4219-8a22-b351e8174820 req-59398b17-cdf9-4219-8a22-b351e8174820 ] Request (ServersTestJSON:test_create_server_specify_multibyte_character_name): 200 GET http://10.180.1.21/compute/v2.1/servers/7c22d751-2aa8-4794-9fbb-3be5c1ac40f4 0.222s
2024-10-11 05:02:00.151 62830 INFO tempest.lib.common.rest_client [req-4f913653-a307-4da4-99d0-3734a3de04b4 req-4f913653-a307-4da4-99d0-3734a3de04b4 ] Request (ListServerFiltersTestJSON:setUpClass): 200 GET http://10.180.1.21/compute/v2.1/servers/b0038711-5d12-4909-b331-72acb5ed0d24 0.227s
2024-10-11 05:02:00.165 62848 INFO tempest.lib.common.rest_client [req-896ea910-a8b7-4439-a957-1404eb97f988 req-896ea910-a8b7-4439-a957-1404eb97f988 ] Request (ServerActionsTestOtherB:setUpClass): 200 GET http://10.180.1.21/compute/v2.1/servers/2236b710-2141-49a2-b3f5-9ed71090e1db 0.210s
2024-10-11 05:02:00.196 62834 INFO tempest.lib.common.rest_client [req-ea131005-bd45-4c72-b935-3135e9150851 req-ea131005-bd45-4c72-b935-3135e9150851 ] Request (InstanceActionsNegativeTestJSON:setUpClass): 200 GET http://10.180.1.21/compute/v2.1/servers/9274ce52-49af-48df-bcd1-269b8241d93f 0.230s
2024-10-11 05:02:00.215 62804 INFO tempest.lib.common.rest_client [req-fadfc3c4-633d-4420-bb59-cf0835889a5b req-fadfc3c4-633d-4420-bb59-cf0835889a5b ] Request (ServersTestFqdnHostnames:test_create_server_with_fqdn_name): 200 GET http://10.180.1.21/compute/v2.1/servers/a092fb50-c750-4b91-a94e-e11e9eb7faf5 0.218s
2024-10-11 05:02:00.246 62796 INFO tempest.lib.common.rest_client [req-57434103-7aa6-4c47-8153-40be3eb55124 req-57434103-7aa6-4c47-8153-40be3eb55124 ] Request (ServersTestManualDisk:setUpClass): 200 GET http://10.180.1.21/compute/v2.1/servers/d46bdbc6-e691-44b7-8e9c-3bedb1275e93 0.215s
2024-10-11 05:02:00.264 62802 INFO tempest.lib.common.rest_client [req-271dfc9f-15e3-4c4b-91bf-327730915a51 req-271dfc9f-15e3-4c4b-91bf-327730915a51 ] Request (ServerDiskConfigTestJSON:test_rebuild_server_with_auto_disk_config): 200 GET http://10.180.1.21/compute/v2.1/servers/290e15dc-4ee0-4595-8412-d610895aeb46 0.211s
2024-10-11 05:02:00.270 62802 INFO tempest.common.waiters [-] State transition "BUILD/None" ==> "BUILD/networking" after 73 second wait
2024-10-11 05:02:00.320 62846 INFO tempest.lib.common.rest_client [req-5a994981-eae3-452f-9422-0431b436de00 req-5a994981-eae3-452f-9422-0431b436de00 ] Request (MigrationsAdminTest:test_resize_server_revert_deleted_flavor): 200 GET http://10.180.1.21/compute/v2.1/servers/dca0a819-d11d-437e-9a4c-da4279a9d553 0.245s
2024-10-11 05:02:00.321 62806 INFO tempest.lib.common.rest_client [req-a5ff3bc3-d23d-4293-8fcc-db3691c43e5e req-a5ff3bc3-d23d-4293-8fcc-db3691c43e5e ] Request (DeleteServersAdminTestJSON:test_delete_server_while_in_error_state): 200 GET http://10.180.1.21/compute/v2.1/servers/4e7e1c74-10a8-4746-b6a6-56dfcc0c2d76 0.226s
2024-10-11 05:02:00.328 62806 INFO tempest.common.waiters [-] State transition "BUILD/spawning" ==> "BUILD/scheduling" after 75 second wait
2024-10-11 05:02:00.375 62798 INFO tempest.lib.common.rest_client [req-4136241d-79cb-4f5b-a202-9bae544f4ec1 req-4136241d-79cb-4f5b-a202-9bae544f4ec1 ] Request (ServersWithSpecificFlavorTestJSON:test_verify_created_server_ephemeral_disk): 200 GET http://10.180.1.21/compute/v2.1/servers/cecebc6a-25cc-4376-8467-2aa0f909c9bd 0.224s
2024-10-11 05:02:00.378 62850 INFO tempest.lib.common.rest_client [req-3650c71b-aad9-4f35-bf93-7fb5a7d1a8d0 req-3650c71b-aad9-4f35-bf93-7fb5a7d1a8d0 ] Request (ServerAddressesTestJSON:setUpClass): 200 GET http://10.180.1.21/compute/v2.1/servers/3e035ee1-a63a-46a6-84ca-4980e1185e03 0.232s
2024-10-11 05:02:00.432 62800 INFO tempest.lib.common.rest_client [req-3d405347-d519-4a07-a54e-af3a6f334bad req-3d405347-d519-4a07-a54e-af3a6f334bad ] Request (ListImageFiltersTestJSON:setUpClass): 200 GET http://10.180.1.21/compute/v2.1/servers/f3128303-9b2c-4f14-9ea0-093f55ecb063 0.243s
2024-10-11 05:02:00.438 62810 INFO tempest.lib.common.rest_client [req-b733b503-81ff-4e2f-bef1-e04996b61cc5 req-b733b503-81ff-4e2f-bef1-e04996b61cc5 ] Request (ServersTestJSON:setUpClass): 200 GET http://10.180.1.21/compute/v2.1/servers/9b49513e-4c01-4664-be2c-6058a357b0db 0.199s
2024-10-11 05:02:00.474 62822 INFO tempest.lib.common.rest_client [req-908fa100-110d-4f0e-abb4-aaf58a6c3586 req-908fa100-110d-4f0e-abb4-aaf58a6c3586 ] Request (ServerRescueTestJSON:setUpClass): 200 GET http://10.180.1.21/compute/v2.1/servers/d526aa96-4007-45f8-8eee-9030bdb9f402 0.221s
2024-10-11 05:02:00.489 62842 INFO tempest.lib.common.rest_client [req-35f70584-7273-452a-aff8-8510a07f5447 req-35f70584-7273-452a-aff8-8510a07f5447 ] Request (AttachVolumeShelveTestJSON:test_attach_volume_shelved_or_offload_server): 200 GET http://10.180.1.21/compute/v2.1/servers/65e8971a-a149-4a11-92ad-7c5c8874530c 0.175s
2024-10-11 05:02:00.532 62836 INFO tempest.lib.common.rest_client [req-69f7e943-2b62-4708-88be-e2d04685f94f req-69f7e943-2b62-4708-88be-e2d04685f94f ] Request (ImagesTestJSON:test_create_image_from_stopped_server): 200 GET http://10.180.1.21/compute/v2.1/servers/b482dcca-ae32-425d-a097-f9af69785835 0.213s
2024-10-11 05:02:00.540 62814 INFO tempest.lib.common.rest_client [req-2d1cffec-5305-4717-aa26-022dd4defba3 req-2d1cffec-5305-4717-aa26-022dd4defba3 ] Request (MultipleCreateTestJSON:test_multiple_create): 200 GET http://10.180.1.21/compute/v2.1/servers/88cee397-bcbd-428c-b203-e5d9b6acbbb2 0.142s
2024-10-11 05:02:00.599 62828 INFO tempest.lib.common.rest_client [req-2d482103-f2ab-41e4-bffd-8512074f3701 req-2d482103-f2ab-41e4-bffd-8512074f3701 ] Request (ServersTestMultiNic:test_verify_duplicate_network_nics): 200 GET http://10.180.1.21/compute/v2.1/servers/d92dca09-0a42-4103-ac92-25b6b0fa3c32 0.198s
2024-10-11 05:02:00.601 62826 INFO tempest.lib.common.rest_client [req-eba07dd6-e0fd-4b4e-a1d3-52158745bca4 req-eba07dd6-e0fd-4b4e-a1d3-52158745bca4 ] Request (ServerRescueNegativeTestJSON:setUpClass): 201 POST http://10.180.1.21:9696/networking/v2.0/routers 1.005s
2024-10-11 05:02:00.602 62852 INFO tempest.lib.common.rest_client [req-b66ef925-f7bd-4a7d-97ed-3c1c99ecfc90 req-b66ef925-f7bd-4a7d-97ed-3c1c99ecfc90 ] Request (TenantUsagesTestJSON:setUpClass): 200 GET http://10.180.1.21/compute/v2.1/servers/2e1410c0-8aff-429c-8bbb-46d9bc01de32 0.149s
2024-10-11 05:02:00.675 62808 INFO tempest.lib.common.rest_client [req-cc137330-83e0-4d9a-842e-f3a29e60dfa6 req-cc137330-83e0-4d9a-842e-f3a29e60dfa6 ] Request (ServerActionsV293TestJSON:setUpClass): 200 GET http://10.180.1.21/compute/v2.1/servers/2ae701c0-3016-4635-8fe1-1e1c314fa748 0.152s
2024-10-11 05:02:00.675 62816 INFO tempest.lib.common.rest_client [req-c8a1c2eb-a85a-4ad9-a70a-091103ca67b7 req-c8a1c2eb-a85a-4ad9-a70a-091103ca67b7 ] Request (ServerPasswordTestJSON:setUpClass): 200 GET http://10.180.1.21/compute/v2.1/servers/49ba74b6-fbbe-442a-b3a1-00bdd4e046e5 0.135s
2024-10-11 05:02:00.763 62858 INFO tempest.lib.common.rest_client [req-df1a27ac-3866-4468-a1a0-6143f281b5a5 req-df1a27ac-3866-4468-a1a0-6143f281b5a5 ] Request (AttachInterfacesV270Test:test_create_get_list_interfaces): 200 GET http://10.180.1.21/compute/v2.1/servers/8e7dcc93-2079-4857-8f18-513958ef4e0a 0.152s
2024-10-11 05:02:00.817 62838 INFO tempest.lib.common.rest_client [req-37d6761f-6619-432e-b292-6c7821269b18 req-37d6761f-6619-432e-b292-6c7821269b18 ] Request (ImagesNegativeTestJSON:test_create_image_from_deleted_server): 200 GET http://10.180.1.21/compute/v2.1/servers/95348a45-f517-4e21-8969-57c978985984 0.070s
2024-10-11 05:02:00.838 62818 INFO tempest.lib.common.rest_client [req-1e4ec75e-2b57-479a-8fbb-16988375b279 req-1e4ec75e-2b57-479a-8fbb-16988375b279 ] Request (DeleteServersTestJSON:test_delete_server_while_in_attached_volume): 200 GET http://10.180.1.21/compute/v2.1/servers/2888fde6-8a1b-41ce-a482-cb99acd74a6e 0.064s
2024-10-11 05:02:00.926 62844 INFO tempest.lib.common.rest_client [req-17efbaea-cdcf-48a2-a6d4-e0533a9cd210 req-17efbaea-cdcf-48a2-a6d4-e0533a9cd210 ] Request (SecurityGroupsTestJSON:test_server_security_groups): 200 GET http://10.180.1.21/compute/v2.1/servers/f4dfa1c6-6c8b-4098-b3a2-9b229fc57bb0 0.061s
2024-10-11 05:02:00.994 62825 INFO tempest.lib.common.rest_client [req-c17b717a-55dd-460c-a64d-eccf80cd744d req-c17b717a-55dd-460c-a64d-eccf80cd744d ] Request (VolumesAdminNegativeTest:test_update_attached_volume_with_nonexistent_volume_in_uri): 200 GET http://10.180.1.21/compute/v2.1/servers/d65fbfe3-b1e9-48d9-88ba-209fdc264283 0.079s
2024-10-11 05:02:01.001 62820 INFO tempest.lib.common.rest_client [req-f15a881e-f757-483e-a916-1c04bf81869d req-f15a881e-f757-483e-a916-1c04bf81869d ] Request (ServerShowV254Test:tearDownClass): 200 GET http://10.180.1.21/compute/v2.1/servers/f4f7e2c9-229c-4547-b674-5a5219a28151 0.097s
2024-10-11 05:02:01.176 62832 INFO tempest.lib.common.rest_client [req-bdfea47a-02f5-4230-818e-b2840276a2cb req-bdfea47a-02f5-4230-818e-b2840276a2cb ] Request (ServersTestJSON:test_create_server_specify_multibyte_character_name): 200 GET http://10.180.1.21/compute/v2.1/servers/7c22d751-2aa8-4794-9fbb-3be5c1ac40f4 0.070s
2024-10-11 05:02:01.179 62840 INFO tempest.lib.common.rest_client [req-fdbb0813-79f3-410c-8c00-135c10f21da5 req-fdbb0813-79f3-410c-8c00-135c10f21da5 ] Request (ImagesOneServerNegativeTestJSON:setUpClass): 200 GET http://10.180.1.21/compute/v2.1/servers/f8db751a-c495-467c-ae32-addb4387346d 0.074s
2024-10-11 05:02:01.236 62848 INFO tempest.lib.common.rest_client [req-7fee8647-afe1-447a-a184-ca480fa43111 req-7fee8647-afe1-447a-a184-ca480fa43111 ] Request (ServerActionsTestOtherB:setUpClass): 200 GET http://10.180.1.21/compute/v2.1/servers/2236b710-2141-49a2-b3f5-9ed71090e1db 0.064s
2024-10-11 05:02:01.247 62830 INFO tempest.lib.common.rest_client [req-cc483aeb-3c39-4b19-9e52-3a922e561a6e req-cc483aeb-3c39-4b19-9e52-3a922e561a6e ] Request (ListServerFiltersTestJSON:setUpClass): 200 GET http://10.180.1.21/compute/v2.1/servers/b0038711-5d12-4909-b331-72acb5ed0d24 0.088s
2024-10-11 05:02:01.292 62834 INFO tempest.lib.common.rest_client [req-7612df74-08fa-4e46-9c05-f1e8e1056cdd req-7612df74-08fa-4e46-9c05-f1e8e1056cdd ] Request (InstanceActionsNegativeTestJSON:setUpClass): 200 GET http://10.180.1.21/compute/v2.1/servers/9274ce52-49af-48df-bcd1-269b8241d93f 0.089s
2024-10-11 05:02:01.308 62804 INFO tempest.lib.common.rest_client [req-0d722ca8-f831-480d-9538-aeedacabc6bb req-0d722ca8-f831-480d-9538-aeedacabc6bb ] Request (ServersTestFqdnHostnames:test_create_server_with_fqdn_name): 200 GET http://10.180.1.21/compute/v2.1/servers/a092fb50-c750-4b91-a94e-e11e9eb7faf5 0.086s
2024-10-11 05:02:01.342 62796 INFO tempest.lib.common.rest_client [req-4cf4b10a-c8bb-40f1-8405-79f752a4ff32 req-4cf4b10a-c8bb-40f1-8405-79f752a4ff32 ] Request (ServersTestManualDisk:setUpClass): 200 GET http://10.180.1.21/compute/v2.1/servers/d46bdbc6-e691-44b7-8e9c-3bedb1275e93 0.089s
2024-10-11 05:02:01.411 62846 INFO tempest.lib.common.rest_client [req-e2755a0a-fd07-4d16-addc-1d78d47ab89f req-e2755a0a-fd07-4d16-addc-1d78d47ab89f ] Request (MigrationsAdminTest:test_resize_server_revert_deleted_flavor): 200 GET http://10.180.1.21/compute/v2.1/servers/dca0a819-d11d-437e-9a4c-da4279a9d553 0.084s
2024-10-11 05:02:01.481 62806 INFO tempest.lib.common.rest_client [req-a1e607a3-cd8b-4e43-b16c-93f6e4f1e4f3 req-a1e607a3-cd8b-4e43-b16c-93f6e4f1e4f3 ] Request (DeleteServersAdminTestJSON:test_delete_server_while_in_error_state): 200 GET http://10.180.1.21/compute/v2.1/servers/4e7e1c74-10a8-4746-b6a6-56dfcc0c2d76 0.152s
2024-10-11 05:02:01.487 62806 INFO tempest.common.waiters [-] State transition "BUILD/scheduling" ==> "ERROR/None" after 76 second wait
2024-10-11 05:02:01.553 62798 INFO tempest.lib.common.rest_client [req-576a48ac-8534-4b1b-9590-977db7c8fa7b req-576a48ac-8534-4b1b-9590-977db7c8fa7b ] Request (ServersWithSpecificFlavorTestJSON:test_verify_created_server_ephemeral_disk): 200 GET http://10.180.1.21/compute/v2.1/servers/cecebc6a-25cc-4376-8467-2aa0f909c9bd 0.170s
2024-10-11 05:02:01.602 62802 INFO tempest.lib.common.rest_client [req-b62501eb-3db0-4b63-b1bb-fae9a79b32b6 req-b62501eb-3db0-4b63-b1bb-fae9a79b32b6 ] Request (ServerDiskConfigTestJSON:test_rebuild_server_with_auto_disk_config): 200 GET http://10.180.1.21/compute/v2.1/servers/290e15dc-4ee0-4595-8412-d610895aeb46 0.331s
2024-10-11 05:02:01.609 62802 INFO tempest.common.waiters [-] State transition "BUILD/networking" ==> "BUILD/block_device_mapping" after 74 second wait
2024-10-11 05:02:01.612 62850 INFO tempest.lib.common.rest_client [req-d792031f-4e97-4a37-9327-183568f704c6 req-d792031f-4e97-4a37-9327-183568f704c6 ] Request (ServerAddressesTestJSON:setUpClass): 200 GET http://10.180.1.21/compute/v2.1/servers/3e035ee1-a63a-46a6-84ca-4980e1185e03 0.220s
2024-10-11 05:02:01.665 62800 INFO tempest.lib.common.rest_client [req-69babb6c-b312-47e0-8d3d-328ed856552d req-69babb6c-b312-47e0-8d3d-328ed856552d ] Request (ListImageFiltersTestJSON:setUpClass): 200 GET http://10.180.1.21/compute/v2.1/servers/f3128303-9b2c-4f14-9ea0-093f55ecb063 0.223s
2024-10-11 05:02:01.681 62810 INFO tempest.lib.common.rest_client [req-2cfc3282-aaf9-4c45-a6c4-94d0afbf4dde req-2cfc3282-aaf9-4c45-a6c4-94d0afbf4dde ] Request (ServersTestJSON:setUpClass): 200 GET http://10.180.1.21/compute/v2.1/servers/9b49513e-4c01-4664-be2c-6058a357b0db 0.235s
2024-10-11 05:02:01.726 62822 INFO tempest.lib.common.rest_client [req-953661e7-47b8-4ff2-9272-48a98260fd81 req-953661e7-47b8-4ff2-9272-48a98260fd81 ] Request (ServerRescueTestJSON:setUpClass): 200 GET http://10.180.1.21/compute/v2.1/servers/d526aa96-4007-45f8-8eee-9030bdb9f402 0.244s
2024-10-11 05:02:01.797 62842 INFO tempest.lib.common.rest_client [req-87c382f4-c4fe-4dde-8d50-2f955ca19812 req-87c382f4-c4fe-4dde-8d50-2f955ca19812 ] Request (AttachVolumeShelveTestJSON:test_attach_volume_shelved_or_offload_server): 200 GET http://10.180.1.21/compute/v2.1/servers/65e8971a-a149-4a11-92ad-7c5c8874530c 0.300s
2024-10-11 05:02:01.866 62836 INFO tempest.lib.common.rest_client [req-e047fa2a-5b7e-4b9e-a892-208c4ae66eea req-e047fa2a-5b7e-4b9e-a892-208c4ae66eea ] Request (ImagesTestJSON:test_create_image_from_stopped_server): 200 GET http://10.180.1.21/compute/v2.1/servers/b482dcca-ae32-425d-a097-f9af69785835 0.319s
2024-10-11 05:02:01.894 62806 INFO tempest.lib.common.rest_client [req-545db488-c1dc-44c1-a3a4-d999cab8d374 req-545db488-c1dc-44c1-a3a4-d999cab8d374 ] Request (DeleteServersAdminTestJSON:test_delete_server_while_in_error_state): 204 DELETE http://10.180.1.21/compute/v2.1/servers/4e7e1c74-10a8-4746-b6a6-56dfcc0c2d76 0.407s
2024-10-11 05:02:01.925 62814 INFO tempest.lib.common.rest_client [req-0d788625-3f43-4c57-9f68-b346e69806ce req-0d788625-3f43-4c57-9f68-b346e69806ce ] Request (MultipleCreateTestJSON:test_multiple_create): 200 GET http://10.180.1.21/compute/v2.1/servers/88cee397-bcbd-428c-b203-e5d9b6acbbb2 0.376s
2024-10-11 05:02:01.960 62828 INFO tempest.lib.common.rest_client [req-13d5b4ff-ec64-4368-be4d-2da816014a26 req-13d5b4ff-ec64-4368-be4d-2da816014a26 ] Request (ServersTestMultiNic:test_verify_duplicate_network_nics): 200 GET http://10.180.1.21/compute/v2.1/servers/d92dca09-0a42-4103-ac92-25b6b0fa3c32 0.351s
2024-10-11 05:02:01.986 62852 INFO tempest.lib.common.rest_client [req-118c336e-29ec-43ba-8a90-69dacc7d63fa req-118c336e-29ec-43ba-8a90-69dacc7d63fa ] Request (TenantUsagesTestJSON:setUpClass): 200 GET http://10.180.1.21/compute/v2.1/servers/2e1410c0-8aff-429c-8bbb-46d9bc01de32 0.375s
2024-10-11 05:02:02.015 62816 INFO tempest.lib.common.rest_client [req-46b01ea3-fe34-493d-9d01-5540c12187e6 req-46b01ea3-fe34-493d-9d01-5540c12187e6 ] Request (ServerPasswordTestJSON:setUpClass): 200 GET http://10.180.1.21/compute/v2.1/servers/49ba74b6-fbbe-442a-b3a1-00bdd4e046e5 0.333s
2024-10-11 05:02:02.050 62808 INFO tempest.lib.common.rest_client [req-396bfdf8-d0dd-4a1e-95f1-7939aae7da7c req-396bfdf8-d0dd-4a1e-95f1-7939aae7da7c ] Request (ServerActionsV293TestJSON:setUpClass): 200 GET http://10.180.1.21/compute/v2.1/servers/2ae701c0-3016-4635-8fe1-1e1c314fa748 0.363s
2024-10-11 05:02:02.079 62858 INFO tempest.lib.common.rest_client [req-51b76563-918a-4057-8ca6-ba4c8341df76 req-51b76563-918a-4057-8ca6-ba4c8341df76 ] Request (AttachInterfacesV270Test:test_create_get_list_interfaces): 200 GET http://10.180.1.21/compute/v2.1/servers/8e7dcc93-2079-4857-8f18-513958ef4e0a 0.305s
2024-10-11 05:02:02.109 62838 INFO tempest.lib.common.rest_client [req-924e503a-f16d-4111-a375-696e805db396 req-924e503a-f16d-4111-a375-696e805db396 ] Request (ImagesNegativeTestJSON:test_create_image_from_deleted_server): 200 GET http://10.180.1.21/compute/v2.1/servers/95348a45-f517-4e21-8969-57c978985984 0.280s
2024-10-11 05:02:02.129 62806 INFO tempest.lib.common.rest_client [req-d42c2464-c983-4c68-8863-4ee39c237007 req-d42c2464-c983-4c68-8863-4ee39c237007 ] Request (DeleteServersAdminTestJSON:test_delete_server_while_in_error_state): 404 GET http://10.180.1.21/compute/v2.1/servers/4e7e1c74-10a8-4746-b6a6-56dfcc0c2d76 0.234s
2024-10-11 05:02:02.139 62818 INFO tempest.lib.common.rest_client [req-aa6ec859-d767-4009-9692-1cdac429e2da req-aa6ec859-d767-4009-9692-1cdac429e2da ] Request (DeleteServersTestJSON:test_delete_server_while_in_attached_volume): 200 GET http://10.180.1.21/compute/v2.1/servers/2888fde6-8a1b-41ce-a482-cb99acd74a6e 0.294s
2024-10-11 05:02:02.204 62844 INFO tempest.lib.common.rest_client [req-a4bc9dc9-5a82-4f14-8fce-7fa8ee92ac46 req-a4bc9dc9-5a82-4f14-8fce-7fa8ee92ac46 ] Request (SecurityGroupsTestJSON:test_server_security_groups): 200 GET http://10.180.1.21/compute/v2.1/servers/f4dfa1c6-6c8b-4098-b3a2-9b229fc57bb0 0.267s
2024-10-11 05:02:02.207 62806 INFO tempest.lib.common.rest_client [req-49920b8b-9da1-476c-a532-74ef1890f150 req-49920b8b-9da1-476c-a532-74ef1890f150 ] Request (DeleteServersAdminTestJSON:tearDownClass): 204 DELETE http://10.180.1.21/identity/v3/users/36729b6b4df2408f98374f00a6b34e96 0.075s
2024-10-11 05:02:02.210 62825 INFO tempest.lib.common.rest_client [req-680f77df-65d2-4480-bd02-e32f0550aabd req-680f77df-65d2-4480-bd02-e32f0550aabd ] Request (VolumesAdminNegativeTest:test_update_attached_volume_with_nonexistent_volume_in_uri): 200 GET http://10.180.1.21/compute/v2.1/servers/d65fbfe3-b1e9-48d9-88ba-209fdc264283 0.209s
2024-10-11 05:02:02.223 62820 INFO tempest.lib.common.rest_client [req-8fef9993-97a6-435b-81ec-ffb87b5d37f1 req-8fef9993-97a6-435b-81ec-ffb87b5d37f1 ] Request (ServerShowV254Test:tearDownClass): 404 GET http://10.180.1.21/compute/v2.1/servers/f4f7e2c9-229c-4547-b674-5a5219a28151 0.206s
2024-10-11 05:02:02.272 62832 INFO tempest.lib.common.rest_client [req-288a0018-d14b-4945-ba49-4bb96081bf3d req-288a0018-d14b-4945-ba49-4bb96081bf3d ] Request (ServersTestJSON:test_create_server_specify_multibyte_character_name): 200 GET http://10.180.1.21/compute/v2.1/servers/7c22d751-2aa8-4794-9fbb-3be5c1ac40f4 0.085s
2024-10-11 05:02:02.288 62840 INFO tempest.lib.common.rest_client [req-9a7331c4-13e1-4951-88ec-9b0b11289272 req-9a7331c4-13e1-4951-88ec-9b0b11289272 ] Request (ImagesOneServerNegativeTestJSON:setUpClass): 200 GET http://10.180.1.21/compute/v2.1/servers/f8db751a-c495-467c-ae32-addb4387346d 0.099s
2024-10-11 05:02:02.316 62806 INFO tempest.lib.common.rest_client [req-9fd5ecfb-e296-4c9f-b744-a3b4c151d4cb req-9fd5ecfb-e296-4c9f-b744-a3b4c151d4cb ] Request (DeleteServersAdminTestJSON:tearDownClass): 204 DELETE http://10.180.1.21/identity/v3/users/439d2e846d2c44d18f6fc9edb83b7ded 0.109s
2024-10-11 05:02:02.317 62806 INFO tempest.lib.common.dynamic_creds [-] Deleting project and security group for project: 6fe8caf3ba314e8cac9ffe6cf289c2a3
2024-10-11 05:02:02.323 62820 INFO tempest.lib.common.rest_client [req-1fbf268a-c706-42fb-a75d-8c818bf4777b req-1fbf268a-c706-42fb-a75d-8c818bf4777b ] Request (ServerShowV254Test:tearDownClass): 204 DELETE http://10.180.1.21/identity/v3/users/12eced74cffb4c1ebb254af12372c34c 0.099s
2024-10-11 05:02:02.323 62820 INFO tempest.lib.common.dynamic_creds [-] Deleting project and security group for project: 19e15f21b11341ff9c22912ed08edfef
2024-10-11 05:02:02.367 62806 INFO tempest.lib.common.rest_client [req-82555a5c-1dd7-4e0c-bfbf-5e01c15e4759 req-82555a5c-1dd7-4e0c-bfbf-5e01c15e4759 ] Request (DeleteServersAdminTestJSON:tearDownClass): 201 POST http://10.180.1.21/identity/v3/auth/tokens 0.050s
2024-10-11 05:02:02.372 62820 INFO tempest.lib.common.rest_client [req-862832bc-2b3e-4e00-9cc5-492734b996e1 req-862832bc-2b3e-4e00-9cc5-492734b996e1 ] Request (ServerShowV254Test:tearDownClass): 201 POST http://10.180.1.21/identity/v3/auth/tokens 0.049s
2024-10-11 05:02:02.484 62830 INFO tempest.lib.common.rest_client [req-b11c1b04-af5d-4d29-9ab8-906d4bf9640e req-b11c1b04-af5d-4d29-9ab8-906d4bf9640e ] Request (ListServerFiltersTestJSON:setUpClass): 200 GET http://10.180.1.21/compute/v2.1/servers/b0038711-5d12-4909-b331-72acb5ed0d24 0.231s
2024-10-11 05:02:02.490 62848 INFO tempest.lib.common.rest_client [req-513f59e3-f74a-49e8-8359-42e0c2406a0b req-513f59e3-f74a-49e8-8359-42e0c2406a0b ] Request (ServerActionsTestOtherB:setUpClass): 200 GET http://10.180.1.21/compute/v2.1/servers/2236b710-2141-49a2-b3f5-9ed71090e1db 0.246s
2024-10-11 05:02:02.501 62848 INFO tempest.common.waiters [-] State transition "BUILD/scheduling" ==> "BUILD/None" after 63 second wait
2024-10-11 05:02:02.516 62826 INFO tempest.lib.common.rest_client [req-503ae084-b989-4019-a908-cd204ee02826 req-503ae084-b989-4019-a908-cd204ee02826 ] Request (ServerRescueNegativeTestJSON:setUpClass): 200 PUT http://10.180.1.21:9696/networking/v2.0/routers/f57c7a83-50d6-4e2a-8d9a-25489556f0e8/add_router_interface 1.914s
2024-10-11 05:02:02.516 62826 INFO tempest.lib.common.dynamic_creds [-] Created isolated network resources for: credentials: Credentials: {'domain_id': 'default', 'domain_name': 'Default', 'username': 'tempest-ServerRescueNegativeTestJSON-687222775-project-member', 'project_domain_id': 'default', 'project_domain_name': 'Default', 'project_id': '0b9d93976e6045c288ad6b152304ef72', 'project_name': 'tempest-ServerRescueNegativeTestJSON-687222775', 'tenant_id': '0b9d93976e6045c288ad6b152304ef72', 'tenant_name': 'tempest-ServerRescueNegativeTestJSON-687222775', 'user_domain_id': 'default', 'user_domain_name': 'Default', 'user_id': 'dd3a894e5784481eaff0fdd0fa414cee', 'system': None}, Network: {'id': 'dfbb553a-59d4-49c9-ac3d-0fd979b5df7e', 'name': 'tempest-ServerRescueNegativeTestJSON-682588595-network', 'tenant_id': '0b9d93976e6045c288ad6b152304ef72', 'admin_state_up': True, 'mtu': 8950, 'status': 'ACTIVE', 'subnets': [], 'shared': False, 'project_id': '0b9d93976e6045c288ad6b152304ef72', 'port_security_enabled': True, 'router:external': False, 'provider:network_type': 'vlan', 'provider:physical_network': 'default', 'provider:segmentation_id': 154, 'is_default': False, 'availability_zone_hints': [], 'availability_zones': [], 'ipv4_address_scope': None, 'ipv6_address_scope': None, 'description': '', 'tags': [], 'created_at': '2024-10-11T05:01:59Z', 'updated_at': '2024-10-11T05:01:59Z', 'revision_number': 1}, Subnet: {'id': '0f588815-3aa1-425c-a7b0-9b8fb71390b3', 'name': 'tempest-ServerRescueNegativeTestJSON-682588595-subnet', 'tenant_id': '0b9d93976e6045c288ad6b152304ef72', 'network_id': 'dfbb553a-59d4-49c9-ac3d-0fd979b5df7e', 'ip_version': 4, 'subnetpool_id': None, 'enable_dhcp': True, 'ipv6_ra_mode': None, 'ipv6_address_mode': None, 'gateway_ip': '192.168.128.1', 'cidr': '192.168.128.0/28', 'allocation_pools': [{'start': '192.168.128.2', 'end': '192.168.128.14'}], 'host_routes': [], 'dns_nameservers': [], 'description': '', 'router:external': False, 'service_types': [], 'tags': [], 'created_at': '2024-10-11T05:01:59Z', 'updated_at': '2024-10-11T05:01:59Z', 'revision_number': 0, 'project_id': '0b9d93976e6045c288ad6b152304ef72'}, Router: {'id': 'f57c7a83-50d6-4e2a-8d9a-25489556f0e8', 'name': 'tempest-ServerRescueNegativeTestJSON-682588595-router', 'tenant_id': '0b9d93976e6045c288ad6b152304ef72', 'admin_state_up': True, 'status': 'ACTIVE', 'external_gateway_info': {'network_id': '8f883b1b-8068-4cb0-97f7-123a2fd695db', 'external_fixed_ips': [{'subnet_id': '2dd4f139-32ca-429b-9800-036d50ed596c', 'ip_address': '10.180.180.176'}], 'enable_snat': True}, 'description': '', 'availability_zones': [], 'distributed': False, 'ha': False, 'availability_zone_hints': [], 'routes': [], 'flavor_id': None, 'tags': [], 'created_at': '2024-10-11T05:01:59Z', 'updated_at': '2024-10-11T05:02:00Z', 'revision_number': 2, 'project_id': '0b9d93976e6045c288ad6b152304ef72'}
2024-10-11 05:02:02.544 62834 INFO tempest.lib.common.rest_client [req-28f483c4-1632-40c0-80bf-370e7089c7b0 req-28f483c4-1632-40c0-80bf-370e7089c7b0 ] Request (InstanceActionsNegativeTestJSON:setUpClass): 200 GET http://10.180.1.21/compute/v2.1/servers/9274ce52-49af-48df-bcd1-269b8241d93f 0.245s
2024-10-11 05:02:02.559 62804 INFO tempest.lib.common.rest_client [req-48f6a801-6204-40cb-83dc-54d4449be644 req-48f6a801-6204-40cb-83dc-54d4449be644 ] Request (ServersTestFqdnHostnames:test_create_server_with_fqdn_name): 200 GET http://10.180.1.21/compute/v2.1/servers/a092fb50-c750-4b91-a94e-e11e9eb7faf5 0.244s
2024-10-11 05:02:02.590 62826 INFO tempest.lib.common.rest_client [req-9c526680-84d0-4cda-a4ef-7560d2f43e84 req-9c526680-84d0-4cda-a4ef-7560d2f43e84 ] Request (ServerRescueNegativeTestJSON:setUpClass): 201 POST http://10.180.1.21/identity/v3/auth/tokens 0.070s
2024-10-11 05:02:02.595 62806 INFO tempest.lib.common.rest_client [req-1ba015e8-44ff-4e3e-b258-b84d7f0f8455 req-1ba015e8-44ff-4e3e-b258-b84d7f0f8455 ] Request (DeleteServersAdminTestJSON:tearDownClass): 200 GET http://10.180.1.21:9696/networking/v2.0/security-groups?tenant_id=6fe8caf3ba314e8cac9ffe6cf289c2a3&name=default 0.228s
2024-10-11 05:02:02.603 62796 INFO tempest.lib.common.rest_client [req-968ee3ae-35c9-4698-8706-1642cebe4d16 req-968ee3ae-35c9-4698-8706-1642cebe4d16 ] Request (ServersTestManualDisk:setUpClass): 200 GET http://10.180.1.21/compute/v2.1/servers/d46bdbc6-e691-44b7-8e9c-3bedb1275e93 0.250s
2024-10-11 05:02:02.619 62846 INFO tempest.lib.common.rest_client [req-dc92ef02-2f7c-4019-b39f-359dbf606427 req-dc92ef02-2f7c-4019-b39f-359dbf606427 ] Request (MigrationsAdminTest:test_resize_server_revert_deleted_flavor): 200 GET http://10.180.1.21/compute/v2.1/servers/dca0a819-d11d-437e-9a4c-da4279a9d553 0.200s
2024-10-11 05:02:02.620 62826 INFO tempest.lib.common.rest_client [req-12352d56-c8fc-4439-be3c-f6645610dc18 req-12352d56-c8fc-4439-be3c-f6645610dc18 ] Request (ServerRescueNegativeTestJSON:setUpClass): 201 POST http://10.180.1.21/identity/v3/auth/tokens 0.025s
2024-10-11 05:02:02.620 62826 INFO tempest.lib.common.fixed_network [-] (ServerRescueNegativeTestJSON:setUpClass) Found network {'id': 'dfbb553a-59d4-49c9-ac3d-0fd979b5df7e', 'name': 'tempest-ServerRescueNegativeTestJSON-682588595-network', 'tenant_id': '0b9d93976e6045c288ad6b152304ef72', 'admin_state_up': True, 'mtu': 8950, 'status': 'ACTIVE', 'subnets': [], 'shared': False, 'project_id': '0b9d93976e6045c288ad6b152304ef72', 'port_security_enabled': True, 'router:external': False, 'provider:network_type': 'vlan', 'provider:physical_network': 'default', 'provider:segmentation_id': 154, 'is_default': False, 'availability_zone_hints': [], 'availability_zones': [], 'ipv4_address_scope': None, 'ipv6_address_scope': None, 'description': '', 'tags': [], 'created_at': '2024-10-11T05:01:59Z', 'updated_at': '2024-10-11T05:01:59Z', 'revision_number': 1} available for tenant
2024-10-11 05:02:02.651 62820 INFO tempest.lib.common.rest_client [req-8197415d-d16b-4af3-8df3-2284964ac393 req-8197415d-d16b-4af3-8df3-2284964ac393 ] Request (ServerShowV254Test:tearDownClass): 200 GET http://10.180.1.21:9696/networking/v2.0/security-groups?tenant_id=19e15f21b11341ff9c22912ed08edfef&name=default 0.278s
2024-10-11 05:02:02.672 62798 INFO tempest.lib.common.rest_client [req-5f56b597-fba6-496d-b229-b7d86a0accac req-5f56b597-fba6-496d-b229-b7d86a0accac ] Request (ServersWithSpecificFlavorTestJSON:test_verify_created_server_ephemeral_disk): 200 GET http://10.180.1.21/compute/v2.1/servers/cecebc6a-25cc-4376-8467-2aa0f909c9bd 0.113s
2024-10-11 05:02:02.720 62806 INFO tempest.lib.common.rest_client [req-cfdda850-130c-48fd-b911-2d1cef7b493f req-cfdda850-130c-48fd-b911-2d1cef7b493f ] Request (DeleteServersAdminTestJSON:tearDownClass): 204 DELETE http://10.180.1.21:9696/networking/v2.0/security-groups/042aa9f6-8045-4bb1-9b3c-4bfa30041f55 0.124s
2024-10-11 05:02:02.745 62850 INFO tempest.lib.common.rest_client [req-56177936-56d0-44a3-9159-6328be322b8b req-56177936-56d0-44a3-9159-6328be322b8b ] Request (ServerAddressesTestJSON:setUpClass): 200 GET http://10.180.1.21/compute/v2.1/servers/3e035ee1-a63a-46a6-84ca-4980e1185e03 0.123s
2024-10-11 05:02:02.790 62806 INFO tempest.lib.common.rest_client [req-44504686-eb36-4d1d-a51e-c02ddee244eb req-44504686-eb36-4d1d-a51e-c02ddee244eb ] Request (DeleteServersAdminTestJSON:tearDownClass): 204 DELETE http://10.180.1.21/identity/v3/projects/6fe8caf3ba314e8cac9ffe6cf289c2a3 0.069s
2024-10-11 05:02:02.790 62806 INFO tempest.lib.common.dynamic_creds [-] Deleting project and security group for project: 3ab6d633c1cd4abaa63566ab5a0b2429
2024-10-11 05:02:02.814 62802 INFO tempest.lib.common.rest_client [req-9fd10c9e-99d9-469c-9921-eba9d85f0c72 req-9fd10c9e-99d9-469c-9921-eba9d85f0c72 ] Request (ServerDiskConfigTestJSON:test_rebuild_server_with_auto_disk_config): 200 GET http://10.180.1.21/compute/v2.1/servers/290e15dc-4ee0-4595-8412-d610895aeb46 0.204s
2024-10-11 05:02:02.820 62802 INFO tempest.common.waiters [-] State transition "BUILD/block_device_mapping" ==> "BUILD/spawning" after 75 second wait
2024-10-11 05:02:02.835 62806 INFO tempest.lib.common.rest_client [req-fe553e06-c8fb-4a18-ac40-a837ded3a36f req-fe553e06-c8fb-4a18-ac40-a837ded3a36f ] Request (DeleteServersAdminTestJSON:tearDownClass): 200 GET http://10.180.1.21:9696/networking/v2.0/security-groups?tenant_id=3ab6d633c1cd4abaa63566ab5a0b2429&name=default 0.044s
2024-10-11 05:02:02.878 62820 INFO tempest.lib.common.rest_client [req-8ec719a6-5438-4a40-bada-ee9e58f47793 req-8ec719a6-5438-4a40-bada-ee9e58f47793 ] Request (ServerShowV254Test:tearDownClass): 204 DELETE http://10.180.1.21:9696/networking/v2.0/security-groups/4f3906d9-3127-41da-89ca-a7a95af1516d 0.227s
2024-10-11 05:02:02.882 62800 INFO tempest.lib.common.rest_client [req-acc005a9-296f-4917-9ca3-cfd017845811 req-acc005a9-296f-4917-9ca3-cfd017845811 ] Request (ListImageFiltersTestJSON:setUpClass): 200 GET http://10.180.1.21/compute/v2.1/servers/f3128303-9b2c-4f14-9ea0-093f55ecb063 0.207s
2024-10-11 05:02:02.920 62806 INFO tempest.lib.common.rest_client [req-8739d245-bebb-416d-9a50-0534158b6394 req-8739d245-bebb-416d-9a50-0534158b6394 ] Request (DeleteServersAdminTestJSON:tearDownClass): 204 DELETE http://10.180.1.21:9696/networking/v2.0/security-groups/5d05e37e-ff6e-4b6d-90ce-7d410be9f027 0.084s
2024-10-11 05:02:02.941 62810 INFO tempest.lib.common.rest_client [req-d0b97a1a-e574-4f9e-9c62-2e6119060987 req-d0b97a1a-e574-4f9e-9c62-2e6119060987 ] Request (ServersTestJSON:setUpClass): 200 GET http://10.180.1.21/compute/v2.1/servers/9b49513e-4c01-4664-be2c-6058a357b0db 0.253s
2024-10-11 05:02:02.965 62820 INFO tempest.lib.common.rest_client [req-07c246b3-e5bf-43c5-a12c-7363287fd89e req-07c246b3-e5bf-43c5-a12c-7363287fd89e ] Request (ServerShowV254Test:tearDownClass): 204 DELETE http://10.180.1.21/identity/v3/projects/19e15f21b11341ff9c22912ed08edfef 0.086s
2024-10-11 05:02:02.989 62806 INFO tempest.lib.common.rest_client [req-20dc2065-6d6b-42f0-a065-81091859f7cf req-20dc2065-6d6b-42f0-a065-81091859f7cf ] Request (DeleteServersAdminTestJSON:tearDownClass): 204 DELETE http://10.180.1.21/identity/v3/projects/3ab6d633c1cd4abaa63566ab5a0b2429 0.069s
2024-10-11 05:02:02.991 62806 INFO tempest.test [-] raised in LiveMigrationNegativeTest.setUpClass. Invoking tearDownClass.
2024-10-11 05:02:03.007 62822 INFO tempest.lib.common.rest_client [req-3813d148-44e3-4372-94c3-832d8c2e8b23 req-3813d148-44e3-4372-94c3-832d8c2e8b23 ] Request (ServerRescueTestJSON:setUpClass): 200 GET http://10.180.1.21/compute/v2.1/servers/d526aa96-4007-45f8-8eee-9030bdb9f402 0.274s
2024-10-11 05:02:03.025 62820 INFO tempest.lib.common.rest_client [req-ae8c04c8-803f-4f3c-83f7-7553cfb04978 req-ae8c04c8-803f-4f3c-83f7-7553cfb04978 ] Request (TestVersions:setUpClass): 201 POST http://10.180.1.21/identity/v3/auth/tokens 0.058s
2024-10-11 05:02:03.029 62806 INFO tempest.lib.common.rest_client [req-8f99ce38-757e-42ec-b4ff-dae0ab565454 req-8f99ce38-757e-42ec-b4ff-dae0ab565454 ] Request (ImagesOneServerTestJSON:setUpClass): 201 POST http://10.180.1.21/identity/v3/auth/tokens 0.033s
2024-10-11 05:02:03.054 62820 INFO tempest.lib.common.rest_client [req-ae492b6b-15ae-4639-99a8-7a56bcb8307d req-ae492b6b-15ae-4639-99a8-7a56bcb8307d ] Request (TestVersions:setUpClass): 201 POST http://10.180.1.21/identity/v3/auth/tokens 0.026s
2024-10-11 05:02:03.061 62806 INFO tempest.lib.common.rest_client [req-a1f383c8-ef29-4e59-8b2f-9594655603b2 req-a1f383c8-ef29-4e59-8b2f-9594655603b2 ] Request (ImagesOneServerTestJSON:setUpClass): 201 POST http://10.180.1.21/identity/v3/auth/tokens 0.027s
2024-10-11 05:02:03.072 62820 INFO tempest.lib.common.rest_client [req-c0196214-6c21-41a0-87d2-86d964e5776d req-c0196214-6c21-41a0-87d2-86d964e5776d ] Request (TestVersions:setUpClass): 200 GET http://10.180.1.21/identity/v3/domains?name=Default 0.017s
2024-10-11 05:02:03.075 62842 INFO tempest.lib.common.rest_client [req-aaebd176-fd05-44b1-a628-e0d933ea5e86 req-aaebd176-fd05-44b1-a628-e0d933ea5e86 ] Request (AttachVolumeShelveTestJSON:test_attach_volume_shelved_or_offload_server): 200 GET http://10.180.1.21/compute/v2.1/servers/65e8971a-a149-4a11-92ad-7c5c8874530c 0.268s
2024-10-11 05:02:03.079 62806 INFO tempest.lib.common.rest_client [req-ec257da1-f692-4e9e-b9bd-fe7cc6553a0f req-ec257da1-f692-4e9e-b9bd-fe7cc6553a0f ] Request (ImagesOneServerTestJSON:setUpClass): 200 GET http://10.180.1.21/identity/v3/domains?name=Default 0.018s
2024-10-11 05:02:03.104 62820 INFO tempest.lib.common.rest_client [req-3f0ebd9e-f77b-46e4-99ce-a7c8c98f77aa req-3f0ebd9e-f77b-46e4-99ce-a7c8c98f77aa ] Request (TestVersions:setUpClass): 201 POST http://10.180.1.21/identity/v3/projects 0.032s
2024-10-11 05:02:03.108 62806 INFO tempest.lib.common.rest_client [req-8dcd93ad-e313-48f2-8d1d-af069046a44e req-8dcd93ad-e313-48f2-8d1d-af069046a44e ] Request (ImagesOneServerTestJSON:setUpClass): 201 POST http://10.180.1.21/identity/v3/projects 0.028s
2024-10-11 05:02:03.147 62836 INFO tempest.lib.common.rest_client [req-81f36e82-f03f-4853-9c98-ebd2b3914a00 req-81f36e82-f03f-4853-9c98-ebd2b3914a00 ] Request (ImagesTestJSON:test_create_image_from_stopped_server): 200 GET http://10.180.1.21/compute/v2.1/servers/b482dcca-ae32-425d-a097-f9af69785835 0.273s
2024-10-11 05:02:03.159 62806 INFO tempest.lib.common.rest_client [req-702b63b4-1266-46ae-85f8-4aa300850a34 req-702b63b4-1266-46ae-85f8-4aa300850a34 ] Request (ImagesOneServerTestJSON:setUpClass): 201 POST http://10.180.1.21/identity/v3/users 0.050s
