2024-10-11 05:01:53.382 62856 INFO tempest.lib.common.rest_client [req-e164acb2-a00f-427d-aa82-34192f478a8b req-e164acb2-a00f-427d-aa82-34192f478a8b ] Request (ServerAddressesNegativeTestJSON:setUpClass): 200 GET http://10.180.1.21/compute/v2.1/servers/5a1f074f-8e43-42f9-864d-976cdaa4639c 0.175s
2024-10-11 05:01:53.388 62840 INFO tempest.lib.common.rest_client [req-6e4d243e-c9d0-4fc1-815a-3c3e56e91bec req-6e4d243e-c9d0-4fc1-815a-3c3e56e91bec ] Request (ImagesOneServerNegativeTestJSON:setUpClass): 200 GET http://10.180.1.21/compute/v2.1/servers/f8db751a-c495-467c-ae32-addb4387346d 0.138s
2024-10-11 05:01:53.393 62856 INFO tempest.common.waiters [-] State transition "BUILD/spawning" ==> "ERROR/None" after 72 second wait
2024-10-11 05:01:53.420 62830 INFO tempest.lib.common.rest_client [req-f8b0e4b3-754f-42b2-9398-5046dd89f7ee req-f8b0e4b3-754f-42b2-9398-5046dd89f7ee ] Request (ListServerFiltersTestJSON:setUpClass): 200 GET http://10.180.1.21/compute/v2.1/servers/b0038711-5d12-4909-b331-72acb5ed0d24 0.128s
2024-10-11 05:01:53.433 62848 INFO tempest.lib.common.rest_client [req-d74b1153-fb5f-461f-830f-fa4e27ce779b req-d74b1153-fb5f-461f-830f-fa4e27ce779b ] Request (ServerActionsTestOtherB:setUpClass): 200 GET http://10.180.1.21/compute/v2.1/servers/2236b710-2141-49a2-b3f5-9ed71090e1db 0.134s
2024-10-11 05:01:53.466 62834 INFO tempest.lib.common.rest_client [req-f9740304-5d64-4724-931f-038ebf8b1288 req-f9740304-5d64-4724-931f-038ebf8b1288 ] Request (InstanceActionsNegativeTestJSON:setUpClass): 200 GET http://10.180.1.21/compute/v2.1/servers/9274ce52-49af-48df-bcd1-269b8241d93f 0.121s
2024-10-11 05:01:53.481 62804 INFO tempest.lib.common.rest_client [req-f4168087-c1de-4ee5-b1ce-3fb4ab54f9ca req-f4168087-c1de-4ee5-b1ce-3fb4ab54f9ca ] Request (ServersTestFqdnHostnames:test_create_server_with_fqdn_name): 200 GET http://10.180.1.21/compute/v2.1/servers/a092fb50-c750-4b91-a94e-e11e9eb7faf5 0.094s
2024-10-11 05:01:53.524 62796 INFO tempest.lib.common.rest_client [req-06b60969-37f8-4625-b14f-2788eb75a750 req-06b60969-37f8-4625-b14f-2788eb75a750 ] Request (ServersTestManualDisk:setUpClass): 200 GET http://10.180.1.21/compute/v2.1/servers/d46bdbc6-e691-44b7-8e9c-3bedb1275e93 0.097s
2024-10-11 05:01:53.567 62802 INFO tempest.lib.common.rest_client [req-86de9ed6-0f8f-4032-99b5-57fda0131ac6 req-86de9ed6-0f8f-4032-99b5-57fda0131ac6 ] Request (ServerDiskConfigTestJSON:test_rebuild_server_with_auto_disk_config): 200 GET http://10.180.1.21/compute/v2.1/servers/290e15dc-4ee0-4595-8412-d610895aeb46 0.091s
2024-10-11 05:01:53.610 62846 INFO tempest.lib.common.rest_client [req-05e7d979-21ab-418d-8c75-c7c017b3bfd8 req-05e7d979-21ab-418d-8c75-c7c017b3bfd8 ] Request (MigrationsAdminTest:test_resize_server_revert_deleted_flavor): 200 GET http://10.180.1.21/compute/v2.1/servers/dca0a819-d11d-437e-9a4c-da4279a9d553 0.132s
2024-10-11 05:01:53.617 62856 INFO tempest.lib.common.rest_client [req-5f8689fc-54f3-4f06-97fa-1a59016a9dbd req-5f8689fc-54f3-4f06-97fa-1a59016a9dbd ] Request (ServerAddressesNegativeTestJSON:setUpClass): 204 DELETE http://10.180.1.21/compute/v2.1/servers/5a1f074f-8e43-42f9-864d-976cdaa4639c 0.224s
2024-10-11 05:01:53.664 62806 INFO tempest.lib.common.rest_client [req-e8f830fb-5596-4fc5-8fa1-4da49592a914 req-e8f830fb-5596-4fc5-8fa1-4da49592a914 ] Request (DeleteServersAdminTestJSON:test_delete_server_while_in_error_state): 200 GET http://10.180.1.21/compute/v2.1/servers/4e7e1c74-10a8-4746-b6a6-56dfcc0c2d76 0.136s
2024-10-11 05:01:53.668 62850 INFO tempest.lib.common.rest_client [req-bb09ac65-983e-40cf-b5bd-b6dd4bd968cb req-bb09ac65-983e-40cf-b5bd-b6dd4bd968cb ] Request (ServerAddressesTestJSON:setUpClass): 200 GET http://10.180.1.21/compute/v2.1/servers/3e035ee1-a63a-46a6-84ca-4980e1185e03 0.135s
2024-10-11 05:01:53.718 62798 INFO tempest.lib.common.rest_client [req-b7a64c48-b930-47a6-8f84-f75eade64f1e req-b7a64c48-b930-47a6-8f84-f75eade64f1e ] Request (ServersWithSpecificFlavorTestJSON:test_verify_created_server_ephemeral_disk): 200 GET http://10.180.1.21/compute/v2.1/servers/cecebc6a-25cc-4376-8467-2aa0f909c9bd 0.128s
2024-10-11 05:01:53.719 62800 INFO tempest.lib.common.rest_client [req-6113a33d-922a-428a-ac37-bdb314e9f992 req-6113a33d-922a-428a-ac37-bdb314e9f992 ] Request (ListImageFiltersTestJSON:setUpClass): 200 GET http://10.180.1.21/compute/v2.1/servers/f3128303-9b2c-4f14-9ea0-093f55ecb063 0.123s
2024-10-11 05:01:53.735 62856 INFO tempest.lib.common.rest_client [req-0b2a1634-6b29-49e4-8f9f-dbc0e0a746ad req-0b2a1634-6b29-49e4-8f9f-dbc0e0a746ad ] Request (ServerAddressesNegativeTestJSON:setUpClass): 404 GET http://10.180.1.21/compute/v2.1/servers/5a1f074f-8e43-42f9-864d-976cdaa4639c 0.117s
2024-10-11 05:01:53.736 62856 INFO tempest.test [-] raised in ServerAddressesNegativeTestJSON.setUpClass. Invoking tearDownClass.
2024-10-11 05:01:53.776 62810 INFO tempest.lib.common.rest_client [req-7b6ea10c-3212-4b7e-88b1-3f8f9c32ad86 req-7b6ea10c-3212-4b7e-88b1-3f8f9c32ad86 ] Request (ServersTestJSON:setUpClass): 200 GET http://10.180.1.21/compute/v2.1/servers/9b49513e-4c01-4664-be2c-6058a357b0db 0.129s
2024-10-11 05:01:53.784 62822 INFO tempest.lib.common.rest_client [req-0934054c-7bab-47a6-afad-3b37149991ca req-0934054c-7bab-47a6-afad-3b37149991ca ] Request (ServerRescueTestJSON:setUpClass): 200 GET http://10.180.1.21/compute/v2.1/servers/d526aa96-4007-45f8-8eee-9030bdb9f402 0.086s
2024-10-11 05:01:53.830 62842 INFO tempest.lib.common.rest_client [req-a4da3e49-298b-49a6-ae60-27a8a841630f req-a4da3e49-298b-49a6-ae60-27a8a841630f ] Request (AttachVolumeShelveTestJSON:test_attach_volume_shelved_or_offload_server): 200 GET http://10.180.1.21/compute/v2.1/servers/65e8971a-a149-4a11-92ad-7c5c8874530c 0.078s
2024-10-11 05:01:53.858 62836 INFO tempest.lib.common.rest_client [req-cee5e415-c6cf-42eb-ab84-6328f061de43 req-cee5e415-c6cf-42eb-ab84-6328f061de43 ] Request (ImagesTestJSON:test_create_image_from_stopped_server): 200 GET http://10.180.1.21/compute/v2.1/servers/b482dcca-ae32-425d-a097-f9af69785835 0.064s
2024-10-11 05:01:53.888 62814 INFO tempest.lib.common.rest_client [req-ce4589c2-89ff-4e62-bb74-0780aadcd58d req-ce4589c2-89ff-4e62-bb74-0780aadcd58d ] Request (MultipleCreateTestJSON:test_multiple_create): 200 GET http://10.180.1.21/compute/v2.1/servers/88cee397-bcbd-428c-b203-e5d9b6acbbb2 0.049s
2024-10-11 05:01:53.941 62828 INFO tempest.lib.common.rest_client [req-5fa3e9c0-7812-4ec3-ac75-d861d5f4f988 req-5fa3e9c0-7812-4ec3-ac75-d861d5f4f988 ] Request (ServersTestMultiNic:test_verify_duplicate_network_nics): 200 GET http://10.180.1.21/compute/v2.1/servers/d92dca09-0a42-4103-ac92-25b6b0fa3c32 0.053s
2024-10-11 05:01:53.959 62852 INFO tempest.lib.common.rest_client [req-40d6afff-b528-4bb9-996a-c4c657a1c374 req-40d6afff-b528-4bb9-996a-c4c657a1c374 ] Request (TenantUsagesTestJSON:setUpClass): 200 GET http://10.180.1.21/compute/v2.1/servers/2e1410c0-8aff-429c-8bbb-46d9bc01de32 0.048s
2024-10-11 05:01:54.005 62808 INFO tempest.lib.common.rest_client [req-bba9f9e0-ea9b-4bb2-a193-4d3345c1f5b4 req-bba9f9e0-ea9b-4bb2-a193-4d3345c1f5b4 ] Request (ServerActionsV293TestJSON:setUpClass): 200 GET http://10.180.1.21/compute/v2.1/servers/2ae701c0-3016-4635-8fe1-1e1c314fa748 0.054s
2024-10-11 05:01:54.026 62826 INFO tempest.lib.common.rest_client [req-d322c6fb-6f3d-47be-a2b6-de4109270f87 req-d322c6fb-6f3d-47be-a2b6-de4109270f87 ] Request (ServersV294TestFqdnHostnames:setUpClass): 200 GET http://10.180.1.21/compute/v2.1/servers/1513843d-0a96-4b56-86bb-3c39ab4b3692 0.056s
2024-10-11 05:01:54.072 62816 INFO tempest.lib.common.rest_client [req-03cacf55-013f-45d3-9680-6b5e1bea0c0d req-03cacf55-013f-45d3-9680-6b5e1bea0c0d ] Request (ServerPasswordTestJSON:setUpClass): 200 GET http://10.180.1.21/compute/v2.1/servers/49ba74b6-fbbe-442a-b3a1-00bdd4e046e5 0.045s
2024-10-11 05:01:54.111 62838 INFO tempest.lib.common.rest_client [req-809b8af5-9276-463b-a56a-9a65519f4aa6 req-809b8af5-9276-463b-a56a-9a65519f4aa6 ] Request (ImagesNegativeTestJSON:test_create_image_from_deleted_server): 200 GET http://10.180.1.21/compute/v2.1/servers/95348a45-f517-4e21-8969-57c978985984 0.045s
2024-10-11 05:01:54.176 62858 INFO tempest.lib.common.rest_client [req-38397489-e8e9-4734-b772-0de8efb256dc req-38397489-e8e9-4734-b772-0de8efb256dc ] Request (AttachInterfacesV270Test:test_create_get_list_interfaces): 200 GET http://10.180.1.21/compute/v2.1/servers/8e7dcc93-2079-4857-8f18-513958ef4e0a 0.051s
2024-10-11 05:01:54.225 62818 INFO tempest.lib.common.rest_client [req-0fe8d812-b526-41e4-9310-8701edfeae31 req-0fe8d812-b526-41e4-9310-8701edfeae31 ] Request (DeleteServersTestJSON:test_delete_server_while_in_attached_volume): 200 GET http://10.180.1.21/compute/v2.1/servers/2888fde6-8a1b-41ce-a482-cb99acd74a6e 0.046s
2024-10-11 05:01:54.298 62820 INFO tempest.lib.common.rest_client [req-5c876fa4-34a5-4c56-ba4b-59bc86c0d480 req-5c876fa4-34a5-4c56-ba4b-59bc86c0d480 ] Request (ServerShowV254Test:tearDownClass): 200 GET http://10.180.1.21/compute/v2.1/servers/f4f7e2c9-229c-4547-b674-5a5219a28151 0.061s
2024-10-11 05:01:54.337 62844 INFO tempest.lib.common.rest_client [req-ab013c99-428b-458d-9293-8f3d3d3bec17 req-ab013c99-428b-458d-9293-8f3d3d3bec17 ] Request (SecurityGroupsTestJSON:test_server_security_groups): 200 GET http://10.180.1.21/compute/v2.1/servers/f4dfa1c6-6c8b-4098-b3a2-9b229fc57bb0 0.057s
2024-10-11 05:01:54.384 62825 INFO tempest.lib.common.rest_client [req-6df38003-f4b4-4334-b8ba-5f62daa5e909 req-6df38003-f4b4-4334-b8ba-5f62daa5e909 ] Request (VolumesAdminNegativeTest:test_update_attached_volume_with_nonexistent_volume_in_uri): 200 GET http://10.180.1.21/compute/v2.1/servers/d65fbfe3-b1e9-48d9-88ba-209fdc264283 0.053s
2024-10-11 05:01:54.401 62832 INFO tempest.lib.common.rest_client [req-4c0058f1-6fe7-4426-bc29-e171bdce2f05 req-4c0058f1-6fe7-4426-bc29-e171bdce2f05 ] Request (ServersTestJSON:test_create_server_specify_multibyte_character_name): 200 GET http://10.180.1.21/compute/v2.1/servers/7c22d751-2aa8-4794-9fbb-3be5c1ac40f4 0.056s
2024-10-11 05:01:54.449 62840 INFO tempest.lib.common.rest_client [req-74168f1d-aa8c-47f2-a3f1-e3d4103d3ca0 req-74168f1d-aa8c-47f2-a3f1-e3d4103d3ca0 ] Request (ImagesOneServerNegativeTestJSON:setUpClass): 200 GET http://10.180.1.21/compute/v2.1/servers/f8db751a-c495-467c-ae32-addb4387346d 0.054s
2024-10-11 05:01:54.475 62830 INFO tempest.lib.common.rest_client [req-c355cbef-a9fe-4e89-a415-78670575587a req-c355cbef-a9fe-4e89-a415-78670575587a ] Request (ListServerFiltersTestJSON:setUpClass): 200 GET http://10.180.1.21/compute/v2.1/servers/b0038711-5d12-4909-b331-72acb5ed0d24 0.046s
2024-10-11 05:01:54.497 62848 INFO tempest.lib.common.rest_client [req-e793e28f-2956-4044-bac8-48a5b754580e req-e793e28f-2956-4044-bac8-48a5b754580e ] Request (ServerActionsTestOtherB:setUpClass): 200 GET http://10.180.1.21/compute/v2.1/servers/2236b710-2141-49a2-b3f5-9ed71090e1db 0.056s
2024-10-11 05:01:54.521 62834 INFO tempest.lib.common.rest_client [req-6206d915-4ac5-42c1-a90e-3e1eaff8c030 req-6206d915-4ac5-42c1-a90e-3e1eaff8c030 ] Request (InstanceActionsNegativeTestJSON:setUpClass): 200 GET http://10.180.1.21/compute/v2.1/servers/9274ce52-49af-48df-bcd1-269b8241d93f 0.047s
2024-10-11 05:01:54.543 62804 INFO tempest.lib.common.rest_client [req-4870f17c-603f-4479-a449-3b439f377fd9 req-4870f17c-603f-4479-a449-3b439f377fd9 ] Request (ServersTestFqdnHostnames:test_create_server_with_fqdn_name): 200 GET http://10.180.1.21/compute/v2.1/servers/a092fb50-c750-4b91-a94e-e11e9eb7faf5 0.055s
2024-10-11 05:01:54.580 62796 INFO tempest.lib.common.rest_client [req-6aa01457-cad2-47b2-b0a7-7b26cfe20e79 req-6aa01457-cad2-47b2-b0a7-7b26cfe20e79 ] Request (ServersTestManualDisk:setUpClass): 200 GET http://10.180.1.21/compute/v2.1/servers/d46bdbc6-e691-44b7-8e9c-3bedb1275e93 0.048s
2024-10-11 05:01:54.593 62856 INFO tempest.lib.common.rest_client [req-72c3680b-2738-4a72-82e9-ca12d4482729 req-72c3680b-2738-4a72-82e9-ca12d4482729 ] Request (ServerAddressesNegativeTestJSON:tearDownClass): 200 PUT http://10.180.1.21:9696/networking/v2.0/routers/7a4a298a-7587-493a-ad9f-64731fba110c/remove_router_interface 0.857s
2024-10-11 05:01:54.628 62802 INFO tempest.lib.common.rest_client [req-1ce77962-6dc2-490d-8a03-d1fa8c6e0442 req-1ce77962-6dc2-490d-8a03-d1fa8c6e0442 ] Request (ServerDiskConfigTestJSON:test_rebuild_server_with_auto_disk_config): 200 GET http://10.180.1.21/compute/v2.1/servers/290e15dc-4ee0-4595-8412-d610895aeb46 0.054s
2024-10-11 05:01:54.681 62846 INFO tempest.lib.common.rest_client [req-de73f0c5-ec33-4b79-8095-5c59a0be9552 req-de73f0c5-ec33-4b79-8095-5c59a0be9552 ] Request (MigrationsAdminTest:test_resize_server_revert_deleted_flavor): 200 GET http://10.180.1.21/compute/v2.1/servers/dca0a819-d11d-437e-9a4c-da4279a9d553 0.064s
2024-10-11 05:01:54.742 62850 INFO tempest.lib.common.rest_client [req-e0530503-c9f0-4b6a-b5d7-1a3b36017af5 req-e0530503-c9f0-4b6a-b5d7-1a3b36017af5 ] Request (ServerAddressesTestJSON:setUpClass): 200 GET http://10.180.1.21/compute/v2.1/servers/3e035ee1-a63a-46a6-84ca-4980e1185e03 0.067s
2024-10-11 05:01:54.743 62806 INFO tempest.lib.common.rest_client [req-9f8499df-2714-4f9e-bc7e-420da69c0c85 req-9f8499df-2714-4f9e-bc7e-420da69c0c85 ] Request (DeleteServersAdminTestJSON:test_delete_server_while_in_error_state): 200 GET http://10.180.1.21/compute/v2.1/servers/4e7e1c74-10a8-4746-b6a6-56dfcc0c2d76 0.070s
2024-10-11 05:01:54.794 62800 INFO tempest.lib.common.rest_client [req-46a643eb-a669-4bab-b3e9-329a556d61f8 req-46a643eb-a669-4bab-b3e9-329a556d61f8 ] Request (ListImageFiltersTestJSON:setUpClass): 200 GET http://10.180.1.21/compute/v2.1/servers/f3128303-9b2c-4f14-9ea0-093f55ecb063 0.067s
2024-10-11 05:01:54.802 62798 INFO tempest.lib.common.rest_client [req-ab1fe813-17b2-42cb-8c9c-310e2a932776 req-ab1fe813-17b2-42cb-8c9c-310e2a932776 ] Request (ServersWithSpecificFlavorTestJSON:test_verify_created_server_ephemeral_disk): 200 GET http://10.180.1.21/compute/v2.1/servers/cecebc6a-25cc-4376-8467-2aa0f909c9bd 0.077s
2024-10-11 05:01:54.996 62822 INFO tempest.lib.common.rest_client [req-13588a8d-b218-4ace-a9aa-b5babb791a6b req-13588a8d-b218-4ace-a9aa-b5babb791a6b ] Request (ServerRescueTestJSON:setUpClass): 200 GET http://10.180.1.21/compute/v2.1/servers/d526aa96-4007-45f8-8eee-9030bdb9f402 0.205s
2024-10-11 05:01:54.997 62810 INFO tempest.lib.common.rest_client [req-032fb466-940c-4d9d-acbf-b308cf704658 req-032fb466-940c-4d9d-acbf-b308cf704658 ] Request (ServersTestJSON:setUpClass): 200 GET http://10.180.1.21/compute/v2.1/servers/9b49513e-4c01-4664-be2c-6058a357b0db 0.214s
2024-10-11 05:01:55.063 62836 INFO tempest.lib.common.rest_client [req-df9c277d-59a6-4cd2-b05d-ff6a5a4230ce req-df9c277d-59a6-4cd2-b05d-ff6a5a4230ce ] Request (ImagesTestJSON:test_create_image_from_stopped_server): 200 GET http://10.180.1.21/compute/v2.1/servers/b482dcca-ae32-425d-a097-f9af69785835 0.198s
2024-10-11 05:01:55.072 62842 INFO tempest.lib.common.rest_client [req-276b83f1-307f-41fc-b5ae-e28a8f622573 req-276b83f1-307f-41fc-b5ae-e28a8f622573 ] Request (AttachVolumeShelveTestJSON:test_attach_volume_shelved_or_offload_server): 200 GET http://10.180.1.21/compute/v2.1/servers/65e8971a-a149-4a11-92ad-7c5c8874530c 0.234s
2024-10-11 05:01:55.133 62828 INFO tempest.lib.common.rest_client [req-ec0ceca6-7eee-48a9-be85-8363ff3f14c0 req-ec0ceca6-7eee-48a9-be85-8363ff3f14c0 ] Request (ServersTestMultiNic:test_verify_duplicate_network_nics): 200 GET http://10.180.1.21/compute/v2.1/servers/d92dca09-0a42-4103-ac92-25b6b0fa3c32 0.185s
2024-10-11 05:01:55.133 62814 INFO tempest.lib.common.rest_client [req-1ad87f91-6fcd-4013-89d3-fefd21bdd789 req-1ad87f91-6fcd-4013-89d3-fefd21bdd789 ] Request (MultipleCreateTestJSON:test_multiple_create): 200 GET http://10.180.1.21/compute/v2.1/servers/88cee397-bcbd-428c-b203-e5d9b6acbbb2 0.234s
2024-10-11 05:01:55.143 62814 INFO tempest.common.waiters [-] State transition "BUILD/scheduling" ==> "BUILD/None" after 58 second wait
2024-10-11 05:01:55.203 62852 INFO tempest.lib.common.rest_client [req-736da489-d1ee-4de8-800d-53ce01b9de7d req-736da489-d1ee-4de8-800d-53ce01b9de7d ] Request (TenantUsagesTestJSON:setUpClass): 200 GET http://10.180.1.21/compute/v2.1/servers/2e1410c0-8aff-429c-8bbb-46d9bc01de32 0.237s
2024-10-11 05:01:55.215 62808 INFO tempest.lib.common.rest_client [req-d59037c9-9545-444a-812d-67d925989e15 req-d59037c9-9545-444a-812d-67d925989e15 ] Request (ServerActionsV293TestJSON:setUpClass): 200 GET http://10.180.1.21/compute/v2.1/servers/2ae701c0-3016-4635-8fe1-1e1c314fa748 0.201s
2024-10-11 05:01:55.285 62816 INFO tempest.lib.common.rest_client [req-ee70c3b7-601b-4f40-8be3-ffe207f11895 req-ee70c3b7-601b-4f40-8be3-ffe207f11895 ] Request (ServerPasswordTestJSON:setUpClass): 200 GET http://10.180.1.21/compute/v2.1/servers/49ba74b6-fbbe-442a-b3a1-00bdd4e046e5 0.205s
2024-10-11 05:01:55.286 62826 INFO tempest.lib.common.rest_client [req-a6067d8f-b493-4ece-b1b2-6fd30e278802 req-a6067d8f-b493-4ece-b1b2-6fd30e278802 ] Request (ServersV294TestFqdnHostnames:setUpClass): 200 GET http://10.180.1.21/compute/v2.1/servers/1513843d-0a96-4b56-86bb-3c39ab4b3692 0.251s
2024-10-11 05:01:55.301 62826 INFO tempest.common.waiters [-] State transition "BUILD/spawning" ==> "BUILD/scheduling" after 71 second wait
2024-10-11 05:01:55.311 62856 INFO tempest.lib.common.rest_client [req-6496a98a-14ba-4db8-af66-e2dfa5184c9e req-6496a98a-14ba-4db8-af66-e2dfa5184c9e ] Request (ServerAddressesNegativeTestJSON:tearDownClass): 204 DELETE http://10.180.1.21:9696/networking/v2.0/routers/7a4a298a-7587-493a-ad9f-64731fba110c 0.718s
2024-10-11 05:01:55.346 62838 INFO tempest.lib.common.rest_client [req-ab4f6d32-48e2-4a14-9de2-4cf05230dbf0 req-ab4f6d32-48e2-4a14-9de2-4cf05230dbf0 ] Request (ImagesNegativeTestJSON:test_create_image_from_deleted_server): 200 GET http://10.180.1.21/compute/v2.1/servers/95348a45-f517-4e21-8969-57c978985984 0.228s
2024-10-11 05:01:55.353 62838 INFO tempest.common.waiters [-] State transition "BUILD/None" ==> "BUILD/networking" after 70 second wait
2024-10-11 05:01:55.353 62858 INFO tempest.lib.common.rest_client [req-04e2869a-ba3d-46a0-9686-6a9fb9a6e81a req-04e2869a-ba3d-46a0-9686-6a9fb9a6e81a ] Request (AttachInterfacesV270Test:test_create_get_list_interfaces): 200 GET http://10.180.1.21/compute/v2.1/servers/8e7dcc93-2079-4857-8f18-513958ef4e0a 0.168s
2024-10-11 05:01:55.401 62818 INFO tempest.lib.common.rest_client [req-d63327f2-0ef2-403c-a4ff-6b789a77a719 req-d63327f2-0ef2-403c-a4ff-6b789a77a719 ] Request (DeleteServersTestJSON:test_delete_server_while_in_attached_volume): 200 GET http://10.180.1.21/compute/v2.1/servers/2888fde6-8a1b-41ce-a482-cb99acd74a6e 0.170s
2024-10-11 05:01:55.425 62820 INFO tempest.lib.common.rest_client [req-cc34c8d3-7387-4aef-b241-ff1ba5a822a6 req-cc34c8d3-7387-4aef-b241-ff1ba5a822a6 ] Request (ServerShowV254Test:tearDownClass): 200 GET http://10.180.1.21/compute/v2.1/servers/f4f7e2c9-229c-4547-b674-5a5219a28151 0.118s
2024-10-11 05:01:55.441 62856 INFO tempest.lib.common.rest_client [req-5e2d49d0-9fcd-461f-b19d-0efb17324a74 req-5e2d49d0-9fcd-461f-b19d-0efb17324a74 ] Request (ServerAddressesNegativeTestJSON:tearDownClass): 204 DELETE http://10.180.1.21:9696/networking/v2.0/subnets/8f1b96c9-1c44-4cf7-9e8f-ee460efb8712 0.129s
2024-10-11 05:01:55.448 62844 INFO tempest.lib.common.rest_client [req-495830f0-9197-46cf-a41d-52686becefa5 req-495830f0-9197-46cf-a41d-52686becefa5 ] Request (SecurityGroupsTestJSON:test_server_security_groups): 200 GET http://10.180.1.21/compute/v2.1/servers/f4dfa1c6-6c8b-4098-b3a2-9b229fc57bb0 0.103s
2024-10-11 05:01:55.476 62825 INFO tempest.lib.common.rest_client [req-0aa4f44f-4741-46d6-8f00-e284bdf08590 req-0aa4f44f-4741-46d6-8f00-e284bdf08590 ] Request (VolumesAdminNegativeTest:test_update_attached_volume_with_nonexistent_volume_in_uri): 200 GET http://10.180.1.21/compute/v2.1/servers/d65fbfe3-b1e9-48d9-88ba-209fdc264283 0.085s
2024-10-11 05:01:55.503 62832 INFO tempest.lib.common.rest_client [req-4dc2cf14-e879-4e84-864a-c3f86684cd00 req-4dc2cf14-e879-4e84-864a-c3f86684cd00 ] Request (ServersTestJSON:test_create_server_specify_multibyte_character_name): 200 GET http://10.180.1.21/compute/v2.1/servers/7c22d751-2aa8-4794-9fbb-3be5c1ac40f4 0.094s
2024-10-11 05:01:55.528 62840 INFO tempest.lib.common.rest_client [req-86b0eb9e-b37d-465b-aa29-16a6999bf75f req-86b0eb9e-b37d-465b-aa29-16a6999bf75f ] Request (ImagesOneServerNegativeTestJSON:setUpClass): 200 GET http://10.180.1.21/compute/v2.1/servers/f8db751a-c495-467c-ae32-addb4387346d 0.072s
2024-10-11 05:01:55.554 62830 INFO tempest.lib.common.rest_client [req-3498800d-b14c-4a3b-bf97-36aff7fb9635 req-3498800d-b14c-4a3b-bf97-36aff7fb9635 ] Request (ListServerFiltersTestJSON:setUpClass): 200 GET http://10.180.1.21/compute/v2.1/servers/b0038711-5d12-4909-b331-72acb5ed0d24 0.071s
2024-10-11 05:01:55.584 62848 INFO tempest.lib.common.rest_client [req-c95960e2-7b34-4f69-8243-bc02f88e5d33 req-c95960e2-7b34-4f69-8243-bc02f88e5d33 ] Request (ServerActionsTestOtherB:setUpClass): 200 GET http://10.180.1.21/compute/v2.1/servers/2236b710-2141-49a2-b3f5-9ed71090e1db 0.079s
2024-10-11 05:01:55.611 62834 INFO tempest.lib.common.rest_client [req-6d159e65-ff4a-42f0-84f6-4a8dcef23b02 req-6d159e65-ff4a-42f0-84f6-4a8dcef23b02 ] Request (InstanceActionsNegativeTestJSON:setUpClass): 200 GET http://10.180.1.21/compute/v2.1/servers/9274ce52-49af-48df-bcd1-269b8241d93f 0.079s
2024-10-11 05:01:55.640 62804 INFO tempest.lib.common.rest_client [req-0b5c49c0-4399-4fca-b417-9874a701fa2a req-0b5c49c0-4399-4fca-b417-9874a701fa2a ] Request (ServersTestFqdnHostnames:test_create_server_with_fqdn_name): 200 GET http://10.180.1.21/compute/v2.1/servers/a092fb50-c750-4b91-a94e-e11e9eb7faf5 0.090s
2024-10-11 05:01:55.658 62856 INFO tempest.lib.common.rest_client [req-8f2e6db6-4433-4bf5-9fd6-7cfcb37b3759 req-8f2e6db6-4433-4bf5-9fd6-7cfcb37b3759 ] Request (ServerAddressesNegativeTestJSON:tearDownClass): 204 DELETE http://10.180.1.21:9696/networking/v2.0/networks/94180031-2fa3-4d1e-b1b3-47d8a76976d4 0.214s
2024-10-11 05:01:55.664 62796 INFO tempest.lib.common.rest_client [req-8adbfdc1-741f-4581-bbeb-8d722feff617 req-8adbfdc1-741f-4581-bbeb-8d722feff617 ] Request (ServersTestManualDisk:setUpClass): 200 GET http://10.180.1.21/compute/v2.1/servers/d46bdbc6-e691-44b7-8e9c-3bedb1275e93 0.076s
2024-10-11 05:01:55.688 62802 INFO tempest.lib.common.rest_client [req-e41795e7-8a23-4e97-9b30-138f416a1e94 req-e41795e7-8a23-4e97-9b30-138f416a1e94 ] Request (ServerDiskConfigTestJSON:test_rebuild_server_with_auto_disk_config): 200 GET http://10.180.1.21/compute/v2.1/servers/290e15dc-4ee0-4595-8412-d610895aeb46 0.053s
2024-10-11 05:01:55.742 62856 INFO tempest.lib.common.rest_client [req-7579f510-d88e-4ec0-be3d-b027eb01a88a req-7579f510-d88e-4ec0-be3d-b027eb01a88a ] Request (ServerAddressesNegativeTestJSON:tearDownClass): 204 DELETE http://10.180.1.21/identity/v3/users/8801c599f26a4eaaae9051ddb8a247ba 0.083s
2024-10-11 05:01:55.742 62856 INFO tempest.lib.common.dynamic_creds [-] Deleting project and security group for project: d2ee76d3ce9f44c88762335678dc8e46
2024-10-11 05:01:55.752 62846 INFO tempest.lib.common.rest_client [req-1ce75091-fc9d-475c-ac2e-8e3bfc457e8b req-1ce75091-fc9d-475c-ac2e-8e3bfc457e8b ] Request (MigrationsAdminTest:test_resize_server_revert_deleted_flavor): 200 GET http://10.180.1.21/compute/v2.1/servers/dca0a819-d11d-437e-9a4c-da4279a9d553 0.061s
2024-10-11 05:01:55.782 62856 INFO tempest.lib.common.rest_client [req-6f08c10d-590c-4fea-aaf2-6cc20e5d8030 req-6f08c10d-590c-4fea-aaf2-6cc20e5d8030 ] Request (ServerAddressesNegativeTestJSON:tearDownClass): 200 GET http://10.180.1.21:9696/networking/v2.0/security-groups?tenant_id=d2ee76d3ce9f44c88762335678dc8e46&name=default 0.039s
2024-10-11 05:01:55.812 62806 INFO tempest.lib.common.rest_client [req-6319b636-a1a1-43ef-a2b7-af35c183f606 req-6319b636-a1a1-43ef-a2b7-af35c183f606 ] Request (DeleteServersAdminTestJSON:test_delete_server_while_in_error_state): 200 GET http://10.180.1.21/compute/v2.1/servers/4e7e1c74-10a8-4746-b6a6-56dfcc0c2d76 0.061s
2024-10-11 05:01:55.815 62850 INFO tempest.lib.common.rest_client [req-12d61092-27c6-4cf3-a8ed-a837d50893e2 req-12d61092-27c6-4cf3-a8ed-a837d50893e2 ] Request (ServerAddressesTestJSON:setUpClass): 200 GET http://10.180.1.21/compute/v2.1/servers/3e035ee1-a63a-46a6-84ca-4980e1185e03 0.066s
2024-10-11 05:01:55.877 62798 INFO tempest.lib.common.rest_client [req-52193031-a4a6-4291-aad7-ba075fa27bc1 req-52193031-a4a6-4291-aad7-ba075fa27bc1 ] Request (ServersWithSpecificFlavorTestJSON:test_verify_created_server_ephemeral_disk): 200 GET http://10.180.1.21/compute/v2.1/servers/cecebc6a-25cc-4376-8467-2aa0f909c9bd 0.062s
2024-10-11 05:01:55.879 62800 INFO tempest.lib.common.rest_client [req-af870a5b-883b-4503-9a9e-d421c01209eb req-af870a5b-883b-4503-9a9e-d421c01209eb ] Request (ListImageFiltersTestJSON:setUpClass): 200 GET http://10.180.1.21/compute/v2.1/servers/f3128303-9b2c-4f14-9ea0-093f55ecb063 0.076s
2024-10-11 05:01:55.884 62856 INFO tempest.lib.common.rest_client [req-60b62eac-fea7-4eca-aecc-7b6271bd3699 req-60b62eac-fea7-4eca-aecc-7b6271bd3699 ] Request (ServerAddressesNegativeTestJSON:tearDownClass): 204 DELETE http://10.180.1.21:9696/networking/v2.0/security-groups/62f18865-cc37-4f37-ba51-139c63ab4642 0.101s
2024-10-11 05:01:55.966 62856 INFO tempest.lib.common.rest_client [req-4f4a1073-2ca6-4ea4-82fd-614980791883 req-4f4a1073-2ca6-4ea4-82fd-614980791883 ] Request (ServerAddressesNegativeTestJSON:tearDownClass): 204 DELETE http://10.180.1.21/identity/v3/projects/d2ee76d3ce9f44c88762335678dc8e46 0.082s
2024-10-11 05:01:56.066 62810 INFO tempest.lib.common.rest_client [req-03a9a69b-3485-4ba4-930f-1d6ceb51be07 req-03a9a69b-3485-4ba4-930f-1d6ceb51be07 ] Request (ServersTestJSON:setUpClass): 200 GET http://10.180.1.21/compute/v2.1/servers/9b49513e-4c01-4664-be2c-6058a357b0db 0.057s
2024-10-11 05:01:56.067 62822 INFO tempest.lib.common.rest_client [req-fdf65857-271b-4b6f-89b7-ae97f13e91d2 req-fdf65857-271b-4b6f-89b7-ae97f13e91d2 ] Request (ServerRescueTestJSON:setUpClass): 200 GET http://10.180.1.21/compute/v2.1/servers/d526aa96-4007-45f8-8eee-9030bdb9f402 0.064s
2024-10-11 05:01:56.131 62842 INFO tempest.lib.common.rest_client [req-cb8b6751-9b42-4745-838b-7ac4924b08c3 req-cb8b6751-9b42-4745-838b-7ac4924b08c3 ] Request (AttachVolumeShelveTestJSON:test_attach_volume_shelved_or_offload_server): 200 GET http://10.180.1.21/compute/v2.1/servers/65e8971a-a149-4a11-92ad-7c5c8874530c 0.052s
2024-10-11 05:01:56.141 62836 INFO tempest.lib.common.rest_client [req-e303c999-793c-45dc-898b-05999bf547fd req-e303c999-793c-45dc-898b-05999bf547fd ] Request (ImagesTestJSON:test_create_image_from_stopped_server): 200 GET http://10.180.1.21/compute/v2.1/servers/b482dcca-ae32-425d-a097-f9af69785835 0.071s
2024-10-11 05:01:56.200 62814 INFO tempest.lib.common.rest_client [req-ac8e76c6-30ee-4860-bdb4-5c8cd66ea479 req-ac8e76c6-30ee-4860-bdb4-5c8cd66ea479 ] Request (MultipleCreateTestJSON:test_multiple_create): 200 GET http://10.180.1.21/compute/v2.1/servers/88cee397-bcbd-428c-b203-e5d9b6acbbb2 0.055s
2024-10-11 05:01:56.205 62828 INFO tempest.lib.common.rest_client [req-93ad9383-b3a6-44e7-9a4d-4e4e6302a39c req-93ad9383-b3a6-44e7-9a4d-4e4e6302a39c ] Request (ServersTestMultiNic:test_verify_duplicate_network_nics): 200 GET http://10.180.1.21/compute/v2.1/servers/d92dca09-0a42-4103-ac92-25b6b0fa3c32 0.063s
2024-10-11 05:01:56.266 62852 INFO tempest.lib.common.rest_client [req-59126d48-4f9e-4d35-9525-c49a54f9da0c req-59126d48-4f9e-4d35-9525-c49a54f9da0c ] Request (TenantUsagesTestJSON:setUpClass): 200 GET http://10.180.1.21/compute/v2.1/servers/2e1410c0-8aff-429c-8bbb-46d9bc01de32 0.054s
2024-10-11 05:01:56.289 62808 INFO tempest.lib.common.rest_client [req-a96b7ee2-6c00-45ab-855b-88ce45f771e4 req-a96b7ee2-6c00-45ab-855b-88ce45f771e4 ] Request (ServerActionsV293TestJSON:setUpClass): 200 GET http://10.180.1.21/compute/v2.1/servers/2ae701c0-3016-4635-8fe1-1e1c314fa748 0.061s
2024-10-11 05:01:56.348 62816 INFO tempest.lib.common.rest_client [req-63b2b71c-7622-4906-b6c1-123eaf17346f req-63b2b71c-7622-4906-b6c1-123eaf17346f ] Request (ServerPasswordTestJSON:setUpClass): 200 GET http://10.180.1.21/compute/v2.1/servers/49ba74b6-fbbe-442a-b3a1-00bdd4e046e5 0.050s
2024-10-11 05:01:56.361 62826 INFO tempest.lib.common.rest_client [req-9cd00e5e-18d5-40fb-9dc2-0f1c83ddf521 req-9cd00e5e-18d5-40fb-9dc2-0f1c83ddf521 ] Request (ServersV294TestFqdnHostnames:setUpClass): 200 GET http://10.180.1.21/compute/v2.1/servers/1513843d-0a96-4b56-86bb-3c39ab4b3692 0.059s
2024-10-11 05:01:56.370 62826 INFO tempest.common.waiters [-] State transition "BUILD/scheduling" ==> "ERROR/None" after 72 second wait
2024-10-11 05:01:56.420 62858 INFO tempest.lib.common.rest_client [req-076d94d1-706a-44a2-aa8d-e7bd15a78845 req-076d94d1-706a-44a2-aa8d-e7bd15a78845 ] Request (AttachInterfacesV270Test:test_create_get_list_interfaces): 200 GET http://10.180.1.21/compute/v2.1/servers/8e7dcc93-2079-4857-8f18-513958ef4e0a 0.057s
2024-10-11 05:01:56.548 62838 INFO tempest.lib.common.rest_client [req-f3d60129-3fa2-46c6-86f3-e8769f23c196 req-f3d60129-3fa2-46c6-86f3-e8769f23c196 ] Request (ImagesNegativeTestJSON:test_create_image_from_deleted_server): 200 GET http://10.180.1.21/compute/v2.1/servers/95348a45-f517-4e21-8969-57c978985984 0.194s
2024-10-11 05:01:56.555 62838 INFO tempest.common.waiters [-] State transition "BUILD/networking" ==> "BUILD/spawning" after 71 second wait
2024-10-11 05:01:56.592 62818 INFO tempest.lib.common.rest_client [req-7aa8f44a-cdbb-498a-83e5-1a8e2489afa7 req-7aa8f44a-cdbb-498a-83e5-1a8e2489afa7 ] Request (DeleteServersTestJSON:test_delete_server_while_in_attached_volume): 200 GET http://10.180.1.21/compute/v2.1/servers/2888fde6-8a1b-41ce-a482-cb99acd74a6e 0.183s
2024-10-11 05:01:56.608 62826 INFO tempest.lib.common.rest_client [req-68519650-788a-41d7-8c0c-64a5dc63a57c req-68519650-788a-41d7-8c0c-64a5dc63a57c ] Request (ServersV294TestFqdnHostnames:setUpClass): 204 DELETE http://10.180.1.21/compute/v2.1/servers/1513843d-0a96-4b56-86bb-3c39ab4b3692 0.238s
2024-10-11 05:01:56.647 62820 INFO tempest.lib.common.rest_client [req-1a623e0c-5768-4e43-8a0c-037843db411d req-1a623e0c-5768-4e43-8a0c-037843db411d ] Request (ServerShowV254Test:tearDownClass): 200 GET http://10.180.1.21/compute/v2.1/servers/f4f7e2c9-229c-4547-b674-5a5219a28151 0.213s
2024-10-11 05:01:56.661 62844 INFO tempest.lib.common.rest_client [req-20e50478-514f-4d61-82cc-0ce8e7d69a1a req-20e50478-514f-4d61-82cc-0ce8e7d69a1a ] Request (SecurityGroupsTestJSON:test_server_security_groups): 200 GET http://10.180.1.21/compute/v2.1/servers/f4dfa1c6-6c8b-4098-b3a2-9b229fc57bb0 0.206s
2024-10-11 05:01:56.700 62825 INFO tempest.lib.common.rest_client [req-826e53d2-422f-4ce0-b4ec-5e53185d7aa2 req-826e53d2-422f-4ce0-b4ec-5e53185d7aa2 ] Request (VolumesAdminNegativeTest:test_update_attached_volume_with_nonexistent_volume_in_uri): 200 GET http://10.180.1.21/compute/v2.1/servers/d65fbfe3-b1e9-48d9-88ba-209fdc264283 0.216s
2024-10-11 05:01:56.714 62832 INFO tempest.lib.common.rest_client [req-b1934022-b36b-4ac6-aff1-735efe031cf4 req-b1934022-b36b-4ac6-aff1-735efe031cf4 ] Request (ServersTestJSON:test_create_server_specify_multibyte_character_name): 200 GET http://10.180.1.21/compute/v2.1/servers/7c22d751-2aa8-4794-9fbb-3be5c1ac40f4 0.203s
2024-10-11 05:01:56.748 62840 INFO tempest.lib.common.rest_client [req-ba3fe36a-a537-48c9-b11e-628a198812ec req-ba3fe36a-a537-48c9-b11e-628a198812ec ] Request (ImagesOneServerNegativeTestJSON:setUpClass): 200 GET http://10.180.1.21/compute/v2.1/servers/f8db751a-c495-467c-ae32-addb4387346d 0.213s
2024-10-11 05:01:56.793 62830 INFO tempest.lib.common.rest_client [req-0be26668-828b-463f-9d45-60ca4406b54e req-0be26668-828b-463f-9d45-60ca4406b54e ] Request (ListServerFiltersTestJSON:setUpClass): 200 GET http://10.180.1.21/compute/v2.1/servers/b0038711-5d12-4909-b331-72acb5ed0d24 0.232s
2024-10-11 05:01:56.801 62848 INFO tempest.lib.common.rest_client [req-354d9f0a-04b5-4409-a6ed-26e1096f420f req-354d9f0a-04b5-4409-a6ed-26e1096f420f ] Request (ServerActionsTestOtherB:setUpClass): 200 GET http://10.180.1.21/compute/v2.1/servers/2236b710-2141-49a2-b3f5-9ed71090e1db 0.210s
2024-10-11 05:01:56.813 62826 INFO tempest.lib.common.rest_client [req-330d3051-fb5a-4cd2-909e-d1510be33c7b req-330d3051-fb5a-4cd2-909e-d1510be33c7b ] Request (ServersV294TestFqdnHostnames:setUpClass): 404 GET http://10.180.1.21/compute/v2.1/servers/1513843d-0a96-4b56-86bb-3c39ab4b3692 0.204s
2024-10-11 05:01:56.813 62826 INFO tempest.test [-] raised in ServersV294TestFqdnHostnames.setUpClass. Invoking tearDownClass.
2024-10-11 05:01:56.850 62834 INFO tempest.lib.common.rest_client [req-5dc114fb-81ae-47b2-b2b6-2e77a435c6fe req-5dc114fb-81ae-47b2-b2b6-2e77a435c6fe ] Request (InstanceActionsNegativeTestJSON:setUpClass): 200 GET http://10.180.1.21/compute/v2.1/servers/9274ce52-49af-48df-bcd1-269b8241d93f 0.230s
2024-10-11 05:01:56.854 62804 INFO tempest.lib.common.rest_client [req-c52b452d-42f4-4622-965a-250b82651737 req-c52b452d-42f4-4622-965a-250b82651737 ] Request (ServersTestFqdnHostnames:test_create_server_with_fqdn_name): 200 GET http://10.180.1.21/compute/v2.1/servers/a092fb50-c750-4b91-a94e-e11e9eb7faf5 0.204s
2024-10-11 05:01:56.903 62802 INFO tempest.lib.common.rest_client [req-b3c1a646-ca10-4195-815f-bada245c71d1 req-b3c1a646-ca10-4195-815f-bada245c71d1 ] Request (ServerDiskConfigTestJSON:test_rebuild_server_with_auto_disk_config): 200 GET http://10.180.1.21/compute/v2.1/servers/290e15dc-4ee0-4595-8412-d610895aeb46 0.206s
2024-10-11 05:01:56.904 62796 INFO tempest.lib.common.rest_client [req-35b3f0f9-a6b7-409d-ab50-76eef9d3c0fe req-35b3f0f9-a6b7-409d-ab50-76eef9d3c0fe ] Request (ServersTestManualDisk:setUpClass): 200 GET http://10.180.1.21/compute/v2.1/servers/d46bdbc6-e691-44b7-8e9c-3bedb1275e93 0.233s
2024-10-11 05:01:56.921 62826 INFO tempest.lib.common.rest_client [req-5f1938d7-3a19-4125-b9a7-4fc2d8393e84 req-5f1938d7-3a19-4125-b9a7-4fc2d8393e84 ] Request (ServersV294TestFqdnHostnames:tearDownClass): 204 DELETE http://10.180.1.21/compute/v2.1/os-keypairs/tempest-keypair-1166047103 0.107s
2024-10-11 05:01:56.952 62846 INFO tempest.lib.common.rest_client [req-e92ff9cd-c257-42aa-a968-eacca8c95674 req-e92ff9cd-c257-42aa-a968-eacca8c95674 ] Request (MigrationsAdminTest:test_resize_server_revert_deleted_flavor): 200 GET http://10.180.1.21/compute/v2.1/servers/dca0a819-d11d-437e-9a4c-da4279a9d553 0.193s
2024-10-11 05:01:56.968 62806 INFO tempest.lib.common.rest_client [req-2d84bf69-b8e9-4dbf-bf16-535a2950a598 req-2d84bf69-b8e9-4dbf-bf16-535a2950a598 ] Request (DeleteServersAdminTestJSON:test_delete_server_while_in_error_state): 200 GET http://10.180.1.21/compute/v2.1/servers/4e7e1c74-10a8-4746-b6a6-56dfcc0c2d76 0.149s
2024-10-11 05:01:56.999 62850 INFO tempest.lib.common.rest_client [req-85d06de1-4bc0-4504-ab8d-e0938ff75e1a req-85d06de1-4bc0-4504-ab8d-e0938ff75e1a ] Request (ServerAddressesTestJSON:setUpClass): 200 GET http://10.180.1.21/compute/v2.1/servers/3e035ee1-a63a-46a6-84ca-4980e1185e03 0.175s
2024-10-11 05:01:57.018 62798 INFO tempest.lib.common.rest_client [req-8c6ff297-1295-4bad-adf0-946afce912f8 req-8c6ff297-1295-4bad-adf0-946afce912f8 ] Request (ServersWithSpecificFlavorTestJSON:test_verify_created_server_ephemeral_disk): 200 GET http://10.180.1.21/compute/v2.1/servers/cecebc6a-25cc-4376-8467-2aa0f909c9bd 0.133s
2024-10-11 05:01:57.046 62800 INFO tempest.lib.common.rest_client [req-d6fe2c8c-9e16-41ee-a8e0-368c7a62ee8a req-d6fe2c8c-9e16-41ee-a8e0-368c7a62ee8a ] Request (ListImageFiltersTestJSON:setUpClass): 200 GET http://10.180.1.21/compute/v2.1/servers/f3128303-9b2c-4f14-9ea0-093f55ecb063 0.159s
2024-10-11 05:01:57.052 62826 INFO tempest.lib.common.rest_client [req-1b5bbc94-7595-4234-aaf9-094e80eff6bc req-1b5bbc94-7595-4234-aaf9-094e80eff6bc ] Request (ServersV294TestFqdnHostnames:tearDownClass): 204 DELETE http://10.180.1.21:9696/networking/v2.0/security-groups/bb4c4b54-743e-4894-a097-789772c8dd2a 0.130s
2024-10-11 05:01:57.059 62826 INFO tempest.lib.common.rest_client [req-1bf9d5f9-4afc-4db2-be1f-8259faf86686 req-1bf9d5f9-4afc-4db2-be1f-8259faf86686 ] Request (ServersV294TestFqdnHostnames:tearDownClass): 404 GET http://10.180.1.21:9696/networking/v2.0/security-groups/bb4c4b54-743e-4894-a097-789772c8dd2a 0.007s
2024-10-11 05:01:57.126 62810 INFO tempest.lib.common.rest_client [req-f47c6e2a-08e8-4911-9c41-e92d817c43cb req-f47c6e2a-08e8-4911-9c41-e92d817c43cb ] Request (ServersTestJSON:setUpClass): 200 GET http://10.180.1.21/compute/v2.1/servers/9b49513e-4c01-4664-be2c-6058a357b0db 0.054s
2024-10-11 05:01:57.133 62822 INFO tempest.lib.common.rest_client [req-6cfe599a-9878-4b50-9398-73848f3488f9 req-6cfe599a-9878-4b50-9398-73848f3488f9 ] Request (ServerRescueTestJSON:setUpClass): 200 GET http://10.180.1.21/compute/v2.1/servers/d526aa96-4007-45f8-8eee-9030bdb9f402 0.056s
2024-10-11 05:01:57.193 62842 INFO tempest.lib.common.rest_client [req-d75830a8-7bd4-4214-82df-3e02e899aae7 req-d75830a8-7bd4-4214-82df-3e02e899aae7 ] Request (AttachVolumeShelveTestJSON:test_attach_volume_shelved_or_offload_server): 200 GET http://10.180.1.21/compute/v2.1/servers/65e8971a-a149-4a11-92ad-7c5c8874530c 0.053s
2024-10-11 05:01:57.203 62836 INFO tempest.lib.common.rest_client [req-d5e0dac7-3985-41f6-a848-23428e586e35 req-d5e0dac7-3985-41f6-a848-23428e586e35 ] Request (ImagesTestJSON:test_create_image_from_stopped_server): 200 GET http://10.180.1.21/compute/v2.1/servers/b482dcca-ae32-425d-a097-f9af69785835 0.053s
2024-10-11 05:01:57.267 62814 INFO tempest.lib.common.rest_client [req-f361487a-05be-4fc3-885e-603b6529aeb1 req-f361487a-05be-4fc3-885e-603b6529aeb1 ] Request (MultipleCreateTestJSON:test_multiple_create): 200 GET http://10.180.1.21/compute/v2.1/servers/88cee397-bcbd-428c-b203-e5d9b6acbbb2 0.059s
2024-10-11 05:01:57.278 62828 INFO tempest.lib.common.rest_client [req-45dc9af0-8dac-4502-ba64-15101cbf9e90 req-45dc9af0-8dac-4502-ba64-15101cbf9e90 ] Request (ServersTestMultiNic:test_verify_duplicate_network_nics): 200 GET http://10.180.1.21/compute/v2.1/servers/d92dca09-0a42-4103-ac92-25b6b0fa3c32 0.063s
2024-10-11 05:01:57.310 62826 INFO tempest.lib.common.rest_client [req-672cbf35-c510-4176-b08c-b5e489f96d07 req-672cbf35-c510-4176-b08c-b5e489f96d07 ] Request (ServersV294TestFqdnHostnames:tearDownClass): 204 DELETE http://10.180.1.21:9696/networking/v2.0/floatingips/f4dec0d8-b99f-410f-bb4d-d66711ad7c0c 0.250s
2024-10-11 05:01:57.330 62852 INFO tempest.lib.common.rest_client [req-e7c6e8b9-7991-4391-90de-b87ed9a85721 req-e7c6e8b9-7991-4391-90de-b87ed9a85721 ] Request (TenantUsagesTestJSON:setUpClass): 200 GET http://10.180.1.21/compute/v2.1/servers/2e1410c0-8aff-429c-8bbb-46d9bc01de32 0.054s
2024-10-11 05:01:57.353 62808 INFO tempest.lib.common.rest_client [req-54703cf4-b5bb-46f4-af88-65ccda46a632 req-54703cf4-b5bb-46f4-af88-65ccda46a632 ] Request (ServerActionsV293TestJSON:setUpClass): 200 GET http://10.180.1.21/compute/v2.1/servers/2ae701c0-3016-4635-8fe1-1e1c314fa748 0.053s
2024-10-11 05:01:57.402 62816 INFO tempest.lib.common.rest_client [req-9fb2db4e-4f98-4e4e-9fb6-69412467397e req-9fb2db4e-4f98-4e4e-9fb6-69412467397e ] Request (ServerPasswordTestJSON:setUpClass): 200 GET http://10.180.1.21/compute/v2.1/servers/49ba74b6-fbbe-442a-b3a1-00bdd4e046e5 0.042s
2024-10-11 05:01:57.478 62858 INFO tempest.lib.common.rest_client [req-088f9305-f351-434e-b589-fba2825a5365 req-088f9305-f351-434e-b589-fba2825a5365 ] Request (AttachInterfacesV270Test:test_create_get_list_interfaces): 200 GET http://10.180.1.21/compute/v2.1/servers/8e7dcc93-2079-4857-8f18-513958ef4e0a 0.047s
2024-10-11 05:01:57.603 62838 INFO tempest.lib.common.rest_client [req-53ee85e3-f3ae-4b5e-836d-871e4db7bea7 req-53ee85e3-f3ae-4b5e-836d-871e4db7bea7 ] Request (ImagesNegativeTestJSON:test_create_image_from_deleted_server): 200 GET http://10.180.1.21/compute/v2.1/servers/95348a45-f517-4e21-8969-57c978985984 0.047s
2024-10-11 05:01:57.647 62818 INFO tempest.lib.common.rest_client [req-dfd711f0-bf06-4283-8811-71ab55f77426 req-dfd711f0-bf06-4283-8811-71ab55f77426 ] Request (DeleteServersTestJSON:test_delete_server_while_in_attached_volume): 200 GET http://10.180.1.21/compute/v2.1/servers/2888fde6-8a1b-41ce-a482-cb99acd74a6e 0.045s
2024-10-11 05:01:57.733 62844 INFO tempest.lib.common.rest_client [req-a083c32a-48aa-4f89-8297-b94fd163b259 req-a083c32a-48aa-4f89-8297-b94fd163b259 ] Request (SecurityGroupsTestJSON:test_server_security_groups): 200 GET http://10.180.1.21/compute/v2.1/servers/f4dfa1c6-6c8b-4098-b3a2-9b229fc57bb0 0.065s
2024-10-11 05:01:57.734 62820 INFO tempest.lib.common.rest_client [req-4f94cffa-afab-4771-8bb9-647da0aa2c32 req-4f94cffa-afab-4771-8bb9-647da0aa2c32 ] Request (ServerShowV254Test:tearDownClass): 200 GET http://10.180.1.21/compute/v2.1/servers/f4f7e2c9-229c-4547-b674-5a5219a28151 0.079s
2024-10-11 05:01:57.795 62825 INFO tempest.lib.common.rest_client [req-34edbc11-4686-4662-8123-31559ed114e5 req-34edbc11-4686-4662-8123-31559ed114e5 ] Request (VolumesAdminNegativeTest:test_update_attached_volume_with_nonexistent_volume_in_uri): 200 GET http://10.180.1.21/compute/v2.1/servers/d65fbfe3-b1e9-48d9-88ba-209fdc264283 0.087s
2024-10-11 05:01:57.798 62832 INFO tempest.lib.common.rest_client [req-906a9f18-3800-455d-857e-932ccb0ca591 req-906a9f18-3800-455d-857e-932ccb0ca591 ] Request (ServersTestJSON:test_create_server_specify_multibyte_character_name): 200 GET http://10.180.1.21/compute/v2.1/servers/7c22d751-2aa8-4794-9fbb-3be5c1ac40f4 0.076s
2024-10-11 05:01:57.838 62840 INFO tempest.lib.common.rest_client [req-a3a57c21-0184-41bb-bcf4-1e6d8fa9a428 req-a3a57c21-0184-41bb-bcf4-1e6d8fa9a428 ] Request (ImagesOneServerNegativeTestJSON:setUpClass): 200 GET http://10.180.1.21/compute/v2.1/servers/f8db751a-c495-467c-ae32-addb4387346d 0.083s
2024-10-11 05:01:57.848 62830 INFO tempest.lib.common.rest_client [req-0cced43d-db00-4168-a16c-9181d9e244b0 req-0cced43d-db00-4168-a16c-9181d9e244b0 ] Request (ListServerFiltersTestJSON:setUpClass): 200 GET http://10.180.1.21/compute/v2.1/servers/b0038711-5d12-4909-b331-72acb5ed0d24 0.044s
2024-10-11 05:01:57.888 62848 INFO tempest.lib.common.rest_client [req-8ed4838c-4215-4c1f-9896-e2a5a98867c3 req-8ed4838c-4215-4c1f-9896-e2a5a98867c3 ] Request (ServerActionsTestOtherB:setUpClass): 200 GET http://10.180.1.21/compute/v2.1/servers/2236b710-2141-49a2-b3f5-9ed71090e1db 0.080s
2024-10-11 05:01:57.900 62834 INFO tempest.lib.common.rest_client [req-7be2795e-94ef-4f12-a749-1b055e08037f req-7be2795e-94ef-4f12-a749-1b055e08037f ] Request (InstanceActionsNegativeTestJSON:setUpClass): 200 GET http://10.180.1.21/compute/v2.1/servers/9274ce52-49af-48df-bcd1-269b8241d93f 0.044s
2024-10-11 05:01:57.917 62826 INFO tempest.lib.common.rest_client [req-bc8214c3-9f57-436e-adf1-bb38fd668adf req-bc8214c3-9f57-436e-adf1-bb38fd668adf ] Request (ServersV294TestFqdnHostnames:tearDownClass): 200 PUT http://10.180.1.21:9696/networking/v2.0/routers/0e94ade0-4d39-4044-8c9f-9548d2ea971e/remove_router_interface 0.606s
2024-10-11 05:01:57.934 62804 INFO tempest.lib.common.rest_client [req-6d24bd58-f41c-4e1a-b110-5e5eced7a593 req-6d24bd58-f41c-4e1a-b110-5e5eced7a593 ] Request (ServersTestFqdnHostnames:test_create_server_with_fqdn_name): 200 GET http://10.180.1.21/compute/v2.1/servers/a092fb50-c750-4b91-a94e-e11e9eb7faf5 0.073s
2024-10-11 05:01:57.967 62796 INFO tempest.lib.common.rest_client [req-94fd890a-5559-4a4a-b99b-f9b0ca84c4f7 req-94fd890a-5559-4a4a-b99b-f9b0ca84c4f7 ] Request (ServersTestManualDisk:setUpClass): 200 GET http://10.180.1.21/compute/v2.1/servers/d46bdbc6-e691-44b7-8e9c-3bedb1275e93 0.056s
2024-10-11 05:01:57.992 62802 INFO tempest.lib.common.rest_client [req-bdc3eaee-6795-4f9a-97af-76aae31da215 req-bdc3eaee-6795-4f9a-97af-76aae31da215 ] Request (ServerDiskConfigTestJSON:test_rebuild_server_with_auto_disk_config): 200 GET http://10.180.1.21/compute/v2.1/servers/290e15dc-4ee0-4595-8412-d610895aeb46 0.080s
2024-10-11 05:01:58.016 62846 INFO tempest.lib.common.rest_client [req-572a44ff-9791-49a2-b00a-fa19c8ed77df req-572a44ff-9791-49a2-b00a-fa19c8ed77df ] Request (MigrationsAdminTest:test_resize_server_revert_deleted_flavor): 200 GET http://10.180.1.21/compute/v2.1/servers/dca0a819-d11d-437e-9a4c-da4279a9d553 0.056s
2024-10-11 05:01:58.033 62806 INFO tempest.lib.common.rest_client [req-a3828fa5-6532-4c06-a4ec-5ddde1ffb364 req-a3828fa5-6532-4c06-a4ec-5ddde1ffb364 ] Request (DeleteServersAdminTestJSON:test_delete_server_while_in_error_state): 200 GET http://10.180.1.21/compute/v2.1/servers/4e7e1c74-10a8-4746-b6a6-56dfcc0c2d76 0.058s
2024-10-11 05:01:58.076 62850 INFO tempest.lib.common.rest_client [req-ce526e89-bc96-410a-b088-13f9679b9b33 req-ce526e89-bc96-410a-b088-13f9679b9b33 ] Request (ServerAddressesTestJSON:setUpClass): 200 GET http://10.180.1.21/compute/v2.1/servers/3e035ee1-a63a-46a6-84ca-4980e1185e03 0.068s
2024-10-11 05:01:58.087 62798 INFO tempest.lib.common.rest_client [req-fa025ff6-20d8-4837-83e6-8bcca05da9d9 req-fa025ff6-20d8-4837-83e6-8bcca05da9d9 ] Request (ServersWithSpecificFlavorTestJSON:test_verify_created_server_ephemeral_disk): 200 GET http://10.180.1.21/compute/v2.1/servers/cecebc6a-25cc-4376-8467-2aa0f909c9bd 0.057s
2024-10-11 05:01:58.130 62800 INFO tempest.lib.common.rest_client [req-b7a6c8b8-4920-4e29-a0be-d31e197b85b9 req-b7a6c8b8-4920-4e29-a0be-d31e197b85b9 ] Request (ListImageFiltersTestJSON:setUpClass): 200 GET http://10.180.1.21/compute/v2.1/servers/f3128303-9b2c-4f14-9ea0-093f55ecb063 0.076s
2024-10-11 05:01:58.182 62810 INFO tempest.lib.common.rest_client [req-1e426e1d-dbdd-4c55-ba41-3234b2e5d08b req-1e426e1d-dbdd-4c55-ba41-3234b2e5d08b ] Request (ServersTestJSON:setUpClass): 200 GET http://10.180.1.21/compute/v2.1/servers/9b49513e-4c01-4664-be2c-6058a357b0db 0.049s
2024-10-11 05:01:58.192 62822 INFO tempest.lib.common.rest_client [req-df896b5f-c99d-4c9b-a1ee-baae06c54af3 req-df896b5f-c99d-4c9b-a1ee-baae06c54af3 ] Request (ServerRescueTestJSON:setUpClass): 200 GET http://10.180.1.21/compute/v2.1/servers/d526aa96-4007-45f8-8eee-9030bdb9f402 0.053s
2024-10-11 05:01:58.245 62826 INFO tempest.lib.common.rest_client [req-1a56a388-9db3-47c8-b344-ace7fdf68f7e req-1a56a388-9db3-47c8-b344-ace7fdf68f7e ] Request (ServersV294TestFqdnHostnames:tearDownClass): 204 DELETE http://10.180.1.21:9696/networking/v2.0/routers/0e94ade0-4d39-4044-8c9f-9548d2ea971e 0.327s
2024-10-11 05:01:58.246 62842 INFO tempest.lib.common.rest_client [req-9fe40d59-a0a5-4e96-a8c2-c6c56692d88d req-9fe40d59-a0a5-4e96-a8c2-c6c56692d88d ] Request (AttachVolumeShelveTestJSON:test_attach_volume_shelved_or_offload_server): 200 GET http://10.180.1.21/compute/v2.1/servers/65e8971a-a149-4a11-92ad-7c5c8874530c 0.046s
2024-10-11 05:01:58.256 62836 INFO tempest.lib.common.rest_client [req-b078d143-3ae3-4c47-a0ee-e32c6fba76df req-b078d143-3ae3-4c47-a0ee-e32c6fba76df ] Request (ImagesTestJSON:test_create_image_from_stopped_server): 200 GET http://10.180.1.21/compute/v2.1/servers/b482dcca-ae32-425d-a097-f9af69785835 0.046s
2024-10-11 05:01:58.323 62814 INFO tempest.lib.common.rest_client [req-2d8217d7-1705-4c20-b049-7707afd85ed7 req-2d8217d7-1705-4c20-b049-7707afd85ed7 ] Request (MultipleCreateTestJSON:test_multiple_create): 200 GET http://10.180.1.21/compute/v2.1/servers/88cee397-bcbd-428c-b203-e5d9b6acbbb2 0.049s
2024-10-11 05:01:58.330 62828 INFO tempest.lib.common.rest_client [req-3fb153d4-f7c0-487f-9e54-8b89cd15af3d req-3fb153d4-f7c0-487f-9e54-8b89cd15af3d ] Request (ServersTestMultiNic:test_verify_duplicate_network_nics): 200 GET http://10.180.1.21/compute/v2.1/servers/d92dca09-0a42-4103-ac92-25b6b0fa3c32 0.046s
2024-10-11 05:01:58.341 62826 INFO tempest.lib.common.rest_client [req-06250db8-6a20-4dee-958a-ec4d2da80e11 req-06250db8-6a20-4dee-958a-ec4d2da80e11 ] Request (ServersV294TestFqdnHostnames:tearDownClass): 204 DELETE http://10.180.1.21:9696/networking/v2.0/subnets/52576c5f-328c-4e9a-9c6c-b0e278693f30 0.096s
2024-10-11 05:01:58.389 62852 INFO tempest.lib.common.rest_client [req-5fce05f4-1150-4919-8a53-cf39c4f9fde2 req-5fce05f4-1150-4919-8a53-cf39c4f9fde2 ] Request (TenantUsagesTestJSON:setUpClass): 200 GET http://10.180.1.21/compute/v2.1/servers/2e1410c0-8aff-429c-8bbb-46d9bc01de32 0.049s
2024-10-11 05:01:58.450 62808 INFO tempest.lib.common.rest_client [req-9133573e-85c1-4ec9-8bb5-3c4731e9801f req-9133573e-85c1-4ec9-8bb5-3c4731e9801f ] Request (ServerActionsV293TestJSON:setUpClass): 200 GET http://10.180.1.21/compute/v2.1/servers/2ae701c0-3016-4635-8fe1-1e1c314fa748 0.088s
2024-10-11 05:01:58.466 62816 INFO tempest.lib.common.rest_client [req-58da6662-39f3-4db3-9e27-9537afe29783 req-58da6662-39f3-4db3-9e27-9537afe29783 ] Request (ServerPasswordTestJSON:setUpClass): 200 GET http://10.180.1.21/compute/v2.1/servers/49ba74b6-fbbe-442a-b3a1-00bdd4e046e5 0.057s
2024-10-11 05:01:58.542 62858 INFO tempest.lib.common.rest_client [req-44d081c6-5d09-4f9a-8f16-c6b448bcd22f req-44d081c6-5d09-4f9a-8f16-c6b448bcd22f ] Request (AttachInterfacesV270Test:test_create_get_list_interfaces): 200 GET http://10.180.1.21/compute/v2.1/servers/8e7dcc93-2079-4857-8f18-513958ef4e0a 0.055s
2024-10-11 05:01:58.551 62826 INFO tempest.lib.common.rest_client [req-df758096-3c1a-4dc1-a100-ebe9e48bfdd8 req-df758096-3c1a-4dc1-a100-ebe9e48bfdd8 ] Request (ServersV294TestFqdnHostnames:tearDownClass): 204 DELETE http://10.180.1.21:9696/networking/v2.0/networks/5984bc99-f7cd-485c-bc46-5427cc83d702 0.209s
2024-10-11 05:01:58.649 62826 INFO tempest.lib.common.rest_client [req-458eb33e-f161-48df-8110-5a18a893f6f9 req-458eb33e-f161-48df-8110-5a18a893f6f9 ] Request (ServersV294TestFqdnHostnames:tearDownClass): 204 DELETE http://10.180.1.21/identity/v3/users/4cbe0033a0bb48d1ab4d03546d2d3493 0.098s
2024-10-11 05:01:58.649 62826 INFO tempest.lib.common.dynamic_creds [-] Deleting project and security group for project: c516a8aef1614886b3b28d81167e81e0
