2024-12-11 23:29:38.628 67325 WARNING tempest.lib.common.ssh [-] Failed to establish authenticated ssh connection to cirros@10.180.180.173 ([Errno None] Unable to connect to port 22 on 10.180.180.173). Number attempts: 4. Retry after 5 seconds.: paramiko.ssh_exception.NoValidConnectionsError: [Errno None] Unable to connect to port 22 on 10.180.180.173
2024-12-11 23:29:38.667 67307 INFO tempest.lib.common.rest_client [req-dcf0c261-4140-4f28-8951-53887bd730ad req-dcf0c261-4140-4f28-8951-53887bd730ad ] Request (ServersTestJSON:setUpClass): 200 GET http://10.180.1.21/compute/v2.1/servers/941ac23c-6aa9-4ed1-840a-326423b7cbc0 0.252s
2024-12-11 23:29:38.718 67295 INFO tempest.lib.common.rest_client [req-025444e9-33de-47c7-8f1b-be6cc390b265 req-025444e9-33de-47c7-8f1b-be6cc390b265 ] Request (InstanceActionsTestJSON:setUpClass): 200 GET http://10.180.1.21/compute/v2.1/servers/a78feafb-00bc-44c4-acd3-a36fb8a81767 0.293s
2024-12-11 23:29:38.790 67289 INFO tempest.lib.common.rest_client [req-68be55bc-4f55-4812-be9b-ab584be3c6d3 req-68be55bc-4f55-4812-be9b-ab584be3c6d3 ] Request (TenantUsagesTestJSON:tearDownClass): 200 GET http://10.180.1.21/compute/v2.1/servers/aaaf4b06-ef84-41ba-8054-29582854a9f1 0.291s
2024-12-11 23:29:38.813 67333 INFO tempest.lib.common.rest_client [req-39c61c57-8b69-48a5-9b62-0e8667cdac1e req-39c61c57-8b69-48a5-9b62-0e8667cdac1e ] Request (ServerDiagnosticsV248Test:tearDownClass): 404 GET http://10.180.1.21/compute/v2.1/servers/ae565930-1bbc-4e75-bfc1-25dbcfd2e999 0.306s
2024-12-11 23:29:38.938 67333 INFO tempest.lib.common.rest_client [req-6fba6abb-0db2-474f-a220-a922daa8cf4f req-6fba6abb-0db2-474f-a220-a922daa8cf4f ] Request (ServerDiagnosticsV248Test:tearDownClass): 204 DELETE http://10.180.1.21/identity/v3/users/e00e595cf51d411cbe84711993d944c0 0.124s
2024-12-11 23:29:38.938 67317 INFO tempest.lib.common.rest_client [req-01c6a073-1b5b-4c01-a4a1-c37ac77fe970 req-01c6a073-1b5b-4c01-a4a1-c37ac77fe970 ] Request (MigrationsAdminTest:test_list_migrations_in_flavor_resize_situation): 200 GET http://10.180.1.21/compute/v2.1/servers/aa0d7b97-c8b2-4b45-baf4-1d9e783f0fae 0.294s
2024-12-11 23:29:39.005 67297 INFO tempest.lib.common.rest_client [req-8cf4e9ff-b749-4ab9-bce0-866c5f0c7a4a req-8cf4e9ff-b749-4ab9-bce0-866c5f0c7a4a ] Request (FloatingIPsAssociationNegativeTestJSON:tearDownClass): 200 GET http://10.180.1.21/compute/v2.1/servers/25090d85-cd10-44fc-aa9d-071ada14f249 0.353s
2024-12-11 23:29:39.020 67311 INFO tempest.lib.common.rest_client [req-80b84609-b46c-4c1f-9bf9-5fa30552a2aa req-80b84609-b46c-4c1f-9bf9-5fa30552a2aa ] Request (FloatingIPsTestJSON:test_delete_floating_ip): 200 POST http://10.180.1.21/compute/v2.1/os-floating-ips 0.613s
2024-12-11 23:29:39.042 67333 INFO tempest.lib.common.rest_client [req-a29c5b69-f2b4-4198-8f00-5e95b3ae845d req-a29c5b69-f2b4-4198-8f00-5e95b3ae845d ] Request (ServerDiagnosticsV248Test:tearDownClass): 204 DELETE http://10.180.1.21/identity/v3/users/8db83c89b58247e1804df57b1f96fe86 0.104s
2024-12-11 23:29:39.043 67333 INFO tempest.lib.common.dynamic_creds [-] Deleting project and security group for project: e7f0f3fb3268498b9184c4f40a7162cb
2024-12-11 23:29:39.070 67303 INFO tempest.lib.common.rest_client [req-5e21ad09-497a-4e4e-a35f-e7649cff1c95 req-5e21ad09-497a-4e4e-a35f-e7649cff1c95 ] Request (ServerAddressesNegativeTestJSON:tearDownClass): 200 GET http://10.180.1.21/compute/v2.1/servers/c999d64e-3f5b-4854-8b92-6d0d17f49dd7 0.371s
2024-12-11 23:29:39.091 67319 INFO tempest.lib.common.rest_client [req-c80bc105-0a38-4672-b34a-dff7382696e7 req-c80bc105-0a38-4672-b34a-dff7382696e7 ] Request (ServersAdmin275Test:tearDownClass): 200 GET http://10.180.1.21/compute/v2.1/servers/a6f7c217-a493-403d-b776-870df4575f2a 0.317s
2024-12-11 23:29:39.098 67333 INFO tempest.lib.common.rest_client [req-6eefd6ae-62ad-43f8-96c6-0c883b67e16b req-6eefd6ae-62ad-43f8-96c6-0c883b67e16b ] Request (ServerDiagnosticsV248Test:tearDownClass): 201 POST http://10.180.1.21/identity/v3/auth/tokens 0.055s
2024-12-11 23:29:39.125 67291 INFO tempest.lib.common.rest_client [req-580fa70e-b143-4aee-9456-baabf44ed1fa req-580fa70e-b143-4aee-9456-baabf44ed1fa ] Request (ListImageFiltersTestJSON:setUpClass): 204 PUT http://10.180.1.21/image/v2/images/61e2de16-8b90-4877-8519-9de98e96e70a/file 0.702s
2024-12-11 23:29:39.160 67301 INFO tempest.lib.common.rest_client [req-c16d93b0-cab2-45b9-94b0-d721415e1dd1 req-c16d93b0-cab2-45b9-94b0-d721415e1dd1 ] Request (ServerActionsTestJSON:setUpClass): 200 GET http://10.180.1.21/compute/v2.1/servers/90f0c97d-695b-4975-8ab9-4e77a9175da1 0.344s
2024-12-11 23:29:39.187 67345 INFO tempest.lib.common.rest_client [req-90e551de-cefa-4158-b37b-64bb38752cb8 req-90e551de-cefa-4158-b37b-64bb38752cb8 ] Request (ImagesOneServerTestJSON:setUpClass): 200 GET http://10.180.1.21/compute/v2.1/servers/76731b1b-af66-441b-8fe4-d5d7e7faf3ca 0.400s
2024-12-11 23:29:39.237 67309 INFO tempest.lib.common.rest_client [req-c1f97937-00e8-4c75-894d-7aac716fb035 req-c1f97937-00e8-4c75-894d-7aac716fb035 ] Request (SecurityGroupsTestJSON:test_list_security_groups_by_server): 200 GET http://10.180.1.21/compute/v2.1/servers/04234ba7-24a3-48e5-9f62-6f4dddd0054a 0.374s
2024-12-11 23:29:39.238 67335 INFO tempest.lib.common.rest_client [req-aa42caff-f25c-4e25-ad2e-333b37f4c268 req-aa42caff-f25c-4e25-ad2e-333b37f4c268 ] Request (ServersTestFqdnHostnames:test_create_server_with_fqdn_name): 200 GET http://10.180.1.21/compute/v2.1/servers/08465a2c-1ab6-4c53-9b12-3cd51c717b03 0.325s
2024-12-11 23:29:39.424 67333 INFO tempest.lib.common.rest_client [req-edbe5bb5-38bc-4304-b72c-f1e4fa4175ab req-edbe5bb5-38bc-4304-b72c-f1e4fa4175ab ] Request (ServerDiagnosticsV248Test:tearDownClass): 200 GET http://10.180.1.21:9696/networking/v2.0/security-groups?tenant_id=e7f0f3fb3268498b9184c4f40a7162cb&name=default 0.326s
2024-12-11 23:29:39.448 67340 INFO tempest.lib.common.rest_client [req-a2e21d53-b99d-4041-a05c-9bf93a9b4ccd req-a2e21d53-b99d-4041-a05c-9bf93a9b4ccd ] Request (ServersAdminNegativeTestJSON:test_migrate_server_invalid_state): 200 GET http://10.180.1.21/compute/v2.1/servers/8a7a3a54-ca4f-4860-a976-7d6b1212b9c9 0.364s
2024-12-11 23:29:39.485 67291 INFO tempest.lib.common.rest_client [req-79c215ec-591c-4ec7-aa86-68e61860edf4 req-79c215ec-591c-4ec7-aa86-68e61860edf4 ] Request (ListImageFiltersTestJSON:setUpClass): 200 GET http://10.180.1.21/compute/v2.1/images/61e2de16-8b90-4877-8519-9de98e96e70a 0.360s
2024-12-11 23:29:39.558 67323 INFO tempest.lib.common.rest_client [req-01f6c842-f637-485d-8df7-8b5adee423e1 req-01f6c842-f637-485d-8df7-8b5adee423e1 ] Request (FloatingIPsAssociationTestJSON:setUpClass): 200 GET http://10.180.1.21/compute/v2.1/servers/915aec20-5765-4aad-8b0f-f2d71b7d6428 0.415s
2024-12-11 23:29:39.571 67311 INFO tempest.lib.common.rest_client [req-fc23919b-751f-44e5-8c3c-7f03375f2781 req-fc23919b-751f-44e5-8c3c-7f03375f2781 ] Request (FloatingIPsTestJSON:test_delete_floating_ip): 202 DELETE http://10.180.1.21/compute/v2.1/os-floating-ips/02d93c55-de02-4019-a8a6-1a8d2e15e91f 0.546s
2024-12-11 23:29:39.573 67347 INFO tempest.lib.common.rest_client [req-e9838e57-acd1-4f7b-b0a0-02f3ded1fb4c req-e9838e57-acd1-4f7b-b0a0-02f3ded1fb4c ] Request (ServerActionsV293TestJSON:setUpClass): 200 GET http://10.180.1.21/volume/v3/volumes/084d5362-d8e9-4034-9623-555ed06a1add 0.034s
2024-12-11 23:29:39.587 67347 INFO tempest.common.waiters [-] volume 084d5362-d8e9-4034-9623-555ed06a1add reached available after waiting for 18.587544 seconds
2024-12-11 23:29:39.589 67333 INFO tempest.lib.common.rest_client [req-737d972a-4c33-40a7-a52d-afdfc4e47255 req-737d972a-4c33-40a7-a52d-afdfc4e47255 ] Request (ServerDiagnosticsV248Test:tearDownClass): 204 DELETE http://10.180.1.21:9696/networking/v2.0/security-groups/4cc9983a-78c1-491f-bcfc-b1d94860005f 0.164s
2024-12-11 23:29:39.610 67293 INFO tempest.lib.common.rest_client [req-956c17f4-9560-4e1c-b160-8bcdc5989cb1 req-956c17f4-9560-4e1c-b160-8bcdc5989cb1 ] Request (ImagesTestJSON:test_create_image_from_suspended_server): 200 GET http://10.180.1.21/compute/v2.1/servers/48c0d20e-adc4-40a9-888c-ffea363f6edb 0.409s
2024-12-11 23:29:39.641 67329 INFO tempest.lib.common.rest_client [req-900b94b2-ef20-4308-9a5f-e574754e7aec req-900b94b2-ef20-4308-9a5f-e574754e7aec ] Request (ServerExternalEventsTest:tearDownClass): 200 GET http://10.180.1.21/compute/v2.1/servers/6b4e80fc-582f-432b-aa99-ec133127578e 0.375s
2024-12-11 23:29:39.660 67333 INFO tempest.lib.common.rest_client [req-acc0b9e4-e155-4e22-a770-e00db95b3fc6 req-acc0b9e4-e155-4e22-a770-e00db95b3fc6 ] Request (ServerDiagnosticsV248Test:tearDownClass): 204 DELETE http://10.180.1.21/identity/v3/projects/e7f0f3fb3268498b9184c4f40a7162cb 0.071s
2024-12-11 23:29:39.660 67333 INFO tempest.lib.common.dynamic_creds [-] Deleting project and security group for project: 45e275eba6c346a99bc5fca7e70a7ee5
2024-12-11 23:29:39.672 67305 INFO tempest.lib.common.rest_client [req-0f56f08b-f0d0-42d0-9e71-4b397733edbf req-0f56f08b-f0d0-42d0-9e71-4b397733edbf ] Request (InstanceActionsV221TestJSON:test_get_list_deleted_instance_actions): 200 GET http://10.180.1.21/compute/v2.1/servers/de671ba9-0d86-4f89-a6bd-ecea9ad0ba85 0.343s
2024-12-11 23:29:39.699 67321 INFO tempest.lib.common.rest_client [req-e436e00f-cf58-4e2b-a8df-fa5ae2cd7aa1 req-e436e00f-cf58-4e2b-a8df-fa5ae2cd7aa1 ] Request (ServersTestManualDisk:setUpClass): 200 GET http://10.180.1.21/compute/v2.1/servers/d2f5b406-3d0e-4150-aeaf-7cdacbc12c06 0.318s
2024-12-11 23:29:39.723 67313 INFO tempest.lib.common.rest_client [req-8aca7e7a-8a9a-4d2e-8cc6-c0cee6f03f5f req-8aca7e7a-8a9a-4d2e-8cc6-c0cee6f03f5f ] Request (ServersTestMultiNic:test_verify_multiple_nics_order): 200 GET http://10.180.1.21/compute/v2.1/servers/07cc8cd7-8368-41dd-ae13-01c8275cac9e 0.279s
2024-12-11 23:29:39.730 67291 INFO tempest.lib.common.rest_client [req-daf3d7f9-8628-4a42-973b-68a26e32db5e req-daf3d7f9-8628-4a42-973b-68a26e32db5e ] Request (ListImageFiltersTestJSON:setUpClass): 200 GET http://10.180.1.21/compute/v2.1/images/61e2de16-8b90-4877-8519-9de98e96e70a 0.239s
2024-12-11 23:29:39.768 67327 INFO tempest.lib.common.rest_client [req-d23736f3-994b-4932-9a53-2ffe51db30d5 req-d23736f3-994b-4932-9a53-2ffe51db30d5 ] Request (ServerGroupTestJSON:test_create_server_with_scheduler_hint_group): 200 GET http://10.180.1.21/compute/v2.1/servers/bc7baa1a-f65d-41d4-ad86-de041fbb2306 0.272s
2024-12-11 23:29:39.789 67333 INFO tempest.lib.common.rest_client [req-f4adbcf1-f6da-49ca-89e6-dc6543b41350 req-f4adbcf1-f6da-49ca-89e6-dc6543b41350 ] Request (ServerDiagnosticsV248Test:tearDownClass): 200 GET http://10.180.1.21:9696/networking/v2.0/security-groups?tenant_id=45e275eba6c346a99bc5fca7e70a7ee5&name=default 0.128s
2024-12-11 23:29:39.794 67331 INFO tempest.lib.common.rest_client [req-b09dbd8f-6607-40b1-95ff-0f51237ff60a req-b09dbd8f-6607-40b1-95ff-0f51237ff60a ] Request (MultipleCreateTestJSON:_run_cleanups): 200 GET http://10.180.1.21/compute/v2.1/servers/d221329b-eee4-42f5-bb27-cf6af0386c04 0.292s
2024-12-11 23:29:39.806 67291 INFO tempest.lib.common.rest_client [req-58370ccd-16d6-4b56-a8e5-bbb1e485ef31 req-58370ccd-16d6-4b56-a8e5-bbb1e485ef31 ] Request (ListImageFiltersTestJSON:setUpClass): 201 POST http://10.180.1.21/identity/v3/auth/tokens 0.071s
2024-12-11 23:29:39.806 67291 INFO tempest.lib.common.fixed_network [-] (ListImageFiltersTestJSON:setUpClass) Found network None available for tenant
2024-12-11 23:29:39.821 67311 INFO tempest.lib.common.rest_client [req-137db4e6-b345-4a53-898c-7556d1b6ae9b req-137db4e6-b345-4a53-898c-7556d1b6ae9b ] Request (FloatingIPsTestJSON:test_delete_floating_ip): 404 GET http://10.180.1.21/compute/v2.1/os-floating-ips/02d93c55-de02-4019-a8a6-1a8d2e15e91f 0.249s
2024-12-11 23:29:39.845 67341 INFO tempest.lib.common.rest_client [req-349fbb14-58e4-4a43-a025-91cb8616e047 req-349fbb14-58e4-4a43-a025-91cb8616e047 ] Request (ListServersNegativeTestJSON:tearDownClass): 200 GET http://10.180.1.21/compute/v2.1/servers/efc5b3b6-bed4-484c-8a0c-65810747382d 0.276s
2024-12-11 23:29:39.848 67351 WARNING tempest.lib.common.ssh [-] Failed to establish authenticated ssh connection to cirros@10.180.180.214 ([Errno None] Unable to connect to port 22 on 10.180.180.214). Number attempts: 1. Retry after 2 seconds.: paramiko.ssh_exception.NoValidConnectionsError: [Errno None] Unable to connect to port 22 on 10.180.180.214
2024-12-11 23:29:39.879 67333 INFO tempest.lib.common.rest_client [req-f920ce6f-04a0-4b25-9dec-034c4665bf4b req-f920ce6f-04a0-4b25-9dec-034c4665bf4b ] Request (ServerDiagnosticsV248Test:tearDownClass): 204 DELETE http://10.180.1.21:9696/networking/v2.0/security-groups/4c15d2cd-44ba-4cb9-bacf-e40dd68c8860 0.089s
2024-12-11 23:29:39.946 67307 INFO tempest.lib.common.rest_client [req-2f9b9a66-5d9f-4eb2-90ba-00fc55b5c866 req-2f9b9a66-5d9f-4eb2-90ba-00fc55b5c866 ] Request (ServersTestJSON:setUpClass): 200 GET http://10.180.1.21/compute/v2.1/servers/941ac23c-6aa9-4ed1-840a-326423b7cbc0 0.266s
2024-12-11 23:29:39.979 67333 INFO tempest.lib.common.rest_client [req-cba20a72-c85d-4bcd-a2c4-fe64a5911181 req-cba20a72-c85d-4bcd-a2c4-fe64a5911181 ] Request (ServerDiagnosticsV248Test:tearDownClass): 204 DELETE http://10.180.1.21/identity/v3/projects/45e275eba6c346a99bc5fca7e70a7ee5 0.099s
2024-12-11 23:29:39.979 67333 INFO tempest.test [-] raised in ServersOnMultiNodesTest.setUpClass. Invoking tearDownClass.
2024-12-11 23:29:39.994 67295 INFO tempest.lib.common.rest_client [req-af64a249-bf7d-4098-906d-59037120b56d req-af64a249-bf7d-4098-906d-59037120b56d ] Request (InstanceActionsTestJSON:setUpClass): 200 GET http://10.180.1.21/compute/v2.1/servers/a78feafb-00bc-44c4-acd3-a36fb8a81767 0.269s
2024-12-11 23:29:40.051 67289 INFO tempest.lib.common.rest_client [req-5a2fd5a2-84c9-4696-9937-97e3932a17fe req-5a2fd5a2-84c9-4696-9937-97e3932a17fe ] Request (TenantUsagesTestJSON:tearDownClass): 200 GET http://10.180.1.21/compute/v2.1/servers/aaaf4b06-ef84-41ba-8054-29582854a9f1 0.254s
2024-12-11 23:29:40.259 67291 INFO tempest.lib.common.rest_client [req-64af1974-6c02-4eae-9666-85b8ab493149 req-64af1974-6c02-4eae-9666-85b8ab493149 ] Request (ListImageFiltersTestJSON:setUpClass): 202 POST http://10.180.1.21/compute/v2.1/servers 0.452s
2024-12-11 23:29:40.263 67347 INFO tempest.lib.common.rest_client [req-b5b97046-42d2-4bc6-985d-b7c9aabf53e3 req-b5b97046-42d2-4bc6-985d-b7c9aabf53e3 ] Request (ServerActionsV293TestJSON:setUpClass): 202 POST http://10.180.1.21/compute/v2.1/servers 0.675s
2024-12-11 23:29:40.287 67311 INFO tempest.lib.common.rest_client [req-6e7101ac-d04b-43e8-a952-f27991b9aef0 req-6e7101ac-d04b-43e8-a952-f27991b9aef0 ] Request (FloatingIPsTestJSON:_run_cleanups): 404 DELETE http://10.180.1.21/compute/v2.1/os-floating-ips/02d93c55-de02-4019-a8a6-1a8d2e15e91f 0.466s
2024-12-11 23:29:40.330 67291 INFO tempest.lib.common.rest_client [req-7cd02fcb-3c79-462f-880a-5a0bf7a36d48 req-7cd02fcb-3c79-462f-880a-5a0bf7a36d48 ] Request (ListImageFiltersTestJSON:setUpClass): 201 POST http://10.180.1.21/identity/v3/auth/tokens 0.066s
2024-12-11 23:29:40.331 67291 INFO tempest.lib.common.fixed_network [-] (ListImageFiltersTestJSON:setUpClass) Found network None available for tenant
2024-12-11 23:29:40.385 67317 INFO tempest.lib.common.rest_client [req-fb4b45f6-ea98-4567-b6ca-4e4840aea7dd req-fb4b45f6-ea98-4567-b6ca-4e4840aea7dd ] Request (MigrationsAdminTest:test_list_migrations_in_flavor_resize_situation): 200 GET http://10.180.1.21/compute/v2.1/servers/aa0d7b97-c8b2-4b45-baf4-1d9e783f0fae 0.434s
2024-12-11 23:29:40.448 67303 INFO tempest.lib.common.rest_client [req-0da5e886-5f0e-4edb-8047-137c33caf7c7 req-0da5e886-5f0e-4edb-8047-137c33caf7c7 ] Request (ServerAddressesNegativeTestJSON:tearDownClass): 200 GET http://10.180.1.21/compute/v2.1/servers/c999d64e-3f5b-4854-8b92-6d0d17f49dd7 0.366s
2024-12-11 23:29:40.508 67319 INFO tempest.lib.common.rest_client [req-ed59f323-a142-45c8-a24a-6e9ee22abe4b req-ed59f323-a142-45c8-a24a-6e9ee22abe4b ] Request (ServersAdmin275Test:tearDownClass): 200 GET http://10.180.1.21/compute/v2.1/servers/a6f7c217-a493-403d-b776-870df4575f2a 0.406s
2024-12-11 23:29:40.548 67297 INFO tempest.lib.common.rest_client [req-f5eaf758-3318-4a95-ad91-ef773a54d494 req-f5eaf758-3318-4a95-ad91-ef773a54d494 ] Request (FloatingIPsAssociationNegativeTestJSON:tearDownClass): 200 GET http://10.180.1.21/compute/v2.1/servers/25090d85-cd10-44fc-aa9d-071ada14f249 0.532s
2024-12-11 23:29:40.555 67301 INFO tempest.lib.common.rest_client [req-fd4a6c88-d7b1-4c35-9e98-f30fa6868705 req-fd4a6c88-d7b1-4c35-9e98-f30fa6868705 ] Request (ServerActionsTestJSON:setUpClass): 200 GET http://10.180.1.21/compute/v2.1/servers/90f0c97d-695b-4975-8ab9-4e77a9175da1 0.386s
2024-12-11 23:29:40.604 67309 INFO tempest.lib.common.rest_client [req-36f4a193-043f-4cd4-8cfa-cf242c08e2d0 req-36f4a193-043f-4cd4-8cfa-cf242c08e2d0 ] Request (SecurityGroupsTestJSON:test_list_security_groups_by_server): 200 GET http://10.180.1.21/compute/v2.1/servers/04234ba7-24a3-48e5-9f62-6f4dddd0054a 0.359s
2024-12-11 23:29:40.658 67335 INFO tempest.lib.common.rest_client [req-7b2b911b-2ea1-49d7-8a1e-643fe24d8946 req-7b2b911b-2ea1-49d7-8a1e-643fe24d8946 ] Request (ServersTestFqdnHostnames:test_create_server_with_fqdn_name): 200 GET http://10.180.1.21/compute/v2.1/servers/08465a2c-1ab6-4c53-9b12-3cd51c717b03 0.413s
2024-12-11 23:29:40.703 67347 INFO tempest.lib.common.rest_client [req-4ad61f8a-e082-4d22-a230-3a58aa75e925 req-4ad61f8a-e082-4d22-a230-3a58aa75e925 ] Request (ServerActionsV293TestJSON:setUpClass): 200 GET http://10.180.1.21/compute/v2.1/servers/a6a578ba-f8d0-459a-b0b7-5e40cc67e5a6 0.438s
2024-12-11 23:29:40.743 67345 INFO tempest.lib.common.rest_client [req-ed3b1fd9-733f-4600-886a-edcffb48d098 req-ed3b1fd9-733f-4600-886a-edcffb48d098 ] Request (ImagesOneServerTestJSON:setUpClass): 200 GET http://10.180.1.21/compute/v2.1/servers/76731b1b-af66-441b-8fe4-d5d7e7faf3ca 0.546s
2024-12-11 23:29:40.921 67291 INFO tempest.lib.common.rest_client [req-73412d49-e6e2-45da-ad6e-b2155e3f27a8 req-73412d49-e6e2-45da-ad6e-b2155e3f27a8 ] Request (ListImageFiltersTestJSON:setUpClass): 202 POST http://10.180.1.21/compute/v2.1/servers 0.590s
2024-12-11 23:29:40.926 67340 INFO tempest.lib.common.rest_client [req-4627db81-952e-4b07-8441-08b416ff2daf req-4627db81-952e-4b07-8441-08b416ff2daf ] Request (ServersAdminNegativeTestJSON:test_migrate_server_invalid_state): 200 GET http://10.180.1.21/compute/v2.1/servers/8a7a3a54-ca4f-4860-a976-7d6b1212b9c9 0.468s
2024-12-11 23:29:40.932 67340 INFO tempest.common.waiters [-] State transition "ACTIVE/suspending" ==> "SUSPENDED/None" after 2 second wait
2024-12-11 23:29:40.977 67323 INFO tempest.lib.common.rest_client [req-ec69a75a-d9f9-4d74-97fc-4ac31c2adb92 req-ec69a75a-d9f9-4d74-97fc-4ac31c2adb92 ] Request (FloatingIPsAssociationTestJSON:setUpClass): 200 GET http://10.180.1.21/compute/v2.1/servers/915aec20-5765-4aad-8b0f-f2d71b7d6428 0.403s
2024-12-11 23:29:41.014 67293 INFO tempest.lib.common.rest_client [req-652118ce-bb47-42e6-bc16-d532ac9c183b req-652118ce-bb47-42e6-bc16-d532ac9c183b ] Request (ImagesTestJSON:test_create_image_from_suspended_server): 200 GET http://10.180.1.21/compute/v2.1/servers/48c0d20e-adc4-40a9-888c-ffea363f6edb 0.396s
2024-12-11 23:29:41.048 67329 INFO tempest.lib.common.rest_client [req-1aef8f88-f12a-40d5-9535-f735fceeae68 req-1aef8f88-f12a-40d5-9535-f735fceeae68 ] Request (ServerExternalEventsTest:tearDownClass): 200 GET http://10.180.1.21/compute/v2.1/servers/6b4e80fc-582f-432b-aa99-ec133127578e 0.399s
2024-12-11 23:29:41.079 67305 INFO tempest.lib.common.rest_client [req-a1e4dbab-fc3c-45f7-b1cc-001f2c0910d4 req-a1e4dbab-fc3c-45f7-b1cc-001f2c0910d4 ] Request (InstanceActionsV221TestJSON:test_get_list_deleted_instance_actions): 200 GET http://10.180.1.21/compute/v2.1/servers/de671ba9-0d86-4f89-a6bd-ecea9ad0ba85 0.398s
2024-12-11 23:29:41.125 67321 INFO tempest.lib.common.rest_client [req-5261ac37-4cbd-4592-820e-32815de790df req-5261ac37-4cbd-4592-820e-32815de790df ] Request (ServersTestManualDisk:setUpClass): 200 GET http://10.180.1.21/compute/v2.1/servers/d2f5b406-3d0e-4150-aeaf-7cdacbc12c06 0.417s
2024-12-11 23:29:41.134 67313 INFO tempest.lib.common.rest_client [req-e4609fb5-c928-41cd-8a0d-0fa78390db2d req-e4609fb5-c928-41cd-8a0d-0fa78390db2d ] Request (ServersTestMultiNic:test_verify_multiple_nics_order): 200 GET http://10.180.1.21/compute/v2.1/servers/07cc8cd7-8368-41dd-ae13-01c8275cac9e 0.403s
2024-12-11 23:29:41.184 67327 INFO tempest.lib.common.rest_client [req-087315d1-b0a2-416c-b8ac-4b7c88fc44b6 req-087315d1-b0a2-416c-b8ac-4b7c88fc44b6 ] Request (ServerGroupTestJSON:test_create_server_with_scheduler_hint_group): 200 GET http://10.180.1.21/compute/v2.1/servers/bc7baa1a-f65d-41d4-ad86-de041fbb2306 0.409s
2024-12-11 23:29:41.196 67331 INFO tempest.lib.common.rest_client [req-83a91198-f736-4b08-a0f5-5f361ec93370 req-83a91198-f736-4b08-a0f5-5f361ec93370 ] Request (MultipleCreateTestJSON:_run_cleanups): 200 GET http://10.180.1.21/compute/v2.1/servers/d221329b-eee4-42f5-bb27-cf6af0386c04 0.395s
2024-12-11 23:29:41.235 67291 INFO tempest.lib.common.rest_client [req-2d8b7e43-7705-4ca5-b5d2-16f0eb3e1be9 req-2d8b7e43-7705-4ca5-b5d2-16f0eb3e1be9 ] Request (ListImageFiltersTestJSON:setUpClass): 200 GET http://10.180.1.21/compute/v2.1/servers/aa44a4ff-14e5-42d2-a082-06fe0ae9646c 0.312s
2024-12-11 23:29:41.245 67341 INFO tempest.lib.common.rest_client [req-a5d17bf3-38fc-44b0-918d-9711570914ba req-a5d17bf3-38fc-44b0-918d-9711570914ba ] Request (ListServersNegativeTestJSON:tearDownClass): 200 GET http://10.180.1.21/compute/v2.1/servers/efc5b3b6-bed4-484c-8a0c-65810747382d 0.391s
2024-12-11 23:29:41.292 67340 INFO tempest.lib.common.rest_client [req-12643d9d-2a30-4486-9f56-2742490ecbfe req-12643d9d-2a30-4486-9f56-2742490ecbfe ] Request (ServersAdminNegativeTestJSON:test_migrate_server_invalid_state): 409 POST http://10.180.1.21/compute/v2.1/servers/8a7a3a54-ca4f-4860-a976-7d6b1212b9c9/action 0.360s
2024-12-11 23:29:41.344 67295 INFO tempest.lib.common.rest_client [req-1ee1cff0-957f-4fae-841a-abf9da2a0ad9 req-1ee1cff0-957f-4fae-841a-abf9da2a0ad9 ] Request (InstanceActionsTestJSON:setUpClass): 200 GET http://10.180.1.21/compute/v2.1/servers/a78feafb-00bc-44c4-acd3-a36fb8a81767 0.340s
2024-12-11 23:29:41.376 67307 INFO tempest.lib.common.rest_client [req-452ce051-7144-4c64-a1e3-34db1dc6c0b8 req-452ce051-7144-4c64-a1e3-34db1dc6c0b8 ] Request (ServersTestJSON:setUpClass): 200 GET http://10.180.1.21/compute/v2.1/servers/941ac23c-6aa9-4ed1-840a-326423b7cbc0 0.416s
2024-12-11 23:29:41.380 67340 INFO tempest.lib.common.rest_client [req-59887d3d-c125-4598-a38c-536035941227 req-59887d3d-c125-4598-a38c-536035941227 ] Request (ServersAdminNegativeTestJSON:test_reset_state_server_invalid_state): 400 POST http://10.180.1.21/compute/v2.1/servers/55fb6899-0321-4bf2-bf3f-2e87dd479433/action 0.086s
2024-12-11 23:29:41.383 67307 INFO tempest.common.waiters [-] State transition "BUILD/spawning" ==> "ACTIVE/None" after 41 second wait
2024-12-11 23:29:41.390 67340 INFO tempest.lib.common.rest_client [req-afd4e583-463a-4083-9ef7-d02470598f68 req-afd4e583-463a-4083-9ef7-d02470598f68 ] Request (ServersAdminNegativeTestJSON:test_reset_state_server_invalid_type): 400 POST http://10.180.1.21/compute/v2.1/servers/55fb6899-0321-4bf2-bf3f-2e87dd479433/action 0.008s
2024-12-11 23:29:41.397 67289 INFO tempest.lib.common.rest_client [req-5ad9f873-6056-4ae5-8eac-a692251bc00c req-5ad9f873-6056-4ae5-8eac-a692251bc00c ] Request (TenantUsagesTestJSON:tearDownClass): 200 GET http://10.180.1.21/compute/v2.1/servers/aaaf4b06-ef84-41ba-8054-29582854a9f1 0.339s
2024-12-11 23:29:41.402 67340 INFO tempest.lib.common.rest_client [req-f18ae7e1-3aef-4194-8c7d-33175494ead8 req-f18ae7e1-3aef-4194-8c7d-33175494ead8 ] Request (ServersAdminNegativeTestJSON:test_reset_state_server_nonexistent_server): 404 POST http://10.180.1.21/compute/v2.1/servers/999/action 0.011s
2024-12-11 23:29:41.446 67307 INFO tempest.lib.common.rest_client [req-b949b716-d8d7-434b-876c-fb128f8e5642 req-b949b716-d8d7-434b-876c-fb128f8e5642 ] Request (ServersTestJSON:setUpClass): 200 GET http://10.180.1.21/compute/v2.1/servers/941ac23c-6aa9-4ed1-840a-326423b7cbc0/os-interface 0.063s
2024-12-11 23:29:41.579 67340 INFO tempest.lib.common.rest_client [req-f48101c4-dde8-4f7c-90cf-888af251f978 req-f48101c4-dde8-4f7c-90cf-888af251f978 ] Request (ServersAdminNegativeTestJSON:test_resize_server_using_overlimit_ram): 200 GET http://10.180.1.21/compute/v2.1/os-quota-sets/4aa36bf458d74760a95ef561a3f3f02c 0.175s
2024-12-11 23:29:41.642 67303 INFO tempest.lib.common.rest_client [req-569cef82-7731-4fd2-a1dd-2c6653dde328 req-569cef82-7731-4fd2-a1dd-2c6653dde328 ] Request (ServerAddressesNegativeTestJSON:tearDownClass): 200 GET http://10.180.1.21/compute/v2.1/servers/c999d64e-3f5b-4854-8b92-6d0d17f49dd7 0.184s
2024-12-11 23:29:41.681 67317 INFO tempest.lib.common.rest_client [req-e3877068-3be8-450a-95aa-5409899cf233 req-e3877068-3be8-450a-95aa-5409899cf233 ] Request (MigrationsAdminTest:test_list_migrations_in_flavor_resize_situation): 200 GET http://10.180.1.21/compute/v2.1/servers/aa0d7b97-c8b2-4b45-baf4-1d9e783f0fae 0.287s
2024-12-11 23:29:41.711 67319 INFO tempest.lib.common.rest_client [req-6a625578-541e-4f46-b45f-76d88905f021 req-6a625578-541e-4f46-b45f-76d88905f021 ] Request (ServersAdmin275Test:tearDownClass): 200 GET http://10.180.1.21/compute/v2.1/servers/a6f7c217-a493-403d-b776-870df4575f2a 0.190s
2024-12-11 23:29:41.756 67297 INFO tempest.lib.common.rest_client [req-aa395656-5875-47bb-86f4-93af19bdc961 req-aa395656-5875-47bb-86f4-93af19bdc961 ] Request (FloatingIPsAssociationNegativeTestJSON:tearDownClass): 200 GET http://10.180.1.21/compute/v2.1/servers/25090d85-cd10-44fc-aa9d-071ada14f249 0.200s
2024-12-11 23:29:41.760 67301 INFO tempest.lib.common.rest_client [req-3defa63f-8686-4515-97cc-4ae249a63fbf req-3defa63f-8686-4515-97cc-4ae249a63fbf ] Request (ServerActionsTestJSON:setUpClass): 200 GET http://10.180.1.21/compute/v2.1/servers/90f0c97d-695b-4975-8ab9-4e77a9175da1 0.196s
2024-12-11 23:29:41.770 67340 INFO tempest.lib.common.rest_client [req-65cf87a7-a396-48c3-ae51-c3700a91d141 req-65cf87a7-a396-48c3-ae51-c3700a91d141 ] Request (ServersAdminNegativeTestJSON:test_resize_server_using_overlimit_ram): 200 POST http://10.180.1.21/compute/v2.1/flavors 0.189s
2024-12-11 23:29:41.811 67309 INFO tempest.lib.common.rest_client [req-f63f0827-b1be-48f2-b913-40ad9ad8c8a4 req-f63f0827-b1be-48f2-b913-40ad9ad8c8a4 ] Request (SecurityGroupsTestJSON:test_list_security_groups_by_server): 200 GET http://10.180.1.21/compute/v2.1/servers/04234ba7-24a3-48e5-9f62-6f4dddd0054a 0.198s
2024-12-11 23:29:41.830 67335 INFO tempest.lib.common.rest_client [req-3c69fd88-1687-434d-8e7d-daf1295a8d38 req-3c69fd88-1687-434d-8e7d-daf1295a8d38 ] Request (ServersTestFqdnHostnames:test_create_server_with_fqdn_name): 200 GET http://10.180.1.21/compute/v2.1/servers/08465a2c-1ab6-4c53-9b12-3cd51c717b03 0.165s
2024-12-11 23:29:41.836 67311 INFO tempest.lib.common.rest_client [req-f5a7ca77-bf84-431c-bd36-80c96a3a4b9a req-f5a7ca77-bf84-431c-bd36-80c96a3a4b9a ] Request (FloatingIPsTestJSON:tearDownClass): 200 PUT http://10.180.1.21:9696/networking/v2.0/routers/6fccded3-9de0-455c-8952-2b1803e394a7/remove_router_interface 1.547s
2024-12-11 23:29:41.874 67347 INFO tempest.lib.common.rest_client [req-16c63778-0239-46e7-a3bc-37a521eb2e8c req-16c63778-0239-46e7-a3bc-37a521eb2e8c ] Request (ServerActionsV293TestJSON:setUpClass): 200 GET http://10.180.1.21/compute/v2.1/servers/a6a578ba-f8d0-459a-b0b7-5e40cc67e5a6 0.160s
2024-12-11 23:29:41.957 67340 INFO tempest.lib.common.rest_client [req-01e6d296-696f-4d9f-bf1b-3543eb573ed2 req-01e6d296-696f-4d9f-bf1b-3543eb573ed2 ] Request (ServersAdminNegativeTestJSON:test_resize_server_using_overlimit_ram): 403 POST http://10.180.1.21/compute/v2.1/servers/55fb6899-0321-4bf2-bf3f-2e87dd479433/action 0.185s
2024-12-11 23:29:41.973 67340 INFO tempest.lib.common.rest_client [req-0b72be17-c1c1-41ee-8117-88e5f673043e req-0b72be17-c1c1-41ee-8117-88e5f673043e ] Request (ServersAdminNegativeTestJSON:_run_cleanups): 202 DELETE http://10.180.1.21/compute/v2.1/flavors/91983448 0.015s
2024-12-11 23:29:41.990 67340 INFO tempest.lib.common.rest_client [req-8a50dc6e-5faf-4562-81b3-25113f80421a req-8a50dc6e-5faf-4562-81b3-25113f80421a ] Request (ServersAdminNegativeTestJSON:_run_cleanups): 200 GET http://10.180.1.21/compute/v2.1/flavors/detail 0.017s
2024-12-11 23:29:42.047 67345 INFO tempest.lib.common.rest_client [req-fca42fb4-0911-480a-8ed1-28b036a47b84 req-fca42fb4-0911-480a-8ed1-28b036a47b84 ] Request (ImagesOneServerTestJSON:setUpClass): 200 GET http://10.180.1.21/compute/v2.1/servers/76731b1b-af66-441b-8fe4-d5d7e7faf3ca 0.297s
2024-12-11 23:29:42.047 67323 INFO tempest.lib.common.rest_client [req-db89d353-78d6-4059-9b91-20a315a376d1 req-db89d353-78d6-4059-9b91-20a315a376d1 ] Request (FloatingIPsAssociationTestJSON:setUpClass): 200 GET http://10.180.1.21/compute/v2.1/servers/915aec20-5765-4aad-8b0f-f2d71b7d6428 0.061s
2024-12-11 23:29:42.111 67293 INFO tempest.lib.common.rest_client [req-01c795ce-2433-4930-a116-c42e0e8b685a req-01c795ce-2433-4930-a116-c42e0e8b685a ] Request (ImagesTestJSON:test_create_image_from_suspended_server): 200 GET http://10.180.1.21/compute/v2.1/servers/48c0d20e-adc4-40a9-888c-ffea363f6edb 0.088s
2024-12-11 23:29:42.115 67340 INFO tempest.lib.common.rest_client [req-db8f257d-ffd3-46a3-9c7a-8321beffce60 req-db8f257d-ffd3-46a3-9c7a-8321beffce60 ] Request (ServersAdminNegativeTestJSON:test_resize_server_using_overlimit_vcpus): 200 GET http://10.180.1.21/compute/v2.1/os-quota-sets/4aa36bf458d74760a95ef561a3f3f02c 0.118s
2024-12-11 23:29:42.195 67329 INFO tempest.lib.common.rest_client [req-a356bb3e-b6da-46ec-9da4-b540f55a087d req-a356bb3e-b6da-46ec-9da4-b540f55a087d ] Request (ServerExternalEventsTest:tearDownClass): 200 GET http://10.180.1.21/compute/v2.1/servers/6b4e80fc-582f-432b-aa99-ec133127578e 0.140s
2024-12-11 23:29:42.207 67305 INFO tempest.lib.common.rest_client [req-ae70c389-9ee5-470b-a9b2-2eacba22c3f3 req-ae70c389-9ee5-470b-a9b2-2eacba22c3f3 ] Request (InstanceActionsV221TestJSON:test_get_list_deleted_instance_actions): 200 GET http://10.180.1.21/compute/v2.1/servers/de671ba9-0d86-4f89-a6bd-ecea9ad0ba85 0.112s
2024-12-11 23:29:42.214 67340 INFO tempest.lib.common.rest_client [req-087072d0-be7a-4e05-b363-dff972436b54 req-087072d0-be7a-4e05-b363-dff972436b54 ] Request (ServersAdminNegativeTestJSON:test_resize_server_using_overlimit_vcpus): 200 POST http://10.180.1.21/compute/v2.1/flavors 0.094s
2024-12-11 23:29:42.267 67313 INFO tempest.lib.common.rest_client [req-27068e68-c8b8-44d4-aa14-251ee129a33d req-27068e68-c8b8-44d4-aa14-251ee129a33d ] Request (ServersTestMultiNic:test_verify_multiple_nics_order): 200 GET http://10.180.1.21/compute/v2.1/servers/07cc8cd7-8368-41dd-ae13-01c8275cac9e 0.125s
2024-12-11 23:29:42.279 67321 INFO tempest.lib.common.rest_client [req-86ad0f43-d761-4c6e-9c8e-ade9e7600d24 req-86ad0f43-d761-4c6e-9c8e-ade9e7600d24 ] Request (ServersTestManualDisk:setUpClass): 200 GET http://10.180.1.21/compute/v2.1/servers/d2f5b406-3d0e-4150-aeaf-7cdacbc12c06 0.142s
2024-12-11 23:29:42.318 67327 INFO tempest.lib.common.rest_client [req-8dda4759-77c4-4f33-b351-dced153d2433 req-8dda4759-77c4-4f33-b351-dced153d2433 ] Request (ServerGroupTestJSON:test_create_server_with_scheduler_hint_group): 200 GET http://10.180.1.21/compute/v2.1/servers/bc7baa1a-f65d-41d4-ad86-de041fbb2306 0.126s
2024-12-11 23:29:42.377 67331 INFO tempest.lib.common.rest_client [req-408181ca-4671-4fc0-a653-35b3bf538925 req-408181ca-4671-4fc0-a653-35b3bf538925 ] Request (MultipleCreateTestJSON:_run_cleanups): 200 GET http://10.180.1.21/compute/v2.1/servers/d221329b-eee4-42f5-bb27-cf6af0386c04 0.173s
2024-12-11 23:29:42.397 67340 INFO tempest.lib.common.rest_client [req-6cea0171-51fc-4969-bdf6-b33672d29153 req-6cea0171-51fc-4969-bdf6-b33672d29153 ] Request (ServersAdminNegativeTestJSON:test_resize_server_using_overlimit_vcpus): 403 POST http://10.180.1.21/compute/v2.1/servers/55fb6899-0321-4bf2-bf3f-2e87dd479433/action 0.179s
2024-12-11 23:29:42.455 67341 INFO tempest.lib.common.rest_client [req-45d347d4-dd5c-4356-898a-b013a443d88f req-45d347d4-dd5c-4356-898a-b013a443d88f ] Request (ListServersNegativeTestJSON:tearDownClass): 200 GET http://10.180.1.21/compute/v2.1/servers/efc5b3b6-bed4-484c-8a0c-65810747382d 0.203s
2024-12-11 23:29:42.458 67291 INFO tempest.lib.common.rest_client [req-3d4bdb29-a6a8-477a-a5e0-817a925bdcfd req-3d4bdb29-a6a8-477a-a5e0-817a925bdcfd ] Request (ListImageFiltersTestJSON:setUpClass): 200 GET http://10.180.1.21/compute/v2.1/servers/aa44a4ff-14e5-42d2-a082-06fe0ae9646c 0.216s
2024-12-11 23:29:42.460 67307 INFO tempest.lib.common.rest_client [req-bac09988-b8e4-43a6-b4bf-c9098b153d03 req-bac09988-b8e4-43a6-b4bf-c9098b153d03 ] Request (ServersTestJSON:setUpClass): 200 PUT http://10.180.1.21:9696/networking/v2.0/floatingips/9a895045-3f9a-439f-9b7b-a225ce3cd3a6 1.012s
2024-12-11 23:29:42.477 67340 INFO tempest.lib.common.rest_client [req-3fb812c7-d7de-4b3e-99fa-1b9d75360256 req-3fb812c7-d7de-4b3e-99fa-1b9d75360256 ] Request (ServersAdminNegativeTestJSON:_run_cleanups): 202 DELETE http://10.180.1.21/compute/v2.1/flavors/1872054713 0.080s
2024-12-11 23:29:42.502 67295 INFO tempest.lib.common.rest_client [req-14e05a7e-eacb-4acb-8566-079ca053212c req-14e05a7e-eacb-4acb-8566-079ca053212c ] Request (InstanceActionsTestJSON:setUpClass): 200 GET http://10.180.1.21/compute/v2.1/servers/a78feafb-00bc-44c4-acd3-a36fb8a81767 0.150s
2024-12-11 23:29:42.510 67295 INFO tempest.common.waiters [-] State transition "BUILD/scheduling" ==> "BUILD/None" after 5 second wait
2024-12-11 23:29:42.561 67289 INFO tempest.lib.common.rest_client [req-a6adf358-3062-4790-929d-ad97bf3d4772 req-a6adf358-3062-4790-929d-ad97bf3d4772 ] Request (TenantUsagesTestJSON:tearDownClass): 200 GET http://10.180.1.21/compute/v2.1/servers/aaaf4b06-ef84-41ba-8054-29582854a9f1 0.150s
2024-12-11 23:29:42.590 67311 INFO tempest.lib.common.rest_client [req-531c252c-7057-4c63-8db6-375d2ea9e371 req-531c252c-7057-4c63-8db6-375d2ea9e371 ] Request (FloatingIPsTestJSON:tearDownClass): 204 DELETE http://10.180.1.21:9696/networking/v2.0/routers/6fccded3-9de0-455c-8952-2b1803e394a7 0.753s
2024-12-11 23:29:42.617 67307 INFO tempest.lib.common.rest_client [req-3d9b7879-ef57-4740-ab8f-70aaef768efc req-3d9b7879-ef57-4740-ab8f-70aaef768efc ] Request (ServersTestJSON:setUpClass): 200 GET http://10.180.1.21/compute/v2.1/servers/941ac23c-6aa9-4ed1-840a-326423b7cbc0 0.157s
2024-12-11 23:29:42.621 67340 INFO tempest.lib.common.rest_client [req-e304825b-935f-4e71-b18b-350c025f83d3 req-e304825b-935f-4e71-b18b-350c025f83d3 ] Request (ServersAdminNegativeTestJSON:_run_cleanups): 200 GET http://10.180.1.21/compute/v2.1/flavors/detail 0.143s
2024-12-11 23:29:42.628 67307 INFO tempest.lib.common.ssh [-] Creating ssh connection to '10.180.180.137:22' as 'cirros' with public key authentication
2024-12-11 23:29:42.721 67340 INFO tempest.lib.common.rest_client [req-2f5d20de-5285-451f-ab9b-c45cd36f476c req-2f5d20de-5285-451f-ab9b-c45cd36f476c ] Request (ServersAdminNegativeTestJSON:tearDownClass): 204 DELETE http://10.180.1.21/compute/v2.1/servers/8a7a3a54-ca4f-4860-a976-7d6b1212b9c9 0.095s
2024-12-11 23:29:42.722 67303 INFO tempest.lib.common.rest_client [req-ec671ae7-c8ff-4dcf-9ec9-e2a9b80a6323 req-ec671ae7-c8ff-4dcf-9ec9-e2a9b80a6323 ] Request (ServerAddressesNegativeTestJSON:tearDownClass): 200 GET http://10.180.1.21/compute/v2.1/servers/c999d64e-3f5b-4854-8b92-6d0d17f49dd7 0.071s
2024-12-11 23:29:42.730 67311 INFO tempest.lib.common.rest_client [req-81f3b5f7-1613-4094-bc5b-2a5fe7d9ff56 req-81f3b5f7-1613-4094-bc5b-2a5fe7d9ff56 ] Request (FloatingIPsTestJSON:tearDownClass): 204 DELETE http://10.180.1.21:9696/networking/v2.0/subnets/46e19149-942a-4c85-b0ea-de58d3223585 0.139s
2024-12-11 23:29:42.819 67317 INFO tempest.lib.common.rest_client [req-bdf51487-a053-4c37-9e7c-5a902f60aa3a req-bdf51487-a053-4c37-9e7c-5a902f60aa3a ] Request (MigrationsAdminTest:test_list_migrations_in_flavor_resize_situation): 200 GET http://10.180.1.21/compute/v2.1/servers/aa0d7b97-c8b2-4b45-baf4-1d9e783f0fae 0.127s
2024-12-11 23:29:42.849 67340 INFO tempest.lib.common.rest_client [req-e0fabbb9-a12a-4a61-b16f-f8acb703d064 req-e0fabbb9-a12a-4a61-b16f-f8acb703d064 ] Request (ServersAdminNegativeTestJSON:tearDownClass): 200 GET http://10.180.1.21/compute/v2.1/servers/8a7a3a54-ca4f-4860-a976-7d6b1212b9c9 0.128s
2024-12-11 23:29:42.879 67319 INFO tempest.lib.common.rest_client [req-fe589897-1ab0-4710-853b-e58e42cdc7e2 req-fe589897-1ab0-4710-853b-e58e42cdc7e2 ] Request (ServersAdmin275Test:tearDownClass): 200 GET http://10.180.1.21/compute/v2.1/servers/a6f7c217-a493-403d-b776-870df4575f2a 0.153s
2024-12-11 23:29:42.907 67297 INFO tempest.lib.common.rest_client [req-030974d3-5ff1-4e7a-a299-74302abd5407 req-030974d3-5ff1-4e7a-a299-74302abd5407 ] Request (FloatingIPsAssociationNegativeTestJSON:tearDownClass): 200 GET http://10.180.1.21/compute/v2.1/servers/25090d85-cd10-44fc-aa9d-071ada14f249 0.136s
2024-12-11 23:29:42.925 67301 INFO tempest.lib.common.rest_client [req-d17992d0-ca4b-470f-a0fe-b8c337b9b2c5 req-d17992d0-ca4b-470f-a0fe-b8c337b9b2c5 ] Request (ServerActionsTestJSON:setUpClass): 200 GET http://10.180.1.21/compute/v2.1/servers/90f0c97d-695b-4975-8ab9-4e77a9175da1 0.152s
2024-12-11 23:29:42.974 67309 INFO tempest.lib.common.rest_client [req-9da193b9-a67c-48a2-9ccf-9b1335ece3df req-9da193b9-a67c-48a2-9ccf-9b1335ece3df ] Request (SecurityGroupsTestJSON:test_list_security_groups_by_server): 200 GET http://10.180.1.21/compute/v2.1/servers/04234ba7-24a3-48e5-9f62-6f4dddd0054a 0.156s
2024-12-11 23:29:42.985 67335 INFO tempest.lib.common.rest_client [req-4a5ea2f6-8644-4781-8b0b-552ddd32e96b req-4a5ea2f6-8644-4781-8b0b-552ddd32e96b ] Request (ServersTestFqdnHostnames:test_create_server_with_fqdn_name): 200 GET http://10.180.1.21/compute/v2.1/servers/08465a2c-1ab6-4c53-9b12-3cd51c717b03 0.148s
2024-12-11 23:29:43.041 67347 INFO tempest.lib.common.rest_client [req-13c72b3b-a35b-4432-82aa-2aa0e4d5fa90 req-13c72b3b-a35b-4432-82aa-2aa0e4d5fa90 ] Request (ServerActionsV293TestJSON:setUpClass): 200 GET http://10.180.1.21/compute/v2.1/servers/a6a578ba-f8d0-459a-b0b7-5e40cc67e5a6 0.152s
2024-12-11 23:29:43.053 67311 INFO tempest.lib.common.rest_client [req-7177d221-a97d-4c1a-9b06-05195807fc94 req-7177d221-a97d-4c1a-9b06-05195807fc94 ] Request (FloatingIPsTestJSON:tearDownClass): 204 DELETE http://10.180.1.21:9696/networking/v2.0/networks/2bffa78f-e443-4af7-822f-07d3b95407ef 0.323s
2024-12-11 23:29:43.110 67323 INFO tempest.lib.common.rest_client [req-70025f72-529d-4608-83db-e898a67615ae req-70025f72-529d-4608-83db-e898a67615ae ] Request (FloatingIPsAssociationTestJSON:setUpClass): 200 GET http://10.180.1.21/compute/v2.1/servers/915aec20-5765-4aad-8b0f-f2d71b7d6428 0.055s
2024-12-11 23:29:43.179 67311 INFO tempest.lib.common.rest_client [req-d2b944ff-d320-4813-bb90-6bd46fec9fcb req-d2b944ff-d320-4813-bb90-6bd46fec9fcb ] Request (FloatingIPsTestJSON:tearDownClass): 204 DELETE http://10.180.1.21/identity/v3/users/0342ca1c4bcf4397a9dd0d78739171dc 0.125s
2024-12-11 23:29:43.179 67311 INFO tempest.lib.common.dynamic_creds [-] Deleting project and security group for project: 2a10df8852f1468b9679d3e85afbaad5
2024-12-11 23:29:43.190 67293 INFO tempest.lib.common.rest_client [req-50af888b-c6ca-4467-9c06-9ff571d44d5c req-50af888b-c6ca-4467-9c06-9ff571d44d5c ] Request (ImagesTestJSON:test_create_image_from_suspended_server): 200 GET http://10.180.1.21/compute/v2.1/servers/48c0d20e-adc4-40a9-888c-ffea363f6edb 0.066s
2024-12-11 23:29:43.216 67311 INFO tempest.lib.common.rest_client [req-59b38278-807d-496e-abfa-3a2843983ccb req-59b38278-807d-496e-abfa-3a2843983ccb ] Request (FloatingIPsTestJSON:tearDownClass): 200 GET http://10.180.1.21:9696/networking/v2.0/security-groups?tenant_id=2a10df8852f1468b9679d3e85afbaad5&name=default 0.036s
2024-12-11 23:29:43.244 67345 INFO tempest.lib.common.rest_client [req-7bd370d7-3915-460c-ac15-b989e44c6cd8 req-7bd370d7-3915-460c-ac15-b989e44c6cd8 ] Request (ImagesOneServerTestJSON:setUpClass): 200 GET http://10.180.1.21/compute/v2.1/servers/76731b1b-af66-441b-8fe4-d5d7e7faf3ca 0.185s
2024-12-11 23:29:43.281 67329 INFO tempest.lib.common.rest_client [req-301e5fd0-9f20-485e-a911-63f7f2b0291d req-301e5fd0-9f20-485e-a911-63f7f2b0291d ] Request (ServerExternalEventsTest:tearDownClass): 200 GET http://10.180.1.21/compute/v2.1/servers/6b4e80fc-582f-432b-aa99-ec133127578e 0.077s
2024-12-11 23:29:43.305 67305 INFO tempest.lib.common.rest_client [req-c70f7ffe-199e-482e-afb8-61ed402eb9d7 req-c70f7ffe-199e-482e-afb8-61ed402eb9d7 ] Request (InstanceActionsV221TestJSON:test_get_list_deleted_instance_actions): 200 GET http://10.180.1.21/compute/v2.1/servers/de671ba9-0d86-4f89-a6bd-ecea9ad0ba85 0.084s
2024-12-11 23:29:43.332 67313 INFO tempest.lib.common.rest_client [req-c28501a3-cc8d-4b5f-a138-e020e10c6069 req-c28501a3-cc8d-4b5f-a138-e020e10c6069 ] Request (ServersTestMultiNic:test_verify_multiple_nics_order): 200 GET http://10.180.1.21/compute/v2.1/servers/07cc8cd7-8368-41dd-ae13-01c8275cac9e 0.057s
2024-12-11 23:29:43.338 67311 INFO tempest.lib.common.rest_client [req-06813d35-aa1b-45de-9e3e-e6488f166491 req-06813d35-aa1b-45de-9e3e-e6488f166491 ] Request (FloatingIPsTestJSON:tearDownClass): 204 DELETE http://10.180.1.21:9696/networking/v2.0/security-groups/16899af9-3a32-4e56-b6ec-72c1953e7cb1 0.121s
2024-12-11 23:29:43.384 67327 INFO tempest.lib.common.rest_client [req-d09713a5-d38d-4add-b511-4a471a2f0fe0 req-d09713a5-d38d-4add-b511-4a471a2f0fe0 ] Request (ServerGroupTestJSON:test_create_server_with_scheduler_hint_group): 200 GET http://10.180.1.21/compute/v2.1/servers/bc7baa1a-f65d-41d4-ad86-de041fbb2306 0.056s
2024-12-11 23:29:43.449 67331 INFO tempest.lib.common.rest_client [req-570e9b0c-9c06-4c89-8a2d-afc5f490bf29 req-570e9b0c-9c06-4c89-8a2d-afc5f490bf29 ] Request (MultipleCreateTestJSON:_run_cleanups): 200 GET http://10.180.1.21/compute/v2.1/servers/d221329b-eee4-42f5-bb27-cf6af0386c04 0.060s
2024-12-11 23:29:43.457 67311 INFO tempest.lib.common.rest_client [req-80b62d87-a992-409b-831f-da1dea359e1b req-80b62d87-a992-409b-831f-da1dea359e1b ] Request (FloatingIPsTestJSON:tearDownClass): 204 DELETE http://10.180.1.21/identity/v3/projects/2a10df8852f1468b9679d3e85afbaad5 0.116s
2024-12-11 23:29:43.523 67311 INFO tempest.lib.common.rest_client [req-237153a6-3c39-4799-b928-25e0edf66c64 req-237153a6-3c39-4799-b928-25e0edf66c64 ] Request (AttachInterfacesUnderV243Test:setUpClass): 201 POST http://10.180.1.21/identity/v3/auth/tokens 0.064s
2024-12-11 23:29:43.532 67341 INFO tempest.lib.common.rest_client [req-aa01ecb4-9892-47a5-a4fa-ee55829a8a32 req-aa01ecb4-9892-47a5-a4fa-ee55829a8a32 ] Request (ListServersNegativeTestJSON:tearDownClass): 200 GET http://10.180.1.21/compute/v2.1/servers/efc5b3b6-bed4-484c-8a0c-65810747382d 0.065s
2024-12-11 23:29:43.547 67321 INFO tempest.lib.common.rest_client [req-a40eed0d-27b4-4c49-8aa8-47f003faaedc req-a40eed0d-27b4-4c49-8aa8-47f003faaedc ] Request (ServersTestManualDisk:setUpClass): 200 GET http://10.180.1.21/compute/v2.1/servers/d2f5b406-3d0e-4150-aeaf-7cdacbc12c06 0.257s
2024-12-11 23:29:43.568 67311 INFO tempest.lib.common.rest_client [req-09427ae5-3cd4-4753-95c1-db7518a9fe0f req-09427ae5-3cd4-4753-95c1-db7518a9fe0f ] Request (AttachInterfacesUnderV243Test:setUpClass): 201 POST http://10.180.1.21/identity/v3/auth/tokens 0.041s
2024-12-11 23:29:43.580 67291 INFO tempest.lib.common.rest_client [req-fb7b978a-d81b-4eba-9652-f0f6cf5851db req-fb7b978a-d81b-4eba-9652-f0f6cf5851db ] Request (ListImageFiltersTestJSON:setUpClass): 200 GET http://10.180.1.21/compute/v2.1/servers/aa44a4ff-14e5-42d2-a082-06fe0ae9646c 0.108s
2024-12-11 23:29:43.596 67311 INFO tempest.lib.common.rest_client [req-1504d120-e8a2-4f2e-b6dd-4bccb869d562 req-1504d120-e8a2-4f2e-b6dd-4bccb869d562 ] Request (AttachInterfacesUnderV243Test:setUpClass): 200 GET http://10.180.1.21/identity/v3/domains?name=Default 0.028s
2024-12-11 23:29:43.599 67295 INFO tempest.lib.common.rest_client [req-5973f2af-30be-4d70-84dd-78c6803427b0 req-5973f2af-30be-4d70-84dd-78c6803427b0 ] Request (InstanceActionsTestJSON:setUpClass): 200 GET http://10.180.1.21/compute/v2.1/servers/a78feafb-00bc-44c4-acd3-a36fb8a81767 0.087s
2024-12-11 23:29:43.624 67311 INFO tempest.lib.common.rest_client [req-cfb538f6-072a-41b2-9971-bf696f3e0c87 req-cfb538f6-072a-41b2-9971-bf696f3e0c87 ] Request (AttachInterfacesUnderV243Test:setUpClass): 201 POST http://10.180.1.21/identity/v3/projects 0.027s
2024-12-11 23:29:43.632 67289 INFO tempest.lib.common.rest_client [req-dfd66faf-6d20-4a67-a915-85104f67e550 req-dfd66faf-6d20-4a67-a915-85104f67e550 ] Request (TenantUsagesTestJSON:tearDownClass): 200 GET http://10.180.1.21/compute/v2.1/servers/aaaf4b06-ef84-41ba-8054-29582854a9f1 0.062s
2024-12-11 23:29:43.675 67311 INFO tempest.lib.common.rest_client [req-81138940-f53d-419a-93bc-7cfe58cfb778 req-81138940-f53d-419a-93bc-7cfe58cfb778 ] Request (AttachInterfacesUnderV243Test:setUpClass): 201 POST http://10.180.1.21/identity/v3/users 0.050s
2024-12-11 23:29:43.692 67311 INFO tempest.lib.common.rest_client [req-996e461b-710c-47d7-901d-2f28786ddb30 req-996e461b-710c-47d7-901d-2f28786ddb30 ] Request (AttachInterfacesUnderV243Test:setUpClass): 200 GET http://10.180.1.21/identity/v3/roles 0.016s
2024-12-11 23:29:43.715 67311 INFO tempest.lib.common.rest_client [req-c8d3c1a3-af65-4816-a834-1f0742273c90 req-c8d3c1a3-af65-4816-a834-1f0742273c90 ] Request (AttachInterfacesUnderV243Test:setUpClass): 204 PUT http://10.180.1.21/identity/v3/projects/7fadf3c8628840efb6c8f6f99df21694/users/ebba7dcc5e6a48f4865a165c4554128a/roles/39f400ea3f8d4ef6b8b7a97983fb8a5a 0.023s
2024-12-11 23:29:43.716 67311 INFO tempest.lib.common.dynamic_creds [-] Dynamic test user ebba7dcc5e6a48f4865a165c4554128a is created with scope project and roles: ['member']
2024-12-11 23:29:43.716 67311 INFO tempest.lib.common.dynamic_creds [-] Acquired dynamic creds: credentials: Credentials: {'domain_id': 'default', 'domain_name': 'Default', 'username': 'tempest-AttachInterfacesUnderV243Test-452658908-project-member', 'project_domain_id': 'default', 'project_domain_name': 'Default', 'project_id': '7fadf3c8628840efb6c8f6f99df21694', 'project_name': 'tempest-AttachInterfacesUnderV243Test-452658908', 'tenant_id': '7fadf3c8628840efb6c8f6f99df21694', 'tenant_name': 'tempest-AttachInterfacesUnderV243Test-452658908', 'user_domain_id': 'default', 'user_domain_name': 'Default', 'user_id': 'ebba7dcc5e6a48f4865a165c4554128a', 'system': None}, Network: None, Subnet: None, Router: None
2024-12-11 23:29:43.771 67311 INFO tempest.lib.common.rest_client [req-eb57b3cc-3ca1-4a65-9971-34686dd46303 req-eb57b3cc-3ca1-4a65-9971-34686dd46303 ] Request (AttachInterfacesUnderV243Test:setUpClass): 201 POST http://10.180.1.21/identity/v3/auth/tokens 0.055s
2024-12-11 23:29:43.783 67303 INFO tempest.lib.common.rest_client [req-415272ff-ff0e-40ac-8509-46b68b3c191a req-415272ff-ff0e-40ac-8509-46b68b3c191a ] Request (ServerAddressesNegativeTestJSON:tearDownClass): 200 GET http://10.180.1.21/compute/v2.1/servers/c999d64e-3f5b-4854-8b92-6d0d17f49dd7 0.052s
2024-12-11 23:29:43.950 67317 INFO tempest.lib.common.rest_client [req-dcc205b6-fc87-4bbd-8689-3794db89e928 req-dcc205b6-fc87-4bbd-8689-3794db89e928 ] Request (MigrationsAdminTest:test_list_migrations_in_flavor_resize_situation): 200 GET http://10.180.1.21/compute/v2.1/servers/aa0d7b97-c8b2-4b45-baf4-1d9e783f0fae 0.124s
2024-12-11 23:29:43.986 67340 INFO tempest.lib.common.rest_client [req-284315d9-85bb-463b-a4fa-59a75430a35d req-284315d9-85bb-463b-a4fa-59a75430a35d ] Request (ServersAdminNegativeTestJSON:tearDownClass): 200 GET http://10.180.1.21/compute/v2.1/servers/8a7a3a54-ca4f-4860-a976-7d6b1212b9c9 0.130s
2024-12-11 23:29:44.012 67319 INFO tempest.lib.common.rest_client [req-63dc4db6-6885-41d9-a234-d798dcec747b req-63dc4db6-6885-41d9-a234-d798dcec747b ] Request (ServersAdmin275Test:tearDownClass): 200 GET http://10.180.1.21/compute/v2.1/servers/a6f7c217-a493-403d-b776-870df4575f2a 0.124s
2024-12-11 23:29:44.046 67311 INFO tempest.lib.common.rest_client [req-ebb05f9f-ac64-4d30-be26-c4d2472c5f8f req-ebb05f9f-ac64-4d30-be26-c4d2472c5f8f ] Request (AttachInterfacesUnderV243Test:setUpClass): 201 POST http://10.180.1.21:9696/networking/v2.0/networks 0.274s
2024-12-11 23:29:44.055 67297 INFO tempest.lib.common.rest_client [req-fab032cf-b6ad-41bd-bf13-ef9598b7e66f req-fab032cf-b6ad-41bd-bf13-ef9598b7e66f ] Request (FloatingIPsAssociationNegativeTestJSON:tearDownClass): 200 GET http://10.180.1.21/compute/v2.1/servers/25090d85-cd10-44fc-aa9d-071ada14f249 0.141s
2024-12-11 23:29:44.062 67301 INFO tempest.lib.common.rest_client [req-b306c183-3d43-451f-a155-efd25eb5c920 req-b306c183-3d43-451f-a155-efd25eb5c920 ] Request (ServerActionsTestJSON:setUpClass): 200 GET http://10.180.1.21/compute/v2.1/servers/90f0c97d-695b-4975-8ab9-4e77a9175da1 0.130s
2024-12-11 23:29:44.104 67335 INFO tempest.lib.common.rest_client [req-f20c64c0-b765-4049-b54b-c9f6862ed0d2 req-f20c64c0-b765-4049-b54b-c9f6862ed0d2 ] Request (ServersTestFqdnHostnames:test_create_server_with_fqdn_name): 200 GET http://10.180.1.21/compute/v2.1/servers/08465a2c-1ab6-4c53-9b12-3cd51c717b03 0.109s
2024-12-11 23:29:44.109 67309 INFO tempest.lib.common.rest_client [req-6707561b-c83d-442f-a044-acd5bfe01f43 req-6707561b-c83d-442f-a044-acd5bfe01f43 ] Request (SecurityGroupsTestJSON:test_list_security_groups_by_server): 200 GET http://10.180.1.21/compute/v2.1/servers/04234ba7-24a3-48e5-9f62-6f4dddd0054a 0.126s
2024-12-11 23:29:44.170 67347 INFO tempest.lib.common.rest_client [req-23f286f5-2265-400c-982d-036f6cd69481 req-23f286f5-2265-400c-982d-036f6cd69481 ] Request (ServerActionsV293TestJSON:setUpClass): 200 GET http://10.180.1.21/compute/v2.1/servers/a6a578ba-f8d0-459a-b0b7-5e40cc67e5a6 0.120s
