2024-12-11 23:28:16.822 67319 INFO tempest.lib.common.rest_client [req-61c46af4-f815-45e1-b6b6-a1d4f5a06d94 req-61c46af4-f815-45e1-b6b6-a1d4f5a06d94 ] Request (ServersAdmin275Test:test_rebuild_update_server_275): 202 POST http://10.180.1.21/compute/v2.1/servers 2.947s
2024-12-11 23:28:16.846 67295 INFO tempest.lib.common.rest_client [req-1ea5d945-6efa-41c1-ae3d-0df26f2a330d req-1ea5d945-6efa-41c1-ae3d-0df26f2a330d ] Request (FlavorsExtraSpecsTestJSON:test_flavor_non_admin_get_all_keys): 200 POST http://10.180.1.21/compute/v2.1/flavors/302315560/os-extra_specs 2.858s
2024-12-11 23:28:16.854 67349 INFO tempest.lib.common.rest_client [req-9941e611-4e1a-4b5b-9895-c2a6faebac75 req-9941e611-4e1a-4b5b-9895-c2a6faebac75 ] Request (ServicesAdminNegativeV253TestJSON:setUpClass): 204 PUT http://10.180.1.21/identity/v3/projects/3500009e86ca410087dc6e8558b28296/users/b5fa360d585a4ce3b38fe5f91812baed/roles/39f400ea3f8d4ef6b8b7a97983fb8a5a 0.150s
2024-12-11 23:28:16.854 67349 INFO tempest.lib.common.dynamic_creds [-] Dynamic test user b5fa360d585a4ce3b38fe5f91812baed is created with scope project and roles: ['member']
2024-12-11 23:28:16.854 67349 INFO tempest.lib.common.dynamic_creds [-] Acquired dynamic creds: credentials: Credentials: {'domain_id': 'default', 'domain_name': 'Default', 'username': 'tempest-ServicesAdminNegativeV253TestJSON-2054384481-project-member', 'project_domain_id': 'default', 'project_domain_name': 'Default', 'project_id': '3500009e86ca410087dc6e8558b28296', 'project_name': 'tempest-ServicesAdminNegativeV253TestJSON-2054384481', 'tenant_id': '3500009e86ca410087dc6e8558b28296', 'tenant_name': 'tempest-ServicesAdminNegativeV253TestJSON-2054384481', 'user_domain_id': 'default', 'user_domain_name': 'Default', 'user_id': 'b5fa360d585a4ce3b38fe5f91812baed', 'system': None}, Network: None, Subnet: None, Router: None
2024-12-11 23:28:16.855 67349 INFO tempest.lib.common.dynamic_creds [-] Created isolated network resources for: credentials: Credentials: {'domain_id': 'default', 'domain_name': 'Default', 'username': 'tempest-ServicesAdminNegativeV253TestJSON-2054384481-project-member', 'project_domain_id': 'default', 'project_domain_name': 'Default', 'project_id': '3500009e86ca410087dc6e8558b28296', 'project_name': 'tempest-ServicesAdminNegativeV253TestJSON-2054384481', 'tenant_id': '3500009e86ca410087dc6e8558b28296', 'tenant_name': 'tempest-ServicesAdminNegativeV253TestJSON-2054384481', 'user_domain_id': 'default', 'user_domain_name': 'Default', 'user_id': 'b5fa360d585a4ce3b38fe5f91812baed', 'system': None}, Network: None, Subnet: None, Router: None
2024-12-11 23:28:16.884 67299 INFO tempest.lib.common.rest_client [req-d0b56b48-5694-4691-852e-9507fa6f7702 req-d0b56b48-5694-4691-852e-9507fa6f7702 ] Request (ServersWithSpecificFlavorTestJSON:setUpClass): 201 POST http://10.180.1.21:9696/networking/v2.0/routers 0.928s
2024-12-11 23:28:16.890 67317 INFO tempest.lib.common.rest_client [req-08cac472-a99a-4c69-b1a3-4d980b474a7c req-08cac472-a99a-4c69-b1a3-4d980b474a7c ] Request (HypervisorAdminV253TestBase:test_list_show_detail_hypervisors): 200 GET http://10.180.1.21/compute/v2.1/os-hypervisors?with_servers=True 2.851s
2024-12-11 23:28:16.904 67313 INFO tempest.lib.common.rest_client [req-8dccc563-57dd-4df5-b3bf-34cb6aa731db req-8dccc563-57dd-4df5-b3bf-34cb6aa731db ] Request (ServersTestMultiNic:test_verify_duplicate_network_nics): 201 POST http://10.180.1.21:9696/networking/v2.0/subnets 0.435s
2024-12-11 23:28:16.905 67331 INFO tempest.lib.common.rest_client [req-dfa7017f-bade-452c-ac9d-35c9f3f98aff req-dfa7017f-bade-452c-ac9d-35c9f3f98aff ] Request (AZAdminNegativeTestJSON:tearDownClass): 201 POST http://10.180.1.21/identity/v3/auth/tokens 0.110s
2024-12-11 23:28:16.978 67329 INFO tempest.lib.common.rest_client [req-510eac90-e50f-4981-b03c-7264ad831aee req-510eac90-e50f-4981-b03c-7264ad831aee ] Request (QuotasAdminNegativeTest:test_create_server_when_cpu_quota_is_full): 200 GET http://10.180.1.21/compute/v2.1/os-quota-sets/9bddc39ea35b4fb5af7d262eea4e2dd9 3.054s
2024-12-11 23:28:16.987 67349 INFO tempest.lib.common.rest_client [req-a1b8b794-5b8e-4c5d-8c1d-e4e6fd5f1f78 req-a1b8b794-5b8e-4c5d-8c1d-e4e6fd5f1f78 ] Request (ServicesAdminNegativeV253TestJSON:setUpClass): 201 POST http://10.180.1.21/identity/v3/auth/tokens 0.127s
2024-12-11 23:28:17.026 67323 INFO tempest.lib.common.rest_client [req-b2160ca1-091c-4068-b81c-bed215f8dec8 req-b2160ca1-091c-4068-b81c-bed215f8dec8 ] Request (AggregatesAdminNegativeTestJSON:test_aggregate_add_existent_host): 200 POST http://10.180.1.21/compute/v2.1/os-aggregates 2.321s
2024-12-11 23:28:17.052 67313 INFO tempest.lib.common.rest_client [req-95cc2fce-ed84-484b-8bc0-c3b8ff71b6e3 req-95cc2fce-ed84-484b-8bc0-c3b8ff71b6e3 ] Request (ServersTestMultiNic:test_verify_duplicate_network_nics): 201 POST http://10.180.1.21/identity/v3/auth/tokens 0.144s
2024-12-11 23:28:17.052 67313 INFO tempest.lib.common.fixed_network [-] (ServersTestMultiNic:test_verify_duplicate_network_nics) Found network {'id': '82763494-983b-45c6-a4c2-5bbda8ce6cb6', 'name': 'tempest-ServersTestMultiNic-1248525558-network', 'tenant_id': 'a2519cafe6c84b12b560995b2d3dd84d', 'admin_state_up': True, 'mtu': 8950, 'status': 'ACTIVE', 'subnets': [], 'shared': False, 'project_id': 'a2519cafe6c84b12b560995b2d3dd84d', 'port_security_enabled': True, 'router:external': False, 'provider:network_type': 'vlan', 'provider:physical_network': 'default', 'provider:segmentation_id': 946, 'availability_zone_hints': [], 'availability_zones': [], 'ipv4_address_scope': None, 'ipv6_address_scope': None, 'description': '', 'tags': [], 'created_at': '2024-12-11T23:28:10Z', 'updated_at': '2024-12-11T23:28:11Z', 'revision_number': 1} available for tenant
2024-12-11 23:28:17.055 67311 INFO tempest.lib.common.rest_client [req-bc4ab12a-39b6-43c7-b299-c400405bbd77 req-bc4ab12a-39b6-43c7-b299-c400405bbd77 ] Request (FlavorsAdminTestJSON:_run_cleanups): 202 DELETE http://10.180.1.21/compute/v2.1/flavors/233388861 2.215s
2024-12-11 23:28:17.093 67349 INFO tempest.lib.common.rest_client [req-8b93ba41-b2d0-443a-bb64-f9f44081ab2e req-8b93ba41-b2d0-443a-bb64-f9f44081ab2e ] Request (ServicesAdminNegativeV253TestJSON:setUpClass): 201 POST http://10.180.1.21/identity/v3/projects 0.105s
2024-12-11 23:28:17.148 67327 INFO tempest.lib.common.rest_client [req-9f98850f-77b5-4daa-9cfa-42283815beb8 req-9f98850f-77b5-4daa-9cfa-42283815beb8 ] Request (FlavorsAccessNegativeTestJSON:test_add_flavor_access_duplicate): 200 POST http://10.180.1.21/compute/v2.1/flavors 2.277s
2024-12-11 23:28:17.163 67349 INFO tempest.lib.common.rest_client [req-6c3becbd-0a92-4c5e-842f-d5fff32dc322 req-6c3becbd-0a92-4c5e-842f-d5fff32dc322 ] Request (ServicesAdminNegativeV253TestJSON:setUpClass): 201 POST http://10.180.1.21/identity/v3/users 0.070s
2024-12-11 23:28:17.186 67349 INFO tempest.lib.common.rest_client [req-92c6f891-deea-4bec-93b6-87041ff7f555 req-92c6f891-deea-4bec-93b6-87041ff7f555 ] Request (ServicesAdminNegativeV253TestJSON:setUpClass): 200 GET http://10.180.1.21/identity/v3/roles 0.023s
2024-12-11 23:28:17.215 67349 INFO tempest.lib.common.rest_client [req-b22ced40-4c99-43d0-bda3-765111f388b6 req-b22ced40-4c99-43d0-bda3-765111f388b6 ] Request (ServicesAdminNegativeV253TestJSON:setUpClass): 204 PUT http://10.180.1.21/identity/v3/projects/de19a9e89983441e8562020e3c76056b/users/59b7f47521574ddfb0bfbb393f548ecf/roles/d83d94aa0ac94cc28521907463a52616 0.029s
2024-12-11 23:28:17.260 67349 INFO tempest.lib.common.rest_client [req-ea1611d0-9cf7-44c3-a402-0608c51c9eae req-ea1611d0-9cf7-44c3-a402-0608c51c9eae ] Request (ServicesAdminNegativeV253TestJSON:setUpClass): 200 GET http://10.180.1.21/identity/v3/roles 0.044s
2024-12-11 23:28:17.261 67331 INFO tempest.lib.common.rest_client [req-4cb6b733-49ba-4b06-8689-ef764029853d req-4cb6b733-49ba-4b06-8689-ef764029853d ] Request (AZAdminNegativeTestJSON:tearDownClass): 200 GET http://10.180.1.21:9696/networking/v2.0/security-groups?tenant_id=bb39ab2edb96479a87ac4444198732f9&name=default 0.354s
2024-12-11 23:28:17.272 67301 INFO tempest.lib.common.rest_client [req-6fc78d55-d592-4745-9bd2-6bf8cdbe2c32 req-6fc78d55-d592-4745-9bd2-6bf8cdbe2c32 ] Request (ServerDiagnosticsTest:test_get_server_diagnostics): 200 GET http://10.180.1.21/compute/v2.1/servers/724c7a22-1833-4dc5-ab38-a11498a83ab8 2.305s
2024-12-11 23:28:17.285 67349 INFO tempest.lib.common.rest_client [req-2ad7242e-24b8-4bec-bebb-5860367fe34d req-2ad7242e-24b8-4bec-bebb-5860367fe34d ] Request (ServicesAdminNegativeV253TestJSON:setUpClass): 204 PUT http://10.180.1.21/identity/v3/projects/de19a9e89983441e8562020e3c76056b/users/59b7f47521574ddfb0bfbb393f548ecf/roles/d83d94aa0ac94cc28521907463a52616 0.024s
2024-12-11 23:28:17.285 67349 INFO tempest.lib.common.dynamic_creds [-] Dynamic test user 59b7f47521574ddfb0bfbb393f548ecf is created with scope project and roles: ['admin']
2024-12-11 23:28:17.285 67349 INFO tempest.lib.common.dynamic_creds [-] Acquired dynamic creds: credentials: Credentials: {'domain_id': 'default', 'domain_name': 'Default', 'username': 'tempest-ServicesAdminNegativeV253TestJSON-1640852311-project-admin', 'project_domain_id': 'default', 'project_domain_name': 'Default', 'project_id': 'de19a9e89983441e8562020e3c76056b', 'project_name': 'tempest-ServicesAdminNegativeV253TestJSON-1640852311', 'tenant_id': 'de19a9e89983441e8562020e3c76056b', 'tenant_name': 'tempest-ServicesAdminNegativeV253TestJSON-1640852311', 'user_domain_id': 'default', 'user_domain_name': 'Default', 'user_id': '59b7f47521574ddfb0bfbb393f548ecf', 'system': None}, Network: None, Subnet: None, Router: None
2024-12-11 23:28:17.285 67349 INFO tempest.lib.common.dynamic_creds [-] Created isolated network resources for: credentials: Credentials: {'domain_id': 'default', 'domain_name': 'Default', 'username': 'tempest-ServicesAdminNegativeV253TestJSON-1640852311-project-admin', 'project_domain_id': 'default', 'project_domain_name': 'Default', 'project_id': 'de19a9e89983441e8562020e3c76056b', 'project_name': 'tempest-ServicesAdminNegativeV253TestJSON-1640852311', 'tenant_id': 'de19a9e89983441e8562020e3c76056b', 'tenant_name': 'tempest-ServicesAdminNegativeV253TestJSON-1640852311', 'user_domain_id': 'default', 'user_domain_name': 'Default', 'user_id': '59b7f47521574ddfb0bfbb393f548ecf', 'system': None}, Network: None, Subnet: None, Router: None
2024-12-11 23:28:17.359 67349 INFO tempest.lib.common.rest_client [req-cc7f317f-de87-4b95-aaf6-89261ee4a995 req-cc7f317f-de87-4b95-aaf6-89261ee4a995 ] Request (ServicesAdminNegativeV253TestJSON:setUpClass): 201 POST http://10.180.1.21/identity/v3/auth/tokens 0.071s
2024-12-11 23:28:17.386 67315 INFO tempest.lib.common.rest_client [req-487b74c3-5e30-4523-8cf0-8f073f2acfdb req-487b74c3-5e30-4523-8cf0-8f073f2acfdb ] Request (VolumesAssistedSnapshotsTest:setUpClass): 201 POST http://10.180.1.21:9696/networking/v2.0/routers 1.312s
2024-12-11 23:28:17.403 67340 INFO tempest.lib.common.rest_client [req-f4392fe1-a1c7-4621-b10f-ced79c498e57 req-f4392fe1-a1c7-4621-b10f-ced79c498e57 ] Request (ServersAdminNegativeTestJSON:setUpClass): 202 POST http://10.180.1.21/compute/v2.1/servers 2.874s
2024-12-11 23:28:17.422 67331 INFO tempest.lib.common.rest_client [req-57623b5b-9a0b-4fdc-955d-4a75cffb0733 req-57623b5b-9a0b-4fdc-955d-4a75cffb0733 ] Request (AZAdminNegativeTestJSON:tearDownClass): 204 DELETE http://10.180.1.21:9696/networking/v2.0/security-groups/d3e14637-bb5e-4dbc-8dc8-31e3753b4396 0.160s
2024-12-11 23:28:17.489 67309 INFO tempest.lib.common.rest_client [req-c8ab2490-4d21-4cea-b7ed-b6992cf3bf09 req-c8ab2490-4d21-4cea-b7ed-b6992cf3bf09 ] Request (FlavorMetadataValidation:test_flavor_update_with_custom_namespace): 200 POST http://10.180.1.21/compute/v2.1/flavors/230245344/os-extra_specs 2.517s
2024-12-11 23:28:17.525 67347 INFO tempest.lib.common.rest_client [req-69a2f869-857c-4490-a445-f1fd2eaf5a73 req-69a2f869-857c-4490-a445-f1fd2eaf5a73 ] Request (ImagesMetadataTestJSON:setUpClass): 200 GET http://10.180.1.21/compute/v2.1/images/0614a280-904b-4893-97ac-813f5a874e93 2.208s
2024-12-11 23:28:17.551 67331 INFO tempest.lib.common.rest_client [req-e5c7820e-cead-43db-82fb-0b98cfe450c1 req-e5c7820e-cead-43db-82fb-0b98cfe450c1 ] Request (AZAdminNegativeTestJSON:tearDownClass): 204 DELETE http://10.180.1.21/identity/v3/projects/bb39ab2edb96479a87ac4444198732f9 0.128s
2024-12-11 23:28:17.551 67331 INFO tempest.lib.common.dynamic_creds [-] Deleting project and security group for project: 9f14cdb970d34b0c8805b2bb18215d0a
2024-12-11 23:28:17.609 67335 INFO tempest.lib.common.rest_client [req-88abfa7a-c004-48f4-99ec-fae06badae5d req-88abfa7a-c004-48f4-99ec-fae06badae5d ] Request (SecurityGroupRulesTestJSON:test_security_group_rules_create): 200 POST http://10.180.1.21/compute/v2.1/os-security-groups 2.640s
2024-12-11 23:28:17.652 67325 INFO tempest.lib.common.rest_client [req-4ca22ebe-5725-4568-b9f2-776ac67773dc req-4ca22ebe-5725-4568-b9f2-776ac67773dc ] Request (ServersTestBootFromVolume:setUpClass): 200 POST http://10.180.1.21/compute/v2.1/os-keypairs 2.305s
2024-12-11 23:28:17.669 67337 INFO tempest.lib.common.rest_client [req-b95c2adf-7321-442f-9a9a-d7010e52a78f req-b95c2adf-7321-442f-9a9a-d7010e52a78f ] Request (VolumesTestJSON:setUpClass): 200 GET http://10.180.1.21/compute/v2.1/os-volumes/36ee165f-3030-48d7-a21c-446b81a6973b 2.224s
2024-12-11 23:28:17.716 67331 INFO tempest.lib.common.rest_client [req-34c86821-45a9-4fae-b63e-a1910ecb23ac req-34c86821-45a9-4fae-b63e-a1910ecb23ac ] Request (AZAdminNegativeTestJSON:tearDownClass): 200 GET http://10.180.1.21:9696/networking/v2.0/security-groups?tenant_id=9f14cdb970d34b0c8805b2bb18215d0a&name=default 0.164s
2024-12-11 23:28:17.754 67341 INFO tempest.lib.common.rest_client [req-228613c4-e5f4-4d87-8163-2e0f63156943 req-228613c4-e5f4-4d87-8163-2e0f63156943 ] Request (ListServersNegativeTestJSON:setUpClass): 200 GET http://10.180.1.21/compute/v2.1/servers 1.868s
2024-12-11 23:28:17.821 67337 INFO tempest.lib.common.rest_client [req-fe4f0afd-073c-4f20-818a-ea97133a4110 req-fe4f0afd-073c-4f20-818a-ea97133a4110 ] Request (VolumesTestJSON:setUpClass): 202 POST http://10.180.1.21/volume/v3/volumes 0.148s
2024-12-11 23:28:17.853 67331 INFO tempest.lib.common.rest_client [req-fffa1a4e-1b53-4688-9d8e-4449e223be9a req-fffa1a4e-1b53-4688-9d8e-4449e223be9a ] Request (AZAdminNegativeTestJSON:tearDownClass): 204 DELETE http://10.180.1.21:9696/networking/v2.0/security-groups/b675aa0f-09c4-4ac8-9d8a-468cf5ae25eb 0.137s
2024-12-11 23:28:17.860 67337 INFO tempest.lib.common.rest_client [req-10e47be7-8d3e-4c67-a257-f7b4ff8bb019 req-10e47be7-8d3e-4c67-a257-f7b4ff8bb019 ] Request (VolumesTestJSON:setUpClass): 200 GET http://10.180.1.21/volume/v3/volumes/6746d43d-ba67-4ffc-bba7-964e7cf024a6 0.033s
2024-12-11 23:28:17.929 67325 INFO tempest.lib.common.rest_client [req-9f7ff884-ddcf-47fd-814c-48647a20ab22 req-9f7ff884-ddcf-47fd-814c-48647a20ab22 ] Request (ServersTestBootFromVolume:setUpClass): 201 POST http://10.180.1.21:9696/networking/v2.0/security-groups 0.275s
2024-12-11 23:28:17.942 67303 INFO tempest.lib.common.rest_client [req-ea2a16e4-8790-46dd-8206-2739b9e418b4 req-ea2a16e4-8790-46dd-8206-2739b9e418b4 ] Request (QuotaClassesAdminTestJSON:test_update_default_quotas): 200 PUT http://10.180.1.21/compute/v2.1/os-quota-class-sets/default 1.885s
2024-12-11 23:28:17.963 67297 INFO tempest.lib.common.rest_client [req-2e1fd197-f172-46f2-805b-c22b2f8a1fc6 req-2e1fd197-f172-46f2-805b-c22b2f8a1fc6 ] Request (HypervisorAdminTestJSON:test_get_hypervisor_show_details): 200 GET http://10.180.1.21/compute/v2.1/os-hypervisors 1.855s
2024-12-11 23:28:17.982 67331 INFO tempest.lib.common.rest_client [req-78a581fe-bf66-4d1d-8ba2-bce86d3c83ae req-78a581fe-bf66-4d1d-8ba2-bce86d3c83ae ] Request (AZAdminNegativeTestJSON:tearDownClass): 204 DELETE http://10.180.1.21/identity/v3/projects/9f14cdb970d34b0c8805b2bb18215d0a 0.129s
2024-12-11 23:28:17.989 67343 INFO tempest.lib.common.rest_client [req-c05c11f4-eb2f-40f9-bf56-8754ebedcc2b req-c05c11f4-eb2f-40f9-bf56-8754ebedcc2b ] Request (HostsAdminTestJSON:test_list_hosts_with_a_blank_zone): 200 GET http://10.180.1.21/compute/v2.1/os-hosts?zone= 1.746s
2024-12-11 23:28:18.059 67331 INFO tempest.lib.common.rest_client [req-13a47365-6e4d-40d0-8579-b7885032358a req-13a47365-6e4d-40d0-8579-b7885032358a ] Request (KeyPairsV210TestJSON:setUpClass): 201 POST http://10.180.1.21/identity/v3/auth/tokens 0.075s
2024-12-11 23:28:18.072 67299 INFO tempest.lib.common.rest_client [req-38eb29e0-1daa-4511-bf03-740abfc95a12 req-38eb29e0-1daa-4511-bf03-740abfc95a12 ] Request (ServersWithSpecificFlavorTestJSON:setUpClass): 200 PUT http://10.180.1.21:9696/networking/v2.0/routers/b80d8905-c1dc-46c0-aeff-c67402ce4336/add_router_interface 1.188s
2024-12-11 23:28:18.072 67299 INFO tempest.lib.common.dynamic_creds [-] Created isolated network resources for: credentials: Credentials: {'domain_id': 'default', 'domain_name': 'Default', 'username': 'tempest-ServersWithSpecificFlavorTestJSON-135690133-project-admin', 'project_domain_id': 'default', 'project_domain_name': 'Default', 'project_id': 'bb62c9493ff94ab9a9a5acb0864301f1', 'project_name': 'tempest-ServersWithSpecificFlavorTestJSON-135690133', 'tenant_id': 'bb62c9493ff94ab9a9a5acb0864301f1', 'tenant_name': 'tempest-ServersWithSpecificFlavorTestJSON-135690133', 'user_domain_id': 'default', 'user_domain_name': 'Default', 'user_id': '9cc432934e1240e4b4b51405f14fd2f7', 'system': None}, Network: {'id': 'b4ba3751-871a-4f4c-84d4-e4cd067efbfb', 'name': 'tempest-ServersWithSpecificFlavorTestJSON-1451724825-network', 'tenant_id': 'bb62c9493ff94ab9a9a5acb0864301f1', 'admin_state_up': True, 'mtu': 8950, 'status': 'ACTIVE', 'subnets': [], 'shared': False, 'project_id': 'bb62c9493ff94ab9a9a5acb0864301f1', 'port_security_enabled': True, 'router:external': False, 'provider:network_type': 'vlan', 'provider:physical_network': 'default', 'provider:segmentation_id': 998, 'availability_zone_hints': [], 'availability_zones': [], 'ipv4_address_scope': None, 'ipv6_address_scope': None, 'description': '', 'tags': [], 'created_at': '2024-12-11T23:28:15Z', 'updated_at': '2024-12-11T23:28:15Z', 'revision_number': 1}, Subnet: {'id': '11c92f8c-a12a-44ed-a5fc-be008d9c28c1', 'name': 'tempest-ServersWithSpecificFlavorTestJSON-1451724825-subnet', 'tenant_id': 'bb62c9493ff94ab9a9a5acb0864301f1', 'network_id': 'b4ba3751-871a-4f4c-84d4-e4cd067efbfb', 'ip_version': 4, 'subnetpool_id': None, 'enable_dhcp': True, 'ipv6_ra_mode': None, 'ipv6_address_mode': None, 'gateway_ip': '192.168.128.1', 'cidr': '192.168.128.0/28', 'allocation_pools': [{'start': '192.168.128.2', 'end': '192.168.128.14'}], 'host_routes': [], 'dns_nameservers': [], 'description': '', 'router:external': False, 'service_types': [], 'tags': [], 'created_at': '2024-12-11T23:28:15Z', 'updated_at': '2024-12-11T23:28:15Z', 'revision_number': 0, 'project_id': 'bb62c9493ff94ab9a9a5acb0864301f1'}, Router: {'id': 'b80d8905-c1dc-46c0-aeff-c67402ce4336', 'name': 'tempest-ServersWithSpecificFlavorTestJSON-1451724825-router', 'tenant_id': 'bb62c9493ff94ab9a9a5acb0864301f1', 'admin_state_up': True, 'status': 'ACTIVE', 'external_gateway_info': {'network_id': 'c1ebc0fa-f970-4693-92ee-bcb517c8a9e0', 'external_fixed_ips': [{'subnet_id': '434de4d6-d57f-4da4-bdd0-e83dfd50e4c5', 'ip_address': '10.180.180.246'}], 'enable_snat': True}, 'description': '', 'availability_zones': [], 'distributed': False, 'ha': False, 'availability_zone_hints': [], 'routes': [], 'flavor_id': None, 'tags': [], 'created_at': '2024-12-11T23:28:15Z', 'updated_at': '2024-12-11T23:28:16Z', 'revision_number': 2, 'project_id': 'bb62c9493ff94ab9a9a5acb0864301f1'}
2024-12-11 23:28:18.089 67291 INFO tempest.lib.common.rest_client [req-f363a960-3ba7-4bfc-a607-d1c97cf7d3c3 req-f363a960-3ba7-4bfc-a607-d1c97cf7d3c3 ] Request (FlavorsV255TestJSON:test_crud_flavor): 200 GET http://10.180.1.21/compute/v2.1/flavors/798375979 1.779s
2024-12-11 23:28:18.095 67331 INFO tempest.lib.common.rest_client [req-faff0b56-1672-4ff4-984a-49791136b138 req-faff0b56-1672-4ff4-984a-49791136b138 ] Request (KeyPairsV210TestJSON:setUpClass): 201 POST http://10.180.1.21/identity/v3/auth/tokens 0.033s
2024-12-11 23:28:18.124 67331 INFO tempest.lib.common.rest_client [req-1e314d2f-f296-4401-90f0-f7d0f055dfbc req-1e314d2f-f296-4401-90f0-f7d0f055dfbc ] Request (KeyPairsV210TestJSON:setUpClass): 200 GET http://10.180.1.21/identity/v3/domains?name=Default 0.028s
2024-12-11 23:28:18.145 67325 INFO tempest.lib.common.rest_client [req-c01feb3f-2f05-42dc-8e48-d907b3d08d3f req-c01feb3f-2f05-42dc-8e48-d907b3d08d3f ] Request (ServersTestBootFromVolume:setUpClass): 201 POST http://10.180.1.21:9696/networking/v2.0/security-group-rules 0.216s
2024-12-11 23:28:18.159 67299 INFO tempest.lib.common.rest_client [req-b994fe77-d320-400a-9e05-a6a439e004e1 req-b994fe77-d320-400a-9e05-a6a439e004e1 ] Request (ServersWithSpecificFlavorTestJSON:setUpClass): 201 POST http://10.180.1.21/identity/v3/auth/tokens 0.081s
2024-12-11 23:28:18.188 67331 INFO tempest.lib.common.rest_client [req-b762cae9-10bd-492e-b597-5c40fedfe533 req-b762cae9-10bd-492e-b597-5c40fedfe533 ] Request (KeyPairsV210TestJSON:setUpClass): 201 POST http://10.180.1.21/identity/v3/projects 0.063s
2024-12-11 23:28:18.197 67321 INFO tempest.lib.common.rest_client [req-ee19c30d-1308-49ed-93e8-f1fa875dc2a5 req-ee19c30d-1308-49ed-93e8-f1fa875dc2a5 ] Request (FlavorsAccessTestJSON:test_flavor_access_add_remove): 200 POST http://10.180.1.21/compute/v2.1/flavors/1005233656/action 1.820s
2024-12-11 23:28:18.253 67325 INFO tempest.lib.common.rest_client [req-b1ae9a19-616d-4873-951d-544f4a1c0a16 req-b1ae9a19-616d-4873-951d-544f4a1c0a16 ] Request (ServersTestBootFromVolume:setUpClass): 201 POST http://10.180.1.21:9696/networking/v2.0/security-group-rules 0.108s
2024-12-11 23:28:18.256 67331 INFO tempest.lib.common.rest_client [req-08d846b3-612e-4f51-8d2c-8e8c2081e9dd req-08d846b3-612e-4f51-8d2c-8e8c2081e9dd ] Request (KeyPairsV210TestJSON:setUpClass): 201 POST http://10.180.1.21/identity/v3/users 0.065s
2024-12-11 23:28:18.272 67331 INFO tempest.lib.common.rest_client [req-e637299b-fd0c-4210-81e3-6a61fdfb285a req-e637299b-fd0c-4210-81e3-6a61fdfb285a ] Request (KeyPairsV210TestJSON:setUpClass): 200 GET http://10.180.1.21/identity/v3/roles 0.015s
2024-12-11 23:28:18.300 67331 INFO tempest.lib.common.rest_client [req-564006f6-0529-4809-a418-d180c28acfc4 req-564006f6-0529-4809-a418-d180c28acfc4 ] Request (KeyPairsV210TestJSON:setUpClass): 204 PUT http://10.180.1.21/identity/v3/projects/9be7500a4cc746a092e55be6efb72b57/users/4a6c8fc140fa41a49bab871e258249c0/roles/39f400ea3f8d4ef6b8b7a97983fb8a5a 0.028s
2024-12-11 23:28:18.300 67331 INFO tempest.lib.common.dynamic_creds [-] Dynamic test user 4a6c8fc140fa41a49bab871e258249c0 is created with scope project and roles: ['member']
2024-12-11 23:28:18.300 67331 INFO tempest.lib.common.dynamic_creds [-] Acquired dynamic creds: credentials: Credentials: {'domain_id': 'default', 'domain_name': 'Default', 'username': 'tempest-KeyPairsV210TestJSON-1080878455-project-member', 'project_domain_id': 'default', 'project_domain_name': 'Default', 'project_id': '9be7500a4cc746a092e55be6efb72b57', 'project_name': 'tempest-KeyPairsV210TestJSON-1080878455', 'tenant_id': '9be7500a4cc746a092e55be6efb72b57', 'tenant_name': 'tempest-KeyPairsV210TestJSON-1080878455', 'user_domain_id': 'default', 'user_domain_name': 'Default', 'user_id': '4a6c8fc140fa41a49bab871e258249c0', 'system': None}, Network: None, Subnet: None, Router: None
2024-12-11 23:28:18.300 67331 INFO tempest.lib.common.dynamic_creds [-] Created isolated network resources for: credentials: Credentials: {'domain_id': 'default', 'domain_name': 'Default', 'username': 'tempest-KeyPairsV210TestJSON-1080878455-project-member', 'project_domain_id': 'default', 'project_domain_name': 'Default', 'project_id': '9be7500a4cc746a092e55be6efb72b57', 'project_name': 'tempest-KeyPairsV210TestJSON-1080878455', 'tenant_id': '9be7500a4cc746a092e55be6efb72b57', 'tenant_name': 'tempest-KeyPairsV210TestJSON-1080878455', 'user_domain_id': 'default', 'user_domain_name': 'Default', 'user_id': '4a6c8fc140fa41a49bab871e258249c0', 'system': None}, Network: None, Subnet: None, Router: None
2024-12-11 23:28:18.309 67289 INFO tempest.lib.common.rest_client [req-effdeb64-9939-4ebf-b348-1e57db4e612f req-effdeb64-9939-4ebf-b348-1e57db4e612f ] Request (FlavorsExtraSpecsNegativeTestJSON:test_flavor_get_nonexistent_key): 404 GET http://10.180.1.21/compute/v2.1/flavors/195978658/os-extra_specs/hw:cpu_thread_policy 1.874s
2024-12-11 23:28:18.316 67351 INFO tempest.lib.common.rest_client [req-023b568c-b423-469c-8d9f-9ac9057fee61 req-023b568c-b423-469c-8d9f-9ac9057fee61 ] Request (HypervisorAdminNegativeTestJSON:test_get_hypervisor_list_with_non_admin_user): 403 GET http://10.180.1.21/compute/v2.1/os-hypervisors 1.811s
2024-12-11 23:28:18.340 67333 INFO tempest.lib.common.rest_client [req-d4421ab8-b669-47e5-8256-6fa10fc0a2c5 req-d4421ab8-b669-47e5-8256-6fa10fc0a2c5 ] Request (AZAdminV2TestJSON:test_get_availability_zone_list_detail): 200 GET http://10.180.1.21/compute/v2.1/os-availability-zone/detail 1.694s
2024-12-11 23:28:18.388 67331 INFO tempest.lib.common.rest_client [req-0687299a-3f64-4a88-ad79-814d2f5ddc32 req-0687299a-3f64-4a88-ad79-814d2f5ddc32 ] Request (KeyPairsV210TestJSON:setUpClass): 201 POST http://10.180.1.21/identity/v3/auth/tokens 0.083s
2024-12-11 23:28:18.436 67307 INFO tempest.lib.common.rest_client [req-cfda3786-db19-4f74-bde0-969bde13fca9 req-cfda3786-db19-4f74-bde0-969bde13fca9 ] Request (InstanceUsageAuditLogNegativeTestJSON:test_instance_usage_audit_logs_with_nonadmin_user): 403 GET http://10.180.1.21/compute/v2.1/os-instance_usage_audit_log 1.756s
2024-12-11 23:28:18.462 67331 INFO tempest.lib.common.rest_client [req-d0c04ca4-879f-4b67-b45c-0c9fec2572d3 req-d0c04ca4-879f-4b67-b45c-0c9fec2572d3 ] Request (KeyPairsV210TestJSON:setUpClass): 201 POST http://10.180.1.21/identity/v3/projects 0.073s
2024-12-11 23:28:18.533 67333 INFO tempest.lib.common.rest_client [req-f7b1aab7-c41e-4cd5-b818-68390f127345 req-f7b1aab7-c41e-4cd5-b818-68390f127345 ] Request (AZAdminV2TestJSON:tearDownClass): 204 DELETE http://10.180.1.21/identity/v3/users/7e33ce829d7e4c91b3e7d94fcd6e9649 0.190s
2024-12-11 23:28:18.562 67319 INFO tempest.lib.common.rest_client [req-9e6d8108-2529-4f02-9560-189c6650dd3e req-9e6d8108-2529-4f02-9560-189c6650dd3e ] Request (ServersAdmin275Test:test_rebuild_update_server_275): 200 PUT http://10.180.1.21/compute/v2.1/servers/a6f7c217-a493-403d-b776-870df4575f2a 1.738s
2024-12-11 23:28:18.587 67331 INFO tempest.lib.common.rest_client [req-e07894f6-ae2f-4f4e-9c74-6828e589ca49 req-e07894f6-ae2f-4f4e-9c74-6828e589ca49 ] Request (KeyPairsV210TestJSON:setUpClass): 201 POST http://10.180.1.21/identity/v3/users 0.124s
2024-12-11 23:28:18.620 67333 INFO tempest.lib.common.rest_client [req-db1a5c1f-0794-4f63-8c3f-db9f1843d920 req-db1a5c1f-0794-4f63-8c3f-db9f1843d920 ] Request (AZAdminV2TestJSON:tearDownClass): 204 DELETE http://10.180.1.21/identity/v3/users/608fc5e04b5d4a0499fc1214c5e800b3 0.086s
2024-12-11 23:28:18.620 67333 INFO tempest.lib.common.dynamic_creds [-] Deleting project and security group for project: 849eeceef1694b8d999853c8aee0e3a0
2024-12-11 23:28:18.659 67325 INFO tempest.lib.common.rest_client [req-1cd27494-5094-4459-8a91-eb7aab32e013 req-1cd27494-5094-4459-8a91-eb7aab32e013 ] Request (ServersTestBootFromVolume:setUpClass): 201 POST http://10.180.1.21:9696/networking/v2.0/floatingips 0.405s
2024-12-11 23:28:18.725 67331 INFO tempest.lib.common.rest_client [req-45b6ffa7-816d-491a-9e99-bef816fa67de req-45b6ffa7-816d-491a-9e99-bef816fa67de ] Request (KeyPairsV210TestJSON:setUpClass): 200 GET http://10.180.1.21/identity/v3/roles 0.138s
2024-12-11 23:28:18.734 67295 INFO tempest.lib.common.rest_client [req-5f2511d4-0511-4fab-89c6-8ab43b567f56 req-5f2511d4-0511-4fab-89c6-8ab43b567f56 ] Request (FlavorsExtraSpecsTestJSON:test_flavor_non_admin_get_all_keys): 200 GET http://10.180.1.21/compute/v2.1/flavors/302315560/os-extra_specs 1.886s
2024-12-11 23:28:18.749 67333 INFO tempest.lib.common.rest_client [req-5381eceb-cc8d-460a-8769-633c09b6b399 req-5381eceb-cc8d-460a-8769-633c09b6b399 ] Request (AZAdminV2TestJSON:tearDownClass): 201 POST http://10.180.1.21/identity/v3/auth/tokens 0.128s
2024-12-11 23:28:18.769 67317 INFO tempest.lib.common.rest_client [req-a0795102-3109-4a9c-a622-e4220b32b845 req-a0795102-3109-4a9c-a622-e4220b32b845 ] Request (HypervisorAdminV253TestBase:test_list_show_detail_hypervisors): 200 GET http://10.180.1.21/compute/v2.1/os-hypervisors/cf478c89-515f-4372-b90f-4868ab56e978 1.875s
2024-12-11 23:28:18.779 67305 INFO tempest.lib.common.rest_client [req-f59860f8-656b-41de-9104-eb2403dd042b req-f59860f8-656b-41de-9104-eb2403dd042b ] Request (FloatingIPDetailsTestJSON:setUpClass): 200 POST http://10.180.1.21/compute/v2.1/os-floating-ips 2.847s
2024-12-11 23:28:18.808 67325 INFO tempest.lib.common.rest_client [req-5e7fc7c3-1182-47c9-8215-61103b6d11ff req-5e7fc7c3-1182-47c9-8215-61103b6d11ff ] Request (ServersTestBootFromVolume:setUpClass): 201 POST http://10.180.1.21/identity/v3/auth/tokens 0.085s
2024-12-11 23:28:18.808 67325 INFO tempest.lib.common.fixed_network [-] (ServersTestBootFromVolume:setUpClass) Found network {'id': '5cdac896-d067-4c9e-9ccd-954fce726e11', 'name': 'tempest-ServersTestBootFromVolume-637047934-network', 'tenant_id': 'e0e95e0ca1804616a5d258396749d295', 'admin_state_up': True, 'mtu': 8950, 'status': 'ACTIVE', 'subnets': [], 'shared': False, 'project_id': 'e0e95e0ca1804616a5d258396749d295', 'port_security_enabled': True, 'router:external': False, 'provider:network_type': 'vlan', 'provider:physical_network': 'default', 'provider:segmentation_id': 988, 'availability_zone_hints': [], 'availability_zones': [], 'ipv4_address_scope': None, 'ipv6_address_scope': None, 'description': '', 'tags': [], 'created_at': '2024-12-11T23:28:10Z', 'updated_at': '2024-12-11T23:28:10Z', 'revision_number': 1} available for tenant
2024-12-11 23:28:18.843 67331 INFO tempest.lib.common.rest_client [req-2b53b2d7-6914-4bf0-ab21-da7727fab408 req-2b53b2d7-6914-4bf0-ab21-da7727fab408 ] Request (KeyPairsV210TestJSON:setUpClass): 204 PUT http://10.180.1.21/identity/v3/projects/f53e97f437a74350a068a8feb40415be/users/6f307aa648204aaa89dc88296d2b4ba0/roles/d83d94aa0ac94cc28521907463a52616 0.117s
2024-12-11 23:28:18.912 67337 INFO tempest.lib.common.rest_client [req-77fa850b-fda6-4bdb-b83d-341506bcae89 req-77fa850b-fda6-4bdb-b83d-341506bcae89 ] Request (VolumesTestJSON:setUpClass): 200 GET http://10.180.1.21/volume/v3/volumes/6746d43d-ba67-4ffc-bba7-964e7cf024a6 0.040s
2024-12-11 23:28:18.924 67337 INFO tempest.common.waiters [-] volume 6746d43d-ba67-4ffc-bba7-964e7cf024a6 reached available after waiting for 1.924731 seconds
2024-12-11 23:28:18.935 67331 INFO tempest.lib.common.rest_client [req-9099bb11-c313-4d22-8664-6d4476d586cd req-9099bb11-c313-4d22-8664-6d4476d586cd ] Request (KeyPairsV210TestJSON:setUpClass): 200 GET http://10.180.1.21/identity/v3/roles 0.090s
2024-12-11 23:28:18.984 67317 INFO tempest.lib.common.rest_client [req-fd7a79ed-335c-4b6e-a122-14cb0c9d8362 req-fd7a79ed-335c-4b6e-a122-14cb0c9d8362 ] Request (HypervisorAdminV253TestBase:tearDownClass): 204 DELETE http://10.180.1.21/identity/v3/users/2e89950f9c674d51ab0f95706eccfe36 0.155s
2024-12-11 23:28:19.170 67329 INFO tempest.lib.common.rest_client [req-2a2076d9-4b22-4ef9-a4e2-8df7baf02b6c req-2a2076d9-4b22-4ef9-a4e2-8df7baf02b6c ] Request (QuotasAdminNegativeTest:test_create_server_when_cpu_quota_is_full): 200 PUT http://10.180.1.21/compute/v2.1/os-quota-sets/9bddc39ea35b4fb5af7d262eea4e2dd9 2.190s
2024-12-11 23:28:19.177 67333 INFO tempest.lib.common.rest_client [req-9781c861-2347-4028-80c3-d02fe7275d9e req-9781c861-2347-4028-80c3-d02fe7275d9e ] Request (AZAdminV2TestJSON:tearDownClass): 200 GET http://10.180.1.21:9696/networking/v2.0/security-groups?tenant_id=849eeceef1694b8d999853c8aee0e3a0&name=default 0.427s
2024-12-11 23:28:19.179 67331 INFO tempest.lib.common.rest_client [req-e22aa86e-1b8a-4b7e-aca8-7c3e1cfeab26 req-e22aa86e-1b8a-4b7e-aca8-7c3e1cfeab26 ] Request (KeyPairsV210TestJSON:setUpClass): 204 PUT http://10.180.1.21/identity/v3/projects/f53e97f437a74350a068a8feb40415be/users/6f307aa648204aaa89dc88296d2b4ba0/roles/d83d94aa0ac94cc28521907463a52616 0.243s
2024-12-11 23:28:19.180 67331 INFO tempest.lib.common.dynamic_creds [-] Dynamic test user 6f307aa648204aaa89dc88296d2b4ba0 is created with scope project and roles: ['admin']
2024-12-11 23:28:19.181 67331 INFO tempest.lib.common.dynamic_creds [-] Acquired dynamic creds: credentials: Credentials: {'domain_id': 'default', 'domain_name': 'Default', 'username': 'tempest-KeyPairsV210TestJSON-1387654041-project-admin', 'project_domain_id': 'default', 'project_domain_name': 'Default', 'project_id': 'f53e97f437a74350a068a8feb40415be', 'project_name': 'tempest-KeyPairsV210TestJSON-1387654041', 'tenant_id': 'f53e97f437a74350a068a8feb40415be', 'tenant_name': 'tempest-KeyPairsV210TestJSON-1387654041', 'user_domain_id': 'default', 'user_domain_name': 'Default', 'user_id': '6f307aa648204aaa89dc88296d2b4ba0', 'system': None}, Network: None, Subnet: None, Router: None
2024-12-11 23:28:19.181 67331 INFO tempest.lib.common.dynamic_creds [-] Created isolated network resources for: credentials: Credentials: {'domain_id': 'default', 'domain_name': 'Default', 'username': 'tempest-KeyPairsV210TestJSON-1387654041-project-admin', 'project_domain_id': 'default', 'project_domain_name': 'Default', 'project_id': 'f53e97f437a74350a068a8feb40415be', 'project_name': 'tempest-KeyPairsV210TestJSON-1387654041', 'tenant_id': 'f53e97f437a74350a068a8feb40415be', 'tenant_name': 'tempest-KeyPairsV210TestJSON-1387654041', 'user_domain_id': 'default', 'user_domain_name': 'Default', 'user_id': '6f307aa648204aaa89dc88296d2b4ba0', 'system': None}, Network: None, Subnet: None, Router: None
2024-12-11 23:28:19.282 67317 INFO tempest.lib.common.rest_client [req-afbcf468-a3d2-4ef4-b317-dd7131775e63 req-afbcf468-a3d2-4ef4-b317-dd7131775e63 ] Request (HypervisorAdminV253TestBase:tearDownClass): 204 DELETE http://10.180.1.21/identity/v3/users/9e5f029d0c2a4e5d977d7dee10d4d6ae 0.297s
2024-12-11 23:28:19.282 67317 INFO tempest.lib.common.dynamic_creds [-] Deleting project and security group for project: 6a3aef2e7b8f493e88ec4722de4a4c11
2024-12-11 23:28:19.438 67315 INFO tempest.lib.common.rest_client [req-e795d59e-725b-4d98-81da-a3736d802234 req-e795d59e-725b-4d98-81da-a3736d802234 ] Request (VolumesAssistedSnapshotsTest:setUpClass): 200 PUT http://10.180.1.21:9696/networking/v2.0/routers/bf466497-5ac9-446a-8fcf-018ddd455073/add_router_interface 2.052s
2024-12-11 23:28:19.439 67315 INFO tempest.lib.common.dynamic_creds [-] Created isolated network resources for: credentials: Credentials: {'domain_id': 'default', 'domain_name': 'Default', 'username': 'tempest-VolumesAssistedSnapshotsTest-711968808-project-admin', 'project_domain_id': 'default', 'project_domain_name': 'Default', 'project_id': 'c5e2c398975e4436aba0a012bb300138', 'project_name': 'tempest-VolumesAssistedSnapshotsTest-711968808', 'tenant_id': 'c5e2c398975e4436aba0a012bb300138', 'tenant_name': 'tempest-VolumesAssistedSnapshotsTest-711968808', 'user_domain_id': 'default', 'user_domain_name': 'Default', 'user_id': '67437693a66e4897ab48eebd4f6e5984', 'system': None}, Network: {'id': '95f62138-a179-4bb5-8072-7d343c2a74c4', 'name': 'tempest-VolumesAssistedSnapshotsTest-1365793025-network', 'tenant_id': 'c5e2c398975e4436aba0a012bb300138', 'admin_state_up': True, 'mtu': 8950, 'status': 'ACTIVE', 'subnets': [], 'shared': False, 'project_id': 'c5e2c398975e4436aba0a012bb300138', 'port_security_enabled': True, 'router:external': False, 'provider:network_type': 'vlan', 'provider:physical_network': 'default', 'provider:segmentation_id': 240, 'availability_zone_hints': [], 'availability_zones': [], 'ipv4_address_scope': None, 'ipv6_address_scope': None, 'description': '', 'tags': [], 'created_at': '2024-12-11T23:28:15Z', 'updated_at': '2024-12-11T23:28:15Z', 'revision_number': 1}, Subnet: {'id': '21b56c38-77f0-4df3-84a4-46a3015f5c22', 'name': 'tempest-VolumesAssistedSnapshotsTest-1365793025-subnet', 'tenant_id': 'c5e2c398975e4436aba0a012bb300138', 'network_id': '95f62138-a179-4bb5-8072-7d343c2a74c4', 'ip_version': 4, 'subnetpool_id': None, 'enable_dhcp': True, 'ipv6_ra_mode': None, 'ipv6_address_mode': None, 'gateway_ip': '192.168.128.1', 'cidr': '192.168.128.0/28', 'allocation_pools': [{'start': '192.168.128.2', 'end': '192.168.128.14'}], 'host_routes': [], 'dns_nameservers': [], 'description': '', 'router:external': False, 'service_types': [], 'tags': [], 'created_at': '2024-12-11T23:28:15Z', 'updated_at': '2024-12-11T23:28:15Z', 'revision_number': 0, 'project_id': 'c5e2c398975e4436aba0a012bb300138'}, Router: {'id': 'bf466497-5ac9-446a-8fcf-018ddd455073', 'name': 'tempest-VolumesAssistedSnapshotsTest-1365793025-router', 'tenant_id': 'c5e2c398975e4436aba0a012bb300138', 'admin_state_up': True, 'status': 'ACTIVE', 'external_gateway_info': {'network_id': 'c1ebc0fa-f970-4693-92ee-bcb517c8a9e0', 'external_fixed_ips': [{'subnet_id': '434de4d6-d57f-4da4-bdd0-e83dfd50e4c5', 'ip_address': '10.180.180.184'}], 'enable_snat': True}, 'description': '', 'availability_zones': [], 'distributed': False, 'ha': False, 'availability_zone_hints': [], 'routes': [], 'flavor_id': None, 'tags': [], 'created_at': '2024-12-11T23:28:16Z', 'updated_at': '2024-12-11T23:28:16Z', 'revision_number': 2, 'project_id': 'c5e2c398975e4436aba0a012bb300138'}
2024-12-11 23:28:19.453 67331 INFO tempest.lib.common.rest_client [req-e5b31787-b5e3-4a11-a6de-8b5300fdd907 req-e5b31787-b5e3-4a11-a6de-8b5300fdd907 ] Request (KeyPairsV210TestJSON:setUpClass): 201 POST http://10.180.1.21/identity/v3/auth/tokens 0.264s
2024-12-11 23:28:19.474 67329 INFO tempest.lib.common.rest_client [req-8c84c8f6-e61e-44ae-b1fb-f37dec95673d req-8c84c8f6-e61e-44ae-b1fb-f37dec95673d ] Request (QuotasAdminNegativeTest:test_create_server_when_cpu_quota_is_full): 201 POST http://10.180.1.21/identity/v3/auth/tokens 0.234s
2024-12-11 23:28:19.474 67329 INFO tempest.lib.common.fixed_network [-] (QuotasAdminNegativeTest:test_create_server_when_cpu_quota_is_full) Found network None available for tenant
2024-12-11 23:28:19.563 67317 INFO tempest.lib.common.rest_client [req-074c67ea-cff5-436c-bf91-b853b8b0cf31 req-074c67ea-cff5-436c-bf91-b853b8b0cf31 ] Request (HypervisorAdminV253TestBase:tearDownClass): 201 POST http://10.180.1.21/identity/v3/auth/tokens 0.277s
2024-12-11 23:28:19.595 67315 INFO tempest.lib.common.rest_client [req-3a08b2f3-9e14-4626-9c10-4f27fe1e736d req-3a08b2f3-9e14-4626-9c10-4f27fe1e736d ] Request (VolumesAssistedSnapshotsTest:setUpClass): 201 POST http://10.180.1.21/identity/v3/auth/tokens 0.152s
2024-12-11 23:28:19.707 67333 INFO tempest.lib.common.rest_client [req-2fa74b16-18fb-4aba-a816-d7a02a3d8a2a req-2fa74b16-18fb-4aba-a816-d7a02a3d8a2a ] Request (AZAdminV2TestJSON:tearDownClass): 204 DELETE http://10.180.1.21:9696/networking/v2.0/security-groups/cb53d170-65b7-45bd-9299-5441fe7a8bbb 0.530s
2024-12-11 23:28:19.742 67325 INFO tempest.lib.common.rest_client [req-11cf6509-c086-445f-a03e-dea74c94bdb6 req-11cf6509-c086-445f-a03e-dea74c94bdb6 ] Request (ServersTestBootFromVolume:setUpClass): 202 POST http://10.180.1.21/volume/v3/volumes 0.933s
2024-12-11 23:28:19.748 67315 INFO tempest.lib.common.rest_client [req-244c77a5-ea69-4ef1-8295-eb69225e8a74 req-244c77a5-ea69-4ef1-8295-eb69225e8a74 ] Request (VolumesAssistedSnapshotsTest:setUpClass): 201 POST http://10.180.1.21/identity/v3/projects 0.153s
2024-12-11 23:28:19.789 67325 INFO tempest.lib.common.rest_client [req-f88d02c5-02a0-44ac-9817-1cbb41550f2c req-f88d02c5-02a0-44ac-9817-1cbb41550f2c ] Request (ServersTestBootFromVolume:setUpClass): 200 GET http://10.180.1.21/volume/v3/volumes/263e34b9-3753-4240-8bd6-67c4019d79ae 0.037s
2024-12-11 23:28:19.917 67317 INFO tempest.lib.common.rest_client [req-8cb45914-ca3b-4944-9298-7a8465dea81a req-8cb45914-ca3b-4944-9298-7a8465dea81a ] Request (HypervisorAdminV253TestBase:tearDownClass): 200 GET http://10.180.1.21:9696/networking/v2.0/security-groups?tenant_id=6a3aef2e7b8f493e88ec4722de4a4c11&name=default 0.354s
2024-12-11 23:28:19.948 67315 INFO tempest.lib.common.rest_client [req-f41d4dd4-587a-44d2-bc82-ea1be819e683 req-f41d4dd4-587a-44d2-bc82-ea1be819e683 ] Request (VolumesAssistedSnapshotsTest:setUpClass): 201 POST http://10.180.1.21/identity/v3/users 0.199s
2024-12-11 23:28:19.952 67323 INFO tempest.lib.common.rest_client [req-b54aef4b-c129-441a-b0ec-961212a1c62e req-b54aef4b-c129-441a-b0ec-961212a1c62e ] Request (AggregatesAdminNegativeTestJSON:test_aggregate_add_existent_host): 200 POST http://10.180.1.21/compute/v2.1/os-aggregates/1/action 2.923s
2024-12-11 23:28:19.986 67311 INFO tempest.lib.common.rest_client [req-6cb824ef-1c65-483a-ae64-cb8c95c9b206 req-6cb824ef-1c65-483a-ae64-cb8c95c9b206 ] Request (FlavorsAdminTestJSON:_run_cleanups): 200 GET http://10.180.1.21/compute/v2.1/flavors/detail 2.929s
2024-12-11 23:28:19.988 67333 INFO tempest.lib.common.rest_client [req-2ba438b5-3485-4ebe-80c9-bb55f8719ed7 req-2ba438b5-3485-4ebe-80c9-bb55f8719ed7 ] Request (AZAdminV2TestJSON:tearDownClass): 204 DELETE http://10.180.1.21/identity/v3/projects/849eeceef1694b8d999853c8aee0e3a0 0.280s
2024-12-11 23:28:19.988 67333 INFO tempest.lib.common.dynamic_creds [-] Deleting project and security group for project: 53eeec61f03b445c9ed0643c01abe3f6
2024-12-11 23:28:20.107 67315 INFO tempest.lib.common.rest_client [req-687bade1-6977-4a6d-8611-bece7e9af400 req-687bade1-6977-4a6d-8611-bece7e9af400 ] Request (VolumesAssistedSnapshotsTest:setUpClass): 200 GET http://10.180.1.21/identity/v3/roles 0.159s
2024-12-11 23:28:20.158 67317 INFO tempest.lib.common.rest_client [req-3b499ec1-06ca-4f42-be93-7a60fdc1aac6 req-3b499ec1-06ca-4f42-be93-7a60fdc1aac6 ] Request (HypervisorAdminV253TestBase:tearDownClass): 204 DELETE http://10.180.1.21:9696/networking/v2.0/security-groups/70261d26-faea-429b-8088-f76d91f1f253 0.240s
2024-12-11 23:28:20.165 67315 INFO tempest.lib.common.rest_client [req-96cf461e-7e6c-43e1-a216-0fbae6c32020 req-96cf461e-7e6c-43e1-a216-0fbae6c32020 ] Request (VolumesAssistedSnapshotsTest:setUpClass): 204 PUT http://10.180.1.21/identity/v3/projects/7553527428d24bee91048a9487be58e5/users/b664fdf3d69348ff945e7c394075fd32/roles/506daa52be2a4dc8bdc4bbe0b023bccf 0.057s
2024-12-11 23:28:20.229 67315 INFO tempest.lib.common.rest_client [req-5f39c9ce-114d-4225-9e68-9add42215c38 req-5f39c9ce-114d-4225-9e68-9add42215c38 ] Request (VolumesAssistedSnapshotsTest:setUpClass): 200 GET http://10.180.1.21/identity/v3/roles 0.063s
2024-12-11 23:28:20.248 67315 INFO tempest.lib.common.rest_client [req-ee5ef5b5-1f2e-4766-95e6-fd3172a48776 req-ee5ef5b5-1f2e-4766-95e6-fd3172a48776 ] Request (VolumesAssistedSnapshotsTest:setUpClass): 204 PUT http://10.180.1.21/identity/v3/projects/7553527428d24bee91048a9487be58e5/users/b664fdf3d69348ff945e7c394075fd32/roles/d83d94aa0ac94cc28521907463a52616 0.018s
2024-12-11 23:28:20.248 67315 INFO tempest.lib.common.dynamic_creds [-] Dynamic test user b664fdf3d69348ff945e7c394075fd32 is created with scope project and roles: ['service', 'admin']
2024-12-11 23:28:20.248 67315 INFO tempest.lib.common.dynamic_creds [-] Acquired dynamic creds: credentials: Credentials: {'domain_id': 'default', 'domain_name': 'Default', 'username': 'tempest-VolumesAssistedSnapshotsTest-83047019-project', 'project_domain_id': 'default', 'project_domain_name': 'Default', 'project_id': '7553527428d24bee91048a9487be58e5', 'project_name': 'tempest-VolumesAssistedSnapshotsTest-83047019', 'tenant_id': '7553527428d24bee91048a9487be58e5', 'tenant_name': 'tempest-VolumesAssistedSnapshotsTest-83047019', 'user_domain_id': 'default', 'user_domain_name': 'Default', 'user_id': 'b664fdf3d69348ff945e7c394075fd32', 'system': None}, Network: None, Subnet: None, Router: None
2024-12-11 23:28:20.260 67317 INFO tempest.lib.common.rest_client [req-42d25713-ae20-4b68-9a6d-3a880ee0588e req-42d25713-ae20-4b68-9a6d-3a880ee0588e ] Request (HypervisorAdminV253TestBase:tearDownClass): 204 DELETE http://10.180.1.21/identity/v3/projects/6a3aef2e7b8f493e88ec4722de4a4c11 0.102s
2024-12-11 23:28:20.260 67317 INFO tempest.lib.common.dynamic_creds [-] Deleting project and security group for project: 8664ba0670ae4c1eb8d85d7355e7b91e
2024-12-11 23:28:20.279 67333 INFO tempest.lib.common.rest_client [req-3bc44d72-b7df-4124-9cd5-f958afe634a1 req-3bc44d72-b7df-4124-9cd5-f958afe634a1 ] Request (AZAdminV2TestJSON:tearDownClass): 200 GET http://10.180.1.21:9696/networking/v2.0/security-groups?tenant_id=53eeec61f03b445c9ed0643c01abe3f6&name=default 0.290s
2024-12-11 23:28:20.413 67293 INFO tempest.lib.common.rest_client [req-e8c83313-a6a6-4f95-9461-4f8f1e0b9246 req-e8c83313-a6a6-4f95-9461-4f8f1e0b9246 ] Request (ImagesTestJSON:test_create_image_from_stopped_server): 200 GET http://10.180.1.21/compute/v2.1/servers/0aab61e4-c055-4872-973a-20fa6802ec10 3.323s
2024-12-11 23:28:20.421 67293 INFO tempest.common.waiters [-] State transition "BUILD/None" ==> "BUILD/spawning" after 4 second wait
2024-12-11 23:28:20.500 67313 INFO tempest.lib.common.rest_client [req-ce66ae40-b889-4600-970e-01db61dd54bb req-ce66ae40-b889-4600-970e-01db61dd54bb ] Request (ServersTestMultiNic:test_verify_duplicate_network_nics): 202 POST http://10.180.1.21/compute/v2.1/servers 3.447s
2024-12-11 23:28:20.555 67317 INFO tempest.lib.common.rest_client [req-e765da59-7173-44f3-ab1e-a0cb41856c78 req-e765da59-7173-44f3-ab1e-a0cb41856c78 ] Request (HypervisorAdminV253TestBase:tearDownClass): 200 GET http://10.180.1.21:9696/networking/v2.0/security-groups?tenant_id=8664ba0670ae4c1eb8d85d7355e7b91e&name=default 0.295s
2024-12-11 23:28:20.570 67333 INFO tempest.lib.common.rest_client [req-1f29429f-0f13-436b-a4d3-256bb7c38378 req-1f29429f-0f13-436b-a4d3-256bb7c38378 ] Request (AZAdminV2TestJSON:tearDownClass): 204 DELETE http://10.180.1.21:9696/networking/v2.0/security-groups/b09208c5-13f6-4aed-a9a8-00b60bd6fa4b 0.291s
2024-12-11 23:28:20.621 67315 INFO tempest.lib.common.rest_client [req-553c831b-06e3-4384-9f21-a986c20c41e5 req-553c831b-06e3-4384-9f21-a986c20c41e5 ] Request (VolumesAssistedSnapshotsTest:setUpClass): 201 POST http://10.180.1.21:9696/networking/v2.0/networks 0.372s
2024-12-11 23:28:20.650 67327 INFO tempest.lib.common.rest_client [req-c2aed682-3d19-4a73-95ba-fe5f493bc0e7 req-c2aed682-3d19-4a73-95ba-fe5f493bc0e7 ] Request (FlavorsAccessNegativeTestJSON:test_add_flavor_access_duplicate): 200 POST http://10.180.1.21/compute/v2.1/flavors/201035317/action 3.499s
2024-12-11 23:28:20.688 67349 INFO tempest.lib.common.rest_client [req-c2a8eb40-9a10-40ed-a796-a711f4c4ac2f req-c2a8eb40-9a10-40ed-a796-a711f4c4ac2f ] Request (ServicesAdminNegativeV253TestJSON:test_disable_log_reason_with_invalid_service_id): 404 PUT http://10.180.1.21/compute/v2.1/os-services/41648bb3-0d92-47b8-ba7d-df15e95f8fad 3.327s
2024-12-11 23:28:20.718 67340 INFO tempest.lib.common.rest_client [req-a3fa55eb-684f-4ba6-957b-652aca0fd1ed req-a3fa55eb-684f-4ba6-957b-652aca0fd1ed ] Request (ServersAdminNegativeTestJSON:setUpClass): 200 GET http://10.180.1.21/compute/v2.1/servers/55fb6899-0321-4bf2-bf3f-2e87dd479433 3.314s
2024-12-11 23:28:20.730 67309 INFO tempest.lib.common.rest_client [req-db190176-f7c5-4428-b76f-4fab6ada4202 req-db190176-f7c5-4428-b76f-4fab6ada4202 ] Request (FlavorMetadataValidation:_run_cleanups): 202 DELETE http://10.180.1.21/compute/v2.1/flavors/230245344 3.240s
2024-12-11 23:28:20.735 67333 INFO tempest.lib.common.rest_client [req-c4b40ad0-2cf8-40d5-8b0d-800fbecc57ce req-c4b40ad0-2cf8-40d5-8b0d-800fbecc57ce ] Request (AZAdminV2TestJSON:tearDownClass): 204 DELETE http://10.180.1.21/identity/v3/projects/53eeec61f03b445c9ed0643c01abe3f6 0.165s
2024-12-11 23:28:20.742 67317 INFO tempest.lib.common.rest_client [req-ba14644b-eff9-4fe5-9863-0882386a046b req-ba14644b-eff9-4fe5-9863-0882386a046b ] Request (HypervisorAdminV253TestBase:tearDownClass): 204 DELETE http://10.180.1.21:9696/networking/v2.0/security-groups/f4abc033-4634-4731-8f7e-41195f3a68dd 0.186s
2024-12-11 23:28:20.816 67333 INFO tempest.lib.common.rest_client [req-616f433c-c6e4-4c29-b521-b46082716b02 req-616f433c-c6e4-4c29-b521-b46082716b02 ] Request (QuotaClassesAdmin257Test:setUpClass): 201 POST http://10.180.1.21/identity/v3/auth/tokens 0.079s
2024-12-11 23:28:20.847 67325 INFO tempest.lib.common.rest_client [req-e5f22642-9daf-4aa9-9cab-fe0a06908f91 req-e5f22642-9daf-4aa9-9cab-fe0a06908f91 ] Request (ServersTestBootFromVolume:setUpClass): 200 GET http://10.180.1.21/volume/v3/volumes/263e34b9-3753-4240-8bd6-67c4019d79ae 0.047s
2024-12-11 23:28:20.878 67317 INFO tempest.lib.common.rest_client [req-5869ff30-728c-40c8-9b2d-1de092673036 req-5869ff30-728c-40c8-9b2d-1de092673036 ] Request (HypervisorAdminV253TestBase:tearDownClass): 204 DELETE http://10.180.1.21/identity/v3/projects/8664ba0670ae4c1eb8d85d7355e7b91e 0.133s
2024-12-11 23:28:20.889 67333 INFO tempest.lib.common.rest_client [req-99bcc03f-f582-4769-bbe2-ce07d2b260c0 req-99bcc03f-f582-4769-bbe2-ce07d2b260c0 ] Request (QuotaClassesAdmin257Test:setUpClass): 201 POST http://10.180.1.21/identity/v3/auth/tokens 0.068s
2024-12-11 23:28:20.911 67333 INFO tempest.lib.common.rest_client [req-5e698fab-c451-4b84-aeb5-a103b671376a req-5e698fab-c451-4b84-aeb5-a103b671376a ] Request (QuotaClassesAdmin257Test:setUpClass): 200 GET http://10.180.1.21/identity/v3/domains?name=Default 0.022s
2024-12-11 23:28:20.911 67317 INFO tempest.lib.common.rest_client [req-9601a3e0-bf01-4104-bf3d-aaa84e67ad2a req-9601a3e0-bf01-4104-bf3d-aaa84e67ad2a ] Request (MigrationsAdminTest:setUpClass): 201 POST http://10.180.1.21/identity/v3/auth/tokens 0.032s
2024-12-11 23:28:20.943 67317 INFO tempest.lib.common.rest_client [req-c0aa1fd7-b1c6-4fdc-a7c2-0720e0b704eb req-c0aa1fd7-b1c6-4fdc-a7c2-0720e0b704eb ] Request (MigrationsAdminTest:setUpClass): 201 POST http://10.180.1.21/identity/v3/auth/tokens 0.028s
