2024-09-23 06:49:00.292 62270 INFO tempest.lib.common.rest_client [req-9da85796-ec55-4c5f-8b9d-f376b3aca37c req-9da85796-ec55-4c5f-8b9d-f376b3aca37c ] Request (ServersAdminTestJSON:setUpClass): 200 GET http://10.180.1.21/compute/v2.1/servers/3a61ab10-3ad0-468a-ac1d-28e1ef1e6d2f 0.046s
2024-09-23 06:49:00.303 62276 INFO tempest.lib.common.rest_client [req-92f850b5-8d52-404f-bce3-39eb75174982 req-92f850b5-8d52-404f-bce3-39eb75174982 ] Request (AttachVolumeNegativeTest:test_attach_attached_volume_to_different_server): 200 GET http://10.180.1.21/compute/v2.1/servers/5f4580c6-d209-4e3c-9a37-4ebb3fe4d849 0.044s
2024-09-23 06:49:00.500 62260 INFO tempest.lib.common.rest_client [req-8954848d-a40c-48fd-8449-bc2d9892b20f req-8954848d-a40c-48fd-8449-bc2d9892b20f ] Request (ServerRescueTestJSONUnderV235:setUpClass): 200 GET http://10.180.1.21/compute/v2.1/servers/a2abeead-688e-407a-b792-07f5bf67c394 0.051s
2024-09-23 06:49:00.506 62279 INFO tempest.lib.common.rest_client [req-fca91130-502e-4dfd-8047-357c89404e56 req-fca91130-502e-4dfd-8047-357c89404e56 ] Request (ServerActionsTestOtherB:setUpClass): 200 GET http://10.180.1.21/compute/v2.1/servers/d8a5451c-07dd-4c23-a081-f48c5f52677c 0.055s
2024-09-23 06:49:00.547 62282 INFO tempest.lib.common.rest_client [req-36aac691-df12-4b3e-81a3-3ccc8585aed6 req-36aac691-df12-4b3e-81a3-3ccc8585aed6 ] Request (DeleteServersTestJSON:test_delete_server_while_in_shelved_state): 200 GET http://10.180.1.21/compute/v2.1/servers/303b9b7c-7975-4b18-bd04-5db3e3e1df76 0.054s
2024-09-23 06:49:00.552 62246 INFO tempest.lib.common.rest_client [req-e6cac628-600c-47ef-a714-495a84cb812b req-e6cac628-600c-47ef-a714-495a84cb812b ] Request (ListImageFiltersTestJSON:setUpClass): 200 GET http://10.180.1.21/compute/v2.1/servers/992609d4-3084-4734-abc5-6adeed576779 0.054s
2024-09-23 06:49:00.607 62274 INFO tempest.lib.common.rest_client [req-61902f43-322e-454c-bf6b-a2483343f0bf req-61902f43-322e-454c-bf6b-a2483343f0bf ] Request (VolumesAdminNegativeTest:test_update_attached_volume_with_nonexistent_volume_in_uri): 200 GET http://10.180.1.21/compute/v2.1/servers/63660b88-bf17-4777-8f2b-cd46404bc2c9 0.051s
2024-09-23 06:49:00.608 62298 INFO tempest.lib.common.rest_client [req-fbe0d1c9-e52e-4f77-82c4-ca2a5fe135ab req-fbe0d1c9-e52e-4f77-82c4-ca2a5fe135ab ] Request (ServersTestJSON:setUpClass): 200 GET http://10.180.1.21/compute/v2.1/servers/b49ba5b9-ea86-4dba-80f2-c0eee76d5195 0.052s
2024-09-23 06:49:00.651 62306 INFO tempest.lib.common.rest_client [req-b1faa27c-0565-43a2-baaf-0666c967b4f4 req-b1faa27c-0565-43a2-baaf-0666c967b4f4 ] Request (ListServersNegativeTestJSON:setUpClass): 200 GET http://10.180.1.21/compute/v2.1/servers/89895d72-dd44-4e63-8e75-53fd1c8a70a7 0.049s
2024-09-23 06:49:00.656 62256 INFO tempest.lib.common.rest_client [req-121855e0-a60b-473f-a5ae-112aee182c77 req-121855e0-a60b-473f-a5ae-112aee182c77 ] Request (ServersTestMultiNic:test_verify_multiple_nics_order): 200 GET http://10.180.1.21/compute/v2.1/servers/cd054da1-7987-41ae-8238-0008ef043921 0.052s
2024-09-23 06:49:00.693 62296 INFO tempest.lib.common.rest_client [req-81dbf284-bb16-4295-8c88-ca1d8c13dddc req-81dbf284-bb16-4295-8c88-ca1d8c13dddc ] Request (FloatingIPsAssociationNegativeTestJSON:setUpClass): 200 GET http://10.180.1.21/compute/v2.1/servers/21d9110a-b516-47e7-8d21-7acca07006c9 0.051s
2024-09-23 06:49:00.732 62290 INFO tempest.lib.common.rest_client [req-06d22deb-0ad4-4ad5-aa36-81fb1130e8a7 req-06d22deb-0ad4-4ad5-aa36-81fb1130e8a7 ] Request (ImagesOneServerNegativeTestJSON:setUpClass): 200 GET http://10.180.1.21/compute/v2.1/servers/03cb1218-91a3-4c5c-9663-adff330ca962 0.043s
2024-09-23 06:49:00.836 62272 INFO tempest.lib.common.rest_client [req-81d919b4-3fff-4b44-bdff-e39ea540e776 req-81d919b4-3fff-4b44-bdff-e39ea540e776 ] Request (ServersAdmin275Test:test_rebuild_update_server_275): 200 GET http://10.180.1.21/compute/v2.1/servers/7b0b57ad-ccac-4789-b363-19063bee6650 0.049s
2024-09-23 06:49:00.863 62248 INFO tempest.lib.common.rest_client [req-6fe89210-ae6e-427c-b72f-9c3efa513998 req-6fe89210-ae6e-427c-b72f-9c3efa513998 ] Request (SecurityGroupsTestJSON:test_list_security_groups_by_server): 200 GET http://10.180.1.21/compute/v2.1/servers/1c616fb0-0205-4303-b828-6cf50df21a46 0.048s
2024-09-23 06:49:00.912 62266 INFO tempest.lib.common.rest_client [req-98172a3f-03c7-4077-af46-f976734074d2 req-98172a3f-03c7-4077-af46-f976734074d2 ] Request (ServerActionsTestOtherA:setUpClass): 200 GET http://10.180.1.21/compute/v2.1/servers/54100a31-a60a-4d18-a21b-e8030b4321a5 0.042s
2024-09-23 06:49:00.993 62258 INFO tempest.lib.common.rest_client [req-d0b2dd11-ba64-4170-92a5-f76d831dd1f4 req-d0b2dd11-ba64-4170-92a5-f76d831dd1f4 ] Request (InstanceActionsTestJSON:setUpClass): 200 GET http://10.180.1.21/compute/v2.1/servers/4a5fa134-c3db-45ef-854d-efaf66cf869f 0.050s
2024-09-23 06:49:01.018 62281 INFO tempest.lib.common.rest_client [req-5619a83c-a9b6-4f5d-8d62-6b7c4395f0a7 req-5619a83c-a9b6-4f5d-8d62-6b7c4395f0a7 ] Request (ImagesTestJSON:test_create_image_from_suspended_server): 200 GET http://10.180.1.21/compute/v2.1/servers/6f9a8c76-1c48-41e9-97a5-cb569ac77f71 0.043s
2024-09-23 06:49:01.083 62304 INFO tempest.lib.common.rest_client [req-54c0b501-74f4-4315-9fd2-d119ebc57a63 req-54c0b501-74f4-4315-9fd2-d119ebc57a63 ] Request (ServersNegativeTestMultiTenantJSON:setUpClass): 200 GET http://10.180.1.21/compute/v2.1/servers/755eee66-bb09-476d-8e3e-37576a7ed858 0.049s
2024-09-23 06:49:01.089 62250 INFO tempest.lib.common.rest_client [req-9d41b028-f639-430f-a613-7366efeb8950 req-9d41b028-f639-430f-a613-7366efeb8950 ] Request (InstanceActionsNegativeTestJSON:setUpClass): 200 GET http://10.180.1.21/compute/v2.1/servers/d8a3b254-3e17-49f7-9f58-27b1aa78b84e 0.052s
2024-09-23 06:49:01.146 62284 INFO tempest.lib.common.rest_client [req-957b57b6-4f8c-4a95-8307-92ca256883b5 req-957b57b6-4f8c-4a95-8307-92ca256883b5 ] Request (AttachInterfacesTestJSON:test_create_list_show_delete_interfaces_by_network_port): 200 GET http://10.180.1.21/compute/v2.1/servers/44c917e5-2423-456d-83d5-cae22b8a358f 0.050s
2024-09-23 06:49:01.153 62292 INFO tempest.lib.common.rest_client [req-c9611c56-bbf5-44c7-931c-7e65464fd8ef req-c9611c56-bbf5-44c7-931c-7e65464fd8ef ] Request (AttachVolumeShelveTestJSON:test_detach_volume_shelved_or_offload_server): 200 GET http://10.180.1.21/compute/v2.1/servers/7cffbee3-20aa-4dfd-8698-382ce33379c9 0.053s
2024-09-23 06:49:01.188 62262 INFO tempest.lib.common.rest_client [req-89c7ceb7-741d-4522-ab6d-8f1e25fc0eba req-89c7ceb7-741d-4522-ab6d-8f1e25fc0eba ] Request (MultipleCreateTestJSON:test_multiple_create): 200 GET http://10.180.1.21/compute/v2.1/servers/0ac837bc-393d-40c2-9f55-251ef5bb9533 0.052s
2024-09-23 06:49:01.222 62308 INFO tempest.lib.common.rest_client [req-02ee88ea-9418-49e1-8e7d-d7bda41f033e req-02ee88ea-9418-49e1-8e7d-d7bda41f033e ] Request (MigrationsAdminTest:test_resize_server_revert_deleted_flavor): 200 GET http://10.180.1.21/compute/v2.1/servers/a9ccfe56-1aec-4758-86fd-b8aeb06f373e 0.045s
2024-09-23 06:49:01.270 62268 INFO tempest.lib.common.rest_client [req-1ea2041e-0fdc-4da3-94c6-9163105eef30 req-1ea2041e-0fdc-4da3-94c6-9163105eef30 ] Request (ServersTestFqdnHostnames:test_create_server_with_fqdn_name): 200 GET http://10.180.1.21/compute/v2.1/servers/a7352bc5-2c2a-4eb1-9f72-bde1279ba228 0.044s
2024-09-23 06:49:01.348 62270 INFO tempest.lib.common.rest_client [req-520855e8-edad-4aae-99e0-33a3a6e14607 req-520855e8-edad-4aae-99e0-33a3a6e14607 ] Request (ServersAdminTestJSON:setUpClass): 200 GET http://10.180.1.21/compute/v2.1/servers/3a61ab10-3ad0-468a-ac1d-28e1ef1e6d2f 0.048s
2024-09-23 06:49:01.358 62276 INFO tempest.lib.common.rest_client [req-b34921d8-49c4-48e9-8114-a548e14cc252 req-b34921d8-49c4-48e9-8114-a548e14cc252 ] Request (AttachVolumeNegativeTest:test_attach_attached_volume_to_different_server): 200 GET http://10.180.1.21/compute/v2.1/servers/5f4580c6-d209-4e3c-9a37-4ebb3fe4d849 0.048s
2024-09-23 06:49:01.561 62260 INFO tempest.lib.common.rest_client [req-69404e53-465a-4043-bb45-d2b963ec8170 req-69404e53-465a-4043-bb45-d2b963ec8170 ] Request (ServerRescueTestJSONUnderV235:setUpClass): 200 GET http://10.180.1.21/compute/v2.1/servers/a2abeead-688e-407a-b792-07f5bf67c394 0.053s
2024-09-23 06:49:01.562 62279 INFO tempest.lib.common.rest_client [req-62001354-2bf6-4dbb-ab08-1c7c7154f2c6 req-62001354-2bf6-4dbb-ab08-1c7c7154f2c6 ] Request (ServerActionsTestOtherB:setUpClass): 200 GET http://10.180.1.21/compute/v2.1/servers/d8a5451c-07dd-4c23-a081-f48c5f52677c 0.049s
2024-09-23 06:49:01.607 62282 INFO tempest.lib.common.rest_client [req-e506b247-e586-4b8f-9efb-e4f390085e7e req-e506b247-e586-4b8f-9efb-e4f390085e7e ] Request (DeleteServersTestJSON:test_delete_server_while_in_shelved_state): 200 GET http://10.180.1.21/compute/v2.1/servers/303b9b7c-7975-4b18-bd04-5db3e3e1df76 0.051s
2024-09-23 06:49:01.612 62246 INFO tempest.lib.common.rest_client [req-7ef7d441-4442-4fca-8064-6f37bbefc902 req-7ef7d441-4442-4fca-8064-6f37bbefc902 ] Request (ListImageFiltersTestJSON:setUpClass): 200 GET http://10.180.1.21/compute/v2.1/servers/992609d4-3084-4734-abc5-6adeed576779 0.052s
2024-09-23 06:49:01.661 62274 INFO tempest.lib.common.rest_client [req-b966e64a-1cb8-454d-9731-5a58b604d026 req-b966e64a-1cb8-454d-9731-5a58b604d026 ] Request (VolumesAdminNegativeTest:test_update_attached_volume_with_nonexistent_volume_in_uri): 200 GET http://10.180.1.21/compute/v2.1/servers/63660b88-bf17-4777-8f2b-cd46404bc2c9 0.047s
2024-09-23 06:49:01.666 62298 INFO tempest.lib.common.rest_client [req-5a821407-741f-4a82-a98f-8550320c2025 req-5a821407-741f-4a82-a98f-8550320c2025 ] Request (ServersTestJSON:setUpClass): 200 GET http://10.180.1.21/compute/v2.1/servers/b49ba5b9-ea86-4dba-80f2-c0eee76d5195 0.052s
2024-09-23 06:49:01.708 62306 INFO tempest.lib.common.rest_client [req-3200dc71-cb8e-4829-a380-a656c0a2b04d req-3200dc71-cb8e-4829-a380-a656c0a2b04d ] Request (ListServersNegativeTestJSON:setUpClass): 200 GET http://10.180.1.21/compute/v2.1/servers/89895d72-dd44-4e63-8e75-53fd1c8a70a7 0.051s
2024-09-23 06:49:01.713 62256 INFO tempest.lib.common.rest_client [req-c6c7e209-11fc-4a34-9c5e-752272870d4c req-c6c7e209-11fc-4a34-9c5e-752272870d4c ] Request (ServersTestMultiNic:test_verify_multiple_nics_order): 200 GET http://10.180.1.21/compute/v2.1/servers/cd054da1-7987-41ae-8238-0008ef043921 0.049s
2024-09-23 06:49:01.750 62296 INFO tempest.lib.common.rest_client [req-d9ab79fc-5aef-4e1f-b0e4-60c6744159c6 req-d9ab79fc-5aef-4e1f-b0e4-60c6744159c6 ] Request (FloatingIPsAssociationNegativeTestJSON:setUpClass): 200 GET http://10.180.1.21/compute/v2.1/servers/21d9110a-b516-47e7-8d21-7acca07006c9 0.050s
2024-09-23 06:49:01.781 62290 INFO tempest.lib.common.rest_client [req-94726b86-5b78-4b86-955d-d66ce1763739 req-94726b86-5b78-4b86-955d-d66ce1763739 ] Request (ImagesOneServerNegativeTestJSON:setUpClass): 200 GET http://10.180.1.21/compute/v2.1/servers/03cb1218-91a3-4c5c-9663-adff330ca962 0.041s
2024-09-23 06:49:01.896 62272 INFO tempest.lib.common.rest_client [req-f45906c1-5954-4916-85ba-197eb44572e9 req-f45906c1-5954-4916-85ba-197eb44572e9 ] Request (ServersAdmin275Test:test_rebuild_update_server_275): 200 GET http://10.180.1.21/compute/v2.1/servers/7b0b57ad-ccac-4789-b363-19063bee6650 0.050s
2024-09-23 06:49:01.914 62248 INFO tempest.lib.common.rest_client [req-2626e7d3-aeb9-4f1b-93f4-f846d45fed9b req-2626e7d3-aeb9-4f1b-93f4-f846d45fed9b ] Request (SecurityGroupsTestJSON:test_list_security_groups_by_server): 200 GET http://10.180.1.21/compute/v2.1/servers/1c616fb0-0205-4303-b828-6cf50df21a46 0.043s
2024-09-23 06:49:01.961 62266 INFO tempest.lib.common.rest_client [req-edaef9ca-dc04-4b4b-ba0c-8f0fd577cb68 req-edaef9ca-dc04-4b4b-ba0c-8f0fd577cb68 ] Request (ServerActionsTestOtherA:setUpClass): 200 GET http://10.180.1.21/compute/v2.1/servers/54100a31-a60a-4d18-a21b-e8030b4321a5 0.042s
2024-09-23 06:49:02.045 62258 INFO tempest.lib.common.rest_client [req-a1561f8f-46ab-41d3-b111-8105ecf7d9a7 req-a1561f8f-46ab-41d3-b111-8105ecf7d9a7 ] Request (InstanceActionsTestJSON:setUpClass): 200 GET http://10.180.1.21/compute/v2.1/servers/4a5fa134-c3db-45ef-854d-efaf66cf869f 0.045s
2024-09-23 06:49:02.066 62281 INFO tempest.lib.common.rest_client [req-534174b4-e323-4cde-8b2b-ba9932845f3e req-534174b4-e323-4cde-8b2b-ba9932845f3e ] Request (ImagesTestJSON:test_create_image_from_suspended_server): 200 GET http://10.180.1.21/compute/v2.1/servers/6f9a8c76-1c48-41e9-97a5-cb569ac77f71 0.042s
2024-09-23 06:49:02.137 62304 INFO tempest.lib.common.rest_client [req-1eba5ca7-0d12-4aa4-94e8-f316dc05750b req-1eba5ca7-0d12-4aa4-94e8-f316dc05750b ] Request (ServersNegativeTestMultiTenantJSON:setUpClass): 200 GET http://10.180.1.21/compute/v2.1/servers/755eee66-bb09-476d-8e3e-37576a7ed858 0.046s
2024-09-23 06:49:02.141 62250 INFO tempest.lib.common.rest_client [req-02b5afce-f092-455b-b2eb-992307511595 req-02b5afce-f092-455b-b2eb-992307511595 ] Request (InstanceActionsNegativeTestJSON:setUpClass): 200 GET http://10.180.1.21/compute/v2.1/servers/d8a3b254-3e17-49f7-9f58-27b1aa78b84e 0.045s
2024-09-23 06:49:02.203 62284 INFO tempest.lib.common.rest_client [req-a5913821-2790-42c3-a1ae-59ce531a2ad1 req-a5913821-2790-42c3-a1ae-59ce531a2ad1 ] Request (AttachInterfacesTestJSON:test_create_list_show_delete_interfaces_by_network_port): 200 GET http://10.180.1.21/compute/v2.1/servers/44c917e5-2423-456d-83d5-cae22b8a358f 0.050s
2024-09-23 06:49:02.209 62292 INFO tempest.lib.common.rest_client [req-5c0ea805-e01f-4ec8-a789-20b50128d4fe req-5c0ea805-e01f-4ec8-a789-20b50128d4fe ] Request (AttachVolumeShelveTestJSON:test_detach_volume_shelved_or_offload_server): 200 GET http://10.180.1.21/compute/v2.1/servers/7cffbee3-20aa-4dfd-8698-382ce33379c9 0.048s
2024-09-23 06:49:02.243 62262 INFO tempest.lib.common.rest_client [req-f8a972a5-5777-4adb-bec3-7073ecbf697f req-f8a972a5-5777-4adb-bec3-7073ecbf697f ] Request (MultipleCreateTestJSON:test_multiple_create): 200 GET http://10.180.1.21/compute/v2.1/servers/0ac837bc-393d-40c2-9f55-251ef5bb9533 0.048s
2024-09-23 06:49:02.274 62308 INFO tempest.lib.common.rest_client [req-437bf166-09ea-4a27-a901-6b840f1e2cba req-437bf166-09ea-4a27-a901-6b840f1e2cba ] Request (MigrationsAdminTest:test_resize_server_revert_deleted_flavor): 200 GET http://10.180.1.21/compute/v2.1/servers/a9ccfe56-1aec-4758-86fd-b8aeb06f373e 0.044s
2024-09-23 06:49:02.322 62268 INFO tempest.lib.common.rest_client [req-58fb8f65-b569-4347-81b5-b83867a94f6d req-58fb8f65-b569-4347-81b5-b83867a94f6d ] Request (ServersTestFqdnHostnames:test_create_server_with_fqdn_name): 200 GET http://10.180.1.21/compute/v2.1/servers/a7352bc5-2c2a-4eb1-9f72-bde1279ba228 0.046s
2024-09-23 06:49:02.406 62270 INFO tempest.lib.common.rest_client [req-b4d18c4f-2c0c-4484-aa28-85babbb8df13 req-b4d18c4f-2c0c-4484-aa28-85babbb8df13 ] Request (ServersAdminTestJSON:setUpClass): 200 GET http://10.180.1.21/compute/v2.1/servers/3a61ab10-3ad0-468a-ac1d-28e1ef1e6d2f 0.050s
2024-09-23 06:49:02.411 62276 INFO tempest.lib.common.rest_client [req-93b84dc8-0076-4202-a044-e630c719eb81 req-93b84dc8-0076-4202-a044-e630c719eb81 ] Request (AttachVolumeNegativeTest:test_attach_attached_volume_to_different_server): 200 GET http://10.180.1.21/compute/v2.1/servers/5f4580c6-d209-4e3c-9a37-4ebb3fe4d849 0.047s
2024-09-23 06:49:02.620 62260 INFO tempest.lib.common.rest_client [req-7984f83e-eb16-4b23-bb59-1f5274c8bad2 req-7984f83e-eb16-4b23-bb59-1f5274c8bad2 ] Request (ServerRescueTestJSONUnderV235:setUpClass): 200 GET http://10.180.1.21/compute/v2.1/servers/a2abeead-688e-407a-b792-07f5bf67c394 0.051s
2024-09-23 06:49:02.625 62279 INFO tempest.lib.common.rest_client [req-67831aa6-58ce-447e-b361-1ffb4b1c61dd req-67831aa6-58ce-447e-b361-1ffb4b1c61dd ] Request (ServerActionsTestOtherB:setUpClass): 200 GET http://10.180.1.21/compute/v2.1/servers/d8a5451c-07dd-4c23-a081-f48c5f52677c 0.056s
2024-09-23 06:49:02.661 62282 INFO tempest.lib.common.rest_client [req-1c0f7d94-a531-4c4b-becc-155ab3f222f7 req-1c0f7d94-a531-4c4b-becc-155ab3f222f7 ] Request (DeleteServersTestJSON:test_delete_server_while_in_shelved_state): 200 GET http://10.180.1.21/compute/v2.1/servers/303b9b7c-7975-4b18-bd04-5db3e3e1df76 0.047s
2024-09-23 06:49:02.672 62246 INFO tempest.lib.common.rest_client [req-0f767f45-eb1c-4ef7-bb66-3934e2da40d1 req-0f767f45-eb1c-4ef7-bb66-3934e2da40d1 ] Request (ListImageFiltersTestJSON:setUpClass): 200 GET http://10.180.1.21/compute/v2.1/servers/992609d4-3084-4734-abc5-6adeed576779 0.051s
2024-09-23 06:49:02.712 62274 INFO tempest.lib.common.rest_client [req-5b41a42b-5daa-4b8d-916a-3b7d382d8836 req-5b41a42b-5daa-4b8d-916a-3b7d382d8836 ] Request (VolumesAdminNegativeTest:test_update_attached_volume_with_nonexistent_volume_in_uri): 200 GET http://10.180.1.21/compute/v2.1/servers/63660b88-bf17-4777-8f2b-cd46404bc2c9 0.043s
2024-09-23 06:49:02.721 62298 INFO tempest.lib.common.rest_client [req-294a5e32-b8ed-4638-9d89-6e67eef94210 req-294a5e32-b8ed-4638-9d89-6e67eef94210 ] Request (ServersTestJSON:setUpClass): 200 GET http://10.180.1.21/compute/v2.1/servers/b49ba5b9-ea86-4dba-80f2-c0eee76d5195 0.045s
2024-09-23 06:49:02.767 62256 INFO tempest.lib.common.rest_client [req-d47a3c4c-678f-4b11-94a1-1c55780f63d8 req-d47a3c4c-678f-4b11-94a1-1c55780f63d8 ] Request (ServersTestMultiNic:test_verify_multiple_nics_order): 200 GET http://10.180.1.21/compute/v2.1/servers/cd054da1-7987-41ae-8238-0008ef043921 0.048s
2024-09-23 06:49:02.768 62306 INFO tempest.lib.common.rest_client [req-69ede073-59e1-4cdc-9e9b-b3e584836ed0 req-69ede073-59e1-4cdc-9e9b-b3e584836ed0 ] Request (ListServersNegativeTestJSON:setUpClass): 200 GET http://10.180.1.21/compute/v2.1/servers/89895d72-dd44-4e63-8e75-53fd1c8a70a7 0.053s
2024-09-23 06:49:02.807 62296 INFO tempest.lib.common.rest_client [req-5dc1ff83-3596-4df0-914c-3e10b9aff1e5 req-5dc1ff83-3596-4df0-914c-3e10b9aff1e5 ] Request (FloatingIPsAssociationNegativeTestJSON:setUpClass): 200 GET http://10.180.1.21/compute/v2.1/servers/21d9110a-b516-47e7-8d21-7acca07006c9 0.051s
2024-09-23 06:49:02.830 62290 INFO tempest.lib.common.rest_client [req-182a4d3e-e438-44f9-838f-ff9febe44b0f req-182a4d3e-e438-44f9-838f-ff9febe44b0f ] Request (ImagesOneServerNegativeTestJSON:setUpClass): 200 GET http://10.180.1.21/compute/v2.1/servers/03cb1218-91a3-4c5c-9663-adff330ca962 0.041s
2024-09-23 06:49:02.956 62272 INFO tempest.lib.common.rest_client [req-d62412fb-1f0c-443d-a258-9e8700140da4 req-d62412fb-1f0c-443d-a258-9e8700140da4 ] Request (ServersAdmin275Test:test_rebuild_update_server_275): 200 GET http://10.180.1.21/compute/v2.1/servers/7b0b57ad-ccac-4789-b363-19063bee6650 0.052s
2024-09-23 06:49:02.965 62248 INFO tempest.lib.common.rest_client [req-9463f603-98af-4126-b624-714d872996f3 req-9463f603-98af-4126-b624-714d872996f3 ] Request (SecurityGroupsTestJSON:test_list_security_groups_by_server): 200 GET http://10.180.1.21/compute/v2.1/servers/1c616fb0-0205-4303-b828-6cf50df21a46 0.044s
2024-09-23 06:49:03.011 62266 INFO tempest.lib.common.rest_client [req-a44c610b-3dd8-4312-b376-21558dd71a88 req-a44c610b-3dd8-4312-b376-21558dd71a88 ] Request (ServerActionsTestOtherA:setUpClass): 200 GET http://10.180.1.21/compute/v2.1/servers/54100a31-a60a-4d18-a21b-e8030b4321a5 0.042s
2024-09-23 06:49:03.096 62258 INFO tempest.lib.common.rest_client [req-ae971e50-5e6f-4131-8d4f-19cba5d38b17 req-ae971e50-5e6f-4131-8d4f-19cba5d38b17 ] Request (InstanceActionsTestJSON:setUpClass): 200 GET http://10.180.1.21/compute/v2.1/servers/4a5fa134-c3db-45ef-854d-efaf66cf869f 0.045s
2024-09-23 06:49:03.114 62281 INFO tempest.lib.common.rest_client [req-15bc9c11-46d2-4ecc-a4ac-118d3a10c165 req-15bc9c11-46d2-4ecc-a4ac-118d3a10c165 ] Request (ImagesTestJSON:test_create_image_from_suspended_server): 200 GET http://10.180.1.21/compute/v2.1/servers/6f9a8c76-1c48-41e9-97a5-cb569ac77f71 0.041s
2024-09-23 06:49:03.190 62304 INFO tempest.lib.common.rest_client [req-1cda3d58-915c-46ad-a0b0-5c59c11ee172 req-1cda3d58-915c-46ad-a0b0-5c59c11ee172 ] Request (ServersNegativeTestMultiTenantJSON:setUpClass): 200 GET http://10.180.1.21/compute/v2.1/servers/755eee66-bb09-476d-8e3e-37576a7ed858 0.046s
2024-09-23 06:49:03.195 62250 INFO tempest.lib.common.rest_client [req-20cdecfe-8935-49df-b879-b8287f0b3cec req-20cdecfe-8935-49df-b879-b8287f0b3cec ] Request (InstanceActionsNegativeTestJSON:setUpClass): 200 GET http://10.180.1.21/compute/v2.1/servers/d8a3b254-3e17-49f7-9f58-27b1aa78b84e 0.046s
2024-09-23 06:49:03.256 62284 INFO tempest.lib.common.rest_client [req-918357ea-6bd2-4069-8770-f297e9f907a5 req-918357ea-6bd2-4069-8770-f297e9f907a5 ] Request (AttachInterfacesTestJSON:test_create_list_show_delete_interfaces_by_network_port): 200 GET http://10.180.1.21/compute/v2.1/servers/44c917e5-2423-456d-83d5-cae22b8a358f 0.046s
2024-09-23 06:49:03.262 62292 INFO tempest.lib.common.rest_client [req-7ada1910-25b8-46b1-9f41-1de1d6daed43 req-7ada1910-25b8-46b1-9f41-1de1d6daed43 ] Request (AttachVolumeShelveTestJSON:test_detach_volume_shelved_or_offload_server): 200 GET http://10.180.1.21/compute/v2.1/servers/7cffbee3-20aa-4dfd-8698-382ce33379c9 0.045s
2024-09-23 06:49:03.293 62262 INFO tempest.lib.common.rest_client [req-6230ddf7-b3fa-428b-be7d-5d9212be2c4b req-6230ddf7-b3fa-428b-be7d-5d9212be2c4b ] Request (MultipleCreateTestJSON:test_multiple_create): 200 GET http://10.180.1.21/compute/v2.1/servers/0ac837bc-393d-40c2-9f55-251ef5bb9533 0.043s
2024-09-23 06:49:03.323 62308 INFO tempest.lib.common.rest_client [req-98e9b3a6-c487-4969-a036-5737293d2d1d req-98e9b3a6-c487-4969-a036-5737293d2d1d ] Request (MigrationsAdminTest:test_resize_server_revert_deleted_flavor): 200 GET http://10.180.1.21/compute/v2.1/servers/a9ccfe56-1aec-4758-86fd-b8aeb06f373e 0.042s
2024-09-23 06:49:03.372 62268 INFO tempest.lib.common.rest_client [req-9fc1ba02-5fea-473c-bb17-0bfcceae690f req-9fc1ba02-5fea-473c-bb17-0bfcceae690f ] Request (ServersTestFqdnHostnames:test_create_server_with_fqdn_name): 200 GET http://10.180.1.21/compute/v2.1/servers/a7352bc5-2c2a-4eb1-9f72-bde1279ba228 0.044s
2024-09-23 06:49:03.465 62276 INFO tempest.lib.common.rest_client [req-f92a9831-bca7-44a9-b608-2bec0e6c180f req-f92a9831-bca7-44a9-b608-2bec0e6c180f ] Request (AttachVolumeNegativeTest:test_attach_attached_volume_to_different_server): 200 GET http://10.180.1.21/compute/v2.1/servers/5f4580c6-d209-4e3c-9a37-4ebb3fe4d849 0.047s
2024-09-23 06:49:03.470 62270 INFO tempest.lib.common.rest_client [req-33ba29bd-d0d3-442a-a9cf-cc1813005107 req-33ba29bd-d0d3-442a-a9cf-cc1813005107 ] Request (ServersAdminTestJSON:setUpClass): 200 GET http://10.180.1.21/compute/v2.1/servers/3a61ab10-3ad0-468a-ac1d-28e1ef1e6d2f 0.058s
2024-09-23 06:49:03.676 62260 INFO tempest.lib.common.rest_client [req-c830fdbb-842c-4098-aa78-40f77156e9b9 req-c830fdbb-842c-4098-aa78-40f77156e9b9 ] Request (ServerRescueTestJSONUnderV235:setUpClass): 200 GET http://10.180.1.21/compute/v2.1/servers/a2abeead-688e-407a-b792-07f5bf67c394 0.049s
2024-09-23 06:49:03.682 62279 INFO tempest.lib.common.rest_client [req-fde20f9d-ac4b-453f-a453-2a02f2cb5827 req-fde20f9d-ac4b-453f-a453-2a02f2cb5827 ] Request (ServerActionsTestOtherB:setUpClass): 200 GET http://10.180.1.21/compute/v2.1/servers/d8a5451c-07dd-4c23-a081-f48c5f52677c 0.048s
2024-09-23 06:49:03.721 62282 INFO tempest.lib.common.rest_client [req-bcf6affa-60f3-4009-ba6b-78ac05cb2094 req-bcf6affa-60f3-4009-ba6b-78ac05cb2094 ] Request (DeleteServersTestJSON:test_delete_server_while_in_shelved_state): 200 GET http://10.180.1.21/compute/v2.1/servers/303b9b7c-7975-4b18-bd04-5db3e3e1df76 0.053s
2024-09-23 06:49:03.727 62246 INFO tempest.lib.common.rest_client [req-4e3ff95d-6957-4ef2-bc9a-dfd856d4de18 req-4e3ff95d-6957-4ef2-bc9a-dfd856d4de18 ] Request (ListImageFiltersTestJSON:setUpClass): 200 GET http://10.180.1.21/compute/v2.1/servers/992609d4-3084-4734-abc5-6adeed576779 0.049s
2024-09-23 06:49:03.764 62274 INFO tempest.lib.common.rest_client [req-7143d123-81b2-4df8-8649-0d9bd8e523d1 req-7143d123-81b2-4df8-8649-0d9bd8e523d1 ] Request (VolumesAdminNegativeTest:test_update_attached_volume_with_nonexistent_volume_in_uri): 200 GET http://10.180.1.21/compute/v2.1/servers/63660b88-bf17-4777-8f2b-cd46404bc2c9 0.045s
2024-09-23 06:49:03.770 62298 INFO tempest.lib.common.rest_client [req-6b6c3491-6318-4597-8a90-9ac82d76d311 req-6b6c3491-6318-4597-8a90-9ac82d76d311 ] Request (ServersTestJSON:setUpClass): 200 GET http://10.180.1.21/compute/v2.1/servers/b49ba5b9-ea86-4dba-80f2-c0eee76d5195 0.042s
2024-09-23 06:49:03.824 62256 INFO tempest.lib.common.rest_client [req-1726b8b5-fde7-4bb5-bfc9-aae5a9ad46cd req-1726b8b5-fde7-4bb5-bfc9-aae5a9ad46cd ] Request (ServersTestMultiNic:test_verify_multiple_nics_order): 200 GET http://10.180.1.21/compute/v2.1/servers/cd054da1-7987-41ae-8238-0008ef043921 0.049s
2024-09-23 06:49:03.825 62306 INFO tempest.lib.common.rest_client [req-0025edeb-62c1-4a6b-83a6-e083539ce279 req-0025edeb-62c1-4a6b-83a6-e083539ce279 ] Request (ListServersNegativeTestJSON:setUpClass): 200 GET http://10.180.1.21/compute/v2.1/servers/89895d72-dd44-4e63-8e75-53fd1c8a70a7 0.049s
2024-09-23 06:49:03.862 62296 INFO tempest.lib.common.rest_client [req-e914650c-6a20-46da-a36d-ac972fc5d11d req-e914650c-6a20-46da-a36d-ac972fc5d11d ] Request (FloatingIPsAssociationNegativeTestJSON:setUpClass): 200 GET http://10.180.1.21/compute/v2.1/servers/21d9110a-b516-47e7-8d21-7acca07006c9 0.048s
2024-09-23 06:49:03.875 62290 INFO tempest.lib.common.rest_client [req-954e22e8-358b-4078-b9d4-e6bed15191b1 req-954e22e8-358b-4078-b9d4-e6bed15191b1 ] Request (ImagesOneServerNegativeTestJSON:setUpClass): 200 GET http://10.180.1.21/compute/v2.1/servers/03cb1218-91a3-4c5c-9663-adff330ca962 0.039s
2024-09-23 06:49:04.021 62272 INFO tempest.lib.common.rest_client [req-dfc5b385-be87-4eb2-a875-e670057c6dcc req-dfc5b385-be87-4eb2-a875-e670057c6dcc ] Request (ServersAdmin275Test:test_rebuild_update_server_275): 200 GET http://10.180.1.21/compute/v2.1/servers/7b0b57ad-ccac-4789-b363-19063bee6650 0.056s
2024-09-23 06:49:04.022 62248 INFO tempest.lib.common.rest_client [req-bb81c682-e1de-4092-8dd7-b61712b57f95 req-bb81c682-e1de-4092-8dd7-b61712b57f95 ] Request (SecurityGroupsTestJSON:test_list_security_groups_by_server): 200 GET http://10.180.1.21/compute/v2.1/servers/1c616fb0-0205-4303-b828-6cf50df21a46 0.050s
2024-09-23 06:49:04.060 62266 INFO tempest.lib.common.rest_client [req-f50e912a-1242-4659-b301-abf22ae8108f req-f50e912a-1242-4659-b301-abf22ae8108f ] Request (ServerActionsTestOtherA:setUpClass): 200 GET http://10.180.1.21/compute/v2.1/servers/54100a31-a60a-4d18-a21b-e8030b4321a5 0.042s
2024-09-23 06:49:04.147 62258 INFO tempest.lib.common.rest_client [req-0950ff90-a27d-4f84-abb8-c65a40cec69f req-0950ff90-a27d-4f84-abb8-c65a40cec69f ] Request (InstanceActionsTestJSON:setUpClass): 200 GET http://10.180.1.21/compute/v2.1/servers/4a5fa134-c3db-45ef-854d-efaf66cf869f 0.044s
2024-09-23 06:49:04.163 62281 INFO tempest.lib.common.rest_client [req-def3b3ce-fc66-4e35-9018-fbcaf8bed60f req-def3b3ce-fc66-4e35-9018-fbcaf8bed60f ] Request (ImagesTestJSON:test_create_image_from_suspended_server): 200 GET http://10.180.1.21/compute/v2.1/servers/6f9a8c76-1c48-41e9-97a5-cb569ac77f71 0.041s
2024-09-23 06:49:04.250 62304 INFO tempest.lib.common.rest_client [req-889161ae-9b07-4297-aadf-415613a508e2 req-889161ae-9b07-4297-aadf-415613a508e2 ] Request (ServersNegativeTestMultiTenantJSON:setUpClass): 200 GET http://10.180.1.21/compute/v2.1/servers/755eee66-bb09-476d-8e3e-37576a7ed858 0.052s
2024-09-23 06:49:04.250 62250 INFO tempest.lib.common.rest_client [req-3d477c34-3abe-4990-baf7-fc6f003cd0e8 req-3d477c34-3abe-4990-baf7-fc6f003cd0e8 ] Request (InstanceActionsNegativeTestJSON:setUpClass): 200 GET http://10.180.1.21/compute/v2.1/servers/d8a3b254-3e17-49f7-9f58-27b1aa78b84e 0.049s
2024-09-23 06:49:04.315 62284 INFO tempest.lib.common.rest_client [req-1b1ad1d2-2c20-4b85-bab9-cfbfc8642962 req-1b1ad1d2-2c20-4b85-bab9-cfbfc8642962 ] Request (AttachInterfacesTestJSON:test_create_list_show_delete_interfaces_by_network_port): 200 GET http://10.180.1.21/compute/v2.1/servers/44c917e5-2423-456d-83d5-cae22b8a358f 0.051s
2024-09-23 06:49:04.317 62292 INFO tempest.lib.common.rest_client [req-833312a3-b6af-42c5-86fb-f462b2e4e403 req-833312a3-b6af-42c5-86fb-f462b2e4e403 ] Request (AttachVolumeShelveTestJSON:test_detach_volume_shelved_or_offload_server): 200 GET http://10.180.1.21/compute/v2.1/servers/7cffbee3-20aa-4dfd-8698-382ce33379c9 0.046s
2024-09-23 06:49:04.354 62262 INFO tempest.lib.common.rest_client [req-9cc52ae9-35fe-4aa8-96bc-89cf9efb2f38 req-9cc52ae9-35fe-4aa8-96bc-89cf9efb2f38 ] Request (MultipleCreateTestJSON:test_multiple_create): 200 GET http://10.180.1.21/compute/v2.1/servers/0ac837bc-393d-40c2-9f55-251ef5bb9533 0.053s
2024-09-23 06:49:04.369 62308 INFO tempest.lib.common.rest_client [req-5707a2e6-5bbf-40b0-9203-d9c1a1b66b35 req-5707a2e6-5bbf-40b0-9203-d9c1a1b66b35 ] Request (MigrationsAdminTest:test_resize_server_revert_deleted_flavor): 200 GET http://10.180.1.21/compute/v2.1/servers/a9ccfe56-1aec-4758-86fd-b8aeb06f373e 0.039s
2024-09-23 06:49:04.420 62268 INFO tempest.lib.common.rest_client [req-8166bd55-82ae-46ba-a17d-93d9104b74bf req-8166bd55-82ae-46ba-a17d-93d9104b74bf ] Request (ServersTestFqdnHostnames:test_create_server_with_fqdn_name): 200 GET http://10.180.1.21/compute/v2.1/servers/a7352bc5-2c2a-4eb1-9f72-bde1279ba228 0.041s
2024-09-23 06:49:04.521 62276 INFO tempest.lib.common.rest_client [req-a416e691-6347-4765-8133-7358673fb679 req-a416e691-6347-4765-8133-7358673fb679 ] Request (AttachVolumeNegativeTest:test_attach_attached_volume_to_different_server): 200 GET http://10.180.1.21/compute/v2.1/servers/5f4580c6-d209-4e3c-9a37-4ebb3fe4d849 0.048s
2024-09-23 06:49:04.529 62270 INFO tempest.lib.common.rest_client [req-e5f8aabd-b9f2-47a1-817b-e469478865e2 req-e5f8aabd-b9f2-47a1-817b-e469478865e2 ] Request (ServersAdminTestJSON:setUpClass): 200 GET http://10.180.1.21/compute/v2.1/servers/3a61ab10-3ad0-468a-ac1d-28e1ef1e6d2f 0.052s
2024-09-23 06:49:04.733 62260 INFO tempest.lib.common.rest_client [req-b481009d-fdbc-4e0c-a6df-f68ad21024a5 req-b481009d-fdbc-4e0c-a6df-f68ad21024a5 ] Request (ServerRescueTestJSONUnderV235:setUpClass): 200 GET http://10.180.1.21/compute/v2.1/servers/a2abeead-688e-407a-b792-07f5bf67c394 0.050s
2024-09-23 06:49:04.737 62279 INFO tempest.lib.common.rest_client [req-697ba7d2-e728-45b5-8a68-28e94659a731 req-697ba7d2-e728-45b5-8a68-28e94659a731 ] Request (ServerActionsTestOtherB:setUpClass): 200 GET http://10.180.1.21/compute/v2.1/servers/d8a5451c-07dd-4c23-a081-f48c5f52677c 0.048s
2024-09-23 06:49:04.776 62282 INFO tempest.lib.common.rest_client [req-275ae263-bc2c-4b52-9282-89270294dbc6 req-275ae263-bc2c-4b52-9282-89270294dbc6 ] Request (DeleteServersTestJSON:test_delete_server_while_in_shelved_state): 200 GET http://10.180.1.21/compute/v2.1/servers/303b9b7c-7975-4b18-bd04-5db3e3e1df76 0.047s
2024-09-23 06:49:04.781 62246 INFO tempest.lib.common.rest_client [req-29db8122-baea-4395-b105-fcb5ce67e8b0 req-29db8122-baea-4395-b105-fcb5ce67e8b0 ] Request (ListImageFiltersTestJSON:setUpClass): 200 GET http://10.180.1.21/compute/v2.1/servers/992609d4-3084-4734-abc5-6adeed576779 0.048s
2024-09-23 06:49:04.821 62274 INFO tempest.lib.common.rest_client [req-fc368034-d7d8-4ba4-84db-cba5b3277657 req-fc368034-d7d8-4ba4-84db-cba5b3277657 ] Request (VolumesAdminNegativeTest:test_update_attached_volume_with_nonexistent_volume_in_uri): 200 GET http://10.180.1.21/compute/v2.1/servers/63660b88-bf17-4777-8f2b-cd46404bc2c9 0.049s
2024-09-23 06:49:04.827 62298 INFO tempest.lib.common.rest_client [req-134a76ff-9b82-4f77-8160-a595eb2a0e4d req-134a76ff-9b82-4f77-8160-a595eb2a0e4d ] Request (ServersTestJSON:setUpClass): 200 GET http://10.180.1.21/compute/v2.1/servers/b49ba5b9-ea86-4dba-80f2-c0eee76d5195 0.051s
2024-09-23 06:49:04.878 62256 INFO tempest.lib.common.rest_client [req-c508a72f-41bb-4bf2-b8da-af3d7f01005f req-c508a72f-41bb-4bf2-b8da-af3d7f01005f ] Request (ServersTestMultiNic:test_verify_multiple_nics_order): 200 GET http://10.180.1.21/compute/v2.1/servers/cd054da1-7987-41ae-8238-0008ef043921 0.048s
2024-09-23 06:49:04.883 62306 INFO tempest.lib.common.rest_client [req-90bc4442-75d9-4b4f-9c7c-d16ebc971fe4 req-90bc4442-75d9-4b4f-9c7c-d16ebc971fe4 ] Request (ListServersNegativeTestJSON:setUpClass): 200 GET http://10.180.1.21/compute/v2.1/servers/89895d72-dd44-4e63-8e75-53fd1c8a70a7 0.051s
2024-09-23 06:49:04.922 62296 INFO tempest.lib.common.rest_client [req-c5671992-1195-4b00-956f-a3ef3bfea2ad req-c5671992-1195-4b00-956f-a3ef3bfea2ad ] Request (FloatingIPsAssociationNegativeTestJSON:setUpClass): 200 GET http://10.180.1.21/compute/v2.1/servers/21d9110a-b516-47e7-8d21-7acca07006c9 0.053s
2024-09-23 06:49:04.928 62290 INFO tempest.lib.common.rest_client [req-432efa4b-7aa0-4a47-b86b-6a94a2d58a53 req-432efa4b-7aa0-4a47-b86b-6a94a2d58a53 ] Request (ImagesOneServerNegativeTestJSON:setUpClass): 200 GET http://10.180.1.21/compute/v2.1/servers/03cb1218-91a3-4c5c-9663-adff330ca962 0.045s
2024-09-23 06:49:05.081 62248 INFO tempest.lib.common.rest_client [req-8b1aadaa-67a7-46b3-8f83-1b2b8ded9f4f req-8b1aadaa-67a7-46b3-8f83-1b2b8ded9f4f ] Request (SecurityGroupsTestJSON:test_list_security_groups_by_server): 200 GET http://10.180.1.21/compute/v2.1/servers/1c616fb0-0205-4303-b828-6cf50df21a46 0.052s
2024-09-23 06:49:05.091 62272 INFO tempest.lib.common.rest_client [req-66d7ed6b-b325-4d83-bdd8-a90affca5718 req-66d7ed6b-b325-4d83-bdd8-a90affca5718 ] Request (ServersAdmin275Test:test_rebuild_update_server_275): 200 GET http://10.180.1.21/compute/v2.1/servers/7b0b57ad-ccac-4789-b363-19063bee6650 0.061s
2024-09-23 06:49:05.124 62266 INFO tempest.lib.common.rest_client [req-984ad7a9-77bd-4897-9d9b-a804debde98f req-984ad7a9-77bd-4897-9d9b-a804debde98f ] Request (ServerActionsTestOtherA:setUpClass): 200 GET http://10.180.1.21/compute/v2.1/servers/54100a31-a60a-4d18-a21b-e8030b4321a5 0.058s
2024-09-23 06:49:05.202 62258 INFO tempest.lib.common.rest_client [req-fdf7a02d-d124-40a0-b20c-66c9556df8df req-fdf7a02d-d124-40a0-b20c-66c9556df8df ] Request (InstanceActionsTestJSON:setUpClass): 200 GET http://10.180.1.21/compute/v2.1/servers/4a5fa134-c3db-45ef-854d-efaf66cf869f 0.049s
2024-09-23 06:49:05.218 62281 INFO tempest.lib.common.rest_client [req-e1d01618-1e5e-433d-94ec-dfaff29385cb req-e1d01618-1e5e-433d-94ec-dfaff29385cb ] Request (ImagesTestJSON:test_create_image_from_suspended_server): 200 GET http://10.180.1.21/compute/v2.1/servers/6f9a8c76-1c48-41e9-97a5-cb569ac77f71 0.048s
2024-09-23 06:49:05.307 62304 INFO tempest.lib.common.rest_client [req-413d1f34-44d2-4820-9208-8ad48dc5e5e8 req-413d1f34-44d2-4820-9208-8ad48dc5e5e8 ] Request (ServersNegativeTestMultiTenantJSON:setUpClass): 200 GET http://10.180.1.21/compute/v2.1/servers/755eee66-bb09-476d-8e3e-37576a7ed858 0.051s
2024-09-23 06:49:05.312 62250 INFO tempest.lib.common.rest_client [req-f8ccede0-1eef-4976-8400-28d91bc8555a req-f8ccede0-1eef-4976-8400-28d91bc8555a ] Request (InstanceActionsNegativeTestJSON:setUpClass): 200 GET http://10.180.1.21/compute/v2.1/servers/d8a3b254-3e17-49f7-9f58-27b1aa78b84e 0.055s
2024-09-23 06:49:05.371 62284 INFO tempest.lib.common.rest_client [req-790ef12c-7035-4234-9d53-55aa795dd9e2 req-790ef12c-7035-4234-9d53-55aa795dd9e2 ] Request (AttachInterfacesTestJSON:test_create_list_show_delete_interfaces_by_network_port): 200 GET http://10.180.1.21/compute/v2.1/servers/44c917e5-2423-456d-83d5-cae22b8a358f 0.049s
2024-09-23 06:49:05.378 62292 INFO tempest.lib.common.rest_client [req-98c69f1b-624d-4fc7-b240-a4f5f59adf61 req-98c69f1b-624d-4fc7-b240-a4f5f59adf61 ] Request (AttachVolumeShelveTestJSON:test_detach_volume_shelved_or_offload_server): 200 GET http://10.180.1.21/compute/v2.1/servers/7cffbee3-20aa-4dfd-8698-382ce33379c9 0.053s
2024-09-23 06:49:05.418 62262 INFO tempest.lib.common.rest_client [req-3d7fbc00-9be1-4e3b-8f2f-45154bf31cce req-3d7fbc00-9be1-4e3b-8f2f-45154bf31cce ] Request (MultipleCreateTestJSON:test_multiple_create): 200 GET http://10.180.1.21/compute/v2.1/servers/0ac837bc-393d-40c2-9f55-251ef5bb9533 0.058s
2024-09-23 06:49:05.424 62308 INFO tempest.lib.common.rest_client [req-b273aae4-24a9-4bb7-906c-18de335e3709 req-b273aae4-24a9-4bb7-906c-18de335e3709 ] Request (MigrationsAdminTest:test_resize_server_revert_deleted_flavor): 200 GET http://10.180.1.21/compute/v2.1/servers/a9ccfe56-1aec-4758-86fd-b8aeb06f373e 0.049s
2024-09-23 06:49:05.473 62268 INFO tempest.lib.common.rest_client [req-1d267c67-6f55-45e7-8c16-9d326c74fae1 req-1d267c67-6f55-45e7-8c16-9d326c74fae1 ] Request (ServersTestFqdnHostnames:test_create_server_with_fqdn_name): 200 GET http://10.180.1.21/compute/v2.1/servers/a7352bc5-2c2a-4eb1-9f72-bde1279ba228 0.045s
2024-09-23 06:49:05.573 62276 INFO tempest.lib.common.rest_client [req-5bb08a37-e87f-412c-9c9a-3f9baa1c601a req-5bb08a37-e87f-412c-9c9a-3f9baa1c601a ] Request (AttachVolumeNegativeTest:test_attach_attached_volume_to_different_server): 200 GET http://10.180.1.21/compute/v2.1/servers/5f4580c6-d209-4e3c-9a37-4ebb3fe4d849 0.045s
2024-09-23 06:49:05.582 62270 INFO tempest.lib.common.rest_client [req-19be3265-650e-406e-be49-5289ceee3c39 req-19be3265-650e-406e-be49-5289ceee3c39 ] Request (ServersAdminTestJSON:setUpClass): 200 GET http://10.180.1.21/compute/v2.1/servers/3a61ab10-3ad0-468a-ac1d-28e1ef1e6d2f 0.047s
2024-09-23 06:49:05.789 62260 INFO tempest.lib.common.rest_client [req-70d4a811-11f3-499c-af06-774a88d1d34f req-70d4a811-11f3-499c-af06-774a88d1d34f ] Request (ServerRescueTestJSONUnderV235:setUpClass): 200 GET http://10.180.1.21/compute/v2.1/servers/a2abeead-688e-407a-b792-07f5bf67c394 0.050s
2024-09-23 06:49:05.796 62279 INFO tempest.lib.common.rest_client [req-8057f402-ce03-4a9e-aae1-4998f0b1442a req-8057f402-ce03-4a9e-aae1-4998f0b1442a ] Request (ServerActionsTestOtherB:setUpClass): 200 GET http://10.180.1.21/compute/v2.1/servers/d8a5451c-07dd-4c23-a081-f48c5f52677c 0.051s
2024-09-23 06:49:05.834 62282 INFO tempest.lib.common.rest_client [req-8dd3f162-e88c-452d-8208-570789aa70d4 req-8dd3f162-e88c-452d-8208-570789aa70d4 ] Request (DeleteServersTestJSON:test_delete_server_while_in_shelved_state): 200 GET http://10.180.1.21/compute/v2.1/servers/303b9b7c-7975-4b18-bd04-5db3e3e1df76 0.051s
2024-09-23 06:49:05.839 62246 INFO tempest.lib.common.rest_client [req-76f01354-1a06-4e64-8f18-fba7a4ce2d2c req-76f01354-1a06-4e64-8f18-fba7a4ce2d2c ] Request (ListImageFiltersTestJSON:setUpClass): 200 GET http://10.180.1.21/compute/v2.1/servers/992609d4-3084-4734-abc5-6adeed576779 0.050s
2024-09-23 06:49:05.885 62274 INFO tempest.lib.common.rest_client [req-15c52f6e-a172-4f44-ac6b-2ea530832d52 req-15c52f6e-a172-4f44-ac6b-2ea530832d52 ] Request (VolumesAdminNegativeTest:test_update_attached_volume_with_nonexistent_volume_in_uri): 200 GET http://10.180.1.21/compute/v2.1/servers/63660b88-bf17-4777-8f2b-cd46404bc2c9 0.057s
2024-09-23 06:49:05.886 62298 INFO tempest.lib.common.rest_client [req-edd14343-9329-40ab-92fd-6ccd952e3e4c req-edd14343-9329-40ab-92fd-6ccd952e3e4c ] Request (ServersTestJSON:setUpClass): 200 GET http://10.180.1.21/compute/v2.1/servers/b49ba5b9-ea86-4dba-80f2-c0eee76d5195 0.051s
2024-09-23 06:49:05.928 62256 INFO tempest.lib.common.rest_client [req-50781bdd-28af-41ad-b3f6-3d8a2a45c6c2 req-50781bdd-28af-41ad-b3f6-3d8a2a45c6c2 ] Request (ServersTestMultiNic:test_verify_multiple_nics_order): 200 GET http://10.180.1.21/compute/v2.1/servers/cd054da1-7987-41ae-8238-0008ef043921 0.043s
2024-09-23 06:49:05.938 62306 INFO tempest.lib.common.rest_client [req-cc10bac9-14c0-40f7-851d-f90c2d74a319 req-cc10bac9-14c0-40f7-851d-f90c2d74a319 ] Request (ListServersNegativeTestJSON:setUpClass): 200 GET http://10.180.1.21/compute/v2.1/servers/89895d72-dd44-4e63-8e75-53fd1c8a70a7 0.048s
2024-09-23 06:49:05.971 62296 INFO tempest.lib.common.rest_client [req-650906d3-d915-429a-b54b-1a4453ef8d89 req-650906d3-d915-429a-b54b-1a4453ef8d89 ] Request (FloatingIPsAssociationNegativeTestJSON:setUpClass): 200 GET http://10.180.1.21/compute/v2.1/servers/21d9110a-b516-47e7-8d21-7acca07006c9 0.042s
2024-09-23 06:49:05.981 62290 INFO tempest.lib.common.rest_client [req-07907a28-81cd-4495-b9e0-fbe2e7885b20 req-07907a28-81cd-4495-b9e0-fbe2e7885b20 ] Request (ImagesOneServerNegativeTestJSON:setUpClass): 200 GET http://10.180.1.21/compute/v2.1/servers/03cb1218-91a3-4c5c-9663-adff330ca962 0.047s
2024-09-23 06:49:06.134 62248 INFO tempest.lib.common.rest_client [req-2713779b-037f-44e7-9327-99d744fbf9b8 req-2713779b-037f-44e7-9327-99d744fbf9b8 ] Request (SecurityGroupsTestJSON:test_list_security_groups_by_server): 200 GET http://10.180.1.21/compute/v2.1/servers/1c616fb0-0205-4303-b828-6cf50df21a46 0.046s
2024-09-23 06:49:06.149 62272 INFO tempest.lib.common.rest_client [req-67eb2df7-13c7-4a95-908d-715402b86dc9 req-67eb2df7-13c7-4a95-908d-715402b86dc9 ] Request (ServersAdmin275Test:test_rebuild_update_server_275): 200 GET http://10.180.1.21/compute/v2.1/servers/7b0b57ad-ccac-4789-b363-19063bee6650 0.049s
2024-09-23 06:49:06.176 62266 INFO tempest.lib.common.rest_client [req-3ca89304-f106-4e09-a459-319becd2bb56 req-3ca89304-f106-4e09-a459-319becd2bb56 ] Request (ServerActionsTestOtherA:setUpClass): 200 GET http://10.180.1.21/compute/v2.1/servers/54100a31-a60a-4d18-a21b-e8030b4321a5 0.045s
2024-09-23 06:49:06.272 62281 INFO tempest.lib.common.rest_client [req-21abe13f-27ea-4535-a579-b182c12c6e7f req-21abe13f-27ea-4535-a579-b182c12c6e7f ] Request (ImagesTestJSON:test_create_image_from_suspended_server): 200 GET http://10.180.1.21/compute/v2.1/servers/6f9a8c76-1c48-41e9-97a5-cb569ac77f71 0.047s
2024-09-23 06:49:06.360 62304 INFO tempest.lib.common.rest_client [req-834987ef-e7e1-4536-954d-976a3859d568 req-834987ef-e7e1-4536-954d-976a3859d568 ] Request (ServersNegativeTestMultiTenantJSON:setUpClass): 200 GET http://10.180.1.21/compute/v2.1/servers/755eee66-bb09-476d-8e3e-37576a7ed858 0.046s
2024-09-23 06:49:06.401 62250 INFO tempest.lib.common.rest_client [req-ef43d6ef-af47-46be-973d-6d74254cfd39 req-ef43d6ef-af47-46be-973d-6d74254cfd39 ] Request (InstanceActionsNegativeTestJSON:setUpClass): 200 GET http://10.180.1.21/compute/v2.1/servers/d8a3b254-3e17-49f7-9f58-27b1aa78b84e 0.082s
2024-09-23 06:49:06.448 62284 INFO tempest.lib.common.rest_client [req-cb5f5852-db26-49c7-8809-c58a46af41cd req-cb5f5852-db26-49c7-8809-c58a46af41cd ] Request (AttachInterfacesTestJSON:test_create_list_show_delete_interfaces_by_network_port): 200 GET http://10.180.1.21/compute/v2.1/servers/44c917e5-2423-456d-83d5-cae22b8a358f 0.070s
2024-09-23 06:49:06.453 62258 INFO tempest.lib.common.rest_client [req-886f0472-1ca0-454d-a419-b87b1202d0f2 req-886f0472-1ca0-454d-a419-b87b1202d0f2 ] Request (InstanceActionsTestJSON:setUpClass): 200 GET http://10.180.1.21/compute/v2.1/servers/4a5fa134-c3db-45ef-854d-efaf66cf869f 0.243s
2024-09-23 06:49:06.497 62262 INFO tempest.lib.common.rest_client [req-6d60a7f4-3d07-49a1-9ab2-08da43351e1b req-6d60a7f4-3d07-49a1-9ab2-08da43351e1b ] Request (MultipleCreateTestJSON:test_multiple_create): 200 GET http://10.180.1.21/compute/v2.1/servers/0ac837bc-393d-40c2-9f55-251ef5bb9533 0.072s
2024-09-23 06:49:06.508 62292 INFO tempest.lib.common.rest_client [req-a7059132-387d-4072-8dd8-9f445438a23f req-a7059132-387d-4072-8dd8-9f445438a23f ] Request (AttachVolumeShelveTestJSON:test_detach_volume_shelved_or_offload_server): 200 GET http://10.180.1.21/compute/v2.1/servers/7cffbee3-20aa-4dfd-8698-382ce33379c9 0.123s
2024-09-23 06:49:06.541 62308 INFO tempest.lib.common.rest_client [req-418348fd-cc5a-4ec3-908b-6269226c108f req-418348fd-cc5a-4ec3-908b-6269226c108f ] Request (MigrationsAdminTest:test_resize_server_revert_deleted_flavor): 200 GET http://10.180.1.21/compute/v2.1/servers/a9ccfe56-1aec-4758-86fd-b8aeb06f373e 0.110s
2024-09-23 06:49:06.548 62268 INFO tempest.lib.common.rest_client [req-6d2d6d40-3662-4a38-9ed0-07c5690a3d77 req-6d2d6d40-3662-4a38-9ed0-07c5690a3d77 ] Request (ServersTestFqdnHostnames:test_create_server_with_fqdn_name): 200 GET http://10.180.1.21/compute/v2.1/servers/a7352bc5-2c2a-4eb1-9f72-bde1279ba228 0.068s
2024-09-23 06:49:06.625 62276 INFO tempest.lib.common.rest_client [req-62b79e69-7151-4aa0-9fb3-cec3eeae5a74 req-62b79e69-7151-4aa0-9fb3-cec3eeae5a74 ] Request (AttachVolumeNegativeTest:test_attach_attached_volume_to_different_server): 200 GET http://10.180.1.21/compute/v2.1/servers/5f4580c6-d209-4e3c-9a37-4ebb3fe4d849 0.045s
2024-09-23 06:49:06.635 62270 INFO tempest.lib.common.rest_client [req-b8a38dd9-9324-493a-b0e0-babff6ea3700 req-b8a38dd9-9324-493a-b0e0-babff6ea3700 ] Request (ServersAdminTestJSON:setUpClass): 200 GET http://10.180.1.21/compute/v2.1/servers/3a61ab10-3ad0-468a-ac1d-28e1ef1e6d2f 0.046s
2024-09-23 06:49:06.844 62260 INFO tempest.lib.common.rest_client [req-c5a4ece8-3469-46a4-94cb-7a354e406ab8 req-c5a4ece8-3469-46a4-94cb-7a354e406ab8 ] Request (ServerRescueTestJSONUnderV235:setUpClass): 200 GET http://10.180.1.21/compute/v2.1/servers/a2abeead-688e-407a-b792-07f5bf67c394 0.047s
2024-09-23 06:49:06.854 62279 INFO tempest.lib.common.rest_client [req-7fa69a8c-0084-43fb-80d8-3d720e91f436 req-7fa69a8c-0084-43fb-80d8-3d720e91f436 ] Request (ServerActionsTestOtherB:setUpClass): 200 GET http://10.180.1.21/compute/v2.1/servers/d8a5451c-07dd-4c23-a081-f48c5f52677c 0.050s
2024-09-23 06:49:06.887 62282 INFO tempest.lib.common.rest_client [req-e513f3a7-520e-473c-a918-e15277b271cf req-e513f3a7-520e-473c-a918-e15277b271cf ] Request (DeleteServersTestJSON:test_delete_server_while_in_shelved_state): 200 GET http://10.180.1.21/compute/v2.1/servers/303b9b7c-7975-4b18-bd04-5db3e3e1df76 0.044s
2024-09-23 06:49:06.897 62246 INFO tempest.lib.common.rest_client [req-ca74034b-69dd-439f-adef-7531a152e788 req-ca74034b-69dd-439f-adef-7531a152e788 ] Request (ListImageFiltersTestJSON:setUpClass): 200 GET http://10.180.1.21/compute/v2.1/servers/992609d4-3084-4734-abc5-6adeed576779 0.051s
2024-09-23 06:49:06.939 62298 INFO tempest.lib.common.rest_client [req-275126f7-269d-4109-adf3-a56316b1ce3d req-275126f7-269d-4109-adf3-a56316b1ce3d ] Request (ServersTestJSON:setUpClass): 200 GET http://10.180.1.21/compute/v2.1/servers/b49ba5b9-ea86-4dba-80f2-c0eee76d5195 0.047s
2024-09-23 06:49:06.945 62274 INFO tempest.lib.common.rest_client [req-d405af0e-7fe5-4036-8896-e18dd9946f6b req-d405af0e-7fe5-4036-8896-e18dd9946f6b ] Request (VolumesAdminNegativeTest:test_update_attached_volume_with_nonexistent_volume_in_uri): 200 GET http://10.180.1.21/compute/v2.1/servers/63660b88-bf17-4777-8f2b-cd46404bc2c9 0.052s
2024-09-23 06:49:06.984 62256 INFO tempest.lib.common.rest_client [req-0b72fe43-e5a7-409a-ade0-b53d965ed07a req-0b72fe43-e5a7-409a-ade0-b53d965ed07a ] Request (ServersTestMultiNic:test_verify_multiple_nics_order): 200 GET http://10.180.1.21/compute/v2.1/servers/cd054da1-7987-41ae-8238-0008ef043921 0.049s
2024-09-23 06:49:06.990 62306 INFO tempest.lib.common.rest_client [req-bf3f664c-d237-4949-a6c5-851718b1735a req-bf3f664c-d237-4949-a6c5-851718b1735a ] Request (ListServersNegativeTestJSON:setUpClass): 200 GET http://10.180.1.21/compute/v2.1/servers/89895d72-dd44-4e63-8e75-53fd1c8a70a7 0.046s
2024-09-23 06:49:07.034 62296 INFO tempest.lib.common.rest_client [req-87387eca-63e5-477d-ad98-959777ab825d req-87387eca-63e5-477d-ad98-959777ab825d ] Request (FloatingIPsAssociationNegativeTestJSON:setUpClass): 200 GET http://10.180.1.21/compute/v2.1/servers/21d9110a-b516-47e7-8d21-7acca07006c9 0.056s
2024-09-23 06:49:07.035 62290 INFO tempest.lib.common.rest_client [req-1f1e3023-ea76-46aa-9ef3-2866422a99ee req-1f1e3023-ea76-46aa-9ef3-2866422a99ee ] Request (ImagesOneServerNegativeTestJSON:setUpClass): 200 GET http://10.180.1.21/compute/v2.1/servers/03cb1218-91a3-4c5c-9663-adff330ca962 0.048s
2024-09-23 06:49:07.187 62248 INFO tempest.lib.common.rest_client [req-b6da3dcb-9a7d-4ddd-8758-5c4fdd3471d1 req-b6da3dcb-9a7d-4ddd-8758-5c4fdd3471d1 ] Request (SecurityGroupsTestJSON:test_list_security_groups_by_server): 200 GET http://10.180.1.21/compute/v2.1/servers/1c616fb0-0205-4303-b828-6cf50df21a46 0.046s
2024-09-23 06:49:07.207 62272 INFO tempest.lib.common.rest_client [req-21e25947-d5dc-49ad-85de-cc30578c0303 req-21e25947-d5dc-49ad-85de-cc30578c0303 ] Request (ServersAdmin275Test:test_rebuild_update_server_275): 200 GET http://10.180.1.21/compute/v2.1/servers/7b0b57ad-ccac-4789-b363-19063bee6650 0.048s
2024-09-23 06:49:07.224 62266 INFO tempest.lib.common.rest_client [req-f163a878-9633-4fcb-9147-ed9b1a29e836 req-f163a878-9633-4fcb-9147-ed9b1a29e836 ] Request (ServerActionsTestOtherA:setUpClass): 200 GET http://10.180.1.21/compute/v2.1/servers/54100a31-a60a-4d18-a21b-e8030b4321a5 0.041s
2024-09-23 06:49:07.324 62281 INFO tempest.lib.common.rest_client [req-58ab773e-5aae-4f49-a393-07bbf18aa81b req-58ab773e-5aae-4f49-a393-07bbf18aa81b ] Request (ImagesTestJSON:test_create_image_from_suspended_server): 200 GET http://10.180.1.21/compute/v2.1/servers/6f9a8c76-1c48-41e9-97a5-cb569ac77f71 0.045s
2024-09-23 06:49:07.414 62304 INFO tempest.lib.common.rest_client [req-0432de92-3b24-40ea-948e-532739c94593 req-0432de92-3b24-40ea-948e-532739c94593 ] Request (ServersNegativeTestMultiTenantJSON:setUpClass): 200 GET http://10.180.1.21/compute/v2.1/servers/755eee66-bb09-476d-8e3e-37576a7ed858 0.047s
2024-09-23 06:49:07.453 62250 INFO tempest.lib.common.rest_client [req-0fe66a73-3f07-4d47-aadb-264776a6a8f3 req-0fe66a73-3f07-4d47-aadb-264776a6a8f3 ] Request (InstanceActionsNegativeTestJSON:setUpClass): 200 GET http://10.180.1.21/compute/v2.1/servers/d8a3b254-3e17-49f7-9f58-27b1aa78b84e 0.045s
2024-09-23 06:49:07.502 62284 INFO tempest.lib.common.rest_client [req-2f57fc94-fccb-416c-8b22-fecc690256fa req-2f57fc94-fccb-416c-8b22-fecc690256fa ] Request (AttachInterfacesTestJSON:test_create_list_show_delete_interfaces_by_network_port): 200 GET http://10.180.1.21/compute/v2.1/servers/44c917e5-2423-456d-83d5-cae22b8a358f 0.047s
2024-09-23 06:49:07.659 62258 INFO tempest.lib.common.rest_client [req-c4e1a810-448d-4194-a818-6ad0274a5cca req-c4e1a810-448d-4194-a818-6ad0274a5cca ] Request (InstanceActionsTestJSON:setUpClass): 200 GET http://10.180.1.21/compute/v2.1/servers/4a5fa134-c3db-45ef-854d-efaf66cf869f 0.193s
