2024-09-23 06:47:17.468 62281 INFO tempest.lib.common.dynamic_creds [-] Created isolated network resources for: credentials: Credentials: {'domain_id': 'default', 'domain_name': 'Default', 'username': 'tempest-ImagesTestJSON-1226995593-project-member', 'project_domain_id': 'default', 'project_domain_name': 'Default', 'project_id': '47551284a4aa417ca393a3eec2351803', 'project_name': 'tempest-ImagesTestJSON-1226995593', 'tenant_id': '47551284a4aa417ca393a3eec2351803', 'tenant_name': 'tempest-ImagesTestJSON-1226995593', 'user_domain_id': 'default', 'user_domain_name': 'Default', 'user_id': 'cf2f630e5e3b423c80e6e9e919222c98', 'system': None}, Network: {'id': '91c8fc28-a0aa-4d34-8cac-9a0b62ea6334', 'name': 'tempest-ImagesTestJSON-18929731-network', 'tenant_id': '47551284a4aa417ca393a3eec2351803', 'admin_state_up': True, 'mtu': 8950, 'status': 'ACTIVE', 'subnets': [], 'shared': False, 'project_id': '47551284a4aa417ca393a3eec2351803', 'port_security_enabled': True, 'router:external': False, 'provider:network_type': 'vlan', 'provider:physical_network': 'default', 'provider:segmentation_id': 999, 'is_default': False, 'availability_zone_hints': [], 'availability_zones': [], 'ipv4_address_scope': None, 'ipv6_address_scope': None, 'description': '', 'tags': [], 'created_at': '2024-09-23T06:47:13Z', 'updated_at': '2024-09-23T06:47:13Z', 'revision_number': 1}, Subnet: {'id': 'aa7925c0-2a3c-4052-8c53-0e5320cf323e', 'name': 'tempest-ImagesTestJSON-18929731-subnet', 'tenant_id': '47551284a4aa417ca393a3eec2351803', 'network_id': '91c8fc28-a0aa-4d34-8cac-9a0b62ea6334', 'ip_version': 4, 'subnetpool_id': None, 'enable_dhcp': True, 'ipv6_ra_mode': None, 'ipv6_address_mode': None, 'gateway_ip': '192.168.128.1', 'cidr': '192.168.128.0/28', 'allocation_pools': [{'start': '192.168.128.2', 'end': '192.168.128.14'}], 'host_routes': [], 'dns_nameservers': [], 'description': '', 'router:external': False, 'service_types': [], 'tags': [], 'created_at': '2024-09-23T06:47:13Z', 'updated_at': '2024-09-23T06:47:13Z', 'revision_number': 0, 'project_id': '47551284a4aa417ca393a3eec2351803'}, Router: {'id': '27f62526-b771-4a56-a803-481e1cd1e9b1', 'name': 'tempest-ImagesTestJSON-18929731-router', 'tenant_id': '47551284a4aa417ca393a3eec2351803', 'admin_state_up': True, 'status': 'ACTIVE', 'external_gateway_info': {'network_id': '8f495bdf-52fb-4906-a637-3002b9e08ac1', 'external_fixed_ips': [{'subnet_id': '00722bbb-dc00-4c27-95ba-971644931720', 'ip_address': '10.180.180.200'}], 'enable_snat': True}, 'description': '', 'availability_zones': [], 'distributed': False, 'ha': False, 'availability_zone_hints': [], 'routes': [], 'flavor_id': None, 'tags': [], 'created_at': '2024-09-23T06:47:14Z', 'updated_at': '2024-09-23T06:47:14Z', 'revision_number': 2, 'project_id': '47551284a4aa417ca393a3eec2351803'}
2024-09-23 06:47:17.477 62270 INFO tempest.lib.common.rest_client [req-cd23e4a9-581a-4e96-9473-514e7de64959 req-cd23e4a9-581a-4e96-9473-514e7de64959 ] Request (ServersAdminTestJSON:setUpClass): 200 GET http://10.180.1.21/identity/v3/roles 0.077s
2024-09-23 06:47:17.500 62292 INFO tempest.lib.common.rest_client [req-4ae609f1-29dd-46c7-bd12-7b543e8d50a5 req-4ae609f1-29dd-46c7-bd12-7b543e8d50a5 ] Request (AttachVolumeShelveTestJSON:setUpClass): 201 POST http://10.180.1.21/identity/v3/auth/tokens 0.132s
2024-09-23 06:47:17.504 62268 INFO tempest.lib.common.rest_client [req-4678cf38-b516-4c2a-998f-d7498cf44741 req-4678cf38-b516-4c2a-998f-d7498cf44741 ] Request (ServersTestFqdnHostnames:setUpClass): 201 POST http://10.180.1.21/identity/v3/projects 0.044s
2024-09-23 06:47:17.551 62270 INFO tempest.lib.common.rest_client [req-3c1600a1-9273-4a8b-a728-7c0f79e41a75 req-3c1600a1-9273-4a8b-a728-7c0f79e41a75 ] Request (ServersAdminTestJSON:setUpClass): 204 PUT http://10.180.1.21/identity/v3/projects/024a4eb8bf6e49ad9e004f00f829faae/users/5a635724e98c4ecabe19961fe71cfd86/roles/7f9ccdcd91ac45e4b68a76fbe3986cf8 0.073s
2024-09-23 06:47:17.551 62270 INFO tempest.lib.common.dynamic_creds [-] Dynamic test user 5a635724e98c4ecabe19961fe71cfd86 is created with scope project and roles: ['admin']
2024-09-23 06:47:17.551 62270 INFO tempest.lib.common.dynamic_creds [-] Acquired dynamic creds: credentials: Credentials: {'domain_id': 'default', 'domain_name': 'Default', 'username': 'tempest-ServersAdminTestJSON-509659477-project-admin', 'project_domain_id': 'default', 'project_domain_name': 'Default', 'project_id': '024a4eb8bf6e49ad9e004f00f829faae', 'project_name': 'tempest-ServersAdminTestJSON-509659477', 'tenant_id': '024a4eb8bf6e49ad9e004f00f829faae', 'tenant_name': 'tempest-ServersAdminTestJSON-509659477', 'user_domain_id': 'default', 'user_domain_name': 'Default', 'user_id': '5a635724e98c4ecabe19961fe71cfd86', 'system': None}, Network: None, Subnet: None, Router: None
2024-09-23 06:47:17.555 62306 INFO tempest.lib.common.rest_client [req-85fdbd6e-ee6e-4c27-ac1b-8b3b936b4002 req-85fdbd6e-ee6e-4c27-ac1b-8b3b936b4002 ] Request (ServersV294TestFqdnHostnames:setUpClass): 204 DELETE http://10.180.1.21/compute/v2.1/servers/f8af15fb-6a14-4d4a-a50c-23de657af5ef 1.830s
2024-09-23 06:47:17.596 62281 INFO tempest.lib.common.rest_client [req-36f0b078-70c4-4d99-828b-80078ad9dfba req-36f0b078-70c4-4d99-828b-80078ad9dfba ] Request (ImagesTestJSON:setUpClass): 201 POST http://10.180.1.21/identity/v3/auth/tokens 0.123s
2024-09-23 06:47:17.608 62268 INFO tempest.lib.common.rest_client [req-8b7384bb-5e95-442d-942b-d4720aca18ba req-8b7384bb-5e95-442d-942b-d4720aca18ba ] Request (ServersTestFqdnHostnames:setUpClass): 201 POST http://10.180.1.21/identity/v3/users 0.103s
2024-09-23 06:47:17.619 62282 INFO tempest.lib.common.rest_client [req-00867ece-076f-468e-a62a-de0b7c57e340 req-00867ece-076f-468e-a62a-de0b7c57e340 ] Request (DeleteServersTestJSON:test_delete_server_while_in_attached_volume): 200 GET http://10.180.1.21/compute/v2.1/servers/3937cdd3-81cd-4544-9ca2-b0f02576ca63 1.806s
2024-09-23 06:47:17.643 62268 INFO tempest.lib.common.rest_client [req-62c41e5c-b992-4484-85e2-ba4b49964acc req-62c41e5c-b992-4484-85e2-ba4b49964acc ] Request (ServersTestFqdnHostnames:setUpClass): 200 GET http://10.180.1.21/identity/v3/roles 0.034s
2024-09-23 06:47:17.690 62268 INFO tempest.lib.common.rest_client [req-758fabc9-c737-4ed7-8c72-33456a7a9836 req-758fabc9-c737-4ed7-8c72-33456a7a9836 ] Request (ServersTestFqdnHostnames:setUpClass): 204 PUT http://10.180.1.21/identity/v3/projects/7883db789c7b4536b69b662a1dba2a77/users/770fadcbb6264b89937eb2bfec109ce5/roles/4adaf3a420d8423eb0d43d17160ac2f3 0.047s
2024-09-23 06:47:17.690 62268 INFO tempest.lib.common.dynamic_creds [-] Dynamic test user 770fadcbb6264b89937eb2bfec109ce5 is created with scope project and roles: ['member']
2024-09-23 06:47:17.691 62268 INFO tempest.lib.common.dynamic_creds [-] Acquired dynamic creds: credentials: Credentials: {'domain_id': 'default', 'domain_name': 'Default', 'username': 'tempest-ServersTestFqdnHostnames-954780821-project-member', 'project_domain_id': 'default', 'project_domain_name': 'Default', 'project_id': '7883db789c7b4536b69b662a1dba2a77', 'project_name': 'tempest-ServersTestFqdnHostnames-954780821', 'tenant_id': '7883db789c7b4536b69b662a1dba2a77', 'tenant_name': 'tempest-ServersTestFqdnHostnames-954780821', 'user_domain_id': 'default', 'user_domain_name': 'Default', 'user_id': '770fadcbb6264b89937eb2bfec109ce5', 'system': None}, Network: None, Subnet: None, Router: None
2024-09-23 06:47:17.693 62281 INFO tempest.lib.common.rest_client [req-fbb5ac4b-2fef-4758-be4f-71e14b7eb4e8 req-fbb5ac4b-2fef-4758-be4f-71e14b7eb4e8 ] Request (ImagesTestJSON:test_create_image_from_stopped_server): 201 POST http://10.180.1.21/identity/v3/auth/tokens 0.089s
2024-09-23 06:47:17.693 62281 INFO tempest.lib.common.fixed_network [-] (ImagesTestJSON:test_create_image_from_stopped_server) Found network {'id': '91c8fc28-a0aa-4d34-8cac-9a0b62ea6334', 'name': 'tempest-ImagesTestJSON-18929731-network', 'tenant_id': '47551284a4aa417ca393a3eec2351803', 'admin_state_up': True, 'mtu': 8950, 'status': 'ACTIVE', 'subnets': [], 'shared': False, 'project_id': '47551284a4aa417ca393a3eec2351803', 'port_security_enabled': True, 'router:external': False, 'provider:network_type': 'vlan', 'provider:physical_network': 'default', 'provider:segmentation_id': 999, 'is_default': False, 'availability_zone_hints': [], 'availability_zones': [], 'ipv4_address_scope': None, 'ipv6_address_scope': None, 'description': '', 'tags': [], 'created_at': '2024-09-23T06:47:13Z', 'updated_at': '2024-09-23T06:47:13Z', 'revision_number': 1} available for tenant
2024-09-23 06:47:17.758 62268 INFO tempest.lib.common.rest_client [req-d2b36026-af3e-4a42-9489-4b00330f5a55 req-d2b36026-af3e-4a42-9489-4b00330f5a55 ] Request (ServersTestFqdnHostnames:setUpClass): 201 POST http://10.180.1.21/identity/v3/auth/tokens 0.067s
2024-09-23 06:47:17.791 62270 INFO tempest.lib.common.rest_client [req-fed2706b-6b7c-4eda-8105-e73cd86ea074 req-fed2706b-6b7c-4eda-8105-e73cd86ea074 ] Request (ServersAdminTestJSON:setUpClass): 201 POST http://10.180.1.21:9696/networking/v2.0/networks 0.239s
2024-09-23 06:47:17.799 62252 INFO tempest.lib.common.rest_client [req-91125a72-48d6-4c73-b617-b495a325de0b req-91125a72-48d6-4c73-b617-b495a325de0b ] Request (FloatingIPDetailsTestJSON:setUpClass): 200 POST http://10.180.1.21/compute/v2.1/os-floating-ips 3.209s
2024-09-23 06:47:17.826 62250 INFO tempest.lib.common.rest_client [req-694aa0be-e155-4e83-bf63-4a2a08d16e94 req-694aa0be-e155-4e83-bf63-4a2a08d16e94 ] Request (FlavorsAdminTestJSON:_run_cleanups): 202 DELETE http://10.180.1.21/compute/v2.1/flavors/773336530 1.998s
2024-09-23 06:47:17.832 62262 INFO tempest.lib.common.rest_client [req-71c41d92-f178-4746-b737-05af27eccd97 req-71c41d92-f178-4746-b737-05af27eccd97 ] Request (HypervisorAdminNegativeTestJSON:test_get_hypervisor_list_with_non_admin_user): 403 GET http://10.180.1.21/compute/v2.1/os-hypervisors 1.927s
2024-09-23 06:47:17.909 62304 INFO tempest.lib.common.rest_client [req-2ff13e7b-c6b3-44ad-87c7-9bb5f367455f req-2ff13e7b-c6b3-44ad-87c7-9bb5f367455f ] Request (VolumesAssistedSnapshotsTest:test_volume_assisted_snapshot_create_delete): 200 GET http://10.180.1.21/compute/v2.1/servers/a179faee-3e42-4f58-8a4e-70fdf3a5ac83 1.999s
2024-09-23 06:47:17.920 62258 INFO tempest.lib.common.rest_client [req-71d467d2-94e9-4f87-8147-df9541fd548d req-71d467d2-94e9-4f87-8147-df9541fd548d ] Request (FlavorsV2TestJSON:test_list_flavors_detailed_using_marker): 200 GET http://10.180.1.21/compute/v2.1/flavors/42 2.004s
2024-09-23 06:47:17.955 62270 INFO tempest.lib.common.rest_client [req-4c77583f-7010-47cc-904e-82c6169b3122 req-4c77583f-7010-47cc-904e-82c6169b3122 ] Request (ServersAdminTestJSON:setUpClass): 201 POST http://10.180.1.21:9696/networking/v2.0/subnets 0.163s
2024-09-23 06:47:17.992 62286 INFO tempest.lib.common.rest_client [req-0c94b455-92cb-43a9-a028-0c0a1eed871a req-0c94b455-92cb-43a9-a028-0c0a1eed871a ] Request (ServerAddressesTestJSON:setUpClass): 200 GET http://10.180.1.21/compute/v2.1/servers/6053d9fd-a339-439e-b18c-b1df92cea1c9 1.998s
2024-09-23 06:47:18.066 62284 INFO tempest.lib.common.rest_client [req-1d254e18-985b-4058-9889-e1f5fcf7fe23 req-1d254e18-985b-4058-9889-e1f5fcf7fe23 ] Request (AttachInterfacesTestJSON:test_create_list_show_delete_interfaces_by_fixed_ip): 200 GET http://10.180.1.21/compute/v2.1/servers/49f06c24-9bea-4fa9-8f40-06cbed052edd 2.037s
2024-09-23 06:47:18.133 62272 INFO tempest.lib.common.rest_client [req-1ab44afe-71c0-43ea-9923-1a0ed3165cb0 req-1ab44afe-71c0-43ea-9923-1a0ed3165cb0 ] Request (DeleteServersAdminTestJSON:test_delete_server_while_in_error_state): 200 GET http://10.180.1.21/compute/v2.1/servers/72b4ca7a-5f1e-4786-a922-f888d8d79b17 2.047s
2024-09-23 06:47:18.195 62276 INFO tempest.lib.common.rest_client [req-bc0cca72-5ce4-42eb-b59b-b0231276f35d req-bc0cca72-5ce4-42eb-b59b-b0231276f35d ] Request (AttachInterfacesUnderV243Test:test_add_remove_fixed_ip): 200 GET http://10.180.1.21/compute/v2.1/servers/7bbd8f9f-8c15-484a-aaca-1f1d69aeec06 2.076s
2024-09-23 06:47:18.272 62266 INFO tempest.lib.common.rest_client [req-d1fa777a-7532-40fb-9398-d4dc485c9e09 req-d1fa777a-7532-40fb-9398-d4dc485c9e09 ] Request (ServerDiagnosticsV248Test:tearDownClass): 200 GET http://10.180.1.21/compute/v2.1/servers/a2c5c51f-a95a-4243-b851-efe11bdf4527 2.012s
2024-09-23 06:47:18.291 62268 INFO tempest.lib.common.rest_client [req-d404d1fb-ac17-4f41-816b-b4ba8fb4ccff req-d404d1fb-ac17-4f41-816b-b4ba8fb4ccff ] Request (ServersTestFqdnHostnames:setUpClass): 201 POST http://10.180.1.21:9696/networking/v2.0/networks 0.532s
2024-09-23 06:47:18.339 62256 INFO tempest.lib.common.rest_client [req-de9e929d-22b1-4292-8298-0f10462c4bd4 req-de9e929d-22b1-4292-8298-0f10462c4bd4 ] Request (ServersTestMultiNic:test_verify_duplicate_network_nics): 200 GET http://10.180.1.21/compute/v2.1/servers/71cc5b5d-d0b8-4bea-bb69-74c025d04183 1.991s
2024-09-23 06:47:18.391 62274 INFO tempest.lib.common.rest_client [req-603d72b9-3b3e-4f19-a426-a3a8c6559ebe req-603d72b9-3b3e-4f19-a426-a3a8c6559ebe ] Request (VolumesAdminNegativeTest:test_update_attached_volume_with_nonexistent_volume_in_body): 200 GET http://10.180.1.21/compute/v2.1/servers/3d8f7b73-17cb-464d-94a9-dbe3386df613 1.965s
2024-09-23 06:47:18.445 62246 INFO tempest.lib.common.rest_client [req-16dc1a4c-7467-4d51-93e0-c3029813d159 req-16dc1a4c-7467-4d51-93e0-c3029813d159 ] Request (ImagesOneServerTestJSON:setUpClass): 200 GET http://10.180.1.21/compute/v2.1/servers/d6dfaada-eff0-425d-a177-7e455f6beac7 1.934s
2024-09-23 06:47:18.452 62302 INFO tempest.lib.common.rest_client [req-2e6daf5a-036a-49d4-b8e9-36d88204ff41 req-2e6daf5a-036a-49d4-b8e9-36d88204ff41 ] Request (ServersTestBootFromVolume:setUpClass): 202 POST http://10.180.1.21/compute/v2.1/servers 2.632s
2024-09-23 06:47:18.517 62308 INFO tempest.lib.common.rest_client [req-5dc4d12b-4b0b-46e7-9384-8a4fb7303e62 req-5dc4d12b-4b0b-46e7-9384-8a4fb7303e62 ] Request (MigrationsAdminTest:test_list_migrations_in_flavor_resize_situation): 200 GET http://10.180.1.21/compute/v2.1/servers/b57d4730-5ad2-40e0-85d3-6a38aac3357f 1.919s
2024-09-23 06:47:18.518 62268 INFO tempest.lib.common.rest_client [req-cd3f1e82-9fa0-4d7c-b9b3-6154f2bc3d4b req-cd3f1e82-9fa0-4d7c-b9b3-6154f2bc3d4b ] Request (ServersTestFqdnHostnames:setUpClass): 201 POST http://10.180.1.21:9696/networking/v2.0/subnets 0.226s
2024-09-23 06:47:18.529 62288 INFO tempest.lib.common.rest_client [req-e9740a8e-5b58-4cf7-aa22-bb8977aa597f req-e9740a8e-5b58-4cf7-aa22-bb8977aa597f ] Request (TenantUsagesTestJSON:setUpClass): 200 GET http://10.180.1.21/compute/v2.1/servers/5eb8241f-edde-4f91-9457-e501dd594f4a 1.777s
2024-09-23 06:47:18.604 62290 INFO tempest.lib.common.rest_client [req-ccc3e845-6a8b-4e02-af49-98fb14057a93 req-ccc3e845-6a8b-4e02-af49-98fb14057a93 ] Request (ServersAdminNegativeTestJSON:setUpClass): 200 GET http://10.180.1.21/compute/v2.1/servers/a838e4a7-ebda-465d-a8f8-48fcb0005dac 1.566s
2024-09-23 06:47:18.612 62290 INFO tempest.common.waiters [-] State transition "BUILD/spawning" ==> "ERROR/None" after 37 second wait
2024-09-23 06:47:18.629 62264 INFO tempest.lib.common.rest_client [req-8b8cd77f-7544-4e72-8600-2642f9762650 req-8b8cd77f-7544-4e72-8600-2642f9762650 ] Request (ImagesMetadataNegativeTestJSON:test_set_nonexistent_image_metadata): 404 PUT http://10.180.1.21/compute/v2.1/images/1431d563-5592-4741-bece-8c262b5242a7/metadata 1.519s
2024-09-23 06:47:18.630 62270 INFO tempest.lib.common.rest_client [req-2e50d433-a164-450a-b573-1ed44d2aee01 req-2e50d433-a164-450a-b573-1ed44d2aee01 ] Request (ServersAdminTestJSON:setUpClass): 201 POST http://10.180.1.21:9696/networking/v2.0/routers 0.674s
2024-09-23 06:47:18.663 62294 INFO tempest.lib.common.rest_client [req-ed303537-c595-43cc-8b8d-c4ac16c2db85 req-ed303537-c595-43cc-8b8d-c4ac16c2db85 ] Request (SecurityGroupRulesTestJSON:test_security_group_rules_list): 200 GET http://10.180.1.21/compute/v2.1/os-security-groups/4154e200-0649-4fcd-8e5e-b948280aaea0 1.580s
2024-09-23 06:47:18.702 62260 INFO tempest.lib.common.rest_client [req-abc4310e-c1e0-4285-b72b-a3867832c2c1 req-abc4310e-c1e0-4285-b72b-a3867832c2c1 ] Request (ServersTestManualDisk:setUpClass): 200 GET http://10.180.1.21/compute/v2.1/servers/0a7b293d-4364-4219-bde2-af425c5f4e47 1.577s
2024-09-23 06:47:18.742 62279 INFO tempest.lib.common.rest_client [req-8818a7aa-cfb2-4b3d-9d71-5f8a688ae2a3 req-8818a7aa-cfb2-4b3d-9d71-5f8a688ae2a3 ] Request (ServerActionsTestJSON:setUpClass): 200 GET http://10.180.1.21/compute/v2.1/servers/c39615ed-d758-44c7-8554-d22b307dddca 1.383s
2024-09-23 06:47:18.824 62296 INFO tempest.lib.common.rest_client [req-981d6ff1-f2ef-4f28-b12b-acd1efc8f0d9 req-981d6ff1-f2ef-4f28-b12b-acd1efc8f0d9 ] Request (FloatingIPsAssociationTestJSON:setUpClass): 200 GET http://10.180.1.21/compute/v2.1/servers/4e91302c-aeb2-4925-9140-dea65844289e 1.367s
2024-09-23 06:47:18.933 62292 INFO tempest.lib.common.rest_client [req-6f1a15ac-e3fa-44e3-a85c-617d8605e515 req-6f1a15ac-e3fa-44e3-a85c-617d8605e515 ] Request (ValidationResourcesFixture:setUp): 201 POST http://10.180.1.21/compute/v2.1/os-keypairs 1.430s
2024-09-23 06:47:18.958 62306 INFO tempest.lib.common.rest_client [req-b403e0a6-304a-478b-b4ce-afaf0806e040 req-b403e0a6-304a-478b-b4ce-afaf0806e040 ] Request (ServersV294TestFqdnHostnames:setUpClass): 404 GET http://10.180.1.21/compute/v2.1/servers/f8af15fb-6a14-4d4a-a50c-23de657af5ef 1.402s
2024-09-23 06:47:18.958 62306 INFO tempest.test [-] raised in ServersV294TestFqdnHostnames.setUpClass. Invoking tearDownClass.
2024-09-23 06:47:19.091 62292 INFO tempest.lib.common.rest_client [req-c196d5fb-ad30-46f8-b436-5d9b9c626e64 req-c196d5fb-ad30-46f8-b436-5d9b9c626e64 ] Request (ValidationResourcesFixture:setUp): 201 POST http://10.180.1.21:9696/networking/v2.0/security-groups 0.156s
2024-09-23 06:47:19.263 62292 INFO tempest.lib.common.rest_client [req-d89289bd-cf71-4921-bd9d-6ed2cbae09e2 req-d89289bd-cf71-4921-bd9d-6ed2cbae09e2 ] Request (ValidationResourcesFixture:setUp): 201 POST http://10.180.1.21:9696/networking/v2.0/security-group-rules 0.171s
2024-09-23 06:47:19.350 62298 INFO tempest.lib.common.rest_client [req-1483d81d-b51b-4c32-aa2c-538e30e2ba41 req-1483d81d-b51b-4c32-aa2c-538e30e2ba41 ] Request (ImagesNegativeTestJSON:test_create_image_from_deleted_server): 202 POST http://10.180.1.21/compute/v2.1/servers 1.988s
2024-09-23 06:47:19.445 62292 INFO tempest.lib.common.rest_client [req-b9211583-6e6d-4510-a3b5-fd8c6af9a160 req-b9211583-6e6d-4510-a3b5-fd8c6af9a160 ] Request (ValidationResourcesFixture:setUp): 201 POST http://10.180.1.21:9696/networking/v2.0/security-group-rules 0.182s
2024-09-23 06:47:19.839 62281 INFO tempest.lib.common.rest_client [req-111dabcb-0121-4e2e-abf4-e438d564661f req-111dabcb-0121-4e2e-abf4-e438d564661f ] Request (ImagesTestJSON:test_create_image_from_stopped_server): 202 POST http://10.180.1.21/compute/v2.1/servers 2.145s
2024-09-23 06:47:19.858 62250 INFO tempest.lib.common.rest_client [req-711e8f14-dc65-4c88-9f90-54c8a9584212 req-711e8f14-dc65-4c88-9f90-54c8a9584212 ] Request (FlavorsAdminTestJSON:_run_cleanups): 200 GET http://10.180.1.21/compute/v2.1/flavors/detail 2.031s
2024-09-23 06:47:19.873 62262 INFO tempest.lib.common.rest_client [req-371cdad6-1014-4d83-87f9-722807fd861d req-371cdad6-1014-4d83-87f9-722807fd861d ] Request (HypervisorAdminNegativeTestJSON:test_get_hypervisor_stats_with_non_admin_user): 403 GET http://10.180.1.21/compute/v2.1/os-hypervisors/statistics 2.039s
2024-09-23 06:47:19.902 62258 INFO tempest.lib.common.rest_client [req-9b14b7ce-e6ad-45dc-848e-7a93f0f74746 req-9b14b7ce-e6ad-45dc-848e-7a93f0f74746 ] Request (FlavorsV2TestJSON:test_list_flavors_detailed_using_marker): 200 GET http://10.180.1.21/compute/v2.1/flavors/detail?marker=42 1.980s
2024-09-23 06:47:19.963 62270 INFO tempest.lib.common.rest_client [req-0c746d81-de02-4cea-a48f-3838ec42c8ec req-0c746d81-de02-4cea-a48f-3838ec42c8ec ] Request (ServersAdminTestJSON:setUpClass): 200 PUT http://10.180.1.21:9696/networking/v2.0/routers/a2da5fd0-df7a-40c4-9c36-a85bc06cc7cb/add_router_interface 1.332s
2024-09-23 06:47:19.963 62270 INFO tempest.lib.common.dynamic_creds [-] Created isolated network resources for: credentials: Credentials: {'domain_id': 'default', 'domain_name': 'Default', 'username': 'tempest-ServersAdminTestJSON-509659477-project-admin', 'project_domain_id': 'default', 'project_domain_name': 'Default', 'project_id': '024a4eb8bf6e49ad9e004f00f829faae', 'project_name': 'tempest-ServersAdminTestJSON-509659477', 'tenant_id': '024a4eb8bf6e49ad9e004f00f829faae', 'tenant_name': 'tempest-ServersAdminTestJSON-509659477', 'user_domain_id': 'default', 'user_domain_name': 'Default', 'user_id': '5a635724e98c4ecabe19961fe71cfd86', 'system': None}, Network: {'id': '2b638db1-12a5-421e-8fb3-567f2a319e89', 'name': 'tempest-ServersAdminTestJSON-674867473-network', 'tenant_id': '024a4eb8bf6e49ad9e004f00f829faae', 'admin_state_up': True, 'mtu': 8950, 'status': 'ACTIVE', 'subnets': [], 'shared': False, 'project_id': '024a4eb8bf6e49ad9e004f00f829faae', 'port_security_enabled': True, 'router:external': False, 'provider:network_type': 'vlan', 'provider:physical_network': 'default', 'provider:segmentation_id': 874, 'is_default': False, 'availability_zone_hints': [], 'availability_zones': [], 'ipv4_address_scope': None, 'ipv6_address_scope': None, 'description': '', 'tags': [], 'created_at': '2024-09-23T06:47:17Z', 'updated_at': '2024-09-23T06:47:17Z', 'revision_number': 1}, Subnet: {'id': '9349f9ef-185f-4594-85e8-01729405800c', 'name': 'tempest-ServersAdminTestJSON-674867473-subnet', 'tenant_id': '024a4eb8bf6e49ad9e004f00f829faae', 'network_id': '2b638db1-12a5-421e-8fb3-567f2a319e89', 'ip_version': 4, 'subnetpool_id': None, 'enable_dhcp': True, 'ipv6_ra_mode': None, 'ipv6_address_mode': None, 'gateway_ip': '192.168.128.1', 'cidr': '192.168.128.0/28', 'allocation_pools': [{'start': '192.168.128.2', 'end': '192.168.128.14'}], 'host_routes': [], 'dns_nameservers': [], 'description': '', 'router:external': False, 'service_types': [], 'tags': [], 'created_at': '2024-09-23T06:47:17Z', 'updated_at': '2024-09-23T06:47:17Z', 'revision_number': 0, 'project_id': '024a4eb8bf6e49ad9e004f00f829faae'}, Router: {'id': 'a2da5fd0-df7a-40c4-9c36-a85bc06cc7cb', 'name': 'tempest-ServersAdminTestJSON-674867473-router', 'tenant_id': '024a4eb8bf6e49ad9e004f00f829faae', 'admin_state_up': True, 'status': 'ACTIVE', 'external_gateway_info': {'network_id': '8f495bdf-52fb-4906-a637-3002b9e08ac1', 'external_fixed_ips': [{'subnet_id': '00722bbb-dc00-4c27-95ba-971644931720', 'ip_address': '10.180.180.150'}], 'enable_snat': True}, 'description': '', 'availability_zones': [], 'distributed': False, 'ha': False, 'availability_zone_hints': [], 'routes': [], 'flavor_id': None, 'tags': [], 'created_at': '2024-09-23T06:47:17Z', 'updated_at': '2024-09-23T06:47:18Z', 'revision_number': 2, 'project_id': '024a4eb8bf6e49ad9e004f00f829faae'}
2024-09-23 06:47:19.994 62248 INFO tempest.lib.common.rest_client [req-a548c822-b92b-4a99-bb61-605f062499c8 req-a548c822-b92b-4a99-bb61-605f062499c8 ] Request (ServersWithSpecificFlavorTestJSON:test_verify_created_server_ephemeral_disk): 200 GET http://10.180.1.21/compute/v2.1/servers/7465b2d6-5912-402b-9193-38a75078d11c 1.789s
2024-09-23 06:47:20.007 62248 INFO tempest.common.waiters [-] State transition "BUILD/None" ==> "BUILD/block_device_mapping" after 28 second wait
2024-09-23 06:47:20.070 62302 INFO tempest.lib.common.rest_client [req-f1ae89f5-b968-4d16-a7f6-532b5e93323e req-f1ae89f5-b968-4d16-a7f6-532b5e93323e ] Request (ServersTestBootFromVolume:setUpClass): 200 GET http://10.180.1.21/compute/v2.1/servers/c86a3dcc-0942-463f-b60c-8f7bd8983c3f 1.616s
2024-09-23 06:47:20.139 62292 INFO tempest.lib.common.rest_client [req-6272ffc8-da20-4fda-a186-d4605142c658 req-6272ffc8-da20-4fda-a186-d4605142c658 ] Request (ValidationResourcesFixture:setUp): 201 POST http://10.180.1.21:9696/networking/v2.0/floatingips 0.692s
2024-09-23 06:47:20.170 62292 INFO tempest.lib.common.rest_client [req-29b96439-bf47-444b-b511-32b00778dbcd req-29b96439-bf47-444b-b511-32b00778dbcd ] Request (AttachVolumeShelveTestJSON:test_attach_volume_shelved_or_offload_server): 201 POST http://10.180.1.21/identity/v3/auth/tokens 0.028s
2024-09-23 06:47:20.170 62292 INFO tempest.lib.common.fixed_network [-] (AttachVolumeShelveTestJSON:test_attach_volume_shelved_or_offload_server) Found network {'id': '9aa01042-7b55-4d73-893a-9f1efbcf24a4', 'name': 'tempest-AttachVolumeShelveTestJSON-1227477559-network', 'tenant_id': 'adc9280bfc5c43fcae8bc73bbcfdfced', 'admin_state_up': True, 'mtu': 8950, 'status': 'ACTIVE', 'subnets': [], 'shared': False, 'project_id': 'adc9280bfc5c43fcae8bc73bbcfdfced', 'port_security_enabled': True, 'router:external': False, 'provider:network_type': 'vlan', 'provider:physical_network': 'default', 'provider:segmentation_id': 864, 'is_default': False, 'availability_zone_hints': [], 'availability_zones': [], 'ipv4_address_scope': None, 'ipv6_address_scope': None, 'description': '', 'tags': [], 'created_at': '2024-09-23T06:47:11Z', 'updated_at': '2024-09-23T06:47:11Z', 'revision_number': 1} available for tenant
2024-09-23 06:47:20.200 62270 INFO tempest.lib.common.rest_client [req-b512f497-90e5-4621-91c3-a1a590768e57 req-b512f497-90e5-4621-91c3-a1a590768e57 ] Request (ServersAdminTestJSON:setUpClass): 201 POST http://10.180.1.21/identity/v3/auth/tokens 0.233s
2024-09-23 06:47:20.257 62270 INFO tempest.lib.common.rest_client [req-567d4183-be6d-4de2-8da0-5837ca66d8ac req-567d4183-be6d-4de2-8da0-5837ca66d8ac ] Request (ServersAdminTestJSON:setUpClass): 201 POST http://10.180.1.21/identity/v3/auth/tokens 0.053s
2024-09-23 06:47:20.258 62270 INFO tempest.lib.common.fixed_network [-] (ServersAdminTestJSON:setUpClass) Found network {'id': '67c7f687-7afc-45ed-b4c5-52ea08e74f3b', 'name': 'tempest-ServersAdminTestJSON-1702728301-network', 'tenant_id': '6ef80fae96594ab392681517849ca025', 'admin_state_up': True, 'mtu': 8950, 'status': 'ACTIVE', 'subnets': [], 'shared': False, 'project_id': '6ef80fae96594ab392681517849ca025', 'port_security_enabled': True, 'router:external': False, 'provider:network_type': 'vlan', 'provider:physical_network': 'default', 'provider:segmentation_id': 86, 'is_default': False, 'availability_zone_hints': [], 'availability_zones': [], 'ipv4_address_scope': None, 'ipv6_address_scope': None, 'description': '', 'tags': [], 'created_at': '2024-09-23T06:47:10Z', 'updated_at': '2024-09-23T06:47:11Z', 'revision_number': 1} available for tenant
2024-09-23 06:47:20.267 62290 INFO tempest.lib.common.rest_client [req-3f8294bc-807e-4d8c-832b-649fa3a02bac req-3f8294bc-807e-4d8c-832b-649fa3a02bac ] Request (ServersAdminNegativeTestJSON:setUpClass): 204 DELETE http://10.180.1.21/compute/v2.1/servers/a838e4a7-ebda-465d-a8f8-48fcb0005dac 1.655s
2024-09-23 06:47:20.285 62264 INFO tempest.lib.common.rest_client [req-704fc6c1-19c3-46ef-9c5f-aff30db00b00 req-704fc6c1-19c3-46ef-9c5f-aff30db00b00 ] Request (ImagesMetadataNegativeTestJSON:test_set_nonexistent_image_metadata_item): 404 PUT http://10.180.1.21/compute/v2.1/images/d1b4ff9f-b959-4fc5-94b2-840d38262d07/metadata/os_distro 1.654s
2024-09-23 06:47:20.304 62268 INFO tempest.lib.common.rest_client [req-6d15c86e-33fa-45c4-bea7-8a77a938f012 req-6d15c86e-33fa-45c4-bea7-8a77a938f012 ] Request (ServersTestFqdnHostnames:setUpClass): 201 POST http://10.180.1.21:9696/networking/v2.0/routers 1.785s
2024-09-23 06:47:20.349 62282 INFO tempest.lib.common.rest_client [req-88102832-7a55-4a98-b72a-1e5b1899a02f req-88102832-7a55-4a98-b72a-1e5b1899a02f ] Request (DeleteServersTestJSON:test_delete_server_while_in_attached_volume): 200 GET http://10.180.1.21/compute/v2.1/servers/3937cdd3-81cd-4544-9ca2-b0f02576ca63 1.716s
2024-09-23 06:47:20.625 62294 INFO tempest.lib.common.rest_client [req-c72afa5e-2cf9-4fcf-9ac8-19b4d95b346b req-c72afa5e-2cf9-4fcf-9ac8-19b4d95b346b ] Request (SecurityGroupRulesTestJSON:_run_cleanups): 202 DELETE http://10.180.1.21/compute/v2.1/os-security-group-rules/84a3d52d-41d2-4e22-a438-8d6b0f0d8e3d 1.957s
2024-09-23 06:47:20.713 62304 INFO tempest.lib.common.rest_client [req-f3d71dec-3d6d-46e6-a666-eca9fe7775cc req-f3d71dec-3d6d-46e6-a666-eca9fe7775cc ] Request (VolumesAssistedSnapshotsTest:test_volume_assisted_snapshot_create_delete): 200 GET http://10.180.1.21/compute/v2.1/servers/a179faee-3e42-4f58-8a4e-70fdf3a5ac83 1.792s
2024-09-23 06:47:20.737 62306 INFO tempest.lib.common.rest_client [req-ad687893-782d-4541-b6ca-c8dfc7094a8a req-ad687893-782d-4541-b6ca-c8dfc7094a8a ] Request (ServersV294TestFqdnHostnames:tearDownClass): 204 DELETE http://10.180.1.21/compute/v2.1/os-keypairs/tempest-keypair-1936850546 1.778s
2024-09-23 06:47:20.811 62286 INFO tempest.lib.common.rest_client [req-f51efab6-4ad6-40c2-83ef-bf6b9bbf373f req-f51efab6-4ad6-40c2-83ef-bf6b9bbf373f ] Request (ServerAddressesTestJSON:setUpClass): 200 GET http://10.180.1.21/compute/v2.1/servers/6053d9fd-a339-439e-b18c-b1df92cea1c9 1.808s
2024-09-23 06:47:20.818 62286 INFO tempest.common.waiters [-] State transition "BUILD/scheduling" ==> "BUILD/None" after 17 second wait
2024-09-23 06:47:20.882 62284 INFO tempest.lib.common.rest_client [req-0826cb09-3d88-4469-b537-55cb31314d2c req-0826cb09-3d88-4469-b537-55cb31314d2c ] Request (AttachInterfacesTestJSON:test_create_list_show_delete_interfaces_by_fixed_ip): 200 GET http://10.180.1.21/compute/v2.1/servers/49f06c24-9bea-4fa9-8f40-06cbed052edd 1.807s
2024-09-23 06:47:20.888 62252 INFO tempest.lib.common.rest_client [req-712e58ce-8f01-4c4f-bb96-41a4845e282b req-712e58ce-8f01-4c4f-bb96-41a4845e282b ] Request (FloatingIPDetailsTestJSON:test_get_floating_ip_details): 200 POST http://10.180.1.21/compute/v2.1/os-floating-ips 3.086s
2024-09-23 06:47:20.955 62272 INFO tempest.lib.common.rest_client [req-72ed3498-04ac-4f5a-a703-fc25aaf9938a req-72ed3498-04ac-4f5a-a703-fc25aaf9938a ] Request (DeleteServersAdminTestJSON:test_delete_server_while_in_error_state): 200 GET http://10.180.1.21/compute/v2.1/servers/72b4ca7a-5f1e-4786-a922-f888d8d79b17 1.813s
2024-09-23 06:47:20.956 62276 INFO tempest.lib.common.rest_client [req-46cb45db-c5c0-4f86-b685-fc785f2be2cd req-46cb45db-c5c0-4f86-b685-fc785f2be2cd ] Request (AttachInterfacesUnderV243Test:test_add_remove_fixed_ip): 200 GET http://10.180.1.21/compute/v2.1/servers/7bbd8f9f-8c15-484a-aaca-1f1d69aeec06 1.752s
2024-09-23 06:47:20.984 62306 INFO tempest.lib.common.rest_client [req-b2b8154f-5d18-4aab-9409-b98a19e4bc25 req-b2b8154f-5d18-4aab-9409-b98a19e4bc25 ] Request (ServersV294TestFqdnHostnames:tearDownClass): 204 DELETE http://10.180.1.21:9696/networking/v2.0/security-groups/ecdb1ea6-3785-410d-8358-30c4084e680e 0.246s
2024-09-23 06:47:20.997 62306 INFO tempest.lib.common.rest_client [req-24681251-19dc-44d1-ad52-effb9e56df27 req-24681251-19dc-44d1-ad52-effb9e56df27 ] Request (ServersV294TestFqdnHostnames:tearDownClass): 404 GET http://10.180.1.21:9696/networking/v2.0/security-groups/ecdb1ea6-3785-410d-8358-30c4084e680e 0.013s
2024-09-23 06:47:21.016 62298 INFO tempest.lib.common.rest_client [req-bccfa618-19b4-41bf-850f-3c0a4f9a26c9 req-bccfa618-19b4-41bf-850f-3c0a4f9a26c9 ] Request (ImagesNegativeTestJSON:test_create_image_from_deleted_server): 200 GET http://10.180.1.21/compute/v2.1/servers/0f3d94bb-d24d-4a53-aaae-9e47987375bc 1.665s
2024-09-23 06:47:21.025 62266 INFO tempest.lib.common.rest_client [req-cfa8879b-acdf-42ff-8eab-17a733ef73a6 req-cfa8879b-acdf-42ff-8eab-17a733ef73a6 ] Request (ServerDiagnosticsV248Test:tearDownClass): 200 GET http://10.180.1.21/compute/v2.1/servers/a2c5c51f-a95a-4243-b851-efe11bdf4527 1.737s
2024-09-23 06:47:21.062 62256 INFO tempest.lib.common.rest_client [req-076c93ff-5c99-4ce2-a8e0-9c0525d71863 req-076c93ff-5c99-4ce2-a8e0-9c0525d71863 ] Request (ServersTestMultiNic:test_verify_duplicate_network_nics): 200 GET http://10.180.1.21/compute/v2.1/servers/71cc5b5d-d0b8-4bea-bb69-74c025d04183 1.711s
2024-09-23 06:47:21.075 62274 INFO tempest.lib.common.rest_client [req-493b02aa-1d0f-4bd7-8ae0-3727471212e4 req-493b02aa-1d0f-4bd7-8ae0-3727471212e4 ] Request (VolumesAdminNegativeTest:test_update_attached_volume_with_nonexistent_volume_in_body): 200 GET http://10.180.1.21/compute/v2.1/servers/3d8f7b73-17cb-464d-94a9-dbe3386df613 1.671s
2024-09-23 06:47:21.122 62246 INFO tempest.lib.common.rest_client [req-be479de0-ba66-44fa-94ba-6dbeded7e6c9 req-be479de0-ba66-44fa-94ba-6dbeded7e6c9 ] Request (ImagesOneServerTestJSON:setUpClass): 200 GET http://10.180.1.21/compute/v2.1/servers/d6dfaada-eff0-425d-a177-7e455f6beac7 1.667s
2024-09-23 06:47:21.129 62246 INFO tempest.common.waiters [-] State transition "BUILD/scheduling" ==> "BUILD/None" after 20 second wait
2024-09-23 06:47:21.130 62308 INFO tempest.lib.common.rest_client [req-49ece170-61b1-435c-972f-70d620e59490 req-49ece170-61b1-435c-972f-70d620e59490 ] Request (MigrationsAdminTest:test_list_migrations_in_flavor_resize_situation): 200 GET http://10.180.1.21/compute/v2.1/servers/b57d4730-5ad2-40e0-85d3-6a38aac3357f 1.601s
2024-09-23 06:47:21.189 62288 INFO tempest.lib.common.rest_client [req-22f7e2f0-58b2-4f63-98bf-2dd492dd1753 req-22f7e2f0-58b2-4f63-98bf-2dd492dd1753 ] Request (TenantUsagesTestJSON:setUpClass): 200 GET http://10.180.1.21/compute/v2.1/servers/5eb8241f-edde-4f91-9457-e501dd594f4a 1.649s
2024-09-23 06:47:21.191 62260 INFO tempest.lib.common.rest_client [req-0bd1ce31-289a-4e45-82a4-efd8dc0679f1 req-0bd1ce31-289a-4e45-82a4-efd8dc0679f1 ] Request (ServersTestManualDisk:setUpClass): 200 GET http://10.180.1.21/compute/v2.1/servers/0a7b293d-4364-4219-bde2-af425c5f4e47 1.482s
2024-09-23 06:47:21.243 62279 INFO tempest.lib.common.rest_client [req-43308b52-d79b-4073-a340-1bce53713fbe req-43308b52-d79b-4073-a340-1bce53713fbe ] Request (ServerActionsTestJSON:setUpClass): 200 GET http://10.180.1.21/compute/v2.1/servers/c39615ed-d758-44c7-8554-d22b307dddca 1.494s
2024-09-23 06:47:21.257 62296 INFO tempest.lib.common.rest_client [req-c43103d4-f9aa-404b-ba0b-d4befaccd31a req-c43103d4-f9aa-404b-ba0b-d4befaccd31a ] Request (FloatingIPsAssociationTestJSON:setUpClass): 200 GET http://10.180.1.21/compute/v2.1/servers/4e91302c-aeb2-4925-9140-dea65844289e 1.425s
2024-09-23 06:47:21.266 62296 INFO tempest.common.waiters [-] State transition "BUILD/spawning" ==> "ERROR/None" after 40 second wait
2024-09-23 06:47:21.275 62250 INFO tempest.lib.common.rest_client [req-763ff390-06cb-43f3-be02-f695cf853cd1 req-763ff390-06cb-43f3-be02-f695cf853cd1 ] Request (FlavorsAdminTestJSON:test_list_non_public_flavor): 200 POST http://10.180.1.21/compute/v2.1/flavors 1.408s
2024-09-23 06:47:21.306 62281 INFO tempest.lib.common.rest_client [req-9db5340f-5ea0-4099-ab6e-7dbd55cb9fd8 req-9db5340f-5ea0-4099-ab6e-7dbd55cb9fd8 ] Request (ImagesTestJSON:test_create_image_from_stopped_server): 200 GET http://10.180.1.21/compute/v2.1/servers/8a1d263d-efd5-406a-8e37-5e3289f497e6 1.464s
2024-09-23 06:47:21.317 62258 INFO tempest.lib.common.rest_client [req-c912ebc2-cfe8-4eb0-a5ff-83635e9e8058 req-c912ebc2-cfe8-4eb0-a5ff-83635e9e8058 ] Request (FlavorsV2TestJSON:test_list_flavors_filter_by_min_disk): 200 GET http://10.180.1.21/compute/v2.1/flavors/42 1.406s
2024-09-23 06:47:21.319 62306 INFO tempest.lib.common.rest_client [req-b3985ee5-8676-4ce6-a035-92d1c081e3a9 req-b3985ee5-8676-4ce6-a035-92d1c081e3a9 ] Request (ServersV294TestFqdnHostnames:tearDownClass): 204 DELETE http://10.180.1.21:9696/networking/v2.0/floatingips/1b0407d7-cd47-4581-b3f5-333a65c9f858 0.321s
2024-09-23 06:47:21.389 62262 INFO tempest.lib.common.rest_client [req-3d4f3cf9-07da-4a49-a20b-f03c01fd00c7 req-3d4f3cf9-07da-4a49-a20b-f03c01fd00c7 ] Request (HypervisorAdminNegativeTestJSON:test_get_hypervisor_uptime_with_non_admin_user): 200 GET http://10.180.1.21/compute/v2.1/os-hypervisors 1.514s
2024-09-23 06:47:21.463 62268 INFO tempest.lib.common.rest_client [req-a3be6444-edb6-4a8c-8a47-d22403f984e0 req-a3be6444-edb6-4a8c-8a47-d22403f984e0 ] Request (ServersTestFqdnHostnames:setUpClass): 200 PUT http://10.180.1.21:9696/networking/v2.0/routers/c28eef76-df56-4f59-a50e-b113981d4f40/add_router_interface 1.159s
2024-09-23 06:47:21.464 62268 INFO tempest.lib.common.dynamic_creds [-] Created isolated network resources for: credentials: Credentials: {'domain_id': 'default', 'domain_name': 'Default', 'username': 'tempest-ServersTestFqdnHostnames-954780821-project-member', 'project_domain_id': 'default', 'project_domain_name': 'Default', 'project_id': '7883db789c7b4536b69b662a1dba2a77', 'project_name': 'tempest-ServersTestFqdnHostnames-954780821', 'tenant_id': '7883db789c7b4536b69b662a1dba2a77', 'tenant_name': 'tempest-ServersTestFqdnHostnames-954780821', 'user_domain_id': 'default', 'user_domain_name': 'Default', 'user_id': '770fadcbb6264b89937eb2bfec109ce5', 'system': None}, Network: {'id': '7f666b0b-99f3-4847-a281-a3d5fc1a7cf7', 'name': 'tempest-ServersTestFqdnHostnames-2086733407-network', 'tenant_id': '7883db789c7b4536b69b662a1dba2a77', 'admin_state_up': True, 'mtu': 8950, 'status': 'ACTIVE', 'subnets': [], 'shared': False, 'project_id': '7883db789c7b4536b69b662a1dba2a77', 'port_security_enabled': True, 'router:external': False, 'provider:network_type': 'vlan', 'provider:physical_network': 'default', 'provider:segmentation_id': 914, 'is_default': False, 'availability_zone_hints': [], 'availability_zones': [], 'ipv4_address_scope': None, 'ipv6_address_scope': None, 'description': '', 'tags': [], 'created_at': '2024-09-23T06:47:18Z', 'updated_at': '2024-09-23T06:47:18Z', 'revision_number': 1}, Subnet: {'id': '746d6cd5-404b-42a9-acf5-4401495197a1', 'name': 'tempest-ServersTestFqdnHostnames-2086733407-subnet', 'tenant_id': '7883db789c7b4536b69b662a1dba2a77', 'network_id': '7f666b0b-99f3-4847-a281-a3d5fc1a7cf7', 'ip_version': 4, 'subnetpool_id': None, 'enable_dhcp': True, 'ipv6_ra_mode': None, 'ipv6_address_mode': None, 'gateway_ip': '192.168.128.1', 'cidr': '192.168.128.0/28', 'allocation_pools': [{'start': '192.168.128.2', 'end': '192.168.128.14'}], 'host_routes': [], 'dns_nameservers': [], 'description': '', 'router:external': False, 'service_types': [], 'tags': [], 'created_at': '2024-09-23T06:47:18Z', 'updated_at': '2024-09-23T06:47:18Z', 'revision_number': 0, 'project_id': '7883db789c7b4536b69b662a1dba2a77'}, Router: {'id': 'c28eef76-df56-4f59-a50e-b113981d4f40', 'name': 'tempest-ServersTestFqdnHostnames-2086733407-router', 'tenant_id': '7883db789c7b4536b69b662a1dba2a77', 'admin_state_up': True, 'status': 'ACTIVE', 'external_gateway_info': {'network_id': '8f495bdf-52fb-4906-a637-3002b9e08ac1', 'external_fixed_ips': [{'subnet_id': '00722bbb-dc00-4c27-95ba-971644931720', 'ip_address': '10.180.180.253'}], 'enable_snat': True}, 'description': '', 'availability_zones': [], 'distributed': False, 'ha': False, 'availability_zone_hints': [], 'routes': [], 'flavor_id': None, 'tags': [], 'created_at': '2024-09-23T06:47:18Z', 'updated_at': '2024-09-23T06:47:19Z', 'revision_number': 2, 'project_id': '7883db789c7b4536b69b662a1dba2a77'}
2024-09-23 06:47:21.528 62268 INFO tempest.lib.common.rest_client [req-3a44adb8-f063-4070-a2b7-257b01f66f60 req-3a44adb8-f063-4070-a2b7-257b01f66f60 ] Request (ServersTestFqdnHostnames:setUpClass): 201 POST http://10.180.1.21/identity/v3/auth/tokens 0.061s
2024-09-23 06:47:22.270 62270 INFO tempest.lib.common.rest_client [req-b5ce8b24-151f-4ad2-8c74-47e4b7946481 req-b5ce8b24-151f-4ad2-8c74-47e4b7946481 ] Request (ServersAdminTestJSON:setUpClass): 202 POST http://10.180.1.21/compute/v2.1/servers 2.011s
2024-09-23 06:47:22.272 62292 INFO tempest.lib.common.rest_client [req-52b7ceee-4faf-4f10-9163-a8989272f9a9 req-52b7ceee-4faf-4f10-9163-a8989272f9a9 ] Request (AttachVolumeShelveTestJSON:test_attach_volume_shelved_or_offload_server): 202 POST http://10.180.1.21/compute/v2.1/servers 2.101s
2024-09-23 06:47:22.300 62290 INFO tempest.lib.common.rest_client [req-4f66cbf5-abb8-4d8d-9abc-1cf3c533c185 req-4f66cbf5-abb8-4d8d-9abc-1cf3c533c185 ] Request (ServersAdminNegativeTestJSON:setUpClass): 404 GET http://10.180.1.21/compute/v2.1/servers/a838e4a7-ebda-465d-a8f8-48fcb0005dac 2.032s
2024-09-23 06:47:22.300 62290 INFO tempest.test [-] raised in ServersAdminNegativeTestJSON.setUpClass. Invoking tearDownClass.
2024-09-23 06:47:22.305 62264 INFO tempest.lib.common.rest_client [req-9f763f40-744e-45a0-9978-0508ef543c3c req-9f763f40-744e-45a0-9978-0508ef543c3c ] Request (ImagesMetadataNegativeTestJSON:test_update_nonexistent_image_metadata): 404 POST http://10.180.1.21/compute/v2.1/images/ccf1a4be-ae57-4301-96f0-842bc5df3a95/metadata 2.019s
2024-09-23 06:47:22.325 62270 INFO tempest.lib.common.rest_client [req-42eb97fa-6041-4f81-ab17-f789d632d9a1 req-42eb97fa-6041-4f81-ab17-f789d632d9a1 ] Request (ServersAdminTestJSON:setUpClass): 201 POST http://10.180.1.21/identity/v3/auth/tokens 0.045s
2024-09-23 06:47:22.326 62270 INFO tempest.lib.common.fixed_network [-] (ServersAdminTestJSON:setUpClass) Found network {'id': '67c7f687-7afc-45ed-b4c5-52ea08e74f3b', 'name': 'tempest-ServersAdminTestJSON-1702728301-network', 'tenant_id': '6ef80fae96594ab392681517849ca025', 'admin_state_up': True, 'mtu': 8950, 'status': 'ACTIVE', 'subnets': [], 'shared': False, 'project_id': '6ef80fae96594ab392681517849ca025', 'port_security_enabled': True, 'router:external': False, 'provider:network_type': 'vlan', 'provider:physical_network': 'default', 'provider:segmentation_id': 86, 'is_default': False, 'availability_zone_hints': [], 'availability_zones': [], 'ipv4_address_scope': None, 'ipv6_address_scope': None, 'description': '', 'tags': [], 'created_at': '2024-09-23T06:47:10Z', 'updated_at': '2024-09-23T06:47:11Z', 'revision_number': 1} available for tenant
2024-09-23 06:47:22.396 62290 INFO tempest.lib.common.rest_client [req-3b8d32ce-e56b-491a-8a67-7f3e257be816 req-3b8d32ce-e56b-491a-8a67-7f3e257be816 ] Request (ServersAdminNegativeTestJSON:tearDownClass): 204 DELETE http://10.180.1.21/identity/v3/users/31514b7bbac14c5dbf59461511a7fda1 0.096s
2024-09-23 06:47:22.405 62264 INFO tempest.lib.common.rest_client [req-299a6d16-180b-4483-aa41-b83c7e18ad0e req-299a6d16-180b-4483-aa41-b83c7e18ad0e ] Request (ImagesMetadataNegativeTestJSON:tearDownClass): 204 DELETE http://10.180.1.21/identity/v3/users/593e003ce07e446e8a8741332071dcb8 0.096s
2024-09-23 06:47:22.405 62264 INFO tempest.lib.common.dynamic_creds [-] Deleting project and security group for project: 939d07cdad31456ab1d8ffd71b8736b6
2024-09-23 06:47:22.462 62264 INFO tempest.lib.common.rest_client [req-e92b83bb-46e3-4d77-962f-947c721a1994 req-e92b83bb-46e3-4d77-962f-947c721a1994 ] Request (ImagesMetadataNegativeTestJSON:tearDownClass): 201 POST http://10.180.1.21/identity/v3/auth/tokens 0.057s
2024-09-23 06:47:22.516 62290 INFO tempest.lib.common.rest_client [req-0589e65a-fccc-4701-9097-0ade9d150530 req-0589e65a-fccc-4701-9097-0ade9d150530 ] Request (ServersAdminNegativeTestJSON:tearDownClass): 204 DELETE http://10.180.1.21/identity/v3/users/96a77a0d562642139ba765248a111147 0.119s
2024-09-23 06:47:22.516 62290 INFO tempest.lib.common.dynamic_creds [-] Deleting project and security group for project: f393a2144610497b84586f113df5a1cb
2024-09-23 06:47:22.537 62252 INFO tempest.lib.common.rest_client [req-d4cad5ac-a16b-4ca2-a9ff-12fcb2421d2b req-d4cad5ac-a16b-4ca2-a9ff-12fcb2421d2b ] Request (FloatingIPDetailsTestJSON:test_get_floating_ip_details): 200 GET http://10.180.1.21/compute/v2.1/os-floating-ips/561715f4-09de-4fa4-8575-912d2498d6b5 1.644s
2024-09-23 06:47:22.572 62290 INFO tempest.lib.common.rest_client [req-4b471e7e-44c4-4513-a574-47fe62263dba req-4b471e7e-44c4-4513-a574-47fe62263dba ] Request (ServersAdminNegativeTestJSON:tearDownClass): 201 POST http://10.180.1.21/identity/v3/auth/tokens 0.056s
2024-09-23 06:47:22.692 62290 INFO tempest.lib.common.rest_client [req-79bf69bb-3814-4961-80d3-21ff8fe53e1b req-79bf69bb-3814-4961-80d3-21ff8fe53e1b ] Request (ServersAdminNegativeTestJSON:tearDownClass): 200 GET http://10.180.1.21:9696/networking/v2.0/security-groups?tenant_id=f393a2144610497b84586f113df5a1cb&name=default 0.120s
2024-09-23 06:47:22.709 62264 INFO tempest.lib.common.rest_client [req-f6f11802-e938-4be8-b19c-7919dafc1bb4 req-f6f11802-e938-4be8-b19c-7919dafc1bb4 ] Request (ImagesMetadataNegativeTestJSON:tearDownClass): 200 GET http://10.180.1.21:9696/networking/v2.0/security-groups?tenant_id=939d07cdad31456ab1d8ffd71b8736b6&name=default 0.247s
2024-09-23 06:47:22.712 62294 INFO tempest.lib.common.rest_client [req-f21aad95-bd66-4545-a517-039958ba5ebb req-f21aad95-bd66-4545-a517-039958ba5ebb ] Request (SecurityGroupRulesTestJSON:tearDownClass): 202 DELETE http://10.180.1.21/compute/v2.1/os-security-groups/4154e200-0649-4fcd-8e5e-b948280aaea0 2.082s
2024-09-23 06:47:22.799 62290 INFO tempest.lib.common.rest_client [req-36f77328-0476-43bd-a81c-2e2a284bdf74 req-36f77328-0476-43bd-a81c-2e2a284bdf74 ] Request (ServersAdminNegativeTestJSON:tearDownClass): 204 DELETE http://10.180.1.21:9696/networking/v2.0/security-groups/f0789910-18b6-4cce-a8e0-4f8696bb726a 0.106s
2024-09-23 06:47:22.801 62248 INFO tempest.lib.common.rest_client [req-c689a877-5dc0-429e-9539-019b4ea7fc31 req-c689a877-5dc0-429e-9539-019b4ea7fc31 ] Request (ServersWithSpecificFlavorTestJSON:test_verify_created_server_ephemeral_disk): 200 GET http://10.180.1.21/compute/v2.1/servers/7465b2d6-5912-402b-9193-38a75078d11c 1.792s
2024-09-23 06:47:22.812 62248 INFO tempest.common.waiters [-] State transition "BUILD/block_device_mapping" ==> "BUILD/spawning" after 30 second wait
2024-09-23 06:47:22.812 62302 INFO tempest.lib.common.rest_client [req-394a95a0-b004-46bd-8308-a3fd36377cb9 req-394a95a0-b004-46bd-8308-a3fd36377cb9 ] Request (ServersTestBootFromVolume:setUpClass): 200 GET http://10.180.1.21/compute/v2.1/servers/c86a3dcc-0942-463f-b60c-8f7bd8983c3f 1.732s
2024-09-23 06:47:22.830 62250 INFO tempest.lib.common.rest_client [req-fe988cf7-4a00-4611-b30d-9ba780f0ff5d req-fe988cf7-4a00-4611-b30d-9ba780f0ff5d ] Request (FlavorsAdminTestJSON:test_list_non_public_flavor): 200 GET http://10.180.1.21/compute/v2.1/flavors/detail 1.553s
2024-09-23 06:47:22.882 62258 INFO tempest.lib.common.rest_client [req-395f5d20-8c1f-4240-bd16-905ad4ecf1e1 req-395f5d20-8c1f-4240-bd16-905ad4ecf1e1 ] Request (FlavorsV2TestJSON:test_list_flavors_filter_by_min_disk): 200 GET http://10.180.1.21/compute/v2.1/flavors?minDisk=2 1.561s
2024-09-23 06:47:22.940 62264 INFO tempest.lib.common.rest_client [req-0c01a663-e2c4-43ff-adac-112c59438109 req-0c01a663-e2c4-43ff-adac-112c59438109 ] Request (ImagesMetadataNegativeTestJSON:tearDownClass): 204 DELETE http://10.180.1.21:9696/networking/v2.0/security-groups/8edf9681-b01b-431b-bcbf-245820865d8b 0.230s
2024-09-23 06:47:22.963 62290 INFO tempest.lib.common.rest_client [req-7af62c80-e6b4-4643-80da-39b8e4847b8b req-7af62c80-e6b4-4643-80da-39b8e4847b8b ] Request (ServersAdminNegativeTestJSON:tearDownClass): 204 DELETE http://10.180.1.21/identity/v3/projects/f393a2144610497b84586f113df5a1cb 0.163s
2024-09-23 06:47:22.963 62290 INFO tempest.lib.common.dynamic_creds [-] Deleting project and security group for project: 77957b87fb214d7ea8b11d0137a4f4ee
2024-09-23 06:47:22.982 62282 INFO tempest.lib.common.rest_client [req-b7752d76-9e97-48aa-9d52-6fbcdb13e4d0 req-b7752d76-9e97-48aa-9d52-6fbcdb13e4d0 ] Request (DeleteServersTestJSON:test_delete_server_while_in_attached_volume): 200 GET http://10.180.1.21/compute/v2.1/servers/3937cdd3-81cd-4544-9ca2-b0f02576ca63 1.619s
2024-09-23 06:47:22.987 62262 INFO tempest.lib.common.rest_client [req-77a19307-7344-4606-b352-92bc69153f37 req-77a19307-7344-4606-b352-92bc69153f37 ] Request (HypervisorAdminNegativeTestJSON:test_get_hypervisor_uptime_with_non_admin_user): 403 GET http://10.180.1.21/compute/v2.1/os-hypervisors/1/uptime 1.596s
2024-09-23 06:47:23.062 62264 INFO tempest.lib.common.rest_client [req-2e1a1f00-864b-4965-a08a-2fc15e8da800 req-2e1a1f00-864b-4965-a08a-2fc15e8da800 ] Request (ImagesMetadataNegativeTestJSON:tearDownClass): 204 DELETE http://10.180.1.21/identity/v3/projects/939d07cdad31456ab1d8ffd71b8736b6 0.121s
2024-09-23 06:47:23.063 62264 INFO tempest.test [-] raised in NoVNCConsoleTestJSON.setUpClass. Invoking tearDownClass.
2024-09-23 06:47:23.100 62296 INFO tempest.lib.common.rest_client [req-71c70162-a544-4aeb-b91e-da4c67099858 req-71c70162-a544-4aeb-b91e-da4c67099858 ] Request (FloatingIPsAssociationTestJSON:setUpClass): 204 DELETE http://10.180.1.21/compute/v2.1/servers/4e91302c-aeb2-4925-9140-dea65844289e 1.833s
2024-09-23 06:47:23.116 62290 INFO tempest.lib.common.rest_client [req-899a706a-136b-415e-8231-e884f93d68d9 req-899a706a-136b-415e-8231-e884f93d68d9 ] Request (ServersAdminNegativeTestJSON:tearDownClass): 200 GET http://10.180.1.21:9696/networking/v2.0/security-groups?tenant_id=77957b87fb214d7ea8b11d0137a4f4ee&name=default 0.151s
2024-09-23 06:47:23.132 62306 INFO tempest.lib.common.rest_client [req-8f302f29-1025-4db6-b6b0-836612ed0682 req-8f302f29-1025-4db6-b6b0-836612ed0682 ] Request (ServersV294TestFqdnHostnames:tearDownClass): 200 PUT http://10.180.1.21:9696/networking/v2.0/routers/26432e2e-74ae-4ad3-9220-7118db5de353/remove_router_interface 1.812s
2024-09-23 06:47:23.160 62304 INFO tempest.lib.common.rest_client [req-35ae4276-f8cf-4014-8a5f-4ab2b77a1b89 req-35ae4276-f8cf-4014-8a5f-4ab2b77a1b89 ] Request (VolumesAssistedSnapshotsTest:test_volume_assisted_snapshot_create_delete): 200 GET http://10.180.1.21/compute/v2.1/servers/a179faee-3e42-4f58-8a4e-70fdf3a5ac83 1.436s
2024-09-23 06:47:23.191 62268 INFO tempest.lib.common.rest_client [req-43fca59c-2997-4541-bb37-d699da0aa83b req-43fca59c-2997-4541-bb37-d699da0aa83b ] Request (ServersTestFqdnHostnames:test_create_server_with_fqdn_name): 200 POST http://10.180.1.21/compute/v2.1/os-keypairs 1.661s
2024-09-23 06:47:23.225 62286 INFO tempest.lib.common.rest_client [req-0b6a65ac-4bc9-4211-8cef-68e09454bd0a req-0b6a65ac-4bc9-4211-8cef-68e09454bd0a ] Request (ServerAddressesTestJSON:setUpClass): 200 GET http://10.180.1.21/compute/v2.1/servers/6053d9fd-a339-439e-b18c-b1df92cea1c9 1.406s
