2024-09-23 06:48:10.134 62250 INFO tempest.lib.common.rest_client [req-40925aa3-4135-4da3-8170-626c8a072b96 req-40925aa3-4135-4da3-8170-626c8a072b96 ] Request (InstanceActionsNegativeTestJSON:setUpClass): 200 GET http://10.180.1.21/compute/v2.1/servers/d8a3b254-3e17-49f7-9f58-27b1aa78b84e 0.096s
2024-09-23 06:48:10.194 62308 INFO tempest.lib.common.rest_client [req-cf5b9bc1-aea0-4464-8db9-a8bae64df769 req-cf5b9bc1-aea0-4464-8db9-a8bae64df769 ] Request (MigrationsAdminTest:test_resize_server_revert_deleted_flavor): 200 GET http://10.180.1.21/compute/v2.1/servers/a9ccfe56-1aec-4758-86fd-b8aeb06f373e 0.053s
2024-09-23 06:48:10.248 62282 INFO tempest.lib.common.rest_client [req-d47fffd3-7d91-4f67-9625-da81a7e52523 req-d47fffd3-7d91-4f67-9625-da81a7e52523 ] Request (DeleteServersTestJSON:test_delete_server_while_in_attached_volume): 200 GET http://10.180.1.21/compute/v2.1/servers/3937cdd3-81cd-4544-9ca2-b0f02576ca63 0.067s
2024-09-23 06:48:10.286 62302 INFO tempest.lib.common.rest_client [req-bc108142-adfe-425f-8e04-4509e04599a8 req-bc108142-adfe-425f-8e04-4509e04599a8 ] Request (ServersTestBootFromVolume:setUpClass): 200 GET http://10.180.1.21/compute/v2.1/servers/c86a3dcc-0942-463f-b60c-8f7bd8983c3f 0.048s
2024-09-23 06:48:10.338 62286 INFO tempest.lib.common.rest_client [req-3c0f97f9-49ef-4d1e-af88-ada5c734a494 req-3c0f97f9-49ef-4d1e-af88-ada5c734a494 ] Request (ServerAddressesTestJSON:setUpClass): 200 GET http://10.180.1.21/compute/v2.1/servers/6053d9fd-a339-439e-b18c-b1df92cea1c9 0.048s
2024-09-23 06:48:10.402 62270 INFO tempest.lib.common.rest_client [req-1a1e7fce-a3fc-44a4-8bb3-3aec3e6c122b req-1a1e7fce-a3fc-44a4-8bb3-3aec3e6c122b ] Request (ServersAdminTestJSON:setUpClass): 200 GET http://10.180.1.21/compute/v2.1/servers/3a61ab10-3ad0-468a-ac1d-28e1ef1e6d2f 0.052s
2024-09-23 06:48:10.417 62304 INFO tempest.lib.common.rest_client [req-fa6751a7-fe6a-474f-91c5-39d4aaecda30 req-fa6751a7-fe6a-474f-91c5-39d4aaecda30 ] Request (FloatingIPsTestJSON:tearDownClass): 204 DELETE http://10.180.1.21:9696/networking/v2.0/security-groups/fc386c60-96fd-46b7-8915-78fb752b4129 0.335s
2024-09-23 06:48:10.496 62304 INFO tempest.lib.common.rest_client [req-26124e08-cd92-45f8-9688-63dd2878744c req-26124e08-cd92-45f8-9688-63dd2878744c ] Request (FloatingIPsTestJSON:tearDownClass): 204 DELETE http://10.180.1.21/identity/v3/projects/16bd0f395f174f96820d37f30fa113b7 0.079s
2024-09-23 06:48:10.548 62298 INFO tempest.lib.common.rest_client [req-4bc52423-b683-468a-a2c6-82b92c752a2e req-4bc52423-b683-468a-a2c6-82b92c752a2e ] Request (ImagesNegativeTestJSON:test_create_image_from_deleted_server): 200 GET http://10.180.1.21/compute/v2.1/servers/0f3d94bb-d24d-4a53-aaae-9e47987375bc 0.068s
2024-09-23 06:48:10.553 62276 INFO tempest.lib.common.rest_client [req-4a813795-1c2f-4589-9eab-5f6439b33345 req-4a813795-1c2f-4589-9eab-5f6439b33345 ] Request (AttachInterfacesUnderV243Test:test_add_remove_fixed_ip): 200 GET http://10.180.1.21/compute/v2.1/servers/7bbd8f9f-8c15-484a-aaca-1f1d69aeec06 0.138s
2024-09-23 06:48:10.563 62276 INFO tempest.common.waiters [-] State transition "BUILD/networking" ==> "BUILD/spawning" after 60 second wait
2024-09-23 06:48:10.571 62304 INFO tempest.lib.common.rest_client [req-7acb1af3-3e7b-4bc1-ac92-4205c19ea31c req-7acb1af3-3e7b-4bc1-ac92-4205c19ea31c ] Request (ServersNegativeTestMultiTenantJSON:setUpClass): 201 POST http://10.180.1.21/identity/v3/auth/tokens 0.074s
2024-09-23 06:48:10.604 62304 INFO tempest.lib.common.rest_client [req-cd700a38-0f59-4564-967b-34c203029e25 req-cd700a38-0f59-4564-967b-34c203029e25 ] Request (ServersNegativeTestMultiTenantJSON:setUpClass): 201 POST http://10.180.1.21/identity/v3/auth/tokens 0.031s
2024-09-23 06:48:10.605 62279 INFO tempest.lib.common.rest_client [req-7516389c-015e-450c-b580-0075780d4888 req-7516389c-015e-450c-b580-0075780d4888 ] Request (ServerActionsTestOtherB:setUpClass): 200 GET http://10.180.1.21/compute/v2.1/servers/d8a5451c-07dd-4c23-a081-f48c5f52677c 0.092s
2024-09-23 06:48:10.612 62272 INFO tempest.lib.common.rest_client [req-d587b610-7df4-4cef-81f3-327de43f63da req-d587b610-7df4-4cef-81f3-327de43f63da ] Request (DeleteServersAdminTestJSON:test_delete_server_while_in_error_state): 200 GET http://10.180.1.21/compute/v2.1/servers/72b4ca7a-5f1e-4786-a922-f888d8d79b17 0.078s
2024-09-23 06:48:10.627 62304 INFO tempest.lib.common.rest_client [req-e58b5887-80ed-49f2-9917-ab1209675e12 req-e58b5887-80ed-49f2-9917-ab1209675e12 ] Request (ServersNegativeTestMultiTenantJSON:setUpClass): 200 GET http://10.180.1.21/identity/v3/domains?name=Default 0.022s
2024-09-23 06:48:10.675 62274 INFO tempest.lib.common.rest_client [req-df51585a-33e1-4d76-a557-175cd06d65d2 req-df51585a-33e1-4d76-a557-175cd06d65d2 ] Request (VolumesAdminNegativeTest:test_update_attached_volume_with_nonexistent_volume_in_uri): 200 GET http://10.180.1.21/compute/v2.1/servers/63660b88-bf17-4777-8f2b-cd46404bc2c9 0.101s
2024-09-23 06:48:10.680 62304 INFO tempest.lib.common.rest_client [req-bec5ed47-0385-462b-9e85-0a0ec83c06e5 req-bec5ed47-0385-462b-9e85-0a0ec83c06e5 ] Request (ServersNegativeTestMultiTenantJSON:setUpClass): 201 POST http://10.180.1.21/identity/v3/projects 0.052s
2024-09-23 06:48:10.684 62256 INFO tempest.lib.common.rest_client [req-28d225da-c25e-408c-a6de-4b202c97fe84 req-28d225da-c25e-408c-a6de-4b202c97fe84 ] Request (ServersTestMultiNic:test_verify_multiple_nics_order): 200 GET http://10.180.1.21/compute/v2.1/servers/cd054da1-7987-41ae-8238-0008ef043921 0.089s
2024-09-23 06:48:10.743 62306 INFO tempest.lib.common.rest_client [req-20278a82-2df5-4512-b1c5-8e0292fee1bd req-20278a82-2df5-4512-b1c5-8e0292fee1bd ] Request (ListServersNegativeTestJSON:setUpClass): 200 GET http://10.180.1.21/compute/v2.1/servers/89895d72-dd44-4e63-8e75-53fd1c8a70a7 0.113s
2024-09-23 06:48:10.751 62304 INFO tempest.lib.common.rest_client [req-d14c6c06-462a-42b3-b563-210d258461fe req-d14c6c06-462a-42b3-b563-210d258461fe ] Request (ServersNegativeTestMultiTenantJSON:setUpClass): 201 POST http://10.180.1.21/identity/v3/users 0.070s
2024-09-23 06:48:10.762 62296 INFO tempest.lib.common.rest_client [req-3acf128d-c515-4d1d-8442-0f45a5f992d5 req-3acf128d-c515-4d1d-8442-0f45a5f992d5 ] Request (FloatingIPsAssociationNegativeTestJSON:setUpClass): 200 GET http://10.180.1.21/compute/v2.1/servers/21d9110a-b516-47e7-8d21-7acca07006c9 0.102s
2024-09-23 06:48:10.777 62304 INFO tempest.lib.common.rest_client [req-8a60acb9-6543-4ec3-9276-705bc0352635 req-8a60acb9-6543-4ec3-9276-705bc0352635 ] Request (ServersNegativeTestMultiTenantJSON:setUpClass): 200 GET http://10.180.1.21/identity/v3/roles 0.025s
2024-09-23 06:48:10.795 62248 INFO tempest.lib.common.rest_client [req-c97559c4-c6ad-4c85-b622-1c72c14e33d9 req-c97559c4-c6ad-4c85-b622-1c72c14e33d9 ] Request (SecurityGroupsTestJSON:test_list_security_groups_by_server): 200 GET http://10.180.1.21/compute/v2.1/servers/1c616fb0-0205-4303-b828-6cf50df21a46 0.103s
2024-09-23 06:48:10.809 62304 INFO tempest.lib.common.rest_client [req-6b255d4c-9fd1-4c52-ad4f-5c97dc8e4494 req-6b255d4c-9fd1-4c52-ad4f-5c97dc8e4494 ] Request (ServersNegativeTestMultiTenantJSON:setUpClass): 204 PUT http://10.180.1.21/identity/v3/projects/175b781827a6403ba6316bb37bf4ea4e/users/fcdf5c8df934425db0e9e27c3e7c4cbf/roles/4adaf3a420d8423eb0d43d17160ac2f3 0.032s
2024-09-23 06:48:10.810 62304 INFO tempest.lib.common.dynamic_creds [-] Dynamic test user fcdf5c8df934425db0e9e27c3e7c4cbf is created with scope project and roles: ['member']
2024-09-23 06:48:10.810 62304 INFO tempest.lib.common.dynamic_creds [-] Acquired dynamic creds: credentials: Credentials: {'domain_id': 'default', 'domain_name': 'Default', 'username': 'tempest-ServersNegativeTestMultiTenantJSON-509395203-project-member', 'project_domain_id': 'default', 'project_domain_name': 'Default', 'project_id': '175b781827a6403ba6316bb37bf4ea4e', 'project_name': 'tempest-ServersNegativeTestMultiTenantJSON-509395203', 'tenant_id': '175b781827a6403ba6316bb37bf4ea4e', 'tenant_name': 'tempest-ServersNegativeTestMultiTenantJSON-509395203', 'user_domain_id': 'default', 'user_domain_name': 'Default', 'user_id': 'fcdf5c8df934425db0e9e27c3e7c4cbf', 'system': None}, Network: None, Subnet: None, Router: None
2024-09-23 06:48:10.811 62284 INFO tempest.lib.common.rest_client [req-cccddf2b-c8e4-4842-a6b1-fe89ead34c0e req-cccddf2b-c8e4-4842-a6b1-fe89ead34c0e ] Request (AttachInterfacesTestJSON:test_create_list_show_delete_interfaces_by_network_port): 200 GET http://10.180.1.21/compute/v2.1/servers/44c917e5-2423-456d-83d5-cae22b8a358f 0.068s
2024-09-23 06:48:10.850 62290 INFO tempest.lib.common.rest_client [req-63c6d121-3761-4ac1-ba9c-fd4414e30b77 req-63c6d121-3761-4ac1-ba9c-fd4414e30b77 ] Request (ImagesOneServerNegativeTestJSON:setUpClass): 200 GET http://10.180.1.21/compute/v2.1/servers/03cb1218-91a3-4c5c-9663-adff330ca962 0.092s
2024-09-23 06:48:10.864 62266 INFO tempest.lib.common.rest_client [req-7c35d1de-6022-44c7-ae1b-e0e6a95a56fd req-7c35d1de-6022-44c7-ae1b-e0e6a95a56fd ] Request (ServerActionsTestOtherA:setUpClass): 200 GET http://10.180.1.21/compute/v2.1/servers/54100a31-a60a-4d18-a21b-e8030b4321a5 0.065s
2024-09-23 06:48:10.880 62304 INFO tempest.lib.common.rest_client [req-dab2b946-9341-4577-acf7-46621d83fb9b req-dab2b946-9341-4577-acf7-46621d83fb9b ] Request (ServersNegativeTestMultiTenantJSON:setUpClass): 201 POST http://10.180.1.21/identity/v3/auth/tokens 0.069s
2024-09-23 06:48:10.934 62260 INFO tempest.lib.common.rest_client [req-02abbd4e-b050-487a-b49f-d4f22501861f req-02abbd4e-b050-487a-b49f-d4f22501861f ] Request (ServersTestManualDisk:setUpClass): 200 GET http://10.180.1.21/compute/v2.1/servers/0a7b293d-4364-4219-bde2-af425c5f4e47 0.060s
2024-09-23 06:48:10.936 62258 INFO tempest.lib.common.rest_client [req-96fc0314-afe4-4870-af23-6399b00719d3 req-96fc0314-afe4-4870-af23-6399b00719d3 ] Request (InstanceActionsTestJSON:setUpClass): 200 GET http://10.180.1.21/compute/v2.1/servers/4a5fa134-c3db-45ef-854d-efaf66cf869f 0.086s
2024-09-23 06:48:10.988 62262 INFO tempest.lib.common.rest_client [req-3520b840-e469-4444-ad76-83ee354fcad0 req-3520b840-e469-4444-ad76-83ee354fcad0 ] Request (MultipleCreateTestJSON:test_multiple_create): 200 GET http://10.180.1.21/compute/v2.1/servers/0ac837bc-393d-40c2-9f55-251ef5bb9533 0.065s
2024-09-23 06:48:11.047 62292 INFO tempest.lib.common.rest_client [req-9dffd87e-ee27-4f28-9d5c-f2704f676cfa req-9dffd87e-ee27-4f28-9d5c-f2704f676cfa ] Request (AttachVolumeShelveTestJSON:test_attach_volume_shelved_or_offload_server): 200 GET http://10.180.1.21/compute/v2.1/servers/269e54e3-c77d-4359-97d9-e802a86083b0 0.049s
2024-09-23 06:48:11.054 62292 INFO tempest.common.waiters [-] State transition "BUILD/scheduling" ==> "BUILD/None" after 48 second wait
2024-09-23 06:48:11.107 62268 INFO tempest.lib.common.rest_client [req-cf58d0fa-3d90-4d57-a499-4e982f3ed97f req-cf58d0fa-3d90-4d57-a499-4e982f3ed97f ] Request (ServersTestFqdnHostnames:test_create_server_with_fqdn_name): 200 GET http://10.180.1.21/compute/v2.1/servers/a7352bc5-2c2a-4eb1-9f72-bde1279ba228 0.045s
2024-09-23 06:48:11.151 62281 INFO tempest.lib.common.rest_client [req-cb4f9f49-cd64-4434-8bcd-853757ad199b req-cb4f9f49-cd64-4434-8bcd-853757ad199b ] Request (ImagesTestJSON:test_create_image_from_stopped_server): 200 GET http://10.180.1.21/compute/v2.1/servers/8a1d263d-efd5-406a-8e37-5e3289f497e6 0.048s
2024-09-23 06:48:11.188 62250 INFO tempest.lib.common.rest_client [req-30e7e681-aa3b-413d-a730-5c82f0e95643 req-30e7e681-aa3b-413d-a730-5c82f0e95643 ] Request (InstanceActionsNegativeTestJSON:setUpClass): 200 GET http://10.180.1.21/compute/v2.1/servers/d8a3b254-3e17-49f7-9f58-27b1aa78b84e 0.046s
2024-09-23 06:48:11.255 62308 INFO tempest.lib.common.rest_client [req-b7b40373-5f16-466b-80b9-612dfe8274c9 req-b7b40373-5f16-466b-80b9-612dfe8274c9 ] Request (MigrationsAdminTest:test_resize_server_revert_deleted_flavor): 200 GET http://10.180.1.21/compute/v2.1/servers/a9ccfe56-1aec-4758-86fd-b8aeb06f373e 0.050s
2024-09-23 06:48:11.312 62282 INFO tempest.lib.common.rest_client [req-b69c83e1-e3b4-4b47-85dc-9d72d0d367c1 req-b69c83e1-e3b4-4b47-85dc-9d72d0d367c1 ] Request (DeleteServersTestJSON:test_delete_server_while_in_attached_volume): 200 GET http://10.180.1.21/compute/v2.1/servers/3937cdd3-81cd-4544-9ca2-b0f02576ca63 0.056s
2024-09-23 06:48:11.338 62302 INFO tempest.lib.common.rest_client [req-40ab9ba8-d20d-47f3-b921-68f22312c961 req-40ab9ba8-d20d-47f3-b921-68f22312c961 ] Request (ServersTestBootFromVolume:setUpClass): 200 GET http://10.180.1.21/compute/v2.1/servers/c86a3dcc-0942-463f-b60c-8f7bd8983c3f 0.046s
2024-09-23 06:48:11.389 62286 INFO tempest.lib.common.rest_client [req-6635daef-37eb-468a-914f-c5d0b368e115 req-6635daef-37eb-468a-914f-c5d0b368e115 ] Request (ServerAddressesTestJSON:setUpClass): 200 GET http://10.180.1.21/compute/v2.1/servers/6053d9fd-a339-439e-b18c-b1df92cea1c9 0.045s
2024-09-23 06:48:11.393 62304 INFO tempest.lib.common.rest_client [req-7177a40f-dfac-4565-97b7-b46bfc490b16 req-7177a40f-dfac-4565-97b7-b46bfc490b16 ] Request (ServersNegativeTestMultiTenantJSON:setUpClass): 201 POST http://10.180.1.21:9696/networking/v2.0/networks 0.512s
2024-09-23 06:48:11.463 62270 INFO tempest.lib.common.rest_client [req-b7f3c817-546d-4db8-9cf8-0cfe8ce56cc2 req-b7f3c817-546d-4db8-9cf8-0cfe8ce56cc2 ] Request (ServersAdminTestJSON:setUpClass): 200 GET http://10.180.1.21/compute/v2.1/servers/3a61ab10-3ad0-468a-ac1d-28e1ef1e6d2f 0.053s
2024-09-23 06:48:11.532 62246 INFO tempest.lib.common.rest_client [req-809f8a05-d531-4812-a85d-104eab558824 req-809f8a05-d531-4812-a85d-104eab558824 ] Request (ImagesOneServerTestJSON:tearDownClass): 200 PUT http://10.180.1.21:9696/networking/v2.0/routers/4064844d-881d-4034-92b2-809ef9c44deb/remove_router_interface 1.416s
2024-09-23 06:48:11.572 62304 INFO tempest.lib.common.rest_client [req-62d5491e-d8b0-4360-895c-65278fecad31 req-62d5491e-d8b0-4360-895c-65278fecad31 ] Request (ServersNegativeTestMultiTenantJSON:setUpClass): 201 POST http://10.180.1.21:9696/networking/v2.0/subnets 0.178s
2024-09-23 06:48:11.624 62298 INFO tempest.lib.common.rest_client [req-a4126b2e-4a9e-49b2-b6ec-3637a7d1e38b req-a4126b2e-4a9e-49b2-b6ec-3637a7d1e38b ] Request (ImagesNegativeTestJSON:test_create_image_from_deleted_server): 200 GET http://10.180.1.21/compute/v2.1/servers/0f3d94bb-d24d-4a53-aaae-9e47987375bc 0.069s
2024-09-23 06:48:11.631 62276 INFO tempest.lib.common.rest_client [req-ed79db68-98ae-4c59-8541-95cf3ef6bcd2 req-ed79db68-98ae-4c59-8541-95cf3ef6bcd2 ] Request (AttachInterfacesUnderV243Test:test_add_remove_fixed_ip): 200 GET http://10.180.1.21/compute/v2.1/servers/7bbd8f9f-8c15-484a-aaca-1f1d69aeec06 0.067s
2024-09-23 06:48:11.704 62272 INFO tempest.lib.common.rest_client [req-09352e87-a645-434b-82d5-12eaf134d765 req-09352e87-a645-434b-82d5-12eaf134d765 ] Request (DeleteServersAdminTestJSON:test_delete_server_while_in_error_state): 200 GET http://10.180.1.21/compute/v2.1/servers/72b4ca7a-5f1e-4786-a922-f888d8d79b17 0.081s
2024-09-23 06:48:11.706 62279 INFO tempest.lib.common.rest_client [req-a0854183-0c5f-4826-b394-0787f0816051 req-a0854183-0c5f-4826-b394-0787f0816051 ] Request (ServerActionsTestOtherB:setUpClass): 200 GET http://10.180.1.21/compute/v2.1/servers/d8a5451c-07dd-4c23-a081-f48c5f52677c 0.093s
2024-09-23 06:48:11.776 62256 INFO tempest.lib.common.rest_client [req-e5f35aef-f53c-47d1-8725-3f055aed324e req-e5f35aef-f53c-47d1-8725-3f055aed324e ] Request (ServersTestMultiNic:test_verify_multiple_nics_order): 200 GET http://10.180.1.21/compute/v2.1/servers/cd054da1-7987-41ae-8238-0008ef043921 0.080s
2024-09-23 06:48:11.780 62274 INFO tempest.lib.common.rest_client [req-59f82c78-c2c8-4c31-a565-e515118e0abd req-59f82c78-c2c8-4c31-a565-e515118e0abd ] Request (VolumesAdminNegativeTest:test_update_attached_volume_with_nonexistent_volume_in_uri): 200 GET http://10.180.1.21/compute/v2.1/servers/63660b88-bf17-4777-8f2b-cd46404bc2c9 0.092s
2024-09-23 06:48:11.841 62306 INFO tempest.lib.common.rest_client [req-d2335543-0369-449e-a1eb-8c66f860df1e req-d2335543-0369-449e-a1eb-8c66f860df1e ] Request (ListServersNegativeTestJSON:setUpClass): 200 GET http://10.180.1.21/compute/v2.1/servers/89895d72-dd44-4e63-8e75-53fd1c8a70a7 0.083s
2024-09-23 06:48:11.857 62296 INFO tempest.lib.common.rest_client [req-3da1876f-5285-40db-8507-19d7ff2db187 req-3da1876f-5285-40db-8507-19d7ff2db187 ] Request (FloatingIPsAssociationNegativeTestJSON:setUpClass): 200 GET http://10.180.1.21/compute/v2.1/servers/21d9110a-b516-47e7-8d21-7acca07006c9 0.088s
2024-09-23 06:48:11.909 62248 INFO tempest.lib.common.rest_client [req-18c53eed-86bc-4552-98fb-ef585bae80cd req-18c53eed-86bc-4552-98fb-ef585bae80cd ] Request (SecurityGroupsTestJSON:test_list_security_groups_by_server): 200 GET http://10.180.1.21/compute/v2.1/servers/1c616fb0-0205-4303-b828-6cf50df21a46 0.105s
2024-09-23 06:48:11.917 62246 INFO tempest.lib.common.rest_client [req-60dd25d7-5c70-4bd9-ab0a-100710caed43 req-60dd25d7-5c70-4bd9-ab0a-100710caed43 ] Request (ImagesOneServerTestJSON:tearDownClass): 204 DELETE http://10.180.1.21:9696/networking/v2.0/routers/4064844d-881d-4034-92b2-809ef9c44deb 0.384s
2024-09-23 06:48:11.921 62284 INFO tempest.lib.common.rest_client [req-e97e7d08-dd69-4360-bea7-f1128d883ca8 req-e97e7d08-dd69-4360-bea7-f1128d883ca8 ] Request (AttachInterfacesTestJSON:test_create_list_show_delete_interfaces_by_network_port): 200 GET http://10.180.1.21/compute/v2.1/servers/44c917e5-2423-456d-83d5-cae22b8a358f 0.102s
2024-09-23 06:48:11.965 62290 INFO tempest.lib.common.rest_client [req-f347d13b-f8aa-40db-83ca-46c9607940d7 req-f347d13b-f8aa-40db-83ca-46c9607940d7 ] Request (ImagesOneServerNegativeTestJSON:setUpClass): 200 GET http://10.180.1.21/compute/v2.1/servers/03cb1218-91a3-4c5c-9663-adff330ca962 0.104s
2024-09-23 06:48:11.990 62266 INFO tempest.lib.common.rest_client [req-3488b755-4b88-4911-af06-11fe2c15df0a req-3488b755-4b88-4911-af06-11fe2c15df0a ] Request (ServerActionsTestOtherA:setUpClass): 200 GET http://10.180.1.21/compute/v2.1/servers/54100a31-a60a-4d18-a21b-e8030b4321a5 0.115s
2024-09-23 06:48:12.027 62258 INFO tempest.lib.common.rest_client [req-66d4d611-325c-4896-be0b-ae263bed1893 req-66d4d611-325c-4896-be0b-ae263bed1893 ] Request (InstanceActionsTestJSON:setUpClass): 200 GET http://10.180.1.21/compute/v2.1/servers/4a5fa134-c3db-45ef-854d-efaf66cf869f 0.084s
2024-09-23 06:48:12.054 62260 INFO tempest.lib.common.rest_client [req-1b6933ca-d7cd-4cd8-a9a3-7dd94ab60f3a req-1b6933ca-d7cd-4cd8-a9a3-7dd94ab60f3a ] Request (ServersTestManualDisk:setUpClass): 200 GET http://10.180.1.21/compute/v2.1/servers/0a7b293d-4364-4219-bde2-af425c5f4e47 0.110s
2024-09-23 06:48:12.245 62262 INFO tempest.lib.common.rest_client [req-3e437c02-3587-4493-bc38-e17fa6d107af req-3e437c02-3587-4493-bc38-e17fa6d107af ] Request (MultipleCreateTestJSON:test_multiple_create): 200 GET http://10.180.1.21/compute/v2.1/servers/0ac837bc-393d-40c2-9f55-251ef5bb9533 0.248s
2024-09-23 06:48:12.256 62292 INFO tempest.lib.common.rest_client [req-4ae7e957-3246-4a86-93bc-3f160c0e152a req-4ae7e957-3246-4a86-93bc-3f160c0e152a ] Request (AttachVolumeShelveTestJSON:test_attach_volume_shelved_or_offload_server): 200 GET http://10.180.1.21/compute/v2.1/servers/269e54e3-c77d-4359-97d9-e802a86083b0 0.201s
2024-09-23 06:48:12.313 62268 INFO tempest.lib.common.rest_client [req-5d4eab8d-7677-45f6-9ed6-1fbafa5b5cb5 req-5d4eab8d-7677-45f6-9ed6-1fbafa5b5cb5 ] Request (ServersTestFqdnHostnames:test_create_server_with_fqdn_name): 200 GET http://10.180.1.21/compute/v2.1/servers/a7352bc5-2c2a-4eb1-9f72-bde1279ba228 0.198s
2024-09-23 06:48:12.327 62281 INFO tempest.lib.common.rest_client [req-039647c1-87be-4030-ab61-939f382d5070 req-039647c1-87be-4030-ab61-939f382d5070 ] Request (ImagesTestJSON:test_create_image_from_stopped_server): 200 GET http://10.180.1.21/compute/v2.1/servers/8a1d263d-efd5-406a-8e37-5e3289f497e6 0.168s
2024-09-23 06:48:12.345 62246 INFO tempest.lib.common.rest_client [req-68276c57-eda9-4c21-a2d4-4c4b621fe1bb req-68276c57-eda9-4c21-a2d4-4c4b621fe1bb ] Request (ImagesOneServerTestJSON:tearDownClass): 204 DELETE http://10.180.1.21:9696/networking/v2.0/subnets/5d00025d-030d-4402-b0fc-7d9f3aa19db2 0.427s
2024-09-23 06:48:12.371 62250 INFO tempest.lib.common.rest_client [req-1dd0b145-10e8-4e71-973a-e022a20058d8 req-1dd0b145-10e8-4e71-973a-e022a20058d8 ] Request (InstanceActionsNegativeTestJSON:setUpClass): 200 GET http://10.180.1.21/compute/v2.1/servers/d8a3b254-3e17-49f7-9f58-27b1aa78b84e 0.170s
2024-09-23 06:48:12.386 62308 INFO tempest.lib.common.rest_client [req-510d1cb6-d044-4f9b-bcfe-6408aaefea6b req-510d1cb6-d044-4f9b-bcfe-6408aaefea6b ] Request (MigrationsAdminTest:test_resize_server_revert_deleted_flavor): 200 GET http://10.180.1.21/compute/v2.1/servers/a9ccfe56-1aec-4758-86fd-b8aeb06f373e 0.123s
2024-09-23 06:48:12.415 62282 INFO tempest.lib.common.rest_client [req-9a8e5e9c-1fb8-4b55-93ef-08830986407c req-9a8e5e9c-1fb8-4b55-93ef-08830986407c ] Request (DeleteServersTestJSON:test_delete_server_while_in_attached_volume): 200 GET http://10.180.1.21/compute/v2.1/servers/3937cdd3-81cd-4544-9ca2-b0f02576ca63 0.095s
2024-09-23 06:48:12.435 62302 INFO tempest.lib.common.rest_client [req-5bb3ac63-d3fc-4172-a6f9-3c5fbcd7a4ad req-5bb3ac63-d3fc-4172-a6f9-3c5fbcd7a4ad ] Request (ServersTestBootFromVolume:setUpClass): 200 GET http://10.180.1.21/compute/v2.1/servers/c86a3dcc-0942-463f-b60c-8f7bd8983c3f 0.090s
2024-09-23 06:48:12.462 62286 INFO tempest.lib.common.rest_client [req-4d0d35ad-e66d-4a4b-8af7-954522df37c5 req-4d0d35ad-e66d-4a4b-8af7-954522df37c5 ] Request (ServerAddressesTestJSON:setUpClass): 200 GET http://10.180.1.21/compute/v2.1/servers/6053d9fd-a339-439e-b18c-b1df92cea1c9 0.057s
2024-09-23 06:48:12.526 62270 INFO tempest.lib.common.rest_client [req-bb9a4476-ac96-4873-afbb-c050df9866bf req-bb9a4476-ac96-4873-afbb-c050df9866bf ] Request (ServersAdminTestJSON:setUpClass): 200 GET http://10.180.1.21/compute/v2.1/servers/3a61ab10-3ad0-468a-ac1d-28e1ef1e6d2f 0.055s
2024-09-23 06:48:12.586 62246 INFO tempest.lib.common.rest_client [req-fad875cf-3749-4285-b41d-ea22fe2e69ba req-fad875cf-3749-4285-b41d-ea22fe2e69ba ] Request (ImagesOneServerTestJSON:tearDownClass): 204 DELETE http://10.180.1.21:9696/networking/v2.0/networks/5b0aecca-bf2e-46b2-8548-b9b430dcdb6e 0.240s
2024-09-23 06:48:12.699 62246 INFO tempest.lib.common.rest_client [req-a1ae25b9-4c70-4e8c-b1af-a6ff9e476cea req-a1ae25b9-4c70-4e8c-b1af-a6ff9e476cea ] Request (ImagesOneServerTestJSON:tearDownClass): 204 DELETE http://10.180.1.21/identity/v3/users/2143f5ece7664604b150d10ca583e7ee 0.112s
2024-09-23 06:48:12.699 62246 INFO tempest.lib.common.dynamic_creds [-] Deleting project and security group for project: 78273e946b21410eb5d482ab54b7bd3a
2024-09-23 06:48:12.713 62298 INFO tempest.lib.common.rest_client [req-3cd8e896-5ba6-4a06-9a54-abb88eaae02e req-3cd8e896-5ba6-4a06-9a54-abb88eaae02e ] Request (ImagesNegativeTestJSON:test_create_image_from_deleted_server): 200 GET http://10.180.1.21/compute/v2.1/servers/0f3d94bb-d24d-4a53-aaae-9e47987375bc 0.083s
2024-09-23 06:48:12.714 62276 INFO tempest.lib.common.rest_client [req-051171e1-6c6d-43da-9885-cb2042c5c32d req-051171e1-6c6d-43da-9885-cb2042c5c32d ] Request (AttachInterfacesUnderV243Test:test_add_remove_fixed_ip): 200 GET http://10.180.1.21/compute/v2.1/servers/7bbd8f9f-8c15-484a-aaca-1f1d69aeec06 0.069s
2024-09-23 06:48:12.726 62304 INFO tempest.lib.common.rest_client [req-916ad353-ce5b-4a44-a859-77940e36db65 req-916ad353-ce5b-4a44-a859-77940e36db65 ] Request (ServersNegativeTestMultiTenantJSON:setUpClass): 201 POST http://10.180.1.21:9696/networking/v2.0/routers 1.154s
2024-09-23 06:48:12.752 62246 INFO tempest.lib.common.rest_client [req-9fbe118a-b718-432c-8067-646f27a4ff5f req-9fbe118a-b718-432c-8067-646f27a4ff5f ] Request (ImagesOneServerTestJSON:tearDownClass): 200 GET http://10.180.1.21:9696/networking/v2.0/security-groups?tenant_id=78273e946b21410eb5d482ab54b7bd3a&name=default 0.052s
2024-09-23 06:48:12.785 62279 INFO tempest.lib.common.rest_client [req-40589c59-4b55-4a28-a809-f26295c1d5da req-40589c59-4b55-4a28-a809-f26295c1d5da ] Request (ServerActionsTestOtherB:setUpClass): 200 GET http://10.180.1.21/compute/v2.1/servers/d8a5451c-07dd-4c23-a081-f48c5f52677c 0.070s
2024-09-23 06:48:12.785 62272 INFO tempest.lib.common.rest_client [req-d8cbba3b-3970-4934-8c08-93138b75b7cd req-d8cbba3b-3970-4934-8c08-93138b75b7cd ] Request (DeleteServersAdminTestJSON:test_delete_server_while_in_error_state): 200 GET http://10.180.1.21/compute/v2.1/servers/72b4ca7a-5f1e-4786-a922-f888d8d79b17 0.069s
2024-09-23 06:48:12.847 62274 INFO tempest.lib.common.rest_client [req-f52cfd43-11f6-4c16-87e9-8c5815a0a426 req-f52cfd43-11f6-4c16-87e9-8c5815a0a426 ] Request (VolumesAdminNegativeTest:test_update_attached_volume_with_nonexistent_volume_in_uri): 200 GET http://10.180.1.21/compute/v2.1/servers/63660b88-bf17-4777-8f2b-cd46404bc2c9 0.055s
2024-09-23 06:48:12.852 62246 INFO tempest.lib.common.rest_client [req-949e2d5e-7d2b-4f79-b303-734670a78b5e req-949e2d5e-7d2b-4f79-b303-734670a78b5e ] Request (ImagesOneServerTestJSON:tearDownClass): 204 DELETE http://10.180.1.21:9696/networking/v2.0/security-groups/4bff3ece-6c38-4834-b452-2b755b447652 0.099s
2024-09-23 06:48:12.855 62256 INFO tempest.lib.common.rest_client [req-7dd7be09-5617-4568-bc3f-40cef9d0e554 req-7dd7be09-5617-4568-bc3f-40cef9d0e554 ] Request (ServersTestMultiNic:test_verify_multiple_nics_order): 200 GET http://10.180.1.21/compute/v2.1/servers/cd054da1-7987-41ae-8238-0008ef043921 0.068s
2024-09-23 06:48:12.911 62306 INFO tempest.lib.common.rest_client [req-118c8d3e-6602-4d36-ad2e-15b19afc8ba5 req-118c8d3e-6602-4d36-ad2e-15b19afc8ba5 ] Request (ListServersNegativeTestJSON:setUpClass): 200 GET http://10.180.1.21/compute/v2.1/servers/89895d72-dd44-4e63-8e75-53fd1c8a70a7 0.063s
2024-09-23 06:48:12.932 62296 INFO tempest.lib.common.rest_client [req-75147256-8875-41cc-a8bd-f89b13b13017 req-75147256-8875-41cc-a8bd-f89b13b13017 ] Request (FloatingIPsAssociationNegativeTestJSON:setUpClass): 200 GET http://10.180.1.21/compute/v2.1/servers/21d9110a-b516-47e7-8d21-7acca07006c9 0.066s
2024-09-23 06:48:12.955 62246 INFO tempest.lib.common.rest_client [req-6bdc8ece-43ac-4756-8169-0b24a1a22055 req-6bdc8ece-43ac-4756-8169-0b24a1a22055 ] Request (ImagesOneServerTestJSON:tearDownClass): 204 DELETE http://10.180.1.21/identity/v3/projects/78273e946b21410eb5d482ab54b7bd3a 0.102s
2024-09-23 06:48:12.991 62248 INFO tempest.lib.common.rest_client [req-a657f85d-5e63-45a4-a645-8fedf70fab93 req-a657f85d-5e63-45a4-a645-8fedf70fab93 ] Request (SecurityGroupsTestJSON:test_list_security_groups_by_server): 200 GET http://10.180.1.21/compute/v2.1/servers/1c616fb0-0205-4303-b828-6cf50df21a46 0.070s
2024-09-23 06:48:12.994 62284 INFO tempest.lib.common.rest_client [req-26928b6a-7e5c-4b1d-bce2-17da89e34154 req-26928b6a-7e5c-4b1d-bce2-17da89e34154 ] Request (AttachInterfacesTestJSON:test_create_list_show_delete_interfaces_by_network_port): 200 GET http://10.180.1.21/compute/v2.1/servers/44c917e5-2423-456d-83d5-cae22b8a358f 0.064s
2024-09-23 06:48:13.025 62246 INFO tempest.lib.common.rest_client [req-fa67b06f-2ae5-4526-ba1d-1420ff0b07d5 req-fa67b06f-2ae5-4526-ba1d-1420ff0b07d5 ] Request (ListImageFiltersTestJSON:setUpClass): 201 POST http://10.180.1.21/identity/v3/auth/tokens 0.066s
2024-09-23 06:48:13.054 62290 INFO tempest.lib.common.rest_client [req-137fc7c7-31d4-4855-b1db-26ffe388f769 req-137fc7c7-31d4-4855-b1db-26ffe388f769 ] Request (ImagesOneServerNegativeTestJSON:setUpClass): 200 GET http://10.180.1.21/compute/v2.1/servers/03cb1218-91a3-4c5c-9663-adff330ca962 0.081s
2024-09-23 06:48:13.062 62246 INFO tempest.lib.common.rest_client [req-1877e661-5d81-46a6-9721-8f85f4fb0342 req-1877e661-5d81-46a6-9721-8f85f4fb0342 ] Request (ListImageFiltersTestJSON:setUpClass): 201 POST http://10.180.1.21/identity/v3/auth/tokens 0.035s
2024-09-23 06:48:13.062 62266 INFO tempest.lib.common.rest_client [req-c4edf9a0-a5b2-4604-9cf0-76999e30b7f3 req-c4edf9a0-a5b2-4604-9cf0-76999e30b7f3 ] Request (ServerActionsTestOtherA:setUpClass): 200 GET http://10.180.1.21/compute/v2.1/servers/54100a31-a60a-4d18-a21b-e8030b4321a5 0.063s
2024-09-23 06:48:13.091 62246 INFO tempest.lib.common.rest_client [req-026f6505-7de5-4a9b-bf5c-d8b9b9488600 req-026f6505-7de5-4a9b-bf5c-d8b9b9488600 ] Request (ListImageFiltersTestJSON:setUpClass): 200 GET http://10.180.1.21/identity/v3/domains?name=Default 0.028s
2024-09-23 06:48:13.105 62258 INFO tempest.lib.common.rest_client [req-b35d2121-ed47-45a1-9832-c18143eedc9c req-b35d2121-ed47-45a1-9832-c18143eedc9c ] Request (InstanceActionsTestJSON:setUpClass): 200 GET http://10.180.1.21/compute/v2.1/servers/4a5fa134-c3db-45ef-854d-efaf66cf869f 0.070s
2024-09-23 06:48:13.120 62260 INFO tempest.lib.common.rest_client [req-9eebb24f-f612-425f-b382-47f668eba44f req-9eebb24f-f612-425f-b382-47f668eba44f ] Request (ServersTestManualDisk:setUpClass): 200 GET http://10.180.1.21/compute/v2.1/servers/0a7b293d-4364-4219-bde2-af425c5f4e47 0.053s
2024-09-23 06:48:13.123 62246 INFO tempest.lib.common.rest_client [req-60199921-5d3d-4914-b3c3-ae97136d33ec req-60199921-5d3d-4914-b3c3-ae97136d33ec ] Request (ListImageFiltersTestJSON:setUpClass): 201 POST http://10.180.1.21/identity/v3/projects 0.032s
2024-09-23 06:48:13.186 62246 INFO tempest.lib.common.rest_client [req-a57525b7-683d-4d62-a6f1-9283d69285e5 req-a57525b7-683d-4d62-a6f1-9283d69285e5 ] Request (ListImageFiltersTestJSON:setUpClass): 201 POST http://10.180.1.21/identity/v3/users 0.062s
2024-09-23 06:48:13.208 62246 INFO tempest.lib.common.rest_client [req-3bdce862-269d-42f9-84c0-aa7aff92a219 req-3bdce862-269d-42f9-84c0-aa7aff92a219 ] Request (ListImageFiltersTestJSON:setUpClass): 200 GET http://10.180.1.21/identity/v3/roles 0.021s
2024-09-23 06:48:13.249 62246 INFO tempest.lib.common.rest_client [req-197cc6f0-0bb1-45f7-8481-725d86aa5402 req-197cc6f0-0bb1-45f7-8481-725d86aa5402 ] Request (ListImageFiltersTestJSON:setUpClass): 204 PUT http://10.180.1.21/identity/v3/projects/5763277766144ae2aae02696354dfce9/users/9e0ef0a78bda4a339c019c7f19de2c8d/roles/4adaf3a420d8423eb0d43d17160ac2f3 0.041s
2024-09-23 06:48:13.249 62246 INFO tempest.lib.common.dynamic_creds [-] Dynamic test user 9e0ef0a78bda4a339c019c7f19de2c8d is created with scope project and roles: ['member']
2024-09-23 06:48:13.249 62246 INFO tempest.lib.common.dynamic_creds [-] Acquired dynamic creds: credentials: Credentials: {'domain_id': 'default', 'domain_name': 'Default', 'username': 'tempest-ListImageFiltersTestJSON-1841729845-project-member', 'project_domain_id': 'default', 'project_domain_name': 'Default', 'project_id': '5763277766144ae2aae02696354dfce9', 'project_name': 'tempest-ListImageFiltersTestJSON-1841729845', 'tenant_id': '5763277766144ae2aae02696354dfce9', 'tenant_name': 'tempest-ListImageFiltersTestJSON-1841729845', 'user_domain_id': 'default', 'user_domain_name': 'Default', 'user_id': '9e0ef0a78bda4a339c019c7f19de2c8d', 'system': None}, Network: None, Subnet: None, Router: None
2024-09-23 06:48:13.250 62246 INFO tempest.lib.common.dynamic_creds [-] Created isolated network resources for: credentials: Credentials: {'domain_id': 'default', 'domain_name': 'Default', 'username': 'tempest-ListImageFiltersTestJSON-1841729845-project-member', 'project_domain_id': 'default', 'project_domain_name': 'Default', 'project_id': '5763277766144ae2aae02696354dfce9', 'project_name': 'tempest-ListImageFiltersTestJSON-1841729845', 'tenant_id': '5763277766144ae2aae02696354dfce9', 'tenant_name': 'tempest-ListImageFiltersTestJSON-1841729845', 'user_domain_id': 'default', 'user_domain_name': 'Default', 'user_id': '9e0ef0a78bda4a339c019c7f19de2c8d', 'system': None}, Network: None, Subnet: None, Router: None
2024-09-23 06:48:13.325 62292 INFO tempest.lib.common.rest_client [req-a61eec6c-c6fa-4bc5-ba42-896143ca0024 req-a61eec6c-c6fa-4bc5-ba42-896143ca0024 ] Request (AttachVolumeShelveTestJSON:test_attach_volume_shelved_or_offload_server): 200 GET http://10.180.1.21/compute/v2.1/servers/269e54e3-c77d-4359-97d9-e802a86083b0 0.060s
2024-09-23 06:48:13.326 62262 INFO tempest.lib.common.rest_client [req-d07f84e9-c368-4304-b8ec-4495f7749a69 req-d07f84e9-c368-4304-b8ec-4495f7749a69 ] Request (MultipleCreateTestJSON:test_multiple_create): 200 GET http://10.180.1.21/compute/v2.1/servers/0ac837bc-393d-40c2-9f55-251ef5bb9533 0.075s
2024-09-23 06:48:13.344 62246 INFO tempest.lib.common.rest_client [req-68e371f9-6a10-46d8-9975-6becef4d521e req-68e371f9-6a10-46d8-9975-6becef4d521e ] Request (ListImageFiltersTestJSON:setUpClass): 201 POST http://10.180.1.21/identity/v3/auth/tokens 0.091s
2024-09-23 06:48:13.375 62268 INFO tempest.lib.common.rest_client [req-81b9e05f-4d2a-420d-a2a7-4f1b935bda74 req-81b9e05f-4d2a-420d-a2a7-4f1b935bda74 ] Request (ServersTestFqdnHostnames:test_create_server_with_fqdn_name): 200 GET http://10.180.1.21/compute/v2.1/servers/a7352bc5-2c2a-4eb1-9f72-bde1279ba228 0.052s
2024-09-23 06:48:13.399 62281 INFO tempest.lib.common.rest_client [req-b2212077-e840-40a9-975c-a36bdf49fe59 req-b2212077-e840-40a9-975c-a36bdf49fe59 ] Request (ImagesTestJSON:test_create_image_from_stopped_server): 200 GET http://10.180.1.21/compute/v2.1/servers/8a1d263d-efd5-406a-8e37-5e3289f497e6 0.062s
2024-09-23 06:48:13.429 62250 INFO tempest.lib.common.rest_client [req-44374818-925e-4a93-86b9-12f370821949 req-44374818-925e-4a93-86b9-12f370821949 ] Request (InstanceActionsNegativeTestJSON:setUpClass): 200 GET http://10.180.1.21/compute/v2.1/servers/d8a3b254-3e17-49f7-9f58-27b1aa78b84e 0.049s
2024-09-23 06:48:13.456 62308 INFO tempest.lib.common.rest_client [req-340f684e-32ad-4d0a-ae0a-4a338c6c7b9c req-340f684e-32ad-4d0a-ae0a-4a338c6c7b9c ] Request (MigrationsAdminTest:test_resize_server_revert_deleted_flavor): 200 GET http://10.180.1.21/compute/v2.1/servers/a9ccfe56-1aec-4758-86fd-b8aeb06f373e 0.064s
2024-09-23 06:48:13.484 62282 INFO tempest.lib.common.rest_client [req-a09ba54a-80c8-4ace-a44a-778779ae5632 req-a09ba54a-80c8-4ace-a44a-778779ae5632 ] Request (DeleteServersTestJSON:test_delete_server_while_in_attached_volume): 200 GET http://10.180.1.21/compute/v2.1/servers/3937cdd3-81cd-4544-9ca2-b0f02576ca63 0.057s
2024-09-23 06:48:13.521 62302 INFO tempest.lib.common.rest_client [req-498cce6a-2813-43c6-ad25-3ba1d0c228b1 req-498cce6a-2813-43c6-ad25-3ba1d0c228b1 ] Request (ServersTestBootFromVolume:setUpClass): 200 GET http://10.180.1.21/compute/v2.1/servers/c86a3dcc-0942-463f-b60c-8f7bd8983c3f 0.079s
2024-09-23 06:48:13.527 62302 INFO tempest.common.waiters [-] State transition "BUILD/None" ==> "BUILD/networking" after 53 second wait
2024-09-23 06:48:13.534 62286 INFO tempest.lib.common.rest_client [req-7c0f54c4-3d01-405e-b7cd-3d18935696e6 req-7c0f54c4-3d01-405e-b7cd-3d18935696e6 ] Request (ServerAddressesTestJSON:setUpClass): 200 GET http://10.180.1.21/compute/v2.1/servers/6053d9fd-a339-439e-b18c-b1df92cea1c9 0.065s
2024-09-23 06:48:13.539 62286 INFO tempest.common.waiters [-] State transition "BUILD/spawning" ==> "BUILD/scheduling" after 70 second wait
2024-09-23 06:48:13.586 62270 INFO tempest.lib.common.rest_client [req-a157e103-658d-4f7d-87e2-9fb0e96314b6 req-a157e103-658d-4f7d-87e2-9fb0e96314b6 ] Request (ServersAdminTestJSON:setUpClass): 200 GET http://10.180.1.21/compute/v2.1/servers/3a61ab10-3ad0-468a-ac1d-28e1ef1e6d2f 0.052s
2024-09-23 06:48:13.698 62246 INFO tempest.lib.common.rest_client [req-10c54228-2f9b-480c-ad0c-32e5834b6f08 req-10c54228-2f9b-480c-ad0c-32e5834b6f08 ] Request (ListImageFiltersTestJSON:setUpClass): 201 POST http://10.180.1.21/image/v2/images 0.353s
2024-09-23 06:48:13.754 62304 INFO tempest.lib.common.rest_client [req-6375432f-894c-4214-8ecd-8a08fbcbdf27 req-6375432f-894c-4214-8ecd-8a08fbcbdf27 ] Request (ServersNegativeTestMultiTenantJSON:setUpClass): 200 PUT http://10.180.1.21:9696/networking/v2.0/routers/f326f3bc-814e-4d36-b32e-0bf854729b91/add_router_interface 1.027s
2024-09-23 06:48:13.754 62304 INFO tempest.lib.common.dynamic_creds [-] Created isolated network resources for: credentials: Credentials: {'domain_id': 'default', 'domain_name': 'Default', 'username': 'tempest-ServersNegativeTestMultiTenantJSON-509395203-project-member', 'project_domain_id': 'default', 'project_domain_name': 'Default', 'project_id': '175b781827a6403ba6316bb37bf4ea4e', 'project_name': 'tempest-ServersNegativeTestMultiTenantJSON-509395203', 'tenant_id': '175b781827a6403ba6316bb37bf4ea4e', 'tenant_name': 'tempest-ServersNegativeTestMultiTenantJSON-509395203', 'user_domain_id': 'default', 'user_domain_name': 'Default', 'user_id': 'fcdf5c8df934425db0e9e27c3e7c4cbf', 'system': None}, Network: {'id': 'd5bd3f47-2605-48fa-a9df-8d6ec509fc64', 'name': 'tempest-ServersNegativeTestMultiTenantJSON-1657914489-network', 'tenant_id': '175b781827a6403ba6316bb37bf4ea4e', 'admin_state_up': True, 'mtu': 8950, 'status': 'ACTIVE', 'subnets': [], 'shared': False, 'project_id': '175b781827a6403ba6316bb37bf4ea4e', 'port_security_enabled': True, 'router:external': False, 'provider:network_type': 'vlan', 'provider:physical_network': 'default', 'provider:segmentation_id': 883, 'is_default': False, 'availability_zone_hints': [], 'availability_zones': [], 'ipv4_address_scope': None, 'ipv6_address_scope': None, 'description': '', 'tags': [], 'created_at': '2024-09-23T06:48:11Z', 'updated_at': '2024-09-23T06:48:11Z', 'revision_number': 1}, Subnet: {'id': '1e4c6bc3-3002-4ef9-be12-6767c72feb52', 'name': 'tempest-ServersNegativeTestMultiTenantJSON-1657914489-subnet', 'tenant_id': '175b781827a6403ba6316bb37bf4ea4e', 'network_id': 'd5bd3f47-2605-48fa-a9df-8d6ec509fc64', 'ip_version': 4, 'subnetpool_id': None, 'enable_dhcp': True, 'ipv6_ra_mode': None, 'ipv6_address_mode': None, 'gateway_ip': '192.168.128.1', 'cidr': '192.168.128.0/28', 'allocation_pools': [{'start': '192.168.128.2', 'end': '192.168.128.14'}], 'host_routes': [], 'dns_nameservers': [], 'description': '', 'router:external': False, 'service_types': [], 'tags': [], 'created_at': '2024-09-23T06:48:11Z', 'updated_at': '2024-09-23T06:48:11Z', 'revision_number': 0, 'project_id': '175b781827a6403ba6316bb37bf4ea4e'}, Router: {'id': 'f326f3bc-814e-4d36-b32e-0bf854729b91', 'name': 'tempest-ServersNegativeTestMultiTenantJSON-1657914489-router', 'tenant_id': '175b781827a6403ba6316bb37bf4ea4e', 'admin_state_up': True, 'status': 'ACTIVE', 'external_gateway_info': {'network_id': '8f495bdf-52fb-4906-a637-3002b9e08ac1', 'external_fixed_ips': [{'subnet_id': '00722bbb-dc00-4c27-95ba-971644931720', 'ip_address': '10.180.180.141'}], 'enable_snat': True}, 'description': '', 'availability_zones': [], 'distributed': False, 'ha': False, 'availability_zone_hints': [], 'routes': [], 'flavor_id': None, 'tags': [], 'created_at': '2024-09-23T06:48:11Z', 'updated_at': '2024-09-23T06:48:12Z', 'revision_number': 2, 'project_id': '175b781827a6403ba6316bb37bf4ea4e'}
2024-09-23 06:48:13.800 62298 INFO tempest.lib.common.rest_client [req-627741a5-bcdc-4833-ac1c-3bde6e86a9f3 req-627741a5-bcdc-4833-ac1c-3bde6e86a9f3 ] Request (ImagesNegativeTestJSON:test_create_image_from_deleted_server): 200 GET http://10.180.1.21/compute/v2.1/servers/0f3d94bb-d24d-4a53-aaae-9e47987375bc 0.079s
2024-09-23 06:48:13.804 62276 INFO tempest.lib.common.rest_client [req-c010f6cd-ddfa-493a-8bc5-d3405a63f504 req-c010f6cd-ddfa-493a-8bc5-d3405a63f504 ] Request (AttachInterfacesUnderV243Test:test_add_remove_fixed_ip): 200 GET http://10.180.1.21/compute/v2.1/servers/7bbd8f9f-8c15-484a-aaca-1f1d69aeec06 0.079s
2024-09-23 06:48:13.849 62304 INFO tempest.lib.common.rest_client [req-ea1291d1-b5af-4820-aedd-6e2557dc8926 req-ea1291d1-b5af-4820-aedd-6e2557dc8926 ] Request (ServersNegativeTestMultiTenantJSON:setUpClass): 201 POST http://10.180.1.21/identity/v3/auth/tokens 0.090s
2024-09-23 06:48:13.853 62279 INFO tempest.lib.common.rest_client [req-2e42c671-8d18-44a4-a0d1-a0decbb38bc4 req-2e42c671-8d18-44a4-a0d1-a0decbb38bc4 ] Request (ServerActionsTestOtherB:setUpClass): 200 GET http://10.180.1.21/compute/v2.1/servers/d8a5451c-07dd-4c23-a081-f48c5f52677c 0.061s
2024-09-23 06:48:13.868 62272 INFO tempest.lib.common.rest_client [req-e608d800-bb29-41cd-a546-405f0b35426f req-e608d800-bb29-41cd-a546-405f0b35426f ] Request (DeleteServersAdminTestJSON:test_delete_server_while_in_error_state): 200 GET http://10.180.1.21/compute/v2.1/servers/72b4ca7a-5f1e-4786-a922-f888d8d79b17 0.074s
2024-09-23 06:48:13.915 62274 INFO tempest.lib.common.rest_client [req-161e3d99-ce08-436b-b77e-817bcd87e220 req-161e3d99-ce08-436b-b77e-817bcd87e220 ] Request (VolumesAdminNegativeTest:test_update_attached_volume_with_nonexistent_volume_in_uri): 200 GET http://10.180.1.21/compute/v2.1/servers/63660b88-bf17-4777-8f2b-cd46404bc2c9 0.059s
2024-09-23 06:48:13.923 62256 INFO tempest.lib.common.rest_client [req-73f48e4f-36e2-4327-90ea-b6fe131b1925 req-73f48e4f-36e2-4327-90ea-b6fe131b1925 ] Request (ServersTestMultiNic:test_verify_multiple_nics_order): 200 GET http://10.180.1.21/compute/v2.1/servers/cd054da1-7987-41ae-8238-0008ef043921 0.062s
2024-09-23 06:48:13.927 62304 INFO tempest.lib.common.rest_client [req-e825f3dc-1b19-4cae-9bed-f7bda1803a2d req-e825f3dc-1b19-4cae-9bed-f7bda1803a2d ] Request (ServersNegativeTestMultiTenantJSON:setUpClass): 201 POST http://10.180.1.21/identity/v3/projects 0.077s
2024-09-23 06:48:13.970 62306 INFO tempest.lib.common.rest_client [req-3d4ce1a2-6e51-4a25-8537-c01c46f52223 req-3d4ce1a2-6e51-4a25-8537-c01c46f52223 ] Request (ListServersNegativeTestJSON:setUpClass): 200 GET http://10.180.1.21/compute/v2.1/servers/89895d72-dd44-4e63-8e75-53fd1c8a70a7 0.051s
2024-09-23 06:48:13.996 62296 INFO tempest.lib.common.rest_client [req-466c4717-ddce-40a4-ad36-21cc6817478c req-466c4717-ddce-40a4-ad36-21cc6817478c ] Request (FloatingIPsAssociationNegativeTestJSON:setUpClass): 200 GET http://10.180.1.21/compute/v2.1/servers/21d9110a-b516-47e7-8d21-7acca07006c9 0.055s
2024-09-23 06:48:13.997 62304 INFO tempest.lib.common.rest_client [req-7244aeca-927f-444a-b026-2fe63a9339d0 req-7244aeca-927f-444a-b026-2fe63a9339d0 ] Request (ServersNegativeTestMultiTenantJSON:setUpClass): 201 POST http://10.180.1.21/identity/v3/users 0.069s
2024-09-23 06:48:14.021 62304 INFO tempest.lib.common.rest_client [req-3cc0ec34-f1e9-4285-b513-561114a86fde req-3cc0ec34-f1e9-4285-b513-561114a86fde ] Request (ServersNegativeTestMultiTenantJSON:setUpClass): 200 GET http://10.180.1.21/identity/v3/roles 0.023s
2024-09-23 06:48:14.058 62304 INFO tempest.lib.common.rest_client [req-6cd52b26-47cc-4d57-a6dc-4caef9c9ad6f req-6cd52b26-47cc-4d57-a6dc-4caef9c9ad6f ] Request (ServersNegativeTestMultiTenantJSON:setUpClass): 204 PUT http://10.180.1.21/identity/v3/projects/024e4ec296a743a080e03783fb196d13/users/610ba5268f5448a4b2e2e3ec8eb8dac9/roles/4adaf3a420d8423eb0d43d17160ac2f3 0.037s
2024-09-23 06:48:14.058 62304 INFO tempest.lib.common.dynamic_creds [-] Dynamic test user 610ba5268f5448a4b2e2e3ec8eb8dac9 is created with scope project and roles: ['member']
2024-09-23 06:48:14.060 62304 INFO tempest.lib.common.dynamic_creds [-] Acquired dynamic creds: credentials: Credentials: {'domain_id': 'default', 'domain_name': 'Default', 'username': 'tempest-ServersNegativeTestMultiTenantJSON-424165844-project-member', 'project_domain_id': 'default', 'project_domain_name': 'Default', 'project_id': '024e4ec296a743a080e03783fb196d13', 'project_name': 'tempest-ServersNegativeTestMultiTenantJSON-424165844', 'tenant_id': '024e4ec296a743a080e03783fb196d13', 'tenant_name': 'tempest-ServersNegativeTestMultiTenantJSON-424165844', 'user_domain_id': 'default', 'user_domain_name': 'Default', 'user_id': '610ba5268f5448a4b2e2e3ec8eb8dac9', 'system': None}, Network: None, Subnet: None, Router: None
2024-09-23 06:48:14.060 62248 INFO tempest.lib.common.rest_client [req-56208a4f-e191-4099-adbf-cba6f8919b2f req-56208a4f-e191-4099-adbf-cba6f8919b2f ] Request (SecurityGroupsTestJSON:test_list_security_groups_by_server): 200 GET http://10.180.1.21/compute/v2.1/servers/1c616fb0-0205-4303-b828-6cf50df21a46 0.062s
2024-09-23 06:48:14.084 62284 INFO tempest.lib.common.rest_client [req-2d0bbb77-443d-46d3-a011-6dd46d386047 req-2d0bbb77-443d-46d3-a011-6dd46d386047 ] Request (AttachInterfacesTestJSON:test_create_list_show_delete_interfaces_by_network_port): 200 GET http://10.180.1.21/compute/v2.1/servers/44c917e5-2423-456d-83d5-cae22b8a358f 0.078s
2024-09-23 06:48:14.128 62290 INFO tempest.lib.common.rest_client [req-2e041b31-153e-43c9-9a7c-384dfbb39024 req-2e041b31-153e-43c9-9a7c-384dfbb39024 ] Request (ImagesOneServerNegativeTestJSON:setUpClass): 200 GET http://10.180.1.21/compute/v2.1/servers/03cb1218-91a3-4c5c-9663-adff330ca962 0.066s
2024-09-23 06:48:14.148 62266 INFO tempest.lib.common.rest_client [req-ef05200f-3ddb-459b-86e1-a4bc7e337659 req-ef05200f-3ddb-459b-86e1-a4bc7e337659 ] Request (ServerActionsTestOtherA:setUpClass): 200 GET http://10.180.1.21/compute/v2.1/servers/54100a31-a60a-4d18-a21b-e8030b4321a5 0.073s
2024-09-23 06:48:14.203 62258 INFO tempest.lib.common.rest_client [req-6cd3060d-b19c-41ca-8e80-5ba036db48ba req-6cd3060d-b19c-41ca-8e80-5ba036db48ba ] Request (InstanceActionsTestJSON:setUpClass): 200 GET http://10.180.1.21/compute/v2.1/servers/4a5fa134-c3db-45ef-854d-efaf66cf869f 0.090s
2024-09-23 06:48:14.220 62260 INFO tempest.lib.common.rest_client [req-aa58b2e0-fc2c-49f7-b8e3-7c954f1d67df req-aa58b2e0-fc2c-49f7-b8e3-7c954f1d67df ] Request (ServersTestManualDisk:setUpClass): 200 GET http://10.180.1.21/compute/v2.1/servers/0a7b293d-4364-4219-bde2-af425c5f4e47 0.092s
2024-09-23 06:48:14.321 62304 INFO tempest.lib.common.rest_client [req-6c34ad7e-737b-4dd8-895d-903d1cd9af59 req-6c34ad7e-737b-4dd8-895d-903d1cd9af59 ] Request (ServersNegativeTestMultiTenantJSON:setUpClass): 201 POST http://10.180.1.21:9696/networking/v2.0/networks 0.261s
2024-09-23 06:48:14.407 62262 INFO tempest.lib.common.rest_client [req-76c746f8-a875-49f2-93a4-0bbefc77c0cf req-76c746f8-a875-49f2-93a4-0bbefc77c0cf ] Request (MultipleCreateTestJSON:test_multiple_create): 200 GET http://10.180.1.21/compute/v2.1/servers/0ac837bc-393d-40c2-9f55-251ef5bb9533 0.072s
2024-09-23 06:48:14.413 62292 INFO tempest.lib.common.rest_client [req-72b47f9a-f1b6-47a4-9be4-5fde329825a8 req-72b47f9a-f1b6-47a4-9be4-5fde329825a8 ] Request (AttachVolumeShelveTestJSON:test_attach_volume_shelved_or_offload_server): 200 GET http://10.180.1.21/compute/v2.1/servers/269e54e3-c77d-4359-97d9-e802a86083b0 0.075s
2024-09-23 06:48:14.471 62281 INFO tempest.lib.common.rest_client [req-afd40c07-7219-4841-ae46-56af65db7c80 req-afd40c07-7219-4841-ae46-56af65db7c80 ] Request (ImagesTestJSON:test_create_image_from_stopped_server): 200 GET http://10.180.1.21/compute/v2.1/servers/8a1d263d-efd5-406a-8e37-5e3289f497e6 0.063s
2024-09-23 06:48:14.481 62268 INFO tempest.lib.common.rest_client [req-f9ac80ab-0f06-4601-9d3b-a7c64ac474c7 req-f9ac80ab-0f06-4601-9d3b-a7c64ac474c7 ] Request (ServersTestFqdnHostnames:test_create_server_with_fqdn_name): 200 GET http://10.180.1.21/compute/v2.1/servers/a7352bc5-2c2a-4eb1-9f72-bde1279ba228 0.098s
2024-09-23 06:48:14.524 62250 INFO tempest.lib.common.rest_client [req-7b755550-77c0-4c31-b2cf-fbf0e6a469b5 req-7b755550-77c0-4c31-b2cf-fbf0e6a469b5 ] Request (InstanceActionsNegativeTestJSON:setUpClass): 200 GET http://10.180.1.21/compute/v2.1/servers/d8a3b254-3e17-49f7-9f58-27b1aa78b84e 0.083s
2024-09-23 06:48:14.536 62308 INFO tempest.lib.common.rest_client [req-80c3702e-1cdd-4cb9-9eee-bb01484a0e3d req-80c3702e-1cdd-4cb9-9eee-bb01484a0e3d ] Request (MigrationsAdminTest:test_resize_server_revert_deleted_flavor): 200 GET http://10.180.1.21/compute/v2.1/servers/a9ccfe56-1aec-4758-86fd-b8aeb06f373e 0.072s
2024-09-23 06:48:14.548 62304 INFO tempest.lib.common.rest_client [req-daa549f2-9c3a-4bdb-abb1-4a05060a153a req-daa549f2-9c3a-4bdb-abb1-4a05060a153a ] Request (ServersNegativeTestMultiTenantJSON:setUpClass): 201 POST http://10.180.1.21:9696/networking/v2.0/subnets 0.226s
2024-09-23 06:48:14.586 62282 INFO tempest.lib.common.rest_client [req-10007b42-ab4c-46ac-8a87-aee4c7c4f9ff req-10007b42-ab4c-46ac-8a87-aee4c7c4f9ff ] Request (DeleteServersTestJSON:test_delete_server_while_in_attached_volume): 200 GET http://10.180.1.21/compute/v2.1/servers/3937cdd3-81cd-4544-9ca2-b0f02576ca63 0.093s
2024-09-23 06:48:14.644 62286 INFO tempest.lib.common.rest_client [req-fd1ef5fd-f4df-40c8-b7d1-64a9438edc16 req-fd1ef5fd-f4df-40c8-b7d1-64a9438edc16 ] Request (ServerAddressesTestJSON:setUpClass): 200 GET http://10.180.1.21/compute/v2.1/servers/6053d9fd-a339-439e-b18c-b1df92cea1c9 0.104s
2024-09-23 06:48:14.650 62286 INFO tempest.common.waiters [-] State transition "BUILD/scheduling" ==> "ERROR/None" after 71 second wait
2024-09-23 06:48:14.707 62270 INFO tempest.lib.common.rest_client [req-6b4ffd5a-01db-4ab5-87fb-fa17b54794d1 req-6b4ffd5a-01db-4ab5-87fb-fa17b54794d1 ] Request (ServersAdminTestJSON:setUpClass): 200 GET http://10.180.1.21/compute/v2.1/servers/3a61ab10-3ad0-468a-ac1d-28e1ef1e6d2f 0.114s
2024-09-23 06:48:14.766 62302 INFO tempest.lib.common.rest_client [req-e83e5bc0-6e4f-4694-9825-d6e5545ba4a6 req-e83e5bc0-6e4f-4694-9825-d6e5545ba4a6 ] Request (ServersTestBootFromVolume:setUpClass): 200 GET http://10.180.1.21/compute/v2.1/servers/c86a3dcc-0942-463f-b60c-8f7bd8983c3f 0.236s
2024-09-23 06:48:14.777 62302 INFO tempest.common.waiters [-] State transition "BUILD/networking" ==> "BUILD/block_device_mapping" after 54 second wait
2024-09-23 06:48:14.872 62298 INFO tempest.lib.common.rest_client [req-94da06ce-e589-469a-8a04-9543704212e6 req-94da06ce-e589-469a-8a04-9543704212e6 ] Request (ImagesNegativeTestJSON:test_create_image_from_deleted_server): 200 GET http://10.180.1.21/compute/v2.1/servers/0f3d94bb-d24d-4a53-aaae-9e47987375bc 0.064s
2024-09-23 06:48:14.900 62286 INFO tempest.lib.common.rest_client [req-1b7a3fcf-a87f-4611-a862-b4f660ee2ac2 req-1b7a3fcf-a87f-4611-a862-b4f660ee2ac2 ] Request (ServerAddressesTestJSON:setUpClass): 204 DELETE http://10.180.1.21/compute/v2.1/servers/6053d9fd-a339-439e-b18c-b1df92cea1c9 0.249s
