2024-10-12 12:44:29.893 62158 INFO tempest.lib.common.rest_client [req-eb3f3a1f-d560-4ecc-882b-61d5109e4deb req-eb3f3a1f-d560-4ecc-882b-61d5109e4deb ] Request (SecurityGroupsTestJSON:setUpClass): 201 POST http://10.180.1.21:9696/networking/v2.0/routers 3.392s
2024-10-12 12:44:29.940 62146 INFO tempest.lib.common.rest_client [req-eebbe4d5-0ebe-48a0-94ca-87ecad475737 req-eebbe4d5-0ebe-48a0-94ca-87ecad475737 ] Request (ServerActionsTestOtherA:setUpClass): 200 PUT http://10.180.1.21:9696/networking/v2.0/routers/e49217a9-e0c0-42a7-8809-c3559d5393ba/add_router_interface 3.858s
2024-10-12 12:44:29.941 62112 INFO tempest.lib.common.rest_client [req-40fb4dab-5381-455b-bf1c-aa446faefc45 req-40fb4dab-5381-455b-bf1c-aa446faefc45 ] Request (KeyPairsNegativeTestJSON:tearDownClass): 204 DELETE http://10.180.1.21:9696/networking/v2.0/security-groups/d28aafe6-fc87-4d8c-9363-6d91d5612f50 0.670s
2024-10-12 12:44:29.940 62146 INFO tempest.lib.common.dynamic_creds [-] Created isolated network resources for: credentials: Credentials: {'domain_id': 'default', 'domain_name': 'Default', 'username': 'tempest-ServerActionsTestOtherA-857319036-project-member', 'project_domain_id': 'default', 'project_domain_name': 'Default', 'project_id': '6d4db4879810418fa26e7a1e5ef6a350', 'project_name': 'tempest-ServerActionsTestOtherA-857319036', 'tenant_id': '6d4db4879810418fa26e7a1e5ef6a350', 'tenant_name': 'tempest-ServerActionsTestOtherA-857319036', 'user_domain_id': 'default', 'user_domain_name': 'Default', 'user_id': 'a03f16307d2a401bbd8d74c579440aa7', 'system': None}, Network: {'id': 'cf5c643b-26c0-4bff-be85-cc19753d6c54', 'name': 'tempest-ServerActionsTestOtherA-2109852521-network', 'tenant_id': '6d4db4879810418fa26e7a1e5ef6a350', 'admin_state_up': True, 'mtu': 8950, 'status': 'ACTIVE', 'subnets': [], 'shared': False, 'project_id': '6d4db4879810418fa26e7a1e5ef6a350', 'port_security_enabled': True, 'router:external': False, 'provider:network_type': 'vlan', 'provider:physical_network': 'default', 'provider:segmentation_id': 72, 'is_default': False, 'availability_zone_hints': [], 'availability_zones': [], 'ipv4_address_scope': None, 'ipv6_address_scope': None, 'description': '', 'tags': [], 'created_at': '2024-10-12T12:44:21Z', 'updated_at': '2024-10-12T12:44:21Z', 'revision_number': 1}, Subnet: {'id': 'a0693b6f-4c3a-41a4-878c-43718e424f70', 'name': 'tempest-ServerActionsTestOtherA-2109852521-subnet', 'tenant_id': '6d4db4879810418fa26e7a1e5ef6a350', 'network_id': 'cf5c643b-26c0-4bff-be85-cc19753d6c54', 'ip_version': 4, 'subnetpool_id': None, 'enable_dhcp': True, 'ipv6_ra_mode': None, 'ipv6_address_mode': None, 'gateway_ip': '192.168.128.1', 'cidr': '192.168.128.0/28', 'allocation_pools': [{'start': '192.168.128.2', 'end': '192.168.128.14'}], 'host_routes': [], 'dns_nameservers': [], 'description': '', 'router:external': False, 'service_types': [], 'tags': [], 'created_at': '2024-10-12T12:44:22Z', 'updated_at': '2024-10-12T12:44:22Z', 'revision_number': 0, 'project_id': '6d4db4879810418fa26e7a1e5ef6a350'}, Router: {'id': 'e49217a9-e0c0-42a7-8809-c3559d5393ba', 'name': 'tempest-ServerActionsTestOtherA-2109852521-router', 'tenant_id': '6d4db4879810418fa26e7a1e5ef6a350', 'admin_state_up': True, 'status': 'ACTIVE', 'external_gateway_info': {'network_id': '47d64eaa-705c-4414-a466-78eb9875ec73', 'external_fixed_ips': [{'subnet_id': 'a65d464d-d78c-4077-882e-25e500e2f8e4', 'ip_address': '10.180.180.229'}], 'enable_snat': True}, 'description': '', 'availability_zones': [], 'distributed': False, 'ha': False, 'availability_zone_hints': [], 'routes': [], 'flavor_id': None, 'tags': [], 'created_at': '2024-10-12T12:44:23Z', 'updated_at': '2024-10-12T12:44:24Z', 'revision_number': 2, 'project_id': '6d4db4879810418fa26e7a1e5ef6a350'}
2024-10-12 12:44:29.974 62148 INFO tempest.lib.common.rest_client [req-fad8555f-bccf-48c3-863f-606afed0fd1d req-fad8555f-bccf-48c3-863f-606afed0fd1d ] Request (QuotasAdminTestV236:tearDownClass): 201 POST http://10.180.1.21/identity/v3/auth/tokens 0.102s
2024-10-12 12:44:29.976 62118 INFO tempest.lib.common.rest_client [req-18dfb0bb-b088-46c1-a421-4de009c2f7eb req-18dfb0bb-b088-46c1-a421-4de009c2f7eb ] Request (ServerActionsTestJSON:setUpClass): 200 GET http://10.180.1.21/compute/v2.1/servers/f911465c-277a-41ee-a6b5-0e3b85185b56 0.673s
2024-10-12 12:44:30.024 62134 INFO tempest.lib.common.rest_client [req-5100ae3a-a4cd-4ca8-ad1d-ddd8c870b472 req-5100ae3a-a4cd-4ca8-ad1d-ddd8c870b472 ] Request (TenantUsagesNegativeTestJSON:tearDownClass): 204 DELETE http://10.180.1.21/identity/v3/projects/7196dfb3022c45cbb71c7ad26f72b71e 0.194s
2024-10-12 12:44:30.024 62134 INFO tempest.lib.common.dynamic_creds [-] Deleting project and security group for project: a648c40dc7f2406492b95e1c9a156ab6
2024-10-12 12:44:30.080 62112 INFO tempest.lib.common.rest_client [req-d40f954c-3268-4518-97af-c7a3a80a7389 req-d40f954c-3268-4518-97af-c7a3a80a7389 ] Request (KeyPairsNegativeTestJSON:tearDownClass): 204 DELETE http://10.180.1.21/identity/v3/projects/6d1cad52585d43928d572f1fdd33f014 0.138s
2024-10-12 12:44:30.118 62146 INFO tempest.lib.common.rest_client [req-95701213-1555-4b2d-bab7-785660137c7e req-95701213-1555-4b2d-bab7-785660137c7e ] Request (ServerActionsTestOtherA:setUpClass): 201 POST http://10.180.1.21/identity/v3/auth/tokens 0.173s
2024-10-12 12:44:30.166 62124 INFO tempest.lib.common.rest_client [req-fcb71163-82c8-4b1d-839e-fa5f2cdac7d2 req-fcb71163-82c8-4b1d-839e-fa5f2cdac7d2 ] Request (ServicesAdminNegativeV253TestJSON:test_list_services_with_non_admin_user): 403 GET http://10.180.1.21/compute/v2.1/os-services 0.828s
2024-10-12 12:44:30.190 62122 INFO tempest.lib.common.rest_client [req-d9ae88ca-b851-4d7e-a0fa-41673afd1e5d req-d9ae88ca-b851-4d7e-a0fa-41673afd1e5d ] Request (AggregatesAdminNegativeTestJSON:test_aggregate_remove_nonexistent_host): 404 POST http://10.180.1.21/compute/v2.1/os-aggregates/8/action 0.826s
2024-10-12 12:44:30.213 62108 INFO tempest.lib.common.rest_client [req-dba96af8-60ee-4675-9a9e-de7937f75ebc req-dba96af8-60ee-4675-9a9e-de7937f75ebc ] Request (ServerGroup264TestJSON:_run_cleanups): 204 DELETE http://10.180.1.21/compute/v2.1/os-server-groups/5353242d-20f1-4e8e-ba75-ba06394dbcae 0.804s
2024-10-12 12:44:30.224 62112 INFO tempest.lib.common.rest_client [req-f1483ffa-8bf6-451f-b6c3-f085a6711c01 req-f1483ffa-8bf6-451f-b6c3-f085a6711c01 ] Request (ServersV294TestFqdnHostnames:setUpClass): 201 POST http://10.180.1.21/identity/v3/auth/tokens 0.142s
2024-10-12 12:44:30.232 62140 INFO tempest.lib.common.rest_client [req-6aa2ae60-5c1d-4d1b-989a-cca654bf1ab8 req-6aa2ae60-5c1d-4d1b-989a-cca654bf1ab8 ] Request (ServerGroupTestJSON:test_create_delete_multiple_server_groups_with_same_name_policy): 204 DELETE http://10.180.1.21/compute/v2.1/os-server-groups/bbec5a91-0456-4201-8fc2-6fa686257a7e 0.766s
2024-10-12 12:44:30.268 62124 INFO tempest.lib.common.rest_client [req-b029630f-8ce9-472b-a481-347c37fd15c7 req-b029630f-8ce9-472b-a481-347c37fd15c7 ] Request (ServicesAdminNegativeV253TestJSON:tearDownClass): 204 DELETE http://10.180.1.21/identity/v3/users/82b12aa6bcda41bba884813f0df38b70 0.099s
2024-10-12 12:44:30.275 62152 INFO tempest.lib.common.rest_client [req-44679be2-58eb-4f57-9ef5-73d9faaad641 req-44679be2-58eb-4f57-9ef5-73d9faaad641 ] Request (ValidationResourcesFixture:setUp): 201 POST http://10.180.1.21:9696/networking/v2.0/floatingips 2.035s
2024-10-12 12:44:30.286 62144 INFO tempest.lib.common.rest_client [req-660fd7a4-30d6-4295-8f61-47091b6e620e req-660fd7a4-30d6-4295-8f61-47091b6e620e ] Request (ServersTestManualDisk:setUpClass): 201 POST http://10.180.1.21:9696/networking/v2.0/security-groups 0.716s
2024-10-12 12:44:30.288 62112 INFO tempest.lib.common.rest_client [req-14cafaf0-d5c9-4052-8308-dc49af7c9c81 req-14cafaf0-d5c9-4052-8308-dc49af7c9c81 ] Request (ServersV294TestFqdnHostnames:setUpClass): 201 POST http://10.180.1.21/identity/v3/auth/tokens 0.061s
2024-10-12 12:44:30.314 62138 INFO tempest.lib.common.rest_client [req-700b211e-a516-406a-abca-3f98298c90fc req-700b211e-a516-406a-abca-3f98298c90fc ] Request (ServersAdminTestJSON:setUpClass): 200 GET http://10.180.1.21/compute/v2.1/servers/b747d6e6-1b07-4a7d-93ea-e8bb2b74d2f7 0.769s
2024-10-12 12:44:30.323 62138 INFO tempest.common.waiters [-] State transition "BUILD/spawning" ==> "BUILD/scheduling" after 36 second wait
2024-10-12 12:44:30.340 62142 INFO tempest.lib.common.rest_client [req-1ef898de-d80f-400e-9586-f241abb8328d req-1ef898de-d80f-400e-9586-f241abb8328d ] Request (ServersTestJSON:setUpClass): 201 POST http://10.180.1.21:9696/networking/v2.0/floatingips 2.008s
2024-10-12 12:44:30.342 62152 INFO tempest.lib.common.rest_client [req-a27c9607-c577-4389-811a-a7b3368875d2 req-a27c9607-c577-4389-811a-a7b3368875d2 ] Request (AttachInterfacesUnderV243Test:test_add_remove_fixed_ip): 201 POST http://10.180.1.21/identity/v3/auth/tokens 0.064s
2024-10-12 12:44:30.342 62152 INFO tempest.lib.common.fixed_network [-] (AttachInterfacesUnderV243Test:test_add_remove_fixed_ip) Found network {'id': 'ec784210-8f0b-4555-9bc9-8e233fbffa0d', 'name': 'tempest-AttachInterfacesUnderV243Test-1614727180-network', 'tenant_id': '191bfd0c17cf43259932ef658596430e', 'admin_state_up': True, 'mtu': 8950, 'status': 'ACTIVE', 'subnets': [], 'shared': False, 'project_id': '191bfd0c17cf43259932ef658596430e', 'port_security_enabled': True, 'router:external': False, 'provider:network_type': 'vlan', 'provider:physical_network': 'default', 'provider:segmentation_id': 612, 'is_default': False, 'availability_zone_hints': [], 'availability_zones': [], 'ipv4_address_scope': None, 'ipv6_address_scope': None, 'description': '', 'tags': [], 'created_at': '2024-10-12T12:44:16Z', 'updated_at': '2024-10-12T12:44:16Z', 'revision_number': 1} available for tenant
2024-10-12 12:44:30.352 62124 INFO tempest.lib.common.rest_client [req-1a5d3714-85be-445b-96e6-0ced7cb7b625 req-1a5d3714-85be-445b-96e6-0ced7cb7b625 ] Request (ServicesAdminNegativeV253TestJSON:tearDownClass): 204 DELETE http://10.180.1.21/identity/v3/users/d34f0a1ab90a4bcb840b2bda77ead013 0.084s
2024-10-12 12:44:30.353 62124 INFO tempest.lib.common.dynamic_creds [-] Deleting project and security group for project: 4f119456649b448b9cf0d2d24de1076d
2024-10-12 12:44:30.387 62112 INFO tempest.lib.common.rest_client [req-2868379f-ee9f-41c3-b693-0dd18d9d239c req-2868379f-ee9f-41c3-b693-0dd18d9d239c ] Request (ServersV294TestFqdnHostnames:setUpClass): 200 GET http://10.180.1.21/identity/v3/domains?name=Default 0.098s
2024-10-12 12:44:30.399 62134 INFO tempest.lib.common.rest_client [req-2d38903b-37b5-4473-bb07-25e2dd24b575 req-2d38903b-37b5-4473-bb07-25e2dd24b575 ] Request (TenantUsagesNegativeTestJSON:tearDownClass): 200 GET http://10.180.1.21:9696/networking/v2.0/security-groups?tenant_id=a648c40dc7f2406492b95e1c9a156ab6&name=default 0.375s
2024-10-12 12:44:30.437 62142 INFO tempest.lib.common.rest_client [req-739880fb-dda5-41f0-b1f2-911979448cb2 req-739880fb-dda5-41f0-b1f2-911979448cb2 ] Request (ServersTestJSON:setUpClass): 201 POST http://10.180.1.21/identity/v3/auth/tokens 0.094s
2024-10-12 12:44:30.438 62142 INFO tempest.lib.common.fixed_network [-] (ServersTestJSON:setUpClass) Found network {'id': 'f7a1401a-7cbc-4116-84a0-27ea5f47db5e', 'name': 'tempest-ServersTestJSON-904206187-network', 'tenant_id': 'e945237d2af146869ce3a23b223ad9fb', 'admin_state_up': True, 'mtu': 8950, 'status': 'ACTIVE', 'subnets': [], 'shared': False, 'project_id': 'e945237d2af146869ce3a23b223ad9fb', 'port_security_enabled': True, 'router:external': False, 'provider:network_type': 'vlan', 'provider:physical_network': 'default', 'provider:segmentation_id': 934, 'is_default': False, 'availability_zone_hints': [], 'availability_zones': [], 'ipv4_address_scope': None, 'ipv6_address_scope': None, 'description': '', 'tags': [], 'created_at': '2024-10-12T12:44:17Z', 'updated_at': '2024-10-12T12:44:17Z', 'revision_number': 1} available for tenant
2024-10-12 12:44:30.468 62130 INFO tempest.lib.common.rest_client [req-f5122b4f-57a3-41a6-b416-624c0802459a req-f5122b4f-57a3-41a6-b416-624c0802459a ] Request (AbsoluteLimitsNegativeTestJSON:test_max_metadata_exceed_limit): 200 GET http://10.180.1.21/compute/v2.1/limits 0.843s
2024-10-12 12:44:30.488 62124 INFO tempest.lib.common.rest_client [req-ad2bc368-5b23-4e16-9f4e-a7bf17982239 req-ad2bc368-5b23-4e16-9f4e-a7bf17982239 ] Request (ServicesAdminNegativeV253TestJSON:tearDownClass): 201 POST http://10.180.1.21/identity/v3/auth/tokens 0.135s
2024-10-12 12:44:30.497 62112 INFO tempest.lib.common.rest_client [req-9acc2de8-6ccf-4fb9-8d1e-e3ee145e3fb6 req-9acc2de8-6ccf-4fb9-8d1e-e3ee145e3fb6 ] Request (ServersV294TestFqdnHostnames:setUpClass): 201 POST http://10.180.1.21/identity/v3/projects 0.109s
2024-10-12 12:44:30.518 62162 INFO tempest.lib.common.rest_client [req-3bcefc39-29dd-4a4d-b9d6-9043d68f07c7 req-3bcefc39-29dd-4a4d-b9d6-9043d68f07c7 ] Request (SecurityGroupRulesNegativeTestJSON:test_delete_security_group_rule_with_non_existent_id): 404 DELETE http://10.180.1.21/compute/v2.1/os-security-group-rules/2bc79271-4f55-4ac5-950e-fb7827cbaca1 0.875s
2024-10-12 12:44:30.540 62130 INFO tempest.lib.common.rest_client [req-bf91e2f3-b06a-4b89-9491-e54e144ed76e req-bf91e2f3-b06a-4b89-9491-e54e144ed76e ] Request (AbsoluteLimitsNegativeTestJSON:test_max_metadata_exceed_limit): 201 POST http://10.180.1.21/identity/v3/auth/tokens 0.060s
2024-10-12 12:44:30.540 62130 INFO tempest.lib.common.fixed_network [-] (AbsoluteLimitsNegativeTestJSON:test_max_metadata_exceed_limit) Found network None available for tenant
2024-10-12 12:44:30.553 62112 INFO tempest.lib.common.rest_client [req-69503e15-179c-4d79-972b-cdc7ca98e32a req-69503e15-179c-4d79-972b-cdc7ca98e32a ] Request (ServersV294TestFqdnHostnames:setUpClass): 201 POST http://10.180.1.21/identity/v3/users 0.055s
2024-10-12 12:44:30.570 62112 INFO tempest.lib.common.rest_client [req-11d14ad2-844a-4984-a008-58515acb6c25 req-11d14ad2-844a-4984-a008-58515acb6c25 ] Request (ServersV294TestFqdnHostnames:setUpClass): 200 GET http://10.180.1.21/identity/v3/roles 0.017s
2024-10-12 12:44:30.597 62112 INFO tempest.lib.common.rest_client [req-6499f615-fde4-431d-894d-239aafb7c116 req-6499f615-fde4-431d-894d-239aafb7c116 ] Request (ServersV294TestFqdnHostnames:setUpClass): 204 PUT http://10.180.1.21/identity/v3/projects/40fe7002e9fb4cc28309a019f4775c2b/users/ab19047171f04596bd9515af47127a10/roles/1309b30070324f1080607204afda10dc 0.026s
2024-10-12 12:44:30.597 62112 INFO tempest.lib.common.dynamic_creds [-] Dynamic test user ab19047171f04596bd9515af47127a10 is created with scope project and roles: ['member']
2024-10-12 12:44:30.597 62112 INFO tempest.lib.common.dynamic_creds [-] Acquired dynamic creds: credentials: Credentials: {'domain_id': 'default', 'domain_name': 'Default', 'username': 'tempest-ServersV294TestFqdnHostnames-286502690-project-member', 'project_domain_id': 'default', 'project_domain_name': 'Default', 'project_id': '40fe7002e9fb4cc28309a019f4775c2b', 'project_name': 'tempest-ServersV294TestFqdnHostnames-286502690', 'tenant_id': '40fe7002e9fb4cc28309a019f4775c2b', 'tenant_name': 'tempest-ServersV294TestFqdnHostnames-286502690', 'user_domain_id': 'default', 'user_domain_name': 'Default', 'user_id': 'ab19047171f04596bd9515af47127a10', 'system': None}, Network: None, Subnet: None, Router: None
2024-10-12 12:44:30.599 62104 INFO tempest.lib.common.rest_client [req-00aabeaa-d86c-4f72-a7c9-88eabd9b989d req-00aabeaa-d86c-4f72-a7c9-88eabd9b989d ] Request (ServerMetadataNegativeTestJSON:setUpClass): 200 GET http://10.180.1.21/compute/v2.1/servers/11292ffa-0db5-4d70-a3c1-31b81bf4182e 0.943s
2024-10-12 12:44:30.615 62148 INFO tempest.lib.common.rest_client [req-dadf62b9-a739-43e0-b39f-ff31152e4736 req-dadf62b9-a739-43e0-b39f-ff31152e4736 ] Request (QuotasAdminTestV236:tearDownClass): 200 GET http://10.180.1.21:9696/networking/v2.0/security-groups?tenant_id=7725adbb83b04e26a3b1bf401ea7542d&name=default 0.641s
2024-10-12 12:44:30.626 62126 INFO tempest.lib.common.rest_client [req-802518d9-10c4-48aa-8d32-ecc7d2c30a14 req-802518d9-10c4-48aa-8d32-ecc7d2c30a14 ] Request (FlavorsAdminTestJSON:_run_cleanups): 202 DELETE http://10.180.1.21/compute/v2.1/flavors/1802208585 0.840s
2024-10-12 12:44:30.666 62112 INFO tempest.lib.common.rest_client [req-a87557d3-f164-4634-99cd-7b9e594ed034 req-a87557d3-f164-4634-99cd-7b9e594ed034 ] Request (ServersV294TestFqdnHostnames:setUpClass): 201 POST http://10.180.1.21/identity/v3/auth/tokens 0.068s
2024-10-12 12:44:30.712 62120 INFO tempest.lib.common.rest_client [req-50aa64ba-1f34-4051-b123-dfc98d9bfaf2 req-50aa64ba-1f34-4051-b123-dfc98d9bfaf2 ] Request (ImagesTestJSON:test_create_image_from_stopped_server): 200 GET http://10.180.1.21/compute/v2.1/servers/a746fcff-646e-4f9b-b595-7379c6f97efd 0.910s
2024-10-12 12:44:30.748 62134 INFO tempest.lib.common.rest_client [req-d343f120-fcc9-46d3-9655-f8afcaeaf382 req-d343f120-fcc9-46d3-9655-f8afcaeaf382 ] Request (TenantUsagesNegativeTestJSON:tearDownClass): 204 DELETE http://10.180.1.21:9696/networking/v2.0/security-groups/980cc6e5-52a2-478c-b388-9eac38a55b01 0.348s
2024-10-12 12:44:30.769 62144 INFO tempest.lib.common.rest_client [req-5fb98287-8409-4868-88fb-c79de6b00df4 req-5fb98287-8409-4868-88fb-c79de6b00df4 ] Request (ServersTestManualDisk:setUpClass): 201 POST http://10.180.1.21:9696/networking/v2.0/security-group-rules 0.483s
2024-10-12 12:44:30.812 62114 INFO tempest.lib.common.rest_client [req-cf6f574d-eb3a-4bf7-abd1-da853f3fd638 req-cf6f574d-eb3a-4bf7-abd1-da853f3fd638 ] Request (ServersAdmin275Test:tearDownClass): 200 GET http://10.180.1.21/compute/v2.1/servers/318ecaf7-7e12-4d42-9b2f-3f3ab2577ffa 0.881s
2024-10-12 12:44:30.862 62134 INFO tempest.lib.common.rest_client [req-d9f1ff25-7b85-4ddc-9f04-d820b856c7b7 req-d9f1ff25-7b85-4ddc-9f04-d820b856c7b7 ] Request (TenantUsagesNegativeTestJSON:tearDownClass): 204 DELETE http://10.180.1.21/identity/v3/projects/a648c40dc7f2406492b95e1c9a156ab6 0.113s
2024-10-12 12:44:30.973 62166 INFO tempest.lib.common.rest_client [req-709da486-cc50-4689-85b9-2773e3fbf1f5 req-709da486-cc50-4689-85b9-2773e3fbf1f5 ] Request (MultipleCreateTestJSON:test_multiple_create): 202 POST http://10.180.1.21/compute/v2.1/servers 1.691s
2024-10-12 12:44:30.986 62134 INFO tempest.lib.common.rest_client [req-7b9d9f15-0f1d-494c-a408-dc868c4040eb req-7b9d9f15-0f1d-494c-a408-dc868c4040eb ] Request (ImagesNegativeTestJSON:setUpClass): 201 POST http://10.180.1.21/identity/v3/auth/tokens 0.122s
2024-10-12 12:44:30.999 62124 INFO tempest.lib.common.rest_client [req-e03662d2-7c93-4bfb-8a91-ecf98580168e req-e03662d2-7c93-4bfb-8a91-ecf98580168e ] Request (ServicesAdminNegativeV253TestJSON:tearDownClass): 200 GET http://10.180.1.21:9696/networking/v2.0/security-groups?tenant_id=4f119456649b448b9cf0d2d24de1076d&name=default 0.510s
2024-10-12 12:44:31.044 62134 INFO tempest.lib.common.rest_client [req-b90f73ad-3f8e-4611-bc8e-4ff5701c4d44 req-b90f73ad-3f8e-4611-bc8e-4ff5701c4d44 ] Request (ImagesNegativeTestJSON:setUpClass): 201 POST http://10.180.1.21/identity/v3/auth/tokens 0.056s
2024-10-12 12:44:31.087 62134 INFO tempest.lib.common.rest_client [req-84ab32ba-c6bb-4dcf-badf-fc3b1c253ec6 req-84ab32ba-c6bb-4dcf-badf-fc3b1c253ec6 ] Request (ImagesNegativeTestJSON:setUpClass): 200 GET http://10.180.1.21/identity/v3/domains?name=Default 0.042s
2024-10-12 12:44:31.132 62134 INFO tempest.lib.common.rest_client [req-abccfa52-1053-408c-b941-bef6afabe37b req-abccfa52-1053-408c-b941-bef6afabe37b ] Request (ImagesNegativeTestJSON:setUpClass): 201 POST http://10.180.1.21/identity/v3/projects 0.044s
2024-10-12 12:44:31.150 62148 INFO tempest.lib.common.rest_client [req-72d0dc6e-c17d-43a0-b5f2-25d6b93b8fc3 req-72d0dc6e-c17d-43a0-b5f2-25d6b93b8fc3 ] Request (QuotasAdminTestV236:tearDownClass): 204 DELETE http://10.180.1.21:9696/networking/v2.0/security-groups/4e5f373b-585b-46ac-950b-fac6cbd496b1 0.534s
2024-10-12 12:44:31.204 62134 INFO tempest.lib.common.rest_client [req-04be53d5-9af6-4362-b0b8-a2979e6e1b00 req-04be53d5-9af6-4362-b0b8-a2979e6e1b00 ] Request (ImagesNegativeTestJSON:setUpClass): 201 POST http://10.180.1.21/identity/v3/users 0.071s
2024-10-12 12:44:31.211 62154 INFO tempest.lib.common.rest_client [req-5099b597-ebc4-4456-a809-3e5933f634a3 req-5099b597-ebc4-4456-a809-3e5933f634a3 ] Request (ServerActionsV293TestJSON:setUpClass): 200 GET http://10.180.1.21/compute/v2.1/servers/629da2e8-2f09-42b7-b031-6d8f5a282e37 1.241s
2024-10-12 12:44:31.227 62134 INFO tempest.lib.common.rest_client [req-bbe3b1ae-5148-4890-beca-57415c02ec7e req-bbe3b1ae-5148-4890-beca-57415c02ec7e ] Request (ImagesNegativeTestJSON:setUpClass): 200 GET http://10.180.1.21/identity/v3/roles 0.023s
2024-10-12 12:44:31.263 62134 INFO tempest.lib.common.rest_client [req-8d80bf46-6bb3-4e9c-9c79-71d017fa3bb5 req-8d80bf46-6bb3-4e9c-9c79-71d017fa3bb5 ] Request (ImagesNegativeTestJSON:setUpClass): 204 PUT http://10.180.1.21/identity/v3/projects/0aee94970ab6413fb7188d5692bfd116/users/1a9fd65b1fe34eebbd63c69a0359567c/roles/1309b30070324f1080607204afda10dc 0.035s
2024-10-12 12:44:31.264 62134 INFO tempest.lib.common.dynamic_creds [-] Dynamic test user 1a9fd65b1fe34eebbd63c69a0359567c is created with scope project and roles: ['member']
2024-10-12 12:44:31.264 62134 INFO tempest.lib.common.dynamic_creds [-] Acquired dynamic creds: credentials: Credentials: {'domain_id': 'default', 'domain_name': 'Default', 'username': 'tempest-ImagesNegativeTestJSON-479213196-project-member', 'project_domain_id': 'default', 'project_domain_name': 'Default', 'project_id': '0aee94970ab6413fb7188d5692bfd116', 'project_name': 'tempest-ImagesNegativeTestJSON-479213196', 'tenant_id': '0aee94970ab6413fb7188d5692bfd116', 'tenant_name': 'tempest-ImagesNegativeTestJSON-479213196', 'user_domain_id': 'default', 'user_domain_name': 'Default', 'user_id': '1a9fd65b1fe34eebbd63c69a0359567c', 'system': None}, Network: None, Subnet: None, Router: None
2024-10-12 12:44:31.311 62106 INFO tempest.lib.common.rest_client [req-14c78e9d-49b7-4bef-b2d2-ea9db57d8bd1 req-14c78e9d-49b7-4bef-b2d2-ea9db57d8bd1 ] Request (ImagesOneServerNegativeTestJSON:setUpClass): 200 GET http://10.180.1.21/compute/v2.1/servers/433ce856-b04b-4808-8f05-201ad28e18d0 1.198s
2024-10-12 12:44:31.325 62134 INFO tempest.lib.common.rest_client [req-5435e2f9-1790-47d2-953e-aaf9b242126d req-5435e2f9-1790-47d2-953e-aaf9b242126d ] Request (ImagesNegativeTestJSON:setUpClass): 201 POST http://10.180.1.21/identity/v3/auth/tokens 0.060s
2024-10-12 12:44:31.352 62110 INFO tempest.lib.common.rest_client [req-28980c75-8c2a-40b4-9970-4723f1dd376c req-28980c75-8c2a-40b4-9970-4723f1dd376c ] Request (VolumesAssistedSnapshotsTest:test_volume_assisted_snapshot_create_delete): 200 GET http://10.180.1.21/compute/v2.1/servers/10bd5056-d5b5-48d7-a5b5-bd07dd489618 1.308s
2024-10-12 12:44:31.360 62110 INFO tempest.common.waiters [-] State transition "BUILD/None" ==> "BUILD/spawning" after 21 second wait
2024-10-12 12:44:31.363 62148 INFO tempest.lib.common.rest_client [req-c93c5ee6-2928-414f-b941-a2cee4c8f95c req-c93c5ee6-2928-414f-b941-a2cee4c8f95c ] Request (QuotasAdminTestV236:tearDownClass): 204 DELETE http://10.180.1.21/identity/v3/projects/7725adbb83b04e26a3b1bf401ea7542d 0.213s
2024-10-12 12:44:31.363 62148 INFO tempest.lib.common.dynamic_creds [-] Deleting project and security group for project: 3163f3bafec842188bec07623a20d890
2024-10-12 12:44:31.380 62122 INFO tempest.lib.common.rest_client [req-0ff9a2e8-ebb8-4531-b7a3-5b701453c36a req-0ff9a2e8-ebb8-4531-b7a3-5b701453c36a ] Request (AggregatesAdminNegativeTestJSON:_run_cleanups): 200 DELETE http://10.180.1.21/compute/v2.1/os-aggregates/8 1.189s
2024-10-12 12:44:31.402 62112 INFO tempest.lib.common.rest_client [req-53843824-6831-4a73-a1fc-cae5b839d9c1 req-53843824-6831-4a73-a1fc-cae5b839d9c1 ] Request (ServersV294TestFqdnHostnames:setUpClass): 201 POST http://10.180.1.21:9696/networking/v2.0/networks 0.735s
2024-10-12 12:44:31.404 62144 INFO tempest.lib.common.rest_client [req-6e790308-a8b4-4902-8d87-a2bc500a26b6 req-6e790308-a8b4-4902-8d87-a2bc500a26b6 ] Request (ServersTestManualDisk:setUpClass): 201 POST http://10.180.1.21:9696/networking/v2.0/security-group-rules 0.634s
2024-10-12 12:44:31.448 62124 INFO tempest.lib.common.rest_client [req-c5797796-1a98-4752-a30c-61f760774f1e req-c5797796-1a98-4752-a30c-61f760774f1e ] Request (ServicesAdminNegativeV253TestJSON:tearDownClass): 204 DELETE http://10.180.1.21:9696/networking/v2.0/security-groups/72565ed3-a912-4ddd-b5b7-cef4fc89104b 0.449s
2024-10-12 12:44:31.475 62116 INFO tempest.lib.common.rest_client [req-48299f40-8611-49c2-964e-650432aa9dca req-48299f40-8611-49c2-964e-650432aa9dca ] Request (DeleteServersAdminTestJSON:test_delete_server_while_in_error_state): 200 GET http://10.180.1.21/compute/v2.1/servers/814dd6d2-43b1-4700-b585-c5d33b96931f 1.272s
2024-10-12 12:44:31.487 62108 INFO tempest.lib.common.rest_client [req-0bf1dfc2-01f5-488c-a2d2-371618ee27e0 req-0bf1dfc2-01f5-488c-a2d2-371618ee27e0 ] Request (ServerGroup264TestJSON:tearDownClass): 404 DELETE http://10.180.1.21/compute/v2.1/os-server-groups/5353242d-20f1-4e8e-ba75-ba06394dbcae 1.272s
2024-10-12 12:44:31.507 62140 INFO tempest.lib.common.rest_client [req-1de68b98-3516-478c-adb4-6bce45389777 req-1de68b98-3516-478c-adb4-6bce45389777 ] Request (ServerGroupTestJSON:test_create_delete_multiple_server_groups_with_same_name_policy): 200 GET http://10.180.1.21/compute/v2.1/os-server-groups 1.274s
2024-10-12 12:44:31.570 62146 INFO tempest.lib.common.rest_client [req-d3f6f1af-ef92-42fa-88dc-6b48448666b2 req-d3f6f1af-ef92-42fa-88dc-6b48448666b2 ] Request (ServerActionsTestOtherA:setUpClass): 200 POST http://10.180.1.21/compute/v2.1/os-keypairs 1.450s
2024-10-12 12:44:31.588 62124 INFO tempest.lib.common.rest_client [req-06ddb8b7-f1ce-4b31-aa7d-002c7939a081 req-06ddb8b7-f1ce-4b31-aa7d-002c7939a081 ] Request (ServicesAdminNegativeV253TestJSON:tearDownClass): 204 DELETE http://10.180.1.21/identity/v3/projects/4f119456649b448b9cf0d2d24de1076d 0.138s
2024-10-12 12:44:31.588 62124 INFO tempest.lib.common.dynamic_creds [-] Deleting project and security group for project: ba91322690d44137a6770374b8b06eae
2024-10-12 12:44:31.593 62122 INFO tempest.lib.common.rest_client [req-f8158dc9-2c7f-412e-84c3-5564ed3e26c4 req-f8158dc9-2c7f-412e-84c3-5564ed3e26c4 ] Request (AggregatesAdminNegativeTestJSON:tearDownClass): 204 DELETE http://10.180.1.21/identity/v3/users/5670d02aa7e347858f15a9f89448fd17 0.211s
2024-10-12 12:44:31.695 62128 INFO tempest.lib.common.rest_client [req-a7b2eb17-c345-4dec-9428-46eacfebad30 req-a7b2eb17-c345-4dec-9428-46eacfebad30 ] Request (ServerTagsTestJSON:setUpClass): 200 GET http://10.180.1.21/compute/v2.1/servers/0d716b01-a5d5-40f6-b002-5e1488bd54af 1.371s
2024-10-12 12:44:31.704 62128 INFO tempest.common.waiters [-] State transition "BUILD/scheduling" ==> "BUILD/None" after 15 second wait
2024-10-12 12:44:31.740 62122 INFO tempest.lib.common.rest_client [req-494f75ab-33f0-44a8-8252-8e4bc8462624 req-494f75ab-33f0-44a8-8252-8e4bc8462624 ] Request (AggregatesAdminNegativeTestJSON:tearDownClass): 204 DELETE http://10.180.1.21/identity/v3/users/0fa3d30be9b441d9b8ee1355b97867f8 0.147s
2024-10-12 12:44:31.740 62122 INFO tempest.lib.common.dynamic_creds [-] Deleting project and security group for project: 9deeab662ce9464385fc2261c12b67ee
2024-10-12 12:44:31.804 62122 INFO tempest.lib.common.rest_client [req-33e1c389-f9a0-4d81-8f32-36fd0b430e9e req-33e1c389-f9a0-4d81-8f32-36fd0b430e9e ] Request (AggregatesAdminNegativeTestJSON:tearDownClass): 201 POST http://10.180.1.21/identity/v3/auth/tokens 0.064s
2024-10-12 12:44:32.049 62148 INFO tempest.lib.common.rest_client [req-4493a3f6-bae7-4d28-b7a1-76669b6c99fa req-4493a3f6-bae7-4d28-b7a1-76669b6c99fa ] Request (QuotasAdminTestV236:tearDownClass): 200 GET http://10.180.1.21:9696/networking/v2.0/security-groups?tenant_id=3163f3bafec842188bec07623a20d890&name=default 0.685s
2024-10-12 12:44:32.156 62146 INFO tempest.lib.common.rest_client [req-913fd1b2-c9e3-4c28-b230-5e843c15790f req-913fd1b2-c9e3-4c28-b230-5e843c15790f ] Request (ServerActionsTestOtherA:setUpClass): 201 POST http://10.180.1.21:9696/networking/v2.0/security-groups 0.584s
2024-10-12 12:44:32.249 62124 INFO tempest.lib.common.rest_client [req-5216216f-0424-4bc8-b055-918b03bfd6b9 req-5216216f-0424-4bc8-b055-918b03bfd6b9 ] Request (ServicesAdminNegativeV253TestJSON:tearDownClass): 200 GET http://10.180.1.21:9696/networking/v2.0/security-groups?tenant_id=ba91322690d44137a6770374b8b06eae&name=default 0.660s
2024-10-12 12:44:32.363 62150 INFO tempest.lib.common.rest_client [req-13faf032-49ac-4525-83a4-a3ca353babba req-13faf032-49ac-4525-83a4-a3ca353babba ] Request (ServersTestFqdnHostnames:setUpClass): 201 POST http://10.180.1.21:9696/networking/v2.0/routers 3.057s
2024-10-12 12:44:32.443 62148 INFO tempest.lib.common.rest_client [req-f20d3fe1-804f-4cd3-8a65-c3f23c0c8aad req-f20d3fe1-804f-4cd3-8a65-c3f23c0c8aad ] Request (QuotasAdminTestV236:tearDownClass): 204 DELETE http://10.180.1.21:9696/networking/v2.0/security-groups/088b503e-68d3-4b66-9c6b-f912760ff282 0.393s
2024-10-12 12:44:32.527 62148 INFO tempest.lib.common.rest_client [req-09824318-dba8-4e15-97f8-472b71efbfdd req-09824318-dba8-4e15-97f8-472b71efbfdd ] Request (QuotasAdminTestV236:tearDownClass): 204 DELETE http://10.180.1.21/identity/v3/projects/3163f3bafec842188bec07623a20d890 0.083s
2024-10-12 12:44:32.545 62124 INFO tempest.lib.common.rest_client [req-5facea54-d5c2-4673-b054-e91fd37c795b req-5facea54-d5c2-4673-b054-e91fd37c795b ] Request (ServicesAdminNegativeV253TestJSON:tearDownClass): 204 DELETE http://10.180.1.21:9696/networking/v2.0/security-groups/3401ecae-047b-431a-aa1a-53b35ae7137e 0.296s
2024-10-12 12:44:32.591 62148 INFO tempest.lib.common.rest_client [req-9a968108-b5e5-47d4-a2b0-c33ad7d525e8 req-9a968108-b5e5-47d4-a2b0-c33ad7d525e8 ] Request (ImagesDeleteNegativeTestJSON:setUpClass): 201 POST http://10.180.1.21/identity/v3/auth/tokens 0.062s
2024-10-12 12:44:32.625 62148 INFO tempest.lib.common.rest_client [req-89a3a2ab-035f-437d-ba62-d7ad6c04f250 req-89a3a2ab-035f-437d-ba62-d7ad6c04f250 ] Request (ImagesDeleteNegativeTestJSON:setUpClass): 201 POST http://10.180.1.21/identity/v3/auth/tokens 0.030s
2024-10-12 12:44:32.648 62124 INFO tempest.lib.common.rest_client [req-432ba381-ade0-4643-bbf9-252a97ded681 req-432ba381-ade0-4643-bbf9-252a97ded681 ] Request (ServicesAdminNegativeV253TestJSON:tearDownClass): 204 DELETE http://10.180.1.21/identity/v3/projects/ba91322690d44137a6770374b8b06eae 0.103s
2024-10-12 12:44:32.674 62148 INFO tempest.lib.common.rest_client [req-14ec3879-1e2d-4409-9d81-051c09d43488 req-14ec3879-1e2d-4409-9d81-051c09d43488 ] Request (ImagesDeleteNegativeTestJSON:setUpClass): 200 GET http://10.180.1.21/identity/v3/domains?name=Default 0.048s
2024-10-12 12:44:32.678 62124 INFO tempest.lib.common.rest_client [req-fda7ece1-40ed-42c9-a4e6-1efeb3323af6 req-fda7ece1-40ed-42c9-a4e6-1efeb3323af6 ] Request (VolumesSnapshotsTestJSON:setUpClass): 201 POST http://10.180.1.21/identity/v3/auth/tokens 0.028s
2024-10-12 12:44:32.709 62148 INFO tempest.lib.common.rest_client [req-710fe69c-e97a-4c31-a73a-ece086f61617 req-710fe69c-e97a-4c31-a73a-ece086f61617 ] Request (ImagesDeleteNegativeTestJSON:setUpClass): 201 POST http://10.180.1.21/identity/v3/projects 0.035s
2024-10-12 12:44:32.753 62124 INFO tempest.lib.common.rest_client [req-0a5ee3d6-6c1b-4ef2-a3d6-133e156a6c94 req-0a5ee3d6-6c1b-4ef2-a3d6-133e156a6c94 ] Request (VolumesSnapshotsTestJSON:setUpClass): 201 POST http://10.180.1.21/identity/v3/auth/tokens 0.072s
2024-10-12 12:44:32.766 62148 INFO tempest.lib.common.rest_client [req-914e2826-b571-4c23-acc5-ff54519a7299 req-914e2826-b571-4c23-acc5-ff54519a7299 ] Request (ImagesDeleteNegativeTestJSON:setUpClass): 201 POST http://10.180.1.21/identity/v3/users 0.057s
2024-10-12 12:44:32.777 62124 INFO tempest.lib.common.rest_client [req-e7e6af17-f3eb-495e-9030-9fb8ca5e9e95 req-e7e6af17-f3eb-495e-9030-9fb8ca5e9e95 ] Request (VolumesSnapshotsTestJSON:setUpClass): 200 GET http://10.180.1.21/identity/v3/domains?name=Default 0.024s
2024-10-12 12:44:32.783 62148 INFO tempest.lib.common.rest_client [req-a18c6b34-c791-448d-b5c0-543e36603289 req-a18c6b34-c791-448d-b5c0-543e36603289 ] Request (ImagesDeleteNegativeTestJSON:setUpClass): 200 GET http://10.180.1.21/identity/v3/roles 0.016s
2024-10-12 12:44:32.812 62148 INFO tempest.lib.common.rest_client [req-0b7cff9d-8780-4e97-bd5f-733dad19e16d req-0b7cff9d-8780-4e97-bd5f-733dad19e16d ] Request (ImagesDeleteNegativeTestJSON:setUpClass): 204 PUT http://10.180.1.21/identity/v3/projects/4e9ed3e789934324bd4bb40580a5ba1b/users/72d76d3e7aab46edb11d6ea675c198d4/roles/1309b30070324f1080607204afda10dc 0.028s
2024-10-12 12:44:32.812 62148 INFO tempest.lib.common.dynamic_creds [-] Dynamic test user 72d76d3e7aab46edb11d6ea675c198d4 is created with scope project and roles: ['member']
2024-10-12 12:44:32.812 62148 INFO tempest.lib.common.dynamic_creds [-] Acquired dynamic creds: credentials: Credentials: {'domain_id': 'default', 'domain_name': 'Default', 'username': 'tempest-ImagesDeleteNegativeTestJSON-934836349-project-member', 'project_domain_id': 'default', 'project_domain_name': 'Default', 'project_id': '4e9ed3e789934324bd4bb40580a5ba1b', 'project_name': 'tempest-ImagesDeleteNegativeTestJSON-934836349', 'tenant_id': '4e9ed3e789934324bd4bb40580a5ba1b', 'tenant_name': 'tempest-ImagesDeleteNegativeTestJSON-934836349', 'user_domain_id': 'default', 'user_domain_name': 'Default', 'user_id': '72d76d3e7aab46edb11d6ea675c198d4', 'system': None}, Network: None, Subnet: None, Router: None
2024-10-12 12:44:32.812 62148 INFO tempest.lib.common.dynamic_creds [-] Created isolated network resources for: credentials: Credentials: {'domain_id': 'default', 'domain_name': 'Default', 'username': 'tempest-ImagesDeleteNegativeTestJSON-934836349-project-member', 'project_domain_id': 'default', 'project_domain_name': 'Default', 'project_id': '4e9ed3e789934324bd4bb40580a5ba1b', 'project_name': 'tempest-ImagesDeleteNegativeTestJSON-934836349', 'tenant_id': '4e9ed3e789934324bd4bb40580a5ba1b', 'tenant_name': 'tempest-ImagesDeleteNegativeTestJSON-934836349', 'user_domain_id': 'default', 'user_domain_name': 'Default', 'user_id': '72d76d3e7aab46edb11d6ea675c198d4', 'system': None}, Network: None, Subnet: None, Router: None
2024-10-12 12:44:32.818 62124 INFO tempest.lib.common.rest_client [req-34c2d7c2-4d61-4ec0-b995-0f4fc5425e1f req-34c2d7c2-4d61-4ec0-b995-0f4fc5425e1f ] Request (VolumesSnapshotsTestJSON:setUpClass): 201 POST http://10.180.1.21/identity/v3/projects 0.040s
2024-10-12 12:44:32.847 62122 INFO tempest.lib.common.rest_client [req-b16f9ad9-5dbd-4a8c-aa5c-3835147d2644 req-b16f9ad9-5dbd-4a8c-aa5c-3835147d2644 ] Request (AggregatesAdminNegativeTestJSON:tearDownClass): 200 GET http://10.180.1.21:9696/networking/v2.0/security-groups?tenant_id=9deeab662ce9464385fc2261c12b67ee&name=default 1.042s
2024-10-12 12:44:32.868 62112 INFO tempest.lib.common.rest_client [req-24bc0894-8acd-45b1-96da-36066af1a9ea req-24bc0894-8acd-45b1-96da-36066af1a9ea ] Request (ServersV294TestFqdnHostnames:setUpClass): 201 POST http://10.180.1.21:9696/networking/v2.0/subnets 1.462s
2024-10-12 12:44:32.889 62124 INFO tempest.lib.common.rest_client [req-6d6e1328-8069-4924-8c31-7f0b45bba240 req-6d6e1328-8069-4924-8c31-7f0b45bba240 ] Request (VolumesSnapshotsTestJSON:setUpClass): 201 POST http://10.180.1.21/identity/v3/users 0.070s
2024-10-12 12:44:32.894 62148 INFO tempest.lib.common.rest_client [req-98c3b60f-59a0-42f5-acaa-4a8909c27771 req-98c3b60f-59a0-42f5-acaa-4a8909c27771 ] Request (ImagesDeleteNegativeTestJSON:setUpClass): 201 POST http://10.180.1.21/identity/v3/auth/tokens 0.076s
2024-10-12 12:44:32.908 62124 INFO tempest.lib.common.rest_client [req-a16afffe-3cfd-49b8-bbf2-188e58220555 req-a16afffe-3cfd-49b8-bbf2-188e58220555 ] Request (VolumesSnapshotsTestJSON:setUpClass): 200 GET http://10.180.1.21/identity/v3/roles 0.018s
2024-10-12 12:44:32.931 62124 INFO tempest.lib.common.rest_client [req-a370a14d-d607-42ce-9a8c-2c4466e4bbf5 req-a370a14d-d607-42ce-9a8c-2c4466e4bbf5 ] Request (VolumesSnapshotsTestJSON:setUpClass): 204 PUT http://10.180.1.21/identity/v3/projects/163efe3411e34e56abab41f2b52f4c22/users/3cad8c4f49c74652a7bb357749ec3568/roles/1309b30070324f1080607204afda10dc 0.023s
2024-10-12 12:44:32.931 62124 INFO tempest.lib.common.dynamic_creds [-] Dynamic test user 3cad8c4f49c74652a7bb357749ec3568 is created with scope project and roles: ['member']
2024-10-12 12:44:32.932 62124 INFO tempest.lib.common.dynamic_creds [-] Acquired dynamic creds: credentials: Credentials: {'domain_id': 'default', 'domain_name': 'Default', 'username': 'tempest-VolumesSnapshotsTestJSON-845511974-project-member', 'project_domain_id': 'default', 'project_domain_name': 'Default', 'project_id': '163efe3411e34e56abab41f2b52f4c22', 'project_name': 'tempest-VolumesSnapshotsTestJSON-845511974', 'tenant_id': '163efe3411e34e56abab41f2b52f4c22', 'tenant_name': 'tempest-VolumesSnapshotsTestJSON-845511974', 'user_domain_id': 'default', 'user_domain_name': 'Default', 'user_id': '3cad8c4f49c74652a7bb357749ec3568', 'system': None}, Network: None, Subnet: None, Router: None
2024-10-12 12:44:32.932 62124 INFO tempest.lib.common.dynamic_creds [-] Created isolated network resources for: credentials: Credentials: {'domain_id': 'default', 'domain_name': 'Default', 'username': 'tempest-VolumesSnapshotsTestJSON-845511974-project-member', 'project_domain_id': 'default', 'project_domain_name': 'Default', 'project_id': '163efe3411e34e56abab41f2b52f4c22', 'project_name': 'tempest-VolumesSnapshotsTestJSON-845511974', 'tenant_id': '163efe3411e34e56abab41f2b52f4c22', 'tenant_name': 'tempest-VolumesSnapshotsTestJSON-845511974', 'user_domain_id': 'default', 'user_domain_name': 'Default', 'user_id': '3cad8c4f49c74652a7bb357749ec3568', 'system': None}, Network: None, Subnet: None, Router: None
2024-10-12 12:44:32.958 62134 INFO tempest.lib.common.rest_client [req-d17e7180-6214-4d96-a321-183cb644c245 req-d17e7180-6214-4d96-a321-183cb644c245 ] Request (ImagesNegativeTestJSON:setUpClass): 201 POST http://10.180.1.21:9696/networking/v2.0/networks 1.632s
2024-10-12 12:44:32.995 62146 INFO tempest.lib.common.rest_client [req-371c2e14-4bec-4eec-8ee6-f69cfb28a822 req-371c2e14-4bec-4eec-8ee6-f69cfb28a822 ] Request (ServerActionsTestOtherA:setUpClass): 201 POST http://10.180.1.21:9696/networking/v2.0/security-group-rules 0.838s
2024-10-12 12:44:33.003 62124 INFO tempest.lib.common.rest_client [req-c44486f9-35e5-4642-8edf-a9436c57592e req-c44486f9-35e5-4642-8edf-a9436c57592e ] Request (VolumesSnapshotsTestJSON:setUpClass): 201 POST http://10.180.1.21/identity/v3/auth/tokens 0.068s
2024-10-12 12:44:33.258 62122 INFO tempest.lib.common.rest_client [req-d349fec2-44c5-4a36-9af7-b8446be564c4 req-d349fec2-44c5-4a36-9af7-b8446be564c4 ] Request (AggregatesAdminNegativeTestJSON:tearDownClass): 204 DELETE http://10.180.1.21:9696/networking/v2.0/security-groups/70f1095d-3200-49fe-bea5-09536d141613 0.411s
2024-10-12 12:44:33.311 62152 INFO tempest.lib.common.rest_client [req-ff525b4b-1ade-4cd9-9ffb-7edf44b81b24 req-ff525b4b-1ade-4cd9-9ffb-7edf44b81b24 ] Request (AttachInterfacesUnderV243Test:test_add_remove_fixed_ip): 202 POST http://10.180.1.21/compute/v2.1/servers 2.968s
2024-10-12 12:44:33.348 62122 INFO tempest.lib.common.rest_client [req-873e238b-fb07-48db-9695-76a2a7993b33 req-873e238b-fb07-48db-9695-76a2a7993b33 ] Request (AggregatesAdminNegativeTestJSON:tearDownClass): 204 DELETE http://10.180.1.21/identity/v3/projects/9deeab662ce9464385fc2261c12b67ee 0.089s
2024-10-12 12:44:33.348 62122 INFO tempest.lib.common.dynamic_creds [-] Deleting project and security group for project: f092d562ec5049dfbb44c55ee3934e4e
2024-10-12 12:44:33.420 62164 INFO tempest.lib.common.rest_client [req-b4f2dbf2-0812-434d-9da5-ec2a44a6d597 req-b4f2dbf2-0812-434d-9da5-ec2a44a6d597 ] Request (ListServerFiltersTestJSON:setUpClass): 200 GET http://10.180.1.21/compute/v2.1/servers/45e2004d-731b-4002-84b2-3f9138c09663 2.957s
2024-10-12 12:44:33.433 62142 INFO tempest.lib.common.rest_client [req-897449fa-af6c-40b0-b355-228cd513b847 req-897449fa-af6c-40b0-b355-228cd513b847 ] Request (ServersTestJSON:setUpClass): 202 POST http://10.180.1.21/compute/v2.1/servers 2.994s
2024-10-12 12:44:33.456 62146 INFO tempest.lib.common.rest_client [req-719bbda5-6130-45b6-a470-c687de263534 req-719bbda5-6130-45b6-a470-c687de263534 ] Request (ServerActionsTestOtherA:setUpClass): 201 POST http://10.180.1.21:9696/networking/v2.0/security-group-rules 0.461s
2024-10-12 12:44:33.661 62134 INFO tempest.lib.common.rest_client [req-bd4d82e0-2bf3-4dfb-a535-73844c73974f req-bd4d82e0-2bf3-4dfb-a535-73844c73974f ] Request (ImagesNegativeTestJSON:setUpClass): 201 POST http://10.180.1.21:9696/networking/v2.0/subnets 0.703s
2024-10-12 12:44:33.701 62122 INFO tempest.lib.common.rest_client [req-753bf4ba-7038-4476-8669-8c88209bcf01 req-753bf4ba-7038-4476-8669-8c88209bcf01 ] Request (AggregatesAdminNegativeTestJSON:tearDownClass): 200 GET http://10.180.1.21:9696/networking/v2.0/security-groups?tenant_id=f092d562ec5049dfbb44c55ee3934e4e&name=default 0.353s
2024-10-12 12:44:33.896 62130 INFO tempest.lib.common.rest_client [req-ed30a550-3999-41bf-8dc5-4d27c7ef5e73 req-ed30a550-3999-41bf-8dc5-4d27c7ef5e73 ] Request (AbsoluteLimitsNegativeTestJSON:test_max_metadata_exceed_limit): 403 POST http://10.180.1.21/compute/v2.1/servers 3.355s
2024-10-12 12:44:33.915 62126 INFO tempest.lib.common.rest_client [req-b20313cf-698e-4aa5-9728-11ece1bbc59d req-b20313cf-698e-4aa5-9728-11ece1bbc59d ] Request (FlavorsAdminTestJSON:_run_cleanups): 200 GET http://10.180.1.21/compute/v2.1/flavors/detail 3.288s
2024-10-12 12:44:33.926 62144 INFO tempest.lib.common.rest_client [req-603a9263-2ddf-4ec4-9731-3ec98c0c4fe3 req-603a9263-2ddf-4ec4-9731-3ec98c0c4fe3 ] Request (ServersTestManualDisk:setUpClass): 201 POST http://10.180.1.21:9696/networking/v2.0/floatingips 2.521s
2024-10-12 12:44:34.015 62162 INFO tempest.lib.common.rest_client [req-27c05549-f181-4eb4-857b-5ee24e9231ba req-27c05549-f181-4eb4-857b-5ee24e9231ba ] Request (SecurityGroupRulesNegativeTestJSON:tearDownClass): 202 DELETE http://10.180.1.21/compute/v2.1/os-security-groups/0e1d652c-0a60-412e-90fa-1fb56ddccd1c 3.495s
2024-10-12 12:44:34.022 62144 INFO tempest.lib.common.rest_client [req-16361c0b-3d11-40a9-a5e1-10737a9e0f27 req-16361c0b-3d11-40a9-a5e1-10737a9e0f27 ] Request (ServersTestManualDisk:setUpClass): 201 POST http://10.180.1.21/identity/v3/auth/tokens 0.091s
2024-10-12 12:44:34.022 62144 INFO tempest.lib.common.fixed_network [-] (ServersTestManualDisk:setUpClass) Found network {'id': 'bb2b008d-4ed8-44b0-9cc1-66e0e9979a36', 'name': 'tempest-ServersTestManualDisk-1925946681-network', 'tenant_id': '6fb37213d58b438789aab75774bc9c0b', 'admin_state_up': True, 'mtu': 8950, 'status': 'ACTIVE', 'subnets': [], 'shared': False, 'project_id': '6fb37213d58b438789aab75774bc9c0b', 'port_security_enabled': True, 'router:external': False, 'provider:network_type': 'vlan', 'provider:physical_network': 'default', 'provider:segmentation_id': 571, 'is_default': False, 'availability_zone_hints': [], 'availability_zones': [], 'ipv4_address_scope': None, 'ipv6_address_scope': None, 'description': '', 'tags': [], 'created_at': '2024-10-12T12:44:21Z', 'updated_at': '2024-10-12T12:44:21Z', 'revision_number': 1} available for tenant
2024-10-12 12:44:34.024 62136 INFO tempest.lib.common.rest_client [req-cbf1bcc7-aa2a-462c-bf2a-b01d34b77fa3 req-cbf1bcc7-aa2a-462c-bf2a-b01d34b77fa3 ] Request (ImagesOneServerTestJSON:setUpClass): 200 GET http://10.180.1.21/compute/v2.1/servers/ac5df149-83db-481a-a240-e5cf08fdbff9 3.257s
2024-10-12 12:44:34.061 62130 INFO tempest.lib.common.rest_client [req-67ff6951-d1a9-4780-918f-646372487fd6 req-67ff6951-d1a9-4780-918f-646372487fd6 ] Request (AbsoluteLimitsNegativeTestJSON:tearDownClass): 204 DELETE http://10.180.1.21/identity/v3/users/d7ae44ea18aa46ed8ff6abb6a145f76f 0.163s
2024-10-12 12:44:34.061 62130 INFO tempest.lib.common.dynamic_creds [-] Deleting project and security group for project: 905c9f41806245efacfec51dbf97f3bb
2024-10-12 12:44:34.134 62132 INFO tempest.lib.common.rest_client [req-b20ab73b-c6a3-4e66-99df-02d4abd6b904 req-b20ab73b-c6a3-4e66-99df-02d4abd6b904 ] Request (ServersWithSpecificFlavorTestJSON:test_verify_created_server_ephemeral_disk): 200 GET http://10.180.1.21/compute/v2.1/servers/c3f0399f-543c-4ab7-8854-b5f7f012fdd2 3.286s
2024-10-12 12:44:34.142 62130 INFO tempest.lib.common.rest_client [req-84e60abc-d688-45aa-b1ab-56a826d1a73e req-84e60abc-d688-45aa-b1ab-56a826d1a73e ] Request (AbsoluteLimitsNegativeTestJSON:tearDownClass): 201 POST http://10.180.1.21/identity/v3/auth/tokens 0.080s
2024-10-12 12:44:34.166 62166 INFO tempest.lib.common.rest_client [req-5af1bb29-81dd-450f-af20-e881e601390c req-5af1bb29-81dd-450f-af20-e881e601390c ] Request (MultipleCreateTestJSON:test_multiple_create): 200 GET http://10.180.1.21/compute/v2.1/servers 3.191s
2024-10-12 12:44:34.207 62122 INFO tempest.lib.common.rest_client [req-30c5012a-5bad-49bd-b2a7-e507cb8144fd req-30c5012a-5bad-49bd-b2a7-e507cb8144fd ] Request (AggregatesAdminNegativeTestJSON:tearDownClass): 204 DELETE http://10.180.1.21:9696/networking/v2.0/security-groups/fc26aaf4-ad67-4b38-9525-d56a06a3078f 0.505s
2024-10-12 12:44:34.232 62118 INFO tempest.lib.common.rest_client [req-11f70d1d-daf7-454b-8803-38f328bae593 req-11f70d1d-daf7-454b-8803-38f328bae593 ] Request (ServerActionsTestJSON:setUpClass): 200 GET http://10.180.1.21/compute/v2.1/servers/f911465c-277a-41ee-a6b5-0e3b85185b56 3.247s
2024-10-12 12:44:34.261 62158 INFO tempest.lib.common.rest_client [req-4814086a-26bd-4510-b02e-14cf265f8158 req-4814086a-26bd-4510-b02e-14cf265f8158 ] Request (SecurityGroupsTestJSON:setUpClass): 200 PUT http://10.180.1.21:9696/networking/v2.0/routers/f8b836e0-abfc-46c5-8496-f62b9be943e5/add_router_interface 4.366s
2024-10-12 12:44:34.261 62158 INFO tempest.lib.common.dynamic_creds [-] Created isolated network resources for: credentials: Credentials: {'domain_id': 'default', 'domain_name': 'Default', 'username': 'tempest-SecurityGroupsTestJSON-1602396988-project-member', 'project_domain_id': 'default', 'project_domain_name': 'Default', 'project_id': 'f840df7fdbbd499cb6a10bf63ad3c837', 'project_name': 'tempest-SecurityGroupsTestJSON-1602396988', 'tenant_id': 'f840df7fdbbd499cb6a10bf63ad3c837', 'tenant_name': 'tempest-SecurityGroupsTestJSON-1602396988', 'user_domain_id': 'default', 'user_domain_name': 'Default', 'user_id': 'ae1ff5effba94a5883456b6115e6c5d0', 'system': None}, Network: {'id': '55ecbbe4-0b61-4064-8187-e30c1e444949', 'name': 'tempest-SecurityGroupsTestJSON-176665084-network', 'tenant_id': 'f840df7fdbbd499cb6a10bf63ad3c837', 'admin_state_up': True, 'mtu': 8950, 'status': 'ACTIVE', 'subnets': [], 'shared': False, 'project_id': 'f840df7fdbbd499cb6a10bf63ad3c837', 'port_security_enabled': True, 'router:external': False, 'provider:network_type': 'vlan', 'provider:physical_network': 'default', 'provider:segmentation_id': 615, 'is_default': False, 'availability_zone_hints': [], 'availability_zones': [], 'ipv4_address_scope': None, 'ipv6_address_scope': None, 'description': '', 'tags': [], 'created_at': '2024-10-12T12:44:25Z', 'updated_at': '2024-10-12T12:44:25Z', 'revision_number': 1}, Subnet: {'id': '84f28b3f-b64f-4731-ab8a-3ceed312adfe', 'name': 'tempest-SecurityGroupsTestJSON-176665084-subnet', 'tenant_id': 'f840df7fdbbd499cb6a10bf63ad3c837', 'network_id': '55ecbbe4-0b61-4064-8187-e30c1e444949', 'ip_version': 4, 'subnetpool_id': None, 'enable_dhcp': True, 'ipv6_ra_mode': None, 'ipv6_address_mode': None, 'gateway_ip': '192.168.128.1', 'cidr': '192.168.128.0/28', 'allocation_pools': [{'start': '192.168.128.2', 'end': '192.168.128.14'}], 'host_routes': [], 'dns_nameservers': [], 'description': '', 'router:external': False, 'service_types': [], 'tags': [], 'created_at': '2024-10-12T12:44:25Z', 'updated_at': '2024-10-12T12:44:25Z', 'revision_number': 0, 'project_id': 'f840df7fdbbd499cb6a10bf63ad3c837'}, Router: {'id': 'f8b836e0-abfc-46c5-8496-f62b9be943e5', 'name': 'tempest-SecurityGroupsTestJSON-176665084-router', 'tenant_id': 'f840df7fdbbd499cb6a10bf63ad3c837', 'admin_state_up': True, 'status': 'ACTIVE', 'external_gateway_info': {'network_id': '47d64eaa-705c-4414-a466-78eb9875ec73', 'external_fixed_ips': [{'subnet_id': 'a65d464d-d78c-4077-882e-25e500e2f8e4', 'ip_address': '10.180.180.253'}], 'enable_snat': True}, 'description': '', 'availability_zones': [], 'distributed': False, 'ha': False, 'availability_zone_hints': [], 'routes': [], 'flavor_id': None, 'tags': [], 'created_at': '2024-10-12T12:44:26Z', 'updated_at': '2024-10-12T12:44:28Z', 'revision_number': 2, 'project_id': 'f840df7fdbbd499cb6a10bf63ad3c837'}
2024-10-12 12:44:34.266 62138 INFO tempest.lib.common.rest_client [req-5c7439ae-2c03-422e-a754-ce2771728fa4 req-5c7439ae-2c03-422e-a754-ce2771728fa4 ] Request (ServersAdminTestJSON:setUpClass): 200 GET http://10.180.1.21/compute/v2.1/servers/b747d6e6-1b07-4a7d-93ea-e8bb2b74d2f7 2.941s
2024-10-12 12:44:34.277 62138 INFO tempest.common.waiters [-] State transition "BUILD/scheduling" ==> "ERROR/None" after 40 second wait
2024-10-12 12:44:34.310 62122 INFO tempest.lib.common.rest_client [req-701073f3-b991-461a-8a35-a74c50132222 req-701073f3-b991-461a-8a35-a74c50132222 ] Request (AggregatesAdminNegativeTestJSON:tearDownClass): 204 DELETE http://10.180.1.21/identity/v3/projects/f092d562ec5049dfbb44c55ee3934e4e 0.102s
2024-10-12 12:44:34.350 62140 INFO tempest.lib.common.rest_client [req-796efab4-22b7-4118-9bf0-d37a0d31bfa6 req-796efab4-22b7-4118-9bf0-d37a0d31bfa6 ] Request (ServerGroupTestJSON:test_create_delete_server_group_with_affinity_policy): 200 POST http://10.180.1.21/compute/v2.1/os-server-groups 2.841s
2024-10-12 12:44:34.367 62104 INFO tempest.lib.common.rest_client [req-d9eafcae-2fd2-4ab8-8cd3-f0cef5e661e9 req-d9eafcae-2fd2-4ab8-8cd3-f0cef5e661e9 ] Request (ServerMetadataNegativeTestJSON:setUpClass): 200 GET http://10.180.1.21/compute/v2.1/servers/11292ffa-0db5-4d70-a3c1-31b81bf4182e 2.759s
