2024-10-12 12:45:53.491 62134 INFO tempest.lib.common.rest_client [req-4997c5a2-1cac-43d2-9087-13461f698f31 req-4997c5a2-1cac-43d2-9087-13461f698f31 ] Request (ImagesNegativeTestJSON:test_create_image_from_deleted_server): 200 GET http://10.180.1.21/compute/v2.1/servers/9ffe4fa1-4239-435b-ac7e-648cec92af65 0.069s
2024-10-12 12:45:53.512 62152 INFO tempest.lib.common.rest_client [req-7988a2f2-e435-4a23-ae3e-0c95d5c43834 req-7988a2f2-e435-4a23-ae3e-0c95d5c43834 ] Request (MultipleCreateNegativeTestJSON:test_max_count_non_integer): 201 POST http://10.180.1.21/identity/v3/auth/tokens 0.028s
2024-10-12 12:45:53.512 62152 INFO tempest.lib.common.fixed_network [-] (MultipleCreateNegativeTestJSON:test_max_count_non_integer) Found network None available for tenant
2024-10-12 12:45:53.523 62160 INFO tempest.lib.common.rest_client [req-f2d07806-c734-4fa3-8d66-6a228c9f52a5 req-f2d07806-c734-4fa3-8d66-6a228c9f52a5 ] Request (AttachInterfacesTestJSON:test_create_list_show_delete_interfaces_by_fixed_ip): 200 GET http://10.180.1.21/compute/v2.1/servers/311a8d4f-68dc-4e0c-acdb-d3929afb9a1b 0.047s
2024-10-12 12:45:53.530 62152 INFO tempest.lib.common.rest_client [req-b9306815-d612-47d5-bf61-817bdde22e52 req-b9306815-d612-47d5-bf61-817bdde22e52 ] Request (MultipleCreateNegativeTestJSON:test_max_count_non_integer): 400 POST http://10.180.1.21/compute/v2.1/servers 0.017s
2024-10-12 12:45:53.539 62164 INFO tempest.lib.common.rest_client [req-ab78f22d-3b19-4927-91a9-a6c10752ad4c req-ab78f22d-3b19-4927-91a9-a6c10752ad4c ] Request (ServersAaction247Test:test_create_backup): 200 GET http://10.180.1.21/compute/v2.1/servers/d0db58a5-d773-4e45-a238-07cfc156bdd2 0.046s
2024-10-12 12:45:53.557 62152 INFO tempest.lib.common.rest_client [req-f42b1c79-c74d-49bf-ac6a-db782a495ee6 req-f42b1c79-c74d-49bf-ac6a-db782a495ee6 ] Request (MultipleCreateNegativeTestJSON:test_min_count_less_than_one): 201 POST http://10.180.1.21/identity/v3/auth/tokens 0.023s
2024-10-12 12:45:53.557 62152 INFO tempest.lib.common.fixed_network [-] (MultipleCreateNegativeTestJSON:test_min_count_less_than_one) Found network None available for tenant
2024-10-12 12:45:53.577 62116 INFO tempest.lib.common.rest_client [req-ab82457f-f712-4c99-bedb-20321ac60116 req-ab82457f-f712-4c99-bedb-20321ac60116 ] Request (ServerDiagnosticsNegativeTest:test_get_server_diagnostics_by_non_admin): 200 GET http://10.180.1.21/compute/v2.1/servers/5e97f142-b5c0-4318-9a35-085234d1cb64 0.046s
2024-10-12 12:45:53.582 62152 INFO tempest.lib.common.rest_client [req-fd0de575-07a0-4e83-b1b2-8925167d6ce1 req-fd0de575-07a0-4e83-b1b2-8925167d6ce1 ] Request (MultipleCreateNegativeTestJSON:test_min_count_less_than_one): 400 POST http://10.180.1.21/compute/v2.1/servers 0.024s
2024-10-12 12:45:53.587 62120 INFO tempest.lib.common.rest_client [req-d4e67025-ea56-4569-8104-ecc2550ef96a req-d4e67025-ea56-4569-8104-ecc2550ef96a ] Request (ImagesTestJSON:test_create_image_from_suspended_server): 200 GET http://10.180.1.21/compute/v2.1/servers/aad1e5ea-5a9c-4499-8f67-2516c5c285cc 0.047s
2024-10-12 12:45:53.608 62152 INFO tempest.lib.common.rest_client [req-8e827ffe-6d76-4ce4-8bee-4e722da8e214 req-8e827ffe-6d76-4ce4-8bee-4e722da8e214 ] Request (MultipleCreateNegativeTestJSON:test_min_count_non_integer): 201 POST http://10.180.1.21/identity/v3/auth/tokens 0.023s
2024-10-12 12:45:53.609 62152 INFO tempest.lib.common.fixed_network [-] (MultipleCreateNegativeTestJSON:test_min_count_non_integer) Found network None available for tenant
2024-10-12 12:45:53.637 62162 INFO tempest.lib.common.rest_client [req-844f5757-65d1-4f16-8455-5c6f06c82543 req-844f5757-65d1-4f16-8455-5c6f06c82543 ] Request (ServerShowV254Test:test_rebuild_server): 200 GET http://10.180.1.21/compute/v2.1/servers/37ed9e18-8dba-459d-bc67-e3ce3f9cdaea 0.049s
2024-10-12 12:45:53.641 62126 INFO tempest.lib.common.rest_client [req-4de231bd-512e-47e1-b22b-c25b056442af req-4de231bd-512e-47e1-b22b-c25b056442af ] Request (MigrationsAdminTest:test_list_migrations_in_flavor_resize_situation): 200 GET http://10.180.1.21/compute/v2.1/servers/4d9c1c85-9d49-4c7c-bcac-f22f5842db0d 0.047s
2024-10-12 12:45:53.641 62152 INFO tempest.lib.common.rest_client [req-6d0610b8-4cfc-4dce-994a-b46728bed57e req-6d0610b8-4cfc-4dce-994a-b46728bed57e ] Request (MultipleCreateNegativeTestJSON:test_min_count_non_integer): 400 POST http://10.180.1.21/compute/v2.1/servers 0.032s
2024-10-12 12:45:53.682 62136 INFO tempest.lib.common.rest_client [req-b2c06903-0969-4480-b37c-4fa971993a81 req-b2c06903-0969-4480-b37c-4fa971993a81 ] Request (ServerAddressesTestJSON:setUpClass): 200 GET http://10.180.1.21/compute/v2.1/servers/59d2ee3a-756f-4dda-a70a-6d43aaf32049 0.054s
2024-10-12 12:45:53.722 62152 INFO tempest.lib.common.rest_client [req-c108ee29-2f1e-4db6-b1db-018b17b5e46e req-c108ee29-2f1e-4db6-b1db-018b17b5e46e ] Request (MultipleCreateNegativeTestJSON:tearDownClass): 204 DELETE http://10.180.1.21/identity/v3/users/b71edce95b804a5a898b6b40fc0ba2b1 0.080s
2024-10-12 12:45:53.723 62152 INFO tempest.lib.common.dynamic_creds [-] Deleting project and security group for project: 1e32c01f4549441cb56617111c87481a
2024-10-12 12:45:53.741 62104 INFO tempest.lib.common.rest_client [req-e87870ab-0e8f-4e3c-b90d-9c461a67e539 req-e87870ab-0e8f-4e3c-b90d-9c461a67e539 ] Request (ServerShowV247Test:test_update_rebuild_list_server): 200 GET http://10.180.1.21/compute/v2.1/servers/8656c3b8-b7b1-442a-9719-1588ee83d19b 0.051s
2024-10-12 12:45:53.742 62132 INFO tempest.lib.common.rest_client [req-3e10734e-fb2c-4420-a352-1a4b99d66238 req-3e10734e-fb2c-4420-a352-1a4b99d66238 ] Request (ServerDiagnosticsTest:test_get_server_diagnostics): 200 GET http://10.180.1.21/compute/v2.1/servers/5dab4fcf-1a5e-493a-842b-b652e99d67ba 0.058s
2024-10-12 12:45:53.775 62152 INFO tempest.lib.common.rest_client [req-2e282b4f-4b7d-4856-a96f-2a4606da11d6 req-2e282b4f-4b7d-4856-a96f-2a4606da11d6 ] Request (MultipleCreateNegativeTestJSON:tearDownClass): 201 POST http://10.180.1.21/identity/v3/auth/tokens 0.052s
2024-10-12 12:45:53.785 62148 INFO tempest.lib.common.rest_client [req-119a9fa3-1eac-4608-af5d-37fb9a4ca47e req-119a9fa3-1eac-4608-af5d-37fb9a4ca47e ] Request (AttachVolumeShelveTestJSON:test_attach_volume_shelved_or_offload_server): 200 GET http://10.180.1.21/compute/v2.1/servers/5c250675-3708-4c25-b370-6707c457357a 0.050s
2024-10-12 12:45:53.835 62138 INFO tempest.lib.common.rest_client [req-71168d02-2361-4299-adbb-2d431a39a392 req-71168d02-2361-4299-adbb-2d431a39a392 ] Request (InstanceActionsTestJSON:setUpClass): 200 GET http://10.180.1.21/compute/v2.1/servers/774e7c38-426a-441d-8252-3daa424be558 0.051s
2024-10-12 12:45:53.925 62152 INFO tempest.lib.common.rest_client [req-a517feef-ffe2-4c22-b4aa-7243747d38bc req-a517feef-ffe2-4c22-b4aa-7243747d38bc ] Request (MultipleCreateNegativeTestJSON:tearDownClass): 200 GET http://10.180.1.21:9696/networking/v2.0/security-groups?tenant_id=1e32c01f4549441cb56617111c87481a&name=default 0.150s
2024-10-12 12:45:53.929 62112 INFO tempest.lib.common.rest_client [req-0260a652-85ab-43f1-a6c2-b4086260a2b9 req-0260a652-85ab-43f1-a6c2-b4086260a2b9 ] Request (ServersV294TestFqdnHostnames:setUpClass): 200 GET http://10.180.1.21/compute/v2.1/servers/50930c54-d03e-4529-ac85-a73e9a5b4e4d 0.052s
2024-10-12 12:45:53.985 62114 INFO tempest.lib.common.rest_client [req-11bc4dde-0b5a-46a8-b10a-2d34a438e730 req-11bc4dde-0b5a-46a8-b10a-2d34a438e730 ] Request (ListImageFiltersTestJSON:setUpClass): 200 GET http://10.180.1.21/compute/v2.1/servers/8cb463ed-d4d2-4ab5-a6f5-5a8df22c07ce 0.056s
2024-10-12 12:45:53.985 62144 INFO tempest.lib.common.rest_client [req-696b644b-517f-4ecc-88a8-46c175416d14 req-696b644b-517f-4ecc-88a8-46c175416d14 ] Request (ServersTestManualDisk:setUpClass): 200 GET http://10.180.1.21/compute/v2.1/servers/ba4cc401-7ae3-40bc-996c-13741a65d991 0.054s
2024-10-12 12:45:54.013 62152 INFO tempest.lib.common.rest_client [req-3549a2e0-ac7d-4b18-b02d-07c93c0647e5 req-3549a2e0-ac7d-4b18-b02d-07c93c0647e5 ] Request (MultipleCreateNegativeTestJSON:tearDownClass): 204 DELETE http://10.180.1.21:9696/networking/v2.0/security-groups/05751963-c6b9-4f54-a649-6d6260142930 0.087s
2024-10-12 12:45:54.039 62154 INFO tempest.lib.common.rest_client [req-ad7b6089-ba70-48c0-b596-ca181d2cee2e req-ad7b6089-ba70-48c0-b596-ca181d2cee2e ] Request (AttachVolumeTestJSON:test_attach_detach_volume): 200 GET http://10.180.1.21/compute/v2.1/servers/ab18091f-bab5-4926-b7a0-1f0e005bebe0 0.054s
2024-10-12 12:45:54.044 62142 INFO tempest.lib.common.rest_client [req-445a39f6-2253-4685-993a-aebf4f58a38f req-445a39f6-2253-4685-993a-aebf4f58a38f ] Request (ServersTestJSON:setUpClass): 200 GET http://10.180.1.21/compute/v2.1/servers/d25df58d-4b66-4aa4-9d07-205f36e61775 0.054s
2024-10-12 12:45:54.050 62142 INFO tempest.common.waiters [-] State transition "BUILD/spawning" ==> "BUILD/scheduling" after 79 second wait
2024-10-12 12:45:54.069 62152 INFO tempest.lib.common.rest_client [req-b7fea51e-15fd-48e7-871b-ad560c7c3b34 req-b7fea51e-15fd-48e7-871b-ad560c7c3b34 ] Request (MultipleCreateNegativeTestJSON:tearDownClass): 204 DELETE http://10.180.1.21/identity/v3/projects/1e32c01f4549441cb56617111c87481a 0.056s
2024-10-12 12:45:54.084 62150 INFO tempest.lib.common.rest_client [req-e8785e9e-7af2-45b2-bb2b-fb5d58e6d3b1 req-e8785e9e-7af2-45b2-bb2b-fb5d58e6d3b1 ] Request (ServersTestFqdnHostnames:test_create_server_with_fqdn_name): 200 GET http://10.180.1.21/compute/v2.1/servers/8f8ea2ec-31fe-4726-8f84-89251c138d44 0.053s
2024-10-12 12:45:54.118 62130 INFO tempest.lib.common.rest_client [req-5df26173-bdd6-4656-826d-68544fe6bd82 req-5df26173-bdd6-4656-826d-68544fe6bd82 ] Request (ServersTestBootFromVolume:setUpClass): 200 GET http://10.180.1.21/compute/v2.1/servers/69d292d9-2330-47ac-94d4-6797abb8c167 0.046s
2024-10-12 12:45:54.122 62152 INFO tempest.lib.common.rest_client [req-e15be470-c26c-4c57-981b-bf9477812d75 req-e15be470-c26c-4c57-981b-bf9477812d75 ] Request (ServersListShow296Test:setUpClass): 201 POST http://10.180.1.21/identity/v3/auth/tokens 0.051s
2024-10-12 12:45:54.148 62152 INFO tempest.lib.common.rest_client [req-c2ce3a85-b2ed-4633-9aec-2627defaa93e req-c2ce3a85-b2ed-4633-9aec-2627defaa93e ] Request (ServersListShow296Test:setUpClass): 201 POST http://10.180.1.21/identity/v3/auth/tokens 0.024s
2024-10-12 12:45:54.165 62152 INFO tempest.lib.common.rest_client [req-09e0f4f1-286d-4250-9e14-9973fabae179 req-09e0f4f1-286d-4250-9e14-9973fabae179 ] Request (ServersListShow296Test:setUpClass): 200 GET http://10.180.1.21/identity/v3/domains?name=Default 0.017s
2024-10-12 12:45:54.183 62146 INFO tempest.lib.common.rest_client [req-949fe8ad-0362-4108-8dc6-8af8fbf0affb req-949fe8ad-0362-4108-8dc6-8af8fbf0affb ] Request (ServerActionsTestOtherA:setUpClass): 200 GET http://10.180.1.21/compute/v2.1/servers/013fc4b2-95f7-439e-b82b-da2265ccf736 0.050s
2024-10-12 12:45:54.188 62152 INFO tempest.lib.common.rest_client [req-6cc8b797-1b8b-4fcd-afc7-61166967f9ea req-6cc8b797-1b8b-4fcd-afc7-61166967f9ea ] Request (ServersListShow296Test:setUpClass): 201 POST http://10.180.1.21/identity/v3/projects 0.023s
2024-10-12 12:45:54.212 62110 INFO tempest.lib.common.rest_client [req-3c4f297d-6467-4529-afbd-29f53be1d626 req-3c4f297d-6467-4529-afbd-29f53be1d626 ] Request (ServerAddressesNegativeTestJSON:setUpClass): 200 GET http://10.180.1.21/compute/v2.1/servers/7c0badee-0e2b-4a13-89b1-e57df5c2c9ef 0.044s
2024-10-12 12:45:54.239 62152 INFO tempest.lib.common.rest_client [req-6a9487a8-ff28-4ed9-829b-49c4e1002603 req-6a9487a8-ff28-4ed9-829b-49c4e1002603 ] Request (ServersListShow296Test:setUpClass): 201 POST http://10.180.1.21/identity/v3/users 0.050s
2024-10-12 12:45:54.242 62140 INFO tempest.lib.common.rest_client [req-1a0244e3-4f7c-4496-8dcb-a7b1582b450e req-1a0244e3-4f7c-4496-8dcb-a7b1582b450e ] Request (ServerGroupTestJSON:test_create_server_with_scheduler_hint_group): 200 GET http://10.180.1.21/compute/v2.1/servers/572dbc25-39a6-4e8b-b5c0-176ea0e27839 0.045s
2024-10-12 12:45:54.254 62152 INFO tempest.lib.common.rest_client [req-8d330b2c-625a-4362-858f-02cf7119add1 req-8d330b2c-625a-4362-858f-02cf7119add1 ] Request (ServersListShow296Test:setUpClass): 200 GET http://10.180.1.21/identity/v3/roles 0.015s
2024-10-12 12:45:54.275 62152 INFO tempest.lib.common.rest_client [req-db6769ec-a1b0-4469-b9d1-d0c93c78fc14 req-db6769ec-a1b0-4469-b9d1-d0c93c78fc14 ] Request (ServersListShow296Test:setUpClass): 204 PUT http://10.180.1.21/identity/v3/projects/e86f1bc843e044fab41a2b3bbce1ee78/users/d79d269815164cd5b814ad6b32c95f53/roles/1309b30070324f1080607204afda10dc 0.020s
2024-10-12 12:45:54.275 62152 INFO tempest.lib.common.dynamic_creds [-] Dynamic test user d79d269815164cd5b814ad6b32c95f53 is created with scope project and roles: ['member']
2024-10-12 12:45:54.275 62152 INFO tempest.lib.common.dynamic_creds [-] Acquired dynamic creds: credentials: Credentials: {'domain_id': 'default', 'domain_name': 'Default', 'username': 'tempest-ServersListShow296Test-683794138-project-member', 'project_domain_id': 'default', 'project_domain_name': 'Default', 'project_id': 'e86f1bc843e044fab41a2b3bbce1ee78', 'project_name': 'tempest-ServersListShow296Test-683794138', 'tenant_id': 'e86f1bc843e044fab41a2b3bbce1ee78', 'tenant_name': 'tempest-ServersListShow296Test-683794138', 'user_domain_id': 'default', 'user_domain_name': 'Default', 'user_id': 'd79d269815164cd5b814ad6b32c95f53', 'system': None}, Network: None, Subnet: None, Router: None
2024-10-12 12:45:54.275 62152 INFO tempest.lib.common.dynamic_creds [-] Created isolated network resources for: credentials: Credentials: {'domain_id': 'default', 'domain_name': 'Default', 'username': 'tempest-ServersListShow296Test-683794138-project-member', 'project_domain_id': 'default', 'project_domain_name': 'Default', 'project_id': 'e86f1bc843e044fab41a2b3bbce1ee78', 'project_name': 'tempest-ServersListShow296Test-683794138', 'tenant_id': 'e86f1bc843e044fab41a2b3bbce1ee78', 'tenant_name': 'tempest-ServersListShow296Test-683794138', 'user_domain_id': 'default', 'user_domain_name': 'Default', 'user_id': 'd79d269815164cd5b814ad6b32c95f53', 'system': None}, Network: None, Subnet: None, Router: None
2024-10-12 12:45:54.312 62122 INFO tempest.lib.common.rest_client [req-a43eea4a-4f94-4f19-980b-3276e9bb7fd3 req-a43eea4a-4f94-4f19-980b-3276e9bb7fd3 ] Request (ServerExternalEventsTest:test_create_server_external_events): 200 GET http://10.180.1.21/compute/v2.1/servers/32e947ce-c7e5-4568-b1e4-89dfc6a8009e 0.047s
2024-10-12 12:45:54.337 62152 INFO tempest.lib.common.rest_client [req-a6a8c533-4f44-4c68-9cf1-ef361ce7f087 req-a6a8c533-4f44-4c68-9cf1-ef361ce7f087 ] Request (ServersListShow296Test:setUpClass): 201 POST http://10.180.1.21/identity/v3/auth/tokens 0.059s
2024-10-12 12:45:54.362 62166 INFO tempest.lib.common.rest_client [req-dfacceec-7577-4822-afd1-32d6a86d7a01 req-dfacceec-7577-4822-afd1-32d6a86d7a01 ] Request (MultipleCreateTestJSON:test_multiple_create_with_reservation_return): 200 GET http://10.180.1.21/compute/v2.1/servers/81ada1e9-b100-44fd-8119-7ef8695e601f 0.045s
2024-10-12 12:45:54.365 62152 INFO tempest.lib.common.rest_client [req-46e8dd13-0b57-499c-a75f-207271681089 req-46e8dd13-0b57-499c-a75f-207271681089 ] Request (ServersListShow296Test:test_list_show_server_296): 201 POST http://10.180.1.21/identity/v3/auth/tokens 0.025s
2024-10-12 12:45:54.366 62152 INFO tempest.lib.common.fixed_network [-] (ServersListShow296Test:test_list_show_server_296) Found network None available for tenant
2024-10-12 12:45:54.377 62108 INFO tempest.lib.common.rest_client [req-931757e6-7c13-4178-aaac-e3f7c0d5a1df req-931757e6-7c13-4178-aaac-e3f7c0d5a1df ] Request (ServersTestJSON:test_create_server_specify_multibyte_character_name): 200 GET http://10.180.1.21/compute/v2.1/servers/274c5625-eb81-45d1-bd95-7336bddfad1e 0.045s
2024-10-12 12:45:54.405 62106 INFO tempest.lib.common.rest_client [req-18b7a98e-0a89-4741-a352-b00dda258978 req-18b7a98e-0a89-4741-a352-b00dda258978 ] Request (ListServersNegativeTestJSON:setUpClass): 200 GET http://10.180.1.21/compute/v2.1/servers/2b9b62b3-ebe1-4fe9-a63b-1003fca3d5de 0.042s
2024-10-12 12:45:54.528 62152 INFO tempest.lib.common.rest_client [req-5675f9f3-cd75-49b8-80e6-f78d4f2cd5e6 req-5675f9f3-cd75-49b8-80e6-f78d4f2cd5e6 ] Request (ServersListShow296Test:test_list_show_server_296): 202 POST http://10.180.1.21/compute/v2.1/servers 0.162s
2024-10-12 12:45:54.531 62158 INFO tempest.lib.common.rest_client [req-674920c6-fe8f-4c3c-b057-edbf34036ac0 req-674920c6-fe8f-4c3c-b057-edbf34036ac0 ] Request (SecurityGroupsTestJSON:test_list_security_groups_by_server): 200 GET http://10.180.1.21/compute/v2.1/servers/c50ef640-6dc2-4a8c-bbb5-cd6bc23aba6a 0.056s
2024-10-12 12:45:54.571 62134 INFO tempest.lib.common.rest_client [req-885bb2b7-d828-4928-99ba-fa5d6086ccf7 req-885bb2b7-d828-4928-99ba-fa5d6086ccf7 ] Request (ImagesNegativeTestJSON:test_create_image_from_deleted_server): 200 GET http://10.180.1.21/compute/v2.1/servers/9ffe4fa1-4239-435b-ac7e-648cec92af65 0.073s
2024-10-12 12:45:54.611 62160 INFO tempest.lib.common.rest_client [req-52ef7773-4f20-43df-aa3e-82ad826d7d2a req-52ef7773-4f20-43df-aa3e-82ad826d7d2a ] Request (AttachInterfacesTestJSON:test_create_list_show_delete_interfaces_by_fixed_ip): 200 GET http://10.180.1.21/compute/v2.1/servers/311a8d4f-68dc-4e0c-acdb-d3929afb9a1b 0.081s
2024-10-12 12:45:54.625 62152 INFO tempest.lib.common.rest_client [req-dc894385-f43f-4185-b19c-df0509f19ebd req-dc894385-f43f-4185-b19c-df0509f19ebd ] Request (ServersListShow296Test:test_list_show_server_296): 200 GET http://10.180.1.21/compute/v2.1/servers/detail 0.095s
2024-10-12 12:45:54.653 62164 INFO tempest.lib.common.rest_client [req-a813ffd9-e034-44ca-a7d5-1164b98b5e9a req-a813ffd9-e034-44ca-a7d5-1164b98b5e9a ] Request (ServersAaction247Test:test_create_backup): 200 GET http://10.180.1.21/compute/v2.1/servers/d0db58a5-d773-4e45-a238-07cfc156bdd2 0.105s
2024-10-12 12:45:54.664 62116 INFO tempest.lib.common.rest_client [req-77996436-19f7-4f3a-97e9-ede8d0097437 req-77996436-19f7-4f3a-97e9-ede8d0097437 ] Request (ServerDiagnosticsNegativeTest:test_get_server_diagnostics_by_non_admin): 200 GET http://10.180.1.21/compute/v2.1/servers/5e97f142-b5c0-4318-9a35-085234d1cb64 0.080s
2024-10-12 12:45:54.699 62120 INFO tempest.lib.common.rest_client [req-c8d1e239-d28a-4ecc-9c45-28eff9249bd0 req-c8d1e239-d28a-4ecc-9c45-28eff9249bd0 ] Request (ImagesTestJSON:test_create_image_from_suspended_server): 200 GET http://10.180.1.21/compute/v2.1/servers/aad1e5ea-5a9c-4499-8f67-2516c5c285cc 0.105s
2024-10-12 12:45:54.711 62152 INFO tempest.lib.common.rest_client [req-3a0c18f9-fdb3-4cc8-9cb6-be35e3ebe7ba req-3a0c18f9-fdb3-4cc8-9cb6-be35e3ebe7ba ] Request (ServersListShow296Test:test_list_show_server_296): 200 GET http://10.180.1.21/compute/v2.1/servers/e45b3659-176b-4ef3-ac61-69f9e8991c95 0.077s
2024-10-12 12:45:54.748 62162 INFO tempest.lib.common.rest_client [req-e4e5721f-adda-47f1-924a-537c9948bb45 req-e4e5721f-adda-47f1-924a-537c9948bb45 ] Request (ServerShowV254Test:test_rebuild_server): 200 GET http://10.180.1.21/compute/v2.1/servers/37ed9e18-8dba-459d-bc67-e3ce3f9cdaea 0.102s
2024-10-12 12:45:54.754 62126 INFO tempest.lib.common.rest_client [req-41f9b124-adf6-4077-9726-51b194ccecda req-41f9b124-adf6-4077-9726-51b194ccecda ] Request (MigrationsAdminTest:test_list_migrations_in_flavor_resize_situation): 200 GET http://10.180.1.21/compute/v2.1/servers/4d9c1c85-9d49-4c7c-bcac-f22f5842db0d 0.106s
2024-10-12 12:45:54.791 62136 INFO tempest.lib.common.rest_client [req-9abca395-2aa8-4188-a9c1-b3b5c12827c1 req-9abca395-2aa8-4188-a9c1-b3b5c12827c1 ] Request (ServerAddressesTestJSON:setUpClass): 200 GET http://10.180.1.21/compute/v2.1/servers/59d2ee3a-756f-4dda-a70a-6d43aaf32049 0.101s
2024-10-12 12:45:54.828 62152 INFO tempest.lib.common.rest_client [req-1732dc9f-5e9e-48c8-af64-59c5b193dbc7 req-1732dc9f-5e9e-48c8-af64-59c5b193dbc7 ] Request (ServersListShow296Test:tearDownClass): 204 DELETE http://10.180.1.21/compute/v2.1/servers/e45b3659-176b-4ef3-ac61-69f9e8991c95 0.104s
2024-10-12 12:45:54.841 62104 INFO tempest.lib.common.rest_client [req-d9dda0a4-87a1-4572-9455-43b75ea6f64a req-d9dda0a4-87a1-4572-9455-43b75ea6f64a ] Request (ServerShowV247Test:test_update_rebuild_list_server): 200 GET http://10.180.1.21/compute/v2.1/servers/8656c3b8-b7b1-442a-9719-1588ee83d19b 0.090s
2024-10-12 12:45:54.878 62132 INFO tempest.lib.common.rest_client [req-37b54617-5ef7-4e12-b2ba-331831fa1d40 req-37b54617-5ef7-4e12-b2ba-331831fa1d40 ] Request (ServerDiagnosticsTest:test_get_server_diagnostics): 200 GET http://10.180.1.21/compute/v2.1/servers/5dab4fcf-1a5e-493a-842b-b652e99d67ba 0.128s
2024-10-12 12:45:54.886 62148 INFO tempest.lib.common.rest_client [req-9a65b61b-f555-48a4-b00d-685589d029a3 req-9a65b61b-f555-48a4-b00d-685589d029a3 ] Request (AttachVolumeShelveTestJSON:test_attach_volume_shelved_or_offload_server): 200 GET http://10.180.1.21/compute/v2.1/servers/5c250675-3708-4c25-b370-6707c457357a 0.093s
2024-10-12 12:45:54.890 62152 INFO tempest.lib.common.rest_client [req-05bca006-135c-4c57-a9d0-851c1263ab1e req-05bca006-135c-4c57-a9d0-851c1263ab1e ] Request (ServersListShow296Test:tearDownClass): 404 GET http://10.180.1.21/compute/v2.1/servers/e45b3659-176b-4ef3-ac61-69f9e8991c95 0.061s
2024-10-12 12:45:54.929 62138 INFO tempest.lib.common.rest_client [req-2f35c1f4-7ae7-44a8-941f-2e50bc0cac77 req-2f35c1f4-7ae7-44a8-941f-2e50bc0cac77 ] Request (InstanceActionsTestJSON:setUpClass): 200 GET http://10.180.1.21/compute/v2.1/servers/774e7c38-426a-441d-8252-3daa424be558 0.087s
2024-10-12 12:45:54.984 62152 INFO tempest.lib.common.rest_client [req-0221929c-19e9-49d1-a807-568846f1e9d1 req-0221929c-19e9-49d1-a807-568846f1e9d1 ] Request (ServersListShow296Test:tearDownClass): 204 DELETE http://10.180.1.21/identity/v3/users/d79d269815164cd5b814ad6b32c95f53 0.094s
2024-10-12 12:45:54.985 62152 INFO tempest.lib.common.dynamic_creds [-] Deleting project and security group for project: e86f1bc843e044fab41a2b3bbce1ee78
2024-10-12 12:45:54.993 62112 INFO tempest.lib.common.rest_client [req-a8517520-198e-404f-95f0-505f31598a45 req-a8517520-198e-404f-95f0-505f31598a45 ] Request (ServersV294TestFqdnHostnames:setUpClass): 200 GET http://10.180.1.21/compute/v2.1/servers/50930c54-d03e-4529-ac85-a73e9a5b4e4d 0.055s
2024-10-12 12:45:55.038 62152 INFO tempest.lib.common.rest_client [req-dc3e959b-fd63-419c-924f-9c1d12a81c98 req-dc3e959b-fd63-419c-924f-9c1d12a81c98 ] Request (ServersListShow296Test:tearDownClass): 201 POST http://10.180.1.21/identity/v3/auth/tokens 0.053s
2024-10-12 12:45:55.041 62114 INFO tempest.lib.common.rest_client [req-322fd534-5276-4aaa-a544-000609cc6d24 req-322fd534-5276-4aaa-a544-000609cc6d24 ] Request (ListImageFiltersTestJSON:setUpClass): 200 GET http://10.180.1.21/compute/v2.1/servers/8cb463ed-d4d2-4ab5-a6f5-5a8df22c07ce 0.047s
2024-10-12 12:45:55.048 62144 INFO tempest.lib.common.rest_client [req-f5e64410-3874-4561-98e4-36953cbd4f92 req-f5e64410-3874-4561-98e4-36953cbd4f92 ] Request (ServersTestManualDisk:setUpClass): 200 GET http://10.180.1.21/compute/v2.1/servers/ba4cc401-7ae3-40bc-996c-13741a65d991 0.056s
2024-10-12 12:45:55.093 62154 INFO tempest.lib.common.rest_client [req-edf3c16d-5865-44d4-ab97-eb54c4d61436 req-edf3c16d-5865-44d4-ab97-eb54c4d61436 ] Request (AttachVolumeTestJSON:test_attach_detach_volume): 200 GET http://10.180.1.21/compute/v2.1/servers/ab18091f-bab5-4926-b7a0-1f0e005bebe0 0.046s
2024-10-12 12:45:55.105 62142 INFO tempest.lib.common.rest_client [req-2e1ce1cf-f55a-4d66-94f7-3f831ab25b3b req-2e1ce1cf-f55a-4d66-94f7-3f831ab25b3b ] Request (ServersTestJSON:setUpClass): 200 GET http://10.180.1.21/compute/v2.1/servers/d25df58d-4b66-4aa4-9d07-205f36e61775 0.053s
2024-10-12 12:45:55.111 62142 INFO tempest.common.waiters [-] State transition "BUILD/scheduling" ==> "ERROR/None" after 80 second wait
2024-10-12 12:45:55.139 62150 INFO tempest.lib.common.rest_client [req-ad765fb2-6c3a-4142-aff9-a9d454e3686e req-ad765fb2-6c3a-4142-aff9-a9d454e3686e ] Request (ServersTestFqdnHostnames:test_create_server_with_fqdn_name): 200 GET http://10.180.1.21/compute/v2.1/servers/8f8ea2ec-31fe-4726-8f84-89251c138d44 0.049s
2024-10-12 12:45:55.194 62152 INFO tempest.lib.common.rest_client [req-1c459598-17fa-4ac2-8c98-966b9507f287 req-1c459598-17fa-4ac2-8c98-966b9507f287 ] Request (ServersListShow296Test:tearDownClass): 200 GET http://10.180.1.21:9696/networking/v2.0/security-groups?tenant_id=e86f1bc843e044fab41a2b3bbce1ee78&name=default 0.155s
2024-10-12 12:45:55.194 62130 INFO tempest.lib.common.rest_client [req-3a52fdb2-4d69-4419-ba55-6d4cb9808121 req-3a52fdb2-4d69-4419-ba55-6d4cb9808121 ] Request (ServersTestBootFromVolume:setUpClass): 200 GET http://10.180.1.21/compute/v2.1/servers/69d292d9-2330-47ac-94d4-6797abb8c167 0.069s
2024-10-12 12:45:55.241 62146 INFO tempest.lib.common.rest_client [req-699eb610-444f-42e3-9acb-549aa62a8e8f req-699eb610-444f-42e3-9acb-549aa62a8e8f ] Request (ServerActionsTestOtherA:setUpClass): 200 GET http://10.180.1.21/compute/v2.1/servers/013fc4b2-95f7-439e-b82b-da2265ccf736 0.051s
2024-10-12 12:45:55.280 62142 INFO tempest.lib.common.rest_client [req-2da06dfe-bead-4ba5-9223-b2f3d7cc343b req-2da06dfe-bead-4ba5-9223-b2f3d7cc343b ] Request (ServersTestJSON:setUpClass): 204 DELETE http://10.180.1.21/compute/v2.1/servers/d25df58d-4b66-4aa4-9d07-205f36e61775 0.169s
2024-10-12 12:45:55.289 62110 INFO tempest.lib.common.rest_client [req-309d098f-2ec1-4bf2-b54e-d01095240998 req-309d098f-2ec1-4bf2-b54e-d01095240998 ] Request (ServerAddressesNegativeTestJSON:setUpClass): 200 GET http://10.180.1.21/compute/v2.1/servers/7c0badee-0e2b-4a13-89b1-e57df5c2c9ef 0.070s
2024-10-12 12:45:55.310 62142 INFO tempest.lib.common.rest_client [req-2f89c4f9-882c-4c82-be36-efcd00448264 req-2f89c4f9-882c-4c82-be36-efcd00448264 ] Request (ServersTestJSON:setUpClass): 404 GET http://10.180.1.21/compute/v2.1/servers/d25df58d-4b66-4aa4-9d07-205f36e61775 0.029s
2024-10-12 12:45:55.310 62142 INFO tempest.test [-] raised in ServersTestJSON.setUpClass. Invoking tearDownClass.
2024-10-12 12:45:55.326 62142 INFO tempest.lib.common.rest_client [req-b0e4d852-1591-439c-8c5e-8bcf36a7e0a2 req-b0e4d852-1591-439c-8c5e-8bcf36a7e0a2 ] Request (ServersTestJSON:tearDownClass): 202 DELETE http://10.180.1.21/compute/v2.1/os-keypairs/tempest-keypair-1668644772 0.016s
2024-10-12 12:45:55.329 62152 INFO tempest.lib.common.rest_client [req-d50aec36-f91b-4aa5-92f0-9e7e661a1c95 req-d50aec36-f91b-4aa5-92f0-9e7e661a1c95 ] Request (ServersListShow296Test:tearDownClass): 204 DELETE http://10.180.1.21:9696/networking/v2.0/security-groups/34e7693f-5d36-4ecc-bf74-950a9a151f95 0.134s
2024-10-12 12:45:55.332 62140 INFO tempest.lib.common.rest_client [req-3bad9f48-f4f2-419d-a5cc-b8b5573c2655 req-3bad9f48-f4f2-419d-a5cc-b8b5573c2655 ] Request (ServerGroupTestJSON:test_create_server_with_scheduler_hint_group): 200 GET http://10.180.1.21/compute/v2.1/servers/572dbc25-39a6-4e8b-b5c0-176ea0e27839 0.083s
2024-10-12 12:45:55.370 62122 INFO tempest.lib.common.rest_client [req-baca99db-0a7d-4671-8fa5-3ffdf81fb086 req-baca99db-0a7d-4671-8fa5-3ffdf81fb086 ] Request (ServerExternalEventsTest:test_create_server_external_events): 200 GET http://10.180.1.21/compute/v2.1/servers/32e947ce-c7e5-4568-b1e4-89dfc6a8009e 0.051s
2024-10-12 12:45:55.392 62152 INFO tempest.lib.common.rest_client [req-3f893b2c-4e9b-42f4-ba4c-90423f04378e req-3f893b2c-4e9b-42f4-ba4c-90423f04378e ] Request (ServersListShow296Test:tearDownClass): 204 DELETE http://10.180.1.21/identity/v3/projects/e86f1bc843e044fab41a2b3bbce1ee78 0.063s
2024-10-12 12:45:55.411 62142 INFO tempest.lib.common.rest_client [req-96ffaba2-274e-43c8-a381-b7f61e6a136d req-96ffaba2-274e-43c8-a381-b7f61e6a136d ] Request (ServersTestJSON:tearDownClass): 204 DELETE http://10.180.1.21:9696/networking/v2.0/security-groups/63d17cf3-2953-480b-882d-24847027fd2e 0.085s
2024-10-12 12:45:55.416 62166 INFO tempest.lib.common.rest_client [req-447d9277-d47f-4b4d-bdcc-68ad6df3c2a4 req-447d9277-d47f-4b4d-bdcc-68ad6df3c2a4 ] Request (MultipleCreateTestJSON:test_multiple_create_with_reservation_return): 200 GET http://10.180.1.21/compute/v2.1/servers/81ada1e9-b100-44fd-8119-7ef8695e601f 0.046s
2024-10-12 12:45:55.420 62142 INFO tempest.lib.common.rest_client [req-62c7601b-0256-4b24-856a-17c89c88d90f req-62c7601b-0256-4b24-856a-17c89c88d90f ] Request (ServersTestJSON:tearDownClass): 404 GET http://10.180.1.21:9696/networking/v2.0/security-groups/63d17cf3-2953-480b-882d-24847027fd2e 0.008s
2024-10-12 12:45:55.431 62108 INFO tempest.lib.common.rest_client [req-0b51a1ec-9f7d-41f7-91d9-07081b493e53 req-0b51a1ec-9f7d-41f7-91d9-07081b493e53 ] Request (ServersTestJSON:test_create_server_specify_multibyte_character_name): 200 GET http://10.180.1.21/compute/v2.1/servers/274c5625-eb81-45d1-bd95-7336bddfad1e 0.047s
2024-10-12 12:45:55.461 62106 INFO tempest.lib.common.rest_client [req-a564ea6d-3e17-4d1d-a7fc-30b101b9a436 req-a564ea6d-3e17-4d1d-a7fc-30b101b9a436 ] Request (ListServersNegativeTestJSON:setUpClass): 200 GET http://10.180.1.21/compute/v2.1/servers/2b9b62b3-ebe1-4fe9-a63b-1003fca3d5de 0.049s
2024-10-12 12:45:55.588 62158 INFO tempest.lib.common.rest_client [req-71ac32ed-de0c-4688-add5-aa32d2be522c req-71ac32ed-de0c-4688-add5-aa32d2be522c ] Request (SecurityGroupsTestJSON:test_list_security_groups_by_server): 200 GET http://10.180.1.21/compute/v2.1/servers/c50ef640-6dc2-4a8c-bbb5-cd6bc23aba6a 0.050s
2024-10-12 12:45:55.614 62142 INFO tempest.lib.common.rest_client [req-12044b4e-ca26-477d-bc55-16c657c14348 req-12044b4e-ca26-477d-bc55-16c657c14348 ] Request (ServersTestJSON:tearDownClass): 204 DELETE http://10.180.1.21:9696/networking/v2.0/floatingips/226c5ad4-21dc-4f8d-a426-654eb64fc319 0.194s
2024-10-12 12:45:55.625 62134 INFO tempest.lib.common.rest_client [req-387ccbcb-b4f6-45a4-9f55-4c7402ac452d req-387ccbcb-b4f6-45a4-9f55-4c7402ac452d ] Request (ImagesNegativeTestJSON:test_create_image_from_deleted_server): 200 GET http://10.180.1.21/compute/v2.1/servers/9ffe4fa1-4239-435b-ac7e-648cec92af65 0.047s
2024-10-12 12:45:55.663 62160 INFO tempest.lib.common.rest_client [req-adc884cd-992a-40bb-85df-1001bd7983be req-adc884cd-992a-40bb-85df-1001bd7983be ] Request (AttachInterfacesTestJSON:test_create_list_show_delete_interfaces_by_fixed_ip): 200 GET http://10.180.1.21/compute/v2.1/servers/311a8d4f-68dc-4e0c-acdb-d3929afb9a1b 0.045s
2024-10-12 12:45:55.721 62116 INFO tempest.lib.common.rest_client [req-213219d1-6da0-42a6-b525-f8847f5fc654 req-213219d1-6da0-42a6-b525-f8847f5fc654 ] Request (ServerDiagnosticsNegativeTest:test_get_server_diagnostics_by_non_admin): 200 GET http://10.180.1.21/compute/v2.1/servers/5e97f142-b5c0-4318-9a35-085234d1cb64 0.050s
2024-10-12 12:45:55.722 62164 INFO tempest.lib.common.rest_client [req-8dc6b87e-a0fe-40ee-a3dd-0b503f2a25fc req-8dc6b87e-a0fe-40ee-a3dd-0b503f2a25fc ] Request (ServersAaction247Test:test_create_backup): 200 GET http://10.180.1.21/compute/v2.1/servers/d0db58a5-d773-4e45-a238-07cfc156bdd2 0.060s
2024-10-12 12:45:55.765 62120 INFO tempest.lib.common.rest_client [req-e85095dd-aee8-49fd-9c93-2e874b8e4f2c req-e85095dd-aee8-49fd-9c93-2e874b8e4f2c ] Request (ImagesTestJSON:test_create_image_from_suspended_server): 200 GET http://10.180.1.21/compute/v2.1/servers/aad1e5ea-5a9c-4499-8f67-2516c5c285cc 0.059s
2024-10-12 12:45:55.771 62120 INFO tempest.common.waiters [-] State transition "BUILD/scheduling" ==> "BUILD/None" after 68 second wait
2024-10-12 12:45:55.815 62162 INFO tempest.lib.common.rest_client [req-a7e3fbec-8007-4611-84b9-ca5a08ec06a9 req-a7e3fbec-8007-4611-84b9-ca5a08ec06a9 ] Request (ServerShowV254Test:test_rebuild_server): 200 GET http://10.180.1.21/compute/v2.1/servers/37ed9e18-8dba-459d-bc67-e3ce3f9cdaea 0.058s
2024-10-12 12:45:55.828 62126 INFO tempest.lib.common.rest_client [req-231f5f94-33d7-4393-89e3-7eff41074624 req-231f5f94-33d7-4393-89e3-7eff41074624 ] Request (MigrationsAdminTest:test_list_migrations_in_flavor_resize_situation): 200 GET http://10.180.1.21/compute/v2.1/servers/4d9c1c85-9d49-4c7c-bcac-f22f5842db0d 0.067s
2024-10-12 12:45:56.017 62136 INFO tempest.lib.common.rest_client [req-e4f89478-b938-44e0-82db-1699c9c45c98 req-e4f89478-b938-44e0-82db-1699c9c45c98 ] Request (ServerAddressesTestJSON:setUpClass): 200 GET http://10.180.1.21/compute/v2.1/servers/59d2ee3a-756f-4dda-a70a-6d43aaf32049 0.217s
2024-10-12 12:45:56.024 62104 INFO tempest.lib.common.rest_client [req-6848b19f-7769-4116-843a-d22fe587ee34 req-6848b19f-7769-4116-843a-d22fe587ee34 ] Request (ServerShowV247Test:test_update_rebuild_list_server): 200 GET http://10.180.1.21/compute/v2.1/servers/8656c3b8-b7b1-442a-9719-1588ee83d19b 0.174s
2024-10-12 12:45:56.085 62148 INFO tempest.lib.common.rest_client [req-278fef87-fbdb-42a0-8539-02d34d60e9b2 req-278fef87-fbdb-42a0-8539-02d34d60e9b2 ] Request (AttachVolumeShelveTestJSON:test_attach_volume_shelved_or_offload_server): 200 GET http://10.180.1.21/compute/v2.1/servers/5c250675-3708-4c25-b370-6707c457357a 0.191s
2024-10-12 12:45:56.089 62132 INFO tempest.lib.common.rest_client [req-512ce7be-12c5-484c-a909-b6da6abaab0f req-512ce7be-12c5-484c-a909-b6da6abaab0f ] Request (ServerDiagnosticsTest:test_get_server_diagnostics): 200 GET http://10.180.1.21/compute/v2.1/servers/5dab4fcf-1a5e-493a-842b-b652e99d67ba 0.204s
2024-10-12 12:45:56.130 62138 INFO tempest.lib.common.rest_client [req-87222667-2b84-4e97-b03d-ff2b99cc0b42 req-87222667-2b84-4e97-b03d-ff2b99cc0b42 ] Request (InstanceActionsTestJSON:setUpClass): 200 GET http://10.180.1.21/compute/v2.1/servers/774e7c38-426a-441d-8252-3daa424be558 0.193s
2024-10-12 12:45:56.142 62112 INFO tempest.lib.common.rest_client [req-c32eb910-a900-4e9d-be72-901c478389c8 req-c32eb910-a900-4e9d-be72-901c478389c8 ] Request (ServersV294TestFqdnHostnames:setUpClass): 200 GET http://10.180.1.21/compute/v2.1/servers/50930c54-d03e-4529-ac85-a73e9a5b4e4d 0.140s
2024-10-12 12:45:56.179 62114 INFO tempest.lib.common.rest_client [req-a2fc0771-dd08-4c9f-910d-fd581d3ebe59 req-a2fc0771-dd08-4c9f-910d-fd581d3ebe59 ] Request (ListImageFiltersTestJSON:setUpClass): 200 GET http://10.180.1.21/compute/v2.1/servers/8cb463ed-d4d2-4ab5-a6f5-5a8df22c07ce 0.129s
2024-10-12 12:45:56.188 62144 INFO tempest.lib.common.rest_client [req-e1a61efe-fec1-4ef4-960d-94ab64589716 req-e1a61efe-fec1-4ef4-960d-94ab64589716 ] Request (ServersTestManualDisk:setUpClass): 200 GET http://10.180.1.21/compute/v2.1/servers/ba4cc401-7ae3-40bc-996c-13741a65d991 0.133s
2024-10-12 12:45:56.195 62144 INFO tempest.common.waiters [-] State transition "BUILD/spawning" ==> "BUILD/scheduling" after 78 second wait
2024-10-12 12:45:56.225 62154 INFO tempest.lib.common.rest_client [req-167fd28a-c491-4030-a182-d6aeadb66e56 req-167fd28a-c491-4030-a182-d6aeadb66e56 ] Request (AttachVolumeTestJSON:test_attach_detach_volume): 200 GET http://10.180.1.21/compute/v2.1/servers/ab18091f-bab5-4926-b7a0-1f0e005bebe0 0.125s
2024-10-12 12:45:56.236 62150 INFO tempest.lib.common.rest_client [req-61e4b81e-ec28-4cd6-8162-3c913fff4deb req-61e4b81e-ec28-4cd6-8162-3c913fff4deb ] Request (ServersTestFqdnHostnames:test_create_server_with_fqdn_name): 200 GET http://10.180.1.21/compute/v2.1/servers/8f8ea2ec-31fe-4726-8f84-89251c138d44 0.090s
2024-10-12 12:45:56.243 62142 INFO tempest.lib.common.rest_client [req-e1519b73-ed6c-4251-8271-9837c5b49e0a req-e1519b73-ed6c-4251-8271-9837c5b49e0a ] Request (ServersTestJSON:tearDownClass): 200 PUT http://10.180.1.21:9696/networking/v2.0/routers/514ed747-e614-40e7-83aa-a0e9d712462e/remove_router_interface 0.628s
2024-10-12 12:45:56.269 62130 INFO tempest.lib.common.rest_client [req-72ed65be-2ef9-4844-994b-d9b040fb1c09 req-72ed65be-2ef9-4844-994b-d9b040fb1c09 ] Request (ServersTestBootFromVolume:setUpClass): 200 GET http://10.180.1.21/compute/v2.1/servers/69d292d9-2330-47ac-94d4-6797abb8c167 0.067s
2024-10-12 12:45:56.302 62146 INFO tempest.lib.common.rest_client [req-a83bbd03-7af9-4eda-b1ef-34dd8ddc829e req-a83bbd03-7af9-4eda-b1ef-34dd8ddc829e ] Request (ServerActionsTestOtherA:setUpClass): 200 GET http://10.180.1.21/compute/v2.1/servers/013fc4b2-95f7-439e-b82b-da2265ccf736 0.054s
2024-10-12 12:45:56.345 62110 INFO tempest.lib.common.rest_client [req-8993d93f-3992-41df-8e80-6a996ab49097 req-8993d93f-3992-41df-8e80-6a996ab49097 ] Request (ServerAddressesNegativeTestJSON:setUpClass): 200 GET http://10.180.1.21/compute/v2.1/servers/7c0badee-0e2b-4a13-89b1-e57df5c2c9ef 0.049s
2024-10-12 12:45:56.393 62140 INFO tempest.lib.common.rest_client [req-568b74fe-ef5f-4ec2-b7d5-3bc53b932bcc req-568b74fe-ef5f-4ec2-b7d5-3bc53b932bcc ] Request (ServerGroupTestJSON:test_create_server_with_scheduler_hint_group): 200 GET http://10.180.1.21/compute/v2.1/servers/572dbc25-39a6-4e8b-b5c0-176ea0e27839 0.049s
2024-10-12 12:45:56.430 62122 INFO tempest.lib.common.rest_client [req-dc504363-25a6-46dd-b595-9f26c6e62ba4 req-dc504363-25a6-46dd-b595-9f26c6e62ba4 ] Request (ServerExternalEventsTest:test_create_server_external_events): 200 GET http://10.180.1.21/compute/v2.1/servers/32e947ce-c7e5-4568-b1e4-89dfc6a8009e 0.053s
2024-10-12 12:45:56.472 62166 INFO tempest.lib.common.rest_client [req-a986fd94-72d8-43fb-9904-b0b9b267d5e1 req-a986fd94-72d8-43fb-9904-b0b9b267d5e1 ] Request (MultipleCreateTestJSON:test_multiple_create_with_reservation_return): 200 GET http://10.180.1.21/compute/v2.1/servers/81ada1e9-b100-44fd-8119-7ef8695e601f 0.050s
2024-10-12 12:45:56.483 62108 INFO tempest.lib.common.rest_client [req-26a1c7dd-ad3f-41a5-bb3a-3e2c365a10d1 req-26a1c7dd-ad3f-41a5-bb3a-3e2c365a10d1 ] Request (ServersTestJSON:test_create_server_specify_multibyte_character_name): 200 GET http://10.180.1.21/compute/v2.1/servers/274c5625-eb81-45d1-bd95-7336bddfad1e 0.044s
2024-10-12 12:45:56.513 62106 INFO tempest.lib.common.rest_client [req-2c3748d8-9dc2-4b96-a946-3db1599ff01b req-2c3748d8-9dc2-4b96-a946-3db1599ff01b ] Request (ListServersNegativeTestJSON:setUpClass): 200 GET http://10.180.1.21/compute/v2.1/servers/2b9b62b3-ebe1-4fe9-a63b-1003fca3d5de 0.045s
2024-10-12 12:45:56.561 62142 INFO tempest.lib.common.rest_client [req-6eeedb9d-6be5-44f3-a520-d8dcf76daf45 req-6eeedb9d-6be5-44f3-a520-d8dcf76daf45 ] Request (ServersTestJSON:tearDownClass): 204 DELETE http://10.180.1.21:9696/networking/v2.0/routers/514ed747-e614-40e7-83aa-a0e9d712462e 0.317s
2024-10-12 12:45:56.642 62158 INFO tempest.lib.common.rest_client [req-7d954e33-fee9-492c-b7b4-91f8450088ee req-7d954e33-fee9-492c-b7b4-91f8450088ee ] Request (SecurityGroupsTestJSON:test_list_security_groups_by_server): 200 GET http://10.180.1.21/compute/v2.1/servers/c50ef640-6dc2-4a8c-bbb5-cd6bc23aba6a 0.048s
2024-10-12 12:45:56.656 62142 INFO tempest.lib.common.rest_client [req-1e86aaca-3f6a-41ec-b218-605dcfa2d3ec req-1e86aaca-3f6a-41ec-b218-605dcfa2d3ec ] Request (ServersTestJSON:tearDownClass): 204 DELETE http://10.180.1.21:9696/networking/v2.0/subnets/37adb551-bc2c-4868-ba33-e21fe56db4a6 0.095s
2024-10-12 12:45:56.680 62134 INFO tempest.lib.common.rest_client [req-6a61ea46-21d6-467c-a307-394032056726 req-6a61ea46-21d6-467c-a307-394032056726 ] Request (ImagesNegativeTestJSON:test_create_image_from_deleted_server): 200 GET http://10.180.1.21/compute/v2.1/servers/9ffe4fa1-4239-435b-ac7e-648cec92af65 0.048s
2024-10-12 12:45:56.716 62160 INFO tempest.lib.common.rest_client [req-dca99dc9-6aed-4368-a287-ba05a4c3ec2a req-dca99dc9-6aed-4368-a287-ba05a4c3ec2a ] Request (AttachInterfacesTestJSON:test_create_list_show_delete_interfaces_by_fixed_ip): 200 GET http://10.180.1.21/compute/v2.1/servers/311a8d4f-68dc-4e0c-acdb-d3929afb9a1b 0.046s
2024-10-12 12:45:56.779 62116 INFO tempest.lib.common.rest_client [req-99b39bef-2c45-45bf-9ec2-a09c09443fbc req-99b39bef-2c45-45bf-9ec2-a09c09443fbc ] Request (ServerDiagnosticsNegativeTest:test_get_server_diagnostics_by_non_admin): 200 GET http://10.180.1.21/compute/v2.1/servers/5e97f142-b5c0-4318-9a35-085234d1cb64 0.051s
2024-10-12 12:45:56.787 62164 INFO tempest.lib.common.rest_client [req-70017957-1e4f-4e35-971b-bf4a69435f62 req-70017957-1e4f-4e35-971b-bf4a69435f62 ] Request (ServersAaction247Test:test_create_backup): 200 GET http://10.180.1.21/compute/v2.1/servers/d0db58a5-d773-4e45-a238-07cfc156bdd2 0.057s
2024-10-12 12:45:56.832 62120 INFO tempest.lib.common.rest_client [req-d68a3b82-3d9d-4619-9e05-cfdf4a2ab385 req-d68a3b82-3d9d-4619-9e05-cfdf4a2ab385 ] Request (ImagesTestJSON:test_create_image_from_suspended_server): 200 GET http://10.180.1.21/compute/v2.1/servers/aad1e5ea-5a9c-4499-8f67-2516c5c285cc 0.060s
2024-10-12 12:45:56.857 62142 INFO tempest.lib.common.rest_client [req-0299cfa9-1616-4c55-90f6-d6941fedcc9a req-0299cfa9-1616-4c55-90f6-d6941fedcc9a ] Request (ServersTestJSON:tearDownClass): 204 DELETE http://10.180.1.21:9696/networking/v2.0/networks/f7a1401a-7cbc-4116-84a0-27ea5f47db5e 0.200s
2024-10-12 12:45:56.895 62126 INFO tempest.lib.common.rest_client [req-d81577a9-12d8-45a1-b30a-c88dff1155b2 req-d81577a9-12d8-45a1-b30a-c88dff1155b2 ] Request (MigrationsAdminTest:test_list_migrations_in_flavor_resize_situation): 200 GET http://10.180.1.21/compute/v2.1/servers/4d9c1c85-9d49-4c7c-bcac-f22f5842db0d 0.061s
2024-10-12 12:45:56.898 62162 INFO tempest.lib.common.rest_client [req-2eaf7769-fe1f-43c3-9354-487f49419918 req-2eaf7769-fe1f-43c3-9354-487f49419918 ] Request (ServerShowV254Test:test_rebuild_server): 200 GET http://10.180.1.21/compute/v2.1/servers/37ed9e18-8dba-459d-bc67-e3ce3f9cdaea 0.071s
2024-10-12 12:45:56.953 62142 INFO tempest.lib.common.rest_client [req-c5bfc20c-d74a-4c50-87e1-1c1fba6539af req-c5bfc20c-d74a-4c50-87e1-1c1fba6539af ] Request (ServersTestJSON:tearDownClass): 204 DELETE http://10.180.1.21/identity/v3/users/8f6ff20a11ed4f608800be1c7931cf78 0.095s
2024-10-12 12:45:56.953 62142 INFO tempest.lib.common.dynamic_creds [-] Deleting project and security group for project: e945237d2af146869ce3a23b223ad9fb
2024-10-12 12:45:56.992 62142 INFO tempest.lib.common.rest_client [req-6060b647-d2af-4d46-b4f0-3643c2647953 req-6060b647-d2af-4d46-b4f0-3643c2647953 ] Request (ServersTestJSON:tearDownClass): 200 GET http://10.180.1.21:9696/networking/v2.0/security-groups?tenant_id=e945237d2af146869ce3a23b223ad9fb&name=default 0.038s
2024-10-12 12:45:57.077 62136 INFO tempest.lib.common.rest_client [req-c3bacb6a-22e8-42ee-abb6-5b478768ea3c req-c3bacb6a-22e8-42ee-abb6-5b478768ea3c ] Request (ServerAddressesTestJSON:setUpClass): 200 GET http://10.180.1.21/compute/v2.1/servers/59d2ee3a-756f-4dda-a70a-6d43aaf32049 0.053s
2024-10-12 12:45:57.091 62104 INFO tempest.lib.common.rest_client [req-8b9d988c-0d7c-4afd-a319-efccb5a5fd51 req-8b9d988c-0d7c-4afd-a319-efccb5a5fd51 ] Request (ServerShowV247Test:test_update_rebuild_list_server): 200 GET http://10.180.1.21/compute/v2.1/servers/8656c3b8-b7b1-442a-9719-1588ee83d19b 0.058s
2024-10-12 12:45:57.096 62142 INFO tempest.lib.common.rest_client [req-3fe3844e-0ab1-46ef-b669-3c3312bdd0eb req-3fe3844e-0ab1-46ef-b669-3c3312bdd0eb ] Request (ServersTestJSON:tearDownClass): 204 DELETE http://10.180.1.21:9696/networking/v2.0/security-groups/0ac3c998-004c-4992-a68d-2f83ee403017 0.104s
2024-10-12 12:45:57.141 62148 INFO tempest.lib.common.rest_client [req-7c831353-1745-4e96-8536-5401e9cc3164 req-7c831353-1745-4e96-8536-5401e9cc3164 ] Request (AttachVolumeShelveTestJSON:test_attach_volume_shelved_or_offload_server): 200 GET http://10.180.1.21/compute/v2.1/servers/5c250675-3708-4c25-b370-6707c457357a 0.046s
2024-10-12 12:45:57.153 62132 INFO tempest.lib.common.rest_client [req-1570fe51-b757-42c9-b71c-f7c24333bcb8 req-1570fe51-b757-42c9-b71c-f7c24333bcb8 ] Request (ServerDiagnosticsTest:test_get_server_diagnostics): 200 GET http://10.180.1.21/compute/v2.1/servers/5dab4fcf-1a5e-493a-842b-b652e99d67ba 0.055s
2024-10-12 12:45:57.183 62138 INFO tempest.lib.common.rest_client [req-cdc59cdc-e38c-4b83-85bf-438921eedeae req-cdc59cdc-e38c-4b83-85bf-438921eedeae ] Request (InstanceActionsTestJSON:setUpClass): 200 GET http://10.180.1.21/compute/v2.1/servers/774e7c38-426a-441d-8252-3daa424be558 0.044s
2024-10-12 12:45:57.185 62142 INFO tempest.lib.common.rest_client [req-bae384dd-db1a-4a42-b04f-62d6fff03f39 req-bae384dd-db1a-4a42-b04f-62d6fff03f39 ] Request (ServersTestJSON:tearDownClass): 204 DELETE http://10.180.1.21/identity/v3/projects/e945237d2af146869ce3a23b223ad9fb 0.088s
2024-10-12 12:45:57.204 62112 INFO tempest.lib.common.rest_client [req-1a869b03-bf1a-4453-8d73-259f38de98f3 req-1a869b03-bf1a-4453-8d73-259f38de98f3 ] Request (ServersV294TestFqdnHostnames:setUpClass): 200 GET http://10.180.1.21/compute/v2.1/servers/50930c54-d03e-4529-ac85-a73e9a5b4e4d 0.051s
2024-10-12 12:45:57.234 62114 INFO tempest.lib.common.rest_client [req-3596e049-6031-4d6b-a2e3-b1bb30cecae3 req-3596e049-6031-4d6b-a2e3-b1bb30cecae3 ] Request (ListImageFiltersTestJSON:setUpClass): 200 GET http://10.180.1.21/compute/v2.1/servers/8cb463ed-d4d2-4ab5-a6f5-5a8df22c07ce 0.049s
2024-10-12 12:45:57.261 62144 INFO tempest.lib.common.rest_client [req-e79d17d4-2d53-4215-b9f1-80b5369e83cf req-e79d17d4-2d53-4215-b9f1-80b5369e83cf ] Request (ServersTestManualDisk:setUpClass): 200 GET http://10.180.1.21/compute/v2.1/servers/ba4cc401-7ae3-40bc-996c-13741a65d991 0.064s
2024-10-12 12:45:57.268 62144 INFO tempest.common.waiters [-] State transition "BUILD/scheduling" ==> "ERROR/None" after 79 second wait
2024-10-12 12:45:57.278 62154 INFO tempest.lib.common.rest_client [req-13e33712-b5c4-4e0c-b8fe-6c511c67cf55 req-13e33712-b5c4-4e0c-b8fe-6c511c67cf55 ] Request (AttachVolumeTestJSON:test_attach_detach_volume): 200 GET http://10.180.1.21/compute/v2.1/servers/ab18091f-bab5-4926-b7a0-1f0e005bebe0 0.046s
2024-10-12 12:45:57.307 62150 INFO tempest.lib.common.rest_client [req-cbc8c002-4003-4c19-afcc-17e4ab58a32a req-cbc8c002-4003-4c19-afcc-17e4ab58a32a ] Request (ServersTestFqdnHostnames:test_create_server_with_fqdn_name): 200 GET http://10.180.1.21/compute/v2.1/servers/8f8ea2ec-31fe-4726-8f84-89251c138d44 0.065s
2024-10-12 12:45:57.360 62130 INFO tempest.lib.common.rest_client [req-7d7a178c-0dd0-4fea-98c0-8bbd26beb2e2 req-7d7a178c-0dd0-4fea-98c0-8bbd26beb2e2 ] Request (ServersTestBootFromVolume:setUpClass): 200 GET http://10.180.1.21/compute/v2.1/servers/69d292d9-2330-47ac-94d4-6797abb8c167 0.085s
2024-10-12 12:45:57.404 62146 INFO tempest.lib.common.rest_client [req-aed9f074-788c-4267-bc72-cfa573ca86af req-aed9f074-788c-4267-bc72-cfa573ca86af ] Request (ServerActionsTestOtherA:setUpClass): 200 GET http://10.180.1.21/compute/v2.1/servers/013fc4b2-95f7-439e-b82b-da2265ccf736 0.094s
2024-10-12 12:45:57.443 62110 INFO tempest.lib.common.rest_client [req-ad6e75c6-2742-45cf-8646-092b7aaca667 req-ad6e75c6-2742-45cf-8646-092b7aaca667 ] Request (ServerAddressesNegativeTestJSON:setUpClass): 200 GET http://10.180.1.21/compute/v2.1/servers/7c0badee-0e2b-4a13-89b1-e57df5c2c9ef 0.091s
2024-10-12 12:45:57.443 62144 INFO tempest.lib.common.rest_client [req-f07e2968-7987-429a-842c-c754f56d53ab req-f07e2968-7987-429a-842c-c754f56d53ab ] Request (ServersTestManualDisk:setUpClass): 204 DELETE http://10.180.1.21/compute/v2.1/servers/ba4cc401-7ae3-40bc-996c-13741a65d991 0.175s
2024-10-12 12:45:57.493 62140 INFO tempest.lib.common.rest_client [req-0e3a9be2-ee37-4eaa-a459-7218417e27c6 req-0e3a9be2-ee37-4eaa-a459-7218417e27c6 ] Request (ServerGroupTestJSON:test_create_server_with_scheduler_hint_group): 200 GET http://10.180.1.21/compute/v2.1/servers/572dbc25-39a6-4e8b-b5c0-176ea0e27839 0.094s
2024-10-12 12:45:57.494 62122 INFO tempest.lib.common.rest_client [req-4eaba54a-29bf-4928-a7e6-21bc4e9fbde3 req-4eaba54a-29bf-4928-a7e6-21bc4e9fbde3 ] Request (ServerExternalEventsTest:test_create_server_external_events): 200 GET http://10.180.1.21/compute/v2.1/servers/32e947ce-c7e5-4568-b1e4-89dfc6a8009e 0.056s
2024-10-12 12:45:57.513 62144 INFO tempest.lib.common.rest_client [req-99243a1a-af5c-485f-904a-02af8dbb4ad7 req-99243a1a-af5c-485f-904a-02af8dbb4ad7 ] Request (ServersTestManualDisk:setUpClass): 404 GET http://10.180.1.21/compute/v2.1/servers/ba4cc401-7ae3-40bc-996c-13741a65d991 0.070s
2024-10-12 12:45:57.514 62144 INFO tempest.test [-] raised in ServersTestManualDisk.setUpClass. Invoking tearDownClass.
2024-10-12 12:45:57.533 62166 INFO tempest.lib.common.rest_client [req-b4df652d-8427-446b-8a39-54502ad09a23 req-b4df652d-8427-446b-8a39-54502ad09a23 ] Request (MultipleCreateTestJSON:test_multiple_create_with_reservation_return): 200 GET http://10.180.1.21/compute/v2.1/servers/81ada1e9-b100-44fd-8119-7ef8695e601f 0.054s
2024-10-12 12:45:57.546 62144 INFO tempest.lib.common.rest_client [req-74b1d29b-4e1c-4aa0-b544-e22d7c3a1add req-74b1d29b-4e1c-4aa0-b544-e22d7c3a1add ] Request (ServersTestManualDisk:tearDownClass): 202 DELETE http://10.180.1.21/compute/v2.1/os-keypairs/tempest-keypair-1992100055 0.032s
2024-10-12 12:45:57.554 62108 INFO tempest.lib.common.rest_client [req-76d06b78-270e-49e8-8ab9-97f5b685396c req-76d06b78-270e-49e8-8ab9-97f5b685396c ] Request (ServersTestJSON:test_create_server_specify_multibyte_character_name): 200 GET http://10.180.1.21/compute/v2.1/servers/274c5625-eb81-45d1-bd95-7336bddfad1e 0.065s
2024-10-12 12:45:57.585 62106 INFO tempest.lib.common.rest_client [req-026775e2-4e23-4f3c-848e-cc5a8ec7c0f0 req-026775e2-4e23-4f3c-848e-cc5a8ec7c0f0 ] Request (ListServersNegativeTestJSON:setUpClass): 200 GET http://10.180.1.21/compute/v2.1/servers/2b9b62b3-ebe1-4fe9-a63b-1003fca3d5de 0.065s
2024-10-12 12:45:57.629 62144 INFO tempest.lib.common.rest_client [req-d3355ae2-ee30-4149-b94b-cf49013b4527 req-d3355ae2-ee30-4149-b94b-cf49013b4527 ] Request (ServersTestManualDisk:tearDownClass): 204 DELETE http://10.180.1.21:9696/networking/v2.0/security-groups/4b8d75bb-0c4b-4ba2-97b2-22c663fdf12d 0.083s
2024-10-12 12:45:57.637 62144 INFO tempest.lib.common.rest_client [req-30073c5b-a699-4af3-a174-bab780bb6897 req-30073c5b-a699-4af3-a174-bab780bb6897 ] Request (ServersTestManualDisk:tearDownClass): 404 GET http://10.180.1.21:9696/networking/v2.0/security-groups/4b8d75bb-0c4b-4ba2-97b2-22c663fdf12d 0.007s
