2024-10-12 12:44:13.943 62104 INFO tempest.lib.common.rest_client [req-477ad823-33d1-49e6-ac7f-6130cf0f1e4b req-477ad823-33d1-49e6-ac7f-6130cf0f1e4b ] Request (ServerMetadataNegativeTestJSON:setUpClass): 200 GET http://10.180.1.21/compute/v2.1/servers/11292ffa-0db5-4d70-a3c1-31b81bf4182e 3.576s
2024-10-12 12:44:13.951 62148 INFO tempest.lib.common.rest_client [req-a54d8fd0-291f-4dd1-8d8d-376e0b04fc7d req-a54d8fd0-291f-4dd1-8d8d-376e0b04fc7d ] Request (QuotasAdminTestV236:setUpClass): 200 GET http://10.180.1.21/identity/v3/roles 0.053s
2024-10-12 12:44:13.968 62148 INFO tempest.lib.common.rest_client [req-40bdadc2-7fb8-4b86-9374-d6bd9e17f057 req-40bdadc2-7fb8-4b86-9374-d6bd9e17f057 ] Request (QuotasAdminTestV236:setUpClass): 204 PUT http://10.180.1.21/identity/v3/projects/3163f3bafec842188bec07623a20d890/users/6a7fd31e5a90482886f354a0ca144ae8/roles/0a37485f368e4da080855f2071f38ea7 0.016s
2024-10-12 12:44:13.968 62148 INFO tempest.lib.common.dynamic_creds [-] Dynamic test user 6a7fd31e5a90482886f354a0ca144ae8 is created with scope project and roles: ['admin']
2024-10-12 12:44:13.968 62148 INFO tempest.lib.common.dynamic_creds [-] Acquired dynamic creds: credentials: Credentials: {'domain_id': 'default', 'domain_name': 'Default', 'username': 'tempest-QuotasAdminTestV236-797134407-project-admin', 'project_domain_id': 'default', 'project_domain_name': 'Default', 'project_id': '3163f3bafec842188bec07623a20d890', 'project_name': 'tempest-QuotasAdminTestV236-797134407', 'tenant_id': '3163f3bafec842188bec07623a20d890', 'tenant_name': 'tempest-QuotasAdminTestV236-797134407', 'user_domain_id': 'default', 'user_domain_name': 'Default', 'user_id': '6a7fd31e5a90482886f354a0ca144ae8', 'system': None}, Network: None, Subnet: None, Router: None
2024-10-12 12:44:13.969 62148 INFO tempest.lib.common.dynamic_creds [-] Created isolated network resources for: credentials: Credentials: {'domain_id': 'default', 'domain_name': 'Default', 'username': 'tempest-QuotasAdminTestV236-797134407-project-admin', 'project_domain_id': 'default', 'project_domain_name': 'Default', 'project_id': '3163f3bafec842188bec07623a20d890', 'project_name': 'tempest-QuotasAdminTestV236-797134407', 'tenant_id': '3163f3bafec842188bec07623a20d890', 'tenant_name': 'tempest-QuotasAdminTestV236-797134407', 'user_domain_id': 'default', 'user_domain_name': 'Default', 'user_id': '6a7fd31e5a90482886f354a0ca144ae8', 'system': None}, Network: None, Subnet: None, Router: None
2024-10-12 12:44:14.059 62148 INFO tempest.lib.common.rest_client [req-a976d93e-151c-4d3c-84c8-69294049f294 req-a976d93e-151c-4d3c-84c8-69294049f294 ] Request (QuotasAdminTestV236:setUpClass): 201 POST http://10.180.1.21/identity/v3/auth/tokens 0.087s
2024-10-12 12:44:14.151 62112 INFO tempest.lib.common.rest_client [req-82cc722d-e8fd-483b-ae94-1fba6456f169 req-82cc722d-e8fd-483b-ae94-1fba6456f169 ] Request (ServersAdminNegativeTestJSON:setUpClass): 204 DELETE http://10.180.1.21/compute/v2.1/servers/510f3385-7dc0-4b73-b804-fa9e4f3ff995 3.784s
2024-10-12 12:44:14.209 62142 INFO tempest.lib.common.rest_client [req-bfeb1595-cce7-4694-bae7-1540dab45cf9 req-bfeb1595-cce7-4694-bae7-1540dab45cf9 ] Request (ListImagesTestJSON:test_list_images): 200 GET http://10.180.1.21/compute/v2.1/images 3.586s
2024-10-12 12:44:14.265 62116 INFO tempest.lib.common.rest_client [req-869030c8-e337-41db-a301-5c2cc01678e8 req-869030c8-e337-41db-a301-5c2cc01678e8 ] Request (DeleteServersAdminTestJSON:test_admin_delete_servers_of_others): 404 GET http://10.180.1.21/compute/v2.1/servers/ef0db253-4aba-44ee-9986-b015f383dfc5 3.407s
2024-10-12 12:44:14.332 62120 INFO tempest.lib.common.rest_client [req-b468ffa1-940a-4de0-9870-034b457b0adb req-b468ffa1-940a-4de0-9870-034b457b0adb ] Request (ImagesTestJSON:test_create_image_from_stopped_server): 200 GET http://10.180.1.21/compute/v2.1/servers/a746fcff-646e-4f9b-b595-7379c6f97efd 3.372s
2024-10-12 12:44:14.336 62116 INFO tempest.lib.common.rest_client [req-f7a65ef3-599d-4f54-8fc8-15bfc99cc511 req-f7a65ef3-599d-4f54-8fc8-15bfc99cc511 ] Request (DeleteServersAdminTestJSON:test_delete_server_while_in_error_state): 201 POST http://10.180.1.21/identity/v3/auth/tokens 0.061s
2024-10-12 12:44:14.337 62116 INFO tempest.lib.common.fixed_network [-] (DeleteServersAdminTestJSON:test_delete_server_while_in_error_state) Found network None available for tenant
2024-10-12 12:44:14.401 62110 INFO tempest.lib.common.rest_client [req-4e901fb3-3f8a-435c-81fa-a422da9d5509 req-4e901fb3-3f8a-435c-81fa-a422da9d5509 ] Request (VolumesAssistedSnapshotsTest:test_volume_assisted_snapshot_create_delete): 200 GET http://10.180.1.21/compute/v2.1/servers/10bd5056-d5b5-48d7-a5b5-bd07dd489618 3.260s
2024-10-12 12:44:14.447 62132 INFO tempest.lib.common.rest_client [req-cd767bb7-1156-42f9-828c-025ba06e3013 req-cd767bb7-1156-42f9-828c-025ba06e3013 ] Request (ServersWithSpecificFlavorTestJSON:test_verify_created_server_ephemeral_disk): 200 GET http://10.180.1.21/compute/v2.1/servers/c3f0399f-543c-4ab7-8854-b5f7f012fdd2 3.154s
2024-10-12 12:44:14.501 62160 INFO tempest.lib.common.rest_client [req-d03d8f3a-70f1-4f57-b168-89254300f20d req-d03d8f3a-70f1-4f57-b168-89254300f20d ] Request (ServerDiagnosticsV248Test:test_get_server_diagnostics): 200 GET http://10.180.1.21/compute/v2.1/servers/76d3a228-e314-42b1-9eec-43a32fbd8035 3.032s
2024-10-12 12:44:14.508 62160 INFO tempest.common.waiters [-] State transition "BUILD/None" ==> "BUILD/spawning" after 11 second wait
2024-10-12 12:44:14.550 62106 INFO tempest.lib.common.rest_client [req-49c4c545-d08d-4c9c-b5c1-6445ea41bf8f req-49c4c545-d08d-4c9c-b5c1-6445ea41bf8f ] Request (ImagesOneServerNegativeTestJSON:setUpClass): 200 GET http://10.180.1.21/compute/v2.1/servers/433ce856-b04b-4808-8f05-201ad28e18d0 3.007s
2024-10-12 12:44:14.582 62144 INFO tempest.lib.common.rest_client [req-c441207d-8623-4787-8113-68237dd42e87 req-c441207d-8623-4787-8113-68237dd42e87 ] Request (FloatingIPsTestJSON:test_delete_floating_ip): 404 GET http://10.180.1.21/compute/v2.1/os-floating-ips/b346d083-c180-4e74-a39d-88754645b492 2.856s
2024-10-12 12:44:14.608 62122 INFO tempest.lib.common.rest_client [req-b61839c0-3d3e-4c25-b5e6-8381b9247d55 req-b61839c0-3d3e-4c25-b5e6-8381b9247d55 ] Request (AggregatesAdminNegativeTestJSON:test_aggregate_delete_as_user): 200 POST http://10.180.1.21/compute/v2.1/os-aggregates 2.860s
2024-10-12 12:44:14.627 62140 INFO tempest.lib.common.rest_client [req-62a8271f-be72-4c1d-b9f5-5470e42f9dd7 req-62a8271f-be72-4c1d-b9f5-5470e42f9dd7 ] Request (KeyPairsV2TestJSON:_run_cleanups): 202 DELETE http://10.180.1.21/compute/v2.1/os-keypairs/tempest-KeyPairsV2TestJSON-keypair-740343061 2.862s
2024-10-12 12:44:14.638 62108 INFO tempest.lib.common.rest_client [req-99dcab5a-73cb-4b99-b353-ee2a1c263230 req-99dcab5a-73cb-4b99-b353-ee2a1c263230 ] Request (FlavorsV2TestJSON:test_list_flavors_limit_results): 200 GET http://10.180.1.21/compute/v2.1/flavors?limit=1 2.842s
2024-10-12 12:44:14.656 62126 INFO tempest.lib.common.rest_client [req-a6130ca6-84d4-45a8-8287-81fae9539698 req-a6130ca6-84d4-45a8-8287-81fae9539698 ] Request (FlavorsAdminTestJSON:_run_cleanups): 202 DELETE http://10.180.1.21/compute/v2.1/flavors/83304902 2.752s
2024-10-12 12:44:14.700 62164 INFO tempest.lib.common.rest_client [req-8adde6a7-2987-4982-94e8-4b1f7fbcd56a req-8adde6a7-2987-4982-94e8-4b1f7fbcd56a ] Request (FloatingIPDetailsNegativeTestJSON:tearDownClass): 200 PUT http://10.180.1.21:9696/networking/v2.0/routers/6cfc7263-7107-494d-a23f-6fe45712af46/remove_router_interface 0.834s
2024-10-12 12:44:14.766 62140 INFO tempest.lib.common.rest_client [req-2805c4a8-e7c1-4028-bb98-27e0920f5898 req-2805c4a8-e7c1-4028-bb98-27e0920f5898 ] Request (KeyPairsV2TestJSON:tearDownClass): 204 DELETE http://10.180.1.21/identity/v3/users/91a152ca53954a0cbf92f7d4be6ae099 0.137s
2024-10-12 12:44:14.766 62140 INFO tempest.lib.common.dynamic_creds [-] Deleting project and security group for project: 034b4ce5188641e0a99b925842e51644
2024-10-12 12:44:14.829 62134 INFO tempest.lib.common.rest_client [req-43ade5fd-9b36-4108-94b9-60bc3889587d req-43ade5fd-9b36-4108-94b9-60bc3889587d ] Request (FlavorsAccessNegativeTestJSON:_run_cleanups): 200 POST http://10.180.1.21/compute/v2.1/flavors/1167773310/action 2.805s
2024-10-12 12:44:14.832 62140 INFO tempest.lib.common.rest_client [req-92d24700-c49b-413e-a819-5f0ea6323920 req-92d24700-c49b-413e-a819-5f0ea6323920 ] Request (KeyPairsV2TestJSON:tearDownClass): 201 POST http://10.180.1.21/identity/v3/auth/tokens 0.065s
2024-10-12 12:44:14.849 62152 INFO tempest.lib.common.rest_client [req-e28f542f-ac03-4cdf-816d-fdefeba67d46 req-e28f542f-ac03-4cdf-816d-fdefeba67d46 ] Request (KeyPairsV22TestJSON:_run_cleanups): 204 DELETE http://10.180.1.21/compute/v2.1/os-keypairs/tempest-keypair-380508528 2.714s
2024-10-12 12:44:14.849 62158 INFO tempest.lib.common.rest_client [req-b9869b5c-3185-4800-8f7a-03f7ae14bae4 req-b9869b5c-3185-4800-8f7a-03f7ae14bae4 ] Request (SecurityGroupsTestAdminJSON:test_list_security_groups_list_all_tenants_filter): 200 GET http://10.180.1.21/compute/v2.1/os-security-groups?all_tenants=true 6.148s
2024-10-12 12:44:14.921 62136 INFO tempest.lib.common.rest_client [req-16506cec-cb3d-42ef-804e-55c7407aacf0 req-16506cec-cb3d-42ef-804e-55c7407aacf0 ] Request (ImagesOneServerTestJSON:setUpClass): 200 GET http://10.180.1.21/compute/v2.1/servers/ac5df149-83db-481a-a240-e5cf08fdbff9 1.901s
2024-10-12 12:44:14.942 62152 INFO tempest.lib.common.rest_client [req-ec51a6c8-9a68-4fcc-939d-11e2e9aaef88 req-ec51a6c8-9a68-4fcc-939d-11e2e9aaef88 ] Request (KeyPairsV22TestJSON:tearDownClass): 204 DELETE http://10.180.1.21/identity/v3/users/85637b3762b34b198fa7f78b0578682a 0.091s
2024-10-12 12:44:14.942 62152 INFO tempest.lib.common.dynamic_creds [-] Deleting project and security group for project: b67b5e218a7e4b3984425561c2b28b9d
2024-10-12 12:44:14.977 62118 INFO tempest.lib.common.rest_client [req-3189b188-473e-4923-aebd-9e8c017d3eb9 req-3189b188-473e-4923-aebd-9e8c017d3eb9 ] Request (ServerActionsTestJSON:setUpClass): 200 GET http://10.180.1.21/compute/v2.1/servers/f911465c-277a-41ee-a6b5-0e3b85185b56 1.872s
2024-10-12 12:44:15.008 62152 INFO tempest.lib.common.rest_client [req-6f409a76-e05c-48f1-89b7-3e05766fd3a3 req-6f409a76-e05c-48f1-89b7-3e05766fd3a3 ] Request (KeyPairsV22TestJSON:tearDownClass): 201 POST http://10.180.1.21/identity/v3/auth/tokens 0.065s
2024-10-12 12:44:15.049 62154 INFO tempest.lib.common.rest_client [req-f2375960-f153-4700-9a4d-c77fcae90001 req-f2375960-f153-4700-9a4d-c77fcae90001 ] Request (ServerActionsV293TestJSON:setUpClass): 200 GET http://10.180.1.21/compute/v2.1/servers/629da2e8-2f09-42b7-b031-6d8f5a282e37 1.920s
2024-10-12 12:44:15.071 62166 INFO tempest.lib.common.rest_client [req-8c9fa50e-23c3-4cb5-807b-d85997258cd4 req-8c9fa50e-23c3-4cb5-807b-d85997258cd4 ] Request (QuotaClassesAdminTestJSON:test_update_default_quotas): 200 GET http://10.180.1.21/compute/v2.1/os-quota-class-sets/default 2.674s
2024-10-12 12:44:15.115 62140 INFO tempest.lib.common.rest_client [req-c4706afb-e8a6-4fec-9df4-c6236c78a065 req-c4706afb-e8a6-4fec-9df4-c6236c78a065 ] Request (KeyPairsV2TestJSON:tearDownClass): 200 GET http://10.180.1.21:9696/networking/v2.0/security-groups?tenant_id=034b4ce5188641e0a99b925842e51644&name=default 0.282s
2024-10-12 12:44:15.116 62162 INFO tempest.lib.common.rest_client [req-5331e408-0a37-4068-9dae-94393b73c971 req-5331e408-0a37-4068-9dae-94393b73c971 ] Request (SecurityGroupRulesNegativeTestJSON:test_create_security_group_rule_duplicate): 400 POST http://10.180.1.21/compute/v2.1/os-security-group-rules 1.539s
2024-10-12 12:44:15.138 62124 INFO tempest.lib.common.rest_client [req-243e97ff-eec7-43a6-a018-7d335dcd7202 req-243e97ff-eec7-43a6-a018-7d335dcd7202 ] Request (ServicesAdminTestJSON:test_get_service_by_service_binary_name): 200 GET http://10.180.1.21/compute/v2.1/os-services?binary=nova-compute 1.464s
2024-10-12 12:44:15.169 62146 INFO tempest.lib.common.rest_client [req-7267fa06-1a5d-41a8-aee8-45e6827f0478 req-7267fa06-1a5d-41a8-aee8-45e6827f0478 ] Request (FloatingIPsNegativeTestJSON:test_delete_nonexistent_floating_ip): 404 DELETE http://10.180.1.21/compute/v2.1/os-floating-ips/ebb832e2-1d9a-4b57-8559-727b144305db 1.277s
2024-10-12 12:44:15.193 62112 INFO tempest.lib.common.rest_client [req-9bb22042-f5b2-4dcf-b4dc-7da750c2295e req-9bb22042-f5b2-4dcf-b4dc-7da750c2295e ] Request (ServersAdminNegativeTestJSON:setUpClass): 404 GET http://10.180.1.21/compute/v2.1/servers/510f3385-7dc0-4b73-b804-fa9e4f3ff995 1.042s
2024-10-12 12:44:15.194 62112 INFO tempest.test [-] raised in ServersAdminNegativeTestJSON.setUpClass. Invoking tearDownClass.
2024-10-12 12:44:15.253 62142 INFO tempest.lib.common.rest_client [req-9f624ab4-e509-4fe3-b1e6-0258b756fde4 req-9f624ab4-e509-4fe3-b1e6-0258b756fde4 ] Request (ListImagesTestJSON:test_list_images_with_detail): 200 GET http://10.180.1.21/compute/v2.1/images/detail 1.040s
2024-10-12 12:44:15.266 62140 INFO tempest.lib.common.rest_client [req-0e2741ea-fe6e-459c-abe0-9325e0f540db req-0e2741ea-fe6e-459c-abe0-9325e0f540db ] Request (KeyPairsV2TestJSON:tearDownClass): 204 DELETE http://10.180.1.21:9696/networking/v2.0/security-groups/241afbbd-2f62-4f6e-b370-d0a4e61141a9 0.150s
2024-10-12 12:44:15.281 62164 INFO tempest.lib.common.rest_client [req-a95a0a9a-9ab8-420a-a0cd-5285143525ea req-a95a0a9a-9ab8-420a-a0cd-5285143525ea ] Request (FloatingIPDetailsNegativeTestJSON:tearDownClass): 204 DELETE http://10.180.1.21:9696/networking/v2.0/routers/6cfc7263-7107-494d-a23f-6fe45712af46 0.580s
2024-10-12 12:44:15.294 62112 INFO tempest.lib.common.rest_client [req-18a4deb3-9f52-42c4-b357-bbdd82d6b11d req-18a4deb3-9f52-42c4-b357-bbdd82d6b11d ] Request (ServersAdminNegativeTestJSON:tearDownClass): 204 DELETE http://10.180.1.21/identity/v3/users/8db1f060f4044e5094c3341fe0125824 0.100s
2024-10-12 12:44:15.373 62152 INFO tempest.lib.common.rest_client [req-dab7a3f9-2f50-4866-932f-f88ab50fde85 req-dab7a3f9-2f50-4866-932f-f88ab50fde85 ] Request (KeyPairsV22TestJSON:tearDownClass): 200 GET http://10.180.1.21:9696/networking/v2.0/security-groups?tenant_id=b67b5e218a7e4b3984425561c2b28b9d&name=default 0.365s
2024-10-12 12:44:15.389 62140 INFO tempest.lib.common.rest_client [req-1a045ac2-5ceb-4805-b975-5a9d0174f996 req-1a045ac2-5ceb-4805-b975-5a9d0174f996 ] Request (KeyPairsV2TestJSON:tearDownClass): 204 DELETE http://10.180.1.21/identity/v3/projects/034b4ce5188641e0a99b925842e51644 0.122s
2024-10-12 12:44:15.393 62142 INFO tempest.lib.common.rest_client [req-7c610525-b212-4f05-a2f5-116769b61a83 req-7c610525-b212-4f05-a2f5-116769b61a83 ] Request (ListImagesTestJSON:tearDownClass): 204 DELETE http://10.180.1.21/identity/v3/users/47c50c9205f74dcba19cccf45519023a 0.135s
2024-10-12 12:44:15.394 62142 INFO tempest.lib.common.dynamic_creds [-] Deleting project and security group for project: 3a8d112143214e9b80ff0f7a86452505
2024-10-12 12:44:15.467 62140 INFO tempest.lib.common.rest_client [req-858bc8a4-542f-47d5-b712-b8c2633db3a2 req-858bc8a4-542f-47d5-b712-b8c2633db3a2 ] Request (ServerGroupTestJSON:setUpClass): 201 POST http://10.180.1.21/identity/v3/auth/tokens 0.076s
2024-10-12 12:44:15.493 62142 INFO tempest.lib.common.rest_client [req-a4220fbc-bf15-4569-a0f0-1dd464c8e428 req-a4220fbc-bf15-4569-a0f0-1dd464c8e428 ] Request (ListImagesTestJSON:tearDownClass): 201 POST http://10.180.1.21/identity/v3/auth/tokens 0.099s
2024-10-12 12:44:15.496 62164 INFO tempest.lib.common.rest_client [req-ce331c02-4712-423d-8b2b-b3f5fe48be2d req-ce331c02-4712-423d-8b2b-b3f5fe48be2d ] Request (FloatingIPDetailsNegativeTestJSON:tearDownClass): 204 DELETE http://10.180.1.21:9696/networking/v2.0/subnets/be988509-38ef-4c5d-9064-90db4260780a 0.214s
2024-10-12 12:44:15.529 62112 INFO tempest.lib.common.rest_client [req-f1642ab4-0809-4879-846a-e531e0079176 req-f1642ab4-0809-4879-846a-e531e0079176 ] Request (ServersAdminNegativeTestJSON:tearDownClass): 204 DELETE http://10.180.1.21/identity/v3/users/015e6fbaaba143c28704609ada865bba 0.235s
2024-10-12 12:44:15.530 62112 INFO tempest.lib.common.dynamic_creds [-] Deleting project and security group for project: 7ae67fadc2504b0aa2390d617371d401
2024-10-12 12:44:15.575 62140 INFO tempest.lib.common.rest_client [req-c5dcbf28-5451-4ce9-834a-d6ea8c1b6165 req-c5dcbf28-5451-4ce9-834a-d6ea8c1b6165 ] Request (ServerGroupTestJSON:setUpClass): 201 POST http://10.180.1.21/identity/v3/auth/tokens 0.099s
2024-10-12 12:44:15.594 62116 INFO tempest.lib.common.rest_client [req-857383f9-5e2e-4f8e-8566-2b7f1c8ddb23 req-857383f9-5e2e-4f8e-8566-2b7f1c8ddb23 ] Request (DeleteServersAdminTestJSON:test_delete_server_while_in_error_state): 202 POST http://10.180.1.21/compute/v2.1/servers 1.256s
2024-10-12 12:44:15.620 62152 INFO tempest.lib.common.rest_client [req-9dd78150-8e29-4999-b830-e0ce25de0121 req-9dd78150-8e29-4999-b830-e0ce25de0121 ] Request (KeyPairsV22TestJSON:tearDownClass): 204 DELETE http://10.180.1.21:9696/networking/v2.0/security-groups/e81ae2e3-ef29-46e8-aba1-1e735104a314 0.246s
2024-10-12 12:44:15.623 62144 INFO tempest.lib.common.rest_client [req-19792f67-12a3-4434-8e2b-708b0adb1610 req-19792f67-12a3-4434-8e2b-708b0adb1610 ] Request (FloatingIPsTestJSON:_run_cleanups): 404 DELETE http://10.180.1.21/compute/v2.1/os-floating-ips/b346d083-c180-4e74-a39d-88754645b492 1.041s
2024-10-12 12:44:15.631 62122 INFO tempest.lib.common.rest_client [req-f77736a0-0e56-48cb-89eb-74d9c66c0368 req-f77736a0-0e56-48cb-89eb-74d9c66c0368 ] Request (AggregatesAdminNegativeTestJSON:test_aggregate_delete_as_user): 403 DELETE http://10.180.1.21/compute/v2.1/os-aggregates/5 1.020s
2024-10-12 12:44:15.647 62108 INFO tempest.lib.common.rest_client [req-a41d00cb-7f8b-4e5a-ad50-2a7a32e41a0a req-a41d00cb-7f8b-4e5a-ad50-2a7a32e41a0a ] Request (FlavorsV2TestJSON:test_list_flavors_using_marker): 200 GET http://10.180.1.21/compute/v2.1/flavors/42 1.006s
2024-10-12 12:44:15.651 62112 INFO tempest.lib.common.rest_client [req-408bb322-137a-4aa9-9e49-b414746eeee0 req-408bb322-137a-4aa9-9e49-b414746eeee0 ] Request (ServersAdminNegativeTestJSON:tearDownClass): 201 POST http://10.180.1.21/identity/v3/auth/tokens 0.121s
2024-10-12 12:44:15.652 62128 INFO tempest.lib.common.rest_client [req-db2dae88-515a-4284-ba04-8107e22d9615 req-db2dae88-515a-4284-ba04-8107e22d9615 ] Request (ServerTagsTestJSON:setUpClass): 202 POST http://10.180.1.21/compute/v2.1/servers 2.014s
2024-10-12 12:44:15.662 62126 INFO tempest.lib.common.rest_client [req-d2cb163e-a4ea-4590-b537-859467eca6bf req-d2cb163e-a4ea-4590-b537-859467eca6bf ] Request (FlavorsAdminTestJSON:_run_cleanups): 200 GET http://10.180.1.21/compute/v2.1/flavors/detail 1.006s
2024-10-12 12:44:15.671 62140 INFO tempest.lib.common.rest_client [req-160ab6eb-a773-45c2-b51f-08e676e3b465 req-160ab6eb-a773-45c2-b51f-08e676e3b465 ] Request (ServerGroupTestJSON:setUpClass): 200 GET http://10.180.1.21/identity/v3/domains?name=Default 0.095s
2024-10-12 12:44:15.749 62140 INFO tempest.lib.common.rest_client [req-481fff39-5fe3-460a-b00d-56edcb74b247 req-481fff39-5fe3-460a-b00d-56edcb74b247 ] Request (ServerGroupTestJSON:setUpClass): 201 POST http://10.180.1.21/identity/v3/projects 0.078s
2024-10-12 12:44:15.773 62138 INFO tempest.lib.common.rest_client [req-b770c3ab-b422-4562-a925-da44662670f4 req-b770c3ab-b422-4562-a925-da44662670f4 ] Request (ServersAdminTestJSON:setUpClass): 200 GET http://10.180.1.21/compute/v2.1/servers/b747d6e6-1b07-4a7d-93ea-e8bb2b74d2f7 1.034s
2024-10-12 12:44:15.776 62114 INFO tempest.lib.common.rest_client [req-289f8f95-470b-482b-9230-8baf59f933bb req-289f8f95-470b-482b-9230-8baf59f933bb ] Request (ServersAdmin275Test:test_rebuild_update_server_275): 200 GET http://10.180.1.21/compute/v2.1/servers/318ecaf7-7e12-4d42-9b2f-3f3ab2577ffa 1.114s
2024-10-12 12:44:15.786 62152 INFO tempest.lib.common.rest_client [req-92fb7882-cc73-4adb-a545-9c4321056ee1 req-92fb7882-cc73-4adb-a545-9c4321056ee1 ] Request (KeyPairsV22TestJSON:tearDownClass): 204 DELETE http://10.180.1.21/identity/v3/projects/b67b5e218a7e4b3984425561c2b28b9d 0.166s
2024-10-12 12:44:15.790 62114 INFO tempest.common.waiters [-] State transition "REBUILD/rebuild_spawning" ==> "ACTIVE/None" after 7 second wait
2024-10-12 12:44:15.796 62134 INFO tempest.lib.common.rest_client [req-88b3947c-047d-4fab-a43a-3268489739b0 req-88b3947c-047d-4fab-a43a-3268489739b0 ] Request (FlavorsAccessNegativeTestJSON:_run_cleanups): 202 DELETE http://10.180.1.21/compute/v2.1/flavors/1167773310 0.965s
2024-10-12 12:44:15.832 62152 INFO tempest.lib.common.rest_client [req-2b6ce1f4-671f-4560-a6ee-94d4e0de80e6 req-2b6ce1f4-671f-4560-a6ee-94d4e0de80e6 ] Request (AttachInterfacesUnderV243Test:setUpClass): 201 POST http://10.180.1.21/identity/v3/auth/tokens 0.044s
2024-10-12 12:44:15.839 62140 INFO tempest.lib.common.rest_client [req-fe90e989-e6e0-4060-9d6b-a918ed7a6679 req-fe90e989-e6e0-4060-9d6b-a918ed7a6679 ] Request (ServerGroupTestJSON:setUpClass): 201 POST http://10.180.1.21/identity/v3/users 0.088s
2024-10-12 12:44:15.866 62140 INFO tempest.lib.common.rest_client [req-2462bffa-392d-4c83-86c9-a42befa739d5 req-2462bffa-392d-4c83-86c9-a42befa739d5 ] Request (ServerGroupTestJSON:setUpClass): 200 GET http://10.180.1.21/identity/v3/roles 0.026s
2024-10-12 12:44:15.883 62104 INFO tempest.lib.common.rest_client [req-ec0ddffd-0bc6-465b-9c07-09e57312c4f6 req-ec0ddffd-0bc6-465b-9c07-09e57312c4f6 ] Request (ServerMetadataNegativeTestJSON:setUpClass): 200 GET http://10.180.1.21/compute/v2.1/servers/11292ffa-0db5-4d70-a3c1-31b81bf4182e 0.933s
2024-10-12 12:44:15.900 62140 INFO tempest.lib.common.rest_client [req-3ee4b2d6-02f8-4c23-ba6c-0e536e6e6a95 req-3ee4b2d6-02f8-4c23-ba6c-0e536e6e6a95 ] Request (ServerGroupTestJSON:setUpClass): 204 PUT http://10.180.1.21/identity/v3/projects/27bb193971ae49e283d6136617a243d4/users/6c4b6a4ef7724be9a515cb18174256af/roles/1309b30070324f1080607204afda10dc 0.033s
2024-10-12 12:44:15.900 62140 INFO tempest.lib.common.dynamic_creds [-] Dynamic test user 6c4b6a4ef7724be9a515cb18174256af is created with scope project and roles: ['member']
2024-10-12 12:44:15.900 62140 INFO tempest.lib.common.dynamic_creds [-] Acquired dynamic creds: credentials: Credentials: {'domain_id': 'default', 'domain_name': 'Default', 'username': 'tempest-ServerGroupTestJSON-605040800-project-member', 'project_domain_id': 'default', 'project_domain_name': 'Default', 'project_id': '27bb193971ae49e283d6136617a243d4', 'project_name': 'tempest-ServerGroupTestJSON-605040800', 'tenant_id': '27bb193971ae49e283d6136617a243d4', 'tenant_name': 'tempest-ServerGroupTestJSON-605040800', 'user_domain_id': 'default', 'user_domain_name': 'Default', 'user_id': '6c4b6a4ef7724be9a515cb18174256af', 'system': None}, Network: None, Subnet: None, Router: None
2024-10-12 12:44:15.946 62152 INFO tempest.lib.common.rest_client [req-23ac9978-1c0c-4adb-b474-2ad303efabdf req-23ac9978-1c0c-4adb-b474-2ad303efabdf ] Request (AttachInterfacesUnderV243Test:setUpClass): 201 POST http://10.180.1.21/identity/v3/auth/tokens 0.059s
2024-10-12 12:44:15.966 62140 INFO tempest.lib.common.rest_client [req-c31f76ab-e6ee-49a6-8543-e762093c805a req-c31f76ab-e6ee-49a6-8543-e762093c805a ] Request (ServerGroupTestJSON:setUpClass): 201 POST http://10.180.1.21/identity/v3/auth/tokens 0.065s
2024-10-12 12:44:15.970 62152 INFO tempest.lib.common.rest_client [req-a8ec483b-325c-4899-a28e-c52cd23ab6b7 req-a8ec483b-325c-4899-a28e-c52cd23ab6b7 ] Request (AttachInterfacesUnderV243Test:setUpClass): 200 GET http://10.180.1.21/identity/v3/domains?name=Default 0.023s
2024-10-12 12:44:15.996 62166 INFO tempest.lib.common.rest_client [req-406c88ba-13ce-432c-af98-ad0c7f19863c req-406c88ba-13ce-432c-af98-ad0c7f19863c ] Request (QuotaClassesAdminTestJSON:test_update_default_quotas): 200 PUT http://10.180.1.21/compute/v2.1/os-quota-class-sets/default 0.922s
2024-10-12 12:44:16.002 62152 INFO tempest.lib.common.rest_client [req-bccfcad7-627c-4eab-9be4-f24ee0c8136d req-bccfcad7-627c-4eab-9be4-f24ee0c8136d ] Request (AttachInterfacesUnderV243Test:setUpClass): 201 POST http://10.180.1.21/identity/v3/projects 0.032s
2024-10-12 12:44:16.039 62158 INFO tempest.lib.common.rest_client [req-c8ae1d28-65cc-43c4-827e-bc76ae16959a req-c8ae1d28-65cc-43c4-827e-bc76ae16959a ] Request (SecurityGroupsTestAdminJSON:test_list_security_groups_list_all_tenants_filter): 200 GET http://10.180.1.21/compute/v2.1/os-security-groups?all_tenants=true 1.180s
2024-10-12 12:44:16.051 62164 INFO tempest.lib.common.rest_client [req-0033b12d-7df4-4a93-b73a-cca678d25270 req-0033b12d-7df4-4a93-b73a-cca678d25270 ] Request (FloatingIPDetailsNegativeTestJSON:tearDownClass): 204 DELETE http://10.180.1.21:9696/networking/v2.0/networks/70f6ee40-7267-4ff3-9fa3-fb0e7429dfdf 0.554s
2024-10-12 12:44:16.065 62124 INFO tempest.lib.common.rest_client [req-9af1d8db-e27a-4b17-afb7-efb577d04704 req-9af1d8db-e27a-4b17-afb7-efb577d04704 ] Request (ServicesAdminTestJSON:test_list_services): 200 GET http://10.180.1.21/compute/v2.1/os-services 0.924s
2024-10-12 12:44:16.068 62152 INFO tempest.lib.common.rest_client [req-88c5c4b7-36eb-4072-a4dc-bf80461564c9 req-88c5c4b7-36eb-4072-a4dc-bf80461564c9 ] Request (AttachInterfacesUnderV243Test:setUpClass): 201 POST http://10.180.1.21/identity/v3/users 0.066s
2024-10-12 12:44:16.093 62152 INFO tempest.lib.common.rest_client [req-23466d88-bd5e-40b0-8a96-84bcad084170 req-23466d88-bd5e-40b0-8a96-84bcad084170 ] Request (AttachInterfacesUnderV243Test:setUpClass): 200 GET http://10.180.1.21/identity/v3/roles 0.024s
2024-10-12 12:44:16.137 62142 INFO tempest.lib.common.rest_client [req-6a5e0080-ba70-4f89-b438-e71b4afe3ae8 req-6a5e0080-ba70-4f89-b438-e71b4afe3ae8 ] Request (ListImagesTestJSON:tearDownClass): 200 GET http://10.180.1.21:9696/networking/v2.0/security-groups?tenant_id=3a8d112143214e9b80ff0f7a86452505&name=default 0.643s
2024-10-12 12:44:16.146 62164 INFO tempest.lib.common.rest_client [req-e1ed9fcd-4415-4e89-8641-3efe434e9925 req-e1ed9fcd-4415-4e89-8641-3efe434e9925 ] Request (FloatingIPDetailsNegativeTestJSON:tearDownClass): 204 DELETE http://10.180.1.21/identity/v3/users/2d734a3363324496b0f56b6f99dca35c 0.094s
2024-10-12 12:44:16.146 62164 INFO tempest.lib.common.dynamic_creds [-] Deleting project and security group for project: ca22da16c1b745ee9de28b37663d4bfc
2024-10-12 12:44:16.151 62120 INFO tempest.lib.common.rest_client [req-19f6ff0c-3c21-413b-9bdf-d044f1506d79 req-19f6ff0c-3c21-413b-9bdf-d044f1506d79 ] Request (ImagesTestJSON:test_create_image_from_stopped_server): 200 GET http://10.180.1.21/compute/v2.1/servers/a746fcff-646e-4f9b-b595-7379c6f97efd 0.811s
2024-10-12 12:44:16.153 62124 INFO tempest.lib.common.rest_client [req-ef535a94-4390-4a85-8e76-68d6ba62009c req-ef535a94-4390-4a85-8e76-68d6ba62009c ] Request (ServicesAdminTestJSON:tearDownClass): 204 DELETE http://10.180.1.21/identity/v3/users/54404fe3181f465285638fd20060041d 0.082s
2024-10-12 12:44:16.174 62112 INFO tempest.lib.common.rest_client [req-9fc5b3ff-142f-49e0-86b5-df0ad8539f5f req-9fc5b3ff-142f-49e0-86b5-df0ad8539f5f ] Request (ServersAdminNegativeTestJSON:tearDownClass): 200 GET http://10.180.1.21:9696/networking/v2.0/security-groups?tenant_id=7ae67fadc2504b0aa2390d617371d401&name=default 0.522s
2024-10-12 12:44:16.218 62152 INFO tempest.lib.common.rest_client [req-6de1a4b0-1a38-4020-a66b-2d8e1fd7bbe4 req-6de1a4b0-1a38-4020-a66b-2d8e1fd7bbe4 ] Request (AttachInterfacesUnderV243Test:setUpClass): 204 PUT http://10.180.1.21/identity/v3/projects/191bfd0c17cf43259932ef658596430e/users/cbe42936a2b44fc4b60bfd6d228b6559/roles/1309b30070324f1080607204afda10dc 0.125s
2024-10-12 12:44:16.218 62152 INFO tempest.lib.common.dynamic_creds [-] Dynamic test user cbe42936a2b44fc4b60bfd6d228b6559 is created with scope project and roles: ['member']
2024-10-12 12:44:16.219 62152 INFO tempest.lib.common.dynamic_creds [-] Acquired dynamic creds: credentials: Credentials: {'domain_id': 'default', 'domain_name': 'Default', 'username': 'tempest-AttachInterfacesUnderV243Test-1904231511-project-member', 'project_domain_id': 'default', 'project_domain_name': 'Default', 'project_id': '191bfd0c17cf43259932ef658596430e', 'project_name': 'tempest-AttachInterfacesUnderV243Test-1904231511', 'tenant_id': '191bfd0c17cf43259932ef658596430e', 'tenant_name': 'tempest-AttachInterfacesUnderV243Test-1904231511', 'user_domain_id': 'default', 'user_domain_name': 'Default', 'user_id': 'cbe42936a2b44fc4b60bfd6d228b6559', 'system': None}, Network: None, Subnet: None, Router: None
2024-10-12 12:44:16.226 62110 INFO tempest.lib.common.rest_client [req-807df54d-c017-48fb-9c0d-bb7a401d57e9 req-807df54d-c017-48fb-9c0d-bb7a401d57e9 ] Request (VolumesAssistedSnapshotsTest:test_volume_assisted_snapshot_create_delete): 200 GET http://10.180.1.21/compute/v2.1/servers/10bd5056-d5b5-48d7-a5b5-bd07dd489618 0.817s
2024-10-12 12:44:16.233 62162 INFO tempest.lib.common.rest_client [req-2f056535-e860-49cf-a6b0-1a7043ad9d94 req-2f056535-e860-49cf-a6b0-1a7043ad9d94 ] Request (SecurityGroupRulesNegativeTestJSON:_run_cleanups): 202 DELETE http://10.180.1.21/compute/v2.1/os-security-group-rules/3172932e-92cf-4c18-b7c7-f62ba9d7266b 1.116s
2024-10-12 12:44:16.250 62124 INFO tempest.lib.common.rest_client [req-8a5fe84e-adc6-4e9a-bfc6-c6136da5af09 req-8a5fe84e-adc6-4e9a-bfc6-c6136da5af09 ] Request (ServicesAdminTestJSON:tearDownClass): 204 DELETE http://10.180.1.21/identity/v3/users/1d47405635354991820474fccf5239b3 0.097s
2024-10-12 12:44:16.251 62124 INFO tempest.lib.common.dynamic_creds [-] Deleting project and security group for project: 6fb4e4eda1ef471193a5ceeb58b62446
2024-10-12 12:44:16.291 62164 INFO tempest.lib.common.rest_client [req-f179e47d-bdac-4038-a92d-01775fa45ec3 req-f179e47d-bdac-4038-a92d-01775fa45ec3 ] Request (FloatingIPDetailsNegativeTestJSON:tearDownClass): 200 GET http://10.180.1.21:9696/networking/v2.0/security-groups?tenant_id=ca22da16c1b745ee9de28b37663d4bfc&name=default 0.145s
2024-10-12 12:44:16.294 62152 INFO tempest.lib.common.rest_client [req-4deb8de4-dd38-4958-9f0e-2a3065afe15d req-4deb8de4-dd38-4958-9f0e-2a3065afe15d ] Request (AttachInterfacesUnderV243Test:setUpClass): 201 POST http://10.180.1.21/identity/v3/auth/tokens 0.075s
2024-10-12 12:44:16.309 62124 INFO tempest.lib.common.rest_client [req-972ab2cf-288c-47de-a6d9-0b5fe5cb1f58 req-972ab2cf-288c-47de-a6d9-0b5fe5cb1f58 ] Request (ServicesAdminTestJSON:tearDownClass): 201 POST http://10.180.1.21/identity/v3/auth/tokens 0.058s
2024-10-12 12:44:16.316 62132 INFO tempest.lib.common.rest_client [req-4d382ff7-9c98-4fb4-8a43-06ca5b1a0009 req-4d382ff7-9c98-4fb4-8a43-06ca5b1a0009 ] Request (ServersWithSpecificFlavorTestJSON:test_verify_created_server_ephemeral_disk): 200 GET http://10.180.1.21/compute/v2.1/servers/c3f0399f-543c-4ab7-8854-b5f7f012fdd2 0.861s
2024-10-12 12:44:16.349 62160 INFO tempest.lib.common.rest_client [req-6ceb639f-007e-4b9f-ba8e-43d60b308eaf req-6ceb639f-007e-4b9f-ba8e-43d60b308eaf ] Request (ServerDiagnosticsV248Test:test_get_server_diagnostics): 200 GET http://10.180.1.21/compute/v2.1/servers/76d3a228-e314-42b1-9eec-43a32fbd8035 0.840s
2024-10-12 12:44:16.408 62106 INFO tempest.lib.common.rest_client [req-b4aeb433-7c48-40c7-8157-738cef270393 req-b4aeb433-7c48-40c7-8157-738cef270393 ] Request (ImagesOneServerNegativeTestJSON:setUpClass): 200 GET http://10.180.1.21/compute/v2.1/servers/433ce856-b04b-4808-8f05-201ad28e18d0 0.846s
2024-10-12 12:44:16.435 62122 INFO tempest.lib.common.rest_client [req-74282afd-892b-4ebb-964f-856c983b5373 req-74282afd-892b-4ebb-964f-856c983b5373 ] Request (AggregatesAdminNegativeTestJSON:_run_cleanups): 200 DELETE http://10.180.1.21/compute/v2.1/os-aggregates/5 0.804s
2024-10-12 12:44:16.439 62116 INFO tempest.lib.common.rest_client [req-53bfed71-c573-4e87-b5c9-c9119a1cbdcc req-53bfed71-c573-4e87-b5c9-c9119a1cbdcc ] Request (DeleteServersAdminTestJSON:test_delete_server_while_in_error_state): 200 GET http://10.180.1.21/compute/v2.1/servers/814dd6d2-43b1-4700-b585-c5d33b96931f 0.844s
2024-10-12 12:44:16.445 62142 INFO tempest.lib.common.rest_client [req-08e21e7d-eec7-46fc-9a9a-b4d1ead3a150 req-08e21e7d-eec7-46fc-9a9a-b4d1ead3a150 ] Request (ListImagesTestJSON:tearDownClass): 204 DELETE http://10.180.1.21:9696/networking/v2.0/security-groups/4a29eee8-fd61-46fb-824e-579924f5e9d9 0.307s
2024-10-12 12:44:16.463 62112 INFO tempest.lib.common.rest_client [req-c307f2dc-333a-4145-80c8-01293e37eaf8 req-c307f2dc-333a-4145-80c8-01293e37eaf8 ] Request (ServersAdminNegativeTestJSON:tearDownClass): 204 DELETE http://10.180.1.21:9696/networking/v2.0/security-groups/016dd060-7cda-445a-9b8c-74113e8f8a51 0.289s
2024-10-12 12:44:16.466 62108 INFO tempest.lib.common.rest_client [req-f4eb553f-9f03-45ac-9abc-78588bd37ea2 req-f4eb553f-9f03-45ac-9abc-78588bd37ea2 ] Request (FlavorsV2TestJSON:test_list_flavors_using_marker): 200 GET http://10.180.1.21/compute/v2.1/flavors?marker=42 0.817s
2024-10-12 12:44:16.484 62126 INFO tempest.lib.common.rest_client [req-f1af7b5a-f630-4a9b-a5c4-e6f9828fdc48 req-f1af7b5a-f630-4a9b-a5c4-e6f9828fdc48 ] Request (FlavorsAdminTestJSON:test_create_server_with_non_public_flavor): 200 POST http://10.180.1.21/compute/v2.1/flavors 0.814s
2024-10-12 12:44:16.504 62128 INFO tempest.lib.common.rest_client [req-db0e3ba8-c81b-4841-a50e-5aaf5bec4033 req-db0e3ba8-c81b-4841-a50e-5aaf5bec4033 ] Request (ServerTagsTestJSON:setUpClass): 200 GET http://10.180.1.21/compute/v2.1/servers/0d716b01-a5d5-40f6-b002-5e1488bd54af 0.848s
2024-10-12 12:44:16.516 62142 INFO tempest.lib.common.rest_client [req-229e4b43-4ae0-4144-8e5c-89ff87697a5a req-229e4b43-4ae0-4144-8e5c-89ff87697a5a ] Request (ListImagesTestJSON:tearDownClass): 204 DELETE http://10.180.1.21/identity/v3/projects/3a8d112143214e9b80ff0f7a86452505 0.071s
2024-10-12 12:44:16.517 62134 INFO tempest.lib.common.rest_client [req-2826d060-1819-4237-b9a4-1ff0a8d911ee req-2826d060-1819-4237-b9a4-1ff0a8d911ee ] Request (FlavorsAccessNegativeTestJSON:_run_cleanups): 200 GET http://10.180.1.21/compute/v2.1/flavors/detail 0.721s
2024-10-12 12:44:16.541 62112 INFO tempest.lib.common.rest_client [req-0a740352-68cc-41be-a23f-f8a7c5be0c79 req-0a740352-68cc-41be-a23f-f8a7c5be0c79 ] Request (ServersAdminNegativeTestJSON:tearDownClass): 204 DELETE http://10.180.1.21/identity/v3/projects/7ae67fadc2504b0aa2390d617371d401 0.077s
2024-10-12 12:44:16.541 62112 INFO tempest.lib.common.dynamic_creds [-] Deleting project and security group for project: c8ff16c03462415e991a5bd04db03782
2024-10-12 12:44:16.589 62136 INFO tempest.lib.common.rest_client [req-d7c0ad91-4f1c-4c64-9aab-ac619b93bac3 req-d7c0ad91-4f1c-4c64-9aab-ac619b93bac3 ] Request (ImagesOneServerTestJSON:setUpClass): 200 GET http://10.180.1.21/compute/v2.1/servers/ac5df149-83db-481a-a240-e5cf08fdbff9 0.657s
2024-10-12 12:44:16.599 62140 INFO tempest.lib.common.rest_client [req-43f4f793-c4b8-4254-b7be-f8ef11b2f006 req-43f4f793-c4b8-4254-b7be-f8ef11b2f006 ] Request (ServerGroupTestJSON:setUpClass): 201 POST http://10.180.1.21:9696/networking/v2.0/networks 0.632s
2024-10-12 12:44:16.601 62142 INFO tempest.lib.common.rest_client [req-15857701-588b-4900-9587-c32f36d41773 req-15857701-588b-4900-9587-c32f36d41773 ] Request (ServersTestJSON:setUpClass): 201 POST http://10.180.1.21/identity/v3/auth/tokens 0.082s
2024-10-12 12:44:16.627 62124 INFO tempest.lib.common.rest_client [req-c1ec9982-455c-4569-8369-c75e09573048 req-c1ec9982-455c-4569-8369-c75e09573048 ] Request (ServicesAdminTestJSON:tearDownClass): 200 GET http://10.180.1.21:9696/networking/v2.0/security-groups?tenant_id=6fb4e4eda1ef471193a5ceeb58b62446&name=default 0.318s
2024-10-12 12:44:16.628 62164 INFO tempest.lib.common.rest_client [req-60aa50eb-a758-491a-96e0-046d2bb042ce req-60aa50eb-a758-491a-96e0-046d2bb042ce ] Request (FloatingIPDetailsNegativeTestJSON:tearDownClass): 204 DELETE http://10.180.1.21:9696/networking/v2.0/security-groups/0f50b82c-87fe-4aae-9f77-68ae8d72aa91 0.335s
2024-10-12 12:44:16.635 62142 INFO tempest.lib.common.rest_client [req-a33a637a-c9f1-4807-904e-10ccf574a32a req-a33a637a-c9f1-4807-904e-10ccf574a32a ] Request (ServersTestJSON:setUpClass): 201 POST http://10.180.1.21/identity/v3/auth/tokens 0.030s
2024-10-12 12:44:16.647 62112 INFO tempest.lib.common.rest_client [req-6e996dc0-befc-4814-a926-97eea2edf56e req-6e996dc0-befc-4814-a926-97eea2edf56e ] Request (ServersAdminNegativeTestJSON:tearDownClass): 200 GET http://10.180.1.21:9696/networking/v2.0/security-groups?tenant_id=c8ff16c03462415e991a5bd04db03782&name=default 0.106s
2024-10-12 12:44:16.658 62142 INFO tempest.lib.common.rest_client [req-2dec7fcd-0786-48c0-a731-0953a6c959d3 req-2dec7fcd-0786-48c0-a731-0953a6c959d3 ] Request (ServersTestJSON:setUpClass): 200 GET http://10.180.1.21/identity/v3/domains?name=Default 0.023s
2024-10-12 12:44:16.667 62118 INFO tempest.lib.common.rest_client [req-3050c8e3-6dc2-4bae-a78d-bab667c1dbbe req-3050c8e3-6dc2-4bae-a78d-bab667c1dbbe ] Request (ServerActionsTestJSON:setUpClass): 200 GET http://10.180.1.21/compute/v2.1/servers/f911465c-277a-41ee-a6b5-0e3b85185b56 0.678s
2024-10-12 12:44:16.685 62166 INFO tempest.lib.common.rest_client [req-1b0b629f-d26d-4f03-9e1b-9613b572ceac req-1b0b629f-d26d-4f03-9e1b-9613b572ceac ] Request (QuotaClassesAdminTestJSON:test_update_default_quotas): 200 GET http://10.180.1.21/compute/v2.1/os-quota-class-sets/default 0.687s
2024-10-12 12:44:16.687 62142 INFO tempest.lib.common.rest_client [req-13278380-f6f2-4b67-8be3-147e9cfc6db6 req-13278380-f6f2-4b67-8be3-147e9cfc6db6 ] Request (ServersTestJSON:setUpClass): 201 POST http://10.180.1.21/identity/v3/projects 0.028s
2024-10-12 12:44:16.708 62164 INFO tempest.lib.common.rest_client [req-4a00facd-4916-4c3e-b509-ff3669ea3630 req-4a00facd-4916-4c3e-b509-ff3669ea3630 ] Request (FloatingIPDetailsNegativeTestJSON:tearDownClass): 204 DELETE http://10.180.1.21/identity/v3/projects/ca22da16c1b745ee9de28b37663d4bfc 0.079s
2024-10-12 12:44:16.748 62164 INFO tempest.lib.common.rest_client [req-bdf3ee56-3494-495b-bf33-d436181291e7 req-bdf3ee56-3494-495b-bf33-d436181291e7 ] Request (ListServerFiltersTestJSON:setUpClass): 201 POST http://10.180.1.21/identity/v3/auth/tokens 0.038s
2024-10-12 12:44:16.772 62142 INFO tempest.lib.common.rest_client [req-65a37726-2d2e-44b1-8b3a-591bd6e952c0 req-65a37726-2d2e-44b1-8b3a-591bd6e952c0 ] Request (ServersTestJSON:setUpClass): 201 POST http://10.180.1.21/identity/v3/users 0.085s
2024-10-12 12:44:16.783 62164 INFO tempest.lib.common.rest_client [req-d5d04417-e339-4852-a7fa-5b4d5c0df7be req-d5d04417-e339-4852-a7fa-5b4d5c0df7be ] Request (ListServerFiltersTestJSON:setUpClass): 201 POST http://10.180.1.21/identity/v3/auth/tokens 0.031s
2024-10-12 12:44:16.808 62142 INFO tempest.lib.common.rest_client [req-4806f137-8f27-423f-aa57-35c2d6fb5b02 req-4806f137-8f27-423f-aa57-35c2d6fb5b02 ] Request (ServersTestJSON:setUpClass): 200 GET http://10.180.1.21/identity/v3/roles 0.035s
2024-10-12 12:44:16.808 62164 INFO tempest.lib.common.rest_client [req-8fd7e8a2-a60e-470b-af28-c3887f58257c req-8fd7e8a2-a60e-470b-af28-c3887f58257c ] Request (ListServerFiltersTestJSON:setUpClass): 200 GET http://10.180.1.21/identity/v3/domains?name=Default 0.025s
2024-10-12 12:44:16.844 62142 INFO tempest.lib.common.rest_client [req-9516623d-bba7-4404-bea8-40104285732e req-9516623d-bba7-4404-bea8-40104285732e ] Request (ServersTestJSON:setUpClass): 204 PUT http://10.180.1.21/identity/v3/projects/e945237d2af146869ce3a23b223ad9fb/users/8f6ff20a11ed4f608800be1c7931cf78/roles/1309b30070324f1080607204afda10dc 0.036s
2024-10-12 12:44:16.844 62142 INFO tempest.lib.common.dynamic_creds [-] Dynamic test user 8f6ff20a11ed4f608800be1c7931cf78 is created with scope project and roles: ['member']
2024-10-12 12:44:16.845 62142 INFO tempest.lib.common.dynamic_creds [-] Acquired dynamic creds: credentials: Credentials: {'domain_id': 'default', 'domain_name': 'Default', 'username': 'tempest-ServersTestJSON-644124255-project-member', 'project_domain_id': 'default', 'project_domain_name': 'Default', 'project_id': 'e945237d2af146869ce3a23b223ad9fb', 'project_name': 'tempest-ServersTestJSON-644124255', 'tenant_id': 'e945237d2af146869ce3a23b223ad9fb', 'tenant_name': 'tempest-ServersTestJSON-644124255', 'user_domain_id': 'default', 'user_domain_name': 'Default', 'user_id': '8f6ff20a11ed4f608800be1c7931cf78', 'system': None}, Network: None, Subnet: None, Router: None
2024-10-12 12:44:16.847 62164 INFO tempest.lib.common.rest_client [req-7a6f1ae2-39f6-42f6-8e28-56e71cd5c8d4 req-7a6f1ae2-39f6-42f6-8e28-56e71cd5c8d4 ] Request (ListServerFiltersTestJSON:setUpClass): 201 POST http://10.180.1.21/identity/v3/projects 0.038s
2024-10-12 12:44:16.887 62124 INFO tempest.lib.common.rest_client [req-f549d0b2-a50e-475b-ab4a-67daf610b9ec req-f549d0b2-a50e-475b-ab4a-67daf610b9ec ] Request (ServicesAdminTestJSON:tearDownClass): 204 DELETE http://10.180.1.21:9696/networking/v2.0/security-groups/e6d28547-f66f-43bd-8e59-e4cef58b55d8 0.257s
2024-10-12 12:44:16.914 62164 INFO tempest.lib.common.rest_client [req-7571f63f-e505-4d44-aa4f-cba44bf6153f req-7571f63f-e505-4d44-aa4f-cba44bf6153f ] Request (ListServerFiltersTestJSON:setUpClass): 201 POST http://10.180.1.21/identity/v3/users 0.066s
2024-10-12 12:44:16.916 62142 INFO tempest.lib.common.rest_client [req-20f7a500-bc70-463d-9811-4b1f3c4f6132 req-20f7a500-bc70-463d-9811-4b1f3c4f6132 ] Request (ServersTestJSON:setUpClass): 201 POST http://10.180.1.21/identity/v3/auth/tokens 0.071s
2024-10-12 12:44:16.940 62164 INFO tempest.lib.common.rest_client [req-cd46b61d-653d-4f0c-9a85-eec30a45ccc9 req-cd46b61d-653d-4f0c-9a85-eec30a45ccc9 ] Request (ListServerFiltersTestJSON:setUpClass): 200 GET http://10.180.1.21/identity/v3/roles 0.026s
2024-10-12 12:44:16.945 62112 INFO tempest.lib.common.rest_client [req-da12d867-d2fe-451d-a82f-451f807bf42c req-da12d867-d2fe-451d-a82f-451f807bf42c ] Request (ServersAdminNegativeTestJSON:tearDownClass): 204 DELETE http://10.180.1.21:9696/networking/v2.0/security-groups/d9bc4aca-33f7-4b60-80e2-6d8c148682bd 0.298s
2024-10-12 12:44:16.967 62152 INFO tempest.lib.common.rest_client [req-204a1f31-d953-47b5-b29f-482dcdc8378a req-204a1f31-d953-47b5-b29f-482dcdc8378a ] Request (AttachInterfacesUnderV243Test:setUpClass): 201 POST http://10.180.1.21:9696/networking/v2.0/networks 0.673s
2024-10-12 12:44:17.001 62124 INFO tempest.lib.common.rest_client [req-44d60e8c-5f3a-4a41-b30e-bc909a24eff8 req-44d60e8c-5f3a-4a41-b30e-bc909a24eff8 ] Request (ServicesAdminTestJSON:tearDownClass): 204 DELETE http://10.180.1.21/identity/v3/projects/6fb4e4eda1ef471193a5ceeb58b62446 0.113s
2024-10-12 12:44:17.001 62124 INFO tempest.lib.common.dynamic_creds [-] Deleting project and security group for project: af3c98f6575246e6a24ebf6d7f78e011
2024-10-12 12:44:17.016 62146 INFO tempest.lib.common.rest_client [req-b0391e39-c554-455b-9718-b95af44a132b req-b0391e39-c554-455b-9718-b95af44a132b ] Request (FloatingIPsNegativeTestJSON:tearDownClass): 200 PUT http://10.180.1.21:9696/networking/v2.0/routers/755b8ee9-d9b5-442f-92a7-48a2e68eefa6/remove_router_interface 1.845s
2024-10-12 12:44:17.024 62140 INFO tempest.lib.common.rest_client [req-b6ce380a-ab78-4709-9a24-9f89d4341621 req-b6ce380a-ab78-4709-9a24-9f89d4341621 ] Request (ServerGroupTestJSON:setUpClass): 201 POST http://10.180.1.21:9696/networking/v2.0/subnets 0.425s
2024-10-12 12:44:17.073 62164 INFO tempest.lib.common.rest_client [req-4421c543-0ab9-44d9-8eec-ffe3be406d41 req-4421c543-0ab9-44d9-8eec-ffe3be406d41 ] Request (ListServerFiltersTestJSON:setUpClass): 204 PUT http://10.180.1.21/identity/v3/projects/3234e3e4e57549d6a6af972a05fb7448/users/624eae2c3c6f49e09bee42d57e40be2e/roles/1309b30070324f1080607204afda10dc 0.132s
2024-10-12 12:44:17.074 62164 INFO tempest.lib.common.dynamic_creds [-] Dynamic test user 624eae2c3c6f49e09bee42d57e40be2e is created with scope project and roles: ['member']
2024-10-12 12:44:17.074 62164 INFO tempest.lib.common.dynamic_creds [-] Acquired dynamic creds: credentials: Credentials: {'domain_id': 'default', 'domain_name': 'Default', 'username': 'tempest-ListServerFiltersTestJSON-579140893-project-member', 'project_domain_id': 'default', 'project_domain_name': 'Default', 'project_id': '3234e3e4e57549d6a6af972a05fb7448', 'project_name': 'tempest-ListServerFiltersTestJSON-579140893', 'tenant_id': '3234e3e4e57549d6a6af972a05fb7448', 'tenant_name': 'tempest-ListServerFiltersTestJSON-579140893', 'user_domain_id': 'default', 'user_domain_name': 'Default', 'user_id': '624eae2c3c6f49e09bee42d57e40be2e', 'system': None}, Network: None, Subnet: None, Router: None
2024-10-12 12:44:17.105 62158 INFO tempest.lib.common.rest_client [req-d7f6e5e7-1c00-4110-953e-c93e68c0c791 req-d7f6e5e7-1c00-4110-953e-c93e68c0c791 ] Request (SecurityGroupsTestAdminJSON:_run_cleanups): 202 DELETE http://10.180.1.21/compute/v2.1/os-security-groups/8801ea4b-cebd-4d3b-954e-b4aadfb843fd 1.063s
2024-10-12 12:44:17.135 62164 INFO tempest.lib.common.rest_client [req-849b3c8b-2dfe-48fe-9311-00ddd2ba7bd8 req-849b3c8b-2dfe-48fe-9311-00ddd2ba7bd8 ] Request (ListServerFiltersTestJSON:setUpClass): 201 POST http://10.180.1.21/identity/v3/auth/tokens 0.061s
2024-10-12 12:44:17.159 62112 INFO tempest.lib.common.rest_client [req-f02e76c7-3e4a-4f85-adae-18e446bc411c req-f02e76c7-3e4a-4f85-adae-18e446bc411c ] Request (ServersAdminNegativeTestJSON:tearDownClass): 204 DELETE http://10.180.1.21/identity/v3/projects/c8ff16c03462415e991a5bd04db03782 0.214s
2024-10-12 12:44:17.198 62114 INFO tempest.lib.common.rest_client [req-a713e87f-828f-441b-b519-fc06d0704364 req-a713e87f-828f-441b-b519-fc06d0704364 ] Request (ServersAdmin275Test:test_rebuild_update_server_275): 202 POST http://10.180.1.21/compute/v2.1/servers/318ecaf7-7e12-4d42-9b2f-3f3ab2577ffa/action 1.407s
2024-10-12 12:44:17.223 62112 INFO tempest.lib.common.rest_client [req-58915ac3-abe6-4e32-988a-930fe3c62de0 req-58915ac3-abe6-4e32-988a-930fe3c62de0 ] Request (KeyPairsNegativeTestJSON:setUpClass): 201 POST http://10.180.1.21/identity/v3/auth/tokens 0.055s
2024-10-12 12:44:17.243 62154 INFO tempest.lib.common.rest_client [req-e645d990-03c8-478b-8248-5948bcdd2a9d req-e645d990-03c8-478b-8248-5948bcdd2a9d ] Request (ServerActionsV293TestJSON:setUpClass): 200 GET http://10.180.1.21/compute/v2.1/servers/629da2e8-2f09-42b7-b031-6d8f5a282e37 1.180s
2024-10-12 12:44:17.252 62112 INFO tempest.lib.common.rest_client [req-497d5994-9575-42dd-8408-a576278f5eab req-497d5994-9575-42dd-8408-a576278f5eab ] Request (KeyPairsNegativeTestJSON:setUpClass): 201 POST http://10.180.1.21/identity/v3/auth/tokens 0.026s
2024-10-12 12:44:17.274 62112 INFO tempest.lib.common.rest_client [req-09ace956-42f5-434f-8b10-11547b57ce9e req-09ace956-42f5-434f-8b10-11547b57ce9e ] Request (KeyPairsNegativeTestJSON:setUpClass): 200 GET http://10.180.1.21/identity/v3/domains?name=Default 0.022s
2024-10-12 12:44:17.281 62122 INFO tempest.lib.common.rest_client [req-b2c30350-ba41-47c0-b7bc-77fe3bc2b404 req-b2c30350-ba41-47c0-b7bc-77fe3bc2b404 ] Request (AggregatesAdminNegativeTestJSON:test_aggregate_delete_with_invalid_id): 404 DELETE http://10.180.1.21/compute/v2.1/os-aggregates/-1 0.845s
2024-10-12 12:44:17.297 62108 INFO tempest.lib.common.rest_client [req-a9872aee-bf78-4b0d-a02f-c1c0ddbfe0d7 req-a9872aee-bf78-4b0d-a02f-c1c0ddbfe0d7 ] Request (FlavorsV2TestJSON:test_list_flavors_with_detail): 200 GET http://10.180.1.21/compute/v2.1/flavors/detail 0.826s
2024-10-12 12:44:17.305 62112 INFO tempest.lib.common.rest_client [req-8cecfea0-3992-4f09-8656-5f6418e30c3f req-8cecfea0-3992-4f09-8656-5f6418e30c3f ] Request (KeyPairsNegativeTestJSON:setUpClass): 201 POST http://10.180.1.21/identity/v3/projects 0.030s
2024-10-12 12:44:17.308 62126 INFO tempest.lib.common.rest_client [req-191730be-0a2d-425a-a60d-a8b62411b7bb req-191730be-0a2d-425a-a60d-a8b62411b7bb ] Request (FlavorsAdminTestJSON:test_create_server_with_non_public_flavor): 400 POST http://10.180.1.21/compute/v2.1/servers 0.822s
2024-10-12 12:44:17.323 62134 INFO tempest.lib.common.rest_client [req-c6eba49a-8ec2-43d4-96ec-1fac2d6555fd req-c6eba49a-8ec2-43d4-96ec-1fac2d6555fd ] Request (FlavorsAccessNegativeTestJSON:test_remove_flavor_access_not_found): 200 POST http://10.180.1.21/compute/v2.1/flavors 0.800s
2024-10-12 12:44:17.372 62124 INFO tempest.lib.common.rest_client [req-921a0b79-feb3-4437-b131-4c268fbec778 req-921a0b79-feb3-4437-b131-4c268fbec778 ] Request (ServicesAdminTestJSON:tearDownClass): 200 GET http://10.180.1.21:9696/networking/v2.0/security-groups?tenant_id=af3c98f6575246e6a24ebf6d7f78e011&name=default 0.371s
2024-10-12 12:44:17.373 62112 INFO tempest.lib.common.rest_client [req-0cfb69f1-1924-4370-a796-5b1041115437 req-0cfb69f1-1924-4370-a796-5b1041115437 ] Request (KeyPairsNegativeTestJSON:setUpClass): 201 POST http://10.180.1.21/identity/v3/users 0.067s
2024-10-12 12:44:17.379 62166 INFO tempest.lib.common.rest_client [req-5f8f2c37-62d1-4ecd-b43d-a6e2788f80f6 req-5f8f2c37-62d1-4ecd-b43d-a6e2788f80f6 ] Request (QuotaClassesAdminTestJSON:_run_cleanups): 200 PUT http://10.180.1.21/compute/v2.1/os-quota-class-sets/default 0.692s
2024-10-12 12:44:17.394 62112 INFO tempest.lib.common.rest_client [req-fe099af2-8939-4605-9279-99d17a14557e req-fe099af2-8939-4605-9279-99d17a14557e ] Request (KeyPairsNegativeTestJSON:setUpClass): 200 GET http://10.180.1.21/identity/v3/roles 0.021s
2024-10-12 12:44:17.435 62150 INFO tempest.lib.common.rest_client [req-590ad64f-6aee-4459-a43f-9df5e144fb35 req-590ad64f-6aee-4459-a43f-9df5e144fb35 ] Request (QuotasAdminTestV257:test_get_updated_quotas): 200 GET http://10.180.1.21/identity/v3/domains?name=Default 0.052s
2024-10-12 12:44:17.466 62166 INFO tempest.lib.common.rest_client [req-132c8ff7-7902-4c88-b206-b2a95cdbe549 req-132c8ff7-7902-4c88-b206-b2a95cdbe549 ] Request (QuotaClassesAdminTestJSON:tearDownClass): 204 DELETE http://10.180.1.21/identity/v3/users/23e99b2ca7914708b3ae2ce6c3885594 0.082s
2024-10-12 12:44:17.487 62138 INFO tempest.lib.common.rest_client [req-fb4cc798-b63d-4ab9-a403-1cf0f96e899b req-fb4cc798-b63d-4ab9-a403-1cf0f96e899b ] Request (ServersAdminTestJSON:setUpClass): 200 GET http://10.180.1.21/compute/v2.1/servers/b747d6e6-1b07-4a7d-93ea-e8bb2b74d2f7 0.703s
