2024-09-20 17:39:34.296 62586 INFO tempest.lib.common.rest_client [req-da7ff2dd-3792-4a9f-a7a6-179235e32bbc req-da7ff2dd-3792-4a9f-a7a6-179235e32bbc ] Request (ServersWithSpecificFlavorTestJSON:test_verify_created_server_ephemeral_disk): 200 GET http://10.180.1.21/compute/v2.1/servers/37e96c2a-09f5-47dd-b370-f014510e82db 0.656s
2024-09-20 17:39:34.338 62550 INFO tempest.lib.common.rest_client [req-48ff4f9e-24a0-4b4a-bf1a-1bf6bf193184 req-48ff4f9e-24a0-4b4a-bf1a-1bf6bf193184 ] Request (TenantUsagesNegativeTestJSON:test_list_usage_all_tenants_with_non_admin_user): 403 GET http://10.180.1.21/compute/v2.1/os-simple-tenant-usage?start=2024-09-19T17%3A39%3A32.530066&end=2024-09-21T17%3A39%3A32.530066&detailed=1 0.717s
2024-09-20 17:39:34.352 62578 INFO tempest.lib.common.rest_client [req-93c04a04-4bce-4ca8-bf08-e955c09ca059 req-93c04a04-4bce-4ca8-bf08-e955c09ca059 ] Request (FlavorsAccessNegativeTestJSON:setUpClass): 201 POST http://10.180.1.21/identity/v3/auth/tokens 0.069s
2024-09-20 17:39:34.365 62562 INFO tempest.lib.common.rest_client [req-e59f5afb-68ff-45a1-87cf-6dd7824b737f req-e59f5afb-68ff-45a1-87cf-6dd7824b737f ] Request (ServerTagsTestJSON:setUpClass): 200 GET http://10.180.1.21/compute/v2.1/servers/c4284301-7dd8-4c73-af3f-db3a2dad845e 0.693s
2024-09-20 17:39:34.395 62570 INFO tempest.lib.common.rest_client [req-e58e0110-6ae4-48fa-9166-0734bddb46ce req-e58e0110-6ae4-48fa-9166-0734bddb46ce ] Request (ImagesOneServerNegativeTestJSON:setUpClass): 200 GET http://10.180.1.21/compute/v2.1/servers/829ea1ca-475c-4aad-bf9c-44af727db198 0.677s
2024-09-20 17:39:34.397 62540 INFO tempest.lib.common.rest_client [req-89865191-2b3c-4fe2-8cd1-6b7b19cf43db req-89865191-2b3c-4fe2-8cd1-6b7b19cf43db ] Request (MigrationsAdminTest:test_resize_server_revert_deleted_flavor): 200 POST http://10.180.1.21/compute/v2.1/flavors/f6d1ccc5-b1ae-4861-adeb-f3f4def54315/os-extra_specs 0.678s
2024-09-20 17:39:34.414 62578 INFO tempest.lib.common.rest_client [req-0f10782d-4276-4b13-b2b8-2d16d79a8d65 req-0f10782d-4276-4b13-b2b8-2d16d79a8d65 ] Request (FlavorsAccessNegativeTestJSON:setUpClass): 201 POST http://10.180.1.21/identity/v3/projects 0.061s
2024-09-20 17:39:34.457 62574 INFO tempest.lib.common.rest_client [req-715ead0a-e198-4f39-8bf1-866ba508b751 req-715ead0a-e198-4f39-8bf1-866ba508b751 ] Request (AttachInterfacesV270Test:test_create_get_list_interfaces): 200 GET http://10.180.1.21/compute/v2.1/servers/6f13d83b-b9f5-40d7-bdcd-4141cef799a2 0.654s
2024-09-20 17:39:34.463 62572 INFO tempest.lib.common.rest_client [req-cb6088ef-6d10-4cf5-a015-b6ae5384f6fb req-cb6088ef-6d10-4cf5-a015-b6ae5384f6fb ] Request (ListServerFiltersTestJSON:setUpClass): 200 GET http://10.180.1.21/compute/v2.1/servers/840b553e-4446-4e9f-b175-cc28c93a8be9 0.725s
2024-09-20 17:39:34.473 62540 INFO tempest.lib.common.rest_client [req-e71303bf-1955-453b-a806-b5835c52c92a req-e71303bf-1955-453b-a806-b5835c52c92a ] Request (MigrationsAdminTest:test_resize_server_revert_deleted_flavor): 201 POST http://10.180.1.21/identity/v3/auth/tokens 0.070s
2024-09-20 17:39:34.474 62540 INFO tempest.lib.common.fixed_network [-] (MigrationsAdminTest:test_resize_server_revert_deleted_flavor) Found network None available for tenant
2024-09-20 17:39:34.495 62550 INFO tempest.lib.common.rest_client [req-3ebf45f9-07f2-404b-90b0-88464f619e9b req-3ebf45f9-07f2-404b-90b0-88464f619e9b ] Request (TenantUsagesNegativeTestJSON:tearDownClass): 204 DELETE http://10.180.1.21/identity/v3/users/1485c937baac4ca3acb24f944bf8babe 0.153s
2024-09-20 17:39:34.539 62554 INFO tempest.lib.common.rest_client [req-7aa25529-3991-4b3a-a606-b97317e18ff4 req-7aa25529-3991-4b3a-a606-b97317e18ff4 ] Request (FloatingIPsAssociationNegativeTestJSON:setUpClass): 200 GET http://10.180.1.21/compute/v2.1/servers/45ecf4b0-c9a1-486f-a5c8-8447bbdb33f3 0.668s
2024-09-20 17:39:34.540 62548 INFO tempest.lib.common.rest_client [req-ddf13646-7431-455c-a3ef-005af0b77dac req-ddf13646-7431-455c-a3ef-005af0b77dac ] Request (QuotaClassesAdminTestJSON:_run_cleanups): 200 PUT http://10.180.1.21/compute/v2.1/os-quota-class-sets/default 0.647s
2024-09-20 17:39:34.548 62588 INFO tempest.lib.common.rest_client [req-d5958039-cff3-48d6-ab5e-c62b849bdd8d req-d5958039-cff3-48d6-ab5e-c62b849bdd8d ] Request (VolumesNegativeTest:test_create_volume_with_size_zero): 400 POST http://10.180.1.21/compute/v2.1/os-volumes 0.433s
2024-09-20 17:39:34.559 62542 INFO tempest.lib.common.rest_client [req-a7df3d92-1952-45ce-ab62-74c739bd27df req-a7df3d92-1952-45ce-ab62-74c739bd27df ] Request (ServersTestMultiNic:setUpClass): 200 PUT http://10.180.1.21:9696/networking/v2.0/routers/b0bd0353-bce5-4ad2-bf02-3895c0c32c8e/add_router_interface 1.227s
2024-09-20 17:39:34.559 62542 INFO tempest.lib.common.dynamic_creds [-] Created isolated network resources for: credentials: Credentials: {'domain_id': 'default', 'domain_name': 'Default', 'username': 'tempest-ServersTestMultiNic-822520722-project-member', 'project_domain_id': 'default', 'project_domain_name': 'Default', 'project_id': '8c33c3d5d9a94cadaad6b84e830e14d2', 'project_name': 'tempest-ServersTestMultiNic-822520722', 'tenant_id': '8c33c3d5d9a94cadaad6b84e830e14d2', 'tenant_name': 'tempest-ServersTestMultiNic-822520722', 'user_domain_id': 'default', 'user_domain_name': 'Default', 'user_id': '819b5833af594bb6a0312e8061f785ce', 'system': None}, Network: {'id': 'ebfee4d1-fef7-4599-8be1-d3224205449d', 'name': 'tempest-ServersTestMultiNic-552036955-network', 'tenant_id': '8c33c3d5d9a94cadaad6b84e830e14d2', 'admin_state_up': True, 'mtu': 8950, 'status': 'ACTIVE', 'subnets': [], 'shared': False, 'project_id': '8c33c3d5d9a94cadaad6b84e830e14d2', 'port_security_enabled': True, 'router:external': False, 'provider:network_type': 'vlan', 'provider:physical_network': 'default', 'provider:segmentation_id': 322, 'is_default': False, 'availability_zone_hints': [], 'availability_zones': [], 'ipv4_address_scope': None, 'ipv6_address_scope': None, 'description': '', 'tags': [], 'created_at': '2024-09-20T17:39:31Z', 'updated_at': '2024-09-20T17:39:31Z', 'revision_number': 1}, Subnet: {'id': '1cffa838-fae6-4574-b4f1-c6cdb471b958', 'name': 'tempest-ServersTestMultiNic-552036955-subnet', 'tenant_id': '8c33c3d5d9a94cadaad6b84e830e14d2', 'network_id': 'ebfee4d1-fef7-4599-8be1-d3224205449d', 'ip_version': 4, 'subnetpool_id': None, 'enable_dhcp': True, 'ipv6_ra_mode': None, 'ipv6_address_mode': None, 'gateway_ip': '192.168.128.1', 'cidr': '192.168.128.0/28', 'allocation_pools': [{'start': '192.168.128.2', 'end': '192.168.128.14'}], 'host_routes': [], 'dns_nameservers': [], 'description': '', 'router:external': False, 'service_types': [], 'tags': [], 'created_at': '2024-09-20T17:39:31Z', 'updated_at': '2024-09-20T17:39:31Z', 'revision_number': 0, 'project_id': '8c33c3d5d9a94cadaad6b84e830e14d2'}, Router: {'id': 'b0bd0353-bce5-4ad2-bf02-3895c0c32c8e', 'name': 'tempest-ServersTestMultiNic-552036955-router', 'tenant_id': '8c33c3d5d9a94cadaad6b84e830e14d2', 'admin_state_up': True, 'status': 'ACTIVE', 'external_gateway_info': {'network_id': '0612dc58-76c3-42c8-bb8e-a20bde881148', 'external_fixed_ips': [{'subnet_id': '7b307106-1748-412b-b201-d044b2f62181', 'ip_address': '10.180.180.228'}], 'enable_snat': True}, 'description': '', 'availability_zones': [], 'distributed': False, 'ha': False, 'availability_zone_hints': [], 'routes': [], 'flavor_id': None, 'tags': [], 'created_at': '2024-09-20T17:39:32Z', 'updated_at': '2024-09-20T17:39:32Z', 'revision_number': 2, 'project_id': '8c33c3d5d9a94cadaad6b84e830e14d2'}
2024-09-20 17:39:34.592 62578 INFO tempest.lib.common.rest_client [req-6ed78f78-65ea-40b9-8207-747fa69c15a9 req-6ed78f78-65ea-40b9-8207-747fa69c15a9 ] Request (FlavorsAccessNegativeTestJSON:setUpClass): 201 POST http://10.180.1.21/identity/v3/users 0.177s
2024-09-20 17:39:34.601 62590 INFO tempest.lib.common.rest_client [req-82075067-e99a-4ff8-a770-e94accd80eb1 req-82075067-e99a-4ff8-a770-e94accd80eb1 ] Request (FloatingIPsAssociationTestJSON:setUpClass): 200 GET http://10.180.1.21/compute/v2.1/servers/8d59ab18-21b0-4b28-b050-4f78d0203073 0.558s
2024-09-20 17:39:34.609 62550 INFO tempest.lib.common.rest_client [req-04399bba-2fc5-4c3e-be4f-128da16ca73b req-04399bba-2fc5-4c3e-be4f-128da16ca73b ] Request (TenantUsagesNegativeTestJSON:tearDownClass): 204 DELETE http://10.180.1.21/identity/v3/users/05889806b5c4483786f42900bc30121a 0.113s
2024-09-20 17:39:34.609 62550 INFO tempest.lib.common.dynamic_creds [-] Deleting project and security group for project: 11f9c968f13448c899873692da8756af
2024-09-20 17:39:34.667 62556 INFO tempest.lib.common.rest_client [req-2aa153df-96c9-414c-9d4a-957082ec6a42 req-2aa153df-96c9-414c-9d4a-957082ec6a42 ] Request (ServerDiagnosticsV248Test:tearDownClass): 200 GET http://10.180.1.21/compute/v2.1/servers/959a0557-acf1-4cfb-8259-081e715bb272 0.425s
2024-09-20 17:39:34.721 62548 INFO tempest.lib.common.rest_client [req-e6767ba6-8ccd-4d47-93e9-cd83803558e0 req-e6767ba6-8ccd-4d47-93e9-cd83803558e0 ] Request (QuotaClassesAdminTestJSON:tearDownClass): 204 DELETE http://10.180.1.21/identity/v3/users/4a51042ad31643a0af85a288c57ca5c2 0.173s
2024-09-20 17:39:34.734 62558 INFO tempest.lib.common.rest_client [req-f32c25ef-41a2-41db-91c3-887bbe879521 req-f32c25ef-41a2-41db-91c3-887bbe879521 ] Request (ServerActionsTestOtherB:setUpClass): 200 GET http://10.180.1.21/compute/v2.1/servers/d4feff80-fc8a-4faf-9f37-5bdaef9cf5f2 0.474s
2024-09-20 17:39:34.769 62542 INFO tempest.lib.common.rest_client [req-56369256-f544-4984-8151-ae6503c574ce req-56369256-f544-4984-8151-ae6503c574ce ] Request (ServersTestMultiNic:setUpClass): 201 POST http://10.180.1.21/identity/v3/auth/tokens 0.207s
2024-09-20 17:39:34.776 62578 INFO tempest.lib.common.rest_client [req-95055529-23f5-465e-88fc-cb83a048874d req-95055529-23f5-465e-88fc-cb83a048874d ] Request (FlavorsAccessNegativeTestJSON:setUpClass): 200 GET http://10.180.1.21/identity/v3/roles 0.183s
2024-09-20 17:39:34.795 62550 INFO tempest.lib.common.rest_client [req-6d1f91ee-ce09-4834-b847-083b3d352ed8 req-6d1f91ee-ce09-4834-b847-083b3d352ed8 ] Request (TenantUsagesNegativeTestJSON:tearDownClass): 201 POST http://10.180.1.21/identity/v3/auth/tokens 0.185s
2024-09-20 17:39:34.796 62568 INFO tempest.lib.common.rest_client [req-3ef60ad3-15d6-426d-83f9-3303f4533c13 req-3ef60ad3-15d6-426d-83f9-3303f4533c13 ] Request (ServerExternalEventsTest:test_create_server_external_events): 200 GET http://10.180.1.21/compute/v2.1/servers/b4de91fb-b5cc-4bd0-af52-fbca77ba9c3a 0.346s
2024-09-20 17:39:34.822 62578 INFO tempest.lib.common.rest_client [req-8f0348ab-6a93-4b96-a19f-611050608c40 req-8f0348ab-6a93-4b96-a19f-611050608c40 ] Request (FlavorsAccessNegativeTestJSON:setUpClass): 204 PUT http://10.180.1.21/identity/v3/projects/90a7ea10acb849aa926489558de23d01/users/744c1b9dd5b44cf99aaeee3ac58f6ae2/roles/51b3fb65f9da42e7b9b051a3c58673ae 0.046s
2024-09-20 17:39:34.823 62578 INFO tempest.lib.common.dynamic_creds [-] Dynamic test user 744c1b9dd5b44cf99aaeee3ac58f6ae2 is created with scope project and roles: ['member']
2024-09-20 17:39:34.823 62578 INFO tempest.lib.common.dynamic_creds [-] Acquired dynamic creds: credentials: Credentials: {'domain_id': 'default', 'domain_name': 'Default', 'username': 'tempest-FlavorsAccessNegativeTestJSON-1480642466-project-member', 'project_domain_id': 'default', 'project_domain_name': 'Default', 'project_id': '90a7ea10acb849aa926489558de23d01', 'project_name': 'tempest-FlavorsAccessNegativeTestJSON-1480642466', 'tenant_id': '90a7ea10acb849aa926489558de23d01', 'tenant_name': 'tempest-FlavorsAccessNegativeTestJSON-1480642466', 'user_domain_id': 'default', 'user_domain_name': 'Default', 'user_id': '744c1b9dd5b44cf99aaeee3ac58f6ae2', 'system': None}, Network: None, Subnet: None, Router: None
2024-09-20 17:39:34.823 62578 INFO tempest.lib.common.dynamic_creds [-] Created isolated network resources for: credentials: Credentials: {'domain_id': 'default', 'domain_name': 'Default', 'username': 'tempest-FlavorsAccessNegativeTestJSON-1480642466-project-member', 'project_domain_id': 'default', 'project_domain_name': 'Default', 'project_id': '90a7ea10acb849aa926489558de23d01', 'project_name': 'tempest-FlavorsAccessNegativeTestJSON-1480642466', 'tenant_id': '90a7ea10acb849aa926489558de23d01', 'tenant_name': 'tempest-FlavorsAccessNegativeTestJSON-1480642466', 'user_domain_id': 'default', 'user_domain_name': 'Default', 'user_id': '744c1b9dd5b44cf99aaeee3ac58f6ae2', 'system': None}, Network: None, Subnet: None, Router: None
2024-09-20 17:39:34.874 62548 INFO tempest.lib.common.rest_client [req-cb389b6e-023b-457c-9ada-123ce3f76294 req-cb389b6e-023b-457c-9ada-123ce3f76294 ] Request (QuotaClassesAdminTestJSON:tearDownClass): 204 DELETE http://10.180.1.21/identity/v3/users/9aac1a9cb89d4bf7a4d226b43cc0c1fb 0.153s
2024-09-20 17:39:34.875 62548 INFO tempest.lib.common.dynamic_creds [-] Deleting project and security group for project: 7293774324854a4ea03bb0ab4b8027cd
2024-09-20 17:39:34.998 62548 INFO tempest.lib.common.rest_client [req-36534f21-a1d6-43eb-ab56-acfe1f49b832 req-36534f21-a1d6-43eb-ab56-acfe1f49b832 ] Request (QuotaClassesAdminTestJSON:tearDownClass): 201 POST http://10.180.1.21/identity/v3/auth/tokens 0.122s
2024-09-20 17:39:35.020 62578 INFO tempest.lib.common.rest_client [req-604195e1-bd42-49bf-9fc7-3fdd993f112f req-604195e1-bd42-49bf-9fc7-3fdd993f112f ] Request (FlavorsAccessNegativeTestJSON:setUpClass): 201 POST http://10.180.1.21/identity/v3/auth/tokens 0.195s
2024-09-20 17:39:35.021 62578 WARNING tempest.lib.common.rest_client [-] Deprecated: "tenant_id" property is deprecated for removal, use "project_id" instead
2024-09-20 17:39:35.077 62540 INFO tempest.lib.common.rest_client [req-e52b8018-2bb6-4735-99f4-3b24844bcbb3 req-e52b8018-2bb6-4735-99f4-3b24844bcbb3 ] Request (MigrationsAdminTest:test_resize_server_revert_deleted_flavor): 202 POST http://10.180.1.21/compute/v2.1/servers 0.602s
2024-09-20 17:39:35.085 62564 INFO tempest.lib.common.rest_client [req-d5c58ef2-1fbc-42a7-bd81-0817eee20cfb req-d5c58ef2-1fbc-42a7-bd81-0817eee20cfb ] Request (ServerRescueNegativeTestJSON:setUpClass): 202 POST http://10.180.1.21/compute/v2.1/servers 0.931s
2024-09-20 17:39:35.094 62588 INFO tempest.lib.common.rest_client [req-888ee5dc-2d0f-48e0-a748-ab5dda049bae req-888ee5dc-2d0f-48e0-a748-ab5dda049bae ] Request (VolumesNegativeTest:test_create_volume_without_passing_size): 400 POST http://10.180.1.21/compute/v2.1/os-volumes 0.545s
2024-09-20 17:39:35.156 62566 INFO tempest.lib.common.rest_client [req-3d7c9fc2-98da-48b2-92ed-53f08e384335 req-3d7c9fc2-98da-48b2-92ed-53f08e384335 ] Request (ImagesTestJSON:test_create_image_from_stopped_server): 200 GET http://10.180.1.21/compute/v2.1/servers/71b54fcd-f12c-46aa-bded-3380bbd2b6ea 0.578s
2024-09-20 17:39:35.166 62550 INFO tempest.lib.common.rest_client [req-9de12e3f-6e4d-43e1-9352-1490f363949e req-9de12e3f-6e4d-43e1-9352-1490f363949e ] Request (TenantUsagesNegativeTestJSON:tearDownClass): 200 GET http://10.180.1.21:9696/networking/v2.0/security-groups?tenant_id=11f9c968f13448c899873692da8756af&name=default 0.371s
2024-09-20 17:39:35.170 62576 INFO tempest.lib.common.rest_client [req-c809362d-84ba-4d0a-8204-627678702f5c req-c809362d-84ba-4d0a-8204-627678702f5c ] Request (InstanceActionsTestJSON:setUpClass): 200 GET http://10.180.1.21/compute/v2.1/servers/b07c63a4-80fc-4840-a9a3-2ce97499caf2 0.648s
2024-09-20 17:39:35.173 62542 INFO tempest.lib.common.rest_client [req-a4851858-9204-4809-92c3-d72e18aad9dc req-a4851858-9204-4809-92c3-d72e18aad9dc ] Request (ServersTestMultiNic:test_verify_duplicate_network_nics): 201 POST http://10.180.1.21:9696/networking/v2.0/networks 0.403s
2024-09-20 17:39:35.241 62582 INFO tempest.lib.common.rest_client [req-38909173-72f9-4cfc-9185-ff8083b96e6b req-38909173-72f9-4cfc-9185-ff8083b96e6b ] Request (ServersAdminTestJSON:setUpClass): 200 GET http://10.180.1.21/compute/v2.1/servers/2edd71d8-1b93-4863-b31b-a4c169606110 0.589s
2024-09-20 17:39:35.297 62548 INFO tempest.lib.common.rest_client [req-2a0e56e2-7c96-4bae-8a5a-bb4dcd03f6a7 req-2a0e56e2-7c96-4bae-8a5a-bb4dcd03f6a7 ] Request (QuotaClassesAdminTestJSON:tearDownClass): 200 GET http://10.180.1.21:9696/networking/v2.0/security-groups?tenant_id=7293774324854a4ea03bb0ab4b8027cd&name=default 0.299s
2024-09-20 17:39:35.305 62528 INFO tempest.lib.common.rest_client [req-6000c8ec-9a08-48f0-938c-6bbae1e86b08 req-6000c8ec-9a08-48f0-938c-6bbae1e86b08 ] Request (ServersNegativeTestJSON:setUpClass): 200 GET http://10.180.1.21/compute/v2.1/servers/2b054c86-e8f7-4585-bb3a-57632092843f 0.573s
2024-09-20 17:39:35.368 62534 INFO tempest.lib.common.rest_client [req-e069dbd5-c2da-4305-8ee5-638ee2162958 req-e069dbd5-c2da-4305-8ee5-638ee2162958 ] Request (TenantUsagesTestJSON:setUpClass): 200 GET http://10.180.1.21/compute/v2.1/servers/eea2df5c-e1f0-49f3-a071-f34ed0695a47 0.568s
2024-09-20 17:39:35.422 62546 INFO tempest.lib.common.rest_client [req-758e4f52-df8e-40c2-aaeb-621a4431c819 req-758e4f52-df8e-40c2-aaeb-621a4431c819 ] Request (ServersTestManualDisk:setUpClass): 200 GET http://10.180.1.21/compute/v2.1/servers/c608ff0d-f3e3-4c7b-befd-e93416ed0ddc 0.706s
2024-09-20 17:39:35.441 62580 INFO tempest.lib.common.rest_client [req-3d470a8d-5295-40b0-8582-ce599a3a2a1b req-3d470a8d-5295-40b0-8582-ce599a3a2a1b ] Request (ServersV294TestFqdnHostnames:setUpClass): 200 GET http://10.180.1.21/compute/v2.1/servers/552e0085-7216-41c7-8ede-f83ba9c15d6c 0.628s
2024-09-20 17:39:35.502 62548 INFO tempest.lib.common.rest_client [req-f7901300-070c-4235-8db7-8c173cb3567c req-f7901300-070c-4235-8db7-8c173cb3567c ] Request (QuotaClassesAdminTestJSON:tearDownClass): 204 DELETE http://10.180.1.21:9696/networking/v2.0/security-groups/f61f4e6b-7883-44a2-bb7f-cd1cadc43346 0.205s
2024-09-20 17:39:35.516 62584 INFO tempest.lib.common.rest_client [req-99af4c53-fa0e-44c9-91b3-6ed362861b02 req-99af4c53-fa0e-44c9-91b3-6ed362861b02 ] Request (VolumesAdminNegativeTest:test_update_attached_volume_with_nonexistent_volume_in_body): 200 GET http://10.180.1.21/compute/v2.1/servers/24e45383-4cbd-4a46-9cfc-3f36dfdb5bdc 0.624s
2024-09-20 17:39:35.517 62552 INFO tempest.lib.common.rest_client [req-e8d2fceb-6f38-4d75-af29-7021617bd888 req-e8d2fceb-6f38-4d75-af29-7021617bd888 ] Request (ServerShowV257Test:test_rebuild_server): 200 GET http://10.180.1.21/compute/v2.1/servers/e11807cb-4d91-4178-855a-f9164bdff0c3 0.637s
2024-09-20 17:39:35.583 62544 INFO tempest.lib.common.rest_client [req-0a11f3b0-90d8-42df-8f81-6f12bd16d3cd req-0a11f3b0-90d8-42df-8f81-6f12bd16d3cd ] Request (ServerDiskConfigTestJSON:test_rebuild_server_with_manual_disk_config): 200 GET http://10.180.1.21/compute/v2.1/servers/a29f3832-3bb5-4498-9d8e-468621fc345b 0.624s
2024-09-20 17:39:35.589 62530 INFO tempest.lib.common.rest_client [req-9e2075a1-b9af-4264-a39a-a9a6c59c7e2e req-9e2075a1-b9af-4264-a39a-a9a6c59c7e2e ] Request (ServerDiagnosticsTest:test_get_server_diagnostics): 200 GET http://10.180.1.21/compute/v2.1/servers/287102d9-2221-462a-ac40-1ff553eeec46 0.624s
2024-09-20 17:39:35.590 62548 INFO tempest.lib.common.rest_client [req-ec5939ea-2742-43c7-861f-24a88d2914d5 req-ec5939ea-2742-43c7-861f-24a88d2914d5 ] Request (QuotaClassesAdminTestJSON:tearDownClass): 204 DELETE http://10.180.1.21/identity/v3/projects/7293774324854a4ea03bb0ab4b8027cd 0.087s
2024-09-20 17:39:35.591 62548 INFO tempest.lib.common.dynamic_creds [-] Deleting project and security group for project: 69831d4ccee445a482563242e0c63772
2024-09-20 17:39:35.608 62542 INFO tempest.lib.common.rest_client [req-b6f56203-a9cb-44cd-97cc-539aafd4cc9f req-b6f56203-a9cb-44cd-97cc-539aafd4cc9f ] Request (ServersTestMultiNic:test_verify_duplicate_network_nics): 201 POST http://10.180.1.21:9696/networking/v2.0/subnets 0.435s
2024-09-20 17:39:35.638 62550 INFO tempest.lib.common.rest_client [req-17d932af-2bd1-456b-95c5-8ee713955c7d req-17d932af-2bd1-456b-95c5-8ee713955c7d ] Request (TenantUsagesNegativeTestJSON:tearDownClass): 204 DELETE http://10.180.1.21:9696/networking/v2.0/security-groups/b95bfa6c-105e-4192-a145-9b25d56c1c3f 0.471s
2024-09-20 17:39:35.653 62560 INFO tempest.lib.common.rest_client [req-58a154d9-f84c-4bc1-a6c8-fa48d83408d2 req-58a154d9-f84c-4bc1-a6c8-fa48d83408d2 ] Request (ServerShowV247Test:test_update_rebuild_list_server): 200 GET http://10.180.1.21/compute/v2.1/servers/51301fe2-f618-4d05-837e-0bdc9abe97dc 0.635s
2024-09-20 17:39:35.717 62540 INFO tempest.lib.common.rest_client [req-6904fe2d-6a3c-407c-a5bc-99994c541b22 req-6904fe2d-6a3c-407c-a5bc-99994c541b22 ] Request (MigrationsAdminTest:test_resize_server_revert_deleted_flavor): 200 GET http://10.180.1.21/compute/v2.1/servers/ae3c2675-21a0-489d-9d72-3d19597901cc 0.639s
2024-09-20 17:39:35.756 62550 INFO tempest.lib.common.rest_client [req-6fc5e993-1aa9-4ee9-b02a-686bb4032ef7 req-6fc5e993-1aa9-4ee9-b02a-686bb4032ef7 ] Request (TenantUsagesNegativeTestJSON:tearDownClass): 204 DELETE http://10.180.1.21/identity/v3/projects/11f9c968f13448c899873692da8756af 0.117s
2024-09-20 17:39:35.756 62550 INFO tempest.lib.common.dynamic_creds [-] Deleting project and security group for project: c78d311b57f84266a3f9452e4d863f26
2024-09-20 17:39:35.775 62564 INFO tempest.lib.common.rest_client [req-e2bd0344-6ba2-4e6a-ab77-09b6b0575e6b req-e2bd0344-6ba2-4e6a-ab77-09b6b0575e6b ] Request (ServerRescueNegativeTestJSON:setUpClass): 200 GET http://10.180.1.21/compute/v2.1/servers/3de97322-d5b5-4fe6-8278-7dc23217a92e 0.688s
2024-09-20 17:39:35.808 62578 INFO tempest.lib.common.rest_client [req-cc0352b7-3ea6-4be7-84ef-052ae42050de req-cc0352b7-3ea6-4be7-84ef-052ae42050de ] Request (FlavorsAccessNegativeTestJSON:test_add_flavor_access_duplicate): 200 POST http://10.180.1.21/compute/v2.1/flavors 0.786s
2024-09-20 17:39:35.824 62548 INFO tempest.lib.common.rest_client [req-02c50da1-5c12-4934-89a7-fd607deb11b0 req-02c50da1-5c12-4934-89a7-fd607deb11b0 ] Request (QuotaClassesAdminTestJSON:tearDownClass): 200 GET http://10.180.1.21:9696/networking/v2.0/security-groups?tenant_id=69831d4ccee445a482563242e0c63772&name=default 0.232s
2024-09-20 17:39:35.857 62564 INFO tempest.lib.common.rest_client [req-f955839d-7816-46ed-98d5-2df53960ea81 req-f955839d-7816-46ed-98d5-2df53960ea81 ] Request (ServerRescueNegativeTestJSON:setUpClass): 201 POST http://10.180.1.21/identity/v3/auth/tokens 0.070s
2024-09-20 17:39:35.857 62564 INFO tempest.lib.common.fixed_network [-] (ServerRescueNegativeTestJSON:setUpClass) Found network {'id': '660f4931-4d3c-4c26-b89b-ea25adef4715', 'name': 'tempest-ServerRescueNegativeTestJSON-136528586-network', 'tenant_id': '3f459b2b43974eae826ca922c429bbd0', 'admin_state_up': True, 'mtu': 8950, 'status': 'ACTIVE', 'subnets': [], 'shared': False, 'project_id': '3f459b2b43974eae826ca922c429bbd0', 'port_security_enabled': True, 'router:external': False, 'provider:network_type': 'vlan', 'provider:physical_network': 'default', 'provider:segmentation_id': 415, 'is_default': False, 'availability_zone_hints': [], 'availability_zones': [], 'ipv4_address_scope': None, 'ipv6_address_scope': None, 'description': '', 'tags': [], 'created_at': '2024-09-20T17:39:30Z', 'updated_at': '2024-09-20T17:39:30Z', 'revision_number': 1} available for tenant
2024-09-20 17:39:35.870 62538 INFO tempest.lib.common.rest_client [req-6b401815-a533-4f35-9f7a-5de5878784de req-6b401815-a533-4f35-9f7a-5de5878784de ] Request (DeleteServersAdminTestJSON:test_delete_server_while_in_error_state): 200 GET http://10.180.1.21/compute/v2.1/servers/6f5b8565-a5c4-48b6-b562-add749755a84 0.714s
2024-09-20 17:39:35.890 62542 INFO tempest.lib.common.rest_client [req-fef5dd11-4a5e-40c5-b4d3-2482a0ef1972 req-fef5dd11-4a5e-40c5-b4d3-2482a0ef1972 ] Request (ServersTestMultiNic:test_verify_duplicate_network_nics): 201 POST http://10.180.1.21:9696/networking/v2.0/networks 0.281s
2024-09-20 17:39:35.932 62536 INFO tempest.lib.common.rest_client [req-2bbb975c-7983-4915-bd80-9cc25492c5bf req-2bbb975c-7983-4915-bd80-9cc25492c5bf ] Request (VolumesAssistedSnapshotsTest:test_volume_assisted_snapshot_create_delete): 200 GET http://10.180.1.21/compute/v2.1/servers/e245a96b-51f7-4344-b0c3-187ecd485015 0.763s
2024-09-20 17:39:35.945 62550 INFO tempest.lib.common.rest_client [req-fa723fad-21fe-4edf-a6ee-5e0790b7b4d9 req-fa723fad-21fe-4edf-a6ee-5e0790b7b4d9 ] Request (TenantUsagesNegativeTestJSON:tearDownClass): 200 GET http://10.180.1.21:9696/networking/v2.0/security-groups?tenant_id=c78d311b57f84266a3f9452e4d863f26&name=default 0.189s
2024-09-20 17:39:35.946 62548 INFO tempest.lib.common.rest_client [req-ce7f9f84-a37b-4b9f-a618-c6968645fa96 req-ce7f9f84-a37b-4b9f-a618-c6968645fa96 ] Request (QuotaClassesAdminTestJSON:tearDownClass): 204 DELETE http://10.180.1.21:9696/networking/v2.0/security-groups/de12f1bf-b343-4a53-b624-e6c9e0c85ade 0.121s
2024-09-20 17:39:35.948 62588 INFO tempest.lib.common.rest_client [req-8df8d578-2108-4c6b-8098-a48e54481dd3 req-8df8d578-2108-4c6b-8098-a48e54481dd3 ] Request (VolumesNegativeTest:test_delete_invalid_volume_id): 404 DELETE http://10.180.1.21/compute/v2.1/os-volumes/tempest-invalid-1018575377 0.852s
2024-09-20 17:39:35.995 62532 INFO tempest.lib.common.rest_client [req-c872092f-d9eb-4321-81e3-7fbab943fefc req-c872092f-d9eb-4321-81e3-7fbab943fefc ] Request (SecurityGroupsTestJSON:test_list_security_groups_by_server): 200 GET http://10.180.1.21/compute/v2.1/servers/0ead07ed-9f7c-485c-95c3-3aeede597c9b 0.778s
2024-09-20 17:39:36.000 62586 INFO tempest.lib.common.rest_client [req-84cbd9bf-4b08-45d6-9557-1059e43d55da req-84cbd9bf-4b08-45d6-9557-1059e43d55da ] Request (ServersWithSpecificFlavorTestJSON:test_verify_created_server_ephemeral_disk): 200 GET http://10.180.1.21/compute/v2.1/servers/37e96c2a-09f5-47dd-b370-f014510e82db 0.697s
2024-09-20 17:39:36.047 62548 INFO tempest.lib.common.rest_client [req-69f62c2d-ac09-406d-9794-a83e10f095f0 req-69f62c2d-ac09-406d-9794-a83e10f095f0 ] Request (QuotaClassesAdminTestJSON:tearDownClass): 204 DELETE http://10.180.1.21/identity/v3/projects/69831d4ccee445a482563242e0c63772 0.101s
2024-09-20 17:39:36.062 62570 INFO tempest.lib.common.rest_client [req-37451adc-b624-4c35-89b0-7503f903127c req-37451adc-b624-4c35-89b0-7503f903127c ] Request (ImagesOneServerNegativeTestJSON:setUpClass): 200 GET http://10.180.1.21/compute/v2.1/servers/829ea1ca-475c-4aad-bf9c-44af727db198 0.660s
2024-09-20 17:39:36.062 62562 INFO tempest.lib.common.rest_client [req-50fc75f5-a731-403f-bc95-f8a9b7cf2643 req-50fc75f5-a731-403f-bc95-f8a9b7cf2643 ] Request (ServerTagsTestJSON:setUpClass): 200 GET http://10.180.1.21/compute/v2.1/servers/c4284301-7dd8-4c73-af3f-db3a2dad845e 0.686s
2024-09-20 17:39:36.070 62570 INFO tempest.common.waiters [-] State transition "BUILD/spawning" ==> "ERROR/None" after 47 second wait
2024-09-20 17:39:36.119 62548 INFO tempest.lib.common.rest_client [req-b6bf0642-1494-42bf-9093-b617690ad21d req-b6bf0642-1494-42bf-9093-b617690ad21d ] Request (AbsoluteLimitsNegativeTestJSON:setUpClass): 201 POST http://10.180.1.21/identity/v3/auth/tokens 0.070s
2024-09-20 17:39:36.121 62572 INFO tempest.lib.common.rest_client [req-e6fb46d7-7e03-45f8-86ef-10a07dcec27a req-e6fb46d7-7e03-45f8-86ef-10a07dcec27a ] Request (ListServerFiltersTestJSON:setUpClass): 200 GET http://10.180.1.21/compute/v2.1/servers/840b553e-4446-4e9f-b175-cc28c93a8be9 0.644s
2024-09-20 17:39:36.131 62574 INFO tempest.lib.common.rest_client [req-25e4d428-f6a8-4fe7-994a-a142e57aa61a req-25e4d428-f6a8-4fe7-994a-a142e57aa61a ] Request (AttachInterfacesV270Test:test_create_get_list_interfaces): 200 GET http://10.180.1.21/compute/v2.1/servers/6f13d83b-b9f5-40d7-bdcd-4141cef799a2 0.658s
2024-09-20 17:39:36.139 62550 INFO tempest.lib.common.rest_client [req-dd747c3b-3109-4db1-a755-5fc785765efc req-dd747c3b-3109-4db1-a755-5fc785765efc ] Request (TenantUsagesNegativeTestJSON:tearDownClass): 204 DELETE http://10.180.1.21:9696/networking/v2.0/security-groups/f09d6a2d-346f-4288-993f-19919a76e099 0.193s
2024-09-20 17:39:36.166 62548 INFO tempest.lib.common.rest_client [req-05d60e76-12a0-4949-8eb1-9c1c380ba3c7 req-05d60e76-12a0-4949-8eb1-9c1c380ba3c7 ] Request (AbsoluteLimitsNegativeTestJSON:setUpClass): 201 POST http://10.180.1.21/identity/v3/auth/tokens 0.044s
2024-09-20 17:39:36.178 62554 INFO tempest.lib.common.rest_client [req-179e3ac2-d1ba-40db-8e1f-c2db381a335a req-179e3ac2-d1ba-40db-8e1f-c2db381a335a ] Request (FloatingIPsAssociationNegativeTestJSON:setUpClass): 200 GET http://10.180.1.21/compute/v2.1/servers/45ecf4b0-c9a1-486f-a5c8-8447bbdb33f3 0.631s
2024-09-20 17:39:36.191 62548 INFO tempest.lib.common.rest_client [req-d70a1231-f113-4eeb-8ca3-291a83afaae4 req-d70a1231-f113-4eeb-8ca3-291a83afaae4 ] Request (AbsoluteLimitsNegativeTestJSON:setUpClass): 200 GET http://10.180.1.21/identity/v3/domains?name=Default 0.024s
2024-09-20 17:39:36.191 62590 INFO tempest.lib.common.rest_client [req-c5665a46-f22c-4e5c-90a5-7142e3693dfb req-c5665a46-f22c-4e5c-90a5-7142e3693dfb ] Request (FloatingIPsAssociationTestJSON:setUpClass): 200 GET http://10.180.1.21/compute/v2.1/servers/8d59ab18-21b0-4b28-b050-4f78d0203073 0.578s
2024-09-20 17:39:36.203 62550 INFO tempest.lib.common.rest_client [req-3128e4cf-9f85-425e-8e7e-2ce775369bcc req-3128e4cf-9f85-425e-8e7e-2ce775369bcc ] Request (TenantUsagesNegativeTestJSON:tearDownClass): 204 DELETE http://10.180.1.21/identity/v3/projects/c78d311b57f84266a3f9452e4d863f26 0.061s
2024-09-20 17:39:36.233 62550 INFO tempest.lib.common.rest_client [req-3b92cdff-c665-4c82-9b2d-f500242b9a20 req-3b92cdff-c665-4c82-9b2d-f500242b9a20 ] Request (InstanceActionsNegativeTestJSON:setUpClass): 201 POST http://10.180.1.21/identity/v3/auth/tokens 0.028s
2024-09-20 17:39:36.236 62556 INFO tempest.lib.common.rest_client [req-f7a3cf55-d970-4d42-b0df-a6fb45015d09 req-f7a3cf55-d970-4d42-b0df-a6fb45015d09 ] Request (ServerDiagnosticsV248Test:tearDownClass): 200 GET http://10.180.1.21/compute/v2.1/servers/959a0557-acf1-4cfb-8259-081e715bb272 0.560s
2024-09-20 17:39:36.239 62542 INFO tempest.lib.common.rest_client [req-7ab3a855-8622-4123-9e7d-c47809344c4b req-7ab3a855-8622-4123-9e7d-c47809344c4b ] Request (ServersTestMultiNic:test_verify_duplicate_network_nics): 201 POST http://10.180.1.21:9696/networking/v2.0/subnets 0.347s
2024-09-20 17:39:36.250 62548 INFO tempest.lib.common.rest_client [req-c6f6a626-2e6c-4514-b2ba-1a9d2f05fcc5 req-c6f6a626-2e6c-4514-b2ba-1a9d2f05fcc5 ] Request (AbsoluteLimitsNegativeTestJSON:setUpClass): 201 POST http://10.180.1.21/identity/v3/projects 0.058s
2024-09-20 17:39:36.252 62558 INFO tempest.lib.common.rest_client [req-cc68d78c-1c0b-4db7-8303-7f0c33ac1b24 req-cc68d78c-1c0b-4db7-8303-7f0c33ac1b24 ] Request (ServerActionsTestOtherB:setUpClass): 200 GET http://10.180.1.21/compute/v2.1/servers/d4feff80-fc8a-4faf-9f37-5bdaef9cf5f2 0.510s
2024-09-20 17:39:36.286 62568 INFO tempest.lib.common.rest_client [req-ceeaff81-5f7b-4c7b-8f92-0e80749b2884 req-ceeaff81-5f7b-4c7b-8f92-0e80749b2884 ] Request (ServerExternalEventsTest:test_create_server_external_events): 200 GET http://10.180.1.21/compute/v2.1/servers/b4de91fb-b5cc-4bd0-af52-fbca77ba9c3a 0.478s
2024-09-20 17:39:36.308 62542 INFO tempest.lib.common.rest_client [req-2a758ce0-cf41-413c-a5e4-a194ae18d2b7 req-2a758ce0-cf41-413c-a5e4-a194ae18d2b7 ] Request (ServersTestMultiNic:test_verify_duplicate_network_nics): 201 POST http://10.180.1.21/identity/v3/auth/tokens 0.065s
2024-09-20 17:39:36.308 62542 INFO tempest.lib.common.fixed_network [-] (ServersTestMultiNic:test_verify_duplicate_network_nics) Found network {'id': 'ebfee4d1-fef7-4599-8be1-d3224205449d', 'name': 'tempest-ServersTestMultiNic-552036955-network', 'tenant_id': '8c33c3d5d9a94cadaad6b84e830e14d2', 'admin_state_up': True, 'mtu': 8950, 'status': 'ACTIVE', 'subnets': [], 'shared': False, 'project_id': '8c33c3d5d9a94cadaad6b84e830e14d2', 'port_security_enabled': True, 'router:external': False, 'provider:network_type': 'vlan', 'provider:physical_network': 'default', 'provider:segmentation_id': 322, 'is_default': False, 'availability_zone_hints': [], 'availability_zones': [], 'ipv4_address_scope': None, 'ipv6_address_scope': None, 'description': '', 'tags': [], 'created_at': '2024-09-20T17:39:31Z', 'updated_at': '2024-09-20T17:39:31Z', 'revision_number': 1} available for tenant
2024-09-20 17:39:36.313 62550 INFO tempest.lib.common.rest_client [req-0eb2494c-df0a-4643-90f9-0585b0ba3717 req-0eb2494c-df0a-4643-90f9-0585b0ba3717 ] Request (InstanceActionsNegativeTestJSON:setUpClass): 201 POST http://10.180.1.21/identity/v3/auth/tokens 0.078s
2024-09-20 17:39:36.339 62548 INFO tempest.lib.common.rest_client [req-29d4bbac-5ffa-4c50-9c5c-dcfc6fbf6d4e req-29d4bbac-5ffa-4c50-9c5c-dcfc6fbf6d4e ] Request (AbsoluteLimitsNegativeTestJSON:setUpClass): 201 POST http://10.180.1.21/identity/v3/users 0.089s
2024-09-20 17:39:36.343 62550 INFO tempest.lib.common.rest_client [req-688845c4-17c1-44ab-b814-dd85b1d0c3dc req-688845c4-17c1-44ab-b814-dd85b1d0c3dc ] Request (InstanceActionsNegativeTestJSON:setUpClass): 200 GET http://10.180.1.21/identity/v3/domains?name=Default 0.029s
2024-09-20 17:39:36.357 62548 INFO tempest.lib.common.rest_client [req-d61659fc-4378-4500-a145-064dca7279d7 req-d61659fc-4378-4500-a145-064dca7279d7 ] Request (AbsoluteLimitsNegativeTestJSON:setUpClass): 200 GET http://10.180.1.21/identity/v3/roles 0.017s
2024-09-20 17:39:36.383 62550 INFO tempest.lib.common.rest_client [req-5196b9ef-8dd6-4e22-964e-7f8c202b31b4 req-5196b9ef-8dd6-4e22-964e-7f8c202b31b4 ] Request (InstanceActionsNegativeTestJSON:setUpClass): 201 POST http://10.180.1.21/identity/v3/projects 0.039s
2024-09-20 17:39:36.449 62548 INFO tempest.lib.common.rest_client [req-4e3df253-7a20-44a9-af7c-6eeb4ae44bf8 req-4e3df253-7a20-44a9-af7c-6eeb4ae44bf8 ] Request (AbsoluteLimitsNegativeTestJSON:setUpClass): 204 PUT http://10.180.1.21/identity/v3/projects/8078e4af31f34956922779b61847f3b4/users/78c9120815204d94a27d66b57471e2cc/roles/51b3fb65f9da42e7b9b051a3c58673ae 0.092s
2024-09-20 17:39:36.449 62548 INFO tempest.lib.common.dynamic_creds [-] Dynamic test user 78c9120815204d94a27d66b57471e2cc is created with scope project and roles: ['member']
2024-09-20 17:39:36.449 62548 INFO tempest.lib.common.dynamic_creds [-] Acquired dynamic creds: credentials: Credentials: {'domain_id': 'default', 'domain_name': 'Default', 'username': 'tempest-AbsoluteLimitsNegativeTestJSON-1034991826-project-member', 'project_domain_id': 'default', 'project_domain_name': 'Default', 'project_id': '8078e4af31f34956922779b61847f3b4', 'project_name': 'tempest-AbsoluteLimitsNegativeTestJSON-1034991826', 'tenant_id': '8078e4af31f34956922779b61847f3b4', 'tenant_name': 'tempest-AbsoluteLimitsNegativeTestJSON-1034991826', 'user_domain_id': 'default', 'user_domain_name': 'Default', 'user_id': '78c9120815204d94a27d66b57471e2cc', 'system': None}, Network: None, Subnet: None, Router: None
2024-09-20 17:39:36.450 62548 INFO tempest.lib.common.dynamic_creds [-] Created isolated network resources for: credentials: Credentials: {'domain_id': 'default', 'domain_name': 'Default', 'username': 'tempest-AbsoluteLimitsNegativeTestJSON-1034991826-project-member', 'project_domain_id': 'default', 'project_domain_name': 'Default', 'project_id': '8078e4af31f34956922779b61847f3b4', 'project_name': 'tempest-AbsoluteLimitsNegativeTestJSON-1034991826', 'tenant_id': '8078e4af31f34956922779b61847f3b4', 'tenant_name': 'tempest-AbsoluteLimitsNegativeTestJSON-1034991826', 'user_domain_id': 'default', 'user_domain_name': 'Default', 'user_id': '78c9120815204d94a27d66b57471e2cc', 'system': None}, Network: None, Subnet: None, Router: None
2024-09-20 17:39:36.472 62578 INFO tempest.lib.common.rest_client [req-7487960c-428e-4a47-aa24-22ee325f2a9c req-7487960c-428e-4a47-aa24-22ee325f2a9c ] Request (FlavorsAccessNegativeTestJSON:test_add_flavor_access_duplicate): 200 POST http://10.180.1.21/compute/v2.1/flavors/1501814795/action 0.660s
2024-09-20 17:39:36.481 62588 INFO tempest.lib.common.rest_client [req-19bb61c3-bae7-4199-9120-4236aad13c01 req-19bb61c3-bae7-4199-9120-4236aad13c01 ] Request (VolumesNegativeTest:test_delete_volume_without_passing_volume_id): 404 DELETE http://10.180.1.21/compute/v2.1/os-volumes/ 0.531s
2024-09-20 17:39:36.503 62550 INFO tempest.lib.common.rest_client [req-041fc06f-23ea-4010-82a2-92250dcb503d req-041fc06f-23ea-4010-82a2-92250dcb503d ] Request (InstanceActionsNegativeTestJSON:setUpClass): 201 POST http://10.180.1.21/identity/v3/users 0.119s
2024-09-20 17:39:36.520 62550 INFO tempest.lib.common.rest_client [req-45e2897d-816c-4b4a-8014-80db14c8de51 req-45e2897d-816c-4b4a-8014-80db14c8de51 ] Request (InstanceActionsNegativeTestJSON:setUpClass): 200 GET http://10.180.1.21/identity/v3/roles 0.017s
2024-09-20 17:39:36.529 62548 INFO tempest.lib.common.rest_client [req-c3c14bf5-b560-41e2-89e4-3120b2113be8 req-c3c14bf5-b560-41e2-89e4-3120b2113be8 ] Request (AbsoluteLimitsNegativeTestJSON:setUpClass): 201 POST http://10.180.1.21/identity/v3/auth/tokens 0.076s
2024-09-20 17:39:36.545 62550 INFO tempest.lib.common.rest_client [req-49b9cfed-6585-42b6-97ad-0538915f5637 req-49b9cfed-6585-42b6-97ad-0538915f5637 ] Request (InstanceActionsNegativeTestJSON:setUpClass): 204 PUT http://10.180.1.21/identity/v3/projects/c2213fc8ab8e4f33bb83dfb98e496a51/users/8e9ba24a24a74a39be59fc8a83175418/roles/51b3fb65f9da42e7b9b051a3c58673ae 0.025s
2024-09-20 17:39:36.546 62550 INFO tempest.lib.common.dynamic_creds [-] Dynamic test user 8e9ba24a24a74a39be59fc8a83175418 is created with scope project and roles: ['member']
2024-09-20 17:39:36.546 62550 INFO tempest.lib.common.dynamic_creds [-] Acquired dynamic creds: credentials: Credentials: {'domain_id': 'default', 'domain_name': 'Default', 'username': 'tempest-InstanceActionsNegativeTestJSON-492549632-project-member', 'project_domain_id': 'default', 'project_domain_name': 'Default', 'project_id': 'c2213fc8ab8e4f33bb83dfb98e496a51', 'project_name': 'tempest-InstanceActionsNegativeTestJSON-492549632', 'tenant_id': 'c2213fc8ab8e4f33bb83dfb98e496a51', 'tenant_name': 'tempest-InstanceActionsNegativeTestJSON-492549632', 'user_domain_id': 'default', 'user_domain_name': 'Default', 'user_id': '8e9ba24a24a74a39be59fc8a83175418', 'system': None}, Network: None, Subnet: None, Router: None
2024-09-20 17:39:36.598 62564 INFO tempest.lib.common.rest_client [req-a0684226-37f9-4f94-ab18-bafac9659865 req-a0684226-37f9-4f94-ab18-bafac9659865 ] Request (ServerRescueNegativeTestJSON:setUpClass): 202 POST http://10.180.1.21/compute/v2.1/servers 0.740s
2024-09-20 17:39:36.605 62550 INFO tempest.lib.common.rest_client [req-65c44a78-29bd-4564-9dae-656e532f6ad3 req-65c44a78-29bd-4564-9dae-656e532f6ad3 ] Request (InstanceActionsNegativeTestJSON:setUpClass): 201 POST http://10.180.1.21/identity/v3/auth/tokens 0.059s
2024-09-20 17:39:36.662 62566 INFO tempest.lib.common.rest_client [req-4b9045a7-ab42-4596-8a00-5589f4f68c36 req-4b9045a7-ab42-4596-8a00-5589f4f68c36 ] Request (ImagesTestJSON:test_create_image_from_stopped_server): 200 GET http://10.180.1.21/compute/v2.1/servers/71b54fcd-f12c-46aa-bded-3380bbd2b6ea 0.493s
2024-09-20 17:39:36.701 62570 INFO tempest.lib.common.rest_client [req-79734155-5e7b-4757-befc-cde4afdbb6a9 req-79734155-5e7b-4757-befc-cde4afdbb6a9 ] Request (ImagesOneServerNegativeTestJSON:setUpClass): 204 DELETE http://10.180.1.21/compute/v2.1/servers/829ea1ca-475c-4aad-bf9c-44af727db198 0.630s
2024-09-20 17:39:36.744 62576 INFO tempest.lib.common.rest_client [req-b261d197-5c32-47ed-bd8a-27d41baf50f9 req-b261d197-5c32-47ed-bd8a-27d41baf50f9 ] Request (InstanceActionsTestJSON:setUpClass): 200 GET http://10.180.1.21/compute/v2.1/servers/b07c63a4-80fc-4840-a9a3-2ce97499caf2 0.559s
2024-09-20 17:39:36.782 62582 INFO tempest.lib.common.rest_client [req-f7027837-bdc9-4ebc-a79d-8494fbca5a7e req-f7027837-bdc9-4ebc-a79d-8494fbca5a7e ] Request (ServersAdminTestJSON:setUpClass): 200 GET http://10.180.1.21/compute/v2.1/servers/2edd71d8-1b93-4863-b31b-a4c169606110 0.530s
2024-09-20 17:39:36.835 62528 INFO tempest.lib.common.rest_client [req-71b88fb4-b666-4dbc-8f71-f5d7afdaa209 req-71b88fb4-b666-4dbc-8f71-f5d7afdaa209 ] Request (ServersNegativeTestJSON:setUpClass): 200 GET http://10.180.1.21/compute/v2.1/servers/2b054c86-e8f7-4585-bb3a-57632092843f 0.522s
2024-09-20 17:39:36.883 62534 INFO tempest.lib.common.rest_client [req-b7b78507-f5c5-40e5-89aa-7723daabfb31 req-b7b78507-f5c5-40e5-89aa-7723daabfb31 ] Request (TenantUsagesTestJSON:setUpClass): 200 GET http://10.180.1.21/compute/v2.1/servers/eea2df5c-e1f0-49f3-a071-f34ed0695a47 0.506s
2024-09-20 17:39:36.901 62550 INFO tempest.lib.common.rest_client [req-e3637281-6e9f-4a2c-8076-0dbb1720d4c1 req-e3637281-6e9f-4a2c-8076-0dbb1720d4c1 ] Request (InstanceActionsNegativeTestJSON:setUpClass): 201 POST http://10.180.1.21:9696/networking/v2.0/networks 0.295s
2024-09-20 17:39:36.945 62546 INFO tempest.lib.common.rest_client [req-b5f2ee02-e4e7-47ae-8df7-a245f2062c08 req-b5f2ee02-e4e7-47ae-8df7-a245f2062c08 ] Request (ServersTestManualDisk:setUpClass): 200 GET http://10.180.1.21/compute/v2.1/servers/c608ff0d-f3e3-4c7b-befd-e93416ed0ddc 0.515s
2024-09-20 17:39:36.998 62580 INFO tempest.lib.common.rest_client [req-035a40c6-0205-41b0-8fc1-38b7986fb120 req-035a40c6-0205-41b0-8fc1-38b7986fb120 ] Request (ServersV294TestFqdnHostnames:setUpClass): 200 GET http://10.180.1.21/compute/v2.1/servers/552e0085-7216-41c7-8ede-f83ba9c15d6c 0.548s
2024-09-20 17:39:37.115 62578 INFO tempest.lib.common.rest_client [req-de84143a-fd77-4912-b2c2-43c2d73f0815 req-de84143a-fd77-4912-b2c2-43c2d73f0815 ] Request (FlavorsAccessNegativeTestJSON:test_add_flavor_access_duplicate): 409 POST http://10.180.1.21/compute/v2.1/flavors/1501814795/action 0.642s
2024-09-20 17:39:37.118 62588 INFO tempest.lib.common.rest_client [req-c82450c2-c6a1-4d8e-a3df-205fdad6b94a req-c82450c2-c6a1-4d8e-a3df-205fdad6b94a ] Request (VolumesNegativeTest:test_get_volume_without_passing_volume_id): 404 GET http://10.180.1.21/compute/v2.1/os-volumes/ 0.636s
2024-09-20 17:39:37.124 62550 INFO tempest.lib.common.rest_client [req-b047a8eb-f345-4df9-bbe1-36f039092c7e req-b047a8eb-f345-4df9-bbe1-36f039092c7e ] Request (InstanceActionsNegativeTestJSON:setUpClass): 201 POST http://10.180.1.21:9696/networking/v2.0/subnets 0.222s
2024-09-20 17:39:37.178 62552 INFO tempest.lib.common.rest_client [req-47740e31-a811-4180-af25-adfb0ea7d413 req-47740e31-a811-4180-af25-adfb0ea7d413 ] Request (ServerShowV257Test:test_rebuild_server): 200 GET http://10.180.1.21/compute/v2.1/servers/e11807cb-4d91-4178-855a-f9164bdff0c3 0.651s
2024-09-20 17:39:37.235 62584 INFO tempest.lib.common.rest_client [req-7b3f6816-3903-4f34-bf4f-e666112ae91c req-7b3f6816-3903-4f34-bf4f-e666112ae91c ] Request (VolumesAdminNegativeTest:test_update_attached_volume_with_nonexistent_volume_in_body): 200 GET http://10.180.1.21/compute/v2.1/servers/24e45383-4cbd-4a46-9cfc-3f36dfdb5bdc 0.706s
2024-09-20 17:39:37.252 62542 INFO tempest.lib.common.rest_client [req-b4bdef2c-b7e5-4eb6-b808-dd6ae83d1a6f req-b4bdef2c-b7e5-4eb6-b808-dd6ae83d1a6f ] Request (ServersTestMultiNic:test_verify_duplicate_network_nics): 202 POST http://10.180.1.21/compute/v2.1/servers 0.943s
2024-09-20 17:39:37.304 62544 INFO tempest.lib.common.rest_client [req-81cf760e-db62-4242-8983-2243930282df req-81cf760e-db62-4242-8983-2243930282df ] Request (ServerDiskConfigTestJSON:test_rebuild_server_with_manual_disk_config): 200 GET http://10.180.1.21/compute/v2.1/servers/a29f3832-3bb5-4498-9d8e-468621fc345b 0.708s
2024-09-20 17:39:37.331 62548 INFO tempest.lib.common.rest_client [req-7779844a-6eb6-4724-b90a-f17c2389cb41 req-7779844a-6eb6-4724-b90a-f17c2389cb41 ] Request (AbsoluteLimitsNegativeTestJSON:test_max_metadata_exceed_limit): 200 GET http://10.180.1.21/compute/v2.1/limits 0.800s
2024-09-20 17:39:37.354 62564 INFO tempest.lib.common.rest_client [req-efd37e68-4b95-4965-b663-c2e3d6d51a8f req-efd37e68-4b95-4965-b663-c2e3d6d51a8f ] Request (ServerRescueNegativeTestJSON:setUpClass): 200 GET http://10.180.1.21/compute/v2.1/servers/928a971e-5089-4d0f-8bc7-696f00f01f52 0.754s
2024-09-20 17:39:37.363 62548 INFO tempest.lib.common.rest_client [req-3786cc90-fc24-493c-8a86-98d825117e50 req-3786cc90-fc24-493c-8a86-98d825117e50 ] Request (AbsoluteLimitsNegativeTestJSON:test_max_metadata_exceed_limit): 201 POST http://10.180.1.21/identity/v3/auth/tokens 0.026s
2024-09-20 17:39:37.363 62548 INFO tempest.lib.common.fixed_network [-] (AbsoluteLimitsNegativeTestJSON:test_max_metadata_exceed_limit) Found network None available for tenant
2024-09-20 17:39:37.384 62530 INFO tempest.lib.common.rest_client [req-bac7a55a-ff1f-43a5-965c-0dd1fc788e85 req-bac7a55a-ff1f-43a5-965c-0dd1fc788e85 ] Request (ServerDiagnosticsTest:test_get_server_diagnostics): 200 GET http://10.180.1.21/compute/v2.1/servers/287102d9-2221-462a-ac40-1ff553eeec46 0.778s
2024-09-20 17:39:37.390 62530 INFO tempest.common.waiters [-] State transition "BUILD/spawning" ==> "BUILD/scheduling" after 45 second wait
2024-09-20 17:39:37.401 62560 INFO tempest.lib.common.rest_client [req-0cc9e671-e591-4575-a5c6-621ec5fdca75 req-0cc9e671-e591-4575-a5c6-621ec5fdca75 ] Request (ServerShowV247Test:test_update_rebuild_list_server): 200 GET http://10.180.1.21/compute/v2.1/servers/51301fe2-f618-4d05-837e-0bdc9abe97dc 0.736s
2024-09-20 17:39:37.404 62570 INFO tempest.lib.common.rest_client [req-b48b2a28-bfd8-4efd-abe1-19e7c53b65ba req-b48b2a28-bfd8-4efd-abe1-19e7c53b65ba ] Request (ImagesOneServerNegativeTestJSON:setUpClass): 404 GET http://10.180.1.21/compute/v2.1/servers/829ea1ca-475c-4aad-bf9c-44af727db198 0.703s
2024-09-20 17:39:37.405 62570 INFO tempest.test [-] raised in ImagesOneServerNegativeTestJSON.setUpClass. Invoking tearDownClass.
2024-09-20 17:39:37.452 62540 INFO tempest.lib.common.rest_client [req-8067c799-aa29-4fd8-a2b4-739ac04addc8 req-8067c799-aa29-4fd8-a2b4-739ac04addc8 ] Request (MigrationsAdminTest:test_resize_server_revert_deleted_flavor): 200 GET http://10.180.1.21/compute/v2.1/servers/ae3c2675-21a0-489d-9d72-3d19597901cc 0.721s
2024-09-20 17:39:37.454 62538 INFO tempest.lib.common.rest_client [req-912620f5-8ee7-456f-95a5-ef1d0dd0af96 req-912620f5-8ee7-456f-95a5-ef1d0dd0af96 ] Request (DeleteServersAdminTestJSON:test_delete_server_while_in_error_state): 200 GET http://10.180.1.21/compute/v2.1/servers/6f5b8565-a5c4-48b6-b562-add749755a84 0.576s
2024-09-20 17:39:37.498 62536 INFO tempest.lib.common.rest_client [req-344e6550-de3d-48a2-ad0d-e1e39ffed8f8 req-344e6550-de3d-48a2-ad0d-e1e39ffed8f8 ] Request (VolumesAssistedSnapshotsTest:test_volume_assisted_snapshot_create_delete): 200 GET http://10.180.1.21/compute/v2.1/servers/e245a96b-51f7-4344-b0c3-187ecd485015 0.556s
2024-09-20 17:39:37.502 62532 INFO tempest.lib.common.rest_client [req-43e349f4-01db-4980-9cbb-d265dc487673 req-43e349f4-01db-4980-9cbb-d265dc487673 ] Request (SecurityGroupsTestJSON:test_list_security_groups_by_server): 200 GET http://10.180.1.21/compute/v2.1/servers/0ead07ed-9f7c-485c-95c3-3aeede597c9b 0.498s
2024-09-20 17:39:37.563 62586 INFO tempest.lib.common.rest_client [req-b8f8af2a-ee11-4a59-b834-9d9e9050c68b req-b8f8af2a-ee11-4a59-b834-9d9e9050c68b ] Request (ServersWithSpecificFlavorTestJSON:test_verify_created_server_ephemeral_disk): 200 GET http://10.180.1.21/compute/v2.1/servers/37e96c2a-09f5-47dd-b370-f014510e82db 0.550s
2024-09-20 17:39:37.564 62562 INFO tempest.lib.common.rest_client [req-dfc5b113-6507-42f4-85d6-52d83947af3c req-dfc5b113-6507-42f4-85d6-52d83947af3c ] Request (ServerTagsTestJSON:setUpClass): 200 GET http://10.180.1.21/compute/v2.1/servers/c4284301-7dd8-4c73-af3f-db3a2dad845e 0.486s
2024-09-20 17:39:37.610 62578 INFO tempest.lib.common.rest_client [req-e18f87fc-f367-4b91-9eea-a7bf18fc79f9 req-e18f87fc-f367-4b91-9eea-a7bf18fc79f9 ] Request (FlavorsAccessNegativeTestJSON:_run_cleanups): 200 POST http://10.180.1.21/compute/v2.1/flavors/1501814795/action 0.495s
2024-09-20 17:39:37.617 62588 INFO tempest.lib.common.rest_client [req-83e12c7f-4d5d-41f9-96a0-443a9a260ddb req-83e12c7f-4d5d-41f9-96a0-443a9a260ddb ] Request (VolumesNegativeTest:test_volume_delete_nonexistent_volume_id): 404 DELETE http://10.180.1.21/compute/v2.1/os-volumes/adbeb769-9980-4c8a-ae1b-5b07cc65927d 0.498s
2024-09-20 17:39:37.682 62574 INFO tempest.lib.common.rest_client [req-5a8043a4-00fb-4148-a09b-2b654791d47d req-5a8043a4-00fb-4148-a09b-2b654791d47d ] Request (AttachInterfacesV270Test:test_create_get_list_interfaces): 200 GET http://10.180.1.21/compute/v2.1/servers/6f13d83b-b9f5-40d7-bdcd-4141cef799a2 0.541s
2024-09-20 17:39:37.694 62572 INFO tempest.lib.common.rest_client [req-8793c784-7e47-4d79-913c-8f99d0ee5e86 req-8793c784-7e47-4d79-913c-8f99d0ee5e86 ] Request (ListServerFiltersTestJSON:setUpClass): 200 GET http://10.180.1.21/compute/v2.1/servers/840b553e-4446-4e9f-b175-cc28c93a8be9 0.564s
2024-09-20 17:39:37.734 62554 INFO tempest.lib.common.rest_client [req-290187c6-9f08-4543-97b3-41fd73027508 req-290187c6-9f08-4543-97b3-41fd73027508 ] Request (FloatingIPsAssociationNegativeTestJSON:setUpClass): 200 GET http://10.180.1.21/compute/v2.1/servers/45ecf4b0-c9a1-486f-a5c8-8447bbdb33f3 0.547s
2024-09-20 17:39:37.754 62590 INFO tempest.lib.common.rest_client [req-e54ff7e8-fbd7-4ed0-8293-9f40aacc6daa req-e54ff7e8-fbd7-4ed0-8293-9f40aacc6daa ] Request (FloatingIPsAssociationTestJSON:setUpClass): 200 GET http://10.180.1.21/compute/v2.1/servers/8d59ab18-21b0-4b28-b050-4f78d0203073 0.555s
2024-09-20 17:39:37.761 62590 INFO tempest.common.waiters [-] State transition "BUILD/scheduling" ==> "BUILD/None" after 24 second wait
2024-09-20 17:39:37.785 62542 INFO tempest.lib.common.rest_client [req-c0551b8c-0e57-4d18-8c86-e5ba46b30672 req-c0551b8c-0e57-4d18-8c86-e5ba46b30672 ] Request (ServersTestMultiNic:test_verify_duplicate_network_nics): 200 GET http://10.180.1.21/compute/v2.1/servers/50206faf-d828-4f13-a5f1-7ff28954187b 0.531s
2024-09-20 17:39:37.820 62556 INFO tempest.lib.common.rest_client [req-114a4e44-7807-4878-b7b8-70142b72adaa req-114a4e44-7807-4878-b7b8-70142b72adaa ] Request (ServerDiagnosticsV248Test:tearDownClass): 200 GET http://10.180.1.21/compute/v2.1/servers/959a0557-acf1-4cfb-8259-081e715bb272 0.565s
