2024-09-20 17:39:37.846 62558 INFO tempest.lib.common.rest_client [req-9d235b36-4fc3-45f2-b7c8-cb418d9889f5 req-9d235b36-4fc3-45f2-b7c8-cb418d9889f5 ] Request (ServerActionsTestOtherB:setUpClass): 200 GET http://10.180.1.21/compute/v2.1/servers/d4feff80-fc8a-4faf-9f37-5bdaef9cf5f2 0.584s
2024-09-20 17:39:37.870 62568 INFO tempest.lib.common.rest_client [req-8f43f0c7-c499-4b48-abb1-0776ec27e741 req-8f43f0c7-c499-4b48-abb1-0776ec27e741 ] Request (ServerExternalEventsTest:test_create_server_external_events): 200 GET http://10.180.1.21/compute/v2.1/servers/b4de91fb-b5cc-4bd0-af52-fbca77ba9c3a 0.576s
2024-09-20 17:39:37.883 62578 INFO tempest.lib.common.rest_client [req-37f371e4-1d4b-4027-b4e0-f937a688210c req-37f371e4-1d4b-4027-b4e0-f937a688210c ] Request (FlavorsAccessNegativeTestJSON:_run_cleanups): 202 DELETE http://10.180.1.21/compute/v2.1/flavors/1501814795 0.271s
2024-09-20 17:39:37.914 62588 INFO tempest.lib.common.rest_client [req-8b33cff2-1076-4347-b192-406136a3e30e req-8b33cff2-1076-4347-b192-406136a3e30e ] Request (VolumesNegativeTest:test_volume_get_nonexistent_volume_id): 404 GET http://10.180.1.21/compute/v2.1/os-volumes/89b72267-88d1-4af7-bdce-72c3f63e8bc7 0.296s
2024-09-20 17:39:37.927 62550 INFO tempest.lib.common.rest_client [req-b68a9147-4f05-42bf-a925-1473766544e3 req-b68a9147-4f05-42bf-a925-1473766544e3 ] Request (InstanceActionsNegativeTestJSON:setUpClass): 201 POST http://10.180.1.21:9696/networking/v2.0/routers 0.802s
2024-09-20 17:39:37.983 62566 INFO tempest.lib.common.rest_client [req-c50ab367-251e-4a46-9dbd-61c33cf014b2 req-c50ab367-251e-4a46-9dbd-61c33cf014b2 ] Request (ImagesTestJSON:test_create_image_from_stopped_server): 200 GET http://10.180.1.21/compute/v2.1/servers/71b54fcd-f12c-46aa-bded-3380bbd2b6ea 0.313s
2024-09-20 17:39:38.039 62576 INFO tempest.lib.common.rest_client [req-4b5bc727-f2a5-4530-97b3-b181c9a5bc03 req-4b5bc727-f2a5-4530-97b3-b181c9a5bc03 ] Request (InstanceActionsTestJSON:setUpClass): 200 GET http://10.180.1.21/compute/v2.1/servers/b07c63a4-80fc-4840-a9a3-2ce97499caf2 0.287s
2024-09-20 17:39:38.046 62588 INFO tempest.lib.common.rest_client [req-cd29b1bb-5509-445d-91d9-d92f0f157642 req-cd29b1bb-5509-445d-91d9-d92f0f157642 ] Request (VolumesNegativeTest:tearDownClass): 204 DELETE http://10.180.1.21/identity/v3/users/c3963e1eb129492db50583f522af444e 0.123s
2024-09-20 17:39:38.046 62588 INFO tempest.lib.common.dynamic_creds [-] Deleting project and security group for project: 4e1515a0a3a3413c951a183e25b611a5
2024-09-20 17:39:38.064 62548 INFO tempest.lib.common.rest_client [req-be731046-6c05-4d23-a7b3-ec0b3c945e9c req-be731046-6c05-4d23-a7b3-ec0b3c945e9c ] Request (AbsoluteLimitsNegativeTestJSON:test_max_metadata_exceed_limit): 403 POST http://10.180.1.21/compute/v2.1/servers 0.700s
2024-09-20 17:39:38.102 62582 INFO tempest.lib.common.rest_client [req-83c4e0fc-f211-46f8-b0b2-9ec955876178 req-83c4e0fc-f211-46f8-b0b2-9ec955876178 ] Request (ServersAdminTestJSON:setUpClass): 200 GET http://10.180.1.21/compute/v2.1/servers/2edd71d8-1b93-4863-b31b-a4c169606110 0.308s
2024-09-20 17:39:38.117 62588 INFO tempest.lib.common.rest_client [req-81ff8b65-70dd-425b-9d1b-9b1c1383e79b req-81ff8b65-70dd-425b-9d1b-9b1c1383e79b ] Request (VolumesNegativeTest:tearDownClass): 201 POST http://10.180.1.21/identity/v3/auth/tokens 0.071s
2024-09-20 17:39:38.120 62578 INFO tempest.lib.common.rest_client [req-07a192c6-2112-402b-af35-cd4f6ae7c3c3 req-07a192c6-2112-402b-af35-cd4f6ae7c3c3 ] Request (FlavorsAccessNegativeTestJSON:_run_cleanups): 200 GET http://10.180.1.21/compute/v2.1/flavors/detail 0.236s
2024-09-20 17:39:38.125 62528 INFO tempest.lib.common.rest_client [req-91359f77-2ae0-4f26-ba0f-def42541244e req-91359f77-2ae0-4f26-ba0f-def42541244e ] Request (ServersNegativeTestJSON:setUpClass): 200 GET http://10.180.1.21/compute/v2.1/servers/2b054c86-e8f7-4585-bb3a-57632092843f 0.281s
2024-09-20 17:39:38.167 62548 INFO tempest.lib.common.rest_client [req-b4c549fd-43f2-46a3-a58c-a9fb5d0c96c9 req-b4c549fd-43f2-46a3-a58c-a9fb5d0c96c9 ] Request (AbsoluteLimitsNegativeTestJSON:tearDownClass): 204 DELETE http://10.180.1.21/identity/v3/users/78c9120815204d94a27d66b57471e2cc 0.101s
2024-09-20 17:39:38.167 62548 INFO tempest.lib.common.dynamic_creds [-] Deleting project and security group for project: 8078e4af31f34956922779b61847f3b4
2024-09-20 17:39:38.179 62534 INFO tempest.lib.common.rest_client [req-36b5d499-fc5a-41de-8686-2e732108d570 req-36b5d499-fc5a-41de-8686-2e732108d570 ] Request (TenantUsagesTestJSON:setUpClass): 200 GET http://10.180.1.21/compute/v2.1/servers/eea2df5c-e1f0-49f3-a071-f34ed0695a47 0.289s
2024-09-20 17:39:38.180 62546 INFO tempest.lib.common.rest_client [req-37bdf37b-39ab-44d5-b55a-c84bee10659a req-37bdf37b-39ab-44d5-b55a-c84bee10659a ] Request (ServersTestManualDisk:setUpClass): 200 GET http://10.180.1.21/compute/v2.1/servers/c608ff0d-f3e3-4c7b-befd-e93416ed0ddc 0.224s
2024-09-20 17:39:38.194 62578 INFO tempest.lib.common.rest_client [req-54da6521-acb8-4e88-b4ae-1c30b74ecfab req-54da6521-acb8-4e88-b4ae-1c30b74ecfab ] Request (FlavorsAccessNegativeTestJSON:test_flavor_access_list_with_public_flavor): 200 POST http://10.180.1.21/compute/v2.1/flavors 0.068s
2024-09-20 17:39:38.236 62548 INFO tempest.lib.common.rest_client [req-09083ce4-c90b-4177-b366-ece71157920d req-09083ce4-c90b-4177-b366-ece71157920d ] Request (AbsoluteLimitsNegativeTestJSON:tearDownClass): 201 POST http://10.180.1.21/identity/v3/auth/tokens 0.069s
2024-09-20 17:39:38.241 62580 INFO tempest.lib.common.rest_client [req-7cb78465-ec9c-45de-a7fc-9c54dc855026 req-7cb78465-ec9c-45de-a7fc-9c54dc855026 ] Request (ServersV294TestFqdnHostnames:setUpClass): 200 GET http://10.180.1.21/compute/v2.1/servers/552e0085-7216-41c7-8ede-f83ba9c15d6c 0.231s
2024-09-20 17:39:38.249 62552 INFO tempest.lib.common.rest_client [req-59858e7d-b2ed-459c-836c-edcc85e02705 req-59858e7d-b2ed-459c-836c-edcc85e02705 ] Request (ServerShowV257Test:test_rebuild_server): 200 GET http://10.180.1.21/compute/v2.1/servers/e11807cb-4d91-4178-855a-f9164bdff0c3 0.063s
2024-09-20 17:39:38.254 62578 INFO tempest.lib.common.rest_client [req-c2e9320b-2116-442b-9f92-f9e0be2a3dc3 req-c2e9320b-2116-442b-9f92-f9e0be2a3dc3 ] Request (FlavorsAccessNegativeTestJSON:test_flavor_access_list_with_public_flavor): 404 GET http://10.180.1.21/compute/v2.1/flavors/121583828/os-flavor-access 0.058s
2024-09-20 17:39:38.264 62570 INFO tempest.lib.common.rest_client [req-3ae5fb6d-768b-442a-8d3b-a8c3e122ce2e req-3ae5fb6d-768b-442a-8d3b-a8c3e122ce2e ] Request (ImagesOneServerNegativeTestJSON:tearDownClass): 200 PUT http://10.180.1.21:9696/networking/v2.0/routers/e5fa765a-9e62-4fdf-98ee-a5fc621a56a9/remove_router_interface 0.859s
2024-09-20 17:39:38.272 62578 INFO tempest.lib.common.rest_client [req-3f2fa554-b2ca-43e7-8e90-de142aeb5de6 req-3f2fa554-b2ca-43e7-8e90-de142aeb5de6 ] Request (FlavorsAccessNegativeTestJSON:_run_cleanups): 202 DELETE http://10.180.1.21/compute/v2.1/flavors/121583828 0.018s
2024-09-20 17:39:38.291 62578 INFO tempest.lib.common.rest_client [req-19837371-9610-4770-b407-879a3670960e req-19837371-9610-4770-b407-879a3670960e ] Request (FlavorsAccessNegativeTestJSON:_run_cleanups): 200 GET http://10.180.1.21/compute/v2.1/flavors/detail 0.018s
2024-09-20 17:39:38.307 62584 INFO tempest.lib.common.rest_client [req-08051b12-0472-4f52-906b-924cd8308777 req-08051b12-0472-4f52-906b-924cd8308777 ] Request (VolumesAdminNegativeTest:test_update_attached_volume_with_nonexistent_volume_in_body): 200 GET http://10.180.1.21/compute/v2.1/servers/24e45383-4cbd-4a46-9cfc-3f36dfdb5bdc 0.060s
2024-09-20 17:39:38.320 62578 INFO tempest.lib.common.rest_client [req-4b028931-cd8e-44ca-85e1-639b3292580f req-4b028931-cd8e-44ca-85e1-639b3292580f ] Request (FlavorsAccessNegativeTestJSON:test_flavor_non_admin_add): 200 POST http://10.180.1.21/compute/v2.1/flavors 0.024s
2024-09-20 17:39:38.362 62544 INFO tempest.lib.common.rest_client [req-bb38e519-aab1-47ed-bc29-fb0bbd5cf2cd req-bb38e519-aab1-47ed-bc29-fb0bbd5cf2cd ] Request (ServerDiskConfigTestJSON:test_rebuild_server_with_manual_disk_config): 200 GET http://10.180.1.21/compute/v2.1/servers/a29f3832-3bb5-4498-9d8e-468621fc345b 0.049s
2024-09-20 17:39:38.411 62564 INFO tempest.lib.common.rest_client [req-38110431-eb94-4428-a55d-f68f8d0294e6 req-38110431-eb94-4428-a55d-f68f8d0294e6 ] Request (ServerRescueNegativeTestJSON:setUpClass): 200 GET http://10.180.1.21/compute/v2.1/servers/928a971e-5089-4d0f-8bc7-696f00f01f52 0.051s
2024-09-20 17:39:38.463 62578 INFO tempest.lib.common.rest_client [req-df1ce251-0a25-49bf-a2fe-1ede10855c10 req-df1ce251-0a25-49bf-a2fe-1ede10855c10 ] Request (FlavorsAccessNegativeTestJSON:test_flavor_non_admin_add): 403 POST http://10.180.1.21/compute/v2.1/flavors/1295288512/action 0.140s
2024-09-20 17:39:38.466 62530 INFO tempest.lib.common.rest_client [req-cf8ce58f-f0b6-4b79-9293-34bcc83052be req-cf8ce58f-f0b6-4b79-9293-34bcc83052be ] Request (ServerDiagnosticsTest:test_get_server_diagnostics): 200 GET http://10.180.1.21/compute/v2.1/servers/287102d9-2221-462a-ac40-1ff553eeec46 0.075s
2024-09-20 17:39:38.472 62588 INFO tempest.lib.common.rest_client [req-2da77f33-a5c2-4514-8f76-32658f9d9238 req-2da77f33-a5c2-4514-8f76-32658f9d9238 ] Request (VolumesNegativeTest:tearDownClass): 200 GET http://10.180.1.21:9696/networking/v2.0/security-groups?tenant_id=4e1515a0a3a3413c951a183e25b611a5&name=default 0.354s
2024-09-20 17:39:38.475 62530 INFO tempest.common.waiters [-] State transition "BUILD/scheduling" ==> "ERROR/None" after 46 second wait
2024-09-20 17:39:38.517 62540 INFO tempest.lib.common.rest_client [req-5372b19d-75b0-4b5b-ae34-0de1d93a932c req-5372b19d-75b0-4b5b-ae34-0de1d93a932c ] Request (MigrationsAdminTest:test_resize_server_revert_deleted_flavor): 200 GET http://10.180.1.21/compute/v2.1/servers/ae3c2675-21a0-489d-9d72-3d19597901cc 0.057s
2024-09-20 17:39:38.564 62538 INFO tempest.lib.common.rest_client [req-16c80cc3-8f33-4226-a1f3-6dbb75b4a43a req-16c80cc3-8f33-4226-a1f3-6dbb75b4a43a ] Request (DeleteServersAdminTestJSON:test_delete_server_while_in_error_state): 200 GET http://10.180.1.21/compute/v2.1/servers/6f5b8565-a5c4-48b6-b562-add749755a84 0.102s
2024-09-20 17:39:38.583 62578 INFO tempest.lib.common.rest_client [req-af15b880-f7e7-445e-a377-8e1bbe1e367a req-af15b880-f7e7-445e-a377-8e1bbe1e367a ] Request (FlavorsAccessNegativeTestJSON:_run_cleanups): 202 DELETE http://10.180.1.21/compute/v2.1/flavors/1295288512 0.119s
2024-09-20 17:39:38.708 62560 INFO tempest.lib.common.rest_client [req-b6a0b1b3-3c94-410c-808e-be3ce62d6634 req-b6a0b1b3-3c94-410c-808e-be3ce62d6634 ] Request (ServerShowV247Test:test_update_rebuild_list_server): 200 GET http://10.180.1.21/compute/v2.1/servers/51301fe2-f618-4d05-837e-0bdc9abe97dc 0.296s
2024-09-20 17:39:38.720 62548 INFO tempest.lib.common.rest_client [req-071763ea-c72c-44c9-aa32-7fc054255a2f req-071763ea-c72c-44c9-aa32-7fc054255a2f ] Request (AbsoluteLimitsNegativeTestJSON:tearDownClass): 200 GET http://10.180.1.21:9696/networking/v2.0/security-groups?tenant_id=8078e4af31f34956922779b61847f3b4&name=default 0.483s
2024-09-20 17:39:38.773 62530 INFO tempest.lib.common.rest_client [req-366e2611-1393-41e6-adcf-e65d8e5fc194 req-366e2611-1393-41e6-adcf-e65d8e5fc194 ] Request (ServerDiagnosticsTest:test_get_server_diagnostics): 204 DELETE http://10.180.1.21/compute/v2.1/servers/287102d9-2221-462a-ac40-1ff553eeec46 0.293s
2024-09-20 17:39:38.780 62536 INFO tempest.lib.common.rest_client [req-729bab21-f39d-4ec1-9d12-574872d6b30b req-729bab21-f39d-4ec1-9d12-574872d6b30b ] Request (VolumesAssistedSnapshotsTest:test_volume_assisted_snapshot_create_delete): 200 GET http://10.180.1.21/compute/v2.1/servers/e245a96b-51f7-4344-b0c3-187ecd485015 0.273s
2024-09-20 17:39:38.823 62532 INFO tempest.lib.common.rest_client [req-5f2e7db0-e649-4b5b-9fb2-0a530600bb3f req-5f2e7db0-e649-4b5b-9fb2-0a530600bb3f ] Request (SecurityGroupsTestJSON:test_list_security_groups_by_server): 200 GET http://10.180.1.21/compute/v2.1/servers/0ead07ed-9f7c-485c-95c3-3aeede597c9b 0.313s
2024-09-20 17:39:38.856 62586 INFO tempest.lib.common.rest_client [req-e4140e84-3b7e-4277-83a6-a557507c4976 req-e4140e84-3b7e-4277-83a6-a557507c4976 ] Request (ServersWithSpecificFlavorTestJSON:test_verify_created_server_ephemeral_disk): 200 GET http://10.180.1.21/compute/v2.1/servers/37e96c2a-09f5-47dd-b370-f014510e82db 0.284s
2024-09-20 17:39:38.876 62562 INFO tempest.lib.common.rest_client [req-b520b44b-aa1b-4468-9537-d39e1c8978e7 req-b520b44b-aa1b-4468-9537-d39e1c8978e7 ] Request (ServerTagsTestJSON:setUpClass): 200 GET http://10.180.1.21/compute/v2.1/servers/c4284301-7dd8-4c73-af3f-db3a2dad845e 0.299s
2024-09-20 17:39:38.879 62578 INFO tempest.lib.common.rest_client [req-4f05e8db-edf5-4f87-a5bf-0ed8d3210fbc req-4f05e8db-edf5-4f87-a5bf-0ed8d3210fbc ] Request (FlavorsAccessNegativeTestJSON:_run_cleanups): 200 GET http://10.180.1.21/compute/v2.1/flavors/detail 0.296s
2024-09-20 17:39:38.899 62550 INFO tempest.lib.common.rest_client [req-b40cffd4-d10a-4a16-ab02-4dd5045a2d47 req-b40cffd4-d10a-4a16-ab02-4dd5045a2d47 ] Request (InstanceActionsNegativeTestJSON:setUpClass): 200 PUT http://10.180.1.21:9696/networking/v2.0/routers/1abdcd05-f0ce-4743-af50-205c11282710/add_router_interface 0.972s
2024-09-20 17:39:38.899 62550 INFO tempest.lib.common.dynamic_creds [-] Created isolated network resources for: credentials: Credentials: {'domain_id': 'default', 'domain_name': 'Default', 'username': 'tempest-InstanceActionsNegativeTestJSON-492549632-project-member', 'project_domain_id': 'default', 'project_domain_name': 'Default', 'project_id': 'c2213fc8ab8e4f33bb83dfb98e496a51', 'project_name': 'tempest-InstanceActionsNegativeTestJSON-492549632', 'tenant_id': 'c2213fc8ab8e4f33bb83dfb98e496a51', 'tenant_name': 'tempest-InstanceActionsNegativeTestJSON-492549632', 'user_domain_id': 'default', 'user_domain_name': 'Default', 'user_id': '8e9ba24a24a74a39be59fc8a83175418', 'system': None}, Network: {'id': '22f751b5-5de1-4259-a172-a1c9b8e4b483', 'name': 'tempest-InstanceActionsNegativeTestJSON-376921715-network', 'tenant_id': 'c2213fc8ab8e4f33bb83dfb98e496a51', 'admin_state_up': True, 'mtu': 8950, 'status': 'ACTIVE', 'subnets': [], 'shared': False, 'project_id': 'c2213fc8ab8e4f33bb83dfb98e496a51', 'port_security_enabled': True, 'router:external': False, 'provider:network_type': 'vlan', 'provider:physical_network': 'default', 'provider:segmentation_id': 791, 'is_default': False, 'availability_zone_hints': [], 'availability_zones': [], 'ipv4_address_scope': None, 'ipv6_address_scope': None, 'description': '', 'tags': [], 'created_at': '2024-09-20T17:39:36Z', 'updated_at': '2024-09-20T17:39:36Z', 'revision_number': 1}, Subnet: {'id': '9b24b204-9ca4-41d7-a579-0ab915735326', 'name': 'tempest-InstanceActionsNegativeTestJSON-376921715-subnet', 'tenant_id': 'c2213fc8ab8e4f33bb83dfb98e496a51', 'network_id': '22f751b5-5de1-4259-a172-a1c9b8e4b483', 'ip_version': 4, 'subnetpool_id': None, 'enable_dhcp': True, 'ipv6_ra_mode': None, 'ipv6_address_mode': None, 'gateway_ip': '192.168.128.1', 'cidr': '192.168.128.0/28', 'allocation_pools': [{'start': '192.168.128.2', 'end': '192.168.128.14'}], 'host_routes': [], 'dns_nameservers': [], 'description': '', 'router:external': False, 'service_types': [], 'tags': [], 'created_at': '2024-09-20T17:39:36Z', 'updated_at': '2024-09-20T17:39:36Z', 'revision_number': 0, 'project_id': 'c2213fc8ab8e4f33bb83dfb98e496a51'}, Router: {'id': '1abdcd05-f0ce-4743-af50-205c11282710', 'name': 'tempest-InstanceActionsNegativeTestJSON-376921715-router', 'tenant_id': 'c2213fc8ab8e4f33bb83dfb98e496a51', 'admin_state_up': True, 'status': 'ACTIVE', 'external_gateway_info': {'network_id': '0612dc58-76c3-42c8-bb8e-a20bde881148', 'external_fixed_ips': [{'subnet_id': '7b307106-1748-412b-b201-d044b2f62181', 'ip_address': '10.180.180.210'}], 'enable_snat': True}, 'description': '', 'availability_zones': [], 'distributed': False, 'ha': False, 'availability_zone_hints': [], 'routes': [], 'flavor_id': None, 'tags': [], 'created_at': '2024-09-20T17:39:37Z', 'updated_at': '2024-09-20T17:39:37Z', 'revision_number': 2, 'project_id': 'c2213fc8ab8e4f33bb83dfb98e496a51'}
2024-09-20 17:39:38.904 62588 INFO tempest.lib.common.rest_client [req-1e62222c-0e33-4f38-b581-dd323714a643 req-1e62222c-0e33-4f38-b581-dd323714a643 ] Request (VolumesNegativeTest:tearDownClass): 204 DELETE http://10.180.1.21:9696/networking/v2.0/security-groups/c0be6363-bf79-4940-adc4-599178c03aa3 0.425s
2024-09-20 17:39:38.933 62574 INFO tempest.lib.common.rest_client [req-3bedbac7-8222-44af-bc03-3b27350d8add req-3bedbac7-8222-44af-bc03-3b27350d8add ] Request (AttachInterfacesV270Test:test_create_get_list_interfaces): 200 GET http://10.180.1.21/compute/v2.1/servers/6f13d83b-b9f5-40d7-bdcd-4141cef799a2 0.237s
2024-09-20 17:39:38.946 62572 INFO tempest.lib.common.rest_client [req-da9ce810-377b-46a2-a884-179124b578d5 req-da9ce810-377b-46a2-a884-179124b578d5 ] Request (ListServerFiltersTestJSON:setUpClass): 200 GET http://10.180.1.21/compute/v2.1/servers/840b553e-4446-4e9f-b175-cc28c93a8be9 0.242s
2024-09-20 17:39:38.949 62548 INFO tempest.lib.common.rest_client [req-beb58006-6f1f-47e9-bbba-6dd69c01f037 req-beb58006-6f1f-47e9-bbba-6dd69c01f037 ] Request (AbsoluteLimitsNegativeTestJSON:tearDownClass): 204 DELETE http://10.180.1.21:9696/networking/v2.0/security-groups/8406094e-cbc8-45f9-b4f1-8a3fa3f290bb 0.228s
2024-09-20 17:39:38.983 62554 INFO tempest.lib.common.rest_client [req-66e3ca3f-ef7d-4dfe-90e7-070be5c9aaab req-66e3ca3f-ef7d-4dfe-90e7-070be5c9aaab ] Request (FloatingIPsAssociationNegativeTestJSON:setUpClass): 200 GET http://10.180.1.21/compute/v2.1/servers/45ecf4b0-c9a1-486f-a5c8-8447bbdb33f3 0.242s
2024-09-20 17:39:39.001 62530 INFO tempest.lib.common.rest_client [req-3e9d84c4-b858-4f05-b3c3-747bc9102318 req-3e9d84c4-b858-4f05-b3c3-747bc9102318 ] Request (ServerDiagnosticsTest:test_get_server_diagnostics): 404 GET http://10.180.1.21/compute/v2.1/servers/287102d9-2221-462a-ac40-1ff553eeec46 0.228s
2024-09-20 17:39:39.006 62590 INFO tempest.lib.common.rest_client [req-2c497122-e5c8-4a11-b891-1610a1437c8c req-2c497122-e5c8-4a11-b891-1610a1437c8c ] Request (FloatingIPsAssociationTestJSON:setUpClass): 200 GET http://10.180.1.21/compute/v2.1/servers/8d59ab18-21b0-4b28-b050-4f78d0203073 0.244s
2024-09-20 17:39:39.011 62588 INFO tempest.lib.common.rest_client [req-b4855d36-63be-4c91-8408-76ea611b5029 req-b4855d36-63be-4c91-8408-76ea611b5029 ] Request (VolumesNegativeTest:tearDownClass): 204 DELETE http://10.180.1.21/identity/v3/projects/4e1515a0a3a3413c951a183e25b611a5 0.106s
2024-09-20 17:39:39.027 62550 INFO tempest.lib.common.rest_client [req-d6d8aca9-a212-4cb8-850d-d6e611b840dd req-d6d8aca9-a212-4cb8-850d-d6e611b840dd ] Request (InstanceActionsNegativeTestJSON:setUpClass): 201 POST http://10.180.1.21/identity/v3/auth/tokens 0.124s
2024-09-20 17:39:39.071 62542 INFO tempest.lib.common.rest_client [req-5d3142ed-c326-4945-a7e5-046a8d48c0ec req-5d3142ed-c326-4945-a7e5-046a8d48c0ec ] Request (ServersTestMultiNic:test_verify_duplicate_network_nics): 200 GET http://10.180.1.21/compute/v2.1/servers/50206faf-d828-4f13-a5f1-7ff28954187b 0.276s
2024-09-20 17:39:39.093 62556 INFO tempest.lib.common.rest_client [req-743d2de3-6de7-4ddb-b6f0-158616d19529 req-743d2de3-6de7-4ddb-b6f0-158616d19529 ] Request (ServerDiagnosticsV248Test:tearDownClass): 200 GET http://10.180.1.21/compute/v2.1/servers/959a0557-acf1-4cfb-8259-081e715bb272 0.264s
2024-09-20 17:39:39.102 62556 INFO tempest.common.waiters [-] State transition "ACTIVE/deleting" ==> "DELETED/None" after 5 second wait
2024-09-20 17:39:39.124 62530 INFO tempest.lib.common.rest_client [req-a6634a57-0836-44b1-8ab6-6033350d9c77 req-a6634a57-0836-44b1-8ab6-6033350d9c77 ] Request (ServerDiagnosticsTest:tearDownClass): 204 DELETE http://10.180.1.21/identity/v3/users/0f8c5966c0b7400fa608652db1a1faa3 0.117s
2024-09-20 17:39:39.134 62548 INFO tempest.lib.common.rest_client [req-b7ab31ed-f876-44b9-b583-e89197a0a9f6 req-b7ab31ed-f876-44b9-b583-e89197a0a9f6 ] Request (AbsoluteLimitsNegativeTestJSON:tearDownClass): 204 DELETE http://10.180.1.21/identity/v3/projects/8078e4af31f34956922779b61847f3b4 0.185s
2024-09-20 17:39:39.155 62558 INFO tempest.lib.common.rest_client [req-6e6698a5-cd9e-4348-9ed0-864846d40ed9 req-6e6698a5-cd9e-4348-9ed0-864846d40ed9 ] Request (ServerActionsTestOtherB:setUpClass): 200 GET http://10.180.1.21/compute/v2.1/servers/d4feff80-fc8a-4faf-9f37-5bdaef9cf5f2 0.301s
2024-09-20 17:39:39.157 62568 INFO tempest.lib.common.rest_client [req-dc8da7a0-92d3-49d8-8d01-ad6df5c7940e req-dc8da7a0-92d3-49d8-8d01-ad6df5c7940e ] Request (ServerExternalEventsTest:test_create_server_external_events): 200 GET http://10.180.1.21/compute/v2.1/servers/b4de91fb-b5cc-4bd0-af52-fbca77ba9c3a 0.278s
2024-09-20 17:39:39.180 62578 INFO tempest.lib.common.rest_client [req-bbfaa5a1-7a02-4fcc-add4-1923c06ed678 req-bbfaa5a1-7a02-4fcc-add4-1923c06ed678 ] Request (FlavorsAccessNegativeTestJSON:test_flavor_non_admin_remove): 200 POST http://10.180.1.21/compute/v2.1/flavors 0.294s
2024-09-20 17:39:39.183 62550 INFO tempest.lib.common.rest_client [req-74deacf1-9e81-4a2b-be54-69fdf1b49ee6 req-74deacf1-9e81-4a2b-be54-69fdf1b49ee6 ] Request (InstanceActionsNegativeTestJSON:setUpClass): 201 POST http://10.180.1.21/identity/v3/auth/tokens 0.151s
2024-09-20 17:39:39.183 62550 INFO tempest.lib.common.fixed_network [-] (InstanceActionsNegativeTestJSON:setUpClass) Found network {'id': '22f751b5-5de1-4259-a172-a1c9b8e4b483', 'name': 'tempest-InstanceActionsNegativeTestJSON-376921715-network', 'tenant_id': 'c2213fc8ab8e4f33bb83dfb98e496a51', 'admin_state_up': True, 'mtu': 8950, 'status': 'ACTIVE', 'subnets': [], 'shared': False, 'project_id': 'c2213fc8ab8e4f33bb83dfb98e496a51', 'port_security_enabled': True, 'router:external': False, 'provider:network_type': 'vlan', 'provider:physical_network': 'default', 'provider:segmentation_id': 791, 'is_default': False, 'availability_zone_hints': [], 'availability_zones': [], 'ipv4_address_scope': None, 'ipv6_address_scope': None, 'description': '', 'tags': [], 'created_at': '2024-09-20T17:39:36Z', 'updated_at': '2024-09-20T17:39:36Z', 'revision_number': 1} available for tenant
2024-09-20 17:39:39.216 62570 INFO tempest.lib.common.rest_client [req-9ad1f8db-b7d7-45ce-8da1-d6306132ad0a req-9ad1f8db-b7d7-45ce-8da1-d6306132ad0a ] Request (ImagesOneServerNegativeTestJSON:tearDownClass): 204 DELETE http://10.180.1.21:9696/networking/v2.0/routers/e5fa765a-9e62-4fdf-98ee-a5fc621a56a9 0.951s
2024-09-20 17:39:39.221 62566 INFO tempest.lib.common.rest_client [req-d63a2bc2-edda-402a-9cf2-0fee32b5418e req-d63a2bc2-edda-402a-9cf2-0fee32b5418e ] Request (ImagesTestJSON:test_create_image_from_stopped_server): 200 GET http://10.180.1.21/compute/v2.1/servers/71b54fcd-f12c-46aa-bded-3380bbd2b6ea 0.229s
2024-09-20 17:39:39.237 62576 INFO tempest.lib.common.rest_client [req-0073f902-8f9b-4bd4-b0dd-ee100d4c2a08 req-0073f902-8f9b-4bd4-b0dd-ee100d4c2a08 ] Request (InstanceActionsTestJSON:setUpClass): 200 GET http://10.180.1.21/compute/v2.1/servers/b07c63a4-80fc-4840-a9a3-2ce97499caf2 0.187s
2024-09-20 17:39:39.242 62548 INFO tempest.lib.common.rest_client [req-82bccee5-97c3-42ac-9327-9de947d6052f req-82bccee5-97c3-42ac-9327-9de947d6052f ] Request (ServersAaction247Test:setUpClass): 201 POST http://10.180.1.21/identity/v3/auth/tokens 0.105s
2024-09-20 17:39:39.245 62576 INFO tempest.common.waiters [-] State transition "BUILD/scheduling" ==> "BUILD/None" after 26 second wait
2024-09-20 17:39:39.276 62582 INFO tempest.lib.common.rest_client [req-9f68034e-6267-43ad-ad67-8f43b90caa59 req-9f68034e-6267-43ad-ad67-8f43b90caa59 ] Request (ServersAdminTestJSON:setUpClass): 200 GET http://10.180.1.21/compute/v2.1/servers/2edd71d8-1b93-4863-b31b-a4c169606110 0.162s
2024-09-20 17:39:39.294 62528 INFO tempest.lib.common.rest_client [req-6c4c7deb-f1a5-4b81-a60b-e3b2d90147f2 req-6c4c7deb-f1a5-4b81-a60b-e3b2d90147f2 ] Request (ServersNegativeTestJSON:setUpClass): 200 GET http://10.180.1.21/compute/v2.1/servers/2b054c86-e8f7-4585-bb3a-57632092843f 0.157s
2024-09-20 17:39:39.298 62530 INFO tempest.lib.common.rest_client [req-f18240e6-9297-41bd-b141-89eaa527d670 req-f18240e6-9297-41bd-b141-89eaa527d670 ] Request (ServerDiagnosticsTest:tearDownClass): 204 DELETE http://10.180.1.21/identity/v3/users/f55200103e8a4862b9a9f432f5294b2d 0.173s
2024-09-20 17:39:39.299 62530 INFO tempest.lib.common.dynamic_creds [-] Deleting project and security group for project: 2a249044d94d4c0eb9ed451e6781ed12
2024-09-20 17:39:39.312 62548 INFO tempest.lib.common.rest_client [req-81c12e46-aecb-4f8a-92e8-94ba7c849cf4 req-81c12e46-aecb-4f8a-92e8-94ba7c849cf4 ] Request (ServersAaction247Test:setUpClass): 201 POST http://10.180.1.21/identity/v3/auth/tokens 0.067s
2024-09-20 17:39:39.364 62570 INFO tempest.lib.common.rest_client [req-a1a76d40-547d-44f0-b438-f9f999b1a90d req-a1a76d40-547d-44f0-b438-f9f999b1a90d ] Request (ImagesOneServerNegativeTestJSON:tearDownClass): 204 DELETE http://10.180.1.21:9696/networking/v2.0/subnets/7503088b-4caa-4473-9633-f646d83e0d5c 0.148s
2024-09-20 17:39:39.369 62530 INFO tempest.lib.common.rest_client [req-ecce13a5-c653-432c-ad1b-15c2df1239e2 req-ecce13a5-c653-432c-ad1b-15c2df1239e2 ] Request (ServerDiagnosticsTest:tearDownClass): 201 POST http://10.180.1.21/identity/v3/auth/tokens 0.070s
2024-09-20 17:39:39.411 62548 INFO tempest.lib.common.rest_client [req-2ff8d5ab-287f-482f-ae4a-32c963fbd0fc req-2ff8d5ab-287f-482f-ae4a-32c963fbd0fc ] Request (ServersAaction247Test:setUpClass): 200 GET http://10.180.1.21/identity/v3/domains?name=Default 0.098s
2024-09-20 17:39:39.450 62578 INFO tempest.lib.common.rest_client [req-c6636363-5cb7-432b-9841-c273befc86ab req-c6636363-5cb7-432b-9841-c273befc86ab ] Request (FlavorsAccessNegativeTestJSON:test_flavor_non_admin_remove): 200 POST http://10.180.1.21/compute/v2.1/flavors/396512660/action 0.269s
2024-09-20 17:39:39.456 62548 INFO tempest.lib.common.rest_client [req-a928a528-cbe4-4872-bc11-ac0a7c1d1b9c req-a928a528-cbe4-4872-bc11-ac0a7c1d1b9c ] Request (ServersAaction247Test:setUpClass): 201 POST http://10.180.1.21/identity/v3/projects 0.045s
2024-09-20 17:39:39.518 62548 INFO tempest.lib.common.rest_client [req-e2d60276-94b1-47b6-b2c5-a791ef93f3c8 req-e2d60276-94b1-47b6-b2c5-a791ef93f3c8 ] Request (ServersAaction247Test:setUpClass): 201 POST http://10.180.1.21/identity/v3/users 0.061s
2024-09-20 17:39:39.520 62546 INFO tempest.lib.common.rest_client [req-773a6425-9747-41b0-a583-33b889001a23 req-773a6425-9747-41b0-a583-33b889001a23 ] Request (ServersTestManualDisk:setUpClass): 200 GET http://10.180.1.21/compute/v2.1/servers/c608ff0d-f3e3-4c7b-befd-e93416ed0ddc 0.332s
2024-09-20 17:39:39.543 62548 INFO tempest.lib.common.rest_client [req-73651eb0-d338-4dbd-adcf-73c417251314 req-73651eb0-d338-4dbd-adcf-73c417251314 ] Request (ServersAaction247Test:setUpClass): 200 GET http://10.180.1.21/identity/v3/roles 0.023s
2024-09-20 17:39:39.573 62548 INFO tempest.lib.common.rest_client [req-d29c1f43-87bc-49f4-a78b-026c45481045 req-d29c1f43-87bc-49f4-a78b-026c45481045 ] Request (ServersAaction247Test:setUpClass): 204 PUT http://10.180.1.21/identity/v3/projects/22cac5bcf49148619b1dc04e7e18aac9/users/9412988379b44ed4b1d6b824e35806e0/roles/51b3fb65f9da42e7b9b051a3c58673ae 0.030s
2024-09-20 17:39:39.573 62548 INFO tempest.lib.common.dynamic_creds [-] Dynamic test user 9412988379b44ed4b1d6b824e35806e0 is created with scope project and roles: ['member']
2024-09-20 17:39:39.574 62548 INFO tempest.lib.common.dynamic_creds [-] Acquired dynamic creds: credentials: Credentials: {'domain_id': 'default', 'domain_name': 'Default', 'username': 'tempest-ServersAaction247Test-452700477-project-member', 'project_domain_id': 'default', 'project_domain_name': 'Default', 'project_id': '22cac5bcf49148619b1dc04e7e18aac9', 'project_name': 'tempest-ServersAaction247Test-452700477', 'tenant_id': '22cac5bcf49148619b1dc04e7e18aac9', 'tenant_name': 'tempest-ServersAaction247Test-452700477', 'user_domain_id': 'default', 'user_domain_name': 'Default', 'user_id': '9412988379b44ed4b1d6b824e35806e0', 'system': None}, Network: None, Subnet: None, Router: None
2024-09-20 17:39:39.574 62548 INFO tempest.lib.common.dynamic_creds [-] Created isolated network resources for: credentials: Credentials: {'domain_id': 'default', 'domain_name': 'Default', 'username': 'tempest-ServersAaction247Test-452700477-project-member', 'project_domain_id': 'default', 'project_domain_name': 'Default', 'project_id': '22cac5bcf49148619b1dc04e7e18aac9', 'project_name': 'tempest-ServersAaction247Test-452700477', 'tenant_id': '22cac5bcf49148619b1dc04e7e18aac9', 'tenant_name': 'tempest-ServersAaction247Test-452700477', 'user_domain_id': 'default', 'user_domain_name': 'Default', 'user_id': '9412988379b44ed4b1d6b824e35806e0', 'system': None}, Network: None, Subnet: None, Router: None
2024-09-20 17:39:39.576 62534 INFO tempest.lib.common.rest_client [req-e2fae73e-d6a0-4212-a679-a3a16ed43b06 req-e2fae73e-d6a0-4212-a679-a3a16ed43b06 ] Request (TenantUsagesTestJSON:setUpClass): 200 GET http://10.180.1.21/compute/v2.1/servers/eea2df5c-e1f0-49f3-a071-f34ed0695a47 0.386s
2024-09-20 17:39:39.582 62534 INFO tempest.common.waiters [-] State transition "BUILD/spawning" ==> "BUILD/scheduling" after 44 second wait
2024-09-20 17:39:39.599 62530 INFO tempest.lib.common.rest_client [req-4e9d8376-0012-4eb1-a62e-50413b5cc86f req-4e9d8376-0012-4eb1-a62e-50413b5cc86f ] Request (ServerDiagnosticsTest:tearDownClass): 200 GET http://10.180.1.21:9696/networking/v2.0/security-groups?tenant_id=2a249044d94d4c0eb9ed451e6781ed12&name=default 0.229s
2024-09-20 17:39:39.644 62580 INFO tempest.lib.common.rest_client [req-a30c50c0-ce17-4f47-b4fb-e7cdf16a7c36 req-a30c50c0-ce17-4f47-b4fb-e7cdf16a7c36 ] Request (ServersV294TestFqdnHostnames:setUpClass): 200 GET http://10.180.1.21/compute/v2.1/servers/552e0085-7216-41c7-8ede-f83ba9c15d6c 0.391s
2024-09-20 17:39:39.659 62548 INFO tempest.lib.common.rest_client [req-e968dbc3-f7f5-470c-97d5-79a3fded7da8 req-e968dbc3-f7f5-470c-97d5-79a3fded7da8 ] Request (ServersAaction247Test:setUpClass): 201 POST http://10.180.1.21/identity/v3/auth/tokens 0.080s
2024-09-20 17:39:39.706 62548 INFO tempest.lib.common.rest_client [req-76733f7d-db0b-4b91-b004-b42b76815560 req-76733f7d-db0b-4b91-b004-b42b76815560 ] Request (ServersAaction247Test:test_create_backup): 201 POST http://10.180.1.21/identity/v3/auth/tokens 0.042s
2024-09-20 17:39:39.706 62548 INFO tempest.lib.common.fixed_network [-] (ServersAaction247Test:test_create_backup) Found network None available for tenant
2024-09-20 17:39:39.720 62552 INFO tempest.lib.common.rest_client [req-afe1d921-7d86-45f1-932a-798cc916e24d req-afe1d921-7d86-45f1-932a-798cc916e24d ] Request (ServerShowV257Test:test_rebuild_server): 200 GET http://10.180.1.21/compute/v2.1/servers/e11807cb-4d91-4178-855a-f9164bdff0c3 0.455s
2024-09-20 17:39:39.747 62530 INFO tempest.lib.common.rest_client [req-4d96fcaf-d608-43b3-b775-dd7d34ec2878 req-4d96fcaf-d608-43b3-b775-dd7d34ec2878 ] Request (ServerDiagnosticsTest:tearDownClass): 204 DELETE http://10.180.1.21:9696/networking/v2.0/security-groups/6f625f7e-7a71-4153-8643-17de08710e16 0.148s
2024-09-20 17:39:39.779 62570 INFO tempest.lib.common.rest_client [req-76fc73ac-35a1-4490-8081-e44bff06fcf2 req-76fc73ac-35a1-4490-8081-e44bff06fcf2 ] Request (ImagesOneServerNegativeTestJSON:tearDownClass): 204 DELETE http://10.180.1.21:9696/networking/v2.0/networks/0f6b6fac-1184-41b4-9590-4903ebc57526 0.415s
2024-09-20 17:39:39.794 62584 INFO tempest.lib.common.rest_client [req-45319e6d-5ddd-4d9c-a474-08d25184e6db req-45319e6d-5ddd-4d9c-a474-08d25184e6db ] Request (VolumesAdminNegativeTest:test_update_attached_volume_with_nonexistent_volume_in_body): 200 GET http://10.180.1.21/compute/v2.1/servers/24e45383-4cbd-4a46-9cfc-3f36dfdb5bdc 0.474s
2024-09-20 17:39:39.852 62544 INFO tempest.lib.common.rest_client [req-a586d066-05a6-4e47-91b6-caa83280bf83 req-a586d066-05a6-4e47-91b6-caa83280bf83 ] Request (ServerDiskConfigTestJSON:test_rebuild_server_with_manual_disk_config): 200 GET http://10.180.1.21/compute/v2.1/servers/a29f3832-3bb5-4498-9d8e-468621fc345b 0.479s
2024-09-20 17:39:39.862 62530 INFO tempest.lib.common.rest_client [req-3f92fcf2-37a7-409f-9b20-ef7f872cd554 req-3f92fcf2-37a7-409f-9b20-ef7f872cd554 ] Request (ServerDiagnosticsTest:tearDownClass): 204 DELETE http://10.180.1.21/identity/v3/projects/2a249044d94d4c0eb9ed451e6781ed12 0.114s
2024-09-20 17:39:39.862 62530 INFO tempest.lib.common.dynamic_creds [-] Deleting project and security group for project: 1253da08b282447cb31e7259cd2e07ff
2024-09-20 17:39:39.873 62550 INFO tempest.lib.common.rest_client [req-536269d8-9542-48f5-9be6-d7b30847f91c req-536269d8-9542-48f5-9be6-d7b30847f91c ] Request (InstanceActionsNegativeTestJSON:setUpClass): 202 POST http://10.180.1.21/compute/v2.1/servers 0.689s
2024-09-20 17:39:39.881 62578 INFO tempest.lib.common.rest_client [req-863e124a-ee61-4d90-ac49-b292d118ce0b req-863e124a-ee61-4d90-ac49-b292d118ce0b ] Request (FlavorsAccessNegativeTestJSON:test_flavor_non_admin_remove): 403 POST http://10.180.1.21/compute/v2.1/flavors/396512660/action 0.429s
2024-09-20 17:39:39.895 62570 INFO tempest.lib.common.rest_client [req-7dd82bfc-1d4b-4996-88cf-3064ef5d9028 req-7dd82bfc-1d4b-4996-88cf-3064ef5d9028 ] Request (ImagesOneServerNegativeTestJSON:tearDownClass): 204 DELETE http://10.180.1.21/identity/v3/users/cf85da24bb9d4af5b1a25365057940fc 0.115s
2024-09-20 17:39:39.896 62570 INFO tempest.lib.common.dynamic_creds [-] Deleting project and security group for project: 1c8f528af6a644c684f1837245ed3155
2024-09-20 17:39:39.919 62564 INFO tempest.lib.common.rest_client [req-39815b83-8962-4583-8e3a-70ee190c740f req-39815b83-8962-4583-8e3a-70ee190c740f ] Request (ServerRescueNegativeTestJSON:setUpClass): 200 GET http://10.180.1.21/compute/v2.1/servers/928a971e-5089-4d0f-8bc7-696f00f01f52 0.500s
2024-09-20 17:39:39.935 62530 INFO tempest.lib.common.rest_client [req-71beb9ad-f161-4c18-ac08-13d3e61cb499 req-71beb9ad-f161-4c18-ac08-13d3e61cb499 ] Request (ServerDiagnosticsTest:tearDownClass): 200 GET http://10.180.1.21:9696/networking/v2.0/security-groups?tenant_id=1253da08b282447cb31e7259cd2e07ff&name=default 0.072s
2024-09-20 17:39:39.942 62540 INFO tempest.lib.common.rest_client [req-a5c21b48-759f-4576-9ca8-80b445f1d250 req-a5c21b48-759f-4576-9ca8-80b445f1d250 ] Request (MigrationsAdminTest:test_resize_server_revert_deleted_flavor): 200 GET http://10.180.1.21/compute/v2.1/servers/ae3c2675-21a0-489d-9d72-3d19597901cc 0.407s
2024-09-20 17:39:39.976 62570 INFO tempest.lib.common.rest_client [req-1539440d-0f31-4ed3-a7cf-e5f00decd666 req-1539440d-0f31-4ed3-a7cf-e5f00decd666 ] Request (ImagesOneServerNegativeTestJSON:tearDownClass): 200 GET http://10.180.1.21:9696/networking/v2.0/security-groups?tenant_id=1c8f528af6a644c684f1837245ed3155&name=default 0.080s
2024-09-20 17:39:39.980 62538 INFO tempest.lib.common.rest_client [req-152172d3-5749-4bff-ab51-645fb37a57d8 req-152172d3-5749-4bff-ab51-645fb37a57d8 ] Request (DeleteServersAdminTestJSON:test_delete_server_while_in_error_state): 200 GET http://10.180.1.21/compute/v2.1/servers/6f5b8565-a5c4-48b6-b562-add749755a84 0.404s
2024-09-20 17:39:40.043 62560 INFO tempest.lib.common.rest_client [req-3d56f011-53cc-4395-b14f-2d0ce1ade335 req-3d56f011-53cc-4395-b14f-2d0ce1ade335 ] Request (ServerShowV247Test:test_update_rebuild_list_server): 200 GET http://10.180.1.21/compute/v2.1/servers/51301fe2-f618-4d05-837e-0bdc9abe97dc 0.323s
2024-09-20 17:39:40.099 62536 INFO tempest.lib.common.rest_client [req-7d5ef20e-7fe4-473a-b8fa-e916334c2db8 req-7d5ef20e-7fe4-473a-b8fa-e916334c2db8 ] Request (VolumesAssistedSnapshotsTest:test_volume_assisted_snapshot_create_delete): 200 GET http://10.180.1.21/compute/v2.1/servers/e245a96b-51f7-4344-b0c3-187ecd485015 0.310s
2024-09-20 17:39:40.127 62530 INFO tempest.lib.common.rest_client [req-ea851b67-4d09-4452-a629-de1a859af288 req-ea851b67-4d09-4452-a629-de1a859af288 ] Request (ServerDiagnosticsTest:tearDownClass): 204 DELETE http://10.180.1.21:9696/networking/v2.0/security-groups/cd882413-857b-4bed-a8dc-54b560645132 0.192s
2024-09-20 17:39:40.151 62532 INFO tempest.lib.common.rest_client [req-fc163ba6-60f9-4c4e-b79e-e14a0195f542 req-fc163ba6-60f9-4c4e-b79e-e14a0195f542 ] Request (SecurityGroupsTestJSON:test_list_security_groups_by_server): 200 GET http://10.180.1.21/compute/v2.1/servers/0ead07ed-9f7c-485c-95c3-3aeede597c9b 0.316s
2024-09-20 17:39:40.183 62570 INFO tempest.lib.common.rest_client [req-0a21b512-80e0-4072-b73d-cf95a604d575 req-0a21b512-80e0-4072-b73d-cf95a604d575 ] Request (ImagesOneServerNegativeTestJSON:tearDownClass): 204 DELETE http://10.180.1.21:9696/networking/v2.0/security-groups/71f886c1-9e14-4487-b393-8a5fa2e0a50e 0.206s
2024-09-20 17:39:40.224 62548 INFO tempest.lib.common.rest_client [req-055d37cb-ae00-4e4b-8c1e-37f6bf3c2c91 req-055d37cb-ae00-4e4b-8c1e-37f6bf3c2c91 ] Request (ServersAaction247Test:test_create_backup): 202 POST http://10.180.1.21/compute/v2.1/servers 0.516s
2024-09-20 17:39:40.228 62586 INFO tempest.lib.common.rest_client [req-6d0442fd-8997-47c8-b3b2-5a84cebbb18e req-6d0442fd-8997-47c8-b3b2-5a84cebbb18e ] Request (ServersWithSpecificFlavorTestJSON:test_verify_created_server_ephemeral_disk): 200 GET http://10.180.1.21/compute/v2.1/servers/37e96c2a-09f5-47dd-b370-f014510e82db 0.364s
2024-09-20 17:39:40.243 62530 INFO tempest.lib.common.rest_client [req-e7bfcefb-70ea-4183-a982-25ff6e51b84b req-e7bfcefb-70ea-4183-a982-25ff6e51b84b ] Request (ServerDiagnosticsTest:tearDownClass): 204 DELETE http://10.180.1.21/identity/v3/projects/1253da08b282447cb31e7259cd2e07ff 0.115s
2024-09-20 17:39:40.264 62570 INFO tempest.lib.common.rest_client [req-9f0a3d71-2650-4027-9b0a-80b5b884ed23 req-9f0a3d71-2650-4027-9b0a-80b5b884ed23 ] Request (ImagesOneServerNegativeTestJSON:tearDownClass): 204 DELETE http://10.180.1.21/identity/v3/projects/1c8f528af6a644c684f1837245ed3155 0.080s
2024-09-20 17:39:40.272 62550 INFO tempest.lib.common.rest_client [req-41d9cca2-c193-48de-9265-777370480150 req-41d9cca2-c193-48de-9265-777370480150 ] Request (InstanceActionsNegativeTestJSON:setUpClass): 200 GET http://10.180.1.21/compute/v2.1/servers/435df16a-4633-4373-921a-5f39ae49be5e 0.396s
2024-09-20 17:39:40.335 62530 INFO tempest.lib.common.rest_client [req-e63a4a3b-d9c5-4f42-aff2-a2354fce66ae req-e63a4a3b-d9c5-4f42-aff2-a2354fce66ae ] Request (ServerActionsTestOtherA:setUpClass): 201 POST http://10.180.1.21/identity/v3/auth/tokens 0.087s
2024-09-20 17:39:40.349 62562 INFO tempest.lib.common.rest_client [req-e1d9cfb1-5ab2-4869-a25a-b79e15ad32f2 req-e1d9cfb1-5ab2-4869-a25a-b79e15ad32f2 ] Request (ServerTagsTestJSON:setUpClass): 200 GET http://10.180.1.21/compute/v2.1/servers/c4284301-7dd8-4c73-af3f-db3a2dad845e 0.465s
2024-09-20 17:39:40.365 62578 INFO tempest.lib.common.rest_client [req-5493ff02-e34d-4522-a3bd-da5345a63302 req-5493ff02-e34d-4522-a3bd-da5345a63302 ] Request (FlavorsAccessNegativeTestJSON:_run_cleanups): 200 POST http://10.180.1.21/compute/v2.1/flavors/396512660/action 0.484s
2024-09-20 17:39:40.368 62570 INFO tempest.lib.common.rest_client [req-d1b4fcba-41eb-4292-a670-a1d520e23537 req-d1b4fcba-41eb-4292-a670-a1d520e23537 ] Request (ListImagesTestJSON:setUpClass): 201 POST http://10.180.1.21/identity/v3/auth/tokens 0.030s
2024-09-20 17:39:40.385 62530 INFO tempest.lib.common.rest_client [req-21335168-d829-4cd9-a228-e773c4346941 req-21335168-d829-4cd9-a228-e773c4346941 ] Request (ServerActionsTestOtherA:setUpClass): 201 POST http://10.180.1.21/identity/v3/auth/tokens 0.044s
2024-09-20 17:39:40.413 62570 INFO tempest.lib.common.rest_client [req-4a5a6c78-e943-4c4b-a163-a838baf95c83 req-4a5a6c78-e943-4c4b-a163-a838baf95c83 ] Request (ListImagesTestJSON:setUpClass): 201 POST http://10.180.1.21/identity/v3/auth/tokens 0.042s
2024-09-20 17:39:40.417 62530 INFO tempest.lib.common.rest_client [req-fde6b08b-dcb6-4df2-93b0-51408b6a806e req-fde6b08b-dcb6-4df2-93b0-51408b6a806e ] Request (ServerActionsTestOtherA:setUpClass): 200 GET http://10.180.1.21/identity/v3/domains?name=Default 0.032s
2024-09-20 17:39:40.446 62570 INFO tempest.lib.common.rest_client [req-8d57ecc3-25d0-4871-a5cd-4020a78f14b2 req-8d57ecc3-25d0-4871-a5cd-4020a78f14b2 ] Request (ListImagesTestJSON:setUpClass): 200 GET http://10.180.1.21/identity/v3/domains?name=Default 0.031s
2024-09-20 17:39:40.447 62574 INFO tempest.lib.common.rest_client [req-591ad55a-ab0d-475f-a6db-06baa576fa4a req-591ad55a-ab0d-475f-a6db-06baa576fa4a ] Request (AttachInterfacesV270Test:test_create_get_list_interfaces): 200 GET http://10.180.1.21/compute/v2.1/servers/6f13d83b-b9f5-40d7-bdcd-4141cef799a2 0.503s
2024-09-20 17:39:40.447 62572 INFO tempest.lib.common.rest_client [req-c715deb5-4564-4121-88fb-51dd4ffdf061 req-c715deb5-4564-4121-88fb-51dd4ffdf061 ] Request (ListServerFiltersTestJSON:setUpClass): 200 GET http://10.180.1.21/compute/v2.1/servers/840b553e-4446-4e9f-b175-cc28c93a8be9 0.492s
2024-09-20 17:39:40.483 62530 INFO tempest.lib.common.rest_client [req-bb8f85ac-a59f-4d11-a5a3-eb420020bb96 req-bb8f85ac-a59f-4d11-a5a3-eb420020bb96 ] Request (ServerActionsTestOtherA:setUpClass): 201 POST http://10.180.1.21/identity/v3/projects 0.065s
2024-09-20 17:39:40.499 62570 INFO tempest.lib.common.rest_client [req-8da9aff8-e086-4bc0-9564-8a65870b39fd req-8da9aff8-e086-4bc0-9564-8a65870b39fd ] Request (ListImagesTestJSON:setUpClass): 201 POST http://10.180.1.21/identity/v3/projects 0.053s
2024-09-20 17:39:40.516 62554 INFO tempest.lib.common.rest_client [req-72572304-5692-4a82-b61f-10ca905a81a2 req-72572304-5692-4a82-b61f-10ca905a81a2 ] Request (FloatingIPsAssociationNegativeTestJSON:setUpClass): 200 GET http://10.180.1.21/compute/v2.1/servers/45ecf4b0-c9a1-486f-a5c8-8447bbdb33f3 0.519s
2024-09-20 17:39:40.536 62590 INFO tempest.lib.common.rest_client [req-452cc3a4-6417-4e57-8cb5-82e1702c6d55 req-452cc3a4-6417-4e57-8cb5-82e1702c6d55 ] Request (FloatingIPsAssociationTestJSON:setUpClass): 200 GET http://10.180.1.21/compute/v2.1/servers/8d59ab18-21b0-4b28-b050-4f78d0203073 0.516s
2024-09-20 17:39:40.576 62570 INFO tempest.lib.common.rest_client [req-29b3e701-b2b5-451b-8d76-c5f99f287f28 req-29b3e701-b2b5-451b-8d76-c5f99f287f28 ] Request (ListImagesTestJSON:setUpClass): 201 POST http://10.180.1.21/identity/v3/users 0.076s
2024-09-20 17:39:40.577 62530 INFO tempest.lib.common.rest_client [req-3474f880-be49-4e70-9216-1028ce6c380b req-3474f880-be49-4e70-9216-1028ce6c380b ] Request (ServerActionsTestOtherA:setUpClass): 201 POST http://10.180.1.21/identity/v3/users 0.094s
2024-09-20 17:39:40.585 62542 INFO tempest.lib.common.rest_client [req-ff7d9c36-9e83-425a-a6b9-4d97c6fca0e2 req-ff7d9c36-9e83-425a-a6b9-4d97c6fca0e2 ] Request (ServersTestMultiNic:test_verify_duplicate_network_nics): 200 GET http://10.180.1.21/compute/v2.1/servers/50206faf-d828-4f13-a5f1-7ff28954187b 0.501s
2024-09-20 17:39:40.593 62530 INFO tempest.lib.common.rest_client [req-c999b113-470b-41eb-86f1-a20f0333a00f req-c999b113-470b-41eb-86f1-a20f0333a00f ] Request (ServerActionsTestOtherA:setUpClass): 200 GET http://10.180.1.21/identity/v3/roles 0.015s
2024-09-20 17:39:40.597 62556 INFO tempest.lib.common.rest_client [req-5fff358b-2edf-4561-a476-ea47f96dd881 req-5fff358b-2edf-4561-a476-ea47f96dd881 ] Request (ServerDiagnosticsV248Test:tearDownClass): 200 GET http://10.180.1.21/compute/v2.1/servers/959a0557-acf1-4cfb-8259-081e715bb272 0.493s
2024-09-20 17:39:40.601 62570 INFO tempest.lib.common.rest_client [req-47eaba0a-0fd5-42e4-861f-a24984c1e5bf req-47eaba0a-0fd5-42e4-861f-a24984c1e5bf ] Request (ListImagesTestJSON:setUpClass): 200 GET http://10.180.1.21/identity/v3/roles 0.024s
2024-09-20 17:39:40.626 62570 INFO tempest.lib.common.rest_client [req-5cda71f2-c6ff-444f-8c27-1cfb9efe2169 req-5cda71f2-c6ff-444f-8c27-1cfb9efe2169 ] Request (ListImagesTestJSON:setUpClass): 204 PUT http://10.180.1.21/identity/v3/projects/e47be0a3b72e4cc6be51b8fb42b9b260/users/723952de4c454df99a3d81e350ed76eb/roles/51b3fb65f9da42e7b9b051a3c58673ae 0.024s
2024-09-20 17:39:40.626 62570 INFO tempest.lib.common.dynamic_creds [-] Dynamic test user 723952de4c454df99a3d81e350ed76eb is created with scope project and roles: ['member']
2024-09-20 17:39:40.626 62570 INFO tempest.lib.common.dynamic_creds [-] Acquired dynamic creds: credentials: Credentials: {'domain_id': 'default', 'domain_name': 'Default', 'username': 'tempest-ListImagesTestJSON-191824003-project-member', 'project_domain_id': 'default', 'project_domain_name': 'Default', 'project_id': 'e47be0a3b72e4cc6be51b8fb42b9b260', 'project_name': 'tempest-ListImagesTestJSON-191824003', 'tenant_id': 'e47be0a3b72e4cc6be51b8fb42b9b260', 'tenant_name': 'tempest-ListImagesTestJSON-191824003', 'user_domain_id': 'default', 'user_domain_name': 'Default', 'user_id': '723952de4c454df99a3d81e350ed76eb', 'system': None}, Network: None, Subnet: None, Router: None
2024-09-20 17:39:40.626 62570 INFO tempest.lib.common.dynamic_creds [-] Created isolated network resources for: credentials: Credentials: {'domain_id': 'default', 'domain_name': 'Default', 'username': 'tempest-ListImagesTestJSON-191824003-project-member', 'project_domain_id': 'default', 'project_domain_name': 'Default', 'project_id': 'e47be0a3b72e4cc6be51b8fb42b9b260', 'project_name': 'tempest-ListImagesTestJSON-191824003', 'tenant_id': 'e47be0a3b72e4cc6be51b8fb42b9b260', 'tenant_name': 'tempest-ListImagesTestJSON-191824003', 'user_domain_id': 'default', 'user_domain_name': 'Default', 'user_id': '723952de4c454df99a3d81e350ed76eb', 'system': None}, Network: None, Subnet: None, Router: None
2024-09-20 17:39:40.635 62530 INFO tempest.lib.common.rest_client [req-9cf1878f-eac5-4d26-a640-fc2e435991a8 req-9cf1878f-eac5-4d26-a640-fc2e435991a8 ] Request (ServerActionsTestOtherA:setUpClass): 204 PUT http://10.180.1.21/identity/v3/projects/cbc3563d1dbc445a9e2a5d9ba49c87cf/users/7927a9c47d6f40a2806c4d845bd10ce7/roles/51b3fb65f9da42e7b9b051a3c58673ae 0.041s
2024-09-20 17:39:40.635 62530 INFO tempest.lib.common.dynamic_creds [-] Dynamic test user 7927a9c47d6f40a2806c4d845bd10ce7 is created with scope project and roles: ['member']
2024-09-20 17:39:40.636 62530 INFO tempest.lib.common.dynamic_creds [-] Acquired dynamic creds: credentials: Credentials: {'domain_id': 'default', 'domain_name': 'Default', 'username': 'tempest-ServerActionsTestOtherA-1469630419-project-member', 'project_domain_id': 'default', 'project_domain_name': 'Default', 'project_id': 'cbc3563d1dbc445a9e2a5d9ba49c87cf', 'project_name': 'tempest-ServerActionsTestOtherA-1469630419', 'tenant_id': 'cbc3563d1dbc445a9e2a5d9ba49c87cf', 'tenant_name': 'tempest-ServerActionsTestOtherA-1469630419', 'user_domain_id': 'default', 'user_domain_name': 'Default', 'user_id': '7927a9c47d6f40a2806c4d845bd10ce7', 'system': None}, Network: None, Subnet: None, Router: None
2024-09-20 17:39:40.645 62558 INFO tempest.lib.common.rest_client [req-c6b3072b-0ed2-4704-bb35-3d194cc7258d req-c6b3072b-0ed2-4704-bb35-3d194cc7258d ] Request (ServerActionsTestOtherB:setUpClass): 200 GET http://10.180.1.21/compute/v2.1/servers/d4feff80-fc8a-4faf-9f37-5bdaef9cf5f2 0.476s
2024-09-20 17:39:40.681 62548 INFO tempest.lib.common.rest_client [req-e6758207-6922-4966-80ee-4738bd3a0fea req-e6758207-6922-4966-80ee-4738bd3a0fea ] Request (ServersAaction247Test:test_create_backup): 200 GET http://10.180.1.21/compute/v2.1/servers/a86d3df8-cb32-4b5a-bf9c-630a1dbcf289 0.455s
2024-09-20 17:39:40.736 62570 INFO tempest.lib.common.rest_client [req-8af1a1ed-6a3f-4355-bc4c-fe747ca778d3 req-8af1a1ed-6a3f-4355-bc4c-fe747ca778d3 ] Request (ListImagesTestJSON:setUpClass): 201 POST http://10.180.1.21/identity/v3/auth/tokens 0.105s
2024-09-20 17:39:40.738 62566 INFO tempest.lib.common.rest_client [req-f99b3d83-dc74-4cf0-896f-9eedfd90c6b8 req-f99b3d83-dc74-4cf0-896f-9eedfd90c6b8 ] Request (ImagesTestJSON:test_create_image_from_stopped_server): 200 GET http://10.180.1.21/compute/v2.1/servers/71b54fcd-f12c-46aa-bded-3380bbd2b6ea 0.503s
2024-09-20 17:39:40.747 62530 INFO tempest.lib.common.rest_client [req-acdfce49-c04e-4957-84a8-f827ae9c0d93 req-acdfce49-c04e-4957-84a8-f827ae9c0d93 ] Request (ServerActionsTestOtherA:setUpClass): 201 POST http://10.180.1.21/identity/v3/auth/tokens 0.111s
2024-09-20 17:39:40.781 62576 INFO tempest.lib.common.rest_client [req-3c9d1f29-5b5c-4730-afeb-6fde9b61b9d2 req-3c9d1f29-5b5c-4730-afeb-6fde9b61b9d2 ] Request (InstanceActionsTestJSON:setUpClass): 200 GET http://10.180.1.21/compute/v2.1/servers/b07c63a4-80fc-4840-a9a3-2ce97499caf2 0.535s
2024-09-20 17:39:40.833 62568 INFO tempest.lib.common.rest_client [req-d74ab23e-b279-4f20-ba35-2b6023b8de58 req-d74ab23e-b279-4f20-ba35-2b6023b8de58 ] Request (ServerExternalEventsTest:test_create_server_external_events): 200 GET http://10.180.1.21/compute/v2.1/servers/b4de91fb-b5cc-4bd0-af52-fbca77ba9c3a 0.668s
2024-09-20 17:39:40.838 62582 INFO tempest.lib.common.rest_client [req-a9699948-97ea-4842-aaef-2c67dfe9a5f9 req-a9699948-97ea-4842-aaef-2c67dfe9a5f9 ] Request (ServersAdminTestJSON:setUpClass): 200 GET http://10.180.1.21/compute/v2.1/servers/2edd71d8-1b93-4863-b31b-a4c169606110 0.553s
2024-09-20 17:39:40.841 62568 INFO tempest.common.waiters [-] State transition "BUILD/None" ==> "BUILD/block_device_mapping" after 40 second wait
2024-09-20 17:39:40.844 62582 INFO tempest.common.waiters [-] State transition "BUILD/scheduling" ==> "BUILD/None" after 27 second wait
2024-09-20 17:39:40.860 62578 INFO tempest.lib.common.rest_client [req-c781dfd2-05ca-480d-811e-1d5eeb685d88 req-c781dfd2-05ca-480d-811e-1d5eeb685d88 ] Request (FlavorsAccessNegativeTestJSON:_run_cleanups): 202 DELETE http://10.180.1.21/compute/v2.1/flavors/396512660 0.494s
2024-09-20 17:39:40.905 62528 INFO tempest.lib.common.rest_client [req-f3dc2ed1-1ca0-494f-bffd-87624fb2bc29 req-f3dc2ed1-1ca0-494f-bffd-87624fb2bc29 ] Request (ServersNegativeTestJSON:setUpClass): 200 GET http://10.180.1.21/compute/v2.1/servers/2b054c86-e8f7-4585-bb3a-57632092843f 0.599s
