2024-09-20 17:39:22.054 62548 INFO tempest.lib.common.dynamic_creds [-] Created isolated network resources for: credentials: Credentials: {'domain_id': 'default', 'domain_name': 'Default', 'username': 'tempest-HostsAdminTestJSON-310546662-project-member', 'project_domain_id': 'default', 'project_domain_name': 'Default', 'project_id': 'c377a9fdfc0a4ad0a8698a584189e32b', 'project_name': 'tempest-HostsAdminTestJSON-310546662', 'tenant_id': 'c377a9fdfc0a4ad0a8698a584189e32b', 'tenant_name': 'tempest-HostsAdminTestJSON-310546662', 'user_domain_id': 'default', 'user_domain_name': 'Default', 'user_id': '165e1c9fb9ce4ac08a47b26a8c1d25e4', 'system': None}, Network: None, Subnet: None, Router: None
2024-09-20 17:39:22.057 62546 INFO tempest.lib.common.rest_client [req-c8e849c2-6cf6-4bdf-b6c3-78a2ab921c82 req-c8e849c2-6cf6-4bdf-b6c3-78a2ab921c82 ] Request (ServersTestManualDisk:setUpClass): 201 POST http://10.180.1.21:9696/networking/v2.0/routers 1.370s
2024-09-20 17:39:22.112 62572 INFO tempest.lib.common.rest_client [req-db4739f3-8f1c-4e75-8cc8-9a6e51680dc9 req-db4739f3-8f1c-4e75-8cc8-9a6e51680dc9 ] Request (ListServerFiltersTestJSON:setUpClass): 200 GET http://10.180.1.21/compute/v2.1/servers/840b553e-4446-4e9f-b175-cc28c93a8be9 1.079s
2024-09-20 17:39:22.112 62560 INFO tempest.lib.common.rest_client [req-3d233ea8-1453-4428-977b-f3d944d0fd9c req-3d233ea8-1453-4428-977b-f3d944d0fd9c ] Request (ServerShowV247Test:test_update_rebuild_list_server): 201 POST http://10.180.1.21/identity/v3/auth/tokens 0.076s
2024-09-20 17:39:22.113 62560 INFO tempest.lib.common.fixed_network [-] (ServerShowV247Test:test_update_rebuild_list_server) Found network None available for tenant
2024-09-20 17:39:22.115 62570 INFO tempest.lib.common.rest_client [req-edc9768a-12eb-4991-b908-c428f6ee7f0c req-edc9768a-12eb-4991-b908-c428f6ee7f0c ] Request (ImagesOneServerNegativeTestJSON:setUpClass): 200 GET http://10.180.1.21/compute/v2.1/servers/829ea1ca-475c-4aad-bf9c-44af727db198 1.142s
2024-09-20 17:39:22.152 62532 INFO tempest.lib.common.rest_client [req-4360b241-9012-43c7-bc56-36ea4492cf0a req-4360b241-9012-43c7-bc56-36ea4492cf0a ] Request (SecurityGroupsTestJSON:setUpClass): 201 POST http://10.180.1.21:9696/networking/v2.0/subnets 0.320s
2024-09-20 17:39:22.158 62548 INFO tempest.lib.common.rest_client [req-9878a6fa-940f-4956-84e8-070af6dfca0a req-9878a6fa-940f-4956-84e8-070af6dfca0a ] Request (HostsAdminTestJSON:setUpClass): 201 POST http://10.180.1.21/identity/v3/auth/tokens 0.100s
2024-09-20 17:39:22.222 62548 INFO tempest.lib.common.rest_client [req-1e2c9a9c-e238-4325-92f3-75a7ca7f3ed0 req-1e2c9a9c-e238-4325-92f3-75a7ca7f3ed0 ] Request (HostsAdminTestJSON:setUpClass): 201 POST http://10.180.1.21/identity/v3/projects 0.064s
2024-09-20 17:39:22.278 62548 INFO tempest.lib.common.rest_client [req-f7814129-7085-4ef7-a138-364dd5511e5f req-f7814129-7085-4ef7-a138-364dd5511e5f ] Request (HostsAdminTestJSON:setUpClass): 201 POST http://10.180.1.21/identity/v3/users 0.055s
2024-09-20 17:39:22.299 62548 INFO tempest.lib.common.rest_client [req-d68f7d62-9cd6-4143-94f9-56fc610cb0ee req-d68f7d62-9cd6-4143-94f9-56fc610cb0ee ] Request (HostsAdminTestJSON:setUpClass): 200 GET http://10.180.1.21/identity/v3/roles 0.020s
2024-09-20 17:39:22.333 62548 INFO tempest.lib.common.rest_client [req-4633acff-d80d-4b10-b5e2-f5135cf96e53 req-4633acff-d80d-4b10-b5e2-f5135cf96e53 ] Request (HostsAdminTestJSON:setUpClass): 204 PUT http://10.180.1.21/identity/v3/projects/6d7e5506e330425abf6730bcb3825be2/users/1d9b65cd0e0441fca7edc713bce17951/roles/89fdff969160483e9a516e3d9819acf0 0.033s
2024-09-20 17:39:22.391 62548 INFO tempest.lib.common.rest_client [req-d85868f4-5392-4b3c-b827-ab956624022c req-d85868f4-5392-4b3c-b827-ab956624022c ] Request (HostsAdminTestJSON:setUpClass): 200 GET http://10.180.1.21/identity/v3/roles 0.058s
2024-09-20 17:39:22.411 62548 INFO tempest.lib.common.rest_client [req-d3243a36-30c4-4e7f-adef-b0e1950d406c req-d3243a36-30c4-4e7f-adef-b0e1950d406c ] Request (HostsAdminTestJSON:setUpClass): 204 PUT http://10.180.1.21/identity/v3/projects/6d7e5506e330425abf6730bcb3825be2/users/1d9b65cd0e0441fca7edc713bce17951/roles/89fdff969160483e9a516e3d9819acf0 0.020s
2024-09-20 17:39:22.412 62548 INFO tempest.lib.common.dynamic_creds [-] Dynamic test user 1d9b65cd0e0441fca7edc713bce17951 is created with scope project and roles: ['admin']
2024-09-20 17:39:22.412 62548 INFO tempest.lib.common.dynamic_creds [-] Acquired dynamic creds: credentials: Credentials: {'domain_id': 'default', 'domain_name': 'Default', 'username': 'tempest-HostsAdminTestJSON-318353534-project-admin', 'project_domain_id': 'default', 'project_domain_name': 'Default', 'project_id': '6d7e5506e330425abf6730bcb3825be2', 'project_name': 'tempest-HostsAdminTestJSON-318353534', 'tenant_id': '6d7e5506e330425abf6730bcb3825be2', 'tenant_name': 'tempest-HostsAdminTestJSON-318353534', 'user_domain_id': 'default', 'user_domain_name': 'Default', 'user_id': '1d9b65cd0e0441fca7edc713bce17951', 'system': None}, Network: None, Subnet: None, Router: None
2024-09-20 17:39:22.412 62548 INFO tempest.lib.common.dynamic_creds [-] Created isolated network resources for: credentials: Credentials: {'domain_id': 'default', 'domain_name': 'Default', 'username': 'tempest-HostsAdminTestJSON-318353534-project-admin', 'project_domain_id': 'default', 'project_domain_name': 'Default', 'project_id': '6d7e5506e330425abf6730bcb3825be2', 'project_name': 'tempest-HostsAdminTestJSON-318353534', 'tenant_id': '6d7e5506e330425abf6730bcb3825be2', 'tenant_name': 'tempest-HostsAdminTestJSON-318353534', 'user_domain_id': 'default', 'user_domain_name': 'Default', 'user_id': '1d9b65cd0e0441fca7edc713bce17951', 'system': None}, Network: None, Subnet: None, Router: None
2024-09-20 17:39:22.417 62542 INFO tempest.lib.common.rest_client [req-1d2e208b-1199-4480-a055-ff5928621169 req-1d2e208b-1199-4480-a055-ff5928621169 ] Request (SecurityGroupRulesNegativeTestJSON:tearDownClass): 202 DELETE http://10.180.1.21/compute/v2.1/os-security-groups/320b50bc-a5d5-4096-9056-d81d6f0bcfa8 1.306s
2024-09-20 17:39:22.501 62548 INFO tempest.lib.common.rest_client [req-1ed8b425-dd87-417c-b328-56d34403e846 req-1ed8b425-dd87-417c-b328-56d34403e846 ] Request (HostsAdminTestJSON:setUpClass): 201 POST http://10.180.1.21/identity/v3/auth/tokens 0.085s
2024-09-20 17:39:22.799 62556 INFO tempest.lib.common.rest_client [req-985b09b8-62b4-4187-afe3-f610a36013f1 req-985b09b8-62b4-4187-afe3-f610a36013f1 ] Request (ServerDiagnosticsV248Test:test_get_server_diagnostics): 200 GET http://10.180.1.21/compute/v2.1/servers/959a0557-acf1-4cfb-8259-081e715bb272/diagnostics 1.601s
2024-09-20 17:39:22.876 62554 INFO tempest.lib.common.rest_client [req-8793018d-8c3d-4c8b-a3a5-7d3a229f7b43 req-8793018d-8c3d-4c8b-a3a5-7d3a229f7b43 ] Request (FloatingIPsAssociationNegativeTestJSON:setUpClass): 200 GET http://10.180.1.21/compute/v2.1/servers/45ecf4b0-c9a1-486f-a5c8-8447bbdb33f3 1.242s
2024-09-20 17:39:22.927 62540 INFO tempest.lib.common.rest_client [req-1042727e-2906-4425-b451-70f348ce733e req-1042727e-2906-4425-b451-70f348ce733e ] Request (MigrationsAdminTest:test_list_migrations_in_flavor_resize_situation): 200 GET http://10.180.1.21/compute/v2.1/servers/1ccf3589-cfd4-4e41-89da-80bb752ceab8 1.284s
2024-09-20 17:39:22.945 62546 INFO tempest.lib.common.rest_client [req-0c50de0f-bdef-4319-b33d-dcd64847d32a req-0c50de0f-bdef-4319-b33d-dcd64847d32a ] Request (ServersTestManualDisk:setUpClass): 200 PUT http://10.180.1.21:9696/networking/v2.0/routers/02550cb6-038d-4fc4-9c12-8f1e730959b2/add_router_interface 0.887s
2024-09-20 17:39:22.945 62546 INFO tempest.lib.common.dynamic_creds [-] Created isolated network resources for: credentials: Credentials: {'domain_id': 'default', 'domain_name': 'Default', 'username': 'tempest-ServersTestManualDisk-1354528537-project-member', 'project_domain_id': 'default', 'project_domain_name': 'Default', 'project_id': '8ac3f1a96d7b4a0ba94d9e8d0f151e5c', 'project_name': 'tempest-ServersTestManualDisk-1354528537', 'tenant_id': '8ac3f1a96d7b4a0ba94d9e8d0f151e5c', 'tenant_name': 'tempest-ServersTestManualDisk-1354528537', 'user_domain_id': 'default', 'user_domain_name': 'Default', 'user_id': '269aefce332f4b3fb80c6813337f7a5f', 'system': None}, Network: {'id': 'ce76c848-9a38-49d4-93a5-a17bf9a4b005', 'name': 'tempest-ServersTestManualDisk-1046058284-network', 'tenant_id': '8ac3f1a96d7b4a0ba94d9e8d0f151e5c', 'admin_state_up': True, 'mtu': 8950, 'status': 'ACTIVE', 'subnets': [], 'shared': False, 'project_id': '8ac3f1a96d7b4a0ba94d9e8d0f151e5c', 'port_security_enabled': True, 'router:external': False, 'provider:network_type': 'vlan', 'provider:physical_network': 'default', 'provider:segmentation_id': 112, 'is_default': False, 'availability_zone_hints': [], 'availability_zones': [], 'ipv4_address_scope': None, 'ipv6_address_scope': None, 'description': '', 'tags': [], 'created_at': '2024-09-20T17:39:19Z', 'updated_at': '2024-09-20T17:39:19Z', 'revision_number': 1}, Subnet: {'id': 'af058c5e-9752-42ec-bbc9-6161f3fff3cb', 'name': 'tempest-ServersTestManualDisk-1046058284-subnet', 'tenant_id': '8ac3f1a96d7b4a0ba94d9e8d0f151e5c', 'network_id': 'ce76c848-9a38-49d4-93a5-a17bf9a4b005', 'ip_version': 4, 'subnetpool_id': None, 'enable_dhcp': True, 'ipv6_ra_mode': None, 'ipv6_address_mode': None, 'gateway_ip': '192.168.128.1', 'cidr': '192.168.128.0/28', 'allocation_pools': [{'start': '192.168.128.2', 'end': '192.168.128.14'}], 'host_routes': [], 'dns_nameservers': [], 'description': '', 'router:external': False, 'service_types': [], 'tags': [], 'created_at': '2024-09-20T17:39:20Z', 'updated_at': '2024-09-20T17:39:20Z', 'revision_number': 0, 'project_id': '8ac3f1a96d7b4a0ba94d9e8d0f151e5c'}, Router: {'id': '02550cb6-038d-4fc4-9c12-8f1e730959b2', 'name': 'tempest-ServersTestManualDisk-1046058284-router', 'tenant_id': '8ac3f1a96d7b4a0ba94d9e8d0f151e5c', 'admin_state_up': True, 'status': 'ACTIVE', 'external_gateway_info': {'network_id': '0612dc58-76c3-42c8-bb8e-a20bde881148', 'external_fixed_ips': [{'subnet_id': '7b307106-1748-412b-b201-d044b2f62181', 'ip_address': '10.180.180.182'}], 'enable_snat': True}, 'description': '', 'availability_zones': [], 'distributed': False, 'ha': False, 'availability_zone_hints': [], 'routes': [], 'flavor_id': None, 'tags': [], 'created_at': '2024-09-20T17:39:20Z', 'updated_at': '2024-09-20T17:39:21Z', 'revision_number': 2, 'project_id': '8ac3f1a96d7b4a0ba94d9e8d0f151e5c'}
2024-09-20 17:39:22.981 62558 INFO tempest.lib.common.rest_client [req-157c4bee-1f64-4e9e-943d-a3f8561781df req-157c4bee-1f64-4e9e-943d-a3f8561781df ] Request (ServerActionsTestOtherB:setUpClass): 200 GET http://10.180.1.21/compute/v2.1/servers/d4feff80-fc8a-4faf-9f37-5bdaef9cf5f2 1.260s
2024-09-20 17:39:23.028 62546 INFO tempest.lib.common.rest_client [req-04875207-f966-4747-ba0a-68abd9bb4ff5 req-04875207-f966-4747-ba0a-68abd9bb4ff5 ] Request (ServersTestManualDisk:setUpClass): 201 POST http://10.180.1.21/identity/v3/auth/tokens 0.078s
2024-09-20 17:39:23.034 62590 INFO tempest.lib.common.rest_client [req-cb487c9e-d3ef-47d6-ac06-e9fee08483de req-cb487c9e-d3ef-47d6-ac06-e9fee08483de ] Request (FloatingIPsAssociationTestJSON:setUpClass): 200 GET http://10.180.1.21/compute/v2.1/servers/8d59ab18-21b0-4b28-b050-4f78d0203073 1.308s
2024-09-20 17:39:23.468 62532 INFO tempest.lib.common.rest_client [req-d2db33f3-75a2-4bb4-b4e5-40ae1bcf4df7 req-d2db33f3-75a2-4bb4-b4e5-40ae1bcf4df7 ] Request (SecurityGroupsTestJSON:setUpClass): 201 POST http://10.180.1.21:9696/networking/v2.0/routers 1.315s
2024-09-20 17:39:23.473 62574 INFO tempest.lib.common.rest_client [req-17be2c11-0bdb-46a9-add4-d235f7137f51 req-17be2c11-0bdb-46a9-add4-d235f7137f51 ] Request (AttachInterfacesV270Test:test_create_get_list_interfaces): 202 POST http://10.180.1.21/compute/v2.1/servers 1.660s
2024-09-20 17:39:23.526 62576 INFO tempest.lib.common.rest_client [req-de1c971d-2414-40c3-877f-fad17abe8c0e req-de1c971d-2414-40c3-877f-fad17abe8c0e ] Request (InstanceActionsTestJSON:setUpClass): 200 GET http://10.180.1.21/compute/v2.1/servers/b07c63a4-80fc-4840-a9a3-2ce97499caf2 1.699s
2024-09-20 17:39:23.571 62552 INFO tempest.lib.common.rest_client [req-0e1a0ff7-6d57-44c9-bf8a-8120ada39305 req-0e1a0ff7-6d57-44c9-bf8a-8120ada39305 ] Request (ImagesMetadataTestJSON:test_set_image_metadata): 200 GET http://10.180.1.21/compute/v2.1/images/570753f7-3662-466f-8fdf-8466d2a77595/metadata 1.742s
2024-09-20 17:39:23.589 62578 INFO tempest.lib.common.rest_client [req-d3819cd0-684b-47f3-82a0-11a329a22f3d req-d3819cd0-684b-47f3-82a0-11a329a22f3d ] Request (FlavorsAdminTestJSON:test_is_public_string_variations): 200 GET http://10.180.1.21/compute/v2.1/flavors/detail?is_public=t 1.741s
2024-09-20 17:39:23.674 62588 INFO tempest.lib.common.rest_client [req-0fb1dcd4-6a22-466e-ba1c-7886da85688a req-0fb1dcd4-6a22-466e-ba1c-7886da85688a ] Request (ImagesOneServerTestJSON:setUpClass): 200 GET http://10.180.1.21/compute/v2.1/servers/699da319-5a4b-48d8-b187-dca190386363 1.781s
2024-09-20 17:39:23.745 62568 INFO tempest.lib.common.rest_client [req-126a7b0f-0ebb-4581-8738-885751d05d2a req-126a7b0f-0ebb-4581-8738-885751d05d2a ] Request (ServerExternalEventsTest:test_create_server_external_events): 200 GET http://10.180.1.21/compute/v2.1/servers/b4de91fb-b5cc-4bd0-af52-fbca77ba9c3a 1.794s
2024-09-20 17:39:23.808 62566 INFO tempest.lib.common.rest_client [req-4f2c9efb-1125-49a5-a279-be7de736ec26 req-4f2c9efb-1125-49a5-a279-be7de736ec26 ] Request (ImagesTestJSON:test_create_image_from_stopped_server): 200 GET http://10.180.1.21/compute/v2.1/servers/71b54fcd-f12c-46aa-bded-3380bbd2b6ea 1.839s
2024-09-20 17:39:23.818 62564 INFO tempest.lib.common.rest_client [req-1538f5e5-c823-4d1f-9e86-6549c95a20aa req-1538f5e5-c823-4d1f-9e86-6549c95a20aa ] Request (KeyPairsV22TestJSON:test_keypairsv22_create_list_show): 200 GET http://10.180.1.21/compute/v2.1/os-keypairs 1.839s
2024-09-20 17:39:23.873 62582 INFO tempest.lib.common.rest_client [req-e34347d3-d029-4011-ae8f-79f0fa0014b9 req-e34347d3-d029-4011-ae8f-79f0fa0014b9 ] Request (ServersAdminTestJSON:setUpClass): 200 GET http://10.180.1.21/compute/v2.1/servers/2edd71d8-1b93-4863-b31b-a4c169606110 1.867s
2024-09-20 17:39:23.955 62528 INFO tempest.lib.common.rest_client [req-122a014d-15aa-4f60-8a69-1e5bb38db352 req-122a014d-15aa-4f60-8a69-1e5bb38db352 ] Request (ServersNegativeTestJSON:setUpClass): 200 GET http://10.180.1.21/compute/v2.1/servers/2b054c86-e8f7-4585-bb3a-57632092843f 1.871s
2024-09-20 17:39:24.105 62560 INFO tempest.lib.common.rest_client [req-4afbcd86-a064-46e5-baf0-35059fac8693 req-4afbcd86-a064-46e5-baf0-35059fac8693 ] Request (ServerShowV247Test:test_update_rebuild_list_server): 202 POST http://10.180.1.21/compute/v2.1/servers 1.991s
2024-09-20 17:39:24.169 62580 INFO tempest.lib.common.rest_client [req-d079b7bb-f6ed-4b30-8eab-83f0cbf08621 req-d079b7bb-f6ed-4b30-8eab-83f0cbf08621 ] Request (ServersV294TestFqdnHostnames:setUpClass): 200 GET http://10.180.1.21/compute/v2.1/servers/552e0085-7216-41c7-8ede-f83ba9c15d6c 2.039s
2024-09-20 17:39:24.231 62534 INFO tempest.lib.common.rest_client [req-d8747d7f-40b4-490d-a804-08c43a01e5b7 req-d8747d7f-40b4-490d-a804-08c43a01e5b7 ] Request (TenantUsagesTestJSON:setUpClass): 200 GET http://10.180.1.21/compute/v2.1/servers/eea2df5c-e1f0-49f3-a071-f34ed0695a47 2.015s
2024-09-20 17:39:24.296 62530 INFO tempest.lib.common.rest_client [req-c29da9b6-3b60-4aec-abe3-faef0015a937 req-c29da9b6-3b60-4aec-abe3-faef0015a937 ] Request (ServerDiagnosticsTest:test_get_server_diagnostics): 200 GET http://10.180.1.21/compute/v2.1/servers/287102d9-2221-462a-ac40-1ff553eeec46 2.031s
2024-09-20 17:39:24.350 62584 INFO tempest.lib.common.rest_client [req-2361a29a-c4c2-4818-9e55-a18f9efb67d2 req-2361a29a-c4c2-4818-9e55-a18f9efb67d2 ] Request (VolumesAdminNegativeTest:test_update_attached_volume_with_nonexistent_volume_in_body): 200 GET http://10.180.1.21/compute/v2.1/servers/24e45383-4cbd-4a46-9cfc-3f36dfdb5bdc 2.024s
2024-09-20 17:39:24.358 62584 INFO tempest.common.waiters [-] State transition "BUILD/scheduling" ==> "BUILD/None" after 18 second wait
2024-09-20 17:39:24.538 62542 INFO tempest.lib.common.rest_client [req-4aabff2c-f230-4ac2-ae0f-92861efb180b req-4aabff2c-f230-4ac2-ae0f-92861efb180b ] Request (SecurityGroupRulesNegativeTestJSON:tearDownClass): 202 DELETE http://10.180.1.21/compute/v2.1/os-security-groups/e0a37c9a-2b2c-46e1-a096-540d7ec78c1b 2.120s
2024-09-20 17:39:24.588 62538 INFO tempest.lib.common.rest_client [req-02b4cde9-7e5d-4daa-8906-358c830901d5 req-02b4cde9-7e5d-4daa-8906-358c830901d5 ] Request (DeleteServersAdminTestJSON:test_admin_delete_servers_of_others): 200 GET http://10.180.1.21/compute/v2.1/servers/9b60c5b6-e1b5-4215-bda1-acffcad73829 2.169s
2024-09-20 17:39:24.643 62544 INFO tempest.lib.common.rest_client [req-d7ded143-eea1-4df5-a378-b9b276aa4696 req-d7ded143-eea1-4df5-a378-b9b276aa4696 ] Request (ServerDiskConfigTestJSON:test_rebuild_server_with_manual_disk_config): 200 GET http://10.180.1.21/compute/v2.1/servers/a29f3832-3bb5-4498-9d8e-468621fc345b 2.217s
2024-09-20 17:39:24.704 62536 INFO tempest.lib.common.rest_client [req-5ebfb3ea-3829-4074-8970-ff420abbd7e1 req-5ebfb3ea-3829-4074-8970-ff420abbd7e1 ] Request (VolumesAssistedSnapshotsTest:test_volume_assisted_snapshot_create_delete): 200 GET http://10.180.1.21/compute/v2.1/servers/e245a96b-51f7-4344-b0c3-187ecd485015 2.210s
2024-09-20 17:39:24.755 62548 INFO tempest.lib.common.rest_client [req-36866610-e0d4-44f4-b88a-9604b23bc5e3 req-36866610-e0d4-44f4-b88a-9604b23bc5e3 ] Request (HostsAdminTestJSON:test_list_hosts): 200 GET http://10.180.1.21/compute/v2.1/os-hosts 2.253s
2024-09-20 17:39:24.805 62562 INFO tempest.lib.common.rest_client [req-9b00a902-01ac-44f6-9bd1-6e9bc4a13a00 req-9b00a902-01ac-44f6-9bd1-6e9bc4a13a00 ] Request (ServerTagsTestJSON:setUpClass): 200 GET http://10.180.1.21/compute/v2.1/servers/c4284301-7dd8-4c73-af3f-db3a2dad845e 2.237s
2024-09-20 17:39:24.815 62532 INFO tempest.lib.common.rest_client [req-55bc9f75-442f-48cc-9e03-fb3763854ce2 req-55bc9f75-442f-48cc-9e03-fb3763854ce2 ] Request (SecurityGroupsTestJSON:setUpClass): 200 PUT http://10.180.1.21:9696/networking/v2.0/routers/694f9b03-427f-4c60-bc07-ae8ae1d368d9/add_router_interface 1.346s
2024-09-20 17:39:24.815 62532 INFO tempest.lib.common.dynamic_creds [-] Created isolated network resources for: credentials: Credentials: {'domain_id': 'default', 'domain_name': 'Default', 'username': 'tempest-SecurityGroupsTestJSON-412476525-project-member', 'project_domain_id': 'default', 'project_domain_name': 'Default', 'project_id': 'f5fd575151d84b00bee78c1a0afdf0c2', 'project_name': 'tempest-SecurityGroupsTestJSON-412476525', 'tenant_id': 'f5fd575151d84b00bee78c1a0afdf0c2', 'tenant_name': 'tempest-SecurityGroupsTestJSON-412476525', 'user_domain_id': 'default', 'user_domain_name': 'Default', 'user_id': 'bce699dc688d4304ac2ff43a5d56b113', 'system': None}, Network: {'id': '50626953-beea-4dde-8666-3e5a7ece5cf8', 'name': 'tempest-SecurityGroupsTestJSON-2145087460-network', 'tenant_id': 'f5fd575151d84b00bee78c1a0afdf0c2', 'admin_state_up': True, 'mtu': 8950, 'status': 'ACTIVE', 'subnets': [], 'shared': False, 'project_id': 'f5fd575151d84b00bee78c1a0afdf0c2', 'port_security_enabled': True, 'router:external': False, 'provider:network_type': 'vlan', 'provider:physical_network': 'default', 'provider:segmentation_id': 778, 'is_default': False, 'availability_zone_hints': [], 'availability_zones': [], 'ipv4_address_scope': None, 'ipv6_address_scope': None, 'description': '', 'tags': [], 'created_at': '2024-09-20T17:39:21Z', 'updated_at': '2024-09-20T17:39:21Z', 'revision_number': 1}, Subnet: {'id': 'c751b3b1-d285-433c-96c4-d5d6d24fba68', 'name': 'tempest-SecurityGroupsTestJSON-2145087460-subnet', 'tenant_id': 'f5fd575151d84b00bee78c1a0afdf0c2', 'network_id': '50626953-beea-4dde-8666-3e5a7ece5cf8', 'ip_version': 4, 'subnetpool_id': None, 'enable_dhcp': True, 'ipv6_ra_mode': None, 'ipv6_address_mode': None, 'gateway_ip': '192.168.128.1', 'cidr': '192.168.128.0/28', 'allocation_pools': [{'start': '192.168.128.2', 'end': '192.168.128.14'}], 'host_routes': [], 'dns_nameservers': [], 'description': '', 'router:external': False, 'service_types': [], 'tags': [], 'created_at': '2024-09-20T17:39:21Z', 'updated_at': '2024-09-20T17:39:21Z', 'revision_number': 0, 'project_id': 'f5fd575151d84b00bee78c1a0afdf0c2'}, Router: {'id': '694f9b03-427f-4c60-bc07-ae8ae1d368d9', 'name': 'tempest-SecurityGroupsTestJSON-2145087460-router', 'tenant_id': 'f5fd575151d84b00bee78c1a0afdf0c2', 'admin_state_up': True, 'status': 'ACTIVE', 'external_gateway_info': {'network_id': '0612dc58-76c3-42c8-bb8e-a20bde881148', 'external_fixed_ips': [{'subnet_id': '7b307106-1748-412b-b201-d044b2f62181', 'ip_address': '10.180.180.253'}], 'enable_snat': True}, 'description': '', 'availability_zones': [], 'distributed': False, 'ha': False, 'availability_zone_hints': [], 'routes': [], 'flavor_id': None, 'tags': [], 'created_at': '2024-09-20T17:39:22Z', 'updated_at': '2024-09-20T17:39:22Z', 'revision_number': 2, 'project_id': 'f5fd575151d84b00bee78c1a0afdf0c2'}
2024-09-20 17:39:24.862 62546 INFO tempest.lib.common.rest_client [req-2b0fcc6e-313e-4604-a4f9-03e22268112c req-2b0fcc6e-313e-4604-a4f9-03e22268112c ] Request (ServersTestManualDisk:setUpClass): 200 POST http://10.180.1.21/compute/v2.1/os-keypairs 1.831s
2024-09-20 17:39:24.893 62532 INFO tempest.lib.common.rest_client [req-1948328a-7597-43c2-85cc-6ea5d6e2e5c3 req-1948328a-7597-43c2-85cc-6ea5d6e2e5c3 ] Request (SecurityGroupsTestJSON:setUpClass): 201 POST http://10.180.1.21/identity/v3/auth/tokens 0.074s
2024-09-20 17:39:24.908 62586 INFO tempest.lib.common.rest_client [req-6475176a-88f9-4c9b-a8e4-c43327edd538 req-6475176a-88f9-4c9b-a8e4-c43327edd538 ] Request (ServersWithSpecificFlavorTestJSON:test_verify_created_server_ephemeral_disk): 200 GET http://10.180.1.21/compute/v2.1/servers/37e96c2a-09f5-47dd-b370-f014510e82db 1.863s
2024-09-20 17:39:24.951 62570 INFO tempest.lib.common.rest_client [req-5cc03bcf-2da0-4d63-89a8-7b1874be3097 req-5cc03bcf-2da0-4d63-89a8-7b1874be3097 ] Request (ImagesOneServerNegativeTestJSON:setUpClass): 200 GET http://10.180.1.21/compute/v2.1/servers/829ea1ca-475c-4aad-bf9c-44af727db198 1.827s
2024-09-20 17:39:24.998 62572 INFO tempest.lib.common.rest_client [req-ac1256a5-334d-4d3e-b1e6-e9094fa48f73 req-ac1256a5-334d-4d3e-b1e6-e9094fa48f73 ] Request (ListServerFiltersTestJSON:setUpClass): 200 GET http://10.180.1.21/compute/v2.1/servers/840b553e-4446-4e9f-b175-cc28c93a8be9 1.875s
2024-09-20 17:39:25.017 62546 INFO tempest.lib.common.rest_client [req-5ddf1db3-b7f6-4fa0-b2d8-8bf7c72e4447 req-5ddf1db3-b7f6-4fa0-b2d8-8bf7c72e4447 ] Request (ServersTestManualDisk:setUpClass): 201 POST http://10.180.1.21:9696/networking/v2.0/security-groups 0.154s
2024-09-20 17:39:25.056 62574 INFO tempest.lib.common.rest_client [req-04c5951b-a765-4845-be3e-67217cebaf43 req-04c5951b-a765-4845-be3e-67217cebaf43 ] Request (AttachInterfacesV270Test:test_create_get_list_interfaces): 200 GET http://10.180.1.21/compute/v2.1/servers/6f13d83b-b9f5-40d7-bdcd-4141cef799a2 1.580s
2024-09-20 17:39:25.145 62546 INFO tempest.lib.common.rest_client [req-0a97d7a6-025b-4f2f-ba76-9ddded8efe25 req-0a97d7a6-025b-4f2f-ba76-9ddded8efe25 ] Request (ServersTestManualDisk:setUpClass): 201 POST http://10.180.1.21:9696/networking/v2.0/security-group-rules 0.127s
2024-09-20 17:39:25.289 62552 INFO tempest.lib.common.rest_client [req-ed2cc4d5-2f70-4002-989c-f6013386409e req-ed2cc4d5-2f70-4002-989c-f6013386409e ] Request (ImagesMetadataTestJSON:setUp): 200 PUT http://10.180.1.21/compute/v2.1/images/570753f7-3662-466f-8fdf-8466d2a77595/metadata 1.715s
2024-09-20 17:39:25.291 62546 INFO tempest.lib.common.rest_client [req-91b07b9e-347f-4f14-a4bb-f167ea26bb30 req-91b07b9e-347f-4f14-a4bb-f167ea26bb30 ] Request (ServersTestManualDisk:setUpClass): 201 POST http://10.180.1.21:9696/networking/v2.0/security-group-rules 0.146s
2024-09-20 17:39:25.314 62578 INFO tempest.lib.common.rest_client [req-b63ec432-ca87-4730-8120-4c99e1a40704 req-b63ec432-ca87-4730-8120-4c99e1a40704 ] Request (FlavorsAdminTestJSON:test_is_public_string_variations): 200 GET http://10.180.1.21/compute/v2.1/flavors/detail?is_public=true 1.717s
2024-09-20 17:39:25.329 62564 INFO tempest.lib.common.rest_client [req-90638f73-a039-4cbf-90ca-616cb501594f req-90638f73-a039-4cbf-90ca-616cb501594f ] Request (KeyPairsV22TestJSON:_run_cleanups): 204 DELETE http://10.180.1.21/compute/v2.1/os-keypairs/tempest-keypair-629854827 1.509s
2024-09-20 17:39:25.442 62554 INFO tempest.lib.common.rest_client [req-7e9e4f2c-700f-4cc8-a1af-a099807b5eda req-7e9e4f2c-700f-4cc8-a1af-a099807b5eda ] Request (FloatingIPsAssociationNegativeTestJSON:setUpClass): 200 GET http://10.180.1.21/compute/v2.1/servers/45ecf4b0-c9a1-486f-a5c8-8447bbdb33f3 1.557s
2024-09-20 17:39:25.502 62540 INFO tempest.lib.common.rest_client [req-45cc6e77-3ab9-40c8-9960-f090e2ae7867 req-45cc6e77-3ab9-40c8-9960-f090e2ae7867 ] Request (MigrationsAdminTest:test_list_migrations_in_flavor_resize_situation): 200 GET http://10.180.1.21/compute/v2.1/servers/1ccf3589-cfd4-4e41-89da-80bb752ceab8 1.569s
2024-09-20 17:39:25.561 62558 INFO tempest.lib.common.rest_client [req-3ba4de87-4920-4dc0-ac2a-5e9fee53f87e req-3ba4de87-4920-4dc0-ac2a-5e9fee53f87e ] Request (ServerActionsTestOtherB:setUpClass): 200 GET http://10.180.1.21/compute/v2.1/servers/d4feff80-fc8a-4faf-9f37-5bdaef9cf5f2 1.570s
2024-09-20 17:39:25.619 62590 INFO tempest.lib.common.rest_client [req-d72e9e51-f2d3-4972-998e-ef27a5378e94 req-d72e9e51-f2d3-4972-998e-ef27a5378e94 ] Request (FloatingIPsAssociationTestJSON:setUpClass): 200 GET http://10.180.1.21/compute/v2.1/servers/8d59ab18-21b0-4b28-b050-4f78d0203073 1.569s
2024-09-20 17:39:25.678 62560 INFO tempest.lib.common.rest_client [req-264fbe23-4dde-4721-b748-57c209f4cbff req-264fbe23-4dde-4721-b748-57c209f4cbff ] Request (ServerShowV247Test:test_update_rebuild_list_server): 200 PUT http://10.180.1.21/compute/v2.1/servers/51301fe2-f618-4d05-837e-0bdc9abe97dc 1.571s
2024-09-20 17:39:25.731 62576 INFO tempest.lib.common.rest_client [req-0783cffa-cf18-4dc0-a085-519ef3015cb6 req-0783cffa-cf18-4dc0-a085-519ef3015cb6 ] Request (InstanceActionsTestJSON:setUpClass): 200 GET http://10.180.1.21/compute/v2.1/servers/b07c63a4-80fc-4840-a9a3-2ce97499caf2 1.197s
2024-09-20 17:39:25.760 62546 INFO tempest.lib.common.rest_client [req-a4e27fb4-540f-4d90-8633-aa00e66070cc req-a4e27fb4-540f-4d90-8633-aa00e66070cc ] Request (ServersTestManualDisk:setUpClass): 201 POST http://10.180.1.21:9696/networking/v2.0/floatingips 0.468s
2024-09-20 17:39:25.803 62546 INFO tempest.lib.common.rest_client [req-e18c2b4d-4a5f-4a60-b28a-e4404f054754 req-e18c2b4d-4a5f-4a60-b28a-e4404f054754 ] Request (ServersTestManualDisk:setUpClass): 201 POST http://10.180.1.21/identity/v3/auth/tokens 0.038s
2024-09-20 17:39:25.803 62546 INFO tempest.lib.common.fixed_network [-] (ServersTestManualDisk:setUpClass) Found network {'id': 'ce76c848-9a38-49d4-93a5-a17bf9a4b005', 'name': 'tempest-ServersTestManualDisk-1046058284-network', 'tenant_id': '8ac3f1a96d7b4a0ba94d9e8d0f151e5c', 'admin_state_up': True, 'mtu': 8950, 'status': 'ACTIVE', 'subnets': [], 'shared': False, 'project_id': '8ac3f1a96d7b4a0ba94d9e8d0f151e5c', 'port_security_enabled': True, 'router:external': False, 'provider:network_type': 'vlan', 'provider:physical_network': 'default', 'provider:segmentation_id': 112, 'is_default': False, 'availability_zone_hints': [], 'availability_zones': [], 'ipv4_address_scope': None, 'ipv6_address_scope': None, 'description': '', 'tags': [], 'created_at': '2024-09-20T17:39:19Z', 'updated_at': '2024-09-20T17:39:19Z', 'revision_number': 1} available for tenant
2024-09-20 17:39:25.864 62542 INFO tempest.lib.common.rest_client [req-253de87a-a975-479b-a49c-ab69de900eff req-253de87a-a975-479b-a49c-ab69de900eff ] Request (SecurityGroupRulesNegativeTestJSON:tearDownClass): 202 DELETE http://10.180.1.21/compute/v2.1/os-security-groups/f2ee059b-6dbe-42d9-beb6-3a3605374d9a 1.326s
2024-09-20 17:39:25.912 62588 INFO tempest.lib.common.rest_client [req-74ca1824-1a26-48ee-a23c-328f8067c158 req-74ca1824-1a26-48ee-a23c-328f8067c158 ] Request (ImagesOneServerTestJSON:setUpClass): 200 GET http://10.180.1.21/compute/v2.1/servers/699da319-5a4b-48d8-b187-dca190386363 1.231s
2024-09-20 17:39:25.959 62568 INFO tempest.lib.common.rest_client [req-c8aca95a-f0e9-4f5d-96b2-5410d2178be9 req-c8aca95a-f0e9-4f5d-96b2-5410d2178be9 ] Request (ServerExternalEventsTest:test_create_server_external_events): 200 GET http://10.180.1.21/compute/v2.1/servers/b4de91fb-b5cc-4bd0-af52-fbca77ba9c3a 1.207s
2024-09-20 17:39:25.981 62548 INFO tempest.lib.common.rest_client [req-d5fdbae4-8c61-4a6e-b17a-f1487beaaa26 req-d5fdbae4-8c61-4a6e-b17a-f1487beaaa26 ] Request (HostsAdminTestJSON:test_list_hosts_with_a_blank_zone): 200 GET http://10.180.1.21/compute/v2.1/os-hosts?zone= 1.224s
2024-09-20 17:39:26.029 62566 INFO tempest.lib.common.rest_client [req-b9b3d071-78e2-4ae3-a5ae-cfb6e4155b92 req-b9b3d071-78e2-4ae3-a5ae-cfb6e4155b92 ] Request (ImagesTestJSON:test_create_image_from_stopped_server): 200 GET http://10.180.1.21/compute/v2.1/servers/71b54fcd-f12c-46aa-bded-3380bbd2b6ea 1.210s
2024-09-20 17:39:26.087 62582 INFO tempest.lib.common.rest_client [req-c5c22f32-96d9-470c-a4c5-41c82b640036 req-c5c22f32-96d9-470c-a4c5-41c82b640036 ] Request (ServersAdminTestJSON:setUpClass): 200 GET http://10.180.1.21/compute/v2.1/servers/2edd71d8-1b93-4863-b31b-a4c169606110 1.206s
2024-09-20 17:39:26.211 62532 INFO tempest.lib.common.rest_client [req-e2fa9d14-db48-4fa6-bbf7-389274464410 req-e2fa9d14-db48-4fa6-bbf7-389274464410 ] Request (SecurityGroupsTestJSON:test_list_security_groups_by_server): 200 POST http://10.180.1.21/compute/v2.1/os-security-groups 1.317s
2024-09-20 17:39:26.256 62528 INFO tempest.lib.common.rest_client [req-9341f07c-ed5f-4ef8-a3f7-47973cf4ea13 req-9341f07c-ed5f-4ef8-a3f7-47973cf4ea13 ] Request (ServersNegativeTestJSON:setUpClass): 200 GET http://10.180.1.21/compute/v2.1/servers/2b054c86-e8f7-4585-bb3a-57632092843f 1.290s
2024-09-20 17:39:26.312 62580 INFO tempest.lib.common.rest_client [req-cec96fa2-672d-490b-833f-242d83adb36e req-cec96fa2-672d-490b-833f-242d83adb36e ] Request (ServersV294TestFqdnHostnames:setUpClass): 200 GET http://10.180.1.21/compute/v2.1/servers/552e0085-7216-41c7-8ede-f83ba9c15d6c 1.130s
2024-09-20 17:39:26.367 62534 INFO tempest.lib.common.rest_client [req-ad0bd09a-4ae1-4ed2-95d0-8a635431d022 req-ad0bd09a-4ae1-4ed2-95d0-8a635431d022 ] Request (TenantUsagesTestJSON:setUpClass): 200 GET http://10.180.1.21/compute/v2.1/servers/eea2df5c-e1f0-49f3-a071-f34ed0695a47 1.125s
2024-09-20 17:39:26.395 62550 INFO tempest.lib.common.rest_client [req-9e2c18d4-3280-455e-96de-2cf4a3bda017 req-9e2c18d4-3280-455e-96de-2cf4a3bda017 ] Request (SecurityGroupsTestAdminJSON:test_list_security_groups_list_all_tenants_filter): 200 GET http://10.180.1.21/compute/v2.1/os-security-groups?all_tenants=true 5.041s
2024-09-20 17:39:26.446 62530 INFO tempest.lib.common.rest_client [req-12d7f66d-4a08-4d9b-b5ca-0b43779e51c1 req-12d7f66d-4a08-4d9b-b5ca-0b43779e51c1 ] Request (ServerDiagnosticsTest:test_get_server_diagnostics): 200 GET http://10.180.1.21/compute/v2.1/servers/287102d9-2221-462a-ac40-1ff553eeec46 1.141s
2024-09-20 17:39:26.463 62578 INFO tempest.lib.common.rest_client [req-e91019d3-da60-4aa7-8fb2-4a9bba42209e req-e91019d3-da60-4aa7-8fb2-4a9bba42209e ] Request (FlavorsAdminTestJSON:test_is_public_string_variations): 200 GET http://10.180.1.21/compute/v2.1/flavors/detail?is_public=yes 1.142s
2024-09-20 17:39:26.551 62552 INFO tempest.lib.common.rest_client [req-95bbce14-c167-4e5d-b44d-b8c9cdb6fc5d req-95bbce14-c167-4e5d-b44d-b8c9cdb6fc5d ] Request (ImagesMetadataTestJSON:test_set_image_metadata_item): 200 PUT http://10.180.1.21/compute/v2.1/images/570753f7-3662-466f-8fdf-8466d2a77595/metadata/os_version 1.262s
2024-09-20 17:39:26.614 62584 INFO tempest.lib.common.rest_client [req-d26382f7-c2e4-4302-8472-ee45666be1fc req-d26382f7-c2e4-4302-8472-ee45666be1fc ] Request (VolumesAdminNegativeTest:test_update_attached_volume_with_nonexistent_volume_in_body): 200 GET http://10.180.1.21/compute/v2.1/servers/24e45383-4cbd-4a46-9cfc-3f36dfdb5bdc 1.255s
2024-09-20 17:39:26.673 62538 INFO tempest.lib.common.rest_client [req-6d1ae392-3bc3-4f20-8396-89bac0d83dde req-6d1ae392-3bc3-4f20-8396-89bac0d83dde ] Request (DeleteServersAdminTestJSON:test_admin_delete_servers_of_others): 200 GET http://10.180.1.21/compute/v2.1/servers/9b60c5b6-e1b5-4215-bda1-acffcad73829 1.074s
2024-09-20 17:39:26.715 62544 INFO tempest.lib.common.rest_client [req-2d404bb3-7958-491a-a7cf-b130ed8eba2d req-2d404bb3-7958-491a-a7cf-b130ed8eba2d ] Request (ServerDiskConfigTestJSON:test_rebuild_server_with_manual_disk_config): 200 GET http://10.180.1.21/compute/v2.1/servers/a29f3832-3bb5-4498-9d8e-468621fc345b 1.066s
2024-09-20 17:39:26.762 62560 INFO tempest.lib.common.rest_client [req-f90092f2-a793-4ab2-97cf-39b59d0c7363 req-f90092f2-a793-4ab2-97cf-39b59d0c7363 ] Request (ServerShowV247Test:test_update_rebuild_list_server): 200 GET http://10.180.1.21/compute/v2.1/servers/51301fe2-f618-4d05-837e-0bdc9abe97dc 1.076s
2024-09-20 17:39:26.814 62536 INFO tempest.lib.common.rest_client [req-c5c62b27-9c28-4b7d-ae53-f8a25763396b req-c5c62b27-9c28-4b7d-ae53-f8a25763396b ] Request (VolumesAssistedSnapshotsTest:test_volume_assisted_snapshot_create_delete): 200 GET http://10.180.1.21/compute/v2.1/servers/e245a96b-51f7-4344-b0c3-187ecd485015 1.101s
2024-09-20 17:39:27.010 62564 INFO tempest.lib.common.rest_client [req-55ae0dba-8887-4d2f-96de-a6c00d2895f5 req-55ae0dba-8887-4d2f-96de-a6c00d2895f5 ] Request (KeyPairsV22TestJSON:test_keypairsv22_create_list_show_with_type): 201 POST http://10.180.1.21/compute/v2.1/os-keypairs 1.680s
2024-09-20 17:39:27.060 62562 INFO tempest.lib.common.rest_client [req-dab6a195-6c2a-4370-ba9a-1a4fb8e2fbc8 req-dab6a195-6c2a-4370-ba9a-1a4fb8e2fbc8 ] Request (ServerTagsTestJSON:setUpClass): 200 GET http://10.180.1.21/compute/v2.1/servers/c4284301-7dd8-4c73-af3f-db3a2dad845e 1.247s
2024-09-20 17:39:27.146 62546 INFO tempest.lib.common.rest_client [req-8073ef65-ef02-4bf3-a4e8-5b058cd61db5 req-8073ef65-ef02-4bf3-a4e8-5b058cd61db5 ] Request (ServersTestManualDisk:setUpClass): 202 POST http://10.180.1.21/compute/v2.1/servers 1.341s
2024-09-20 17:39:27.184 62542 INFO tempest.lib.common.rest_client [req-368a778d-1cdc-43c0-8752-f535ab83216c req-368a778d-1cdc-43c0-8752-f535ab83216c ] Request (SecurityGroupRulesNegativeTestJSON:tearDownClass): 202 DELETE http://10.180.1.21/compute/v2.1/os-security-groups/ebd12cc0-5e70-42df-8349-9488e21066d2 1.319s
2024-09-20 17:39:27.197 62586 INFO tempest.lib.common.rest_client [req-2aa5e9de-0477-4b59-84c0-b7f31911a60a req-2aa5e9de-0477-4b59-84c0-b7f31911a60a ] Request (ServersWithSpecificFlavorTestJSON:test_verify_created_server_ephemeral_disk): 200 GET http://10.180.1.21/compute/v2.1/servers/37e96c2a-09f5-47dd-b370-f014510e82db 1.281s
2024-09-20 17:39:27.216 62548 INFO tempest.lib.common.rest_client [req-1e6a886c-a0da-4fb7-89c2-5d8fb2a2e269 req-1e6a886c-a0da-4fb7-89c2-5d8fb2a2e269 ] Request (HostsAdminTestJSON:test_list_hosts_with_nonexistent_zone): 200 GET http://10.180.1.21/compute/v2.1/os-hosts?zone=xxx 1.232s
2024-09-20 17:39:27.252 62570 INFO tempest.lib.common.rest_client [req-ea23b241-079b-4bc0-beb4-1b49e3d1e44f req-ea23b241-079b-4bc0-beb4-1b49e3d1e44f ] Request (ImagesOneServerNegativeTestJSON:setUpClass): 200 GET http://10.180.1.21/compute/v2.1/servers/829ea1ca-475c-4aad-bf9c-44af727db198 1.287s
2024-09-20 17:39:27.259 62572 INFO tempest.lib.common.rest_client [req-4b756fb1-992d-4fea-a099-b7fcb60b006e req-4b756fb1-992d-4fea-a099-b7fcb60b006e ] Request (ListServerFiltersTestJSON:setUpClass): 200 GET http://10.180.1.21/compute/v2.1/servers/840b553e-4446-4e9f-b175-cc28c93a8be9 1.253s
2024-09-20 17:39:27.311 62574 INFO tempest.lib.common.rest_client [req-da25de09-bb76-4f37-840a-fd984421c4ba req-da25de09-bb76-4f37-840a-fd984421c4ba ] Request (AttachInterfacesV270Test:test_create_get_list_interfaces): 200 GET http://10.180.1.21/compute/v2.1/servers/6f13d83b-b9f5-40d7-bdcd-4141cef799a2 1.245s
2024-09-20 17:39:27.362 62532 INFO tempest.lib.common.rest_client [req-70de96d4-29cd-48dc-a165-b6df7ae83af5 req-70de96d4-29cd-48dc-a165-b6df7ae83af5 ] Request (SecurityGroupsTestJSON:test_list_security_groups_by_server): 200 POST http://10.180.1.21/compute/v2.1/os-security-groups 1.149s
2024-09-20 17:39:27.404 62532 INFO tempest.lib.common.rest_client [req-08b34677-9985-4758-98e3-e314d909b27c req-08b34677-9985-4758-98e3-e314d909b27c ] Request (SecurityGroupsTestJSON:test_list_security_groups_by_server): 201 POST http://10.180.1.21/identity/v3/auth/tokens 0.036s
2024-09-20 17:39:27.404 62532 INFO tempest.lib.common.fixed_network [-] (SecurityGroupsTestJSON:test_list_security_groups_by_server) Found network {'id': '50626953-beea-4dde-8666-3e5a7ece5cf8', 'name': 'tempest-SecurityGroupsTestJSON-2145087460-network', 'tenant_id': 'f5fd575151d84b00bee78c1a0afdf0c2', 'admin_state_up': True, 'mtu': 8950, 'status': 'ACTIVE', 'subnets': [], 'shared': False, 'project_id': 'f5fd575151d84b00bee78c1a0afdf0c2', 'port_security_enabled': True, 'router:external': False, 'provider:network_type': 'vlan', 'provider:physical_network': 'default', 'provider:segmentation_id': 778, 'is_default': False, 'availability_zone_hints': [], 'availability_zones': [], 'ipv4_address_scope': None, 'ipv6_address_scope': None, 'description': '', 'tags': [], 'created_at': '2024-09-20T17:39:21Z', 'updated_at': '2024-09-20T17:39:21Z', 'revision_number': 1} available for tenant
2024-09-20 17:39:27.406 62554 INFO tempest.lib.common.rest_client [req-5faa7f4e-0ed0-4a22-aacf-cfda626ef207 req-5faa7f4e-0ed0-4a22-aacf-cfda626ef207 ] Request (FloatingIPsAssociationNegativeTestJSON:setUpClass): 200 GET http://10.180.1.21/compute/v2.1/servers/45ecf4b0-c9a1-486f-a5c8-8447bbdb33f3 0.956s
2024-09-20 17:39:27.423 62578 INFO tempest.lib.common.rest_client [req-529e373f-1cd6-48df-b9fc-7ef45552d2f8 req-529e373f-1cd6-48df-b9fc-7ef45552d2f8 ] Request (FlavorsAdminTestJSON:test_is_public_string_variations): 200 GET http://10.180.1.21/compute/v2.1/flavors/detail?is_public=1 0.955s
2024-09-20 17:39:27.448 62550 INFO tempest.lib.common.rest_client [req-1db81c55-0aa6-4af3-9d00-85f47c3e96e8 req-1db81c55-0aa6-4af3-9d00-85f47c3e96e8 ] Request (SecurityGroupsTestAdminJSON:test_list_security_groups_list_all_tenants_filter): 200 GET http://10.180.1.21/compute/v2.1/os-security-groups?all_tenants=true 1.042s
2024-09-20 17:39:27.477 62540 INFO tempest.lib.common.rest_client [req-d9d6455d-b0c1-4e8a-a66f-4a46a0b030a3 req-d9d6455d-b0c1-4e8a-a66f-4a46a0b030a3 ] Request (MigrationsAdminTest:test_list_migrations_in_flavor_resize_situation): 200 GET http://10.180.1.21/compute/v2.1/servers/1ccf3589-cfd4-4e41-89da-80bb752ceab8 0.967s
2024-09-20 17:39:27.485 62552 INFO tempest.lib.common.rest_client [req-c7e4bc8e-1d78-4e2f-ba4f-b39fc5d24208 req-c7e4bc8e-1d78-4e2f-ba4f-b39fc5d24208 ] Request (ImagesMetadataTestJSON:test_set_image_metadata_item): 200 GET http://10.180.1.21/compute/v2.1/images/570753f7-3662-466f-8fdf-8466d2a77595/metadata 0.932s
2024-09-20 17:39:27.536 62590 INFO tempest.lib.common.rest_client [req-1a12bf9c-f7b4-47e4-80ae-7cda4d0ca1d3 req-1a12bf9c-f7b4-47e4-80ae-7cda4d0ca1d3 ] Request (FloatingIPsAssociationTestJSON:setUpClass): 200 GET http://10.180.1.21/compute/v2.1/servers/8d59ab18-21b0-4b28-b050-4f78d0203073 0.908s
2024-09-20 17:39:27.541 62558 INFO tempest.lib.common.rest_client [req-00ffd6e7-fcc9-47b0-b718-dfa423b981ec req-00ffd6e7-fcc9-47b0-b718-dfa423b981ec ] Request (ServerActionsTestOtherB:setUpClass): 200 GET http://10.180.1.21/compute/v2.1/servers/d4feff80-fc8a-4faf-9f37-5bdaef9cf5f2 0.969s
2024-09-20 17:39:27.583 62576 INFO tempest.lib.common.rest_client [req-03637a17-dd7a-4fd5-8fc1-5fb0dbdec22e req-03637a17-dd7a-4fd5-8fc1-5fb0dbdec22e ] Request (InstanceActionsTestJSON:setUpClass): 200 GET http://10.180.1.21/compute/v2.1/servers/b07c63a4-80fc-4840-a9a3-2ce97499caf2 0.844s
2024-09-20 17:39:27.598 62588 INFO tempest.lib.common.rest_client [req-ceb1630e-6cd2-4f5a-92dc-4f22ba83c156 req-ceb1630e-6cd2-4f5a-92dc-4f22ba83c156 ] Request (ImagesOneServerTestJSON:setUpClass): 200 GET http://10.180.1.21/compute/v2.1/servers/699da319-5a4b-48d8-b187-dca190386363 0.678s
2024-09-20 17:39:27.605 62588 INFO tempest.common.waiters [-] State transition "BUILD/spawning" ==> "ERROR/None" after 39 second wait
2024-09-20 17:39:27.606 62564 INFO tempest.lib.common.rest_client [req-7f7ea5fd-0a71-4399-b965-5a763b06303f req-7f7ea5fd-0a71-4399-b965-5a763b06303f ] Request (KeyPairsV22TestJSON:test_keypairsv22_create_list_show_with_type): 200 GET http://10.180.1.21/compute/v2.1/os-keypairs/tempest-keypair-2032128101 0.594s
2024-09-20 17:39:27.639 62568 INFO tempest.lib.common.rest_client [req-cd31c702-a8cf-4f6f-abb8-f30e5ed6fede req-cd31c702-a8cf-4f6f-abb8-f30e5ed6fede ] Request (ServerExternalEventsTest:test_create_server_external_events): 200 GET http://10.180.1.21/compute/v2.1/servers/b4de91fb-b5cc-4bd0-af52-fbca77ba9c3a 0.673s
2024-09-20 17:39:27.693 62566 INFO tempest.lib.common.rest_client [req-a902901f-00a0-4e56-abda-5dc907b4da24 req-a902901f-00a0-4e56-abda-5dc907b4da24 ] Request (ImagesTestJSON:test_create_image_from_stopped_server): 200 GET http://10.180.1.21/compute/v2.1/servers/71b54fcd-f12c-46aa-bded-3380bbd2b6ea 0.657s
2024-09-20 17:39:27.702 62582 INFO tempest.lib.common.rest_client [req-61c39f3e-5b39-46f8-bb3b-39f7b3de2af0 req-61c39f3e-5b39-46f8-bb3b-39f7b3de2af0 ] Request (ServersAdminTestJSON:setUpClass): 200 GET http://10.180.1.21/compute/v2.1/servers/2edd71d8-1b93-4863-b31b-a4c169606110 0.608s
2024-09-20 17:39:27.736 62546 INFO tempest.lib.common.rest_client [req-40bba7f6-306c-4dd2-a2e3-bf2e5a0f754d req-40bba7f6-306c-4dd2-a2e3-bf2e5a0f754d ] Request (ServersTestManualDisk:setUpClass): 200 GET http://10.180.1.21/compute/v2.1/servers/c608ff0d-f3e3-4c7b-befd-e93416ed0ddc 0.588s
2024-09-20 17:39:27.756 62548 INFO tempest.lib.common.rest_client [req-e75fe201-56fd-4aef-bbae-80a8a185b1e8 req-e75fe201-56fd-4aef-bbae-80a8a185b1e8 ] Request (HostsAdminTestJSON:test_list_hosts_with_zone): 200 GET http://10.180.1.21/compute/v2.1/os-hosts 0.536s
2024-09-20 17:39:27.808 62528 INFO tempest.lib.common.rest_client [req-f4bda273-043b-4b60-b03c-2152b3bf5fe1 req-f4bda273-043b-4b60-b03c-2152b3bf5fe1 ] Request (ServersNegativeTestJSON:setUpClass): 200 GET http://10.180.1.21/compute/v2.1/servers/2b054c86-e8f7-4585-bb3a-57632092843f 0.542s
2024-09-20 17:39:27.836 62542 INFO tempest.lib.common.rest_client [req-53218749-0d12-4ca5-a4d3-e8003568a81e req-53218749-0d12-4ca5-a4d3-e8003568a81e ] Request (SecurityGroupRulesNegativeTestJSON:tearDownClass): 202 DELETE http://10.180.1.21/compute/v2.1/os-security-groups/c947a903-9dd7-4525-bef5-b4e9fcec9b9c 0.651s
2024-09-20 17:39:27.867 62580 INFO tempest.lib.common.rest_client [req-2b259ef6-e39d-4938-943e-bbef3441af79 req-2b259ef6-e39d-4938-943e-bbef3441af79 ] Request (ServersV294TestFqdnHostnames:setUpClass): 200 GET http://10.180.1.21/compute/v2.1/servers/552e0085-7216-41c7-8ede-f83ba9c15d6c 0.546s
2024-09-20 17:39:27.894 62534 INFO tempest.lib.common.rest_client [req-4800d93f-eb06-4cc3-bf1c-6ca1c4e5289a req-4800d93f-eb06-4cc3-bf1c-6ca1c4e5289a ] Request (TenantUsagesTestJSON:setUpClass): 200 GET http://10.180.1.21/compute/v2.1/servers/eea2df5c-e1f0-49f3-a071-f34ed0695a47 0.516s
2024-09-20 17:39:27.909 62578 INFO tempest.lib.common.rest_client [req-cd81fa45-7546-4c46-8f96-2d2d488b21e3 req-cd81fa45-7546-4c46-8f96-2d2d488b21e3 ] Request (FlavorsAdminTestJSON:_run_cleanups): 202 DELETE http://10.180.1.21/compute/v2.1/flavors/1604571013 0.482s
2024-09-20 17:39:28.135 62550 INFO tempest.lib.common.rest_client [req-3d7fd754-8554-4d31-9c27-3d31200dcaba req-3d7fd754-8554-4d31-9c27-3d31200dcaba ] Request (SecurityGroupsTestAdminJSON:_run_cleanups): 202 DELETE http://10.180.1.21/compute/v2.1/os-security-groups/569c5af0-f878-44b9-ad3d-8e0297680c54 0.684s
2024-09-20 17:39:28.175 62532 INFO tempest.lib.common.rest_client [req-7d3747db-b5e1-4faa-8778-554dad0dc140 req-7d3747db-b5e1-4faa-8778-554dad0dc140 ] Request (SecurityGroupsTestJSON:test_list_security_groups_by_server): 202 POST http://10.180.1.21/compute/v2.1/servers 0.769s
2024-09-20 17:39:28.198 62530 INFO tempest.lib.common.rest_client [req-78daa465-ba4e-4f18-b3f3-f291116d62df req-78daa465-ba4e-4f18-b3f3-f291116d62df ] Request (ServerDiagnosticsTest:test_get_server_diagnostics): 200 GET http://10.180.1.21/compute/v2.1/servers/287102d9-2221-462a-ac40-1ff553eeec46 0.744s
2024-09-20 17:39:28.385 62552 INFO tempest.lib.common.rest_client [req-db9ac3e4-687c-4cfd-9391-d2f2719d77ac req-db9ac3e4-687c-4cfd-9391-d2f2719d77ac ] Request (ImagesMetadataTestJSON:setUp): 200 PUT http://10.180.1.21/compute/v2.1/images/570753f7-3662-466f-8fdf-8466d2a77595/metadata 0.897s
2024-09-20 17:39:28.394 62564 INFO tempest.lib.common.rest_client [req-23d34c74-333f-4e18-a023-8f0c7efcf866 req-23d34c74-333f-4e18-a023-8f0c7efcf866 ] Request (KeyPairsV22TestJSON:test_keypairsv22_create_list_show_with_type): 200 GET http://10.180.1.21/compute/v2.1/os-keypairs 0.786s
2024-09-20 17:39:28.443 62584 INFO tempest.lib.common.rest_client [req-59397e8a-7175-48ab-92d4-ac04f7e0aa28 req-59397e8a-7175-48ab-92d4-ac04f7e0aa28 ] Request (VolumesAdminNegativeTest:test_update_attached_volume_with_nonexistent_volume_in_body): 200 GET http://10.180.1.21/compute/v2.1/servers/24e45383-4cbd-4a46-9cfc-3f36dfdb5bdc 0.815s
2024-09-20 17:39:28.456 62588 INFO tempest.lib.common.rest_client [req-d6a7ed78-24e5-41ea-8157-33736fd3d3e7 req-d6a7ed78-24e5-41ea-8157-33736fd3d3e7 ] Request (ImagesOneServerTestJSON:setUpClass): 204 DELETE http://10.180.1.21/compute/v2.1/servers/699da319-5a4b-48d8-b187-dca190386363 0.851s
2024-09-20 17:39:28.491 62538 INFO tempest.lib.common.rest_client [req-c4a3785d-7d98-449a-91d9-bff6135001b6 req-c4a3785d-7d98-449a-91d9-bff6135001b6 ] Request (DeleteServersAdminTestJSON:test_admin_delete_servers_of_others): 200 GET http://10.180.1.21/compute/v2.1/servers/9b60c5b6-e1b5-4215-bda1-acffcad73829 0.809s
2024-09-20 17:39:28.497 62538 INFO tempest.common.waiters [-] State transition "BUILD/spawning" ==> "BUILD/scheduling" after 44 second wait
2024-09-20 17:39:28.508 62544 INFO tempest.lib.common.rest_client [req-0e65a35e-6bc9-415d-a954-2bfaeeb85b49 req-0e65a35e-6bc9-415d-a954-2bfaeeb85b49 ] Request (ServerDiskConfigTestJSON:test_rebuild_server_with_manual_disk_config): 200 GET http://10.180.1.21/compute/v2.1/servers/a29f3832-3bb5-4498-9d8e-468621fc345b 0.786s
2024-09-20 17:39:28.513 62548 INFO tempest.lib.common.rest_client [req-2718ddba-6576-43c5-bc16-b94c4d7aa5d1 req-2718ddba-6576-43c5-bc16-b94c4d7aa5d1 ] Request (HostsAdminTestJSON:test_list_hosts_with_zone): 200 GET http://10.180.1.21/compute/v2.1/os-hosts?zone=internal 0.756s
2024-09-20 17:39:28.558 62536 INFO tempest.lib.common.rest_client [req-fb074caa-6df0-47b9-b37c-036e447f772a req-fb074caa-6df0-47b9-b37c-036e447f772a ] Request (VolumesAssistedSnapshotsTest:test_volume_assisted_snapshot_create_delete): 200 GET http://10.180.1.21/compute/v2.1/servers/e245a96b-51f7-4344-b0c3-187ecd485015 0.736s
2024-09-20 17:39:28.565 62536 INFO tempest.common.waiters [-] State transition "BUILD/scheduling" ==> "BUILD/None" after 19 second wait
2024-09-20 17:39:28.569 62560 INFO tempest.lib.common.rest_client [req-a3f44b63-6e5b-46ad-a21a-c0d12ff4b0f2 req-a3f44b63-6e5b-46ad-a21a-c0d12ff4b0f2 ] Request (ServerShowV247Test:test_update_rebuild_list_server): 200 GET http://10.180.1.21/compute/v2.1/servers/51301fe2-f618-4d05-837e-0bdc9abe97dc 0.799s
2024-09-20 17:39:28.576 62578 INFO tempest.lib.common.rest_client [req-157b1d06-3cae-4d72-b751-5b4d97c96714 req-157b1d06-3cae-4d72-b751-5b4d97c96714 ] Request (FlavorsAdminTestJSON:_run_cleanups): 200 GET http://10.180.1.21/compute/v2.1/flavors/detail 0.663s
2024-09-20 17:39:28.715 62550 INFO tempest.lib.common.rest_client [req-ce47208d-5a86-4b83-90a3-49580c5fd02d req-ce47208d-5a86-4b83-90a3-49580c5fd02d ] Request (SecurityGroupsTestAdminJSON:_run_cleanups): 202 DELETE http://10.180.1.21/compute/v2.1/os-security-groups/65be3632-7eb2-456b-be9b-e72ed24d0825 0.580s
2024-09-20 17:39:28.755 62532 INFO tempest.lib.common.rest_client [req-ae1c0bc7-da28-4be5-a253-509e4b17896a req-ae1c0bc7-da28-4be5-a253-509e4b17896a ] Request (SecurityGroupsTestJSON:test_list_security_groups_by_server): 200 GET http://10.180.1.21/compute/v2.1/servers/0ead07ed-9f7c-485c-95c3-3aeede597c9b 0.579s
2024-09-20 17:39:28.791 62562 INFO tempest.lib.common.rest_client [req-1ba8cf44-3499-4871-89e6-fb86aa65194e req-1ba8cf44-3499-4871-89e6-fb86aa65194e ] Request (ServerTagsTestJSON:setUpClass): 200 GET http://10.180.1.21/compute/v2.1/servers/c4284301-7dd8-4c73-af3f-db3a2dad845e 0.723s
2024-09-20 17:39:28.805 62586 INFO tempest.lib.common.rest_client [req-40fdb47a-ec27-40b0-911c-beac928f32de req-40fdb47a-ec27-40b0-911c-beac928f32de ] Request (ServersWithSpecificFlavorTestJSON:test_verify_created_server_ephemeral_disk): 200 GET http://10.180.1.21/compute/v2.1/servers/37e96c2a-09f5-47dd-b370-f014510e82db 0.601s
2024-09-20 17:39:28.840 62542 INFO tempest.lib.common.rest_client [req-1ba39b00-a0dc-4d98-86ee-8d3d98eb9545 req-1ba39b00-a0dc-4d98-86ee-8d3d98eb9545 ] Request (SecurityGroupRulesNegativeTestJSON:tearDownClass): 200 PUT http://10.180.1.21:9696/networking/v2.0/routers/153e65c1-602e-4a49-b857-734961a06aba/remove_router_interface 1.004s
2024-09-20 17:39:28.841 62570 INFO tempest.lib.common.rest_client [req-ba96c151-0d2e-4b4f-911f-c63c2ccea144 req-ba96c151-0d2e-4b4f-911f-c63c2ccea144 ] Request (ImagesOneServerNegativeTestJSON:setUpClass): 200 GET http://10.180.1.21/compute/v2.1/servers/829ea1ca-475c-4aad-bf9c-44af727db198 0.583s
2024-09-20 17:39:28.854 62572 INFO tempest.lib.common.rest_client [req-f379c71e-f6cc-4825-8e8e-1aa0f1b3853b req-f379c71e-f6cc-4825-8e8e-1aa0f1b3853b ] Request (ListServerFiltersTestJSON:setUpClass): 200 GET http://10.180.1.21/compute/v2.1/servers/840b553e-4446-4e9f-b175-cc28c93a8be9 0.588s
