2024-09-20 17:38:59.058 62572 INFO tempest.lib.common.dynamic_creds [-] Created isolated network resources for: credentials: Credentials: {'domain_id': 'default', 'domain_name': 'Default', 'username': 'tempest-HypervisorAdminV253TestBase-470196112-project-admin', 'project_domain_id': 'default', 'project_domain_name': 'Default', 'project_id': '756e0923b2af441088378236e3ef1b9a', 'project_name': 'tempest-HypervisorAdminV253TestBase-470196112', 'tenant_id': '756e0923b2af441088378236e3ef1b9a', 'tenant_name': 'tempest-HypervisorAdminV253TestBase-470196112', 'user_domain_id': 'default', 'user_domain_name': 'Default', 'user_id': 'e67b5247b7a74a73aa229d3ee9669af2', 'system': None}, Network: None, Subnet: None, Router: None
2024-09-20 17:38:59.075 62582 INFO tempest.lib.common.rest_client [req-538b7b1e-ccb8-4f0e-945f-fef22099a970 req-538b7b1e-ccb8-4f0e-945f-fef22099a970 ] Request (ServersAdminTestJSON:setUpClass): 201 POST http://10.180.1.21:9696/networking/v2.0/routers 2.715s
2024-09-20 17:38:59.079 62564 INFO tempest.lib.common.rest_client [req-c54f8cf0-749d-43ee-bde8-9a593e542139 req-c54f8cf0-749d-43ee-bde8-9a593e542139 ] Request (FlavorsV2TestJSON:test_list_flavors_using_marker): 200 GET http://10.180.1.21/compute/v2.1/flavors?marker=42 1.869s
2024-09-20 17:38:59.133 62572 INFO tempest.lib.common.rest_client [req-a3dfe5b1-4165-445b-9eb9-bb9d1fd2d0d3 req-a3dfe5b1-4165-445b-9eb9-bb9d1fd2d0d3 ] Request (HypervisorAdminV253TestBase:setUpClass): 201 POST http://10.180.1.21/identity/v3/auth/tokens 0.071s
2024-09-20 17:38:59.375 62540 INFO tempest.lib.common.rest_client [req-d0d1aab6-918e-401e-a498-7fd9f96a7ba1 req-d0d1aab6-918e-401e-a498-7fd9f96a7ba1 ] Request (MigrationsAdminTest:test_list_migrations_in_flavor_resize_situation): 200 GET http://10.180.1.21/compute/v2.1/servers/1ccf3589-cfd4-4e41-89da-80bb752ceab8 1.758s
2024-09-20 17:38:59.447 62558 INFO tempest.lib.common.rest_client [req-e868092f-8115-453c-9d71-1aea985a7f3f req-e868092f-8115-453c-9d71-1aea985a7f3f ] Request (ServerActionsTestOtherB:setUpClass): 200 GET http://10.180.1.21/compute/v2.1/servers/d4feff80-fc8a-4faf-9f37-5bdaef9cf5f2 1.656s
2024-09-20 17:38:59.478 62588 INFO tempest.lib.common.rest_client [req-d1578446-c3b3-4bc5-ab85-bf9722753053 req-d1578446-c3b3-4bc5-ab85-bf9722753053 ] Request (ImagesOneServerTestJSON:setUpClass): 200 GET http://10.180.1.21/compute/v2.1/servers/699da319-5a4b-48d8-b187-dca190386363 2.299s
2024-09-20 17:38:59.487 62588 INFO tempest.common.waiters [-] State transition "BUILD/None" ==> "BUILD/block_device_mapping" after 11 second wait
2024-09-20 17:38:59.530 62590 INFO tempest.lib.common.rest_client [req-60f9dbbe-fb63-49b2-ba4d-bfd5234cde8b req-60f9dbbe-fb63-49b2-ba4d-bfd5234cde8b ] Request (FloatingIPsAssociationTestJSON:setUpClass): 201 POST http://10.180.1.21:9696/networking/v2.0/networks 0.983s
2024-09-20 17:38:59.587 62552 INFO tempest.lib.common.rest_client [req-7bf30954-f749-44cd-a356-0f33bec460e1 req-7bf30954-f749-44cd-a356-0f33bec460e1 ] Request (FlavorsV261TestJSON:test_crud_flavor): 200 POST http://10.180.1.21/compute/v2.1/flavors 1.774s
2024-09-20 17:38:59.653 62560 INFO tempest.lib.common.rest_client [req-1f8b965a-109c-4b15-87dd-7c8356f77bb4 req-1f8b965a-109c-4b15-87dd-7c8356f77bb4 ] Request (AttachInterfacesUnderV243Test:test_add_remove_fixed_ip): 200 GET http://10.180.1.21/compute/v2.1/servers/6d122c82-ef63-49b1-a1ca-05e58d335a39 1.825s
2024-09-20 17:38:59.681 62532 INFO tempest.lib.common.rest_client [req-2e8d4729-327e-4bec-8de4-1e629d97b0e9 req-2e8d4729-327e-4bec-8de4-1e629d97b0e9 ] Request (ServerDiagnosticsNegativeTest:test_get_server_diagnostics_by_non_admin): 200 GET http://10.180.1.21/compute/v2.1/servers/ba6f4352-e580-4977-96f5-b73aa0ec9aef 1.677s
2024-09-20 17:38:59.697 62578 INFO tempest.lib.common.rest_client [req-2d244e75-c9ef-4168-9811-03acb69d9619 req-2d244e75-c9ef-4168-9811-03acb69d9619 ] Request (FlavorsAdminTestJSON:_run_cleanups): 202 DELETE http://10.180.1.21/compute/v2.1/flavors/1c2bb385-9297-4352-892b-44d40b425b37 1.566s
2024-09-20 17:38:59.745 62528 INFO tempest.lib.common.rest_client [req-aa698508-a226-4aa9-bada-c4107d96a1f1 req-aa698508-a226-4aa9-bada-c4107d96a1f1 ] Request (KeyPairsV2TestJSON:test_keypairs_create_list_delete): 200 POST http://10.180.1.21/compute/v2.1/os-keypairs 1.589s
2024-09-20 17:38:59.778 62546 INFO tempest.lib.common.rest_client [req-990398bc-afc5-48e5-9613-01404fd77a37 req-990398bc-afc5-48e5-9613-01404fd77a37 ] Request (QuotasAdminTestJSON:test_get_updated_quotas): 200 GET http://10.180.1.21/compute/v2.1/os-quota-sets/face30aae6e742c8a5ecfc596b6ca9f8?user_id=4c19630b83a640828e6f9680bfe2cf99 1.665s
2024-09-20 17:38:59.834 62530 INFO tempest.lib.common.rest_client [req-2eb6047d-d995-4bac-ad6c-5f5363590415 req-2eb6047d-d995-4bac-ad6c-5f5363590415 ] Request (ServerDiagnosticsTest:test_get_server_diagnostics): 200 GET http://10.180.1.21/compute/v2.1/servers/287102d9-2221-462a-ac40-1ff553eeec46 1.656s
2024-09-20 17:38:59.857 62548 INFO tempest.lib.common.rest_client [req-d1224e8f-6979-4d7d-a09e-4902318099a6 req-d1224e8f-6979-4d7d-a09e-4902318099a6 ] Request (AggregatesAdminNegativeTestJSON:test_aggregate_create_with_existent_aggregate_name): 409 POST http://10.180.1.21/compute/v2.1/os-aggregates 1.283s
2024-09-20 17:38:59.884 62546 INFO tempest.lib.common.rest_client [req-26ed6b6c-a2be-471a-996a-38842bff7967 req-26ed6b6c-a2be-471a-996a-38842bff7967 ] Request (QuotasAdminTestJSON:_run_cleanups): 204 DELETE http://10.180.1.21/identity/v3/users/4c19630b83a640828e6f9680bfe2cf99 0.103s
2024-09-20 17:38:59.952 62536 INFO tempest.lib.common.rest_client [req-1bc78da9-b7f3-4681-ba76-de020f338c1a req-1bc78da9-b7f3-4681-ba76-de020f338c1a ] Request (VolumesAssistedSnapshotsTest:test_volume_assisted_snapshot_create_delete): 200 GET http://10.180.1.21/volume/v3/80eb2c35c65c4efca905829edb5e48ca/volumes/ee913575-d8ed-437e-8244-a71b3576fb8a 0.035s
2024-09-20 17:38:59.959 62536 INFO tempest.common.waiters [-] volume ee913575-d8ed-437e-8244-a71b3576fb8a reached available after waiting for 1.959592 seconds
2024-09-20 17:38:59.965 62534 INFO tempest.lib.common.rest_client [req-59dadde1-7e0c-412b-8177-986f314233c0 req-59dadde1-7e0c-412b-8177-986f314233c0 ] Request (TenantUsagesTestJSON:setUpClass): 200 GET http://10.180.1.21/compute/v2.1/servers/eea2df5c-e1f0-49f3-a071-f34ed0695a47 1.083s
2024-09-20 17:39:00.014 62546 INFO tempest.lib.common.rest_client [req-20980580-1f3f-4dae-aef4-bd2060d697a4 req-20980580-1f3f-4dae-aef4-bd2060d697a4 ] Request (QuotasAdminTestJSON:_run_cleanups): 204 DELETE http://10.180.1.21/identity/v3/projects/face30aae6e742c8a5ecfc596b6ca9f8 0.129s
2024-09-20 17:39:00.036 62564 INFO tempest.lib.common.rest_client [req-2e6961cb-f74e-4415-a3bd-740ea82f083b req-2e6961cb-f74e-4415-a3bd-740ea82f083b ] Request (FlavorsV2TestJSON:test_list_flavors_with_detail): 200 GET http://10.180.1.21/compute/v2.1/flavors/detail 0.953s
2024-09-20 17:39:00.068 62568 INFO tempest.lib.common.rest_client [req-0640c45b-6931-4925-a668-40ca5919eeb7 req-0640c45b-6931-4925-a668-40ca5919eeb7 ] Request (ServerExternalEventsTest:test_create_server_external_events): 200 GET http://10.180.1.21/compute/v2.1/servers/b4de91fb-b5cc-4bd0-af52-fbca77ba9c3a 1.774s
2024-09-20 17:39:00.080 62590 INFO tempest.lib.common.rest_client [req-8ba14e31-4962-4a2d-89b6-423629456e40 req-8ba14e31-4962-4a2d-89b6-423629456e40 ] Request (FloatingIPsAssociationTestJSON:setUpClass): 201 POST http://10.180.1.21:9696/networking/v2.0/subnets 0.549s
2024-09-20 17:39:00.112 62586 INFO tempest.lib.common.rest_client [req-a56a9b5c-0953-4744-973d-2c744989f303 req-a56a9b5c-0953-4744-973d-2c744989f303 ] Request (ValidationResourcesFixture:setUp): 201 POST http://10.180.1.21:9696/networking/v2.0/floatingips 1.446s
2024-09-20 17:39:00.130 62574 INFO tempest.lib.common.rest_client [req-c55afa11-5286-4d0d-8b6f-b43a33486a72 req-c55afa11-5286-4d0d-8b6f-b43a33486a72 ] Request (HostsAdminNegativeTestJSON:tearDownClass): 204 DELETE http://10.180.1.21:9696/networking/v2.0/security-groups/19f3e034-3202-411c-9eae-d5ef4f470435 1.108s
2024-09-20 17:39:00.196 62554 INFO tempest.lib.common.rest_client [req-28427f9b-6c89-4954-90eb-2fb2da3cf0fe req-28427f9b-6c89-4954-90eb-2fb2da3cf0fe ] Request (HypervisorAdminUnderV252Test:tearDownClass): 200 GET http://10.180.1.21:9696/networking/v2.0/security-groups?tenant_id=1cd1f278f0704a118608f5b9c801019c&name=default 1.335s
2024-09-20 17:39:00.206 62572 INFO tempest.lib.common.rest_client [req-ffe4095b-f186-44e2-b492-12a3639f5ac4 req-ffe4095b-f186-44e2-b492-12a3639f5ac4 ] Request (HypervisorAdminV253TestBase:test_list_show_detail_hypervisors): 200 GET http://10.180.1.21/compute/v2.1/os-hypervisors/detail?with_servers=True 1.072s
2024-09-20 17:39:00.218 62586 INFO tempest.lib.common.rest_client [req-935b7c0e-4ec7-4cc4-9ec2-3a472dc33f9c req-935b7c0e-4ec7-4cc4-9ec2-3a472dc33f9c ] Request (ServersWithSpecificFlavorTestJSON:test_verify_created_server_ephemeral_disk): 201 POST http://10.180.1.21/identity/v3/auth/tokens 0.051s
2024-09-20 17:39:00.219 62586 INFO tempest.lib.common.fixed_network [-] (ServersWithSpecificFlavorTestJSON:test_verify_created_server_ephemeral_disk) Found network {'id': 'ae976250-beda-4a91-b067-93f14f1fd306', 'name': 'tempest-ServersWithSpecificFlavorTestJSON-1889073663-network', 'tenant_id': '474421ff4b0d489483d2120e7dcf2bb5', 'admin_state_up': True, 'mtu': 8950, 'status': 'ACTIVE', 'subnets': [], 'shared': False, 'project_id': '474421ff4b0d489483d2120e7dcf2bb5', 'port_security_enabled': True, 'router:external': False, 'provider:network_type': 'vlan', 'provider:physical_network': 'default', 'provider:segmentation_id': 386, 'is_default': False, 'availability_zone_hints': [], 'availability_zones': [], 'ipv4_address_scope': None, 'ipv6_address_scope': None, 'description': '', 'tags': [], 'created_at': '2024-09-20T17:38:39Z', 'updated_at': '2024-09-20T17:38:39Z', 'revision_number': 1} available for tenant
2024-09-20 17:39:00.238 62574 INFO tempest.lib.common.rest_client [req-6c94a3f6-4b7b-43b0-8d89-2cf70c079e9e req-6c94a3f6-4b7b-43b0-8d89-2cf70c079e9e ] Request (HostsAdminNegativeTestJSON:tearDownClass): 204 DELETE http://10.180.1.21/identity/v3/projects/e82dc97971fc47948508129d65c031b3 0.107s
2024-09-20 17:39:00.238 62574 INFO tempest.lib.common.dynamic_creds [-] Deleting project and security group for project: 1dfb8f8c3e6941dfbb303b580c371741
2024-09-20 17:39:00.347 62556 INFO tempest.lib.common.rest_client [req-3fb4228d-a641-470b-b7fe-43dc082c8115 req-3fb4228d-a641-470b-b7fe-43dc082c8115 ] Request (ServerDiagnosticsV248Test:test_get_server_diagnostics): 200 GET http://10.180.1.21/compute/v2.1/servers/959a0557-acf1-4cfb-8259-081e715bb272 0.808s
2024-09-20 17:39:00.445 62552 INFO tempest.lib.common.rest_client [req-47a9dd8c-ca79-4aff-863a-009eff78bd5a req-47a9dd8c-ca79-4aff-863a-009eff78bd5a ] Request (FlavorsV261TestJSON:test_crud_flavor): 200 GET http://10.180.1.21/compute/v2.1/flavors/784510499 0.853s
2024-09-20 17:39:00.467 62578 INFO tempest.lib.common.rest_client [req-3da579e9-c61c-486c-aaa7-a986cbdca3da req-3da579e9-c61c-486c-aaa7-a986cbdca3da ] Request (FlavorsAdminTestJSON:_run_cleanups): 200 GET http://10.180.1.21/compute/v2.1/flavors/detail 0.769s
2024-09-20 17:39:00.503 62528 INFO tempest.lib.common.rest_client [req-5419612c-8667-4565-9f00-5c9ff866ed9a req-5419612c-8667-4565-9f00-5c9ff866ed9a ] Request (KeyPairsV2TestJSON:test_keypairs_create_list_delete): 200 POST http://10.180.1.21/compute/v2.1/os-keypairs 0.755s
2024-09-20 17:39:00.523 62548 INFO tempest.lib.common.rest_client [req-ad846d1c-d005-4154-9d95-7f78c09a0044 req-ad846d1c-d005-4154-9d95-7f78c09a0044 ] Request (AggregatesAdminNegativeTestJSON:_run_cleanups): 200 DELETE http://10.180.1.21/compute/v2.1/os-aggregates/4 0.665s
2024-09-20 17:39:00.528 62576 INFO tempest.lib.common.rest_client [req-9aa37d0e-e473-42e5-9eca-5c095d52188b req-9aa37d0e-e473-42e5-9eca-5c095d52188b ] Request (InstanceActionsTestJSON:setUpClass): 201 POST http://10.180.1.21:9696/networking/v2.0/subnets 1.979s
2024-09-20 17:39:00.618 62536 INFO tempest.lib.common.rest_client [req-2991fa23-dba0-4455-a6b0-5d9f2064ea19 req-2991fa23-dba0-4455-a6b0-5d9f2064ea19 ] Request (VolumesAssistedSnapshotsTest:test_volume_assisted_snapshot_create_delete): 200 POST http://10.180.1.21/compute/v2.1/os-keypairs 0.657s
2024-09-20 17:39:00.801 62544 INFO tempest.lib.common.rest_client [req-602ee67e-242a-4cac-91a6-62506113d556 req-602ee67e-242a-4cac-91a6-62506113d556 ] Request (ServerDiskConfigTestJSON:test_rebuild_server_with_auto_disk_config): 200 GET http://10.180.1.21/compute/v2.1/servers/7c4f8ba0-3a87-4c98-b8c3-49a6274fd352 0.816s
2024-09-20 17:39:00.818 62554 INFO tempest.lib.common.rest_client [req-94067506-7044-4075-a913-2c955a1b3388 req-94067506-7044-4075-a913-2c955a1b3388 ] Request (HypervisorAdminUnderV252Test:tearDownClass): 204 DELETE http://10.180.1.21:9696/networking/v2.0/security-groups/c6b38a94-eb88-40fa-9199-d82e843baa89 0.622s
2024-09-20 17:39:00.892 62574 INFO tempest.lib.common.rest_client [req-aeb9aa95-14a6-4d55-8644-e70c7bf04b36 req-aeb9aa95-14a6-4d55-8644-e70c7bf04b36 ] Request (HostsAdminNegativeTestJSON:tearDownClass): 200 GET http://10.180.1.21:9696/networking/v2.0/security-groups?tenant_id=1dfb8f8c3e6941dfbb303b580c371741&name=default 0.654s
2024-09-20 17:39:00.896 62584 INFO tempest.lib.common.rest_client [req-5875d477-2202-4a8d-9bb3-f48148babcc2 req-5875d477-2202-4a8d-9bb3-f48148babcc2 ] Request (VolumesAdminNegativeTest:test_update_attached_volume_with_nonexistent_volume_in_body): 201 POST http://10.180.1.21:9696/networking/v2.0/floatingips 3.823s
2024-09-20 17:39:00.898 62538 INFO tempest.lib.common.rest_client [req-5e1efa11-daf2-472c-abbb-090b415f315f req-5e1efa11-daf2-472c-abbb-090b415f315f ] Request (DeleteServersAdminTestJSON:test_admin_delete_servers_of_others): 200 GET http://10.180.1.21/compute/v2.1/servers/9b60c5b6-e1b5-4215-bda1-acffcad73829 1.476s
2024-09-20 17:39:00.902 62546 INFO tempest.lib.common.rest_client [req-bcce338d-4fac-40ce-a861-415b35883096 req-bcce338d-4fac-40ce-a861-415b35883096 ] Request (QuotasAdminTestJSON:test_update_all_quota_resources_for_tenant): 200 GET http://10.180.1.21/compute/v2.1/os-quota-sets/e6b8ed44c8a146368091595155e6ed69/defaults 0.885s
2024-09-20 17:39:00.915 62564 INFO tempest.lib.common.rest_client [req-ad15d6bd-1db6-49c7-b508-f03a922055a0 req-ad15d6bd-1db6-49c7-b508-f03a922055a0 ] Request (FlavorsV2TestJSON:test_list_flavors_with_detail): 200 GET http://10.180.1.21/compute/v2.1/flavors/42 0.874s
2024-09-20 17:39:00.978 62554 INFO tempest.lib.common.rest_client [req-d4d596fe-1e4e-4dda-80ba-22663162da2e req-d4d596fe-1e4e-4dda-80ba-22663162da2e ] Request (HypervisorAdminUnderV252Test:tearDownClass): 204 DELETE http://10.180.1.21/identity/v3/projects/1cd1f278f0704a118608f5b9c801019c 0.159s
2024-09-20 17:39:00.978 62554 INFO tempest.lib.common.dynamic_creds [-] Deleting project and security group for project: 621adf762b1e4d2e98a1767f9b35486a
2024-09-20 17:39:00.978 62572 INFO tempest.lib.common.rest_client [req-241ca5ee-495e-4c96-915b-8666c9907fe2 req-241ca5ee-495e-4c96-915b-8666c9907fe2 ] Request (HypervisorAdminV253TestBase:test_list_show_detail_hypervisors): 200 GET http://10.180.1.21/compute/v2.1/os-hypervisors?with_servers=True 0.767s
2024-09-20 17:39:01.010 62570 INFO tempest.lib.common.rest_client [req-8bfe5b63-ed6c-4167-90f8-77b9cbf585ea req-8bfe5b63-ed6c-4167-90f8-77b9cbf585ea ] Request (ImagesOneServerNegativeTestJSON:setUpClass): 200 GET http://10.180.1.21/compute/v2.1/servers/829ea1ca-475c-4aad-bf9c-44af727db198 0.955s
2024-09-20 17:39:01.020 62570 INFO tempest.common.waiters [-] State transition "BUILD/None" ==> "BUILD/block_device_mapping" after 12 second wait
2024-09-20 17:39:01.026 62584 INFO tempest.lib.common.rest_client [req-e2bb48a2-3a4c-465a-8e15-9f6465351d11 req-e2bb48a2-3a4c-465a-8e15-9f6465351d11 ] Request (VolumesAdminNegativeTest:test_update_attached_volume_with_nonexistent_volume_in_body): 201 POST http://10.180.1.21/identity/v3/auth/tokens 0.065s
2024-09-20 17:39:01.026 62584 INFO tempest.lib.common.fixed_network [-] (VolumesAdminNegativeTest:test_update_attached_volume_with_nonexistent_volume_in_body) Found network {'id': 'd3e1a44c-979e-495e-ae43-82a1e30cb3d8', 'name': 'tempest-VolumesAdminNegativeTest-381715508-network', 'tenant_id': '52833a14af0c4711956f9a28923ea47d', 'admin_state_up': True, 'mtu': 8950, 'status': 'ACTIVE', 'subnets': [], 'shared': False, 'project_id': '52833a14af0c4711956f9a28923ea47d', 'port_security_enabled': True, 'router:external': False, 'provider:network_type': 'vlan', 'provider:physical_network': 'default', 'provider:segmentation_id': 661, 'is_default': False, 'availability_zone_hints': [], 'availability_zones': [], 'ipv4_address_scope': None, 'ipv6_address_scope': None, 'description': '', 'tags': [], 'created_at': '2024-09-20T17:38:39Z', 'updated_at': '2024-09-20T17:38:39Z', 'revision_number': 1} available for tenant
2024-09-20 17:39:01.039 62564 INFO tempest.lib.common.rest_client [req-6733022d-16df-4252-bfe5-aceec1238c6f req-6733022d-16df-4252-bfe5-aceec1238c6f ] Request (FlavorsV2TestJSON:tearDownClass): 204 DELETE http://10.180.1.21/identity/v3/users/dcf8a1b7bb494dff9f69e2db4b1db0c8 0.120s
2024-09-20 17:39:01.039 62564 INFO tempest.lib.common.dynamic_creds [-] Deleting project and security group for project: be9e9d035f2941dc87a61abd9c88772b
2024-09-20 17:39:01.103 62564 INFO tempest.lib.common.rest_client [req-22ad358b-9b62-488c-8917-9adfb72cfd44 req-22ad358b-9b62-488c-8917-9adfb72cfd44 ] Request (FlavorsV2TestJSON:tearDownClass): 201 POST http://10.180.1.21/identity/v3/auth/tokens 0.063s
2024-09-20 17:39:01.129 62580 INFO tempest.lib.common.rest_client [req-c186687e-9f9e-4ac9-a8c7-e5e70df0481f req-c186687e-9f9e-4ac9-a8c7-e5e70df0481f ] Request (ServersV294TestFqdnHostnames:setUpClass): 201 POST http://10.180.1.21:9696/networking/v2.0/routers 6.102s
2024-09-20 17:39:01.339 62536 INFO tempest.lib.common.rest_client [req-6d8f995b-8fb7-4a93-96cd-ce37bd4e1ece req-6d8f995b-8fb7-4a93-96cd-ce37bd4e1ece ] Request (VolumesAssistedSnapshotsTest:test_volume_assisted_snapshot_create_delete): 201 POST http://10.180.1.21:9696/networking/v2.0/security-groups 0.720s
2024-09-20 17:39:01.484 62562 INFO tempest.lib.common.rest_client [req-d5453472-5cef-40ca-864b-57c33b5741cf req-d5453472-5cef-40ca-864b-57c33b5741cf ] Request (ServerTagsTestJSON:setUpClass): 201 POST http://10.180.1.21:9696/networking/v2.0/routers 5.926s
2024-09-20 17:39:01.543 62574 INFO tempest.lib.common.rest_client [req-0b7bf625-1116-4db3-be52-17fb96dedc1b req-0b7bf625-1116-4db3-be52-17fb96dedc1b ] Request (HostsAdminNegativeTestJSON:tearDownClass): 204 DELETE http://10.180.1.21:9696/networking/v2.0/security-groups/9e676a7d-56a7-4b17-884b-f236ef88f64e 0.650s
2024-09-20 17:39:01.622 62574 INFO tempest.lib.common.rest_client [req-9db5fdd2-df42-4f4f-a027-36502c7c4e08 req-9db5fdd2-df42-4f4f-a027-36502c7c4e08 ] Request (HostsAdminNegativeTestJSON:tearDownClass): 204 DELETE http://10.180.1.21/identity/v3/projects/1dfb8f8c3e6941dfbb303b580c371741 0.079s
2024-09-20 17:39:01.633 62540 INFO tempest.lib.common.rest_client [req-1284dc4c-55ff-4046-be47-3e5662222aef req-1284dc4c-55ff-4046-be47-3e5662222aef ] Request (MigrationsAdminTest:test_list_migrations_in_flavor_resize_situation): 200 GET http://10.180.1.21/compute/v2.1/servers/1ccf3589-cfd4-4e41-89da-80bb752ceab8 1.251s
2024-09-20 17:39:01.659 62552 INFO tempest.lib.common.rest_client [req-8a601a5f-2ce7-4e65-bf0f-48b454c4513f req-8a601a5f-2ce7-4e65-bf0f-48b454c4513f ] Request (FlavorsV261TestJSON:test_crud_flavor): 200 PUT http://10.180.1.21/compute/v2.1/flavors/784510499 1.207s
2024-09-20 17:39:01.670 62554 INFO tempest.lib.common.rest_client [req-0368f300-a72d-4759-b47e-1f7949d4cd03 req-0368f300-a72d-4759-b47e-1f7949d4cd03 ] Request (HypervisorAdminUnderV252Test:tearDownClass): 200 GET http://10.180.1.21:9696/networking/v2.0/security-groups?tenant_id=621adf762b1e4d2e98a1767f9b35486a&name=default 0.692s
2024-09-20 17:39:01.706 62574 INFO tempest.lib.common.rest_client [req-e25bfd26-c99c-4bcb-9f9f-85d07e32a4ce req-e25bfd26-c99c-4bcb-9f9f-85d07e32a4ce ] Request (KeyPairsNegativeTestJSON:setUpClass): 201 POST http://10.180.1.21/identity/v3/auth/tokens 0.082s
2024-09-20 17:39:01.745 62574 INFO tempest.lib.common.rest_client [req-3d380c6c-797f-4639-be8e-b2c2c501cdcf req-3d380c6c-797f-4639-be8e-b2c2c501cdcf ] Request (KeyPairsNegativeTestJSON:setUpClass): 201 POST http://10.180.1.21/identity/v3/auth/tokens 0.036s
2024-09-20 17:39:01.771 62574 INFO tempest.lib.common.rest_client [req-673bc30e-fd76-43ef-848d-db53ac086454 req-673bc30e-fd76-43ef-848d-db53ac086454 ] Request (KeyPairsNegativeTestJSON:setUpClass): 200 GET http://10.180.1.21/identity/v3/domains?name=Default 0.025s
2024-09-20 17:39:01.800 62574 INFO tempest.lib.common.rest_client [req-30a2dc9a-03a6-47d5-813c-1e5937aeb6d3 req-30a2dc9a-03a6-47d5-813c-1e5937aeb6d3 ] Request (KeyPairsNegativeTestJSON:setUpClass): 201 POST http://10.180.1.21/identity/v3/projects 0.029s
2024-09-20 17:39:01.833 62558 INFO tempest.lib.common.rest_client [req-84fc12ee-7770-4a14-811a-b8f2b5391487 req-84fc12ee-7770-4a14-811a-b8f2b5391487 ] Request (ServerActionsTestOtherB:setUpClass): 200 GET http://10.180.1.21/compute/v2.1/servers/d4feff80-fc8a-4faf-9f37-5bdaef9cf5f2 1.374s
2024-09-20 17:39:01.849 62578 INFO tempest.lib.common.rest_client [req-537a4300-452b-4c76-8fbd-7075482b07a4 req-537a4300-452b-4c76-8fbd-7075482b07a4 ] Request (FlavorsAdminTestJSON:test_create_flavor_with_uuid_id): 200 POST http://10.180.1.21/compute/v2.1/flavors 1.375s
2024-09-20 17:39:01.859 62574 INFO tempest.lib.common.rest_client [req-05a51201-e591-45e0-b87c-9fb7933c66c4 req-05a51201-e591-45e0-b87c-9fb7933c66c4 ] Request (KeyPairsNegativeTestJSON:setUpClass): 201 POST http://10.180.1.21/identity/v3/users 0.058s
2024-09-20 17:39:01.884 62574 INFO tempest.lib.common.rest_client [req-063e2c94-0714-4454-aa3c-c2178aa2e497 req-063e2c94-0714-4454-aa3c-c2178aa2e497 ] Request (KeyPairsNegativeTestJSON:setUpClass): 200 GET http://10.180.1.21/identity/v3/roles 0.025s
2024-09-20 17:39:01.912 62574 INFO tempest.lib.common.rest_client [req-890c425d-776e-4d12-84ee-b73915a542cc req-890c425d-776e-4d12-84ee-b73915a542cc ] Request (KeyPairsNegativeTestJSON:setUpClass): 204 PUT http://10.180.1.21/identity/v3/projects/b6c1afed6ace46b5bfefa9f0a6c954d1/users/213c562998134ed583cb137f518e3667/roles/51b3fb65f9da42e7b9b051a3c58673ae 0.027s
2024-09-20 17:39:01.912 62574 INFO tempest.lib.common.dynamic_creds [-] Dynamic test user 213c562998134ed583cb137f518e3667 is created with scope project and roles: ['member']
2024-09-20 17:39:01.913 62574 INFO tempest.lib.common.dynamic_creds [-] Acquired dynamic creds: credentials: Credentials: {'domain_id': 'default', 'domain_name': 'Default', 'username': 'tempest-KeyPairsNegativeTestJSON-910745072-project-member', 'project_domain_id': 'default', 'project_domain_name': 'Default', 'project_id': 'b6c1afed6ace46b5bfefa9f0a6c954d1', 'project_name': 'tempest-KeyPairsNegativeTestJSON-910745072', 'tenant_id': 'b6c1afed6ace46b5bfefa9f0a6c954d1', 'tenant_name': 'tempest-KeyPairsNegativeTestJSON-910745072', 'user_domain_id': 'default', 'user_domain_name': 'Default', 'user_id': '213c562998134ed583cb137f518e3667', 'system': None}, Network: None, Subnet: None, Router: None
2024-09-20 17:39:01.913 62574 INFO tempest.lib.common.dynamic_creds [-] Created isolated network resources for: credentials: Credentials: {'domain_id': 'default', 'domain_name': 'Default', 'username': 'tempest-KeyPairsNegativeTestJSON-910745072-project-member', 'project_domain_id': 'default', 'project_domain_name': 'Default', 'project_id': 'b6c1afed6ace46b5bfefa9f0a6c954d1', 'project_name': 'tempest-KeyPairsNegativeTestJSON-910745072', 'tenant_id': 'b6c1afed6ace46b5bfefa9f0a6c954d1', 'tenant_name': 'tempest-KeyPairsNegativeTestJSON-910745072', 'user_domain_id': 'default', 'user_domain_name': 'Default', 'user_id': '213c562998134ed583cb137f518e3667', 'system': None}, Network: None, Subnet: None, Router: None
2024-09-20 17:39:01.929 62564 INFO tempest.lib.common.rest_client [req-22de04b8-4f9f-4b3c-9793-f4be79a52c12 req-22de04b8-4f9f-4b3c-9793-f4be79a52c12 ] Request (FlavorsV2TestJSON:tearDownClass): 200 GET http://10.180.1.21:9696/networking/v2.0/security-groups?tenant_id=be9e9d035f2941dc87a61abd9c88772b&name=default 0.825s
2024-09-20 17:39:01.992 62574 INFO tempest.lib.common.rest_client [req-97faf1cd-6c93-4702-8ed6-ca003666b386 req-97faf1cd-6c93-4702-8ed6-ca003666b386 ] Request (KeyPairsNegativeTestJSON:setUpClass): 201 POST http://10.180.1.21/identity/v3/auth/tokens 0.075s
2024-09-20 17:39:02.118 62536 INFO tempest.lib.common.rest_client [req-b3806d3e-8270-47f9-b512-5a8739cedc97 req-b3806d3e-8270-47f9-b512-5a8739cedc97 ] Request (VolumesAssistedSnapshotsTest:test_volume_assisted_snapshot_create_delete): 201 POST http://10.180.1.21:9696/networking/v2.0/security-group-rules 0.778s
2024-09-20 17:39:02.284 62542 INFO tempest.lib.common.rest_client [req-c12dd0f8-3f4c-432f-a7b5-a97978b8edca req-c12dd0f8-3f4c-432f-a7b5-a97978b8edca ] Request (SecurityGroupRulesNegativeTestJSON:setUpClass): 200 PUT http://10.180.1.21:9696/networking/v2.0/routers/153e65c1-602e-4a49-b857-734961a06aba/add_router_interface 7.305s
2024-09-20 17:39:02.284 62542 INFO tempest.lib.common.dynamic_creds [-] Created isolated network resources for: credentials: Credentials: {'domain_id': 'default', 'domain_name': 'Default', 'username': 'tempest-SecurityGroupRulesNegativeTestJSON-406976066-project-member', 'project_domain_id': 'default', 'project_domain_name': 'Default', 'project_id': '2deeb50cd61549b9a1761f17d31eb323', 'project_name': 'tempest-SecurityGroupRulesNegativeTestJSON-406976066', 'tenant_id': '2deeb50cd61549b9a1761f17d31eb323', 'tenant_name': 'tempest-SecurityGroupRulesNegativeTestJSON-406976066', 'user_domain_id': 'default', 'user_domain_name': 'Default', 'user_id': '12d8fef838a34b588e6240e71a7b8c2a', 'system': None}, Network: {'id': 'e2f241ab-9b96-4161-aebc-98d7bb0aca55', 'name': 'tempest-SecurityGroupRulesNegativeTestJSON-1870293263-network', 'tenant_id': '2deeb50cd61549b9a1761f17d31eb323', 'admin_state_up': True, 'mtu': 8950, 'status': 'ACTIVE', 'subnets': [], 'shared': False, 'project_id': '2deeb50cd61549b9a1761f17d31eb323', 'port_security_enabled': True, 'router:external': False, 'provider:network_type': 'vlan', 'provider:physical_network': 'default', 'provider:segmentation_id': 612, 'is_default': False, 'availability_zone_hints': [], 'availability_zones': [], 'ipv4_address_scope': None, 'ipv6_address_scope': None, 'description': '', 'tags': [], 'created_at': '2024-09-20T17:38:50Z', 'updated_at': '2024-09-20T17:38:51Z', 'revision_number': 1}, Subnet: {'id': '63547306-7f0a-47b6-af4d-ea0068db9a37', 'name': 'tempest-SecurityGroupRulesNegativeTestJSON-1870293263-subnet', 'tenant_id': '2deeb50cd61549b9a1761f17d31eb323', 'network_id': 'e2f241ab-9b96-4161-aebc-98d7bb0aca55', 'ip_version': 4, 'subnetpool_id': None, 'enable_dhcp': True, 'ipv6_ra_mode': None, 'ipv6_address_mode': None, 'gateway_ip': '192.168.128.1', 'cidr': '192.168.128.0/28', 'allocation_pools': [{'start': '192.168.128.2', 'end': '192.168.128.14'}], 'host_routes': [], 'dns_nameservers': [], 'description': '', 'router:external': False, 'service_types': [], 'tags': [], 'created_at': '2024-09-20T17:38:51Z', 'updated_at': '2024-09-20T17:38:51Z', 'revision_number': 0, 'project_id': '2deeb50cd61549b9a1761f17d31eb323'}, Router: {'id': '153e65c1-602e-4a49-b857-734961a06aba', 'name': 'tempest-SecurityGroupRulesNegativeTestJSON-1870293263-router', 'tenant_id': '2deeb50cd61549b9a1761f17d31eb323', 'admin_state_up': True, 'status': 'ACTIVE', 'external_gateway_info': {'network_id': '0612dc58-76c3-42c8-bb8e-a20bde881148', 'external_fixed_ips': [{'subnet_id': '7b307106-1748-412b-b201-d044b2f62181', 'ip_address': '10.180.180.149'}], 'enable_snat': True}, 'description': '', 'availability_zones': [], 'distributed': False, 'ha': False, 'availability_zone_hints': [], 'routes': [], 'flavor_id': None, 'tags': [], 'created_at': '2024-09-20T17:38:52Z', 'updated_at': '2024-09-20T17:38:53Z', 'revision_number': 2, 'project_id': '2deeb50cd61549b9a1761f17d31eb323'}
2024-09-20 17:39:02.374 62542 INFO tempest.lib.common.rest_client [req-21916169-1f27-489f-99e5-74882f2cb8e9 req-21916169-1f27-489f-99e5-74882f2cb8e9 ] Request (SecurityGroupRulesNegativeTestJSON:setUpClass): 201 POST http://10.180.1.21/identity/v3/auth/tokens 0.087s
2024-09-20 17:39:02.524 62554 INFO tempest.lib.common.rest_client [req-3d6735d8-c916-4b7d-927f-d1bc466ef157 req-3d6735d8-c916-4b7d-927f-d1bc466ef157 ] Request (HypervisorAdminUnderV252Test:tearDownClass): 204 DELETE http://10.180.1.21:9696/networking/v2.0/security-groups/4227e701-0e57-49bc-ab40-6598f77c465b 0.854s
2024-09-20 17:39:02.551 62586 INFO tempest.lib.common.rest_client [req-133d50ec-bf2e-4891-918d-a836a78dc4bf req-133d50ec-bf2e-4891-918d-a836a78dc4bf ] Request (ServersWithSpecificFlavorTestJSON:test_verify_created_server_ephemeral_disk): 202 POST http://10.180.1.21/compute/v2.1/servers 2.331s
2024-09-20 17:39:02.584 62528 INFO tempest.lib.common.rest_client [req-7006424c-c78a-481d-8527-20fca0daaf2d req-7006424c-c78a-481d-8527-20fca0daaf2d ] Request (KeyPairsV2TestJSON:test_keypairs_create_list_delete): 200 POST http://10.180.1.21/compute/v2.1/os-keypairs 2.078s
2024-09-20 17:39:02.618 62588 INFO tempest.lib.common.rest_client [req-ac45eb9a-ef70-42a3-bd58-4187a49b2717 req-ac45eb9a-ef70-42a3-bd58-4187a49b2717 ] Request (ImagesOneServerTestJSON:setUpClass): 200 GET http://10.180.1.21/compute/v2.1/servers/699da319-5a4b-48d8-b187-dca190386363 2.129s
2024-09-20 17:39:02.620 62548 INFO tempest.lib.common.rest_client [req-c604e104-408e-4b7d-a4ae-55f284f3ec23 req-c604e104-408e-4b7d-a4ae-55f284f3ec23 ] Request (AggregatesAdminNegativeTestJSON:test_aggregate_delete_as_user): 200 POST http://10.180.1.21/compute/v2.1/os-aggregates 2.093s
2024-09-20 17:39:02.633 62588 INFO tempest.common.waiters [-] State transition "BUILD/block_device_mapping" ==> "BUILD/spawning" after 14 second wait
2024-09-20 17:39:02.705 62554 INFO tempest.lib.common.rest_client [req-e07f6c54-7622-4aa8-ba11-a758cffca138 req-e07f6c54-7622-4aa8-ba11-a758cffca138 ] Request (HypervisorAdminUnderV252Test:tearDownClass): 204 DELETE http://10.180.1.21/identity/v3/projects/621adf762b1e4d2e98a1767f9b35486a 0.180s
2024-09-20 17:39:02.725 62536 INFO tempest.lib.common.rest_client [req-99b7cbc9-520e-4787-b610-317fa0f5938a req-99b7cbc9-520e-4787-b610-317fa0f5938a ] Request (VolumesAssistedSnapshotsTest:test_volume_assisted_snapshot_create_delete): 201 POST http://10.180.1.21:9696/networking/v2.0/security-group-rules 0.606s
2024-09-20 17:39:02.798 62560 INFO tempest.lib.common.rest_client [req-9744ff61-fb5f-40fe-af89-871f4267b4c7 req-9744ff61-fb5f-40fe-af89-871f4267b4c7 ] Request (AttachInterfacesUnderV243Test:test_add_remove_fixed_ip): 200 GET http://10.180.1.21/compute/v2.1/servers/6d122c82-ef63-49b1-a1ca-05e58d335a39 2.131s
2024-09-20 17:39:02.801 62554 INFO tempest.lib.common.rest_client [req-f884e3db-b8c3-43e2-b144-2463ff23a2de req-f884e3db-b8c3-43e2-b144-2463ff23a2de ] Request (FloatingIPsAssociationNegativeTestJSON:setUpClass): 201 POST http://10.180.1.21/identity/v3/auth/tokens 0.094s
2024-09-20 17:39:02.807 62532 INFO tempest.lib.common.rest_client [req-0310bf03-f202-40ec-be99-2913159775c5 req-0310bf03-f202-40ec-be99-2913159775c5 ] Request (ServerDiagnosticsNegativeTest:test_get_server_diagnostics_by_non_admin): 200 GET http://10.180.1.21/compute/v2.1/servers/ba6f4352-e580-4977-96f5-b73aa0ec9aef 2.116s
2024-09-20 17:39:02.848 62554 INFO tempest.lib.common.rest_client [req-b3f7ced0-b20c-4ca1-91cd-765f331f252c req-b3f7ced0-b20c-4ca1-91cd-765f331f252c ] Request (FloatingIPsAssociationNegativeTestJSON:setUpClass): 201 POST http://10.180.1.21/identity/v3/auth/tokens 0.045s
2024-09-20 17:39:02.876 62554 INFO tempest.lib.common.rest_client [req-7558d0f8-6bd6-4b7e-9f1f-93f8c0d43e3a req-7558d0f8-6bd6-4b7e-9f1f-93f8c0d43e3a ] Request (FloatingIPsAssociationNegativeTestJSON:setUpClass): 200 GET http://10.180.1.21/identity/v3/domains?name=Default 0.027s
2024-09-20 17:39:02.906 62554 INFO tempest.lib.common.rest_client [req-3dbd70dd-874a-4338-b048-7c6eb7d89b6e req-3dbd70dd-874a-4338-b048-7c6eb7d89b6e ] Request (FloatingIPsAssociationNegativeTestJSON:setUpClass): 201 POST http://10.180.1.21/identity/v3/projects 0.030s
2024-09-20 17:39:02.923 62564 INFO tempest.lib.common.rest_client [req-6c273b37-2205-447d-a6d7-a23c055c4c5c req-6c273b37-2205-447d-a6d7-a23c055c4c5c ] Request (FlavorsV2TestJSON:tearDownClass): 204 DELETE http://10.180.1.21:9696/networking/v2.0/security-groups/9df925cd-7c9d-451a-a95f-d5ea96be08fc 0.994s
2024-09-20 17:39:02.939 62530 INFO tempest.lib.common.rest_client [req-5be735c9-f5cc-40e0-ae4e-4b72bc3d3eaf req-5be735c9-f5cc-40e0-ae4e-4b72bc3d3eaf ] Request (ServerDiagnosticsTest:test_get_server_diagnostics): 200 GET http://10.180.1.21/compute/v2.1/servers/287102d9-2221-462a-ac40-1ff553eeec46 2.095s
2024-09-20 17:39:02.946 62530 INFO tempest.common.waiters [-] State transition "BUILD/None" ==> "BUILD/networking" after 10 second wait
2024-09-20 17:39:02.981 62554 INFO tempest.lib.common.rest_client [req-2f27250d-1f41-481e-a4e6-1c6d9091fc6b req-2f27250d-1f41-481e-a4e6-1c6d9091fc6b ] Request (FloatingIPsAssociationNegativeTestJSON:setUpClass): 201 POST http://10.180.1.21/identity/v3/users 0.074s
2024-09-20 17:39:03.001 62554 INFO tempest.lib.common.rest_client [req-93e65e9e-9254-4c0e-b25b-8dbda71a9013 req-93e65e9e-9254-4c0e-b25b-8dbda71a9013 ] Request (FloatingIPsAssociationNegativeTestJSON:setUpClass): 200 GET http://10.180.1.21/identity/v3/roles 0.019s
2024-09-20 17:39:03.030 62564 INFO tempest.lib.common.rest_client [req-66007beb-9115-4ef6-ae5c-a50b792541f7 req-66007beb-9115-4ef6-ae5c-a50b792541f7 ] Request (FlavorsV2TestJSON:tearDownClass): 204 DELETE http://10.180.1.21/identity/v3/projects/be9e9d035f2941dc87a61abd9c88772b 0.106s
2024-09-20 17:39:03.052 62534 INFO tempest.lib.common.rest_client [req-c69f1ded-61f1-4f93-bdfe-a99f572c6702 req-c69f1ded-61f1-4f93-bdfe-a99f572c6702 ] Request (TenantUsagesTestJSON:setUpClass): 200 GET http://10.180.1.21/compute/v2.1/servers/eea2df5c-e1f0-49f3-a071-f34ed0695a47 2.079s
2024-09-20 17:39:03.062 62564 INFO tempest.lib.common.rest_client [req-a1c2589a-b997-4d72-bf2e-1a7a5a2ac70a req-a1c2589a-b997-4d72-bf2e-1a7a5a2ac70a ] Request (KeyPairsV22TestJSON:setUpClass): 201 POST http://10.180.1.21/identity/v3/auth/tokens 0.030s
2024-09-20 17:39:03.086 62572 INFO tempest.lib.common.rest_client [req-ee812828-b28b-4e80-a1ce-4bea9e1dc3c6 req-ee812828-b28b-4e80-a1ce-4bea9e1dc3c6 ] Request (HypervisorAdminV253TestBase:test_list_show_detail_hypervisors): 200 GET http://10.180.1.21/compute/v2.1/os-hypervisors/df193600-5365-4211-b641-9ac5a72762b0 2.105s
2024-09-20 17:39:03.096 62554 INFO tempest.lib.common.rest_client [req-67a9e6d6-9156-4f31-818e-3583fc8bb277 req-67a9e6d6-9156-4f31-818e-3583fc8bb277 ] Request (FloatingIPsAssociationNegativeTestJSON:setUpClass): 204 PUT http://10.180.1.21/identity/v3/projects/e0ea4a089f4c452cb78303c65e416d0d/users/bfda8245d5ce4c73b3a0832dfa00ffcb/roles/51b3fb65f9da42e7b9b051a3c58673ae 0.095s
2024-09-20 17:39:03.096 62554 INFO tempest.lib.common.dynamic_creds [-] Dynamic test user bfda8245d5ce4c73b3a0832dfa00ffcb is created with scope project and roles: ['member']
2024-09-20 17:39:03.096 62554 INFO tempest.lib.common.dynamic_creds [-] Acquired dynamic creds: credentials: Credentials: {'domain_id': 'default', 'domain_name': 'Default', 'username': 'tempest-FloatingIPsAssociationNegativeTestJSON-1427354208-project-member', 'project_domain_id': 'default', 'project_domain_name': 'Default', 'project_id': 'e0ea4a089f4c452cb78303c65e416d0d', 'project_name': 'tempest-FloatingIPsAssociationNegativeTestJSON-1427354208', 'tenant_id': 'e0ea4a089f4c452cb78303c65e416d0d', 'tenant_name': 'tempest-FloatingIPsAssociationNegativeTestJSON-1427354208', 'user_domain_id': 'default', 'user_domain_name': 'Default', 'user_id': 'bfda8245d5ce4c73b3a0832dfa00ffcb', 'system': None}, Network: None, Subnet: None, Router: None
2024-09-20 17:39:03.148 62546 INFO tempest.lib.common.rest_client [req-ce2f3d8d-c78b-4f23-8075-5d21d0d141eb req-ce2f3d8d-c78b-4f23-8075-5d21d0d141eb ] Request (QuotasAdminTestJSON:test_update_all_quota_resources_for_tenant): 200 PUT http://10.180.1.21/compute/v2.1/os-quota-sets/e6b8ed44c8a146368091595155e6ed69 2.244s
2024-09-20 17:39:03.169 62564 INFO tempest.lib.common.rest_client [req-40f799be-31ab-4e38-aafe-0b9de3534f74 req-40f799be-31ab-4e38-aafe-0b9de3534f74 ] Request (KeyPairsV22TestJSON:setUpClass): 201 POST http://10.180.1.21/identity/v3/auth/tokens 0.102s
2024-09-20 17:39:03.228 62572 INFO tempest.lib.common.rest_client [req-20d011b7-8c33-46a8-90d5-15857072cf83 req-20d011b7-8c33-46a8-90d5-15857072cf83 ] Request (HypervisorAdminV253TestBase:tearDownClass): 204 DELETE http://10.180.1.21/identity/v3/users/4a56b235a398468882703621f03ca3fc 0.135s
2024-09-20 17:39:03.238 62554 INFO tempest.lib.common.rest_client [req-9fcbd885-c79f-49bb-b045-fdf420683ee1 req-9fcbd885-c79f-49bb-b045-fdf420683ee1 ] Request (FloatingIPsAssociationNegativeTestJSON:setUpClass): 201 POST http://10.180.1.21/identity/v3/auth/tokens 0.141s
2024-09-20 17:39:03.267 62568 INFO tempest.lib.common.rest_client [req-ea6857e4-7812-4546-80ea-f695c481107e req-ea6857e4-7812-4546-80ea-f695c481107e ] Request (ServerExternalEventsTest:test_create_server_external_events): 200 GET http://10.180.1.21/compute/v2.1/servers/b4de91fb-b5cc-4bd0-af52-fbca77ba9c3a 2.190s
2024-09-20 17:39:03.285 62564 INFO tempest.lib.common.rest_client [req-b112aa54-e47e-4314-95a5-4af00d5c739d req-b112aa54-e47e-4314-95a5-4af00d5c739d ] Request (KeyPairsV22TestJSON:setUpClass): 200 GET http://10.180.1.21/identity/v3/domains?name=Default 0.116s
2024-09-20 17:39:03.344 62572 INFO tempest.lib.common.rest_client [req-47f57d31-a2ca-4072-a84c-1013d038723f req-47f57d31-a2ca-4072-a84c-1013d038723f ] Request (HypervisorAdminV253TestBase:tearDownClass): 204 DELETE http://10.180.1.21/identity/v3/users/e67b5247b7a74a73aa229d3ee9669af2 0.116s
2024-09-20 17:39:03.345 62572 INFO tempest.lib.common.dynamic_creds [-] Deleting project and security group for project: 756e0923b2af441088378236e3ef1b9a
2024-09-20 17:39:03.366 62556 INFO tempest.lib.common.rest_client [req-ff17045a-a829-472b-902d-9bf9268562b9 req-ff17045a-a829-472b-902d-9bf9268562b9 ] Request (ServerDiagnosticsV248Test:test_get_server_diagnostics): 200 GET http://10.180.1.21/compute/v2.1/servers/959a0557-acf1-4cfb-8259-081e715bb272 2.008s
2024-09-20 17:39:03.373 62582 INFO tempest.lib.common.rest_client [req-eb32efc2-a970-4de4-aef1-05a7383af445 req-eb32efc2-a970-4de4-aef1-05a7383af445 ] Request (ServersAdminTestJSON:setUpClass): 200 PUT http://10.180.1.21:9696/networking/v2.0/routers/bce720e6-5675-4937-9fe7-c462bc2cfc8a/add_router_interface 4.297s
2024-09-20 17:39:03.374 62582 INFO tempest.lib.common.dynamic_creds [-] Created isolated network resources for: credentials: Credentials: {'domain_id': 'default', 'domain_name': 'Default', 'username': 'tempest-ServersAdminTestJSON-1612322047-project-member', 'project_domain_id': 'default', 'project_domain_name': 'Default', 'project_id': 'beeb54aaf8a345c3b5dc0284d4095fd2', 'project_name': 'tempest-ServersAdminTestJSON-1612322047', 'tenant_id': 'beeb54aaf8a345c3b5dc0284d4095fd2', 'tenant_name': 'tempest-ServersAdminTestJSON-1612322047', 'user_domain_id': 'default', 'user_domain_name': 'Default', 'user_id': 'ed277eb15f0442aaa3335e3bc38c5023', 'system': None}, Network: {'id': '98613ba2-cb78-4304-950d-5a19292c9d7c', 'name': 'tempest-ServersAdminTestJSON-1341204224-network', 'tenant_id': 'beeb54aaf8a345c3b5dc0284d4095fd2', 'admin_state_up': True, 'mtu': 8950, 'status': 'ACTIVE', 'subnets': [], 'shared': False, 'project_id': 'beeb54aaf8a345c3b5dc0284d4095fd2', 'port_security_enabled': True, 'router:external': False, 'provider:network_type': 'vlan', 'provider:physical_network': 'default', 'provider:segmentation_id': 889, 'is_default': False, 'availability_zone_hints': [], 'availability_zones': [], 'ipv4_address_scope': None, 'ipv6_address_scope': None, 'description': '', 'tags': [], 'created_at': '2024-09-20T17:38:55Z', 'updated_at': '2024-09-20T17:38:55Z', 'revision_number': 1}, Subnet: {'id': '4fd770c6-ee0b-4036-bb81-d6b357cf8034', 'name': 'tempest-ServersAdminTestJSON-1341204224-subnet', 'tenant_id': 'beeb54aaf8a345c3b5dc0284d4095fd2', 'network_id': '98613ba2-cb78-4304-950d-5a19292c9d7c', 'ip_version': 4, 'subnetpool_id': None, 'enable_dhcp': True, 'ipv6_ra_mode': None, 'ipv6_address_mode': None, 'gateway_ip': '192.168.128.1', 'cidr': '192.168.128.0/28', 'allocation_pools': [{'start': '192.168.128.2', 'end': '192.168.128.14'}], 'host_routes': [], 'dns_nameservers': [], 'description': '', 'router:external': False, 'service_types': [], 'tags': [], 'created_at': '2024-09-20T17:38:55Z', 'updated_at': '2024-09-20T17:38:55Z', 'revision_number': 0, 'project_id': 'beeb54aaf8a345c3b5dc0284d4095fd2'}, Router: {'id': 'bce720e6-5675-4937-9fe7-c462bc2cfc8a', 'name': 'tempest-ServersAdminTestJSON-1341204224-router', 'tenant_id': 'beeb54aaf8a345c3b5dc0284d4095fd2', 'admin_state_up': True, 'status': 'ACTIVE', 'external_gateway_info': {'network_id': '0612dc58-76c3-42c8-bb8e-a20bde881148', 'external_fixed_ips': [{'subnet_id': '7b307106-1748-412b-b201-d044b2f62181', 'ip_address': '10.180.180.220'}], 'enable_snat': True}, 'description': '', 'availability_zones': [], 'distributed': False, 'ha': False, 'availability_zone_hints': [], 'routes': [], 'flavor_id': None, 'tags': [], 'created_at': '2024-09-20T17:38:56Z', 'updated_at': '2024-09-20T17:38:57Z', 'revision_number': 2, 'project_id': 'beeb54aaf8a345c3b5dc0284d4095fd2'}
2024-09-20 17:39:03.386 62552 INFO tempest.lib.common.rest_client [req-66228e72-15e9-42aa-b9fc-68c3774d039a req-66228e72-15e9-42aa-b9fc-68c3774d039a ] Request (FlavorsV261TestJSON:test_crud_flavor): 200 GET http://10.180.1.21/compute/v2.1/flavors/detail 1.724s
2024-09-20 17:39:03.426 62564 INFO tempest.lib.common.rest_client [req-e6f8ebfc-02e3-4753-a6c1-b2c3dc06108d req-e6f8ebfc-02e3-4753-a6c1-b2c3dc06108d ] Request (KeyPairsV22TestJSON:setUpClass): 201 POST http://10.180.1.21/identity/v3/projects 0.140s
2024-09-20 17:39:03.486 62572 INFO tempest.lib.common.rest_client [req-1a38e9e6-09df-49e9-900c-4a9d797c8202 req-1a38e9e6-09df-49e9-900c-4a9d797c8202 ] Request (HypervisorAdminV253TestBase:tearDownClass): 201 POST http://10.180.1.21/identity/v3/auth/tokens 0.141s
2024-09-20 17:39:03.499 62582 INFO tempest.lib.common.rest_client [req-a84e2fa6-2472-48c5-8f83-6dd5de2fe98e req-a84e2fa6-2472-48c5-8f83-6dd5de2fe98e ] Request (ServersAdminTestJSON:setUpClass): 201 POST http://10.180.1.21/identity/v3/auth/tokens 0.123s
2024-09-20 17:39:03.510 62564 INFO tempest.lib.common.rest_client [req-1120751f-e20d-4a56-91e2-8972c8852fd8 req-1120751f-e20d-4a56-91e2-8972c8852fd8 ] Request (KeyPairsV22TestJSON:setUpClass): 201 POST http://10.180.1.21/identity/v3/users 0.083s
2024-09-20 17:39:03.522 62566 INFO tempest.lib.common.rest_client [req-cc8e2d0c-5fda-4130-9e64-cf6d019e069c req-cc8e2d0c-5fda-4130-9e64-cf6d019e069c ] Request (FloatingIPsNegativeTestJSON:setUpClass): 201 POST http://10.180.1.21:9696/networking/v2.0/routers 4.734s
2024-09-20 17:39:03.540 62544 INFO tempest.lib.common.rest_client [req-3e267567-2436-41b6-9c26-028883aa81c8 req-3e267567-2436-41b6-9c26-028883aa81c8 ] Request (ServerDiskConfigTestJSON:test_rebuild_server_with_auto_disk_config): 200 GET http://10.180.1.21/compute/v2.1/servers/7c4f8ba0-3a87-4c98-b8c3-49a6274fd352 1.727s
2024-09-20 17:39:03.543 62582 INFO tempest.lib.common.rest_client [req-3da8f4e9-3f3e-47b0-b2ab-47d952472301 req-3da8f4e9-3f3e-47b0-b2ab-47d952472301 ] Request (ServersAdminTestJSON:setUpClass): 201 POST http://10.180.1.21/identity/v3/projects 0.043s
2024-09-20 17:39:03.562 62578 INFO tempest.lib.common.rest_client [req-9daf7c7b-a4e1-4b5c-b2e9-e2a3648864de req-9daf7c7b-a4e1-4b5c-b2e9-e2a3648864de ] Request (FlavorsAdminTestJSON:_run_cleanups): 202 DELETE http://10.180.1.21/compute/v2.1/flavors/1f8804ea-ca9c-4300-94c0-c2b93bfb934f 1.710s
2024-09-20 17:39:03.611 62564 INFO tempest.lib.common.rest_client [req-9b43ef3c-6c58-4a0e-90e8-03227f759c42 req-9b43ef3c-6c58-4a0e-90e8-03227f759c42 ] Request (KeyPairsV22TestJSON:setUpClass): 200 GET http://10.180.1.21/identity/v3/roles 0.100s
2024-09-20 17:39:03.645 62582 INFO tempest.lib.common.rest_client [req-df6a4fb4-d76d-47e8-8acf-10b01e38f35e req-df6a4fb4-d76d-47e8-8acf-10b01e38f35e ] Request (ServersAdminTestJSON:setUpClass): 201 POST http://10.180.1.21/identity/v3/users 0.101s
2024-09-20 17:39:03.664 62582 INFO tempest.lib.common.rest_client [req-865f870d-7d49-4d67-83b7-085fd7ab93ee req-865f870d-7d49-4d67-83b7-085fd7ab93ee ] Request (ServersAdminTestJSON:setUpClass): 200 GET http://10.180.1.21/identity/v3/roles 0.018s
2024-09-20 17:39:03.671 62564 INFO tempest.lib.common.rest_client [req-b1df4a67-e0f0-465f-bf97-5d1c64f8cd27 req-b1df4a67-e0f0-465f-bf97-5d1c64f8cd27 ] Request (KeyPairsV22TestJSON:setUpClass): 204 PUT http://10.180.1.21/identity/v3/projects/bf97ac34037c47b386ffd75f2bafe40f/users/fac7326259b24accadc6faf09f3c06d2/roles/51b3fb65f9da42e7b9b051a3c58673ae 0.059s
2024-09-20 17:39:03.672 62564 INFO tempest.lib.common.dynamic_creds [-] Dynamic test user fac7326259b24accadc6faf09f3c06d2 is created with scope project and roles: ['member']
2024-09-20 17:39:03.672 62564 INFO tempest.lib.common.dynamic_creds [-] Acquired dynamic creds: credentials: Credentials: {'domain_id': 'default', 'domain_name': 'Default', 'username': 'tempest-KeyPairsV22TestJSON-1886492006-project-member', 'project_domain_id': 'default', 'project_domain_name': 'Default', 'project_id': 'bf97ac34037c47b386ffd75f2bafe40f', 'project_name': 'tempest-KeyPairsV22TestJSON-1886492006', 'tenant_id': 'bf97ac34037c47b386ffd75f2bafe40f', 'tenant_name': 'tempest-KeyPairsV22TestJSON-1886492006', 'user_domain_id': 'default', 'user_domain_name': 'Default', 'user_id': 'fac7326259b24accadc6faf09f3c06d2', 'system': None}, Network: None, Subnet: None, Router: None
2024-09-20 17:39:03.672 62564 INFO tempest.lib.common.dynamic_creds [-] Created isolated network resources for: credentials: Credentials: {'domain_id': 'default', 'domain_name': 'Default', 'username': 'tempest-KeyPairsV22TestJSON-1886492006-project-member', 'project_domain_id': 'default', 'project_domain_name': 'Default', 'project_id': 'bf97ac34037c47b386ffd75f2bafe40f', 'project_name': 'tempest-KeyPairsV22TestJSON-1886492006', 'tenant_id': 'bf97ac34037c47b386ffd75f2bafe40f', 'tenant_name': 'tempest-KeyPairsV22TestJSON-1886492006', 'user_domain_id': 'default', 'user_domain_name': 'Default', 'user_id': 'fac7326259b24accadc6faf09f3c06d2', 'system': None}, Network: None, Subnet: None, Router: None
2024-09-20 17:39:03.728 62582 INFO tempest.lib.common.rest_client [req-e590b131-907c-4644-b012-34b02debb15e req-e590b131-907c-4644-b012-34b02debb15e ] Request (ServersAdminTestJSON:setUpClass): 204 PUT http://10.180.1.21/identity/v3/projects/5f9f091cf85a48f29bbc4e1f456bdd5d/users/e959c51b5f8347b1929f40a199586a2d/roles/89fdff969160483e9a516e3d9819acf0 0.064s
2024-09-20 17:39:03.785 62582 INFO tempest.lib.common.rest_client [req-c7b5fd57-eb5e-4340-854e-06394e77fdd7 req-c7b5fd57-eb5e-4340-854e-06394e77fdd7 ] Request (ServersAdminTestJSON:setUpClass): 200 GET http://10.180.1.21/identity/v3/roles 0.056s
2024-09-20 17:39:03.810 62582 INFO tempest.lib.common.rest_client [req-6d689785-a1b4-408d-a9c0-fcb926a0bdd1 req-6d689785-a1b4-408d-a9c0-fcb926a0bdd1 ] Request (ServersAdminTestJSON:setUpClass): 204 PUT http://10.180.1.21/identity/v3/projects/5f9f091cf85a48f29bbc4e1f456bdd5d/users/e959c51b5f8347b1929f40a199586a2d/roles/89fdff969160483e9a516e3d9819acf0 0.025s
2024-09-20 17:39:03.810 62582 INFO tempest.lib.common.dynamic_creds [-] Dynamic test user e959c51b5f8347b1929f40a199586a2d is created with scope project and roles: ['admin']
2024-09-20 17:39:03.810 62582 INFO tempest.lib.common.dynamic_creds [-] Acquired dynamic creds: credentials: Credentials: {'domain_id': 'default', 'domain_name': 'Default', 'username': 'tempest-ServersAdminTestJSON-1987291911-project-admin', 'project_domain_id': 'default', 'project_domain_name': 'Default', 'project_id': '5f9f091cf85a48f29bbc4e1f456bdd5d', 'project_name': 'tempest-ServersAdminTestJSON-1987291911', 'tenant_id': '5f9f091cf85a48f29bbc4e1f456bdd5d', 'tenant_name': 'tempest-ServersAdminTestJSON-1987291911', 'user_domain_id': 'default', 'user_domain_name': 'Default', 'user_id': 'e959c51b5f8347b1929f40a199586a2d', 'system': None}, Network: None, Subnet: None, Router: None
2024-09-20 17:39:03.817 62564 INFO tempest.lib.common.rest_client [req-33a881ad-bacb-45ac-b3eb-558550f92625 req-33a881ad-bacb-45ac-b3eb-558550f92625 ] Request (KeyPairsV22TestJSON:setUpClass): 201 POST http://10.180.1.21/identity/v3/auth/tokens 0.095s
2024-09-20 17:39:03.866 62538 INFO tempest.lib.common.rest_client [req-8e9a55f0-a7e5-4336-9b48-25d67936945f req-8e9a55f0-a7e5-4336-9b48-25d67936945f ] Request (DeleteServersAdminTestJSON:test_admin_delete_servers_of_others): 200 GET http://10.180.1.21/compute/v2.1/servers/9b60c5b6-e1b5-4215-bda1-acffcad73829 1.959s
2024-09-20 17:39:03.965 62574 INFO tempest.lib.common.rest_client [req-3e85f684-4b53-4fab-88fc-5af319e976cb req-3e85f684-4b53-4fab-88fc-5af319e976cb ] Request (KeyPairsNegativeTestJSON:test_create_keypair_invalid_name): 400 POST http://10.180.1.21/compute/v2.1/os-keypairs 1.970s
2024-09-20 17:39:04.235 62590 INFO tempest.lib.common.rest_client [req-d86ac2ad-76c6-4c9c-837e-1c84c705d111 req-d86ac2ad-76c6-4c9c-837e-1c84c705d111 ] Request (FloatingIPsAssociationTestJSON:setUpClass): 201 POST http://10.180.1.21:9696/networking/v2.0/routers 4.154s
