2024-09-20 17:40:38.737 62536 INFO tempest.lib.common.dynamic_creds [-] Created isolated network resources for: credentials: Credentials: {'domain_id': 'default', 'domain_name': 'Default', 'username': 'tempest-ServerGroup264TestJSON-1182267674-project-member', 'project_domain_id': 'default', 'project_domain_name': 'Default', 'project_id': '735017c616fa4d6ca86d9bc31b9f1f6e', 'project_name': 'tempest-ServerGroup264TestJSON-1182267674', 'tenant_id': '735017c616fa4d6ca86d9bc31b9f1f6e', 'tenant_name': 'tempest-ServerGroup264TestJSON-1182267674', 'user_domain_id': 'default', 'user_domain_name': 'Default', 'user_id': '2c4c8fb05f5a4487bf5147bbd8eed395', 'system': None}, Network: {'id': '9d0a4564-64e9-4694-a1e2-1002c35c1226', 'name': 'tempest-ServerGroup264TestJSON-1251493860-network', 'tenant_id': '735017c616fa4d6ca86d9bc31b9f1f6e', 'admin_state_up': True, 'mtu': 8950, 'status': 'ACTIVE', 'subnets': [], 'shared': False, 'project_id': '735017c616fa4d6ca86d9bc31b9f1f6e', 'port_security_enabled': True, 'router:external': False, 'provider:network_type': 'vlan', 'provider:physical_network': 'default', 'provider:segmentation_id': 32, 'is_default': False, 'availability_zone_hints': [], 'availability_zones': [], 'ipv4_address_scope': None, 'ipv6_address_scope': None, 'description': '', 'tags': [], 'created_at': '2024-09-20T17:40:34Z', 'updated_at': '2024-09-20T17:40:34Z', 'revision_number': 1}, Subnet: {'id': '1e8e5cde-0081-4ca7-b3e0-6dc7fb8d4494', 'name': 'tempest-ServerGroup264TestJSON-1251493860-subnet', 'tenant_id': '735017c616fa4d6ca86d9bc31b9f1f6e', 'network_id': '9d0a4564-64e9-4694-a1e2-1002c35c1226', 'ip_version': 4, 'subnetpool_id': None, 'enable_dhcp': True, 'ipv6_ra_mode': None, 'ipv6_address_mode': None, 'gateway_ip': '192.168.128.1', 'cidr': '192.168.128.0/28', 'allocation_pools': [{'start': '192.168.128.2', 'end': '192.168.128.14'}], 'host_routes': [], 'dns_nameservers': [], 'description': '', 'router:external': False, 'service_types': [], 'tags': [], 'created_at': '2024-09-20T17:40:34Z', 'updated_at': '2024-09-20T17:40:34Z', 'revision_number': 0, 'project_id': '735017c616fa4d6ca86d9bc31b9f1f6e'}, Router: {'id': '03b30802-8aac-46ce-b808-3a7765634837', 'name': 'tempest-ServerGroup264TestJSON-1251493860-router', 'tenant_id': '735017c616fa4d6ca86d9bc31b9f1f6e', 'admin_state_up': True, 'status': 'ACTIVE', 'external_gateway_info': {'network_id': '0612dc58-76c3-42c8-bb8e-a20bde881148', 'external_fixed_ips': [{'subnet_id': '7b307106-1748-412b-b201-d044b2f62181', 'ip_address': '10.180.180.143'}], 'enable_snat': True}, 'description': '', 'availability_zones': [], 'distributed': False, 'ha': False, 'availability_zone_hints': [], 'routes': [], 'flavor_id': None, 'tags': [], 'created_at': '2024-09-20T17:40:34Z', 'updated_at': '2024-09-20T17:40:35Z', 'revision_number': 2, 'project_id': '735017c616fa4d6ca86d9bc31b9f1f6e'}
2024-09-20 17:40:38.769 62570 INFO tempest.lib.common.rest_client [req-226d2ae2-0e78-40ac-a733-83934bb18624 req-226d2ae2-0e78-40ac-a733-83934bb18624 ] Request (ListServersNegativeTestJSON:setUpClass): 200 GET http://10.180.1.21/compute/v2.1/servers/337d0d3f-6abe-4799-9e8d-205b4c1e33f3 0.081s
2024-09-20 17:40:38.786 62576 INFO tempest.lib.common.rest_client [req-58e631b5-54d9-4dbf-a8e7-fd8220a9fcc3 req-58e631b5-54d9-4dbf-a8e7-fd8220a9fcc3 ] Request (ServerActionsV293TestJSON:setUpClass): 201 POST http://10.180.1.21:9696/networking/v2.0/floatingips 1.217s
2024-09-20 17:40:38.827 62536 INFO tempest.lib.common.rest_client [req-d375297b-602f-4ad9-a3b4-0d132ccb3499 req-d375297b-602f-4ad9-a3b4-0d132ccb3499 ] Request (ServerGroup264TestJSON:setUpClass): 201 POST http://10.180.1.21/identity/v3/auth/tokens 0.086s
2024-09-20 17:40:38.845 62576 INFO tempest.lib.common.rest_client [req-aa7ef0f3-655b-4748-a691-896305504dcd req-aa7ef0f3-655b-4748-a691-896305504dcd ] Request (ServerActionsV293TestJSON:setUpClass): 201 POST http://10.180.1.21/identity/v3/auth/tokens 0.056s
2024-09-20 17:40:38.846 62576 INFO tempest.lib.common.fixed_network [-] (ServerActionsV293TestJSON:setUpClass) Found network {'id': '4658fdf4-fbb9-4f7f-81c5-3e5ab48cb759', 'name': 'tempest-ServerActionsV293TestJSON-413317483-network', 'tenant_id': 'b465196c547444e098b7089893be7b12', 'admin_state_up': True, 'mtu': 8950, 'status': 'ACTIVE', 'subnets': [], 'shared': False, 'project_id': 'b465196c547444e098b7089893be7b12', 'port_security_enabled': True, 'router:external': False, 'provider:network_type': 'vlan', 'provider:physical_network': 'default', 'provider:segmentation_id': 486, 'is_default': False, 'availability_zone_hints': [], 'availability_zones': [], 'ipv4_address_scope': None, 'ipv6_address_scope': None, 'description': '', 'tags': [], 'created_at': '2024-09-20T17:40:32Z', 'updated_at': '2024-09-20T17:40:32Z', 'revision_number': 1} available for tenant
2024-09-20 17:40:38.864 62586 INFO tempest.lib.common.rest_client [req-a683e137-90d3-4be3-a26f-8f76a8b1e3f2 req-a683e137-90d3-4be3-a26f-8f76a8b1e3f2 ] Request (ServersAdminNegativeTestJSON:setUpClass): 200 GET http://10.180.1.21/compute/v2.1/servers/e26bd8e7-c93e-447d-9101-e5c1bd3ad22d 0.064s
2024-09-20 17:40:38.996 62536 INFO tempest.lib.common.rest_client [req-75842caa-97a7-4359-90ff-a198d3a220b5 req-75842caa-97a7-4359-90ff-a198d3a220b5 ] Request (ServerGroup264TestJSON:test_create_get_server_group): 200 POST http://10.180.1.21/compute/v2.1/os-server-groups 0.168s
2024-09-20 17:40:39.037 62546 INFO tempest.lib.common.rest_client [req-5079fe7a-d9de-4c67-849e-5bc1526351e6 req-5079fe7a-d9de-4c67-849e-5bc1526351e6 ] Request (ServersTestManualDisk:setUpClass): 200 GET http://10.180.1.21/compute/v2.1/servers/c608ff0d-f3e3-4c7b-befd-e93416ed0ddc 0.215s
2024-09-20 17:40:39.046 62584 INFO tempest.lib.common.rest_client [req-4958e0c6-943d-4842-a02a-c94e7d69028b req-4958e0c6-943d-4842-a02a-c94e7d69028b ] Request (VolumesAdminNegativeTest:test_update_attached_volume_with_nonexistent_volume_in_uri): 200 GET http://10.180.1.21/compute/v2.1/servers/b62906d6-00c0-4189-8c76-4be5fa6bdff9 0.150s
2024-09-20 17:40:39.111 62568 INFO tempest.lib.common.rest_client [req-b077c1a4-ec98-4654-ad2f-d0581652c82f req-b077c1a4-ec98-4654-ad2f-d0581652c82f ] Request (ServersAdmin275Test:test_rebuild_update_server_275): 200 GET http://10.180.1.21/compute/v2.1/servers/ac2d270b-a9c1-43c0-bee8-f8cd5abc24fd 0.163s
2024-09-20 17:40:39.131 62552 INFO tempest.lib.common.rest_client [req-69c79b65-6900-48bd-a427-c172caf9b7ea req-69c79b65-6900-48bd-a427-c172caf9b7ea ] Request (ServerShowV257Test:test_rebuild_server): 200 GET http://10.180.1.21/compute/v2.1/servers/e11807cb-4d91-4178-855a-f9164bdff0c3 0.234s
2024-09-20 17:40:39.151 62536 INFO tempest.lib.common.rest_client [req-679638fa-a879-4848-bf90-a31ba0be62ce req-679638fa-a879-4848-bf90-a31ba0be62ce ] Request (ServerGroup264TestJSON:test_create_get_server_group): 200 GET http://10.180.1.21/compute/v2.1/os-server-groups 0.152s
2024-09-20 17:40:39.166 62564 INFO tempest.lib.common.rest_client [req-8289c3d8-d9cf-476b-bf19-31f29ec48a7d req-8289c3d8-d9cf-476b-bf19-31f29ec48a7d ] Request (ServerRescueNegativeTestJSON:setUpClass): 200 GET http://10.180.1.21/compute/v2.1/servers/928a971e-5089-4d0f-8bc7-696f00f01f52 0.190s
2024-09-20 17:40:39.210 62530 INFO tempest.lib.common.rest_client [req-1a4bb46e-0973-4411-94b7-03093bffb199 req-1a4bb46e-0973-4411-94b7-03093bffb199 ] Request (ServerActionsTestOtherA:setUpClass): 200 GET http://10.180.1.21/compute/v2.1/servers/9bdf8200-ad6d-469b-a0b0-0c14fa8e8b33 0.152s
2024-09-20 17:40:39.221 62534 INFO tempest.lib.common.rest_client [req-ec106123-af88-4ea5-8d1a-385dd49e00eb req-ec106123-af88-4ea5-8d1a-385dd49e00eb ] Request (ServerMetadataTestJSON:setUpClass): 200 GET http://10.180.1.21/compute/v2.1/servers/9512a158-2340-486f-8bd7-45b629b7c19d 0.210s
2024-09-20 17:40:39.242 62536 INFO tempest.lib.common.rest_client [req-a1e3a325-183d-4a15-9a23-7ca83e1cf2ba req-a1e3a325-183d-4a15-9a23-7ca83e1cf2ba ] Request (ServerGroup264TestJSON:test_create_get_server_group): 200 GET http://10.180.1.21/compute/v2.1/os-server-groups/773acc5a-42d3-461f-8013-e9928ddc5b0b 0.090s
2024-09-20 17:40:39.268 62556 INFO tempest.lib.common.rest_client [req-c346f455-3a94-42df-97af-027d69691603 req-c346f455-3a94-42df-97af-027d69691603 ] Request (MultipleCreateTestJSON:test_multiple_create): 200 GET http://10.180.1.21/compute/v2.1/servers/10838d64-9b19-4e2d-a8dc-85333a97fd6c 0.159s
2024-09-20 17:40:39.288 62576 INFO tempest.lib.common.rest_client [req-898daaef-6184-45c0-88c3-5157241e8fb7 req-898daaef-6184-45c0-88c3-5157241e8fb7 ] Request (ServerActionsV293TestJSON:setUpClass): 202 POST http://10.180.1.21/volume/v3/b465196c547444e098b7089893be7b12/volumes 0.441s
2024-09-20 17:40:39.315 62538 INFO tempest.lib.common.rest_client [req-285c2dc8-895d-4e62-a846-b0acc9b4d41b req-285c2dc8-895d-4e62-a846-b0acc9b4d41b ] Request (DeleteServersAdminTestJSON:test_delete_server_while_in_error_state): 200 GET http://10.180.1.21/compute/v2.1/servers/6f5b8565-a5c4-48b6-b562-add749755a84 0.151s
2024-09-20 17:40:39.328 62540 INFO tempest.lib.common.rest_client [req-3f0b4415-e7b5-4939-8da7-f27849dd8af9 req-3f0b4415-e7b5-4939-8da7-f27849dd8af9 ] Request (MigrationsAdminTest:test_resize_server_revert_deleted_flavor): 200 GET http://10.180.1.21/compute/v2.1/servers/ae3c2675-21a0-489d-9d72-3d19597901cc 0.147s
2024-09-20 17:40:39.332 62576 INFO tempest.lib.common.rest_client [req-4b433f03-6776-4a20-9eb5-9d71503bdce0 req-4b433f03-6776-4a20-9eb5-9d71503bdce0 ] Request (ServerActionsV293TestJSON:setUpClass): 200 GET http://10.180.1.21/volume/v3/b465196c547444e098b7089893be7b12/volumes/c8f03e7f-7e78-4bbc-a74b-b825726e7cad 0.038s
2024-09-20 17:40:39.355 62536 INFO tempest.lib.common.rest_client [req-a8d3efc5-051b-487f-b64f-b40391efdab0 req-a8d3efc5-051b-487f-b64f-b40391efdab0 ] Request (ServerGroup264TestJSON:_run_cleanups): 204 DELETE http://10.180.1.21/compute/v2.1/os-server-groups/773acc5a-42d3-461f-8013-e9928ddc5b0b 0.111s
2024-09-20 17:40:39.376 62560 INFO tempest.lib.common.rest_client [req-2d9d8d05-85f6-459c-a5db-bc5e56f683d9 req-2d9d8d05-85f6-459c-a5db-bc5e56f683d9 ] Request (ServerShowV247Test:test_update_rebuild_list_server): 200 GET http://10.180.1.21/compute/v2.1/servers/51301fe2-f618-4d05-837e-0bdc9abe97dc 0.137s
2024-09-20 17:40:39.415 62580 INFO tempest.lib.common.rest_client [req-49375e6b-02a9-4fe7-b82d-f669e53fc794 req-49375e6b-02a9-4fe7-b82d-f669e53fc794 ] Request (ServersV294TestFqdnHostnames:setUpClass): 200 GET http://10.180.1.21/compute/v2.1/servers/552e0085-7216-41c7-8ede-f83ba9c15d6c 0.111s
2024-09-20 17:40:39.422 62536 INFO tempest.lib.common.rest_client [req-81c29147-522b-4f89-b925-a07a3bdf43a9 req-81c29147-522b-4f89-b925-a07a3bdf43a9 ] Request (ServerGroup264TestJSON:tearDownClass): 404 DELETE http://10.180.1.21/compute/v2.1/os-server-groups/773acc5a-42d3-461f-8013-e9928ddc5b0b 0.065s
2024-09-20 17:40:39.441 62532 INFO tempest.lib.common.rest_client [req-594ca129-e0f1-4eaf-b4cf-748e02ea9550 req-594ca129-e0f1-4eaf-b4cf-748e02ea9550 ] Request (SecurityGroupsTestJSON:test_list_security_groups_by_server): 200 GET http://10.180.1.21/compute/v2.1/servers/0ead07ed-9f7c-485c-95c3-3aeede597c9b 0.125s
2024-09-20 17:40:39.492 62550 INFO tempest.lib.common.rest_client [req-5ab061da-e996-4515-92aa-c4fef1fb34aa req-5ab061da-e996-4515-92aa-c4fef1fb34aa ] Request (InstanceActionsNegativeTestJSON:setUpClass): 200 GET http://10.180.1.21/compute/v2.1/servers/435df16a-4633-4373-921a-5f39ae49be5e 0.116s
2024-09-20 17:40:39.512 62574 INFO tempest.lib.common.rest_client [req-bfb95b55-367d-458a-96fc-725d9a3a2631 req-bfb95b55-367d-458a-96fc-725d9a3a2631 ] Request (AttachInterfacesV270Test:test_create_get_list_interfaces): 200 GET http://10.180.1.21/compute/v2.1/servers/6f13d83b-b9f5-40d7-bdcd-4141cef799a2 0.105s
2024-09-20 17:40:39.547 62542 INFO tempest.lib.common.rest_client [req-efa6adc9-1201-4787-82fc-72fd958b6bf0 req-efa6adc9-1201-4787-82fc-72fd958b6bf0 ] Request (ServersTestMultiNic:test_verify_duplicate_network_nics): 200 GET http://10.180.1.21/compute/v2.1/servers/50206faf-d828-4f13-a5f1-7ff28954187b 0.103s
2024-09-20 17:40:39.574 62566 INFO tempest.lib.common.rest_client [req-3861716f-1e5b-453c-b3cd-d3e12ad3c84b req-3861716f-1e5b-453c-b3cd-d3e12ad3c84b ] Request (ImagesTestJSON:test_create_image_from_stopped_server): 200 GET http://10.180.1.21/compute/v2.1/servers/71b54fcd-f12c-46aa-bded-3380bbd2b6ea 0.099s
2024-09-20 17:40:39.601 62572 INFO tempest.lib.common.rest_client [req-61256b56-dda9-45d3-819d-0d4af59dd3a0 req-61256b56-dda9-45d3-819d-0d4af59dd3a0 ] Request (ListServerFiltersTestJSON:setUpClass): 200 GET http://10.180.1.21/compute/v2.1/servers/840b553e-4446-4e9f-b175-cc28c93a8be9 0.076s
2024-09-20 17:40:39.637 62590 INFO tempest.lib.common.rest_client [req-9d0b94ea-63ae-4761-a991-11c75e6bed77 req-9d0b94ea-63ae-4761-a991-11c75e6bed77 ] Request (ServerRescueTestJSONUnderV235:setUpClass): 200 GET http://10.180.1.21/compute/v2.1/servers/98c6d651-38da-4a23-8d26-2f3922f42917 0.099s
2024-09-20 17:40:39.666 62544 INFO tempest.lib.common.rest_client [req-32176e7f-deca-407f-959f-a932f5386ce7 req-32176e7f-deca-407f-959f-a932f5386ce7 ] Request (ServerDiskConfigTestJSON:test_rebuild_server_with_manual_disk_config): 200 GET http://10.180.1.21/compute/v2.1/servers/a29f3832-3bb5-4498-9d8e-468621fc345b 0.066s
2024-09-20 17:40:39.711 62548 INFO tempest.lib.common.rest_client [req-369117bf-7f9f-411a-b288-0e8cab80affd req-369117bf-7f9f-411a-b288-0e8cab80affd ] Request (ServersAaction247Test:test_create_backup): 200 GET http://10.180.1.21/compute/v2.1/servers/a86d3df8-cb32-4b5a-bf9c-630a1dbcf289 0.082s
2024-09-20 17:40:39.724 62554 INFO tempest.lib.common.rest_client [req-0bf426d7-67b0-4924-b6be-56909e98302a req-0bf426d7-67b0-4924-b6be-56909e98302a ] Request (FloatingIPsAssociationNegativeTestJSON:setUpClass): 200 GET http://10.180.1.21/compute/v2.1/servers/45ecf4b0-c9a1-486f-a5c8-8447bbdb33f3 0.053s
2024-09-20 17:40:39.793 62528 INFO tempest.lib.common.rest_client [req-cff69a8b-b41e-4561-a5e0-751236b51db5 req-cff69a8b-b41e-4561-a5e0-751236b51db5 ] Request (ServersNegativeTestJSON:setUpClass): 200 GET http://10.180.1.21/compute/v2.1/servers/2b054c86-e8f7-4585-bb3a-57632092843f 0.120s
2024-09-20 17:40:39.800 62528 INFO tempest.common.waiters [-] State transition "BUILD/None" ==> "BUILD/networking" after 78 second wait
2024-09-20 17:40:39.801 62578 INFO tempest.lib.common.rest_client [req-09fb3c19-c0c2-4156-b72b-3394cdb1ecbc req-09fb3c19-c0c2-4156-b72b-3394cdb1ecbc ] Request (ServerShowV254Test:test_rebuild_server): 200 GET http://10.180.1.21/compute/v2.1/servers/e43d962b-bdaa-452e-a936-f474ced040bd 0.069s
2024-09-20 17:40:39.852 62570 INFO tempest.lib.common.rest_client [req-484583ab-2356-4963-bf8e-da43aec91b5e req-484583ab-2356-4963-bf8e-da43aec91b5e ] Request (ListServersNegativeTestJSON:setUpClass): 200 GET http://10.180.1.21/compute/v2.1/servers/337d0d3f-6abe-4799-9e8d-205b4c1e33f3 0.076s
2024-09-20 17:40:39.929 62586 INFO tempest.lib.common.rest_client [req-ea0af3a7-7e59-4f15-8ab2-002a2bd9d7e8 req-ea0af3a7-7e59-4f15-8ab2-002a2bd9d7e8 ] Request (ServersAdminNegativeTestJSON:setUpClass): 200 GET http://10.180.1.21/compute/v2.1/servers/e26bd8e7-c93e-447d-9101-e5c1bd3ad22d 0.055s
2024-09-20 17:40:40.134 62546 INFO tempest.lib.common.rest_client [req-eb86d9a6-be1c-4444-ac26-ac64c7bfdc4e req-eb86d9a6-be1c-4444-ac26-ac64c7bfdc4e ] Request (ServersTestManualDisk:setUpClass): 200 GET http://10.180.1.21/compute/v2.1/servers/c608ff0d-f3e3-4c7b-befd-e93416ed0ddc 0.090s
2024-09-20 17:40:40.145 62584 INFO tempest.lib.common.rest_client [req-f4dde818-d31e-4d0b-b5ef-6586ef39d969 req-f4dde818-d31e-4d0b-b5ef-6586ef39d969 ] Request (VolumesAdminNegativeTest:test_update_attached_volume_with_nonexistent_volume_in_uri): 200 GET http://10.180.1.21/compute/v2.1/servers/b62906d6-00c0-4189-8c76-4be5fa6bdff9 0.091s
2024-09-20 17:40:40.149 62582 INFO tempest.lib.common.rest_client [req-fbf09a3c-f83b-431a-a774-70165495c222 req-fbf09a3c-f83b-431a-a774-70165495c222 ] Request (FloatingIPDetailsNegativeTestJSON:setUpClass): 201 POST http://10.180.1.21:9696/networking/v2.0/routers 1.451s
2024-09-20 17:40:40.235 62568 INFO tempest.lib.common.rest_client [req-4dc324ab-867e-40e3-a896-42455ce63e5e req-4dc324ab-867e-40e3-a896-42455ce63e5e ] Request (ServersAdmin275Test:test_rebuild_update_server_275): 200 GET http://10.180.1.21/compute/v2.1/servers/ac2d270b-a9c1-43c0-bee8-f8cd5abc24fd 0.108s
2024-09-20 17:40:40.240 62552 INFO tempest.lib.common.rest_client [req-40338ff6-4637-4519-9325-2b22a6cb1d0a req-40338ff6-4637-4519-9325-2b22a6cb1d0a ] Request (ServerShowV257Test:test_rebuild_server): 200 GET http://10.180.1.21/compute/v2.1/servers/e11807cb-4d91-4178-855a-f9164bdff0c3 0.095s
2024-09-20 17:40:40.286 62564 INFO tempest.lib.common.rest_client [req-b4b1e91d-821c-4ab6-8c28-f3161aeaa358 req-b4b1e91d-821c-4ab6-8c28-f3161aeaa358 ] Request (ServerRescueNegativeTestJSON:setUpClass): 200 GET http://10.180.1.21/compute/v2.1/servers/928a971e-5089-4d0f-8bc7-696f00f01f52 0.109s
2024-09-20 17:40:40.311 62530 INFO tempest.lib.common.rest_client [req-34325d2b-3dce-497f-acf6-f2a2b352d01d req-34325d2b-3dce-497f-acf6-f2a2b352d01d ] Request (ServerActionsTestOtherA:setUpClass): 200 GET http://10.180.1.21/compute/v2.1/servers/9bdf8200-ad6d-469b-a0b0-0c14fa8e8b33 0.094s
2024-09-20 17:40:40.340 62534 INFO tempest.lib.common.rest_client [req-db4f4e1b-23e0-4044-afdf-80c6af104a14 req-db4f4e1b-23e0-4044-afdf-80c6af104a14 ] Request (ServerMetadataTestJSON:setUpClass): 200 GET http://10.180.1.21/compute/v2.1/servers/9512a158-2340-486f-8bd7-45b629b7c19d 0.108s
2024-09-20 17:40:40.367 62576 INFO tempest.lib.common.rest_client [req-e183c6db-9ac8-4c3c-bcb0-e81d318cc2ff req-e183c6db-9ac8-4c3c-bcb0-e81d318cc2ff ] Request (ServerActionsV293TestJSON:setUpClass): 200 GET http://10.180.1.21/volume/v3/b465196c547444e098b7089893be7b12/volumes/c8f03e7f-7e78-4bbc-a74b-b825726e7cad 0.027s
2024-09-20 17:40:40.388 62556 INFO tempest.lib.common.rest_client [req-cb6f51a9-c941-42cf-8203-83af4830fc63 req-cb6f51a9-c941-42cf-8203-83af4830fc63 ] Request (MultipleCreateTestJSON:test_multiple_create): 200 GET http://10.180.1.21/compute/v2.1/servers/10838d64-9b19-4e2d-a8dc-85333a97fd6c 0.110s
2024-09-20 17:40:40.407 62538 INFO tempest.lib.common.rest_client [req-a012c5db-3e38-428a-b698-b58e910f17e5 req-a012c5db-3e38-428a-b698-b58e910f17e5 ] Request (DeleteServersAdminTestJSON:test_delete_server_while_in_error_state): 200 GET http://10.180.1.21/compute/v2.1/servers/6f5b8565-a5c4-48b6-b562-add749755a84 0.083s
2024-09-20 17:40:40.435 62536 INFO tempest.lib.common.rest_client [req-6921748b-08d3-4c1d-a991-8e5df1d1349b req-6921748b-08d3-4c1d-a991-8e5df1d1349b ] Request (ServerGroup264TestJSON:tearDownClass): 200 PUT http://10.180.1.21:9696/networking/v2.0/routers/03b30802-8aac-46ce-b808-3a7765634837/remove_router_interface 1.013s
2024-09-20 17:40:40.481 62540 INFO tempest.lib.common.rest_client [req-715e92f4-8fb9-4fe2-954c-cc4192b0be22 req-715e92f4-8fb9-4fe2-954c-cc4192b0be22 ] Request (MigrationsAdminTest:test_resize_server_revert_deleted_flavor): 200 GET http://10.180.1.21/compute/v2.1/servers/ae3c2675-21a0-489d-9d72-3d19597901cc 0.145s
2024-09-20 17:40:40.484 62560 INFO tempest.lib.common.rest_client [req-db9e8b59-cd01-4a83-b18d-17c707d01f71 req-db9e8b59-cd01-4a83-b18d-17c707d01f71 ] Request (ServerShowV247Test:test_update_rebuild_list_server): 200 GET http://10.180.1.21/compute/v2.1/servers/51301fe2-f618-4d05-837e-0bdc9abe97dc 0.095s
2024-09-20 17:40:40.545 62532 INFO tempest.lib.common.rest_client [req-b262af48-6b5d-4298-9d84-e105fb5d216e req-b262af48-6b5d-4298-9d84-e105fb5d216e ] Request (SecurityGroupsTestJSON:test_list_security_groups_by_server): 200 GET http://10.180.1.21/compute/v2.1/servers/0ead07ed-9f7c-485c-95c3-3aeede597c9b 0.094s
2024-09-20 17:40:40.562 62580 INFO tempest.lib.common.rest_client [req-d60d763d-5bf1-4000-8001-f50ce368303f req-d60d763d-5bf1-4000-8001-f50ce368303f ] Request (ServersV294TestFqdnHostnames:setUpClass): 200 GET http://10.180.1.21/compute/v2.1/servers/552e0085-7216-41c7-8ede-f83ba9c15d6c 0.138s
2024-09-20 17:40:40.600 62550 INFO tempest.lib.common.rest_client [req-9f18f99e-b579-4cda-b81f-47ba564648e0 req-9f18f99e-b579-4cda-b81f-47ba564648e0 ] Request (InstanceActionsNegativeTestJSON:setUpClass): 200 GET http://10.180.1.21/compute/v2.1/servers/435df16a-4633-4373-921a-5f39ae49be5e 0.100s
2024-09-20 17:40:40.638 62574 INFO tempest.lib.common.rest_client [req-59634a7e-29fc-41c9-ba39-72c5bb21273a req-59634a7e-29fc-41c9-ba39-72c5bb21273a ] Request (AttachInterfacesV270Test:test_create_get_list_interfaces): 200 GET http://10.180.1.21/compute/v2.1/servers/6f13d83b-b9f5-40d7-bdcd-4141cef799a2 0.113s
2024-09-20 17:40:40.659 62542 INFO tempest.lib.common.rest_client [req-d739b18f-fba8-4eaf-a76a-58232dddd8af req-d739b18f-fba8-4eaf-a76a-58232dddd8af ] Request (ServersTestMultiNic:test_verify_duplicate_network_nics): 200 GET http://10.180.1.21/compute/v2.1/servers/50206faf-d828-4f13-a5f1-7ff28954187b 0.105s
2024-09-20 17:40:40.713 62566 INFO tempest.lib.common.rest_client [req-d11c5b67-ca3a-4a8e-8058-9c54b98a83d5 req-d11c5b67-ca3a-4a8e-8058-9c54b98a83d5 ] Request (ImagesTestJSON:test_create_image_from_stopped_server): 200 GET http://10.180.1.21/compute/v2.1/servers/71b54fcd-f12c-46aa-bded-3380bbd2b6ea 0.130s
2024-09-20 17:40:40.716 62572 INFO tempest.lib.common.rest_client [req-fd50919a-ac74-43e2-a145-c56f779bafb9 req-fd50919a-ac74-43e2-a145-c56f779bafb9 ] Request (ListServerFiltersTestJSON:setUpClass): 200 GET http://10.180.1.21/compute/v2.1/servers/840b553e-4446-4e9f-b175-cc28c93a8be9 0.107s
2024-09-20 17:40:40.779 62590 INFO tempest.lib.common.rest_client [req-9921e4ec-60f1-446f-a04c-b4cb7a1802c3 req-9921e4ec-60f1-446f-a04c-b4cb7a1802c3 ] Request (ServerRescueTestJSONUnderV235:setUpClass): 200 GET http://10.180.1.21/compute/v2.1/servers/98c6d651-38da-4a23-8d26-2f3922f42917 0.131s
2024-09-20 17:40:40.792 62544 INFO tempest.lib.common.rest_client [req-a23aed23-8a57-4530-b513-9f60a15a2d3e req-a23aed23-8a57-4530-b513-9f60a15a2d3e ] Request (ServerDiskConfigTestJSON:test_rebuild_server_with_manual_disk_config): 200 GET http://10.180.1.21/compute/v2.1/servers/a29f3832-3bb5-4498-9d8e-468621fc345b 0.115s
2024-09-20 17:40:40.846 62548 INFO tempest.lib.common.rest_client [req-49badb1f-9c4b-4e40-b5b4-2574f597c4d1 req-49badb1f-9c4b-4e40-b5b4-2574f597c4d1 ] Request (ServersAaction247Test:test_create_backup): 200 GET http://10.180.1.21/compute/v2.1/servers/a86d3df8-cb32-4b5a-bf9c-630a1dbcf289 0.117s
2024-09-20 17:40:40.866 62554 INFO tempest.lib.common.rest_client [req-790c4713-a96f-472a-bcc8-aeedabe1415a req-790c4713-a96f-472a-bcc8-aeedabe1415a ] Request (FloatingIPsAssociationNegativeTestJSON:setUpClass): 200 GET http://10.180.1.21/compute/v2.1/servers/45ecf4b0-c9a1-486f-a5c8-8447bbdb33f3 0.133s
2024-09-20 17:40:40.929 62536 INFO tempest.lib.common.rest_client [req-9d57abce-c0f6-4b45-9971-63bb42c77156 req-9d57abce-c0f6-4b45-9971-63bb42c77156 ] Request (ServerGroup264TestJSON:tearDownClass): 204 DELETE http://10.180.1.21:9696/networking/v2.0/routers/03b30802-8aac-46ce-b808-3a7765634837 0.493s
2024-09-20 17:40:40.940 62578 INFO tempest.lib.common.rest_client [req-6e2f0fbc-7094-4f52-9059-7f98fa30d6bd req-6e2f0fbc-7094-4f52-9059-7f98fa30d6bd ] Request (ServerShowV254Test:test_rebuild_server): 200 GET http://10.180.1.21/compute/v2.1/servers/e43d962b-bdaa-452e-a936-f474ced040bd 0.127s
2024-09-20 17:40:41.003 62570 INFO tempest.lib.common.rest_client [req-5acc80e9-8da7-4755-89d5-772d251d712b req-5acc80e9-8da7-4755-89d5-772d251d712b ] Request (ListServersNegativeTestJSON:setUpClass): 200 GET http://10.180.1.21/compute/v2.1/servers/337d0d3f-6abe-4799-9e8d-205b4c1e33f3 0.143s
2024-09-20 17:40:41.055 62528 INFO tempest.lib.common.rest_client [req-d015b917-e9f5-4a9a-a179-ff724e455dfc req-d015b917-e9f5-4a9a-a179-ff724e455dfc ] Request (ServersNegativeTestJSON:setUpClass): 200 GET http://10.180.1.21/compute/v2.1/servers/2b054c86-e8f7-4585-bb3a-57632092843f 0.253s
2024-09-20 17:40:41.062 62528 INFO tempest.common.waiters [-] State transition "BUILD/networking" ==> "BUILD/block_device_mapping" after 80 second wait
2024-09-20 17:40:41.064 62586 INFO tempest.lib.common.rest_client [req-daccacee-0df5-4a2d-a7cc-b2c21acb38b4 req-daccacee-0df5-4a2d-a7cc-b2c21acb38b4 ] Request (ServersAdminNegativeTestJSON:setUpClass): 200 GET http://10.180.1.21/compute/v2.1/servers/e26bd8e7-c93e-447d-9101-e5c1bd3ad22d 0.127s
2024-09-20 17:40:41.094 62536 INFO tempest.lib.common.rest_client [req-c1157cdb-5c9a-4969-9c38-5091cbe8a3f1 req-c1157cdb-5c9a-4969-9c38-5091cbe8a3f1 ] Request (ServerGroup264TestJSON:tearDownClass): 204 DELETE http://10.180.1.21:9696/networking/v2.0/subnets/1e8e5cde-0081-4ca7-b3e0-6dc7fb8d4494 0.164s
2024-09-20 17:40:41.215 62546 INFO tempest.lib.common.rest_client [req-fb8ad203-24db-45cf-8896-62418f9f0bd2 req-fb8ad203-24db-45cf-8896-62418f9f0bd2 ] Request (ServersTestManualDisk:setUpClass): 200 GET http://10.180.1.21/compute/v2.1/servers/c608ff0d-f3e3-4c7b-befd-e93416ed0ddc 0.071s
2024-09-20 17:40:41.225 62584 INFO tempest.lib.common.rest_client [req-38866695-bc4a-48db-b14f-61347c6e9fc3 req-38866695-bc4a-48db-b14f-61347c6e9fc3 ] Request (VolumesAdminNegativeTest:test_update_attached_volume_with_nonexistent_volume_in_uri): 200 GET http://10.180.1.21/compute/v2.1/servers/b62906d6-00c0-4189-8c76-4be5fa6bdff9 0.068s
2024-09-20 17:40:41.313 62552 INFO tempest.lib.common.rest_client [req-add77318-8c3b-40c8-99a5-506ba109875c req-add77318-8c3b-40c8-99a5-506ba109875c ] Request (ServerShowV257Test:test_rebuild_server): 200 GET http://10.180.1.21/compute/v2.1/servers/e11807cb-4d91-4178-855a-f9164bdff0c3 0.061s
2024-09-20 17:40:41.333 62568 INFO tempest.lib.common.rest_client [req-00a2bc51-88ab-4dfd-ac0a-6f9da1f97409 req-00a2bc51-88ab-4dfd-ac0a-6f9da1f97409 ] Request (ServersAdmin275Test:test_rebuild_update_server_275): 200 GET http://10.180.1.21/compute/v2.1/servers/ac2d270b-a9c1-43c0-bee8-f8cd5abc24fd 0.089s
2024-09-20 17:40:41.354 62536 INFO tempest.lib.common.rest_client [req-e5b15911-50f7-45a2-896b-311d76ba117a req-e5b15911-50f7-45a2-896b-311d76ba117a ] Request (ServerGroup264TestJSON:tearDownClass): 204 DELETE http://10.180.1.21:9696/networking/v2.0/networks/9d0a4564-64e9-4694-a1e2-1002c35c1226 0.260s
2024-09-20 17:40:41.385 62564 INFO tempest.lib.common.rest_client [req-a5a04dbe-4dca-4a41-ae2b-34be12ef3a0a req-a5a04dbe-4dca-4a41-ae2b-34be12ef3a0a ] Request (ServerRescueNegativeTestJSON:setUpClass): 200 GET http://10.180.1.21/compute/v2.1/servers/928a971e-5089-4d0f-8bc7-696f00f01f52 0.086s
2024-09-20 17:40:41.391 62530 INFO tempest.lib.common.rest_client [req-b0daaaab-025d-496e-8712-81eacfee8d7a req-b0daaaab-025d-496e-8712-81eacfee8d7a ] Request (ServerActionsTestOtherA:setUpClass): 200 GET http://10.180.1.21/compute/v2.1/servers/9bdf8200-ad6d-469b-a0b0-0c14fa8e8b33 0.068s
2024-09-20 17:40:41.409 62576 INFO tempest.lib.common.rest_client [req-c87ff4ca-c603-498e-bbcc-91e8b4d4d7ca req-c87ff4ca-c603-498e-bbcc-91e8b4d4d7ca ] Request (ServerActionsV293TestJSON:setUpClass): 200 GET http://10.180.1.21/volume/v3/b465196c547444e098b7089893be7b12/volumes/c8f03e7f-7e78-4bbc-a74b-b825726e7cad 0.035s
2024-09-20 17:40:41.457 62556 INFO tempest.lib.common.rest_client [req-d297f4cf-f69b-4553-8267-3033b13a8fd4 req-d297f4cf-f69b-4553-8267-3033b13a8fd4 ] Request (MultipleCreateTestJSON:test_multiple_create): 200 GET http://10.180.1.21/compute/v2.1/servers/10838d64-9b19-4e2d-a8dc-85333a97fd6c 0.057s
2024-09-20 17:40:41.459 62536 INFO tempest.lib.common.rest_client [req-329fd934-7d8a-46cd-b5a4-21f9b96ee47e req-329fd934-7d8a-46cd-b5a4-21f9b96ee47e ] Request (ServerGroup264TestJSON:tearDownClass): 204 DELETE http://10.180.1.21/identity/v3/users/2c4c8fb05f5a4487bf5147bbd8eed395 0.104s
2024-09-20 17:40:41.460 62536 INFO tempest.lib.common.dynamic_creds [-] Deleting project and security group for project: 735017c616fa4d6ca86d9bc31b9f1f6e
2024-09-20 17:40:41.460 62534 INFO tempest.lib.common.rest_client [req-8ae4cc24-15d9-4af4-bf7e-0db35d335d02 req-8ae4cc24-15d9-4af4-bf7e-0db35d335d02 ] Request (ServerMetadataTestJSON:setUpClass): 200 GET http://10.180.1.21/compute/v2.1/servers/9512a158-2340-486f-8bd7-45b629b7c19d 0.112s
2024-09-20 17:40:41.509 62536 INFO tempest.lib.common.rest_client [req-f42e3567-55b6-4cc6-95a7-df844a49ebc3 req-f42e3567-55b6-4cc6-95a7-df844a49ebc3 ] Request (ServerGroup264TestJSON:tearDownClass): 200 GET http://10.180.1.21:9696/networking/v2.0/security-groups?tenant_id=735017c616fa4d6ca86d9bc31b9f1f6e&name=default 0.049s
2024-09-20 17:40:41.517 62538 INFO tempest.lib.common.rest_client [req-43732868-c533-4065-8dc2-a95dab185b3c req-43732868-c533-4065-8dc2-a95dab185b3c ] Request (DeleteServersAdminTestJSON:test_delete_server_while_in_error_state): 200 GET http://10.180.1.21/compute/v2.1/servers/6f5b8565-a5c4-48b6-b562-add749755a84 0.099s
2024-09-20 17:40:41.570 62560 INFO tempest.lib.common.rest_client [req-73e5aaa5-7e81-4abd-bf57-454ea9324722 req-73e5aaa5-7e81-4abd-bf57-454ea9324722 ] Request (ServerShowV247Test:test_update_rebuild_list_server): 200 GET http://10.180.1.21/compute/v2.1/servers/51301fe2-f618-4d05-837e-0bdc9abe97dc 0.071s
2024-09-20 17:40:41.617 62536 INFO tempest.lib.common.rest_client [req-4a3d1fc5-763f-4f97-b314-653c0925cf71 req-4a3d1fc5-763f-4f97-b314-653c0925cf71 ] Request (ServerGroup264TestJSON:tearDownClass): 204 DELETE http://10.180.1.21:9696/networking/v2.0/security-groups/920cbf05-36dd-4feb-939c-14a73baf566d 0.107s
2024-09-20 17:40:41.634 62532 INFO tempest.lib.common.rest_client [req-d21c73cf-c73a-48b4-a1e8-42055220136f req-d21c73cf-c73a-48b4-a1e8-42055220136f ] Request (SecurityGroupsTestJSON:test_list_security_groups_by_server): 200 GET http://10.180.1.21/compute/v2.1/servers/0ead07ed-9f7c-485c-95c3-3aeede597c9b 0.076s
2024-09-20 17:40:41.688 62580 INFO tempest.lib.common.rest_client [req-181bda2f-ca4c-4c1d-9b8e-27162c6581a3 req-181bda2f-ca4c-4c1d-9b8e-27162c6581a3 ] Request (ServersV294TestFqdnHostnames:setUpClass): 200 GET http://10.180.1.21/compute/v2.1/servers/552e0085-7216-41c7-8ede-f83ba9c15d6c 0.113s
2024-09-20 17:40:41.696 62540 INFO tempest.lib.common.rest_client [req-5365e81e-cab8-48bc-8cc2-e8e38b0bef65 req-5365e81e-cab8-48bc-8cc2-e8e38b0bef65 ] Request (MigrationsAdminTest:test_resize_server_revert_deleted_flavor): 200 GET http://10.180.1.21/compute/v2.1/servers/ae3c2675-21a0-489d-9d72-3d19597901cc 0.205s
2024-09-20 17:40:41.728 62536 INFO tempest.lib.common.rest_client [req-3717f5b6-97ee-4341-8a16-b59aa76a7170 req-3717f5b6-97ee-4341-8a16-b59aa76a7170 ] Request (ServerGroup264TestJSON:tearDownClass): 204 DELETE http://10.180.1.21/identity/v3/projects/735017c616fa4d6ca86d9bc31b9f1f6e 0.111s
2024-09-20 17:40:41.746 62550 INFO tempest.lib.common.rest_client [req-2d2550af-0748-4fa4-a9b0-9957be4b49c1 req-2d2550af-0748-4fa4-a9b0-9957be4b49c1 ] Request (InstanceActionsNegativeTestJSON:setUpClass): 200 GET http://10.180.1.21/compute/v2.1/servers/435df16a-4633-4373-921a-5f39ae49be5e 0.136s
2024-09-20 17:40:41.776 62574 INFO tempest.lib.common.rest_client [req-87e93989-af22-4d2e-8a70-33bae1435483 req-87e93989-af22-4d2e-8a70-33bae1435483 ] Request (AttachInterfacesV270Test:test_create_get_list_interfaces): 200 GET http://10.180.1.21/compute/v2.1/servers/6f13d83b-b9f5-40d7-bdcd-4141cef799a2 0.126s
2024-09-20 17:40:41.813 62536 INFO tempest.lib.common.rest_client [req-e3551c01-b292-4486-b921-b8b121dea780 req-e3551c01-b292-4486-b921-b8b121dea780 ] Request (AttachVolumeNegativeTest:setUpClass): 201 POST http://10.180.1.21/identity/v3/auth/tokens 0.080s
2024-09-20 17:40:41.818 62542 INFO tempest.lib.common.rest_client [req-c1d8cd05-e0ee-4972-949c-b6db0d135e48 req-c1d8cd05-e0ee-4972-949c-b6db0d135e48 ] Request (ServersTestMultiNic:test_verify_duplicate_network_nics): 200 GET http://10.180.1.21/compute/v2.1/servers/50206faf-d828-4f13-a5f1-7ff28954187b 0.149s
2024-09-20 17:40:41.842 62536 INFO tempest.lib.common.rest_client [req-0d7ed07b-849f-429d-9b47-5b29c253d1cb req-0d7ed07b-849f-429d-9b47-5b29c253d1cb ] Request (AttachVolumeNegativeTest:setUpClass): 201 POST http://10.180.1.21/identity/v3/auth/tokens 0.026s
2024-09-20 17:40:41.849 62566 INFO tempest.lib.common.rest_client [req-95f97bd0-8500-40f8-9779-4c62d0187d03 req-95f97bd0-8500-40f8-9779-4c62d0187d03 ] Request (ImagesTestJSON:test_create_image_from_stopped_server): 200 GET http://10.180.1.21/compute/v2.1/servers/71b54fcd-f12c-46aa-bded-3380bbd2b6ea 0.122s
2024-09-20 17:40:41.868 62536 INFO tempest.lib.common.rest_client [req-b9eca67e-4645-4e5f-8cd0-6072fa8a0a0b req-b9eca67e-4645-4e5f-8cd0-6072fa8a0a0b ] Request (AttachVolumeNegativeTest:setUpClass): 200 GET http://10.180.1.21/identity/v3/domains?name=Default 0.026s
2024-09-20 17:40:41.872 62572 INFO tempest.lib.common.rest_client [req-00dc54b6-6847-47cf-97e8-42c10e3e5a39 req-00dc54b6-6847-47cf-97e8-42c10e3e5a39 ] Request (ListServerFiltersTestJSON:setUpClass): 200 GET http://10.180.1.21/compute/v2.1/servers/840b553e-4446-4e9f-b175-cc28c93a8be9 0.144s
2024-09-20 17:40:41.897 62536 INFO tempest.lib.common.rest_client [req-db4b3ee4-dd4b-49ac-b341-dc1702a577b5 req-db4b3ee4-dd4b-49ac-b341-dc1702a577b5 ] Request (AttachVolumeNegativeTest:setUpClass): 201 POST http://10.180.1.21/identity/v3/projects 0.028s
2024-09-20 17:40:41.901 62590 INFO tempest.lib.common.rest_client [req-68ece5a8-d2e0-4c60-be46-e1108edcecfb req-68ece5a8-d2e0-4c60-be46-e1108edcecfb ] Request (ServerRescueTestJSONUnderV235:setUpClass): 200 GET http://10.180.1.21/compute/v2.1/servers/98c6d651-38da-4a23-8d26-2f3922f42917 0.112s
2024-09-20 17:40:41.926 62544 INFO tempest.lib.common.rest_client [req-3a388e85-f794-44f9-9d3f-1acc080a7d63 req-3a388e85-f794-44f9-9d3f-1acc080a7d63 ] Request (ServerDiskConfigTestJSON:test_rebuild_server_with_manual_disk_config): 200 GET http://10.180.1.21/compute/v2.1/servers/a29f3832-3bb5-4498-9d8e-468621fc345b 0.122s
2024-09-20 17:40:41.959 62536 INFO tempest.lib.common.rest_client [req-7ffd751d-69b0-4b92-bf86-01085abcf4f9 req-7ffd751d-69b0-4b92-bf86-01085abcf4f9 ] Request (AttachVolumeNegativeTest:setUpClass): 201 POST http://10.180.1.21/identity/v3/users 0.061s
2024-09-20 17:40:41.973 62554 INFO tempest.lib.common.rest_client [req-2bafb37a-87f9-4e0d-a63e-6640e0d1c4f6 req-2bafb37a-87f9-4e0d-a63e-6640e0d1c4f6 ] Request (FloatingIPsAssociationNegativeTestJSON:setUpClass): 200 GET http://10.180.1.21/compute/v2.1/servers/45ecf4b0-c9a1-486f-a5c8-8447bbdb33f3 0.099s
2024-09-20 17:40:41.974 62548 INFO tempest.lib.common.rest_client [req-9d65aad9-ff44-472d-b776-91864a285750 req-9d65aad9-ff44-472d-b776-91864a285750 ] Request (ServersAaction247Test:test_create_backup): 200 GET http://10.180.1.21/compute/v2.1/servers/a86d3df8-cb32-4b5a-bf9c-630a1dbcf289 0.119s
2024-09-20 17:40:41.983 62536 INFO tempest.lib.common.rest_client [req-34ff71e9-a528-4e44-9222-2f12b84892fe req-34ff71e9-a528-4e44-9222-2f12b84892fe ] Request (AttachVolumeNegativeTest:setUpClass): 200 GET http://10.180.1.21/identity/v3/roles 0.023s
2024-09-20 17:40:42.008 62536 INFO tempest.lib.common.rest_client [req-a1ac0787-4c12-433c-8629-da28bfa4082b req-a1ac0787-4c12-433c-8629-da28bfa4082b ] Request (AttachVolumeNegativeTest:setUpClass): 204 PUT http://10.180.1.21/identity/v3/projects/0dc849218f594b809e88419e0c6c5af0/users/2ff09e3a217f426684d831ae57cf54fa/roles/51b3fb65f9da42e7b9b051a3c58673ae 0.025s
2024-09-20 17:40:42.008 62536 INFO tempest.lib.common.dynamic_creds [-] Dynamic test user 2ff09e3a217f426684d831ae57cf54fa is created with scope project and roles: ['member']
2024-09-20 17:40:42.008 62536 INFO tempest.lib.common.dynamic_creds [-] Acquired dynamic creds: credentials: Credentials: {'domain_id': 'default', 'domain_name': 'Default', 'username': 'tempest-AttachVolumeNegativeTest-1407783342-project-member', 'project_domain_id': 'default', 'project_domain_name': 'Default', 'project_id': '0dc849218f594b809e88419e0c6c5af0', 'project_name': 'tempest-AttachVolumeNegativeTest-1407783342', 'tenant_id': '0dc849218f594b809e88419e0c6c5af0', 'tenant_name': 'tempest-AttachVolumeNegativeTest-1407783342', 'user_domain_id': 'default', 'user_domain_name': 'Default', 'user_id': '2ff09e3a217f426684d831ae57cf54fa', 'system': None}, Network: None, Subnet: None, Router: None
2024-09-20 17:40:42.019 62578 INFO tempest.lib.common.rest_client [req-9aef0e39-41ba-4d9f-ab8f-772e79ca22e5 req-9aef0e39-41ba-4d9f-ab8f-772e79ca22e5 ] Request (ServerShowV254Test:test_rebuild_server): 200 GET http://10.180.1.21/compute/v2.1/servers/e43d962b-bdaa-452e-a936-f474ced040bd 0.068s
2024-09-20 17:40:42.073 62536 INFO tempest.lib.common.rest_client [req-df8952f8-ffd7-414f-8122-15e2905cc3a1 req-df8952f8-ffd7-414f-8122-15e2905cc3a1 ] Request (AttachVolumeNegativeTest:setUpClass): 201 POST http://10.180.1.21/identity/v3/auth/tokens 0.064s
2024-09-20 17:40:42.084 62570 INFO tempest.lib.common.rest_client [req-5223f7d6-4d2e-4253-a4ad-6f06ae210753 req-5223f7d6-4d2e-4253-a4ad-6f06ae210753 ] Request (ListServersNegativeTestJSON:setUpClass): 200 GET http://10.180.1.21/compute/v2.1/servers/337d0d3f-6abe-4799-9e8d-205b4c1e33f3 0.073s
2024-09-20 17:40:42.148 62586 INFO tempest.lib.common.rest_client [req-5960dc88-d259-4531-98ef-6456eb5202e2 req-5960dc88-d259-4531-98ef-6456eb5202e2 ] Request (ServersAdminNegativeTestJSON:setUpClass): 200 GET http://10.180.1.21/compute/v2.1/servers/e26bd8e7-c93e-447d-9101-e5c1bd3ad22d 0.076s
2024-09-20 17:40:42.159 62582 INFO tempest.lib.common.rest_client [req-e967a48f-e7f0-4635-81be-42b3f8ebb732 req-e967a48f-e7f0-4635-81be-42b3f8ebb732 ] Request (FloatingIPDetailsNegativeTestJSON:setUpClass): 200 PUT http://10.180.1.21:9696/networking/v2.0/routers/015f2e9a-0f35-484f-8d5c-c71049a93abb/add_router_interface 2.010s
2024-09-20 17:40:42.160 62582 INFO tempest.lib.common.dynamic_creds [-] Created isolated network resources for: credentials: Credentials: {'domain_id': 'default', 'domain_name': 'Default', 'username': 'tempest-FloatingIPDetailsNegativeTestJSON-756731605-project-member', 'project_domain_id': 'default', 'project_domain_name': 'Default', 'project_id': 'bbbfd1afcdd5466ea8d776c1b517c801', 'project_name': 'tempest-FloatingIPDetailsNegativeTestJSON-756731605', 'tenant_id': 'bbbfd1afcdd5466ea8d776c1b517c801', 'tenant_name': 'tempest-FloatingIPDetailsNegativeTestJSON-756731605', 'user_domain_id': 'default', 'user_domain_name': 'Default', 'user_id': '5e9825285a3049268f038b5725f3921b', 'system': None}, Network: {'id': '5fee7742-d346-4200-9d22-76e9e37f1694', 'name': 'tempest-FloatingIPDetailsNegativeTestJSON-1421964666-network', 'tenant_id': 'bbbfd1afcdd5466ea8d776c1b517c801', 'admin_state_up': True, 'mtu': 8950, 'status': 'ACTIVE', 'subnets': [], 'shared': False, 'project_id': 'bbbfd1afcdd5466ea8d776c1b517c801', 'port_security_enabled': True, 'router:external': False, 'provider:network_type': 'vlan', 'provider:physical_network': 'default', 'provider:segmentation_id': 55, 'is_default': False, 'availability_zone_hints': [], 'availability_zones': [], 'ipv4_address_scope': None, 'ipv6_address_scope': None, 'description': '', 'tags': [], 'created_at': '2024-09-20T17:40:38Z', 'updated_at': '2024-09-20T17:40:38Z', 'revision_number': 1}, Subnet: {'id': 'e5aa545f-c697-4f15-a384-0192f484a14f', 'name': 'tempest-FloatingIPDetailsNegativeTestJSON-1421964666-subnet', 'tenant_id': 'bbbfd1afcdd5466ea8d776c1b517c801', 'network_id': '5fee7742-d346-4200-9d22-76e9e37f1694', 'ip_version': 4, 'subnetpool_id': None, 'enable_dhcp': True, 'ipv6_ra_mode': None, 'ipv6_address_mode': None, 'gateway_ip': '192.168.128.1', 'cidr': '192.168.128.0/28', 'allocation_pools': [{'start': '192.168.128.2', 'end': '192.168.128.14'}], 'host_routes': [], 'dns_nameservers': [], 'description': '', 'router:external': False, 'service_types': [], 'tags': [], 'created_at': '2024-09-20T17:40:38Z', 'updated_at': '2024-09-20T17:40:38Z', 'revision_number': 0, 'project_id': 'bbbfd1afcdd5466ea8d776c1b517c801'}, Router: {'id': '015f2e9a-0f35-484f-8d5c-c71049a93abb', 'name': 'tempest-FloatingIPDetailsNegativeTestJSON-1421964666-router', 'tenant_id': 'bbbfd1afcdd5466ea8d776c1b517c801', 'admin_state_up': True, 'status': 'ACTIVE', 'external_gateway_info': {'network_id': '0612dc58-76c3-42c8-bb8e-a20bde881148', 'external_fixed_ips': [{'subnet_id': '7b307106-1748-412b-b201-d044b2f62181', 'ip_address': '10.180.180.208'}], 'enable_snat': True}, 'description': '', 'availability_zones': [], 'distributed': False, 'ha': False, 'availability_zone_hints': [], 'routes': [], 'flavor_id': None, 'tags': [], 'created_at': '2024-09-20T17:40:38Z', 'updated_at': '2024-09-20T17:40:39Z', 'revision_number': 2, 'project_id': 'bbbfd1afcdd5466ea8d776c1b517c801'}
2024-09-20 17:40:42.203 62528 INFO tempest.lib.common.rest_client [req-a00e85b6-1b60-4a66-b643-379a8bf78579 req-a00e85b6-1b60-4a66-b643-379a8bf78579 ] Request (ServersNegativeTestJSON:setUpClass): 200 GET http://10.180.1.21/compute/v2.1/servers/2b054c86-e8f7-4585-bb3a-57632092843f 0.140s
2024-09-20 17:40:42.215 62528 INFO tempest.common.waiters [-] State transition "BUILD/block_device_mapping" ==> "BUILD/spawning" after 81 second wait
2024-09-20 17:40:42.264 62582 INFO tempest.lib.common.rest_client [req-e2008eae-fa7b-426c-8eaf-de69f86572f3 req-e2008eae-fa7b-426c-8eaf-de69f86572f3 ] Request (FloatingIPDetailsNegativeTestJSON:setUpClass): 201 POST http://10.180.1.21/identity/v3/auth/tokens 0.098s
2024-09-20 17:40:42.296 62546 INFO tempest.lib.common.rest_client [req-78d2a802-c581-4606-953b-aaee00761822 req-78d2a802-c581-4606-953b-aaee00761822 ] Request (ServersTestManualDisk:setUpClass): 200 GET http://10.180.1.21/compute/v2.1/servers/c608ff0d-f3e3-4c7b-befd-e93416ed0ddc 0.068s
2024-09-20 17:40:42.301 62584 INFO tempest.lib.common.rest_client [req-ca7ba02b-d293-4a3b-abbb-22034e138b5d req-ca7ba02b-d293-4a3b-abbb-22034e138b5d ] Request (VolumesAdminNegativeTest:test_update_attached_volume_with_nonexistent_volume_in_uri): 200 GET http://10.180.1.21/compute/v2.1/servers/b62906d6-00c0-4189-8c76-4be5fa6bdff9 0.065s
2024-09-20 17:40:42.360 62536 INFO tempest.lib.common.rest_client [req-3ec48bca-4221-4666-8641-db1c7156bf6b req-3ec48bca-4221-4666-8641-db1c7156bf6b ] Request (AttachVolumeNegativeTest:setUpClass): 201 POST http://10.180.1.21:9696/networking/v2.0/networks 0.286s
2024-09-20 17:40:42.387 62552 INFO tempest.lib.common.rest_client [req-27ae3c52-a797-46bc-bc8a-458dfd99cdca req-27ae3c52-a797-46bc-bc8a-458dfd99cdca ] Request (ServerShowV257Test:test_rebuild_server): 200 GET http://10.180.1.21/compute/v2.1/servers/e11807cb-4d91-4178-855a-f9164bdff0c3 0.065s
2024-09-20 17:40:42.438 62582 INFO tempest.lib.common.rest_client [req-e5085e82-06ea-4581-8923-9b7fbcf2e3f3 req-e5085e82-06ea-4581-8923-9b7fbcf2e3f3 ] Request (FloatingIPDetailsNegativeTestJSON:test_get_nonexistent_floating_ip_details): 404 GET http://10.180.1.21/compute/v2.1/os-floating-ips/e586c003-0d45-4510-a477-bfae0ad0b733 0.173s
2024-09-20 17:40:42.455 62576 INFO tempest.lib.common.rest_client [req-0f416521-62f8-4dd3-aca6-d87b55dc2368 req-0f416521-62f8-4dd3-aca6-d87b55dc2368 ] Request (ServerActionsV293TestJSON:setUpClass): 200 GET http://10.180.1.21/volume/v3/b465196c547444e098b7089893be7b12/volumes/c8f03e7f-7e78-4bbc-a74b-b825726e7cad 0.036s
2024-09-20 17:40:42.463 62568 INFO tempest.lib.common.rest_client [req-814ca59d-065a-4ea7-9436-a264829ce9bf req-814ca59d-065a-4ea7-9436-a264829ce9bf ] Request (ServersAdmin275Test:test_rebuild_update_server_275): 200 GET http://10.180.1.21/compute/v2.1/servers/ac2d270b-a9c1-43c0-bee8-f8cd5abc24fd 0.116s
2024-09-20 17:40:42.513 62530 INFO tempest.lib.common.rest_client [req-9c1252b4-08d2-434f-b5ac-c97fcaa16f17 req-9c1252b4-08d2-434f-b5ac-c97fcaa16f17 ] Request (ServerActionsTestOtherA:setUpClass): 200 GET http://10.180.1.21/compute/v2.1/servers/9bdf8200-ad6d-469b-a0b0-0c14fa8e8b33 0.114s
2024-09-20 17:40:42.519 62564 INFO tempest.lib.common.rest_client [req-ead31295-e45a-4074-8cb0-674b4a7013b1 req-ead31295-e45a-4074-8cb0-674b4a7013b1 ] Request (ServerRescueNegativeTestJSON:setUpClass): 200 GET http://10.180.1.21/compute/v2.1/servers/928a971e-5089-4d0f-8bc7-696f00f01f52 0.123s
2024-09-20 17:40:42.565 62534 INFO tempest.lib.common.rest_client [req-cbde18d3-eff7-46f3-9cd2-2c6deb866370 req-cbde18d3-eff7-46f3-9cd2-2c6deb866370 ] Request (ServerMetadataTestJSON:setUpClass): 200 GET http://10.180.1.21/compute/v2.1/servers/9512a158-2340-486f-8bd7-45b629b7c19d 0.097s
2024-09-20 17:40:42.604 62556 INFO tempest.lib.common.rest_client [req-3deda3a0-8066-4b41-8d66-7be1ec4337bd req-3deda3a0-8066-4b41-8d66-7be1ec4337bd ] Request (MultipleCreateTestJSON:test_multiple_create): 200 GET http://10.180.1.21/compute/v2.1/servers/10838d64-9b19-4e2d-a8dc-85333a97fd6c 0.136s
2024-09-20 17:40:42.611 62538 INFO tempest.lib.common.rest_client [req-3042e22b-f68a-4930-a379-0e9eb94fc43d req-3042e22b-f68a-4930-a379-0e9eb94fc43d ] Request (DeleteServersAdminTestJSON:test_delete_server_while_in_error_state): 200 GET http://10.180.1.21/compute/v2.1/servers/6f5b8565-a5c4-48b6-b562-add749755a84 0.086s
2024-09-20 17:40:42.679 62560 INFO tempest.lib.common.rest_client [req-5ff1250e-ead2-4a1d-afe9-ee435dd1facd req-5ff1250e-ead2-4a1d-afe9-ee435dd1facd ] Request (ServerShowV247Test:test_update_rebuild_list_server): 200 GET http://10.180.1.21/compute/v2.1/servers/51301fe2-f618-4d05-837e-0bdc9abe97dc 0.099s
2024-09-20 17:40:42.696 62532 INFO tempest.lib.common.rest_client [req-2c56ff63-6bd8-4475-8bfb-aa8bbe84ab75 req-2c56ff63-6bd8-4475-8bfb-aa8bbe84ab75 ] Request (SecurityGroupsTestJSON:test_list_security_groups_by_server): 200 GET http://10.180.1.21/compute/v2.1/servers/0ead07ed-9f7c-485c-95c3-3aeede597c9b 0.054s
2024-09-20 17:40:42.772 62540 INFO tempest.lib.common.rest_client [req-dbd68c49-60dc-4b77-8802-e475fca95fef req-dbd68c49-60dc-4b77-8802-e475fca95fef ] Request (MigrationsAdminTest:test_resize_server_revert_deleted_flavor): 200 GET http://10.180.1.21/compute/v2.1/servers/ae3c2675-21a0-489d-9d72-3d19597901cc 0.067s
2024-09-20 17:40:42.787 62580 INFO tempest.lib.common.rest_client [req-490cb82a-bd47-4b6b-84f1-ecae80418ce5 req-490cb82a-bd47-4b6b-84f1-ecae80418ce5 ] Request (ServersV294TestFqdnHostnames:setUpClass): 200 GET http://10.180.1.21/compute/v2.1/servers/552e0085-7216-41c7-8ede-f83ba9c15d6c 0.084s
2024-09-20 17:40:42.829 62550 INFO tempest.lib.common.rest_client [req-8bb0a959-18b3-47b0-9810-251029015960 req-8bb0a959-18b3-47b0-9810-251029015960 ] Request (InstanceActionsNegativeTestJSON:setUpClass): 200 GET http://10.180.1.21/compute/v2.1/servers/435df16a-4633-4373-921a-5f39ae49be5e 0.075s
2024-09-20 17:40:42.856 62536 INFO tempest.lib.common.rest_client [req-4a63e10d-df11-4a2d-b2af-3f07daaf86a9 req-4a63e10d-df11-4a2d-b2af-3f07daaf86a9 ] Request (AttachVolumeNegativeTest:setUpClass): 201 POST http://10.180.1.21:9696/networking/v2.0/subnets 0.496s
2024-09-20 17:40:42.864 62574 INFO tempest.lib.common.rest_client [req-867a4fc9-6f28-4562-b166-406b42864dd1 req-867a4fc9-6f28-4562-b166-406b42864dd1 ] Request (AttachInterfacesV270Test:test_create_get_list_interfaces): 200 GET http://10.180.1.21/compute/v2.1/servers/6f13d83b-b9f5-40d7-bdcd-4141cef799a2 0.076s
2024-09-20 17:40:42.894 62542 INFO tempest.lib.common.rest_client [req-73fc0a1b-e5fe-49f1-8bdc-5a2ede91e2ad req-73fc0a1b-e5fe-49f1-8bdc-5a2ede91e2ad ] Request (ServersTestMultiNic:test_verify_duplicate_network_nics): 200 GET http://10.180.1.21/compute/v2.1/servers/50206faf-d828-4f13-a5f1-7ff28954187b 0.069s
2024-09-20 17:40:42.936 62566 INFO tempest.lib.common.rest_client [req-3bc1ce86-0015-4c68-87d4-a9b8524b49b0 req-3bc1ce86-0015-4c68-87d4-a9b8524b49b0 ] Request (ImagesTestJSON:test_create_image_from_stopped_server): 200 GET http://10.180.1.21/compute/v2.1/servers/71b54fcd-f12c-46aa-bded-3380bbd2b6ea 0.079s
2024-09-20 17:40:42.949 62572 INFO tempest.lib.common.rest_client [req-cdc69f48-a154-49f1-a741-0bbdea044753 req-cdc69f48-a154-49f1-a741-0bbdea044753 ] Request (ListServerFiltersTestJSON:setUpClass): 200 GET http://10.180.1.21/compute/v2.1/servers/840b553e-4446-4e9f-b175-cc28c93a8be9 0.066s
2024-09-20 17:40:43.005 62590 INFO tempest.lib.common.rest_client [req-3e1758c6-9d96-446a-8200-8f9e6991bd7e req-3e1758c6-9d96-446a-8200-8f9e6991bd7e ] Request (ServerRescueTestJSONUnderV235:setUpClass): 200 GET http://10.180.1.21/compute/v2.1/servers/98c6d651-38da-4a23-8d26-2f3922f42917 0.094s
2024-09-20 17:40:43.008 62544 INFO tempest.lib.common.rest_client [req-3bb31778-ef5c-459e-b111-3f9d1586d9f0 req-3bb31778-ef5c-459e-b111-3f9d1586d9f0 ] Request (ServerDiskConfigTestJSON:test_rebuild_server_with_manual_disk_config): 200 GET http://10.180.1.21/compute/v2.1/servers/a29f3832-3bb5-4498-9d8e-468621fc345b 0.074s
2024-09-20 17:40:43.062 62554 INFO tempest.lib.common.rest_client [req-7b0a66cd-eacb-4082-8ba4-13b3a5cae72a req-7b0a66cd-eacb-4082-8ba4-13b3a5cae72a ] Request (FloatingIPsAssociationNegativeTestJSON:setUpClass): 200 GET http://10.180.1.21/compute/v2.1/servers/45ecf4b0-c9a1-486f-a5c8-8447bbdb33f3 0.081s
2024-09-20 17:40:43.085 62548 INFO tempest.lib.common.rest_client [req-dd372b89-1711-4964-9e42-f3ba87414367 req-dd372b89-1711-4964-9e42-f3ba87414367 ] Request (ServersAaction247Test:test_create_backup): 200 GET http://10.180.1.21/compute/v2.1/servers/a86d3df8-cb32-4b5a-bf9c-630a1dbcf289 0.100s
2024-09-20 17:40:43.135 62578 INFO tempest.lib.common.rest_client [req-f60f06a0-0f44-4fc5-8111-abefebd7e335 req-f60f06a0-0f44-4fc5-8111-abefebd7e335 ] Request (ServerShowV254Test:test_rebuild_server): 200 GET http://10.180.1.21/compute/v2.1/servers/e43d962b-bdaa-452e-a936-f474ced040bd 0.098s
2024-09-20 17:40:43.159 62570 INFO tempest.lib.common.rest_client [req-c336a964-b4da-4f92-909e-ac9e0ffedc96 req-c336a964-b4da-4f92-909e-ac9e0ffedc96 ] Request (ListServersNegativeTestJSON:setUpClass): 200 GET http://10.180.1.21/compute/v2.1/servers/337d0d3f-6abe-4799-9e8d-205b4c1e33f3 0.068s
2024-09-20 17:40:43.230 62586 INFO tempest.lib.common.rest_client [req-67880d51-ed1b-4e31-b6e3-dfd5d70d2ac0 req-67880d51-ed1b-4e31-b6e3-dfd5d70d2ac0 ] Request (ServersAdminNegativeTestJSON:setUpClass): 200 GET http://10.180.1.21/compute/v2.1/servers/e26bd8e7-c93e-447d-9101-e5c1bd3ad22d 0.074s
