2024-09-20 17:40:33.907 62536 INFO tempest.lib.common.dynamic_creds [-] Acquired dynamic creds: credentials: Credentials: {'domain_id': 'default', 'domain_name': 'Default', 'username': 'tempest-ServerGroup264TestJSON-1182267674-project-member', 'project_domain_id': 'default', 'project_domain_name': 'Default', 'project_id': '735017c616fa4d6ca86d9bc31b9f1f6e', 'project_name': 'tempest-ServerGroup264TestJSON-1182267674', 'tenant_id': '735017c616fa4d6ca86d9bc31b9f1f6e', 'tenant_name': 'tempest-ServerGroup264TestJSON-1182267674', 'user_domain_id': 'default', 'user_domain_name': 'Default', 'user_id': '2c4c8fb05f5a4487bf5147bbd8eed395', 'system': None}, Network: None, Subnet: None, Router: None
2024-09-20 17:40:33.932 62542 INFO tempest.lib.common.rest_client [req-09bba952-ddff-47e0-ac57-461602983fb6 req-09bba952-ddff-47e0-ac57-461602983fb6 ] Request (ServersTestMultiNic:test_verify_duplicate_network_nics): 200 GET http://10.180.1.21/compute/v2.1/servers/50206faf-d828-4f13-a5f1-7ff28954187b 0.292s
2024-09-20 17:40:33.955 62582 INFO tempest.lib.common.rest_client [req-5d764696-c8d2-4744-beb7-16639db13ca6 req-5d764696-c8d2-4744-beb7-16639db13ca6 ] Request (ServersAdminTestJSON:tearDownClass): 204 DELETE http://10.180.1.21:9696/networking/v2.0/networks/98613ba2-cb78-4304-950d-5a19292c9d7c 0.298s
2024-09-20 17:40:33.979 62536 INFO tempest.lib.common.rest_client [req-14ea7ad3-99d8-4656-8d78-3149f87a66f9 req-14ea7ad3-99d8-4656-8d78-3149f87a66f9 ] Request (ServerGroup264TestJSON:setUpClass): 201 POST http://10.180.1.21/identity/v3/auth/tokens 0.072s
2024-09-20 17:40:33.995 62572 INFO tempest.lib.common.rest_client [req-2949bf94-29f7-46f0-9abb-852aca7116a2 req-2949bf94-29f7-46f0-9abb-852aca7116a2 ] Request (ListServerFiltersTestJSON:setUpClass): 200 GET http://10.180.1.21/compute/v2.1/servers/840b553e-4446-4e9f-b175-cc28c93a8be9 0.293s
2024-09-20 17:40:34.063 62574 INFO tempest.lib.common.rest_client [req-c9bacf3e-5791-4113-90b5-ce708c2c3b3e req-c9bacf3e-5791-4113-90b5-ce708c2c3b3e ] Request (AttachInterfacesV270Test:test_create_get_list_interfaces): 200 GET http://10.180.1.21/compute/v2.1/servers/6f13d83b-b9f5-40d7-bdcd-4141cef799a2 0.358s
2024-09-20 17:40:34.138 62566 INFO tempest.lib.common.rest_client [req-91a34422-5716-4f5c-a7ea-cc44fb4d3649 req-91a34422-5716-4f5c-a7ea-cc44fb4d3649 ] Request (ImagesTestJSON:test_create_image_from_stopped_server): 200 GET http://10.180.1.21/compute/v2.1/servers/71b54fcd-f12c-46aa-bded-3380bbd2b6ea 0.350s
2024-09-20 17:40:34.191 62590 INFO tempest.lib.common.rest_client [req-b6ae0420-1f07-4f9c-9202-5a2a748fc9a9 req-b6ae0420-1f07-4f9c-9202-5a2a748fc9a9 ] Request (ServerRescueTestJSONUnderV235:setUpClass): 200 GET http://10.180.1.21/compute/v2.1/servers/98c6d651-38da-4a23-8d26-2f3922f42917 0.399s
2024-09-20 17:40:34.231 62544 INFO tempest.lib.common.rest_client [req-c0779583-a45f-404f-bfb8-968471a34db5 req-c0779583-a45f-404f-bfb8-968471a34db5 ] Request (ServerDiskConfigTestJSON:test_rebuild_server_with_manual_disk_config): 200 GET http://10.180.1.21/compute/v2.1/servers/a29f3832-3bb5-4498-9d8e-468621fc345b 0.667s
2024-09-20 17:40:34.237 62544 INFO tempest.common.waiters [-] State transition "BUILD/networking" ==> "BUILD/spawning" after 75 second wait
2024-09-20 17:40:34.258 62548 INFO tempest.lib.common.rest_client [req-fa169104-1a71-4807-ad05-cdaf49be99bd req-fa169104-1a71-4807-ad05-cdaf49be99bd ] Request (ServersAaction247Test:test_create_backup): 200 GET http://10.180.1.21/compute/v2.1/servers/a86d3df8-cb32-4b5a-bf9c-630a1dbcf289 0.400s
2024-09-20 17:40:34.297 62554 INFO tempest.lib.common.rest_client [req-81b785ac-fbcc-4823-b526-8fbcb57349e5 req-81b785ac-fbcc-4823-b526-8fbcb57349e5 ] Request (FloatingIPsAssociationNegativeTestJSON:setUpClass): 200 GET http://10.180.1.21/compute/v2.1/servers/45ecf4b0-c9a1-486f-a5c8-8447bbdb33f3 0.403s
2024-09-20 17:40:34.311 62528 INFO tempest.lib.common.rest_client [req-6e10bd82-b40e-4433-b95d-8853268ef601 req-6e10bd82-b40e-4433-b95d-8853268ef601 ] Request (ServersNegativeTestJSON:setUpClass): 200 GET http://10.180.1.21/compute/v2.1/servers/2b054c86-e8f7-4585-bb3a-57632092843f 0.384s
2024-09-20 17:40:34.376 62578 INFO tempest.lib.common.rest_client [req-cedaa6ab-e1f5-4a79-829f-3a8c321dafe3 req-cedaa6ab-e1f5-4a79-829f-3a8c321dafe3 ] Request (ServerShowV254Test:test_rebuild_server): 200 GET http://10.180.1.21/compute/v2.1/servers/e43d962b-bdaa-452e-a936-f474ced040bd 0.413s
2024-09-20 17:40:34.377 62546 INFO tempest.lib.common.rest_client [req-bd7fc668-acf2-490e-8867-817a94cc02e7 req-bd7fc668-acf2-490e-8867-817a94cc02e7 ] Request (ServersTestManualDisk:setUpClass): 200 GET http://10.180.1.21/compute/v2.1/servers/c608ff0d-f3e3-4c7b-befd-e93416ed0ddc 0.372s
2024-09-20 17:40:34.440 62536 INFO tempest.lib.common.rest_client [req-04e57f46-1964-4aaa-a953-4f9cb9bda2c1 req-04e57f46-1964-4aaa-a953-4f9cb9bda2c1 ] Request (ServerGroup264TestJSON:setUpClass): 201 POST http://10.180.1.21:9696/networking/v2.0/networks 0.461s
2024-09-20 17:40:34.445 62570 INFO tempest.lib.common.rest_client [req-535c1f8a-0a87-4f15-a8ae-c51bd83179ff req-535c1f8a-0a87-4f15-a8ae-c51bd83179ff ] Request (ListServersNegativeTestJSON:setUpClass): 200 GET http://10.180.1.21/compute/v2.1/servers/337d0d3f-6abe-4799-9e8d-205b4c1e33f3 0.356s
2024-09-20 17:40:34.446 62586 INFO tempest.lib.common.rest_client [req-639970a5-60a8-4561-8a9d-05365af3070a req-639970a5-60a8-4561-8a9d-05365af3070a ] Request (ServersAdminNegativeTestJSON:setUpClass): 200 GET http://10.180.1.21/compute/v2.1/servers/e26bd8e7-c93e-447d-9101-e5c1bd3ad22d 0.412s
2024-09-20 17:40:34.503 62552 INFO tempest.lib.common.rest_client [req-b4d7c211-0787-4559-aa51-ccf7dd7fd55d req-b4d7c211-0787-4559-aa51-ccf7dd7fd55d ] Request (ServerShowV257Test:test_rebuild_server): 200 GET http://10.180.1.21/compute/v2.1/servers/e11807cb-4d91-4178-855a-f9164bdff0c3 0.290s
2024-09-20 17:40:34.514 62568 INFO tempest.lib.common.rest_client [req-addb7882-d88a-459b-9158-176fce47ecac req-addb7882-d88a-459b-9158-176fce47ecac ] Request (ServersAdmin275Test:test_rebuild_update_server_275): 200 GET http://10.180.1.21/compute/v2.1/servers/ac2d270b-a9c1-43c0-bee8-f8cd5abc24fd 0.350s
2024-09-20 17:40:34.552 62584 INFO tempest.lib.common.rest_client [req-726237ba-dc8d-4ead-ab1a-358dbf8c2357 req-726237ba-dc8d-4ead-ab1a-358dbf8c2357 ] Request (VolumesAdminNegativeTest:test_update_attached_volume_with_nonexistent_volume_in_uri): 200 GET http://10.180.1.21/compute/v2.1/servers/b62906d6-00c0-4189-8c76-4be5fa6bdff9 0.293s
2024-09-20 17:40:34.581 62564 INFO tempest.lib.common.rest_client [req-6b290f64-a4d8-4e8b-8cfd-232f249f37f6 req-6b290f64-a4d8-4e8b-8cfd-232f249f37f6 ] Request (ServerRescueNegativeTestJSON:setUpClass): 200 GET http://10.180.1.21/compute/v2.1/servers/928a971e-5089-4d0f-8bc7-696f00f01f52 0.272s
2024-09-20 17:40:34.603 62534 INFO tempest.lib.common.rest_client [req-25bc37ed-a964-4755-bbb4-1318e50d1a95 req-25bc37ed-a964-4755-bbb4-1318e50d1a95 ] Request (ServerMetadataTestJSON:setUpClass): 200 GET http://10.180.1.21/compute/v2.1/servers/9512a158-2340-486f-8bd7-45b629b7c19d 0.246s
2024-09-20 17:40:34.653 62530 INFO tempest.lib.common.rest_client [req-2a98d61c-4443-461e-a9ec-05c1b1b5756d req-2a98d61c-4443-461e-a9ec-05c1b1b5756d ] Request (ServerActionsTestOtherA:setUpClass): 200 GET http://10.180.1.21/compute/v2.1/servers/9bdf8200-ad6d-469b-a0b0-0c14fa8e8b33 0.244s
2024-09-20 17:40:34.660 62556 INFO tempest.lib.common.rest_client [req-63151802-d2f2-48dd-9cd1-853468ae495a req-63151802-d2f2-48dd-9cd1-853468ae495a ] Request (MultipleCreateTestJSON:test_multiple_create): 200 GET http://10.180.1.21/compute/v2.1/servers/10838d64-9b19-4e2d-a8dc-85333a97fd6c 0.189s
2024-09-20 17:40:34.663 62576 INFO tempest.lib.common.rest_client [req-075614be-bf37-452f-982e-27b71771a6d2 req-075614be-bf37-452f-982e-27b71771a6d2 ] Request (ServerActionsV293TestJSON:setUpClass): 201 POST http://10.180.1.21:9696/networking/v2.0/routers 1.743s
2024-09-20 17:40:34.725 62538 INFO tempest.lib.common.rest_client [req-d0046761-8971-4f3b-b7e8-c7f2463b17b2 req-d0046761-8971-4f3b-b7e8-c7f2463b17b2 ] Request (DeleteServersAdminTestJSON:test_delete_server_while_in_error_state): 200 GET http://10.180.1.21/compute/v2.1/servers/6f5b8565-a5c4-48b6-b562-add749755a84 0.204s
2024-09-20 17:40:34.740 62540 INFO tempest.lib.common.rest_client [req-7874ea22-7d35-407a-9447-21a3f08eb74b req-7874ea22-7d35-407a-9447-21a3f08eb74b ] Request (MigrationsAdminTest:test_resize_server_revert_deleted_flavor): 200 GET http://10.180.1.21/compute/v2.1/servers/ae3c2675-21a0-489d-9d72-3d19597901cc 0.158s
2024-09-20 17:40:34.793 62560 INFO tempest.lib.common.rest_client [req-84a595fd-194e-4826-a04f-1a88d56663f0 req-84a595fd-194e-4826-a04f-1a88d56663f0 ] Request (ServerShowV247Test:test_update_rebuild_list_server): 200 GET http://10.180.1.21/compute/v2.1/servers/51301fe2-f618-4d05-837e-0bdc9abe97dc 0.146s
2024-09-20 17:40:34.813 62580 INFO tempest.lib.common.rest_client [req-5e0edc34-b916-4603-8e9c-6ede27c57174 req-5e0edc34-b916-4603-8e9c-6ede27c57174 ] Request (ServersV294TestFqdnHostnames:setUpClass): 200 GET http://10.180.1.21/compute/v2.1/servers/552e0085-7216-41c7-8ede-f83ba9c15d6c 0.092s
2024-09-20 17:40:34.875 62536 INFO tempest.lib.common.rest_client [req-9a486426-5cba-4ab2-a1f5-7b7e419dd683 req-9a486426-5cba-4ab2-a1f5-7b7e419dd683 ] Request (ServerGroup264TestJSON:setUpClass): 201 POST http://10.180.1.21:9696/networking/v2.0/subnets 0.434s
2024-09-20 17:40:34.880 62550 INFO tempest.lib.common.rest_client [req-0122596e-2038-4486-9313-2ca38886a89e req-0122596e-2038-4486-9313-2ca38886a89e ] Request (InstanceActionsNegativeTestJSON:setUpClass): 200 GET http://10.180.1.21/compute/v2.1/servers/435df16a-4633-4373-921a-5f39ae49be5e 0.069s
2024-09-20 17:40:34.944 62532 INFO tempest.lib.common.rest_client [req-2962ffa4-8131-4d1d-9274-c4b585991cff req-2962ffa4-8131-4d1d-9274-c4b585991cff ] Request (SecurityGroupsTestJSON:test_list_security_groups_by_server): 200 GET http://10.180.1.21/compute/v2.1/servers/0ead07ed-9f7c-485c-95c3-3aeede597c9b 0.070s
2024-09-20 17:40:34.996 62542 INFO tempest.lib.common.rest_client [req-f0767217-74c7-491c-8a8c-bfcc783a5b9b req-f0767217-74c7-491c-8a8c-bfcc783a5b9b ] Request (ServersTestMultiNic:test_verify_duplicate_network_nics): 200 GET http://10.180.1.21/compute/v2.1/servers/50206faf-d828-4f13-a5f1-7ff28954187b 0.057s
2024-09-20 17:40:35.139 62574 INFO tempest.lib.common.rest_client [req-567060c8-3b51-4903-aad6-6f1931ad90e8 req-567060c8-3b51-4903-aad6-6f1931ad90e8 ] Request (AttachInterfacesV270Test:test_create_get_list_interfaces): 200 GET http://10.180.1.21/compute/v2.1/servers/6f13d83b-b9f5-40d7-bdcd-4141cef799a2 0.062s
2024-09-20 17:40:35.210 62566 INFO tempest.lib.common.rest_client [req-973ccffc-0acb-4e1a-8d48-ee9719227fae req-973ccffc-0acb-4e1a-8d48-ee9719227fae ] Request (ImagesTestJSON:test_create_image_from_stopped_server): 200 GET http://10.180.1.21/compute/v2.1/servers/71b54fcd-f12c-46aa-bded-3380bbd2b6ea 0.062s
2024-09-20 17:40:35.252 62572 INFO tempest.lib.common.rest_client [req-add34f0d-a1cb-45d8-98e2-898c2f70ab62 req-add34f0d-a1cb-45d8-98e2-898c2f70ab62 ] Request (ListServerFiltersTestJSON:setUpClass): 200 GET http://10.180.1.21/compute/v2.1/servers/840b553e-4446-4e9f-b175-cc28c93a8be9 0.245s
2024-09-20 17:40:35.279 62590 INFO tempest.lib.common.rest_client [req-ecacfb7f-d5af-4587-8853-be0f7067da3b req-ecacfb7f-d5af-4587-8853-be0f7067da3b ] Request (ServerRescueTestJSONUnderV235:setUpClass): 200 GET http://10.180.1.21/compute/v2.1/servers/98c6d651-38da-4a23-8d26-2f3922f42917 0.079s
2024-09-20 17:40:35.323 62544 INFO tempest.lib.common.rest_client [req-de076fa7-0d8c-424b-9b4f-8b7d3bc9b8fd req-de076fa7-0d8c-424b-9b4f-8b7d3bc9b8fd ] Request (ServerDiskConfigTestJSON:test_rebuild_server_with_manual_disk_config): 200 GET http://10.180.1.21/compute/v2.1/servers/a29f3832-3bb5-4498-9d8e-468621fc345b 0.084s
2024-09-20 17:40:35.326 62582 INFO tempest.lib.common.rest_client [req-c0600758-edf7-43fc-b9d9-cd2f928384ea req-c0600758-edf7-43fc-b9d9-cd2f928384ea ] Request (ServersAdminTestJSON:tearDownClass): 200 PUT http://10.180.1.21:9696/networking/v2.0/routers/ef1b42e0-ad63-48f4-96aa-8c2955479fd1/remove_router_interface 1.370s
2024-09-20 17:40:35.367 62548 INFO tempest.lib.common.rest_client [req-e62921e0-72aa-4b51-8c6f-05e306f62430 req-e62921e0-72aa-4b51-8c6f-05e306f62430 ] Request (ServersAaction247Test:test_create_backup): 200 GET http://10.180.1.21/compute/v2.1/servers/a86d3df8-cb32-4b5a-bf9c-630a1dbcf289 0.099s
2024-09-20 17:40:35.389 62554 INFO tempest.lib.common.rest_client [req-d9d1a2b8-ad93-41cc-91ba-899f96f10f29 req-d9d1a2b8-ad93-41cc-91ba-899f96f10f29 ] Request (FloatingIPsAssociationNegativeTestJSON:setUpClass): 200 GET http://10.180.1.21/compute/v2.1/servers/45ecf4b0-c9a1-486f-a5c8-8447bbdb33f3 0.080s
2024-09-20 17:40:35.439 62528 INFO tempest.lib.common.rest_client [req-91e206c8-47c7-4e31-a34e-0641d2de78c1 req-91e206c8-47c7-4e31-a34e-0641d2de78c1 ] Request (ServersNegativeTestJSON:setUpClass): 200 GET http://10.180.1.21/compute/v2.1/servers/2b054c86-e8f7-4585-bb3a-57632092843f 0.114s
2024-09-20 17:40:35.456 62578 INFO tempest.lib.common.rest_client [req-0f4a337f-3a69-4b69-91e7-4bfe666d7cad req-0f4a337f-3a69-4b69-91e7-4bfe666d7cad ] Request (ServerShowV254Test:test_rebuild_server): 200 GET http://10.180.1.21/compute/v2.1/servers/e43d962b-bdaa-452e-a936-f474ced040bd 0.069s
2024-09-20 17:40:35.510 62546 INFO tempest.lib.common.rest_client [req-47eba60b-1a46-432d-8a5b-f5c85b13b9cb req-47eba60b-1a46-432d-8a5b-f5c85b13b9cb ] Request (ServersTestManualDisk:setUpClass): 200 GET http://10.180.1.21/compute/v2.1/servers/c608ff0d-f3e3-4c7b-befd-e93416ed0ddc 0.121s
2024-09-20 17:40:35.530 62570 INFO tempest.lib.common.rest_client [req-74216273-9e57-4310-b8d9-4693dce0d6c9 req-74216273-9e57-4310-b8d9-4693dce0d6c9 ] Request (ListServersNegativeTestJSON:setUpClass): 200 GET http://10.180.1.21/compute/v2.1/servers/337d0d3f-6abe-4799-9e8d-205b4c1e33f3 0.077s
2024-09-20 17:40:35.566 62586 INFO tempest.lib.common.rest_client [req-f28a3203-c7a6-4202-838a-61ffed9ebb1f req-f28a3203-c7a6-4202-838a-61ffed9ebb1f ] Request (ServersAdminNegativeTestJSON:setUpClass): 200 GET http://10.180.1.21/compute/v2.1/servers/e26bd8e7-c93e-447d-9101-e5c1bd3ad22d 0.111s
2024-09-20 17:40:35.594 62552 INFO tempest.lib.common.rest_client [req-ea5be275-8b44-486a-b148-8a27a2171050 req-ea5be275-8b44-486a-b148-8a27a2171050 ] Request (ServerShowV257Test:test_rebuild_server): 200 GET http://10.180.1.21/compute/v2.1/servers/e11807cb-4d91-4178-855a-f9164bdff0c3 0.081s
2024-09-20 17:40:35.629 62568 INFO tempest.lib.common.rest_client [req-b51c777c-9423-4d02-9bd0-beff8c50117c req-b51c777c-9423-4d02-9bd0-beff8c50117c ] Request (ServersAdmin275Test:test_rebuild_update_server_275): 200 GET http://10.180.1.21/compute/v2.1/servers/ac2d270b-a9c1-43c0-bee8-f8cd5abc24fd 0.105s
2024-09-20 17:40:35.661 62584 INFO tempest.lib.common.rest_client [req-81577835-9b8a-4968-97d5-f1aaabcfbe67 req-81577835-9b8a-4968-97d5-f1aaabcfbe67 ] Request (VolumesAdminNegativeTest:test_update_attached_volume_with_nonexistent_volume_in_uri): 200 GET http://10.180.1.21/compute/v2.1/servers/b62906d6-00c0-4189-8c76-4be5fa6bdff9 0.101s
2024-09-20 17:40:35.700 62564 INFO tempest.lib.common.rest_client [req-a3a563bb-87b3-46d9-9883-57d0f6855633 req-a3a563bb-87b3-46d9-9883-57d0f6855633 ] Request (ServerRescueNegativeTestJSON:setUpClass): 200 GET http://10.180.1.21/compute/v2.1/servers/928a971e-5089-4d0f-8bc7-696f00f01f52 0.112s
2024-09-20 17:40:35.739 62534 INFO tempest.lib.common.rest_client [req-eca379d0-e1dd-49c1-baf9-b59342e4bac4 req-eca379d0-e1dd-49c1-baf9-b59342e4bac4 ] Request (ServerMetadataTestJSON:setUpClass): 200 GET http://10.180.1.21/compute/v2.1/servers/9512a158-2340-486f-8bd7-45b629b7c19d 0.125s
2024-09-20 17:40:35.776 62530 INFO tempest.lib.common.rest_client [req-90c2de76-e6e6-432e-9f6f-477290b07c81 req-90c2de76-e6e6-432e-9f6f-477290b07c81 ] Request (ServerActionsTestOtherA:setUpClass): 200 GET http://10.180.1.21/compute/v2.1/servers/9bdf8200-ad6d-469b-a0b0-0c14fa8e8b33 0.110s
2024-09-20 17:40:35.815 62556 INFO tempest.lib.common.rest_client [req-3021f547-4c60-49b3-a200-721fb424ea9f req-3021f547-4c60-49b3-a200-721fb424ea9f ] Request (MultipleCreateTestJSON:test_multiple_create): 200 GET http://10.180.1.21/compute/v2.1/servers/10838d64-9b19-4e2d-a8dc-85333a97fd6c 0.147s
2024-09-20 17:40:35.871 62538 INFO tempest.lib.common.rest_client [req-f0a240fc-bf0f-4055-b099-4a7185ddce64 req-f0a240fc-bf0f-4055-b099-4a7185ddce64 ] Request (DeleteServersAdminTestJSON:test_delete_server_while_in_error_state): 200 GET http://10.180.1.21/compute/v2.1/servers/6f5b8565-a5c4-48b6-b562-add749755a84 0.137s
2024-09-20 17:40:35.880 62540 INFO tempest.lib.common.rest_client [req-52258b3b-9c52-437e-b094-f0892c5749fe req-52258b3b-9c52-437e-b094-f0892c5749fe ] Request (MigrationsAdminTest:test_resize_server_revert_deleted_flavor): 200 GET http://10.180.1.21/compute/v2.1/servers/ae3c2675-21a0-489d-9d72-3d19597901cc 0.131s
2024-09-20 17:40:35.941 62560 INFO tempest.lib.common.rest_client [req-21beeb0c-2049-4dfa-b183-851716270e29 req-21beeb0c-2049-4dfa-b183-851716270e29 ] Request (ServerShowV247Test:test_update_rebuild_list_server): 200 GET http://10.180.1.21/compute/v2.1/servers/51301fe2-f618-4d05-837e-0bdc9abe97dc 0.137s
2024-09-20 17:40:35.961 62580 INFO tempest.lib.common.rest_client [req-93efdb3f-1360-4249-a351-2a4f75422baf req-93efdb3f-1360-4249-a351-2a4f75422baf ] Request (ServersV294TestFqdnHostnames:setUpClass): 200 GET http://10.180.1.21/compute/v2.1/servers/552e0085-7216-41c7-8ede-f83ba9c15d6c 0.138s
2024-09-20 17:40:36.016 62550 INFO tempest.lib.common.rest_client [req-093a7e77-e7b7-4eb8-bfd1-215d034f2e3b req-093a7e77-e7b7-4eb8-bfd1-215d034f2e3b ] Request (InstanceActionsNegativeTestJSON:setUpClass): 200 GET http://10.180.1.21/compute/v2.1/servers/435df16a-4633-4373-921a-5f39ae49be5e 0.129s
2024-09-20 17:40:36.018 62532 INFO tempest.lib.common.rest_client [req-fa645c94-b31b-447b-9f1f-491a4819bed2 req-fa645c94-b31b-447b-9f1f-491a4819bed2 ] Request (SecurityGroupsTestJSON:test_list_security_groups_by_server): 200 GET http://10.180.1.21/compute/v2.1/servers/0ead07ed-9f7c-485c-95c3-3aeede597c9b 0.067s
2024-09-20 17:40:36.026 62582 INFO tempest.lib.common.rest_client [req-b97105e3-62d7-4bc5-a580-b117ea6fb6d5 req-b97105e3-62d7-4bc5-a580-b117ea6fb6d5 ] Request (ServersAdminTestJSON:tearDownClass): 204 DELETE http://10.180.1.21:9696/networking/v2.0/routers/ef1b42e0-ad63-48f4-96aa-8c2955479fd1 0.699s
2024-09-20 17:40:36.080 62542 INFO tempest.lib.common.rest_client [req-78bde817-aff8-406f-8ffe-c4ac5bbc941f req-78bde817-aff8-406f-8ffe-c4ac5bbc941f ] Request (ServersTestMultiNic:test_verify_duplicate_network_nics): 200 GET http://10.180.1.21/compute/v2.1/servers/50206faf-d828-4f13-a5f1-7ff28954187b 0.075s
2024-09-20 17:40:36.227 62574 INFO tempest.lib.common.rest_client [req-3328ecc3-4ef6-4821-8de5-3c4013d1c1a6 req-3328ecc3-4ef6-4821-8de5-3c4013d1c1a6 ] Request (AttachInterfacesV270Test:test_create_get_list_interfaces): 200 GET http://10.180.1.21/compute/v2.1/servers/6f13d83b-b9f5-40d7-bdcd-4141cef799a2 0.079s
2024-09-20 17:40:36.283 62566 INFO tempest.lib.common.rest_client [req-cc2d19f6-ffc7-44b7-baf4-a217a404b12c req-cc2d19f6-ffc7-44b7-baf4-a217a404b12c ] Request (ImagesTestJSON:test_create_image_from_stopped_server): 200 GET http://10.180.1.21/compute/v2.1/servers/71b54fcd-f12c-46aa-bded-3380bbd2b6ea 0.061s
2024-09-20 17:40:36.285 62582 INFO tempest.lib.common.rest_client [req-38dba4b1-0480-4431-b5f7-4487e61eff0f req-38dba4b1-0480-4431-b5f7-4487e61eff0f ] Request (ServersAdminTestJSON:tearDownClass): 204 DELETE http://10.180.1.21:9696/networking/v2.0/subnets/18fc99e1-30ca-498b-a4fc-3d02d88aecab 0.258s
2024-09-20 17:40:36.340 62572 INFO tempest.lib.common.rest_client [req-974e7c8c-e7cb-491b-a920-a35bb6232b24 req-974e7c8c-e7cb-491b-a920-a35bb6232b24 ] Request (ListServerFiltersTestJSON:setUpClass): 200 GET http://10.180.1.21/compute/v2.1/servers/840b553e-4446-4e9f-b175-cc28c93a8be9 0.077s
2024-09-20 17:40:36.355 62590 INFO tempest.lib.common.rest_client [req-773f0e7c-7ba4-4225-833c-7864534e9774 req-773f0e7c-7ba4-4225-833c-7864534e9774 ] Request (ServerRescueTestJSONUnderV235:setUpClass): 200 GET http://10.180.1.21/compute/v2.1/servers/98c6d651-38da-4a23-8d26-2f3922f42917 0.065s
2024-09-20 17:40:36.413 62536 INFO tempest.lib.common.rest_client [req-093c27d0-c8f8-486c-878e-3b46a8d7aeef req-093c27d0-c8f8-486c-878e-3b46a8d7aeef ] Request (ServerGroup264TestJSON:setUpClass): 201 POST http://10.180.1.21:9696/networking/v2.0/routers 1.537s
2024-09-20 17:40:36.416 62544 INFO tempest.lib.common.rest_client [req-8986f58b-681c-4764-a960-491905f0ccc2 req-8986f58b-681c-4764-a960-491905f0ccc2 ] Request (ServerDiskConfigTestJSON:test_rebuild_server_with_manual_disk_config): 200 GET http://10.180.1.21/compute/v2.1/servers/a29f3832-3bb5-4498-9d8e-468621fc345b 0.083s
2024-09-20 17:40:36.454 62548 INFO tempest.lib.common.rest_client [req-9a966924-a491-4eb1-bbcd-c409d6d12875 req-9a966924-a491-4eb1-bbcd-c409d6d12875 ] Request (ServersAaction247Test:test_create_backup): 200 GET http://10.180.1.21/compute/v2.1/servers/a86d3df8-cb32-4b5a-bf9c-630a1dbcf289 0.073s
2024-09-20 17:40:36.477 62554 INFO tempest.lib.common.rest_client [req-04d017ad-0819-4890-9d2a-03a1da39c321 req-04d017ad-0819-4890-9d2a-03a1da39c321 ] Request (FloatingIPsAssociationNegativeTestJSON:setUpClass): 200 GET http://10.180.1.21/compute/v2.1/servers/45ecf4b0-c9a1-486f-a5c8-8447bbdb33f3 0.077s
2024-09-20 17:40:36.517 62528 INFO tempest.lib.common.rest_client [req-559e2db4-de7a-41be-afc8-52dbd0fe6b58 req-559e2db4-de7a-41be-afc8-52dbd0fe6b58 ] Request (ServersNegativeTestJSON:setUpClass): 200 GET http://10.180.1.21/compute/v2.1/servers/2b054c86-e8f7-4585-bb3a-57632092843f 0.064s
2024-09-20 17:40:36.537 62578 INFO tempest.lib.common.rest_client [req-f7189fd0-5e68-4d58-9a14-527bc383b614 req-f7189fd0-5e68-4d58-9a14-527bc383b614 ] Request (ServerShowV254Test:test_rebuild_server): 200 GET http://10.180.1.21/compute/v2.1/servers/e43d962b-bdaa-452e-a936-f474ced040bd 0.069s
2024-09-20 17:40:36.618 62570 INFO tempest.lib.common.rest_client [req-85beb5ee-063d-4e40-8977-2996d09ea5a0 req-85beb5ee-063d-4e40-8977-2996d09ea5a0 ] Request (ListServersNegativeTestJSON:setUpClass): 200 GET http://10.180.1.21/compute/v2.1/servers/337d0d3f-6abe-4799-9e8d-205b4c1e33f3 0.079s
2024-09-20 17:40:36.655 62576 INFO tempest.lib.common.rest_client [req-1b785e9f-7599-4977-a359-ba213d8882b0 req-1b785e9f-7599-4977-a359-ba213d8882b0 ] Request (ServerActionsV293TestJSON:setUpClass): 200 PUT http://10.180.1.21:9696/networking/v2.0/routers/79e75443-e88a-4046-a7cb-fd246338e332/add_router_interface 1.991s
2024-09-20 17:40:36.655 62576 INFO tempest.lib.common.dynamic_creds [-] Created isolated network resources for: credentials: Credentials: {'domain_id': 'default', 'domain_name': 'Default', 'username': 'tempest-ServerActionsV293TestJSON-2037875172-project-member', 'project_domain_id': 'default', 'project_domain_name': 'Default', 'project_id': 'b465196c547444e098b7089893be7b12', 'project_name': 'tempest-ServerActionsV293TestJSON-2037875172', 'tenant_id': 'b465196c547444e098b7089893be7b12', 'tenant_name': 'tempest-ServerActionsV293TestJSON-2037875172', 'user_domain_id': 'default', 'user_domain_name': 'Default', 'user_id': '9a81d8c8056c45db84959285fb897fdd', 'system': None}, Network: {'id': '4658fdf4-fbb9-4f7f-81c5-3e5ab48cb759', 'name': 'tempest-ServerActionsV293TestJSON-413317483-network', 'tenant_id': 'b465196c547444e098b7089893be7b12', 'admin_state_up': True, 'mtu': 8950, 'status': 'ACTIVE', 'subnets': [], 'shared': False, 'project_id': 'b465196c547444e098b7089893be7b12', 'port_security_enabled': True, 'router:external': False, 'provider:network_type': 'vlan', 'provider:physical_network': 'default', 'provider:segmentation_id': 486, 'is_default': False, 'availability_zone_hints': [], 'availability_zones': [], 'ipv4_address_scope': None, 'ipv6_address_scope': None, 'description': '', 'tags': [], 'created_at': '2024-09-20T17:40:32Z', 'updated_at': '2024-09-20T17:40:32Z', 'revision_number': 1}, Subnet: {'id': 'a405a1d5-05b3-4072-bc79-39cf10920809', 'name': 'tempest-ServerActionsV293TestJSON-413317483-subnet', 'tenant_id': 'b465196c547444e098b7089893be7b12', 'network_id': '4658fdf4-fbb9-4f7f-81c5-3e5ab48cb759', 'ip_version': 4, 'subnetpool_id': None, 'enable_dhcp': True, 'ipv6_ra_mode': None, 'ipv6_address_mode': None, 'gateway_ip': '192.168.128.1', 'cidr': '192.168.128.0/28', 'allocation_pools': [{'start': '192.168.128.2', 'end': '192.168.128.14'}], 'host_routes': [], 'dns_nameservers': [], 'description': '', 'router:external': False, 'service_types': [], 'tags': [], 'created_at': '2024-09-20T17:40:32Z', 'updated_at': '2024-09-20T17:40:32Z', 'revision_number': 0, 'project_id': 'b465196c547444e098b7089893be7b12'}, Router: {'id': '79e75443-e88a-4046-a7cb-fd246338e332', 'name': 'tempest-ServerActionsV293TestJSON-413317483-router', 'tenant_id': 'b465196c547444e098b7089893be7b12', 'admin_state_up': True, 'status': 'ACTIVE', 'external_gateway_info': {'network_id': '0612dc58-76c3-42c8-bb8e-a20bde881148', 'external_fixed_ips': [{'subnet_id': '7b307106-1748-412b-b201-d044b2f62181', 'ip_address': '10.180.180.245'}], 'enable_snat': True}, 'description': '', 'availability_zones': [], 'distributed': False, 'ha': False, 'availability_zone_hints': [], 'routes': [], 'flavor_id': None, 'tags': [], 'created_at': '2024-09-20T17:40:32Z', 'updated_at': '2024-09-20T17:40:33Z', 'revision_number': 2, 'project_id': 'b465196c547444e098b7089893be7b12'}
2024-09-20 17:40:36.677 62586 INFO tempest.lib.common.rest_client [req-73d6410e-9b5f-48dd-b225-cfb00b4115d3 req-73d6410e-9b5f-48dd-b225-cfb00b4115d3 ] Request (ServersAdminNegativeTestJSON:setUpClass): 200 GET http://10.180.1.21/compute/v2.1/servers/e26bd8e7-c93e-447d-9101-e5c1bd3ad22d 0.101s
2024-09-20 17:40:36.737 62582 INFO tempest.lib.common.rest_client [req-28ff9273-b617-4ead-acd4-b46ef79be7c8 req-28ff9273-b617-4ead-acd4-b46ef79be7c8 ] Request (ServersAdminTestJSON:tearDownClass): 204 DELETE http://10.180.1.21:9696/networking/v2.0/networks/d2286b2f-26da-4c55-9e9d-b6a9522e2fcb 0.451s
2024-09-20 17:40:36.738 62552 INFO tempest.lib.common.rest_client [req-820c3408-e8b6-4176-9c1d-c0af4410cd2b req-820c3408-e8b6-4176-9c1d-c0af4410cd2b ] Request (ServerShowV257Test:test_rebuild_server): 200 GET http://10.180.1.21/compute/v2.1/servers/e11807cb-4d91-4178-855a-f9164bdff0c3 0.130s
2024-09-20 17:40:36.738 62546 INFO tempest.lib.common.rest_client [req-079320d2-c686-498c-a599-b26cc17edb24 req-079320d2-c686-498c-a599-b26cc17edb24 ] Request (ServersTestManualDisk:setUpClass): 200 GET http://10.180.1.21/compute/v2.1/servers/c608ff0d-f3e3-4c7b-befd-e93416ed0ddc 0.219s
2024-09-20 17:40:36.779 62576 INFO tempest.lib.common.rest_client [req-ce381e73-7130-4cca-9e2b-9b4f6f2d6688 req-ce381e73-7130-4cca-9e2b-9b4f6f2d6688 ] Request (ServerActionsV293TestJSON:setUpClass): 201 POST http://10.180.1.21/identity/v3/auth/tokens 0.120s
2024-09-20 17:40:36.805 62584 INFO tempest.lib.common.rest_client [req-e6368814-c585-429d-985f-c51c7ed24630 req-e6368814-c585-429d-985f-c51c7ed24630 ] Request (VolumesAdminNegativeTest:test_update_attached_volume_with_nonexistent_volume_in_uri): 200 GET http://10.180.1.21/compute/v2.1/servers/b62906d6-00c0-4189-8c76-4be5fa6bdff9 0.135s
2024-09-20 17:40:36.821 62568 INFO tempest.lib.common.rest_client [req-ac63a043-33a4-4555-9873-05dc04cb6367 req-ac63a043-33a4-4555-9873-05dc04cb6367 ] Request (ServersAdmin275Test:test_rebuild_update_server_275): 200 GET http://10.180.1.21/compute/v2.1/servers/ac2d270b-a9c1-43c0-bee8-f8cd5abc24fd 0.180s
2024-09-20 17:40:36.827 62582 INFO tempest.lib.common.rest_client [req-242441be-2d83-4a42-b2bf-20aa4141008d req-242441be-2d83-4a42-b2bf-20aa4141008d ] Request (ServersAdminTestJSON:tearDownClass): 204 DELETE http://10.180.1.21/identity/v3/users/ed277eb15f0442aaa3335e3bc38c5023 0.090s
2024-09-20 17:40:36.852 62564 INFO tempest.lib.common.rest_client [req-674aa5dc-d288-412a-852d-09f4d2577578 req-674aa5dc-d288-412a-852d-09f4d2577578 ] Request (ServerRescueNegativeTestJSON:setUpClass): 200 GET http://10.180.1.21/compute/v2.1/servers/928a971e-5089-4d0f-8bc7-696f00f01f52 0.145s
2024-09-20 17:40:36.879 62534 INFO tempest.lib.common.rest_client [req-ac91c2ae-4485-4f54-808f-409ac82cdc41 req-ac91c2ae-4485-4f54-808f-409ac82cdc41 ] Request (ServerMetadataTestJSON:setUpClass): 200 GET http://10.180.1.21/compute/v2.1/servers/9512a158-2340-486f-8bd7-45b629b7c19d 0.131s
2024-09-20 17:40:36.921 62582 INFO tempest.lib.common.rest_client [req-43fdee4b-071f-401e-bb3f-75c5d82741e8 req-43fdee4b-071f-401e-bb3f-75c5d82741e8 ] Request (ServersAdminTestJSON:tearDownClass): 204 DELETE http://10.180.1.21/identity/v3/users/e959c51b5f8347b1929f40a199586a2d 0.093s
2024-09-20 17:40:36.921 62582 INFO tempest.lib.common.dynamic_creds [-] Deleting project and security group for project: 5f9f091cf85a48f29bbc4e1f456bdd5d
2024-09-20 17:40:36.946 62530 INFO tempest.lib.common.rest_client [req-c53240fa-fe51-42c5-9e7b-55e55160ef2d req-c53240fa-fe51-42c5-9e7b-55e55160ef2d ] Request (ServerActionsTestOtherA:setUpClass): 200 GET http://10.180.1.21/compute/v2.1/servers/9bdf8200-ad6d-469b-a0b0-0c14fa8e8b33 0.163s
2024-09-20 17:40:37.015 62576 INFO tempest.lib.common.rest_client [req-941ce055-aeec-4e03-982f-de1fa35b454f req-941ce055-aeec-4e03-982f-de1fa35b454f ] Request (ServerActionsV293TestJSON:setUpClass): 201 POST http://10.180.1.21/compute/v2.1/os-keypairs 0.234s
2024-09-20 17:40:37.026 62582 INFO tempest.lib.common.rest_client [req-2c85a480-2828-46bf-9aa0-8da4c94daa99 req-2c85a480-2828-46bf-9aa0-8da4c94daa99 ] Request (ServersAdminTestJSON:tearDownClass): 200 GET http://10.180.1.21:9696/networking/v2.0/security-groups?tenant_id=5f9f091cf85a48f29bbc4e1f456bdd5d&name=default 0.105s
2024-09-20 17:40:37.027 62556 INFO tempest.lib.common.rest_client [req-109d915e-4426-4db9-b103-fd4bc70d6081 req-109d915e-4426-4db9-b103-fd4bc70d6081 ] Request (MultipleCreateTestJSON:test_multiple_create): 200 GET http://10.180.1.21/compute/v2.1/servers/10838d64-9b19-4e2d-a8dc-85333a97fd6c 0.206s
2024-09-20 17:40:37.080 62540 INFO tempest.lib.common.rest_client [req-a93a3d82-0578-47ed-b572-d2682c4deeb2 req-a93a3d82-0578-47ed-b572-d2682c4deeb2 ] Request (MigrationsAdminTest:test_resize_server_revert_deleted_flavor): 200 GET http://10.180.1.21/compute/v2.1/servers/ae3c2675-21a0-489d-9d72-3d19597901cc 0.191s
2024-09-20 17:40:37.087 62538 INFO tempest.lib.common.rest_client [req-e48d632c-d965-4c9b-a168-686cd358b88c req-e48d632c-d965-4c9b-a168-686cd358b88c ] Request (DeleteServersAdminTestJSON:test_delete_server_while_in_error_state): 200 GET http://10.180.1.21/compute/v2.1/servers/6f5b8565-a5c4-48b6-b562-add749755a84 0.208s
2024-09-20 17:40:37.154 62560 INFO tempest.lib.common.rest_client [req-a08342b6-118f-4d42-b642-1005f3657441 req-a08342b6-118f-4d42-b642-1005f3657441 ] Request (ServerShowV247Test:test_update_rebuild_list_server): 200 GET http://10.180.1.21/compute/v2.1/servers/51301fe2-f618-4d05-837e-0bdc9abe97dc 0.200s
2024-09-20 17:40:37.174 62580 INFO tempest.lib.common.rest_client [req-09f59c84-300d-4393-8cc5-22bd2a559784 req-09f59c84-300d-4393-8cc5-22bd2a559784 ] Request (ServersV294TestFqdnHostnames:setUpClass): 200 GET http://10.180.1.21/compute/v2.1/servers/552e0085-7216-41c7-8ede-f83ba9c15d6c 0.200s
2024-09-20 17:40:37.224 62582 INFO tempest.lib.common.rest_client [req-80951686-abe4-48e7-a4a7-1a0d8c8fb3c4 req-80951686-abe4-48e7-a4a7-1a0d8c8fb3c4 ] Request (ServersAdminTestJSON:tearDownClass): 204 DELETE http://10.180.1.21:9696/networking/v2.0/security-groups/f1c39b29-2a42-45be-95e0-679d04f77f6a 0.197s
2024-09-20 17:40:37.229 62532 INFO tempest.lib.common.rest_client [req-0434890b-ece4-4f31-9cee-b508804dffe1 req-0434890b-ece4-4f31-9cee-b508804dffe1 ] Request (SecurityGroupsTestJSON:test_list_security_groups_by_server): 200 GET http://10.180.1.21/compute/v2.1/servers/0ead07ed-9f7c-485c-95c3-3aeede597c9b 0.201s
2024-09-20 17:40:37.236 62550 INFO tempest.lib.common.rest_client [req-9ec7824d-39fc-4556-8dcb-a8c6653a95ce req-9ec7824d-39fc-4556-8dcb-a8c6653a95ce ] Request (InstanceActionsNegativeTestJSON:setUpClass): 200 GET http://10.180.1.21/compute/v2.1/servers/435df16a-4633-4373-921a-5f39ae49be5e 0.205s
2024-09-20 17:40:37.255 62576 INFO tempest.lib.common.rest_client [req-9a6607ec-2791-4848-b1c6-baeafe663906 req-9a6607ec-2791-4848-b1c6-baeafe663906 ] Request (ServerActionsV293TestJSON:setUpClass): 201 POST http://10.180.1.21:9696/networking/v2.0/security-groups 0.237s
2024-09-20 17:40:37.304 62574 INFO tempest.lib.common.rest_client [req-fe5b51f0-0850-42fc-aa9b-f50374982526 req-fe5b51f0-0850-42fc-aa9b-f50374982526 ] Request (AttachInterfacesV270Test:test_create_get_list_interfaces): 200 GET http://10.180.1.21/compute/v2.1/servers/6f13d83b-b9f5-40d7-bdcd-4141cef799a2 0.067s
2024-09-20 17:40:37.310 62542 INFO tempest.lib.common.rest_client [req-e182570a-3697-4071-85d6-394a18f7edce req-e182570a-3697-4071-85d6-394a18f7edce ] Request (ServersTestMultiNic:test_verify_duplicate_network_nics): 200 GET http://10.180.1.21/compute/v2.1/servers/50206faf-d828-4f13-a5f1-7ff28954187b 0.223s
2024-09-20 17:40:37.352 62582 INFO tempest.lib.common.rest_client [req-5f581e42-7696-483a-a0b1-2d2c951ca528 req-5f581e42-7696-483a-a0b1-2d2c951ca528 ] Request (ServersAdminTestJSON:tearDownClass): 204 DELETE http://10.180.1.21/identity/v3/projects/5f9f091cf85a48f29bbc4e1f456bdd5d 0.128s
2024-09-20 17:40:37.352 62582 INFO tempest.lib.common.dynamic_creds [-] Deleting project and security group for project: beeb54aaf8a345c3b5dc0284d4095fd2
2024-09-20 17:40:37.359 62566 INFO tempest.lib.common.rest_client [req-7f5157bd-b687-4188-8784-d0599d4b7d12 req-7f5157bd-b687-4188-8784-d0599d4b7d12 ] Request (ImagesTestJSON:test_create_image_from_stopped_server): 200 GET http://10.180.1.21/compute/v2.1/servers/71b54fcd-f12c-46aa-bded-3380bbd2b6ea 0.067s
2024-09-20 17:40:37.379 62576 INFO tempest.lib.common.rest_client [req-3f58bfc3-d4fa-4c48-88f2-6d9b3c1bb5cd req-3f58bfc3-d4fa-4c48-88f2-6d9b3c1bb5cd ] Request (ServerActionsV293TestJSON:setUpClass): 201 POST http://10.180.1.21:9696/networking/v2.0/security-group-rules 0.124s
2024-09-20 17:40:37.427 62572 INFO tempest.lib.common.rest_client [req-f876aeab-1a74-45ba-902a-230e7955d78f req-f876aeab-1a74-45ba-902a-230e7955d78f ] Request (ListServerFiltersTestJSON:setUpClass): 200 GET http://10.180.1.21/compute/v2.1/servers/840b553e-4446-4e9f-b175-cc28c93a8be9 0.079s
2024-09-20 17:40:37.432 62582 INFO tempest.lib.common.rest_client [req-b23cbfa0-203d-4fae-ad7b-7abaced789b0 req-b23cbfa0-203d-4fae-ad7b-7abaced789b0 ] Request (ServersAdminTestJSON:tearDownClass): 200 GET http://10.180.1.21:9696/networking/v2.0/security-groups?tenant_id=beeb54aaf8a345c3b5dc0284d4095fd2&name=default 0.079s
2024-09-20 17:40:37.435 62590 INFO tempest.lib.common.rest_client [req-27b79117-9b88-4759-9290-9549bc4da09a req-27b79117-9b88-4759-9290-9549bc4da09a ] Request (ServerRescueTestJSONUnderV235:setUpClass): 200 GET http://10.180.1.21/compute/v2.1/servers/98c6d651-38da-4a23-8d26-2f3922f42917 0.070s
2024-09-20 17:40:37.505 62544 INFO tempest.lib.common.rest_client [req-677a481f-98e8-4863-a823-401cbc217ae7 req-677a481f-98e8-4863-a823-401cbc217ae7 ] Request (ServerDiskConfigTestJSON:test_rebuild_server_with_manual_disk_config): 200 GET http://10.180.1.21/compute/v2.1/servers/a29f3832-3bb5-4498-9d8e-468621fc345b 0.082s
2024-09-20 17:40:37.541 62548 INFO tempest.lib.common.rest_client [req-5ce438a9-021d-4e95-821f-8a07665f8db8 req-5ce438a9-021d-4e95-821f-8a07665f8db8 ] Request (ServersAaction247Test:test_create_backup): 200 GET http://10.180.1.21/compute/v2.1/servers/a86d3df8-cb32-4b5a-bf9c-630a1dbcf289 0.078s
2024-09-20 17:40:37.568 62576 INFO tempest.lib.common.rest_client [req-54728d81-6cc9-4c3a-8b37-d8550c39054a req-54728d81-6cc9-4c3a-8b37-d8550c39054a ] Request (ServerActionsV293TestJSON:setUpClass): 201 POST http://10.180.1.21:9696/networking/v2.0/security-group-rules 0.188s
2024-09-20 17:40:37.575 62554 INFO tempest.lib.common.rest_client [req-511ebb5c-6b32-40d7-a284-1332c1af3dab req-511ebb5c-6b32-40d7-a284-1332c1af3dab ] Request (FloatingIPsAssociationNegativeTestJSON:setUpClass): 200 GET http://10.180.1.21/compute/v2.1/servers/45ecf4b0-c9a1-486f-a5c8-8447bbdb33f3 0.088s
2024-09-20 17:40:37.606 62528 INFO tempest.lib.common.rest_client [req-51df3bd0-1bd3-401c-a988-8e20e3f2f2dd req-51df3bd0-1bd3-401c-a988-8e20e3f2f2dd ] Request (ServersNegativeTestJSON:setUpClass): 200 GET http://10.180.1.21/compute/v2.1/servers/2b054c86-e8f7-4585-bb3a-57632092843f 0.083s
2024-09-20 17:40:37.614 62582 INFO tempest.lib.common.rest_client [req-28c2fb8d-7f6f-4f8e-8c61-58effe408747 req-28c2fb8d-7f6f-4f8e-8c61-58effe408747 ] Request (ServersAdminTestJSON:tearDownClass): 204 DELETE http://10.180.1.21:9696/networking/v2.0/security-groups/380258ac-04c1-47ba-afe0-b1ddd82a6d44 0.182s
2024-09-20 17:40:37.649 62578 INFO tempest.lib.common.rest_client [req-2d814b4b-1a8d-454b-ac67-95d8e4e3cfd7 req-2d814b4b-1a8d-454b-ac67-95d8e4e3cfd7 ] Request (ServerShowV254Test:test_rebuild_server): 200 GET http://10.180.1.21/compute/v2.1/servers/e43d962b-bdaa-452e-a936-f474ced040bd 0.098s
2024-09-20 17:40:37.680 62570 INFO tempest.lib.common.rest_client [req-7c4d7304-00a7-4fc3-982b-68ba439ce382 req-7c4d7304-00a7-4fc3-982b-68ba439ce382 ] Request (ListServersNegativeTestJSON:setUpClass): 200 GET http://10.180.1.21/compute/v2.1/servers/337d0d3f-6abe-4799-9e8d-205b4c1e33f3 0.055s
2024-09-20 17:40:37.763 62582 INFO tempest.lib.common.rest_client [req-62626a63-8a63-49ba-a23e-5ee2e6fd0dd1 req-62626a63-8a63-49ba-a23e-5ee2e6fd0dd1 ] Request (ServersAdminTestJSON:tearDownClass): 204 DELETE http://10.180.1.21/identity/v3/projects/beeb54aaf8a345c3b5dc0284d4095fd2 0.149s
2024-09-20 17:40:37.793 62586 INFO tempest.lib.common.rest_client [req-69444ceb-6a29-4c52-9120-c5c4371b6966 req-69444ceb-6a29-4c52-9120-c5c4371b6966 ] Request (ServersAdminNegativeTestJSON:setUpClass): 200 GET http://10.180.1.21/compute/v2.1/servers/e26bd8e7-c93e-447d-9101-e5c1bd3ad22d 0.102s
2024-09-20 17:40:37.813 62546 INFO tempest.lib.common.rest_client [req-7798bd6d-9166-46b4-a044-3e70a8bf7bb5 req-7798bd6d-9166-46b4-a044-3e70a8bf7bb5 ] Request (ServersTestManualDisk:setUpClass): 200 GET http://10.180.1.21/compute/v2.1/servers/c608ff0d-f3e3-4c7b-befd-e93416ed0ddc 0.063s
2024-09-20 17:40:37.859 62582 INFO tempest.lib.common.rest_client [req-68e02798-9547-4a07-9f32-ebe7ebc60295 req-68e02798-9547-4a07-9f32-ebe7ebc60295 ] Request (FloatingIPDetailsNegativeTestJSON:setUpClass): 201 POST http://10.180.1.21/identity/v3/auth/tokens 0.092s
2024-09-20 17:40:37.884 62552 INFO tempest.lib.common.rest_client [req-ba6a55b3-69fc-4617-99d5-46d7c26064c5 req-ba6a55b3-69fc-4617-99d5-46d7c26064c5 ] Request (ServerShowV257Test:test_rebuild_server): 200 GET http://10.180.1.21/compute/v2.1/servers/e11807cb-4d91-4178-855a-f9164bdff0c3 0.128s
2024-09-20 17:40:37.883 62584 INFO tempest.lib.common.rest_client [req-c2207975-b72e-44b3-9eed-ab5c74db7f2f req-c2207975-b72e-44b3-9eed-ab5c74db7f2f ] Request (VolumesAdminNegativeTest:test_update_attached_volume_with_nonexistent_volume_in_uri): 200 GET http://10.180.1.21/compute/v2.1/servers/b62906d6-00c0-4189-8c76-4be5fa6bdff9 0.065s
2024-09-20 17:40:37.893 62582 INFO tempest.lib.common.rest_client [req-26412a7e-039e-4e1b-a24d-6adc87c0b037 req-26412a7e-039e-4e1b-a24d-6adc87c0b037 ] Request (FloatingIPDetailsNegativeTestJSON:setUpClass): 201 POST http://10.180.1.21/identity/v3/auth/tokens 0.031s
2024-09-20 17:40:37.918 62582 INFO tempest.lib.common.rest_client [req-3780f487-cc35-4378-b6c5-d0a0d81e7f90 req-3780f487-cc35-4378-b6c5-d0a0d81e7f90 ] Request (FloatingIPDetailsNegativeTestJSON:setUpClass): 200 GET http://10.180.1.21/identity/v3/domains?name=Default 0.025s
2024-09-20 17:40:37.939 62568 INFO tempest.lib.common.rest_client [req-3e8f692c-2db9-4cd4-b7df-9f8e71a0ff0d req-3e8f692c-2db9-4cd4-b7df-9f8e71a0ff0d ] Request (ServersAdmin275Test:test_rebuild_update_server_275): 200 GET http://10.180.1.21/compute/v2.1/servers/ac2d270b-a9c1-43c0-bee8-f8cd5abc24fd 0.107s
2024-09-20 17:40:37.964 62564 INFO tempest.lib.common.rest_client [req-fa2014cc-ea17-4dc7-aa49-1c3e07a7ad90 req-fa2014cc-ea17-4dc7-aa49-1c3e07a7ad90 ] Request (ServerRescueNegativeTestJSON:setUpClass): 200 GET http://10.180.1.21/compute/v2.1/servers/928a971e-5089-4d0f-8bc7-696f00f01f52 0.105s
2024-09-20 17:40:37.964 62582 INFO tempest.lib.common.rest_client [req-6adf989e-a2ab-467b-aea8-fa4e528dd539 req-6adf989e-a2ab-467b-aea8-fa4e528dd539 ] Request (FloatingIPDetailsNegativeTestJSON:setUpClass): 201 POST http://10.180.1.21/identity/v3/projects 0.045s
2024-09-20 17:40:38.002 62534 INFO tempest.lib.common.rest_client [req-455051d9-38ce-434c-8017-2dd2284d29aa req-455051d9-38ce-434c-8017-2dd2284d29aa ] Request (ServerMetadataTestJSON:setUpClass): 200 GET http://10.180.1.21/compute/v2.1/servers/9512a158-2340-486f-8bd7-45b629b7c19d 0.111s
2024-09-20 17:40:38.046 62582 INFO tempest.lib.common.rest_client [req-b86ffb8a-8be5-4ba5-9a58-f41bb8dc128f req-b86ffb8a-8be5-4ba5-9a58-f41bb8dc128f ] Request (FloatingIPDetailsNegativeTestJSON:setUpClass): 201 POST http://10.180.1.21/identity/v3/users 0.081s
2024-09-20 17:40:38.050 62530 INFO tempest.lib.common.rest_client [req-e569fdba-7558-403e-b61d-2a1702a6f13b req-e569fdba-7558-403e-b61d-2a1702a6f13b ] Request (ServerActionsTestOtherA:setUpClass): 200 GET http://10.180.1.21/compute/v2.1/servers/9bdf8200-ad6d-469b-a0b0-0c14fa8e8b33 0.096s
2024-09-20 17:40:38.076 62582 INFO tempest.lib.common.rest_client [req-80eddb9e-3066-4c54-bb3c-49c5e4753ea3 req-80eddb9e-3066-4c54-bb3c-49c5e4753ea3 ] Request (FloatingIPDetailsNegativeTestJSON:setUpClass): 200 GET http://10.180.1.21/identity/v3/roles 0.029s
2024-09-20 17:40:38.102 62556 INFO tempest.lib.common.rest_client [req-4fd9c69c-3a9f-4d50-8f70-336150edac1d req-4fd9c69c-3a9f-4d50-8f70-336150edac1d ] Request (MultipleCreateTestJSON:test_multiple_create): 200 GET http://10.180.1.21/compute/v2.1/servers/10838d64-9b19-4e2d-a8dc-85333a97fd6c 0.064s
2024-09-20 17:40:38.106 62582 INFO tempest.lib.common.rest_client [req-072a2b5e-57db-4337-8f01-2b07ae566dc7 req-072a2b5e-57db-4337-8f01-2b07ae566dc7 ] Request (FloatingIPDetailsNegativeTestJSON:setUpClass): 204 PUT http://10.180.1.21/identity/v3/projects/bbbfd1afcdd5466ea8d776c1b517c801/users/5e9825285a3049268f038b5725f3921b/roles/51b3fb65f9da42e7b9b051a3c58673ae 0.030s
2024-09-20 17:40:38.107 62582 INFO tempest.lib.common.dynamic_creds [-] Dynamic test user 5e9825285a3049268f038b5725f3921b is created with scope project and roles: ['member']
2024-09-20 17:40:38.107 62582 INFO tempest.lib.common.dynamic_creds [-] Acquired dynamic creds: credentials: Credentials: {'domain_id': 'default', 'domain_name': 'Default', 'username': 'tempest-FloatingIPDetailsNegativeTestJSON-756731605-project-member', 'project_domain_id': 'default', 'project_domain_name': 'Default', 'project_id': 'bbbfd1afcdd5466ea8d776c1b517c801', 'project_name': 'tempest-FloatingIPDetailsNegativeTestJSON-756731605', 'tenant_id': 'bbbfd1afcdd5466ea8d776c1b517c801', 'tenant_name': 'tempest-FloatingIPDetailsNegativeTestJSON-756731605', 'user_domain_id': 'default', 'user_domain_name': 'Default', 'user_id': '5e9825285a3049268f038b5725f3921b', 'system': None}, Network: None, Subnet: None, Router: None
2024-09-20 17:40:38.157 62538 INFO tempest.lib.common.rest_client [req-1988d49a-0f35-4a8f-a4e9-eeee7e8ce295 req-1988d49a-0f35-4a8f-a4e9-eeee7e8ce295 ] Request (DeleteServersAdminTestJSON:test_delete_server_while_in_error_state): 200 GET http://10.180.1.21/compute/v2.1/servers/6f5b8565-a5c4-48b6-b562-add749755a84 0.060s
2024-09-20 17:40:38.170 62540 INFO tempest.lib.common.rest_client [req-31efc1db-c409-4b9b-8d4f-06b78aa179ef req-31efc1db-c409-4b9b-8d4f-06b78aa179ef ] Request (MigrationsAdminTest:test_resize_server_revert_deleted_flavor): 200 GET http://10.180.1.21/compute/v2.1/servers/ae3c2675-21a0-489d-9d72-3d19597901cc 0.082s
2024-09-20 17:40:38.172 62582 INFO tempest.lib.common.rest_client [req-c93e73f3-dada-43dd-8aef-2bcc6b74b1cb req-c93e73f3-dada-43dd-8aef-2bcc6b74b1cb ] Request (FloatingIPDetailsNegativeTestJSON:setUpClass): 201 POST http://10.180.1.21/identity/v3/auth/tokens 0.065s
2024-09-20 17:40:38.230 62560 INFO tempest.lib.common.rest_client [req-82633c87-5258-4fb5-a82e-6c382c9f186e req-82633c87-5258-4fb5-a82e-6c382c9f186e ] Request (ServerShowV247Test:test_update_rebuild_list_server): 200 GET http://10.180.1.21/compute/v2.1/servers/51301fe2-f618-4d05-837e-0bdc9abe97dc 0.064s
2024-09-20 17:40:38.283 62580 INFO tempest.lib.common.rest_client [req-41de8efa-5dfa-41b6-ac5b-e8346ddc89c1 req-41de8efa-5dfa-41b6-ac5b-e8346ddc89c1 ] Request (ServersV294TestFqdnHostnames:setUpClass): 200 GET http://10.180.1.21/compute/v2.1/servers/552e0085-7216-41c7-8ede-f83ba9c15d6c 0.094s
2024-09-20 17:40:38.307 62532 INFO tempest.lib.common.rest_client [req-49a4821c-4ec5-494b-a07e-24eb2d17519f req-49a4821c-4ec5-494b-a07e-24eb2d17519f ] Request (SecurityGroupsTestJSON:test_list_security_groups_by_server): 200 GET http://10.180.1.21/compute/v2.1/servers/0ead07ed-9f7c-485c-95c3-3aeede597c9b 0.069s
2024-09-20 17:40:38.363 62550 INFO tempest.lib.common.rest_client [req-e594be48-7a9e-498f-86f3-1eca3735a785 req-e594be48-7a9e-498f-86f3-1eca3735a785 ] Request (InstanceActionsNegativeTestJSON:setUpClass): 200 GET http://10.180.1.21/compute/v2.1/servers/435df16a-4633-4373-921a-5f39ae49be5e 0.120s
2024-09-20 17:40:38.395 62574 INFO tempest.lib.common.rest_client [req-549db550-68da-41a1-947d-4c89f5b8b870 req-549db550-68da-41a1-947d-4c89f5b8b870 ] Request (AttachInterfacesV270Test:test_create_get_list_interfaces): 200 GET http://10.180.1.21/compute/v2.1/servers/6f13d83b-b9f5-40d7-bdcd-4141cef799a2 0.079s
2024-09-20 17:40:38.435 62542 INFO tempest.lib.common.rest_client [req-8ccc69f8-caea-4e68-8e98-931fb78298e2 req-8ccc69f8-caea-4e68-8e98-931fb78298e2 ] Request (ServersTestMultiNic:test_verify_duplicate_network_nics): 200 GET http://10.180.1.21/compute/v2.1/servers/50206faf-d828-4f13-a5f1-7ff28954187b 0.116s
2024-09-20 17:40:38.469 62566 INFO tempest.lib.common.rest_client [req-a87ba818-ede6-44b8-8f12-ed8708bdc6e8 req-a87ba818-ede6-44b8-8f12-ed8708bdc6e8 ] Request (ImagesTestJSON:test_create_image_from_stopped_server): 200 GET http://10.180.1.21/compute/v2.1/servers/71b54fcd-f12c-46aa-bded-3380bbd2b6ea 0.100s
2024-09-20 17:40:38.502 62582 INFO tempest.lib.common.rest_client [req-e4499b76-7f22-4bd3-948e-ddcafffc648f req-e4499b76-7f22-4bd3-948e-ddcafffc648f ] Request (FloatingIPDetailsNegativeTestJSON:setUpClass): 201 POST http://10.180.1.21:9696/networking/v2.0/networks 0.329s
2024-09-20 17:40:38.515 62572 INFO tempest.lib.common.rest_client [req-d0f66824-f885-41cb-9f3c-95465bb4b0f0 req-d0f66824-f885-41cb-9f3c-95465bb4b0f0 ] Request (ListServerFiltersTestJSON:setUpClass): 200 GET http://10.180.1.21/compute/v2.1/servers/840b553e-4446-4e9f-b175-cc28c93a8be9 0.081s
2024-09-20 17:40:38.530 62590 INFO tempest.lib.common.rest_client [req-70e0af16-0b27-450d-b225-28331bfb9c72 req-70e0af16-0b27-450d-b225-28331bfb9c72 ] Request (ServerRescueTestJSONUnderV235:setUpClass): 200 GET http://10.180.1.21/compute/v2.1/servers/98c6d651-38da-4a23-8d26-2f3922f42917 0.085s
2024-09-20 17:40:38.591 62544 INFO tempest.lib.common.rest_client [req-18663aa6-7bec-429c-91c1-3244158e56da req-18663aa6-7bec-429c-91c1-3244158e56da ] Request (ServerDiskConfigTestJSON:test_rebuild_server_with_manual_disk_config): 200 GET http://10.180.1.21/compute/v2.1/servers/a29f3832-3bb5-4498-9d8e-468621fc345b 0.078s
2024-09-20 17:40:38.617 62548 INFO tempest.lib.common.rest_client [req-c0fc164b-0b2d-4d84-9e90-6b3cf9f08b69 req-c0fc164b-0b2d-4d84-9e90-6b3cf9f08b69 ] Request (ServersAaction247Test:test_create_backup): 200 GET http://10.180.1.21/compute/v2.1/servers/a86d3df8-cb32-4b5a-bf9c-630a1dbcf289 0.065s
2024-09-20 17:40:38.664 62554 INFO tempest.lib.common.rest_client [req-6d5973f4-c792-4505-8d40-afcef801eb4f req-6d5973f4-c792-4505-8d40-afcef801eb4f ] Request (FloatingIPsAssociationNegativeTestJSON:setUpClass): 200 GET http://10.180.1.21/compute/v2.1/servers/45ecf4b0-c9a1-486f-a5c8-8447bbdb33f3 0.078s
2024-09-20 17:40:38.665 62528 INFO tempest.lib.common.rest_client [req-975fd4c1-1ef1-4804-b84c-0b7792ca8b7a req-975fd4c1-1ef1-4804-b84c-0b7792ca8b7a ] Request (ServersNegativeTestJSON:setUpClass): 200 GET http://10.180.1.21/compute/v2.1/servers/2b054c86-e8f7-4585-bb3a-57632092843f 0.052s
2024-09-20 17:40:38.697 62582 INFO tempest.lib.common.rest_client [req-e4770f0a-247f-45a2-a9c1-d42ed14fe0e1 req-e4770f0a-247f-45a2-a9c1-d42ed14fe0e1 ] Request (FloatingIPDetailsNegativeTestJSON:setUpClass): 201 POST http://10.180.1.21:9696/networking/v2.0/subnets 0.195s
2024-09-20 17:40:38.719 62578 INFO tempest.lib.common.rest_client [req-19baa3d5-0a8f-4c70-a411-9ee2bd1aeb83 req-19baa3d5-0a8f-4c70-a411-9ee2bd1aeb83 ] Request (ServerShowV254Test:test_rebuild_server): 200 GET http://10.180.1.21/compute/v2.1/servers/e43d962b-bdaa-452e-a936-f474ced040bd 0.055s
2024-09-20 17:40:38.736 62536 INFO tempest.lib.common.rest_client [req-718ae3d2-f3db-4ee1-b2e3-b2f0b1fd9b45 req-718ae3d2-f3db-4ee1-b2e3-b2f0b1fd9b45 ] Request (ServerGroup264TestJSON:setUpClass): 200 PUT http://10.180.1.21:9696/networking/v2.0/routers/03b30802-8aac-46ce-b808-3a7765634837/add_router_interface 2.323s
