2025-01-27 14:01:32.634 68708 INFO tempest.lib.common.rest_client [req-d01be3b3-584c-4904-8177-09aa190019ac req-d01be3b3-584c-4904-8177-09aa190019ac ] Request (MigrationsAdminTest:test_list_migrations_in_flavor_resize_situation): 200 GET http://10.180.1.21/compute/v2.1/servers/e3c3759c-81e6-415d-a5a5-b17cc16bdc2f 0.061s
2025-01-27 14:01:32.635 68728 INFO tempest.lib.common.rest_client [req-e4dd97f0-278f-4339-8eb8-ca25911ca0b2 req-e4dd97f0-278f-4339-8eb8-ca25911ca0b2 ] Request (ServerDiagnosticsNegativeTest:test_get_server_diagnostics_by_non_admin): 200 GET http://10.180.1.21/compute/v2.1/servers/7748d5e9-7aae-4b5d-80ac-b6a9f177d6b3 0.068s
2025-01-27 14:01:32.660 68726 INFO tempest.lib.common.rest_client [req-6237a252-ae37-4b1b-88ff-3f65306a390b req-6237a252-ae37-4b1b-88ff-3f65306a390b ] Request (ServerPasswordTestJSON:tearDownClass): 204 DELETE http://10.180.1.21:9696/networking/v2.0/security-groups/a593196c-abd0-4a7c-a719-d64c034f141b 0.087s
2025-01-27 14:01:32.693 68744 INFO tempest.lib.common.rest_client [req-687a1e0d-6271-4992-bfc2-b6ba7cd79e19 req-687a1e0d-6271-4992-bfc2-b6ba7cd79e19 ] Request (DeleteServersTestJSON:test_delete_active_server): 200 GET http://10.180.1.21/compute/v2.1/servers/8f808943-6107-49d9-966f-c4e6ae0cdac4 0.059s
2025-01-27 14:01:32.752 68710 INFO tempest.lib.common.rest_client [req-ba913ad2-6df2-4fcf-90b8-fa7a8ac80840 req-ba913ad2-6df2-4fcf-90b8-fa7a8ac80840 ] Request (InstanceActionsNegativeTestJSON:setUpClass): 200 GET http://10.180.1.21/compute/v2.1/servers/43d09ce7-7946-43d1-8729-d7068c1cdec4 0.057s
2025-01-27 14:01:32.762 68726 INFO tempest.lib.common.rest_client [req-ca3a472b-c5e2-4185-9222-4b0aea1206a6 req-ca3a472b-c5e2-4185-9222-4b0aea1206a6 ] Request (ServerPasswordTestJSON:tearDownClass): 204 DELETE http://10.180.1.21/identity/v3/projects/2469d590f72a4b59ba251dd6e5e95065 0.102s
2025-01-27 14:01:32.765 68726 INFO tempest.test [-] raised in ServerStableDeviceRescueTestIDE.setUpClass. Invoking tearDownClass.
2025-01-27 14:01:32.825 68740 INFO tempest.lib.common.rest_client [req-66090091-1121-465d-b2d4-d91faa9baa81 req-66090091-1121-465d-b2d4-d91faa9baa81 ] Request (ServerRescueNegativeTestJSON:setUpClass): 200 GET http://10.180.1.21/compute/v2.1/servers/03e1ebe5-7a02-430e-b38c-d215e85d59ae 0.062s
2025-01-27 14:01:32.878 68734 INFO tempest.lib.common.rest_client [req-f2b9880c-8d50-411f-88e5-1d9828d7591e req-f2b9880c-8d50-411f-88e5-1d9828d7591e ] Request (ImagesTestJSON:test_create_image_from_suspended_server): 200 GET http://10.180.1.21/compute/v2.1/servers/8fd213dd-d597-48c0-9387-19b4f5dd72ff 0.056s
2025-01-27 14:01:32.932 68754 INFO tempest.lib.common.rest_client [req-363866c8-2eb7-4b1b-a858-07b78a9c1ae8 req-363866c8-2eb7-4b1b-a858-07b78a9c1ae8 ] Request (InstanceActionsTestJSON:setUpClass): 200 GET http://10.180.1.21/compute/v2.1/servers/7a9be56e-f93e-46d5-ac7b-09ab2a44e7f9 0.058s
2025-01-27 14:01:33.000 68700 INFO tempest.lib.common.rest_client [req-01641c3d-028d-4be3-aef3-5c0b9045b64e req-01641c3d-028d-4be3-aef3-5c0b9045b64e ] Request (AttachVolumeShelveTestJSON:test_attach_volume_shelved_or_offload_server): 200 GET http://10.180.1.21/compute/v2.1/servers/04218b42-91dd-4045-8a40-f8829910e064 0.059s
2025-01-27 14:01:33.051 68750 INFO tempest.lib.common.rest_client [req-870b92b0-218b-4e7b-b252-53148ddd6a10 req-870b92b0-218b-4e7b-b252-53148ddd6a10 ] Request (InstanceActionsV221TestJSON:test_get_list_deleted_instance_actions): 200 GET http://10.180.1.21/compute/v2.1/servers/3d034f40-5896-49bc-bed1-9062e1fde1e3 0.054s
2025-01-27 14:01:33.113 68698 INFO tempest.lib.common.rest_client [req-127806a9-7244-46a6-b654-2c0d773744b1 req-127806a9-7244-46a6-b654-2c0d773744b1 ] Request (ServerMetadataTestJSON:setUpClass): 200 GET http://10.180.1.21/compute/v2.1/servers/ecc8aab4-a172-4218-8b09-ccfde0d03903 0.054s
2025-01-27 14:01:33.153 68736 INFO tempest.lib.common.rest_client [req-dc3d79b6-6224-4390-bd26-4e9067d32a77 req-dc3d79b6-6224-4390-bd26-4e9067d32a77 ] Request (ListImageFiltersTestJSON:setUpClass): 200 GET http://10.180.1.21/compute/v2.1/servers/854c955f-b327-4c25-87bd-3ad68dbff024 0.048s
2025-01-27 14:01:33.217 68756 INFO tempest.lib.common.rest_client [req-d35de65a-c876-4aad-a676-c2036c0a2717 req-d35de65a-c876-4aad-a676-c2036c0a2717 ] Request (VolumesAdminNegativeTest:test_update_attached_volume_with_nonexistent_volume_in_body): 200 GET http://10.180.1.21/compute/v2.1/servers/6cdba5b2-af96-4766-9a97-3a758983c49b 0.051s
2025-01-27 14:01:33.265 68718 INFO tempest.lib.common.rest_client [req-5ed065aa-c944-417b-84e7-1e09b7d60cf7 req-5ed065aa-c944-417b-84e7-1e09b7d60cf7 ] Request (ServerAddressesNegativeTestJSON:setUpClass): 200 GET http://10.180.1.21/compute/v2.1/servers/e8433dc4-7c83-4288-acf4-5f5a2863592c 0.049s
2025-01-27 14:01:33.319 68714 INFO tempest.lib.common.rest_client [req-18dc998e-8755-4874-9319-b2d6d0517b0d req-18dc998e-8755-4874-9319-b2d6d0517b0d ] Request (ServersTestFqdnHostnames:test_create_server_with_fqdn_name): 200 GET http://10.180.1.21/compute/v2.1/servers/19afb920-58b0-4ad9-be99-d0a8e930c680 0.051s
2025-01-27 14:01:33.334 68716 INFO tempest.lib.common.rest_client [req-c5c1c64c-fa3d-4fab-8ead-6d938b274eb9 req-c5c1c64c-fa3d-4fab-8ead-6d938b274eb9 ] Request (ServersAdmin275Test:tearDownClass): 200 GET http://10.180.1.21/compute/v2.1/servers/af042cab-9132-4425-b017-133ec85afa0c 0.089s
2025-01-27 14:01:33.367 68722 INFO tempest.lib.common.rest_client [req-18688629-b4b0-4017-b347-e9c4bb17bb51 req-18688629-b4b0-4017-b347-e9c4bb17bb51 ] Request (ServerDiskConfigTestJSON:test_rebuild_server_with_manual_disk_config): 200 GET http://10.180.1.21/compute/v2.1/servers/dc1c594f-7625-495a-8948-cee046bf204a 0.083s
2025-01-27 14:01:33.410 68712 INFO tempest.lib.common.rest_client [req-1f6287d1-2bdf-4092-8e38-d6482acb8265 req-1f6287d1-2bdf-4092-8e38-d6482acb8265 ] Request (ServerRescueTestJSONUnderV235:setUpClass): 200 GET http://10.180.1.21/compute/v2.1/servers/b5d6b647-e24f-4e53-b448-0614334fd760 0.068s
2025-01-27 14:01:33.421 68702 INFO tempest.lib.common.rest_client [req-f45f6625-8896-4027-b3fa-14b2b84150ed req-f45f6625-8896-4027-b3fa-14b2b84150ed ] Request (ServerDiagnosticsV248Test:tearDownClass): 200 GET http://10.180.1.21/compute/v2.1/servers/b4bcab92-0007-4952-8d74-c470049edd71 0.071s
2025-01-27 14:01:33.468 68732 INFO tempest.lib.common.rest_client [req-486fb85f-bf32-4c28-b26f-3e4c57ff7ecb req-486fb85f-bf32-4c28-b26f-3e4c57ff7ecb ] Request (ServersNegativeTestMultiTenantJSON:setUpClass): 200 GET http://10.180.1.21/compute/v2.1/servers/dcd5a800-1a28-45b3-8eff-a2e8cb871491 0.075s
2025-01-27 14:01:33.481 68760 INFO tempest.lib.common.rest_client [req-859e2f17-7ec6-4606-9131-110b41fba2f1 req-859e2f17-7ec6-4606-9131-110b41fba2f1 ] Request (AttachInterfacesV270Test:test_create_get_list_interfaces): 200 GET http://10.180.1.21/compute/v2.1/servers/a7ed3eba-aced-4ff9-ba98-e29d44ef5c54 0.063s
2025-01-27 14:01:33.498 68760 INFO tempest.common.waiters [-] State transition "BUILD/scheduling" ==> "ERROR/None" after 90 second wait
2025-01-27 14:01:33.519 68746 INFO tempest.lib.common.rest_client [req-8637fcea-360b-4783-b738-aa36a9482db4 req-8637fcea-360b-4783-b738-aa36a9482db4 ] Request (ImagesOneServerTestJSON:setUpClass): 200 GET http://10.180.1.21/compute/v2.1/servers/08cc6c54-48f2-4064-93a4-4debb98ab606 0.066s
2025-01-27 14:01:33.537 68720 INFO tempest.lib.common.rest_client [req-7ef11095-e981-4291-8886-442cf0ed9425 req-7ef11095-e981-4291-8886-442cf0ed9425 ] Request (ServersTestManualDisk:setUpClass): 200 GET http://10.180.1.21/compute/v2.1/servers/c1943459-83bf-4461-80e0-d98da37b5d17 0.082s
2025-01-27 14:01:33.688 68706 INFO tempest.lib.common.rest_client [req-3b088013-a4bc-4321-8ef0-fe225b5c0885 req-3b088013-a4bc-4321-8ef0-fe225b5c0885 ] Request (ImagesOneServerNegativeTestJSON:setUpClass): 200 GET http://10.180.1.21/compute/v2.1/servers/e0de75e0-ca8e-4525-ae7f-ed13fcd07338 0.154s
2025-01-27 14:01:33.696 68706 INFO tempest.common.waiters [-] State transition "BUILD/networking" ==> "BUILD/spawning" after 71 second wait
2025-01-27 14:01:33.722 68760 INFO tempest.lib.common.rest_client [req-d8305dd9-4b69-4db8-bfa2-72f103f332d1 req-d8305dd9-4b69-4db8-bfa2-72f103f332d1 ] Request (AttachInterfacesV270Test:test_create_get_list_interfaces): 204 DELETE http://10.180.1.21/compute/v2.1/servers/a7ed3eba-aced-4ff9-ba98-e29d44ef5c54 0.224s
2025-01-27 14:01:33.743 68704 INFO tempest.lib.common.rest_client [req-cb7e610d-bbc7-4d3f-b136-8ce75658dac1 req-cb7e610d-bbc7-4d3f-b136-8ce75658dac1 ] Request (ServerDiagnosticsTest:test_get_server_diagnostics): 200 GET http://10.180.1.21/compute/v2.1/servers/1d4d567b-c1b0-4bf3-96d1-405c3a1cd265 0.208s
2025-01-27 14:01:33.800 68728 INFO tempest.lib.common.rest_client [req-e9049ba0-e643-42b7-8f2d-c9e2c1c7a97b req-e9049ba0-e643-42b7-8f2d-c9e2c1c7a97b ] Request (ServerDiagnosticsNegativeTest:test_get_server_diagnostics_by_non_admin): 200 GET http://10.180.1.21/compute/v2.1/servers/7748d5e9-7aae-4b5d-80ac-b6a9f177d6b3 0.158s
2025-01-27 14:01:33.811 68708 INFO tempest.lib.common.rest_client [req-583576cf-878b-4938-8b75-1636e51f89d2 req-583576cf-878b-4938-8b75-1636e51f89d2 ] Request (MigrationsAdminTest:test_list_migrations_in_flavor_resize_situation): 200 GET http://10.180.1.21/compute/v2.1/servers/e3c3759c-81e6-415d-a5a5-b17cc16bdc2f 0.166s
2025-01-27 14:01:33.829 68760 INFO tempest.lib.common.rest_client [req-b665d21e-4b07-4593-85fb-7cf788e76571 req-b665d21e-4b07-4593-85fb-7cf788e76571 ] Request (AttachInterfacesV270Test:test_create_get_list_interfaces): 404 GET http://10.180.1.21/compute/v2.1/servers/a7ed3eba-aced-4ff9-ba98-e29d44ef5c54 0.107s
2025-01-27 14:01:33.852 68744 INFO tempest.lib.common.rest_client [req-9a50320d-e560-49b8-8632-bd3e3ffff32c req-9a50320d-e560-49b8-8632-bd3e3ffff32c ] Request (DeleteServersTestJSON:test_delete_active_server): 200 GET http://10.180.1.21/compute/v2.1/servers/8f808943-6107-49d9-966f-c4e6ae0cdac4 0.151s
2025-01-27 14:01:33.883 68710 INFO tempest.lib.common.rest_client [req-c48eb49a-3aa6-4b8e-9af6-fabd8924be0a req-c48eb49a-3aa6-4b8e-9af6-fabd8924be0a ] Request (InstanceActionsNegativeTestJSON:setUpClass): 200 GET http://10.180.1.21/compute/v2.1/servers/43d09ce7-7946-43d1-8729-d7068c1cdec4 0.122s
2025-01-27 14:01:33.907 68740 INFO tempest.lib.common.rest_client [req-650e0f2a-6c6f-4445-8654-46fc99932610 req-650e0f2a-6c6f-4445-8654-46fc99932610 ] Request (ServerRescueNegativeTestJSON:setUpClass): 200 GET http://10.180.1.21/compute/v2.1/servers/03e1ebe5-7a02-430e-b38c-d215e85d59ae 0.075s
2025-01-27 14:01:33.944 68734 INFO tempest.lib.common.rest_client [req-89973b03-633b-4355-9ea0-2500fe59b7b4 req-89973b03-633b-4355-9ea0-2500fe59b7b4 ] Request (ImagesTestJSON:test_create_image_from_suspended_server): 200 GET http://10.180.1.21/compute/v2.1/servers/8fd213dd-d597-48c0-9387-19b4f5dd72ff 0.054s
2025-01-27 14:01:33.991 68754 INFO tempest.lib.common.rest_client [req-360a4f60-9e24-41f3-98a9-e9ecd36d694b req-360a4f60-9e24-41f3-98a9-e9ecd36d694b ] Request (InstanceActionsTestJSON:setUpClass): 200 GET http://10.180.1.21/compute/v2.1/servers/7a9be56e-f93e-46d5-ac7b-09ab2a44e7f9 0.051s
2025-01-27 14:01:34.057 68700 INFO tempest.lib.common.rest_client [req-bdcde909-0db6-485b-b79d-4cc8f76e9ac4 req-bdcde909-0db6-485b-b79d-4cc8f76e9ac4 ] Request (AttachVolumeShelveTestJSON:test_attach_volume_shelved_or_offload_server): 200 GET http://10.180.1.21/compute/v2.1/servers/04218b42-91dd-4045-8a40-f8829910e064 0.047s
2025-01-27 14:01:34.108 68750 INFO tempest.lib.common.rest_client [req-a2e47dcd-0399-46b2-873e-fa15d254f4b0 req-a2e47dcd-0399-46b2-873e-fa15d254f4b0 ] Request (InstanceActionsV221TestJSON:test_get_list_deleted_instance_actions): 200 GET http://10.180.1.21/compute/v2.1/servers/3d034f40-5896-49bc-bed1-9062e1fde1e3 0.047s
2025-01-27 14:01:34.168 68698 INFO tempest.lib.common.rest_client [req-15fd5ffa-356a-400c-b2cc-0a5d0176a54f req-15fd5ffa-356a-400c-b2cc-0a5d0176a54f ] Request (ServerMetadataTestJSON:setUpClass): 200 GET http://10.180.1.21/compute/v2.1/servers/ecc8aab4-a172-4218-8b09-ccfde0d03903 0.048s
2025-01-27 14:01:34.209 68736 INFO tempest.lib.common.rest_client [req-fcd1c09c-1165-4172-b435-d89e6d6cf484 req-fcd1c09c-1165-4172-b435-d89e6d6cf484 ] Request (ListImageFiltersTestJSON:setUpClass): 200 GET http://10.180.1.21/compute/v2.1/servers/854c955f-b327-4c25-87bd-3ad68dbff024 0.048s
2025-01-27 14:01:34.216 68736 INFO tempest.common.waiters [-] State transition "BUILD/scheduling" ==> "BUILD/None" after 56 second wait
2025-01-27 14:01:34.269 68756 INFO tempest.lib.common.rest_client [req-d20f84b3-3370-4a6e-b7fe-517a31baed5f req-d20f84b3-3370-4a6e-b7fe-517a31baed5f ] Request (VolumesAdminNegativeTest:test_update_attached_volume_with_nonexistent_volume_in_body): 200 GET http://10.180.1.21/compute/v2.1/servers/6cdba5b2-af96-4766-9a97-3a758983c49b 0.045s
2025-01-27 14:01:34.323 68718 INFO tempest.lib.common.rest_client [req-e848197f-c50d-4108-861d-ccd7c0f64412 req-e848197f-c50d-4108-861d-ccd7c0f64412 ] Request (ServerAddressesNegativeTestJSON:setUpClass): 200 GET http://10.180.1.21/compute/v2.1/servers/e8433dc4-7c83-4288-acf4-5f5a2863592c 0.047s
2025-01-27 14:01:34.378 68714 INFO tempest.lib.common.rest_client [req-7149cb94-a275-4834-8569-546dfbf8fb58 req-7149cb94-a275-4834-8569-546dfbf8fb58 ] Request (ServersTestFqdnHostnames:test_create_server_with_fqdn_name): 200 GET http://10.180.1.21/compute/v2.1/servers/19afb920-58b0-4ad9-be99-d0a8e930c680 0.048s
2025-01-27 14:01:34.423 68722 INFO tempest.lib.common.rest_client [req-71c16e7f-5d88-48f8-ae68-45360e260d11 req-71c16e7f-5d88-48f8-ae68-45360e260d11 ] Request (ServerDiskConfigTestJSON:test_rebuild_server_with_manual_disk_config): 200 GET http://10.180.1.21/compute/v2.1/servers/dc1c594f-7625-495a-8948-cee046bf204a 0.047s
2025-01-27 14:01:34.428 68716 INFO tempest.lib.common.rest_client [req-21e30b24-dc14-4d56-9f83-c0ce212882e4 req-21e30b24-dc14-4d56-9f83-c0ce212882e4 ] Request (ServersAdmin275Test:tearDownClass): 200 GET http://10.180.1.21/compute/v2.1/servers/af042cab-9132-4425-b017-133ec85afa0c 0.071s
2025-01-27 14:01:34.465 68712 INFO tempest.lib.common.rest_client [req-0b1a46ea-1cb8-4c92-a4ba-0546c8febfb8 req-0b1a46ea-1cb8-4c92-a4ba-0546c8febfb8 ] Request (ServerRescueTestJSONUnderV235:setUpClass): 200 GET http://10.180.1.21/compute/v2.1/servers/b5d6b647-e24f-4e53-b448-0614334fd760 0.047s
2025-01-27 14:01:34.485 68702 INFO tempest.lib.common.rest_client [req-d357ebf7-fe35-412d-9f01-d06c87e67448 req-d357ebf7-fe35-412d-9f01-d06c87e67448 ] Request (ServerDiagnosticsV248Test:tearDownClass): 200 GET http://10.180.1.21/compute/v2.1/servers/b4bcab92-0007-4952-8d74-c470049edd71 0.053s
2025-01-27 14:01:34.531 68732 INFO tempest.lib.common.rest_client [req-5423f17b-2ea5-4754-917c-e888ee250f2b req-5423f17b-2ea5-4754-917c-e888ee250f2b ] Request (ServersNegativeTestMultiTenantJSON:setUpClass): 200 GET http://10.180.1.21/compute/v2.1/servers/dcd5a800-1a28-45b3-8eff-a2e8cb871491 0.055s
2025-01-27 14:01:34.543 68760 INFO tempest.lib.common.rest_client [req-f2099485-51cc-490c-9304-5c5fab1162ca req-f2099485-51cc-490c-9304-5c5fab1162ca ] Request (AttachInterfacesV270Test:tearDownClass): 200 PUT http://10.180.1.21:9696/networking/v2.0/routers/eb5eb10c-4ab6-4c12-8219-7cc747c9af2f/remove_router_interface 0.710s
2025-01-27 14:01:34.577 68746 INFO tempest.lib.common.rest_client [req-5182c105-0273-4c5a-bee2-c7ba15c28c17 req-5182c105-0273-4c5a-bee2-c7ba15c28c17 ] Request (ImagesOneServerTestJSON:setUpClass): 200 GET http://10.180.1.21/compute/v2.1/servers/08cc6c54-48f2-4064-93a4-4debb98ab606 0.051s
2025-01-27 14:01:34.598 68720 INFO tempest.lib.common.rest_client [req-f14465a7-89f7-41f1-811e-b81f82150bbb req-f14465a7-89f7-41f1-811e-b81f82150bbb ] Request (ServersTestManualDisk:setUpClass): 200 GET http://10.180.1.21/compute/v2.1/servers/c1943459-83bf-4461-80e0-d98da37b5d17 0.052s
2025-01-27 14:01:34.763 68706 INFO tempest.lib.common.rest_client [req-3461b7e5-bac9-4516-9396-259c12a29c6a req-3461b7e5-bac9-4516-9396-259c12a29c6a ] Request (ImagesOneServerNegativeTestJSON:setUpClass): 200 GET http://10.180.1.21/compute/v2.1/servers/e0de75e0-ca8e-4525-ae7f-ed13fcd07338 0.065s
2025-01-27 14:01:34.806 68704 INFO tempest.lib.common.rest_client [req-620b4545-a9b2-4401-afd3-817de29564e0 req-620b4545-a9b2-4401-afd3-817de29564e0 ] Request (ServerDiagnosticsTest:test_get_server_diagnostics): 200 GET http://10.180.1.21/compute/v2.1/servers/1d4d567b-c1b0-4bf3-96d1-405c3a1cd265 0.054s
2025-01-27 14:01:34.859 68728 INFO tempest.lib.common.rest_client [req-949211d1-f4a2-4822-9008-24d52251be80 req-949211d1-f4a2-4822-9008-24d52251be80 ] Request (ServerDiagnosticsNegativeTest:test_get_server_diagnostics_by_non_admin): 200 GET http://10.180.1.21/compute/v2.1/servers/7748d5e9-7aae-4b5d-80ac-b6a9f177d6b3 0.052s
2025-01-27 14:01:34.871 68760 INFO tempest.lib.common.rest_client [req-62f0f847-aba9-400d-ba64-48197f7eae0e req-62f0f847-aba9-400d-ba64-48197f7eae0e ] Request (AttachInterfacesV270Test:tearDownClass): 204 DELETE http://10.180.1.21:9696/networking/v2.0/routers/eb5eb10c-4ab6-4c12-8219-7cc747c9af2f 0.327s
2025-01-27 14:01:34.877 68708 INFO tempest.lib.common.rest_client [req-9e543605-9456-4104-a68f-ffecd8e31fd4 req-9e543605-9456-4104-a68f-ffecd8e31fd4 ] Request (MigrationsAdminTest:test_list_migrations_in_flavor_resize_situation): 200 GET http://10.180.1.21/compute/v2.1/servers/e3c3759c-81e6-415d-a5a5-b17cc16bdc2f 0.057s
2025-01-27 14:01:34.914 68744 INFO tempest.lib.common.rest_client [req-c87b1081-aa08-4fb3-bb99-f9038eb09080 req-c87b1081-aa08-4fb3-bb99-f9038eb09080 ] Request (DeleteServersTestJSON:test_delete_active_server): 200 GET http://10.180.1.21/compute/v2.1/servers/8f808943-6107-49d9-966f-c4e6ae0cdac4 0.054s
2025-01-27 14:01:34.938 68710 INFO tempest.lib.common.rest_client [req-bce82918-8d08-4125-bb76-d1fbdec7c6a6 req-bce82918-8d08-4125-bb76-d1fbdec7c6a6 ] Request (InstanceActionsNegativeTestJSON:setUpClass): 200 GET http://10.180.1.21/compute/v2.1/servers/43d09ce7-7946-43d1-8729-d7068c1cdec4 0.048s
2025-01-27 14:01:34.965 68740 INFO tempest.lib.common.rest_client [req-33c92ca1-f262-458b-bcae-499500998b65 req-33c92ca1-f262-458b-bcae-499500998b65 ] Request (ServerRescueNegativeTestJSON:setUpClass): 200 GET http://10.180.1.21/compute/v2.1/servers/03e1ebe5-7a02-430e-b38c-d215e85d59ae 0.051s
2025-01-27 14:01:34.966 68760 INFO tempest.lib.common.rest_client [req-d49241e5-670a-4170-8857-3a99b693a4ed req-d49241e5-670a-4170-8857-3a99b693a4ed ] Request (AttachInterfacesV270Test:tearDownClass): 204 DELETE http://10.180.1.21:9696/networking/v2.0/subnets/4de57986-8ea0-476f-aa29-0f3d55d3eeb1 0.094s
2025-01-27 14:01:34.972 68740 INFO tempest.common.waiters [-] State transition "BUILD/None" ==> "BUILD/networking" after 69 second wait
2025-01-27 14:01:35.026 68734 INFO tempest.lib.common.rest_client [req-8a465935-8f68-4d6d-976e-7df8ee59a707 req-8a465935-8f68-4d6d-976e-7df8ee59a707 ] Request (ImagesTestJSON:test_create_image_from_suspended_server): 200 GET http://10.180.1.21/compute/v2.1/servers/8fd213dd-d597-48c0-9387-19b4f5dd72ff 0.074s
2025-01-27 14:01:35.066 68754 INFO tempest.lib.common.rest_client [req-e7658201-52f1-4477-9646-b82d81646e1d req-e7658201-52f1-4477-9646-b82d81646e1d ] Request (InstanceActionsTestJSON:setUpClass): 200 GET http://10.180.1.21/compute/v2.1/servers/7a9be56e-f93e-46d5-ac7b-09ab2a44e7f9 0.067s
2025-01-27 14:01:35.143 68700 INFO tempest.lib.common.rest_client [req-b632e749-369f-4d3b-991a-d75223b3be2e req-b632e749-369f-4d3b-991a-d75223b3be2e ] Request (AttachVolumeShelveTestJSON:test_attach_volume_shelved_or_offload_server): 200 GET http://10.180.1.21/compute/v2.1/servers/04218b42-91dd-4045-8a40-f8829910e064 0.076s
2025-01-27 14:01:35.170 68760 INFO tempest.lib.common.rest_client [req-c7479f11-a9e6-44b9-b526-8e96b0b57132 req-c7479f11-a9e6-44b9-b526-8e96b0b57132 ] Request (AttachInterfacesV270Test:tearDownClass): 204 DELETE http://10.180.1.21:9696/networking/v2.0/networks/7e78865a-3e97-4ff4-ad09-f2f3b33329ea 0.204s
2025-01-27 14:01:35.180 68750 INFO tempest.lib.common.rest_client [req-ff203895-0460-47e0-8e03-4a6f705c4f97 req-ff203895-0460-47e0-8e03-4a6f705c4f97 ] Request (InstanceActionsV221TestJSON:test_get_list_deleted_instance_actions): 200 GET http://10.180.1.21/compute/v2.1/servers/3d034f40-5896-49bc-bed1-9062e1fde1e3 0.062s
2025-01-27 14:01:35.245 68698 INFO tempest.lib.common.rest_client [req-7fb97475-e750-459a-99da-2059780d1fac req-7fb97475-e750-459a-99da-2059780d1fac ] Request (ServerMetadataTestJSON:setUpClass): 200 GET http://10.180.1.21/compute/v2.1/servers/ecc8aab4-a172-4218-8b09-ccfde0d03903 0.067s
2025-01-27 14:01:35.271 68736 INFO tempest.lib.common.rest_client [req-205c82a8-440b-4d42-8048-3247dbf4470d req-205c82a8-440b-4d42-8048-3247dbf4470d ] Request (ListImageFiltersTestJSON:setUpClass): 200 GET http://10.180.1.21/compute/v2.1/servers/854c955f-b327-4c25-87bd-3ad68dbff024 0.053s
2025-01-27 14:01:35.294 68760 INFO tempest.lib.common.rest_client [req-5784333c-9452-4422-b6c1-9037fcabbcc7 req-5784333c-9452-4422-b6c1-9037fcabbcc7 ] Request (AttachInterfacesV270Test:tearDownClass): 204 DELETE http://10.180.1.21/identity/v3/users/49d4e60cbc414fdc9c10a181b098a9a1 0.123s
2025-01-27 14:01:35.294 68760 INFO tempest.lib.common.dynamic_creds [-] Deleting project and security group for project: 793b228371974c71a10877d3b9f365f0
2025-01-27 14:01:35.321 68760 INFO tempest.lib.common.rest_client [req-78d2fc7f-c72f-4814-a373-0e9fda965424 req-78d2fc7f-c72f-4814-a373-0e9fda965424 ] Request (AttachInterfacesV270Test:tearDownClass): 200 GET http://10.180.1.21:9696/networking/v2.0/security-groups?tenant_id=793b228371974c71a10877d3b9f365f0&name=default 0.026s
2025-01-27 14:01:35.326 68756 INFO tempest.lib.common.rest_client [req-eeda9166-e7b2-495b-8a33-9b600de33803 req-eeda9166-e7b2-495b-8a33-9b600de33803 ] Request (VolumesAdminNegativeTest:test_update_attached_volume_with_nonexistent_volume_in_body): 200 GET http://10.180.1.21/compute/v2.1/servers/6cdba5b2-af96-4766-9a97-3a758983c49b 0.050s
2025-01-27 14:01:35.389 68718 INFO tempest.lib.common.rest_client [req-8b0e7411-3600-45f1-bb3c-6212bfc8f40d req-8b0e7411-3600-45f1-bb3c-6212bfc8f40d ] Request (ServerAddressesNegativeTestJSON:setUpClass): 200 GET http://10.180.1.21/compute/v2.1/servers/e8433dc4-7c83-4288-acf4-5f5a2863592c 0.057s
2025-01-27 14:01:35.391 68760 INFO tempest.lib.common.rest_client [req-7d7cbf68-e3d1-43b1-95fd-f3ec99bc1644 req-7d7cbf68-e3d1-43b1-95fd-f3ec99bc1644 ] Request (AttachInterfacesV270Test:tearDownClass): 204 DELETE http://10.180.1.21:9696/networking/v2.0/security-groups/eb87931c-7189-400d-896c-6d0ffc4ee695 0.070s
2025-01-27 14:01:35.442 68714 INFO tempest.lib.common.rest_client [req-5cb13def-6554-4283-9f7f-07ce40ec1dad req-5cb13def-6554-4283-9f7f-07ce40ec1dad ] Request (ServersTestFqdnHostnames:test_create_server_with_fqdn_name): 200 GET http://10.180.1.21/compute/v2.1/servers/19afb920-58b0-4ad9-be99-d0a8e930c680 0.055s
2025-01-27 14:01:35.478 68760 INFO tempest.lib.common.rest_client [req-f0f172ce-4815-4c98-abe8-314d8bc91057 req-f0f172ce-4815-4c98-abe8-314d8bc91057 ] Request (AttachInterfacesV270Test:tearDownClass): 204 DELETE http://10.180.1.21/identity/v3/projects/793b228371974c71a10877d3b9f365f0 0.086s
2025-01-27 14:01:35.491 68722 INFO tempest.lib.common.rest_client [req-77bca290-da6a-4fec-b726-a9c906e5bb56 req-77bca290-da6a-4fec-b726-a9c906e5bb56 ] Request (ServerDiskConfigTestJSON:test_rebuild_server_with_manual_disk_config): 200 GET http://10.180.1.21/compute/v2.1/servers/dc1c594f-7625-495a-8948-cee046bf204a 0.061s
2025-01-27 14:01:35.511 68716 INFO tempest.lib.common.rest_client [req-acb42ebf-13da-48c2-8b67-2758110b20b9 req-acb42ebf-13da-48c2-8b67-2758110b20b9 ] Request (ServersAdmin275Test:tearDownClass): 200 GET http://10.180.1.21/compute/v2.1/servers/af042cab-9132-4425-b017-133ec85afa0c 0.070s
2025-01-27 14:01:35.545 68712 INFO tempest.lib.common.rest_client [req-ff8a47a8-e195-4c86-8cf6-63d5f9f99ac5 req-ff8a47a8-e195-4c86-8cf6-63d5f9f99ac5 ] Request (ServerRescueTestJSONUnderV235:setUpClass): 200 GET http://10.180.1.21/compute/v2.1/servers/b5d6b647-e24f-4e53-b448-0614334fd760 0.073s
2025-01-27 14:01:35.552 68760 INFO tempest.lib.common.rest_client [req-e031e3fb-70ef-45e6-8251-aaf2b7539ccb req-e031e3fb-70ef-45e6-8251-aaf2b7539ccb ] Request (VolumesGetTestJSON:setUpClass): 201 POST http://10.180.1.21/identity/v3/auth/tokens 0.072s
2025-01-27 14:01:35.579 68760 INFO tempest.lib.common.rest_client [req-f982278c-6dcb-4bb6-9b97-0ff365d462b6 req-f982278c-6dcb-4bb6-9b97-0ff365d462b6 ] Request (VolumesGetTestJSON:setUpClass): 201 POST http://10.180.1.21/identity/v3/auth/tokens 0.026s
2025-01-27 14:01:35.586 68702 INFO tempest.lib.common.rest_client [req-3520550c-2996-4715-8983-ff7b929ff71a req-3520550c-2996-4715-8983-ff7b929ff71a ] Request (ServerDiagnosticsV248Test:tearDownClass): 200 GET http://10.180.1.21/compute/v2.1/servers/b4bcab92-0007-4952-8d74-c470049edd71 0.087s
2025-01-27 14:01:35.598 68732 INFO tempest.lib.common.rest_client [req-3ac00c43-a9e6-4ca3-88be-241785dcd25f req-3ac00c43-a9e6-4ca3-88be-241785dcd25f ] Request (ServersNegativeTestMultiTenantJSON:setUpClass): 200 GET http://10.180.1.21/compute/v2.1/servers/dcd5a800-1a28-45b3-8eff-a2e8cb871491 0.060s
2025-01-27 14:01:35.612 68760 INFO tempest.lib.common.rest_client [req-98acb787-f9eb-4108-96f0-141233261965 req-98acb787-f9eb-4108-96f0-141233261965 ] Request (VolumesGetTestJSON:setUpClass): 200 GET http://10.180.1.21/identity/v3/domains?name=Default 0.032s
2025-01-27 14:01:35.640 68746 INFO tempest.lib.common.rest_client [req-bfc29072-c19c-4e1c-a1b2-b90af3591e90 req-bfc29072-c19c-4e1c-a1b2-b90af3591e90 ] Request (ImagesOneServerTestJSON:setUpClass): 200 GET http://10.180.1.21/compute/v2.1/servers/08cc6c54-48f2-4064-93a4-4debb98ab606 0.054s
2025-01-27 14:01:35.641 68760 INFO tempest.lib.common.rest_client [req-1bfba0e3-65c6-4939-a0f1-c94c0a90173e req-1bfba0e3-65c6-4939-a0f1-c94c0a90173e ] Request (VolumesGetTestJSON:setUpClass): 201 POST http://10.180.1.21/identity/v3/projects 0.028s
2025-01-27 14:01:35.668 68720 INFO tempest.lib.common.rest_client [req-d2196e4d-c784-4feb-8b47-cb8554d6d70f req-d2196e4d-c784-4feb-8b47-cb8554d6d70f ] Request (ServersTestManualDisk:setUpClass): 200 GET http://10.180.1.21/compute/v2.1/servers/c1943459-83bf-4461-80e0-d98da37b5d17 0.061s
2025-01-27 14:01:35.720 68760 INFO tempest.lib.common.rest_client [req-128af692-58f3-4c47-973d-1825f3025268 req-128af692-58f3-4c47-973d-1825f3025268 ] Request (VolumesGetTestJSON:setUpClass): 201 POST http://10.180.1.21/identity/v3/users 0.079s
2025-01-27 14:01:35.739 68760 INFO tempest.lib.common.rest_client [req-98ed8fe5-f085-4b43-9e82-a82e701ef466 req-98ed8fe5-f085-4b43-9e82-a82e701ef466 ] Request (VolumesGetTestJSON:setUpClass): 200 GET http://10.180.1.21/identity/v3/roles 0.019s
2025-01-27 14:01:35.766 68760 INFO tempest.lib.common.rest_client [req-8e57115f-ca3c-486f-b620-4859282ec801 req-8e57115f-ca3c-486f-b620-4859282ec801 ] Request (VolumesGetTestJSON:setUpClass): 204 PUT http://10.180.1.21/identity/v3/projects/c669ef9f8fdf417d8fda366939711c99/users/29a35240163841a0a1b9830924e83b52/roles/9c3f722a00cb4b488d15acdcfbb5d434 0.026s
2025-01-27 14:01:35.766 68760 INFO tempest.lib.common.dynamic_creds [-] Dynamic test user 29a35240163841a0a1b9830924e83b52 is created with scope project and roles: ['member']
2025-01-27 14:01:35.766 68760 INFO tempest.lib.common.dynamic_creds [-] Acquired dynamic creds: credentials: Credentials: {'domain_id': 'default', 'domain_name': 'Default', 'username': 'tempest-VolumesGetTestJSON-1058137691-project-member', 'project_domain_id': 'default', 'project_domain_name': 'Default', 'project_id': 'c669ef9f8fdf417d8fda366939711c99', 'project_name': 'tempest-VolumesGetTestJSON-1058137691', 'tenant_id': 'c669ef9f8fdf417d8fda366939711c99', 'tenant_name': 'tempest-VolumesGetTestJSON-1058137691', 'user_domain_id': 'default', 'user_domain_name': 'Default', 'user_id': '29a35240163841a0a1b9830924e83b52', 'system': None}, Network: None, Subnet: None, Router: None
2025-01-27 14:01:35.766 68760 INFO tempest.lib.common.dynamic_creds [-] Created isolated network resources for: credentials: Credentials: {'domain_id': 'default', 'domain_name': 'Default', 'username': 'tempest-VolumesGetTestJSON-1058137691-project-member', 'project_domain_id': 'default', 'project_domain_name': 'Default', 'project_id': 'c669ef9f8fdf417d8fda366939711c99', 'project_name': 'tempest-VolumesGetTestJSON-1058137691', 'tenant_id': 'c669ef9f8fdf417d8fda366939711c99', 'tenant_name': 'tempest-VolumesGetTestJSON-1058137691', 'user_domain_id': 'default', 'user_domain_name': 'Default', 'user_id': '29a35240163841a0a1b9830924e83b52', 'system': None}, Network: None, Subnet: None, Router: None
2025-01-27 14:01:35.824 68706 INFO tempest.lib.common.rest_client [req-4180ac06-f5aa-43e1-8132-10dd5ada349c req-4180ac06-f5aa-43e1-8132-10dd5ada349c ] Request (ImagesOneServerNegativeTestJSON:setUpClass): 200 GET http://10.180.1.21/compute/v2.1/servers/e0de75e0-ca8e-4525-ae7f-ed13fcd07338 0.054s
2025-01-27 14:01:35.840 68760 INFO tempest.lib.common.rest_client [req-a8317386-cd18-4317-b6d5-051464f0de97 req-a8317386-cd18-4317-b6d5-051464f0de97 ] Request (VolumesGetTestJSON:setUpClass): 201 POST http://10.180.1.21/identity/v3/auth/tokens 0.070s
2025-01-27 14:01:35.869 68704 INFO tempest.lib.common.rest_client [req-45f14418-944a-4dfc-9404-c426eb963954 req-45f14418-944a-4dfc-9404-c426eb963954 ] Request (ServerDiagnosticsTest:test_get_server_diagnostics): 200 GET http://10.180.1.21/compute/v2.1/servers/1d4d567b-c1b0-4bf3-96d1-405c3a1cd265 0.056s
2025-01-27 14:01:35.916 68728 INFO tempest.lib.common.rest_client [req-94f19cde-1ac8-4875-9305-8c7a0dccdc76 req-94f19cde-1ac8-4875-9305-8c7a0dccdc76 ] Request (ServerDiagnosticsNegativeTest:test_get_server_diagnostics_by_non_admin): 200 GET http://10.180.1.21/compute/v2.1/servers/7748d5e9-7aae-4b5d-80ac-b6a9f177d6b3 0.048s
2025-01-27 14:01:35.959 68708 INFO tempest.lib.common.rest_client [req-71550409-0c93-4256-9485-aab2ea057257 req-71550409-0c93-4256-9485-aab2ea057257 ] Request (MigrationsAdminTest:test_list_migrations_in_flavor_resize_situation): 200 GET http://10.180.1.21/compute/v2.1/servers/e3c3759c-81e6-415d-a5a5-b17cc16bdc2f 0.075s
2025-01-27 14:01:36.006 68744 INFO tempest.lib.common.rest_client [req-c6a21ef5-74e4-4378-bf67-289d800b32d1 req-c6a21ef5-74e4-4378-bf67-289d800b32d1 ] Request (DeleteServersTestJSON:test_delete_active_server): 200 GET http://10.180.1.21/compute/v2.1/servers/8f808943-6107-49d9-966f-c4e6ae0cdac4 0.084s
2025-01-27 14:01:36.062 68710 INFO tempest.lib.common.rest_client [req-08f4c30e-ac1e-4dc5-89f4-5d43fa5079b7 req-08f4c30e-ac1e-4dc5-89f4-5d43fa5079b7 ] Request (InstanceActionsNegativeTestJSON:setUpClass): 200 GET http://10.180.1.21/compute/v2.1/servers/43d09ce7-7946-43d1-8729-d7068c1cdec4 0.115s
2025-01-27 14:01:36.117 68760 INFO tempest.lib.common.rest_client [req-d10ed8b2-afcd-4b23-9108-4aaba3b8d91b req-d10ed8b2-afcd-4b23-9108-4aaba3b8d91b ] Request (VolumesGetTestJSON:test_volume_create_get_delete): 200 POST http://10.180.1.21/compute/v2.1/os-volumes 0.273s
2025-01-27 14:01:36.183 68734 INFO tempest.lib.common.rest_client [req-9d9765d7-9e4a-44da-8349-26a6685b1747 req-9d9765d7-9e4a-44da-8349-26a6685b1747 ] Request (ImagesTestJSON:test_create_image_from_suspended_server): 200 GET http://10.180.1.21/compute/v2.1/servers/8fd213dd-d597-48c0-9387-19b4f5dd72ff 0.145s
2025-01-27 14:01:36.204 68740 INFO tempest.lib.common.rest_client [req-978d8b54-23d7-4b3d-93b9-c6a5f0351c66 req-978d8b54-23d7-4b3d-93b9-c6a5f0351c66 ] Request (ServerRescueNegativeTestJSON:setUpClass): 200 GET http://10.180.1.21/compute/v2.1/servers/03e1ebe5-7a02-430e-b38c-d215e85d59ae 0.232s
2025-01-27 14:01:36.212 68740 INFO tempest.common.waiters [-] State transition "BUILD/networking" ==> "BUILD/spawning" after 71 second wait
2025-01-27 14:01:36.235 68760 INFO tempest.lib.common.rest_client [req-d5e6a839-35b7-4bde-b777-57a753a04ff8 req-d5e6a839-35b7-4bde-b777-57a753a04ff8 ] Request (VolumesGetTestJSON:test_volume_create_get_delete): 200 GET http://10.180.1.21/compute/v2.1/os-volumes/1c333fc5-8700-455a-a9a9-c61ae414e318 0.109s
2025-01-27 14:01:36.237 68760 INFO tempest.common.waiters [-] volume 1c333fc5-8700-455a-a9a9-c61ae414e318 reached available after waiting for 0.237574 seconds
2025-01-27 14:01:36.240 68754 INFO tempest.lib.common.rest_client [req-463ff9c0-c1a8-46bd-bff4-b5264d2497a3 req-463ff9c0-c1a8-46bd-bff4-b5264d2497a3 ] Request (InstanceActionsTestJSON:setUpClass): 200 GET http://10.180.1.21/compute/v2.1/servers/7a9be56e-f93e-46d5-ac7b-09ab2a44e7f9 0.163s
2025-01-27 14:01:36.429 68700 INFO tempest.lib.common.rest_client [req-b8038ea2-917f-4c5f-bc18-890b0d550916 req-b8038ea2-917f-4c5f-bc18-890b0d550916 ] Request (AttachVolumeShelveTestJSON:test_attach_volume_shelved_or_offload_server): 200 GET http://10.180.1.21/compute/v2.1/servers/04218b42-91dd-4045-8a40-f8829910e064 0.271s
2025-01-27 14:01:36.430 68750 INFO tempest.lib.common.rest_client [req-709a96ae-37d8-4aa3-8d32-17061b1d08be req-709a96ae-37d8-4aa3-8d32-17061b1d08be ] Request (InstanceActionsV221TestJSON:test_get_list_deleted_instance_actions): 200 GET http://10.180.1.21/compute/v2.1/servers/3d034f40-5896-49bc-bed1-9062e1fde1e3 0.240s
2025-01-27 14:01:36.458 68760 INFO tempest.lib.common.rest_client [req-a687636a-0756-44ee-b2a6-1c35aee22af8 req-a687636a-0756-44ee-b2a6-1c35aee22af8 ] Request (VolumesGetTestJSON:test_volume_create_get_delete): 200 GET http://10.180.1.21/compute/v2.1/os-volumes/1c333fc5-8700-455a-a9a9-c61ae414e318 0.221s
2025-01-27 14:01:36.478 68698 INFO tempest.lib.common.rest_client [req-1b0c9b90-47ac-4682-89e6-a24c3e9eae2d req-1b0c9b90-47ac-4682-89e6-a24c3e9eae2d ] Request (ServerMetadataTestJSON:setUpClass): 200 GET http://10.180.1.21/compute/v2.1/servers/ecc8aab4-a172-4218-8b09-ccfde0d03903 0.224s
2025-01-27 14:01:36.508 68736 INFO tempest.lib.common.rest_client [req-55d20a4a-e0a5-4b77-b73e-43ce37a37f4e req-55d20a4a-e0a5-4b77-b73e-43ce37a37f4e ] Request (ListImageFiltersTestJSON:setUpClass): 200 GET http://10.180.1.21/compute/v2.1/servers/854c955f-b327-4c25-87bd-3ad68dbff024 0.229s
2025-01-27 14:01:36.535 68756 INFO tempest.lib.common.rest_client [req-9236e3d9-aaff-40fc-9c7a-b102743d4804 req-9236e3d9-aaff-40fc-9c7a-b102743d4804 ] Request (VolumesAdminNegativeTest:test_update_attached_volume_with_nonexistent_volume_in_body): 200 GET http://10.180.1.21/compute/v2.1/servers/6cdba5b2-af96-4766-9a97-3a758983c49b 0.200s
2025-01-27 14:01:36.562 68718 INFO tempest.lib.common.rest_client [req-44b4cac5-cf15-40a5-9b15-a0d2c500bbe6 req-44b4cac5-cf15-40a5-9b15-a0d2c500bbe6 ] Request (ServerAddressesNegativeTestJSON:setUpClass): 200 GET http://10.180.1.21/compute/v2.1/servers/e8433dc4-7c83-4288-acf4-5f5a2863592c 0.165s
2025-01-27 14:01:36.577 68714 INFO tempest.lib.common.rest_client [req-2306f1a3-6aa1-47ad-9dcb-c8d87eece21a req-2306f1a3-6aa1-47ad-9dcb-c8d87eece21a ] Request (ServersTestFqdnHostnames:test_create_server_with_fqdn_name): 200 GET http://10.180.1.21/compute/v2.1/servers/19afb920-58b0-4ad9-be99-d0a8e930c680 0.128s
2025-01-27 14:01:36.605 68760 INFO tempest.lib.common.rest_client [req-2100a8d1-f12c-4d56-97e7-dded6e35863b req-2100a8d1-f12c-4d56-97e7-dded6e35863b ] Request (VolumesGetTestJSON:tearDownClass): 202 DELETE http://10.180.1.21/compute/v2.1/os-volumes/1c333fc5-8700-455a-a9a9-c61ae414e318 0.138s
2025-01-27 14:01:36.622 68722 INFO tempest.lib.common.rest_client [req-fc761ee6-02a9-4ec0-8143-3bfd93cdc33a req-fc761ee6-02a9-4ec0-8143-3bfd93cdc33a ] Request (ServerDiskConfigTestJSON:test_rebuild_server_with_manual_disk_config): 200 GET http://10.180.1.21/compute/v2.1/servers/dc1c594f-7625-495a-8948-cee046bf204a 0.122s
2025-01-27 14:01:36.666 68716 INFO tempest.lib.common.rest_client [req-79b14e29-ff6f-4caf-86d1-44bafa2ca738 req-79b14e29-ff6f-4caf-86d1-44bafa2ca738 ] Request (ServersAdmin275Test:tearDownClass): 200 GET http://10.180.1.21/compute/v2.1/servers/af042cab-9132-4425-b017-133ec85afa0c 0.140s
2025-01-27 14:01:36.667 68712 INFO tempest.lib.common.rest_client [req-c9887493-b5e8-4c13-91e8-685a1c33c706 req-c9887493-b5e8-4c13-91e8-685a1c33c706 ] Request (ServerRescueTestJSONUnderV235:setUpClass): 200 GET http://10.180.1.21/compute/v2.1/servers/b5d6b647-e24f-4e53-b448-0614334fd760 0.112s
2025-01-27 14:01:36.686 68760 INFO tempest.lib.common.rest_client [req-47b073a7-9dde-48ae-88cb-27634f8e4030 req-47b073a7-9dde-48ae-88cb-27634f8e4030 ] Request (VolumesGetTestJSON:tearDownClass): 404 GET http://10.180.1.21/compute/v2.1/os-volumes/1c333fc5-8700-455a-a9a9-c61ae414e318 0.081s
2025-01-27 14:01:36.721 68702 INFO tempest.lib.common.rest_client [req-e857ad79-7602-46dd-ab0d-21be8b4c5e31 req-e857ad79-7602-46dd-ab0d-21be8b4c5e31 ] Request (ServerDiagnosticsV248Test:tearDownClass): 200 GET http://10.180.1.21/compute/v2.1/servers/b4bcab92-0007-4952-8d74-c470049edd71 0.125s
2025-01-27 14:01:36.732 68732 INFO tempest.lib.common.rest_client [req-3c291243-9cb7-4611-a993-509038a0e901 req-3c291243-9cb7-4611-a993-509038a0e901 ] Request (ServersNegativeTestMultiTenantJSON:setUpClass): 200 GET http://10.180.1.21/compute/v2.1/servers/dcd5a800-1a28-45b3-8eff-a2e8cb871491 0.124s
2025-01-27 14:01:36.773 68746 INFO tempest.lib.common.rest_client [req-5b1db3e3-6688-4d7b-aea6-c40ff1fdf90e req-5b1db3e3-6688-4d7b-aea6-c40ff1fdf90e ] Request (ImagesOneServerTestJSON:setUpClass): 200 GET http://10.180.1.21/compute/v2.1/servers/08cc6c54-48f2-4064-93a4-4debb98ab606 0.124s
2025-01-27 14:01:36.779 68720 INFO tempest.lib.common.rest_client [req-5bfa49b9-c828-49bb-a9cc-8c9ee5a76084 req-5bfa49b9-c828-49bb-a9cc-8c9ee5a76084 ] Request (ServersTestManualDisk:setUpClass): 200 GET http://10.180.1.21/compute/v2.1/servers/c1943459-83bf-4461-80e0-d98da37b5d17 0.103s
2025-01-27 14:01:36.787 68760 INFO tempest.lib.common.rest_client [req-278f52f8-5291-41fa-8556-6e46e042c66a req-278f52f8-5291-41fa-8556-6e46e042c66a ] Request (VolumesGetTestJSON:tearDownClass): 204 DELETE http://10.180.1.21/identity/v3/users/29a35240163841a0a1b9830924e83b52 0.101s
2025-01-27 14:01:36.788 68760 INFO tempest.lib.common.dynamic_creds [-] Deleting project and security group for project: c669ef9f8fdf417d8fda366939711c99
2025-01-27 14:01:36.838 68760 INFO tempest.lib.common.rest_client [req-a890647d-e091-47f3-9bad-9ec85a38e09d req-a890647d-e091-47f3-9bad-9ec85a38e09d ] Request (VolumesGetTestJSON:tearDownClass): 201 POST http://10.180.1.21/identity/v3/auth/tokens 0.050s
2025-01-27 14:01:36.880 68706 INFO tempest.lib.common.rest_client [req-bf2f9a71-287c-410f-ac4e-7c818e02f5c5 req-bf2f9a71-287c-410f-ac4e-7c818e02f5c5 ] Request (ImagesOneServerNegativeTestJSON:setUpClass): 200 GET http://10.180.1.21/compute/v2.1/servers/e0de75e0-ca8e-4525-ae7f-ed13fcd07338 0.046s
2025-01-27 14:01:36.927 68704 INFO tempest.lib.common.rest_client [req-c5ad442d-703f-423b-9995-77f0a83039ea req-c5ad442d-703f-423b-9995-77f0a83039ea ] Request (ServerDiagnosticsTest:test_get_server_diagnostics): 200 GET http://10.180.1.21/compute/v2.1/servers/1d4d567b-c1b0-4bf3-96d1-405c3a1cd265 0.050s
2025-01-27 14:01:36.969 68728 INFO tempest.lib.common.rest_client [req-c1d4092c-aad2-4ba6-838b-6f375be60aac req-c1d4092c-aad2-4ba6-838b-6f375be60aac ] Request (ServerDiagnosticsNegativeTest:test_get_server_diagnostics_by_non_admin): 200 GET http://10.180.1.21/compute/v2.1/servers/7748d5e9-7aae-4b5d-80ac-b6a9f177d6b3 0.045s
2025-01-27 14:01:36.983 68760 INFO tempest.lib.common.rest_client [req-82c53b96-5a09-4bd5-9546-b81474159dad req-82c53b96-5a09-4bd5-9546-b81474159dad ] Request (VolumesGetTestJSON:tearDownClass): 200 GET http://10.180.1.21:9696/networking/v2.0/security-groups?tenant_id=c669ef9f8fdf417d8fda366939711c99&name=default 0.144s
2025-01-27 14:01:37.014 68708 INFO tempest.lib.common.rest_client [req-68bbe10a-55c9-42de-a856-feea4b1a0292 req-68bbe10a-55c9-42de-a856-feea4b1a0292 ] Request (MigrationsAdminTest:test_list_migrations_in_flavor_resize_situation): 200 GET http://10.180.1.21/compute/v2.1/servers/e3c3759c-81e6-415d-a5a5-b17cc16bdc2f 0.046s
2025-01-27 14:01:37.059 68760 INFO tempest.lib.common.rest_client [req-55dc0699-4308-476a-97b8-30d7acd23f77 req-55dc0699-4308-476a-97b8-30d7acd23f77 ] Request (VolumesGetTestJSON:tearDownClass): 204 DELETE http://10.180.1.21:9696/networking/v2.0/security-groups/0b82c26f-f3e9-48cd-b4b0-664d880d4d71 0.075s
2025-01-27 14:01:37.064 68744 INFO tempest.lib.common.rest_client [req-f54892e6-ae86-4a09-9d80-33b89f39968c req-f54892e6-ae86-4a09-9d80-33b89f39968c ] Request (DeleteServersTestJSON:test_delete_active_server): 200 GET http://10.180.1.21/compute/v2.1/servers/8f808943-6107-49d9-966f-c4e6ae0cdac4 0.047s
2025-01-27 14:01:37.113 68760 INFO tempest.lib.common.rest_client [req-2f3e2e14-cae3-4d44-889c-de5bd3340406 req-2f3e2e14-cae3-4d44-889c-de5bd3340406 ] Request (VolumesGetTestJSON:tearDownClass): 204 DELETE http://10.180.1.21/identity/v3/projects/c669ef9f8fdf417d8fda366939711c99 0.054s
2025-01-27 14:01:37.115 68710 INFO tempest.lib.common.rest_client [req-be1bbe6a-1a7d-4ce2-b925-4cedc4e81978 req-be1bbe6a-1a7d-4ce2-b925-4cedc4e81978 ] Request (InstanceActionsNegativeTestJSON:setUpClass): 200 GET http://10.180.1.21/compute/v2.1/servers/43d09ce7-7946-43d1-8729-d7068c1cdec4 0.046s
2025-01-27 14:01:37.244 68734 INFO tempest.lib.common.rest_client [req-54e84096-8329-4a6d-bba5-0cd731dc24f6 req-54e84096-8329-4a6d-bba5-0cd731dc24f6 ] Request (ImagesTestJSON:test_create_image_from_suspended_server): 200 GET http://10.180.1.21/compute/v2.1/servers/8fd213dd-d597-48c0-9387-19b4f5dd72ff 0.052s
2025-01-27 14:01:37.259 68740 INFO tempest.lib.common.rest_client [req-85fdc3f0-9ca0-4b05-8137-b7116c6f3a40 req-85fdc3f0-9ca0-4b05-8137-b7116c6f3a40 ] Request (ServerRescueNegativeTestJSON:setUpClass): 200 GET http://10.180.1.21/compute/v2.1/servers/03e1ebe5-7a02-430e-b38c-d215e85d59ae 0.047s
2025-01-27 14:01:37.304 68754 INFO tempest.lib.common.rest_client [req-9d90bad1-9ba2-473d-a91b-b8589e919ef2 req-9d90bad1-9ba2-473d-a91b-b8589e919ef2 ] Request (InstanceActionsTestJSON:setUpClass): 200 GET http://10.180.1.21/compute/v2.1/servers/7a9be56e-f93e-46d5-ac7b-09ab2a44e7f9 0.056s
2025-01-27 14:01:37.496 68750 INFO tempest.lib.common.rest_client [req-41b479ef-3e68-45f9-95a8-cf071788dfe3 req-41b479ef-3e68-45f9-95a8-cf071788dfe3 ] Request (InstanceActionsV221TestJSON:test_get_list_deleted_instance_actions): 200 GET http://10.180.1.21/compute/v2.1/servers/3d034f40-5896-49bc-bed1-9062e1fde1e3 0.057s
2025-01-27 14:01:37.497 68700 INFO tempest.lib.common.rest_client [req-c8c230f2-0efd-4510-9ccd-7dd2a482d497 req-c8c230f2-0efd-4510-9ccd-7dd2a482d497 ] Request (AttachVolumeShelveTestJSON:test_attach_volume_shelved_or_offload_server): 200 GET http://10.180.1.21/compute/v2.1/servers/04218b42-91dd-4045-8a40-f8829910e064 0.057s
2025-01-27 14:01:37.546 68698 INFO tempest.lib.common.rest_client [req-e5ab1aad-f5e3-477d-ae4d-705af8ee266e req-e5ab1aad-f5e3-477d-ae4d-705af8ee266e ] Request (ServerMetadataTestJSON:setUpClass): 200 GET http://10.180.1.21/compute/v2.1/servers/ecc8aab4-a172-4218-8b09-ccfde0d03903 0.060s
2025-01-27 14:01:37.572 68736 INFO tempest.lib.common.rest_client [req-d76a5d03-e5db-4ccd-bae2-51cffb41197a req-d76a5d03-e5db-4ccd-bae2-51cffb41197a ] Request (ListImageFiltersTestJSON:setUpClass): 200 GET http://10.180.1.21/compute/v2.1/servers/854c955f-b327-4c25-87bd-3ad68dbff024 0.053s
2025-01-27 14:01:37.597 68756 INFO tempest.lib.common.rest_client [req-e7fc24c1-7e93-4279-aaea-eaafb79e8078 req-e7fc24c1-7e93-4279-aaea-eaafb79e8078 ] Request (VolumesAdminNegativeTest:test_update_attached_volume_with_nonexistent_volume_in_body): 200 GET http://10.180.1.21/compute/v2.1/servers/6cdba5b2-af96-4766-9a97-3a758983c49b 0.055s
2025-01-27 14:01:37.621 68718 INFO tempest.lib.common.rest_client [req-d85bcb79-8ca5-4a71-be0a-2acd905ff574 req-d85bcb79-8ca5-4a71-be0a-2acd905ff574 ] Request (ServerAddressesNegativeTestJSON:setUpClass): 200 GET http://10.180.1.21/compute/v2.1/servers/e8433dc4-7c83-4288-acf4-5f5a2863592c 0.052s
2025-01-27 14:01:37.643 68714 INFO tempest.lib.common.rest_client [req-11ef97b7-8c45-4a2e-b492-bdc7a3a91f40 req-11ef97b7-8c45-4a2e-b492-bdc7a3a91f40 ] Request (ServersTestFqdnHostnames:test_create_server_with_fqdn_name): 200 GET http://10.180.1.21/compute/v2.1/servers/19afb920-58b0-4ad9-be99-d0a8e930c680 0.059s
2025-01-27 14:01:37.678 68722 INFO tempest.lib.common.rest_client [req-f88e05c4-b29e-4d6d-b6a4-0c69a73cae4b req-f88e05c4-b29e-4d6d-b6a4-0c69a73cae4b ] Request (ServerDiskConfigTestJSON:test_rebuild_server_with_manual_disk_config): 200 GET http://10.180.1.21/compute/v2.1/servers/dc1c594f-7625-495a-8948-cee046bf204a 0.047s
2025-01-27 14:01:37.727 68712 INFO tempest.lib.common.rest_client [req-d6a699ab-16b5-4725-83b0-923e1f722053 req-d6a699ab-16b5-4725-83b0-923e1f722053 ] Request (ServerRescueTestJSONUnderV235:setUpClass): 200 GET http://10.180.1.21/compute/v2.1/servers/b5d6b647-e24f-4e53-b448-0614334fd760 0.051s
2025-01-27 14:01:37.738 68716 INFO tempest.lib.common.rest_client [req-990e7694-1a09-4cbf-b44e-76c3c5cc6b55 req-990e7694-1a09-4cbf-b44e-76c3c5cc6b55 ] Request (ServersAdmin275Test:tearDownClass): 200 GET http://10.180.1.21/compute/v2.1/servers/af042cab-9132-4425-b017-133ec85afa0c 0.060s
2025-01-27 14:01:37.795 68732 INFO tempest.lib.common.rest_client [req-cf2f3a5b-146f-49c1-80c5-cafe46566398 req-cf2f3a5b-146f-49c1-80c5-cafe46566398 ] Request (ServersNegativeTestMultiTenantJSON:setUpClass): 200 GET http://10.180.1.21/compute/v2.1/servers/dcd5a800-1a28-45b3-8eff-a2e8cb871491 0.056s
2025-01-27 14:01:37.797 68702 INFO tempest.lib.common.rest_client [req-9c56c606-5d9f-408c-b5b1-a2f688fc5808 req-9c56c606-5d9f-408c-b5b1-a2f688fc5808 ] Request (ServerDiagnosticsV248Test:tearDownClass): 200 GET http://10.180.1.21/compute/v2.1/servers/b4bcab92-0007-4952-8d74-c470049edd71 0.065s
2025-01-27 14:01:37.838 68746 INFO tempest.lib.common.rest_client [req-30ab34e2-75fe-4efa-aa2c-3bc0326bf3b8 req-30ab34e2-75fe-4efa-aa2c-3bc0326bf3b8 ] Request (ImagesOneServerTestJSON:setUpClass): 200 GET http://10.180.1.21/compute/v2.1/servers/08cc6c54-48f2-4064-93a4-4debb98ab606 0.057s
2025-01-27 14:01:37.854 68720 INFO tempest.lib.common.rest_client [req-3574abe9-8591-4448-9953-bea8de395fe2 req-3574abe9-8591-4448-9953-bea8de395fe2 ] Request (ServersTestManualDisk:setUpClass): 200 GET http://10.180.1.21/compute/v2.1/servers/c1943459-83bf-4461-80e0-d98da37b5d17 0.068s
2025-01-27 14:01:37.931 68706 INFO tempest.lib.common.rest_client [req-546c5d46-01af-462e-b935-f7a11f0f5238 req-546c5d46-01af-462e-b935-f7a11f0f5238 ] Request (ImagesOneServerNegativeTestJSON:setUpClass): 200 GET http://10.180.1.21/compute/v2.1/servers/e0de75e0-ca8e-4525-ae7f-ed13fcd07338 0.042s
2025-01-27 14:01:37.976 68704 INFO tempest.lib.common.rest_client [req-88930946-4761-4f51-a47e-f661e883936c req-88930946-4761-4f51-a47e-f661e883936c ] Request (ServerDiagnosticsTest:test_get_server_diagnostics): 200 GET http://10.180.1.21/compute/v2.1/servers/1d4d567b-c1b0-4bf3-96d1-405c3a1cd265 0.041s
2025-01-27 14:01:38.020 68728 INFO tempest.lib.common.rest_client [req-771e1eda-a6b6-4993-9103-8e55b69457a2 req-771e1eda-a6b6-4993-9103-8e55b69457a2 ] Request (ServerDiagnosticsNegativeTest:test_get_server_diagnostics_by_non_admin): 200 GET http://10.180.1.21/compute/v2.1/servers/7748d5e9-7aae-4b5d-80ac-b6a9f177d6b3 0.043s
2025-01-27 14:01:38.070 68708 INFO tempest.lib.common.rest_client [req-34559421-ebf6-477a-bd89-9fab1682cfa1 req-34559421-ebf6-477a-bd89-9fab1682cfa1 ] Request (MigrationsAdminTest:test_list_migrations_in_flavor_resize_situation): 200 GET http://10.180.1.21/compute/v2.1/servers/e3c3759c-81e6-415d-a5a5-b17cc16bdc2f 0.047s
2025-01-27 14:01:38.118 68744 INFO tempest.lib.common.rest_client [req-25a3167b-d996-4fcc-b120-10e7fe2f69d8 req-25a3167b-d996-4fcc-b120-10e7fe2f69d8 ] Request (DeleteServersTestJSON:test_delete_active_server): 200 GET http://10.180.1.21/compute/v2.1/servers/8f808943-6107-49d9-966f-c4e6ae0cdac4 0.046s
2025-01-27 14:01:38.167 68710 INFO tempest.lib.common.rest_client [req-ee53e5ab-5203-410b-938f-af99f8855e4f req-ee53e5ab-5203-410b-938f-af99f8855e4f ] Request (InstanceActionsNegativeTestJSON:setUpClass): 200 GET http://10.180.1.21/compute/v2.1/servers/43d09ce7-7946-43d1-8729-d7068c1cdec4 0.044s
2025-01-27 14:01:38.298 68734 INFO tempest.lib.common.rest_client [req-1a3e7ca4-89e2-441f-8f67-4451b222c6d1 req-1a3e7ca4-89e2-441f-8f67-4451b222c6d1 ] Request (ImagesTestJSON:test_create_image_from_suspended_server): 200 GET http://10.180.1.21/compute/v2.1/servers/8fd213dd-d597-48c0-9387-19b4f5dd72ff 0.045s
2025-01-27 14:01:38.309 68740 INFO tempest.lib.common.rest_client [req-f7e2401c-1cd1-4a4a-a905-bf55c0721ed5 req-f7e2401c-1cd1-4a4a-a905-bf55c0721ed5 ] Request (ServerRescueNegativeTestJSON:setUpClass): 200 GET http://10.180.1.21/compute/v2.1/servers/03e1ebe5-7a02-430e-b38c-d215e85d59ae 0.042s
2025-01-27 14:01:38.354 68754 INFO tempest.lib.common.rest_client [req-63273eaf-11a8-4c13-82a4-719c1661497d req-63273eaf-11a8-4c13-82a4-719c1661497d ] Request (InstanceActionsTestJSON:setUpClass): 200 GET http://10.180.1.21/compute/v2.1/servers/7a9be56e-f93e-46d5-ac7b-09ab2a44e7f9 0.043s
2025-01-27 14:01:38.556 68750 INFO tempest.lib.common.rest_client [req-7021d617-f3b3-40f6-b243-68456d5895b5 req-7021d617-f3b3-40f6-b243-68456d5895b5 ] Request (InstanceActionsV221TestJSON:test_get_list_deleted_instance_actions): 200 GET http://10.180.1.21/compute/v2.1/servers/3d034f40-5896-49bc-bed1-9062e1fde1e3 0.050s
2025-01-27 14:01:38.561 68700 INFO tempest.lib.common.rest_client [req-4ccb6e02-bc35-432e-a5f6-866da42e3637 req-4ccb6e02-bc35-432e-a5f6-866da42e3637 ] Request (AttachVolumeShelveTestJSON:test_attach_volume_shelved_or_offload_server): 200 GET http://10.180.1.21/compute/v2.1/servers/04218b42-91dd-4045-8a40-f8829910e064 0.053s
2025-01-27 14:01:38.597 68698 INFO tempest.lib.common.rest_client [req-435b1a2f-9f5f-4778-8fa1-271e3d4a8b5a req-435b1a2f-9f5f-4778-8fa1-271e3d4a8b5a ] Request (ServerMetadataTestJSON:setUpClass): 200 GET http://10.180.1.21/compute/v2.1/servers/ecc8aab4-a172-4218-8b09-ccfde0d03903 0.043s
