2025-01-27 14:01:51.612 68712 INFO tempest.lib.common.rest_client [req-d58f2047-3492-4b53-94ed-1dd1a962be25 req-d58f2047-3492-4b53-94ed-1dd1a962be25 ] Request (ServerRescueTestJSONUnderV235:setUpClass): 200 GET http://10.180.1.21/compute/v2.1/servers/b5d6b647-e24f-4e53-b448-0614334fd760 0.077s
2025-01-27 14:01:51.671 68732 INFO tempest.lib.common.rest_client [req-0ba7b00b-4337-46e7-98a3-6fa328049512 req-0ba7b00b-4337-46e7-98a3-6fa328049512 ] Request (ServersNegativeTestMultiTenantJSON:setUpClass): 200 GET http://10.180.1.21/compute/v2.1/servers/dcd5a800-1a28-45b3-8eff-a2e8cb871491 0.112s
2025-01-27 14:01:51.730 68746 INFO tempest.lib.common.rest_client [req-e2dfc116-17f6-4578-928d-2805acb63be4 req-e2dfc116-17f6-4578-928d-2805acb63be4 ] Request (ImagesOneServerTestJSON:setUpClass): 200 GET http://10.180.1.21/compute/v2.1/servers/08cc6c54-48f2-4064-93a4-4debb98ab606 0.124s
2025-01-27 14:01:51.782 68720 INFO tempest.lib.common.rest_client [req-5fa7afb2-3190-49b2-b5ef-fd97c52c119d req-5fa7afb2-3190-49b2-b5ef-fd97c52c119d ] Request (ServersTestManualDisk:setUpClass): 200 GET http://10.180.1.21/compute/v2.1/servers/c1943459-83bf-4461-80e0-d98da37b5d17 0.163s
2025-01-27 14:01:51.840 68706 INFO tempest.lib.common.rest_client [req-327f278b-0490-48af-b461-63bb56a0b204 req-327f278b-0490-48af-b461-63bb56a0b204 ] Request (ImagesOneServerNegativeTestJSON:setUpClass): 200 GET http://10.180.1.21/compute/v2.1/servers/e0de75e0-ca8e-4525-ae7f-ed13fcd07338 0.165s
2025-01-27 14:01:51.899 68702 INFO tempest.lib.common.rest_client [req-ca402486-de5c-478b-bb94-8a9f09b4d80b req-ca402486-de5c-478b-bb94-8a9f09b4d80b ] Request (ServerDiagnosticsV248Test:tearDownClass): 200 GET http://10.180.1.21/compute/v2.1/servers/b4bcab92-0007-4952-8d74-c470049edd71 0.223s
2025-01-27 14:01:51.945 68704 INFO tempest.lib.common.rest_client [req-8883f56b-fe95-4753-99ea-73e161784028 req-8883f56b-fe95-4753-99ea-73e161784028 ] Request (ServerDiagnosticsTest:test_get_server_diagnostics): 200 GET http://10.180.1.21/compute/v2.1/servers/1d4d567b-c1b0-4bf3-96d1-405c3a1cd265 0.208s
2025-01-27 14:01:51.972 68734 INFO tempest.lib.common.rest_client [req-ff21cd36-0f80-4935-967e-6dee3ab9802c req-ff21cd36-0f80-4935-967e-6dee3ab9802c ] Request (ImagesTestJSON:test_create_server_from_snapshot): 202 POST http://10.180.1.21/compute/v2.1/servers 0.421s
2025-01-27 14:01:51.999 68728 INFO tempest.lib.common.rest_client [req-093bed5b-19e7-4fb1-974c-f01d53916238 req-093bed5b-19e7-4fb1-974c-f01d53916238 ] Request (ServerDiagnosticsNegativeTest:test_get_server_diagnostics_by_non_admin): 200 GET http://10.180.1.21/compute/v2.1/servers/7748d5e9-7aae-4b5d-80ac-b6a9f177d6b3 0.261s
2025-01-27 14:01:52.178 68708 INFO tempest.lib.common.rest_client [req-e920a43a-d5d0-4662-80df-2e6a19431635 req-e920a43a-d5d0-4662-80df-2e6a19431635 ] Request (MigrationsAdminTest:test_list_migrations_in_flavor_resize_situation): 200 GET http://10.180.1.21/compute/v2.1/servers/e3c3759c-81e6-415d-a5a5-b17cc16bdc2f 0.390s
2025-01-27 14:01:52.195 68744 INFO tempest.lib.common.rest_client [req-c09ed222-f6e1-450d-8a76-7b50cb1dd2a1 req-c09ed222-f6e1-450d-8a76-7b50cb1dd2a1 ] Request (DeleteServersTestJSON:test_delete_active_server): 200 GET http://10.180.1.21/compute/v2.1/servers/8f808943-6107-49d9-966f-c4e6ae0cdac4 0.380s
2025-01-27 14:01:52.222 68734 INFO tempest.lib.common.rest_client [req-d7d79338-79b6-4220-8c75-9942dd55edd2 req-d7d79338-79b6-4220-8c75-9942dd55edd2 ] Request (ImagesTestJSON:test_create_server_from_snapshot): 200 GET http://10.180.1.21/compute/v2.1/servers/85f24cb7-a0c3-4598-9992-2726320ca76d 0.248s
2025-01-27 14:01:52.246 68710 INFO tempest.lib.common.rest_client [req-09175a8a-5be3-4c50-85b5-a5962855443b req-09175a8a-5be3-4c50-85b5-a5962855443b ] Request (InstanceActionsNegativeTestJSON:setUpClass): 200 GET http://10.180.1.21/compute/v2.1/servers/43d09ce7-7946-43d1-8729-d7068c1cdec4 0.187s
2025-01-27 14:01:52.255 68710 INFO tempest.common.waiters [-] State transition "BUILD/None" ==> "BUILD/networking" after 85 second wait
2025-01-27 14:01:52.275 68740 INFO tempest.lib.common.rest_client [req-2ae5be5d-1a23-409e-bf4e-575ffb0bc770 req-2ae5be5d-1a23-409e-bf4e-575ffb0bc770 ] Request (ServerRescueNegativeTestJSON:setUpClass): 200 GET http://10.180.1.21/compute/v2.1/servers/03e1ebe5-7a02-430e-b38c-d215e85d59ae 0.170s
2025-01-27 14:01:52.306 68754 INFO tempest.lib.common.rest_client [req-4c6cc6f2-71fc-4ae7-9a5e-2230a9150f06 req-4c6cc6f2-71fc-4ae7-9a5e-2230a9150f06 ] Request (InstanceActionsTestJSON:setUpClass): 200 GET http://10.180.1.21/compute/v2.1/servers/7a9be56e-f93e-46d5-ac7b-09ab2a44e7f9 0.105s
2025-01-27 14:01:52.387 68716 INFO tempest.lib.common.rest_client [req-28115974-4ee6-4b9d-b368-10233f97144a req-28115974-4ee6-4b9d-b368-10233f97144a ] Request (AttachInterfacesUnderV243Test:test_add_remove_fixed_ip): 200 GET http://10.180.1.21/compute/v2.1/servers/0b7ecd6e-951b-4f5c-9c06-2a1b82cb9756 0.050s
2025-01-27 14:01:52.452 68750 INFO tempest.lib.common.rest_client [req-cbce280c-aefe-4189-8831-12286be077f9 req-cbce280c-aefe-4189-8831-12286be077f9 ] Request (InstanceActionsV221TestJSON:test_get_list_deleted_instance_actions): 200 GET http://10.180.1.21/compute/v2.1/servers/3d034f40-5896-49bc-bed1-9062e1fde1e3 0.062s
2025-01-27 14:01:52.522 68698 INFO tempest.lib.common.rest_client [req-7f1c030b-1093-44d8-9d62-736b5a5dd528 req-7f1c030b-1093-44d8-9d62-736b5a5dd528 ] Request (ServerMetadataTestJSON:setUpClass): 200 GET http://10.180.1.21/compute/v2.1/servers/ecc8aab4-a172-4218-8b09-ccfde0d03903 0.067s
2025-01-27 14:01:52.523 68700 INFO tempest.lib.common.rest_client [req-b5427e81-8b21-4653-a1e3-92ec0c45a5d1 req-b5427e81-8b21-4653-a1e3-92ec0c45a5d1 ] Request (AttachVolumeShelveTestJSON:test_attach_volume_shelved_or_offload_server): 200 GET http://10.180.1.21/compute/v2.1/servers/04218b42-91dd-4045-8a40-f8829910e064 0.076s
2025-01-27 14:01:52.590 68736 INFO tempest.lib.common.rest_client [req-2e5d62eb-c7da-4d54-ad6b-9c361197bac3 req-2e5d62eb-c7da-4d54-ad6b-9c361197bac3 ] Request (ListImageFiltersTestJSON:setUpClass): 200 GET http://10.180.1.21/compute/v2.1/servers/854c955f-b327-4c25-87bd-3ad68dbff024 0.096s
2025-01-27 14:01:52.598 68718 INFO tempest.lib.common.rest_client [req-82df9988-df19-416d-b8d8-4321f85e9350 req-82df9988-df19-416d-b8d8-4321f85e9350 ] Request (ServerAddressesNegativeTestJSON:setUpClass): 200 GET http://10.180.1.21/compute/v2.1/servers/e8433dc4-7c83-4288-acf4-5f5a2863592c 0.071s
2025-01-27 14:01:52.605 68718 INFO tempest.common.waiters [-] State transition "BUILD/spawning" ==> "ERROR/None" after 100 second wait
2025-01-27 14:01:52.637 68756 INFO tempest.lib.common.rest_client [req-4e7fa5e3-ec79-4943-a59c-ac0c5e32eb25 req-4e7fa5e3-ec79-4943-a59c-ac0c5e32eb25 ] Request (VolumesAdminNegativeTest:test_update_attached_volume_with_nonexistent_volume_in_body): 200 GET http://10.180.1.21/compute/v2.1/servers/6cdba5b2-af96-4766-9a97-3a758983c49b 0.087s
2025-01-27 14:01:52.644 68756 INFO tempest.common.waiters [-] State transition "BUILD/scheduling" ==> "BUILD/None" after 67 second wait
2025-01-27 14:01:52.651 68722 INFO tempest.lib.common.rest_client [req-68368219-8ea5-4630-87fb-8a29fc9db68a req-68368219-8ea5-4630-87fb-8a29fc9db68a ] Request (ServerDiskConfigTestJSON:test_rebuild_server_with_manual_disk_config): 200 GET http://10.180.1.21/compute/v2.1/servers/dc1c594f-7625-495a-8948-cee046bf204a 0.074s
2025-01-27 14:01:52.684 68714 INFO tempest.lib.common.rest_client [req-0275a7db-a3f2-4718-94f6-d22a729ca708 req-0275a7db-a3f2-4718-94f6-d22a729ca708 ] Request (ServersTestFqdnHostnames:test_create_server_with_fqdn_name): 200 GET http://10.180.1.21/compute/v2.1/servers/19afb920-58b0-4ad9-be99-d0a8e930c680 0.095s
2025-01-27 14:01:52.742 68712 INFO tempest.lib.common.rest_client [req-f6ad9ce1-11de-40ec-b395-74a819f58bbf req-f6ad9ce1-11de-40ec-b395-74a819f58bbf ] Request (ServerRescueTestJSONUnderV235:setUpClass): 200 GET http://10.180.1.21/compute/v2.1/servers/b5d6b647-e24f-4e53-b448-0614334fd760 0.120s
2025-01-27 14:01:52.793 68732 INFO tempest.lib.common.rest_client [req-16534682-d77d-4b13-b38f-94be787e30e2 req-16534682-d77d-4b13-b38f-94be787e30e2 ] Request (ServersNegativeTestMultiTenantJSON:setUpClass): 200 GET http://10.180.1.21/compute/v2.1/servers/dcd5a800-1a28-45b3-8eff-a2e8cb871491 0.107s
2025-01-27 14:01:52.833 68718 INFO tempest.lib.common.rest_client [req-248a4b1b-c63b-4d9c-a482-f907131246b4 req-248a4b1b-c63b-4d9c-a482-f907131246b4 ] Request (ServerAddressesNegativeTestJSON:setUpClass): 204 DELETE http://10.180.1.21/compute/v2.1/servers/e8433dc4-7c83-4288-acf4-5f5a2863592c 0.228s
2025-01-27 14:01:52.835 68746 INFO tempest.lib.common.rest_client [req-a5a9bade-88dd-4ece-9724-9d2ae232d9d6 req-a5a9bade-88dd-4ece-9724-9d2ae232d9d6 ] Request (ImagesOneServerTestJSON:setUpClass): 200 GET http://10.180.1.21/compute/v2.1/servers/08cc6c54-48f2-4064-93a4-4debb98ab606 0.094s
2025-01-27 14:01:52.853 68718 INFO tempest.lib.common.rest_client [req-f42085dc-f17e-404c-bc81-39fd995dae6c req-f42085dc-f17e-404c-bc81-39fd995dae6c ] Request (ServerAddressesNegativeTestJSON:setUpClass): 404 GET http://10.180.1.21/compute/v2.1/servers/e8433dc4-7c83-4288-acf4-5f5a2863592c 0.019s
2025-01-27 14:01:52.853 68718 INFO tempest.test [-] raised in ServerAddressesNegativeTestJSON.setUpClass. Invoking tearDownClass.
2025-01-27 14:01:52.908 68720 INFO tempest.lib.common.rest_client [req-2224cc76-77ce-4fd6-912d-8cb5399d0fd5 req-2224cc76-77ce-4fd6-912d-8cb5399d0fd5 ] Request (ServersTestManualDisk:setUpClass): 200 GET http://10.180.1.21/compute/v2.1/servers/c1943459-83bf-4461-80e0-d98da37b5d17 0.115s
2025-01-27 14:01:52.919 68706 INFO tempest.lib.common.rest_client [req-576bed7e-5bfe-4817-9ed8-55d42919d837 req-576bed7e-5bfe-4817-9ed8-55d42919d837 ] Request (ImagesOneServerNegativeTestJSON:setUpClass): 200 GET http://10.180.1.21/compute/v2.1/servers/e0de75e0-ca8e-4525-ae7f-ed13fcd07338 0.070s
2025-01-27 14:01:52.984 68702 INFO tempest.lib.common.rest_client [req-12aa75e3-8e02-42e6-a59b-593e1c7f5000 req-12aa75e3-8e02-42e6-a59b-593e1c7f5000 ] Request (ServerDiagnosticsV248Test:tearDownClass): 200 GET http://10.180.1.21/compute/v2.1/servers/b4bcab92-0007-4952-8d74-c470049edd71 0.075s
2025-01-27 14:01:53.012 68704 INFO tempest.lib.common.rest_client [req-0ad7b351-9264-44f8-b0e0-34f24bfd342a req-0ad7b351-9264-44f8-b0e0-34f24bfd342a ] Request (ServerDiagnosticsTest:test_get_server_diagnostics): 200 GET http://10.180.1.21/compute/v2.1/servers/1d4d567b-c1b0-4bf3-96d1-405c3a1cd265 0.060s
2025-01-27 14:01:53.064 68728 INFO tempest.lib.common.rest_client [req-9640a467-6629-4bdc-ae38-b9318c9294cd req-9640a467-6629-4bdc-ae38-b9318c9294cd ] Request (ServerDiagnosticsNegativeTest:test_get_server_diagnostics_by_non_admin): 200 GET http://10.180.1.21/compute/v2.1/servers/7748d5e9-7aae-4b5d-80ac-b6a9f177d6b3 0.057s
2025-01-27 14:01:53.244 68708 INFO tempest.lib.common.rest_client [req-3a136ce1-2087-4b99-b2f8-73c0723f4b5f req-3a136ce1-2087-4b99-b2f8-73c0723f4b5f ] Request (MigrationsAdminTest:test_list_migrations_in_flavor_resize_situation): 200 GET http://10.180.1.21/compute/v2.1/servers/e3c3759c-81e6-415d-a5a5-b17cc16bdc2f 0.054s
2025-01-27 14:01:53.265 68744 INFO tempest.lib.common.rest_client [req-3cb36856-58d0-41c5-bea7-6717c5756621 req-3cb36856-58d0-41c5-bea7-6717c5756621 ] Request (DeleteServersTestJSON:test_delete_active_server): 200 GET http://10.180.1.21/compute/v2.1/servers/8f808943-6107-49d9-966f-c4e6ae0cdac4 0.061s
2025-01-27 14:01:53.299 68734 INFO tempest.lib.common.rest_client [req-2497d465-0226-4c05-98d0-68e5feedccfc req-2497d465-0226-4c05-98d0-68e5feedccfc ] Request (ImagesTestJSON:test_create_server_from_snapshot): 200 GET http://10.180.1.21/compute/v2.1/servers/85f24cb7-a0c3-4598-9992-2726320ca76d 0.069s
2025-01-27 14:01:53.357 68740 INFO tempest.lib.common.rest_client [req-f4e53ed3-5dc2-42b3-a1d7-62e97fb9695d req-f4e53ed3-5dc2-42b3-a1d7-62e97fb9695d ] Request (ServerRescueNegativeTestJSON:setUpClass): 200 GET http://10.180.1.21/compute/v2.1/servers/03e1ebe5-7a02-430e-b38c-d215e85d59ae 0.071s
2025-01-27 14:01:53.414 68754 INFO tempest.lib.common.rest_client [req-821193fe-cff0-4e6d-972e-2ea27d1e85b3 req-821193fe-cff0-4e6d-972e-2ea27d1e85b3 ] Request (InstanceActionsTestJSON:setUpClass): 200 GET http://10.180.1.21/compute/v2.1/servers/7a9be56e-f93e-46d5-ac7b-09ab2a44e7f9 0.099s
2025-01-27 14:01:53.437 68710 INFO tempest.lib.common.rest_client [req-f0ccaea6-3c08-4225-8c1b-ad63cc776fc1 req-f0ccaea6-3c08-4225-8c1b-ad63cc776fc1 ] Request (InstanceActionsNegativeTestJSON:setUpClass): 200 GET http://10.180.1.21/compute/v2.1/servers/43d09ce7-7946-43d1-8729-d7068c1cdec4 0.182s
2025-01-27 14:01:53.448 68710 INFO tempest.common.waiters [-] State transition "BUILD/networking" ==> "BUILD/spawning" after 86 second wait
2025-01-27 14:01:53.467 68716 INFO tempest.lib.common.rest_client [req-cac2654f-5d24-4005-8bf9-89d49c5bc2c2 req-cac2654f-5d24-4005-8bf9-89d49c5bc2c2 ] Request (AttachInterfacesUnderV243Test:test_add_remove_fixed_ip): 200 GET http://10.180.1.21/compute/v2.1/servers/0b7ecd6e-951b-4f5c-9c06-2a1b82cb9756 0.071s
2025-01-27 14:01:53.521 68750 INFO tempest.lib.common.rest_client [req-18bfbc34-76ef-43ca-adfc-84f9445a5ba4 req-18bfbc34-76ef-43ca-adfc-84f9445a5ba4 ] Request (InstanceActionsV221TestJSON:test_get_list_deleted_instance_actions): 200 GET http://10.180.1.21/compute/v2.1/servers/3d034f40-5896-49bc-bed1-9062e1fde1e3 0.058s
2025-01-27 14:01:53.605 68700 INFO tempest.lib.common.rest_client [req-dc48b5a0-118d-4ec7-8147-d50ef8048319 req-dc48b5a0-118d-4ec7-8147-d50ef8048319 ] Request (AttachVolumeShelveTestJSON:test_attach_volume_shelved_or_offload_server): 200 GET http://10.180.1.21/compute/v2.1/servers/04218b42-91dd-4045-8a40-f8829910e064 0.071s
2025-01-27 14:01:53.608 68698 INFO tempest.lib.common.rest_client [req-1e8d78f6-4422-4847-b1b3-5ffb1f0ef809 req-1e8d78f6-4422-4847-b1b3-5ffb1f0ef809 ] Request (ServerMetadataTestJSON:setUpClass): 200 GET http://10.180.1.21/compute/v2.1/servers/ecc8aab4-a172-4218-8b09-ccfde0d03903 0.076s
2025-01-27 14:01:53.655 68736 INFO tempest.lib.common.rest_client [req-58ed1c74-964a-4a7f-846f-2b8b9cad3454 req-58ed1c74-964a-4a7f-846f-2b8b9cad3454 ] Request (ListImageFiltersTestJSON:setUpClass): 200 GET http://10.180.1.21/compute/v2.1/servers/854c955f-b327-4c25-87bd-3ad68dbff024 0.058s
2025-01-27 14:01:53.707 68756 INFO tempest.lib.common.rest_client [req-3948474e-fbe5-43e5-8e6b-6be8bde388e1 req-3948474e-fbe5-43e5-8e6b-6be8bde388e1 ] Request (VolumesAdminNegativeTest:test_update_attached_volume_with_nonexistent_volume_in_body): 200 GET http://10.180.1.21/compute/v2.1/servers/6cdba5b2-af96-4766-9a97-3a758983c49b 0.062s
2025-01-27 14:01:53.715 68722 INFO tempest.lib.common.rest_client [req-026c24c2-8f17-44ea-ab07-5c24c81ebb8c req-026c24c2-8f17-44ea-ab07-5c24c81ebb8c ] Request (ServerDiskConfigTestJSON:test_rebuild_server_with_manual_disk_config): 200 GET http://10.180.1.21/compute/v2.1/servers/dc1c594f-7625-495a-8948-cee046bf204a 0.055s
2025-01-27 14:01:53.765 68714 INFO tempest.lib.common.rest_client [req-ae12cde8-2ef7-4494-8da4-4ec54d3fb4bd req-ae12cde8-2ef7-4494-8da4-4ec54d3fb4bd ] Request (ServersTestFqdnHostnames:test_create_server_with_fqdn_name): 200 GET http://10.180.1.21/compute/v2.1/servers/19afb920-58b0-4ad9-be99-d0a8e930c680 0.071s
2025-01-27 14:01:53.803 68712 INFO tempest.lib.common.rest_client [req-33941a5c-74ae-4760-9a2f-4485ad5fde45 req-33941a5c-74ae-4760-9a2f-4485ad5fde45 ] Request (ServerRescueTestJSONUnderV235:setUpClass): 200 GET http://10.180.1.21/compute/v2.1/servers/b5d6b647-e24f-4e53-b448-0614334fd760 0.052s
2025-01-27 14:01:53.866 68732 INFO tempest.lib.common.rest_client [req-50b9bd4f-8113-4e15-8deb-f335818548eb req-50b9bd4f-8113-4e15-8deb-f335818548eb ] Request (ServersNegativeTestMultiTenantJSON:setUpClass): 200 GET http://10.180.1.21/compute/v2.1/servers/dcd5a800-1a28-45b3-8eff-a2e8cb871491 0.065s
2025-01-27 14:01:53.904 68746 INFO tempest.lib.common.rest_client [req-fdb47314-0d8f-4de9-962a-e0ffe4b2000c req-fdb47314-0d8f-4de9-962a-e0ffe4b2000c ] Request (ImagesOneServerTestJSON:setUpClass): 200 GET http://10.180.1.21/compute/v2.1/servers/08cc6c54-48f2-4064-93a4-4debb98ab606 0.061s
2025-01-27 14:01:53.912 68746 INFO tempest.common.waiters [-] State transition "BUILD/scheduling" ==> "BUILD/None" after 67 second wait
2025-01-27 14:01:54.002 68720 INFO tempest.lib.common.rest_client [req-a38b82f7-d043-4214-9d73-af23a7df14bc req-a38b82f7-d043-4214-9d73-af23a7df14bc ] Request (ServersTestManualDisk:setUpClass): 200 GET http://10.180.1.21/compute/v2.1/servers/c1943459-83bf-4461-80e0-d98da37b5d17 0.085s
2025-01-27 14:01:54.002 68706 INFO tempest.lib.common.rest_client [req-78856112-1c6b-4fb4-a182-f7fcea40edc3 req-78856112-1c6b-4fb4-a182-f7fcea40edc3 ] Request (ImagesOneServerNegativeTestJSON:setUpClass): 200 GET http://10.180.1.21/compute/v2.1/servers/e0de75e0-ca8e-4525-ae7f-ed13fcd07338 0.073s
2025-01-27 14:01:54.057 68702 INFO tempest.lib.common.rest_client [req-6fbc2c58-40c5-42b7-b1ee-99ccfd153dc3 req-6fbc2c58-40c5-42b7-b1ee-99ccfd153dc3 ] Request (ServerDiagnosticsV248Test:tearDownClass): 200 GET http://10.180.1.21/compute/v2.1/servers/b4bcab92-0007-4952-8d74-c470049edd71 0.064s
2025-01-27 14:01:54.086 68704 INFO tempest.lib.common.rest_client [req-2aa392ae-cebc-49bb-8a93-d4e2eb1c3a6b req-2aa392ae-cebc-49bb-8a93-d4e2eb1c3a6b ] Request (ServerDiagnosticsTest:test_get_server_diagnostics): 200 GET http://10.180.1.21/compute/v2.1/servers/1d4d567b-c1b0-4bf3-96d1-405c3a1cd265 0.063s
2025-01-27 14:01:54.139 68728 INFO tempest.lib.common.rest_client [req-61966f0a-d4ef-49a6-9930-db2e29a879f5 req-61966f0a-d4ef-49a6-9930-db2e29a879f5 ] Request (ServerDiagnosticsNegativeTest:test_get_server_diagnostics_by_non_admin): 200 GET http://10.180.1.21/compute/v2.1/servers/7748d5e9-7aae-4b5d-80ac-b6a9f177d6b3 0.066s
2025-01-27 14:01:54.179 68718 INFO tempest.lib.common.rest_client [req-cf593831-8d7e-4181-93bf-fc0f00ead160 req-cf593831-8d7e-4181-93bf-fc0f00ead160 ] Request (ServerAddressesNegativeTestJSON:tearDownClass): 200 PUT http://10.180.1.21:9696/networking/v2.0/routers/376cabb3-1267-4bf3-a8ef-4ebc204925ad/remove_router_interface 1.325s
2025-01-27 14:01:54.308 68708 INFO tempest.lib.common.rest_client [req-000ef8e0-a1b1-44ac-ba6f-415d36f5a6df req-000ef8e0-a1b1-44ac-ba6f-415d36f5a6df ] Request (MigrationsAdminTest:test_list_migrations_in_flavor_resize_situation): 200 GET http://10.180.1.21/compute/v2.1/servers/e3c3759c-81e6-415d-a5a5-b17cc16bdc2f 0.055s
2025-01-27 14:01:54.333 68744 INFO tempest.lib.common.rest_client [req-37fb243d-3736-4b43-8ccf-4b7e56948d62 req-37fb243d-3736-4b43-8ccf-4b7e56948d62 ] Request (DeleteServersTestJSON:test_delete_active_server): 200 GET http://10.180.1.21/compute/v2.1/servers/8f808943-6107-49d9-966f-c4e6ae0cdac4 0.055s
2025-01-27 14:01:54.361 68734 INFO tempest.lib.common.rest_client [req-510dc239-120e-4690-8339-ea8d16cdba55 req-510dc239-120e-4690-8339-ea8d16cdba55 ] Request (ImagesTestJSON:test_create_server_from_snapshot): 200 GET http://10.180.1.21/compute/v2.1/servers/85f24cb7-a0c3-4598-9992-2726320ca76d 0.053s
2025-01-27 14:01:54.417 68740 INFO tempest.lib.common.rest_client [req-230bdcdd-efd1-4fed-b17b-aab90bf7551f req-230bdcdd-efd1-4fed-b17b-aab90bf7551f ] Request (ServerRescueNegativeTestJSON:setUpClass): 200 GET http://10.180.1.21/compute/v2.1/servers/03e1ebe5-7a02-430e-b38c-d215e85d59ae 0.045s
2025-01-27 14:01:54.474 68754 INFO tempest.lib.common.rest_client [req-f6689efa-d9f9-4098-a744-27c249e53519 req-f6689efa-d9f9-4098-a744-27c249e53519 ] Request (InstanceActionsTestJSON:setUpClass): 200 GET http://10.180.1.21/compute/v2.1/servers/7a9be56e-f93e-46d5-ac7b-09ab2a44e7f9 0.052s
2025-01-27 14:01:54.500 68718 INFO tempest.lib.common.rest_client [req-84ef5cd4-3144-4d12-a9eb-06516a38d632 req-84ef5cd4-3144-4d12-a9eb-06516a38d632 ] Request (ServerAddressesNegativeTestJSON:tearDownClass): 204 DELETE http://10.180.1.21:9696/networking/v2.0/routers/376cabb3-1267-4bf3-a8ef-4ebc204925ad 0.321s
2025-01-27 14:01:54.501 68710 INFO tempest.lib.common.rest_client [req-b7706e84-2e72-4b9b-b48b-69531c6de15d req-b7706e84-2e72-4b9b-b48b-69531c6de15d ] Request (InstanceActionsNegativeTestJSON:setUpClass): 200 GET http://10.180.1.21/compute/v2.1/servers/43d09ce7-7946-43d1-8729-d7068c1cdec4 0.052s
2025-01-27 14:01:54.555 68716 INFO tempest.lib.common.rest_client [req-c205f183-a77c-421c-a48a-a173e2cf4046 req-c205f183-a77c-421c-a48a-a173e2cf4046 ] Request (AttachInterfacesUnderV243Test:test_add_remove_fixed_ip): 200 GET http://10.180.1.21/compute/v2.1/servers/0b7ecd6e-951b-4f5c-9c06-2a1b82cb9756 0.080s
2025-01-27 14:01:54.602 68750 INFO tempest.lib.common.rest_client [req-edf9368c-0c9e-4872-8d42-054c3ac40f36 req-edf9368c-0c9e-4872-8d42-054c3ac40f36 ] Request (InstanceActionsV221TestJSON:test_get_list_deleted_instance_actions): 200 GET http://10.180.1.21/compute/v2.1/servers/3d034f40-5896-49bc-bed1-9062e1fde1e3 0.064s
2025-01-27 14:01:54.690 68700 INFO tempest.lib.common.rest_client [req-2cebdc4f-ed72-4163-b4cc-dc2e1fab02ff req-2cebdc4f-ed72-4163-b4cc-dc2e1fab02ff ] Request (AttachVolumeShelveTestJSON:test_attach_volume_shelved_or_offload_server): 200 GET http://10.180.1.21/compute/v2.1/servers/04218b42-91dd-4045-8a40-f8829910e064 0.076s
2025-01-27 14:01:54.708 68698 INFO tempest.lib.common.rest_client [req-ac74aad7-8d2d-410e-8fe9-131da7e34c48 req-ac74aad7-8d2d-410e-8fe9-131da7e34c48 ] Request (ServerMetadataTestJSON:setUpClass): 200 GET http://10.180.1.21/compute/v2.1/servers/ecc8aab4-a172-4218-8b09-ccfde0d03903 0.091s
2025-01-27 14:01:54.740 68736 INFO tempest.lib.common.rest_client [req-68927ec9-488f-4678-b621-1b7fe4d7cb7a req-68927ec9-488f-4678-b621-1b7fe4d7cb7a ] Request (ListImageFiltersTestJSON:setUpClass): 200 GET http://10.180.1.21/compute/v2.1/servers/854c955f-b327-4c25-87bd-3ad68dbff024 0.075s
2025-01-27 14:01:54.772 68718 INFO tempest.lib.common.rest_client [req-8934b541-e87f-4ca1-b158-9f275e5daeb3 req-8934b541-e87f-4ca1-b158-9f275e5daeb3 ] Request (ServerAddressesNegativeTestJSON:tearDownClass): 204 DELETE http://10.180.1.21:9696/networking/v2.0/subnets/5153cb1b-e67f-4921-b447-aa8a51e7de9a 0.272s
2025-01-27 14:01:54.781 68756 INFO tempest.lib.common.rest_client [req-c0bd0580-f5d0-4b2f-aea9-9086e5d367e1 req-c0bd0580-f5d0-4b2f-aea9-9086e5d367e1 ] Request (VolumesAdminNegativeTest:test_update_attached_volume_with_nonexistent_volume_in_body): 200 GET http://10.180.1.21/compute/v2.1/servers/6cdba5b2-af96-4766-9a97-3a758983c49b 0.066s
2025-01-27 14:01:54.799 68722 INFO tempest.lib.common.rest_client [req-da58c664-6b95-4d52-ba75-1e9c4483ef1d req-da58c664-6b95-4d52-ba75-1e9c4483ef1d ] Request (ServerDiskConfigTestJSON:test_rebuild_server_with_manual_disk_config): 200 GET http://10.180.1.21/compute/v2.1/servers/dc1c594f-7625-495a-8948-cee046bf204a 0.076s
2025-01-27 14:01:54.831 68714 INFO tempest.lib.common.rest_client [req-9fb93af8-415e-479c-af0c-0a8df2a084bf req-9fb93af8-415e-479c-af0c-0a8df2a084bf ] Request (ServersTestFqdnHostnames:test_create_server_with_fqdn_name): 200 GET http://10.180.1.21/compute/v2.1/servers/19afb920-58b0-4ad9-be99-d0a8e930c680 0.056s
2025-01-27 14:01:55.003 68718 INFO tempest.lib.common.rest_client [req-0d8dfe59-76c4-4f45-b5c0-6ac5d28a6a1f req-0d8dfe59-76c4-4f45-b5c0-6ac5d28a6a1f ] Request (ServerAddressesNegativeTestJSON:tearDownClass): 204 DELETE http://10.180.1.21:9696/networking/v2.0/networks/e8d0d6f6-0770-47ce-b9f3-34f1c16a6aa0 0.231s
2025-01-27 14:01:55.025 68712 INFO tempest.lib.common.rest_client [req-40ad8e82-0cab-472e-9008-a04d5edb0d7c req-40ad8e82-0cab-472e-9008-a04d5edb0d7c ] Request (ServerRescueTestJSONUnderV235:setUpClass): 200 GET http://10.180.1.21/compute/v2.1/servers/b5d6b647-e24f-4e53-b448-0614334fd760 0.213s
2025-01-27 14:01:55.030 68732 INFO tempest.lib.common.rest_client [req-4027c055-1baa-4d95-bbb0-b40a2c094ea1 req-4027c055-1baa-4d95-bbb0-b40a2c094ea1 ] Request (ServersNegativeTestMultiTenantJSON:setUpClass): 200 GET http://10.180.1.21/compute/v2.1/servers/dcd5a800-1a28-45b3-8eff-a2e8cb871491 0.155s
2025-01-27 14:01:55.070 68746 INFO tempest.lib.common.rest_client [req-ca565655-e956-4266-8df3-5af07f89858d req-ca565655-e956-4266-8df3-5af07f89858d ] Request (ImagesOneServerTestJSON:setUpClass): 200 GET http://10.180.1.21/compute/v2.1/servers/08cc6c54-48f2-4064-93a4-4debb98ab606 0.156s
2025-01-27 14:01:55.080 68720 INFO tempest.lib.common.rest_client [req-937ed3a6-2d76-48ce-9484-39565b692196 req-937ed3a6-2d76-48ce-9484-39565b692196 ] Request (ServersTestManualDisk:setUpClass): 200 GET http://10.180.1.21/compute/v2.1/servers/c1943459-83bf-4461-80e0-d98da37b5d17 0.071s
2025-01-27 14:01:55.082 68718 INFO tempest.lib.common.rest_client [req-ac0cd2ab-c593-4c86-ab00-33810ecf7212 req-ac0cd2ab-c593-4c86-ab00-33810ecf7212 ] Request (ServerAddressesNegativeTestJSON:tearDownClass): 204 DELETE http://10.180.1.21/identity/v3/users/eb1d4a713d3f4dceaf2088278120924c 0.078s
2025-01-27 14:01:55.083 68718 INFO tempest.lib.common.dynamic_creds [-] Deleting project and security group for project: 073cbe62e4fb43ae80d2a6390785c14d
2025-01-27 14:01:55.113 68706 INFO tempest.lib.common.rest_client [req-9a3d869f-050a-4e0d-aaf1-be1a918b60ee req-9a3d869f-050a-4e0d-aaf1-be1a918b60ee ] Request (ImagesOneServerNegativeTestJSON:setUpClass): 200 GET http://10.180.1.21/compute/v2.1/servers/e0de75e0-ca8e-4525-ae7f-ed13fcd07338 0.100s
2025-01-27 14:01:55.117 68718 INFO tempest.lib.common.rest_client [req-8d2811f1-1db1-4eee-8523-0f82b5ed59b1 req-8d2811f1-1db1-4eee-8523-0f82b5ed59b1 ] Request (ServerAddressesNegativeTestJSON:tearDownClass): 200 GET http://10.180.1.21:9696/networking/v2.0/security-groups?tenant_id=073cbe62e4fb43ae80d2a6390785c14d&name=default 0.034s
2025-01-27 14:01:55.136 68702 INFO tempest.lib.common.rest_client [req-d3aa83e7-9e7b-4d68-8dfd-0f792fbac09a req-d3aa83e7-9e7b-4d68-8dfd-0f792fbac09a ] Request (ServerDiagnosticsV248Test:tearDownClass): 200 GET http://10.180.1.21/compute/v2.1/servers/b4bcab92-0007-4952-8d74-c470049edd71 0.067s
2025-01-27 14:01:55.163 68704 INFO tempest.lib.common.rest_client [req-00f79310-2b5d-4ccc-a7e2-30fd4ad5c1f8 req-00f79310-2b5d-4ccc-a7e2-30fd4ad5c1f8 ] Request (ServerDiagnosticsTest:test_get_server_diagnostics): 200 GET http://10.180.1.21/compute/v2.1/servers/1d4d567b-c1b0-4bf3-96d1-405c3a1cd265 0.068s
2025-01-27 14:01:55.199 68728 INFO tempest.lib.common.rest_client [req-16cfc2d1-0a52-4d80-b2e5-356ac64710a3 req-16cfc2d1-0a52-4d80-b2e5-356ac64710a3 ] Request (ServerDiagnosticsNegativeTest:test_get_server_diagnostics_by_non_admin): 200 GET http://10.180.1.21/compute/v2.1/servers/7748d5e9-7aae-4b5d-80ac-b6a9f177d6b3 0.053s
2025-01-27 14:01:55.219 68718 INFO tempest.lib.common.rest_client [req-78763542-e442-4248-a373-a58d2a51b96e req-78763542-e442-4248-a373-a58d2a51b96e ] Request (ServerAddressesNegativeTestJSON:tearDownClass): 204 DELETE http://10.180.1.21:9696/networking/v2.0/security-groups/8baa02e2-b865-4514-88af-85a34fab4469 0.102s
2025-01-27 14:01:55.299 68718 INFO tempest.lib.common.rest_client [req-7e5d500a-2f06-4f23-8f13-dc5e3d8e0440 req-7e5d500a-2f06-4f23-8f13-dc5e3d8e0440 ] Request (ServerAddressesNegativeTestJSON:tearDownClass): 204 DELETE http://10.180.1.21/identity/v3/projects/073cbe62e4fb43ae80d2a6390785c14d 0.080s
2025-01-27 14:01:55.355 68718 INFO tempest.lib.common.rest_client [req-43e6ef1a-686d-4afd-9c60-3ca3db8233c9 req-43e6ef1a-686d-4afd-9c60-3ca3db8233c9 ] Request (ServersTestJSON:setUpClass): 201 POST http://10.180.1.21/identity/v3/auth/tokens 0.052s
2025-01-27 14:01:55.380 68708 INFO tempest.lib.common.rest_client [req-31ae5ba5-5141-4b54-b7cd-7411ee8b110e req-31ae5ba5-5141-4b54-b7cd-7411ee8b110e ] Request (MigrationsAdminTest:test_list_migrations_in_flavor_resize_situation): 200 GET http://10.180.1.21/compute/v2.1/servers/e3c3759c-81e6-415d-a5a5-b17cc16bdc2f 0.062s
2025-01-27 14:01:55.389 68718 INFO tempest.lib.common.rest_client [req-03612a3c-5470-493e-bc9c-89583ae1f2f4 req-03612a3c-5470-493e-bc9c-89583ae1f2f4 ] Request (ServersTestJSON:setUpClass): 201 POST http://10.180.1.21/identity/v3/auth/tokens 0.031s
2025-01-27 14:01:55.411 68744 INFO tempest.lib.common.rest_client [req-ecff283f-4d0e-402f-a1af-9e5de4b00239 req-ecff283f-4d0e-402f-a1af-9e5de4b00239 ] Request (DeleteServersTestJSON:test_delete_active_server): 200 GET http://10.180.1.21/compute/v2.1/servers/8f808943-6107-49d9-966f-c4e6ae0cdac4 0.069s
2025-01-27 14:01:55.415 68718 INFO tempest.lib.common.rest_client [req-6c59b5c6-6a06-4975-939d-e55006e60f6f req-6c59b5c6-6a06-4975-939d-e55006e60f6f ] Request (ServersTestJSON:setUpClass): 200 GET http://10.180.1.21/identity/v3/domains?name=Default 0.025s
2025-01-27 14:01:55.429 68734 INFO tempest.lib.common.rest_client [req-5cd9fb5d-d903-46ad-9967-55a0c7c8e4d5 req-5cd9fb5d-d903-46ad-9967-55a0c7c8e4d5 ] Request (ImagesTestJSON:test_create_server_from_snapshot): 200 GET http://10.180.1.21/compute/v2.1/servers/85f24cb7-a0c3-4598-9992-2726320ca76d 0.057s
2025-01-27 14:01:55.443 68718 INFO tempest.lib.common.rest_client [req-27f81c67-4bcd-4eb5-8318-738f3acfdce5 req-27f81c67-4bcd-4eb5-8318-738f3acfdce5 ] Request (ServersTestJSON:setUpClass): 201 POST http://10.180.1.21/identity/v3/projects 0.028s
2025-01-27 14:01:55.477 68740 INFO tempest.lib.common.rest_client [req-0a987552-afe5-42fd-890f-31e5aafcf97a req-0a987552-afe5-42fd-890f-31e5aafcf97a ] Request (ServerRescueNegativeTestJSON:setUpClass): 200 GET http://10.180.1.21/compute/v2.1/servers/03e1ebe5-7a02-430e-b38c-d215e85d59ae 0.052s
2025-01-27 14:01:55.518 68718 INFO tempest.lib.common.rest_client [req-9f8f62d4-1c76-44ad-9da0-a98bb8ed9074 req-9f8f62d4-1c76-44ad-9da0-a98bb8ed9074 ] Request (ServersTestJSON:setUpClass): 201 POST http://10.180.1.21/identity/v3/users 0.073s
2025-01-27 14:01:55.539 68718 INFO tempest.lib.common.rest_client [req-69f111d4-efb3-491c-a9ff-eb02ed50fe2d req-69f111d4-efb3-491c-a9ff-eb02ed50fe2d ] Request (ServersTestJSON:setUpClass): 200 GET http://10.180.1.21/identity/v3/roles 0.021s
2025-01-27 14:01:55.546 68754 INFO tempest.lib.common.rest_client [req-f007b261-a061-4c03-b1e9-121d23feca89 req-f007b261-a061-4c03-b1e9-121d23feca89 ] Request (InstanceActionsTestJSON:setUpClass): 200 GET http://10.180.1.21/compute/v2.1/servers/7a9be56e-f93e-46d5-ac7b-09ab2a44e7f9 0.065s
2025-01-27 14:01:55.570 68718 INFO tempest.lib.common.rest_client [req-f919ee62-0c99-44f7-a133-2213b45e1c07 req-f919ee62-0c99-44f7-a133-2213b45e1c07 ] Request (ServersTestJSON:setUpClass): 204 PUT http://10.180.1.21/identity/v3/projects/7d771ac74ac54fb38a84337eed72348a/users/e508d2263c0c47d5bccfb1e2f1409316/roles/9c3f722a00cb4b488d15acdcfbb5d434 0.030s
2025-01-27 14:01:55.570 68718 INFO tempest.lib.common.dynamic_creds [-] Dynamic test user e508d2263c0c47d5bccfb1e2f1409316 is created with scope project and roles: ['member']
2025-01-27 14:01:55.570 68718 INFO tempest.lib.common.dynamic_creds [-] Acquired dynamic creds: credentials: Credentials: {'domain_id': 'default', 'domain_name': 'Default', 'username': 'tempest-ServersTestJSON-468355654-project-member', 'project_domain_id': 'default', 'project_domain_name': 'Default', 'project_id': '7d771ac74ac54fb38a84337eed72348a', 'project_name': 'tempest-ServersTestJSON-468355654', 'tenant_id': '7d771ac74ac54fb38a84337eed72348a', 'tenant_name': 'tempest-ServersTestJSON-468355654', 'user_domain_id': 'default', 'user_domain_name': 'Default', 'user_id': 'e508d2263c0c47d5bccfb1e2f1409316', 'system': None}, Network: None, Subnet: None, Router: None
2025-01-27 14:01:55.571 68710 INFO tempest.lib.common.rest_client [req-da8dbd6f-5d85-4a5e-a02d-79172906de59 req-da8dbd6f-5d85-4a5e-a02d-79172906de59 ] Request (InstanceActionsNegativeTestJSON:setUpClass): 200 GET http://10.180.1.21/compute/v2.1/servers/43d09ce7-7946-43d1-8729-d7068c1cdec4 0.061s
2025-01-27 14:01:55.614 68716 INFO tempest.lib.common.rest_client [req-bdb58138-a008-4a88-bd49-8304e9965459 req-bdb58138-a008-4a88-bd49-8304e9965459 ] Request (AttachInterfacesUnderV243Test:test_add_remove_fixed_ip): 200 GET http://10.180.1.21/compute/v2.1/servers/0b7ecd6e-951b-4f5c-9c06-2a1b82cb9756 0.050s
2025-01-27 14:01:55.625 68718 INFO tempest.lib.common.rest_client [req-f61be6df-8806-47a4-8c07-c7e8fe634f85 req-f61be6df-8806-47a4-8c07-c7e8fe634f85 ] Request (ServersTestJSON:setUpClass): 201 POST http://10.180.1.21/identity/v3/auth/tokens 0.055s
2025-01-27 14:01:55.665 68750 INFO tempest.lib.common.rest_client [req-50ebe220-a7d1-4a0d-8c82-a1badcd30c5f req-50ebe220-a7d1-4a0d-8c82-a1badcd30c5f ] Request (InstanceActionsV221TestJSON:test_get_list_deleted_instance_actions): 200 GET http://10.180.1.21/compute/v2.1/servers/3d034f40-5896-49bc-bed1-9062e1fde1e3 0.055s
2025-01-27 14:01:55.773 68698 INFO tempest.lib.common.rest_client [req-128f3502-5d2a-4ce1-972f-7b45d0f4675d req-128f3502-5d2a-4ce1-972f-7b45d0f4675d ] Request (ServerMetadataTestJSON:setUpClass): 200 GET http://10.180.1.21/compute/v2.1/servers/ecc8aab4-a172-4218-8b09-ccfde0d03903 0.055s
2025-01-27 14:01:55.775 68700 INFO tempest.lib.common.rest_client [req-073db19a-662e-4fb1-8694-04c1550458f7 req-073db19a-662e-4fb1-8694-04c1550458f7 ] Request (AttachVolumeShelveTestJSON:test_attach_volume_shelved_or_offload_server): 200 GET http://10.180.1.21/compute/v2.1/servers/04218b42-91dd-4045-8a40-f8829910e064 0.075s
2025-01-27 14:01:55.821 68736 INFO tempest.lib.common.rest_client [req-8ffd2270-55b2-4450-a630-faf0c31ff7af req-8ffd2270-55b2-4450-a630-faf0c31ff7af ] Request (ListImageFiltersTestJSON:setUpClass): 200 GET http://10.180.1.21/compute/v2.1/servers/854c955f-b327-4c25-87bd-3ad68dbff024 0.067s
2025-01-27 14:01:55.840 68756 INFO tempest.lib.common.rest_client [req-0771fc4e-28fb-4148-abd4-5d6cf11e1bde req-0771fc4e-28fb-4148-abd4-5d6cf11e1bde ] Request (VolumesAdminNegativeTest:test_update_attached_volume_with_nonexistent_volume_in_body): 200 GET http://10.180.1.21/compute/v2.1/servers/6cdba5b2-af96-4766-9a97-3a758983c49b 0.052s
2025-01-27 14:01:55.867 68722 INFO tempest.lib.common.rest_client [req-2c13b425-c02f-4df9-955f-1f8d16a86ce5 req-2c13b425-c02f-4df9-955f-1f8d16a86ce5 ] Request (ServerDiskConfigTestJSON:test_rebuild_server_with_manual_disk_config): 200 GET http://10.180.1.21/compute/v2.1/servers/dc1c594f-7625-495a-8948-cee046bf204a 0.060s
2025-01-27 14:01:55.888 68714 INFO tempest.lib.common.rest_client [req-b83e401a-38ff-497f-8e14-8cf6db771d83 req-b83e401a-38ff-497f-8e14-8cf6db771d83 ] Request (ServersTestFqdnHostnames:test_create_server_with_fqdn_name): 200 GET http://10.180.1.21/compute/v2.1/servers/19afb920-58b0-4ad9-be99-d0a8e930c680 0.050s
2025-01-27 14:01:55.908 68718 INFO tempest.lib.common.rest_client [req-f61d0510-cfe1-43ff-8687-d00df21a779c req-f61d0510-cfe1-43ff-8687-d00df21a779c ] Request (ServersTestJSON:setUpClass): 201 POST http://10.180.1.21:9696/networking/v2.0/networks 0.282s
2025-01-27 14:01:56.054 68718 INFO tempest.lib.common.rest_client [req-efe91606-36a9-4abd-b8a8-1146abcbcdd3 req-efe91606-36a9-4abd-b8a8-1146abcbcdd3 ] Request (ServersTestJSON:setUpClass): 201 POST http://10.180.1.21:9696/networking/v2.0/subnets 0.145s
2025-01-27 14:01:56.108 68732 INFO tempest.lib.common.rest_client [req-0afaa0f9-d4f5-43a3-9f62-0ae5f97c55df req-0afaa0f9-d4f5-43a3-9f62-0ae5f97c55df ] Request (ServersNegativeTestMultiTenantJSON:setUpClass): 200 GET http://10.180.1.21/compute/v2.1/servers/dcd5a800-1a28-45b3-8eff-a2e8cb871491 0.070s
2025-01-27 14:01:56.161 68746 INFO tempest.lib.common.rest_client [req-a19aa58f-8a59-41ed-aab9-e7f90389cb88 req-a19aa58f-8a59-41ed-aab9-e7f90389cb88 ] Request (ImagesOneServerTestJSON:setUpClass): 200 GET http://10.180.1.21/compute/v2.1/servers/08cc6c54-48f2-4064-93a4-4debb98ab606 0.084s
2025-01-27 14:01:56.240 68720 INFO tempest.lib.common.rest_client [req-7c368c47-5953-44e7-9901-25506d639521 req-7c368c47-5953-44e7-9901-25506d639521 ] Request (ServersTestManualDisk:setUpClass): 200 GET http://10.180.1.21/compute/v2.1/servers/c1943459-83bf-4461-80e0-d98da37b5d17 0.152s
2025-01-27 14:01:56.292 68712 INFO tempest.lib.common.rest_client [req-c4c16849-cf15-45fb-888d-cb422d9c7e81 req-c4c16849-cf15-45fb-888d-cb422d9c7e81 ] Request (ServerRescueTestJSONUnderV235:setUpClass): 200 GET http://10.180.1.21/compute/v2.1/servers/b5d6b647-e24f-4e53-b448-0614334fd760 0.259s
2025-01-27 14:01:56.300 68706 INFO tempest.lib.common.rest_client [req-55122d56-062c-4644-b91d-bccac00c4468 req-55122d56-062c-4644-b91d-bccac00c4468 ] Request (ImagesOneServerNegativeTestJSON:setUpClass): 200 GET http://10.180.1.21/compute/v2.1/servers/e0de75e0-ca8e-4525-ae7f-ed13fcd07338 0.177s
2025-01-27 14:01:56.312 68702 INFO tempest.lib.common.rest_client [req-192bee14-b8a3-42c7-9cbe-507a3a79143a req-192bee14-b8a3-42c7-9cbe-507a3a79143a ] Request (ServerDiagnosticsV248Test:tearDownClass): 404 GET http://10.180.1.21/compute/v2.1/servers/b4bcab92-0007-4952-8d74-c470049edd71 0.167s
2025-01-27 14:01:56.349 68704 INFO tempest.lib.common.rest_client [req-3b1b776d-d75f-457f-a502-b753b4c12591 req-3b1b776d-d75f-457f-a502-b753b4c12591 ] Request (ServerDiagnosticsTest:test_get_server_diagnostics): 200 GET http://10.180.1.21/compute/v2.1/servers/1d4d567b-c1b0-4bf3-96d1-405c3a1cd265 0.177s
2025-01-27 14:01:56.356 68704 INFO tempest.common.waiters [-] State transition "BUILD/spawning" ==> "BUILD/scheduling" after 102 second wait
2025-01-27 14:01:56.365 68728 INFO tempest.lib.common.rest_client [req-d0031905-99f9-447a-af2d-bf51891bc242 req-d0031905-99f9-447a-af2d-bf51891bc242 ] Request (ServerDiagnosticsNegativeTest:test_get_server_diagnostics_by_non_admin): 200 GET http://10.180.1.21/compute/v2.1/servers/7748d5e9-7aae-4b5d-80ac-b6a9f177d6b3 0.157s
2025-01-27 14:01:56.390 68702 INFO tempest.lib.common.rest_client [req-3a82ea55-cb7e-40a6-b07d-ea9a19b47a9e req-3a82ea55-cb7e-40a6-b07d-ea9a19b47a9e ] Request (ServerDiagnosticsV248Test:tearDownClass): 204 DELETE http://10.180.1.21/identity/v3/users/be7baccc73fa4b9a80e3242a65725913 0.077s
2025-01-27 14:01:56.460 68708 INFO tempest.lib.common.rest_client [req-de8e6eea-f90d-4af9-a7aa-5b11e18407cc req-de8e6eea-f90d-4af9-a7aa-5b11e18407cc ] Request (MigrationsAdminTest:test_list_migrations_in_flavor_resize_situation): 200 GET http://10.180.1.21/compute/v2.1/servers/e3c3759c-81e6-415d-a5a5-b17cc16bdc2f 0.070s
2025-01-27 14:01:56.482 68702 INFO tempest.lib.common.rest_client [req-c47f9bda-9c83-45ff-8a27-100e44a59a2f req-c47f9bda-9c83-45ff-8a27-100e44a59a2f ] Request (ServerDiagnosticsV248Test:tearDownClass): 204 DELETE http://10.180.1.21/identity/v3/users/a378ee5c90a5454fbb9110b813f95342 0.092s
2025-01-27 14:01:56.482 68702 INFO tempest.lib.common.dynamic_creds [-] Deleting project and security group for project: e0083360097b4818b0c5db86fcfa2436
2025-01-27 14:01:56.484 68744 INFO tempest.lib.common.rest_client [req-98aa324c-4dcc-4412-9aec-172e65219af7 req-98aa324c-4dcc-4412-9aec-172e65219af7 ] Request (DeleteServersTestJSON:test_delete_active_server): 200 GET http://10.180.1.21/compute/v2.1/servers/8f808943-6107-49d9-966f-c4e6ae0cdac4 0.066s
2025-01-27 14:01:56.522 68734 INFO tempest.lib.common.rest_client [req-0e6abe8d-8ea4-4b8b-85cd-7ffb43c43365 req-0e6abe8d-8ea4-4b8b-85cd-7ffb43c43365 ] Request (ImagesTestJSON:test_create_server_from_snapshot): 200 GET http://10.180.1.21/compute/v2.1/servers/85f24cb7-a0c3-4598-9992-2726320ca76d 0.085s
2025-01-27 14:01:56.547 68740 INFO tempest.lib.common.rest_client [req-a5798dc6-a534-4c02-9e1e-271f4a173fa9 req-a5798dc6-a534-4c02-9e1e-271f4a173fa9 ] Request (ServerRescueNegativeTestJSON:setUpClass): 200 GET http://10.180.1.21/compute/v2.1/servers/03e1ebe5-7a02-430e-b38c-d215e85d59ae 0.061s
2025-01-27 14:01:56.560 68702 INFO tempest.lib.common.rest_client [req-da20f5f7-1871-429d-9433-65a6f717918d req-da20f5f7-1871-429d-9433-65a6f717918d ] Request (ServerDiagnosticsV248Test:tearDownClass): 201 POST http://10.180.1.21/identity/v3/auth/tokens 0.077s
2025-01-27 14:01:56.655 68710 INFO tempest.lib.common.rest_client [req-23686db0-b6b9-47d0-8642-3bf534c8c2c1 req-23686db0-b6b9-47d0-8642-3bf534c8c2c1 ] Request (InstanceActionsNegativeTestJSON:setUpClass): 200 GET http://10.180.1.21/compute/v2.1/servers/43d09ce7-7946-43d1-8729-d7068c1cdec4 0.077s
2025-01-27 14:01:56.658 68754 INFO tempest.lib.common.rest_client [req-55dc841d-1fcd-45de-9ee0-d7fe60f23b7a req-55dc841d-1fcd-45de-9ee0-d7fe60f23b7a ] Request (InstanceActionsTestJSON:setUpClass): 200 GET http://10.180.1.21/compute/v2.1/servers/7a9be56e-f93e-46d5-ac7b-09ab2a44e7f9 0.102s
2025-01-27 14:01:56.666 68754 INFO tempest.common.waiters [-] State transition "BUILD/None" ==> "BUILD/networking" after 81 second wait
2025-01-27 14:01:56.718 68716 INFO tempest.lib.common.rest_client [req-5d6936c8-d8ab-4dc3-a0bf-9275d5229bf0 req-5d6936c8-d8ab-4dc3-a0bf-9275d5229bf0 ] Request (AttachInterfacesUnderV243Test:test_add_remove_fixed_ip): 200 GET http://10.180.1.21/compute/v2.1/servers/0b7ecd6e-951b-4f5c-9c06-2a1b82cb9756 0.094s
2025-01-27 14:01:56.743 68750 INFO tempest.lib.common.rest_client [req-3dc8ea4c-9949-4334-b9b7-60851ec09215 req-3dc8ea4c-9949-4334-b9b7-60851ec09215 ] Request (InstanceActionsV221TestJSON:test_get_list_deleted_instance_actions): 200 GET http://10.180.1.21/compute/v2.1/servers/3d034f40-5896-49bc-bed1-9062e1fde1e3 0.070s
2025-01-27 14:01:56.748 68702 INFO tempest.lib.common.rest_client [req-324f3336-dfa9-4c07-a232-ff86ce73a7e5 req-324f3336-dfa9-4c07-a232-ff86ce73a7e5 ] Request (ServerDiagnosticsV248Test:tearDownClass): 200 GET http://10.180.1.21:9696/networking/v2.0/security-groups?tenant_id=e0083360097b4818b0c5db86fcfa2436&name=default 0.186s
2025-01-27 14:01:56.837 68702 INFO tempest.lib.common.rest_client [req-f55b875f-3416-427e-a0a8-406de1987eef req-f55b875f-3416-427e-a0a8-406de1987eef ] Request (ServerDiagnosticsV248Test:tearDownClass): 204 DELETE http://10.180.1.21:9696/networking/v2.0/security-groups/05c13821-9726-4ac6-954c-fe03d98907cb 0.089s
2025-01-27 14:01:56.847 68698 INFO tempest.lib.common.rest_client [req-3724447d-2b25-4d9c-aa2a-0c22f2a4c2ec req-3724447d-2b25-4d9c-aa2a-0c22f2a4c2ec ] Request (ServerMetadataTestJSON:setUpClass): 200 GET http://10.180.1.21/compute/v2.1/servers/ecc8aab4-a172-4218-8b09-ccfde0d03903 0.067s
2025-01-27 14:01:56.858 68700 INFO tempest.lib.common.rest_client [req-a5f720bf-d52c-49bc-a7bc-2945e8be6c01 req-a5f720bf-d52c-49bc-a7bc-2945e8be6c01 ] Request (AttachVolumeShelveTestJSON:test_attach_volume_shelved_or_offload_server): 200 GET http://10.180.1.21/compute/v2.1/servers/04218b42-91dd-4045-8a40-f8829910e064 0.073s
2025-01-27 14:01:56.903 68736 INFO tempest.lib.common.rest_client [req-b4b40abe-88d8-4423-8c8b-fef8061359d6 req-b4b40abe-88d8-4423-8c8b-fef8061359d6 ] Request (ListImageFiltersTestJSON:setUpClass): 200 GET http://10.180.1.21/compute/v2.1/servers/854c955f-b327-4c25-87bd-3ad68dbff024 0.073s
2025-01-27 14:01:56.908 68702 INFO tempest.lib.common.rest_client [req-8aff2f8b-2077-45e6-98ed-3a5c212d3c23 req-8aff2f8b-2077-45e6-98ed-3a5c212d3c23 ] Request (ServerDiagnosticsV248Test:tearDownClass): 204 DELETE http://10.180.1.21/identity/v3/projects/e0083360097b4818b0c5db86fcfa2436 0.070s
2025-01-27 14:01:56.908 68702 INFO tempest.lib.common.dynamic_creds [-] Deleting project and security group for project: bc689ee2e99d483984bf02bd8bfefe38
2025-01-27 14:01:56.928 68756 INFO tempest.lib.common.rest_client [req-27b225e4-4980-42e4-8c36-2b43a67246e7 req-27b225e4-4980-42e4-8c36-2b43a67246e7 ] Request (VolumesAdminNegativeTest:test_update_attached_volume_with_nonexistent_volume_in_body): 200 GET http://10.180.1.21/compute/v2.1/servers/6cdba5b2-af96-4766-9a97-3a758983c49b 0.078s
2025-01-27 14:01:56.953 68722 INFO tempest.lib.common.rest_client [req-742df7a5-ccb5-415b-9c72-e960ccdfad40 req-742df7a5-ccb5-415b-9c72-e960ccdfad40 ] Request (ServerDiskConfigTestJSON:test_rebuild_server_with_manual_disk_config): 200 GET http://10.180.1.21/compute/v2.1/servers/dc1c594f-7625-495a-8948-cee046bf204a 0.078s
2025-01-27 14:01:56.981 68714 INFO tempest.lib.common.rest_client [req-f7d25bf0-c130-401d-8988-0c36d2ff68c2 req-f7d25bf0-c130-401d-8988-0c36d2ff68c2 ] Request (ServersTestFqdnHostnames:test_create_server_with_fqdn_name): 200 GET http://10.180.1.21/compute/v2.1/servers/19afb920-58b0-4ad9-be99-d0a8e930c680 0.080s
2025-01-27 14:01:57.007 68702 INFO tempest.lib.common.rest_client [req-8fcf4dad-4799-46ab-a4f7-18db473b7789 req-8fcf4dad-4799-46ab-a4f7-18db473b7789 ] Request (ServerDiagnosticsV248Test:tearDownClass): 200 GET http://10.180.1.21:9696/networking/v2.0/security-groups?tenant_id=bc689ee2e99d483984bf02bd8bfefe38&name=default 0.099s
2025-01-27 14:01:57.074 68702 INFO tempest.lib.common.rest_client [req-785b74e7-f236-4f68-b1bc-67d3f44e7fa1 req-785b74e7-f236-4f68-b1bc-67d3f44e7fa1 ] Request (ServerDiagnosticsV248Test:tearDownClass): 204 DELETE http://10.180.1.21:9696/networking/v2.0/security-groups/68d9700e-c8bd-4397-94b3-2d1444ac3c03 0.066s
2025-01-27 14:01:57.163 68702 INFO tempest.lib.common.rest_client [req-8b0a2317-4486-4bd6-9ee4-eb3749e117b7 req-8b0a2317-4486-4bd6-9ee4-eb3749e117b7 ] Request (ServerDiagnosticsV248Test:tearDownClass): 204 DELETE http://10.180.1.21/identity/v3/projects/bc689ee2e99d483984bf02bd8bfefe38 0.089s
2025-01-27 14:01:57.175 68732 INFO tempest.lib.common.rest_client [req-9ab8d929-b215-4491-a252-cc5e2937cc58 req-9ab8d929-b215-4491-a252-cc5e2937cc58 ] Request (ServersNegativeTestMultiTenantJSON:setUpClass): 200 GET http://10.180.1.21/compute/v2.1/servers/dcd5a800-1a28-45b3-8eff-a2e8cb871491 0.059s
2025-01-27 14:01:57.202 68718 INFO tempest.lib.common.rest_client [req-cf288450-514f-4f4c-8ad3-c16078b07551 req-cf288450-514f-4f4c-8ad3-c16078b07551 ] Request (ServersTestJSON:setUpClass): 201 POST http://10.180.1.21:9696/networking/v2.0/routers 1.148s
2025-01-27 14:01:57.228 68702 INFO tempest.lib.common.rest_client [req-34e66ea8-8a58-4bde-96c9-901b99cbf2f1 req-34e66ea8-8a58-4bde-96c9-901b99cbf2f1 ] Request (FloatingIPsNegativeTestJSON:setUpClass): 201 POST http://10.180.1.21/identity/v3/auth/tokens 0.062s
2025-01-27 14:01:57.250 68746 INFO tempest.lib.common.rest_client [req-949bcbc4-c17a-484e-b9c3-7a0eb8caf7b2 req-949bcbc4-c17a-484e-b9c3-7a0eb8caf7b2 ] Request (ImagesOneServerTestJSON:setUpClass): 200 GET http://10.180.1.21/compute/v2.1/servers/08cc6c54-48f2-4064-93a4-4debb98ab606 0.079s
2025-01-27 14:01:57.267 68702 INFO tempest.lib.common.rest_client [req-7f60ee63-0f58-4949-9081-db419bd3ff49 req-7f60ee63-0f58-4949-9081-db419bd3ff49 ] Request (FloatingIPsNegativeTestJSON:setUpClass): 201 POST http://10.180.1.21/identity/v3/auth/tokens 0.036s
2025-01-27 14:01:57.294 68702 INFO tempest.lib.common.rest_client [req-cf3b0734-a253-4a46-a881-ab4036d3dad8 req-cf3b0734-a253-4a46-a881-ab4036d3dad8 ] Request (FloatingIPsNegativeTestJSON:setUpClass): 200 GET http://10.180.1.21/identity/v3/domains?name=Default 0.027s
2025-01-27 14:01:57.303 68720 INFO tempest.lib.common.rest_client [req-6d21a86d-41f1-4756-99e1-2f46d10e39ea req-6d21a86d-41f1-4756-99e1-2f46d10e39ea ] Request (ServersTestManualDisk:setUpClass): 200 GET http://10.180.1.21/compute/v2.1/servers/c1943459-83bf-4461-80e0-d98da37b5d17 0.055s
2025-01-27 14:01:57.335 68702 INFO tempest.lib.common.rest_client [req-b4bf29d2-71cd-4309-ac98-7bcfeb686fa9 req-b4bf29d2-71cd-4309-ac98-7bcfeb686fa9 ] Request (FloatingIPsNegativeTestJSON:setUpClass): 201 POST http://10.180.1.21/identity/v3/projects 0.040s
2025-01-27 14:01:57.371 68712 INFO tempest.lib.common.rest_client [req-39e58a80-8379-4955-b2ed-ed4427186912 req-39e58a80-8379-4955-b2ed-ed4427186912 ] Request (ServerRescueTestJSONUnderV235:setUpClass): 200 GET http://10.180.1.21/compute/v2.1/servers/b5d6b647-e24f-4e53-b448-0614334fd760 0.072s
2025-01-27 14:01:57.377 68706 INFO tempest.lib.common.rest_client [req-6e5cc432-0ba9-447b-aa3a-7c134f712afb req-6e5cc432-0ba9-447b-aa3a-7c134f712afb ] Request (ImagesOneServerNegativeTestJSON:setUpClass): 200 GET http://10.180.1.21/compute/v2.1/servers/e0de75e0-ca8e-4525-ae7f-ed13fcd07338 0.067s
2025-01-27 14:01:57.401 68702 INFO tempest.lib.common.rest_client [req-5c728b8f-819a-4fac-be77-9dbfd741d6ce req-5c728b8f-819a-4fac-be77-9dbfd741d6ce ] Request (FloatingIPsNegativeTestJSON:setUpClass): 201 POST http://10.180.1.21/identity/v3/users 0.065s
2025-01-27 14:01:57.424 68702 INFO tempest.lib.common.rest_client [req-df7e5acc-3339-438c-8096-2e0277f8ee8e req-df7e5acc-3339-438c-8096-2e0277f8ee8e ] Request (FloatingIPsNegativeTestJSON:setUpClass): 200 GET http://10.180.1.21/identity/v3/roles 0.022s
2025-01-27 14:01:57.436 68728 INFO tempest.lib.common.rest_client [req-0aa44ceb-a2c6-4655-a51e-5e7bf2613eb9 req-0aa44ceb-a2c6-4655-a51e-5e7bf2613eb9 ] Request (ServerDiagnosticsNegativeTest:test_get_server_diagnostics_by_non_admin): 200 GET http://10.180.1.21/compute/v2.1/servers/7748d5e9-7aae-4b5d-80ac-b6a9f177d6b3 0.061s
2025-01-27 14:01:57.448 68702 INFO tempest.lib.common.rest_client [req-6f2415b3-954e-4b5f-b589-5e9c183e9513 req-6f2415b3-954e-4b5f-b589-5e9c183e9513 ] Request (FloatingIPsNegativeTestJSON:setUpClass): 204 PUT http://10.180.1.21/identity/v3/projects/42a19bbeb8e14fe4bf184b40a5dc6d7f/users/42663f6bebe849b6ae69535b880429b5/roles/9c3f722a00cb4b488d15acdcfbb5d434 0.024s
2025-01-27 14:01:57.448 68702 INFO tempest.lib.common.dynamic_creds [-] Dynamic test user 42663f6bebe849b6ae69535b880429b5 is created with scope project and roles: ['member']
2025-01-27 14:01:57.449 68702 INFO tempest.lib.common.dynamic_creds [-] Acquired dynamic creds: credentials: Credentials: {'domain_id': 'default', 'domain_name': 'Default', 'username': 'tempest-FloatingIPsNegativeTestJSON-667855865-project-member', 'project_domain_id': 'default', 'project_domain_name': 'Default', 'project_id': '42a19bbeb8e14fe4bf184b40a5dc6d7f', 'project_name': 'tempest-FloatingIPsNegativeTestJSON-667855865', 'tenant_id': '42a19bbeb8e14fe4bf184b40a5dc6d7f', 'tenant_name': 'tempest-FloatingIPsNegativeTestJSON-667855865', 'user_domain_id': 'default', 'user_domain_name': 'Default', 'user_id': '42663f6bebe849b6ae69535b880429b5', 'system': None}, Network: None, Subnet: None, Router: None
