2025-01-27 14:01:21.637 68728 INFO tempest.lib.common.rest_client [req-78809177-8fc9-4598-9e37-cd4e6c960279 req-78809177-8fc9-4598-9e37-cd4e6c960279 ] Request (DeleteServersAdminTestJSON:tearDownClass): 204 DELETE http://10.180.1.21/identity/v3/projects/5120d07a69a240c0b71da679d98063b1 0.079s
2025-01-27 14:01:21.688 68728 INFO tempest.lib.common.rest_client [req-5f8ff094-3d22-43c9-bf06-a0c85ab40eb5 req-5f8ff094-3d22-43c9-bf06-a0c85ab40eb5 ] Request (ServerDiagnosticsNegativeTest:setUpClass): 201 POST http://10.180.1.21/identity/v3/auth/tokens 0.049s
2025-01-27 14:01:21.717 68728 INFO tempest.lib.common.rest_client [req-c668d0fb-6d13-43fd-908a-f6155c34167a req-c668d0fb-6d13-43fd-908a-f6155c34167a ] Request (ServerDiagnosticsNegativeTest:setUpClass): 201 POST http://10.180.1.21/identity/v3/auth/tokens 0.026s
2025-01-27 14:01:21.738 68728 INFO tempest.lib.common.rest_client [req-d91e04e8-1052-4e2b-9607-853392311b9b req-d91e04e8-1052-4e2b-9607-853392311b9b ] Request (ServerDiagnosticsNegativeTest:setUpClass): 200 GET http://10.180.1.21/identity/v3/domains?name=Default 0.021s
2025-01-27 14:01:21.762 68728 INFO tempest.lib.common.rest_client [req-66283a38-c173-4076-bf3a-66e99ca3c6f2 req-66283a38-c173-4076-bf3a-66e99ca3c6f2 ] Request (ServerDiagnosticsNegativeTest:setUpClass): 201 POST http://10.180.1.21/identity/v3/projects 0.024s
2025-01-27 14:01:21.785 68710 INFO tempest.lib.common.rest_client [req-f14c52cb-f752-468a-9bed-89d5dd50c123 req-f14c52cb-f752-468a-9bed-89d5dd50c123 ] Request (InstanceActionsNegativeTestJSON:setUpClass): 200 GET http://10.180.1.21/compute/v2.1/servers/43d09ce7-7946-43d1-8729-d7068c1cdec4 0.051s
2025-01-27 14:01:21.796 68734 INFO tempest.lib.common.rest_client [req-a4e8349d-fe6f-4c48-8cfe-9b0756d7c35d req-a4e8349d-fe6f-4c48-8cfe-9b0756d7c35d ] Request (ImagesTestJSON:test_create_image_from_suspended_server): 200 GET http://10.180.1.21/compute/v2.1/servers/8fd213dd-d597-48c0-9387-19b4f5dd72ff 0.049s
2025-01-27 14:01:21.820 68728 INFO tempest.lib.common.rest_client [req-77bd3fd9-1591-4928-9667-6a98292913a4 req-77bd3fd9-1591-4928-9667-6a98292913a4 ] Request (ServerDiagnosticsNegativeTest:setUpClass): 201 POST http://10.180.1.21/identity/v3/users 0.057s
2025-01-27 14:01:21.838 68740 INFO tempest.lib.common.rest_client [req-ad461541-5fe2-4918-943e-fbe9aac71767 req-ad461541-5fe2-4918-943e-fbe9aac71767 ] Request (ServerRescueNegativeTestJSON:setUpClass): 200 GET http://10.180.1.21/compute/v2.1/servers/03e1ebe5-7a02-430e-b38c-d215e85d59ae 0.047s
2025-01-27 14:01:21.844 68728 INFO tempest.lib.common.rest_client [req-15461255-430f-441c-bc15-a3c89965af94 req-15461255-430f-441c-bc15-a3c89965af94 ] Request (ServerDiagnosticsNegativeTest:setUpClass): 200 GET http://10.180.1.21/identity/v3/roles 0.024s
2025-01-27 14:01:21.853 68754 INFO tempest.lib.common.rest_client [req-77bae097-21d6-4cdf-9f50-38aee735ee38 req-77bae097-21d6-4cdf-9f50-38aee735ee38 ] Request (InstanceActionsTestJSON:setUpClass): 200 GET http://10.180.1.21/compute/v2.1/servers/7a9be56e-f93e-46d5-ac7b-09ab2a44e7f9 0.045s
2025-01-27 14:01:21.868 68728 INFO tempest.lib.common.rest_client [req-e5151a18-fc2e-47f6-b38c-9bb6e75e6bc9 req-e5151a18-fc2e-47f6-b38c-9bb6e75e6bc9 ] Request (ServerDiagnosticsNegativeTest:setUpClass): 204 PUT http://10.180.1.21/identity/v3/projects/67d0c6b27c8240bdb68912df66c6beb8/users/2ebe9e623b0449ed8e2c35015ce3ba91/roles/9c3f722a00cb4b488d15acdcfbb5d434 0.023s
2025-01-27 14:01:21.868 68728 INFO tempest.lib.common.dynamic_creds [-] Dynamic test user 2ebe9e623b0449ed8e2c35015ce3ba91 is created with scope project and roles: ['member']
2025-01-27 14:01:21.868 68728 INFO tempest.lib.common.dynamic_creds [-] Acquired dynamic creds: credentials: Credentials: {'domain_id': 'default', 'domain_name': 'Default', 'username': 'tempest-ServerDiagnosticsNegativeTest-219220689-project-member', 'project_domain_id': 'default', 'project_domain_name': 'Default', 'project_id': '67d0c6b27c8240bdb68912df66c6beb8', 'project_name': 'tempest-ServerDiagnosticsNegativeTest-219220689', 'tenant_id': '67d0c6b27c8240bdb68912df66c6beb8', 'tenant_name': 'tempest-ServerDiagnosticsNegativeTest-219220689', 'user_domain_id': 'default', 'user_domain_name': 'Default', 'user_id': '2ebe9e623b0449ed8e2c35015ce3ba91', 'system': None}, Network: None, Subnet: None, Router: None
2025-01-27 14:01:21.868 68728 INFO tempest.lib.common.dynamic_creds [-] Created isolated network resources for: credentials: Credentials: {'domain_id': 'default', 'domain_name': 'Default', 'username': 'tempest-ServerDiagnosticsNegativeTest-219220689-project-member', 'project_domain_id': 'default', 'project_domain_name': 'Default', 'project_id': '67d0c6b27c8240bdb68912df66c6beb8', 'project_name': 'tempest-ServerDiagnosticsNegativeTest-219220689', 'tenant_id': '67d0c6b27c8240bdb68912df66c6beb8', 'tenant_name': 'tempest-ServerDiagnosticsNegativeTest-219220689', 'user_domain_id': 'default', 'user_domain_name': 'Default', 'user_id': '2ebe9e623b0449ed8e2c35015ce3ba91', 'system': None}, Network: None, Subnet: None, Router: None
2025-01-27 14:01:21.927 68700 INFO tempest.lib.common.rest_client [req-613fbe2f-02a2-46c1-b2f3-802918bea826 req-613fbe2f-02a2-46c1-b2f3-802918bea826 ] Request (AttachVolumeShelveTestJSON:test_attach_volume_shelved_or_offload_server): 200 GET http://10.180.1.21/compute/v2.1/servers/04218b42-91dd-4045-8a40-f8829910e064 0.057s
2025-01-27 14:01:21.931 68750 INFO tempest.lib.common.rest_client [req-52ba547c-104d-4ec0-9ac7-a471d4b77e98 req-52ba547c-104d-4ec0-9ac7-a471d4b77e98 ] Request (InstanceActionsV221TestJSON:test_get_list_deleted_instance_actions): 200 GET http://10.180.1.21/compute/v2.1/servers/3d034f40-5896-49bc-bed1-9062e1fde1e3 0.052s
2025-01-27 14:01:21.933 68728 INFO tempest.lib.common.rest_client [req-a2f75ce4-351e-4d1e-b8fd-1b823e2e218d req-a2f75ce4-351e-4d1e-b8fd-1b823e2e218d ] Request (ServerDiagnosticsNegativeTest:setUpClass): 201 POST http://10.180.1.21/identity/v3/auth/tokens 0.061s
2025-01-27 14:01:21.973 68698 INFO tempest.lib.common.rest_client [req-ab58e9c8-79a7-4603-9bc0-3727f7296361 req-ab58e9c8-79a7-4603-9bc0-3727f7296361 ] Request (ServerMetadataTestJSON:setUpClass): 200 GET http://10.180.1.21/compute/v2.1/servers/ecc8aab4-a172-4218-8b09-ccfde0d03903 0.051s
2025-01-27 14:01:21.985 68728 INFO tempest.lib.common.rest_client [req-939cfa70-d9ee-44b5-a745-8925bed62744 req-939cfa70-d9ee-44b5-a745-8925bed62744 ] Request (ServerDiagnosticsNegativeTest:setUpClass): 201 POST http://10.180.1.21/identity/v3/projects 0.051s
2025-01-27 14:01:22.006 68756 INFO tempest.lib.common.rest_client [req-57747d0a-6e39-417d-bfc3-ef40af1b9d97 req-57747d0a-6e39-417d-bfc3-ef40af1b9d97 ] Request (VolumesAdminNegativeTest:test_update_attached_volume_with_nonexistent_volume_in_body): 200 GET http://10.180.1.21/compute/v2.1/servers/6cdba5b2-af96-4766-9a97-3a758983c49b 0.047s
2025-01-27 14:01:22.044 68728 INFO tempest.lib.common.rest_client [req-75272f6f-9b5b-4d80-9cd0-72d9a02ad4d2 req-75272f6f-9b5b-4d80-9cd0-72d9a02ad4d2 ] Request (ServerDiagnosticsNegativeTest:setUpClass): 201 POST http://10.180.1.21/identity/v3/users 0.058s
2025-01-27 14:01:22.056 68736 INFO tempest.lib.common.rest_client [req-b6e02f9d-93a6-4e18-b5dd-87b7d6f7d0a7 req-b6e02f9d-93a6-4e18-b5dd-87b7d6f7d0a7 ] Request (ListImageFiltersTestJSON:setUpClass): 200 GET http://10.180.1.21/compute/v2.1/servers/854c955f-b327-4c25-87bd-3ad68dbff024 0.053s
2025-01-27 14:01:22.063 68728 INFO tempest.lib.common.rest_client [req-535bea8d-ad18-4678-8c8f-eaafd0e957e0 req-535bea8d-ad18-4678-8c8f-eaafd0e957e0 ] Request (ServerDiagnosticsNegativeTest:setUpClass): 200 GET http://10.180.1.21/identity/v3/roles 0.019s
2025-01-27 14:01:22.064 68716 INFO tempest.lib.common.rest_client [req-72ee9513-ccf7-44d8-a5d9-5fdfc980f7bb req-72ee9513-ccf7-44d8-a5d9-5fdfc980f7bb ] Request (ServersAdmin275Test:tearDownClass): 200 GET http://10.180.1.21/compute/v2.1/servers/af042cab-9132-4425-b017-133ec85afa0c 0.068s
2025-01-27 14:01:22.094 68728 INFO tempest.lib.common.rest_client [req-e03e421c-9fc3-4e7a-889e-d30fc5c02ce5 req-e03e421c-9fc3-4e7a-889e-d30fc5c02ce5 ] Request (ServerDiagnosticsNegativeTest:setUpClass): 204 PUT http://10.180.1.21/identity/v3/projects/2b3063698dd9459983463a7a17edd55a/users/83f3791b6c054b4ab03cd6947534a2e3/roles/492e3d75467a44279c371b58b8065e1a 0.030s
2025-01-27 14:01:22.135 68718 INFO tempest.lib.common.rest_client [req-988c7762-8ca3-4b55-96b5-fdca56f18cf4 req-988c7762-8ca3-4b55-96b5-fdca56f18cf4 ] Request (ServerAddressesNegativeTestJSON:setUpClass): 200 GET http://10.180.1.21/compute/v2.1/servers/e8433dc4-7c83-4288-acf4-5f5a2863592c 0.046s
2025-01-27 14:01:22.138 68728 INFO tempest.lib.common.rest_client [req-ac7b23f4-ac5f-4334-86e3-86f6b2629c2a req-ac7b23f4-ac5f-4334-86e3-86f6b2629c2a ] Request (ServerDiagnosticsNegativeTest:setUpClass): 200 GET http://10.180.1.21/identity/v3/roles 0.044s
2025-01-27 14:01:22.158 68728 INFO tempest.lib.common.rest_client [req-3fed3a5f-d755-4e6f-a874-e511162eca11 req-3fed3a5f-d755-4e6f-a874-e511162eca11 ] Request (ServerDiagnosticsNegativeTest:setUpClass): 204 PUT http://10.180.1.21/identity/v3/projects/2b3063698dd9459983463a7a17edd55a/users/83f3791b6c054b4ab03cd6947534a2e3/roles/492e3d75467a44279c371b58b8065e1a 0.020s
2025-01-27 14:01:22.159 68728 INFO tempest.lib.common.dynamic_creds [-] Dynamic test user 83f3791b6c054b4ab03cd6947534a2e3 is created with scope project and roles: ['admin']
2025-01-27 14:01:22.159 68728 INFO tempest.lib.common.dynamic_creds [-] Acquired dynamic creds: credentials: Credentials: {'domain_id': 'default', 'domain_name': 'Default', 'username': 'tempest-ServerDiagnosticsNegativeTest-827878987-project-admin', 'project_domain_id': 'default', 'project_domain_name': 'Default', 'project_id': '2b3063698dd9459983463a7a17edd55a', 'project_name': 'tempest-ServerDiagnosticsNegativeTest-827878987', 'tenant_id': '2b3063698dd9459983463a7a17edd55a', 'tenant_name': 'tempest-ServerDiagnosticsNegativeTest-827878987', 'user_domain_id': 'default', 'user_domain_name': 'Default', 'user_id': '83f3791b6c054b4ab03cd6947534a2e3', 'system': None}, Network: None, Subnet: None, Router: None
2025-01-27 14:01:22.159 68728 INFO tempest.lib.common.dynamic_creds [-] Created isolated network resources for: credentials: Credentials: {'domain_id': 'default', 'domain_name': 'Default', 'username': 'tempest-ServerDiagnosticsNegativeTest-827878987-project-admin', 'project_domain_id': 'default', 'project_domain_name': 'Default', 'project_id': '2b3063698dd9459983463a7a17edd55a', 'project_name': 'tempest-ServerDiagnosticsNegativeTest-827878987', 'tenant_id': '2b3063698dd9459983463a7a17edd55a', 'tenant_name': 'tempest-ServerDiagnosticsNegativeTest-827878987', 'user_domain_id': 'default', 'user_domain_name': 'Default', 'user_id': '83f3791b6c054b4ab03cd6947534a2e3', 'system': None}, Network: None, Subnet: None, Router: None
2025-01-27 14:01:22.185 68714 INFO tempest.lib.common.rest_client [req-b8012815-f707-4458-b9d7-0d8ffc912253 req-b8012815-f707-4458-b9d7-0d8ffc912253 ] Request (ServersTestFqdnHostnames:test_create_server_with_fqdn_name): 200 GET http://10.180.1.21/compute/v2.1/servers/19afb920-58b0-4ad9-be99-d0a8e930c680 0.046s
2025-01-27 14:01:22.222 68728 INFO tempest.lib.common.rest_client [req-90bf9e2d-94a5-4a78-b1a6-8e525fcc589e req-90bf9e2d-94a5-4a78-b1a6-8e525fcc589e ] Request (ServerDiagnosticsNegativeTest:setUpClass): 201 POST http://10.180.1.21/identity/v3/auth/tokens 0.059s
2025-01-27 14:01:22.256 68760 INFO tempest.lib.common.rest_client [req-0f343fd2-1f6c-4143-92be-504ebf7e5b70 req-0f343fd2-1f6c-4143-92be-504ebf7e5b70 ] Request (AttachInterfacesV270Test:test_create_get_list_interfaces): 200 GET http://10.180.1.21/compute/v2.1/servers/a7ed3eba-aced-4ff9-ba98-e29d44ef5c54 0.052s
2025-01-27 14:01:22.277 68728 INFO tempest.lib.common.rest_client [req-a9b88e26-4074-4c79-8504-8ffcf364ce46 req-a9b88e26-4074-4c79-8504-8ffcf364ce46 ] Request (ServerDiagnosticsNegativeTest:test_get_server_diagnostics_by_non_admin): 201 POST http://10.180.1.21/identity/v3/auth/tokens 0.051s
2025-01-27 14:01:22.278 68728 INFO tempest.lib.common.fixed_network [-] (ServerDiagnosticsNegativeTest:test_get_server_diagnostics_by_non_admin) Found network None available for tenant
2025-01-27 14:01:22.280 68722 INFO tempest.lib.common.rest_client [req-6b8f9fda-bad6-41ae-a320-003f56283fb3 req-6b8f9fda-bad6-41ae-a320-003f56283fb3 ] Request (ServerDiskConfigTestJSON:test_rebuild_server_with_manual_disk_config): 200 GET http://10.180.1.21/compute/v2.1/servers/dc1c594f-7625-495a-8948-cee046bf204a 0.048s
2025-01-27 14:01:22.298 68712 INFO tempest.lib.common.rest_client [req-ca0cd87e-873e-4659-9076-ce8ebc726cdc req-ca0cd87e-873e-4659-9076-ce8ebc726cdc ] Request (ServerRescueTestJSONUnderV235:setUpClass): 200 GET http://10.180.1.21/compute/v2.1/servers/b5d6b647-e24f-4e53-b448-0614334fd760 0.050s
2025-01-27 14:01:22.473 68720 INFO tempest.lib.common.rest_client [req-f2d036cc-811b-4acf-8484-cdd146b3fde1 req-f2d036cc-811b-4acf-8484-cdd146b3fde1 ] Request (ServersTestJSON:setUpClass): 200 GET http://10.180.1.21/compute/v2.1/servers/6cdfeb65-c53f-4ba6-873c-88e593909878 0.059s
2025-01-27 14:01:22.519 68732 INFO tempest.lib.common.rest_client [req-80d6d404-98f4-4f2f-a998-495f2292490a req-80d6d404-98f4-4f2f-a998-495f2292490a ] Request (ServersNegativeTestMultiTenantJSON:setUpClass): 200 GET http://10.180.1.21/compute/v2.1/servers/dcd5a800-1a28-45b3-8eff-a2e8cb871491 0.094s
2025-01-27 14:01:22.565 68728 INFO tempest.lib.common.rest_client [req-b826412e-04c8-46d4-a0a2-56f7cb1521d0 req-b826412e-04c8-46d4-a0a2-56f7cb1521d0 ] Request (ServerDiagnosticsNegativeTest:test_get_server_diagnostics_by_non_admin): 202 POST http://10.180.1.21/compute/v2.1/servers 0.286s
2025-01-27 14:01:22.578 68746 INFO tempest.lib.common.rest_client [req-26cdd944-45f9-44b6-ba24-91c8c2c7ab2e req-26cdd944-45f9-44b6-ba24-91c8c2c7ab2e ] Request (ImagesOneServerTestJSON:setUpClass): 200 GET http://10.180.1.21/compute/v2.1/servers/08cc6c54-48f2-4064-93a4-4debb98ab606 0.088s
2025-01-27 14:01:22.613 68726 INFO tempest.lib.common.rest_client [req-b3cb8539-74ba-4eb5-99c2-3457d3581f9c req-b3cb8539-74ba-4eb5-99c2-3457d3581f9c ] Request (ServerPasswordTestJSON:setUpClass): 200 GET http://10.180.1.21/compute/v2.1/servers/249e5265-86b3-4ba8-96b9-d21ea0a5599d 0.117s
2025-01-27 14:01:22.632 68704 INFO tempest.lib.common.rest_client [req-802a03b8-6119-4715-ac7c-5e39dbaa6647 req-802a03b8-6119-4715-ac7c-5e39dbaa6647 ] Request (ServerDiagnosticsTest:test_get_server_diagnostics): 200 GET http://10.180.1.21/compute/v2.1/servers/1d4d567b-c1b0-4bf3-96d1-405c3a1cd265 0.084s
2025-01-27 14:01:22.658 68706 INFO tempest.lib.common.rest_client [req-66115cd3-6eee-41cb-b125-34aca10616ca req-66115cd3-6eee-41cb-b125-34aca10616ca ] Request (ImagesOneServerNegativeTestJSON:setUpClass): 200 GET http://10.180.1.21/compute/v2.1/servers/e0de75e0-ca8e-4525-ae7f-ed13fcd07338 0.108s
2025-01-27 14:01:22.692 68728 INFO tempest.lib.common.rest_client [req-f6f21711-c24f-4f9c-be23-2519450b8d0a req-f6f21711-c24f-4f9c-be23-2519450b8d0a ] Request (ServerDiagnosticsNegativeTest:test_get_server_diagnostics_by_non_admin): 200 GET http://10.180.1.21/compute/v2.1/servers/7748d5e9-7aae-4b5d-80ac-b6a9f177d6b3 0.125s
2025-01-27 14:01:22.734 68708 INFO tempest.lib.common.rest_client [req-72846b41-fc8a-45be-a550-61850f91809a req-72846b41-fc8a-45be-a550-61850f91809a ] Request (MigrationsAdminTest:test_list_migrations_in_flavor_resize_situation): 200 GET http://10.180.1.21/compute/v2.1/servers/e3c3759c-81e6-415d-a5a5-b17cc16bdc2f 0.133s
2025-01-27 14:01:22.781 68744 INFO tempest.lib.common.rest_client [req-591a1fce-37a7-4163-b91b-5975fd6fb81f req-591a1fce-37a7-4163-b91b-5975fd6fb81f ] Request (DeleteServersTestJSON:test_delete_active_server): 200 GET http://10.180.1.21/compute/v2.1/servers/8f808943-6107-49d9-966f-c4e6ae0cdac4 0.179s
2025-01-27 14:01:22.839 68710 INFO tempest.lib.common.rest_client [req-2434e887-c9cc-4467-8376-f15609e1a7eb req-2434e887-c9cc-4467-8376-f15609e1a7eb ] Request (InstanceActionsNegativeTestJSON:setUpClass): 200 GET http://10.180.1.21/compute/v2.1/servers/43d09ce7-7946-43d1-8729-d7068c1cdec4 0.045s
2025-01-27 14:01:22.893 68734 INFO tempest.lib.common.rest_client [req-2b835008-19c4-4f14-ab1b-3d43d2e96b73 req-2b835008-19c4-4f14-ab1b-3d43d2e96b73 ] Request (ImagesTestJSON:test_create_image_from_suspended_server): 200 GET http://10.180.1.21/compute/v2.1/servers/8fd213dd-d597-48c0-9387-19b4f5dd72ff 0.089s
2025-01-27 14:01:22.958 68740 INFO tempest.lib.common.rest_client [req-9db18efb-4fc4-4e77-b254-bfe2c91e5906 req-9db18efb-4fc4-4e77-b254-bfe2c91e5906 ] Request (ServerRescueNegativeTestJSON:setUpClass): 200 GET http://10.180.1.21/compute/v2.1/servers/03e1ebe5-7a02-430e-b38c-d215e85d59ae 0.111s
2025-01-27 14:01:23.004 68754 INFO tempest.lib.common.rest_client [req-b597d630-1cc1-4c3b-b6af-cadd7a1a07b4 req-b597d630-1cc1-4c3b-b6af-cadd7a1a07b4 ] Request (InstanceActionsTestJSON:setUpClass): 200 GET http://10.180.1.21/compute/v2.1/servers/7a9be56e-f93e-46d5-ac7b-09ab2a44e7f9 0.143s
2025-01-27 14:01:23.058 68700 INFO tempest.lib.common.rest_client [req-0e1248e2-b344-44cb-b3a5-6a96b0c56ea7 req-0e1248e2-b344-44cb-b3a5-6a96b0c56ea7 ] Request (AttachVolumeShelveTestJSON:test_attach_volume_shelved_or_offload_server): 200 GET http://10.180.1.21/compute/v2.1/servers/04218b42-91dd-4045-8a40-f8829910e064 0.122s
2025-01-27 14:01:23.104 68750 INFO tempest.lib.common.rest_client [req-b68d5acc-763d-4a2f-b299-36c57e25b31a req-b68d5acc-763d-4a2f-b299-36c57e25b31a ] Request (InstanceActionsV221TestJSON:test_get_list_deleted_instance_actions): 200 GET http://10.180.1.21/compute/v2.1/servers/3d034f40-5896-49bc-bed1-9062e1fde1e3 0.164s
2025-01-27 14:01:23.158 68702 INFO tempest.lib.common.rest_client [req-f532ce70-0ad2-42a3-a072-60c83a95cbb4 req-f532ce70-0ad2-42a3-a072-60c83a95cbb4 ] Request (ServerDiagnosticsV248Test:test_get_server_diagnostics): 200 GET http://10.180.1.21/compute/v2.1/servers/b4bcab92-0007-4952-8d74-c470049edd71/diagnostics 0.593s
2025-01-27 14:01:23.161 68698 INFO tempest.lib.common.rest_client [req-a23f2d58-852c-465b-a7a3-1b51aaa23b5a req-a23f2d58-852c-465b-a7a3-1b51aaa23b5a ] Request (ServerMetadataTestJSON:setUpClass): 200 GET http://10.180.1.21/compute/v2.1/servers/ecc8aab4-a172-4218-8b09-ccfde0d03903 0.180s
2025-01-27 14:01:23.211 68736 INFO tempest.lib.common.rest_client [req-2ed941a0-92a4-49b2-a2f7-4138e0c82422 req-2ed941a0-92a4-49b2-a2f7-4138e0c82422 ] Request (ListImageFiltersTestJSON:setUpClass): 200 GET http://10.180.1.21/compute/v2.1/servers/854c955f-b327-4c25-87bd-3ad68dbff024 0.148s
2025-01-27 14:01:23.216 68756 INFO tempest.lib.common.rest_client [req-55d876d2-b1e0-43e6-ace4-5220c2588242 req-55d876d2-b1e0-43e6-ace4-5220c2588242 ] Request (VolumesAdminNegativeTest:test_update_attached_volume_with_nonexistent_volume_in_body): 200 GET http://10.180.1.21/compute/v2.1/servers/6cdba5b2-af96-4766-9a97-3a758983c49b 0.201s
2025-01-27 14:01:23.268 68718 INFO tempest.lib.common.rest_client [req-d24330fc-d087-4104-86e6-591b2fcde5c7 req-d24330fc-d087-4104-86e6-591b2fcde5c7 ] Request (ServerAddressesNegativeTestJSON:setUpClass): 200 GET http://10.180.1.21/compute/v2.1/servers/e8433dc4-7c83-4288-acf4-5f5a2863592c 0.125s
2025-01-27 14:01:23.276 68716 INFO tempest.lib.common.rest_client [req-0534debf-db6d-4018-b9a4-49e3d887042c req-0534debf-db6d-4018-b9a4-49e3d887042c ] Request (ServersAdmin275Test:tearDownClass): 200 GET http://10.180.1.21/compute/v2.1/servers/af042cab-9132-4425-b017-133ec85afa0c 0.203s
2025-01-27 14:01:23.321 68714 INFO tempest.lib.common.rest_client [req-b55519be-7cef-4532-86d1-088f55901299 req-b55519be-7cef-4532-86d1-088f55901299 ] Request (ServersTestFqdnHostnames:test_create_server_with_fqdn_name): 200 GET http://10.180.1.21/compute/v2.1/servers/19afb920-58b0-4ad9-be99-d0a8e930c680 0.128s
2025-01-27 14:01:23.333 68702 INFO tempest.lib.common.rest_client [req-2c5f4e4f-5fd5-44eb-85dd-1e5d236b4dfc req-2c5f4e4f-5fd5-44eb-85dd-1e5d236b4dfc ] Request (ServerDiagnosticsV248Test:tearDownClass): 204 DELETE http://10.180.1.21/compute/v2.1/servers/b4bcab92-0007-4952-8d74-c470049edd71 0.168s
2025-01-27 14:01:23.371 68760 INFO tempest.lib.common.rest_client [req-3b7e30e9-4f62-4ef0-9573-35f2e24cb0e6 req-3b7e30e9-4f62-4ef0-9573-35f2e24cb0e6 ] Request (AttachInterfacesV270Test:test_create_get_list_interfaces): 200 GET http://10.180.1.21/compute/v2.1/servers/a7ed3eba-aced-4ff9-ba98-e29d44ef5c54 0.105s
2025-01-27 14:01:23.379 68722 INFO tempest.lib.common.rest_client [req-71e84ff7-5ef3-4b05-ab9b-929c901e9615 req-71e84ff7-5ef3-4b05-ab9b-929c901e9615 ] Request (ServerDiskConfigTestJSON:test_rebuild_server_with_manual_disk_config): 200 GET http://10.180.1.21/compute/v2.1/servers/dc1c594f-7625-495a-8948-cee046bf204a 0.091s
2025-01-27 14:01:23.412 68712 INFO tempest.lib.common.rest_client [req-23356106-58fe-4c2e-be2e-6bcef63950f9 req-23356106-58fe-4c2e-be2e-6bcef63950f9 ] Request (ServerRescueTestJSONUnderV235:setUpClass): 200 GET http://10.180.1.21/compute/v2.1/servers/b5d6b647-e24f-4e53-b448-0614334fd760 0.107s
2025-01-27 14:01:23.424 68702 INFO tempest.lib.common.rest_client [req-162a7c7b-56cb-4bf5-9105-fffee08cbdca req-162a7c7b-56cb-4bf5-9105-fffee08cbdca ] Request (ServerDiagnosticsV248Test:tearDownClass): 200 GET http://10.180.1.21/compute/v2.1/servers/b4bcab92-0007-4952-8d74-c470049edd71 0.090s
2025-01-27 14:01:23.537 68720 INFO tempest.lib.common.rest_client [req-8cf122a8-23d5-4eba-a22e-d254cc2e8204 req-8cf122a8-23d5-4eba-a22e-d254cc2e8204 ] Request (ServersTestJSON:setUpClass): 200 GET http://10.180.1.21/compute/v2.1/servers/6cdfeb65-c53f-4ba6-873c-88e593909878 0.055s
2025-01-27 14:01:23.579 68732 INFO tempest.lib.common.rest_client [req-becc2652-57e9-4f50-95b1-d39a193a04bf req-becc2652-57e9-4f50-95b1-d39a193a04bf ] Request (ServersNegativeTestMultiTenantJSON:setUpClass): 200 GET http://10.180.1.21/compute/v2.1/servers/dcd5a800-1a28-45b3-8eff-a2e8cb871491 0.051s
2025-01-27 14:01:23.632 68746 INFO tempest.lib.common.rest_client [req-d2594e21-5b5c-4821-91c9-99a1734363ab req-d2594e21-5b5c-4821-91c9-99a1734363ab ] Request (ImagesOneServerTestJSON:setUpClass): 200 GET http://10.180.1.21/compute/v2.1/servers/08cc6c54-48f2-4064-93a4-4debb98ab606 0.046s
2025-01-27 14:01:23.672 68726 INFO tempest.lib.common.rest_client [req-6a24c354-48ca-4fa5-b5eb-aa431cc12e96 req-6a24c354-48ca-4fa5-b5eb-aa431cc12e96 ] Request (ServerPasswordTestJSON:setUpClass): 200 GET http://10.180.1.21/compute/v2.1/servers/249e5265-86b3-4ba8-96b9-d21ea0a5599d 0.049s
2025-01-27 14:01:23.686 68704 INFO tempest.lib.common.rest_client [req-b1e868bf-4edb-40f6-a729-812040fbdb96 req-b1e868bf-4edb-40f6-a729-812040fbdb96 ] Request (ServerDiagnosticsTest:test_get_server_diagnostics): 200 GET http://10.180.1.21/compute/v2.1/servers/1d4d567b-c1b0-4bf3-96d1-405c3a1cd265 0.045s
2025-01-27 14:01:23.712 68706 INFO tempest.lib.common.rest_client [req-000d2cf1-ac0c-48f7-9ff1-394e722be94f req-000d2cf1-ac0c-48f7-9ff1-394e722be94f ] Request (ImagesOneServerNegativeTestJSON:setUpClass): 200 GET http://10.180.1.21/compute/v2.1/servers/e0de75e0-ca8e-4525-ae7f-ed13fcd07338 0.045s
2025-01-27 14:01:23.743 68728 INFO tempest.lib.common.rest_client [req-4f1b870e-e037-470e-9a4e-cafe3af64ba0 req-4f1b870e-e037-470e-9a4e-cafe3af64ba0 ] Request (ServerDiagnosticsNegativeTest:test_get_server_diagnostics_by_non_admin): 200 GET http://10.180.1.21/compute/v2.1/servers/7748d5e9-7aae-4b5d-80ac-b6a9f177d6b3 0.044s
2025-01-27 14:01:23.786 68708 INFO tempest.lib.common.rest_client [req-d1e5e18f-4e13-47dd-a417-0804622cdc47 req-d1e5e18f-4e13-47dd-a417-0804622cdc47 ] Request (MigrationsAdminTest:test_list_migrations_in_flavor_resize_situation): 200 GET http://10.180.1.21/compute/v2.1/servers/e3c3759c-81e6-415d-a5a5-b17cc16bdc2f 0.045s
2025-01-27 14:01:23.834 68744 INFO tempest.lib.common.rest_client [req-1ab6d249-4ed0-4001-8370-ac2492b3ec8d req-1ab6d249-4ed0-4001-8370-ac2492b3ec8d ] Request (DeleteServersTestJSON:test_delete_active_server): 200 GET http://10.180.1.21/compute/v2.1/servers/8f808943-6107-49d9-966f-c4e6ae0cdac4 0.045s
2025-01-27 14:01:23.898 68710 INFO tempest.lib.common.rest_client [req-3a910692-81cf-402f-aef4-6c5a38a34381 req-3a910692-81cf-402f-aef4-6c5a38a34381 ] Request (InstanceActionsNegativeTestJSON:setUpClass): 200 GET http://10.180.1.21/compute/v2.1/servers/43d09ce7-7946-43d1-8729-d7068c1cdec4 0.045s
2025-01-27 14:01:23.949 68734 INFO tempest.lib.common.rest_client [req-2a43ff38-6652-4b4f-a890-6b2f63fe68fc req-2a43ff38-6652-4b4f-a890-6b2f63fe68fc ] Request (ImagesTestJSON:test_create_image_from_suspended_server): 200 GET http://10.180.1.21/compute/v2.1/servers/8fd213dd-d597-48c0-9387-19b4f5dd72ff 0.046s
2025-01-27 14:01:24.011 68740 INFO tempest.lib.common.rest_client [req-14d7e44f-a957-4cf6-b3e6-bb336b25c728 req-14d7e44f-a957-4cf6-b3e6-bb336b25c728 ] Request (ServerRescueNegativeTestJSON:setUpClass): 200 GET http://10.180.1.21/compute/v2.1/servers/03e1ebe5-7a02-430e-b38c-d215e85d59ae 0.045s
2025-01-27 14:01:24.058 68754 INFO tempest.lib.common.rest_client [req-2fa64298-26da-4209-8420-b71b62cfa6f8 req-2fa64298-26da-4209-8420-b71b62cfa6f8 ] Request (InstanceActionsTestJSON:setUpClass): 200 GET http://10.180.1.21/compute/v2.1/servers/7a9be56e-f93e-46d5-ac7b-09ab2a44e7f9 0.045s
2025-01-27 14:01:24.119 68700 INFO tempest.lib.common.rest_client [req-9a2af261-0449-49e2-9735-5ed76880525d req-9a2af261-0449-49e2-9735-5ed76880525d ] Request (AttachVolumeShelveTestJSON:test_attach_volume_shelved_or_offload_server): 200 GET http://10.180.1.21/compute/v2.1/servers/04218b42-91dd-4045-8a40-f8829910e064 0.045s
2025-01-27 14:01:24.158 68750 INFO tempest.lib.common.rest_client [req-f061f11e-bf87-4685-998b-7f4638953f2c req-f061f11e-bf87-4685-998b-7f4638953f2c ] Request (InstanceActionsV221TestJSON:test_get_list_deleted_instance_actions): 200 GET http://10.180.1.21/compute/v2.1/servers/3d034f40-5896-49bc-bed1-9062e1fde1e3 0.044s
2025-01-27 14:01:24.215 68698 INFO tempest.lib.common.rest_client [req-3b67d219-f69a-4f31-9320-b700e53745f7 req-3b67d219-f69a-4f31-9320-b700e53745f7 ] Request (ServerMetadataTestJSON:setUpClass): 200 GET http://10.180.1.21/compute/v2.1/servers/ecc8aab4-a172-4218-8b09-ccfde0d03903 0.042s
2025-01-27 14:01:24.267 68736 INFO tempest.lib.common.rest_client [req-f2d55cb1-b7d1-4d0b-8120-7611573d4047 req-f2d55cb1-b7d1-4d0b-8120-7611573d4047 ] Request (ListImageFiltersTestJSON:setUpClass): 200 GET http://10.180.1.21/compute/v2.1/servers/854c955f-b327-4c25-87bd-3ad68dbff024 0.049s
2025-01-27 14:01:24.272 68756 INFO tempest.lib.common.rest_client [req-c2059549-7082-43d5-97fb-498b38ee45c6 req-c2059549-7082-43d5-97fb-498b38ee45c6 ] Request (VolumesAdminNegativeTest:test_update_attached_volume_with_nonexistent_volume_in_body): 200 GET http://10.180.1.21/compute/v2.1/servers/6cdba5b2-af96-4766-9a97-3a758983c49b 0.048s
2025-01-27 14:01:24.321 68718 INFO tempest.lib.common.rest_client [req-42fa8064-8f92-4532-918a-8cd8b015ea05 req-42fa8064-8f92-4532-918a-8cd8b015ea05 ] Request (ServerAddressesNegativeTestJSON:setUpClass): 200 GET http://10.180.1.21/compute/v2.1/servers/e8433dc4-7c83-4288-acf4-5f5a2863592c 0.046s
2025-01-27 14:01:24.341 68716 INFO tempest.lib.common.rest_client [req-72b69569-38d0-43f1-9dab-c4fc8783ec36 req-72b69569-38d0-43f1-9dab-c4fc8783ec36 ] Request (ServersAdmin275Test:tearDownClass): 200 GET http://10.180.1.21/compute/v2.1/servers/af042cab-9132-4425-b017-133ec85afa0c 0.054s
2025-01-27 14:01:24.373 68714 INFO tempest.lib.common.rest_client [req-635f567b-7261-4be0-a218-4b9ce38bd532 req-635f567b-7261-4be0-a218-4b9ce38bd532 ] Request (ServersTestFqdnHostnames:test_create_server_with_fqdn_name): 200 GET http://10.180.1.21/compute/v2.1/servers/19afb920-58b0-4ad9-be99-d0a8e930c680 0.042s
2025-01-27 14:01:24.437 68722 INFO tempest.lib.common.rest_client [req-ec3946f3-d1b6-4fea-80c2-8395c3fc5884 req-ec3946f3-d1b6-4fea-80c2-8395c3fc5884 ] Request (ServerDiskConfigTestJSON:test_rebuild_server_with_manual_disk_config): 200 GET http://10.180.1.21/compute/v2.1/servers/dc1c594f-7625-495a-8948-cee046bf204a 0.051s
2025-01-27 14:01:24.438 68760 INFO tempest.lib.common.rest_client [req-e2f9f709-a83e-445a-b874-b7868c5bd821 req-e2f9f709-a83e-445a-b874-b7868c5bd821 ] Request (AttachInterfacesV270Test:test_create_get_list_interfaces): 200 GET http://10.180.1.21/compute/v2.1/servers/a7ed3eba-aced-4ff9-ba98-e29d44ef5c54 0.058s
2025-01-27 14:01:24.482 68712 INFO tempest.lib.common.rest_client [req-19b9bc3d-a730-4ed6-aeed-7a44c7cf0404 req-19b9bc3d-a730-4ed6-aeed-7a44c7cf0404 ] Request (ServerRescueTestJSONUnderV235:setUpClass): 200 GET http://10.180.1.21/compute/v2.1/servers/b5d6b647-e24f-4e53-b448-0614334fd760 0.062s
2025-01-27 14:01:24.490 68702 INFO tempest.lib.common.rest_client [req-a80ce151-4318-4dc4-a2b2-2ae527596410 req-a80ce151-4318-4dc4-a2b2-2ae527596410 ] Request (ServerDiagnosticsV248Test:tearDownClass): 200 GET http://10.180.1.21/compute/v2.1/servers/b4bcab92-0007-4952-8d74-c470049edd71 0.056s
2025-01-27 14:01:24.591 68720 INFO tempest.lib.common.rest_client [req-30cbcd56-50d4-4b71-b281-441b43735ab8 req-30cbcd56-50d4-4b71-b281-441b43735ab8 ] Request (ServersTestJSON:setUpClass): 200 GET http://10.180.1.21/compute/v2.1/servers/6cdfeb65-c53f-4ba6-873c-88e593909878 0.046s
2025-01-27 14:01:24.598 68720 INFO tempest.common.waiters [-] State transition "BUILD/spawning" ==> "BUILD/scheduling" after 83 second wait
2025-01-27 14:01:24.630 68732 INFO tempest.lib.common.rest_client [req-d06d9281-a81f-46e5-96e3-b7d75dd7d063 req-d06d9281-a81f-46e5-96e3-b7d75dd7d063 ] Request (ServersNegativeTestMultiTenantJSON:setUpClass): 200 GET http://10.180.1.21/compute/v2.1/servers/dcd5a800-1a28-45b3-8eff-a2e8cb871491 0.042s
2025-01-27 14:01:24.687 68746 INFO tempest.lib.common.rest_client [req-d10bf3e1-7bb4-4c64-872e-8e8cfec649d0 req-d10bf3e1-7bb4-4c64-872e-8e8cfec649d0 ] Request (ImagesOneServerTestJSON:setUpClass): 200 GET http://10.180.1.21/compute/v2.1/servers/08cc6c54-48f2-4064-93a4-4debb98ab606 0.048s
2025-01-27 14:01:24.725 68726 INFO tempest.lib.common.rest_client [req-adc99865-5854-466d-b2e8-c1a8958f7c26 req-adc99865-5854-466d-b2e8-c1a8958f7c26 ] Request (ServerPasswordTestJSON:setUpClass): 200 GET http://10.180.1.21/compute/v2.1/servers/249e5265-86b3-4ba8-96b9-d21ea0a5599d 0.046s
2025-01-27 14:01:24.740 68704 INFO tempest.lib.common.rest_client [req-2ce0bdfc-2505-4409-9291-1908f7e279b8 req-2ce0bdfc-2505-4409-9291-1908f7e279b8 ] Request (ServerDiagnosticsTest:test_get_server_diagnostics): 200 GET http://10.180.1.21/compute/v2.1/servers/1d4d567b-c1b0-4bf3-96d1-405c3a1cd265 0.046s
2025-01-27 14:01:24.768 68706 INFO tempest.lib.common.rest_client [req-7f219845-9482-4615-bd5a-e128894bff9d req-7f219845-9482-4615-bd5a-e128894bff9d ] Request (ImagesOneServerNegativeTestJSON:setUpClass): 200 GET http://10.180.1.21/compute/v2.1/servers/e0de75e0-ca8e-4525-ae7f-ed13fcd07338 0.049s
2025-01-27 14:01:24.804 68728 INFO tempest.lib.common.rest_client [req-62049b79-22c0-498f-8069-6d2d274a586b req-62049b79-22c0-498f-8069-6d2d274a586b ] Request (ServerDiagnosticsNegativeTest:test_get_server_diagnostics_by_non_admin): 200 GET http://10.180.1.21/compute/v2.1/servers/7748d5e9-7aae-4b5d-80ac-b6a9f177d6b3 0.053s
2025-01-27 14:01:24.845 68708 INFO tempest.lib.common.rest_client [req-f0d9b587-600f-4827-b3e9-c8ff10681d41 req-f0d9b587-600f-4827-b3e9-c8ff10681d41 ] Request (MigrationsAdminTest:test_list_migrations_in_flavor_resize_situation): 200 GET http://10.180.1.21/compute/v2.1/servers/e3c3759c-81e6-415d-a5a5-b17cc16bdc2f 0.051s
2025-01-27 14:01:24.903 68744 INFO tempest.lib.common.rest_client [req-7a7cd659-d0d2-411a-833b-56675a4480c7 req-7a7cd659-d0d2-411a-833b-56675a4480c7 ] Request (DeleteServersTestJSON:test_delete_active_server): 200 GET http://10.180.1.21/compute/v2.1/servers/8f808943-6107-49d9-966f-c4e6ae0cdac4 0.060s
2025-01-27 14:01:24.966 68710 INFO tempest.lib.common.rest_client [req-e56116ca-efa4-4658-a317-115d49f16bb4 req-e56116ca-efa4-4658-a317-115d49f16bb4 ] Request (InstanceActionsNegativeTestJSON:setUpClass): 200 GET http://10.180.1.21/compute/v2.1/servers/43d09ce7-7946-43d1-8729-d7068c1cdec4 0.061s
2025-01-27 14:01:25.024 68734 INFO tempest.lib.common.rest_client [req-799cd0be-4601-4bcf-ba3f-f53d82f5302c req-799cd0be-4601-4bcf-ba3f-f53d82f5302c ] Request (ImagesTestJSON:test_create_image_from_suspended_server): 200 GET http://10.180.1.21/compute/v2.1/servers/8fd213dd-d597-48c0-9387-19b4f5dd72ff 0.067s
2025-01-27 14:01:25.086 68740 INFO tempest.lib.common.rest_client [req-1f04ec47-0ddb-4d36-acbf-7ca8049293f4 req-1f04ec47-0ddb-4d36-acbf-7ca8049293f4 ] Request (ServerRescueNegativeTestJSON:setUpClass): 200 GET http://10.180.1.21/compute/v2.1/servers/03e1ebe5-7a02-430e-b38c-d215e85d59ae 0.068s
2025-01-27 14:01:25.129 68754 INFO tempest.lib.common.rest_client [req-546bbd90-5cb7-42cd-baac-760d02d48bca req-546bbd90-5cb7-42cd-baac-760d02d48bca ] Request (InstanceActionsTestJSON:setUpClass): 200 GET http://10.180.1.21/compute/v2.1/servers/7a9be56e-f93e-46d5-ac7b-09ab2a44e7f9 0.063s
2025-01-27 14:01:25.193 68700 INFO tempest.lib.common.rest_client [req-f3be72a5-09cf-40c4-ad05-64a1d344b3e8 req-f3be72a5-09cf-40c4-ad05-64a1d344b3e8 ] Request (AttachVolumeShelveTestJSON:test_attach_volume_shelved_or_offload_server): 200 GET http://10.180.1.21/compute/v2.1/servers/04218b42-91dd-4045-8a40-f8829910e064 0.063s
2025-01-27 14:01:25.228 68750 INFO tempest.lib.common.rest_client [req-b654c9d0-9e54-48c4-aee5-3ed0453c34e1 req-b654c9d0-9e54-48c4-aee5-3ed0453c34e1 ] Request (InstanceActionsV221TestJSON:test_get_list_deleted_instance_actions): 200 GET http://10.180.1.21/compute/v2.1/servers/3d034f40-5896-49bc-bed1-9062e1fde1e3 0.062s
2025-01-27 14:01:25.286 68698 INFO tempest.lib.common.rest_client [req-9a3ba459-8d4c-40cd-a5a6-06001338606e req-9a3ba459-8d4c-40cd-a5a6-06001338606e ] Request (ServerMetadataTestJSON:setUpClass): 200 GET http://10.180.1.21/compute/v2.1/servers/ecc8aab4-a172-4218-8b09-ccfde0d03903 0.064s
2025-01-27 14:01:25.347 68736 INFO tempest.lib.common.rest_client [req-04c023d1-af05-4cec-affa-3ee0eef65cf8 req-04c023d1-af05-4cec-affa-3ee0eef65cf8 ] Request (ListImageFiltersTestJSON:setUpClass): 200 GET http://10.180.1.21/compute/v2.1/servers/854c955f-b327-4c25-87bd-3ad68dbff024 0.072s
2025-01-27 14:01:25.358 68756 INFO tempest.lib.common.rest_client [req-d5793852-d4f0-44c7-aa0f-742f08d51aed req-d5793852-d4f0-44c7-aa0f-742f08d51aed ] Request (VolumesAdminNegativeTest:test_update_attached_volume_with_nonexistent_volume_in_body): 200 GET http://10.180.1.21/compute/v2.1/servers/6cdba5b2-af96-4766-9a97-3a758983c49b 0.079s
2025-01-27 14:01:25.396 68718 INFO tempest.lib.common.rest_client [req-dc769359-e00e-4411-b3fe-aca7f3ae7433 req-dc769359-e00e-4411-b3fe-aca7f3ae7433 ] Request (ServerAddressesNegativeTestJSON:setUpClass): 200 GET http://10.180.1.21/compute/v2.1/servers/e8433dc4-7c83-4288-acf4-5f5a2863592c 0.068s
2025-01-27 14:01:25.430 68716 INFO tempest.lib.common.rest_client [req-227c22d4-c5b6-40be-a1ef-b7a8d80c8f75 req-227c22d4-c5b6-40be-a1ef-b7a8d80c8f75 ] Request (ServersAdmin275Test:tearDownClass): 200 GET http://10.180.1.21/compute/v2.1/servers/af042cab-9132-4425-b017-133ec85afa0c 0.078s
2025-01-27 14:01:25.449 68714 INFO tempest.lib.common.rest_client [req-b6162285-5f32-4271-b363-d4dbe2781d3f req-b6162285-5f32-4271-b363-d4dbe2781d3f ] Request (ServersTestFqdnHostnames:test_create_server_with_fqdn_name): 200 GET http://10.180.1.21/compute/v2.1/servers/19afb920-58b0-4ad9-be99-d0a8e930c680 0.067s
2025-01-27 14:01:25.512 68722 INFO tempest.lib.common.rest_client [req-62ff4467-fe61-439b-b45d-eab69dfbdf04 req-62ff4467-fe61-439b-b45d-eab69dfbdf04 ] Request (ServerDiskConfigTestJSON:test_rebuild_server_with_manual_disk_config): 200 GET http://10.180.1.21/compute/v2.1/servers/dc1c594f-7625-495a-8948-cee046bf204a 0.066s
2025-01-27 14:01:25.527 68760 INFO tempest.lib.common.rest_client [req-d748d618-ede6-406e-b888-2afa243f799b req-d748d618-ede6-406e-b888-2afa243f799b ] Request (AttachInterfacesV270Test:test_create_get_list_interfaces): 200 GET http://10.180.1.21/compute/v2.1/servers/a7ed3eba-aced-4ff9-ba98-e29d44ef5c54 0.078s
2025-01-27 14:01:25.576 68712 INFO tempest.lib.common.rest_client [req-1a5c7829-cc08-44d6-8e48-11659932571e req-1a5c7829-cc08-44d6-8e48-11659932571e ] Request (ServerRescueTestJSONUnderV235:setUpClass): 200 GET http://10.180.1.21/compute/v2.1/servers/b5d6b647-e24f-4e53-b448-0614334fd760 0.085s
2025-01-27 14:01:25.594 68702 INFO tempest.lib.common.rest_client [req-0e204e61-572f-44e7-a44a-6c6ae42f7628 req-0e204e61-572f-44e7-a44a-6c6ae42f7628 ] Request (ServerDiagnosticsV248Test:tearDownClass): 200 GET http://10.180.1.21/compute/v2.1/servers/b4bcab92-0007-4952-8d74-c470049edd71 0.096s
2025-01-27 14:01:25.668 68720 INFO tempest.lib.common.rest_client [req-d20fa972-a8c8-48bb-ac86-3cb554817258 req-d20fa972-a8c8-48bb-ac86-3cb554817258 ] Request (ServersTestJSON:setUpClass): 200 GET http://10.180.1.21/compute/v2.1/servers/6cdfeb65-c53f-4ba6-873c-88e593909878 0.069s
2025-01-27 14:01:25.677 68720 INFO tempest.common.waiters [-] State transition "BUILD/scheduling" ==> "ERROR/None" after 84 second wait
2025-01-27 14:01:25.708 68732 INFO tempest.lib.common.rest_client [req-f36fbc72-bf2b-4b1b-9081-5771655b6832 req-f36fbc72-bf2b-4b1b-9081-5771655b6832 ] Request (ServersNegativeTestMultiTenantJSON:setUpClass): 200 GET http://10.180.1.21/compute/v2.1/servers/dcd5a800-1a28-45b3-8eff-a2e8cb871491 0.071s
2025-01-27 14:01:25.773 68746 INFO tempest.lib.common.rest_client [req-93cf941d-2adc-403d-9f18-d03ddff92d1c req-93cf941d-2adc-403d-9f18-d03ddff92d1c ] Request (ImagesOneServerTestJSON:setUpClass): 200 GET http://10.180.1.21/compute/v2.1/servers/08cc6c54-48f2-4064-93a4-4debb98ab606 0.078s
2025-01-27 14:01:25.835 68726 INFO tempest.lib.common.rest_client [req-8db01cc7-1bac-4c4e-9e9d-6a9110207869 req-8db01cc7-1bac-4c4e-9e9d-6a9110207869 ] Request (ServerPasswordTestJSON:setUpClass): 200 GET http://10.180.1.21/compute/v2.1/servers/249e5265-86b3-4ba8-96b9-d21ea0a5599d 0.102s
2025-01-27 14:01:25.874 68720 INFO tempest.lib.common.rest_client [req-6639ba22-4e7a-45c6-8092-00163dec354c req-6639ba22-4e7a-45c6-8092-00163dec354c ] Request (ServersTestJSON:setUpClass): 204 DELETE http://10.180.1.21/compute/v2.1/servers/6cdfeb65-c53f-4ba6-873c-88e593909878 0.197s
2025-01-27 14:01:25.886 68704 INFO tempest.lib.common.rest_client [req-00d14d12-38c7-4796-92aa-74d4847f5685 req-00d14d12-38c7-4796-92aa-74d4847f5685 ] Request (ServerDiagnosticsTest:test_get_server_diagnostics): 200 GET http://10.180.1.21/compute/v2.1/servers/1d4d567b-c1b0-4bf3-96d1-405c3a1cd265 0.139s
2025-01-27 14:01:25.923 68706 INFO tempest.lib.common.rest_client [req-3961b651-2ba4-470f-926a-7137500f3b0e req-3961b651-2ba4-470f-926a-7137500f3b0e ] Request (ImagesOneServerNegativeTestJSON:setUpClass): 200 GET http://10.180.1.21/compute/v2.1/servers/e0de75e0-ca8e-4525-ae7f-ed13fcd07338 0.146s
2025-01-27 14:01:25.934 68728 INFO tempest.lib.common.rest_client [req-8a64526c-c5e9-488d-a5f2-c61558996299 req-8a64526c-c5e9-488d-a5f2-c61558996299 ] Request (ServerDiagnosticsNegativeTest:test_get_server_diagnostics_by_non_admin): 200 GET http://10.180.1.21/compute/v2.1/servers/7748d5e9-7aae-4b5d-80ac-b6a9f177d6b3 0.121s
2025-01-27 14:01:25.958 68720 INFO tempest.lib.common.rest_client [req-7114a53f-daff-4e98-8890-c32f94c157c6 req-7114a53f-daff-4e98-8890-c32f94c157c6 ] Request (ServersTestJSON:setUpClass): 404 GET http://10.180.1.21/compute/v2.1/servers/6cdfeb65-c53f-4ba6-873c-88e593909878 0.083s
2025-01-27 14:01:25.958 68720 INFO tempest.test [-] raised in ServersTestJSON.setUpClass. Invoking tearDownClass.
2025-01-27 14:01:25.973 68708 INFO tempest.lib.common.rest_client [req-4dc931a0-b9ff-4793-b6a2-dcb3cb7caf66 req-4dc931a0-b9ff-4793-b6a2-dcb3cb7caf66 ] Request (MigrationsAdminTest:test_list_migrations_in_flavor_resize_situation): 200 GET http://10.180.1.21/compute/v2.1/servers/e3c3759c-81e6-415d-a5a5-b17cc16bdc2f 0.121s
2025-01-27 14:01:25.990 68720 INFO tempest.lib.common.rest_client [req-7389a086-3c32-409a-9dbb-183b63ef3d64 req-7389a086-3c32-409a-9dbb-183b63ef3d64 ] Request (ServersTestJSON:tearDownClass): 202 DELETE http://10.180.1.21/compute/v2.1/os-keypairs/tempest-keypair-686602620 0.032s
2025-01-27 14:01:26.023 68744 INFO tempest.lib.common.rest_client [req-48ddd464-dfe3-4996-9dcd-b7221f03f5c2 req-48ddd464-dfe3-4996-9dcd-b7221f03f5c2 ] Request (DeleteServersTestJSON:test_delete_active_server): 200 GET http://10.180.1.21/compute/v2.1/servers/8f808943-6107-49d9-966f-c4e6ae0cdac4 0.112s
2025-01-27 14:01:26.057 68710 INFO tempest.lib.common.rest_client [req-fe418250-f983-465f-aac2-3a8b8174885d req-fe418250-f983-465f-aac2-3a8b8174885d ] Request (InstanceActionsNegativeTestJSON:setUpClass): 200 GET http://10.180.1.21/compute/v2.1/servers/43d09ce7-7946-43d1-8729-d7068c1cdec4 0.078s
2025-01-27 14:01:26.099 68734 INFO tempest.lib.common.rest_client [req-e2b0bcd6-6cb0-4dc9-a2c4-bc0dd1a98bcd req-e2b0bcd6-6cb0-4dc9-a2c4-bc0dd1a98bcd ] Request (ImagesTestJSON:test_create_image_from_suspended_server): 200 GET http://10.180.1.21/compute/v2.1/servers/8fd213dd-d597-48c0-9387-19b4f5dd72ff 0.068s
2025-01-27 14:01:26.154 68720 INFO tempest.lib.common.rest_client [req-86bfe633-f52d-4365-80f6-33705d418245 req-86bfe633-f52d-4365-80f6-33705d418245 ] Request (ServersTestJSON:tearDownClass): 204 DELETE http://10.180.1.21:9696/networking/v2.0/security-groups/f6895181-298c-4214-b856-f892a9b498a6 0.163s
2025-01-27 14:01:26.162 68740 INFO tempest.lib.common.rest_client [req-33981990-a1ee-495c-bcda-188363ec1a17 req-33981990-a1ee-495c-bcda-188363ec1a17 ] Request (ServerRescueNegativeTestJSON:setUpClass): 200 GET http://10.180.1.21/compute/v2.1/servers/03e1ebe5-7a02-430e-b38c-d215e85d59ae 0.067s
2025-01-27 14:01:26.163 68720 INFO tempest.lib.common.rest_client [req-a4552a69-94b8-4e73-ad89-c75e858cdf55 req-a4552a69-94b8-4e73-ad89-c75e858cdf55 ] Request (ServersTestJSON:tearDownClass): 404 GET http://10.180.1.21:9696/networking/v2.0/security-groups/f6895181-298c-4214-b856-f892a9b498a6 0.009s
2025-01-27 14:01:26.192 68754 INFO tempest.lib.common.rest_client [req-e276c047-4571-4192-b98c-7aa20156d069 req-e276c047-4571-4192-b98c-7aa20156d069 ] Request (InstanceActionsTestJSON:setUpClass): 200 GET http://10.180.1.21/compute/v2.1/servers/7a9be56e-f93e-46d5-ac7b-09ab2a44e7f9 0.055s
2025-01-27 14:01:26.202 68754 INFO tempest.common.waiters [-] State transition "BUILD/scheduling" ==> "BUILD/None" after 51 second wait
2025-01-27 14:01:26.272 68700 INFO tempest.lib.common.rest_client [req-d8704b16-a075-45fe-bda0-08358766ec8d req-d8704b16-a075-45fe-bda0-08358766ec8d ] Request (AttachVolumeShelveTestJSON:test_attach_volume_shelved_or_offload_server): 200 GET http://10.180.1.21/compute/v2.1/servers/04218b42-91dd-4045-8a40-f8829910e064 0.069s
2025-01-27 14:01:26.295 68750 INFO tempest.lib.common.rest_client [req-83fc1a45-0f33-4272-b363-cebaef95c4ab req-83fc1a45-0f33-4272-b363-cebaef95c4ab ] Request (InstanceActionsV221TestJSON:test_get_list_deleted_instance_actions): 200 GET http://10.180.1.21/compute/v2.1/servers/3d034f40-5896-49bc-bed1-9062e1fde1e3 0.058s
2025-01-27 14:01:26.350 68698 INFO tempest.lib.common.rest_client [req-630a083c-ce85-425c-a463-22b535aa2cf0 req-630a083c-ce85-425c-a463-22b535aa2cf0 ] Request (ServerMetadataTestJSON:setUpClass): 200 GET http://10.180.1.21/compute/v2.1/servers/ecc8aab4-a172-4218-8b09-ccfde0d03903 0.052s
2025-01-27 14:01:26.370 68720 INFO tempest.lib.common.rest_client [req-a16bc547-00c5-4be5-8571-02d9b3a4a1a0 req-a16bc547-00c5-4be5-8571-02d9b3a4a1a0 ] Request (ServersTestJSON:tearDownClass): 204 DELETE http://10.180.1.21:9696/networking/v2.0/floatingips/5d9e88ea-0aa7-4928-989e-70ce42449db5 0.207s
2025-01-27 14:01:26.423 68736 INFO tempest.lib.common.rest_client [req-1f1b66ee-1181-4d0d-a82d-ca3974ba1cbc req-1f1b66ee-1181-4d0d-a82d-ca3974ba1cbc ] Request (ListImageFiltersTestJSON:setUpClass): 200 GET http://10.180.1.21/compute/v2.1/servers/854c955f-b327-4c25-87bd-3ad68dbff024 0.061s
2025-01-27 14:01:26.441 68756 INFO tempest.lib.common.rest_client [req-534237ce-e5df-41b2-9d3c-f4f9e619a511 req-534237ce-e5df-41b2-9d3c-f4f9e619a511 ] Request (VolumesAdminNegativeTest:test_update_attached_volume_with_nonexistent_volume_in_body): 200 GET http://10.180.1.21/compute/v2.1/servers/6cdba5b2-af96-4766-9a97-3a758983c49b 0.070s
2025-01-27 14:01:26.483 68718 INFO tempest.lib.common.rest_client [req-edfc9298-79af-478c-8c17-11057b8e2fa1 req-edfc9298-79af-478c-8c17-11057b8e2fa1 ] Request (ServerAddressesNegativeTestJSON:setUpClass): 200 GET http://10.180.1.21/compute/v2.1/servers/e8433dc4-7c83-4288-acf4-5f5a2863592c 0.074s
2025-01-27 14:01:26.508 68716 INFO tempest.lib.common.rest_client [req-438f685e-145d-4a7c-826c-60dffd03b35a req-438f685e-145d-4a7c-826c-60dffd03b35a ] Request (ServersAdmin275Test:tearDownClass): 200 GET http://10.180.1.21/compute/v2.1/servers/af042cab-9132-4425-b017-133ec85afa0c 0.066s
2025-01-27 14:01:26.548 68714 INFO tempest.lib.common.rest_client [req-5ceb022f-fd8e-4944-bda0-5145243d6a4b req-5ceb022f-fd8e-4944-bda0-5145243d6a4b ] Request (ServersTestFqdnHostnames:test_create_server_with_fqdn_name): 200 GET http://10.180.1.21/compute/v2.1/servers/19afb920-58b0-4ad9-be99-d0a8e930c680 0.087s
2025-01-27 14:01:26.585 68722 INFO tempest.lib.common.rest_client [req-aec7aae2-cd1c-4d7c-a428-d69577655ee6 req-aec7aae2-cd1c-4d7c-a428-d69577655ee6 ] Request (ServerDiskConfigTestJSON:test_rebuild_server_with_manual_disk_config): 200 GET http://10.180.1.21/compute/v2.1/servers/dc1c594f-7625-495a-8948-cee046bf204a 0.060s
2025-01-27 14:01:26.634 68712 INFO tempest.lib.common.rest_client [req-e76759ca-f306-423d-b94e-5b205bb87569 req-e76759ca-f306-423d-b94e-5b205bb87569 ] Request (ServerRescueTestJSONUnderV235:setUpClass): 200 GET http://10.180.1.21/compute/v2.1/servers/b5d6b647-e24f-4e53-b448-0614334fd760 0.051s
2025-01-27 14:01:26.684 68702 INFO tempest.lib.common.rest_client [req-35454110-b37f-4489-9d95-5bfd561fc0ab req-35454110-b37f-4489-9d95-5bfd561fc0ab ] Request (ServerDiagnosticsV248Test:tearDownClass): 200 GET http://10.180.1.21/compute/v2.1/servers/b4bcab92-0007-4952-8d74-c470049edd71 0.079s
2025-01-27 14:01:26.762 68732 INFO tempest.lib.common.rest_client [req-a8cd2865-f9bc-455b-acb5-9cd62268274f req-a8cd2865-f9bc-455b-acb5-9cd62268274f ] Request (ServersNegativeTestMultiTenantJSON:setUpClass): 200 GET http://10.180.1.21/compute/v2.1/servers/dcd5a800-1a28-45b3-8eff-a2e8cb871491 0.046s
2025-01-27 14:01:26.802 68760 INFO tempest.lib.common.rest_client [req-f1ec30d6-c6d0-4c0b-8da3-3fefefa6cfae req-f1ec30d6-c6d0-4c0b-8da3-3fefefa6cfae ] Request (AttachInterfacesV270Test:test_create_get_list_interfaces): 200 GET http://10.180.1.21/compute/v2.1/servers/a7ed3eba-aced-4ff9-ba98-e29d44ef5c54 0.263s
2025-01-27 14:01:26.840 68746 INFO tempest.lib.common.rest_client [req-288bc0f2-6c14-4c64-b88a-b2c12ecb4810 req-288bc0f2-6c14-4c64-b88a-b2c12ecb4810 ] Request (ImagesOneServerTestJSON:setUpClass): 200 GET http://10.180.1.21/compute/v2.1/servers/08cc6c54-48f2-4064-93a4-4debb98ab606 0.057s
2025-01-27 14:01:26.894 68726 INFO tempest.lib.common.rest_client [req-f3922c57-dd4c-4a80-8429-2b125268b64e req-f3922c57-dd4c-4a80-8429-2b125268b64e ] Request (ServerPasswordTestJSON:setUpClass): 200 GET http://10.180.1.21/compute/v2.1/servers/249e5265-86b3-4ba8-96b9-d21ea0a5599d 0.047s
2025-01-27 14:01:26.951 68704 INFO tempest.lib.common.rest_client [req-1eafbd84-a861-4356-bd96-2b60c9d8b4f0 req-1eafbd84-a861-4356-bd96-2b60c9d8b4f0 ] Request (ServerDiagnosticsTest:test_get_server_diagnostics): 200 GET http://10.180.1.21/compute/v2.1/servers/1d4d567b-c1b0-4bf3-96d1-405c3a1cd265 0.051s
2025-01-27 14:01:26.979 68706 INFO tempest.lib.common.rest_client [req-dd1caf97-0f58-4a22-bdae-b05d18a37317 req-dd1caf97-0f58-4a22-bdae-b05d18a37317 ] Request (ImagesOneServerNegativeTestJSON:setUpClass): 200 GET http://10.180.1.21/compute/v2.1/servers/e0de75e0-ca8e-4525-ae7f-ed13fcd07338 0.049s
2025-01-27 14:01:26.994 68720 INFO tempest.lib.common.rest_client [req-cc0a9632-e086-4d2f-999b-18dc87150c58 req-cc0a9632-e086-4d2f-999b-18dc87150c58 ] Request (ServersTestJSON:tearDownClass): 200 PUT http://10.180.1.21:9696/networking/v2.0/routers/cd319b24-3876-4122-bd99-fd8b2a70a2ff/remove_router_interface 0.623s
2025-01-27 14:01:27.001 68728 INFO tempest.lib.common.rest_client [req-c6ad8993-2fa6-44a8-b97c-281dd1e334a3 req-c6ad8993-2fa6-44a8-b97c-281dd1e334a3 ] Request (ServerDiagnosticsNegativeTest:test_get_server_diagnostics_by_non_admin): 200 GET http://10.180.1.21/compute/v2.1/servers/7748d5e9-7aae-4b5d-80ac-b6a9f177d6b3 0.060s
2025-01-27 14:01:27.027 68708 INFO tempest.lib.common.rest_client [req-237b9659-6e50-4ee9-9426-fadac4cc8a7e req-237b9659-6e50-4ee9-9426-fadac4cc8a7e ] Request (MigrationsAdminTest:test_list_migrations_in_flavor_resize_situation): 200 GET http://10.180.1.21/compute/v2.1/servers/e3c3759c-81e6-415d-a5a5-b17cc16bdc2f 0.046s
2025-01-27 14:01:27.081 68744 INFO tempest.lib.common.rest_client [req-3dc9becb-b465-42ef-94c8-f1fc5110dc04 req-3dc9becb-b465-42ef-94c8-f1fc5110dc04 ] Request (DeleteServersTestJSON:test_delete_active_server): 200 GET http://10.180.1.21/compute/v2.1/servers/8f808943-6107-49d9-966f-c4e6ae0cdac4 0.045s
2025-01-27 14:01:27.128 68710 INFO tempest.lib.common.rest_client [req-96ec552f-69df-44a3-969f-6003878cd65b req-96ec552f-69df-44a3-969f-6003878cd65b ] Request (InstanceActionsNegativeTestJSON:setUpClass): 200 GET http://10.180.1.21/compute/v2.1/servers/43d09ce7-7946-43d1-8729-d7068c1cdec4 0.049s
2025-01-27 14:01:27.158 68734 INFO tempest.lib.common.rest_client [req-892b9fde-7fea-49a2-aaf5-ab7600a38099 req-892b9fde-7fea-49a2-aaf5-ab7600a38099 ] Request (ImagesTestJSON:test_create_image_from_suspended_server): 200 GET http://10.180.1.21/compute/v2.1/servers/8fd213dd-d597-48c0-9387-19b4f5dd72ff 0.048s
2025-01-27 14:01:27.220 68740 INFO tempest.lib.common.rest_client [req-8a475a3b-a371-496c-8b85-df33418dfe12 req-8a475a3b-a371-496c-8b85-df33418dfe12 ] Request (ServerRescueNegativeTestJSON:setUpClass): 200 GET http://10.180.1.21/compute/v2.1/servers/03e1ebe5-7a02-430e-b38c-d215e85d59ae 0.047s
