2025-01-27 13:59:57.905 68718 INFO tempest.lib.common.rest_client [req-6f51f1eb-f2c3-4ba4-a580-0bd175398fce req-6f51f1eb-f2c3-4ba4-a580-0bd175398fce ] Request (MultipleCreateNegativeTestJSON:test_max_count_less_than_min_count): 400 POST http://10.180.1.21/compute/v2.1/servers 1.640s
2025-01-27 13:59:57.960 68744 INFO tempest.lib.common.rest_client [req-387bde80-2202-4623-9f31-d17150ffc242 req-387bde80-2202-4623-9f31-d17150ffc242 ] Request (FloatingIPsAssociationNegativeTestJSON:setUpClass): 200 GET http://10.180.1.21/compute/v2.1/servers/e433b5a0-2742-4897-a7d9-46571bcc0f2c 1.684s
2025-01-27 13:59:57.964 68748 INFO tempest.lib.common.rest_client [req-567151ab-4851-4585-ac46-18d3757e2315 req-567151ab-4851-4585-ac46-18d3757e2315 ] Request (TestVersions:test_get_version_details): 200 GET http://10.180.1.21/compute/v2.1/ 1.675s
2025-01-27 13:59:57.979 68718 INFO tempest.lib.common.rest_client [req-143f176b-9d88-438c-9210-28562b32a4a0 req-143f176b-9d88-438c-9210-28562b32a4a0 ] Request (MultipleCreateNegativeTestJSON:test_max_count_less_than_one): 201 POST http://10.180.1.21/identity/v3/auth/tokens 0.070s
2025-01-27 13:59:57.979 68718 INFO tempest.lib.common.fixed_network [-] (MultipleCreateNegativeTestJSON:test_max_count_less_than_one) Found network None available for tenant
2025-01-27 13:59:57.985 68700 INFO tempest.lib.common.rest_client [req-562d3482-f7ed-42b6-864a-1ecbd6478d82 req-562d3482-f7ed-42b6-864a-1ecbd6478d82 ] Request (FlavorsAccessNegativeTestJSON:_run_cleanups): 202 DELETE http://10.180.1.21/compute/v2.1/flavors/1989700156 1.524s
2025-01-27 13:59:58.034 68738 INFO tempest.lib.common.rest_client [req-d5e2a2fd-d975-4d7a-a356-749fe0925ddb req-d5e2a2fd-d975-4d7a-a356-749fe0925ddb ] Request (HypervisorAdminNegativeTestJSON:test_get_hypervisor_uptime_with_non_admin_user): 200 GET http://10.180.1.21/compute/v2.1/os-hypervisors 1.750s
2025-01-27 13:59:58.076 68702 INFO tempest.lib.common.rest_client [req-64514cad-3a07-4b7a-8730-fa4d1652b139 req-64514cad-3a07-4b7a-8730-fa4d1652b139 ] Request (QuotasAdminNegativeTest:tearDownClass): 200 GET http://10.180.1.21:9696/networking/v2.0/security-groups?tenant_id=7fd3a0f1acad49b5972294d77a9c6092&name=default 0.191s
2025-01-27 13:59:58.230 68702 INFO tempest.lib.common.rest_client [req-c4bd1105-5fc8-40a7-a9cd-61828c3a55e9 req-c4bd1105-5fc8-40a7-a9cd-61828c3a55e9 ] Request (QuotasAdminNegativeTest:tearDownClass): 204 DELETE http://10.180.1.21:9696/networking/v2.0/security-groups/a017c13f-d3c6-4a5c-8dfa-1bb55ddcafa0 0.153s
2025-01-27 13:59:58.341 68702 INFO tempest.lib.common.rest_client [req-753581b3-47d1-4b4b-bb7f-22681a33f95e req-753581b3-47d1-4b4b-bb7f-22681a33f95e ] Request (QuotasAdminNegativeTest:tearDownClass): 204 DELETE http://10.180.1.21/identity/v3/projects/7fd3a0f1acad49b5972294d77a9c6092 0.111s
2025-01-27 13:59:58.357 68732 INFO tempest.lib.common.rest_client [req-69c858f1-bfa8-4af5-a925-9cd327133ad7 req-69c858f1-bfa8-4af5-a925-9cd327133ad7 ] Request (SecurityGroupsTestAdminJSON:_run_cleanups): 202 DELETE http://10.180.1.21/compute/v2.1/os-security-groups/dd8ab058-1b96-49d9-9df7-f4aab84abc6b 1.590s
2025-01-27 13:59:58.373 68756 INFO tempest.lib.common.rest_client [req-9160f49c-788f-4cfb-b6a8-2dc5e20b115d req-9160f49c-788f-4cfb-b6a8-2dc5e20b115d ] Request (FlavorsAdminTestJSON:test_create_list_flavor_without_extra_data): 200 GET http://10.180.1.21/compute/v2.1/flavors/1290103359 1.580s
2025-01-27 13:59:58.411 68746 INFO tempest.lib.common.rest_client [req-be24d87a-5b1c-49c5-b7c1-2292b85aacba req-be24d87a-5b1c-49c5-b7c1-2292b85aacba ] Request (FlavorsV2TestJSON:test_list_flavors_detailed_filter_by_min_ram): 200 GET http://10.180.1.21/compute/v2.1/flavors/detail?minRam=193 1.601s
2025-01-27 13:59:58.413 68702 INFO tempest.lib.common.rest_client [req-3bff0498-bf7c-4040-8cdf-91369c121f9e req-3bff0498-bf7c-4040-8cdf-91369c121f9e ] Request (ServerDiagnosticsV248Test:setUpClass): 201 POST http://10.180.1.21/identity/v3/auth/tokens 0.070s
2025-01-27 13:59:58.435 68710 INFO tempest.lib.common.rest_client [req-87a98407-0625-4c31-a115-411ae3567826 req-87a98407-0625-4c31-a115-411ae3567826 ] Request (AggregatesAdminNegativeTestJSON:test_aggregate_delete_as_user): 200 POST http://10.180.1.21/compute/v2.1/os-aggregates 1.596s
2025-01-27 13:59:58.488 68702 INFO tempest.lib.common.rest_client [req-3a923dad-6b52-4b4b-be5e-ee1750e7c765 req-3a923dad-6b52-4b4b-be5e-ee1750e7c765 ] Request (ServerDiagnosticsV248Test:setUpClass): 201 POST http://10.180.1.21/identity/v3/auth/tokens 0.070s
2025-01-27 13:59:58.504 68726 INFO tempest.lib.common.rest_client [req-7b96d351-7216-4dfa-84bb-05959f1b1e28 req-7b96d351-7216-4dfa-84bb-05959f1b1e28 ] Request (ServerPasswordTestJSON:setUpClass): 200 PUT http://10.180.1.21:9696/networking/v2.0/routers/75d1ab37-8ecf-4510-8801-01453d4bda0d/add_router_interface 1.340s
2025-01-27 13:59:58.505 68726 INFO tempest.lib.common.dynamic_creds [-] Created isolated network resources for: credentials: Credentials: {'domain_id': 'default', 'domain_name': 'Default', 'username': 'tempest-ServerPasswordTestJSON-2097700010-project-member', 'project_domain_id': 'default', 'project_domain_name': 'Default', 'project_id': '2469d590f72a4b59ba251dd6e5e95065', 'project_name': 'tempest-ServerPasswordTestJSON-2097700010', 'tenant_id': '2469d590f72a4b59ba251dd6e5e95065', 'tenant_name': 'tempest-ServerPasswordTestJSON-2097700010', 'user_domain_id': 'default', 'user_domain_name': 'Default', 'user_id': '5624a4128dd942089b9d540e7117b700', 'system': None}, Network: {'id': 'cc697219-92a7-4a4c-811d-2e11808e3309', 'name': 'tempest-ServerPasswordTestJSON-692332471-network', 'tenant_id': '2469d590f72a4b59ba251dd6e5e95065', 'admin_state_up': True, 'mtu': 8950, 'status': 'ACTIVE', 'subnets': [], 'shared': False, 'project_id': '2469d590f72a4b59ba251dd6e5e95065', 'port_security_enabled': True, 'router:external': False, 'provider:network_type': 'vlan', 'provider:physical_network': 'default', 'provider:segmentation_id': 718, 'availability_zone_hints': [], 'availability_zones': [], 'ipv4_address_scope': None, 'ipv6_address_scope': None, 'description': '', 'tags': [], 'created_at': '2025-01-27T13:59:54Z', 'updated_at': '2025-01-27T13:59:54Z', 'revision_number': 1}, Subnet: {'id': 'c98c3599-edba-4771-be5d-11f7c4e9cf83', 'name': 'tempest-ServerPasswordTestJSON-692332471-subnet', 'tenant_id': '2469d590f72a4b59ba251dd6e5e95065', 'network_id': 'cc697219-92a7-4a4c-811d-2e11808e3309', 'ip_version': 4, 'subnetpool_id': None, 'enable_dhcp': True, 'ipv6_ra_mode': None, 'ipv6_address_mode': None, 'gateway_ip': '192.168.128.1', 'cidr': '192.168.128.0/28', 'allocation_pools': [{'start': '192.168.128.2', 'end': '192.168.128.14'}], 'host_routes': [], 'dns_nameservers': [], 'description': '', 'router:external': False, 'service_types': [], 'tags': [], 'created_at': '2025-01-27T13:59:54Z', 'updated_at': '2025-01-27T13:59:54Z', 'revision_number': 0, 'project_id': '2469d590f72a4b59ba251dd6e5e95065'}, Router: {'id': '75d1ab37-8ecf-4510-8801-01453d4bda0d', 'name': 'tempest-ServerPasswordTestJSON-692332471-router', 'tenant_id': '2469d590f72a4b59ba251dd6e5e95065', 'admin_state_up': True, 'status': 'ACTIVE', 'external_gateway_info': {'network_id': '6021d120-8559-45cb-b10c-c02c0f403836', 'external_fixed_ips': [{'subnet_id': 'd222f575-85b5-4796-ad95-5dc115aaf146', 'ip_address': '10.180.180.167'}], 'enable_snat': True}, 'description': '', 'availability_zones': [], 'distributed': False, 'ha': False, 'availability_zone_hints': [], 'routes': [], 'flavor_id': None, 'tags': [], 'created_at': '2025-01-27T13:59:55Z', 'updated_at': '2025-01-27T13:59:56Z', 'revision_number': 2, 'project_id': '2469d590f72a4b59ba251dd6e5e95065'}
2025-01-27 13:59:58.526 68702 INFO tempest.lib.common.rest_client [req-0ce5e206-8555-406d-9bcc-bd68ca3df37c req-0ce5e206-8555-406d-9bcc-bd68ca3df37c ] Request (ServerDiagnosticsV248Test:setUpClass): 200 GET http://10.180.1.21/identity/v3/domains?name=Default 0.037s
2025-01-27 13:59:58.566 68702 INFO tempest.lib.common.rest_client [req-0c7e2ba4-9dc2-4e2e-9977-d7aa1ba94437 req-0c7e2ba4-9dc2-4e2e-9977-d7aa1ba94437 ] Request (ServerDiagnosticsV248Test:setUpClass): 201 POST http://10.180.1.21/identity/v3/projects 0.039s
2025-01-27 13:59:58.593 68716 INFO tempest.lib.common.rest_client [req-8d0e53c6-7e14-46b1-a304-0e0dc7257af6 req-8d0e53c6-7e14-46b1-a304-0e0dc7257af6 ] Request (ServersAdmin275Test:test_rebuild_update_server_275): 200 PUT http://10.180.1.21/compute/v2.1/servers/af042cab-9132-4425-b017-133ec85afa0c 1.563s
2025-01-27 13:59:58.614 68726 INFO tempest.lib.common.rest_client [req-5159f2be-2a88-4f3c-86eb-771b908c5851 req-5159f2be-2a88-4f3c-86eb-771b908c5851 ] Request (ServerPasswordTestJSON:setUpClass): 201 POST http://10.180.1.21/identity/v3/auth/tokens 0.099s
2025-01-27 13:59:58.651 68702 INFO tempest.lib.common.rest_client [req-3e504eed-614f-4d98-abdb-53dfb2049f17 req-3e504eed-614f-4d98-abdb-53dfb2049f17 ] Request (ServerDiagnosticsV248Test:setUpClass): 201 POST http://10.180.1.21/identity/v3/users 0.084s
2025-01-27 13:59:58.688 68726 INFO tempest.lib.common.rest_client [req-3bbd702d-3379-45f2-9839-e66412dbda82 req-3bbd702d-3379-45f2-9839-e66412dbda82 ] Request (ServerPasswordTestJSON:setUpClass): 201 POST http://10.180.1.21/identity/v3/auth/tokens 0.070s
2025-01-27 13:59:58.689 68726 INFO tempest.lib.common.fixed_network [-] (ServerPasswordTestJSON:setUpClass) Found network {'id': 'cc697219-92a7-4a4c-811d-2e11808e3309', 'name': 'tempest-ServerPasswordTestJSON-692332471-network', 'tenant_id': '2469d590f72a4b59ba251dd6e5e95065', 'admin_state_up': True, 'mtu': 8950, 'status': 'ACTIVE', 'subnets': [], 'shared': False, 'project_id': '2469d590f72a4b59ba251dd6e5e95065', 'port_security_enabled': True, 'router:external': False, 'provider:network_type': 'vlan', 'provider:physical_network': 'default', 'provider:segmentation_id': 718, 'availability_zone_hints': [], 'availability_zones': [], 'ipv4_address_scope': None, 'ipv6_address_scope': None, 'description': '', 'tags': [], 'created_at': '2025-01-27T13:59:54Z', 'updated_at': '2025-01-27T13:59:54Z', 'revision_number': 1} available for tenant
2025-01-27 13:59:58.690 68702 INFO tempest.lib.common.rest_client [req-7902e4dc-4964-4a7c-86ba-c3e6e1eb2976 req-7902e4dc-4964-4a7c-86ba-c3e6e1eb2976 ] Request (ServerDiagnosticsV248Test:setUpClass): 200 GET http://10.180.1.21/identity/v3/roles 0.037s
2025-01-27 13:59:58.723 68702 INFO tempest.lib.common.rest_client [req-460c4fde-ee98-479c-84c3-a3b3df638c9b req-460c4fde-ee98-479c-84c3-a3b3df638c9b ] Request (ServerDiagnosticsV248Test:setUpClass): 204 PUT http://10.180.1.21/identity/v3/projects/bc689ee2e99d483984bf02bd8bfefe38/users/be7baccc73fa4b9a80e3242a65725913/roles/9c3f722a00cb4b488d15acdcfbb5d434 0.032s
2025-01-27 13:59:58.723 68702 INFO tempest.lib.common.dynamic_creds [-] Dynamic test user be7baccc73fa4b9a80e3242a65725913 is created with scope project and roles: ['member']
2025-01-27 13:59:58.723 68702 INFO tempest.lib.common.dynamic_creds [-] Acquired dynamic creds: credentials: Credentials: {'domain_id': 'default', 'domain_name': 'Default', 'username': 'tempest-ServerDiagnosticsV248Test-1496531621-project-member', 'project_domain_id': 'default', 'project_domain_name': 'Default', 'project_id': 'bc689ee2e99d483984bf02bd8bfefe38', 'project_name': 'tempest-ServerDiagnosticsV248Test-1496531621', 'tenant_id': 'bc689ee2e99d483984bf02bd8bfefe38', 'tenant_name': 'tempest-ServerDiagnosticsV248Test-1496531621', 'user_domain_id': 'default', 'user_domain_name': 'Default', 'user_id': 'be7baccc73fa4b9a80e3242a65725913', 'system': None}, Network: None, Subnet: None, Router: None
2025-01-27 13:59:58.724 68702 INFO tempest.lib.common.dynamic_creds [-] Created isolated network resources for: credentials: Credentials: {'domain_id': 'default', 'domain_name': 'Default', 'username': 'tempest-ServerDiagnosticsV248Test-1496531621-project-member', 'project_domain_id': 'default', 'project_domain_name': 'Default', 'project_id': 'bc689ee2e99d483984bf02bd8bfefe38', 'project_name': 'tempest-ServerDiagnosticsV248Test-1496531621', 'tenant_id': 'bc689ee2e99d483984bf02bd8bfefe38', 'tenant_name': 'tempest-ServerDiagnosticsV248Test-1496531621', 'user_domain_id': 'default', 'user_domain_name': 'Default', 'user_id': 'be7baccc73fa4b9a80e3242a65725913', 'system': None}, Network: None, Subnet: None, Router: None
2025-01-27 13:59:58.817 68702 INFO tempest.lib.common.rest_client [req-c2d0d0ba-9c5f-4f4b-b662-557b71da2d8b req-c2d0d0ba-9c5f-4f4b-b662-557b71da2d8b ] Request (ServerDiagnosticsV248Test:setUpClass): 201 POST http://10.180.1.21/identity/v3/auth/tokens 0.089s
2025-01-27 13:59:58.856 68758 INFO tempest.lib.common.rest_client [req-9a2a58e5-8b4f-455c-9903-b25903225d7a req-9a2a58e5-8b4f-455c-9903-b25903225d7a ] Request (ServerRescueTestJSON:setUpClass): 200 GET http://10.180.1.21/compute/v2.1/servers/386935e4-c2b7-4207-9670-cd532ff12f70 1.805s
2025-01-27 13:59:58.903 68702 INFO tempest.lib.common.rest_client [req-466758ad-d747-4613-8e80-1b0410d20657 req-466758ad-d747-4613-8e80-1b0410d20657 ] Request (ServerDiagnosticsV248Test:setUpClass): 201 POST http://10.180.1.21/identity/v3/projects 0.085s
2025-01-27 13:59:58.991 68702 INFO tempest.lib.common.rest_client [req-a6681e66-350d-4cd8-a3e1-32b59e5452b7 req-a6681e66-350d-4cd8-a3e1-32b59e5452b7 ] Request (ServerDiagnosticsV248Test:setUpClass): 201 POST http://10.180.1.21/identity/v3/users 0.088s
2025-01-27 13:59:59.023 68702 INFO tempest.lib.common.rest_client [req-561c98f0-db59-41e0-b73a-2415a2b6cc59 req-561c98f0-db59-41e0-b73a-2415a2b6cc59 ] Request (ServerDiagnosticsV248Test:setUpClass): 200 GET http://10.180.1.21/identity/v3/roles 0.031s
2025-01-27 13:59:59.059 68702 INFO tempest.lib.common.rest_client [req-f91c91c5-6529-48ac-8a8c-3f1c412533ca req-f91c91c5-6529-48ac-8a8c-3f1c412533ca ] Request (ServerDiagnosticsV248Test:setUpClass): 204 PUT http://10.180.1.21/identity/v3/projects/e0083360097b4818b0c5db86fcfa2436/users/a378ee5c90a5454fbb9110b813f95342/roles/492e3d75467a44279c371b58b8065e1a 0.035s
2025-01-27 13:59:59.090 68734 INFO tempest.lib.common.rest_client [req-cadd57d6-62a8-4893-8557-536e00968ad4 req-cadd57d6-62a8-4893-8557-536e00968ad4 ] Request (ImagesTestJSON:test_create_image_from_stopped_server): 204 DELETE http://10.180.1.21/compute/v2.1/servers/05b2a777-cf0c-4fdf-a024-6949bd016f6f 1.913s
2025-01-27 13:59:59.129 68702 INFO tempest.lib.common.rest_client [req-e97639a4-c47d-4d2b-9e49-dcaa5dbc3c6c req-e97639a4-c47d-4d2b-9e49-dcaa5dbc3c6c ] Request (ServerDiagnosticsV248Test:setUpClass): 200 GET http://10.180.1.21/identity/v3/roles 0.069s
2025-01-27 13:59:59.150 68702 INFO tempest.lib.common.rest_client [req-92024fac-5dfc-4542-babb-d136aef90e20 req-92024fac-5dfc-4542-babb-d136aef90e20 ] Request (ServerDiagnosticsV248Test:setUpClass): 204 PUT http://10.180.1.21/identity/v3/projects/e0083360097b4818b0c5db86fcfa2436/users/a378ee5c90a5454fbb9110b813f95342/roles/492e3d75467a44279c371b58b8065e1a 0.021s
2025-01-27 13:59:59.150 68702 INFO tempest.lib.common.dynamic_creds [-] Dynamic test user a378ee5c90a5454fbb9110b813f95342 is created with scope project and roles: ['admin']
2025-01-27 13:59:59.151 68702 INFO tempest.lib.common.dynamic_creds [-] Acquired dynamic creds: credentials: Credentials: {'domain_id': 'default', 'domain_name': 'Default', 'username': 'tempest-ServerDiagnosticsV248Test-1295293030-project-admin', 'project_domain_id': 'default', 'project_domain_name': 'Default', 'project_id': 'e0083360097b4818b0c5db86fcfa2436', 'project_name': 'tempest-ServerDiagnosticsV248Test-1295293030', 'tenant_id': 'e0083360097b4818b0c5db86fcfa2436', 'tenant_name': 'tempest-ServerDiagnosticsV248Test-1295293030', 'user_domain_id': 'default', 'user_domain_name': 'Default', 'user_id': 'a378ee5c90a5454fbb9110b813f95342', 'system': None}, Network: None, Subnet: None, Router: None
2025-01-27 13:59:59.151 68702 INFO tempest.lib.common.dynamic_creds [-] Created isolated network resources for: credentials: Credentials: {'domain_id': 'default', 'domain_name': 'Default', 'username': 'tempest-ServerDiagnosticsV248Test-1295293030-project-admin', 'project_domain_id': 'default', 'project_domain_name': 'Default', 'project_id': 'e0083360097b4818b0c5db86fcfa2436', 'project_name': 'tempest-ServerDiagnosticsV248Test-1295293030', 'tenant_id': 'e0083360097b4818b0c5db86fcfa2436', 'tenant_name': 'tempest-ServerDiagnosticsV248Test-1295293030', 'user_domain_id': 'default', 'user_domain_name': 'Default', 'user_id': 'a378ee5c90a5454fbb9110b813f95342', 'system': None}, Network: None, Subnet: None, Router: None
2025-01-27 13:59:59.166 68740 INFO tempest.lib.common.rest_client [req-b54eb16f-5530-44f4-910f-235802eba3b3 req-b54eb16f-5530-44f4-910f-235802eba3b3 ] Request (FloatingIPsTestJSON:test_delete_floating_ip): 202 DELETE http://10.180.1.21/compute/v2.1/os-floating-ips/a240a5d3-3f74-4f31-aacf-8371fba7e6b1 2.655s
2025-01-27 13:59:59.197 68760 INFO tempest.lib.common.rest_client [req-4eaea5eb-16c9-409b-8d48-4e9df01abe06 req-4eaea5eb-16c9-409b-8d48-4e9df01abe06 ] Request (AttachInterfacesV270Test:setUpClass): 200 PUT http://10.180.1.21:9696/networking/v2.0/routers/eb5eb10c-4ab6-4c12-8219-7cc747c9af2f/add_router_interface 2.139s
2025-01-27 13:59:59.197 68760 INFO tempest.lib.common.dynamic_creds [-] Created isolated network resources for: credentials: Credentials: {'domain_id': 'default', 'domain_name': 'Default', 'username': 'tempest-AttachInterfacesV270Test-1359339946-project-member', 'project_domain_id': 'default', 'project_domain_name': 'Default', 'project_id': '793b228371974c71a10877d3b9f365f0', 'project_name': 'tempest-AttachInterfacesV270Test-1359339946', 'tenant_id': '793b228371974c71a10877d3b9f365f0', 'tenant_name': 'tempest-AttachInterfacesV270Test-1359339946', 'user_domain_id': 'default', 'user_domain_name': 'Default', 'user_id': '49d4e60cbc414fdc9c10a181b098a9a1', 'system': None}, Network: {'id': '7e78865a-3e97-4ff4-ad09-f2f3b33329ea', 'name': 'tempest-AttachInterfacesV270Test-71595190-network', 'tenant_id': '793b228371974c71a10877d3b9f365f0', 'admin_state_up': True, 'mtu': 8950, 'status': 'ACTIVE', 'subnets': [], 'shared': False, 'project_id': '793b228371974c71a10877d3b9f365f0', 'port_security_enabled': True, 'router:external': False, 'provider:network_type': 'vlan', 'provider:physical_network': 'default', 'provider:segmentation_id': 458, 'availability_zone_hints': [], 'availability_zones': [], 'ipv4_address_scope': None, 'ipv6_address_scope': None, 'description': '', 'tags': [], 'created_at': '2025-01-27T13:59:54Z', 'updated_at': '2025-01-27T13:59:54Z', 'revision_number': 1}, Subnet: {'id': '4de57986-8ea0-476f-aa29-0f3d55d3eeb1', 'name': 'tempest-AttachInterfacesV270Test-71595190-subnet', 'tenant_id': '793b228371974c71a10877d3b9f365f0', 'network_id': '7e78865a-3e97-4ff4-ad09-f2f3b33329ea', 'ip_version': 4, 'subnetpool_id': None, 'enable_dhcp': True, 'ipv6_ra_mode': None, 'ipv6_address_mode': None, 'gateway_ip': '192.168.128.1', 'cidr': '192.168.128.0/28', 'allocation_pools': [{'start': '192.168.128.2', 'end': '192.168.128.14'}], 'host_routes': [], 'dns_nameservers': [], 'description': '', 'router:external': False, 'service_types': [], 'tags': [], 'created_at': '2025-01-27T13:59:54Z', 'updated_at': '2025-01-27T13:59:54Z', 'revision_number': 0, 'project_id': '793b228371974c71a10877d3b9f365f0'}, Router: {'id': 'eb5eb10c-4ab6-4c12-8219-7cc747c9af2f', 'name': 'tempest-AttachInterfacesV270Test-71595190-router', 'tenant_id': '793b228371974c71a10877d3b9f365f0', 'admin_state_up': True, 'status': 'ACTIVE', 'external_gateway_info': {'network_id': '6021d120-8559-45cb-b10c-c02c0f403836', 'external_fixed_ips': [{'subnet_id': 'd222f575-85b5-4796-ad95-5dc115aaf146', 'ip_address': '10.180.180.242'}], 'enable_snat': True}, 'description': '', 'availability_zones': [], 'distributed': False, 'ha': False, 'availability_zone_hints': [], 'routes': [], 'flavor_id': None, 'tags': [], 'created_at': '2025-01-27T13:59:55Z', 'updated_at': '2025-01-27T13:59:56Z', 'revision_number': 2, 'project_id': '793b228371974c71a10877d3b9f365f0'}
2025-01-27 13:59:59.254 68702 INFO tempest.lib.common.rest_client [req-1637856f-0d7b-4b7a-b77a-2e457bb98fab req-1637856f-0d7b-4b7a-b77a-2e457bb98fab ] Request (ServerDiagnosticsV248Test:setUpClass): 201 POST http://10.180.1.21/identity/v3/auth/tokens 0.099s
2025-01-27 13:59:59.323 68760 INFO tempest.lib.common.rest_client [req-9f9ce241-42d6-433a-8d9c-f384719c6985 req-9f9ce241-42d6-433a-8d9c-f384719c6985 ] Request (AttachInterfacesV270Test:setUpClass): 201 POST http://10.180.1.21/identity/v3/auth/tokens 0.122s
2025-01-27 13:59:59.335 68724 INFO tempest.lib.common.rest_client [req-5f5239c1-871a-4425-a9e9-876e11fb3d06 req-5f5239c1-871a-4425-a9e9-876e11fb3d06 ] Request (SecurityGroupsNegativeTestJSON:test_delete_nonexistent_security_group): 404 DELETE http://10.180.1.21/compute/v2.1/os-security-groups/58318970-ee92-4020-9722-5c1a768477c1 2.035s
2025-01-27 13:59:59.359 68760 INFO tempest.lib.common.rest_client [req-ce4d6540-40da-4c0e-8712-eb186d0a6d27 req-ce4d6540-40da-4c0e-8712-eb186d0a6d27 ] Request (AttachInterfacesV270Test:test_create_get_list_interfaces): 201 POST http://10.180.1.21/identity/v3/auth/tokens 0.028s
2025-01-27 13:59:59.359 68760 INFO tempest.lib.common.fixed_network [-] (AttachInterfacesV270Test:test_create_get_list_interfaces) Found network {'id': '7e78865a-3e97-4ff4-ad09-f2f3b33329ea', 'name': 'tempest-AttachInterfacesV270Test-71595190-network', 'tenant_id': '793b228371974c71a10877d3b9f365f0', 'admin_state_up': True, 'mtu': 8950, 'status': 'ACTIVE', 'subnets': [], 'shared': False, 'project_id': '793b228371974c71a10877d3b9f365f0', 'port_security_enabled': True, 'router:external': False, 'provider:network_type': 'vlan', 'provider:physical_network': 'default', 'provider:segmentation_id': 458, 'availability_zone_hints': [], 'availability_zones': [], 'ipv4_address_scope': None, 'ipv6_address_scope': None, 'description': '', 'tags': [], 'created_at': '2025-01-27T13:59:54Z', 'updated_at': '2025-01-27T13:59:54Z', 'revision_number': 1} available for tenant
2025-01-27 13:59:59.359 68702 INFO tempest.lib.common.rest_client [req-15c52a2a-5afc-4999-8890-26d94470a4f6 req-15c52a2a-5afc-4999-8890-26d94470a4f6 ] Request (ServerDiagnosticsV248Test:test_get_server_diagnostics): 201 POST http://10.180.1.21/identity/v3/auth/tokens 0.099s
2025-01-27 13:59:59.360 68702 INFO tempest.lib.common.fixed_network [-] (ServerDiagnosticsV248Test:test_get_server_diagnostics) Found network None available for tenant
2025-01-27 13:59:59.399 68728 INFO tempest.lib.common.rest_client [req-d0dc4a32-7be5-4fa3-97a7-0aee1a252ab0 req-d0dc4a32-7be5-4fa3-97a7-0aee1a252ab0 ] Request (DeleteServersAdminTestJSON:test_delete_server_while_in_error_state): 200 GET http://10.180.1.21/compute/v2.1/servers/88322331-7cb9-46a9-8e8c-82f0198c90d8 2.069s
2025-01-27 13:59:59.527 68704 INFO tempest.lib.common.rest_client [req-2742e9cc-694f-44d0-a1dd-784e455a5d7a req-2742e9cc-694f-44d0-a1dd-784e455a5d7a ] Request (QuotasAdminTestJSON:test_delete_quota): 200 PUT http://10.180.1.21/compute/v2.1/os-quota-sets/fb76f6af64fc4cacbebbf404c1b76636 2.193s
2025-01-27 13:59:59.691 68720 INFO tempest.lib.common.rest_client [req-df3c0137-a9bc-4356-be68-f25c15dd560e req-df3c0137-a9bc-4356-be68-f25c15dd560e ] Request (ServersTestJSON:setUpClass): 202 POST http://10.180.1.21/compute/v2.1/servers 2.460s
2025-01-27 13:59:59.698 68748 INFO tempest.lib.common.rest_client [-] Request (TestVersions:test_list_api_versions): 200 GET http://10.180.1.21/compute/ 1.730s
2025-01-27 13:59:59.709 68718 INFO tempest.lib.common.rest_client [req-7c008f54-4aa2-4600-a118-f95878897574 req-7c008f54-4aa2-4600-a118-f95878897574 ] Request (MultipleCreateNegativeTestJSON:test_max_count_less_than_one): 400 POST http://10.180.1.21/compute/v2.1/servers 1.728s
2025-01-27 13:59:59.744 68700 INFO tempest.lib.common.rest_client [req-cf797c3b-77f3-45cd-9804-0fee2cd769e5 req-cf797c3b-77f3-45cd-9804-0fee2cd769e5 ] Request (FlavorsAccessNegativeTestJSON:_run_cleanups): 200 GET http://10.180.1.21/compute/v2.1/flavors/detail 1.759s
2025-01-27 13:59:59.751 68738 INFO tempest.lib.common.rest_client [req-819fc4cf-b54c-4bf2-b0b4-5edfdef0460c req-819fc4cf-b54c-4bf2-b0b4-5edfdef0460c ] Request (HypervisorAdminNegativeTestJSON:test_get_hypervisor_uptime_with_non_admin_user): 403 GET http://10.180.1.21/compute/v2.1/os-hypervisors/1/uptime 1.715s
2025-01-27 13:59:59.807 68718 INFO tempest.lib.common.rest_client [req-df010f13-d3a1-48b6-a351-d2775c94a896 req-df010f13-d3a1-48b6-a351-d2775c94a896 ] Request (MultipleCreateNegativeTestJSON:test_max_count_non_integer): 201 POST http://10.180.1.21/identity/v3/auth/tokens 0.092s
2025-01-27 13:59:59.807 68718 INFO tempest.lib.common.fixed_network [-] (MultipleCreateNegativeTestJSON:test_max_count_non_integer) Found network None available for tenant
2025-01-27 13:59:59.814 68754 INFO tempest.lib.common.rest_client [req-dc1e2df2-e16c-4be5-9f85-baf36e0c1020 req-dc1e2df2-e16c-4be5-9f85-baf36e0c1020 ] Request (FloatingIPsAssociationTestJSON:setUpClass): 204 DELETE http://10.180.1.21/compute/v2.1/servers/edc70971-dcfe-4575-9af8-d31e77d1bcf1 2.271s
2025-01-27 13:59:59.913 68748 INFO tempest.lib.common.rest_client [req-4acbc7f6-db38-48b8-ba97-653e19576a00 req-4acbc7f6-db38-48b8-ba97-653e19576a00 ] Request (TestVersions:tearDownClass): 204 DELETE http://10.180.1.21/identity/v3/users/3d807e46c25b47e0a44e276c0efe8164 0.198s
2025-01-27 13:59:59.913 68748 INFO tempest.lib.common.dynamic_creds [-] Deleting project and security group for project: 296d3ee05734445390b56114c9314361
2025-01-27 13:59:59.929 68756 INFO tempest.lib.common.rest_client [req-5e548ac5-bf51-4071-a0aa-0dc0d9e88b8a req-5e548ac5-bf51-4071-a0aa-0dc0d9e88b8a ] Request (FlavorsAdminTestJSON:test_create_list_flavor_without_extra_data): 200 GET http://10.180.1.21/compute/v2.1/flavors/detail 1.553s
2025-01-27 13:59:59.951 68746 INFO tempest.lib.common.rest_client [req-c3b8d7d2-c611-4d7a-890a-3be9bb49d3bc req-c3b8d7d2-c611-4d7a-890a-3be9bb49d3bc ] Request (FlavorsV2TestJSON:test_list_flavors_detailed_limit_results): 200 GET http://10.180.1.21/compute/v2.1/flavors/detail?limit=1 1.533s
2025-01-27 13:59:59.951 68710 INFO tempest.lib.common.rest_client [req-14e91355-46d0-45fd-ac87-0b9bc1474a38 req-14e91355-46d0-45fd-ac87-0b9bc1474a38 ] Request (AggregatesAdminNegativeTestJSON:test_aggregate_delete_as_user): 403 DELETE http://10.180.1.21/compute/v2.1/os-aggregates/5 1.514s
2025-01-27 13:59:59.981 68748 INFO tempest.lib.common.rest_client [req-51522703-ff6d-449e-ad6d-ed59361e2584 req-51522703-ff6d-449e-ad6d-ed59361e2584 ] Request (TestVersions:tearDownClass): 201 POST http://10.180.1.21/identity/v3/auth/tokens 0.067s
2025-01-27 13:59:59.985 68732 INFO tempest.lib.common.rest_client [req-436558c6-5111-43f1-b548-b6af04200b74 req-436558c6-5111-43f1-b548-b6af04200b74 ] Request (SecurityGroupsTestAdminJSON:_run_cleanups): 202 DELETE http://10.180.1.21/compute/v2.1/os-security-groups/ece4e5e2-5147-468a-a082-71c914a5e99a 1.627s
2025-01-27 14:00:00.015 68698 INFO tempest.lib.common.rest_client [req-f2ef32b3-c910-499c-8522-0daf579e7eb6 req-f2ef32b3-c910-499c-8522-0daf579e7eb6 ] Request (ImagesNegativeTestJSON:test_create_image_from_deleted_server): 200 GET http://10.180.1.21/compute/v2.1/servers/49423ca9-a31f-44d0-b05e-ab78b6b31321 1.568s
2025-01-27 14:00:00.026 68698 INFO tempest.common.waiters [-] State transition "BUILD/None" ==> "BUILD/networking" after 10 second wait
2025-01-27 14:00:00.050 68736 INFO tempest.lib.common.rest_client [req-7e2a0f3f-a458-48c9-b795-c2406c14d06a req-7e2a0f3f-a458-48c9-b795-c2406c14d06a ] Request (ServersAdminTestJSON:setUpClass): 200 GET http://10.180.1.21/compute/v2.1/servers/b17e7d01-93e2-4b1a-acd0-a344c5b4b1aa 1.593s
2025-01-27 14:00:00.073 68712 INFO tempest.lib.common.rest_client [req-76ee4322-0be1-4b55-b4b0-c46f241c7421 req-76ee4322-0be1-4b55-b4b0-c46f241c7421 ] Request (VolumesAssistedSnapshotsTest:test_volume_assisted_snapshot_create_delete): 200 GET http://10.180.1.21/compute/v2.1/servers/54e34c6f-3863-4683-b301-a6a9d25f1c4d 1.524s
2025-01-27 14:00:00.125 68714 INFO tempest.lib.common.rest_client [req-86ef8e94-3a4c-4d5a-aed3-3f5bdc889f3b req-86ef8e94-3a4c-4d5a-aed3-3f5bdc889f3b ] Request (TenantUsagesTestJSON:setUpClass): 200 GET http://10.180.1.21/compute/v2.1/servers/4b0f2983-2bc8-43c9-8ff4-9f68bd55daf0 1.477s
2025-01-27 14:00:00.159 68748 INFO tempest.lib.common.rest_client [req-5aa7c655-fed4-48d8-8c03-e72ed7b2f7c9 req-5aa7c655-fed4-48d8-8c03-e72ed7b2f7c9 ] Request (TestVersions:tearDownClass): 200 GET http://10.180.1.21:9696/networking/v2.0/security-groups?tenant_id=296d3ee05734445390b56114c9314361&name=default 0.178s
2025-01-27 14:00:00.193 68742 INFO tempest.lib.common.rest_client [req-65b8f164-5387-44ae-83ad-1877f397f4c1 req-65b8f164-5387-44ae-83ad-1877f397f4c1 ] Request (ServerActionsTestOtherB:setUpClass): 200 GET http://10.180.1.21/compute/v2.1/servers/ca66e019-db83-4510-a049-8e8147537fa5 1.544s
2025-01-27 14:00:00.200 68742 INFO tempest.common.waiters [-] State transition "BUILD/spawning" ==> "ERROR/None" after 25 second wait
2025-01-27 14:00:00.245 68748 INFO tempest.lib.common.rest_client [req-6e7c8f2b-1393-490d-bcfc-e34a5167763b req-6e7c8f2b-1393-490d-bcfc-e34a5167763b ] Request (TestVersions:tearDownClass): 204 DELETE http://10.180.1.21:9696/networking/v2.0/security-groups/f015b262-59ce-48a3-8b9e-4407c4fca60e 0.085s
2025-01-27 14:00:00.316 68748 INFO tempest.lib.common.rest_client [req-745982b8-2102-43c9-a3e3-94c7f6365df4 req-745982b8-2102-43c9-a3e3-94c7f6365df4 ] Request (TestVersions:tearDownClass): 204 DELETE http://10.180.1.21/identity/v3/projects/296d3ee05734445390b56114c9314361 0.071s
2025-01-27 14:00:00.327 68716 INFO tempest.lib.common.rest_client [req-3f885f90-bf30-4677-bcd2-78bfe8af6411 req-3f885f90-bf30-4677-bcd2-78bfe8af6411 ] Request (ServersAdmin275Test:test_rebuild_update_server_275): 200 GET http://10.180.1.21/compute/v2.1/servers/af042cab-9132-4425-b017-133ec85afa0c 1.717s
2025-01-27 14:00:00.402 68708 INFO tempest.lib.common.rest_client [req-4332fd32-f8ec-46cb-b16d-43cf89d1ef0a req-4332fd32-f8ec-46cb-b16d-43cf89d1ef0a ] Request (ServersWithSpecificFlavorTestJSON:test_verify_created_server_ephemeral_disk): 200 GET http://10.180.1.21/compute/v2.1/servers/4a95ce6c-d1c0-4677-a330-70620a05989d 1.680s
2025-01-27 14:00:00.482 68752 INFO tempest.lib.common.rest_client [req-5f2d4f0b-fb85-4034-a109-68423d7949ef req-5f2d4f0b-fb85-4034-a109-68423d7949ef ] Request (ServersAdminNegativeTestJSON:setUpClass): 200 GET http://10.180.1.21/compute/v2.1/servers/cb3b9b8c-4a27-430d-8653-f1afe3ac52cd 1.738s
2025-01-27 14:00:00.575 68730 INFO tempest.lib.common.rest_client [req-8746e08a-15db-44b8-aebf-b44b748a25cf req-8746e08a-15db-44b8-aebf-b44b748a25cf ] Request (ServersAaction247Test:tearDownClass): 200 GET http://10.180.1.21/compute/v2.1/servers/3aca933d-f1e7-4dbe-a487-f8954da24981 1.781s
2025-01-27 14:00:00.794 68750 INFO tempest.lib.common.rest_client [req-428263c9-6309-43be-9632-532c92cf1d9f req-428263c9-6309-43be-9632-532c92cf1d9f ] Request (ServerExternalEventsTest:test_create_server_external_events): 200 GET http://10.180.1.21/compute/v2.1/servers/c16e39bd-3443-4dbb-8d5a-ab90cf27251f 1.978s
2025-01-27 14:00:00.800 68750 INFO tempest.common.waiters [-] State transition "BUILD/networking" ==> "BUILD/spawning" after 10 second wait
2025-01-27 14:00:00.865 68722 INFO tempest.lib.common.rest_client [req-7f5ada59-a336-4ffe-a65b-2ca19984413d req-7f5ada59-a336-4ffe-a65b-2ca19984413d ] Request (ServerDiskConfigTestJSON:test_rebuild_server_with_auto_disk_config): 200 GET http://10.180.1.21/compute/v2.1/servers/b5527c82-048e-4738-8878-0807aa609596 1.976s
2025-01-27 14:00:00.937 68744 INFO tempest.lib.common.rest_client [req-abdc5be7-3bb2-4730-91f4-d48b4fdc072e req-abdc5be7-3bb2-4730-91f4-d48b4fdc072e ] Request (FloatingIPsAssociationNegativeTestJSON:setUpClass): 200 GET http://10.180.1.21/compute/v2.1/servers/e433b5a0-2742-4897-a7d9-46571bcc0f2c 1.965s
2025-01-27 14:00:00.944 68744 INFO tempest.common.waiters [-] State transition "BUILD/scheduling" ==> "BUILD/None" after 3 second wait
2025-01-27 14:00:00.956 68734 INFO tempest.lib.common.rest_client [req-1b554e85-6bce-45e3-9fd4-b8cef3f65792 req-1b554e85-6bce-45e3-9fd4-b8cef3f65792 ] Request (ImagesTestJSON:test_create_image_from_stopped_server): 404 GET http://10.180.1.21/compute/v2.1/servers/05b2a777-cf0c-4fdf-a024-6949bd016f6f 1.866s
2025-01-27 14:00:00.994 68740 INFO tempest.lib.common.rest_client [req-3edb3bdc-5f14-4b7a-a540-02a4d9958637 req-3edb3bdc-5f14-4b7a-a540-02a4d9958637 ] Request (FloatingIPsTestJSON:test_delete_floating_ip): 404 GET http://10.180.1.21/compute/v2.1/os-floating-ips/a240a5d3-3f74-4f31-aacf-8371fba7e6b1 1.828s
2025-01-27 14:00:00.994 68726 INFO tempest.lib.common.rest_client [req-be3eff24-a5ac-4766-ba70-3175b10c4b75 req-be3eff24-a5ac-4766-ba70-3175b10c4b75 ] Request (ServerPasswordTestJSON:setUpClass): 202 POST http://10.180.1.21/compute/v2.1/servers 2.305s
2025-01-27 14:00:01.001 68724 INFO tempest.lib.common.rest_client [req-d0a7d055-7de2-4c10-8d00-7ab7e954b4a7 req-d0a7d055-7de2-4c10-8d00-7ab7e954b4a7 ] Request (SecurityGroupsNegativeTestJSON:test_delete_security_group_without_passing_id): 404 DELETE http://10.180.1.21/compute/v2.1/os-security-groups/ 1.664s
2025-01-27 14:00:01.041 68734 INFO tempest.lib.common.rest_client [req-6feeef43-38c0-49f9-a059-f8e270daa256 req-6feeef43-38c0-49f9-a059-f8e270daa256 ] Request (ImagesTestJSON:test_create_image_from_suspended_server): 201 POST http://10.180.1.21/identity/v3/auth/tokens 0.080s
2025-01-27 14:00:01.042 68734 INFO tempest.lib.common.fixed_network [-] (ImagesTestJSON:test_create_image_from_suspended_server) Found network {'id': 'ad47fa31-e24c-4370-87cb-09c42e9b65e3', 'name': 'tempest-ImagesTestJSON-1042966976-network', 'tenant_id': '0e4a3d4707b74087b11ee299cd02976c', 'admin_state_up': True, 'mtu': 8950, 'status': 'ACTIVE', 'subnets': [], 'shared': False, 'project_id': '0e4a3d4707b74087b11ee299cd02976c', 'port_security_enabled': True, 'router:external': False, 'provider:network_type': 'vlan', 'provider:physical_network': 'default', 'provider:segmentation_id': 630, 'availability_zone_hints': [], 'availability_zones': [], 'ipv4_address_scope': None, 'ipv6_address_scope': None, 'description': '', 'tags': [], 'created_at': '2025-01-27T13:59:23Z', 'updated_at': '2025-01-27T13:59:23Z', 'revision_number': 1} available for tenant
2025-01-27 14:00:01.212 68702 INFO tempest.lib.common.rest_client [req-b833dc31-a182-4d23-8d93-f6c9986bf639 req-b833dc31-a182-4d23-8d93-f6c9986bf639 ] Request (ServerDiagnosticsV248Test:test_get_server_diagnostics): 202 POST http://10.180.1.21/compute/v2.1/servers 1.852s
2025-01-27 14:00:01.222 68704 INFO tempest.lib.common.rest_client [req-8e15e7d2-77c3-41b1-b177-08694e19c503 req-8e15e7d2-77c3-41b1-b177-08694e19c503 ] Request (QuotasAdminTestJSON:test_delete_quota): 202 DELETE http://10.180.1.21/compute/v2.1/os-quota-sets/fb76f6af64fc4cacbebbf404c1b76636 1.692s
2025-01-27 14:00:01.282 68720 INFO tempest.lib.common.rest_client [req-3e39c67a-16a1-4313-85ae-d738cf3a24e4 req-3e39c67a-16a1-4313-85ae-d738cf3a24e4 ] Request (ServersTestJSON:setUpClass): 200 GET http://10.180.1.21/compute/v2.1/servers/6cdfeb65-c53f-4ba6-873c-88e593909878 1.589s
2025-01-27 14:00:01.294 68738 INFO tempest.lib.common.rest_client [req-88964a91-0a66-48e9-b973-c29fb01037c5 req-88964a91-0a66-48e9-b973-c29fb01037c5 ] Request (HypervisorAdminNegativeTestJSON:test_get_nonexistent_hypervisor_uptime): 404 GET http://10.180.1.21/compute/v2.1/os-hypervisors/31c4c77c-803a-414b-9745-e75a0b8a0a53/uptime 1.541s
2025-01-27 14:00:01.310 68700 INFO tempest.lib.common.rest_client [req-e8502b49-d80b-437c-b69d-e4008158310d req-e8502b49-d80b-437c-b69d-e4008158310d ] Request (FlavorsAccessNegativeTestJSON:test_remove_flavor_access_not_found): 200 POST http://10.180.1.21/compute/v2.1/flavors 1.553s
2025-01-27 14:00:01.312 68718 INFO tempest.lib.common.rest_client [req-bb1c3925-e7dc-4dc0-bed2-27b255c601af req-bb1c3925-e7dc-4dc0-bed2-27b255c601af ] Request (MultipleCreateNegativeTestJSON:test_max_count_non_integer): 400 POST http://10.180.1.21/compute/v2.1/servers 1.504s
2025-01-27 14:00:01.337 68754 INFO tempest.lib.common.rest_client [req-004aa4db-835d-4eb3-b321-57a7a23938f4 req-004aa4db-835d-4eb3-b321-57a7a23938f4 ] Request (FloatingIPsAssociationTestJSON:setUpClass): 404 GET http://10.180.1.21/compute/v2.1/servers/edc70971-dcfe-4575-9af8-d31e77d1bcf1 1.522s
2025-01-27 14:00:01.337 68754 INFO tempest.test [-] raised in FloatingIPsAssociationTestJSON.setUpClass. Invoking tearDownClass.
2025-01-27 14:00:01.370 68718 INFO tempest.lib.common.rest_client [req-925940c1-5db3-4ff3-9a2a-4eaf1499f3be req-925940c1-5db3-4ff3-9a2a-4eaf1499f3be ] Request (MultipleCreateNegativeTestJSON:test_min_count_less_than_one): 201 POST http://10.180.1.21/identity/v3/auth/tokens 0.049s
2025-01-27 14:00:01.371 68718 INFO tempest.lib.common.fixed_network [-] (MultipleCreateNegativeTestJSON:test_min_count_less_than_one) Found network None available for tenant
2025-01-27 14:00:01.400 68758 INFO tempest.lib.common.rest_client [req-2618b844-0848-4900-adb2-e70225b0d9c6 req-2618b844-0848-4900-adb2-e70225b0d9c6 ] Request (ServerRescueTestJSON:setUpClass): 200 GET http://10.180.1.21/compute/v2.1/servers/386935e4-c2b7-4207-9670-cd532ff12f70 1.527s
2025-01-27 14:00:01.418 68756 INFO tempest.lib.common.rest_client [req-e74614dd-ce51-4083-8f4f-ad090c576744 req-e74614dd-ce51-4083-8f4f-ad090c576744 ] Request (FlavorsAdminTestJSON:_run_cleanups): 202 DELETE http://10.180.1.21/compute/v2.1/flavors/1290103359 1.481s
2025-01-27 14:00:01.439 68710 INFO tempest.lib.common.rest_client [req-8c9e59d3-2c73-484b-889d-0d80834c7258 req-8c9e59d3-2c73-484b-889d-0d80834c7258 ] Request (AggregatesAdminNegativeTestJSON:_run_cleanups): 200 DELETE http://10.180.1.21/compute/v2.1/os-aggregates/5 1.487s
2025-01-27 14:00:01.454 68746 INFO tempest.lib.common.rest_client [req-c0780bc1-7479-4b21-b764-809bbdb62840 req-c0780bc1-7479-4b21-b764-809bbdb62840 ] Request (FlavorsV2TestJSON:test_list_flavors_detailed_using_marker): 200 GET http://10.180.1.21/compute/v2.1/flavors/42 1.498s
2025-01-27 14:00:01.542 68760 INFO tempest.lib.common.rest_client [req-d7955ed5-8064-4371-b4bc-3e7d8aaa7bcc req-d7955ed5-8064-4371-b4bc-3e7d8aaa7bcc ] Request (AttachInterfacesV270Test:test_create_get_list_interfaces): 202 POST http://10.180.1.21/compute/v2.1/servers 2.182s
2025-01-27 14:00:01.615 68732 INFO tempest.lib.common.rest_client [req-69d545e0-0094-417a-b184-46f7cd2064f2 req-69d545e0-0094-417a-b184-46f7cd2064f2 ] Request (SecurityGroupsTestAdminJSON:_run_cleanups): 202 DELETE http://10.180.1.21/compute/v2.1/os-security-groups/8513e0d5-ed19-40e8-bad3-bf12a9f0bdc9 1.630s
2025-01-27 14:00:01.680 68728 INFO tempest.lib.common.rest_client [req-2119d1fe-9fdd-43e9-9e29-93ac79a639c9 req-2119d1fe-9fdd-43e9-9e29-93ac79a639c9 ] Request (DeleteServersAdminTestJSON:test_delete_server_while_in_error_state): 200 GET http://10.180.1.21/compute/v2.1/servers/88322331-7cb9-46a9-8e8c-82f0198c90d8 1.272s
2025-01-27 14:00:01.733 68740 INFO tempest.lib.common.rest_client [req-db8c0faf-f897-4293-a613-b3eb9a7f762e req-db8c0faf-f897-4293-a613-b3eb9a7f762e ] Request (FloatingIPsTestJSON:_run_cleanups): 404 DELETE http://10.180.1.21/compute/v2.1/os-floating-ips/a240a5d3-3f74-4f31-aacf-8371fba7e6b1 0.738s
2025-01-27 14:00:01.768 68742 INFO tempest.lib.common.rest_client [req-b2e61636-6820-46fd-95be-88d7863a5722 req-b2e61636-6820-46fd-95be-88d7863a5722 ] Request (ServerActionsTestOtherB:setUpClass): 204 DELETE http://10.180.1.21/compute/v2.1/servers/ca66e019-db83-4510-a049-8e8147537fa5 1.568s
2025-01-27 14:00:01.786 68732 INFO tempest.lib.common.rest_client [req-5cd66469-8a47-42f3-93fc-05c4a4fddf06 req-5cd66469-8a47-42f3-93fc-05c4a4fddf06 ] Request (SecurityGroupsTestAdminJSON:tearDownClass): 204 DELETE http://10.180.1.21/identity/v3/users/e34ae76021324f1c9a46579a1227993a 0.168s
2025-01-27 14:00:01.806 68726 INFO tempest.lib.common.rest_client [req-5be2c0a8-edf9-47bf-a24f-9a747129dde2 req-5be2c0a8-edf9-47bf-a24f-9a747129dde2 ] Request (ServerPasswordTestJSON:setUpClass): 200 GET http://10.180.1.21/compute/v2.1/servers/249e5265-86b3-4ba8-96b9-d21ea0a5599d 0.809s
2025-01-27 14:00:01.873 68732 INFO tempest.lib.common.rest_client [req-7993d43c-7f12-40ca-8bbb-b9b667cef290 req-7993d43c-7f12-40ca-8bbb-b9b667cef290 ] Request (SecurityGroupsTestAdminJSON:tearDownClass): 204 DELETE http://10.180.1.21/identity/v3/users/96ec560894a94e1fbe09b533e13208aa 0.086s
2025-01-27 14:00:01.873 68732 INFO tempest.lib.common.dynamic_creds [-] Deleting project and security group for project: e6a9f8212f194469af85c4eed963d0aa
2025-01-27 14:00:01.940 68732 INFO tempest.lib.common.rest_client [req-4a74eba8-211f-44f1-a516-4cb59e0883e2 req-4a74eba8-211f-44f1-a516-4cb59e0883e2 ] Request (SecurityGroupsTestAdminJSON:tearDownClass): 201 POST http://10.180.1.21/identity/v3/auth/tokens 0.067s
2025-01-27 14:00:01.990 68724 INFO tempest.lib.common.rest_client [req-3ab9c1d7-8fe0-4307-aa51-412571372263 req-3ab9c1d7-8fe0-4307-aa51-412571372263 ] Request (SecurityGroupsNegativeTestJSON:test_delete_the_default_security_group): 200 GET http://10.180.1.21/compute/v2.1/os-security-groups 0.987s
2025-01-27 14:00:02.022 68698 INFO tempest.lib.common.rest_client [req-59a5fe0e-74de-47ec-99f0-47bb27bdb87a req-59a5fe0e-74de-47ec-99f0-47bb27bdb87a ] Request (ImagesNegativeTestJSON:test_create_image_from_deleted_server): 200 GET http://10.180.1.21/compute/v2.1/servers/49423ca9-a31f-44d0-b05e-ab78b6b31321 0.995s
2025-01-27 14:00:02.029 68698 INFO tempest.common.waiters [-] State transition "BUILD/networking" ==> "BUILD/spawning" after 12 second wait
2025-01-27 14:00:02.031 68732 INFO tempest.lib.common.rest_client [req-1f213e70-9bbe-4ab5-ad23-e04467d449af req-1f213e70-9bbe-4ab5-ad23-e04467d449af ] Request (SecurityGroupsTestAdminJSON:tearDownClass): 200 GET http://10.180.1.21:9696/networking/v2.0/security-groups?tenant_id=e6a9f8212f194469af85c4eed963d0aa&name=default 0.090s
2025-01-27 14:00:02.084 68754 INFO tempest.lib.common.rest_client [req-3b112411-7e84-4688-975c-97ae48988be6 req-3b112411-7e84-4688-975c-97ae48988be6 ] Request (FloatingIPsAssociationTestJSON:tearDownClass): 200 PUT http://10.180.1.21:9696/networking/v2.0/routers/a5431950-29c8-4b54-8424-ed60d613e2e3/remove_router_interface 0.747s
2025-01-27 14:00:02.102 68736 INFO tempest.lib.common.rest_client [req-3efbf547-0f32-4e21-83d4-ce95bcc081d1 req-3efbf547-0f32-4e21-83d4-ce95bcc081d1 ] Request (ServersAdminTestJSON:setUpClass): 200 GET http://10.180.1.21/compute/v2.1/servers/b17e7d01-93e2-4b1a-acd0-a344c5b4b1aa 1.040s
2025-01-27 14:00:02.327 68712 INFO tempest.lib.common.rest_client [req-19bb0209-8533-4348-8f9f-c232ed161c10 req-19bb0209-8533-4348-8f9f-c232ed161c10 ] Request (VolumesAssistedSnapshotsTest:test_volume_assisted_snapshot_create_delete): 200 GET http://10.180.1.21/compute/v2.1/servers/54e34c6f-3863-4683-b301-a6a9d25f1c4d 1.242s
2025-01-27 14:00:02.409 68714 INFO tempest.lib.common.rest_client [req-afc77205-4dc4-4faf-b524-1a3c5ac9a8f9 req-afc77205-4dc4-4faf-b524-1a3c5ac9a8f9 ] Request (TenantUsagesTestJSON:setUpClass): 200 GET http://10.180.1.21/compute/v2.1/servers/4b0f2983-2bc8-43c9-8ff4-9f68bd55daf0 1.273s
2025-01-27 14:00:02.416 68714 INFO tempest.common.waiters [-] State transition "BUILD/None" ==> "BUILD/networking" after 11 second wait
2025-01-27 14:00:02.431 68754 INFO tempest.lib.common.rest_client [req-d5590b57-7a04-4ae1-bd85-6e9c6a381325 req-d5590b57-7a04-4ae1-bd85-6e9c6a381325 ] Request (FloatingIPsAssociationTestJSON:tearDownClass): 204 DELETE http://10.180.1.21:9696/networking/v2.0/routers/a5431950-29c8-4b54-8424-ed60d613e2e3 0.346s
2025-01-27 14:00:02.490 68732 INFO tempest.lib.common.rest_client [req-03906a71-6b0f-4b39-955d-f6be9a57fc19 req-03906a71-6b0f-4b39-955d-f6be9a57fc19 ] Request (SecurityGroupsTestAdminJSON:tearDownClass): 204 DELETE http://10.180.1.21:9696/networking/v2.0/security-groups/7fe4184d-78cb-4555-88e8-b910e7945277 0.459s
2025-01-27 14:00:02.502 68702 INFO tempest.lib.common.rest_client [req-24d25e36-2169-4634-bbaf-9b783438723b req-24d25e36-2169-4634-bbaf-9b783438723b ] Request (ServerDiagnosticsV248Test:test_get_server_diagnostics): 200 GET http://10.180.1.21/compute/v2.1/servers/b4bcab92-0007-4952-8d74-c470049edd71 1.288s
2025-01-27 14:00:02.582 68754 INFO tempest.lib.common.rest_client [req-59a4593c-384f-4cc1-84fc-ae0e1d6b8963 req-59a4593c-384f-4cc1-84fc-ae0e1d6b8963 ] Request (FloatingIPsAssociationTestJSON:tearDownClass): 204 DELETE http://10.180.1.21:9696/networking/v2.0/subnets/18eb1bdd-6be2-41c2-a263-99482d0e3283 0.150s
2025-01-27 14:00:02.600 68732 INFO tempest.lib.common.rest_client [req-b5f24905-c365-4b45-8560-eda9c19cfc19 req-b5f24905-c365-4b45-8560-eda9c19cfc19 ] Request (SecurityGroupsTestAdminJSON:tearDownClass): 204 DELETE http://10.180.1.21/identity/v3/projects/e6a9f8212f194469af85c4eed963d0aa 0.110s
2025-01-27 14:00:02.601 68732 INFO tempest.lib.common.dynamic_creds [-] Deleting project and security group for project: ad270f87be674d76979f41def2ccd21b
2025-01-27 14:00:02.645 68732 INFO tempest.lib.common.rest_client [req-443c413d-7c7a-4380-abd6-139d12a1a596 req-443c413d-7c7a-4380-abd6-139d12a1a596 ] Request (SecurityGroupsTestAdminJSON:tearDownClass): 200 GET http://10.180.1.21:9696/networking/v2.0/security-groups?tenant_id=ad270f87be674d76979f41def2ccd21b&name=default 0.044s
2025-01-27 14:00:02.673 68704 INFO tempest.lib.common.rest_client [req-90f91616-a63a-4e0d-8fa2-3cabe879655f req-90f91616-a63a-4e0d-8fa2-3cabe879655f ] Request (QuotasAdminTestJSON:test_delete_quota): 200 GET http://10.180.1.21/compute/v2.1/os-quota-sets/fb76f6af64fc4cacbebbf404c1b76636 1.450s
2025-01-27 14:00:02.705 68738 INFO tempest.lib.common.rest_client [req-4ffaf1a3-c8df-45a0-b18a-e57f39f2ca7c req-4ffaf1a3-c8df-45a0-b18a-e57f39f2ca7c ] Request (HypervisorAdminNegativeTestJSON:test_show_hypervisor_with_non_admin_user): 200 GET http://10.180.1.21/compute/v2.1/os-hypervisors 1.410s
2025-01-27 14:00:02.751 68704 INFO tempest.lib.common.rest_client [req-d3501e55-6b79-4e20-93db-cc70fd75f41c req-d3501e55-6b79-4e20-93db-cc70fd75f41c ] Request (QuotasAdminTestJSON:_run_cleanups): 204 DELETE http://10.180.1.21/identity/v3/projects/fb76f6af64fc4cacbebbf404c1b76636 0.076s
2025-01-27 14:00:02.773 68732 INFO tempest.lib.common.rest_client [req-a766fd35-5495-4be0-9c92-30a239bbe49d req-a766fd35-5495-4be0-9c92-30a239bbe49d ] Request (SecurityGroupsTestAdminJSON:tearDownClass): 204 DELETE http://10.180.1.21:9696/networking/v2.0/security-groups/cf01ebf7-e32f-4f8e-a697-1f14e10d011d 0.128s
2025-01-27 14:00:02.852 68734 INFO tempest.lib.common.rest_client [req-5fa4c11a-38f9-46c8-ac56-9c09b185d2f5 req-5fa4c11a-38f9-46c8-ac56-9c09b185d2f5 ] Request (ImagesTestJSON:test_create_image_from_suspended_server): 202 POST http://10.180.1.21/compute/v2.1/servers 1.809s
2025-01-27 14:00:02.881 68700 INFO tempest.lib.common.rest_client [req-5817460c-b7f0-48f8-bc4b-8a9750d3d1a6 req-5817460c-b7f0-48f8-bc4b-8a9750d3d1a6 ] Request (FlavorsAccessNegativeTestJSON:test_remove_flavor_access_not_found): 404 POST http://10.180.1.21/compute/v2.1/flavors/2050347476/action 1.568s
2025-01-27 14:00:02.886 68732 INFO tempest.lib.common.rest_client [req-1f4fb790-7359-4c0b-b9f3-5e08681751c5 req-1f4fb790-7359-4c0b-b9f3-5e08681751c5 ] Request (SecurityGroupsTestAdminJSON:tearDownClass): 204 DELETE http://10.180.1.21/identity/v3/projects/ad270f87be674d76979f41def2ccd21b 0.112s
2025-01-27 14:00:02.890 68718 INFO tempest.lib.common.rest_client [req-a8cd3500-c6ad-4094-944c-0c08d1225a74 req-a8cd3500-c6ad-4094-944c-0c08d1225a74 ] Request (MultipleCreateNegativeTestJSON:test_min_count_less_than_one): 400 POST http://10.180.1.21/compute/v2.1/servers 1.519s
2025-01-27 14:00:02.940 68754 INFO tempest.lib.common.rest_client [req-83e8c82d-27bb-4d06-b7d1-8512c2f21a02 req-83e8c82d-27bb-4d06-b7d1-8512c2f21a02 ] Request (FloatingIPsAssociationTestJSON:tearDownClass): 204 DELETE http://10.180.1.21:9696/networking/v2.0/networks/aeeec43d-1caa-4aa2-83c5-d5796f699db5 0.357s
2025-01-27 14:00:02.953 68732 INFO tempest.lib.common.rest_client [req-51511843-7bbe-464b-9581-7c13ee17332f req-51511843-7bbe-464b-9581-7c13ee17332f ] Request (SecurityGroupRulesNegativeTestJSON:setUpClass): 201 POST http://10.180.1.21/identity/v3/auth/tokens 0.064s
2025-01-27 14:00:02.956 68716 INFO tempest.lib.common.rest_client [req-147b157b-dc44-4511-a02f-a7ec05f84d1c req-147b157b-dc44-4511-a02f-a7ec05f84d1c ] Request (ServersAdmin275Test:test_rebuild_update_server_275): 200 GET http://10.180.1.21/compute/v2.1/servers/af042cab-9132-4425-b017-133ec85afa0c 1.612s
2025-01-27 14:00:02.966 68718 INFO tempest.lib.common.rest_client [req-c8f781ca-486f-409f-a152-8e26c4534bab req-c8f781ca-486f-409f-a152-8e26c4534bab ] Request (MultipleCreateNegativeTestJSON:test_min_count_non_integer): 201 POST http://10.180.1.21/identity/v3/auth/tokens 0.071s
2025-01-27 14:00:02.967 68718 INFO tempest.lib.common.fixed_network [-] (MultipleCreateNegativeTestJSON:test_min_count_non_integer) Found network None available for tenant
2025-01-27 14:00:02.974 68708 INFO tempest.lib.common.rest_client [req-bef85df2-7cdf-4d07-8f7b-8a38a007cba1 req-bef85df2-7cdf-4d07-8f7b-8a38a007cba1 ] Request (ServersWithSpecificFlavorTestJSON:test_verify_created_server_ephemeral_disk): 200 GET http://10.180.1.21/compute/v2.1/servers/4a95ce6c-d1c0-4677-a330-70620a05989d 1.559s
2025-01-27 14:00:02.978 68756 INFO tempest.lib.common.rest_client [req-7334e847-1599-4771-a287-7d0f6265acaf req-7334e847-1599-4771-a287-7d0f6265acaf ] Request (FlavorsAdminTestJSON:_run_cleanups): 200 GET http://10.180.1.21/compute/v2.1/flavors/detail 1.560s
2025-01-27 14:00:02.992 68710 INFO tempest.lib.common.rest_client [req-7f2d6972-f109-4f02-9d6c-eec2b14558d2 req-7f2d6972-f109-4f02-9d6c-eec2b14558d2 ] Request (AggregatesAdminNegativeTestJSON:test_aggregate_delete_with_invalid_id): 404 DELETE http://10.180.1.21/compute/v2.1/os-aggregates/-1 1.552s
