2024-09-30 19:14:46.536 63775 INFO tempest.lib.common.rest_client [req-0e526ea1-1629-4e5e-b8d8-5e0afebd2147 req-0e526ea1-1629-4e5e-b8d8-5e0afebd2147 ] Request (FlavorsExtraSpecsTestJSON:setUpClass): 201 POST http://10.180.1.21/identity/v3/auth/tokens 0.153s
2024-09-30 19:14:46.568 63723 INFO tempest.lib.common.rest_client [req-5b4325da-c1cc-47bb-9320-5082a4bd156f req-5b4325da-c1cc-47bb-9320-5082a4bd156f ] Request (HypervisorAdminUnderV252Test:tearDownClass): 200 GET http://10.180.1.21:9696/networking/v2.0/security-groups?tenant_id=5d900b37f99449c9a4fe3e364aca83de&name=default 0.400s
2024-09-30 19:14:46.583 63783 INFO tempest.lib.common.rest_client [req-8c409507-b7ab-4774-8a22-fce039724f7e req-8c409507-b7ab-4774-8a22-fce039724f7e ] Request (QuotasAdminTestV236:tearDownClass): 201 POST http://10.180.1.21/identity/v3/auth/tokens 0.141s
2024-09-30 19:14:46.593 63785 INFO tempest.lib.common.rest_client [req-0805a1d2-0983-4a87-9bc9-a6a615e2bf89 req-0805a1d2-0983-4a87-9bc9-a6a615e2bf89 ] Request (QuotasAdminTestV257:setUpClass): 201 POST http://10.180.1.21/identity/v3/users 0.117s
2024-09-30 19:14:46.596 63741 INFO tempest.lib.common.rest_client [req-5737db29-fb01-425c-ad4b-93bf19c27270 req-5737db29-fb01-425c-ad4b-93bf19c27270 ] Request (QuotasAdminTestJSON:setUpClass): 200 GET http://10.180.1.21/identity/v3/roles 0.067s
2024-09-30 19:14:46.608 63785 INFO tempest.lib.common.rest_client [req-73809872-0de5-4558-84d9-5aa0a63e64ac req-73809872-0de5-4558-84d9-5aa0a63e64ac ] Request (QuotasAdminTestV257:setUpClass): 200 GET http://10.180.1.21/identity/v3/roles 0.014s
2024-09-30 19:14:46.616 63775 INFO tempest.lib.common.rest_client [req-868907e7-74d1-4992-bfc1-58806c06c54c req-868907e7-74d1-4992-bfc1-58806c06c54c ] Request (FlavorsExtraSpecsTestJSON:setUpClass): 201 POST http://10.180.1.21/identity/v3/auth/tokens 0.076s
2024-09-30 19:14:46.634 63741 INFO tempest.lib.common.rest_client [req-ddfffda0-5b9f-463e-8630-8d788edcf69f req-ddfffda0-5b9f-463e-8630-8d788edcf69f ] Request (QuotasAdminTestJSON:setUpClass): 204 PUT http://10.180.1.21/identity/v3/projects/2d997c90053342a5a765193603d7572b/users/e2c97a40e9304da3991fb37b80c0ccd9/roles/da83f441d3584c5595687da376267752 0.038s
2024-09-30 19:14:46.635 63741 INFO tempest.lib.common.dynamic_creds [-] Dynamic test user e2c97a40e9304da3991fb37b80c0ccd9 is created with scope project and roles: ['admin']
2024-09-30 19:14:46.635 63741 INFO tempest.lib.common.dynamic_creds [-] Acquired dynamic creds: credentials: Credentials: {'domain_id': 'default', 'domain_name': 'Default', 'username': 'tempest-QuotasAdminTestJSON-2033539457-project-admin', 'project_domain_id': 'default', 'project_domain_name': 'Default', 'project_id': '2d997c90053342a5a765193603d7572b', 'project_name': 'tempest-QuotasAdminTestJSON-2033539457', 'tenant_id': '2d997c90053342a5a765193603d7572b', 'tenant_name': 'tempest-QuotasAdminTestJSON-2033539457', 'user_domain_id': 'default', 'user_domain_name': 'Default', 'user_id': 'e2c97a40e9304da3991fb37b80c0ccd9', 'system': None}, Network: None, Subnet: None, Router: None
2024-09-30 19:14:46.635 63741 INFO tempest.lib.common.dynamic_creds [-] Created isolated network resources for: credentials: Credentials: {'domain_id': 'default', 'domain_name': 'Default', 'username': 'tempest-QuotasAdminTestJSON-2033539457-project-admin', 'project_domain_id': 'default', 'project_domain_name': 'Default', 'project_id': '2d997c90053342a5a765193603d7572b', 'project_name': 'tempest-QuotasAdminTestJSON-2033539457', 'tenant_id': '2d997c90053342a5a765193603d7572b', 'tenant_name': 'tempest-QuotasAdminTestJSON-2033539457', 'user_domain_id': 'default', 'user_domain_name': 'Default', 'user_id': 'e2c97a40e9304da3991fb37b80c0ccd9', 'system': None}, Network: None, Subnet: None, Router: None
2024-09-30 19:14:46.636 63769 INFO tempest.lib.common.rest_client [req-6a709feb-ca75-4f25-ba04-41889f04ade9 req-6a709feb-ca75-4f25-ba04-41889f04ade9 ] Request (FloatingIPsAssociationTestJSON:setUpClass): 200 GET http://10.180.1.21/compute/v2.1/servers/a577fdfb-711e-4f8d-b111-80e093374fc4 2.086s
2024-09-30 19:14:46.645 63769 INFO tempest.common.waiters [-] State transition "BUILD/block_device_mapping" ==> "BUILD/spawning" after 6 second wait
2024-09-30 19:14:46.664 63755 INFO tempest.lib.common.rest_client [req-b8ecd903-8fa7-489c-998c-c4311eb14d3d req-b8ecd903-8fa7-489c-998c-c4311eb14d3d ] Request (FlavorsAdminTestJSON:test_create_flavor_verify_entry_in_list_details): 200 GET http://10.180.1.21/compute/v2.1/flavors/detail 2.103s
2024-09-30 19:14:46.691 63785 INFO tempest.lib.common.rest_client [req-fd216dd6-5da1-4e62-b3e1-f3036a92d40d req-fd216dd6-5da1-4e62-b3e1-f3036a92d40d ] Request (QuotasAdminTestV257:setUpClass): 204 PUT http://10.180.1.21/identity/v3/projects/e9f670df3f3c42b99188e11430edfca3/users/98fc5d4b94d74f4b9db081e05d44fc30/roles/250feb7ef32642b8bb1ba96bdbef69b4 0.083s
2024-09-30 19:14:46.692 63785 INFO tempest.lib.common.dynamic_creds [-] Dynamic test user 98fc5d4b94d74f4b9db081e05d44fc30 is created with scope project and roles: ['member']
2024-09-30 19:14:46.692 63785 INFO tempest.lib.common.dynamic_creds [-] Acquired dynamic creds: credentials: Credentials: {'domain_id': 'default', 'domain_name': 'Default', 'username': 'tempest-QuotasAdminTestV257-1900569719-project-member', 'project_domain_id': 'default', 'project_domain_name': 'Default', 'project_id': 'e9f670df3f3c42b99188e11430edfca3', 'project_name': 'tempest-QuotasAdminTestV257-1900569719', 'tenant_id': 'e9f670df3f3c42b99188e11430edfca3', 'tenant_name': 'tempest-QuotasAdminTestV257-1900569719', 'user_domain_id': 'default', 'user_domain_name': 'Default', 'user_id': '98fc5d4b94d74f4b9db081e05d44fc30', 'system': None}, Network: None, Subnet: None, Router: None
2024-09-30 19:14:46.692 63785 INFO tempest.lib.common.dynamic_creds [-] Created isolated network resources for: credentials: Credentials: {'domain_id': 'default', 'domain_name': 'Default', 'username': 'tempest-QuotasAdminTestV257-1900569719-project-member', 'project_domain_id': 'default', 'project_domain_name': 'Default', 'project_id': 'e9f670df3f3c42b99188e11430edfca3', 'project_name': 'tempest-QuotasAdminTestV257-1900569719', 'tenant_id': 'e9f670df3f3c42b99188e11430edfca3', 'tenant_name': 'tempest-QuotasAdminTestV257-1900569719', 'user_domain_id': 'default', 'user_domain_name': 'Default', 'user_id': '98fc5d4b94d74f4b9db081e05d44fc30', 'system': None}, Network: None, Subnet: None, Router: None
2024-09-30 19:14:46.741 63775 INFO tempest.lib.common.rest_client [req-ab4ac740-1a2b-454e-aceb-cf773117e4ae req-ab4ac740-1a2b-454e-aceb-cf773117e4ae ] Request (FlavorsExtraSpecsTestJSON:setUpClass): 200 GET http://10.180.1.21/identity/v3/domains?name=Default 0.124s
2024-09-30 19:14:46.766 63759 INFO tempest.lib.common.rest_client [req-8d7d2a5a-c097-485c-972b-eec2ee3558d9 req-8d7d2a5a-c097-485c-972b-eec2ee3558d9 ] Request (InstanceActionsTestJSON:setUpClass): 200 GET http://10.180.1.21/compute/v2.1/servers/5e32d6c0-d943-416f-9a54-e3511c933ca9 2.154s
2024-09-30 19:14:46.773 63741 INFO tempest.lib.common.rest_client [req-8b59f2a6-f4b7-42ce-94fc-de2c5223b2a6 req-8b59f2a6-f4b7-42ce-94fc-de2c5223b2a6 ] Request (QuotasAdminTestJSON:setUpClass): 201 POST http://10.180.1.21/identity/v3/auth/tokens 0.132s
2024-09-30 19:14:46.774 63741 WARNING tempest.lib.common.rest_client [-] Deprecated: "tenant_id" property is deprecated for removal, use "project_id" instead
2024-09-30 19:14:46.805 63775 INFO tempest.lib.common.rest_client [req-3d7fe9f8-1f86-49f6-9558-83596023ded6 req-3d7fe9f8-1f86-49f6-9558-83596023ded6 ] Request (FlavorsExtraSpecsTestJSON:setUpClass): 201 POST http://10.180.1.21/identity/v3/projects 0.063s
2024-09-30 19:14:46.820 63785 INFO tempest.lib.common.rest_client [req-2d2f8c3e-7f5a-41e3-81de-0029adc0dbd0 req-2d2f8c3e-7f5a-41e3-81de-0029adc0dbd0 ] Request (QuotasAdminTestV257:setUpClass): 201 POST http://10.180.1.21/identity/v3/auth/tokens 0.124s
2024-09-30 19:14:46.846 63749 INFO tempest.lib.common.rest_client [req-37108d4e-b872-4c39-a679-0264bb994b8a req-37108d4e-b872-4c39-a679-0264bb994b8a ] Request (HypervisorAdminTestJSON:tearDownClass): 204 DELETE http://10.180.1.21:9696/networking/v2.0/security-groups/3eedc816-2ac3-47b4-8207-14d5c3b2210b 0.396s
2024-09-30 19:14:46.849 63733 INFO tempest.lib.common.rest_client [req-8688d53d-07dc-4969-80c2-c6c244e1d49c req-8688d53d-07dc-4969-80c2-c6c244e1d49c ] Request (ServerActionsV293TestJSON:setUpClass): 201 POST http://10.180.1.21:9696/networking/v2.0/security-group-rules 0.563s
2024-09-30 19:14:46.862 63773 INFO tempest.lib.common.rest_client [req-3ea1eaf5-760b-4a7e-a99e-c24442d0a5b3 req-3ea1eaf5-760b-4a7e-a99e-c24442d0a5b3 ] Request (MigrationsAdminTest:test_list_migrations_in_flavor_resize_situation): 200 GET http://10.180.1.21/compute/v2.1/servers/276c32a2-da0f-420f-a9f2-b13c1fd62586 2.192s
2024-09-30 19:14:46.862 63775 INFO tempest.lib.common.rest_client [req-c3967f59-3fd4-4b63-9454-784f8a6ec96d req-c3967f59-3fd4-4b63-9454-784f8a6ec96d ] Request (FlavorsExtraSpecsTestJSON:setUpClass): 201 POST http://10.180.1.21/identity/v3/users 0.057s
2024-09-30 19:14:46.885 63735 INFO tempest.lib.common.rest_client [req-c8ab7383-048e-4dec-a67a-19c9f27be81d req-c8ab7383-048e-4dec-a67a-19c9f27be81d ] Request (FlavorsV255TestJSON:test_crud_flavor): 200 GET http://10.180.1.21/compute/v2.1/flavors 2.197s
2024-09-30 19:14:46.886 63785 INFO tempest.lib.common.rest_client [req-9ca15c76-ca90-4c8c-81c5-33f5994d7f1d req-9ca15c76-ca90-4c8c-81c5-33f5994d7f1d ] Request (QuotasAdminTestV257:setUpClass): 201 POST http://10.180.1.21/identity/v3/projects 0.065s
2024-09-30 19:14:46.900 63777 INFO tempest.lib.common.rest_client [req-717bf6c8-9811-466a-b6c1-ee38c879d8f6 req-717bf6c8-9811-466a-b6c1-ee38c879d8f6 ] Request (AttachInterfacesTestJSON:setUpClass): 201 POST http://10.180.1.21:9696/networking/v2.0/networks 1.119s
2024-09-30 19:14:46.935 63723 INFO tempest.lib.common.rest_client [req-bf542cb2-5973-4ccf-bd2d-5f4d97eac708 req-bf542cb2-5973-4ccf-bd2d-5f4d97eac708 ] Request (HypervisorAdminUnderV252Test:tearDownClass): 204 DELETE http://10.180.1.21:9696/networking/v2.0/security-groups/6e7b6269-6135-4dad-b5a3-d79cfb0d8660 0.367s
2024-09-30 19:14:46.968 63749 INFO tempest.lib.common.rest_client [req-e5bffadc-cbee-4c63-b9ce-3bd6f5cb6ebc req-e5bffadc-cbee-4c63-b9ce-3bd6f5cb6ebc ] Request (HypervisorAdminTestJSON:tearDownClass): 204 DELETE http://10.180.1.21/identity/v3/projects/d538442181e84801b7fcfcf84fef9bcf 0.122s
2024-09-30 19:14:46.994 63729 INFO tempest.lib.common.rest_client [req-15a8c97b-dbe3-43a2-8894-44fe18c19830 req-15a8c97b-dbe3-43a2-8894-44fe18c19830 ] Request (ServersAdmin275Test:test_rebuild_update_server_275): 200 GET http://10.180.1.21/compute/v2.1/servers/013f2d36-9578-45d2-aff0-170b5fd97506 2.185s
2024-09-30 19:14:47.011 63775 INFO tempest.lib.common.rest_client [req-43ce05c1-9fa6-41ad-aca4-9f808ea297da req-43ce05c1-9fa6-41ad-aca4-9f808ea297da ] Request (FlavorsExtraSpecsTestJSON:setUpClass): 200 GET http://10.180.1.21/identity/v3/roles 0.148s
2024-09-30 19:14:47.012 63743 INFO tempest.lib.common.rest_client [req-2139b129-f6ab-4ebb-bc54-9468b5a607f8 req-2139b129-f6ab-4ebb-bc54-9468b5a607f8 ] Request (FlavorsAccessTestJSON:test_flavor_access_add_remove): 200 GET http://10.180.1.21/compute/v2.1/flavors/detail 2.155s
2024-09-30 19:14:47.045 63747 INFO tempest.lib.common.rest_client [req-d15f7b01-2386-4212-b9e6-3188557d2c0f req-d15f7b01-2386-4212-b9e6-3188557d2c0f ] Request (ImagesNegativeTestJSON:test_create_image_from_deleted_server): 202 POST http://10.180.1.21/compute/v2.1/servers 2.524s
2024-09-30 19:14:47.063 63785 INFO tempest.lib.common.rest_client [req-c8e4135b-39f0-45ea-bb3a-c3b3c473624b req-c8e4135b-39f0-45ea-bb3a-c3b3c473624b ] Request (QuotasAdminTestV257:setUpClass): 201 POST http://10.180.1.21/identity/v3/users 0.176s
2024-09-30 19:14:47.086 63723 INFO tempest.lib.common.rest_client [req-c76fb2bf-d335-4b99-8e91-89cec48efb50 req-c76fb2bf-d335-4b99-8e91-89cec48efb50 ] Request (HypervisorAdminUnderV252Test:tearDownClass): 204 DELETE http://10.180.1.21/identity/v3/projects/5d900b37f99449c9a4fe3e364aca83de 0.150s
2024-09-30 19:14:47.128 63749 INFO tempest.lib.common.rest_client [req-153a3a65-b2c5-40c7-8164-819d7a12db49 req-153a3a65-b2c5-40c7-8164-819d7a12db49 ] Request (ServerDiagnosticsTest:setUpClass): 201 POST http://10.180.1.21/identity/v3/auth/tokens 0.158s
2024-09-30 19:14:47.142 63785 INFO tempest.lib.common.rest_client [req-1be1b820-13e2-4858-b381-6793da00e3a1 req-1be1b820-13e2-4858-b381-6793da00e3a1 ] Request (QuotasAdminTestV257:setUpClass): 200 GET http://10.180.1.21/identity/v3/roles 0.078s
2024-09-30 19:14:47.142 63783 INFO tempest.lib.common.rest_client [req-15600b2c-fa2f-40cc-bca1-a31cf095db92 req-15600b2c-fa2f-40cc-bca1-a31cf095db92 ] Request (QuotasAdminTestV236:tearDownClass): 200 GET http://10.180.1.21:9696/networking/v2.0/security-groups?tenant_id=edc7fe5f086f4b76bb10e83aecca1b39&name=default 0.559s
2024-09-30 19:14:47.183 63723 INFO tempest.lib.common.rest_client [req-6610ab93-9fec-4537-a3d9-013a45a3ce72 req-6610ab93-9fec-4537-a3d9-013a45a3ce72 ] Request (QuotasSecurityGroupAdminNegativeTest:setUpClass): 201 POST http://10.180.1.21/identity/v3/auth/tokens 0.095s
2024-09-30 19:14:47.199 63775 INFO tempest.lib.common.rest_client [req-f1c847b8-ae34-47aa-b04a-f2340a78a3e1 req-f1c847b8-ae34-47aa-b04a-f2340a78a3e1 ] Request (FlavorsExtraSpecsTestJSON:setUpClass): 204 PUT http://10.180.1.21/identity/v3/projects/ab2d3acfe1904c2bad645631088d06f0/users/667c958ef7634966a4d2503696e646f1/roles/250feb7ef32642b8bb1ba96bdbef69b4 0.187s
2024-09-30 19:14:47.199 63775 INFO tempest.lib.common.dynamic_creds [-] Dynamic test user 667c958ef7634966a4d2503696e646f1 is created with scope project and roles: ['member']
2024-09-30 19:14:47.200 63775 INFO tempest.lib.common.dynamic_creds [-] Acquired dynamic creds: credentials: Credentials: {'domain_id': 'default', 'domain_name': 'Default', 'username': 'tempest-FlavorsExtraSpecsTestJSON-1305980070-project-member', 'project_domain_id': 'default', 'project_domain_name': 'Default', 'project_id': 'ab2d3acfe1904c2bad645631088d06f0', 'project_name': 'tempest-FlavorsExtraSpecsTestJSON-1305980070', 'tenant_id': 'ab2d3acfe1904c2bad645631088d06f0', 'tenant_name': 'tempest-FlavorsExtraSpecsTestJSON-1305980070', 'user_domain_id': 'default', 'user_domain_name': 'Default', 'user_id': '667c958ef7634966a4d2503696e646f1', 'system': None}, Network: None, Subnet: None, Router: None
2024-09-30 19:14:47.200 63775 INFO tempest.lib.common.dynamic_creds [-] Created isolated network resources for: credentials: Credentials: {'domain_id': 'default', 'domain_name': 'Default', 'username': 'tempest-FlavorsExtraSpecsTestJSON-1305980070-project-member', 'project_domain_id': 'default', 'project_domain_name': 'Default', 'project_id': 'ab2d3acfe1904c2bad645631088d06f0', 'project_name': 'tempest-FlavorsExtraSpecsTestJSON-1305980070', 'tenant_id': 'ab2d3acfe1904c2bad645631088d06f0', 'tenant_name': 'tempest-FlavorsExtraSpecsTestJSON-1305980070', 'user_domain_id': 'default', 'user_domain_name': 'Default', 'user_id': '667c958ef7634966a4d2503696e646f1', 'system': None}, Network: None, Subnet: None, Router: None
2024-09-30 19:14:47.275 63749 INFO tempest.lib.common.rest_client [req-a479a3c7-7eee-4e63-b9bc-91f6ceb40b4c req-a479a3c7-7eee-4e63-b9bc-91f6ceb40b4c ] Request (ServerDiagnosticsTest:setUpClass): 201 POST http://10.180.1.21/identity/v3/auth/tokens 0.145s
2024-09-30 19:14:47.286 63785 INFO tempest.lib.common.rest_client [req-aaad0846-bd15-4909-863c-fb02d0d84095 req-aaad0846-bd15-4909-863c-fb02d0d84095 ] Request (QuotasAdminTestV257:setUpClass): 204 PUT http://10.180.1.21/identity/v3/projects/6a5e792ff8d4499a815daf671609078b/users/02b3ca9b4389494fb753ccd39a9ae71a/roles/da83f441d3584c5595687da376267752 0.143s
2024-09-30 19:14:47.352 63733 INFO tempest.lib.common.rest_client [req-85efdf89-f096-4dee-86ae-f1094eb9d14e req-85efdf89-f096-4dee-86ae-f1094eb9d14e ] Request (ServerActionsV293TestJSON:setUpClass): 201 POST http://10.180.1.21:9696/networking/v2.0/security-group-rules 0.502s
2024-09-30 19:14:47.381 63723 INFO tempest.lib.common.rest_client [req-48b2c53f-e506-4a76-938d-d95da59c7673 req-48b2c53f-e506-4a76-938d-d95da59c7673 ] Request (QuotasSecurityGroupAdminNegativeTest:setUpClass): 201 POST http://10.180.1.21/identity/v3/auth/tokens 0.194s
2024-09-30 19:14:47.381 63775 INFO tempest.lib.common.rest_client [req-d87ff356-aa67-4f85-bd8b-1e6667f0bb1b req-d87ff356-aa67-4f85-bd8b-1e6667f0bb1b ] Request (FlavorsExtraSpecsTestJSON:setUpClass): 201 POST http://10.180.1.21/identity/v3/auth/tokens 0.174s
2024-09-30 19:14:47.399 63785 INFO tempest.lib.common.rest_client [req-d4c38df8-2fe2-4c0f-b206-92231e381340 req-d4c38df8-2fe2-4c0f-b206-92231e381340 ] Request (QuotasAdminTestV257:setUpClass): 200 GET http://10.180.1.21/identity/v3/roles 0.112s
2024-09-30 19:14:47.404 63749 INFO tempest.lib.common.rest_client [req-6a616109-d88f-46c6-bbb2-b51f6e4ee3d3 req-6a616109-d88f-46c6-bbb2-b51f6e4ee3d3 ] Request (ServerDiagnosticsTest:setUpClass): 200 GET http://10.180.1.21/identity/v3/domains?name=Default 0.129s
2024-09-30 19:14:47.424 63723 INFO tempest.lib.common.rest_client [req-409b1484-da1d-47f5-8cce-a392ef1a259e req-409b1484-da1d-47f5-8cce-a392ef1a259e ] Request (QuotasSecurityGroupAdminNegativeTest:setUpClass): 200 GET http://10.180.1.21/identity/v3/domains?name=Default 0.043s
2024-09-30 19:14:47.440 63785 INFO tempest.lib.common.rest_client [req-dcea5488-1c85-4d83-ac86-fe551b21b3d0 req-dcea5488-1c85-4d83-ac86-fe551b21b3d0 ] Request (QuotasAdminTestV257:setUpClass): 204 PUT http://10.180.1.21/identity/v3/projects/6a5e792ff8d4499a815daf671609078b/users/02b3ca9b4389494fb753ccd39a9ae71a/roles/da83f441d3584c5595687da376267752 0.040s
2024-09-30 19:14:47.440 63785 INFO tempest.lib.common.dynamic_creds [-] Dynamic test user 02b3ca9b4389494fb753ccd39a9ae71a is created with scope project and roles: ['admin']
2024-09-30 19:14:47.441 63785 INFO tempest.lib.common.dynamic_creds [-] Acquired dynamic creds: credentials: Credentials: {'domain_id': 'default', 'domain_name': 'Default', 'username': 'tempest-QuotasAdminTestV257-1770222699-project-admin', 'project_domain_id': 'default', 'project_domain_name': 'Default', 'project_id': '6a5e792ff8d4499a815daf671609078b', 'project_name': 'tempest-QuotasAdminTestV257-1770222699', 'tenant_id': '6a5e792ff8d4499a815daf671609078b', 'tenant_name': 'tempest-QuotasAdminTestV257-1770222699', 'user_domain_id': 'default', 'user_domain_name': 'Default', 'user_id': '02b3ca9b4389494fb753ccd39a9ae71a', 'system': None}, Network: None, Subnet: None, Router: None
2024-09-30 19:14:47.441 63785 INFO tempest.lib.common.dynamic_creds [-] Created isolated network resources for: credentials: Credentials: {'domain_id': 'default', 'domain_name': 'Default', 'username': 'tempest-QuotasAdminTestV257-1770222699-project-admin', 'project_domain_id': 'default', 'project_domain_name': 'Default', 'project_id': '6a5e792ff8d4499a815daf671609078b', 'project_name': 'tempest-QuotasAdminTestV257-1770222699', 'tenant_id': '6a5e792ff8d4499a815daf671609078b', 'tenant_name': 'tempest-QuotasAdminTestV257-1770222699', 'user_domain_id': 'default', 'user_domain_name': 'Default', 'user_id': '02b3ca9b4389494fb753ccd39a9ae71a', 'system': None}, Network: None, Subnet: None, Router: None
2024-09-30 19:14:47.441 63775 INFO tempest.lib.common.rest_client [req-ac0898b0-47a8-49b1-afe8-264ed6a7beb5 req-ac0898b0-47a8-49b1-afe8-264ed6a7beb5 ] Request (FlavorsExtraSpecsTestJSON:setUpClass): 201 POST http://10.180.1.21/identity/v3/projects 0.058s
2024-09-30 19:14:47.488 63737 INFO tempest.lib.common.rest_client [req-9983c95a-a688-42b8-8e52-0b08414d8e92 req-9983c95a-a688-42b8-8e52-0b08414d8e92 ] Request (ServerDiagnosticsNegativeTest:test_get_server_diagnostics_by_non_admin): 200 GET http://10.180.1.21/compute/v2.1/servers/9bb676ad-a339-4a05-9a66-3bb817543156 2.543s
2024-09-30 19:14:47.502 63737 INFO tempest.common.waiters [-] State transition "BUILD/None" ==> "BUILD/spawning" after 5 second wait
2024-09-30 19:14:47.503 63723 INFO tempest.lib.common.rest_client [req-983ddd69-d030-4788-bb6d-2fd2369628c5 req-983ddd69-d030-4788-bb6d-2fd2369628c5 ] Request (QuotasSecurityGroupAdminNegativeTest:setUpClass): 201 POST http://10.180.1.21/identity/v3/projects 0.078s
2024-09-30 19:14:47.505 63749 INFO tempest.lib.common.rest_client [req-f3c06bbf-c364-4a04-a2bb-433458302afe req-f3c06bbf-c364-4a04-a2bb-433458302afe ] Request (ServerDiagnosticsTest:setUpClass): 201 POST http://10.180.1.21/identity/v3/projects 0.100s
2024-09-30 19:14:47.513 63725 INFO tempest.lib.common.rest_client [req-03a7afb6-6779-404a-b97a-9f0bc5622a90 req-03a7afb6-6779-404a-b97a-9f0bc5622a90 ] Request (AggregatesAdminNegativeTestJSON:_run_cleanups): 200 DELETE http://10.180.1.21/compute/v2.1/os-aggregates/1 2.077s
2024-09-30 19:14:47.528 63781 INFO tempest.lib.common.rest_client [req-641cfd6e-4ee2-4da9-b1cb-e6159aeaaa4e req-641cfd6e-4ee2-4da9-b1cb-e6159aeaaa4e ] Request (KeyPairsV210TestJSON:_run_cleanups): 204 DELETE http://10.180.1.21/compute/v2.1/os-keypairs/tempest-KeyPairsV210TestJSON-keypair-1324832065 2.077s
2024-09-30 19:14:47.536 63779 INFO tempest.lib.common.rest_client [req-fcb2ed57-50c6-41a7-98dd-c003f9d2aadd req-fcb2ed57-50c6-41a7-98dd-c003f9d2aadd ] Request (HypervisorAdminNegativeTestJSON:test_get_nonexistent_hypervisor_uptime): 404 GET http://10.180.1.21/compute/v2.1/os-hypervisors/76c8691b-7713-473f-8d62-e0e499bc4006/uptime 2.074s
2024-09-30 19:14:47.548 63783 INFO tempest.lib.common.rest_client [req-08d2334c-9a79-4750-a071-2a29f0fd05a4 req-08d2334c-9a79-4750-a071-2a29f0fd05a4 ] Request (QuotasAdminTestV236:tearDownClass): 204 DELETE http://10.180.1.21:9696/networking/v2.0/security-groups/7cd2efd4-06e9-45c3-b0f9-b0a70b090f2f 0.405s
2024-09-30 19:14:47.578 63785 INFO tempest.lib.common.rest_client [req-40ea3a6b-7fbd-41b1-a511-ff16de6a93a1 req-40ea3a6b-7fbd-41b1-a511-ff16de6a93a1 ] Request (QuotasAdminTestV257:setUpClass): 201 POST http://10.180.1.21/identity/v3/auth/tokens 0.132s
2024-09-30 19:14:47.579 63785 WARNING tempest.lib.common.rest_client [-] Deprecated: "tenant_id" property is deprecated for removal, use "project_id" instead
2024-09-30 19:14:47.600 63775 INFO tempest.lib.common.rest_client [req-4bc3489a-2b8a-4ab1-a209-a47e9aafb26a req-4bc3489a-2b8a-4ab1-a209-a47e9aafb26a ] Request (FlavorsExtraSpecsTestJSON:setUpClass): 201 POST http://10.180.1.21/identity/v3/users 0.158s
2024-09-30 19:14:47.603 63723 INFO tempest.lib.common.rest_client [req-d847aeb5-4e0f-4995-92d7-4542e7c49d9a req-d847aeb5-4e0f-4995-92d7-4542e7c49d9a ] Request (QuotasSecurityGroupAdminNegativeTest:setUpClass): 201 POST http://10.180.1.21/identity/v3/users 0.099s
2024-09-30 19:14:47.625 63749 INFO tempest.lib.common.rest_client [req-abe07545-9d50-4b50-8ee3-62351865b7a6 req-abe07545-9d50-4b50-8ee3-62351865b7a6 ] Request (ServerDiagnosticsTest:setUpClass): 201 POST http://10.180.1.21/identity/v3/users 0.120s
2024-09-30 19:14:47.643 63763 INFO tempest.lib.common.rest_client [req-0a6e5035-4b89-43f7-a42d-f8c0a97d8dee req-0a6e5035-4b89-43f7-a42d-f8c0a97d8dee ] Request (ServerActionsTestOtherA:setUpClass): 200 GET http://10.180.1.21/compute/v2.1/servers/44c8d268-4c23-4b85-915d-3c708586046e 2.168s
2024-09-30 19:14:47.646 63777 INFO tempest.lib.common.rest_client [req-cf9d4df6-71b0-48be-8204-9210900f4c03 req-cf9d4df6-71b0-48be-8204-9210900f4c03 ] Request (AttachInterfacesTestJSON:setUpClass): 201 POST http://10.180.1.21:9696/networking/v2.0/subnets 0.745s
2024-09-30 19:14:47.648 63775 INFO tempest.lib.common.rest_client [req-24e54f99-1f25-475a-99ba-9ca245b8bc3b req-24e54f99-1f25-475a-99ba-9ca245b8bc3b ] Request (FlavorsExtraSpecsTestJSON:setUpClass): 200 GET http://10.180.1.21/identity/v3/roles 0.047s
2024-09-30 19:14:47.656 63763 INFO tempest.common.waiters [-] State transition "BUILD/None" ==> "BUILD/networking" after 5 second wait
2024-09-30 19:14:47.670 63783 INFO tempest.lib.common.rest_client [req-23b26f8e-05cd-4b03-a0c2-041d2ad96c04 req-23b26f8e-05cd-4b03-a0c2-041d2ad96c04 ] Request (QuotasAdminTestV236:tearDownClass): 204 DELETE http://10.180.1.21/identity/v3/projects/edc7fe5f086f4b76bb10e83aecca1b39 0.121s
2024-09-30 19:14:47.670 63783 INFO tempest.lib.common.dynamic_creds [-] Deleting project and security group for project: 6ab524fbdf434ad0ad066c155bfd9d92
2024-09-30 19:14:47.701 63723 INFO tempest.lib.common.rest_client [req-1be84c14-e244-494d-97df-fda0b04cd73b req-1be84c14-e244-494d-97df-fda0b04cd73b ] Request (QuotasSecurityGroupAdminNegativeTest:setUpClass): 200 GET http://10.180.1.21/identity/v3/roles 0.097s
2024-09-30 19:14:47.722 63749 INFO tempest.lib.common.rest_client [req-14f53d68-0a61-4114-a6fb-88c92a8d498e req-14f53d68-0a61-4114-a6fb-88c92a8d498e ] Request (ServerDiagnosticsTest:setUpClass): 200 GET http://10.180.1.21/identity/v3/roles 0.097s
2024-09-30 19:14:47.733 63775 INFO tempest.lib.common.rest_client [req-d6824919-f1eb-44cc-848e-bbe2c5e698d8 req-d6824919-f1eb-44cc-848e-bbe2c5e698d8 ] Request (FlavorsExtraSpecsTestJSON:setUpClass): 204 PUT http://10.180.1.21/identity/v3/projects/e05310f1797546c4a4b7f3d9dd6b93ee/users/28b994e7db7c4b358c82f57a05c98f42/roles/da83f441d3584c5595687da376267752 0.085s
2024-09-30 19:14:47.799 63723 INFO tempest.lib.common.rest_client [req-18191000-d210-4b01-a914-36481eb5a439 req-18191000-d210-4b01-a914-36481eb5a439 ] Request (QuotasSecurityGroupAdminNegativeTest:setUpClass): 204 PUT http://10.180.1.21/identity/v3/projects/f78c2599a4f542a7a2e0ebcb8562208e/users/453482c8af264a0692277cd5bf11af88/roles/250feb7ef32642b8bb1ba96bdbef69b4 0.098s
2024-09-30 19:14:47.800 63723 INFO tempest.lib.common.dynamic_creds [-] Dynamic test user 453482c8af264a0692277cd5bf11af88 is created with scope project and roles: ['member']
2024-09-30 19:14:47.800 63723 INFO tempest.lib.common.dynamic_creds [-] Acquired dynamic creds: credentials: Credentials: {'domain_id': 'default', 'domain_name': 'Default', 'username': 'tempest-QuotasSecurityGroupAdminNegativeTest-627468536-project-member', 'project_domain_id': 'default', 'project_domain_name': 'Default', 'project_id': 'f78c2599a4f542a7a2e0ebcb8562208e', 'project_name': 'tempest-QuotasSecurityGroupAdminNegativeTest-627468536', 'tenant_id': 'f78c2599a4f542a7a2e0ebcb8562208e', 'tenant_name': 'tempest-QuotasSecurityGroupAdminNegativeTest-627468536', 'user_domain_id': 'default', 'user_domain_name': 'Default', 'user_id': '453482c8af264a0692277cd5bf11af88', 'system': None}, Network: None, Subnet: None, Router: None
2024-09-30 19:14:47.800 63723 INFO tempest.lib.common.dynamic_creds [-] Created isolated network resources for: credentials: Credentials: {'domain_id': 'default', 'domain_name': 'Default', 'username': 'tempest-QuotasSecurityGroupAdminNegativeTest-627468536-project-member', 'project_domain_id': 'default', 'project_domain_name': 'Default', 'project_id': 'f78c2599a4f542a7a2e0ebcb8562208e', 'project_name': 'tempest-QuotasSecurityGroupAdminNegativeTest-627468536', 'tenant_id': 'f78c2599a4f542a7a2e0ebcb8562208e', 'tenant_name': 'tempest-QuotasSecurityGroupAdminNegativeTest-627468536', 'user_domain_id': 'default', 'user_domain_name': 'Default', 'user_id': '453482c8af264a0692277cd5bf11af88', 'system': None}, Network: None, Subnet: None, Router: None
2024-09-30 19:14:47.803 63749 INFO tempest.lib.common.rest_client [req-72e3cfd4-b1bf-49b4-b54f-1f287f5f6b84 req-72e3cfd4-b1bf-49b4-b54f-1f287f5f6b84 ] Request (ServerDiagnosticsTest:setUpClass): 204 PUT http://10.180.1.21/identity/v3/projects/83342d9244ac442c8532338c86c21a4e/users/1fabc70777eb4b33a32de7bf0825f166/roles/250feb7ef32642b8bb1ba96bdbef69b4 0.081s
2024-09-30 19:14:47.804 63749 INFO tempest.lib.common.dynamic_creds [-] Dynamic test user 1fabc70777eb4b33a32de7bf0825f166 is created with scope project and roles: ['member']
2024-09-30 19:14:47.804 63749 INFO tempest.lib.common.dynamic_creds [-] Acquired dynamic creds: credentials: Credentials: {'domain_id': 'default', 'domain_name': 'Default', 'username': 'tempest-ServerDiagnosticsTest-2102592906-project-member', 'project_domain_id': 'default', 'project_domain_name': 'Default', 'project_id': '83342d9244ac442c8532338c86c21a4e', 'project_name': 'tempest-ServerDiagnosticsTest-2102592906', 'tenant_id': '83342d9244ac442c8532338c86c21a4e', 'tenant_name': 'tempest-ServerDiagnosticsTest-2102592906', 'user_domain_id': 'default', 'user_domain_name': 'Default', 'user_id': '1fabc70777eb4b33a32de7bf0825f166', 'system': None}, Network: None, Subnet: None, Router: None
2024-09-30 19:14:47.804 63749 INFO tempest.lib.common.dynamic_creds [-] Created isolated network resources for: credentials: Credentials: {'domain_id': 'default', 'domain_name': 'Default', 'username': 'tempest-ServerDiagnosticsTest-2102592906-project-member', 'project_domain_id': 'default', 'project_domain_name': 'Default', 'project_id': '83342d9244ac442c8532338c86c21a4e', 'project_name': 'tempest-ServerDiagnosticsTest-2102592906', 'tenant_id': '83342d9244ac442c8532338c86c21a4e', 'tenant_name': 'tempest-ServerDiagnosticsTest-2102592906', 'user_domain_id': 'default', 'user_domain_name': 'Default', 'user_id': '1fabc70777eb4b33a32de7bf0825f166', 'system': None}, Network: None, Subnet: None, Router: None
2024-09-30 19:14:47.810 63753 INFO tempest.lib.common.rest_client [req-c7a80c4b-1f72-4042-850e-9e2851fac566 req-c7a80c4b-1f72-4042-850e-9e2851fac566 ] Request (DeleteServersAdminTestJSON:test_admin_delete_servers_of_others): 200 GET http://10.180.1.21/compute/v2.1/servers/91c27ddb-4cf4-4c4b-ace3-6f542745ba2f 2.145s
2024-09-30 19:14:47.907 63723 INFO tempest.lib.common.rest_client [req-002c0977-357e-47f5-a95c-35730d266119 req-002c0977-357e-47f5-a95c-35730d266119 ] Request (QuotasSecurityGroupAdminNegativeTest:setUpClass): 201 POST http://10.180.1.21/identity/v3/auth/tokens 0.100s
2024-09-30 19:14:47.918 63775 INFO tempest.lib.common.rest_client [req-7937101c-72a6-4fad-beeb-2828984e83f1 req-7937101c-72a6-4fad-beeb-2828984e83f1 ] Request (FlavorsExtraSpecsTestJSON:setUpClass): 200 GET http://10.180.1.21/identity/v3/roles 0.185s
2024-09-30 19:14:47.986 63749 INFO tempest.lib.common.rest_client [req-10d138d6-32a8-4449-9f1c-84a809605998 req-10d138d6-32a8-4449-9f1c-84a809605998 ] Request (ServerDiagnosticsTest:setUpClass): 201 POST http://10.180.1.21/identity/v3/auth/tokens 0.178s
2024-09-30 19:14:48.028 63723 INFO tempest.lib.common.rest_client [req-999f2ee0-686c-4c95-967e-1d4d325bf562 req-999f2ee0-686c-4c95-967e-1d4d325bf562 ] Request (QuotasSecurityGroupAdminNegativeTest:setUpClass): 201 POST http://10.180.1.21/identity/v3/projects 0.116s
2024-09-30 19:14:48.055 63745 INFO tempest.lib.common.rest_client [req-97786412-9b97-4f21-ba00-9a34d390d572 req-97786412-9b97-4f21-ba00-9a34d390d572 ] Request (QuotaClassesAdminTestJSON:test_update_default_quotas): 200 GET http://10.180.1.21/compute/v2.1/os-quota-class-sets/default 2.147s
2024-09-30 19:14:48.081 63768 INFO tempest.lib.common.rest_client [req-e4f31ffc-86bd-431d-8647-ff5b3500e51a req-e4f31ffc-86bd-431d-8647-ff5b3500e51a ] Request (ServersWithSpecificFlavorTestJSON:test_verify_created_server_ephemeral_disk): 200 POST http://10.180.1.21/compute/v2.1/flavors/897541862/os-extra_specs 2.159s
2024-09-30 19:14:48.092 63775 INFO tempest.lib.common.rest_client [req-657b08de-5435-45df-8297-b3e044165665 req-657b08de-5435-45df-8297-b3e044165665 ] Request (FlavorsExtraSpecsTestJSON:setUpClass): 204 PUT http://10.180.1.21/identity/v3/projects/e05310f1797546c4a4b7f3d9dd6b93ee/users/28b994e7db7c4b358c82f57a05c98f42/roles/da83f441d3584c5595687da376267752 0.173s
2024-09-30 19:14:48.093 63775 INFO tempest.lib.common.dynamic_creds [-] Dynamic test user 28b994e7db7c4b358c82f57a05c98f42 is created with scope project and roles: ['admin']
2024-09-30 19:14:48.093 63775 INFO tempest.lib.common.dynamic_creds [-] Acquired dynamic creds: credentials: Credentials: {'domain_id': 'default', 'domain_name': 'Default', 'username': 'tempest-FlavorsExtraSpecsTestJSON-1097845382-project-admin', 'project_domain_id': 'default', 'project_domain_name': 'Default', 'project_id': 'e05310f1797546c4a4b7f3d9dd6b93ee', 'project_name': 'tempest-FlavorsExtraSpecsTestJSON-1097845382', 'tenant_id': 'e05310f1797546c4a4b7f3d9dd6b93ee', 'tenant_name': 'tempest-FlavorsExtraSpecsTestJSON-1097845382', 'user_domain_id': 'default', 'user_domain_name': 'Default', 'user_id': '28b994e7db7c4b358c82f57a05c98f42', 'system': None}, Network: None, Subnet: None, Router: None
2024-09-30 19:14:48.093 63775 INFO tempest.lib.common.dynamic_creds [-] Created isolated network resources for: credentials: Credentials: {'domain_id': 'default', 'domain_name': 'Default', 'username': 'tempest-FlavorsExtraSpecsTestJSON-1097845382-project-admin', 'project_domain_id': 'default', 'project_domain_name': 'Default', 'project_id': 'e05310f1797546c4a4b7f3d9dd6b93ee', 'project_name': 'tempest-FlavorsExtraSpecsTestJSON-1097845382', 'tenant_id': 'e05310f1797546c4a4b7f3d9dd6b93ee', 'tenant_name': 'tempest-FlavorsExtraSpecsTestJSON-1097845382', 'user_domain_id': 'default', 'user_domain_name': 'Default', 'user_id': '28b994e7db7c4b358c82f57a05c98f42', 'system': None}, Network: None, Subnet: None, Router: None
2024-09-30 19:14:48.103 63771 INFO tempest.lib.common.rest_client [req-e10bd0b2-5604-4b1b-a2cb-2b4b53fa1c2d req-e10bd0b2-5604-4b1b-a2cb-2b4b53fa1c2d ] Request (KeyPairsV2TestJSON:_run_cleanups): 202 DELETE http://10.180.1.21/compute/v2.1/os-keypairs/tempest-keypair-1543033697 2.136s
2024-09-30 19:14:48.108 63749 INFO tempest.lib.common.rest_client [req-7cac8ce4-0661-4fa1-b90f-ba1752091305 req-7cac8ce4-0661-4fa1-b90f-ba1752091305 ] Request (ServerDiagnosticsTest:setUpClass): 201 POST http://10.180.1.21/identity/v3/projects 0.122s
2024-09-30 19:14:48.127 63752 INFO tempest.lib.common.rest_client [req-c3ce9498-d67b-42d4-825d-2bfc0950218a req-c3ce9498-d67b-42d4-825d-2bfc0950218a ] Request (FlavorsAccessNegativeTestJSON:_run_cleanups): 202 DELETE http://10.180.1.21/compute/v2.1/flavors/1425740805 2.116s
2024-09-30 19:14:48.142 63758 INFO tempest.lib.common.rest_client [req-3958d0f2-8d94-496e-8686-6d1a251f44aa req-3958d0f2-8d94-496e-8686-6d1a251f44aa ] Request (FlavorsV261TestJSON:_run_cleanups): 202 DELETE http://10.180.1.21/compute/v2.1/flavors/285935727 2.098s
2024-09-30 19:14:48.186 63723 INFO tempest.lib.common.rest_client [req-0900eb73-853d-48ed-9803-c7c7e58af817 req-0900eb73-853d-48ed-9803-c7c7e58af817 ] Request (QuotasSecurityGroupAdminNegativeTest:setUpClass): 201 POST http://10.180.1.21/identity/v3/users 0.157s
2024-09-30 19:14:48.221 63749 INFO tempest.lib.common.rest_client [req-ee0f0024-3b48-47ac-87d3-901159c113cb req-ee0f0024-3b48-47ac-87d3-901159c113cb ] Request (ServerDiagnosticsTest:setUpClass): 201 POST http://10.180.1.21/identity/v3/users 0.112s
2024-09-30 19:14:48.249 63723 INFO tempest.lib.common.rest_client [req-6646a59c-1a0d-43e3-a14a-3824c81a6e8d req-6646a59c-1a0d-43e3-a14a-3824c81a6e8d ] Request (QuotasSecurityGroupAdminNegativeTest:setUpClass): 200 GET http://10.180.1.21/identity/v3/roles 0.063s
2024-09-30 19:14:48.274 63749 INFO tempest.lib.common.rest_client [req-ccc1fad6-83e8-4782-ae11-0be36b60c613 req-ccc1fad6-83e8-4782-ae11-0be36b60c613 ] Request (ServerDiagnosticsTest:setUpClass): 200 GET http://10.180.1.21/identity/v3/roles 0.053s
2024-09-30 19:14:48.302 63775 INFO tempest.lib.common.rest_client [req-0b314f11-4783-442e-abf0-d371803b2a95 req-0b314f11-4783-442e-abf0-d371803b2a95 ] Request (FlavorsExtraSpecsTestJSON:setUpClass): 201 POST http://10.180.1.21/identity/v3/auth/tokens 0.205s
2024-09-30 19:14:48.331 63723 INFO tempest.lib.common.rest_client [req-91dc5945-c696-4c1a-883f-9b69800a2654 req-91dc5945-c696-4c1a-883f-9b69800a2654 ] Request (QuotasSecurityGroupAdminNegativeTest:setUpClass): 204 PUT http://10.180.1.21/identity/v3/projects/a0622b2789ad48e09930c47a0ff52037/users/8c156a2582c148b6bd02716ceb60ffed/roles/da83f441d3584c5595687da376267752 0.081s
2024-09-30 19:14:48.336 63731 INFO tempest.lib.common.rest_client [req-b3e0dd54-1bf4-4503-9b93-280bdc8a2616 req-b3e0dd54-1bf4-4503-9b93-280bdc8a2616 ] Request (SecurityGroupsTestJSON:test_list_security_groups_by_server): 200 GET http://10.180.1.21/compute/v2.1/servers/5373362e-671e-44f4-8c0b-8396a3925c12 1.692s
2024-09-30 19:14:48.336 63749 INFO tempest.lib.common.rest_client [req-7ce2c63f-239a-404f-a2f0-ac49ba2619a0 req-7ce2c63f-239a-404f-a2f0-ac49ba2619a0 ] Request (ServerDiagnosticsTest:setUpClass): 204 PUT http://10.180.1.21/identity/v3/projects/112b95e193144ea9911ae0c0add1cc5d/users/37ab45f3e66f46418f07d2739aff1f96/roles/da83f441d3584c5595687da376267752 0.061s
2024-09-30 19:14:48.370 63755 INFO tempest.lib.common.rest_client [req-0641ae1d-98f4-4c34-9737-afee8571f7bd req-0641ae1d-98f4-4c34-9737-afee8571f7bd ] Request (FlavorsAdminTestJSON:_run_cleanups): 202 DELETE http://10.180.1.21/compute/v2.1/flavors/1987523845 1.700s
2024-09-30 19:14:48.391 63749 INFO tempest.lib.common.rest_client [req-5f8c3151-c7d6-4ac2-b976-38f05568fe6c req-5f8c3151-c7d6-4ac2-b976-38f05568fe6c ] Request (ServerDiagnosticsTest:setUpClass): 200 GET http://10.180.1.21/identity/v3/roles 0.055s
2024-09-30 19:14:48.391 63735 INFO tempest.lib.common.rest_client [req-352aadf1-9bfe-454f-bbd3-e5468c6470af req-352aadf1-9bfe-454f-bbd3-e5468c6470af ] Request (FlavorsV255TestJSON:_run_cleanups): 202 DELETE http://10.180.1.21/compute/v2.1/flavors/1816576384 1.499s
2024-09-30 19:14:48.407 63743 INFO tempest.lib.common.rest_client [req-eb7b84bd-3d9f-4a5e-a814-2ca97cda1063 req-eb7b84bd-3d9f-4a5e-a814-2ca97cda1063 ] Request (FlavorsAccessTestJSON:_run_cleanups): 202 DELETE http://10.180.1.21/compute/v2.1/flavors/400259890 1.388s
2024-09-30 19:14:48.418 63749 INFO tempest.lib.common.rest_client [req-65eb33fd-8a99-4f55-988a-84665a813f4d req-65eb33fd-8a99-4f55-988a-84665a813f4d ] Request (ServerDiagnosticsTest:setUpClass): 204 PUT http://10.180.1.21/identity/v3/projects/112b95e193144ea9911ae0c0add1cc5d/users/37ab45f3e66f46418f07d2739aff1f96/roles/da83f441d3584c5595687da376267752 0.027s
2024-09-30 19:14:48.418 63749 INFO tempest.lib.common.dynamic_creds [-] Dynamic test user 37ab45f3e66f46418f07d2739aff1f96 is created with scope project and roles: ['admin']
2024-09-30 19:14:48.419 63749 INFO tempest.lib.common.dynamic_creds [-] Acquired dynamic creds: credentials: Credentials: {'domain_id': 'default', 'domain_name': 'Default', 'username': 'tempest-ServerDiagnosticsTest-954134920-project-admin', 'project_domain_id': 'default', 'project_domain_name': 'Default', 'project_id': '112b95e193144ea9911ae0c0add1cc5d', 'project_name': 'tempest-ServerDiagnosticsTest-954134920', 'tenant_id': '112b95e193144ea9911ae0c0add1cc5d', 'tenant_name': 'tempest-ServerDiagnosticsTest-954134920', 'user_domain_id': 'default', 'user_domain_name': 'Default', 'user_id': '37ab45f3e66f46418f07d2739aff1f96', 'system': None}, Network: None, Subnet: None, Router: None
2024-09-30 19:14:48.419 63749 INFO tempest.lib.common.dynamic_creds [-] Created isolated network resources for: credentials: Credentials: {'domain_id': 'default', 'domain_name': 'Default', 'username': 'tempest-ServerDiagnosticsTest-954134920-project-admin', 'project_domain_id': 'default', 'project_domain_name': 'Default', 'project_id': '112b95e193144ea9911ae0c0add1cc5d', 'project_name': 'tempest-ServerDiagnosticsTest-954134920', 'tenant_id': '112b95e193144ea9911ae0c0add1cc5d', 'tenant_name': 'tempest-ServerDiagnosticsTest-954134920', 'user_domain_id': 'default', 'user_domain_name': 'Default', 'user_id': '37ab45f3e66f46418f07d2739aff1f96', 'system': None}, Network: None, Subnet: None, Router: None
2024-09-30 19:14:48.431 63723 INFO tempest.lib.common.rest_client [req-1c7d8ff6-4895-42a2-a470-f6587683cbe8 req-1c7d8ff6-4895-42a2-a470-f6587683cbe8 ] Request (QuotasSecurityGroupAdminNegativeTest:setUpClass): 200 GET http://10.180.1.21/identity/v3/roles 0.100s
2024-09-30 19:14:48.506 63723 INFO tempest.lib.common.rest_client [req-aad45f15-3573-4b0f-97eb-550375551ec8 req-aad45f15-3573-4b0f-97eb-550375551ec8 ] Request (QuotasSecurityGroupAdminNegativeTest:setUpClass): 204 PUT http://10.180.1.21/identity/v3/projects/a0622b2789ad48e09930c47a0ff52037/users/8c156a2582c148b6bd02716ceb60ffed/roles/da83f441d3584c5595687da376267752 0.074s
2024-09-30 19:14:48.506 63723 INFO tempest.lib.common.dynamic_creds [-] Dynamic test user 8c156a2582c148b6bd02716ceb60ffed is created with scope project and roles: ['admin']
2024-09-30 19:14:48.506 63723 INFO tempest.lib.common.dynamic_creds [-] Acquired dynamic creds: credentials: Credentials: {'domain_id': 'default', 'domain_name': 'Default', 'username': 'tempest-QuotasSecurityGroupAdminNegativeTest-1968589481-project-admin', 'project_domain_id': 'default', 'project_domain_name': 'Default', 'project_id': 'a0622b2789ad48e09930c47a0ff52037', 'project_name': 'tempest-QuotasSecurityGroupAdminNegativeTest-1968589481', 'tenant_id': 'a0622b2789ad48e09930c47a0ff52037', 'tenant_name': 'tempest-QuotasSecurityGroupAdminNegativeTest-1968589481', 'user_domain_id': 'default', 'user_domain_name': 'Default', 'user_id': '8c156a2582c148b6bd02716ceb60ffed', 'system': None}, Network: None, Subnet: None, Router: None
2024-09-30 19:14:48.507 63723 INFO tempest.lib.common.dynamic_creds [-] Created isolated network resources for: credentials: Credentials: {'domain_id': 'default', 'domain_name': 'Default', 'username': 'tempest-QuotasSecurityGroupAdminNegativeTest-1968589481-project-admin', 'project_domain_id': 'default', 'project_domain_name': 'Default', 'project_id': 'a0622b2789ad48e09930c47a0ff52037', 'project_name': 'tempest-QuotasSecurityGroupAdminNegativeTest-1968589481', 'tenant_id': 'a0622b2789ad48e09930c47a0ff52037', 'tenant_name': 'tempest-QuotasSecurityGroupAdminNegativeTest-1968589481', 'user_domain_id': 'default', 'user_domain_name': 'Default', 'user_id': '8c156a2582c148b6bd02716ceb60ffed', 'system': None}, Network: None, Subnet: None, Router: None
2024-09-30 19:14:48.513 63749 INFO tempest.lib.common.rest_client [req-b9604181-7935-4eeb-a5fb-55a8c7b62dc2 req-b9604181-7935-4eeb-a5fb-55a8c7b62dc2 ] Request (ServerDiagnosticsTest:setUpClass): 201 POST http://10.180.1.21/identity/v3/auth/tokens 0.088s
2024-09-30 19:14:48.569 63749 INFO tempest.lib.common.rest_client [req-61a36b36-ad1e-4522-bd01-45434ccd76c6 req-61a36b36-ad1e-4522-bd01-45434ccd76c6 ] Request (ServerDiagnosticsTest:test_get_server_diagnostics): 201 POST http://10.180.1.21/identity/v3/auth/tokens 0.051s
2024-09-30 19:14:48.570 63749 INFO tempest.lib.common.fixed_network [-] (ServerDiagnosticsTest:test_get_server_diagnostics) Found network None available for tenant
2024-09-30 19:14:48.573 63747 INFO tempest.lib.common.rest_client [req-2c0278cd-e2cc-4de5-9dc0-7cd4593f1f6a req-2c0278cd-e2cc-4de5-9dc0-7cd4593f1f6a ] Request (ImagesNegativeTestJSON:test_create_image_from_deleted_server): 200 GET http://10.180.1.21/compute/v2.1/servers/81e42a2c-fb30-42e2-a2a9-45f3184739e4 1.526s
2024-09-30 19:14:48.595 63781 INFO tempest.lib.common.rest_client [req-2af069d7-8e18-436e-8557-ad0f2a5b2316 req-2af069d7-8e18-436e-8557-ad0f2a5b2316 ] Request (KeyPairsV210TestJSON:_run_cleanups): 204 DELETE http://10.180.1.21/compute/v2.1/os-keypairs/tempest-keypair-486330855?user_id=56c5585005214f478bd0f8b38ed86c7f 1.064s
2024-09-30 19:14:48.596 63783 INFO tempest.lib.common.rest_client [req-61daa26f-ec81-4c3e-a590-c5e6b4740a2c req-61daa26f-ec81-4c3e-a590-c5e6b4740a2c ] Request (QuotasAdminTestV236:tearDownClass): 200 GET http://10.180.1.21:9696/networking/v2.0/security-groups?tenant_id=6ab524fbdf434ad0ad066c155bfd9d92&name=default 0.925s
2024-09-30 19:14:48.603 63723 INFO tempest.lib.common.rest_client [req-89454933-3d21-49cf-95c4-54428d59760a req-89454933-3d21-49cf-95c4-54428d59760a ] Request (QuotasSecurityGroupAdminNegativeTest:setUpClass): 201 POST http://10.180.1.21/identity/v3/auth/tokens 0.093s
2024-09-30 19:14:48.604 63723 WARNING tempest.lib.common.rest_client [-] Deprecated: "tenant_id" property is deprecated for removal, use "project_id" instead
2024-09-30 19:14:48.616 63779 INFO tempest.lib.common.rest_client [req-392004f8-449e-457b-9e97-49f9e3e51e16 req-392004f8-449e-457b-9e97-49f9e3e51e16 ] Request (HypervisorAdminNegativeTestJSON:test_show_hypervisor_with_non_admin_user): 200 GET http://10.180.1.21/compute/v2.1/os-hypervisors 1.076s
2024-09-30 19:14:48.638 63765 INFO tempest.lib.common.rest_client [req-fe249b0d-3463-4667-8e27-dfd0912ef5a1 req-fe249b0d-3463-4667-8e27-dfd0912ef5a1 ] Request (HostsAdminTestJSON:test_list_hosts_with_zone): 200 GET http://10.180.1.21/compute/v2.1/os-hosts 1.070s
2024-09-30 19:14:48.665 63725 INFO tempest.lib.common.rest_client [req-f5d62441-dfd4-4180-aeb6-9051a223cabf req-f5d62441-dfd4-4180-aeb6-9051a223cabf ] Request (AggregatesAdminNegativeTestJSON:test_aggregate_add_host_as_user): 200 POST http://10.180.1.21/compute/v2.1/os-aggregates 1.088s
2024-09-30 19:14:48.714 63723 INFO tempest.lib.common.rest_client [req-ac100e63-5d68-4663-84fc-5d26e8c5c068 req-ac100e63-5d68-4663-84fc-5d26e8c5c068 ] Request (QuotasSecurityGroupAdminNegativeTest:tearDownClass): 204 DELETE http://10.180.1.21/identity/v3/users/453482c8af264a0692277cd5bf11af88 0.106s
2024-09-30 19:14:48.812 63723 INFO tempest.lib.common.rest_client [req-94d155b6-7e89-42ae-96f3-2b4f96c455a1 req-94d155b6-7e89-42ae-96f3-2b4f96c455a1 ] Request (QuotasSecurityGroupAdminNegativeTest:tearDownClass): 204 DELETE http://10.180.1.21/identity/v3/users/8c156a2582c148b6bd02716ceb60ffed 0.098s
2024-09-30 19:14:48.813 63723 INFO tempest.lib.common.dynamic_creds [-] Deleting project and security group for project: a0622b2789ad48e09930c47a0ff52037
2024-09-30 19:14:48.879 63723 INFO tempest.lib.common.rest_client [req-9c5804ac-f38b-439d-bd03-836d2fa729c3 req-9c5804ac-f38b-439d-bd03-836d2fa729c3 ] Request (QuotasSecurityGroupAdminNegativeTest:tearDownClass): 201 POST http://10.180.1.21/identity/v3/auth/tokens 0.065s
2024-09-30 19:14:48.921 63769 INFO tempest.lib.common.rest_client [req-958e77b1-ee2c-4496-849b-aace3bf73559 req-958e77b1-ee2c-4496-849b-aace3bf73559 ] Request (FloatingIPsAssociationTestJSON:setUpClass): 200 GET http://10.180.1.21/compute/v2.1/servers/a577fdfb-711e-4f8d-b111-80e093374fc4 1.273s
2024-09-30 19:14:48.939 63783 INFO tempest.lib.common.rest_client [req-fca10970-d18a-4684-a42b-226974bbf43a req-fca10970-d18a-4684-a42b-226974bbf43a ] Request (QuotasAdminTestV236:tearDownClass): 204 DELETE http://10.180.1.21:9696/networking/v2.0/security-groups/69c04953-e010-4553-bef3-810fb60e1817 0.343s
2024-09-30 19:14:48.941 63761 INFO tempest.lib.common.rest_client [req-05379800-4b38-4c53-ab23-8c712375c9e9 req-05379800-4b38-4c53-ab23-8c712375c9e9 ] Request (FloatingIPsTestJSON:test_delete_floating_ip): 200 POST http://10.180.1.21/compute/v2.1/os-floating-ips 3.642s
2024-09-30 19:14:49.005 63783 INFO tempest.lib.common.rest_client [req-09b22401-a8d2-4e04-a58e-a8b1f101635c req-09b22401-a8d2-4e04-a58e-a8b1f101635c ] Request (QuotasAdminTestV236:tearDownClass): 204 DELETE http://10.180.1.21/identity/v3/projects/6ab524fbdf434ad0ad066c155bfd9d92 0.066s
2024-09-30 19:14:49.012 63773 INFO tempest.lib.common.rest_client [req-7f37703b-cde3-41c8-8597-cfe5ec58e448 req-7f37703b-cde3-41c8-8597-cfe5ec58e448 ] Request (MigrationsAdminTest:test_list_migrations_in_flavor_resize_situation): 200 GET http://10.180.1.21/compute/v2.1/servers/276c32a2-da0f-420f-a9f2-b13c1fd62586 1.141s
2024-09-30 19:14:49.023 63759 INFO tempest.lib.common.rest_client [req-71633355-6200-4205-b33b-248bc9be3430 req-71633355-6200-4205-b33b-248bc9be3430 ] Request (InstanceActionsTestJSON:setUpClass): 200 GET http://10.180.1.21/compute/v2.1/servers/5e32d6c0-d943-416f-9a54-e3511c933ca9 1.238s
2024-09-30 19:14:49.070 63783 INFO tempest.lib.common.rest_client [req-1f7d8eea-3e0f-4c50-a444-1edbc71865ba req-1f7d8eea-3e0f-4c50-a444-1edbc71865ba ] Request (FloatingIPDetailsTestJSON:setUpClass): 201 POST http://10.180.1.21/identity/v3/auth/tokens 0.063s
2024-09-30 19:14:49.104 63783 INFO tempest.lib.common.rest_client [req-daeb8bbf-ee46-473e-b8d0-389103b30029 req-daeb8bbf-ee46-473e-b8d0-389103b30029 ] Request (FloatingIPDetailsTestJSON:setUpClass): 201 POST http://10.180.1.21/identity/v3/auth/tokens 0.031s
2024-09-30 19:14:49.121 63729 INFO tempest.lib.common.rest_client [req-c12075a3-8762-4f01-b8c2-66c9a55027c0 req-c12075a3-8762-4f01-b8c2-66c9a55027c0 ] Request (ServersAdmin275Test:test_rebuild_update_server_275): 200 GET http://10.180.1.21/compute/v2.1/servers/013f2d36-9578-45d2-aff0-170b5fd97506 1.112s
2024-09-30 19:14:49.127 63783 INFO tempest.lib.common.rest_client [req-a3687486-1840-481f-ad45-1035716dfc10 req-a3687486-1840-481f-ad45-1035716dfc10 ] Request (FloatingIPDetailsTestJSON:setUpClass): 200 GET http://10.180.1.21/identity/v3/domains?name=Default 0.022s
2024-09-30 19:14:49.139 63768 INFO tempest.lib.common.rest_client [req-95adfcdf-5622-48fc-886d-6ba7e5c611f9 req-95adfcdf-5622-48fc-886d-6ba7e5c611f9 ] Request (ServersWithSpecificFlavorTestJSON:test_verify_created_server_ephemeral_disk): 200 POST http://10.180.1.21/compute/v2.1/flavors 1.056s
2024-09-30 19:14:49.156 63783 INFO tempest.lib.common.rest_client [req-741dd93e-3a32-489c-863a-9db9a129ca0d req-741dd93e-3a32-489c-863a-9db9a129ca0d ] Request (FloatingIPDetailsTestJSON:setUpClass): 201 POST http://10.180.1.21/identity/v3/projects 0.029s
2024-09-30 19:14:49.158 63723 INFO tempest.lib.common.rest_client [req-bf004490-bbad-4aa4-bed5-3d69462a109c req-bf004490-bbad-4aa4-bed5-3d69462a109c ] Request (QuotasSecurityGroupAdminNegativeTest:tearDownClass): 200 GET http://10.180.1.21:9696/networking/v2.0/security-groups?tenant_id=a0622b2789ad48e09930c47a0ff52037&name=default 0.279s
2024-09-30 19:14:49.174 63771 INFO tempest.lib.common.rest_client [req-2dfbe0ed-2dc5-46a1-b535-ab2f5d719444 req-2dfbe0ed-2dc5-46a1-b535-ab2f5d719444 ] Request (KeyPairsV2TestJSON:test_keypair_create_with_pub_key): 200 POST http://10.180.1.21/compute/v2.1/os-keypairs 1.069s
