2024-09-30 15:30:54.538 62877 INFO tempest.lib.common.rest_client [req-5e15f81c-c3a0-4ba9-a538-cc5c699cacd3 req-5e15f81c-c3a0-4ba9-a538-cc5c699cacd3 ] Request (ServerActionsTestJSON:setUpClass): 201 POST http://10.180.1.21/identity/v3/users 0.101s
2024-09-30 15:30:54.561 62873 INFO tempest.lib.common.rest_client [req-7cc161ae-c05d-479c-a5ad-98beaeacb5c1 req-7cc161ae-c05d-479c-a5ad-98beaeacb5c1 ] Request (FlavorsAccessNegativeTestJSON:_run_cleanups): 200 POST http://10.180.1.21/compute/v2.1/flavors/1104929056/action 0.674s
2024-09-30 15:30:54.563 62881 INFO tempest.lib.common.rest_client [req-bb519e15-cea6-402f-bab6-c8bbbac215ee req-bb519e15-cea6-402f-bab6-c8bbbac215ee ] Request (AttachInterfacesTestJSON:setUpClass): 201 POST http://10.180.1.21/identity/v3/auth/tokens 0.071s
2024-09-30 15:30:54.565 62877 INFO tempest.lib.common.rest_client [req-689d3898-751d-43a4-a0a7-38b8b228339d req-689d3898-751d-43a4-a0a7-38b8b228339d ] Request (ServerActionsTestJSON:setUpClass): 200 GET http://10.180.1.21/identity/v3/roles 0.026s
2024-09-30 15:30:54.568 62851 INFO tempest.lib.common.rest_client [req-b8568c07-e83a-49a2-93a2-fd3db6e6aa97 req-b8568c07-e83a-49a2-93a2-fd3db6e6aa97 ] Request (InstanceUsageAuditLogNegativeTestJSON:tearDownClass): 200 GET http://10.180.1.21:9696/networking/v2.0/security-groups?tenant_id=31d26f1516c7483a9ad76c487fd53d5b&name=default 1.009s
2024-09-30 15:30:54.576 62869 INFO tempest.lib.common.rest_client [req-23b13775-753e-489f-a037-2fdc18691f08 req-23b13775-753e-489f-a037-2fdc18691f08 ] Request (HostsAdminNegativeTestJSON:tearDownClass): 204 DELETE http://10.180.1.21:9696/networking/v2.0/security-groups/726253ea-ced0-4b47-bf71-a97e61ae50fe 0.909s
2024-09-30 15:30:54.581 62858 INFO tempest.lib.common.rest_client [req-6e10aec4-6dc9-4001-80a0-7fbcd323e833 req-6e10aec4-6dc9-4001-80a0-7fbcd323e833 ] Request (KeyPairsV22TestJSON:_run_cleanups): 204 DELETE http://10.180.1.21/compute/v2.1/os-keypairs/tempest-KeyPairsV22TestJSON-keypair-2128861714 0.670s
2024-09-30 15:30:54.591 62877 INFO tempest.lib.common.rest_client [req-8a76e2a0-b955-47ff-b421-226870ff014d req-8a76e2a0-b955-47ff-b421-226870ff014d ] Request (ServerActionsTestJSON:setUpClass): 204 PUT http://10.180.1.21/identity/v3/projects/4642c24bd9bc4bc58f51376b914bb038/users/e7aeed71934845f19569e8cac6f491d6/roles/932cfd4feb644672b6dc3460cd047ad9 0.025s
2024-09-30 15:30:54.591 62877 INFO tempest.lib.common.dynamic_creds [-] Dynamic test user e7aeed71934845f19569e8cac6f491d6 is created with scope project and roles: ['member']
2024-09-30 15:30:54.592 62877 INFO tempest.lib.common.dynamic_creds [-] Acquired dynamic creds: credentials: Credentials: {'domain_id': 'default', 'domain_name': 'Default', 'username': 'tempest-ServerActionsTestJSON-318407308-project-member', 'project_domain_id': 'default', 'project_domain_name': 'Default', 'project_id': '4642c24bd9bc4bc58f51376b914bb038', 'project_name': 'tempest-ServerActionsTestJSON-318407308', 'tenant_id': '4642c24bd9bc4bc58f51376b914bb038', 'tenant_name': 'tempest-ServerActionsTestJSON-318407308', 'user_domain_id': 'default', 'user_domain_name': 'Default', 'user_id': 'e7aeed71934845f19569e8cac6f491d6', 'system': None}, Network: None, Subnet: None, Router: None
2024-09-30 15:30:54.632 62863 INFO tempest.lib.common.rest_client [req-fedc670d-4f9f-4a84-9f2d-087b2e909318 req-fedc670d-4f9f-4a84-9f2d-087b2e909318 ] Request (NetworksTest:tearDownClass): 204 DELETE http://10.180.1.21:9696/networking/v2.0/security-groups/32c20972-0f36-4ab6-bcc0-ec44aaf92adf 1.016s
2024-09-30 15:30:54.654 62877 INFO tempest.lib.common.rest_client [req-1d7ed73a-2fbc-419d-a915-b279f62fd360 req-1d7ed73a-2fbc-419d-a915-b279f62fd360 ] Request (ServerActionsTestJSON:setUpClass): 201 POST http://10.180.1.21/identity/v3/auth/tokens 0.062s
2024-09-30 15:30:54.655 62853 INFO tempest.lib.common.rest_client [req-04726f52-b3fb-4085-a15a-3bd909e9f26b req-04726f52-b3fb-4085-a15a-3bd909e9f26b ] Request (ServersAdminNegativeTestJSON:setUpClass): 200 GET http://10.180.1.21/compute/v2.1/servers/2b01ce50-98d1-4c65-a2ac-5104cfc0a35a 0.931s
2024-09-30 15:30:54.674 62843 INFO tempest.lib.common.rest_client [req-3ed5f2d2-e290-4849-89d4-b8dc9aa5ca4b req-3ed5f2d2-e290-4849-89d4-b8dc9aa5ca4b ] Request (FlavorsAdminTestJSON:test_is_public_string_variations): 200 GET http://10.180.1.21/compute/v2.1/flavors/detail?is_public=t 0.749s
2024-09-30 15:30:54.680 62845 INFO tempest.lib.common.rest_client [req-e6464eeb-6444-4feb-a496-ecdfb8fe8202 req-e6464eeb-6444-4feb-a496-ecdfb8fe8202 ] Request (AggregatesAdminNegativeTestJSON:test_aggregate_get_details_as_user): 403 GET http://10.180.1.21/compute/v2.1/os-aggregates/6 0.363s
2024-09-30 15:30:54.709 62871 INFO tempest.lib.common.rest_client [req-aa31b94c-d303-4a09-ab21-841c84e99167 req-aa31b94c-d303-4a09-ab21-841c84e99167 ] Request (VolumesAdminNegativeTest:test_update_attached_volume_with_nonexistent_volume_in_body): 200 GET http://10.180.1.21/compute/v2.1/servers/c01168d0-cfa6-4281-9ab1-fe2404f4d48e 0.795s
2024-09-30 15:30:54.714 62839 INFO tempest.lib.common.rest_client [req-2af6c984-18a0-4349-98ee-accccd6e443c req-2af6c984-18a0-4349-98ee-accccd6e443c ] Request (QuotaClassesAdminTestJSON:tearDownClass): 200 GET http://10.180.1.21:9696/networking/v2.0/security-groups?tenant_id=3a8af044031b4620aa0ec25692197eb5&name=default 0.894s
2024-09-30 15:30:54.729 62869 INFO tempest.lib.common.rest_client [req-9550ad43-8cbb-4b70-beae-ee46bc6fb920 req-9550ad43-8cbb-4b70-beae-ee46bc6fb920 ] Request (HostsAdminNegativeTestJSON:tearDownClass): 204 DELETE http://10.180.1.21/identity/v3/projects/f21f6fb7dd79491eb5d678a81cd87875 0.152s
2024-09-30 15:30:54.731 62869 INFO tempest.test [-] raised in UnshelveToHostMultiNodesTest.setUpClass. Invoking tearDownClass.
2024-09-30 15:30:54.747 62865 INFO tempest.lib.common.rest_client [req-c7eb064c-1284-46d9-81c2-d7f2d52c02cb req-c7eb064c-1284-46d9-81c2-d7f2d52c02cb ] Request (FloatingIPsNegativeTestJSON:tearDownClass): 200 PUT http://10.180.1.21:9696/networking/v2.0/routers/73d1dbfe-2621-4003-ac0a-825203526e3e/remove_router_interface 4.595s
2024-09-30 15:30:54.836 62863 INFO tempest.lib.common.rest_client [req-329e95e1-1f4a-4b67-8dbf-cfbbde345368 req-329e95e1-1f4a-4b67-8dbf-cfbbde345368 ] Request (NetworksTest:tearDownClass): 204 DELETE http://10.180.1.21/identity/v3/projects/5f742fa239f24b0a93541826cc7a7886 0.203s
2024-09-30 15:30:54.836 62863 INFO tempest.lib.common.dynamic_creds [-] Deleting project and security group for project: 5a47723412354be0a1a056e853fcf697
2024-09-30 15:30:54.857 62829 INFO tempest.lib.common.rest_client [req-b9e12428-7c3f-4a31-90ab-e5396a5b445e req-b9e12428-7c3f-4a31-90ab-e5396a5b445e ] Request (ServersTestFqdnHostnames:test_create_server_with_fqdn_name): 200 GET http://10.180.1.21/compute/v2.1/servers/3a29d72c-6b84-4082-ae5a-5714331bcae5 0.513s
2024-09-30 15:30:54.863 62869 INFO tempest.lib.common.rest_client [req-832145de-5709-408e-ab63-caef67d8e5cb req-832145de-5709-408e-ab63-caef67d8e5cb ] Request (ListImagesTestJSON:setUpClass): 201 POST http://10.180.1.21/identity/v3/auth/tokens 0.129s
2024-09-30 15:30:54.892 62849 INFO tempest.lib.common.rest_client [req-4bc298db-cc7d-4853-bea4-a2eb62c53bf9 req-4bc298db-cc7d-4853-bea4-a2eb62c53bf9 ] Request (ImagesMetadataTestJSON:setUp): 200 PUT http://10.180.1.21/compute/v2.1/images/1c6ea6b3-0778-4920-ac66-508112a67334/metadata 0.537s
2024-09-30 15:30:54.902 62869 INFO tempest.lib.common.rest_client [req-20396afc-8b1d-4ebc-9e15-010249406428 req-20396afc-8b1d-4ebc-9e15-010249406428 ] Request (ListImagesTestJSON:setUpClass): 201 POST http://10.180.1.21/identity/v3/auth/tokens 0.035s
2024-09-30 15:30:54.908 62873 INFO tempest.lib.common.rest_client [req-dfae8a7e-046c-4975-9fd2-bb5c33e5dc95 req-dfae8a7e-046c-4975-9fd2-bb5c33e5dc95 ] Request (FlavorsAccessNegativeTestJSON:_run_cleanups): 202 DELETE http://10.180.1.21/compute/v2.1/flavors/1104929056 0.346s
2024-09-30 15:30:54.921 62858 INFO tempest.lib.common.rest_client [req-f5abe7b8-51ae-4b31-a4dd-dc56fa590ab0 req-f5abe7b8-51ae-4b31-a4dd-dc56fa590ab0 ] Request (KeyPairsV22TestJSON:_run_cleanups): 204 DELETE http://10.180.1.21/compute/v2.1/os-keypairs/tempest-KeyPairsV22TestJSON-keypair-289186461 0.339s
2024-09-30 15:30:54.921 62835 INFO tempest.lib.common.rest_client [req-c1249e95-b49e-4676-9c82-96f5b25a9cae req-c1249e95-b49e-4676-9c82-96f5b25a9cae ] Request (ValidationResourcesFixture:setUp): 201 POST http://10.180.1.21:9696/networking/v2.0/floatingips 3.116s
2024-09-30 15:30:54.925 62869 INFO tempest.lib.common.rest_client [req-4cd85457-90f9-4ecb-8552-c5dba3ede02c req-4cd85457-90f9-4ecb-8552-c5dba3ede02c ] Request (ListImagesTestJSON:setUpClass): 200 GET http://10.180.1.21/identity/v3/domains?name=Default 0.023s
2024-09-30 15:30:54.953 62869 INFO tempest.lib.common.rest_client [req-5ceb007b-3db1-41b0-b401-b25876d871d5 req-5ceb007b-3db1-41b0-b401-b25876d871d5 ] Request (ListImagesTestJSON:setUpClass): 201 POST http://10.180.1.21/identity/v3/projects 0.027s
2024-09-30 15:30:55.002 62875 INFO tempest.lib.common.rest_client [req-450d71ad-b0dd-4d33-b407-1db761768236 req-450d71ad-b0dd-4d33-b407-1db761768236 ] Request (ServerExternalEventsTest:test_create_server_external_events): 200 GET http://10.180.1.21/compute/v2.1/servers/bb902720-750c-42fd-9a0f-f264fe4e3bd9 0.519s
2024-09-30 15:30:55.014 62869 INFO tempest.lib.common.rest_client [req-57930038-8e87-4228-8ac3-16224c6e2e32 req-57930038-8e87-4228-8ac3-16224c6e2e32 ] Request (ListImagesTestJSON:setUpClass): 201 POST http://10.180.1.21/identity/v3/users 0.060s
2024-09-30 15:30:55.036 62847 INFO tempest.lib.common.rest_client [req-5dd950a0-9ddf-4ad5-8604-1fcd58bb489c req-5dd950a0-9ddf-4ad5-8604-1fcd58bb489c ] Request (ServerRescueTestJSONUnderV235:setUpClass): 200 GET http://10.180.1.21/compute/v2.1/servers/3b60cf7c-d02e-41a5-bd2b-8bcc2c4967f3 0.403s
2024-09-30 15:30:55.038 62869 INFO tempest.lib.common.rest_client [req-391b7eb2-44db-41a1-9863-12b628e6ec22 req-391b7eb2-44db-41a1-9863-12b628e6ec22 ] Request (ListImagesTestJSON:setUpClass): 200 GET http://10.180.1.21/identity/v3/roles 0.024s
2024-09-30 15:30:55.041 62835 INFO tempest.lib.common.rest_client [req-4cbf0033-2a5d-4ba8-93cd-3287b165b893 req-4cbf0033-2a5d-4ba8-93cd-3287b165b893 ] Request (ServersWithSpecificFlavorTestJSON:test_verify_created_server_ephemeral_disk): 201 POST http://10.180.1.21/identity/v3/auth/tokens 0.065s
2024-09-30 15:30:55.042 62835 INFO tempest.lib.common.fixed_network [-] (ServersWithSpecificFlavorTestJSON:test_verify_created_server_ephemeral_disk) Found network {'id': 'ca401ec2-5dff-4209-a7f4-c7c4876b4707', 'name': 'tempest-ServersWithSpecificFlavorTestJSON-30155205-network', 'tenant_id': 'ff998abb767d44d4839ff4343a5fa91a', 'admin_state_up': True, 'mtu': 8950, 'status': 'ACTIVE', 'subnets': [], 'shared': False, 'project_id': 'ff998abb767d44d4839ff4343a5fa91a', 'port_security_enabled': True, 'router:external': False, 'provider:network_type': 'vlan', 'provider:physical_network': 'default', 'provider:segmentation_id': 281, 'is_default': False, 'availability_zone_hints': [], 'availability_zones': [], 'ipv4_address_scope': None, 'ipv6_address_scope': None, 'description': '', 'tags': [], 'created_at': '2024-09-30T15:30:21Z', 'updated_at': '2024-09-30T15:30:22Z', 'revision_number': 1} available for tenant
2024-09-30 15:30:55.055 62843 INFO tempest.lib.common.rest_client [req-0f538ea7-e381-4f3b-b3dc-71b33d70082b req-0f538ea7-e381-4f3b-b3dc-71b33d70082b ] Request (FlavorsAdminTestJSON:test_is_public_string_variations): 200 GET http://10.180.1.21/compute/v2.1/flavors/detail?is_public=true 0.375s
2024-09-30 15:30:55.064 62869 INFO tempest.lib.common.rest_client [req-4ddb967a-3357-44f5-bae5-ae9da74a5814 req-4ddb967a-3357-44f5-bae5-ae9da74a5814 ] Request (ListImagesTestJSON:setUpClass): 204 PUT http://10.180.1.21/identity/v3/projects/866018ec43734fd196102b7ec59fb620/users/363f4229e4de447696657d1d5e4047d9/roles/932cfd4feb644672b6dc3460cd047ad9 0.026s
2024-09-30 15:30:55.065 62869 INFO tempest.lib.common.dynamic_creds [-] Dynamic test user 363f4229e4de447696657d1d5e4047d9 is created with scope project and roles: ['member']
2024-09-30 15:30:55.065 62869 INFO tempest.lib.common.dynamic_creds [-] Acquired dynamic creds: credentials: Credentials: {'domain_id': 'default', 'domain_name': 'Default', 'username': 'tempest-ListImagesTestJSON-449488159-project-member', 'project_domain_id': 'default', 'project_domain_name': 'Default', 'project_id': '866018ec43734fd196102b7ec59fb620', 'project_name': 'tempest-ListImagesTestJSON-449488159', 'tenant_id': '866018ec43734fd196102b7ec59fb620', 'tenant_name': 'tempest-ListImagesTestJSON-449488159', 'user_domain_id': 'default', 'user_domain_name': 'Default', 'user_id': '363f4229e4de447696657d1d5e4047d9', 'system': None}, Network: None, Subnet: None, Router: None
2024-09-30 15:30:55.065 62869 INFO tempest.lib.common.dynamic_creds [-] Created isolated network resources for: credentials: Credentials: {'domain_id': 'default', 'domain_name': 'Default', 'username': 'tempest-ListImagesTestJSON-449488159-project-member', 'project_domain_id': 'default', 'project_domain_name': 'Default', 'project_id': '866018ec43734fd196102b7ec59fb620', 'project_name': 'tempest-ListImagesTestJSON-449488159', 'tenant_id': '866018ec43734fd196102b7ec59fb620', 'tenant_name': 'tempest-ListImagesTestJSON-449488159', 'user_domain_id': 'default', 'user_domain_name': 'Default', 'user_id': '363f4229e4de447696657d1d5e4047d9', 'system': None}, Network: None, Subnet: None, Router: None
2024-09-30 15:30:55.087 62845 INFO tempest.lib.common.rest_client [req-710fcb1a-9e76-4928-aaf5-2ca3414c8d32 req-710fcb1a-9e76-4928-aaf5-2ca3414c8d32 ] Request (AggregatesAdminNegativeTestJSON:_run_cleanups): 200 DELETE http://10.180.1.21/compute/v2.1/os-aggregates/6 0.406s
2024-09-30 15:30:55.102 62821 INFO tempest.lib.common.rest_client [req-551272b6-6abe-44a8-ab59-2eaee1015fc8 req-551272b6-6abe-44a8-ab59-2eaee1015fc8 ] Request (ServerDiagnosticsV248Test:test_get_server_diagnostics): 200 GET http://10.180.1.21/compute/v2.1/servers/4f1dd81b-d485-4133-8ee5-f7e00cfaa17d 0.468s
2024-09-30 15:30:55.155 62869 INFO tempest.lib.common.rest_client [req-2139f953-ee33-4a8c-858e-f79208d8dbbb req-2139f953-ee33-4a8c-858e-f79208d8dbbb ] Request (ListImagesTestJSON:setUpClass): 201 POST http://10.180.1.21/identity/v3/auth/tokens 0.086s
2024-09-30 15:30:55.156 62841 INFO tempest.lib.common.rest_client [req-e9c38481-bfff-4c47-8aec-4622e93c40f4 req-e9c38481-bfff-4c47-8aec-4622e93c40f4 ] Request (HypervisorAdminV253TestBase:tearDownClass): 204 DELETE http://10.180.1.21:9696/networking/v2.0/security-groups/7f4df676-7cbc-4094-aebf-6f397bcd2c69 0.909s
2024-09-30 15:30:55.166 62831 INFO tempest.lib.common.rest_client [req-93ebd67f-20c2-4b42-8c06-07fbd88ec21c req-93ebd67f-20c2-4b42-8c06-07fbd88ec21c ] Request (ImagesMetadataNegativeTestJSON:tearDownClass): 200 GET http://10.180.1.21:9696/networking/v2.0/security-groups?tenant_id=3040f2677bbd430cba59be75f6563132&name=default 0.973s
2024-09-30 15:30:55.213 62823 INFO tempest.lib.common.rest_client [req-d0da7fce-b3dc-48a2-808a-3db12ea313da req-d0da7fce-b3dc-48a2-808a-3db12ea313da ] Request (MigrationsAdminTest:test_list_migrations_in_flavor_resize_situation): 200 GET http://10.180.1.21/compute/v2.1/servers/823cfd72-2e6d-4acb-bc05-5c5f159e1a36 0.488s
2024-09-30 15:30:55.223 62855 INFO tempest.lib.common.rest_client [req-fa6ec23b-b35c-497b-a09e-df50b82c3ca3 req-fa6ec23b-b35c-497b-a09e-df50b82c3ca3 ] Request (FloatingIPsAssociationTestJSON:setUpClass): 200 GET http://10.180.1.21/compute/v2.1/servers/f3e3fdc2-c425-4dca-86f3-f925c5a14499 0.351s
2024-09-30 15:30:55.246 62873 INFO tempest.lib.common.rest_client [req-6b98b7d1-ba7a-4ee2-b05a-8467740a7141 req-6b98b7d1-ba7a-4ee2-b05a-8467740a7141 ] Request (FlavorsAccessNegativeTestJSON:_run_cleanups): 200 GET http://10.180.1.21/compute/v2.1/flavors/detail 0.337s
2024-09-30 15:30:55.253 62851 INFO tempest.lib.common.rest_client [req-1d3ccf24-b683-420c-9563-aa2395de0d48 req-1d3ccf24-b683-420c-9563-aa2395de0d48 ] Request (InstanceUsageAuditLogNegativeTestJSON:tearDownClass): 204 DELETE http://10.180.1.21:9696/networking/v2.0/security-groups/7af701c4-8823-4e7a-be72-ac3dda22d167 0.685s
2024-09-30 15:30:55.265 62841 INFO tempest.lib.common.rest_client [req-d661fdad-f6a3-4434-9101-ace3445bb6d1 req-d661fdad-f6a3-4434-9101-ace3445bb6d1 ] Request (HypervisorAdminV253TestBase:tearDownClass): 204 DELETE http://10.180.1.21/identity/v3/projects/5ab43e1c8cc845d08341be7adb08ce9a 0.108s
2024-09-30 15:30:55.265 62841 INFO tempest.lib.common.dynamic_creds [-] Deleting project and security group for project: d935f9377ee3403e9b5ef47faa427849
2024-09-30 15:30:55.290 62868 INFO tempest.lib.common.rest_client [req-9f1d05c6-3be3-4c4b-8067-6ea252eedd4d req-9f1d05c6-3be3-4c4b-8067-6ea252eedd4d ] Request (VolumesAssistedSnapshotsTest:test_volume_assisted_snapshot_create_delete): 201 POST http://10.180.1.21:9696/networking/v2.0/security-group-rules 0.906s
2024-09-30 15:30:55.312 62837 INFO tempest.lib.common.rest_client [req-2542f973-5e5f-4f07-a29e-af2709d94058 req-2542f973-5e5f-4f07-a29e-af2709d94058 ] Request (ServerDiagnosticsNegativeTest:tearDownClass): 200 GET http://10.180.1.21:9696/networking/v2.0/security-groups?tenant_id=cbfca00c30e14644808075f6b275f523&name=default 1.058s
2024-09-30 15:30:55.385 62819 INFO tempest.lib.common.rest_client [req-6ff73571-3f6e-4695-a850-38601f2ba6df req-6ff73571-3f6e-4695-a850-38601f2ba6df ] Request (ServerActionsTestOtherB:setUpClass): 200 GET http://10.180.1.21/compute/v2.1/servers/0b024f00-ec3c-407b-ac78-5d35cf1eaa5c 0.470s
2024-09-30 15:30:55.414 62851 INFO tempest.lib.common.rest_client [req-b36b3a43-13d2-42da-b9f5-69b15b6a67ff req-b36b3a43-13d2-42da-b9f5-69b15b6a67ff ] Request (InstanceUsageAuditLogNegativeTestJSON:tearDownClass): 204 DELETE http://10.180.1.21/identity/v3/projects/31d26f1516c7483a9ad76c487fd53d5b 0.161s
2024-09-30 15:30:55.415 62851 INFO tempest.lib.common.dynamic_creds [-] Deleting project and security group for project: ac33dd5c3f774ccfae0ee18668ad69a2
2024-09-30 15:30:55.428 62858 INFO tempest.lib.common.rest_client [req-ab75f831-39cf-4207-a1a0-e7d068f5b561 req-ab75f831-39cf-4207-a1a0-e7d068f5b561 ] Request (KeyPairsV22TestJSON:test_keypairsv22_create_list_show): 201 POST http://10.180.1.21/compute/v2.1/os-keypairs 0.505s
2024-09-30 15:30:55.505 62849 INFO tempest.lib.common.rest_client [req-f0aa6be5-0652-4c94-927c-d925528dbbb0 req-f0aa6be5-0652-4c94-927c-d925528dbbb0 ] Request (ImagesMetadataTestJSON:test_set_image_metadata): 200 PUT http://10.180.1.21/compute/v2.1/images/1c6ea6b3-0778-4920-ac66-508112a67334/metadata 0.612s
2024-09-30 15:30:55.522 62843 INFO tempest.lib.common.rest_client [req-98b95c78-9357-4c7c-89d8-37407e28379c req-98b95c78-9357-4c7c-89d8-37407e28379c ] Request (FlavorsAdminTestJSON:test_is_public_string_variations): 200 GET http://10.180.1.21/compute/v2.1/flavors/detail?is_public=yes 0.461s
2024-09-30 15:30:55.535 62845 INFO tempest.lib.common.rest_client [req-af6f79fd-863f-48a4-aab2-f46d2ed958c3 req-af6f79fd-863f-48a4-aab2-f46d2ed958c3 ] Request (AggregatesAdminNegativeTestJSON:test_aggregate_get_details_with_invalid_id): 404 GET http://10.180.1.21/compute/v2.1/os-aggregates/-1 0.446s
2024-09-30 15:30:55.556 62859 INFO tempest.lib.common.rest_client [req-6e578721-2551-4509-b170-751fe2175aa2 req-6e578721-2551-4509-b170-751fe2175aa2 ] Request (ServersTestMultiNic:test_verify_duplicate_network_nics): 201 POST http://10.180.1.21:9696/networking/v2.0/subnets 1.726s
2024-09-30 15:30:55.566 62879 INFO tempest.lib.common.rest_client [req-470535d0-0850-4a4b-92fe-a7f378d3feda req-470535d0-0850-4a4b-92fe-a7f378d3feda ] Request (AttachVolumeNegativeTest:setUpClass): 200 PUT http://10.180.1.21:9696/networking/v2.0/routers/1dd7372a-cd08-4fb1-9a84-3aa153eb9bd4/add_router_interface 5.581s
2024-09-30 15:30:55.567 62879 INFO tempest.lib.common.dynamic_creds [-] Created isolated network resources for: credentials: Credentials: {'domain_id': 'default', 'domain_name': 'Default', 'username': 'tempest-AttachVolumeNegativeTest-499978145-project-member', 'project_domain_id': 'default', 'project_domain_name': 'Default', 'project_id': '5f2cc7b4b51b4a84942d034fc948d33c', 'project_name': 'tempest-AttachVolumeNegativeTest-499978145', 'tenant_id': '5f2cc7b4b51b4a84942d034fc948d33c', 'tenant_name': 'tempest-AttachVolumeNegativeTest-499978145', 'user_domain_id': 'default', 'user_domain_name': 'Default', 'user_id': '86c00be2162642e2bb4f787bb57a07cd', 'system': None}, Network: {'id': 'c83202eb-25ae-4f61-b940-10c3d73b89c4', 'name': 'tempest-AttachVolumeNegativeTest-1208695605-network', 'tenant_id': '5f2cc7b4b51b4a84942d034fc948d33c', 'admin_state_up': True, 'mtu': 8950, 'status': 'ACTIVE', 'subnets': [], 'shared': False, 'project_id': '5f2cc7b4b51b4a84942d034fc948d33c', 'port_security_enabled': True, 'router:external': False, 'provider:network_type': 'vlan', 'provider:physical_network': 'default', 'provider:segmentation_id': 302, 'is_default': False, 'availability_zone_hints': [], 'availability_zones': [], 'ipv4_address_scope': None, 'ipv6_address_scope': None, 'description': '', 'tags': [], 'created_at': '2024-09-30T15:30:45Z', 'updated_at': '2024-09-30T15:30:45Z', 'revision_number': 1}, Subnet: {'id': '1c97533d-ff13-4d67-881d-b4bdcbb47ce3', 'name': 'tempest-AttachVolumeNegativeTest-1208695605-subnet', 'tenant_id': '5f2cc7b4b51b4a84942d034fc948d33c', 'network_id': 'c83202eb-25ae-4f61-b940-10c3d73b89c4', 'ip_version': 4, 'subnetpool_id': None, 'enable_dhcp': True, 'ipv6_ra_mode': None, 'ipv6_address_mode': None, 'gateway_ip': '192.168.128.1', 'cidr': '192.168.128.0/28', 'allocation_pools': [{'start': '192.168.128.2', 'end': '192.168.128.14'}], 'host_routes': [], 'dns_nameservers': [], 'description': '', 'router:external': False, 'service_types': [], 'tags': [], 'created_at': '2024-09-30T15:30:46Z', 'updated_at': '2024-09-30T15:30:46Z', 'revision_number': 0, 'project_id': '5f2cc7b4b51b4a84942d034fc948d33c'}, Router: {'id': '1dd7372a-cd08-4fb1-9a84-3aa153eb9bd4', 'name': 'tempest-AttachVolumeNegativeTest-1208695605-router', 'tenant_id': '5f2cc7b4b51b4a84942d034fc948d33c', 'admin_state_up': True, 'status': 'ACTIVE', 'external_gateway_info': {'network_id': '5c22d278-aaab-4552-9f55-26d36b039d7b', 'external_fixed_ips': [{'subnet_id': '161aeea8-5460-489b-b325-36524676cc4e', 'ip_address': '10.180.180.223'}], 'enable_snat': True}, 'description': '', 'availability_zones': [], 'distributed': False, 'ha': False, 'availability_zone_hints': [], 'routes': [], 'flavor_id': None, 'tags': [], 'created_at': '2024-09-30T15:30:47Z', 'updated_at': '2024-09-30T15:30:49Z', 'revision_number': 2, 'project_id': '5f2cc7b4b51b4a84942d034fc948d33c'}
2024-09-30 15:30:55.575 62839 INFO tempest.lib.common.rest_client [req-d1b31079-326b-498f-b5ba-ddf8dd6d041f req-d1b31079-326b-498f-b5ba-ddf8dd6d041f ] Request (QuotaClassesAdminTestJSON:tearDownClass): 204 DELETE http://10.180.1.21:9696/networking/v2.0/security-groups/7994d489-c012-40bd-b44b-301ba3d4930b 0.859s
2024-09-30 15:30:55.668 62879 INFO tempest.lib.common.rest_client [req-b56aaac6-18c9-4242-b4ee-b0ad16bb4454 req-b56aaac6-18c9-4242-b4ee-b0ad16bb4454 ] Request (AttachVolumeNegativeTest:setUpClass): 201 POST http://10.180.1.21/identity/v3/auth/tokens 0.096s
2024-09-30 15:30:55.713 62869 INFO tempest.lib.common.rest_client [req-e5a6d301-48e0-4ffb-9ae2-e0e20485c9e5 req-e5a6d301-48e0-4ffb-9ae2-e0e20485c9e5 ] Request (ListImagesTestJSON:test_get_image): 200 GET http://10.180.1.21/compute/v2.1/images/83b96580-5e50-409c-a20d-a61f6d540936 0.556s
2024-09-30 15:30:55.719 62863 INFO tempest.lib.common.rest_client [req-d4774aa9-87cb-40ed-a04e-e9d369ae975e req-d4774aa9-87cb-40ed-a04e-e9d369ae975e ] Request (NetworksTest:tearDownClass): 200 GET http://10.180.1.21:9696/networking/v2.0/security-groups?tenant_id=5a47723412354be0a1a056e853fcf697&name=default 0.883s
2024-09-30 15:30:55.731 62873 INFO tempest.lib.common.rest_client [req-2402d074-90e7-4be9-95c6-3bae76940073 req-2402d074-90e7-4be9-95c6-3bae76940073 ] Request (FlavorsAccessNegativeTestJSON:test_remove_flavor_access_not_found): 200 POST http://10.180.1.21/compute/v2.1/flavors 0.477s
2024-09-30 15:30:55.786 62839 INFO tempest.lib.common.rest_client [req-7737834e-1cf2-4d1a-858a-0537debcd56b req-7737834e-1cf2-4d1a-858a-0537debcd56b ] Request (QuotaClassesAdminTestJSON:tearDownClass): 204 DELETE http://10.180.1.21/identity/v3/projects/3a8af044031b4620aa0ec25692197eb5 0.211s
2024-09-30 15:30:55.864 62831 INFO tempest.lib.common.rest_client [req-95f57395-0f39-43f0-9f06-c9bab6160e7a req-95f57395-0f39-43f0-9f06-c9bab6160e7a ] Request (ImagesMetadataNegativeTestJSON:tearDownClass): 204 DELETE http://10.180.1.21:9696/networking/v2.0/security-groups/28023b68-d9b1-453e-8d8f-fff1031e114f 0.697s
2024-09-30 15:30:55.865 62839 INFO tempest.lib.common.rest_client [req-0d0d0a02-a75e-4f98-aa48-6edbacce586d req-0d0d0a02-a75e-4f98-aa48-6edbacce586d ] Request (TenantUsagesNegativeTestJSON:setUpClass): 201 POST http://10.180.1.21/identity/v3/auth/tokens 0.077s
2024-09-30 15:30:55.903 62839 INFO tempest.lib.common.rest_client [req-9bed39e8-e5c5-44d3-88e9-db045d4b1792 req-9bed39e8-e5c5-44d3-88e9-db045d4b1792 ] Request (TenantUsagesNegativeTestJSON:setUpClass): 201 POST http://10.180.1.21/identity/v3/auth/tokens 0.035s
2024-09-30 15:30:55.943 62831 INFO tempest.lib.common.rest_client [req-a88067c5-786c-43b5-a4bb-6b8a30fd6ff8 req-a88067c5-786c-43b5-a4bb-6b8a30fd6ff8 ] Request (ImagesMetadataNegativeTestJSON:tearDownClass): 204 DELETE http://10.180.1.21/identity/v3/projects/3040f2677bbd430cba59be75f6563132 0.079s
2024-09-30 15:30:55.960 62839 INFO tempest.lib.common.rest_client [req-5c3cc4e8-d88b-44a2-b63a-3a3e519e587f req-5c3cc4e8-d88b-44a2-b63a-3a3e519e587f ] Request (TenantUsagesNegativeTestJSON:setUpClass): 200 GET http://10.180.1.21/identity/v3/domains?name=Default 0.057s
2024-09-30 15:30:55.965 62881 INFO tempest.lib.common.rest_client [req-efa85af8-c7d7-49b3-8ccf-c78c67468623 req-efa85af8-c7d7-49b3-8ccf-c78c67468623 ] Request (AttachInterfacesTestJSON:setUpClass): 201 POST http://10.180.1.21:9696/networking/v2.0/networks 1.402s
2024-09-30 15:30:55.972 62837 INFO tempest.lib.common.rest_client [req-f72a3a3c-907d-47f7-a4ef-ecdbdabb69a5 req-f72a3a3c-907d-47f7-a4ef-ecdbdabb69a5 ] Request (ServerDiagnosticsNegativeTest:tearDownClass): 204 DELETE http://10.180.1.21:9696/networking/v2.0/security-groups/d54fb3d3-74ac-4684-8111-cfc0faac1730 0.659s
2024-09-30 15:30:55.974 62841 INFO tempest.lib.common.rest_client [req-b35526ec-6795-4c4c-9dcb-f0b65112cc33 req-b35526ec-6795-4c4c-9dcb-f0b65112cc33 ] Request (HypervisorAdminV253TestBase:tearDownClass): 200 GET http://10.180.1.21:9696/networking/v2.0/security-groups?tenant_id=d935f9377ee3403e9b5ef47faa427849&name=default 0.705s
2024-09-30 15:30:55.976 62831 INFO tempest.lib.common.rest_client [req-bdf9a2fb-f3a6-4245-850a-ecb413089573 req-bdf9a2fb-f3a6-4245-850a-ecb413089573 ] Request (MultipleCreateTestJSON:setUpClass): 201 POST http://10.180.1.21/identity/v3/auth/tokens 0.031s
2024-09-30 15:30:55.992 62839 INFO tempest.lib.common.rest_client [req-4a733b9a-f6af-4688-ac94-1f04a10c0dd7 req-4a733b9a-f6af-4688-ac94-1f04a10c0dd7 ] Request (TenantUsagesNegativeTestJSON:setUpClass): 201 POST http://10.180.1.21/identity/v3/projects 0.032s
2024-09-30 15:30:56.035 62837 INFO tempest.lib.common.rest_client [req-38ca5a3d-9614-432e-8ec2-847527a3a7a4 req-38ca5a3d-9614-432e-8ec2-847527a3a7a4 ] Request (ServerDiagnosticsNegativeTest:tearDownClass): 204 DELETE http://10.180.1.21/identity/v3/projects/cbfca00c30e14644808075f6b275f523 0.062s
2024-09-30 15:30:56.035 62837 INFO tempest.lib.common.dynamic_creds [-] Deleting project and security group for project: 819dddead5ae4922b1819bc38030bc03
2024-09-30 15:30:56.043 62831 INFO tempest.lib.common.rest_client [req-e7b64a12-5a20-480d-823e-70c5954b74d1 req-e7b64a12-5a20-480d-823e-70c5954b74d1 ] Request (MultipleCreateTestJSON:setUpClass): 201 POST http://10.180.1.21/identity/v3/auth/tokens 0.062s
2024-09-30 15:30:56.064 62831 INFO tempest.lib.common.rest_client [req-bbddf34b-3d6a-4b2c-97b5-0cbfa2c72e37 req-bbddf34b-3d6a-4b2c-97b5-0cbfa2c72e37 ] Request (MultipleCreateTestJSON:setUpClass): 200 GET http://10.180.1.21/identity/v3/domains?name=Default 0.021s
2024-09-30 15:30:56.072 62825 INFO tempest.lib.common.rest_client [req-bac9bfd9-9e10-4cb8-b6b3-a205f1f7e2bc req-bac9bfd9-9e10-4cb8-b6b3-a205f1f7e2bc ] Request (AttachInterfacesV270Test:setUpClass): 201 POST http://10.180.1.21:9696/networking/v2.0/routers 4.711s
2024-09-30 15:30:56.084 62851 INFO tempest.lib.common.rest_client [req-b5645066-f2b3-4149-82d7-3c2b031f6ea9 req-b5645066-f2b3-4149-82d7-3c2b031f6ea9 ] Request (InstanceUsageAuditLogNegativeTestJSON:tearDownClass): 200 GET http://10.180.1.21:9696/networking/v2.0/security-groups?tenant_id=ac33dd5c3f774ccfae0ee18668ad69a2&name=default 0.668s
2024-09-30 15:30:56.091 62831 INFO tempest.lib.common.rest_client [req-6b31900e-3a05-42dc-b047-d1228230e0b4 req-6b31900e-3a05-42dc-b047-d1228230e0b4 ] Request (MultipleCreateTestJSON:setUpClass): 201 POST http://10.180.1.21/identity/v3/projects 0.026s
2024-09-30 15:30:56.096 62839 INFO tempest.lib.common.rest_client [req-1ccde2e4-8a20-46d6-9e49-d4be0abd04ef req-1ccde2e4-8a20-46d6-9e49-d4be0abd04ef ] Request (TenantUsagesNegativeTestJSON:setUpClass): 201 POST http://10.180.1.21/identity/v3/users 0.103s
2024-09-30 15:30:56.140 62861 INFO tempest.lib.common.rest_client [req-59b43ea6-6576-4187-94ea-352998cf1c52 req-59b43ea6-6576-4187-94ea-352998cf1c52 ] Request (ServerRescueTestJSON:setUpClass): 200 PUT http://10.180.1.21:9696/networking/v2.0/routers/902e0680-f0c6-4e1f-ad8a-c941ec759a92/add_router_interface 5.822s
2024-09-30 15:30:56.140 62861 INFO tempest.lib.common.dynamic_creds [-] Created isolated network resources for: credentials: Credentials: {'domain_id': 'default', 'domain_name': 'Default', 'username': 'tempest-ServerRescueTestJSON-344451408-project-member', 'project_domain_id': 'default', 'project_domain_name': 'Default', 'project_id': '98e83942ceb14a149f01f9c15c00ae93', 'project_name': 'tempest-ServerRescueTestJSON-344451408', 'tenant_id': '98e83942ceb14a149f01f9c15c00ae93', 'tenant_name': 'tempest-ServerRescueTestJSON-344451408', 'user_domain_id': 'default', 'user_domain_name': 'Default', 'user_id': '4602ba3f4152422e8074eed34094c0af', 'system': None}, Network: {'id': '645147f6-e865-45b6-b23c-63e112a248c6', 'name': 'tempest-ServerRescueTestJSON-1778052903-network', 'tenant_id': '98e83942ceb14a149f01f9c15c00ae93', 'admin_state_up': True, 'mtu': 8950, 'status': 'ACTIVE', 'subnets': [], 'shared': False, 'project_id': '98e83942ceb14a149f01f9c15c00ae93', 'port_security_enabled': True, 'router:external': False, 'provider:network_type': 'vlan', 'provider:physical_network': 'default', 'provider:segmentation_id': 778, 'is_default': False, 'availability_zone_hints': [], 'availability_zones': [], 'ipv4_address_scope': None, 'ipv6_address_scope': None, 'description': '', 'tags': [], 'created_at': '2024-09-30T15:30:45Z', 'updated_at': '2024-09-30T15:30:45Z', 'revision_number': 1}, Subnet: {'id': 'fd585761-cc9e-4352-85bd-171d916b91b2', 'name': 'tempest-ServerRescueTestJSON-1778052903-subnet', 'tenant_id': '98e83942ceb14a149f01f9c15c00ae93', 'network_id': '645147f6-e865-45b6-b23c-63e112a248c6', 'ip_version': 4, 'subnetpool_id': None, 'enable_dhcp': False, 'ipv6_ra_mode': None, 'ipv6_address_mode': None, 'gateway_ip': '192.168.128.1', 'cidr': '192.168.128.0/28', 'allocation_pools': [{'start': '192.168.128.2', 'end': '192.168.128.14'}], 'host_routes': [], 'dns_nameservers': [], 'description': '', 'router:external': False, 'service_types': [], 'tags': [], 'created_at': '2024-09-30T15:30:46Z', 'updated_at': '2024-09-30T15:30:46Z', 'revision_number': 0, 'project_id': '98e83942ceb14a149f01f9c15c00ae93'}, Router: {'id': '902e0680-f0c6-4e1f-ad8a-c941ec759a92', 'name': 'tempest-ServerRescueTestJSON-1778052903-router', 'tenant_id': '98e83942ceb14a149f01f9c15c00ae93', 'admin_state_up': True, 'status': 'ACTIVE', 'external_gateway_info': {'network_id': '5c22d278-aaab-4552-9f55-26d36b039d7b', 'external_fixed_ips': [{'subnet_id': '161aeea8-5460-489b-b325-36524676cc4e', 'ip_address': '10.180.180.222'}], 'enable_snat': True}, 'description': '', 'availability_zones': [], 'distributed': False, 'ha': False, 'availability_zone_hints': [], 'routes': [], 'flavor_id': None, 'tags': [], 'created_at': '2024-09-30T15:30:47Z', 'updated_at': '2024-09-30T15:30:48Z', 'revision_number': 2, 'project_id': '98e83942ceb14a149f01f9c15c00ae93'}
2024-09-30 15:30:56.144 62839 INFO tempest.lib.common.rest_client [req-a2b48b8f-18f9-468d-9381-a9521f9ba1af req-a2b48b8f-18f9-468d-9381-a9521f9ba1af ] Request (TenantUsagesNegativeTestJSON:setUpClass): 200 GET http://10.180.1.21/identity/v3/roles 0.047s
2024-09-30 15:30:56.173 62831 INFO tempest.lib.common.rest_client [req-4ab6eee0-782b-4125-9384-56069bcbc4cc req-4ab6eee0-782b-4125-9384-56069bcbc4cc ] Request (MultipleCreateTestJSON:setUpClass): 201 POST http://10.180.1.21/identity/v3/users 0.082s
2024-09-30 15:30:56.178 62839 INFO tempest.lib.common.rest_client [req-e612ac9d-0791-4ca5-9a8a-4bd94f99c518 req-e612ac9d-0791-4ca5-9a8a-4bd94f99c518 ] Request (TenantUsagesNegativeTestJSON:setUpClass): 204 PUT http://10.180.1.21/identity/v3/projects/b70bfd846ee941b4b4c6979dbf7e1219/users/25801a6b8e6047b9ba9a37510662963c/roles/932cfd4feb644672b6dc3460cd047ad9 0.033s
2024-09-30 15:30:56.179 62839 INFO tempest.lib.common.dynamic_creds [-] Dynamic test user 25801a6b8e6047b9ba9a37510662963c is created with scope project and roles: ['member']
2024-09-30 15:30:56.179 62839 INFO tempest.lib.common.dynamic_creds [-] Acquired dynamic creds: credentials: Credentials: {'domain_id': 'default', 'domain_name': 'Default', 'username': 'tempest-TenantUsagesNegativeTestJSON-624097623-project-member', 'project_domain_id': 'default', 'project_domain_name': 'Default', 'project_id': 'b70bfd846ee941b4b4c6979dbf7e1219', 'project_name': 'tempest-TenantUsagesNegativeTestJSON-624097623', 'tenant_id': 'b70bfd846ee941b4b4c6979dbf7e1219', 'tenant_name': 'tempest-TenantUsagesNegativeTestJSON-624097623', 'user_domain_id': 'default', 'user_domain_name': 'Default', 'user_id': '25801a6b8e6047b9ba9a37510662963c', 'system': None}, Network: None, Subnet: None, Router: None
2024-09-30 15:30:56.180 62839 INFO tempest.lib.common.dynamic_creds [-] Created isolated network resources for: credentials: Credentials: {'domain_id': 'default', 'domain_name': 'Default', 'username': 'tempest-TenantUsagesNegativeTestJSON-624097623-project-member', 'project_domain_id': 'default', 'project_domain_name': 'Default', 'project_id': 'b70bfd846ee941b4b4c6979dbf7e1219', 'project_name': 'tempest-TenantUsagesNegativeTestJSON-624097623', 'tenant_id': 'b70bfd846ee941b4b4c6979dbf7e1219', 'tenant_name': 'tempest-TenantUsagesNegativeTestJSON-624097623', 'user_domain_id': 'default', 'user_domain_name': 'Default', 'user_id': '25801a6b8e6047b9ba9a37510662963c', 'system': None}, Network: None, Subnet: None, Router: None
2024-09-30 15:30:56.213 62868 INFO tempest.lib.common.rest_client [req-a45d98d2-1181-4c47-9bdb-fec51f26c8a5 req-a45d98d2-1181-4c47-9bdb-fec51f26c8a5 ] Request (VolumesAssistedSnapshotsTest:test_volume_assisted_snapshot_create_delete): 201 POST http://10.180.1.21:9696/networking/v2.0/security-group-rules 0.922s
2024-09-30 15:30:56.232 62831 INFO tempest.lib.common.rest_client [req-5bc409b5-8349-4f25-8cb1-409f40ed52ad req-5bc409b5-8349-4f25-8cb1-409f40ed52ad ] Request (MultipleCreateTestJSON:setUpClass): 200 GET http://10.180.1.21/identity/v3/roles 0.058s
2024-09-30 15:30:56.237 62861 INFO tempest.lib.common.rest_client [req-0074b0fa-7668-4ea1-8353-44492abae8a6 req-0074b0fa-7668-4ea1-8353-44492abae8a6 ] Request (ServerRescueTestJSON:setUpClass): 201 POST http://10.180.1.21/identity/v3/auth/tokens 0.090s
2024-09-30 15:30:56.253 62877 INFO tempest.lib.common.rest_client [req-2b3063a2-9bdf-4393-b186-4f136c7542ed req-2b3063a2-9bdf-4393-b186-4f136c7542ed ] Request (ServerActionsTestJSON:setUpClass): 201 POST http://10.180.1.21:9696/networking/v2.0/networks 1.598s
2024-09-30 15:30:56.264 62831 INFO tempest.lib.common.rest_client [req-f7e609ce-d349-4b2a-893c-e4c7afca5844 req-f7e609ce-d349-4b2a-893c-e4c7afca5844 ] Request (MultipleCreateTestJSON:setUpClass): 204 PUT http://10.180.1.21/identity/v3/projects/bc71dc754643446abb4c6678a05c99ff/users/6625a4e6e53d4616860ffbdc70a4b1f2/roles/932cfd4feb644672b6dc3460cd047ad9 0.032s
2024-09-30 15:30:56.265 62831 INFO tempest.lib.common.dynamic_creds [-] Dynamic test user 6625a4e6e53d4616860ffbdc70a4b1f2 is created with scope project and roles: ['member']
2024-09-30 15:30:56.265 62831 INFO tempest.lib.common.dynamic_creds [-] Acquired dynamic creds: credentials: Credentials: {'domain_id': 'default', 'domain_name': 'Default', 'username': 'tempest-MultipleCreateTestJSON-499978485-project-member', 'project_domain_id': 'default', 'project_domain_name': 'Default', 'project_id': 'bc71dc754643446abb4c6678a05c99ff', 'project_name': 'tempest-MultipleCreateTestJSON-499978485', 'tenant_id': 'bc71dc754643446abb4c6678a05c99ff', 'tenant_name': 'tempest-MultipleCreateTestJSON-499978485', 'user_domain_id': 'default', 'user_domain_name': 'Default', 'user_id': '6625a4e6e53d4616860ffbdc70a4b1f2', 'system': None}, Network: None, Subnet: None, Router: None
2024-09-30 15:30:56.341 62839 INFO tempest.lib.common.rest_client [req-c05fb43a-ec3d-4ff4-8bde-c302ce8bbce2 req-c05fb43a-ec3d-4ff4-8bde-c302ce8bbce2 ] Request (TenantUsagesNegativeTestJSON:setUpClass): 201 POST http://10.180.1.21/identity/v3/auth/tokens 0.157s
2024-09-30 15:30:56.362 62861 INFO tempest.lib.common.rest_client [req-24033584-d9e4-4e54-aa9c-355aaf0ba644 req-24033584-d9e4-4e54-aa9c-355aaf0ba644 ] Request (ServerRescueTestJSON:setUpClass): 201 POST http://10.180.1.21/identity/v3/auth/tokens 0.118s
2024-09-30 15:30:56.362 62861 INFO tempest.lib.common.fixed_network [-] (ServerRescueTestJSON:setUpClass) Found network {'id': '645147f6-e865-45b6-b23c-63e112a248c6', 'name': 'tempest-ServerRescueTestJSON-1778052903-network', 'tenant_id': '98e83942ceb14a149f01f9c15c00ae93', 'admin_state_up': True, 'mtu': 8950, 'status': 'ACTIVE', 'subnets': [], 'shared': False, 'project_id': '98e83942ceb14a149f01f9c15c00ae93', 'port_security_enabled': True, 'router:external': False, 'provider:network_type': 'vlan', 'provider:physical_network': 'default', 'provider:segmentation_id': 778, 'is_default': False, 'availability_zone_hints': [], 'availability_zones': [], 'ipv4_address_scope': None, 'ipv6_address_scope': None, 'description': '', 'tags': [], 'created_at': '2024-09-30T15:30:45Z', 'updated_at': '2024-09-30T15:30:45Z', 'revision_number': 1} available for tenant
2024-09-30 15:30:56.368 62859 INFO tempest.lib.common.rest_client [req-09c938cc-c54a-48a8-b462-ab3e574f9625 req-09c938cc-c54a-48a8-b462-ab3e574f9625 ] Request (ServersTestMultiNic:test_verify_duplicate_network_nics): 201 POST http://10.180.1.21:9696/networking/v2.0/networks 0.812s
2024-09-30 15:30:56.397 62827 INFO tempest.lib.common.rest_client [req-cfff68c2-daeb-4d27-ac19-96ebae4bc9f8 req-cfff68c2-daeb-4d27-ac19-96ebae4bc9f8 ] Request (ServersAdminTestJSON:setUpClass): 200 GET http://10.180.1.21/compute/v2.1/servers/2674f864-12d0-4c9d-b5b4-78673260bfc2 1.104s
2024-09-30 15:30:56.411 62831 INFO tempest.lib.common.rest_client [req-3d0be7ef-ae02-412b-8d17-63cae1cf89b8 req-3d0be7ef-ae02-412b-8d17-63cae1cf89b8 ] Request (MultipleCreateTestJSON:setUpClass): 201 POST http://10.180.1.21/identity/v3/auth/tokens 0.146s
2024-09-30 15:30:56.417 62858 INFO tempest.lib.common.rest_client [req-40e26997-bbbb-45e6-a243-b00f11431e3b req-40e26997-bbbb-45e6-a243-b00f11431e3b ] Request (KeyPairsV22TestJSON:test_keypairsv22_create_list_show): 200 GET http://10.180.1.21/compute/v2.1/os-keypairs/tempest-keypair-693721483 0.988s
2024-09-30 15:30:56.427 62839 INFO tempest.lib.common.rest_client [req-48fed1cd-31f0-4a84-a750-f3accb6b5b42 req-48fed1cd-31f0-4a84-a750-f3accb6b5b42 ] Request (TenantUsagesNegativeTestJSON:setUpClass): 201 POST http://10.180.1.21/identity/v3/projects 0.085s
2024-09-30 15:30:56.462 62849 INFO tempest.lib.common.rest_client [req-65ee0e91-a51f-40c8-838f-fe07183f2603 req-65ee0e91-a51f-40c8-838f-fe07183f2603 ] Request (ImagesMetadataTestJSON:test_set_image_metadata): 200 GET http://10.180.1.21/compute/v2.1/images/1c6ea6b3-0778-4920-ac66-508112a67334/metadata 0.955s
2024-09-30 15:30:56.483 62837 INFO tempest.lib.common.rest_client [req-18f0351c-3b1a-4a55-80e6-1d36efcb993b req-18f0351c-3b1a-4a55-80e6-1d36efcb993b ] Request (ServerDiagnosticsNegativeTest:tearDownClass): 200 GET http://10.180.1.21:9696/networking/v2.0/security-groups?tenant_id=819dddead5ae4922b1819bc38030bc03&name=default 0.447s
2024-09-30 15:30:56.494 62843 INFO tempest.lib.common.rest_client [req-4e04756b-792d-4b82-9b5a-5f284cd0389d req-4e04756b-792d-4b82-9b5a-5f284cd0389d ] Request (FlavorsAdminTestJSON:test_is_public_string_variations): 200 GET http://10.180.1.21/compute/v2.1/flavors/detail?is_public=1 0.967s
2024-09-30 15:30:56.505 62845 INFO tempest.lib.common.rest_client [req-17f189ed-72a9-49c6-8815-f3289e53889d req-17f189ed-72a9-49c6-8815-f3289e53889d ] Request (AggregatesAdminNegativeTestJSON:test_aggregate_list_as_user): 403 GET http://10.180.1.21/compute/v2.1/os-aggregates 0.969s
2024-09-30 15:30:56.538 62839 INFO tempest.lib.common.rest_client [req-1c0d96de-3ae2-4f27-af5d-40688d467846 req-1c0d96de-3ae2-4f27-af5d-40688d467846 ] Request (TenantUsagesNegativeTestJSON:setUpClass): 201 POST http://10.180.1.21/identity/v3/users 0.111s
2024-09-30 15:30:56.556 62839 INFO tempest.lib.common.rest_client [req-54338cb2-8a3d-42b1-8efd-94e16ad8f4d8 req-54338cb2-8a3d-42b1-8efd-94e16ad8f4d8 ] Request (TenantUsagesNegativeTestJSON:setUpClass): 200 GET http://10.180.1.21/identity/v3/roles 0.017s
2024-09-30 15:30:56.587 62839 INFO tempest.lib.common.rest_client [req-7f440b1f-60a9-49e4-a6fc-378d9e72183b req-7f440b1f-60a9-49e4-a6fc-378d9e72183b ] Request (TenantUsagesNegativeTestJSON:setUpClass): 204 PUT http://10.180.1.21/identity/v3/projects/81ac18b5b3c04ea7bdd1b149060a8457/users/bc7c2a3e0241457eb86b743eb4b85846/roles/42c6baf3b001493dae598b81f7af68b6 0.030s
2024-09-30 15:30:56.607 62863 INFO tempest.lib.common.rest_client [req-2a1e06a5-bcc8-4340-b552-e6011adf73a2 req-2a1e06a5-bcc8-4340-b552-e6011adf73a2 ] Request (NetworksTest:tearDownClass): 204 DELETE http://10.180.1.21:9696/networking/v2.0/security-groups/080ca1cc-4ce6-426e-a96f-fbb555d60b80 0.887s
2024-09-30 15:30:56.651 62839 INFO tempest.lib.common.rest_client [req-eaeea8e0-5ada-4c98-adc7-9eae63d09de0 req-eaeea8e0-5ada-4c98-adc7-9eae63d09de0 ] Request (TenantUsagesNegativeTestJSON:setUpClass): 200 GET http://10.180.1.21/identity/v3/roles 0.064s
2024-09-30 15:30:56.668 62839 INFO tempest.lib.common.rest_client [req-0cc1d837-1134-4ba5-abee-5adc143ddc51 req-0cc1d837-1134-4ba5-abee-5adc143ddc51 ] Request (TenantUsagesNegativeTestJSON:setUpClass): 204 PUT http://10.180.1.21/identity/v3/projects/81ac18b5b3c04ea7bdd1b149060a8457/users/bc7c2a3e0241457eb86b743eb4b85846/roles/42c6baf3b001493dae598b81f7af68b6 0.016s
2024-09-30 15:30:56.668 62839 INFO tempest.lib.common.dynamic_creds [-] Dynamic test user bc7c2a3e0241457eb86b743eb4b85846 is created with scope project and roles: ['admin']
2024-09-30 15:30:56.669 62839 INFO tempest.lib.common.dynamic_creds [-] Acquired dynamic creds: credentials: Credentials: {'domain_id': 'default', 'domain_name': 'Default', 'username': 'tempest-TenantUsagesNegativeTestJSON-479759035-project-admin', 'project_domain_id': 'default', 'project_domain_name': 'Default', 'project_id': '81ac18b5b3c04ea7bdd1b149060a8457', 'project_name': 'tempest-TenantUsagesNegativeTestJSON-479759035', 'tenant_id': '81ac18b5b3c04ea7bdd1b149060a8457', 'tenant_name': 'tempest-TenantUsagesNegativeTestJSON-479759035', 'user_domain_id': 'default', 'user_domain_name': 'Default', 'user_id': 'bc7c2a3e0241457eb86b743eb4b85846', 'system': None}, Network: None, Subnet: None, Router: None
2024-09-30 15:30:56.669 62839 INFO tempest.lib.common.dynamic_creds [-] Created isolated network resources for: credentials: Credentials: {'domain_id': 'default', 'domain_name': 'Default', 'username': 'tempest-TenantUsagesNegativeTestJSON-479759035-project-admin', 'project_domain_id': 'default', 'project_domain_name': 'Default', 'project_id': '81ac18b5b3c04ea7bdd1b149060a8457', 'project_name': 'tempest-TenantUsagesNegativeTestJSON-479759035', 'tenant_id': '81ac18b5b3c04ea7bdd1b149060a8457', 'tenant_name': 'tempest-TenantUsagesNegativeTestJSON-479759035', 'user_domain_id': 'default', 'user_domain_name': 'Default', 'user_id': 'bc7c2a3e0241457eb86b743eb4b85846', 'system': None}, Network: None, Subnet: None, Router: None
2024-09-30 15:30:56.762 62841 INFO tempest.lib.common.rest_client [req-4743b1e2-0c5b-414a-8830-0ded45030174 req-4743b1e2-0c5b-414a-8830-0ded45030174 ] Request (HypervisorAdminV253TestBase:tearDownClass): 204 DELETE http://10.180.1.21:9696/networking/v2.0/security-groups/7d50e54a-1d43-4524-9ead-5dc095d8a6f8 0.787s
2024-09-30 15:30:56.764 62863 INFO tempest.lib.common.rest_client [req-485f6d6d-a682-451a-a046-0c489097d841 req-485f6d6d-a682-451a-a046-0c489097d841 ] Request (NetworksTest:tearDownClass): 204 DELETE http://10.180.1.21/identity/v3/projects/5a47723412354be0a1a056e853fcf697 0.157s
2024-09-30 15:30:56.770 62839 INFO tempest.lib.common.rest_client [req-a64aa125-c3a2-4613-9171-347a1464772b req-a64aa125-c3a2-4613-9171-347a1464772b ] Request (TenantUsagesNegativeTestJSON:setUpClass): 201 POST http://10.180.1.21/identity/v3/auth/tokens 0.098s
2024-09-30 15:30:56.819 62851 INFO tempest.lib.common.rest_client [req-6d1a17a8-48fc-4067-92c8-404f734fa376 req-6d1a17a8-48fc-4067-92c8-404f734fa376 ] Request (InstanceUsageAuditLogNegativeTestJSON:tearDownClass): 204 DELETE http://10.180.1.21:9696/networking/v2.0/security-groups/73a98b58-6528-4e33-95b6-368d34ae5564 0.735s
2024-09-30 15:30:56.833 62863 INFO tempest.lib.common.rest_client [req-4da3d117-8aaf-48b3-8cf5-13ff6f72c487 req-4da3d117-8aaf-48b3-8cf5-13ff6f72c487 ] Request (FloatingIPDetailsTestJSON:setUpClass): 201 POST http://10.180.1.21/identity/v3/auth/tokens 0.067s
2024-09-30 15:30:56.847 62841 INFO tempest.lib.common.rest_client [req-a7da0e14-5a55-4d97-addf-eab07468cca6 req-a7da0e14-5a55-4d97-addf-eab07468cca6 ] Request (HypervisorAdminV253TestBase:tearDownClass): 204 DELETE http://10.180.1.21/identity/v3/projects/d935f9377ee3403e9b5ef47faa427849 0.084s
2024-09-30 15:30:56.851 62853 INFO tempest.lib.common.rest_client [req-998473e6-c3f9-44f5-80d5-065b873cdcb6 req-998473e6-c3f9-44f5-80d5-065b873cdcb6 ] Request (ServersAdminNegativeTestJSON:setUpClass): 200 GET http://10.180.1.21/compute/v2.1/servers/2b01ce50-98d1-4c65-a2ac-5104cfc0a35a 1.186s
2024-09-30 15:30:56.897 62865 INFO tempest.lib.common.rest_client [req-c654b0b0-454f-46e4-887f-d90b228dd6e7 req-c654b0b0-454f-46e4-887f-d90b228dd6e7 ] Request (FloatingIPsNegativeTestJSON:tearDownClass): 204 DELETE http://10.180.1.21:9696/networking/v2.0/routers/73d1dbfe-2621-4003-ac0a-825203526e3e 2.150s
2024-09-30 15:30:56.905 62863 INFO tempest.lib.common.rest_client [req-be16790b-fb4b-4453-a33c-1e862475a190 req-be16790b-fb4b-4453-a33c-1e862475a190 ] Request (FloatingIPDetailsTestJSON:setUpClass): 201 POST http://10.180.1.21/identity/v3/auth/tokens 0.069s
2024-09-30 15:30:56.928 62851 INFO tempest.lib.common.rest_client [req-2a1cc37e-5677-4996-99b9-0183dd1e9ea3 req-2a1cc37e-5677-4996-99b9-0183dd1e9ea3 ] Request (InstanceUsageAuditLogNegativeTestJSON:tearDownClass): 204 DELETE http://10.180.1.21/identity/v3/projects/ac33dd5c3f774ccfae0ee18668ad69a2 0.108s
2024-09-30 15:30:56.971 62841 INFO tempest.lib.common.rest_client [req-e617cb3c-e2a6-4e13-ba07-be823b00a416 req-e617cb3c-e2a6-4e13-ba07-be823b00a416 ] Request (QuotasAdminTestJSON:setUpClass): 201 POST http://10.180.1.21/identity/v3/auth/tokens 0.122s
2024-09-30 15:30:56.995 62863 INFO tempest.lib.common.rest_client [req-b6333e87-5a2b-4721-b1ab-1418c28bf557 req-b6333e87-5a2b-4721-b1ab-1418c28bf557 ] Request (FloatingIPDetailsTestJSON:setUpClass): 200 GET http://10.180.1.21/identity/v3/domains?name=Default 0.090s
2024-09-30 15:30:57.001 62833 INFO tempest.lib.common.rest_client [req-9f789e81-29e1-4ee7-b23a-1e3e9dd19346 req-9f789e81-29e1-4ee7-b23a-1e3e9dd19346 ] Request (ValidationResourcesFixture:setUp): 201 POST http://10.180.1.21:9696/networking/v2.0/floatingips 3.433s
2024-09-30 15:30:57.019 62851 INFO tempest.lib.common.rest_client [req-f4ef5018-407c-433b-83c7-66bf441d341e req-f4ef5018-407c-433b-83c7-66bf441d341e ] Request (KeyPairsNegativeTestJSON:setUpClass): 201 POST http://10.180.1.21/identity/v3/auth/tokens 0.089s
2024-09-30 15:30:57.041 62865 INFO tempest.lib.common.rest_client [req-fb7c92c0-bc7d-4268-a689-5131d5616960 req-fb7c92c0-bc7d-4268-a689-5131d5616960 ] Request (FloatingIPsNegativeTestJSON:tearDownClass): 204 DELETE http://10.180.1.21:9696/networking/v2.0/subnets/d1fe8077-13cd-4fe6-90f2-bc92c06b6eef 0.143s
2024-09-30 15:30:57.044 62841 INFO tempest.lib.common.rest_client [req-63da9ed0-96c3-4939-a273-9f58a58f6a67 req-63da9ed0-96c3-4939-a273-9f58a58f6a67 ] Request (QuotasAdminTestJSON:setUpClass): 201 POST http://10.180.1.21/identity/v3/auth/tokens 0.070s
2024-09-30 15:30:57.047 62835 INFO tempest.lib.common.rest_client [req-02e14d69-aed1-4e92-b33c-b38407133e8c req-02e14d69-aed1-4e92-b33c-b38407133e8c ] Request (ServersWithSpecificFlavorTestJSON:test_verify_created_server_ephemeral_disk): 202 POST http://10.180.1.21/compute/v2.1/servers 2.003s
2024-09-30 15:30:57.060 62863 INFO tempest.lib.common.rest_client [req-9e134800-33c6-4172-84b4-2e021b22bd67 req-9e134800-33c6-4172-84b4-2e021b22bd67 ] Request (FloatingIPDetailsTestJSON:setUpClass): 201 POST http://10.180.1.21/identity/v3/projects 0.064s
2024-09-30 15:30:57.079 62879 INFO tempest.lib.common.rest_client [req-f3b7afe0-abf0-4458-8a4d-db5f5918fbcf req-f3b7afe0-abf0-4458-8a4d-db5f5918fbcf ] Request (ValidationResourcesFixture:setUp): 200 POST http://10.180.1.21/compute/v2.1/os-keypairs 1.409s
