2024-09-30 15:30:57.093 62833 INFO tempest.lib.common.rest_client [req-feae87ea-30b5-46b3-a9a9-4ca216b99e79 req-feae87ea-30b5-46b3-a9a9-4ca216b99e79 ] Request (AttachInterfacesUnderV243Test:test_add_remove_fixed_ip): 201 POST http://10.180.1.21/identity/v3/auth/tokens 0.087s
2024-09-30 15:30:57.094 62833 INFO tempest.lib.common.fixed_network [-] (AttachInterfacesUnderV243Test:test_add_remove_fixed_ip) Found network {'id': '22662680-5712-47ed-8f57-e6e59ba8dbc8', 'name': 'tempest-AttachInterfacesUnderV243Test-986610803-network', 'tenant_id': 'f073391bc86a4303bef0468564c04d0c', 'admin_state_up': True, 'mtu': 8950, 'status': 'ACTIVE', 'subnets': [], 'shared': False, 'project_id': 'f073391bc86a4303bef0468564c04d0c', 'port_security_enabled': True, 'router:external': False, 'provider:network_type': 'vlan', 'provider:physical_network': 'default', 'provider:segmentation_id': 98, 'is_default': False, 'availability_zone_hints': [], 'availability_zones': [], 'ipv4_address_scope': None, 'ipv6_address_scope': None, 'description': '', 'tags': [], 'created_at': '2024-09-30T15:30:39Z', 'updated_at': '2024-09-30T15:30:39Z', 'revision_number': 1} available for tenant
2024-09-30 15:30:57.136 62869 INFO tempest.lib.common.rest_client [req-aac7f0a9-bced-4047-8ba4-ba6f7d6c5fc1 req-aac7f0a9-bced-4047-8ba4-ba6f7d6c5fc1 ] Request (ListImagesTestJSON:test_list_images): 200 GET http://10.180.1.21/compute/v2.1/images 1.418s
2024-09-30 15:30:57.159 62871 INFO tempest.lib.common.rest_client [req-a6622059-c561-4a46-aa48-c6150369ea11 req-a6622059-c561-4a46-aa48-c6150369ea11 ] Request (VolumesAdminNegativeTest:test_update_attached_volume_with_nonexistent_volume_in_body): 200 GET http://10.180.1.21/compute/v2.1/servers/c01168d0-cfa6-4281-9ab1-fe2404f4d48e 1.440s
2024-09-30 15:30:57.165 62841 INFO tempest.lib.common.rest_client [req-1950fba5-d6ee-4628-aba2-9fdcdce57208 req-1950fba5-d6ee-4628-aba2-9fdcdce57208 ] Request (QuotasAdminTestJSON:setUpClass): 200 GET http://10.180.1.21/identity/v3/domains?name=Default 0.120s
2024-09-30 15:30:57.170 62851 INFO tempest.lib.common.rest_client [req-2453870d-7deb-4e2b-a915-3a890858acd9 req-2453870d-7deb-4e2b-a915-3a890858acd9 ] Request (KeyPairsNegativeTestJSON:setUpClass): 201 POST http://10.180.1.21/identity/v3/auth/tokens 0.147s
2024-09-30 15:30:57.200 62863 INFO tempest.lib.common.rest_client [req-3b0ff975-cf88-4300-8e75-9df95221e410 req-3b0ff975-cf88-4300-8e75-9df95221e410 ] Request (FloatingIPDetailsTestJSON:setUpClass): 201 POST http://10.180.1.21/identity/v3/users 0.140s
2024-09-30 15:30:57.220 62851 INFO tempest.lib.common.rest_client [req-7bc3ac00-b2ba-4ea1-bbb0-ef348c713477 req-7bc3ac00-b2ba-4ea1-bbb0-ef348c713477 ] Request (KeyPairsNegativeTestJSON:setUpClass): 200 GET http://10.180.1.21/identity/v3/domains?name=Default 0.049s
2024-09-30 15:30:57.242 62841 INFO tempest.lib.common.rest_client [req-f63d6682-1ef8-4a07-9957-c9c32cfcb9a9 req-f63d6682-1ef8-4a07-9957-c9c32cfcb9a9 ] Request (QuotasAdminTestJSON:setUpClass): 201 POST http://10.180.1.21/identity/v3/projects 0.076s
2024-09-30 15:30:57.280 62829 INFO tempest.lib.common.rest_client [req-4cbbea13-de53-45ef-a20d-f9e917044a77 req-4cbbea13-de53-45ef-a20d-f9e917044a77 ] Request (ServersTestFqdnHostnames:test_create_server_with_fqdn_name): 200 GET http://10.180.1.21/compute/v2.1/servers/3a29d72c-6b84-4082-ae5a-5714331bcae5 1.414s
2024-09-30 15:30:57.295 62829 INFO tempest.common.waiters [-] State transition "BUILD/None" ==> "BUILD/spawning" after 9 second wait
2024-09-30 15:30:57.316 62863 INFO tempest.lib.common.rest_client [req-5ab4d7cb-1c92-4815-90bf-50720f066944 req-5ab4d7cb-1c92-4815-90bf-50720f066944 ] Request (FloatingIPDetailsTestJSON:setUpClass): 200 GET http://10.180.1.21/identity/v3/roles 0.115s
2024-09-30 15:30:57.322 62837 INFO tempest.lib.common.rest_client [req-8455812f-bc8d-43ce-b7bb-75b37157502e req-8455812f-bc8d-43ce-b7bb-75b37157502e ] Request (ServerDiagnosticsNegativeTest:tearDownClass): 204 DELETE http://10.180.1.21:9696/networking/v2.0/security-groups/99ed6f11-bceb-4421-90da-d18f809b4e47 0.839s
2024-09-30 15:30:57.350 62851 INFO tempest.lib.common.rest_client [req-8ec49df2-6071-41a1-92ff-336277a08a69 req-8ec49df2-6071-41a1-92ff-336277a08a69 ] Request (KeyPairsNegativeTestJSON:setUpClass): 201 POST http://10.180.1.21/identity/v3/projects 0.130s
2024-09-30 15:30:57.393 62875 INFO tempest.lib.common.rest_client [req-eb575c4f-4285-42ca-93d2-b872c553975d req-eb575c4f-4285-42ca-93d2-b872c553975d ] Request (ServerExternalEventsTest:test_create_server_external_events): 200 GET http://10.180.1.21/compute/v2.1/servers/bb902720-750c-42fd-9a0f-f264fe4e3bd9 1.380s
2024-09-30 15:30:57.430 62879 INFO tempest.lib.common.rest_client [req-e09c5fa1-695c-40e1-87b9-2aa5c27d8865 req-e09c5fa1-695c-40e1-87b9-2aa5c27d8865 ] Request (ValidationResourcesFixture:setUp): 201 POST http://10.180.1.21:9696/networking/v2.0/security-groups 0.349s
2024-09-30 15:30:57.435 62865 INFO tempest.lib.common.rest_client [req-44e95f25-cf6b-4b09-976d-4e170e24deb6 req-44e95f25-cf6b-4b09-976d-4e170e24deb6 ] Request (FloatingIPsNegativeTestJSON:tearDownClass): 204 DELETE http://10.180.1.21:9696/networking/v2.0/networks/7eea1c14-25ff-49a9-b602-7deda1496be7 0.394s
2024-09-30 15:30:57.460 62873 INFO tempest.lib.common.rest_client [req-3d18391e-0ba1-482d-b4f8-8dc3eb6e2851 req-3d18391e-0ba1-482d-b4f8-8dc3eb6e2851 ] Request (FlavorsAccessNegativeTestJSON:test_remove_flavor_access_not_found): 404 POST http://10.180.1.21/compute/v2.1/flavors/1293516180/action 1.724s
2024-09-30 15:30:57.465 62841 INFO tempest.lib.common.rest_client [req-1a3d6848-fe87-4256-8680-ff1cb1227fdf req-1a3d6848-fe87-4256-8680-ff1cb1227fdf ] Request (QuotasAdminTestJSON:setUpClass): 201 POST http://10.180.1.21/identity/v3/users 0.222s
2024-09-30 15:30:57.484 62863 INFO tempest.lib.common.rest_client [req-e0e7cf29-c3b1-4870-8c31-4c974bc92cca req-e0e7cf29-c3b1-4870-8c31-4c974bc92cca ] Request (FloatingIPDetailsTestJSON:setUpClass): 204 PUT http://10.180.1.21/identity/v3/projects/473daa52f436433e82a6ec6d99ede983/users/bff8723394ae43629b7ebeec81d874ca/roles/932cfd4feb644672b6dc3460cd047ad9 0.166s
2024-09-30 15:30:57.484 62863 INFO tempest.lib.common.dynamic_creds [-] Dynamic test user bff8723394ae43629b7ebeec81d874ca is created with scope project and roles: ['member']
2024-09-30 15:30:57.484 62863 INFO tempest.lib.common.dynamic_creds [-] Acquired dynamic creds: credentials: Credentials: {'domain_id': 'default', 'domain_name': 'Default', 'username': 'tempest-FloatingIPDetailsTestJSON-396150233-project-member', 'project_domain_id': 'default', 'project_domain_name': 'Default', 'project_id': '473daa52f436433e82a6ec6d99ede983', 'project_name': 'tempest-FloatingIPDetailsTestJSON-396150233', 'tenant_id': '473daa52f436433e82a6ec6d99ede983', 'tenant_name': 'tempest-FloatingIPDetailsTestJSON-396150233', 'user_domain_id': 'default', 'user_domain_name': 'Default', 'user_id': 'bff8723394ae43629b7ebeec81d874ca', 'system': None}, Network: None, Subnet: None, Router: None
2024-09-30 15:30:57.493 62847 INFO tempest.lib.common.rest_client [req-648e1e30-bbae-430f-aa89-a041c66d5a4c req-648e1e30-bbae-430f-aa89-a041c66d5a4c ] Request (ServerRescueTestJSONUnderV235:setUpClass): 200 GET http://10.180.1.21/compute/v2.1/servers/3b60cf7c-d02e-41a5-bd2b-8bcc2c4967f3 1.445s
2024-09-30 15:30:57.496 62881 INFO tempest.lib.common.rest_client [req-a29d7722-5e76-4e35-adef-5e88aa0c52a7 req-a29d7722-5e76-4e35-adef-5e88aa0c52a7 ] Request (AttachInterfacesTestJSON:setUpClass): 201 POST http://10.180.1.21:9696/networking/v2.0/subnets 1.531s
2024-09-30 15:30:57.558 62821 INFO tempest.lib.common.rest_client [req-13e4ec4f-4c72-4a69-80a6-24e3c398a61a req-13e4ec4f-4c72-4a69-80a6-24e3c398a61a ] Request (ServerDiagnosticsV248Test:test_get_server_diagnostics): 200 GET http://10.180.1.21/compute/v2.1/servers/4f1dd81b-d485-4133-8ee5-f7e00cfaa17d 1.444s
2024-09-30 15:30:57.570 62821 INFO tempest.common.waiters [-] State transition "BUILD/scheduling" ==> "BUILD/None" after 6 second wait
2024-09-30 15:30:57.576 62823 INFO tempest.lib.common.rest_client [req-62f8bda9-656a-4662-af4b-2b6978bf9a23 req-62f8bda9-656a-4662-af4b-2b6978bf9a23 ] Request (MigrationsAdminTest:test_list_migrations_in_flavor_resize_situation): 200 GET http://10.180.1.21/compute/v2.1/servers/823cfd72-2e6d-4acb-bc05-5c5f159e1a36 1.351s
2024-09-30 15:30:57.576 62851 INFO tempest.lib.common.rest_client [req-381b535c-549b-4f7b-b1ed-a4a89c3bf3b4 req-381b535c-549b-4f7b-b1ed-a4a89c3bf3b4 ] Request (KeyPairsNegativeTestJSON:setUpClass): 201 POST http://10.180.1.21/identity/v3/users 0.224s
2024-09-30 15:30:57.586 62823 INFO tempest.common.waiters [-] State transition "BUILD/spawning" ==> "ERROR/None" after 24 second wait
2024-09-30 15:30:57.598 62837 INFO tempest.lib.common.rest_client [req-90f759dd-5a5d-4bde-ad8b-f9100493f18d req-90f759dd-5a5d-4bde-ad8b-f9100493f18d ] Request (ServerDiagnosticsNegativeTest:tearDownClass): 204 DELETE http://10.180.1.21/identity/v3/projects/819dddead5ae4922b1819bc38030bc03 0.274s
2024-09-30 15:30:57.668 62841 INFO tempest.lib.common.rest_client [req-cb529dd3-b89e-4937-86b3-6206c5a4e369 req-cb529dd3-b89e-4937-86b3-6206c5a4e369 ] Request (QuotasAdminTestJSON:setUpClass): 200 GET http://10.180.1.21/identity/v3/roles 0.203s
2024-09-30 15:30:57.678 62855 INFO tempest.lib.common.rest_client [req-4f886c6e-1489-4cc3-b47d-3930c707c396 req-4f886c6e-1489-4cc3-b47d-3930c707c396 ] Request (FloatingIPsAssociationTestJSON:setUpClass): 200 GET http://10.180.1.21/compute/v2.1/servers/f3e3fdc2-c425-4dca-86f3-f925c5a14499 1.446s
2024-09-30 15:30:57.686 62877 INFO tempest.lib.common.rest_client [req-fe0c88ff-d25d-44c2-8459-a6191de45235 req-fe0c88ff-d25d-44c2-8459-a6191de45235 ] Request (ServerActionsTestJSON:setUpClass): 201 POST http://10.180.1.21:9696/networking/v2.0/subnets 1.432s
2024-09-30 15:30:57.699 62865 INFO tempest.lib.common.rest_client [req-ce34f434-8811-47fa-9e6d-116fb0822a42 req-ce34f434-8811-47fa-9e6d-116fb0822a42 ] Request (FloatingIPsNegativeTestJSON:tearDownClass): 204 DELETE http://10.180.1.21/identity/v3/users/9f31d97975d64027be784d2eaf72365e 0.262s
2024-09-30 15:30:57.699 62865 INFO tempest.lib.common.dynamic_creds [-] Deleting project and security group for project: a9ad529a758248c9b3edb9117a1f4af6
2024-09-30 15:30:57.767 62863 INFO tempest.lib.common.rest_client [req-8d78ce88-c1d8-4294-bdda-b0ee969325d5 req-8d78ce88-c1d8-4294-bdda-b0ee969325d5 ] Request (FloatingIPDetailsTestJSON:setUpClass): 201 POST http://10.180.1.21/identity/v3/auth/tokens 0.282s
2024-09-30 15:30:57.799 62819 INFO tempest.lib.common.rest_client [req-55b17ba6-2a64-4741-b9d3-2367804f39a0 req-55b17ba6-2a64-4741-b9d3-2367804f39a0 ] Request (ServerActionsTestOtherB:setUpClass): 200 GET http://10.180.1.21/compute/v2.1/servers/0b024f00-ec3c-407b-ac78-5d35cf1eaa5c 1.407s
2024-09-30 15:30:57.801 62851 INFO tempest.lib.common.rest_client [req-92c6ef91-054b-41bc-be8e-7f7671951d56 req-92c6ef91-054b-41bc-be8e-7f7671951d56 ] Request (KeyPairsNegativeTestJSON:setUpClass): 200 GET http://10.180.1.21/identity/v3/roles 0.224s
2024-09-30 15:30:57.811 62858 INFO tempest.lib.common.rest_client [req-48f4354c-9adc-486b-990a-3f7120a9bd7d req-48f4354c-9adc-486b-990a-3f7120a9bd7d ] Request (KeyPairsV22TestJSON:test_keypairsv22_create_list_show): 200 GET http://10.180.1.21/compute/v2.1/os-keypairs 1.391s
2024-09-30 15:30:57.822 62831 INFO tempest.lib.common.rest_client [req-6f6902a8-9889-438c-96d7-b665250aded4 req-6f6902a8-9889-438c-96d7-b665250aded4 ] Request (MultipleCreateTestJSON:setUpClass): 201 POST http://10.180.1.21:9696/networking/v2.0/networks 1.409s
2024-09-30 15:30:57.834 62837 INFO tempest.lib.common.rest_client [req-09e4b51a-46b2-4aa7-adad-4f90db67b1e3 req-09e4b51a-46b2-4aa7-adad-4f90db67b1e3 ] Request (ImagesNegativeTestJSON:setUpClass): 201 POST http://10.180.1.21/identity/v3/auth/tokens 0.233s
2024-09-30 15:30:57.866 62841 INFO tempest.lib.common.rest_client [req-aede8efd-6c72-4fd4-88cd-7b9367e2fb71 req-aede8efd-6c72-4fd4-88cd-7b9367e2fb71 ] Request (QuotasAdminTestJSON:setUpClass): 204 PUT http://10.180.1.21/identity/v3/projects/f89ca88eb4714377be9865f7d49b3054/users/83018b39beba4fbd9da31c9391d967cd/roles/932cfd4feb644672b6dc3460cd047ad9 0.198s
2024-09-30 15:30:57.867 62841 INFO tempest.lib.common.dynamic_creds [-] Dynamic test user 83018b39beba4fbd9da31c9391d967cd is created with scope project and roles: ['member']
2024-09-30 15:30:57.867 62841 INFO tempest.lib.common.dynamic_creds [-] Acquired dynamic creds: credentials: Credentials: {'domain_id': 'default', 'domain_name': 'Default', 'username': 'tempest-QuotasAdminTestJSON-1918774569-project-member', 'project_domain_id': 'default', 'project_domain_name': 'Default', 'project_id': 'f89ca88eb4714377be9865f7d49b3054', 'project_name': 'tempest-QuotasAdminTestJSON-1918774569', 'tenant_id': 'f89ca88eb4714377be9865f7d49b3054', 'tenant_name': 'tempest-QuotasAdminTestJSON-1918774569', 'user_domain_id': 'default', 'user_domain_name': 'Default', 'user_id': '83018b39beba4fbd9da31c9391d967cd', 'system': None}, Network: None, Subnet: None, Router: None
2024-09-30 15:30:57.867 62841 INFO tempest.lib.common.dynamic_creds [-] Created isolated network resources for: credentials: Credentials: {'domain_id': 'default', 'domain_name': 'Default', 'username': 'tempest-QuotasAdminTestJSON-1918774569-project-member', 'project_domain_id': 'default', 'project_domain_name': 'Default', 'project_id': 'f89ca88eb4714377be9865f7d49b3054', 'project_name': 'tempest-QuotasAdminTestJSON-1918774569', 'tenant_id': 'f89ca88eb4714377be9865f7d49b3054', 'tenant_name': 'tempest-QuotasAdminTestJSON-1918774569', 'user_domain_id': 'default', 'user_domain_name': 'Default', 'user_id': '83018b39beba4fbd9da31c9391d967cd', 'system': None}, Network: None, Subnet: None, Router: None
2024-09-30 15:30:57.880 62865 INFO tempest.lib.common.rest_client [req-e1b0feaf-b47a-49ac-b985-4bc709502ae6 req-e1b0feaf-b47a-49ac-b985-4bc709502ae6 ] Request (FloatingIPsNegativeTestJSON:tearDownClass): 200 GET http://10.180.1.21:9696/networking/v2.0/security-groups?tenant_id=a9ad529a758248c9b3edb9117a1f4af6&name=default 0.181s
2024-09-30 15:30:57.892 62879 INFO tempest.lib.common.rest_client [req-559839b6-16c2-41cb-9c7a-9191060da278 req-559839b6-16c2-41cb-9c7a-9191060da278 ] Request (ValidationResourcesFixture:setUp): 201 POST http://10.180.1.21:9696/networking/v2.0/security-group-rules 0.461s
2024-09-30 15:30:57.967 62851 INFO tempest.lib.common.rest_client [req-336b159f-9fd2-4335-9f1b-244887cf8940 req-336b159f-9fd2-4335-9f1b-244887cf8940 ] Request (KeyPairsNegativeTestJSON:setUpClass): 204 PUT http://10.180.1.21/identity/v3/projects/4cc69cb9404646c385722e494731f5fa/users/2128b36e012846ff99663a9e17ae05f2/roles/932cfd4feb644672b6dc3460cd047ad9 0.166s
2024-09-30 15:30:57.967 62851 INFO tempest.lib.common.dynamic_creds [-] Dynamic test user 2128b36e012846ff99663a9e17ae05f2 is created with scope project and roles: ['member']
2024-09-30 15:30:57.968 62851 INFO tempest.lib.common.dynamic_creds [-] Acquired dynamic creds: credentials: Credentials: {'domain_id': 'default', 'domain_name': 'Default', 'username': 'tempest-KeyPairsNegativeTestJSON-880133853-project-member', 'project_domain_id': 'default', 'project_domain_name': 'Default', 'project_id': '4cc69cb9404646c385722e494731f5fa', 'project_name': 'tempest-KeyPairsNegativeTestJSON-880133853', 'tenant_id': '4cc69cb9404646c385722e494731f5fa', 'tenant_name': 'tempest-KeyPairsNegativeTestJSON-880133853', 'user_domain_id': 'default', 'user_domain_name': 'Default', 'user_id': '2128b36e012846ff99663a9e17ae05f2', 'system': None}, Network: None, Subnet: None, Router: None
2024-09-30 15:30:57.968 62851 INFO tempest.lib.common.dynamic_creds [-] Created isolated network resources for: credentials: Credentials: {'domain_id': 'default', 'domain_name': 'Default', 'username': 'tempest-KeyPairsNegativeTestJSON-880133853-project-member', 'project_domain_id': 'default', 'project_domain_name': 'Default', 'project_id': '4cc69cb9404646c385722e494731f5fa', 'project_name': 'tempest-KeyPairsNegativeTestJSON-880133853', 'tenant_id': '4cc69cb9404646c385722e494731f5fa', 'tenant_name': 'tempest-KeyPairsNegativeTestJSON-880133853', 'user_domain_id': 'default', 'user_domain_name': 'Default', 'user_id': '2128b36e012846ff99663a9e17ae05f2', 'system': None}, Network: None, Subnet: None, Router: None
2024-09-30 15:30:58.004 62837 INFO tempest.lib.common.rest_client [req-c855f0e6-98a9-4c6d-9a6d-6c82a6a14085 req-c855f0e6-98a9-4c6d-9a6d-6c82a6a14085 ] Request (ImagesNegativeTestJSON:setUpClass): 201 POST http://10.180.1.21/identity/v3/auth/tokens 0.167s
2024-09-30 15:30:58.021 62841 INFO tempest.lib.common.rest_client [req-5562f7c4-d0b3-47c5-b786-62c89f92f452 req-5562f7c4-d0b3-47c5-b786-62c89f92f452 ] Request (QuotasAdminTestJSON:setUpClass): 201 POST http://10.180.1.21/identity/v3/auth/tokens 0.150s
2024-09-30 15:30:58.040 62837 INFO tempest.lib.common.rest_client [req-32c3ddaa-138a-4f71-b037-15c89f56d7d4 req-32c3ddaa-138a-4f71-b037-15c89f56d7d4 ] Request (ImagesNegativeTestJSON:setUpClass): 200 GET http://10.180.1.21/identity/v3/domains?name=Default 0.036s
2024-09-30 15:30:58.067 62841 INFO tempest.lib.common.rest_client [req-8b6d7b63-f666-4eb8-b58b-a59958d58e6e req-8b6d7b63-f666-4eb8-b58b-a59958d58e6e ] Request (QuotasAdminTestJSON:setUpClass): 201 POST http://10.180.1.21/identity/v3/projects 0.045s
2024-09-30 15:30:58.074 62849 INFO tempest.lib.common.rest_client [req-8b0362b7-de8a-4a09-8f57-c2b19e767b1d req-8b0362b7-de8a-4a09-8f57-c2b19e767b1d ] Request (ImagesMetadataTestJSON:setUp): 200 PUT http://10.180.1.21/compute/v2.1/images/1c6ea6b3-0778-4920-ac66-508112a67334/metadata 1.610s
2024-09-30 15:30:58.078 62851 INFO tempest.lib.common.rest_client [req-cba07e75-ab47-4a87-a341-cbe6b5799488 req-cba07e75-ab47-4a87-a341-cbe6b5799488 ] Request (KeyPairsNegativeTestJSON:setUpClass): 201 POST http://10.180.1.21/identity/v3/auth/tokens 0.103s
2024-09-30 15:30:58.096 62843 INFO tempest.lib.common.rest_client [req-2b1c83d4-c0b4-43c7-b5f7-fa620306bcf6 req-2b1c83d4-c0b4-43c7-b5f7-fa620306bcf6 ] Request (FlavorsAdminTestJSON:_run_cleanups): 202 DELETE http://10.180.1.21/compute/v2.1/flavors/1055251555 1.595s
2024-09-30 15:30:58.120 62837 INFO tempest.lib.common.rest_client [req-43ffb10a-73c0-44b8-a769-9425e596e7b5 req-43ffb10a-73c0-44b8-a769-9425e596e7b5 ] Request (ImagesNegativeTestJSON:setUpClass): 201 POST http://10.180.1.21/identity/v3/projects 0.079s
2024-09-30 15:30:58.122 62845 INFO tempest.lib.common.rest_client [req-4cd8a412-49d5-4d0d-a675-7473979c9ab5 req-4cd8a412-49d5-4d0d-a675-7473979c9ab5 ] Request (AggregatesAdminNegativeTestJSON:test_aggregate_remove_host_as_user): 200 POST http://10.180.1.21/compute/v2.1/os-aggregates 1.611s
2024-09-30 15:30:58.140 62841 INFO tempest.lib.common.rest_client [req-85c8ff15-9210-4a11-9285-48ae1676c134 req-85c8ff15-9210-4a11-9285-48ae1676c134 ] Request (QuotasAdminTestJSON:setUpClass): 201 POST http://10.180.1.21/identity/v3/users 0.073s
2024-09-30 15:30:58.176 62837 INFO tempest.lib.common.rest_client [req-5d79391d-d8a3-4116-b908-55637b15c31b req-5d79391d-d8a3-4116-b908-55637b15c31b ] Request (ImagesNegativeTestJSON:setUpClass): 201 POST http://10.180.1.21/identity/v3/users 0.056s
2024-09-30 15:30:58.194 62841 INFO tempest.lib.common.rest_client [req-27102a57-8b87-4e70-a816-3ec8cd1e9b2f req-27102a57-8b87-4e70-a816-3ec8cd1e9b2f ] Request (QuotasAdminTestJSON:setUpClass): 200 GET http://10.180.1.21/identity/v3/roles 0.053s
2024-09-30 15:30:58.197 62859 INFO tempest.lib.common.rest_client [req-74a55021-1835-45bf-8df3-f2b44f0664ee req-74a55021-1835-45bf-8df3-f2b44f0664ee ] Request (ServersTestMultiNic:test_verify_duplicate_network_nics): 201 POST http://10.180.1.21:9696/networking/v2.0/subnets 1.828s
2024-09-30 15:30:58.209 62837 INFO tempest.lib.common.rest_client [req-33a0542c-2c30-4830-944d-7fbbf58705af req-33a0542c-2c30-4830-944d-7fbbf58705af ] Request (ImagesNegativeTestJSON:setUpClass): 200 GET http://10.180.1.21/identity/v3/roles 0.033s
2024-09-30 15:30:58.236 62841 INFO tempest.lib.common.rest_client [req-dba52893-055f-4d8d-b1b2-d183a88daa85 req-dba52893-055f-4d8d-b1b2-d183a88daa85 ] Request (QuotasAdminTestJSON:setUpClass): 204 PUT http://10.180.1.21/identity/v3/projects/532ef2081d1f45888e0b0e18eed7d4aa/users/0781ba2079834b15b1c15e67cabd335d/roles/42c6baf3b001493dae598b81f7af68b6 0.042s
2024-09-30 15:30:58.262 62839 INFO tempest.lib.common.rest_client [req-448cd625-3f42-4a1b-822c-6884434d8e9b req-448cd625-3f42-4a1b-822c-6884434d8e9b ] Request (TenantUsagesNegativeTestJSON:test_get_usage_tenant_with_empty_tenant_id): 404 GET http://10.180.1.21/compute/v2.1/os-simple-tenant-usage/?start=2024-09-29T15%3A30%3A56.771519&end=2024-10-01T15%3A30%3A56.771519 1.490s
2024-09-30 15:30:58.263 62839 WARNING tempest.lib.common.rest_client [-] Deprecated: "tenant_id" property is deprecated for removal, use "project_id" instead
2024-09-30 15:30:58.286 62859 INFO tempest.lib.common.rest_client [req-986dc1b6-c133-42da-83ca-33302abfb0f2 req-986dc1b6-c133-42da-83ca-33302abfb0f2 ] Request (ServersTestMultiNic:test_verify_duplicate_network_nics): 201 POST http://10.180.1.21/identity/v3/auth/tokens 0.084s
2024-09-30 15:30:58.286 62859 INFO tempest.lib.common.fixed_network [-] (ServersTestMultiNic:test_verify_duplicate_network_nics) Found network {'id': '4e94568e-4130-4a38-b368-f9392dc492d4', 'name': 'tempest-ServersTestMultiNic-1611691634-network', 'tenant_id': '18c59cb1dc674e6ea5073910406bb8cb', 'admin_state_up': True, 'mtu': 8950, 'status': 'ACTIVE', 'subnets': [], 'shared': False, 'project_id': '18c59cb1dc674e6ea5073910406bb8cb', 'port_security_enabled': True, 'router:external': False, 'provider:network_type': 'vlan', 'provider:physical_network': 'default', 'provider:segmentation_id': 116, 'is_default': False, 'availability_zone_hints': [], 'availability_zones': [], 'ipv4_address_scope': None, 'ipv6_address_scope': None, 'description': '', 'tags': [], 'created_at': '2024-09-30T15:30:41Z', 'updated_at': '2024-09-30T15:30:41Z', 'revision_number': 1} available for tenant
2024-09-30 15:30:58.315 62837 INFO tempest.lib.common.rest_client [req-c1dfa63a-2816-4ff3-8163-f664f96a08d2 req-c1dfa63a-2816-4ff3-8163-f664f96a08d2 ] Request (ImagesNegativeTestJSON:setUpClass): 204 PUT http://10.180.1.21/identity/v3/projects/dc5ec0d7f4d34dceb48b931df4b9d9d7/users/d223d050b50e4fe79324ec283f2175ce/roles/932cfd4feb644672b6dc3460cd047ad9 0.105s
2024-09-30 15:30:58.315 62837 INFO tempest.lib.common.dynamic_creds [-] Dynamic test user d223d050b50e4fe79324ec283f2175ce is created with scope project and roles: ['member']
2024-09-30 15:30:58.315 62837 INFO tempest.lib.common.dynamic_creds [-] Acquired dynamic creds: credentials: Credentials: {'domain_id': 'default', 'domain_name': 'Default', 'username': 'tempest-ImagesNegativeTestJSON-2109931219-project-member', 'project_domain_id': 'default', 'project_domain_name': 'Default', 'project_id': 'dc5ec0d7f4d34dceb48b931df4b9d9d7', 'project_name': 'tempest-ImagesNegativeTestJSON-2109931219', 'tenant_id': 'dc5ec0d7f4d34dceb48b931df4b9d9d7', 'tenant_name': 'tempest-ImagesNegativeTestJSON-2109931219', 'user_domain_id': 'default', 'user_domain_name': 'Default', 'user_id': 'd223d050b50e4fe79324ec283f2175ce', 'system': None}, Network: None, Subnet: None, Router: None
2024-09-30 15:30:58.360 62835 INFO tempest.lib.common.rest_client [req-4db3b32b-c58e-4766-b171-13712cea17b2 req-4db3b32b-c58e-4766-b171-13712cea17b2 ] Request (ServersWithSpecificFlavorTestJSON:test_verify_created_server_ephemeral_disk): 200 GET http://10.180.1.21/compute/v2.1/servers/78e0c4ce-4916-498f-8571-a3163ad3666c 1.308s
2024-09-30 15:30:58.377 62837 INFO tempest.lib.common.rest_client [req-7a1a6b95-3db4-4d61-8b9f-82f082ff67ea req-7a1a6b95-3db4-4d61-8b9f-82f082ff67ea ] Request (ImagesNegativeTestJSON:setUpClass): 201 POST http://10.180.1.21/identity/v3/auth/tokens 0.061s
2024-09-30 15:30:58.380 62841 INFO tempest.lib.common.rest_client [req-ce8fdbf4-e410-4ad4-9bb0-17489a57b3cb req-ce8fdbf4-e410-4ad4-9bb0-17489a57b3cb ] Request (QuotasAdminTestJSON:setUpClass): 200 GET http://10.180.1.21/identity/v3/roles 0.143s
2024-09-30 15:30:58.408 62841 INFO tempest.lib.common.rest_client [req-f11af27e-a5d0-45ca-a9b2-1f96b2b0c6ce req-f11af27e-a5d0-45ca-a9b2-1f96b2b0c6ce ] Request (QuotasAdminTestJSON:setUpClass): 204 PUT http://10.180.1.21/identity/v3/projects/532ef2081d1f45888e0b0e18eed7d4aa/users/0781ba2079834b15b1c15e67cabd335d/roles/42c6baf3b001493dae598b81f7af68b6 0.027s
2024-09-30 15:30:58.408 62841 INFO tempest.lib.common.dynamic_creds [-] Dynamic test user 0781ba2079834b15b1c15e67cabd335d is created with scope project and roles: ['admin']
2024-09-30 15:30:58.408 62841 INFO tempest.lib.common.dynamic_creds [-] Acquired dynamic creds: credentials: Credentials: {'domain_id': 'default', 'domain_name': 'Default', 'username': 'tempest-QuotasAdminTestJSON-559864813-project-admin', 'project_domain_id': 'default', 'project_domain_name': 'Default', 'project_id': '532ef2081d1f45888e0b0e18eed7d4aa', 'project_name': 'tempest-QuotasAdminTestJSON-559864813', 'tenant_id': '532ef2081d1f45888e0b0e18eed7d4aa', 'tenant_name': 'tempest-QuotasAdminTestJSON-559864813', 'user_domain_id': 'default', 'user_domain_name': 'Default', 'user_id': '0781ba2079834b15b1c15e67cabd335d', 'system': None}, Network: None, Subnet: None, Router: None
2024-09-30 15:30:58.408 62841 INFO tempest.lib.common.dynamic_creds [-] Created isolated network resources for: credentials: Credentials: {'domain_id': 'default', 'domain_name': 'Default', 'username': 'tempest-QuotasAdminTestJSON-559864813-project-admin', 'project_domain_id': 'default', 'project_domain_name': 'Default', 'project_id': '532ef2081d1f45888e0b0e18eed7d4aa', 'project_name': 'tempest-QuotasAdminTestJSON-559864813', 'tenant_id': '532ef2081d1f45888e0b0e18eed7d4aa', 'tenant_name': 'tempest-QuotasAdminTestJSON-559864813', 'user_domain_id': 'default', 'user_domain_name': 'Default', 'user_id': '0781ba2079834b15b1c15e67cabd335d', 'system': None}, Network: None, Subnet: None, Router: None
2024-09-30 15:30:58.487 62841 INFO tempest.lib.common.rest_client [req-ef0867ca-82ae-4568-89ca-89f11bedf299 req-ef0867ca-82ae-4568-89ca-89f11bedf299 ] Request (QuotasAdminTestJSON:setUpClass): 201 POST http://10.180.1.21/identity/v3/auth/tokens 0.073s
2024-09-30 15:30:58.488 62841 WARNING tempest.lib.common.rest_client [-] Deprecated: "tenant_id" property is deprecated for removal, use "project_id" instead
2024-09-30 15:30:58.507 62841 INFO tempest.lib.common.rest_client [req-5e863013-f856-4d56-b29a-1f1108fdd29e req-5e863013-f856-4d56-b29a-1f1108fdd29e ] Request (QuotasAdminTestJSON:test_delete_quota): 200 GET http://10.180.1.21/identity/v3/domains?name=Default 0.017s
2024-09-30 15:30:58.531 62841 INFO tempest.lib.common.rest_client [req-83b1f57f-da3c-43e3-a6ea-cd7f9aa1885f req-83b1f57f-da3c-43e3-a6ea-cd7f9aa1885f ] Request (QuotasAdminTestJSON:test_delete_quota): 201 POST http://10.180.1.21/identity/v3/projects 0.023s
2024-09-30 15:30:58.542 62879 INFO tempest.lib.common.rest_client [req-9f3cbe9c-2235-4a9a-9f3e-6823487a16fa req-9f3cbe9c-2235-4a9a-9f3e-6823487a16fa ] Request (ValidationResourcesFixture:setUp): 201 POST http://10.180.1.21:9696/networking/v2.0/security-group-rules 0.650s
2024-09-30 15:30:58.574 62865 INFO tempest.lib.common.rest_client [req-8aa8b800-88f0-4464-9bb9-11f2d4c85ed3 req-8aa8b800-88f0-4464-9bb9-11f2d4c85ed3 ] Request (FloatingIPsNegativeTestJSON:tearDownClass): 204 DELETE http://10.180.1.21:9696/networking/v2.0/security-groups/5e9ea9ad-3e7f-433d-991b-8630f7795c06 0.693s
2024-09-30 15:30:58.576 62841 INFO tempest.lib.common.rest_client [req-eff3d2a1-41ca-493f-8d30-fda54f9fdbf5 req-eff3d2a1-41ca-493f-8d30-fda54f9fdbf5 ] Request (QuotasAdminTestJSON:test_delete_quota): 200 GET http://10.180.1.21/identity/v3/domains?name=Default 0.045s
2024-09-30 15:30:58.669 62865 INFO tempest.lib.common.rest_client [req-1c198498-676e-4c0c-a796-06f01577f7ac req-1c198498-676e-4c0c-a796-06f01577f7ac ] Request (FloatingIPsNegativeTestJSON:tearDownClass): 204 DELETE http://10.180.1.21/identity/v3/projects/a9ad529a758248c9b3edb9117a1f4af6 0.095s
2024-09-30 15:30:58.751 62865 INFO tempest.lib.common.rest_client [req-5b92838c-6f1a-493b-b1e3-d78cd2d7664f req-5b92838c-6f1a-493b-b1e3-d78cd2d7664f ] Request (ImagesDeleteNegativeTestJSON:setUpClass): 201 POST http://10.180.1.21/identity/v3/auth/tokens 0.080s
2024-09-30 15:30:58.788 62865 INFO tempest.lib.common.rest_client [req-366004fa-450a-4c19-9436-e109d0d167d9 req-366004fa-450a-4c19-9436-e109d0d167d9 ] Request (ImagesDeleteNegativeTestJSON:setUpClass): 201 POST http://10.180.1.21/identity/v3/auth/tokens 0.034s
2024-09-30 15:30:58.814 62865 INFO tempest.lib.common.rest_client [req-510736fc-8a7d-4c30-90cd-8e6ce20774bc req-510736fc-8a7d-4c30-90cd-8e6ce20774bc ] Request (ImagesDeleteNegativeTestJSON:setUpClass): 200 GET http://10.180.1.21/identity/v3/domains?name=Default 0.026s
2024-09-30 15:30:58.837 62865 INFO tempest.lib.common.rest_client [req-4fbb87bf-956e-402d-aad7-6bb0d0e0d9f3 req-4fbb87bf-956e-402d-aad7-6bb0d0e0d9f3 ] Request (ImagesDeleteNegativeTestJSON:setUpClass): 201 POST http://10.180.1.21/identity/v3/projects 0.023s
2024-09-30 15:30:58.896 62865 INFO tempest.lib.common.rest_client [req-63257db8-df68-48ed-a692-733d39f2b27e req-63257db8-df68-48ed-a692-733d39f2b27e ] Request (ImagesDeleteNegativeTestJSON:setUpClass): 201 POST http://10.180.1.21/identity/v3/users 0.058s
2024-09-30 15:30:58.919 62865 INFO tempest.lib.common.rest_client [req-78b663ca-b749-4028-a4e0-08241d0541ea req-78b663ca-b749-4028-a4e0-08241d0541ea ] Request (ImagesDeleteNegativeTestJSON:setUpClass): 200 GET http://10.180.1.21/identity/v3/roles 0.022s
2024-09-30 15:30:58.921 62863 INFO tempest.lib.common.rest_client [req-6cf319a7-484c-4239-81b7-ffb898e24ced req-6cf319a7-484c-4239-81b7-ffb898e24ced ] Request (FloatingIPDetailsTestJSON:setUpClass): 201 POST http://10.180.1.21:9696/networking/v2.0/networks 1.154s
2024-09-30 15:30:58.945 62865 INFO tempest.lib.common.rest_client [req-d69ce844-b74f-485e-bb42-341df1989316 req-d69ce844-b74f-485e-bb42-341df1989316 ] Request (ImagesDeleteNegativeTestJSON:setUpClass): 204 PUT http://10.180.1.21/identity/v3/projects/8a85bbb3fc3642abbbcc3ab0650bc8cf/users/072e688fe389446abf5f55385b5ae2c2/roles/932cfd4feb644672b6dc3460cd047ad9 0.026s
2024-09-30 15:30:58.946 62865 INFO tempest.lib.common.dynamic_creds [-] Dynamic test user 072e688fe389446abf5f55385b5ae2c2 is created with scope project and roles: ['member']
2024-09-30 15:30:58.946 62865 INFO tempest.lib.common.dynamic_creds [-] Acquired dynamic creds: credentials: Credentials: {'domain_id': 'default', 'domain_name': 'Default', 'username': 'tempest-ImagesDeleteNegativeTestJSON-1229508724-project-member', 'project_domain_id': 'default', 'project_domain_name': 'Default', 'project_id': '8a85bbb3fc3642abbbcc3ab0650bc8cf', 'project_name': 'tempest-ImagesDeleteNegativeTestJSON-1229508724', 'tenant_id': '8a85bbb3fc3642abbbcc3ab0650bc8cf', 'tenant_name': 'tempest-ImagesDeleteNegativeTestJSON-1229508724', 'user_domain_id': 'default', 'user_domain_name': 'Default', 'user_id': '072e688fe389446abf5f55385b5ae2c2', 'system': None}, Network: None, Subnet: None, Router: None
2024-09-30 15:30:58.946 62865 INFO tempest.lib.common.dynamic_creds [-] Created isolated network resources for: credentials: Credentials: {'domain_id': 'default', 'domain_name': 'Default', 'username': 'tempest-ImagesDeleteNegativeTestJSON-1229508724-project-member', 'project_domain_id': 'default', 'project_domain_name': 'Default', 'project_id': '8a85bbb3fc3642abbbcc3ab0650bc8cf', 'project_name': 'tempest-ImagesDeleteNegativeTestJSON-1229508724', 'tenant_id': '8a85bbb3fc3642abbbcc3ab0650bc8cf', 'tenant_name': 'tempest-ImagesDeleteNegativeTestJSON-1229508724', 'user_domain_id': 'default', 'user_domain_name': 'Default', 'user_id': '072e688fe389446abf5f55385b5ae2c2', 'system': None}, Network: None, Subnet: None, Router: None
2024-09-30 15:30:58.965 62831 INFO tempest.lib.common.rest_client [req-7d5ddb58-5bf8-492f-9a32-55944dd9e83d req-7d5ddb58-5bf8-492f-9a32-55944dd9e83d ] Request (MultipleCreateTestJSON:setUpClass): 201 POST http://10.180.1.21:9696/networking/v2.0/subnets 1.142s
2024-09-30 15:30:58.988 62861 INFO tempest.lib.common.rest_client [req-37151f3f-82b0-40f2-b12b-17b2eaf6d0bb req-37151f3f-82b0-40f2-b12b-17b2eaf6d0bb ] Request (ServerRescueTestJSON:setUpClass): 202 POST http://10.180.1.21/compute/v2.1/servers 2.625s
2024-09-30 15:30:59.038 62869 INFO tempest.lib.common.rest_client [req-18d8b9a3-3da5-40c1-917a-488c946c10c9 req-18d8b9a3-3da5-40c1-917a-488c946c10c9 ] Request (ListImagesTestJSON:test_list_images_with_detail): 200 GET http://10.180.1.21/compute/v2.1/images/detail 1.896s
2024-09-30 15:30:59.043 62865 INFO tempest.lib.common.rest_client [req-35c450ee-60b1-4769-8a0c-5200e1d14da6 req-35c450ee-60b1-4769-8a0c-5200e1d14da6 ] Request (ImagesDeleteNegativeTestJSON:setUpClass): 201 POST http://10.180.1.21/identity/v3/auth/tokens 0.094s
2024-09-30 15:30:59.075 62868 INFO tempest.lib.common.rest_client [req-064932f8-e648-4a05-b85e-81298d05a500 req-064932f8-e648-4a05-b85e-81298d05a500 ] Request (VolumesAssistedSnapshotsTest:test_volume_assisted_snapshot_create_delete): 201 POST http://10.180.1.21:9696/networking/v2.0/floatingips 2.861s
2024-09-30 15:30:59.137 62827 INFO tempest.lib.common.rest_client [req-03031047-5d71-4b49-959e-29e2526e9f90 req-03031047-5d71-4b49-959e-29e2526e9f90 ] Request (ServersAdminTestJSON:setUpClass): 200 GET http://10.180.1.21/compute/v2.1/servers/2674f864-12d0-4c9d-b5b4-78673260bfc2 1.726s
2024-09-30 15:30:59.141 62868 INFO tempest.lib.common.rest_client [req-1921b372-87ee-41ff-aba4-fbf4d769c701 req-1921b372-87ee-41ff-aba4-fbf4d769c701 ] Request (VolumesAssistedSnapshotsTest:test_volume_assisted_snapshot_create_delete): 201 POST http://10.180.1.21/identity/v3/auth/tokens 0.062s
2024-09-30 15:30:59.142 62868 INFO tempest.lib.common.fixed_network [-] (VolumesAssistedSnapshotsTest:test_volume_assisted_snapshot_create_delete) Found network {'id': '5de4523f-7745-4993-8084-a32c765604e4', 'name': 'tempest-VolumesAssistedSnapshotsTest-1169507059-network', 'tenant_id': 'bce3d954ba214d5da4da67b978b5c6bc', 'admin_state_up': True, 'mtu': 8950, 'status': 'ACTIVE', 'subnets': [], 'shared': False, 'project_id': 'bce3d954ba214d5da4da67b978b5c6bc', 'port_security_enabled': True, 'router:external': False, 'provider:network_type': 'vlan', 'provider:physical_network': 'default', 'provider:segmentation_id': 545, 'is_default': False, 'availability_zone_hints': [], 'availability_zones': [], 'ipv4_address_scope': None, 'ipv6_address_scope': None, 'description': '', 'tags': [], 'created_at': '2024-09-30T15:30:24Z', 'updated_at': '2024-09-30T15:30:24Z', 'revision_number': 1} available for tenant
2024-09-30 15:30:59.144 62869 INFO tempest.lib.common.rest_client [req-10955d43-134f-4bb0-9842-92f522b0e250 req-10955d43-134f-4bb0-9842-92f522b0e250 ] Request (ListImagesTestJSON:tearDownClass): 204 DELETE http://10.180.1.21/identity/v3/users/363f4229e4de447696657d1d5e4047d9 0.100s
2024-09-30 15:30:59.144 62869 INFO tempest.lib.common.dynamic_creds [-] Deleting project and security group for project: 866018ec43734fd196102b7ec59fb620
2024-09-30 15:30:59.158 62873 INFO tempest.lib.common.rest_client [req-2f5ed7c3-755b-4266-b349-198bf61f52ef req-2f5ed7c3-755b-4266-b349-198bf61f52ef ] Request (FlavorsAccessNegativeTestJSON:_run_cleanups): 202 DELETE http://10.180.1.21/compute/v2.1/flavors/1293516180 1.697s
2024-09-30 15:30:59.207 62837 INFO tempest.lib.common.rest_client [req-1163ddc4-063b-48ba-991d-1468762503e8 req-1163ddc4-063b-48ba-991d-1468762503e8 ] Request (ImagesNegativeTestJSON:setUpClass): 201 POST http://10.180.1.21:9696/networking/v2.0/networks 0.829s
2024-09-30 15:30:59.208 62869 INFO tempest.lib.common.rest_client [req-55604d3f-beed-4da9-b493-3a9e33b70ea3 req-55604d3f-beed-4da9-b493-3a9e33b70ea3 ] Request (ListImagesTestJSON:tearDownClass): 201 POST http://10.180.1.21/identity/v3/auth/tokens 0.063s
2024-09-30 15:30:59.494 62833 INFO tempest.lib.common.rest_client [req-cbdc7b3f-f38b-4674-9a8c-16792710f367 req-cbdc7b3f-f38b-4674-9a8c-16792710f367 ] Request (AttachInterfacesUnderV243Test:test_add_remove_fixed_ip): 202 POST http://10.180.1.21/compute/v2.1/servers 2.399s
2024-09-30 15:30:59.498 62823 INFO tempest.lib.common.rest_client [req-2e6b9d70-91d6-46c8-b4c6-97767c957b02 req-2e6b9d70-91d6-46c8-b4c6-97767c957b02 ] Request (MigrationsAdminTest:test_list_migrations_in_flavor_resize_situation): 204 DELETE http://10.180.1.21/compute/v2.1/servers/823cfd72-2e6d-4acb-bc05-5c5f159e1a36 1.911s
2024-09-30 15:30:59.527 62858 INFO tempest.lib.common.rest_client [req-1ab992f4-3943-46e9-9161-3c575eb42d2a req-1ab992f4-3943-46e9-9161-3c575eb42d2a ] Request (KeyPairsV22TestJSON:_run_cleanups): 204 DELETE http://10.180.1.21/compute/v2.1/os-keypairs/tempest-keypair-693721483 1.713s
2024-09-30 15:30:59.611 62863 INFO tempest.lib.common.rest_client [req-2da376f6-f464-4355-8b5d-3a4ea9fe9760 req-2da376f6-f464-4355-8b5d-3a4ea9fe9760 ] Request (FloatingIPDetailsTestJSON:setUpClass): 201 POST http://10.180.1.21:9696/networking/v2.0/subnets 0.689s
2024-09-30 15:30:59.722 62825 INFO tempest.lib.common.rest_client [req-d36eec20-7198-4f27-a3fd-cf7774d4625c req-d36eec20-7198-4f27-a3fd-cf7774d4625c ] Request (AttachInterfacesV270Test:setUpClass): 200 PUT http://10.180.1.21:9696/networking/v2.0/routers/c73766b2-87cb-4c32-8164-525b74ca521f/add_router_interface 3.648s
2024-09-30 15:30:59.722 62825 INFO tempest.lib.common.dynamic_creds [-] Created isolated network resources for: credentials: Credentials: {'domain_id': 'default', 'domain_name': 'Default', 'username': 'tempest-AttachInterfacesV270Test-927268031-project-member', 'project_domain_id': 'default', 'project_domain_name': 'Default', 'project_id': 'c12e70a78da2444d8e011770b5e70bd5', 'project_name': 'tempest-AttachInterfacesV270Test-927268031', 'tenant_id': 'c12e70a78da2444d8e011770b5e70bd5', 'tenant_name': 'tempest-AttachInterfacesV270Test-927268031', 'user_domain_id': 'default', 'user_domain_name': 'Default', 'user_id': '12daa97b55594520bebcd3806d99c370', 'system': None}, Network: {'id': 'b283db93-fd76-4de3-b44c-8971397e4a1d', 'name': 'tempest-AttachInterfacesV270Test-292720818-network', 'tenant_id': 'c12e70a78da2444d8e011770b5e70bd5', 'admin_state_up': True, 'mtu': 8950, 'status': 'ACTIVE', 'subnets': [], 'shared': False, 'project_id': 'c12e70a78da2444d8e011770b5e70bd5', 'port_security_enabled': True, 'router:external': False, 'provider:network_type': 'vlan', 'provider:physical_network': 'default', 'provider:segmentation_id': 569, 'is_default': False, 'availability_zone_hints': [], 'availability_zones': [], 'ipv4_address_scope': None, 'ipv6_address_scope': None, 'description': '', 'tags': [], 'created_at': '2024-09-30T15:30:49Z', 'updated_at': '2024-09-30T15:30:49Z', 'revision_number': 1}, Subnet: {'id': '3aa088d0-bac6-4709-9d83-49d22c9ec209', 'name': 'tempest-AttachInterfacesV270Test-292720818-subnet', 'tenant_id': 'c12e70a78da2444d8e011770b5e70bd5', 'network_id': 'b283db93-fd76-4de3-b44c-8971397e4a1d', 'ip_version': 4, 'subnetpool_id': None, 'enable_dhcp': True, 'ipv6_ra_mode': None, 'ipv6_address_mode': None, 'gateway_ip': '192.168.128.1', 'cidr': '192.168.128.0/28', 'allocation_pools': [{'start': '192.168.128.2', 'end': '192.168.128.14'}], 'host_routes': [], 'dns_nameservers': [], 'description': '', 'router:external': False, 'service_types': [], 'tags': [], 'created_at': '2024-09-30T15:30:50Z', 'updated_at': '2024-09-30T15:30:50Z', 'revision_number': 0, 'project_id': 'c12e70a78da2444d8e011770b5e70bd5'}, Router: {'id': 'c73766b2-87cb-4c32-8164-525b74ca521f', 'name': 'tempest-AttachInterfacesV270Test-292720818-router', 'tenant_id': 'c12e70a78da2444d8e011770b5e70bd5', 'admin_state_up': True, 'status': 'ACTIVE', 'external_gateway_info': {'network_id': '5c22d278-aaab-4552-9f55-26d36b039d7b', 'external_fixed_ips': [{'subnet_id': '161aeea8-5460-489b-b325-36524676cc4e', 'ip_address': '10.180.180.169'}], 'enable_snat': True}, 'description': '', 'availability_zones': [], 'distributed': False, 'ha': False, 'availability_zone_hints': [], 'routes': [], 'flavor_id': None, 'tags': [], 'created_at': '2024-09-30T15:30:51Z', 'updated_at': '2024-09-30T15:30:53Z', 'revision_number': 2, 'project_id': 'c12e70a78da2444d8e011770b5e70bd5'}
2024-09-30 15:30:59.775 62849 INFO tempest.lib.common.rest_client [req-2528bec2-b5ef-4268-8a32-1882d0df58fd req-2528bec2-b5ef-4268-8a32-1882d0df58fd ] Request (ImagesMetadataTestJSON:test_set_image_metadata_item): 200 PUT http://10.180.1.21/compute/v2.1/images/1c6ea6b3-0778-4920-ac66-508112a67334/metadata/os_version 1.700s
2024-09-30 15:30:59.847 62869 INFO tempest.lib.common.rest_client [req-f3b60dd1-bf06-4bc0-9bd7-0ba5a350dfb1 req-f3b60dd1-bf06-4bc0-9bd7-0ba5a350dfb1 ] Request (ListImagesTestJSON:tearDownClass): 200 GET http://10.180.1.21:9696/networking/v2.0/security-groups?tenant_id=866018ec43734fd196102b7ec59fb620&name=default 0.638s
2024-09-30 15:30:59.851 62825 INFO tempest.lib.common.rest_client [req-cf28dc1c-361c-4d97-98e7-ce5af63f12d6 req-cf28dc1c-361c-4d97-98e7-ce5af63f12d6 ] Request (AttachInterfacesV270Test:setUpClass): 201 POST http://10.180.1.21/identity/v3/auth/tokens 0.088s
2024-09-30 15:30:59.880 62825 INFO tempest.lib.common.rest_client [req-0837b0be-0b96-4887-990b-4dd3a63b8956 req-0837b0be-0b96-4887-990b-4dd3a63b8956 ] Request (AttachInterfacesV270Test:test_create_get_list_interfaces): 201 POST http://10.180.1.21/identity/v3/auth/tokens 0.025s
2024-09-30 15:30:59.881 62825 INFO tempest.lib.common.fixed_network [-] (AttachInterfacesV270Test:test_create_get_list_interfaces) Found network {'id': 'b283db93-fd76-4de3-b44c-8971397e4a1d', 'name': 'tempest-AttachInterfacesV270Test-292720818-network', 'tenant_id': 'c12e70a78da2444d8e011770b5e70bd5', 'admin_state_up': True, 'mtu': 8950, 'status': 'ACTIVE', 'subnets': [], 'shared': False, 'project_id': 'c12e70a78da2444d8e011770b5e70bd5', 'port_security_enabled': True, 'router:external': False, 'provider:network_type': 'vlan', 'provider:physical_network': 'default', 'provider:segmentation_id': 569, 'is_default': False, 'availability_zone_hints': [], 'availability_zones': [], 'ipv4_address_scope': None, 'ipv6_address_scope': None, 'description': '', 'tags': [], 'created_at': '2024-09-30T15:30:49Z', 'updated_at': '2024-09-30T15:30:49Z', 'revision_number': 1} available for tenant
2024-09-30 15:30:59.890 62851 INFO tempest.lib.common.rest_client [req-6bb16275-0aae-4b7c-94d9-20c8510bf001 req-6bb16275-0aae-4b7c-94d9-20c8510bf001 ] Request (KeyPairsNegativeTestJSON:test_create_keypair_invalid_name): 400 POST http://10.180.1.21/compute/v2.1/os-keypairs 1.809s
2024-09-30 15:30:59.908 62843 INFO tempest.lib.common.rest_client [req-b266ddc7-e15b-4dae-82bc-51c02d5b97aa req-b266ddc7-e15b-4dae-82bc-51c02d5b97aa ] Request (FlavorsAdminTestJSON:_run_cleanups): 200 GET http://10.180.1.21/compute/v2.1/flavors/detail 1.811s
2024-09-30 15:31:00.017 62845 INFO tempest.lib.common.rest_client [req-7a2fe7a3-7d98-45ca-8b81-5dc0eca2b709 req-7a2fe7a3-7d98-45ca-8b81-5dc0eca2b709 ] Request (AggregatesAdminNegativeTestJSON:test_aggregate_remove_host_as_user): 200 POST http://10.180.1.21/compute/v2.1/os-aggregates/7/action 1.893s
2024-09-30 15:31:00.108 62871 INFO tempest.lib.common.rest_client [req-a306d550-e1d9-402d-803e-efa5c384649c req-a306d550-e1d9-402d-803e-efa5c384649c ] Request (VolumesAdminNegativeTest:test_update_attached_volume_with_nonexistent_volume_in_body): 200 GET http://10.180.1.21/compute/v2.1/servers/c01168d0-cfa6-4281-9ab1-fe2404f4d48e 1.927s
2024-09-30 15:31:00.114 62853 INFO tempest.lib.common.rest_client [req-f3c48e9f-92a1-40ba-bffe-7974cb1fa020 req-f3c48e9f-92a1-40ba-bffe-7974cb1fa020 ] Request (ServersAdminNegativeTestJSON:setUpClass): 200 GET http://10.180.1.21/compute/v2.1/servers/2b01ce50-98d1-4c65-a2ac-5104cfc0a35a 2.254s
2024-09-30 15:31:00.122 62839 INFO tempest.lib.common.rest_client [req-4aade6ce-a9aa-4c43-beea-bfeb1b9b1e26 req-4aade6ce-a9aa-4c43-beea-bfeb1b9b1e26 ] Request (TenantUsagesNegativeTestJSON:test_get_usage_tenant_with_invalid_date): 400 GET http://10.180.1.21/compute/v2.1/os-simple-tenant-usage/b70bfd846ee941b4b4c6979dbf7e1219?start=2024-10-01T15%3A30%3A56.771519&end=2024-09-29T15%3A30%3A56.771519 1.859s
2024-09-30 15:31:00.341 62837 INFO tempest.lib.common.rest_client [req-ec56a408-caa1-4aa8-86d5-30b34c855f17 req-ec56a408-caa1-4aa8-86d5-30b34c855f17 ] Request (ImagesNegativeTestJSON:setUpClass): 201 POST http://10.180.1.21:9696/networking/v2.0/subnets 1.134s
2024-09-30 15:31:00.412 62881 INFO tempest.lib.common.rest_client [req-9a3ce9bd-51c8-4c29-84d9-da145dad9aa5 req-9a3ce9bd-51c8-4c29-84d9-da145dad9aa5 ] Request (AttachInterfacesTestJSON:setUpClass): 201 POST http://10.180.1.21:9696/networking/v2.0/routers 2.915s
2024-09-30 15:31:00.452 62869 INFO tempest.lib.common.rest_client [req-a74625fd-2122-43b1-8ddb-28a79383b3e2 req-a74625fd-2122-43b1-8ddb-28a79383b3e2 ] Request (ListImagesTestJSON:tearDownClass): 204 DELETE http://10.180.1.21:9696/networking/v2.0/security-groups/7fab6601-8a51-4b57-b01d-9f975aa3396c 0.605s
2024-09-30 15:31:00.545 62869 INFO tempest.lib.common.rest_client [req-ad9ae6dd-d8c5-463b-952f-b59b6189ccdb req-ad9ae6dd-d8c5-463b-952f-b59b6189ccdb ] Request (ListImagesTestJSON:tearDownClass): 204 DELETE http://10.180.1.21/identity/v3/projects/866018ec43734fd196102b7ec59fb620 0.093s
2024-09-30 15:31:00.559 62879 INFO tempest.lib.common.rest_client [req-a30aa858-6b65-4783-bf49-92414c70ccc4 req-a30aa858-6b65-4783-bf49-92414c70ccc4 ] Request (ValidationResourcesFixture:setUp): 201 POST http://10.180.1.21:9696/networking/v2.0/floatingips 2.016s
2024-09-30 15:31:00.619 62879 INFO tempest.lib.common.rest_client [req-5b8e23c9-496f-4d81-acb5-07204f412b5d req-5b8e23c9-496f-4d81-acb5-07204f412b5d ] Request (AttachVolumeNegativeTest:test_attach_attached_volume_to_different_server): 201 POST http://10.180.1.21/identity/v3/auth/tokens 0.056s
2024-09-30 15:31:00.619 62879 INFO tempest.lib.common.fixed_network [-] (AttachVolumeNegativeTest:test_attach_attached_volume_to_different_server) Found network {'id': 'c83202eb-25ae-4f61-b940-10c3d73b89c4', 'name': 'tempest-AttachVolumeNegativeTest-1208695605-network', 'tenant_id': '5f2cc7b4b51b4a84942d034fc948d33c', 'admin_state_up': True, 'mtu': 8950, 'status': 'ACTIVE', 'subnets': [], 'shared': False, 'project_id': '5f2cc7b4b51b4a84942d034fc948d33c', 'port_security_enabled': True, 'router:external': False, 'provider:network_type': 'vlan', 'provider:physical_network': 'default', 'provider:segmentation_id': 302, 'is_default': False, 'availability_zone_hints': [], 'availability_zones': [], 'ipv4_address_scope': None, 'ipv6_address_scope': None, 'description': '', 'tags': [], 'created_at': '2024-09-30T15:30:45Z', 'updated_at': '2024-09-30T15:30:45Z', 'revision_number': 1} available for tenant
2024-09-30 15:31:00.633 62869 INFO tempest.lib.common.rest_client [req-6de79832-312c-498f-a5d1-a9af1e35e614 req-6de79832-312c-498f-a5d1-a9af1e35e614 ] Request (ServerGroupTestJSON:setUpClass): 201 POST http://10.180.1.21/identity/v3/auth/tokens 0.085s
2024-09-30 15:31:00.642 62829 INFO tempest.lib.common.rest_client [req-b7b84978-747d-4757-8528-6e55c818fad7 req-b7b84978-747d-4757-8528-6e55c818fad7 ] Request (ServersTestFqdnHostnames:test_create_server_with_fqdn_name): 200 GET http://10.180.1.21/compute/v2.1/servers/3a29d72c-6b84-4082-ae5a-5714331bcae5 2.345s
2024-09-30 15:31:00.667 62869 INFO tempest.lib.common.rest_client [req-a2cebcaa-9110-429d-953c-313485fd1de5 req-a2cebcaa-9110-429d-953c-313485fd1de5 ] Request (ServerGroupTestJSON:setUpClass): 201 POST http://10.180.1.21/identity/v3/auth/tokens 0.027s
2024-09-30 15:31:00.697 62869 INFO tempest.lib.common.rest_client [req-6c150d64-9acd-4285-bf3d-ed4a02e8a555 req-6c150d64-9acd-4285-bf3d-ed4a02e8a555 ] Request (ServerGroupTestJSON:setUpClass): 200 GET http://10.180.1.21/identity/v3/domains?name=Default 0.029s
2024-09-30 15:31:00.732 62869 INFO tempest.lib.common.rest_client [req-d7fd976f-3a8f-4670-a068-3d9e5254efd2 req-d7fd976f-3a8f-4670-a068-3d9e5254efd2 ] Request (ServerGroupTestJSON:setUpClass): 201 POST http://10.180.1.21/identity/v3/projects 0.035s
2024-09-30 15:31:00.733 62877 INFO tempest.lib.common.rest_client [req-5d0b10cb-9fe6-4dbc-ae51-07cc7521175d req-5d0b10cb-9fe6-4dbc-ae51-07cc7521175d ] Request (ServerActionsTestJSON:setUpClass): 201 POST http://10.180.1.21:9696/networking/v2.0/routers 3.044s
2024-09-30 15:31:00.755 62875 INFO tempest.lib.common.rest_client [req-ee2892f1-0455-48b0-af91-a82eb4a2c767 req-ee2892f1-0455-48b0-af91-a82eb4a2c767 ] Request (ServerExternalEventsTest:test_create_server_external_events): 200 GET http://10.180.1.21/compute/v2.1/servers/bb902720-750c-42fd-9a0f-f264fe4e3bd9 2.352s
2024-09-30 15:31:00.807 62869 INFO tempest.lib.common.rest_client [req-10a82cbc-7afe-40da-a6ed-32f92184f5f9 req-10a82cbc-7afe-40da-a6ed-32f92184f5f9 ] Request (ServerGroupTestJSON:setUpClass): 201 POST http://10.180.1.21/identity/v3/users 0.074s
2024-09-30 15:31:00.831 62869 INFO tempest.lib.common.rest_client [req-006bbb72-7134-49fc-918f-fa9e4ffdaf85 req-006bbb72-7134-49fc-918f-fa9e4ffdaf85 ] Request (ServerGroupTestJSON:setUpClass): 200 GET http://10.180.1.21/identity/v3/roles 0.023s
2024-09-30 15:31:00.846 62847 INFO tempest.lib.common.rest_client [req-d23ea067-6162-47e5-af1b-33fdf455b1db req-d23ea067-6162-47e5-af1b-33fdf455b1db ] Request (ServerRescueTestJSONUnderV235:setUpClass): 200 GET http://10.180.1.21/compute/v2.1/servers/3b60cf7c-d02e-41a5-bd2b-8bcc2c4967f3 2.337s
2024-09-30 15:31:00.865 62869 INFO tempest.lib.common.rest_client [req-86d608dd-86fa-4a7a-8f01-f03e89bb77be req-86d608dd-86fa-4a7a-8f01-f03e89bb77be ] Request (ServerGroupTestJSON:setUpClass): 204 PUT http://10.180.1.21/identity/v3/projects/293d65a940464a19ab403611f5ef93ed/users/ed345a4923aa46e383874f892357ef2e/roles/932cfd4feb644672b6dc3460cd047ad9 0.033s
