2024-09-30 15:30:35.062 62833 INFO tempest.lib.common.rest_client [req-ab4455f6-7154-469c-abc0-c847d91f2d12 req-ab4455f6-7154-469c-abc0-c847d91f2d12 ] Request (HypervisorAdminUnderV252Test:tearDownClass): 201 POST http://10.180.1.21/identity/v3/auth/tokens 0.076s
2024-09-30 15:30:35.115 62849 INFO tempest.lib.common.rest_client [req-586f8695-665b-469e-a03d-2d72de79abf1 req-586f8695-665b-469e-a03d-2d72de79abf1 ] Request (QuotasAdminTestV257:test_get_updated_quotas): 200 PUT http://10.180.1.21/compute/v2.1/os-quota-sets/d472aeed80174f66990577a9b9f96bc3?user_id=e0ac5b7193e6458c94fd07044aaee2b2 1.564s
2024-09-30 15:30:35.135 62831 INFO tempest.lib.common.rest_client [req-50aa32ce-5567-43cc-9460-7d6032fe4946 req-50aa32ce-5567-43cc-9460-7d6032fe4946 ] Request (ServicesAdminNegativeV253TestJSON:test_get_service_by_invalid_params): 200 GET http://10.180.1.21/compute/v2.1/os-services 1.563s
2024-09-30 15:30:35.167 62868 INFO tempest.lib.common.rest_client [req-d59f8402-b9ec-4157-8a19-22cf113c373c req-d59f8402-b9ec-4157-8a19-22cf113c373c ] Request (VolumesAssistedSnapshotsTest:setUpClass): 201 POST http://10.180.1.21:9696/networking/v2.0/routers 3.162s
2024-09-30 15:30:35.245 62873 INFO tempest.lib.common.rest_client [req-b6bd699c-27f1-4bfb-b0e3-1b58a8c62f02 req-b6bd699c-27f1-4bfb-b0e3-1b58a8c62f02 ] Request (FlavorsAccessNegativeTestJSON:test_add_flavor_access_duplicate): 409 POST http://10.180.1.21/compute/v2.1/flavors/1240605825/action 1.516s
2024-09-30 15:30:35.265 62861 INFO tempest.lib.common.rest_client [req-e60bb24b-ef73-4148-bdf1-0a657dbbf48e req-e60bb24b-ef73-4148-bdf1-0a657dbbf48e ] Request (ServicesAdminNegativeTestJSON:test_get_service_by_invalid_service_and_valid_host): 200 GET http://10.180.1.21/compute/v2.1/os-services?host=devstack&binary=xxx 1.517s
2024-09-30 15:30:35.295 62837 INFO tempest.lib.common.rest_client [req-3f46cd2d-c128-40cd-ae9c-ab069b4127cf req-3f46cd2d-c128-40cd-ae9c-ab069b4127cf ] Request (ServerDiagnosticsNegativeTest:test_get_server_diagnostics_by_non_admin): 200 GET http://10.180.1.21/compute/v2.1/servers/90b072c4-d863-404b-9c75-d73afa91fbf3 2.004s
2024-09-30 15:30:35.314 62869 INFO tempest.lib.common.rest_client [req-9ca76563-01f4-495c-bfa4-4c1c59edd821 req-9ca76563-01f4-495c-bfa4-4c1c59edd821 ] Request (HostsAdminNegativeTestJSON:test_reboot_nonexistent_host): 404 GET http://10.180.1.21/compute/v2.1/os-hosts/nonexistent_hostname/reboot 1.429s
2024-09-30 15:30:35.368 62879 INFO tempest.lib.common.rest_client [req-c53f7b64-b72e-4a2c-acc2-676b18e89d76 req-c53f7b64-b72e-4a2c-acc2-676b18e89d76 ] Request (HypervisorAdminV228Test:tearDownClass): 200 GET http://10.180.1.21:9696/networking/v2.0/security-groups?tenant_id=2f50127bdd3848458f334697d073f012&name=default 0.680s
2024-09-30 15:30:35.384 62847 INFO tempest.lib.common.rest_client [req-5d81ffc3-a7d0-42f3-8830-9b1cca6b9d68 req-5d81ffc3-a7d0-42f3-8830-9b1cca6b9d68 ] Request (ServerRescueTestJSONUnderV235:setUpClass): 200 GET http://10.180.1.21/compute/v2.1/servers/3b60cf7c-d02e-41a5-bd2b-8bcc2c4967f3 1.508s
2024-09-30 15:30:35.388 62863 INFO tempest.lib.common.rest_client [req-428f6310-b602-46dc-866a-dfd90e693404 req-428f6310-b602-46dc-866a-dfd90e693404 ] Request (AZAdminV2TestJSON:tearDownClass): 200 GET http://10.180.1.21:9696/networking/v2.0/security-groups?tenant_id=1a9825a139fc40bbb1cc79299f470d16&name=default 0.689s
2024-09-30 15:30:35.406 62839 INFO tempest.lib.common.rest_client [req-f40f7d0d-ee2e-4f0f-9234-f11cfaa2ad78 req-f40f7d0d-ee2e-4f0f-9234-f11cfaa2ad78 ] Request (FlavorsV261TestJSON:test_crud_flavor): 200 GET http://10.180.1.21/compute/v2.1/flavors/detail 1.455s
2024-09-30 15:30:35.412 62845 INFO tempest.lib.common.rest_client [req-0ba0a503-2284-4ff8-8d86-829029071872 req-0ba0a503-2284-4ff8-8d86-829029071872 ] Request (AggregatesAdminNegativeTestJSON:test_aggregate_add_host_as_user): 403 POST http://10.180.1.21/compute/v2.1/os-aggregates/2/action 1.497s
2024-09-30 15:30:35.428 62859 INFO tempest.lib.common.rest_client [req-f31f2cb7-4b0d-4a59-949c-08303465414b req-f31f2cb7-4b0d-4a59-949c-08303465414b ] Request (HypervisorAdminTestJSON:test_get_hypervisor_show_details): 200 GET http://10.180.1.21/compute/v2.1/os-hypervisors/1 1.459s
2024-09-30 15:30:35.430 62853 INFO tempest.lib.common.rest_client [req-1d44f956-f168-4657-9c8c-203445dd1b82 req-1d44f956-f168-4657-9c8c-203445dd1b82 ] Request (FlavorsV255TestJSON:test_crud_flavor): 200 GET http://10.180.1.21/compute/v2.1/flavors 1.429s
2024-09-30 15:30:35.503 62875 INFO tempest.lib.common.rest_client [req-c2f4af1e-ebde-4b2b-b391-2cfceacac8b8 req-c2f4af1e-ebde-4b2b-b391-2cfceacac8b8 ] Request (KeyPairsV210TestJSON:test_admin_manage_keypairs_for_other_users): 201 POST http://10.180.1.21/compute/v2.1/os-keypairs 1.500s
2024-09-30 15:30:35.508 62841 INFO tempest.lib.common.rest_client [req-411a0edf-c4ff-4371-9772-fef0c31bea90 req-411a0edf-c4ff-4371-9772-fef0c31bea90 ] Request (FlavorsExtraSpecsNegativeTestJSON:test_flavor_non_admin_unset_keys): 403 DELETE http://10.180.1.21/compute/v2.1/flavors/1584005317/os-extra_specs/hw:numa_nodes 1.321s
2024-09-30 15:30:35.525 62858 INFO tempest.lib.common.rest_client [req-f03ae6cc-838f-4467-8164-53584c1fd391 req-f03ae6cc-838f-4467-8164-53584c1fd391 ] Request (FlavorMetadataValidation:tearDownClass): 204 DELETE http://10.180.1.21:9696/networking/v2.0/security-groups/8efd3885-5399-4941-9efb-1ffaa55200cd 0.726s
2024-09-30 15:30:35.532 62851 INFO tempest.lib.common.rest_client [req-850a2114-d818-4f47-9b6c-e7f7f015807f req-850a2114-d818-4f47-9b6c-e7f7f015807f ] Request (FlavorsAccessTestJSON:test_flavor_access_add_remove): 200 POST http://10.180.1.21/compute/v2.1/flavors/1530552097/action 1.361s
2024-09-30 15:30:35.588 62833 INFO tempest.lib.common.rest_client [req-7493a48c-78dc-440b-86fd-1c0935b2dbe9 req-7493a48c-78dc-440b-86fd-1c0935b2dbe9 ] Request (HypervisorAdminUnderV252Test:tearDownClass): 200 GET http://10.180.1.21:9696/networking/v2.0/security-groups?tenant_id=ed54722e9d0a4ec49cdfd5d16a277b80&name=default 0.526s
2024-09-30 15:30:35.609 62858 INFO tempest.lib.common.rest_client [req-4b0b3369-1564-4b93-ba46-4343104ecd45 req-4b0b3369-1564-4b93-ba46-4343104ecd45 ] Request (FlavorMetadataValidation:tearDownClass): 204 DELETE http://10.180.1.21/identity/v3/projects/f01a5dd51eab4579ba220a52b19ffa36 0.083s
2024-09-30 15:30:35.610 62858 INFO tempest.lib.common.dynamic_creds [-] Deleting project and security group for project: 5e801b00d1c34bd9bb714bb5d1d9e133
2024-09-30 15:30:35.617 62823 INFO tempest.lib.common.rest_client [req-593fb96d-5dd7-4b8e-b5f4-b7d2983f87a2 req-593fb96d-5dd7-4b8e-b5f4-b7d2983f87a2 ] Request (MigrationsAdminTest:test_list_migrations_in_flavor_resize_situation): 200 GET http://10.180.1.21/compute/v2.1/servers/823cfd72-2e6d-4acb-bc05-5c5f159e1a36 1.054s
2024-09-30 15:30:35.670 62865 INFO tempest.lib.common.rest_client [req-500aeeff-1953-4b6c-8ced-44c11cb545dd req-500aeeff-1953-4b6c-8ced-44c11cb545dd ] Request (FloatingIPsNegativeTestJSON:setUpClass): 201 POST http://10.180.1.21:9696/networking/v2.0/subnets 0.862s
2024-09-30 15:30:35.680 62881 INFO tempest.lib.common.rest_client [req-babe522e-b92d-4841-a230-96e59600be39 req-babe522e-b92d-4841-a230-96e59600be39 ] Request (QuotasAdminNegativeTest:_run_cleanups): 200 PUT http://10.180.1.21/compute/v2.1/os-quota-sets/1f32e24d40ce4516be70a5698130f4b7 0.996s
2024-09-30 15:30:35.772 62855 INFO tempest.lib.common.rest_client [req-8c7beb96-2994-48db-978d-43ed801506d0 req-8c7beb96-2994-48db-978d-43ed801506d0 ] Request (FloatingIPsAssociationTestJSON:setUpClass): 200 GET http://10.180.1.21/compute/v2.1/servers/f3e3fdc2-c425-4dca-86f3-f925c5a14499 0.892s
2024-09-30 15:30:35.787 62843 INFO tempest.lib.common.rest_client [req-7f746322-c667-421a-af69-da979cd06c8e req-7f746322-c667-421a-af69-da979cd06c8e ] Request (FlavorsAdminTestJSON:test_create_list_flavor_without_extra_data): 200 POST http://10.180.1.21/compute/v2.1/flavors 0.894s
2024-09-30 15:30:35.851 62879 INFO tempest.lib.common.rest_client [req-49fc8095-876e-432b-8eb1-8a653d77ae64 req-49fc8095-876e-432b-8eb1-8a653d77ae64 ] Request (HypervisorAdminV228Test:tearDownClass): 204 DELETE http://10.180.1.21:9696/networking/v2.0/security-groups/63459e23-730c-4f7a-a676-19441fb8f689 0.483s
2024-09-30 15:30:35.867 62877 INFO tempest.lib.common.rest_client [req-f75a7bfe-10a8-48a3-b069-d11b53c895bf req-f75a7bfe-10a8-48a3-b069-d11b53c895bf ] Request (TenantUsagesTestJSON:setUpClass): 200 GET http://10.180.1.21/compute/v2.1/servers/77909e09-7675-43bc-a13c-b84dccc4faa9 0.866s
2024-09-30 15:30:35.901 62863 INFO tempest.lib.common.rest_client [req-14040fb9-d61a-460e-a085-2675639738dc req-14040fb9-d61a-460e-a085-2675639738dc ] Request (AZAdminV2TestJSON:tearDownClass): 204 DELETE http://10.180.1.21:9696/networking/v2.0/security-groups/8de8aa84-fdeb-463f-b286-9a31842e22e1 0.512s
2024-09-30 15:30:35.967 62827 INFO tempest.lib.common.rest_client [req-297d9b1b-92d7-4dfc-9888-874240b393a2 req-297d9b1b-92d7-4dfc-9888-874240b393a2 ] Request (ServersAdminTestJSON:setUpClass): 200 PUT http://10.180.1.21:9696/networking/v2.0/routers/02da0cd3-1b0f-41a6-ac64-1307fdd14c68/add_router_interface 4.103s
2024-09-30 15:30:35.967 62827 INFO tempest.lib.common.dynamic_creds [-] Created isolated network resources for: credentials: Credentials: {'domain_id': 'default', 'domain_name': 'Default', 'username': 'tempest-ServersAdminTestJSON-2020188891-project-admin', 'project_domain_id': 'default', 'project_domain_name': 'Default', 'project_id': 'b30de613670c4999b3bb48e9da4b0400', 'project_name': 'tempest-ServersAdminTestJSON-2020188891', 'tenant_id': 'b30de613670c4999b3bb48e9da4b0400', 'tenant_name': 'tempest-ServersAdminTestJSON-2020188891', 'user_domain_id': 'default', 'user_domain_name': 'Default', 'user_id': '68aa7d7dee184b0e88d3522b2bd775ff', 'system': None}, Network: {'id': 'c5386578-4215-4b4f-80b6-ae2b842d2ac3', 'name': 'tempest-ServersAdminTestJSON-479151340-network', 'tenant_id': 'b30de613670c4999b3bb48e9da4b0400', 'admin_state_up': True, 'mtu': 8950, 'status': 'ACTIVE', 'subnets': [], 'shared': False, 'project_id': 'b30de613670c4999b3bb48e9da4b0400', 'port_security_enabled': True, 'router:external': False, 'provider:network_type': 'vlan', 'provider:physical_network': 'default', 'provider:segmentation_id': 89, 'is_default': False, 'availability_zone_hints': [], 'availability_zones': [], 'ipv4_address_scope': None, 'ipv6_address_scope': None, 'description': '', 'tags': [], 'created_at': '2024-09-30T15:30:29Z', 'updated_at': '2024-09-30T15:30:29Z', 'revision_number': 1}, Subnet: {'id': 'ed395ec5-1c13-4113-966e-bd695a167c18', 'name': 'tempest-ServersAdminTestJSON-479151340-subnet', 'tenant_id': 'b30de613670c4999b3bb48e9da4b0400', 'network_id': 'c5386578-4215-4b4f-80b6-ae2b842d2ac3', 'ip_version': 4, 'subnetpool_id': None, 'enable_dhcp': True, 'ipv6_ra_mode': None, 'ipv6_address_mode': None, 'gateway_ip': '192.168.128.1', 'cidr': '192.168.128.0/28', 'allocation_pools': [{'start': '192.168.128.2', 'end': '192.168.128.14'}], 'host_routes': [], 'dns_nameservers': [], 'description': '', 'router:external': False, 'service_types': [], 'tags': [], 'created_at': '2024-09-30T15:30:29Z', 'updated_at': '2024-09-30T15:30:29Z', 'revision_number': 0, 'project_id': 'b30de613670c4999b3bb48e9da4b0400'}, Router: {'id': '02da0cd3-1b0f-41a6-ac64-1307fdd14c68', 'name': 'tempest-ServersAdminTestJSON-479151340-router', 'tenant_id': 'b30de613670c4999b3bb48e9da4b0400', 'admin_state_up': True, 'status': 'ACTIVE', 'external_gateway_info': {'network_id': '5c22d278-aaab-4552-9f55-26d36b039d7b', 'external_fixed_ips': [{'subnet_id': '161aeea8-5460-489b-b325-36524676cc4e', 'ip_address': '10.180.180.203'}], 'enable_snat': True}, 'description': '', 'availability_zones': [], 'distributed': False, 'ha': False, 'availability_zone_hints': [], 'routes': [], 'flavor_id': None, 'tags': [], 'created_at': '2024-09-30T15:30:29Z', 'updated_at': '2024-09-30T15:30:30Z', 'revision_number': 2, 'project_id': 'b30de613670c4999b3bb48e9da4b0400'}
2024-09-30 15:30:35.991 62879 INFO tempest.lib.common.rest_client [req-54bcf952-56a3-410d-a9e0-38f8a94a86fb req-54bcf952-56a3-410d-a9e0-38f8a94a86fb ] Request (HypervisorAdminV228Test:tearDownClass): 204 DELETE http://10.180.1.21/identity/v3/projects/2f50127bdd3848458f334697d073f012 0.139s
2024-09-30 15:30:36.050 62849 INFO tempest.lib.common.rest_client [req-ba11e50c-b866-4bc5-bc30-f17ab5eb9943 req-ba11e50c-b866-4bc5-bc30-f17ab5eb9943 ] Request (QuotasAdminTestV257:test_get_updated_quotas): 200 GET http://10.180.1.21/compute/v2.1/os-quota-sets/d472aeed80174f66990577a9b9f96bc3?user_id=e0ac5b7193e6458c94fd07044aaee2b2 0.933s
2024-09-30 15:30:36.073 62831 INFO tempest.lib.common.rest_client [req-041fa325-155e-4cf2-8bda-7126ba588938 req-041fa325-155e-4cf2-8bda-7126ba588938 ] Request (ServicesAdminNegativeV253TestJSON:test_get_service_by_invalid_params): 200 GET http://10.180.1.21/compute/v2.1/os-services?xxx=nova-compute 0.935s
2024-09-30 15:30:36.128 62827 INFO tempest.lib.common.rest_client [req-b7cc1407-fb59-46c4-8b39-b0d949e7a2ad req-b7cc1407-fb59-46c4-8b39-b0d949e7a2ad ] Request (ServersAdminTestJSON:setUpClass): 201 POST http://10.180.1.21/identity/v3/auth/tokens 0.155s
2024-09-30 15:30:36.133 62863 INFO tempest.lib.common.rest_client [req-fb444299-8ae1-4edf-95ad-e25143294b78 req-fb444299-8ae1-4edf-95ad-e25143294b78 ] Request (AZAdminV2TestJSON:tearDownClass): 204 DELETE http://10.180.1.21/identity/v3/projects/1a9825a139fc40bbb1cc79299f470d16 0.231s
2024-09-30 15:30:36.192 62879 INFO tempest.lib.common.rest_client [req-995b8b42-a5ec-4d86-8906-d6461ee9f0cd req-995b8b42-a5ec-4d86-8906-d6461ee9f0cd ] Request (AZV2TestJSON:setUpClass): 201 POST http://10.180.1.21/identity/v3/auth/tokens 0.196s
2024-09-30 15:30:36.218 62863 INFO tempest.lib.common.rest_client [req-b3a73f37-eb09-4a8c-9120-5a069c28f3cc req-b3a73f37-eb09-4a8c-9120-5a069c28f3cc ] Request (InstanceUsageAuditLogTestJSON:setUpClass): 201 POST http://10.180.1.21/identity/v3/auth/tokens 0.083s
2024-09-30 15:30:36.262 62849 INFO tempest.lib.common.rest_client [req-263eb9f1-f684-406b-b9c0-2c5500c40daf req-263eb9f1-f684-406b-b9c0-2c5500c40daf ] Request (QuotasAdminTestV257:_run_cleanups): 204 DELETE http://10.180.1.21/identity/v3/users/e0ac5b7193e6458c94fd07044aaee2b2 0.209s
2024-09-30 15:30:36.265 62827 INFO tempest.lib.common.rest_client [req-8c5f7980-7a6a-43a6-9ee3-b04cb7d8b3f4 req-8c5f7980-7a6a-43a6-9ee3-b04cb7d8b3f4 ] Request (ServersAdminTestJSON:setUpClass): 201 POST http://10.180.1.21/identity/v3/auth/tokens 0.085s
2024-09-30 15:30:36.266 62827 INFO tempest.lib.common.fixed_network [-] (ServersAdminTestJSON:setUpClass) Found network {'id': '6b7e1ac0-e0df-4fe3-9f8f-1711ad59a241', 'name': 'tempest-ServersAdminTestJSON-1893627371-network', 'tenant_id': '18094f3f92b74f84944938b9eb338ae9', 'admin_state_up': True, 'mtu': 8950, 'status': 'ACTIVE', 'subnets': [], 'shared': False, 'project_id': '18094f3f92b74f84944938b9eb338ae9', 'port_security_enabled': True, 'router:external': False, 'provider:network_type': 'vlan', 'provider:physical_network': 'default', 'provider:segmentation_id': 262, 'is_default': False, 'availability_zone_hints': [], 'availability_zones': [], 'ipv4_address_scope': None, 'ipv6_address_scope': None, 'description': '', 'tags': [], 'created_at': '2024-09-30T15:30:21Z', 'updated_at': '2024-09-30T15:30:22Z', 'revision_number': 1} available for tenant
2024-09-30 15:30:36.324 62879 INFO tempest.lib.common.rest_client [req-0d982707-1825-4bbc-b3d1-3f2623c146e5 req-0d982707-1825-4bbc-b3d1-3f2623c146e5 ] Request (AZV2TestJSON:setUpClass): 201 POST http://10.180.1.21/identity/v3/auth/tokens 0.126s
2024-09-30 15:30:36.355 62863 INFO tempest.lib.common.rest_client [req-42471d99-d463-4c23-8552-1f4ff022159f req-42471d99-d463-4c23-8552-1f4ff022159f ] Request (InstanceUsageAuditLogTestJSON:setUpClass): 201 POST http://10.180.1.21/identity/v3/auth/tokens 0.133s
2024-09-30 15:30:36.376 62858 INFO tempest.lib.common.rest_client [req-00c4282b-7cda-4da7-b8c4-c5584842ea0b req-00c4282b-7cda-4da7-b8c4-c5584842ea0b ] Request (FlavorMetadataValidation:tearDownClass): 200 GET http://10.180.1.21:9696/networking/v2.0/security-groups?tenant_id=5e801b00d1c34bd9bb714bb5d1d9e133&name=default 0.766s
2024-09-30 15:30:36.384 62825 INFO tempest.lib.common.rest_client [req-08c43fd0-3083-48a7-8453-ae9f4e55d694 req-08c43fd0-3083-48a7-8453-ae9f4e55d694 ] Request (SecurityGroupsNegativeTestJSON:test_delete_the_default_security_group): 400 DELETE http://10.180.1.21/compute/v2.1/os-security-groups/7e726859-eab2-4c01-a987-38c74c86e926 1.531s
2024-09-30 15:30:36.409 62861 INFO tempest.lib.common.rest_client [req-994f424b-170e-42f1-a7d8-ced0fe975a2a req-994f424b-170e-42f1-a7d8-ced0fe975a2a ] Request (ServicesAdminNegativeTestJSON:test_get_service_with_valid_service_and_invalid_host): 200 GET http://10.180.1.21/compute/v2.1/os-services 1.142s
2024-09-30 15:30:36.419 62869 INFO tempest.lib.common.rest_client [req-bb9205d4-6ea5-433e-bb75-337fe41387a5 req-bb9205d4-6ea5-433e-bb75-337fe41387a5 ] Request (HostsAdminNegativeTestJSON:test_show_host_detail_with_non_admin_user): 403 GET http://10.180.1.21/compute/v2.1/os-hosts/devstack 1.103s
2024-09-30 15:30:36.422 62873 INFO tempest.lib.common.rest_client [req-2317a15c-c296-415a-94e8-b7a38473d675 req-2317a15c-c296-415a-94e8-b7a38473d675 ] Request (FlavorsAccessNegativeTestJSON:_run_cleanups): 200 POST http://10.180.1.21/compute/v2.1/flavors/1240605825/action 1.177s
2024-09-30 15:30:36.423 62879 INFO tempest.lib.common.rest_client [req-d8ea8165-8238-4ab5-94ae-0d76a9140888 req-d8ea8165-8238-4ab5-94ae-0d76a9140888 ] Request (AZV2TestJSON:setUpClass): 200 GET http://10.180.1.21/identity/v3/domains?name=Default 0.099s
2024-09-30 15:30:36.436 62845 INFO tempest.lib.common.rest_client [req-47414897-f4f8-463d-997a-373d8edfa520 req-47414897-f4f8-463d-997a-373d8edfa520 ] Request (AggregatesAdminNegativeTestJSON:_run_cleanups): 200 DELETE http://10.180.1.21/compute/v2.1/os-aggregates/2 1.023s
2024-09-30 15:30:36.446 62839 INFO tempest.lib.common.rest_client [req-b38aecf4-763d-43f4-8640-a415016586ed req-b38aecf4-763d-43f4-8640-a415016586ed ] Request (FlavorsV261TestJSON:test_crud_flavor): 200 GET http://10.180.1.21/compute/v2.1/flavors 1.032s
2024-09-30 15:30:36.447 62863 INFO tempest.lib.common.rest_client [req-0e6068a8-1514-4e9f-8aea-8e525df5b185 req-0e6068a8-1514-4e9f-8aea-8e525df5b185 ] Request (InstanceUsageAuditLogTestJSON:setUpClass): 200 GET http://10.180.1.21/identity/v3/domains?name=Default 0.092s
2024-09-30 15:30:36.453 62859 INFO tempest.lib.common.rest_client [req-65053363-6c56-49ac-be53-f465d3906cc1 req-65053363-6c56-49ac-be53-f465d3906cc1 ] Request (HypervisorAdminTestJSON:test_get_hypervisor_stats): 200 GET http://10.180.1.21/compute/v2.1/os-hypervisors/statistics 1.020s
2024-09-30 15:30:36.462 62853 INFO tempest.lib.common.rest_client [req-5d6b6df1-b3e6-4b01-a0f8-ff69a5f590ca req-5d6b6df1-b3e6-4b01-a0f8-ff69a5f590ca ] Request (FlavorsV255TestJSON:_run_cleanups): 202 DELETE http://10.180.1.21/compute/v2.1/flavors/703480912 1.027s
2024-09-30 15:30:36.472 62875 INFO tempest.lib.common.rest_client [req-7a5f248b-a1ec-447e-9dab-7c1c4bdb23a1 req-7a5f248b-a1ec-447e-9dab-7c1c4bdb23a1 ] Request (KeyPairsV210TestJSON:test_admin_manage_keypairs_for_other_users): 200 GET http://10.180.1.21/compute/v2.1/os-keypairs?user_id=a1bbfe81290e43fcb0558a0392499c61 0.968s
2024-09-30 15:30:36.473 62833 INFO tempest.lib.common.rest_client [req-98bf8c0e-6207-4900-8d56-0959b54d31a2 req-98bf8c0e-6207-4900-8d56-0959b54d31a2 ] Request (HypervisorAdminUnderV252Test:tearDownClass): 204 DELETE http://10.180.1.21:9696/networking/v2.0/security-groups/43e0d0a5-e998-485c-975c-7e3b543fca2b 0.884s
2024-09-30 15:30:36.481 62849 INFO tempest.lib.common.rest_client [req-6179667c-ae18-4a01-95e9-d7cc31a1de06 req-6179667c-ae18-4a01-95e9-d7cc31a1de06 ] Request (QuotasAdminTestV257:_run_cleanups): 204 DELETE http://10.180.1.21/identity/v3/projects/d472aeed80174f66990577a9b9f96bc3 0.218s
2024-09-30 15:30:36.483 62841 INFO tempest.lib.common.rest_client [req-3d0c1648-3a2e-4179-b7b4-55caebf522f1 req-3d0c1648-3a2e-4179-b7b4-55caebf522f1 ] Request (FlavorsExtraSpecsNegativeTestJSON:test_flavor_non_admin_update_specific_key): 200 POST http://10.180.1.21/compute/v2.1/flavors/1584005317/os-extra_specs 0.974s
2024-09-30 15:30:36.497 62851 INFO tempest.lib.common.rest_client [req-b8bf310e-11bf-4b0e-8420-d0becf2bccf7 req-b8bf310e-11bf-4b0e-8420-d0becf2bccf7 ] Request (FlavorsAccessTestJSON:test_flavor_access_add_remove): 200 GET http://10.180.1.21/compute/v2.1/flavors/detail 0.963s
2024-09-30 15:30:36.512 62843 INFO tempest.lib.common.rest_client [req-89b63641-dd4a-45c9-88d9-c18b9ce3fc82 req-89b63641-dd4a-45c9-88d9-c18b9ce3fc82 ] Request (FlavorsAdminTestJSON:test_create_list_flavor_without_extra_data): 200 GET http://10.180.1.21/compute/v2.1/flavors/112443521 0.722s
2024-09-30 15:30:36.512 62879 INFO tempest.lib.common.rest_client [req-cec94201-fb0c-43b8-80da-c9c9837660f2 req-cec94201-fb0c-43b8-80da-c9c9837660f2 ] Request (AZV2TestJSON:setUpClass): 201 POST http://10.180.1.21/identity/v3/projects 0.083s
2024-09-30 15:30:36.531 62831 INFO tempest.lib.common.rest_client [req-910eb81d-ad72-4798-bf2f-2a461f886515 req-910eb81d-ad72-4798-bf2f-2a461f886515 ] Request (ServicesAdminNegativeV253TestJSON:test_get_service_by_invalid_service_and_valid_host): 200 GET http://10.180.1.21/compute/v2.1/os-services 0.455s
2024-09-30 15:30:36.598 62863 INFO tempest.lib.common.rest_client [req-1f7a35b0-a3f3-47d8-a678-0b30a5924116 req-1f7a35b0-a3f3-47d8-a678-0b30a5924116 ] Request (InstanceUsageAuditLogTestJSON:setUpClass): 201 POST http://10.180.1.21/identity/v3/projects 0.149s
2024-09-30 15:30:36.600 62859 INFO tempest.lib.common.rest_client [req-853ec3e9-a4e6-43db-a177-8df7b556b053 req-853ec3e9-a4e6-43db-a177-8df7b556b053 ] Request (HypervisorAdminTestJSON:tearDownClass): 204 DELETE http://10.180.1.21/identity/v3/users/ba041113377a4920a28708ccd5b14e61 0.143s
2024-09-30 15:30:36.674 62879 INFO tempest.lib.common.rest_client [req-96f127f0-6cf3-4328-86d7-377fe55ac218 req-96f127f0-6cf3-4328-86d7-377fe55ac218 ] Request (AZV2TestJSON:setUpClass): 201 POST http://10.180.1.21/identity/v3/users 0.161s
2024-09-30 15:30:36.712 62833 INFO tempest.lib.common.rest_client [req-85b11e82-ce8d-4992-8f0c-6ef3fc01ae56 req-85b11e82-ce8d-4992-8f0c-6ef3fc01ae56 ] Request (HypervisorAdminUnderV252Test:tearDownClass): 204 DELETE http://10.180.1.21/identity/v3/projects/ed54722e9d0a4ec49cdfd5d16a277b80 0.239s
2024-09-30 15:30:36.712 62833 INFO tempest.lib.common.dynamic_creds [-] Deleting project and security group for project: ca99505e72b94055a3fbadd97df3ac20
2024-09-30 15:30:36.757 62858 INFO tempest.lib.common.rest_client [req-1d4a06c8-41d0-48fa-ba83-5f74064bd86b req-1d4a06c8-41d0-48fa-ba83-5f74064bd86b ] Request (FlavorMetadataValidation:tearDownClass): 204 DELETE http://10.180.1.21:9696/networking/v2.0/security-groups/7c6a1617-09bd-4851-9b93-d04e04a9e4ee 0.380s
2024-09-30 15:30:36.757 62821 INFO tempest.lib.common.rest_client [req-ddaa523d-cd47-40f9-b8dd-968451bb9c21 req-ddaa523d-cd47-40f9-b8dd-968451bb9c21 ] Request (QuotasAdminTestV236:test_get_updated_quotas): 200 GET http://10.180.1.21/identity/v3/domains?name=Default 0.226s
2024-09-30 15:30:36.851 62849 INFO tempest.lib.common.rest_client [req-b8788097-2571-40ac-925c-7ef20449c087 req-b8788097-2571-40ac-925c-7ef20449c087 ] Request (QuotasAdminTestV257:tearDownClass): 204 DELETE http://10.180.1.21/identity/v3/users/4ab2dc9f1fb740ee97d3243a5918da7e 0.297s
2024-09-30 15:30:36.915 62835 INFO tempest.lib.common.rest_client [req-4ac6bfc3-55b3-4be5-b8a5-95a7a0dbd767 req-4ac6bfc3-55b3-4be5-b8a5-95a7a0dbd767 ] Request (ServersWithSpecificFlavorTestJSON:setUpClass): 200 PUT http://10.180.1.21:9696/networking/v2.0/routers/ffe161f8-1ca8-45d8-9b45-1d05a38439f0/add_router_interface 4.267s
2024-09-30 15:30:36.916 62859 INFO tempest.lib.common.rest_client [req-d2e9a105-0fad-48f1-ab84-2ac1b0ba26cd req-d2e9a105-0fad-48f1-ab84-2ac1b0ba26cd ] Request (HypervisorAdminTestJSON:tearDownClass): 204 DELETE http://10.180.1.21/identity/v3/users/52d252cfcec94e628bf448935d85ac8d 0.315s
2024-09-30 15:30:36.916 62859 INFO tempest.lib.common.dynamic_creds [-] Deleting project and security group for project: a3d9d009153c404980c79bd3bf6864fa
2024-09-30 15:30:36.915 62835 INFO tempest.lib.common.dynamic_creds [-] Created isolated network resources for: credentials: Credentials: {'domain_id': 'default', 'domain_name': 'Default', 'username': 'tempest-ServersWithSpecificFlavorTestJSON-155429294-project-admin', 'project_domain_id': 'default', 'project_domain_name': 'Default', 'project_id': '7efbe21cee1f4500a9571ca874c7dc48', 'project_name': 'tempest-ServersWithSpecificFlavorTestJSON-155429294', 'tenant_id': '7efbe21cee1f4500a9571ca874c7dc48', 'tenant_name': 'tempest-ServersWithSpecificFlavorTestJSON-155429294', 'user_domain_id': 'default', 'user_domain_name': 'Default', 'user_id': 'bc4d810dd03d44cf8bebf93f5f4c9047', 'system': None}, Network: {'id': '1275509c-36a9-4fd3-b517-9a044e9016de', 'name': 'tempest-ServersWithSpecificFlavorTestJSON-199973328-network', 'tenant_id': '7efbe21cee1f4500a9571ca874c7dc48', 'admin_state_up': True, 'mtu': 8950, 'status': 'ACTIVE', 'subnets': [], 'shared': False, 'project_id': '7efbe21cee1f4500a9571ca874c7dc48', 'port_security_enabled': True, 'router:external': False, 'provider:network_type': 'vlan', 'provider:physical_network': 'default', 'provider:segmentation_id': 737, 'is_default': False, 'availability_zone_hints': [], 'availability_zones': [], 'ipv4_address_scope': None, 'ipv6_address_scope': None, 'description': '', 'tags': [], 'created_at': '2024-09-30T15:30:29Z', 'updated_at': '2024-09-30T15:30:29Z', 'revision_number': 1}, Subnet: {'id': 'c33c83aa-67d0-4184-819c-7fb5501844f6', 'name': 'tempest-ServersWithSpecificFlavorTestJSON-199973328-subnet', 'tenant_id': '7efbe21cee1f4500a9571ca874c7dc48', 'network_id': '1275509c-36a9-4fd3-b517-9a044e9016de', 'ip_version': 4, 'subnetpool_id': None, 'enable_dhcp': True, 'ipv6_ra_mode': None, 'ipv6_address_mode': None, 'gateway_ip': '192.168.128.1', 'cidr': '192.168.128.0/28', 'allocation_pools': [{'start': '192.168.128.2', 'end': '192.168.128.14'}], 'host_routes': [], 'dns_nameservers': [], 'description': '', 'router:external': False, 'service_types': [], 'tags': [], 'created_at': '2024-09-30T15:30:29Z', 'updated_at': '2024-09-30T15:30:29Z', 'revision_number': 0, 'project_id': '7efbe21cee1f4500a9571ca874c7dc48'}, Router: {'id': 'ffe161f8-1ca8-45d8-9b45-1d05a38439f0', 'name': 'tempest-ServersWithSpecificFlavorTestJSON-199973328-router', 'tenant_id': '7efbe21cee1f4500a9571ca874c7dc48', 'admin_state_up': True, 'status': 'ACTIVE', 'external_gateway_info': {'network_id': '5c22d278-aaab-4552-9f55-26d36b039d7b', 'external_fixed_ips': [{'subnet_id': '161aeea8-5460-489b-b325-36524676cc4e', 'ip_address': '10.180.180.224'}], 'enable_snat': True}, 'description': '', 'availability_zones': [], 'distributed': False, 'ha': False, 'availability_zone_hints': [], 'routes': [], 'flavor_id': None, 'tags': [], 'created_at': '2024-09-30T15:30:29Z', 'updated_at': '2024-09-30T15:30:31Z', 'revision_number': 2, 'project_id': '7efbe21cee1f4500a9571ca874c7dc48'}
2024-09-30 15:30:36.926 62863 INFO tempest.lib.common.rest_client [req-1d58f288-b718-43d2-88b5-e85dce897fd1 req-1d58f288-b718-43d2-88b5-e85dce897fd1 ] Request (InstanceUsageAuditLogTestJSON:setUpClass): 201 POST http://10.180.1.21/identity/v3/users 0.324s
2024-09-30 15:30:36.979 62879 INFO tempest.lib.common.rest_client [req-d3c9fb60-4961-4a1b-8525-0adaca4bd5db req-d3c9fb60-4961-4a1b-8525-0adaca4bd5db ] Request (AZV2TestJSON:setUpClass): 200 GET http://10.180.1.21/identity/v3/roles 0.304s
2024-09-30 15:30:37.027 62881 INFO tempest.lib.common.rest_client [req-c6f70686-aabf-45d1-8113-5d857df1182e req-c6f70686-aabf-45d1-8113-5d857df1182e ] Request (QuotasAdminNegativeTest:test_create_server_when_instances_quota_is_full): 200 GET http://10.180.1.21/compute/v2.1/os-quota-sets/1f32e24d40ce4516be70a5698130f4b7 1.342s
2024-09-30 15:30:37.040 62858 INFO tempest.lib.common.rest_client [req-176dc0db-2e7d-4278-af86-91451b36f3fb req-176dc0db-2e7d-4278-af86-91451b36f3fb ] Request (FlavorMetadataValidation:tearDownClass): 204 DELETE http://10.180.1.21/identity/v3/projects/5e801b00d1c34bd9bb714bb5d1d9e133 0.283s
2024-09-30 15:30:37.123 62821 INFO tempest.lib.common.rest_client [req-bfb48046-f99a-4411-87b1-b9ad751decbe req-bfb48046-f99a-4411-87b1-b9ad751decbe ] Request (QuotasAdminTestV236:test_get_updated_quotas): 201 POST http://10.180.1.21/identity/v3/projects 0.365s
2024-09-30 15:30:37.158 62849 INFO tempest.lib.common.rest_client [req-d48c494f-c6e2-4ee7-b7c6-8c60c4da4866 req-d48c494f-c6e2-4ee7-b7c6-8c60c4da4866 ] Request (QuotasAdminTestV257:tearDownClass): 204 DELETE http://10.180.1.21/identity/v3/users/02e6dd693e57412da3d00c8257474f20 0.305s
2024-09-30 15:30:37.158 62849 INFO tempest.lib.common.dynamic_creds [-] Deleting project and security group for project: 8dcf95ec1b054cfeb27d7f738ac65112
2024-09-30 15:30:37.178 62859 INFO tempest.lib.common.rest_client [req-779309e8-83f9-4ec2-8c8b-e3c25937bde2 req-779309e8-83f9-4ec2-8c8b-e3c25937bde2 ] Request (HypervisorAdminTestJSON:tearDownClass): 201 POST http://10.180.1.21/identity/v3/auth/tokens 0.261s
2024-09-30 15:30:37.215 62833 INFO tempest.lib.common.rest_client [req-e7a35782-6a1a-4f7d-824a-70a538c3c141 req-e7a35782-6a1a-4f7d-824a-70a538c3c141 ] Request (HypervisorAdminUnderV252Test:tearDownClass): 200 GET http://10.180.1.21:9696/networking/v2.0/security-groups?tenant_id=ca99505e72b94055a3fbadd97df3ac20&name=default 0.502s
2024-09-30 15:30:37.224 62835 INFO tempest.lib.common.rest_client [req-c8895f87-0444-4833-97dc-872d0def3a31 req-c8895f87-0444-4833-97dc-872d0def3a31 ] Request (ServersWithSpecificFlavorTestJSON:setUpClass): 201 POST http://10.180.1.21/identity/v3/auth/tokens 0.302s
2024-09-30 15:30:37.226 62863 INFO tempest.lib.common.rest_client [req-f00e1622-0fce-41e5-b64b-4b175a197eab req-f00e1622-0fce-41e5-b64b-4b175a197eab ] Request (InstanceUsageAuditLogTestJSON:setUpClass): 200 GET http://10.180.1.21/identity/v3/roles 0.299s
2024-09-30 15:30:37.251 62858 INFO tempest.lib.common.rest_client [req-6792e12f-705a-4f9b-8279-856f345a7115 req-6792e12f-705a-4f9b-8279-856f345a7115 ] Request (KeyPairsV22TestJSON:setUpClass): 201 POST http://10.180.1.21/identity/v3/auth/tokens 0.209s
2024-09-30 15:30:37.253 62879 INFO tempest.lib.common.rest_client [req-d31611c5-98db-4bb1-9e05-04cea771cdb2 req-d31611c5-98db-4bb1-9e05-04cea771cdb2 ] Request (AZV2TestJSON:setUpClass): 204 PUT http://10.180.1.21/identity/v3/projects/beb5aa7773c84469a9768f7f40b4548e/users/721e7faef61c4cc5aeda2fc8d742aa1e/roles/932cfd4feb644672b6dc3460cd047ad9 0.273s
2024-09-30 15:30:37.253 62879 INFO tempest.lib.common.dynamic_creds [-] Dynamic test user 721e7faef61c4cc5aeda2fc8d742aa1e is created with scope project and roles: ['member']
2024-09-30 15:30:37.253 62879 INFO tempest.lib.common.dynamic_creds [-] Acquired dynamic creds: credentials: Credentials: {'domain_id': 'default', 'domain_name': 'Default', 'username': 'tempest-AZV2TestJSON-1756946794-project-member', 'project_domain_id': 'default', 'project_domain_name': 'Default', 'project_id': 'beb5aa7773c84469a9768f7f40b4548e', 'project_name': 'tempest-AZV2TestJSON-1756946794', 'tenant_id': 'beb5aa7773c84469a9768f7f40b4548e', 'tenant_name': 'tempest-AZV2TestJSON-1756946794', 'user_domain_id': 'default', 'user_domain_name': 'Default', 'user_id': '721e7faef61c4cc5aeda2fc8d742aa1e', 'system': None}, Network: None, Subnet: None, Router: None
2024-09-30 15:30:37.253 62879 INFO tempest.lib.common.dynamic_creds [-] Created isolated network resources for: credentials: Credentials: {'domain_id': 'default', 'domain_name': 'Default', 'username': 'tempest-AZV2TestJSON-1756946794-project-member', 'project_domain_id': 'default', 'project_domain_name': 'Default', 'project_id': 'beb5aa7773c84469a9768f7f40b4548e', 'project_name': 'tempest-AZV2TestJSON-1756946794', 'tenant_id': 'beb5aa7773c84469a9768f7f40b4548e', 'tenant_name': 'tempest-AZV2TestJSON-1756946794', 'user_domain_id': 'default', 'user_domain_name': 'Default', 'user_id': '721e7faef61c4cc5aeda2fc8d742aa1e', 'system': None}, Network: None, Subnet: None, Router: None
2024-09-30 15:30:37.300 62849 INFO tempest.lib.common.rest_client [req-a2d31457-1132-4ff5-87ed-3e1b685bded1 req-a2d31457-1132-4ff5-87ed-3e1b685bded1 ] Request (QuotasAdminTestV257:tearDownClass): 201 POST http://10.180.1.21/identity/v3/auth/tokens 0.142s
2024-09-30 15:30:37.339 62821 INFO tempest.lib.common.rest_client [req-fc10c0a0-f5a8-4ac3-aeeb-99811818df59 req-fc10c0a0-f5a8-4ac3-aeeb-99811818df59 ] Request (QuotasAdminTestV236:test_get_updated_quotas): 200 GET http://10.180.1.21/identity/v3/domains?name=Default 0.216s
2024-09-30 15:30:37.376 62863 INFO tempest.lib.common.rest_client [req-ece42ead-d961-49c6-bd11-522f4b5334bc req-ece42ead-d961-49c6-bd11-522f4b5334bc ] Request (InstanceUsageAuditLogTestJSON:setUpClass): 204 PUT http://10.180.1.21/identity/v3/projects/3193c2099baa459d9dfdc33ee62fbf25/users/108ae9ead00546219584e6921d3f1914/roles/932cfd4feb644672b6dc3460cd047ad9 0.150s
2024-09-30 15:30:37.377 62863 INFO tempest.lib.common.dynamic_creds [-] Dynamic test user 108ae9ead00546219584e6921d3f1914 is created with scope project and roles: ['member']
2024-09-30 15:30:37.377 62863 INFO tempest.lib.common.dynamic_creds [-] Acquired dynamic creds: credentials: Credentials: {'domain_id': 'default', 'domain_name': 'Default', 'username': 'tempest-InstanceUsageAuditLogTestJSON-2009167935-project-member', 'project_domain_id': 'default', 'project_domain_name': 'Default', 'project_id': '3193c2099baa459d9dfdc33ee62fbf25', 'project_name': 'tempest-InstanceUsageAuditLogTestJSON-2009167935', 'tenant_id': '3193c2099baa459d9dfdc33ee62fbf25', 'tenant_name': 'tempest-InstanceUsageAuditLogTestJSON-2009167935', 'user_domain_id': 'default', 'user_domain_name': 'Default', 'user_id': '108ae9ead00546219584e6921d3f1914', 'system': None}, Network: None, Subnet: None, Router: None
2024-09-30 15:30:37.377 62863 INFO tempest.lib.common.dynamic_creds [-] Created isolated network resources for: credentials: Credentials: {'domain_id': 'default', 'domain_name': 'Default', 'username': 'tempest-InstanceUsageAuditLogTestJSON-2009167935-project-member', 'project_domain_id': 'default', 'project_domain_name': 'Default', 'project_id': '3193c2099baa459d9dfdc33ee62fbf25', 'project_name': 'tempest-InstanceUsageAuditLogTestJSON-2009167935', 'tenant_id': '3193c2099baa459d9dfdc33ee62fbf25', 'tenant_name': 'tempest-InstanceUsageAuditLogTestJSON-2009167935', 'user_domain_id': 'default', 'user_domain_name': 'Default', 'user_id': '108ae9ead00546219584e6921d3f1914', 'system': None}, Network: None, Subnet: None, Router: None
2024-09-30 15:30:37.414 62858 INFO tempest.lib.common.rest_client [req-9ad6545b-c7fe-4ef7-a926-f1169b485563 req-9ad6545b-c7fe-4ef7-a926-f1169b485563 ] Request (KeyPairsV22TestJSON:setUpClass): 201 POST http://10.180.1.21/identity/v3/auth/tokens 0.160s
2024-09-30 15:30:37.482 62879 INFO tempest.lib.common.rest_client [req-88679b86-a113-44d1-8001-b6ae519920ab req-88679b86-a113-44d1-8001-b6ae519920ab ] Request (AZV2TestJSON:setUpClass): 201 POST http://10.180.1.21/identity/v3/auth/tokens 0.225s
2024-09-30 15:30:37.504 62858 INFO tempest.lib.common.rest_client [req-c0316b99-fab1-4e2d-a0fa-b9bccb235f72 req-c0316b99-fab1-4e2d-a0fa-b9bccb235f72 ] Request (KeyPairsV22TestJSON:setUpClass): 200 GET http://10.180.1.21/identity/v3/domains?name=Default 0.090s
2024-09-30 15:30:37.533 62863 INFO tempest.lib.common.rest_client [req-630203ce-3950-4763-acf1-9a0843327017 req-630203ce-3950-4763-acf1-9a0843327017 ] Request (InstanceUsageAuditLogTestJSON:setUpClass): 201 POST http://10.180.1.21/identity/v3/auth/tokens 0.148s
2024-09-30 15:30:37.555 62858 INFO tempest.lib.common.rest_client [req-8391c35a-742a-477f-a899-13894776b8d8 req-8391c35a-742a-477f-a899-13894776b8d8 ] Request (KeyPairsV22TestJSON:setUpClass): 201 POST http://10.180.1.21/identity/v3/projects 0.050s
2024-09-30 15:30:37.597 62837 INFO tempest.lib.common.rest_client [req-8b255e36-8d5f-4890-b067-11be79f97aa2 req-8b255e36-8d5f-4890-b067-11be79f97aa2 ] Request (ServerDiagnosticsNegativeTest:test_get_server_diagnostics_by_non_admin): 200 GET http://10.180.1.21/compute/v2.1/servers/90b072c4-d863-404b-9c75-d73afa91fbf3 1.293s
2024-09-30 15:30:37.612 62863 INFO tempest.lib.common.rest_client [req-266f0d65-8a95-4d4b-8d3b-76acc8dd0fbb req-266f0d65-8a95-4d4b-8d3b-76acc8dd0fbb ] Request (InstanceUsageAuditLogTestJSON:setUpClass): 201 POST http://10.180.1.21/identity/v3/projects 0.079s
2024-09-30 15:30:37.616 62829 INFO tempest.lib.common.rest_client [req-63a5ba0a-b6da-48c1-a331-ecfacbe11ac8 req-63a5ba0a-b6da-48c1-a331-ecfacbe11ac8 ] Request (ServersTestFqdnHostnames:setUpClass): 200 PUT http://10.180.1.21:9696/networking/v2.0/routers/e7f135e4-d45c-44e2-9896-55ef7f2ca467/add_router_interface 4.178s
2024-09-30 15:30:37.616 62829 INFO tempest.lib.common.dynamic_creds [-] Created isolated network resources for: credentials: Credentials: {'domain_id': 'default', 'domain_name': 'Default', 'username': 'tempest-ServersTestFqdnHostnames-1508480442-project-member', 'project_domain_id': 'default', 'project_domain_name': 'Default', 'project_id': '8dcffd0ec54d4d36a9825ff649afc333', 'project_name': 'tempest-ServersTestFqdnHostnames-1508480442', 'tenant_id': '8dcffd0ec54d4d36a9825ff649afc333', 'tenant_name': 'tempest-ServersTestFqdnHostnames-1508480442', 'user_domain_id': 'default', 'user_domain_name': 'Default', 'user_id': '27811a53fa7c465e8c00147e51d1aede', 'system': None}, Network: {'id': 'f66f6327-0af2-4a81-95d2-dba5ba7a963f', 'name': 'tempest-ServersTestFqdnHostnames-2054582791-network', 'tenant_id': '8dcffd0ec54d4d36a9825ff649afc333', 'admin_state_up': True, 'mtu': 8950, 'status': 'ACTIVE', 'subnets': [], 'shared': False, 'project_id': '8dcffd0ec54d4d36a9825ff649afc333', 'port_security_enabled': True, 'router:external': False, 'provider:network_type': 'vlan', 'provider:physical_network': 'default', 'provider:segmentation_id': 37, 'is_default': False, 'availability_zone_hints': [], 'availability_zones': [], 'ipv4_address_scope': None, 'ipv6_address_scope': None, 'description': '', 'tags': [], 'created_at': '2024-09-30T15:30:30Z', 'updated_at': '2024-09-30T15:30:30Z', 'revision_number': 1}, Subnet: {'id': '57c959f9-ba10-4bbd-9144-8868c7e58436', 'name': 'tempest-ServersTestFqdnHostnames-2054582791-subnet', 'tenant_id': '8dcffd0ec54d4d36a9825ff649afc333', 'network_id': 'f66f6327-0af2-4a81-95d2-dba5ba7a963f', 'ip_version': 4, 'subnetpool_id': None, 'enable_dhcp': True, 'ipv6_ra_mode': None, 'ipv6_address_mode': None, 'gateway_ip': '192.168.128.1', 'cidr': '192.168.128.0/28', 'allocation_pools': [{'start': '192.168.128.2', 'end': '192.168.128.14'}], 'host_routes': [], 'dns_nameservers': [], 'description': '', 'router:external': False, 'service_types': [], 'tags': [], 'created_at': '2024-09-30T15:30:30Z', 'updated_at': '2024-09-30T15:30:30Z', 'revision_number': 0, 'project_id': '8dcffd0ec54d4d36a9825ff649afc333'}, Router: {'id': 'e7f135e4-d45c-44e2-9896-55ef7f2ca467', 'name': 'tempest-ServersTestFqdnHostnames-2054582791-router', 'tenant_id': '8dcffd0ec54d4d36a9825ff649afc333', 'admin_state_up': True, 'status': 'ACTIVE', 'external_gateway_info': {'network_id': '5c22d278-aaab-4552-9f55-26d36b039d7b', 'external_fixed_ips': [{'subnet_id': '161aeea8-5460-489b-b325-36524676cc4e', 'ip_address': '10.180.180.232'}], 'enable_snat': True}, 'description': '', 'availability_zones': [], 'distributed': False, 'ha': False, 'availability_zone_hints': [], 'routes': [], 'flavor_id': None, 'tags': [], 'created_at': '2024-09-30T15:30:30Z', 'updated_at': '2024-09-30T15:30:31Z', 'revision_number': 2, 'project_id': '8dcffd0ec54d4d36a9825ff649afc333'}
2024-09-30 15:30:37.617 62858 INFO tempest.lib.common.rest_client [req-aa9d9b3f-8074-4684-8b07-5a181c60684e req-aa9d9b3f-8074-4684-8b07-5a181c60684e ] Request (KeyPairsV22TestJSON:setUpClass): 201 POST http://10.180.1.21/identity/v3/users 0.060s
2024-09-30 15:30:37.643 62825 INFO tempest.lib.common.rest_client [req-3c4f854d-42cd-44d1-9beb-75ba1e50bf4e req-3c4f854d-42cd-44d1-9beb-75ba1e50bf4e ] Request (SecurityGroupsNegativeTestJSON:test_security_group_get_nonexistent_group): 404 GET http://10.180.1.21/compute/v2.1/os-security-groups/ec069bc8-bc68-494c-aa66-5eb133a1ab79 1.255s
2024-09-30 15:30:37.665 62858 INFO tempest.lib.common.rest_client [req-a958c453-867b-4186-ad2a-ce85ce4f8edf req-a958c453-867b-4186-ad2a-ce85ce4f8edf ] Request (KeyPairsV22TestJSON:setUpClass): 200 GET http://10.180.1.21/identity/v3/roles 0.048s
2024-09-30 15:30:37.686 62863 INFO tempest.lib.common.rest_client [req-7806e521-0e91-4334-9635-53a299b03c9c req-7806e521-0e91-4334-9635-53a299b03c9c ] Request (InstanceUsageAuditLogTestJSON:setUpClass): 201 POST http://10.180.1.21/identity/v3/users 0.073s
2024-09-30 15:30:37.715 62858 INFO tempest.lib.common.rest_client [req-075924f8-2bdd-4846-847b-0aeb8e1ede7f req-075924f8-2bdd-4846-847b-0aeb8e1ede7f ] Request (KeyPairsV22TestJSON:setUpClass): 204 PUT http://10.180.1.21/identity/v3/projects/2852ca2a06fc44b09296339eed1102dd/users/43fc5eba516e4bf5a19b13efaf4f8d3c/roles/932cfd4feb644672b6dc3460cd047ad9 0.049s
2024-09-30 15:30:37.716 62858 INFO tempest.lib.common.dynamic_creds [-] Dynamic test user 43fc5eba516e4bf5a19b13efaf4f8d3c is created with scope project and roles: ['member']
2024-09-30 15:30:37.716 62858 INFO tempest.lib.common.dynamic_creds [-] Acquired dynamic creds: credentials: Credentials: {'domain_id': 'default', 'domain_name': 'Default', 'username': 'tempest-KeyPairsV22TestJSON-2083588710-project-member', 'project_domain_id': 'default', 'project_domain_name': 'Default', 'project_id': '2852ca2a06fc44b09296339eed1102dd', 'project_name': 'tempest-KeyPairsV22TestJSON-2083588710', 'tenant_id': '2852ca2a06fc44b09296339eed1102dd', 'tenant_name': 'tempest-KeyPairsV22TestJSON-2083588710', 'user_domain_id': 'default', 'user_domain_name': 'Default', 'user_id': '43fc5eba516e4bf5a19b13efaf4f8d3c', 'system': None}, Network: None, Subnet: None, Router: None
2024-09-30 15:30:37.716 62858 INFO tempest.lib.common.dynamic_creds [-] Created isolated network resources for: credentials: Credentials: {'domain_id': 'default', 'domain_name': 'Default', 'username': 'tempest-KeyPairsV22TestJSON-2083588710-project-member', 'project_domain_id': 'default', 'project_domain_name': 'Default', 'project_id': '2852ca2a06fc44b09296339eed1102dd', 'project_name': 'tempest-KeyPairsV22TestJSON-2083588710', 'tenant_id': '2852ca2a06fc44b09296339eed1102dd', 'tenant_name': 'tempest-KeyPairsV22TestJSON-2083588710', 'user_domain_id': 'default', 'user_domain_name': 'Default', 'user_id': '43fc5eba516e4bf5a19b13efaf4f8d3c', 'system': None}, Network: None, Subnet: None, Router: None
2024-09-30 15:30:37.724 62829 INFO tempest.lib.common.rest_client [req-8ae0811a-b8eb-4d17-9e18-8e5076bc0c6d req-8ae0811a-b8eb-4d17-9e18-8e5076bc0c6d ] Request (ServersTestFqdnHostnames:setUpClass): 201 POST http://10.180.1.21/identity/v3/auth/tokens 0.104s
2024-09-30 15:30:37.735 62827 INFO tempest.lib.common.rest_client [req-1bc223c4-f391-4fd0-8a75-fd7bd2a19722 req-1bc223c4-f391-4fd0-8a75-fd7bd2a19722 ] Request (ServersAdminTestJSON:setUpClass): 202 POST http://10.180.1.21/compute/v2.1/servers 1.468s
2024-09-30 15:30:37.736 62847 INFO tempest.lib.common.rest_client [req-9729dc0f-0ed3-4338-b6c1-af1d67c02b95 req-9729dc0f-0ed3-4338-b6c1-af1d67c02b95 ] Request (ServerRescueTestJSONUnderV235:setUpClass): 200 GET http://10.180.1.21/compute/v2.1/servers/3b60cf7c-d02e-41a5-bd2b-8bcc2c4967f3 1.336s
2024-09-30 15:30:37.746 62869 INFO tempest.lib.common.rest_client [req-55c707b0-de8f-4bba-91d0-7abd397342f7 req-55c707b0-de8f-4bba-91d0-7abd397342f7 ] Request (HostsAdminNegativeTestJSON:test_show_host_detail_with_nonexistent_hostname): 404 GET http://10.180.1.21/compute/v2.1/os-hosts/nonexistent_hostname 1.320s
2024-09-30 15:30:37.763 62863 INFO tempest.lib.common.rest_client [req-e2d45a78-e6d7-4df4-9e5d-22990a8fc4d2 req-e2d45a78-e6d7-4df4-9e5d-22990a8fc4d2 ] Request (InstanceUsageAuditLogTestJSON:setUpClass): 200 GET http://10.180.1.21/identity/v3/roles 0.076s
2024-09-30 15:30:37.765 62861 INFO tempest.lib.common.rest_client [req-e873eb9d-58f4-4542-9c2d-f5af9a9efc5a req-e873eb9d-58f4-4542-9c2d-f5af9a9efc5a ] Request (ServicesAdminNegativeTestJSON:test_get_service_with_valid_service_and_invalid_host): 200 GET http://10.180.1.21/compute/v2.1/os-services?host=xxx&binary=nova-scheduler 1.353s
2024-09-30 15:30:37.780 62873 INFO tempest.lib.common.rest_client [req-d18f6b8f-1b36-40a5-964a-0e6619cabb3d req-d18f6b8f-1b36-40a5-964a-0e6619cabb3d ] Request (FlavorsAccessNegativeTestJSON:_run_cleanups): 202 DELETE http://10.180.1.21/compute/v2.1/flavors/1240605825 1.351s
2024-09-30 15:30:37.792 62839 INFO tempest.lib.common.rest_client [req-96ffa156-de8d-4cbc-88d6-708740189cfa req-96ffa156-de8d-4cbc-88d6-708740189cfa ] Request (FlavorsV261TestJSON:_run_cleanups): 202 DELETE http://10.180.1.21/compute/v2.1/flavors/1258031663 1.334s
2024-09-30 15:30:37.793 62845 INFO tempest.lib.common.rest_client [req-e2845a8a-5ab2-4ac0-b4e7-74fdef00dfc4 req-e2845a8a-5ab2-4ac0-b4e7-74fdef00dfc4 ] Request (AggregatesAdminNegativeTestJSON:test_aggregate_add_non_exist_host): 200 POST http://10.180.1.21/compute/v2.1/os-aggregates 1.355s
2024-09-30 15:30:37.806 62858 INFO tempest.lib.common.rest_client [req-878da939-c004-47f2-8ea8-247918f1ee1d req-878da939-c004-47f2-8ea8-247918f1ee1d ] Request (KeyPairsV22TestJSON:setUpClass): 201 POST http://10.180.1.21/identity/v3/auth/tokens 0.085s
2024-09-30 15:30:37.816 62827 INFO tempest.lib.common.rest_client [req-53179f65-45e6-48f6-9991-79d18259a81a req-53179f65-45e6-48f6-9991-79d18259a81a ] Request (ServersAdminTestJSON:setUpClass): 201 POST http://10.180.1.21/identity/v3/auth/tokens 0.077s
2024-09-30 15:30:37.817 62827 INFO tempest.lib.common.fixed_network [-] (ServersAdminTestJSON:setUpClass) Found network {'id': '6b7e1ac0-e0df-4fe3-9f8f-1711ad59a241', 'name': 'tempest-ServersAdminTestJSON-1893627371-network', 'tenant_id': '18094f3f92b74f84944938b9eb338ae9', 'admin_state_up': True, 'mtu': 8950, 'status': 'ACTIVE', 'subnets': [], 'shared': False, 'project_id': '18094f3f92b74f84944938b9eb338ae9', 'port_security_enabled': True, 'router:external': False, 'provider:network_type': 'vlan', 'provider:physical_network': 'default', 'provider:segmentation_id': 262, 'is_default': False, 'availability_zone_hints': [], 'availability_zones': [], 'ipv4_address_scope': None, 'ipv6_address_scope': None, 'description': '', 'tags': [], 'created_at': '2024-09-30T15:30:21Z', 'updated_at': '2024-09-30T15:30:22Z', 'revision_number': 1} available for tenant
2024-09-30 15:30:37.819 62875 INFO tempest.lib.common.rest_client [req-8198bcce-bb22-41a6-8b7c-07c7ba91815e req-8198bcce-bb22-41a6-8b7c-07c7ba91815e ] Request (KeyPairsV210TestJSON:_run_cleanups): 204 DELETE http://10.180.1.21/compute/v2.1/os-keypairs/tempest-KeyPairsV210TestJSON-keypair-1290430674 1.345s
2024-09-30 15:30:37.824 62853 INFO tempest.lib.common.rest_client [req-e93ef6a9-23f1-43d9-be30-800955cbe5f8 req-e93ef6a9-23f1-43d9-be30-800955cbe5f8 ] Request (FlavorsV255TestJSON:_run_cleanups): 200 GET http://10.180.1.21/compute/v2.1/flavors/detail 1.360s
2024-09-30 15:30:37.828 62841 INFO tempest.lib.common.rest_client [req-7361faac-76cd-4391-9203-b4d7bda0fee2 req-7361faac-76cd-4391-9203-b4d7bda0fee2 ] Request (FlavorsExtraSpecsNegativeTestJSON:test_flavor_non_admin_update_specific_key): 403 PUT http://10.180.1.21/compute/v2.1/flavors/1584005317/os-extra_specs/hw:numa_nodes 1.344s
2024-09-30 15:30:37.835 62863 INFO tempest.lib.common.rest_client [req-0f576ed2-3600-4cf9-b58b-8d588952fee6 req-0f576ed2-3600-4cf9-b58b-8d588952fee6 ] Request (InstanceUsageAuditLogTestJSON:setUpClass): 204 PUT http://10.180.1.21/identity/v3/projects/be549734698842b39c79239109a9d60d/users/6682379ed67f4fd79707f1a70c336476/roles/42c6baf3b001493dae598b81f7af68b6 0.070s
2024-09-30 15:30:37.849 62851 INFO tempest.lib.common.rest_client [req-67f503df-3d59-4e1c-83f0-75bff6c7745d req-67f503df-3d59-4e1c-83f0-75bff6c7745d ] Request (FlavorsAccessTestJSON:_run_cleanups): 202 DELETE http://10.180.1.21/compute/v2.1/flavors/1530552097 1.342s
2024-09-30 15:30:37.854 62859 INFO tempest.lib.common.rest_client [req-a0b7a16b-ae73-47f0-a4bc-b07730c197f1 req-a0b7a16b-ae73-47f0-a4bc-b07730c197f1 ] Request (HypervisorAdminTestJSON:tearDownClass): 200 GET http://10.180.1.21:9696/networking/v2.0/security-groups?tenant_id=a3d9d009153c404980c79bd3bf6864fa&name=default 0.675s
2024-09-30 15:30:37.864 62833 INFO tempest.lib.common.rest_client [req-0bf327c5-f69b-4877-9bbe-7b0cba443df4 req-0bf327c5-f69b-4877-9bbe-7b0cba443df4 ] Request (HypervisorAdminUnderV252Test:tearDownClass): 204 DELETE http://10.180.1.21:9696/networking/v2.0/security-groups/2e359eff-cfbd-4b9f-9d06-2029a9380905 0.649s
2024-09-30 15:30:37.873 62831 INFO tempest.lib.common.rest_client [req-8f302ce1-56fb-44c5-beb7-336ef2ff407a req-8f302ce1-56fb-44c5-beb7-336ef2ff407a ] Request (ServicesAdminNegativeV253TestJSON:test_get_service_by_invalid_service_and_valid_host): 200 GET http://10.180.1.21/compute/v2.1/os-services?host=devstack&binary=xxx 1.340s
2024-09-30 15:30:37.901 62863 INFO tempest.lib.common.rest_client [req-6f95c047-a15a-4ad0-b874-62391b03783b req-6f95c047-a15a-4ad0-b874-62391b03783b ] Request (InstanceUsageAuditLogTestJSON:setUpClass): 200 GET http://10.180.1.21/identity/v3/roles 0.066s
2024-09-30 15:30:37.961 62823 INFO tempest.lib.common.rest_client [req-5de37120-82f1-4e14-a94f-1fdca8886bfa req-5de37120-82f1-4e14-a94f-1fdca8886bfa ] Request (MigrationsAdminTest:test_list_migrations_in_flavor_resize_situation): 200 GET http://10.180.1.21/compute/v2.1/servers/823cfd72-2e6d-4acb-bc05-5c5f159e1a36 1.336s
2024-09-30 15:30:37.972 62823 INFO tempest.common.waiters [-] State transition "BUILD/None" ==> "BUILD/spawning" after 4 second wait
