2025-03-26 02:19:15.690 69917 INFO tempest.lib.common.rest_client [req-2e9f38ae-ad0d-4db0-bf70-8ad343bbbdb5 req-2e9f38ae-ad0d-4db0-bf70-8ad343bbbdb5 ] Request (DeleteServersAdminTestJSON:tearDownClass): 404 DELETE http://10.180.1.21/compute/v2.1/servers/9e2267ca-a62e-4cff-a797-7695330e5aa0 0.019s
2025-03-26 02:19:15.711 69917 INFO tempest.lib.common.rest_client [req-2fb32299-60f3-4ed1-b97e-eb47d9f0a1f0 req-2fb32299-60f3-4ed1-b97e-eb47d9f0a1f0 ] Request (DeleteServersAdminTestJSON:tearDownClass): 404 GET http://10.180.1.21/compute/v2.1/servers/9e2267ca-a62e-4cff-a797-7695330e5aa0 0.021s
2025-03-26 02:19:15.782 69917 INFO tempest.lib.common.rest_client [req-30d109a4-8e57-4771-9c35-f04d51f6c1f3 req-30d109a4-8e57-4771-9c35-f04d51f6c1f3 ] Request (DeleteServersAdminTestJSON:tearDownClass): 204 DELETE http://10.180.1.21/identity/v3/users/5a7223276bdc4b7ab3f913bdeb8eccd5 0.069s
2025-03-26 02:19:15.860 69917 INFO tempest.lib.common.rest_client [req-6765e1dc-4283-4809-a9e9-45578464d36a req-6765e1dc-4283-4809-a9e9-45578464d36a ] Request (DeleteServersAdminTestJSON:tearDownClass): 204 DELETE http://10.180.1.21/identity/v3/users/18a064c2d70c4d838d53923b504513d8 0.077s
2025-03-26 02:19:15.860 69917 INFO tempest.lib.common.dynamic_creds [-] Deleting project and security group for project: f4cc65eb585c480a94838a6ab3d2e821
2025-03-26 02:19:15.909 69917 INFO tempest.lib.common.rest_client [req-998247cf-3d8d-4f3c-abf3-135bf00b9f23 req-998247cf-3d8d-4f3c-abf3-135bf00b9f23 ] Request (DeleteServersAdminTestJSON:tearDownClass): 201 POST http://10.180.1.21/identity/v3/auth/tokens 0.049s
2025-03-26 02:19:15.961 69905 INFO tempest.lib.common.rest_client [req-f6d52c96-34ca-497c-a977-185eb3738349 req-f6d52c96-34ca-497c-a977-185eb3738349 ] Request (ServerAddressesNegativeTestJSON:tearDownClass): 404 GET http://10.180.1.21/compute/v2.1/servers/aef82554-a852-4a4f-8cb8-f2ebe8c86a56 0.024s
2025-03-26 02:19:15.966 69903 INFO tempest.lib.common.rest_client [req-dc9e7336-163f-474e-af49-2065171350a6 req-dc9e7336-163f-474e-af49-2065171350a6 ] Request (ServerGroupTestJSON:_run_cleanups): 200 GET http://10.180.1.21/compute/v2.1/servers/7a0d471c-b83d-4a0f-96ea-146d5dd501ac 0.057s
2025-03-26 02:19:16.077 69927 INFO tempest.lib.common.rest_client [req-e126665e-7faf-4a74-bda5-1100f82d40a9 req-e126665e-7faf-4a74-bda5-1100f82d40a9 ] Request (ServerTagsTestJSON:setUpClass): 200 GET http://10.180.1.21/compute/v2.1/servers/124cede6-7612-418a-9ec4-3d4c2a8c64c8 0.079s
2025-03-26 02:19:16.160 69869 INFO tempest.lib.common.rest_client [req-257a7fee-0336-405e-af5d-4b4aa67134eb req-257a7fee-0336-405e-af5d-4b4aa67134eb ] Request (ListServersNegativeTestJSON:setUpClass): 200 GET http://10.180.1.21/compute/v2.1/servers/6bc8782d-cf63-47a3-aa2c-69b4822438a5 0.069s
2025-03-26 02:19:16.180 69897 INFO tempest.lib.common.rest_client [req-39104f24-b223-4b59-a6a1-3799e66859ea req-39104f24-b223-4b59-a6a1-3799e66859ea ] Request (AttachVolumeShelveTestJSON:test_attach_volume_shelved_or_offload_server): 200 GET http://10.180.1.21/compute/v2.1/servers/2dff1cdf-b5c4-4b1d-94e8-24a3a2f5d450 0.139s
2025-03-26 02:19:16.184 69917 INFO tempest.lib.common.rest_client [req-a2d13696-20b0-402a-a3cf-18c1f9eeec03 req-a2d13696-20b0-402a-a3cf-18c1f9eeec03 ] Request (DeleteServersAdminTestJSON:tearDownClass): 200 GET http://10.180.1.21:9696/networking/v2.0/security-groups?tenant_id=f4cc65eb585c480a94838a6ab3d2e821&name=default 0.274s
2025-03-26 02:19:16.226 69915 INFO tempest.lib.common.rest_client [req-1b6555fb-5e20-4d74-a9c0-2f6b9d91502c req-1b6555fb-5e20-4d74-a9c0-2f6b9d91502c ] Request (MultipleCreateTestJSON:_run_cleanups): 200 GET http://10.180.1.21/compute/v2.1/servers/525141fd-077e-40e2-a7fe-914c1dbcb900 0.077s
2025-03-26 02:19:16.278 69887 INFO tempest.lib.common.rest_client [req-0210797e-a432-4b11-b994-5aac3e3762dd req-0210797e-a432-4b11-b994-5aac3e3762dd ] Request (InstanceActionsV221TestJSON:test_get_list_deleted_instance_actions): 200 GET http://10.180.1.21/compute/v2.1/servers/96c066fd-a046-425e-84a0-79862433576b 0.074s
2025-03-26 02:19:16.334 69925 INFO tempest.lib.common.rest_client [req-413fdd38-ab25-454d-8d05-5a046cdd1779 req-413fdd38-ab25-454d-8d05-5a046cdd1779 ] Request (AttachInterfacesV270Test:tearDownClass): 200 GET http://10.180.1.21/compute/v2.1/servers/4a57f6d5-3fa0-49f3-8cd5-03d310babd07 0.092s
2025-03-26 02:19:16.377 69879 INFO tempest.lib.common.rest_client [req-b1dbe4e3-929a-4123-9871-504bd2ec3c50 req-b1dbe4e3-929a-4123-9871-504bd2ec3c50 ] Request (MigrationsAdminTest:test_list_migrations_in_flavor_resize_situation): 200 GET http://10.180.1.21/compute/v2.1/servers/5e1f2115-69a8-46f8-9680-6e8e61ef2c33 0.206s
2025-03-26 02:19:16.402 69911 INFO tempest.lib.common.rest_client [req-d56221eb-c467-4bc1-a184-369a34b4f292 req-d56221eb-c467-4bc1-a184-369a34b4f292 ] Request (FloatingIPsAssociationTestJSON:test_associate_already_associated_floating_ip): 200 GET http://10.180.1.21/compute/v2.1/servers/776708f7-9e48-4926-ab1d-d2a004fd5b3a 0.153s
2025-03-26 02:19:16.416 69917 INFO tempest.lib.common.rest_client [req-7c3d8404-94fa-475c-bc53-92889dd79034 req-7c3d8404-94fa-475c-bc53-92889dd79034 ] Request (DeleteServersAdminTestJSON:tearDownClass): 204 DELETE http://10.180.1.21:9696/networking/v2.0/security-groups/d4112664-b2a9-4d21-a103-d9f9242229c7 0.232s
2025-03-26 02:19:16.452 69885 INFO tempest.lib.common.rest_client [req-d371be70-ac8b-4797-bb40-deccde6837d0 req-d371be70-ac8b-4797-bb40-deccde6837d0 ] Request (ImagesOneServerNegativeTestJSON:_run_cleanups): 200 GET http://10.180.1.21/compute/v2.1/servers/56a815f4-f62e-46dc-8735-cbb255bbcbde 0.164s
2025-03-26 02:19:16.526 69893 INFO tempest.lib.common.rest_client [req-bc06f78b-fa28-4b68-8bd7-41d8eef2808e req-bc06f78b-fa28-4b68-8bd7-41d8eef2808e ] Request (ServerRescueTestJSON:setUpClass): 200 GET http://10.180.1.21/compute/v2.1/servers/253e3a62-d9d8-4b70-8bf2-b0dc286f1f02 0.197s
2025-03-26 02:19:16.531 69896 INFO tempest.lib.common.rest_client [req-228c7dd2-b22f-4f1e-bcee-390b676a1e70 req-228c7dd2-b22f-4f1e-bcee-390b676a1e70 ] Request (ServerActionsV293TestJSON:setUpClass): 200 GET http://10.180.1.21/compute/v2.1/servers/1abdc0a5-e03b-4552-88f7-415e0c540b6b 0.194s
2025-03-26 02:19:16.565 69917 INFO tempest.lib.common.rest_client [req-b3e71da7-710d-427e-b93f-5a4436db83b2 req-b3e71da7-710d-427e-b93f-5a4436db83b2 ] Request (DeleteServersAdminTestJSON:tearDownClass): 204 DELETE http://10.180.1.21/identity/v3/projects/f4cc65eb585c480a94838a6ab3d2e821 0.148s
2025-03-26 02:19:16.565 69917 INFO tempest.lib.common.dynamic_creds [-] Deleting project and security group for project: 7de998795aa34c1084979bb74bedb335
2025-03-26 02:19:16.600 69891 INFO tempest.lib.common.rest_client [req-b2232069-51d1-4f1f-a96e-58b328b7d82a req-b2232069-51d1-4f1f-a96e-58b328b7d82a ] Request (ServersWithSpecificFlavorTestJSON:test_verify_created_server_ephemeral_disk): 200 GET http://10.180.1.21/compute/v2.1/servers/8f8e4449-2651-4450-90ff-18e61940022f 0.225s
2025-03-26 02:19:16.618 69917 INFO tempest.lib.common.rest_client [req-a6ce799e-65f1-4678-9208-95f9edefb59c req-a6ce799e-65f1-4678-9208-95f9edefb59c ] Request (DeleteServersAdminTestJSON:tearDownClass): 200 GET http://10.180.1.21:9696/networking/v2.0/security-groups?tenant_id=7de998795aa34c1084979bb74bedb335&name=default 0.052s
2025-03-26 02:19:16.630 69907 INFO tempest.lib.common.rest_client [req-3500f350-ee06-46cc-8848-f0518bcb09b6 req-3500f350-ee06-46cc-8848-f0518bcb09b6 ] Request (ListServerFiltersTestJSON:tearDownClass): 200 GET http://10.180.1.21/compute/v2.1/servers/aec1ca4a-7bc4-4178-9ed2-e41b6698825c 0.242s
2025-03-26 02:19:16.665 69913 INFO tempest.lib.common.rest_client [req-26daf4ec-1775-4a37-a1c5-9c8631e29dc3 req-26daf4ec-1775-4a37-a1c5-9c8631e29dc3 ] Request (AttachInterfacesTestJSON:test_create_list_show_delete_interfaces_by_fixed_ip): 200 GET http://10.180.1.21/compute/v2.1/servers/3295dc83-0554-4159-8f3f-d444d6e89b30 0.242s
2025-03-26 02:19:16.690 69873 INFO tempest.lib.common.rest_client [req-2d28b4b3-d361-4111-9aac-3e0a5bbd3847 req-2d28b4b3-d361-4111-9aac-3e0a5bbd3847 ] Request (ServersTestMultiNic:test_verify_multiple_nics_order): 200 GET http://10.180.1.21/compute/v2.1/servers/dedbe350-e200-4b0b-a7ca-a48071a9a94a 0.253s
2025-03-26 02:19:16.729 69871 INFO tempest.lib.common.rest_client [req-02c0205a-fe09-45d7-a625-20afcd62033b req-02c0205a-fe09-45d7-a625-20afcd62033b ] Request (ServersTestJSON:test_create_server_with_ipv6_addr_only): 200 GET http://10.180.1.21/compute/v2.1/servers/72d3a20b-6a1b-4602-b335-e81f9e8c7c38 0.236s
2025-03-26 02:19:16.763 69917 INFO tempest.lib.common.rest_client [req-17647823-26e1-4cce-b0b0-71cfcb0fbe71 req-17647823-26e1-4cce-b0b0-71cfcb0fbe71 ] Request (DeleteServersAdminTestJSON:tearDownClass): 204 DELETE http://10.180.1.21:9696/networking/v2.0/security-groups/8c750fbd-2ee8-45ca-871d-2a02b0fda1be 0.144s
2025-03-26 02:19:16.767 69867 INFO tempest.lib.common.rest_client [req-3146e9fb-a281-4c79-90b0-e69cdbe8c720 req-3146e9fb-a281-4c79-90b0-e69cdbe8c720 ] Request (ListImageFiltersTestJSON:tearDownClass): 200 GET http://10.180.1.21/compute/v2.1/servers/42403335-6ef3-4773-b3ac-a3aebd33394c 0.272s
2025-03-26 02:19:16.789 69889 INFO tempest.lib.common.rest_client [req-db61c5a1-d4f5-4195-bb62-c734c6911733 req-db61c5a1-d4f5-4195-bb62-c734c6911733 ] Request (ServersAdminNegativeTestJSON:test_migrate_server_invalid_state): 200 GET http://10.180.1.21/compute/v2.1/servers/259c51de-d787-4905-a37b-f175a3a68aa4 0.238s
2025-03-26 02:19:16.842 69881 INFO tempest.lib.common.rest_client [req-7fd0da6d-ef3a-4e1e-819a-2a759f03bdc0 req-7fd0da6d-ef3a-4e1e-819a-2a759f03bdc0 ] Request (AttachInterfacesUnderV243Test:test_add_remove_fixed_ip): 200 GET http://10.180.1.21/compute/v2.1/servers/97835afb-a848-4055-bc0e-ea508c403d1b 0.254s
2025-03-26 02:19:16.896 69917 INFO tempest.lib.common.rest_client [req-9f2b5aae-68a9-47e1-bbbd-93c2ad1b8609 req-9f2b5aae-68a9-47e1-bbbd-93c2ad1b8609 ] Request (DeleteServersAdminTestJSON:tearDownClass): 204 DELETE http://10.180.1.21/identity/v3/projects/7de998795aa34c1084979bb74bedb335 0.132s
2025-03-26 02:19:16.898 69883 INFO tempest.lib.common.rest_client [req-acf58166-5acf-4eb5-889e-0d9a76a0e49b req-acf58166-5acf-4eb5-889e-0d9a76a0e49b ] Request (ServersAdminTestJSON:test_inject_network_info): 200 GET http://10.180.1.21/compute/v2.1/servers/0e2dc0f8-d1a5-4c18-8363-abe49733dd76 0.260s
2025-03-26 02:19:16.925 69875 INFO tempest.lib.common.rest_client [req-ed593d72-5a5a-4e00-9123-5e3582c38861 req-ed593d72-5a5a-4e00-9123-5e3582c38861 ] Request (ImagesOneServerTestJSON:setUpClass): 200 GET http://10.180.1.21/compute/v2.1/servers/f5d238a7-ea93-4189-8689-3c8b70b7c30e 0.329s
2025-03-26 02:19:16.954 69877 INFO tempest.lib.common.rest_client [req-9e48b8f1-a210-44ed-8234-c8c3d1760d8c req-9e48b8f1-a210-44ed-8234-c8c3d1760d8c ] Request (ImagesTestJSON:test_create_server_from_snapshot): 200 GET http://10.180.1.21/compute/v2.1/servers/746089ba-9b21-41fa-addc-98ef8a22ac9f 0.291s
2025-03-26 02:19:16.966 69917 INFO tempest.lib.common.rest_client [req-15943367-0513-45c0-ba95-fa314f586856 req-15943367-0513-45c0-ba95-fa314f586856 ] Request (HostsAdminNegativeTestJSON:setUpClass): 201 POST http://10.180.1.21/identity/v3/auth/tokens 0.068s
2025-03-26 02:19:17.012 69917 INFO tempest.lib.common.rest_client [req-050ee712-5402-40f4-9b85-bd274bbcc895 req-050ee712-5402-40f4-9b85-bd274bbcc895 ] Request (HostsAdminNegativeTestJSON:setUpClass): 201 POST http://10.180.1.21/identity/v3/auth/tokens 0.043s
2025-03-26 02:19:17.045 69903 INFO tempest.lib.common.rest_client [req-f7661eb8-7a0f-4aa5-b383-495a6b2b7233 req-f7661eb8-7a0f-4aa5-b383-495a6b2b7233 ] Request (ServerGroupTestJSON:_run_cleanups): 200 GET http://10.180.1.21/compute/v2.1/servers/7a0d471c-b83d-4a0f-96ea-146d5dd501ac 0.069s
2025-03-26 02:19:17.045 69917 INFO tempest.lib.common.rest_client [req-e9712536-ea7b-43f3-9798-1a89a068d6db req-e9712536-ea7b-43f3-9798-1a89a068d6db ] Request (HostsAdminNegativeTestJSON:setUpClass): 200 GET http://10.180.1.21/identity/v3/domains?name=Default 0.033s
2025-03-26 02:19:17.082 69917 INFO tempest.lib.common.rest_client [req-dacb43a0-ec14-4a2a-8eab-bd39a9e8ad84 req-dacb43a0-ec14-4a2a-8eab-bd39a9e8ad84 ] Request (HostsAdminNegativeTestJSON:setUpClass): 201 POST http://10.180.1.21/identity/v3/projects 0.036s
2025-03-26 02:19:17.084 69905 INFO tempest.lib.common.rest_client [req-21d3b449-e4ed-47c7-9cd9-7cd5c3242f9b req-21d3b449-e4ed-47c7-9cd9-7cd5c3242f9b ] Request (ServerAddressesNegativeTestJSON:tearDownClass): 200 PUT http://10.180.1.21:9696/networking/v2.0/routers/e236dcd6-8ad0-42b9-acba-f34ef0c7ecf9/remove_router_interface 1.122s
2025-03-26 02:19:17.166 69927 INFO tempest.lib.common.rest_client [req-a93d32f7-ad26-4cef-83c8-a721259a9b5d req-a93d32f7-ad26-4cef-83c8-a721259a9b5d ] Request (ServerTagsTestJSON:setUpClass): 200 GET http://10.180.1.21/compute/v2.1/servers/124cede6-7612-418a-9ec4-3d4c2a8c64c8 0.079s
2025-03-26 02:19:17.166 69917 INFO tempest.lib.common.rest_client [req-023cb1fc-46ea-4933-ad84-fa03be7b9adb req-023cb1fc-46ea-4933-ad84-fa03be7b9adb ] Request (HostsAdminNegativeTestJSON:setUpClass): 201 POST http://10.180.1.21/identity/v3/users 0.084s
2025-03-26 02:19:17.191 69917 INFO tempest.lib.common.rest_client [req-3a8f0c44-ed29-428f-9933-98ae0f81d50d req-3a8f0c44-ed29-428f-9933-98ae0f81d50d ] Request (HostsAdminNegativeTestJSON:setUpClass): 200 GET http://10.180.1.21/identity/v3/roles 0.024s
2025-03-26 02:19:17.222 69917 INFO tempest.lib.common.rest_client [req-227f696d-3a3e-476f-814c-096ac31711c1 req-227f696d-3a3e-476f-814c-096ac31711c1 ] Request (HostsAdminNegativeTestJSON:setUpClass): 204 PUT http://10.180.1.21/identity/v3/projects/63c2f934bdfc4c558da9e67358f17918/users/0b429ad150f14f6f9c4799228f9d3b50/roles/2bf98bbfa77248eba3f5fc91bfb4d7e2 0.030s
2025-03-26 02:19:17.223 69917 INFO tempest.lib.common.dynamic_creds [-] Dynamic test user 0b429ad150f14f6f9c4799228f9d3b50 is created with scope project and roles: ['member']
2025-03-26 02:19:17.223 69917 INFO tempest.lib.common.dynamic_creds [-] Acquired dynamic creds: credentials: Credentials: {'domain_id': 'default', 'domain_name': 'Default', 'username': 'tempest-HostsAdminNegativeTestJSON-347285469-project-member', 'project_domain_id': 'default', 'project_domain_name': 'Default', 'project_id': '63c2f934bdfc4c558da9e67358f17918', 'project_name': 'tempest-HostsAdminNegativeTestJSON-347285469', 'tenant_id': '63c2f934bdfc4c558da9e67358f17918', 'tenant_name': 'tempest-HostsAdminNegativeTestJSON-347285469', 'user_domain_id': 'default', 'user_domain_name': 'Default', 'user_id': '0b429ad150f14f6f9c4799228f9d3b50', 'system': None}, Network: None, Subnet: None, Router: None
2025-03-26 02:19:17.223 69917 INFO tempest.lib.common.dynamic_creds [-] Created isolated network resources for: credentials: Credentials: {'domain_id': 'default', 'domain_name': 'Default', 'username': 'tempest-HostsAdminNegativeTestJSON-347285469-project-member', 'project_domain_id': 'default', 'project_domain_name': 'Default', 'project_id': '63c2f934bdfc4c558da9e67358f17918', 'project_name': 'tempest-HostsAdminNegativeTestJSON-347285469', 'tenant_id': '63c2f934bdfc4c558da9e67358f17918', 'tenant_name': 'tempest-HostsAdminNegativeTestJSON-347285469', 'user_domain_id': 'default', 'user_domain_name': 'Default', 'user_id': '0b429ad150f14f6f9c4799228f9d3b50', 'system': None}, Network: None, Subnet: None, Router: None
2025-03-26 02:19:17.237 69869 INFO tempest.lib.common.rest_client [req-367bfbea-4631-403e-8038-6280137b8800 req-367bfbea-4631-403e-8038-6280137b8800 ] Request (ListServersNegativeTestJSON:setUpClass): 200 GET http://10.180.1.21/compute/v2.1/servers/6bc8782d-cf63-47a3-aa2c-69b4822438a5 0.061s
2025-03-26 02:19:17.301 69915 INFO tempest.lib.common.rest_client [req-ba0f18bb-5adc-4193-8ba0-62ef85f7c7a6 req-ba0f18bb-5adc-4193-8ba0-62ef85f7c7a6 ] Request (MultipleCreateTestJSON:_run_cleanups): 200 GET http://10.180.1.21/compute/v2.1/servers/525141fd-077e-40e2-a7fe-914c1dbcb900 0.068s
2025-03-26 02:19:17.310 69917 INFO tempest.lib.common.rest_client [req-bd98ea0f-630c-4845-915a-680ca66671b1 req-bd98ea0f-630c-4845-915a-680ca66671b1 ] Request (HostsAdminNegativeTestJSON:setUpClass): 201 POST http://10.180.1.21/identity/v3/auth/tokens 0.080s
2025-03-26 02:19:17.359 69887 INFO tempest.lib.common.rest_client [req-7e353eef-fa00-461f-b9bd-7bb4cc493fcc req-7e353eef-fa00-461f-b9bd-7bb4cc493fcc ] Request (InstanceActionsV221TestJSON:test_get_list_deleted_instance_actions): 200 GET http://10.180.1.21/compute/v2.1/servers/96c066fd-a046-425e-84a0-79862433576b 0.069s
2025-03-26 02:19:17.386 69897 INFO tempest.lib.common.rest_client [req-09f52419-e0b6-4df3-a7fa-a127ee89376c req-09f52419-e0b6-4df3-a7fa-a127ee89376c ] Request (AttachVolumeShelveTestJSON:test_attach_volume_shelved_or_offload_server): 200 GET http://10.180.1.21/compute/v2.1/servers/2dff1cdf-b5c4-4b1d-94e8-24a3a2f5d450 0.196s
2025-03-26 02:19:17.393 69917 INFO tempest.lib.common.rest_client [req-4a410e80-ff60-4cb5-9888-42883d2b9ff3 req-4a410e80-ff60-4cb5-9888-42883d2b9ff3 ] Request (HostsAdminNegativeTestJSON:setUpClass): 201 POST http://10.180.1.21/identity/v3/projects 0.082s
2025-03-26 02:19:17.432 69925 INFO tempest.lib.common.rest_client [req-e2e4c837-8687-4e96-bca1-dc5668e4eb9c req-e2e4c837-8687-4e96-bca1-dc5668e4eb9c ] Request (AttachInterfacesV270Test:tearDownClass): 200 GET http://10.180.1.21/compute/v2.1/servers/4a57f6d5-3fa0-49f3-8cd5-03d310babd07 0.088s
2025-03-26 02:19:17.464 69923 WARNING tempest.lib.common.ssh [-] Failed to establish authenticated ssh connection to cirros@10.180.180.148 ([Errno None] Unable to connect to port 22 on 10.180.180.148). Number attempts: 5. Retry after 6 seconds.: paramiko.ssh_exception.NoValidConnectionsError: [Errno None] Unable to connect to port 22 on 10.180.180.148
2025-03-26 02:19:17.470 69917 INFO tempest.lib.common.rest_client [req-ddd15316-175e-4eab-8877-671f95f279f7 req-ddd15316-175e-4eab-8877-671f95f279f7 ] Request (HostsAdminNegativeTestJSON:setUpClass): 201 POST http://10.180.1.21/identity/v3/users 0.076s
2025-03-26 02:19:17.491 69911 INFO tempest.lib.common.rest_client [req-271f7c7c-ddcc-4c5e-b451-be62062d6086 req-271f7c7c-ddcc-4c5e-b451-be62062d6086 ] Request (FloatingIPsAssociationTestJSON:test_associate_already_associated_floating_ip): 200 GET http://10.180.1.21/compute/v2.1/servers/776708f7-9e48-4926-ab1d-d2a004fd5b3a 0.081s
2025-03-26 02:19:17.495 69917 INFO tempest.lib.common.rest_client [req-cd5ad7dc-6105-410d-afc7-be0237c18f41 req-cd5ad7dc-6105-410d-afc7-be0237c18f41 ] Request (HostsAdminNegativeTestJSON:setUpClass): 200 GET http://10.180.1.21/identity/v3/roles 0.025s
2025-03-26 02:19:17.518 69879 INFO tempest.lib.common.rest_client [req-d2171a6c-f25c-4238-ae3f-03feff907342 req-d2171a6c-f25c-4238-ae3f-03feff907342 ] Request (MigrationsAdminTest:test_list_migrations_in_flavor_resize_situation): 200 GET http://10.180.1.21/compute/v2.1/servers/5e1f2115-69a8-46f8-9680-6e8e61ef2c33 0.132s
2025-03-26 02:19:17.528 69921 WARNING tempest.lib.common.ssh [-] Failed to establish authenticated ssh connection to cirros@10.180.180.142 ([Errno None] Unable to connect to port 22 on 10.180.180.142). Number attempts: 13. Retry after 14 seconds.: paramiko.ssh_exception.NoValidConnectionsError: [Errno None] Unable to connect to port 22 on 10.180.180.142
2025-03-26 02:19:17.531 69917 INFO tempest.lib.common.rest_client [req-adea754b-b03e-44b1-ab94-9e241cca8a45 req-adea754b-b03e-44b1-ab94-9e241cca8a45 ] Request (HostsAdminNegativeTestJSON:setUpClass): 204 PUT http://10.180.1.21/identity/v3/projects/c57796ba3e284d53a7fefb04812e4516/users/6b22ed2f05fd4da8897c7ca53a41df38/roles/29939e42f6374877bbb4660dfbe13e43 0.035s
2025-03-26 02:19:17.553 69885 INFO tempest.lib.common.rest_client [req-af55fed9-470f-4dd6-b1bb-e882da109cc0 req-af55fed9-470f-4dd6-b1bb-e882da109cc0 ] Request (ImagesOneServerNegativeTestJSON:_run_cleanups): 200 GET http://10.180.1.21/compute/v2.1/servers/56a815f4-f62e-46dc-8735-cbb255bbcbde 0.089s
2025-03-26 02:19:17.574 69905 INFO tempest.lib.common.rest_client [req-99055ab2-3945-4fc5-b558-bee3d7677c35 req-99055ab2-3945-4fc5-b558-bee3d7677c35 ] Request (ServerAddressesNegativeTestJSON:tearDownClass): 204 DELETE http://10.180.1.21:9696/networking/v2.0/routers/e236dcd6-8ad0-42b9-acba-f34ef0c7ecf9 0.489s
2025-03-26 02:19:17.596 69917 INFO tempest.lib.common.rest_client [req-2b7cea89-1bea-4987-98a4-c7f73c1e0859 req-2b7cea89-1bea-4987-98a4-c7f73c1e0859 ] Request (HostsAdminNegativeTestJSON:setUpClass): 200 GET http://10.180.1.21/identity/v3/roles 0.064s
2025-03-26 02:19:17.616 69896 INFO tempest.lib.common.rest_client [req-82bab376-15a4-471f-9e4c-e6515596c903 req-82bab376-15a4-471f-9e4c-e6515596c903 ] Request (ServerActionsV293TestJSON:setUpClass): 200 GET http://10.180.1.21/compute/v2.1/servers/1abdc0a5-e03b-4552-88f7-415e0c540b6b 0.061s
2025-03-26 02:19:17.624 69917 INFO tempest.lib.common.rest_client [req-e2acba48-80dc-469f-a7b9-263cc5ebaf3e req-e2acba48-80dc-469f-a7b9-263cc5ebaf3e ] Request (HostsAdminNegativeTestJSON:setUpClass): 204 PUT http://10.180.1.21/identity/v3/projects/c57796ba3e284d53a7fefb04812e4516/users/6b22ed2f05fd4da8897c7ca53a41df38/roles/29939e42f6374877bbb4660dfbe13e43 0.028s
2025-03-26 02:19:17.624 69917 INFO tempest.lib.common.dynamic_creds [-] Dynamic test user 6b22ed2f05fd4da8897c7ca53a41df38 is created with scope project and roles: ['admin']
2025-03-26 02:19:17.624 69917 INFO tempest.lib.common.dynamic_creds [-] Acquired dynamic creds: credentials: Credentials: {'domain_id': 'default', 'domain_name': 'Default', 'username': 'tempest-HostsAdminNegativeTestJSON-381388313-project-admin', 'project_domain_id': 'default', 'project_domain_name': 'Default', 'project_id': 'c57796ba3e284d53a7fefb04812e4516', 'project_name': 'tempest-HostsAdminNegativeTestJSON-381388313', 'tenant_id': 'c57796ba3e284d53a7fefb04812e4516', 'tenant_name': 'tempest-HostsAdminNegativeTestJSON-381388313', 'user_domain_id': 'default', 'user_domain_name': 'Default', 'user_id': '6b22ed2f05fd4da8897c7ca53a41df38', 'system': None}, Network: None, Subnet: None, Router: None
2025-03-26 02:19:17.624 69917 INFO tempest.lib.common.dynamic_creds [-] Created isolated network resources for: credentials: Credentials: {'domain_id': 'default', 'domain_name': 'Default', 'username': 'tempest-HostsAdminNegativeTestJSON-381388313-project-admin', 'project_domain_id': 'default', 'project_domain_name': 'Default', 'project_id': 'c57796ba3e284d53a7fefb04812e4516', 'project_name': 'tempest-HostsAdminNegativeTestJSON-381388313', 'tenant_id': 'c57796ba3e284d53a7fefb04812e4516', 'tenant_name': 'tempest-HostsAdminNegativeTestJSON-381388313', 'user_domain_id': 'default', 'user_domain_name': 'Default', 'user_id': '6b22ed2f05fd4da8897c7ca53a41df38', 'system': None}, Network: None, Subnet: None, Router: None
2025-03-26 02:19:17.673 69891 INFO tempest.lib.common.rest_client [req-772975fd-2642-49ac-b044-2f4f0c47a11a req-772975fd-2642-49ac-b044-2f4f0c47a11a ] Request (ServersWithSpecificFlavorTestJSON:test_verify_created_server_ephemeral_disk): 200 GET http://10.180.1.21/compute/v2.1/servers/8f8e4449-2651-4450-90ff-18e61940022f 0.063s
2025-03-26 02:19:17.693 69893 INFO tempest.lib.common.rest_client [req-b27f3a3f-6189-498b-a864-9e5b4da320b6 req-b27f3a3f-6189-498b-a864-9e5b4da320b6 ] Request (ServerRescueTestJSON:setUpClass): 200 GET http://10.180.1.21/compute/v2.1/servers/253e3a62-d9d8-4b70-8bf2-b0dc286f1f02 0.157s
2025-03-26 02:19:17.702 69893 INFO tempest.common.waiters [-] State transition "BUILD/spawning" ==> "ACTIVE/None" after 89 second wait
2025-03-26 02:19:17.708 69917 INFO tempest.lib.common.rest_client [req-ca40c181-8816-4c3b-a4cb-6841348f4229 req-ca40c181-8816-4c3b-a4cb-6841348f4229 ] Request (HostsAdminNegativeTestJSON:setUpClass): 201 POST http://10.180.1.21/identity/v3/auth/tokens 0.082s
2025-03-26 02:19:17.733 69905 INFO tempest.lib.common.rest_client [req-af1c00ad-6215-4e31-a6c1-2268aa0b4e58 req-af1c00ad-6215-4e31-a6c1-2268aa0b4e58 ] Request (ServerAddressesNegativeTestJSON:tearDownClass): 204 DELETE http://10.180.1.21:9696/networking/v2.0/subnets/62c430a7-4cef-467b-9473-1fac79238e9d 0.159s
2025-03-26 02:19:17.742 69907 INFO tempest.lib.common.rest_client [req-0381422c-489c-43e5-ada8-b704f5d6e666 req-0381422c-489c-43e5-ada8-b704f5d6e666 ] Request (ListServerFiltersTestJSON:tearDownClass): 200 GET http://10.180.1.21/compute/v2.1/servers/aec1ca4a-7bc4-4178-9ed2-e41b6698825c 0.103s
2025-03-26 02:19:17.748 69913 INFO tempest.lib.common.rest_client [req-86ca1c61-73bd-4f6a-b988-435a59aa5d10 req-86ca1c61-73bd-4f6a-b988-435a59aa5d10 ] Request (AttachInterfacesTestJSON:test_create_list_show_delete_interfaces_by_fixed_ip): 200 GET http://10.180.1.21/compute/v2.1/servers/3295dc83-0554-4159-8f3f-d444d6e89b30 0.074s
2025-03-26 02:19:17.798 69873 INFO tempest.lib.common.rest_client [req-e9a9e850-129a-4dcd-84f0-9ee2b806ab59 req-e9a9e850-129a-4dcd-84f0-9ee2b806ab59 ] Request (ServersTestMultiNic:test_verify_multiple_nics_order): 200 GET http://10.180.1.21/compute/v2.1/servers/dedbe350-e200-4b0b-a7ca-a48071a9a94a 0.097s
2025-03-26 02:19:17.848 69893 INFO tempest.lib.common.rest_client [req-4e54c1dc-493b-4728-aa10-b5dded211a97 req-4e54c1dc-493b-4728-aa10-b5dded211a97 ] Request (ServerRescueTestJSON:setUpClass): 200 POST http://10.180.1.21/compute/v2.1/servers/253e3a62-d9d8-4b70-8bf2-b0dc286f1f02/action 0.146s
2025-03-26 02:19:17.894 69917 INFO tempest.lib.common.rest_client [req-75e14aa7-49d5-47ed-8801-60064fb7f8b2 req-75e14aa7-49d5-47ed-8801-60064fb7f8b2 ] Request (HostsAdminNegativeTestJSON:setUpClass): 200 GET http://10.180.1.21/compute/v2.1/os-hosts 0.185s
2025-03-26 02:19:17.907 69871 INFO tempest.lib.common.rest_client [req-d4a6a0ff-760b-419e-8694-e2c630eb73cb req-d4a6a0ff-760b-419e-8694-e2c630eb73cb ] Request (ServersTestJSON:test_create_server_with_ipv6_addr_only): 200 GET http://10.180.1.21/compute/v2.1/servers/72d3a20b-6a1b-4602-b335-e81f9e8c7c38 0.164s
2025-03-26 02:19:17.953 69889 INFO tempest.lib.common.rest_client [req-c4cb633a-ecef-4b12-bcab-94b7d76eb96a req-c4cb633a-ecef-4b12-bcab-94b7d76eb96a ] Request (ServersAdminNegativeTestJSON:test_migrate_server_invalid_state): 200 GET http://10.180.1.21/compute/v2.1/servers/259c51de-d787-4905-a37b-f175a3a68aa4 0.156s
2025-03-26 02:19:17.963 69867 INFO tempest.lib.common.rest_client [req-a6e7085d-625a-4c6a-8a66-d7f2f72750d4 req-a6e7085d-625a-4c6a-8a66-d7f2f72750d4 ] Request (ListImageFiltersTestJSON:tearDownClass): 200 GET http://10.180.1.21/compute/v2.1/servers/42403335-6ef3-4773-b3ac-a3aebd33394c 0.183s
2025-03-26 02:19:18.014 69881 INFO tempest.lib.common.rest_client [req-e16c3cea-4489-48c5-ad16-82663cb23fe8 req-e16c3cea-4489-48c5-ad16-82663cb23fe8 ] Request (AttachInterfacesUnderV243Test:test_add_remove_fixed_ip): 200 GET http://10.180.1.21/compute/v2.1/servers/97835afb-a848-4055-bc0e-ea508c403d1b 0.160s
2025-03-26 02:19:18.036 69893 INFO tempest.lib.common.rest_client [req-d96f7b21-00d3-4291-a64a-fc5cb530f839 req-d96f7b21-00d3-4291-a64a-fc5cb530f839 ] Request (ServerRescueTestJSON:setUpClass): 200 GET http://10.180.1.21/compute/v2.1/servers/253e3a62-d9d8-4b70-8bf2-b0dc286f1f02 0.188s
2025-03-26 02:19:18.056 69905 INFO tempest.lib.common.rest_client [req-1039e6ba-f450-4f5d-b2b5-a8137a734468 req-1039e6ba-f450-4f5d-b2b5-a8137a734468 ] Request (ServerAddressesNegativeTestJSON:tearDownClass): 204 DELETE http://10.180.1.21:9696/networking/v2.0/networks/9fab2548-da95-4dfa-b7aa-c2fc6dfca3ae 0.323s
2025-03-26 02:19:18.079 69917 INFO tempest.lib.common.rest_client [req-2af34fc6-ddf7-49c5-a4a9-23fd617bd5db req-2af34fc6-ddf7-49c5-a4a9-23fd617bd5db ] Request (HostsAdminNegativeTestJSON:test_list_hosts_with_non_admin_user): 403 GET http://10.180.1.21/compute/v2.1/os-hosts 0.182s
2025-03-26 02:19:18.085 69883 INFO tempest.lib.common.rest_client [req-45c254f8-0672-4db7-8b64-74c0050ec3de req-45c254f8-0672-4db7-8b64-74c0050ec3de ] Request (ServersAdminTestJSON:test_inject_network_info): 200 GET http://10.180.1.21/compute/v2.1/servers/0e2dc0f8-d1a5-4c18-8363-abe49733dd76 0.177s
2025-03-26 02:19:18.128 69877 INFO tempest.lib.common.rest_client [req-f4b8f113-c68c-4860-9259-16ccd02c2522 req-f4b8f113-c68c-4860-9259-16ccd02c2522 ] Request (ImagesTestJSON:test_create_server_from_snapshot): 200 GET http://10.180.1.21/compute/v2.1/servers/746089ba-9b21-41fa-addc-98ef8a22ac9f 0.165s
2025-03-26 02:19:18.162 69905 INFO tempest.lib.common.rest_client [req-76b06e69-ae95-40bb-9c3a-9077438395f6 req-76b06e69-ae95-40bb-9c3a-9077438395f6 ] Request (ServerAddressesNegativeTestJSON:tearDownClass): 204 DELETE http://10.180.1.21/identity/v3/users/4a0e3988ba924df4b9e3a2b72be22919 0.105s
2025-03-26 02:19:18.162 69905 INFO tempest.lib.common.dynamic_creds [-] Deleting project and security group for project: 2eaa69d381dc4cbdb95dc70e8513d20d
2025-03-26 02:19:18.181 69903 INFO tempest.lib.common.rest_client [req-90764c7c-0609-4904-a715-2fcfb27e4094 req-90764c7c-0609-4904-a715-2fcfb27e4094 ] Request (ServerGroupTestJSON:_run_cleanups): 200 GET http://10.180.1.21/compute/v2.1/servers/7a0d471c-b83d-4a0f-96ea-146d5dd501ac 0.129s
2025-03-26 02:19:18.187 69917 INFO tempest.lib.common.rest_client [req-d6cb66be-dd18-442d-a5b6-f9b7f342c6c7 req-d6cb66be-dd18-442d-a5b6-f9b7f342c6c7 ] Request (HostsAdminNegativeTestJSON:test_reboot_host_with_non_admin_user): 403 GET http://10.180.1.21/compute/v2.1/os-hosts/devstack/reboot 0.107s
2025-03-26 02:19:18.196 69875 INFO tempest.lib.common.rest_client [req-9ebf069d-9b2d-4ab1-843a-df89dc9fee46 req-9ebf069d-9b2d-4ab1-843a-df89dc9fee46 ] Request (ImagesOneServerTestJSON:setUpClass): 200 GET http://10.180.1.21/compute/v2.1/servers/f5d238a7-ea93-4189-8689-3c8b70b7c30e 0.262s
2025-03-26 02:19:18.213 69905 INFO tempest.lib.common.rest_client [req-756cf580-7b0b-4831-ba77-db644041526c req-756cf580-7b0b-4831-ba77-db644041526c ] Request (ServerAddressesNegativeTestJSON:tearDownClass): 200 GET http://10.180.1.21:9696/networking/v2.0/security-groups?tenant_id=2eaa69d381dc4cbdb95dc70e8513d20d&name=default 0.050s
2025-03-26 02:19:18.220 69917 INFO tempest.lib.common.rest_client [req-ab4e033d-4812-4048-9751-a7fbd4347c6f req-ab4e033d-4812-4048-9751-a7fbd4347c6f ] Request (HostsAdminNegativeTestJSON:test_reboot_nonexistent_host): 404 GET http://10.180.1.21/compute/v2.1/os-hosts/nonexistent_hostname/reboot 0.032s
2025-03-26 02:19:18.229 69917 INFO tempest.lib.common.rest_client [req-da5e3750-f2ab-4f4d-9907-fd25461df907 req-da5e3750-f2ab-4f4d-9907-fd25461df907 ] Request (HostsAdminNegativeTestJSON:test_show_host_detail_with_non_admin_user): 403 GET http://10.180.1.21/compute/v2.1/os-hosts/devstack 0.007s
2025-03-26 02:19:18.240 69917 INFO tempest.lib.common.rest_client [req-1595f923-045e-4e66-bf6d-312810f61512 req-1595f923-045e-4e66-bf6d-312810f61512 ] Request (HostsAdminNegativeTestJSON:test_show_host_detail_with_nonexistent_hostname): 404 GET http://10.180.1.21/compute/v2.1/os-hosts/nonexistent_hostname 0.010s
2025-03-26 02:19:18.251 69917 INFO tempest.lib.common.rest_client [req-9cca2742-a849-439b-b23b-7b5421459aa6 req-9cca2742-a849-439b-b23b-7b5421459aa6 ] Request (HostsAdminNegativeTestJSON:test_shutdown_host_with_non_admin_user): 403 GET http://10.180.1.21/compute/v2.1/os-hosts/devstack/shutdown 0.009s
2025-03-26 02:19:18.253 69927 INFO tempest.lib.common.rest_client [req-0aa37704-257d-4e26-b941-24e978ecb983 req-0aa37704-257d-4e26-b941-24e978ecb983 ] Request (ServerTagsTestJSON:setUpClass): 200 GET http://10.180.1.21/compute/v2.1/servers/124cede6-7612-418a-9ec4-3d4c2a8c64c8 0.078s
2025-03-26 02:19:18.268 69917 INFO tempest.lib.common.rest_client [req-54f0c805-7915-4fe1-bddf-7cae9eab3325 req-54f0c805-7915-4fe1-bddf-7cae9eab3325 ] Request (HostsAdminNegativeTestJSON:test_shutdown_nonexistent_host): 404 GET http://10.180.1.21/compute/v2.1/os-hosts/nonexistent_hostname/shutdown 0.016s
2025-03-26 02:19:18.277 69917 INFO tempest.lib.common.rest_client [req-7980210c-bc7c-4b2b-8a63-1e44de4841bf req-7980210c-bc7c-4b2b-8a63-1e44de4841bf ] Request (HostsAdminNegativeTestJSON:test_startup_host_with_non_admin_user): 403 GET http://10.180.1.21/compute/v2.1/os-hosts/devstack/startup 0.008s
2025-03-26 02:19:18.292 69917 INFO tempest.lib.common.rest_client [req-3fc4936e-5341-4dc2-9fc1-43cfc6d98f09 req-3fc4936e-5341-4dc2-9fc1-43cfc6d98f09 ] Request (HostsAdminNegativeTestJSON:test_startup_nonexistent_host): 404 GET http://10.180.1.21/compute/v2.1/os-hosts/nonexistent_hostname/startup 0.014s
2025-03-26 02:19:18.303 69869 INFO tempest.lib.common.rest_client [req-4880d37e-bea2-4e28-93ee-dbc206c6c847 req-4880d37e-bea2-4e28-93ee-dbc206c6c847 ] Request (ListServersNegativeTestJSON:setUpClass): 200 GET http://10.180.1.21/compute/v2.1/servers/6bc8782d-cf63-47a3-aa2c-69b4822438a5 0.058s
2025-03-26 02:19:18.306 69917 INFO tempest.lib.common.rest_client [req-c804415b-5815-4ed6-9d74-dce8bf5894f4 req-c804415b-5815-4ed6-9d74-dce8bf5894f4 ] Request (HostsAdminNegativeTestJSON:test_update_host_with_invalid_maintenance_mode): 400 PUT http://10.180.1.21/compute/v2.1/os-hosts/devstack 0.012s
2025-03-26 02:19:18.316 69905 INFO tempest.lib.common.rest_client [req-4b087228-f87b-437a-a02c-594de56fd9b2 req-4b087228-f87b-437a-a02c-594de56fd9b2 ] Request (ServerAddressesNegativeTestJSON:tearDownClass): 204 DELETE http://10.180.1.21:9696/networking/v2.0/security-groups/b5fd47f2-559b-4f2f-a5eb-30756183d7f8 0.102s
2025-03-26 02:19:18.316 69917 INFO tempest.lib.common.rest_client [req-72f34ea2-b32a-4c5c-a426-c4793998d25e req-72f34ea2-b32a-4c5c-a426-c4793998d25e ] Request (HostsAdminNegativeTestJSON:test_update_host_with_invalid_status): 400 PUT http://10.180.1.21/compute/v2.1/os-hosts/devstack 0.008s
2025-03-26 02:19:18.327 69917 INFO tempest.lib.common.rest_client [req-19b410ec-28e8-4e20-a4e5-11da1fed54c4 req-19b410ec-28e8-4e20-a4e5-11da1fed54c4 ] Request (HostsAdminNegativeTestJSON:test_update_host_with_non_admin_user): 403 PUT http://10.180.1.21/compute/v2.1/os-hosts/devstack 0.010s
2025-03-26 02:19:18.337 69917 INFO tempest.lib.common.rest_client [req-8ad853f5-1969-4229-8e95-0ef948ddfdca req-8ad853f5-1969-4229-8e95-0ef948ddfdca ] Request (HostsAdminNegativeTestJSON:test_update_host_without_param): 400 PUT http://10.180.1.21/compute/v2.1/os-hosts/devstack 0.009s
2025-03-26 02:19:18.350 69917 INFO tempest.lib.common.rest_client [req-c54a8076-6188-4030-aaa0-df2123ac4a26 req-c54a8076-6188-4030-aaa0-df2123ac4a26 ] Request (HostsAdminNegativeTestJSON:test_update_nonexistent_host): 404 PUT http://10.180.1.21/compute/v2.1/os-hosts/nonexistent_hostname 0.012s
2025-03-26 02:19:18.375 69915 INFO tempest.lib.common.rest_client [req-a3e954af-735f-4ff6-868d-ee87ea4b1de2 req-a3e954af-735f-4ff6-868d-ee87ea4b1de2 ] Request (MultipleCreateTestJSON:_run_cleanups): 200 GET http://10.180.1.21/compute/v2.1/servers/525141fd-077e-40e2-a7fe-914c1dbcb900 0.058s
2025-03-26 02:19:18.403 69905 INFO tempest.lib.common.rest_client [req-f668dc13-10c0-4d8d-9d27-ba78b3bcf33d req-f668dc13-10c0-4d8d-9d27-ba78b3bcf33d ] Request (ServerAddressesNegativeTestJSON:tearDownClass): 204 DELETE http://10.180.1.21/identity/v3/projects/2eaa69d381dc4cbdb95dc70e8513d20d 0.087s
2025-03-26 02:19:18.426 69887 INFO tempest.lib.common.rest_client [req-9727cc05-b150-476d-bb0f-d5359fdfb664 req-9727cc05-b150-476d-bb0f-d5359fdfb664 ] Request (InstanceActionsV221TestJSON:test_get_list_deleted_instance_actions): 200 GET http://10.180.1.21/compute/v2.1/servers/96c066fd-a046-425e-84a0-79862433576b 0.058s
2025-03-26 02:19:18.522 69925 INFO tempest.lib.common.rest_client [req-7dfe886c-14b4-4202-952b-f65f596a46e6 req-7dfe886c-14b4-4202-952b-f65f596a46e6 ] Request (AttachInterfacesV270Test:tearDownClass): 200 GET http://10.180.1.21/compute/v2.1/servers/4a57f6d5-3fa0-49f3-8cd5-03d310babd07 0.073s
2025-03-26 02:19:18.534 69917 INFO tempest.lib.common.rest_client [req-9a7701a2-9029-41f0-9576-26078b9fc434 req-9a7701a2-9029-41f0-9576-26078b9fc434 ] Request (HostsAdminNegativeTestJSON:tearDownClass): 204 DELETE http://10.180.1.21/identity/v3/users/0b429ad150f14f6f9c4799228f9d3b50 0.181s
2025-03-26 02:19:18.554 69897 INFO tempest.lib.common.rest_client [req-b19542f2-b572-438b-84ce-7c57242492fe req-b19542f2-b572-438b-84ce-7c57242492fe ] Request (AttachVolumeShelveTestJSON:test_attach_volume_shelved_or_offload_server): 200 GET http://10.180.1.21/compute/v2.1/servers/2dff1cdf-b5c4-4b1d-94e8-24a3a2f5d450 0.156s
2025-03-26 02:19:18.585 69911 INFO tempest.lib.common.rest_client [req-b74c506a-468b-4945-91ce-c3c7d34c25ec req-b74c506a-468b-4945-91ce-c3c7d34c25ec ] Request (FloatingIPsAssociationTestJSON:test_associate_already_associated_floating_ip): 200 GET http://10.180.1.21/compute/v2.1/servers/776708f7-9e48-4926-ab1d-d2a004fd5b3a 0.082s
2025-03-26 02:19:18.648 69885 INFO tempest.lib.common.rest_client [req-ce081a9b-d111-4c4f-bbd8-667d44ca78c0 req-ce081a9b-d111-4c4f-bbd8-667d44ca78c0 ] Request (ImagesOneServerNegativeTestJSON:_run_cleanups): 200 GET http://10.180.1.21/compute/v2.1/servers/56a815f4-f62e-46dc-8735-cbb255bbcbde 0.084s
2025-03-26 02:19:18.656 69917 INFO tempest.lib.common.rest_client [req-789c562c-ae7d-425a-9577-706b5fbee75b req-789c562c-ae7d-425a-9577-706b5fbee75b ] Request (HostsAdminNegativeTestJSON:tearDownClass): 204 DELETE http://10.180.1.21/identity/v3/users/6b22ed2f05fd4da8897c7ca53a41df38 0.121s
2025-03-26 02:19:18.656 69917 INFO tempest.lib.common.dynamic_creds [-] Deleting project and security group for project: 63c2f934bdfc4c558da9e67358f17918
2025-03-26 02:19:18.696 69879 INFO tempest.lib.common.rest_client [req-ab3fba13-9161-45cf-bb38-be4db6c42809 req-ab3fba13-9161-45cf-bb38-be4db6c42809 ] Request (MigrationsAdminTest:test_list_migrations_in_flavor_resize_situation): 200 GET http://10.180.1.21/compute/v2.1/servers/5e1f2115-69a8-46f8-9680-6e8e61ef2c33 0.168s
2025-03-26 02:19:18.703 69896 INFO tempest.lib.common.rest_client [req-65e03682-4c11-4f8e-bc9f-f54baa06a59d req-65e03682-4c11-4f8e-bc9f-f54baa06a59d ] Request (ServerActionsV293TestJSON:setUpClass): 200 GET http://10.180.1.21/compute/v2.1/servers/1abdc0a5-e03b-4552-88f7-415e0c540b6b 0.075s
2025-03-26 02:19:18.714 69917 INFO tempest.lib.common.rest_client [req-e03ae9bb-36e7-44f2-a8e7-0c0bf22d255d req-e03ae9bb-36e7-44f2-a8e7-0c0bf22d255d ] Request (HostsAdminNegativeTestJSON:tearDownClass): 201 POST http://10.180.1.21/identity/v3/auth/tokens 0.057s
2025-03-26 02:19:18.742 69891 INFO tempest.lib.common.rest_client [req-0af7a8c6-6f15-4069-8f54-eba40972b414 req-0af7a8c6-6f15-4069-8f54-eba40972b414 ] Request (ServersWithSpecificFlavorTestJSON:test_verify_created_server_ephemeral_disk): 200 GET http://10.180.1.21/compute/v2.1/servers/8f8e4449-2651-4450-90ff-18e61940022f 0.057s
2025-03-26 02:19:18.814 69907 INFO tempest.lib.common.rest_client [req-ef1308bf-09c7-4815-8215-1ffa6d15ecf9 req-ef1308bf-09c7-4815-8215-1ffa6d15ecf9 ] Request (ListServerFiltersTestJSON:tearDownClass): 200 GET http://10.180.1.21/compute/v2.1/servers/aec1ca4a-7bc4-4178-9ed2-e41b6698825c 0.062s
2025-03-26 02:19:18.826 69913 INFO tempest.lib.common.rest_client [req-669e9b9d-d44d-4fe1-82fa-584e164234da req-669e9b9d-d44d-4fe1-82fa-584e164234da ] Request (AttachInterfacesTestJSON:test_create_list_show_delete_interfaces_by_fixed_ip): 200 GET http://10.180.1.21/compute/v2.1/servers/3295dc83-0554-4159-8f3f-d444d6e89b30 0.067s
2025-03-26 02:19:18.864 69873 INFO tempest.lib.common.rest_client [req-cd9e57ff-88f5-4785-8b0d-09f03873d665 req-cd9e57ff-88f5-4785-8b0d-09f03873d665 ] Request (ServersTestMultiNic:test_verify_multiple_nics_order): 200 GET http://10.180.1.21/compute/v2.1/servers/dedbe350-e200-4b0b-a7ca-a48071a9a94a 0.057s
2025-03-26 02:19:18.885 69917 INFO tempest.lib.common.rest_client [req-867d5077-ac7d-4ff5-8c72-a796a77d6f3f req-867d5077-ac7d-4ff5-8c72-a796a77d6f3f ] Request (HostsAdminNegativeTestJSON:tearDownClass): 200 GET http://10.180.1.21:9696/networking/v2.0/security-groups?tenant_id=63c2f934bdfc4c558da9e67358f17918&name=default 0.171s
2025-03-26 02:19:18.973 69871 INFO tempest.lib.common.rest_client [req-0fb81b9f-32ed-4de9-b137-00f7269a48a6 req-0fb81b9f-32ed-4de9-b137-00f7269a48a6 ] Request (ServersTestJSON:test_create_server_with_ipv6_addr_only): 200 GET http://10.180.1.21/compute/v2.1/servers/72d3a20b-6a1b-4602-b335-e81f9e8c7c38 0.058s
2025-03-26 02:19:19.026 69889 INFO tempest.lib.common.rest_client [req-50f015b2-360b-43bb-a204-57223fb7bcd5 req-50f015b2-360b-43bb-a204-57223fb7bcd5 ] Request (ServersAdminNegativeTestJSON:test_migrate_server_invalid_state): 200 GET http://10.180.1.21/compute/v2.1/servers/259c51de-d787-4905-a37b-f175a3a68aa4 0.066s
2025-03-26 02:19:19.034 69917 INFO tempest.lib.common.rest_client [req-24e6a5a2-9b37-4714-b703-58e2ff3b17e7 req-24e6a5a2-9b37-4714-b703-58e2ff3b17e7 ] Request (HostsAdminNegativeTestJSON:tearDownClass): 204 DELETE http://10.180.1.21:9696/networking/v2.0/security-groups/3bed1f1d-b1d4-49f3-a8f2-90601821aeec 0.148s
2025-03-26 02:19:19.039 69867 INFO tempest.lib.common.rest_client [req-bda5b042-eb1c-4a59-a8b8-eddaff64ef38 req-bda5b042-eb1c-4a59-a8b8-eddaff64ef38 ] Request (ListImageFiltersTestJSON:tearDownClass): 200 GET http://10.180.1.21/compute/v2.1/servers/42403335-6ef3-4773-b3ac-a3aebd33394c 0.061s
2025-03-26 02:19:19.039 69889 INFO tempest.common.waiters [-] State transition "BUILD/scheduling" ==> "BUILD/None" after 56 second wait
2025-03-26 02:19:19.103 69881 INFO tempest.lib.common.rest_client [req-9a9eb4bb-5b30-4149-9221-218132fb6e45 req-9a9eb4bb-5b30-4149-9221-218132fb6e45 ] Request (AttachInterfacesUnderV243Test:test_add_remove_fixed_ip): 200 GET http://10.180.1.21/compute/v2.1/servers/97835afb-a848-4055-bc0e-ea508c403d1b 0.078s
2025-03-26 02:19:19.116 69917 INFO tempest.lib.common.rest_client [req-8d473e4f-528a-4c36-9d4a-e4056135e2ec req-8d473e4f-528a-4c36-9d4a-e4056135e2ec ] Request (HostsAdminNegativeTestJSON:tearDownClass): 204 DELETE http://10.180.1.21/identity/v3/projects/63c2f934bdfc4c558da9e67358f17918 0.081s
2025-03-26 02:19:19.116 69917 INFO tempest.lib.common.dynamic_creds [-] Deleting project and security group for project: c57796ba3e284d53a7fefb04812e4516
2025-03-26 02:19:19.180 69883 INFO tempest.lib.common.rest_client [req-6172922e-d26a-4010-90e3-157632d63931 req-6172922e-d26a-4010-90e3-157632d63931 ] Request (ServersAdminTestJSON:test_inject_network_info): 200 GET http://10.180.1.21/compute/v2.1/servers/0e2dc0f8-d1a5-4c18-8363-abe49733dd76 0.087s
2025-03-26 02:19:19.208 69893 INFO tempest.lib.common.rest_client [req-82cf7f6b-ec3c-4047-a9e6-35eaa603ece8 req-82cf7f6b-ec3c-4047-a9e6-35eaa603ece8 ] Request (ServerRescueTestJSON:setUpClass): 200 GET http://10.180.1.21/compute/v2.1/servers/253e3a62-d9d8-4b70-8bf2-b0dc286f1f02 0.164s
2025-03-26 02:19:19.239 69877 INFO tempest.lib.common.rest_client [req-cefd5ccb-0c19-4df8-bf24-494b91ef16dc req-cefd5ccb-0c19-4df8-bf24-494b91ef16dc ] Request (ImagesTestJSON:test_create_server_from_snapshot): 200 GET http://10.180.1.21/compute/v2.1/servers/746089ba-9b21-41fa-addc-98ef8a22ac9f 0.102s
2025-03-26 02:19:19.263 69917 INFO tempest.lib.common.rest_client [req-87da1f21-0061-4ecc-b72d-b531c902fc60 req-87da1f21-0061-4ecc-b72d-b531c902fc60 ] Request (HostsAdminNegativeTestJSON:tearDownClass): 200 GET http://10.180.1.21:9696/networking/v2.0/security-groups?tenant_id=c57796ba3e284d53a7fefb04812e4516&name=default 0.147s
2025-03-26 02:19:19.282 69903 INFO tempest.lib.common.rest_client [req-f69ce8b2-6b8e-4773-8c6c-1be106d3103c req-f69ce8b2-6b8e-4773-8c6c-1be106d3103c ] Request (ServerGroupTestJSON:_run_cleanups): 200 GET http://10.180.1.21/compute/v2.1/servers/7a0d471c-b83d-4a0f-96ea-146d5dd501ac 0.091s
2025-03-26 02:19:19.349 69927 INFO tempest.lib.common.rest_client [req-dcd76bda-ef21-4a54-92b3-4eed053d78a5 req-dcd76bda-ef21-4a54-92b3-4eed053d78a5 ] Request (ServerTagsTestJSON:setUpClass): 200 GET http://10.180.1.21/compute/v2.1/servers/124cede6-7612-418a-9ec4-3d4c2a8c64c8 0.087s
2025-03-26 02:19:19.392 69875 INFO tempest.lib.common.rest_client [req-5d31e1ba-7d1f-4d90-b694-d4f4d3ffb26d req-5d31e1ba-7d1f-4d90-b694-d4f4d3ffb26d ] Request (ImagesOneServerTestJSON:setUpClass): 200 GET http://10.180.1.21/compute/v2.1/servers/f5d238a7-ea93-4189-8689-3c8b70b7c30e 0.186s
2025-03-26 02:19:19.407 69869 INFO tempest.lib.common.rest_client [req-0e69783f-c73f-48e7-9499-8a204dbdd4dd req-0e69783f-c73f-48e7-9499-8a204dbdd4dd ] Request (ListServersNegativeTestJSON:setUpClass): 200 GET http://10.180.1.21/compute/v2.1/servers/6bc8782d-cf63-47a3-aa2c-69b4822438a5 0.095s
2025-03-26 02:19:19.420 69917 INFO tempest.lib.common.rest_client [req-629518e4-d8d2-4319-a5f6-44979ae49ef4 req-629518e4-d8d2-4319-a5f6-44979ae49ef4 ] Request (HostsAdminNegativeTestJSON:tearDownClass): 204 DELETE http://10.180.1.21:9696/networking/v2.0/security-groups/cd08aa2b-f492-4f12-9066-a98b668075fe 0.157s
2025-03-26 02:19:19.462 69915 INFO tempest.lib.common.rest_client [req-a5ed51f7-8743-49f9-aead-a58cccd52552 req-a5ed51f7-8743-49f9-aead-a58cccd52552 ] Request (MultipleCreateTestJSON:_run_cleanups): 200 GET http://10.180.1.21/compute/v2.1/servers/525141fd-077e-40e2-a7fe-914c1dbcb900 0.079s
2025-03-26 02:19:19.497 69887 INFO tempest.lib.common.rest_client [req-adda62b9-5a86-44ee-ac2c-d106751f29c4 req-adda62b9-5a86-44ee-ac2c-d106751f29c4 ] Request (InstanceActionsV221TestJSON:test_get_list_deleted_instance_actions): 200 GET http://10.180.1.21/compute/v2.1/servers/96c066fd-a046-425e-84a0-79862433576b 0.062s
2025-03-26 02:19:19.541 69917 INFO tempest.lib.common.rest_client [req-ccf82ca5-c5a9-4769-995c-c0a5f252fb86 req-ccf82ca5-c5a9-4769-995c-c0a5f252fb86 ] Request (HostsAdminNegativeTestJSON:tearDownClass): 204 DELETE http://10.180.1.21/identity/v3/projects/c57796ba3e284d53a7fefb04812e4516 0.120s
2025-03-26 02:19:19.616 69917 INFO tempest.lib.common.rest_client [req-503f265a-f6f0-433a-a21b-d5cdf439d1e3 req-503f265a-f6f0-433a-a21b-d5cdf439d1e3 ] Request (ServersTestBootFromVolume:setUpClass): 201 POST http://10.180.1.21/identity/v3/auth/tokens 0.073s
2025-03-26 02:19:19.632 69925 INFO tempest.lib.common.rest_client [req-b6529941-709d-4888-840e-0534a28236e7 req-b6529941-709d-4888-840e-0534a28236e7 ] Request (AttachInterfacesV270Test:tearDownClass): 200 GET http://10.180.1.21/compute/v2.1/servers/4a57f6d5-3fa0-49f3-8cd5-03d310babd07 0.087s
2025-03-26 02:19:19.649 69917 INFO tempest.lib.common.rest_client [req-20951108-a669-4ed9-af56-b7c61aa2fcc2 req-20951108-a669-4ed9-af56-b7c61aa2fcc2 ] Request (ServersTestBootFromVolume:setUpClass): 201 POST http://10.180.1.21/identity/v3/auth/tokens 0.031s
2025-03-26 02:19:19.671 69897 INFO tempest.lib.common.rest_client [req-f9befedb-8b7c-435e-9ed2-26891efaef03 req-f9befedb-8b7c-435e-9ed2-26891efaef03 ] Request (AttachVolumeShelveTestJSON:test_attach_volume_shelved_or_offload_server): 200 GET http://10.180.1.21/compute/v2.1/servers/2dff1cdf-b5c4-4b1d-94e8-24a3a2f5d450 0.106s
2025-03-26 02:19:19.681 69911 INFO tempest.lib.common.rest_client [req-d14ed076-06e1-448e-ab9b-0ed011c7e4fd req-d14ed076-06e1-448e-ab9b-0ed011c7e4fd ] Request (FloatingIPsAssociationTestJSON:test_associate_already_associated_floating_ip): 200 GET http://10.180.1.21/compute/v2.1/servers/776708f7-9e48-4926-ab1d-d2a004fd5b3a 0.085s
2025-03-26 02:19:19.682 69917 INFO tempest.lib.common.rest_client [req-fe5e1c02-a8a9-4f13-8972-6b7e706647c4 req-fe5e1c02-a8a9-4f13-8972-6b7e706647c4 ] Request (ServersTestBootFromVolume:setUpClass): 200 GET http://10.180.1.21/identity/v3/domains?name=Default 0.032s
2025-03-26 02:19:19.710 69917 INFO tempest.lib.common.rest_client [req-ce3104ab-c1aa-4d68-ac10-12626dc16ba8 req-ce3104ab-c1aa-4d68-ac10-12626dc16ba8 ] Request (ServersTestBootFromVolume:setUpClass): 201 POST http://10.180.1.21/identity/v3/projects 0.027s
2025-03-26 02:19:19.731 69885 INFO tempest.lib.common.rest_client [req-5abe608d-f669-49a6-93ab-7cfdaf8d73f6 req-5abe608d-f669-49a6-93ab-7cfdaf8d73f6 ] Request (ImagesOneServerNegativeTestJSON:_run_cleanups): 200 GET http://10.180.1.21/compute/v2.1/servers/56a815f4-f62e-46dc-8735-cbb255bbcbde 0.072s
2025-03-26 02:19:19.771 69917 INFO tempest.lib.common.rest_client [req-b2434647-6253-418f-adbb-f90ac6005c25 req-b2434647-6253-418f-adbb-f90ac6005c25 ] Request (ServersTestBootFromVolume:setUpClass): 201 POST http://10.180.1.21/identity/v3/users 0.061s
2025-03-26 02:19:19.781 69896 INFO tempest.lib.common.rest_client [req-ff253317-0be8-4912-874b-0acd526be866 req-ff253317-0be8-4912-874b-0acd526be866 ] Request (ServerActionsV293TestJSON:setUpClass): 200 GET http://10.180.1.21/compute/v2.1/servers/1abdc0a5-e03b-4552-88f7-415e0c540b6b 0.066s
2025-03-26 02:19:19.795 69917 INFO tempest.lib.common.rest_client [req-7288548f-3819-4f8c-b239-be457b8cf48a req-7288548f-3819-4f8c-b239-be457b8cf48a ] Request (ServersTestBootFromVolume:setUpClass): 200 GET http://10.180.1.21/identity/v3/roles 0.023s
2025-03-26 02:19:19.802 69879 INFO tempest.lib.common.rest_client [req-de1c6569-9d0e-49e3-b1e4-d5f56123cdf3 req-de1c6569-9d0e-49e3-b1e4-d5f56123cdf3 ] Request (MigrationsAdminTest:test_list_migrations_in_flavor_resize_situation): 200 GET http://10.180.1.21/compute/v2.1/servers/5e1f2115-69a8-46f8-9680-6e8e61ef2c33 0.097s
2025-03-26 02:19:19.828 69917 INFO tempest.lib.common.rest_client [req-87905816-9381-4795-a8f5-4f847fd10967 req-87905816-9381-4795-a8f5-4f847fd10967 ] Request (ServersTestBootFromVolume:setUpClass): 204 PUT http://10.180.1.21/identity/v3/projects/9f36daf6a0d34171a453e73cfe5ffd4b/users/b978b541d64945dca777091d8fadb4b0/roles/2bf98bbfa77248eba3f5fc91bfb4d7e2 0.032s
2025-03-26 02:19:19.828 69917 INFO tempest.lib.common.dynamic_creds [-] Dynamic test user b978b541d64945dca777091d8fadb4b0 is created with scope project and roles: ['member']
