2025-03-26 02:18:30.706 69903 INFO tempest.lib.common.rest_client [req-b3a22f5b-923b-4a76-a83a-0bf56a8741bb req-b3a22f5b-923b-4a76-a83a-0bf56a8741bb ] Request (ServerGroupTestJSON:test_create_server_with_scheduler_hint_group): 200 GET http://10.180.1.21/compute/v2.1/servers/7a0d471c-b83d-4a0f-96ea-146d5dd501ac 0.268s
2025-03-26 02:18:30.744 69921 WARNING tempest.lib.common.ssh [-] Failed to establish authenticated ssh connection to cirros@10.180.180.142 ([Errno None] Unable to connect to port 22 on 10.180.180.142). Number attempts: 10. Retry after 11 seconds.: paramiko.ssh_exception.NoValidConnectionsError: [Errno None] Unable to connect to port 22 on 10.180.180.142
2025-03-26 02:18:30.747 69875 INFO tempest.lib.common.rest_client [req-0b41f67a-97e5-4b01-be05-6fbddfbb128b req-0b41f67a-97e5-4b01-be05-6fbddfbb128b ] Request (ImagesOneServerTestJSON:setUpClass): 200 GET http://10.180.1.21/compute/v2.1/servers/f5d238a7-ea93-4189-8689-3c8b70b7c30e 0.290s
2025-03-26 02:18:30.759 69915 INFO tempest.lib.common.rest_client [req-98378acd-dee8-430e-92ea-47ff83c0dbaa req-98378acd-dee8-430e-92ea-47ff83c0dbaa ] Request (MultipleCreateTestJSON:test_multiple_create): 200 GET http://10.180.1.21/compute/v2.1/servers/c34dfdae-12b1-40d0-9b88-de2427baf2eb 0.252s
2025-03-26 02:18:30.809 69889 INFO tempest.lib.common.rest_client [req-b506d0c9-254a-48b0-854c-2cd2050093b6 req-b506d0c9-254a-48b0-854c-2cd2050093b6 ] Request (ServersAdminNegativeTestJSON:test_migrate_server_invalid_state): 200 GET http://10.180.1.21/compute/v2.1/servers/259c51de-d787-4905-a37b-f175a3a68aa4 0.226s
2025-03-26 02:18:30.812 69913 INFO tempest.lib.common.rest_client [req-076082bb-ca94-4922-9ccb-772fa9b43650 req-076082bb-ca94-4922-9ccb-772fa9b43650 ] Request (AttachInterfacesTestJSON:test_create_list_show_delete_interfaces_by_fixed_ip): 200 GET http://10.180.1.21/compute/v2.1/servers/3295dc83-0554-4159-8f3f-d444d6e89b30 0.238s
2025-03-26 02:18:30.946 69879 INFO tempest.lib.common.rest_client [req-26d50482-0dad-4b70-b9aa-b3f7ab94f442 req-26d50482-0dad-4b70-b9aa-b3f7ab94f442 ] Request (MigrationsAdminTest:test_list_migrations_in_flavor_resize_situation): 200 GET http://10.180.1.21/compute/v2.1/servers/5e1f2115-69a8-46f8-9680-6e8e61ef2c33 0.126s
2025-03-26 02:18:30.965 69873 INFO tempest.lib.common.rest_client [req-937164e7-d626-432e-82c6-0cc9213aede9 req-937164e7-d626-432e-82c6-0cc9213aede9 ] Request (ServersTestMultiNic:_run_cleanups): 200 GET http://10.180.1.21/compute/v2.1/servers/e1211f1b-d059-41be-9aa1-9af0c3ea6f81 0.158s
2025-03-26 02:18:31.001 69923 INFO tempest.lib.common.rest_client [req-20b8f19b-b7eb-49d2-9936-53256cb7c643 req-20b8f19b-b7eb-49d2-9936-53256cb7c643 ] Request (ServerActionsTestOtherB:setUpClass): 200 GET http://10.180.1.21/compute/v2.1/servers/e1ea28d1-194d-4e26-8b7d-bf1060528315 0.120s
2025-03-26 02:18:31.081 69881 INFO tempest.lib.common.rest_client [req-e521f1f1-3238-469b-b3dd-e8930e490383 req-e521f1f1-3238-469b-b3dd-e8930e490383 ] Request (AttachInterfacesUnderV243Test:test_add_remove_fixed_ip): 200 GET http://10.180.1.21/compute/v2.1/servers/97835afb-a848-4055-bc0e-ea508c403d1b 0.140s
2025-03-26 02:18:31.096 69871 INFO tempest.lib.common.rest_client [req-a0a81d6a-7c97-402f-8c60-347ac96d2cdc req-a0a81d6a-7c97-402f-8c60-347ac96d2cdc ] Request (ServersTestJSON:test_create_server_specify_multibyte_character_name): 200 GET http://10.180.1.21/compute/v2.1/servers/e0745838-9c2c-48b7-b17b-af31ecba4e8e 0.193s
2025-03-26 02:18:31.149 69897 INFO tempest.lib.common.rest_client [req-4e6d85a6-6384-42cf-96ff-b56a45063065 req-4e6d85a6-6384-42cf-96ff-b56a45063065 ] Request (AttachVolumeShelveTestJSON:test_attach_volume_shelved_or_offload_server): 200 GET http://10.180.1.21/compute/v2.1/servers/2dff1cdf-b5c4-4b1d-94e8-24a3a2f5d450 0.193s
2025-03-26 02:18:31.170 69893 INFO tempest.lib.common.rest_client [req-9fc30ac2-8046-47ca-ba63-8d6329f9565e req-9fc30ac2-8046-47ca-ba63-8d6329f9565e ] Request (ServerRescueTestJSON:setUpClass): 200 GET http://10.180.1.21/compute/v2.1/servers/253e3a62-d9d8-4b70-8bf2-b0dc286f1f02 0.158s
2025-03-26 02:18:31.250 69885 INFO tempest.lib.common.rest_client [req-f3f37ea6-ea54-4fb3-9fe0-cb8d96265047 req-f3f37ea6-ea54-4fb3-9fe0-cb8d96265047 ] Request (ImagesOneServerNegativeTestJSON:_run_cleanups): 200 GET http://10.180.1.21/compute/v2.1/servers/e2e5aa07-b856-4b26-89de-eeaa85de3f23 0.234s
2025-03-26 02:18:31.253 69927 INFO tempest.lib.common.rest_client [req-109de027-06b2-4301-88c5-01069a622325 req-109de027-06b2-4301-88c5-01069a622325 ] Request (ServerAddressesTestJSON:tearDownClass): 200 GET http://10.180.1.21/compute/v2.1/servers/1f7b9ad2-6d8b-413d-8a17-f258447cd2d1 0.172s
2025-03-26 02:18:31.284 69867 INFO tempest.lib.common.rest_client [req-8b6f4b9e-9324-4ed6-a8e4-974b472f3af9 req-8b6f4b9e-9324-4ed6-a8e4-974b472f3af9 ] Request (ListImageFiltersTestJSON:setUpClass): 200 GET http://10.180.1.21/compute/v2.1/images/9989617f-56ec-4751-8a6e-9637a4d4fe98 0.050s
2025-03-26 02:18:31.375 69869 INFO tempest.lib.common.rest_client [req-96cd4eaa-d2ba-49ce-9f83-e423d16eed4f req-96cd4eaa-d2ba-49ce-9f83-e423d16eed4f ] Request (ListServersNegativeTestJSON:setUpClass): 200 GET http://10.180.1.21/compute/v2.1/servers/6bc8782d-cf63-47a3-aa2c-69b4822438a5 0.061s
2025-03-26 02:18:31.421 69877 INFO tempest.lib.common.rest_client [req-7bbb5e92-300d-4863-a988-e65e4abfc6a9 req-7bbb5e92-300d-4863-a988-e65e4abfc6a9 ] Request (ImagesTestJSON:test_create_image_from_suspended_server): 200 GET http://10.180.1.21/compute/v2.1/servers/29c8cc49-c5a3-4cc6-b6bf-041138d54870 0.050s
2025-03-26 02:18:31.472 69907 INFO tempest.lib.common.rest_client [req-69422dbd-25ef-44be-aecc-f07a5b9a9010 req-69422dbd-25ef-44be-aecc-f07a5b9a9010 ] Request (ListServerFiltersTestJSON:tearDownClass): 200 GET http://10.180.1.21/compute/v2.1/servers/139591bc-25b9-4087-807d-ac8108d236c5 0.281s
2025-03-26 02:18:31.578 69917 INFO tempest.lib.common.rest_client [req-d6905ea3-c349-4f7a-aa62-0d90c59849c7 req-d6905ea3-c349-4f7a-aa62-0d90c59849c7 ] Request (DeleteServersAdminTestJSON:test_delete_server_while_in_error_state): 200 GET http://10.180.1.21/compute/v2.1/servers/1829331d-4c2e-46d9-85a8-a39484c95e61 0.148s
2025-03-26 02:18:31.585 69917 INFO tempest.common.waiters [-] State transition "BUILD/block_device_mapping" ==> "BUILD/spawning" after 67 second wait
2025-03-26 02:18:31.632 69925 INFO tempest.lib.common.rest_client [req-08f61ae3-9a7e-42de-b9fd-bed564036c95 req-08f61ae3-9a7e-42de-b9fd-bed564036c95 ] Request (AttachInterfacesV270Test:test_create_get_list_interfaces): 200 GET http://10.180.1.21/compute/v2.1/servers/4a57f6d5-3fa0-49f3-8cd5-03d310babd07 0.126s
2025-03-26 02:18:31.688 69896 INFO tempest.lib.common.rest_client [req-99502da6-3231-4db3-afd0-489013217ad8 req-99502da6-3231-4db3-afd0-489013217ad8 ] Request (ServerActionsV293TestJSON:setUpClass): 200 GET http://10.180.1.21/compute/v2.1/servers/1abdc0a5-e03b-4552-88f7-415e0c540b6b 0.106s
2025-03-26 02:18:31.703 69883 INFO tempest.lib.common.rest_client [req-0185490f-1adf-43f5-9c10-db7592179c94 req-0185490f-1adf-43f5-9c10-db7592179c94 ] Request (ServersAdminTestJSON:test_create_server_with_scheduling_hint): 200 GET http://10.180.1.21/compute/v2.1/servers/15dc176c-887b-4afc-b29d-8784b4b4827c 0.197s
2025-03-26 02:18:31.770 69887 INFO tempest.lib.common.rest_client [req-f79d491f-48a9-4398-ab47-4da452d19185 req-f79d491f-48a9-4398-ab47-4da452d19185 ] Request (InstanceActionsV221TestJSON:test_get_list_deleted_instance_actions): 200 GET http://10.180.1.21/compute/v2.1/servers/96c066fd-a046-425e-84a0-79862433576b 0.113s
2025-03-26 02:18:31.804 69905 INFO tempest.lib.common.rest_client [req-1afcfc5c-8d26-4ca9-9dc2-e5452edeb13e req-1afcfc5c-8d26-4ca9-9dc2-e5452edeb13e ] Request (ServerAddressesNegativeTestJSON:setUpClass): 200 GET http://10.180.1.21/compute/v2.1/servers/aef82554-a852-4a4f-8cb8-f2ebe8c86a56 0.174s
2025-03-26 02:18:31.844 69911 INFO tempest.lib.common.rest_client [req-b18c4465-01ed-401c-815e-154d02e06b56 req-b18c4465-01ed-401c-815e-154d02e06b56 ] Request (FloatingIPsAssociationTestJSON:test_associate_already_associated_floating_ip): 200 GET http://10.180.1.21/compute/v2.1/servers/776708f7-9e48-4926-ab1d-d2a004fd5b3a 0.154s
2025-03-26 02:18:31.859 69903 INFO tempest.lib.common.rest_client [req-7acc20b6-1b06-4fbf-8280-20d81405d7d5 req-7acc20b6-1b06-4fbf-8280-20d81405d7d5 ] Request (ServerGroupTestJSON:test_create_server_with_scheduler_hint_group): 200 GET http://10.180.1.21/compute/v2.1/servers/7a0d471c-b83d-4a0f-96ea-146d5dd501ac 0.142s
2025-03-26 02:18:31.895 69875 INFO tempest.lib.common.rest_client [req-84745f8f-cd40-49b4-b885-37e175331153 req-84745f8f-cd40-49b4-b885-37e175331153 ] Request (ImagesOneServerTestJSON:setUpClass): 200 GET http://10.180.1.21/compute/v2.1/servers/f5d238a7-ea93-4189-8689-3c8b70b7c30e 0.139s
2025-03-26 02:18:31.895 69919 WARNING tempest.lib.common.ssh [-] Failed to establish authenticated ssh connection to cirros@10.180.180.246 ([Errno None] Unable to connect to port 22 on 10.180.180.246). Number attempts: 7. Retry after 8 seconds.: paramiko.ssh_exception.NoValidConnectionsError: [Errno None] Unable to connect to port 22 on 10.180.180.246
2025-03-26 02:18:31.916 69915 INFO tempest.lib.common.rest_client [req-fed82bf6-841e-4667-982c-ea52c59f81f7 req-fed82bf6-841e-4667-982c-ea52c59f81f7 ] Request (MultipleCreateTestJSON:test_multiple_create): 200 GET http://10.180.1.21/compute/v2.1/servers/c34dfdae-12b1-40d0-9b88-de2427baf2eb 0.148s
2025-03-26 02:18:31.948 69889 INFO tempest.lib.common.rest_client [req-be3db2a3-2e7d-466b-a417-886b1211dc9e req-be3db2a3-2e7d-466b-a417-886b1211dc9e ] Request (ServersAdminNegativeTestJSON:test_migrate_server_invalid_state): 200 GET http://10.180.1.21/compute/v2.1/servers/259c51de-d787-4905-a37b-f175a3a68aa4 0.132s
2025-03-26 02:18:31.969 69913 INFO tempest.lib.common.rest_client [req-6d4339f1-b615-44e2-a231-5da45b245175 req-6d4339f1-b615-44e2-a231-5da45b245175 ] Request (AttachInterfacesTestJSON:test_create_list_show_delete_interfaces_by_fixed_ip): 200 GET http://10.180.1.21/compute/v2.1/servers/3295dc83-0554-4159-8f3f-d444d6e89b30 0.148s
2025-03-26 02:18:32.055 69873 INFO tempest.lib.common.rest_client [req-ea66eb46-e0e6-4f7b-bed1-b9ad0d5c739e req-ea66eb46-e0e6-4f7b-bed1-b9ad0d5c739e ] Request (ServersTestMultiNic:_run_cleanups): 200 GET http://10.180.1.21/compute/v2.1/servers/e1211f1b-d059-41be-9aa1-9af0c3ea6f81 0.079s
2025-03-26 02:18:32.087 69879 INFO tempest.lib.common.rest_client [req-071bfd2b-7a41-4688-993d-18daded20b6a req-071bfd2b-7a41-4688-993d-18daded20b6a ] Request (MigrationsAdminTest:test_list_migrations_in_flavor_resize_situation): 200 GET http://10.180.1.21/compute/v2.1/servers/5e1f2115-69a8-46f8-9680-6e8e61ef2c33 0.129s
2025-03-26 02:18:32.114 69923 INFO tempest.lib.common.rest_client [req-e40bb4d0-043f-48f0-9c26-34e91f1f44bd req-e40bb4d0-043f-48f0-9c26-34e91f1f44bd ] Request (ServerActionsTestOtherB:setUpClass): 200 GET http://10.180.1.21/compute/v2.1/servers/e1ea28d1-194d-4e26-8b7d-bf1060528315 0.099s
2025-03-26 02:18:32.122 69923 INFO tempest.common.waiters [-] State transition "BUILD/None" ==> "BUILD/networking" after 64 second wait
2025-03-26 02:18:32.150 69881 INFO tempest.lib.common.rest_client [req-7767dcdd-61a2-441b-b015-6b938c7e5eb8 req-7767dcdd-61a2-441b-b015-6b938c7e5eb8 ] Request (AttachInterfacesUnderV243Test:test_add_remove_fixed_ip): 200 GET http://10.180.1.21/compute/v2.1/servers/97835afb-a848-4055-bc0e-ea508c403d1b 0.053s
2025-03-26 02:18:32.197 69871 INFO tempest.lib.common.rest_client [req-24454611-4b74-473b-98b1-d900858cf1f7 req-24454611-4b74-473b-98b1-d900858cf1f7 ] Request (ServersTestJSON:test_create_server_specify_multibyte_character_name): 200 GET http://10.180.1.21/compute/v2.1/servers/e0745838-9c2c-48b7-b17b-af31ecba4e8e 0.090s
2025-03-26 02:18:32.205 69871 INFO tempest.common.waiters [-] State transition "BUILD/spawning" ==> "ACTIVE/None" after 79 second wait
2025-03-26 02:18:32.222 69897 INFO tempest.lib.common.rest_client [req-b648b8b3-de55-4617-aa9c-6cdabe0ec7e6 req-b648b8b3-de55-4617-aa9c-6cdabe0ec7e6 ] Request (AttachVolumeShelveTestJSON:test_attach_volume_shelved_or_offload_server): 200 GET http://10.180.1.21/compute/v2.1/servers/2dff1cdf-b5c4-4b1d-94e8-24a3a2f5d450 0.054s
2025-03-26 02:18:32.244 69893 INFO tempest.lib.common.rest_client [req-9eba6edc-abc0-4fbd-87ae-1df0c8d34f32 req-9eba6edc-abc0-4fbd-87ae-1df0c8d34f32 ] Request (ServerRescueTestJSON:setUpClass): 200 GET http://10.180.1.21/compute/v2.1/servers/253e3a62-d9d8-4b70-8bf2-b0dc286f1f02 0.061s
2025-03-26 02:18:32.274 69871 INFO tempest.lib.common.rest_client [req-c44387c0-8f5f-4a3c-bca5-a3c609860a30 req-c44387c0-8f5f-4a3c-bca5-a3c609860a30 ] Request (ServersTestJSON:test_create_server_with_admin_password): 201 POST http://10.180.1.21/identity/v3/auth/tokens 0.065s
2025-03-26 02:18:32.274 69871 INFO tempest.lib.common.fixed_network [-] (ServersTestJSON:test_create_server_with_admin_password) Found network {'id': '94e38590-b9b6-4080-b3be-d140502e4b35', 'name': 'tempest-ServersTestJSON-750784699-network', 'tenant_id': 'fe31a0dab018416382f0c8af99bc7d87', 'admin_state_up': True, 'mtu': 8950, 'status': 'ACTIVE', 'subnets': [], 'shared': False, 'project_id': 'fe31a0dab018416382f0c8af99bc7d87', 'port_security_enabled': True, 'router:external': False, 'provider:network_type': 'vlan', 'provider:physical_network': 'default', 'provider:segmentation_id': 621, 'availability_zone_hints': [], 'availability_zones': [], 'ipv4_address_scope': None, 'ipv6_address_scope': None, 'description': '', 'tags': [], 'created_at': '2025-03-26T02:17:06Z', 'updated_at': '2025-03-26T02:17:06Z', 'revision_number': 1} available for tenant
2025-03-26 02:18:32.323 69927 INFO tempest.lib.common.rest_client [req-a98cc252-9e9f-4015-ba68-af53fd0eb882 req-a98cc252-9e9f-4015-ba68-af53fd0eb882 ] Request (ServerAddressesTestJSON:tearDownClass): 200 GET http://10.180.1.21/compute/v2.1/servers/1f7b9ad2-6d8b-413d-8a17-f258447cd2d1 0.059s
2025-03-26 02:18:32.324 69885 INFO tempest.lib.common.rest_client [req-bbb0162f-957a-4ec2-9e15-84903026fac8 req-bbb0162f-957a-4ec2-9e15-84903026fac8 ] Request (ImagesOneServerNegativeTestJSON:_run_cleanups): 200 GET http://10.180.1.21/compute/v2.1/servers/e2e5aa07-b856-4b26-89de-eeaa85de3f23 0.059s
2025-03-26 02:18:32.363 69867 INFO tempest.lib.common.rest_client [req-50b91c1b-d9ef-4c53-89f4-22a9099b9589 req-50b91c1b-d9ef-4c53-89f4-22a9099b9589 ] Request (ListImageFiltersTestJSON:setUpClass): 200 GET http://10.180.1.21/compute/v2.1/images/9989617f-56ec-4751-8a6e-9637a4d4fe98 0.076s
2025-03-26 02:18:32.432 69869 INFO tempest.lib.common.rest_client [req-e5dacc1b-3fb5-4622-a661-39f9e2557707 req-e5dacc1b-3fb5-4622-a661-39f9e2557707 ] Request (ListServersNegativeTestJSON:setUpClass): 200 GET http://10.180.1.21/compute/v2.1/servers/6bc8782d-cf63-47a3-aa2c-69b4822438a5 0.048s
2025-03-26 02:18:32.492 69877 INFO tempest.lib.common.rest_client [req-bd112b68-6fb1-4154-8ec3-b3d5e5651cdd req-bd112b68-6fb1-4154-8ec3-b3d5e5651cdd ] Request (ImagesTestJSON:test_create_image_from_suspended_server): 200 GET http://10.180.1.21/compute/v2.1/servers/29c8cc49-c5a3-4cc6-b6bf-041138d54870 0.064s
2025-03-26 02:18:32.556 69907 INFO tempest.lib.common.rest_client [req-32feb7da-1c76-4685-9e37-a4dba5e5b1ba req-32feb7da-1c76-4685-9e37-a4dba5e5b1ba ] Request (ListServerFiltersTestJSON:tearDownClass): 200 GET http://10.180.1.21/compute/v2.1/servers/139591bc-25b9-4087-807d-ac8108d236c5 0.075s
2025-03-26 02:18:32.627 69871 INFO tempest.lib.common.rest_client [req-a9bcf205-22e4-4e60-869b-4f5d0fff5a18 req-a9bcf205-22e4-4e60-869b-4f5d0fff5a18 ] Request (ServersTestJSON:test_create_server_with_admin_password): 202 POST http://10.180.1.21/compute/v2.1/servers 0.351s
2025-03-26 02:18:32.705 69871 INFO tempest.lib.common.rest_client [req-a5ffb252-20cd-49ae-965a-a6a55940ba34 req-a5ffb252-20cd-49ae-965a-a6a55940ba34 ] Request (ServersTestJSON:_run_cleanups): 204 DELETE http://10.180.1.21/compute/v2.1/servers/d9b435fe-a086-445e-9fea-84a8313540ec 0.076s
2025-03-26 02:18:32.728 69917 INFO tempest.lib.common.rest_client [req-4f16a340-48f2-4492-8158-2028966c2de2 req-4f16a340-48f2-4492-8158-2028966c2de2 ] Request (DeleteServersAdminTestJSON:test_delete_server_while_in_error_state): 200 GET http://10.180.1.21/compute/v2.1/servers/1829331d-4c2e-46d9-85a8-a39484c95e61 0.141s
2025-03-26 02:18:32.774 69925 INFO tempest.lib.common.rest_client [req-1769b62b-d918-4127-9087-6bd49452d7f5 req-1769b62b-d918-4127-9087-6bd49452d7f5 ] Request (AttachInterfacesV270Test:test_create_get_list_interfaces): 200 GET http://10.180.1.21/compute/v2.1/servers/4a57f6d5-3fa0-49f3-8cd5-03d310babd07 0.131s
2025-03-26 02:18:32.788 69871 INFO tempest.lib.common.rest_client [req-bba41604-ee97-4b27-bfde-cbac83103408 req-bba41604-ee97-4b27-bfde-cbac83103408 ] Request (ServersTestJSON:_run_cleanups): 404 GET http://10.180.1.21/compute/v2.1/servers/d9b435fe-a086-445e-9fea-84a8313540ec 0.083s
2025-03-26 02:18:32.799 69896 INFO tempest.lib.common.rest_client [req-5198e9e4-ce66-41e1-bd2f-64c2e17dd54e req-5198e9e4-ce66-41e1-bd2f-64c2e17dd54e ] Request (ServerActionsV293TestJSON:setUpClass): 200 GET http://10.180.1.21/compute/v2.1/servers/1abdc0a5-e03b-4552-88f7-415e0c540b6b 0.099s
2025-03-26 02:18:32.833 69871 INFO tempest.lib.common.rest_client [req-1ec3bb76-f870-4403-9732-2c9aa2f875de req-1ec3bb76-f870-4403-9732-2c9aa2f875de ] Request (ServersTestJSON:test_create_server_with_ipv6_addr_only): 201 POST http://10.180.1.21/identity/v3/auth/tokens 0.040s
2025-03-26 02:18:32.833 69871 INFO tempest.lib.common.fixed_network [-] (ServersTestJSON:test_create_server_with_ipv6_addr_only) Found network {'id': '94e38590-b9b6-4080-b3be-d140502e4b35', 'name': 'tempest-ServersTestJSON-750784699-network', 'tenant_id': 'fe31a0dab018416382f0c8af99bc7d87', 'admin_state_up': True, 'mtu': 8950, 'status': 'ACTIVE', 'subnets': [], 'shared': False, 'project_id': 'fe31a0dab018416382f0c8af99bc7d87', 'port_security_enabled': True, 'router:external': False, 'provider:network_type': 'vlan', 'provider:physical_network': 'default', 'provider:segmentation_id': 621, 'availability_zone_hints': [], 'availability_zones': [], 'ipv4_address_scope': None, 'ipv6_address_scope': None, 'description': '', 'tags': [], 'created_at': '2025-03-26T02:17:06Z', 'updated_at': '2025-03-26T02:17:06Z', 'revision_number': 1} available for tenant
2025-03-26 02:18:32.857 69887 INFO tempest.lib.common.rest_client [req-20d845a1-edd8-423a-ace4-1618f102dd9f req-20d845a1-edd8-423a-ace4-1618f102dd9f ] Request (InstanceActionsV221TestJSON:test_get_list_deleted_instance_actions): 200 GET http://10.180.1.21/compute/v2.1/servers/96c066fd-a046-425e-84a0-79862433576b 0.078s
2025-03-26 02:18:32.897 69883 INFO tempest.lib.common.rest_client [req-11b2f77d-5d61-4b80-afe1-036e7fb011be req-11b2f77d-5d61-4b80-afe1-036e7fb011be ] Request (ServersAdminTestJSON:test_create_server_with_scheduling_hint): 200 GET http://10.180.1.21/compute/v2.1/servers/15dc176c-887b-4afc-b29d-8784b4b4827c 0.186s
2025-03-26 02:18:33.028 69905 INFO tempest.lib.common.rest_client [req-5dbbc0e0-4e26-4c42-b33f-34163ddfb4ae req-5dbbc0e0-4e26-4c42-b33f-34163ddfb4ae ] Request (ServerAddressesNegativeTestJSON:setUpClass): 200 GET http://10.180.1.21/compute/v2.1/servers/aef82554-a852-4a4f-8cb8-f2ebe8c86a56 0.215s
2025-03-26 02:18:33.090 69911 INFO tempest.lib.common.rest_client [req-30bb1127-d34a-4f04-b73c-3c71e819a5c8 req-30bb1127-d34a-4f04-b73c-3c71e819a5c8 ] Request (FloatingIPsAssociationTestJSON:test_associate_already_associated_floating_ip): 200 GET http://10.180.1.21/compute/v2.1/servers/776708f7-9e48-4926-ab1d-d2a004fd5b3a 0.227s
2025-03-26 02:18:33.149 69903 INFO tempest.lib.common.rest_client [req-00d54256-e7d9-46d6-9778-2a70bb0e97e7 req-00d54256-e7d9-46d6-9778-2a70bb0e97e7 ] Request (ServerGroupTestJSON:test_create_server_with_scheduler_hint_group): 200 GET http://10.180.1.21/compute/v2.1/servers/7a0d471c-b83d-4a0f-96ea-146d5dd501ac 0.281s
2025-03-26 02:18:33.192 69871 INFO tempest.lib.common.rest_client [req-848e4c1f-0671-4924-8d86-f42f18c8d6e3 req-848e4c1f-0671-4924-8d86-f42f18c8d6e3 ] Request (ServersTestJSON:test_create_server_with_ipv6_addr_only): 202 POST http://10.180.1.21/compute/v2.1/servers 0.358s
2025-03-26 02:18:33.205 69875 INFO tempest.lib.common.rest_client [req-a1024981-e927-45af-90e4-f39c0bca00b0 req-a1024981-e927-45af-90e4-f39c0bca00b0 ] Request (ImagesOneServerTestJSON:setUpClass): 200 GET http://10.180.1.21/compute/v2.1/servers/f5d238a7-ea93-4189-8689-3c8b70b7c30e 0.303s
2025-03-26 02:18:33.266 69915 INFO tempest.lib.common.rest_client [req-0e1f5856-3ea3-419b-9b06-28dca21d5fbd req-0e1f5856-3ea3-419b-9b06-28dca21d5fbd ] Request (MultipleCreateTestJSON:test_multiple_create): 200 GET http://10.180.1.21/compute/v2.1/servers/c34dfdae-12b1-40d0-9b88-de2427baf2eb 0.342s
2025-03-26 02:18:33.268 69889 INFO tempest.lib.common.rest_client [req-00381672-547f-497a-af86-67901ffa4343 req-00381672-547f-497a-af86-67901ffa4343 ] Request (ServersAdminNegativeTestJSON:test_migrate_server_invalid_state): 200 GET http://10.180.1.21/compute/v2.1/servers/259c51de-d787-4905-a37b-f175a3a68aa4 0.310s
2025-03-26 02:18:33.330 69913 INFO tempest.lib.common.rest_client [req-bc02fc8b-ecae-460d-bad6-1f69ad85ad61 req-bc02fc8b-ecae-460d-bad6-1f69ad85ad61 ] Request (AttachInterfacesTestJSON:test_create_list_show_delete_interfaces_by_fixed_ip): 200 GET http://10.180.1.21/compute/v2.1/servers/3295dc83-0554-4159-8f3f-d444d6e89b30 0.352s
2025-03-26 02:18:33.334 69873 INFO tempest.lib.common.rest_client [req-fe1d2494-574a-4776-90d0-43a6891ecacd req-fe1d2494-574a-4776-90d0-43a6891ecacd ] Request (ServersTestMultiNic:_run_cleanups): 200 GET http://10.180.1.21/compute/v2.1/servers/e1211f1b-d059-41be-9aa1-9af0c3ea6f81 0.267s
2025-03-26 02:18:33.341 69873 INFO tempest.common.waiters [-] State transition "ACTIVE/deleting" ==> "DELETED/None" after 5 second wait
2025-03-26 02:18:33.427 69879 INFO tempest.lib.common.rest_client [req-cdf89bea-5c0e-470f-8542-a9d2b3afd604 req-cdf89bea-5c0e-470f-8542-a9d2b3afd604 ] Request (MigrationsAdminTest:test_list_migrations_in_flavor_resize_situation): 200 GET http://10.180.1.21/compute/v2.1/servers/5e1f2115-69a8-46f8-9680-6e8e61ef2c33 0.328s
2025-03-26 02:18:33.427 69923 INFO tempest.lib.common.rest_client [req-8cb80fa1-dc7e-41c5-beec-b55c7f69832d req-8cb80fa1-dc7e-41c5-beec-b55c7f69832d ] Request (ServerActionsTestOtherB:setUpClass): 200 GET http://10.180.1.21/compute/v2.1/servers/e1ea28d1-194d-4e26-8b7d-bf1060528315 0.305s
2025-03-26 02:18:33.434 69923 INFO tempest.common.waiters [-] State transition "BUILD/networking" ==> "BUILD/block_device_mapping" after 65 second wait
2025-03-26 02:18:33.492 69881 INFO tempest.lib.common.rest_client [req-0fc097ab-ca4e-4f4e-bac4-f4dc82bf1511 req-0fc097ab-ca4e-4f4e-bac4-f4dc82bf1511 ] Request (AttachInterfacesUnderV243Test:test_add_remove_fixed_ip): 200 GET http://10.180.1.21/compute/v2.1/servers/97835afb-a848-4055-bc0e-ea508c403d1b 0.334s
2025-03-26 02:18:33.493 69871 INFO tempest.lib.common.rest_client [req-5e56efc6-c90d-4f5a-bf14-2f341f3abbdf req-5e56efc6-c90d-4f5a-bf14-2f341f3abbdf ] Request (ServersTestJSON:test_create_server_with_ipv6_addr_only): 200 GET http://10.180.1.21/compute/v2.1/servers/72d3a20b-6a1b-4602-b335-e81f9e8c7c38 0.297s
2025-03-26 02:18:33.552 69897 INFO tempest.lib.common.rest_client [req-6bb3ac79-68c3-432c-8c8e-33c152aaa547 req-6bb3ac79-68c3-432c-8c8e-33c152aaa547 ] Request (AttachVolumeShelveTestJSON:test_attach_volume_shelved_or_offload_server): 200 GET http://10.180.1.21/compute/v2.1/servers/2dff1cdf-b5c4-4b1d-94e8-24a3a2f5d450 0.318s
2025-03-26 02:18:33.571 69893 INFO tempest.lib.common.rest_client [req-5dae5320-16c0-483c-984a-414677ff9dcf req-5dae5320-16c0-483c-984a-414677ff9dcf ] Request (ServerRescueTestJSON:setUpClass): 200 GET http://10.180.1.21/compute/v2.1/servers/253e3a62-d9d8-4b70-8bf2-b0dc286f1f02 0.319s
2025-03-26 02:18:33.577 69893 INFO tempest.common.waiters [-] State transition "BUILD/scheduling" ==> "BUILD/None" after 45 second wait
2025-03-26 02:18:33.610 69927 INFO tempest.lib.common.rest_client [req-09bd49f3-5d4c-4de2-93e3-4c44a360530c req-09bd49f3-5d4c-4de2-93e3-4c44a360530c ] Request (ServerAddressesTestJSON:tearDownClass): 200 GET http://10.180.1.21/compute/v2.1/servers/1f7b9ad2-6d8b-413d-8a17-f258447cd2d1 0.279s
2025-03-26 02:18:33.631 69885 INFO tempest.lib.common.rest_client [req-8d194b36-3eff-4752-ad07-a7a50cc9df68 req-8d194b36-3eff-4752-ad07-a7a50cc9df68 ] Request (ImagesOneServerNegativeTestJSON:_run_cleanups): 200 GET http://10.180.1.21/compute/v2.1/servers/e2e5aa07-b856-4b26-89de-eeaa85de3f23 0.297s
2025-03-26 02:18:33.650 69867 INFO tempest.lib.common.rest_client [req-ff3314ab-e8f5-4de3-a973-9c392242747a req-ff3314ab-e8f5-4de3-a973-9c392242747a ] Request (ListImageFiltersTestJSON:setUpClass): 200 GET http://10.180.1.21/compute/v2.1/images/9989617f-56ec-4751-8a6e-9637a4d4fe98 0.282s
2025-03-26 02:18:33.683 69869 INFO tempest.lib.common.rest_client [req-3c582778-2f34-46ec-9efb-8c42080642ed req-3c582778-2f34-46ec-9efb-8c42080642ed ] Request (ListServersNegativeTestJSON:setUpClass): 200 GET http://10.180.1.21/compute/v2.1/servers/6bc8782d-cf63-47a3-aa2c-69b4822438a5 0.241s
2025-03-26 02:18:33.705 69877 INFO tempest.lib.common.rest_client [req-28faad6f-7fca-4cff-aa69-6cade08d735c req-28faad6f-7fca-4cff-aa69-6cade08d735c ] Request (ImagesTestJSON:test_create_image_from_suspended_server): 200 GET http://10.180.1.21/compute/v2.1/servers/29c8cc49-c5a3-4cc6-b6bf-041138d54870 0.205s
2025-03-26 02:18:33.740 69907 INFO tempest.lib.common.rest_client [req-1ddba1d0-20b0-4505-b550-57d26ba719a7 req-1ddba1d0-20b0-4505-b550-57d26ba719a7 ] Request (ListServerFiltersTestJSON:tearDownClass): 200 GET http://10.180.1.21/compute/v2.1/servers/139591bc-25b9-4087-807d-ac8108d236c5 0.174s
2025-03-26 02:18:33.754 69907 INFO tempest.common.waiters [-] State transition "ACTIVE/deleting" ==> "DELETED/None" after 4 second wait
2025-03-26 02:18:33.844 69925 INFO tempest.lib.common.rest_client [req-925a307b-4a02-4086-bb51-28534f3b07f5 req-925a307b-4a02-4086-bb51-28534f3b07f5 ] Request (AttachInterfacesV270Test:test_create_get_list_interfaces): 200 GET http://10.180.1.21/compute/v2.1/servers/4a57f6d5-3fa0-49f3-8cd5-03d310babd07 0.060s
2025-03-26 02:18:33.868 69917 INFO tempest.lib.common.rest_client [req-ad5bb423-b740-4394-bf84-cbd3b05b8292 req-ad5bb423-b740-4394-bf84-cbd3b05b8292 ] Request (DeleteServersAdminTestJSON:test_delete_server_while_in_error_state): 200 GET http://10.180.1.21/compute/v2.1/servers/1829331d-4c2e-46d9-85a8-a39484c95e61 0.130s
2025-03-26 02:18:33.903 69896 INFO tempest.lib.common.rest_client [req-d3fad95d-ef74-4ff1-88dc-d0f162f9858b req-d3fad95d-ef74-4ff1-88dc-d0f162f9858b ] Request (ServerActionsV293TestJSON:setUpClass): 200 GET http://10.180.1.21/compute/v2.1/servers/1abdc0a5-e03b-4552-88f7-415e0c540b6b 0.092s
2025-03-26 02:18:33.936 69887 INFO tempest.lib.common.rest_client [req-67da7825-b278-4667-b969-1702bde5be85 req-67da7825-b278-4667-b969-1702bde5be85 ] Request (InstanceActionsV221TestJSON:test_get_list_deleted_instance_actions): 200 GET http://10.180.1.21/compute/v2.1/servers/96c066fd-a046-425e-84a0-79862433576b 0.067s
2025-03-26 02:18:34.010 69883 INFO tempest.lib.common.rest_client [req-701cdc26-8e97-47d2-841e-945d8531a7f0 req-701cdc26-8e97-47d2-841e-945d8531a7f0 ] Request (ServersAdminTestJSON:test_create_server_with_scheduling_hint): 200 GET http://10.180.1.21/compute/v2.1/servers/15dc176c-887b-4afc-b29d-8784b4b4827c 0.105s
2025-03-26 02:18:34.021 69883 INFO tempest.common.waiters [-] State transition "BUILD/spawning" ==> "ACTIVE/None" after 78 second wait
2025-03-26 02:18:34.101 69883 INFO tempest.lib.common.rest_client [req-d68af36e-d710-4aed-963d-63ff376f1c42 req-d68af36e-d710-4aed-963d-63ff376f1c42 ] Request (ServersAdminTestJSON:test_inject_network_info): 201 POST http://10.180.1.21/identity/v3/auth/tokens 0.074s
2025-03-26 02:18:34.101 69883 INFO tempest.lib.common.fixed_network [-] (ServersAdminTestJSON:test_inject_network_info) Found network {'id': 'abfd8979-5ed1-4cad-bec4-ac0d3c8d2f13', 'name': 'tempest-ServersAdminTestJSON-684349603-network', 'tenant_id': '8229f45daca14344b7723c3b37ec0769', 'admin_state_up': True, 'mtu': 8950, 'status': 'ACTIVE', 'subnets': [], 'shared': False, 'project_id': '8229f45daca14344b7723c3b37ec0769', 'port_security_enabled': True, 'router:external': False, 'provider:network_type': 'vlan', 'provider:physical_network': 'default', 'provider:segmentation_id': 942, 'availability_zone_hints': [], 'availability_zones': [], 'ipv4_address_scope': None, 'ipv6_address_scope': None, 'description': '', 'tags': [], 'created_at': '2025-03-26T02:16:27Z', 'updated_at': '2025-03-26T02:16:27Z', 'revision_number': 1} available for tenant
2025-03-26 02:18:34.152 69905 INFO tempest.lib.common.rest_client [req-7831f123-1a96-4b28-a8d7-fdf16f63160e req-7831f123-1a96-4b28-a8d7-fdf16f63160e ] Request (ServerAddressesNegativeTestJSON:setUpClass): 200 GET http://10.180.1.21/compute/v2.1/servers/aef82554-a852-4a4f-8cb8-f2ebe8c86a56 0.113s
2025-03-26 02:18:34.152 69911 INFO tempest.lib.common.rest_client [req-2e16c771-634f-4db7-adf6-2c0b39b2cfa2 req-2e16c771-634f-4db7-adf6-2c0b39b2cfa2 ] Request (FloatingIPsAssociationTestJSON:test_associate_already_associated_floating_ip): 200 GET http://10.180.1.21/compute/v2.1/servers/776708f7-9e48-4926-ab1d-d2a004fd5b3a 0.054s
2025-03-26 02:18:34.214 69903 INFO tempest.lib.common.rest_client [req-6ca6e4c7-4a40-43c3-8b2c-bf13ec305669 req-6ca6e4c7-4a40-43c3-8b2c-bf13ec305669 ] Request (ServerGroupTestJSON:test_create_server_with_scheduler_hint_group): 200 GET http://10.180.1.21/compute/v2.1/servers/7a0d471c-b83d-4a0f-96ea-146d5dd501ac 0.055s
2025-03-26 02:18:34.267 69875 INFO tempest.lib.common.rest_client [req-fd1651a2-13a9-4dfe-929e-fa22ef50555f req-fd1651a2-13a9-4dfe-929e-fa22ef50555f ] Request (ImagesOneServerTestJSON:setUpClass): 200 GET http://10.180.1.21/compute/v2.1/servers/f5d238a7-ea93-4189-8689-3c8b70b7c30e 0.051s
2025-03-26 02:18:34.335 69915 INFO tempest.lib.common.rest_client [req-6f0bc05c-81c3-4762-98a5-af3ff1bb0c3a req-6f0bc05c-81c3-4762-98a5-af3ff1bb0c3a ] Request (MultipleCreateTestJSON:test_multiple_create): 200 GET http://10.180.1.21/compute/v2.1/servers/c34dfdae-12b1-40d0-9b88-de2427baf2eb 0.056s
2025-03-26 02:18:34.404 69889 INFO tempest.lib.common.rest_client [req-823d2c64-673c-4ff5-9eea-38ed29f82c8b req-823d2c64-673c-4ff5-9eea-38ed29f82c8b ] Request (ServersAdminNegativeTestJSON:test_migrate_server_invalid_state): 200 GET http://10.180.1.21/compute/v2.1/servers/259c51de-d787-4905-a37b-f175a3a68aa4 0.123s
2025-03-26 02:18:34.477 69913 INFO tempest.lib.common.rest_client [req-2c5004ae-e19c-45dc-ae52-59cd9dfa1250 req-2c5004ae-e19c-45dc-ae52-59cd9dfa1250 ] Request (AttachInterfacesTestJSON:test_create_list_show_delete_interfaces_by_fixed_ip): 200 GET http://10.180.1.21/compute/v2.1/servers/3295dc83-0554-4159-8f3f-d444d6e89b30 0.134s
2025-03-26 02:18:34.555 69873 INFO tempest.lib.common.rest_client [req-dec528fd-7f30-42db-81f2-8c52e4859417 req-dec528fd-7f30-42db-81f2-8c52e4859417 ] Request (ServersTestMultiNic:_run_cleanups): 200 GET http://10.180.1.21/compute/v2.1/servers/e1211f1b-d059-41be-9aa1-9af0c3ea6f81 0.212s
2025-03-26 02:18:34.563 69883 INFO tempest.lib.common.rest_client [req-10c3009a-00fb-4494-989c-55f4b4552145 req-10c3009a-00fb-4494-989c-55f4b4552145 ] Request (ServersAdminTestJSON:test_inject_network_info): 202 POST http://10.180.1.21/compute/v2.1/servers 0.460s
2025-03-26 02:18:34.699 69879 INFO tempest.lib.common.rest_client [req-fc7ab863-6ad1-45af-89f1-01dd979645a3 req-fc7ab863-6ad1-45af-89f1-01dd979645a3 ] Request (MigrationsAdminTest:test_list_migrations_in_flavor_resize_situation): 200 GET http://10.180.1.21/compute/v2.1/servers/5e1f2115-69a8-46f8-9680-6e8e61ef2c33 0.259s
2025-03-26 02:18:34.727 69923 INFO tempest.lib.common.rest_client [req-de177f57-0745-454f-a7c5-c840f310bd8b req-de177f57-0745-454f-a7c5-c840f310bd8b ] Request (ServerActionsTestOtherB:setUpClass): 200 GET http://10.180.1.21/compute/v2.1/servers/e1ea28d1-194d-4e26-8b7d-bf1060528315 0.292s
2025-03-26 02:18:34.738 69923 INFO tempest.common.waiters [-] State transition "BUILD/block_device_mapping" ==> "BUILD/spawning" after 66 second wait
2025-03-26 02:18:34.769 69881 INFO tempest.lib.common.rest_client [req-8dd9bf4e-7b7b-47ac-bd40-09b3fd56c06b req-8dd9bf4e-7b7b-47ac-bd40-09b3fd56c06b ] Request (AttachInterfacesUnderV243Test:test_add_remove_fixed_ip): 200 GET http://10.180.1.21/compute/v2.1/servers/97835afb-a848-4055-bc0e-ea508c403d1b 0.268s
2025-03-26 02:18:34.774 69871 INFO tempest.lib.common.rest_client [req-361b5e84-71f6-4b61-a74f-9f7012c108e8 req-361b5e84-71f6-4b61-a74f-9f7012c108e8 ] Request (ServersTestJSON:test_create_server_with_ipv6_addr_only): 200 GET http://10.180.1.21/compute/v2.1/servers/72d3a20b-6a1b-4602-b335-e81f9e8c7c38 0.272s
2025-03-26 02:18:34.816 69883 INFO tempest.lib.common.rest_client [req-86223ec9-63da-4aba-9147-a57cf77c567c req-86223ec9-63da-4aba-9147-a57cf77c567c ] Request (ServersAdminTestJSON:test_inject_network_info): 200 GET http://10.180.1.21/compute/v2.1/servers/0e2dc0f8-d1a5-4c18-8363-abe49733dd76 0.248s
2025-03-26 02:18:34.827 69897 INFO tempest.lib.common.rest_client [req-4909ba37-e9ed-470e-be4d-d26e7772b758 req-4909ba37-e9ed-470e-be4d-d26e7772b758 ] Request (AttachVolumeShelveTestJSON:test_attach_volume_shelved_or_offload_server): 200 GET http://10.180.1.21/compute/v2.1/servers/2dff1cdf-b5c4-4b1d-94e8-24a3a2f5d450 0.263s
2025-03-26 02:18:34.861 69893 INFO tempest.lib.common.rest_client [req-bac94ae2-4e0c-4904-8922-dc7b1985fd82 req-bac94ae2-4e0c-4904-8922-dc7b1985fd82 ] Request (ServerRescueTestJSON:setUpClass): 200 GET http://10.180.1.21/compute/v2.1/servers/253e3a62-d9d8-4b70-8bf2-b0dc286f1f02 0.283s
2025-03-26 02:18:34.881 69927 INFO tempest.lib.common.rest_client [req-b45cc7c3-321c-4574-8473-eef4860bd429 req-b45cc7c3-321c-4574-8473-eef4860bd429 ] Request (ServerAddressesTestJSON:tearDownClass): 200 GET http://10.180.1.21/compute/v2.1/servers/1f7b9ad2-6d8b-413d-8a17-f258447cd2d1 0.261s
2025-03-26 02:18:34.913 69867 INFO tempest.lib.common.rest_client [req-b529a8b0-900c-4d5b-a99a-267ea4989e0f req-b529a8b0-900c-4d5b-a99a-267ea4989e0f ] Request (ListImageFiltersTestJSON:setUpClass): 200 GET http://10.180.1.21/compute/v2.1/images/9989617f-56ec-4751-8a6e-9637a4d4fe98 0.256s
2025-03-26 02:18:34.917 69885 INFO tempest.lib.common.rest_client [req-90aac78d-3ba7-4355-98d2-32aff4b8f1b3 req-90aac78d-3ba7-4355-98d2-32aff4b8f1b3 ] Request (ImagesOneServerNegativeTestJSON:_run_cleanups): 200 GET http://10.180.1.21/compute/v2.1/servers/e2e5aa07-b856-4b26-89de-eeaa85de3f23 0.277s
2025-03-26 02:18:34.964 69869 INFO tempest.lib.common.rest_client [req-b1886c6d-d0cf-483d-a9a2-cf285136d457 req-b1886c6d-d0cf-483d-a9a2-cf285136d457 ] Request (ListServersNegativeTestJSON:setUpClass): 200 GET http://10.180.1.21/compute/v2.1/servers/6bc8782d-cf63-47a3-aa2c-69b4822438a5 0.272s
2025-03-26 02:18:34.965 69877 INFO tempest.lib.common.rest_client [req-8a106162-1356-4106-8534-a4bb4f285128 req-8a106162-1356-4106-8534-a4bb4f285128 ] Request (ImagesTestJSON:test_create_image_from_suspended_server): 200 GET http://10.180.1.21/compute/v2.1/servers/29c8cc49-c5a3-4cc6-b6bf-041138d54870 0.253s
2025-03-26 02:18:35.011 69925 INFO tempest.lib.common.rest_client [req-840ed662-6452-4100-b7a8-f6463883535f req-840ed662-6452-4100-b7a8-f6463883535f ] Request (AttachInterfacesV270Test:test_create_get_list_interfaces): 200 GET http://10.180.1.21/compute/v2.1/servers/4a57f6d5-3fa0-49f3-8cd5-03d310babd07 0.156s
2025-03-26 02:18:35.015 69907 INFO tempest.lib.common.rest_client [req-0c1ae4a1-8f88-41de-b6ee-afbcff2051a1 req-0c1ae4a1-8f88-41de-b6ee-afbcff2051a1 ] Request (ListServerFiltersTestJSON:tearDownClass): 200 GET http://10.180.1.21/compute/v2.1/servers/139591bc-25b9-4087-807d-ac8108d236c5 0.261s
2025-03-26 02:18:35.063 69896 INFO tempest.lib.common.rest_client [req-677c9937-58d0-4461-9c41-bddda17951b2 req-677c9937-58d0-4461-9c41-bddda17951b2 ] Request (ServerActionsV293TestJSON:setUpClass): 200 GET http://10.180.1.21/compute/v2.1/servers/1abdc0a5-e03b-4552-88f7-415e0c540b6b 0.148s
2025-03-26 02:18:35.109 69887 INFO tempest.lib.common.rest_client [req-64187c5b-c186-4126-b1c5-8f09bc71de7a req-64187c5b-c186-4126-b1c5-8f09bc71de7a ] Request (InstanceActionsV221TestJSON:test_get_list_deleted_instance_actions): 200 GET http://10.180.1.21/compute/v2.1/servers/96c066fd-a046-425e-84a0-79862433576b 0.163s
2025-03-26 02:18:35.126 69917 INFO tempest.lib.common.rest_client [req-f4283ac2-95d0-4b7b-9d06-a4750e39911e req-f4283ac2-95d0-4b7b-9d06-a4750e39911e ] Request (DeleteServersAdminTestJSON:test_delete_server_while_in_error_state): 200 GET http://10.180.1.21/compute/v2.1/servers/1829331d-4c2e-46d9-85a8-a39484c95e61 0.245s
2025-03-26 02:18:35.159 69891 WARNING tempest.lib.common.ssh [-] Failed to establish authenticated ssh connection to cirros@10.180.180.181 ([Errno None] Unable to connect to port 22 on 10.180.180.181). Number attempts: 8. Retry after 9 seconds.: paramiko.ssh_exception.NoValidConnectionsError: [Errno None] Unable to connect to port 22 on 10.180.180.181
2025-03-26 02:18:35.208 69911 INFO tempest.lib.common.rest_client [req-eaa28dda-8ffe-4321-8ef5-bae33200bd22 req-eaa28dda-8ffe-4321-8ef5-bae33200bd22 ] Request (FloatingIPsAssociationTestJSON:test_associate_already_associated_floating_ip): 200 GET http://10.180.1.21/compute/v2.1/servers/776708f7-9e48-4926-ab1d-d2a004fd5b3a 0.048s
2025-03-26 02:18:35.271 69903 INFO tempest.lib.common.rest_client [req-4013df89-b66d-478c-a8e0-219c2bb62734 req-4013df89-b66d-478c-a8e0-219c2bb62734 ] Request (ServerGroupTestJSON:test_create_server_with_scheduler_hint_group): 200 GET http://10.180.1.21/compute/v2.1/servers/7a0d471c-b83d-4a0f-96ea-146d5dd501ac 0.048s
2025-03-26 02:18:35.280 69905 INFO tempest.lib.common.rest_client [req-9fea67b8-203b-4a2a-aec0-4083896306f7 req-9fea67b8-203b-4a2a-aec0-4083896306f7 ] Request (ServerAddressesNegativeTestJSON:setUpClass): 200 GET http://10.180.1.21/compute/v2.1/servers/aef82554-a852-4a4f-8cb8-f2ebe8c86a56 0.112s
2025-03-26 02:18:35.326 69875 INFO tempest.lib.common.rest_client [req-dc045325-7bd5-4898-9848-f93bdec0c68d req-dc045325-7bd5-4898-9848-f93bdec0c68d ] Request (ImagesOneServerTestJSON:setUpClass): 200 GET http://10.180.1.21/compute/v2.1/servers/f5d238a7-ea93-4189-8689-3c8b70b7c30e 0.048s
2025-03-26 02:18:35.391 69915 INFO tempest.lib.common.rest_client [req-f651bf77-b8c7-4455-9e7a-2045aaa3d455 req-f651bf77-b8c7-4455-9e7a-2045aaa3d455 ] Request (MultipleCreateTestJSON:test_multiple_create): 200 GET http://10.180.1.21/compute/v2.1/servers/c34dfdae-12b1-40d0-9b88-de2427baf2eb 0.047s
2025-03-26 02:18:35.478 69889 INFO tempest.lib.common.rest_client [req-9635a49d-1fd4-43f2-8694-17fea1685558 req-9635a49d-1fd4-43f2-8694-17fea1685558 ] Request (ServersAdminNegativeTestJSON:test_migrate_server_invalid_state): 200 GET http://10.180.1.21/compute/v2.1/servers/259c51de-d787-4905-a37b-f175a3a68aa4 0.065s
2025-03-26 02:18:35.553 69913 INFO tempest.lib.common.rest_client [req-e47b563e-c859-466f-a76e-0ce71270ec7a req-e47b563e-c859-466f-a76e-0ce71270ec7a ] Request (AttachInterfacesTestJSON:test_create_list_show_delete_interfaces_by_fixed_ip): 200 GET http://10.180.1.21/compute/v2.1/servers/3295dc83-0554-4159-8f3f-d444d6e89b30 0.060s
2025-03-26 02:18:35.629 69873 INFO tempest.lib.common.rest_client [req-266450d3-cb08-4a76-97ae-5a483bc01f00 req-266450d3-cb08-4a76-97ae-5a483bc01f00 ] Request (ServersTestMultiNic:_run_cleanups): 200 GET http://10.180.1.21/compute/v2.1/servers/e1211f1b-d059-41be-9aa1-9af0c3ea6f81 0.058s
2025-03-26 02:18:35.858 69879 INFO tempest.lib.common.rest_client [req-ba832ce3-e75f-4e8a-9878-b662da945904 req-ba832ce3-e75f-4e8a-9878-b662da945904 ] Request (MigrationsAdminTest:test_list_migrations_in_flavor_resize_situation): 200 GET http://10.180.1.21/compute/v2.1/servers/5e1f2115-69a8-46f8-9680-6e8e61ef2c33 0.150s
2025-03-26 02:18:35.867 69923 INFO tempest.lib.common.rest_client [req-ed434f37-c1bf-4777-bee5-3aa5857d663b req-ed434f37-c1bf-4777-bee5-3aa5857d663b ] Request (ServerActionsTestOtherB:setUpClass): 200 GET http://10.180.1.21/compute/v2.1/servers/e1ea28d1-194d-4e26-8b7d-bf1060528315 0.127s
2025-03-26 02:18:35.918 69871 INFO tempest.lib.common.rest_client [req-05d994ba-2e21-4ae2-928f-7836f6a95107 req-05d994ba-2e21-4ae2-928f-7836f6a95107 ] Request (ServersTestJSON:test_create_server_with_ipv6_addr_only): 200 GET http://10.180.1.21/compute/v2.1/servers/72d3a20b-6a1b-4602-b335-e81f9e8c7c38 0.136s
2025-03-26 02:18:35.922 69881 INFO tempest.lib.common.rest_client [req-7325a161-08be-4568-9485-068dd7c87f37 req-7325a161-08be-4568-9485-068dd7c87f37 ] Request (AttachInterfacesUnderV243Test:test_add_remove_fixed_ip): 200 GET http://10.180.1.21/compute/v2.1/servers/97835afb-a848-4055-bc0e-ea508c403d1b 0.145s
2025-03-26 02:18:35.970 69883 INFO tempest.lib.common.rest_client [req-d2628866-fc91-4944-bd3d-5bd3f4157b03 req-d2628866-fc91-4944-bd3d-5bd3f4157b03 ] Request (ServersAdminTestJSON:test_inject_network_info): 200 GET http://10.180.1.21/compute/v2.1/servers/0e2dc0f8-d1a5-4c18-8363-abe49733dd76 0.145s
2025-03-26 02:18:35.977 69897 INFO tempest.lib.common.rest_client [req-87aba770-d399-4a1f-b1db-cc76c0dc1349 req-87aba770-d399-4a1f-b1db-cc76c0dc1349 ] Request (AttachVolumeShelveTestJSON:test_attach_volume_shelved_or_offload_server): 200 GET http://10.180.1.21/compute/v2.1/servers/2dff1cdf-b5c4-4b1d-94e8-24a3a2f5d450 0.140s
2025-03-26 02:18:35.986 69897 INFO tempest.common.waiters [-] State transition "BUILD/scheduling" ==> "BUILD/None" after 46 second wait
2025-03-26 02:18:36.021 69893 INFO tempest.lib.common.rest_client [req-98f4fdcc-f5c3-48aa-a021-e9ee80cbcbbf req-98f4fdcc-f5c3-48aa-a021-e9ee80cbcbbf ] Request (ServerRescueTestJSON:setUpClass): 200 GET http://10.180.1.21/compute/v2.1/servers/253e3a62-d9d8-4b70-8bf2-b0dc286f1f02 0.149s
2025-03-26 02:18:36.035 69927 INFO tempest.lib.common.rest_client [req-8497432c-67d5-41c6-ad4e-422f61bf858f req-8497432c-67d5-41c6-ad4e-422f61bf858f ] Request (ServerAddressesTestJSON:tearDownClass): 200 GET http://10.180.1.21/compute/v2.1/servers/1f7b9ad2-6d8b-413d-8a17-f258447cd2d1 0.147s
2025-03-26 02:18:36.069 69867 INFO tempest.lib.common.rest_client [req-26b1fa3c-bf36-4940-a865-e1cf08803510 req-26b1fa3c-bf36-4940-a865-e1cf08803510 ] Request (ListImageFiltersTestJSON:setUpClass): 200 GET http://10.180.1.21/compute/v2.1/images/9989617f-56ec-4751-8a6e-9637a4d4fe98 0.151s
2025-03-26 02:18:36.097 69885 INFO tempest.lib.common.rest_client [req-9bea4459-98e5-4d5e-892c-c7648a5b08db req-9bea4459-98e5-4d5e-892c-c7648a5b08db ] Request (ImagesOneServerNegativeTestJSON:_run_cleanups): 200 GET http://10.180.1.21/compute/v2.1/servers/e2e5aa07-b856-4b26-89de-eeaa85de3f23 0.169s
2025-03-26 02:18:36.116 69869 INFO tempest.lib.common.rest_client [req-e4166269-6f97-4b82-bdde-983d1cbc2216 req-e4166269-6f97-4b82-bdde-983d1cbc2216 ] Request (ListServersNegativeTestJSON:setUpClass): 200 GET http://10.180.1.21/compute/v2.1/servers/6bc8782d-cf63-47a3-aa2c-69b4822438a5 0.144s
2025-03-26 02:18:36.147 69877 INFO tempest.lib.common.rest_client [req-7f0aad76-ded8-4dab-ac99-69844f92f355 req-7f0aad76-ded8-4dab-ac99-69844f92f355 ] Request (ImagesTestJSON:test_create_image_from_suspended_server): 200 GET http://10.180.1.21/compute/v2.1/servers/29c8cc49-c5a3-4cc6-b6bf-041138d54870 0.174s
2025-03-26 02:18:36.175 69925 INFO tempest.lib.common.rest_client [req-6ca084b9-84f0-42dd-81b2-dc22b8dd026f req-6ca084b9-84f0-42dd-81b2-dc22b8dd026f ] Request (AttachInterfacesV270Test:test_create_get_list_interfaces): 200 GET http://10.180.1.21/compute/v2.1/servers/4a57f6d5-3fa0-49f3-8cd5-03d310babd07 0.153s
2025-03-26 02:18:36.216 69907 INFO tempest.lib.common.rest_client [req-45fb679b-18dc-41c8-a781-d1425b23e82a req-45fb679b-18dc-41c8-a781-d1425b23e82a ] Request (ListServerFiltersTestJSON:tearDownClass): 200 GET http://10.180.1.21/compute/v2.1/servers/139591bc-25b9-4087-807d-ac8108d236c5 0.191s
2025-03-26 02:18:36.234 69896 INFO tempest.lib.common.rest_client [req-9d544e3e-5838-45f0-9882-c38a3f4698de req-9d544e3e-5838-45f0-9882-c38a3f4698de ] Request (ServerActionsV293TestJSON:setUpClass): 200 GET http://10.180.1.21/compute/v2.1/servers/1abdc0a5-e03b-4552-88f7-415e0c540b6b 0.161s
2025-03-26 02:18:36.277 69887 INFO tempest.lib.common.rest_client [req-5d21b8ba-0918-4945-b52b-a00b48300e01 req-5d21b8ba-0918-4945-b52b-a00b48300e01 ] Request (InstanceActionsV221TestJSON:test_get_list_deleted_instance_actions): 200 GET http://10.180.1.21/compute/v2.1/servers/96c066fd-a046-425e-84a0-79862433576b 0.159s
2025-03-26 02:18:36.343 69917 INFO tempest.lib.common.rest_client [req-f82d220c-830e-48f4-b76b-e5948827ffca req-f82d220c-830e-48f4-b76b-e5948827ffca ] Request (DeleteServersAdminTestJSON:test_delete_server_while_in_error_state): 200 GET http://10.180.1.21/compute/v2.1/servers/1829331d-4c2e-46d9-85a8-a39484c95e61 0.210s
2025-03-26 02:18:36.358 69911 INFO tempest.lib.common.rest_client [req-5577ac21-7189-46c9-a035-efef37069822 req-5577ac21-7189-46c9-a035-efef37069822 ] Request (FloatingIPsAssociationTestJSON:test_associate_already_associated_floating_ip): 200 GET http://10.180.1.21/compute/v2.1/servers/776708f7-9e48-4926-ab1d-d2a004fd5b3a 0.142s
2025-03-26 02:18:36.405 69903 INFO tempest.lib.common.rest_client [req-ee89897a-28e9-45ec-92b6-119086e58bb3 req-ee89897a-28e9-45ec-92b6-119086e58bb3 ] Request (ServerGroupTestJSON:test_create_server_with_scheduler_hint_group): 200 GET http://10.180.1.21/compute/v2.1/servers/7a0d471c-b83d-4a0f-96ea-146d5dd501ac 0.123s
2025-03-26 02:18:36.412 69903 INFO tempest.common.waiters [-] State transition "BUILD/None" ==> "BUILD/networking" after 61 second wait
2025-03-26 02:18:36.462 69875 INFO tempest.lib.common.rest_client [req-1d882505-b65e-4cd5-a7b0-aedcdede667c req-1d882505-b65e-4cd5-a7b0-aedcdede667c ] Request (ImagesOneServerTestJSON:setUpClass): 200 GET http://10.180.1.21/compute/v2.1/servers/f5d238a7-ea93-4189-8689-3c8b70b7c30e 0.129s
2025-03-26 02:18:36.488 69905 INFO tempest.lib.common.rest_client [req-314f4f68-f8c0-4724-80d1-eff22507fed0 req-314f4f68-f8c0-4724-80d1-eff22507fed0 ] Request (ServerAddressesNegativeTestJSON:setUpClass): 200 GET http://10.180.1.21/compute/v2.1/servers/aef82554-a852-4a4f-8cb8-f2ebe8c86a56 0.201s
2025-03-26 02:18:36.522 69915 INFO tempest.lib.common.rest_client [req-569f652e-eedb-4632-ac7d-ea142acbd064 req-569f652e-eedb-4632-ac7d-ea142acbd064 ] Request (MultipleCreateTestJSON:test_multiple_create): 200 GET http://10.180.1.21/compute/v2.1/servers/c34dfdae-12b1-40d0-9b88-de2427baf2eb 0.124s
2025-03-26 02:18:36.556 69889 INFO tempest.lib.common.rest_client [req-50ed3b39-abc8-4ea8-b7c0-b0e4781764d0 req-50ed3b39-abc8-4ea8-b7c0-b0e4781764d0 ] Request (ServersAdminNegativeTestJSON:test_migrate_server_invalid_state): 200 GET http://10.180.1.21/compute/v2.1/servers/259c51de-d787-4905-a37b-f175a3a68aa4 0.070s
2025-03-26 02:18:36.618 69913 INFO tempest.lib.common.rest_client [req-e1643b44-bd91-4b04-9b2e-c3097cfa77f5 req-e1643b44-bd91-4b04-9b2e-c3097cfa77f5 ] Request (AttachInterfacesTestJSON:test_create_list_show_delete_interfaces_by_fixed_ip): 200 GET http://10.180.1.21/compute/v2.1/servers/3295dc83-0554-4159-8f3f-d444d6e89b30 0.055s
2025-03-26 02:18:36.698 69873 INFO tempest.lib.common.rest_client [req-7302a849-bd15-4ced-8e98-f133822166e5 req-7302a849-bd15-4ced-8e98-f133822166e5 ] Request (ServersTestMultiNic:_run_cleanups): 200 GET http://10.180.1.21/compute/v2.1/servers/e1211f1b-d059-41be-9aa1-9af0c3ea6f81 0.060s
2025-03-26 02:18:36.956 69879 INFO tempest.lib.common.rest_client [req-ae9d3ae0-1ba8-414b-8151-bafbbf3fd5ad req-ae9d3ae0-1ba8-414b-8151-bafbbf3fd5ad ] Request (MigrationsAdminTest:test_list_migrations_in_flavor_resize_situation): 200 GET http://10.180.1.21/compute/v2.1/servers/5e1f2115-69a8-46f8-9680-6e8e61ef2c33 0.088s
2025-03-26 02:18:36.999 69923 INFO tempest.lib.common.rest_client [req-6e1f28a3-33f1-4b24-85f1-9b6e2cf6f87e req-6e1f28a3-33f1-4b24-85f1-9b6e2cf6f87e ] Request (ServerActionsTestOtherB:setUpClass): 200 GET http://10.180.1.21/compute/v2.1/servers/e1ea28d1-194d-4e26-8b7d-bf1060528315 0.122s
2025-03-26 02:18:37.017 69871 INFO tempest.lib.common.rest_client [req-504f9cb4-d16d-4e66-b050-96e942971806 req-504f9cb4-d16d-4e66-b050-96e942971806 ] Request (ServersTestJSON:test_create_server_with_ipv6_addr_only): 200 GET http://10.180.1.21/compute/v2.1/servers/72d3a20b-6a1b-4602-b335-e81f9e8c7c38 0.089s
2025-03-26 02:18:37.046 69881 INFO tempest.lib.common.rest_client [req-78c4eaa7-0c84-43b8-8e69-c9d519d4356a req-78c4eaa7-0c84-43b8-8e69-c9d519d4356a ] Request (AttachInterfacesUnderV243Test:test_add_remove_fixed_ip): 200 GET http://10.180.1.21/compute/v2.1/servers/97835afb-a848-4055-bc0e-ea508c403d1b 0.116s
2025-03-26 02:18:37.072 69883 INFO tempest.lib.common.rest_client [req-3a43fc76-4d52-4138-bc29-f23cd9f95491 req-3a43fc76-4d52-4138-bc29-f23cd9f95491 ] Request (ServersAdminTestJSON:test_inject_network_info): 200 GET http://10.180.1.21/compute/v2.1/servers/0e2dc0f8-d1a5-4c18-8363-abe49733dd76 0.093s
2025-03-26 02:18:37.095 69897 INFO tempest.lib.common.rest_client [req-847ae199-2cb9-4990-a984-73b924239629 req-847ae199-2cb9-4990-a984-73b924239629 ] Request (AttachVolumeShelveTestJSON:test_attach_volume_shelved_or_offload_server): 200 GET http://10.180.1.21/compute/v2.1/servers/2dff1cdf-b5c4-4b1d-94e8-24a3a2f5d450 0.106s
2025-03-26 02:18:37.121 69893 INFO tempest.lib.common.rest_client [req-3b9c5b5d-b95a-40cb-85cc-8c82bb91c69f req-3b9c5b5d-b95a-40cb-85cc-8c82bb91c69f ] Request (ServerRescueTestJSON:setUpClass): 200 GET http://10.180.1.21/compute/v2.1/servers/253e3a62-d9d8-4b70-8bf2-b0dc286f1f02 0.092s
2025-03-26 02:18:37.156 69927 INFO tempest.lib.common.rest_client [req-6bcdb9e8-39ee-4460-afa5-4b80ed241d55 req-6bcdb9e8-39ee-4460-afa5-4b80ed241d55 ] Request (ServerAddressesTestJSON:tearDownClass): 200 GET http://10.180.1.21/compute/v2.1/servers/1f7b9ad2-6d8b-413d-8a17-f258447cd2d1 0.111s
