2025-03-26 02:17:07.160 69889 INFO tempest.lib.common.rest_client [req-6c8c2240-7042-42c8-974b-f7024e5cdedf req-6c8c2240-7042-42c8-974b-f7024e5cdedf ] Request (ServersAdminNegativeTestJSON:setUpClass): 201 POST http://10.180.1.21/identity/v3/users 0.090s
2025-03-26 02:17:07.181 69889 INFO tempest.lib.common.rest_client [req-74592cb1-42c1-4fb6-ac76-5b94ed8bf067 req-74592cb1-42c1-4fb6-ac76-5b94ed8bf067 ] Request (ServersAdminNegativeTestJSON:setUpClass): 200 GET http://10.180.1.21/identity/v3/roles 0.021s
2025-03-26 02:17:07.198 69875 INFO tempest.lib.common.rest_client [req-3ef180da-e889-4545-bb08-950cd8ae832e req-3ef180da-e889-4545-bb08-950cd8ae832e ] Request (ImagesNegativeTestJSON:test_create_image_from_deleted_server): 204 DELETE http://10.180.1.21/compute/v2.1/servers/5c083db7-c953-4bee-961e-62fff3fff8ba 1.683s
2025-03-26 02:17:07.208 69897 INFO tempest.lib.common.rest_client [req-469b3acb-cee7-4142-bb26-9061d6f33c76 req-469b3acb-cee7-4142-bb26-9061d6f33c76 ] Request (AggregatesAdminNegativeTestJSON:test_aggregate_get_details_with_invalid_id): 404 GET http://10.180.1.21/compute/v2.1/os-aggregates/-1 1.551s
2025-03-26 02:17:07.211 69889 INFO tempest.lib.common.rest_client [req-b3593869-5280-4b56-bd36-fe0f5fb87604 req-b3593869-5280-4b56-bd36-fe0f5fb87604 ] Request (ServersAdminNegativeTestJSON:setUpClass): 204 PUT http://10.180.1.21/identity/v3/projects/04abe7ee71b24844a4b593b78de51e15/users/5f5fc2ca6da647d2be82ff3fc412eebb/roles/2bf98bbfa77248eba3f5fc91bfb4d7e2 0.029s
2025-03-26 02:17:07.211 69889 INFO tempest.lib.common.dynamic_creds [-] Dynamic test user 5f5fc2ca6da647d2be82ff3fc412eebb is created with scope project and roles: ['member']
2025-03-26 02:17:07.212 69889 INFO tempest.lib.common.dynamic_creds [-] Acquired dynamic creds: credentials: Credentials: {'domain_id': 'default', 'domain_name': 'Default', 'username': 'tempest-ServersAdminNegativeTestJSON-1235770896-project-member', 'project_domain_id': 'default', 'project_domain_name': 'Default', 'project_id': '04abe7ee71b24844a4b593b78de51e15', 'project_name': 'tempest-ServersAdminNegativeTestJSON-1235770896', 'tenant_id': '04abe7ee71b24844a4b593b78de51e15', 'tenant_name': 'tempest-ServersAdminNegativeTestJSON-1235770896', 'user_domain_id': 'default', 'user_domain_name': 'Default', 'user_id': '5f5fc2ca6da647d2be82ff3fc412eebb', 'system': None}, Network: None, Subnet: None, Router: None
2025-03-26 02:17:07.212 69889 INFO tempest.lib.common.dynamic_creds [-] Created isolated network resources for: credentials: Credentials: {'domain_id': 'default', 'domain_name': 'Default', 'username': 'tempest-ServersAdminNegativeTestJSON-1235770896-project-member', 'project_domain_id': 'default', 'project_domain_name': 'Default', 'project_id': '04abe7ee71b24844a4b593b78de51e15', 'project_name': 'tempest-ServersAdminNegativeTestJSON-1235770896', 'tenant_id': '04abe7ee71b24844a4b593b78de51e15', 'tenant_name': 'tempest-ServersAdminNegativeTestJSON-1235770896', 'user_domain_id': 'default', 'user_domain_name': 'Default', 'user_id': '5f5fc2ca6da647d2be82ff3fc412eebb', 'system': None}, Network: None, Subnet: None, Router: None
2025-03-26 02:17:07.274 69913 INFO tempest.lib.common.rest_client [req-431b6532-0107-4d05-9989-c71e8003a139 req-431b6532-0107-4d05-9989-c71e8003a139 ] Request (ServerDiagnosticsNegativeTest:test_get_server_diagnostics_by_non_admin): 200 GET http://10.180.1.21/compute/v2.1/servers/7620df0b-07ff-4e13-8079-55ecaf7dc996 1.606s
2025-03-26 02:17:07.280 69903 INFO tempest.lib.common.rest_client [req-403ce207-7e80-45ef-8597-5e1f6b13f746 req-403ce207-7e80-45ef-8597-5e1f6b13f746 ] Request (ImagesMetadataTestJSON:setUp): 200 PUT http://10.180.1.21/compute/v2.1/images/36a596d4-38db-4007-b71a-215eb8de1a95/metadata 1.645s
2025-03-26 02:17:07.296 69915 INFO tempest.lib.common.rest_client [req-2342823f-c069-420c-8b75-0f466109a093 req-2342823f-c069-420c-8b75-0f466109a093 ] Request (FlavorsAdminTestJSON:test_create_server_with_non_public_flavor): 200 POST http://10.180.1.21/compute/v2.1/flavors 1.531s
2025-03-26 02:17:07.297 69889 INFO tempest.lib.common.rest_client [req-9699eeca-6d63-4d71-990c-9993b5a3c85c req-9699eeca-6d63-4d71-990c-9993b5a3c85c ] Request (ServersAdminNegativeTestJSON:setUpClass): 201 POST http://10.180.1.21/identity/v3/auth/tokens 0.077s
2025-03-26 02:17:07.385 69919 INFO tempest.lib.common.rest_client [req-cc33d9bf-87b8-4355-840f-ee9db5098832 req-cc33d9bf-87b8-4355-840f-ee9db5098832 ] Request (VolumesAssistedSnapshotsTest:test_volume_assisted_snapshot_create_delete): 200 GET http://10.180.1.21/compute/v2.1/servers/abc1186a-59c7-4e08-a0d6-e6fc42dd58b1 1.509s
2025-03-26 02:17:07.407 69889 INFO tempest.lib.common.rest_client [req-14309852-f6c4-44db-aa0a-366d97e52f50 req-14309852-f6c4-44db-aa0a-366d97e52f50 ] Request (ServersAdminNegativeTestJSON:setUpClass): 201 POST http://10.180.1.21/identity/v3/projects 0.108s
2025-03-26 02:17:07.466 69867 INFO tempest.lib.common.rest_client [req-0729d628-e1e4-4e82-a001-13b8ced006f8 req-0729d628-e1e4-4e82-a001-13b8ced006f8 ] Request (ListImageFiltersTestJSON:setUpClass): 200 GET http://10.180.1.21/compute/v2.1/servers/42403335-6ef3-4773-b3ac-a3aebd33394c 1.538s
2025-03-26 02:17:07.470 69909 INFO tempest.lib.common.rest_client [req-60ddf30e-cc1b-4ca4-9973-5ad0c06c9c77 req-60ddf30e-cc1b-4ca4-9973-5ad0c06c9c77 ] Request (VolumesAdminNegativeTest:test_update_attached_volume_with_nonexistent_volume_in_body): 200 GET http://10.180.1.21/compute/v2.1/servers/df53ded8-cbb1-4cde-840b-49ef4fa631c9 1.648s
2025-03-26 02:17:07.487 69893 INFO tempest.lib.common.rest_client [req-5c0ba7d4-4b26-4412-9a40-0de532ca7822 req-5c0ba7d4-4b26-4412-9a40-0de532ca7822 ] Request (FlavorsAccessNegativeTestJSON:_run_cleanups): 202 DELETE http://10.180.1.21/compute/v2.1/flavors/1338433902 1.498s
2025-03-26 02:17:07.524 69889 INFO tempest.lib.common.rest_client [req-ea0e8567-5bca-4040-8225-39ebe65f4048 req-ea0e8567-5bca-4040-8225-39ebe65f4048 ] Request (ServersAdminNegativeTestJSON:setUpClass): 201 POST http://10.180.1.21/identity/v3/users 0.117s
2025-03-26 02:17:07.550 69889 INFO tempest.lib.common.rest_client [req-9cfa698e-fde8-401a-a094-d99f47f3c8da req-9cfa698e-fde8-401a-a094-d99f47f3c8da ] Request (ServersAdminNegativeTestJSON:setUpClass): 200 GET http://10.180.1.21/identity/v3/roles 0.025s
2025-03-26 02:17:07.561 69917 INFO tempest.lib.common.rest_client [req-34813274-fce7-42e5-af64-6fef7140d104 req-34813274-fce7-42e5-af64-6fef7140d104 ] Request (DeleteServersAdminTestJSON:test_admin_delete_servers_of_others): 200 GET http://10.180.1.21/compute/v2.1/servers/9e2267ca-a62e-4cff-a797-7695330e5aa0 1.480s
2025-03-26 02:17:07.567 69911 INFO tempest.lib.common.rest_client [req-afd953d1-7d57-45e4-a294-1f8ec98160d4 req-afd953d1-7d57-45e4-a294-1f8ec98160d4 ] Request (FloatingIPsAssociationTestJSON:setUpClass): 200 GET http://10.180.1.21/compute/v2.1/servers/2dacd7c5-0893-4293-8676-db390b90b3d5 1.268s
2025-03-26 02:17:07.591 69889 INFO tempest.lib.common.rest_client [req-1c300951-c04c-4f80-b292-33aa70d20622 req-1c300951-c04c-4f80-b292-33aa70d20622 ] Request (ServersAdminNegativeTestJSON:setUpClass): 204 PUT http://10.180.1.21/identity/v3/projects/c76eb51a90464abb9efe5493c50e3550/users/22d77d7cb88b41159a82e1eadc801ba9/roles/29939e42f6374877bbb4660dfbe13e43 0.040s
2025-03-26 02:17:07.629 69885 INFO tempest.lib.common.rest_client [req-0037d69e-52cc-46a9-9716-4b899191dd84 req-0037d69e-52cc-46a9-9716-4b899191dd84 ] Request (ImagesOneServerNegativeTestJSON:setUpClass): 200 GET http://10.180.1.21/compute/v2.1/servers/e2e5aa07-b856-4b26-89de-eeaa85de3f23 1.216s
2025-03-26 02:17:07.635 69873 INFO tempest.lib.common.rest_client [req-b1a6aebb-bb42-44ae-8e48-093feed4e68e req-b1a6aebb-bb42-44ae-8e48-093feed4e68e ] Request (ServersTestMultiNic:test_verify_duplicate_network_nics): 200 GET http://10.180.1.21/compute/v2.1/servers/e1211f1b-d059-41be-9aa1-9af0c3ea6f81 1.162s
2025-03-26 02:17:07.667 69889 INFO tempest.lib.common.rest_client [req-3ee3cb16-07d1-4801-9675-2ecbf16457ff req-3ee3cb16-07d1-4801-9675-2ecbf16457ff ] Request (ServersAdminNegativeTestJSON:setUpClass): 200 GET http://10.180.1.21/identity/v3/roles 0.075s
2025-03-26 02:17:07.690 69889 INFO tempest.lib.common.rest_client [req-074db761-c037-476b-aa77-44994180b350 req-074db761-c037-476b-aa77-44994180b350 ] Request (ServersAdminNegativeTestJSON:setUpClass): 204 PUT http://10.180.1.21/identity/v3/projects/c76eb51a90464abb9efe5493c50e3550/users/22d77d7cb88b41159a82e1eadc801ba9/roles/29939e42f6374877bbb4660dfbe13e43 0.022s
2025-03-26 02:17:07.690 69889 INFO tempest.lib.common.dynamic_creds [-] Dynamic test user 22d77d7cb88b41159a82e1eadc801ba9 is created with scope project and roles: ['admin']
2025-03-26 02:17:07.690 69889 INFO tempest.lib.common.dynamic_creds [-] Acquired dynamic creds: credentials: Credentials: {'domain_id': 'default', 'domain_name': 'Default', 'username': 'tempest-ServersAdminNegativeTestJSON-1472046293-project-admin', 'project_domain_id': 'default', 'project_domain_name': 'Default', 'project_id': 'c76eb51a90464abb9efe5493c50e3550', 'project_name': 'tempest-ServersAdminNegativeTestJSON-1472046293', 'tenant_id': 'c76eb51a90464abb9efe5493c50e3550', 'tenant_name': 'tempest-ServersAdminNegativeTestJSON-1472046293', 'user_domain_id': 'default', 'user_domain_name': 'Default', 'user_id': '22d77d7cb88b41159a82e1eadc801ba9', 'system': None}, Network: None, Subnet: None, Router: None
2025-03-26 02:17:07.690 69889 INFO tempest.lib.common.dynamic_creds [-] Created isolated network resources for: credentials: Credentials: {'domain_id': 'default', 'domain_name': 'Default', 'username': 'tempest-ServersAdminNegativeTestJSON-1472046293-project-admin', 'project_domain_id': 'default', 'project_domain_name': 'Default', 'project_id': 'c76eb51a90464abb9efe5493c50e3550', 'project_name': 'tempest-ServersAdminNegativeTestJSON-1472046293', 'tenant_id': 'c76eb51a90464abb9efe5493c50e3550', 'tenant_name': 'tempest-ServersAdminNegativeTestJSON-1472046293', 'user_domain_id': 'default', 'user_domain_name': 'Default', 'user_id': '22d77d7cb88b41159a82e1eadc801ba9', 'system': None}, Network: None, Subnet: None, Router: None
2025-03-26 02:17:07.721 69871 INFO tempest.lib.common.rest_client [req-3192c9b7-56ae-4dfe-a298-85810cca4113 req-3192c9b7-56ae-4dfe-a298-85810cca4113 ] Request (ServersTestJSON:setUpClass): 201 POST http://10.180.1.21:9696/networking/v2.0/routers 0.881s
2025-03-26 02:17:07.749 69896 INFO tempest.lib.common.rest_client [req-9fd8e7ed-a6c8-4545-adbf-e2576bbcdfb8 req-9fd8e7ed-a6c8-4545-adbf-e2576bbcdfb8 ] Request (ServerExternalEventsTest:tearDownClass): 204 DELETE http://10.180.1.21/compute/v2.1/servers/f2f528e6-d7a1-43de-bb04-9a9f4068e1a0 1.078s
2025-03-26 02:17:07.792 69889 INFO tempest.lib.common.rest_client [req-a0e0b39e-3049-40d1-b036-3761c1b7700a req-a0e0b39e-3049-40d1-b036-3761c1b7700a ] Request (ServersAdminNegativeTestJSON:setUpClass): 201 POST http://10.180.1.21/identity/v3/auth/tokens 0.098s
2025-03-26 02:17:07.868 69889 INFO tempest.lib.common.rest_client [req-a7513945-c0e1-4cb8-97f5-4e82924e944c req-a7513945-c0e1-4cb8-97f5-4e82924e944c ] Request (ServersAdminNegativeTestJSON:setUpClass): 201 POST http://10.180.1.21/identity/v3/auth/tokens 0.070s
2025-03-26 02:17:07.869 69889 INFO tempest.lib.common.fixed_network [-] (ServersAdminNegativeTestJSON:setUpClass) Found network None available for tenant
2025-03-26 02:17:07.905 69907 INFO tempest.lib.common.rest_client [req-91e77332-9797-47cf-93c8-1c3c3c64fe20 req-91e77332-9797-47cf-93c8-1c3c3c64fe20 ] Request (ListServerFiltersTestJSON:setUpClass): 200 GET http://10.180.1.21/compute/v2.1/servers/139591bc-25b9-4087-807d-ac8108d236c5 1.316s
2025-03-26 02:17:07.934 69877 INFO tempest.lib.common.rest_client [req-01b3adcf-eba6-4ff4-a3f1-fc146384a6fd req-01b3adcf-eba6-4ff4-a3f1-fc146384a6fd ] Request (ImagesTestJSON:test_create_image_from_stopped_server): 200 GET http://10.180.1.21/compute/v2.1/servers/ad28f56e-b1a6-4725-a6cf-c6de65213ebb 1.194s
2025-03-26 02:17:07.943 69877 INFO tempest.common.waiters [-] State transition "BUILD/spawning" ==> "ACTIVE/None" after 28 second wait
2025-03-26 02:17:08.026 69923 INFO tempest.lib.common.rest_client [req-116b8e51-5644-46bc-ae46-5abfaa4254e9 req-116b8e51-5644-46bc-ae46-5abfaa4254e9 ] Request (QuotasAdminNegativeTest:test_create_server_when_instances_quota_is_full): 200 GET http://10.180.1.21/compute/v2.1/os-quota-sets/486dafb32e16462c908c135e5f4994af 1.188s
2025-03-26 02:17:08.179 69905 INFO tempest.lib.common.rest_client [req-ad22056a-fa8a-4e60-91c8-a487a610e115 req-ad22056a-fa8a-4e60-91c8-a487a610e115 ] Request (QuotaClassesAdminTestJSON:test_update_default_quotas): 200 PUT http://10.180.1.21/compute/v2.1/os-quota-class-sets/default 1.202s
2025-03-26 02:17:08.240 69891 INFO tempest.lib.common.rest_client [req-d44bae50-878c-4f1c-96b6-4c8c10a1e422 req-d44bae50-878c-4f1c-96b6-4c8c10a1e422 ] Request (ServersWithSpecificFlavorTestJSON:test_verify_created_server_ephemeral_disk): 200 GET http://10.180.1.21/compute/v2.1/servers/7263b1c7-456e-4a50-98ba-07c58cc44115 1.152s
2025-03-26 02:17:08.299 69887 INFO tempest.lib.common.rest_client [req-e3af0a95-0a1f-4de1-81c1-f6ed791bee23 req-e3af0a95-0a1f-4de1-81c1-f6ed791bee23 ] Request (ServerDiagnosticsV248Test:test_get_server_diagnostics): 200 GET http://10.180.1.21/compute/v2.1/servers/3828ecd8-0808-46ab-9f51-525db9ef01f6 1.141s
2025-03-26 02:17:08.399 69901 INFO tempest.lib.common.rest_client [req-7e778e66-3811-4e5a-aecb-401408a63d28 req-7e778e66-3811-4e5a-aecb-401408a63d28 ] Request (FloatingIPDetailsTestJSON:setUpClass): 201 POST http://10.180.1.21:9696/networking/v2.0/routers 1.326s
2025-03-26 02:17:08.411 69879 INFO tempest.lib.common.rest_client [req-8c07e778-7927-4d7e-b104-4c4ebc393e19 req-8c07e778-7927-4d7e-b104-4c4ebc393e19 ] Request (MigrationsAdminTest:test_list_migrations): 200 GET http://10.180.1.21/compute/v2.1/os-migrations 1.254s
2025-03-26 02:17:08.481 69879 INFO tempest.lib.common.rest_client [req-d2ec5bf1-c3cb-40ac-a5ba-bc519ea65b6e req-d2ec5bf1-c3cb-40ac-a5ba-bc519ea65b6e ] Request (MigrationsAdminTest:test_list_migrations_in_flavor_resize_situation): 201 POST http://10.180.1.21/identity/v3/auth/tokens 0.062s
2025-03-26 02:17:08.481 69879 INFO tempest.lib.common.fixed_network [-] (MigrationsAdminTest:test_list_migrations_in_flavor_resize_situation) Found network None available for tenant
2025-03-26 02:17:08.606 69875 INFO tempest.lib.common.rest_client [req-a16c9fe4-09e1-42ec-bb35-395ae52ff19f req-a16c9fe4-09e1-42ec-bb35-395ae52ff19f ] Request (ImagesNegativeTestJSON:test_create_image_from_deleted_server): 200 GET http://10.180.1.21/compute/v2.1/servers/5c083db7-c953-4bee-961e-62fff3fff8ba 1.407s
2025-03-26 02:17:08.614 69897 INFO tempest.lib.common.rest_client [req-88cbf80a-ef16-4818-8c24-c29b51e21fa3 req-88cbf80a-ef16-4818-8c24-c29b51e21fa3 ] Request (AggregatesAdminNegativeTestJSON:test_aggregate_list_as_user): 403 GET http://10.180.1.21/compute/v2.1/os-aggregates 1.404s
2025-03-26 02:17:08.677 69865 INFO tempest.lib.common.rest_client [req-b9291482-ebb8-4eaf-9fdf-f2164ac5ca9f req-b9291482-ebb8-4eaf-9fdf-f2164ac5ca9f ] Request (ServersV294TestFqdnHostnames:setUpClass): 200 GET http://10.180.1.21/compute/v2.1/servers/95c71e5d-aa84-4bfa-90ca-a171d51b8416 1.440s
2025-03-26 02:17:08.719 69903 INFO tempest.lib.common.rest_client [req-c6ea3870-eb04-4004-8fe3-ed7057f91743 req-c6ea3870-eb04-4004-8fe3-ed7057f91743 ] Request (ImagesMetadataTestJSON:test_list_image_metadata): 200 GET http://10.180.1.21/compute/v2.1/images/36a596d4-38db-4007-b71a-215eb8de1a95/metadata 1.436s
2025-03-26 02:17:08.733 69915 INFO tempest.lib.common.rest_client [req-55a1f00e-0e4a-43d5-aa0a-e46c554aab50 req-55a1f00e-0e4a-43d5-aa0a-e46c554aab50 ] Request (FlavorsAdminTestJSON:test_create_server_with_non_public_flavor): 400 POST http://10.180.1.21/compute/v2.1/servers 1.434s
2025-03-26 02:17:08.771 69869 INFO tempest.lib.common.rest_client [req-b54dc4c7-e9dc-4943-b982-112f8f6e8adc req-b54dc4c7-e9dc-4943-b982-112f8f6e8adc ] Request (FloatingIPsAssociationNegativeTestJSON:test_associate_ip_to_server_with_floating_ip): 400 POST http://10.180.1.21/compute/v2.1/servers/e1b3c6c8-f311-4a76-9275-5c155c162449/action 1.857s
2025-03-26 02:17:08.877 69881 INFO tempest.lib.common.rest_client [req-220a96d1-e657-41be-83e5-2419a137b8df req-220a96d1-e657-41be-83e5-2419a137b8df ] Request (ServerDiagnosticsTest:test_get_server_diagnostics): 200 GET http://10.180.1.21/compute/v2.1/servers/690648e9-1344-4076-9f7e-b329089e36a5 1.413s
2025-03-26 02:17:08.906 69893 INFO tempest.lib.common.rest_client [req-9c1ca93e-f207-4f06-8c45-3eca2780ce3d req-9c1ca93e-f207-4f06-8c45-3eca2780ce3d ] Request (FlavorsAccessNegativeTestJSON:_run_cleanups): 200 GET http://10.180.1.21/compute/v2.1/flavors/detail 1.418s
2025-03-26 02:17:08.912 69883 INFO tempest.lib.common.rest_client [req-93373285-8488-424a-861b-b816d48f756a req-93373285-8488-424a-861b-b816d48f756a ] Request (ServersAdminTestJSON:setUpClass): 200 GET http://10.180.1.21/compute/v2.1/servers/53d12c7f-50bb-413b-85e8-f5201f7aa8ff 1.512s
2025-03-26 02:17:08.978 69927 INFO tempest.lib.common.rest_client [req-b8fc7c96-659b-4be3-ba45-5eea4fb86629 req-b8fc7c96-659b-4be3-ba45-5eea4fb86629 ] Request (ServerAddressesTestJSON:setUpClass): 200 GET http://10.180.1.21/compute/v2.1/servers/1f7b9ad2-6d8b-413d-8a17-f258447cd2d1 1.452s
2025-03-26 02:17:09.043 69896 INFO tempest.lib.common.rest_client [req-bfa0cdc7-1701-470e-946a-a588b1305ff1 req-bfa0cdc7-1701-470e-946a-a588b1305ff1 ] Request (ServerExternalEventsTest:tearDownClass): 200 GET http://10.180.1.21/compute/v2.1/servers/f2f528e6-d7a1-43de-bb04-9a9f4068e1a0 1.294s
2025-03-26 02:17:09.128 69877 INFO tempest.lib.common.rest_client [req-d224c213-acd1-4a50-9f11-c5da286d881b req-d224c213-acd1-4a50-9f11-c5da286d881b ] Request (ImagesTestJSON:test_create_image_from_stopped_server): 202 POST http://10.180.1.21/compute/v2.1/servers/ad28f56e-b1a6-4725-a6cf-c6de65213ebb/action 1.185s
2025-03-26 02:17:09.215 69923 INFO tempest.lib.common.rest_client [req-128c5d53-c8b9-4485-b787-6ec6a7b12f8d req-128c5d53-c8b9-4485-b787-6ec6a7b12f8d ] Request (QuotasAdminNegativeTest:test_create_server_when_instances_quota_is_full): 200 PUT http://10.180.1.21/compute/v2.1/os-quota-sets/486dafb32e16462c908c135e5f4994af 1.187s
2025-03-26 02:17:09.274 69889 INFO tempest.lib.common.rest_client [req-246bef5f-5312-462a-bb05-ea2c992b0c7e req-246bef5f-5312-462a-bb05-ea2c992b0c7e ] Request (ServersAdminNegativeTestJSON:setUpClass): 202 POST http://10.180.1.21/compute/v2.1/servers 1.404s
2025-03-26 02:17:09.274 69925 INFO tempest.lib.common.rest_client [req-15ac49f9-d48c-4c66-9cc6-b193dfae7a4c req-15ac49f9-d48c-4c66-9cc6-b193dfae7a4c ] Request (TenantUsagesTestJSON:tearDownClass): 200 GET http://10.180.1.21/compute/v2.1/servers/690ffaf0-bc91-4427-98fd-15b4bdffb58f 1.143s
2025-03-26 02:17:09.298 69905 INFO tempest.lib.common.rest_client [req-b77452da-6422-4458-90df-1c0ecea4174a req-b77452da-6422-4458-90df-1c0ecea4174a ] Request (QuotaClassesAdminTestJSON:test_update_default_quotas): 200 GET http://10.180.1.21/compute/v2.1/os-quota-class-sets/default 1.117s
2025-03-26 02:17:09.307 69923 INFO tempest.lib.common.rest_client [req-124d5d85-8fab-4d8f-bc80-5c986a43f5c8 req-124d5d85-8fab-4d8f-bc80-5c986a43f5c8 ] Request (QuotasAdminNegativeTest:test_create_server_when_instances_quota_is_full): 201 POST http://10.180.1.21/identity/v3/auth/tokens 0.084s
2025-03-26 02:17:09.308 69923 INFO tempest.lib.common.fixed_network [-] (QuotasAdminNegativeTest:test_create_server_when_instances_quota_is_full) Found network None available for tenant
2025-03-26 02:17:09.349 69913 INFO tempest.lib.common.rest_client [req-fede7b3d-0ad5-4437-9b10-11601011e1a6 req-fede7b3d-0ad5-4437-9b10-11601011e1a6 ] Request (ServerDiagnosticsNegativeTest:test_get_server_diagnostics_by_non_admin): 200 GET http://10.180.1.21/compute/v2.1/servers/7620df0b-07ff-4e13-8079-55ecaf7dc996 1.061s
2025-03-26 02:17:09.373 69919 INFO tempest.lib.common.rest_client [req-72ae23cc-d7b0-45cd-b240-8ed12a12a78b req-72ae23cc-d7b0-45cd-b240-8ed12a12a78b ] Request (VolumesAssistedSnapshotsTest:test_volume_assisted_snapshot_create_delete): 200 GET http://10.180.1.21/compute/v2.1/servers/abc1186a-59c7-4e08-a0d6-e6fc42dd58b1 0.976s
2025-03-26 02:17:09.447 69867 INFO tempest.lib.common.rest_client [req-53a92f59-cc7a-4c79-8433-c9ea27b54076 req-53a92f59-cc7a-4c79-8433-c9ea27b54076 ] Request (ListImageFiltersTestJSON:setUpClass): 200 GET http://10.180.1.21/compute/v2.1/servers/42403335-6ef3-4773-b3ac-a3aebd33394c 0.965s
2025-03-26 02:17:09.549 69901 INFO tempest.lib.common.rest_client [req-c027c983-a1a6-416a-99c0-b58a8a07709c req-c027c983-a1a6-416a-99c0-b58a8a07709c ] Request (FloatingIPDetailsTestJSON:setUpClass): 200 PUT http://10.180.1.21:9696/networking/v2.0/routers/92203104-7495-4c94-ba39-681032fed600/add_router_interface 1.150s
2025-03-26 02:17:09.550 69901 INFO tempest.lib.common.dynamic_creds [-] Created isolated network resources for: credentials: Credentials: {'domain_id': 'default', 'domain_name': 'Default', 'username': 'tempest-FloatingIPDetailsTestJSON-1281263493-project-member', 'project_domain_id': 'default', 'project_domain_name': 'Default', 'project_id': '92709e9bedb340e8a1fb11ee047111e7', 'project_name': 'tempest-FloatingIPDetailsTestJSON-1281263493', 'tenant_id': '92709e9bedb340e8a1fb11ee047111e7', 'tenant_name': 'tempest-FloatingIPDetailsTestJSON-1281263493', 'user_domain_id': 'default', 'user_domain_name': 'Default', 'user_id': 'bd1449158632462e8d821d1a72c19e98', 'system': None}, Network: {'id': 'a1fbed0e-4658-4f88-8f7e-b5b7c80054da', 'name': 'tempest-FloatingIPDetailsTestJSON-317072342-network', 'tenant_id': '92709e9bedb340e8a1fb11ee047111e7', 'admin_state_up': True, 'mtu': 8950, 'status': 'ACTIVE', 'subnets': [], 'shared': False, 'project_id': '92709e9bedb340e8a1fb11ee047111e7', 'port_security_enabled': True, 'router:external': False, 'provider:network_type': 'vlan', 'provider:physical_network': 'default', 'provider:segmentation_id': 634, 'availability_zone_hints': [], 'availability_zones': [], 'ipv4_address_scope': None, 'ipv6_address_scope': None, 'description': '', 'tags': [], 'created_at': '2025-03-26T02:17:06Z', 'updated_at': '2025-03-26T02:17:06Z', 'revision_number': 1}, Subnet: {'id': '0476ac12-f7b5-45c6-b7b4-556094611f04', 'name': 'tempest-FloatingIPDetailsTestJSON-317072342-subnet', 'tenant_id': '92709e9bedb340e8a1fb11ee047111e7', 'network_id': 'a1fbed0e-4658-4f88-8f7e-b5b7c80054da', 'ip_version': 4, 'subnetpool_id': None, 'enable_dhcp': True, 'ipv6_ra_mode': None, 'ipv6_address_mode': None, 'gateway_ip': '192.168.128.1', 'cidr': '192.168.128.0/28', 'allocation_pools': [{'start': '192.168.128.2', 'end': '192.168.128.14'}], 'host_routes': [], 'dns_nameservers': [], 'description': '', 'router:external': False, 'service_types': [], 'tags': [], 'created_at': '2025-03-26T02:17:06Z', 'updated_at': '2025-03-26T02:17:06Z', 'revision_number': 0, 'project_id': '92709e9bedb340e8a1fb11ee047111e7'}, Router: {'id': '92203104-7495-4c94-ba39-681032fed600', 'name': 'tempest-FloatingIPDetailsTestJSON-317072342-router', 'tenant_id': '92709e9bedb340e8a1fb11ee047111e7', 'admin_state_up': True, 'status': 'ACTIVE', 'external_gateway_info': {'network_id': '4cdd3bcc-3422-4fd2-9979-eec3e18a6fd4', 'external_fixed_ips': [{'subnet_id': '8662c71b-1411-4c17-b187-3d63a5905cb7', 'ip_address': '10.180.180.133'}], 'enable_snat': True}, 'description': '', 'availability_zones': [], 'distributed': False, 'ha': False, 'availability_zone_hints': [], 'routes': [], 'flavor_id': None, 'tags': [], 'created_at': '2025-03-26T02:17:07Z', 'updated_at': '2025-03-26T02:17:07Z', 'revision_number': 2, 'project_id': '92709e9bedb340e8a1fb11ee047111e7'}
2025-03-26 02:17:09.602 69909 INFO tempest.lib.common.rest_client [req-7560ebf3-9f76-4e66-9526-6f5d554d6c14 req-7560ebf3-9f76-4e66-9526-6f5d554d6c14 ] Request (VolumesAdminNegativeTest:test_update_attached_volume_with_nonexistent_volume_in_body): 200 GET http://10.180.1.21/compute/v2.1/servers/df53ded8-cbb1-4cde-840b-49ef4fa631c9 1.118s
2025-03-26 02:17:09.656 69901 INFO tempest.lib.common.rest_client [req-149770da-02b4-49b7-b8c5-11545efb6a65 req-149770da-02b4-49b7-b8c5-11545efb6a65 ] Request (FloatingIPDetailsTestJSON:setUpClass): 201 POST http://10.180.1.21/identity/v3/auth/tokens 0.100s
2025-03-26 02:17:09.679 69917 INFO tempest.lib.common.rest_client [req-bdd530db-a285-4b8d-9956-637f7246bc16 req-bdd530db-a285-4b8d-9956-637f7246bc16 ] Request (DeleteServersAdminTestJSON:test_admin_delete_servers_of_others): 200 GET http://10.180.1.21/compute/v2.1/servers/9e2267ca-a62e-4cff-a797-7695330e5aa0 1.107s
2025-03-26 02:17:09.738 69911 INFO tempest.lib.common.rest_client [req-afa77269-157d-4739-8c8c-2f93d7a3bac2 req-afa77269-157d-4739-8c8c-2f93d7a3bac2 ] Request (FloatingIPsAssociationTestJSON:setUpClass): 200 GET http://10.180.1.21/compute/v2.1/servers/2dacd7c5-0893-4293-8676-db390b90b3d5 1.157s
2025-03-26 02:17:09.764 69897 INFO tempest.lib.common.rest_client [req-ae79d493-7c8b-41c8-8126-6984efe1e997 req-ae79d493-7c8b-41c8-8126-6984efe1e997 ] Request (AggregatesAdminNegativeTestJSON:test_aggregate_remove_host_as_user): 200 POST http://10.180.1.21/compute/v2.1/os-aggregates 1.149s
2025-03-26 02:17:09.768 69871 INFO tempest.lib.common.rest_client [req-4fb87e51-928f-483b-abae-ce976329a146 req-4fb87e51-928f-483b-abae-ce976329a146 ] Request (ServersTestJSON:setUpClass): 200 PUT http://10.180.1.21:9696/networking/v2.0/routers/7651b63d-2c4f-47fa-8654-dcdd5b118a5d/add_router_interface 2.047s
2025-03-26 02:17:09.769 69871 INFO tempest.lib.common.dynamic_creds [-] Created isolated network resources for: credentials: Credentials: {'domain_id': 'default', 'domain_name': 'Default', 'username': 'tempest-ServersTestJSON-141752491-project-member', 'project_domain_id': 'default', 'project_domain_name': 'Default', 'project_id': 'fe31a0dab018416382f0c8af99bc7d87', 'project_name': 'tempest-ServersTestJSON-141752491', 'tenant_id': 'fe31a0dab018416382f0c8af99bc7d87', 'tenant_name': 'tempest-ServersTestJSON-141752491', 'user_domain_id': 'default', 'user_domain_name': 'Default', 'user_id': '37d34b11bbfc42c5bdccc421374336fd', 'system': None}, Network: {'id': '94e38590-b9b6-4080-b3be-d140502e4b35', 'name': 'tempest-ServersTestJSON-750784699-network', 'tenant_id': 'fe31a0dab018416382f0c8af99bc7d87', 'admin_state_up': True, 'mtu': 8950, 'status': 'ACTIVE', 'subnets': [], 'shared': False, 'project_id': 'fe31a0dab018416382f0c8af99bc7d87', 'port_security_enabled': True, 'router:external': False, 'provider:network_type': 'vlan', 'provider:physical_network': 'default', 'provider:segmentation_id': 621, 'availability_zone_hints': [], 'availability_zones': [], 'ipv4_address_scope': None, 'ipv6_address_scope': None, 'description': '', 'tags': [], 'created_at': '2025-03-26T02:17:06Z', 'updated_at': '2025-03-26T02:17:06Z', 'revision_number': 1}, Subnet: {'id': '42cdb6b6-1d26-4d3c-97a3-c515eb364155', 'name': 'tempest-ServersTestJSON-750784699-subnet', 'tenant_id': 'fe31a0dab018416382f0c8af99bc7d87', 'network_id': '94e38590-b9b6-4080-b3be-d140502e4b35', 'ip_version': 4, 'subnetpool_id': None, 'enable_dhcp': True, 'ipv6_ra_mode': None, 'ipv6_address_mode': None, 'gateway_ip': '192.168.128.1', 'cidr': '192.168.128.0/28', 'allocation_pools': [{'start': '192.168.128.2', 'end': '192.168.128.14'}], 'host_routes': [], 'dns_nameservers': [], 'description': '', 'router:external': False, 'service_types': [], 'tags': [], 'created_at': '2025-03-26T02:17:06Z', 'updated_at': '2025-03-26T02:17:06Z', 'revision_number': 0, 'project_id': 'fe31a0dab018416382f0c8af99bc7d87'}, Router: {'id': '7651b63d-2c4f-47fa-8654-dcdd5b118a5d', 'name': 'tempest-ServersTestJSON-750784699-router', 'tenant_id': 'fe31a0dab018416382f0c8af99bc7d87', 'admin_state_up': True, 'status': 'ACTIVE', 'external_gateway_info': {'network_id': '4cdd3bcc-3422-4fd2-9979-eec3e18a6fd4', 'external_fixed_ips': [{'subnet_id': '8662c71b-1411-4c17-b187-3d63a5905cb7', 'ip_address': '10.180.180.149'}], 'enable_snat': True}, 'description': '', 'availability_zones': [], 'distributed': False, 'ha': False, 'availability_zone_hints': [], 'routes': [], 'flavor_id': None, 'tags': [], 'created_at': '2025-03-26T02:17:06Z', 'updated_at': '2025-03-26T02:17:07Z', 'revision_number': 2, 'project_id': 'fe31a0dab018416382f0c8af99bc7d87'}
2025-03-26 02:17:09.801 69879 INFO tempest.lib.common.rest_client [req-438a8de1-3b08-4c4d-be2b-11ba62d21b11 req-438a8de1-3b08-4c4d-be2b-11ba62d21b11 ] Request (MigrationsAdminTest:test_list_migrations_in_flavor_resize_situation): 202 POST http://10.180.1.21/compute/v2.1/servers 1.320s
2025-03-26 02:17:09.822 69885 INFO tempest.lib.common.rest_client [req-7e4e42da-3966-4131-bad5-e758294a6703 req-7e4e42da-3966-4131-bad5-e758294a6703 ] Request (ImagesOneServerNegativeTestJSON:setUpClass): 200 GET http://10.180.1.21/compute/v2.1/servers/e2e5aa07-b856-4b26-89de-eeaa85de3f23 1.183s
2025-03-26 02:17:09.863 69871 INFO tempest.lib.common.rest_client [req-63a59921-5b0c-4d15-a533-7cacab7bd790 req-63a59921-5b0c-4d15-a533-7cacab7bd790 ] Request (ServersTestJSON:setUpClass): 201 POST http://10.180.1.21/identity/v3/auth/tokens 0.090s
2025-03-26 02:17:09.899 69873 INFO tempest.lib.common.rest_client [req-dbceeb30-dcdd-45b9-845c-bfa64f3b6065 req-dbceeb30-dcdd-45b9-845c-bfa64f3b6065 ] Request (ServersTestMultiNic:test_verify_duplicate_network_nics): 200 GET http://10.180.1.21/compute/v2.1/servers/e1211f1b-d059-41be-9aa1-9af0c3ea6f81 1.253s
2025-03-26 02:17:09.929 69915 INFO tempest.lib.common.rest_client [req-6d085ada-5423-455b-a31f-b52b3880e0b0 req-6d085ada-5423-455b-a31f-b52b3880e0b0 ] Request (FlavorsAdminTestJSON:_run_cleanups): 202 DELETE http://10.180.1.21/compute/v2.1/flavors/1942137152 1.196s
2025-03-26 02:17:09.946 69871 INFO tempest.lib.common.rest_client [req-c6faa899-84b8-4b9d-85f0-df5c089b7e38 req-c6faa899-84b8-4b9d-85f0-df5c089b7e38 ] Request (ServersTestJSON:setUpClass): 200 GET http://10.180.1.21/identity/v3/projects/fe31a0dab018416382f0c8af99bc7d87 0.082s
2025-03-26 02:17:09.946 69871 INFO tempest.lib.common.dynamic_creds [-] Using the existing project fe31a0dab018416382f0c8af99bc7d87 for scope project and roles: ['reader']
2025-03-26 02:17:09.996 69871 INFO tempest.lib.common.rest_client [req-1e5983c1-6756-47f6-b54b-7fa9f1701022 req-1e5983c1-6756-47f6-b54b-7fa9f1701022 ] Request (ServersTestJSON:setUpClass): 201 POST http://10.180.1.21/identity/v3/users 0.049s
2025-03-26 02:17:10.025 69903 INFO tempest.lib.common.rest_client [req-6fb2d401-8369-4e04-adba-51ae59a6b051 req-6fb2d401-8369-4e04-adba-51ae59a6b051 ] Request (ImagesMetadataTestJSON:setUp): 200 PUT http://10.180.1.21/compute/v2.1/images/36a596d4-38db-4007-b71a-215eb8de1a95/metadata 1.304s
2025-03-26 02:17:10.029 69871 INFO tempest.lib.common.rest_client [req-6c0d9148-2009-4026-8729-8d451f9ca612 req-6c0d9148-2009-4026-8729-8d451f9ca612 ] Request (ServersTestJSON:setUpClass): 200 GET http://10.180.1.21/identity/v3/roles 0.032s
2025-03-26 02:17:10.040 69921 WARNING tempest.lib.common.ssh [-] Failed to establish authenticated ssh connection to cirros@10.180.180.142 ([Errno None] Unable to connect to port 22 on 10.180.180.142). Number attempts: 2. Retry after 3 seconds.: paramiko.ssh_exception.NoValidConnectionsError: [Errno None] Unable to connect to port 22 on 10.180.180.142
2025-03-26 02:17:10.073 69871 INFO tempest.lib.common.rest_client [req-78873350-60cd-439a-86fa-c66703844ae0 req-78873350-60cd-439a-86fa-c66703844ae0 ] Request (ServersTestJSON:setUpClass): 204 PUT http://10.180.1.21/identity/v3/projects/fe31a0dab018416382f0c8af99bc7d87/users/f8fb644e88ee40b8ba14ec5d5f5e0aed/roles/bb0b63bcd6da45748bec910b5e969534 0.044s
2025-03-26 02:17:10.073 69871 INFO tempest.lib.common.dynamic_creds [-] Dynamic test user f8fb644e88ee40b8ba14ec5d5f5e0aed is created with scope project and roles: ['reader']
2025-03-26 02:17:10.073 69871 INFO tempest.lib.common.dynamic_creds [-] Acquired dynamic creds: credentials: Credentials: {'domain_id': 'default', 'domain_name': 'Default', 'username': 'tempest-ServersTestJSON-141752491-project-reader', 'project_domain_id': 'default', 'project_domain_name': 'Default', 'project_id': 'fe31a0dab018416382f0c8af99bc7d87', 'project_name': 'tempest-ServersTestJSON-141752491', 'tenant_id': 'fe31a0dab018416382f0c8af99bc7d87', 'tenant_name': 'tempest-ServersTestJSON-141752491', 'user_domain_id': 'default', 'user_domain_name': 'Default', 'user_id': 'f8fb644e88ee40b8ba14ec5d5f5e0aed', 'system': None}, Network: None, Subnet: None, Router: None
2025-03-26 02:17:10.073 69871 INFO tempest.lib.common.dynamic_creds [-] Network resources are not created for requested scope: project and credentials: Credentials: {'domain_id': 'default', 'domain_name': 'Default', 'username': 'tempest-ServersTestJSON-141752491-project-reader', 'project_domain_id': 'default', 'project_domain_name': 'Default', 'project_id': 'fe31a0dab018416382f0c8af99bc7d87', 'project_name': 'tempest-ServersTestJSON-141752491', 'tenant_id': 'fe31a0dab018416382f0c8af99bc7d87', 'tenant_name': 'tempest-ServersTestJSON-141752491', 'user_domain_id': 'default', 'user_domain_name': 'Default', 'user_id': 'f8fb644e88ee40b8ba14ec5d5f5e0aed', 'system': None}, Network: None, Subnet: None, Router: None
2025-03-26 02:17:10.130 69907 INFO tempest.lib.common.rest_client [req-6b9946ef-c5b5-4440-b974-5f81d543c14d req-6b9946ef-c5b5-4440-b974-5f81d543c14d ] Request (ListServerFiltersTestJSON:setUpClass): 200 GET http://10.180.1.21/compute/v2.1/servers/139591bc-25b9-4087-807d-ac8108d236c5 1.212s
2025-03-26 02:17:10.149 69893 INFO tempest.lib.common.rest_client [req-6d42d1ca-33ec-45cf-969d-818978533f31 req-6d42d1ca-33ec-45cf-969d-818978533f31 ] Request (FlavorsAccessNegativeTestJSON:test_remove_flavor_access_not_found): 200 POST http://10.180.1.21/compute/v2.1/flavors 1.229s
2025-03-26 02:17:10.175 69871 INFO tempest.lib.common.rest_client [req-841435a5-b3e1-4086-bb3e-c0fbe7bbb376 req-841435a5-b3e1-4086-bb3e-c0fbe7bbb376 ] Request (ServersTestJSON:setUpClass): 201 POST http://10.180.1.21/identity/v3/auth/tokens 0.098s
2025-03-26 02:17:10.255 69871 INFO tempest.lib.common.rest_client [req-2635aac5-1636-4cf0-9c5e-73a0ec8d92bb req-2635aac5-1636-4cf0-9c5e-73a0ec8d92bb ] Request (ServersTestJSON:test_create_server_specify_multibyte_character_name): 201 POST http://10.180.1.21/identity/v3/auth/tokens 0.075s
2025-03-26 02:17:10.256 69871 INFO tempest.lib.common.fixed_network [-] (ServersTestJSON:test_create_server_specify_multibyte_character_name) Found network {'id': '94e38590-b9b6-4080-b3be-d140502e4b35', 'name': 'tempest-ServersTestJSON-750784699-network', 'tenant_id': 'fe31a0dab018416382f0c8af99bc7d87', 'admin_state_up': True, 'mtu': 8950, 'status': 'ACTIVE', 'subnets': [], 'shared': False, 'project_id': 'fe31a0dab018416382f0c8af99bc7d87', 'port_security_enabled': True, 'router:external': False, 'provider:network_type': 'vlan', 'provider:physical_network': 'default', 'provider:segmentation_id': 621, 'availability_zone_hints': [], 'availability_zones': [], 'ipv4_address_scope': None, 'ipv6_address_scope': None, 'description': '', 'tags': [], 'created_at': '2025-03-26T02:17:06Z', 'updated_at': '2025-03-26T02:17:06Z', 'revision_number': 1} available for tenant
2025-03-26 02:17:10.347 69877 INFO tempest.lib.common.rest_client [req-e9200139-c359-41e1-99b1-45b2142d1e5f req-e9200139-c359-41e1-99b1-45b2142d1e5f ] Request (ImagesTestJSON:test_create_image_from_stopped_server): 200 GET http://10.180.1.21/compute/v2.1/servers/ad28f56e-b1a6-4725-a6cf-c6de65213ebb 1.218s
2025-03-26 02:17:10.426 69891 INFO tempest.lib.common.rest_client [req-29604b0a-d8c7-4340-b511-ddd92b812d8d req-29604b0a-d8c7-4340-b511-ddd92b812d8d ] Request (ServersWithSpecificFlavorTestJSON:test_verify_created_server_ephemeral_disk): 200 GET http://10.180.1.21/compute/v2.1/servers/7263b1c7-456e-4a50-98ba-07c58cc44115 1.168s
2025-03-26 02:17:10.477 69869 INFO tempest.lib.common.rest_client [req-813f0a1b-16ba-4294-b468-e80c9edcecaf req-813f0a1b-16ba-4294-b468-e80c9edcecaf ] Request (FloatingIPsAssociationNegativeTestJSON:_run_cleanups): 202 DELETE http://10.180.1.21/compute/v2.1/os-floating-ips/6e71d8d5-09f9-4f34-992f-30fa8afaac9b 1.705s
2025-03-26 02:17:10.506 69889 INFO tempest.lib.common.rest_client [req-90a6f084-72a5-4fc6-a169-c5d06ff29538 req-90a6f084-72a5-4fc6-a169-c5d06ff29538 ] Request (ServersAdminNegativeTestJSON:setUpClass): 200 GET http://10.180.1.21/compute/v2.1/servers/61afd391-37c6-45de-aed3-f6f8c966d579 1.230s
2025-03-26 02:17:10.559 69905 INFO tempest.lib.common.rest_client [req-1b927154-07cf-46da-9720-ffda5ee41203 req-1b927154-07cf-46da-9720-ffda5ee41203 ] Request (QuotaClassesAdminTestJSON:_run_cleanups): 200 PUT http://10.180.1.21/compute/v2.1/os-quota-class-sets/default 1.257s
2025-03-26 02:17:10.661 69887 INFO tempest.lib.common.rest_client [req-2fc16744-a5e4-4502-bd56-14b1c2250d7b req-2fc16744-a5e4-4502-bd56-14b1c2250d7b ] Request (ServerDiagnosticsV248Test:test_get_server_diagnostics): 200 GET http://10.180.1.21/compute/v2.1/servers/3828ecd8-0808-46ab-9f51-525db9ef01f6 1.345s
2025-03-26 02:17:10.708 69923 INFO tempest.lib.common.rest_client [req-5cb34e6b-29c0-4024-bb01-574c1a2dfd37 req-5cb34e6b-29c0-4024-bb01-574c1a2dfd37 ] Request (QuotasAdminNegativeTest:test_create_server_when_instances_quota_is_full): 403 POST http://10.180.1.21/compute/v2.1/servers 1.399s
2025-03-26 02:17:10.724 69875 INFO tempest.lib.common.rest_client [req-df1491aa-d8cf-4515-96c8-ebc87fd504b2 req-df1491aa-d8cf-4515-96c8-ebc87fd504b2 ] Request (ImagesNegativeTestJSON:test_create_image_from_deleted_server): 200 GET http://10.180.1.21/compute/v2.1/servers/5c083db7-c953-4bee-961e-62fff3fff8ba 1.106s
2025-03-26 02:17:10.742 69905 INFO tempest.lib.common.rest_client [req-85fd2191-0f4e-4f46-8d8f-d99faf6895d1 req-85fd2191-0f4e-4f46-8d8f-d99faf6895d1 ] Request (QuotaClassesAdminTestJSON:tearDownClass): 204 DELETE http://10.180.1.21/identity/v3/users/bd3681d2dd0c406ba1e9a083395aeb01 0.176s
2025-03-26 02:17:10.789 69865 INFO tempest.lib.common.rest_client [req-131cea1c-c98c-4e29-8abb-b15e2f5ad6b7 req-131cea1c-c98c-4e29-8abb-b15e2f5ad6b7 ] Request (ServersV294TestFqdnHostnames:setUpClass): 200 GET http://10.180.1.21/compute/v2.1/servers/95c71e5d-aa84-4bfa-90ca-a171d51b8416 1.099s
2025-03-26 02:17:10.885 69905 INFO tempest.lib.common.rest_client [req-59bb9d50-d21f-424e-8560-fbc2e8c3349c req-59bb9d50-d21f-424e-8560-fbc2e8c3349c ] Request (QuotaClassesAdminTestJSON:tearDownClass): 204 DELETE http://10.180.1.21/identity/v3/users/d792e4d5735347e3a2d6940aa9ea3cbe 0.142s
2025-03-26 02:17:10.886 69905 INFO tempest.lib.common.dynamic_creds [-] Deleting project and security group for project: 3b664e78a6eb478fa6d72130b6d8fe15
2025-03-26 02:17:10.958 69897 INFO tempest.lib.common.rest_client [req-2d1d7a20-c1a1-4a3a-b134-467cda6d3e11 req-2d1d7a20-c1a1-4a3a-b134-467cda6d3e11 ] Request (AggregatesAdminNegativeTestJSON:test_aggregate_remove_host_as_user): 200 POST http://10.180.1.21/compute/v2.1/os-aggregates/7/action 1.192s
2025-03-26 02:17:10.965 69905 INFO tempest.lib.common.rest_client [req-bc16f49e-6950-4660-bb20-4d57741477ee req-bc16f49e-6950-4660-bb20-4d57741477ee ] Request (QuotaClassesAdminTestJSON:tearDownClass): 201 POST http://10.180.1.21/identity/v3/auth/tokens 0.079s
2025-03-26 02:17:11.034 69879 INFO tempest.lib.common.rest_client [req-26790417-7acc-4aa2-a6d1-7b54dc6906c0 req-26790417-7acc-4aa2-a6d1-7b54dc6906c0 ] Request (MigrationsAdminTest:test_list_migrations_in_flavor_resize_situation): 200 GET http://10.180.1.21/compute/v2.1/servers/5e1f2115-69a8-46f8-9680-6e8e61ef2c33 1.230s
2025-03-26 02:17:11.097 69881 INFO tempest.lib.common.rest_client [req-fbb7b97a-f518-4005-b5a1-dafcaaab25bf req-fbb7b97a-f518-4005-b5a1-dafcaaab25bf ] Request (ServerDiagnosticsTest:test_get_server_diagnostics): 200 GET http://10.180.1.21/compute/v2.1/servers/690648e9-1344-4076-9f7e-b329089e36a5 1.210s
2025-03-26 02:17:11.197 69905 INFO tempest.lib.common.rest_client [req-fa96b01d-0581-4f7e-b676-654866817bdc req-fa96b01d-0581-4f7e-b676-654866817bdc ] Request (QuotaClassesAdminTestJSON:tearDownClass): 200 GET http://10.180.1.21:9696/networking/v2.0/security-groups?tenant_id=3b664e78a6eb478fa6d72130b6d8fe15&name=default 0.232s
2025-03-26 02:17:11.319 69883 INFO tempest.lib.common.rest_client [req-0bcd01d6-a888-4c08-a362-a5ce5784cc6c req-0bcd01d6-a888-4c08-a362-a5ce5784cc6c ] Request (ServersAdminTestJSON:setUpClass): 200 GET http://10.180.1.21/compute/v2.1/servers/53d12c7f-50bb-413b-85e8-f5201f7aa8ff 1.393s
2025-03-26 02:17:11.328 69905 INFO tempest.lib.common.rest_client [req-8cda987e-6ea8-4f3b-8ade-928d415713c8 req-8cda987e-6ea8-4f3b-8ade-928d415713c8 ] Request (QuotaClassesAdminTestJSON:tearDownClass): 204 DELETE http://10.180.1.21:9696/networking/v2.0/security-groups/a8fda2ef-8ed4-4d4c-9df6-9dadaaaf6c19 0.131s
2025-03-26 02:17:11.335 69883 INFO tempest.common.waiters [-] State transition "BUILD/spawning" ==> "ACTIVE/None" after 27 second wait
2025-03-26 02:17:11.373 69915 INFO tempest.lib.common.rest_client [req-c927e368-a008-44af-a029-e64a9c581126 req-c927e368-a008-44af-a029-e64a9c581126 ] Request (FlavorsAdminTestJSON:_run_cleanups): 200 GET http://10.180.1.21/compute/v2.1/flavors/detail 1.442s
2025-03-26 02:17:11.391 69901 INFO tempest.lib.common.rest_client [req-42c0d0be-7017-4e97-8a3a-a5411e2d1b85 req-42c0d0be-7017-4e97-8a3a-a5411e2d1b85 ] Request (FloatingIPDetailsTestJSON:setUpClass): 200 POST http://10.180.1.21/compute/v2.1/os-floating-ips 1.734s
2025-03-26 02:17:11.474 69927 INFO tempest.lib.common.rest_client [req-b179f9d5-be0e-41c4-85ca-54ac28c31067 req-b179f9d5-be0e-41c4-85ca-54ac28c31067 ] Request (ServerAddressesTestJSON:setUpClass): 200 GET http://10.180.1.21/compute/v2.1/servers/1f7b9ad2-6d8b-413d-8a17-f258447cd2d1 1.484s
2025-03-26 02:17:11.477 69905 INFO tempest.lib.common.rest_client [req-c0144696-71cd-42ee-bff0-5acfacf736e9 req-c0144696-71cd-42ee-bff0-5acfacf736e9 ] Request (QuotaClassesAdminTestJSON:tearDownClass): 204 DELETE http://10.180.1.21/identity/v3/projects/3b664e78a6eb478fa6d72130b6d8fe15 0.148s
2025-03-26 02:17:11.477 69905 INFO tempest.lib.common.dynamic_creds [-] Deleting project and security group for project: 83f0cab7c7204adbbda513425e2a0459
2025-03-26 02:17:11.559 69896 INFO tempest.lib.common.rest_client [req-40312c82-3967-4773-aa90-0c29d7337d3f req-40312c82-3967-4773-aa90-0c29d7337d3f ] Request (ServerExternalEventsTest:tearDownClass): 200 GET http://10.180.1.21/compute/v2.1/servers/f2f528e6-d7a1-43de-bb04-9a9f4068e1a0 1.507s
2025-03-26 02:17:11.576 69896 INFO tempest.common.waiters [-] State transition "ACTIVE/deleting" ==> "DELETED/None" after 2 second wait
2025-03-26 02:17:11.615 69905 INFO tempest.lib.common.rest_client [req-443326c5-8a9a-45ab-b170-a5293ee5101d req-443326c5-8a9a-45ab-b170-a5293ee5101d ] Request (QuotaClassesAdminTestJSON:tearDownClass): 200 GET http://10.180.1.21:9696/networking/v2.0/security-groups?tenant_id=83f0cab7c7204adbbda513425e2a0459&name=default 0.136s
2025-03-26 02:17:11.682 69903 INFO tempest.lib.common.rest_client [req-af0abcc1-d9a3-4f40-9942-3e881a3b6740 req-af0abcc1-d9a3-4f40-9942-3e881a3b6740 ] Request (ImagesMetadataTestJSON:test_set_image_metadata): 200 PUT http://10.180.1.21/compute/v2.1/images/36a596d4-38db-4007-b71a-215eb8de1a95/metadata 1.656s
2025-03-26 02:17:11.713 69905 INFO tempest.lib.common.rest_client [req-44e38f1d-492a-4a1a-8a0f-1df2b77223f0 req-44e38f1d-492a-4a1a-8a0f-1df2b77223f0 ] Request (QuotaClassesAdminTestJSON:tearDownClass): 204 DELETE http://10.180.1.21:9696/networking/v2.0/security-groups/0b221ed7-f487-46b6-b590-a34272c68f8c 0.097s
2025-03-26 02:17:11.759 69893 INFO tempest.lib.common.rest_client [req-a5b4f545-b212-4d1d-a19d-7d93b641effc req-a5b4f545-b212-4d1d-a19d-7d93b641effc ] Request (FlavorsAccessNegativeTestJSON:test_remove_flavor_access_not_found): 404 POST http://10.180.1.21/compute/v2.1/flavors/129328093/action 1.607s
2025-03-26 02:17:11.831 69925 INFO tempest.lib.common.rest_client [req-420f7434-8be0-4b60-bc75-dfd718741999 req-420f7434-8be0-4b60-bc75-dfd718741999 ] Request (TenantUsagesTestJSON:tearDownClass): 200 GET http://10.180.1.21/compute/v2.1/servers/690ffaf0-bc91-4427-98fd-15b4bdffb58f 1.545s
2025-03-26 02:17:11.838 69925 INFO tempest.common.waiters [-] State transition "ACTIVE/deleting" ==> "DELETED/None" after 4 second wait
2025-03-26 02:17:11.849 69905 INFO tempest.lib.common.rest_client [req-7e17b266-a2c3-4c71-8f6d-24f85f2cf366 req-7e17b266-a2c3-4c71-8f6d-24f85f2cf366 ] Request (QuotaClassesAdminTestJSON:tearDownClass): 204 DELETE http://10.180.1.21/identity/v3/projects/83f0cab7c7204adbbda513425e2a0459 0.135s
2025-03-26 02:17:11.883 69913 INFO tempest.lib.common.rest_client [req-b57a084d-da38-4009-9992-01c480c8344a req-b57a084d-da38-4009-9992-01c480c8344a ] Request (ServerDiagnosticsNegativeTest:test_get_server_diagnostics_by_non_admin): 200 GET http://10.180.1.21/compute/v2.1/servers/7620df0b-07ff-4e13-8079-55ecaf7dc996 1.519s
2025-03-26 02:17:11.927 69905 INFO tempest.lib.common.rest_client [req-c37ba34a-5644-4c73-80d9-8938fa8bf5cd req-c37ba34a-5644-4c73-80d9-8938fa8bf5cd ] Request (ServerAddressesNegativeTestJSON:setUpClass): 201 POST http://10.180.1.21/identity/v3/auth/tokens 0.077s
2025-03-26 02:17:11.939 69919 INFO tempest.lib.common.rest_client [req-075e119b-f381-4a12-896b-c3e90d457fd3 req-075e119b-f381-4a12-896b-c3e90d457fd3 ] Request (VolumesAssistedSnapshotsTest:test_volume_assisted_snapshot_create_delete): 200 GET http://10.180.1.21/compute/v2.1/servers/abc1186a-59c7-4e08-a0d6-e6fc42dd58b1 1.550s
2025-03-26 02:17:11.956 69905 INFO tempest.lib.common.rest_client [req-5ab54db8-35e5-4920-b9a3-ad6d60b68a5c req-5ab54db8-35e5-4920-b9a3-ad6d60b68a5c ] Request (ServerAddressesNegativeTestJSON:setUpClass): 201 POST http://10.180.1.21/identity/v3/auth/tokens 0.026s
2025-03-26 02:17:11.985 69905 INFO tempest.lib.common.rest_client [req-e4b975f0-3bec-4d60-9431-019c6f979009 req-e4b975f0-3bec-4d60-9431-019c6f979009 ] Request (ServerAddressesNegativeTestJSON:setUpClass): 200 GET http://10.180.1.21/identity/v3/domains?name=Default 0.029s
2025-03-26 02:17:11.995 69867 INFO tempest.lib.common.rest_client [req-5624e9e4-89ac-4e11-b05f-55ac9cf73611 req-5624e9e4-89ac-4e11-b05f-55ac9cf73611 ] Request (ListImageFiltersTestJSON:setUpClass): 200 GET http://10.180.1.21/compute/v2.1/servers/42403335-6ef3-4773-b3ac-a3aebd33394c 1.535s
2025-03-26 02:17:12.013 69905 INFO tempest.lib.common.rest_client [req-3f768e11-c667-4bf0-a76f-a2793769d7c8 req-3f768e11-c667-4bf0-a76f-a2793769d7c8 ] Request (ServerAddressesNegativeTestJSON:setUpClass): 201 POST http://10.180.1.21/identity/v3/projects 0.027s
2025-03-26 02:17:12.073 69871 INFO tempest.lib.common.rest_client [req-c8cf1ef6-b0f8-4786-a64f-c45b45b88711 req-c8cf1ef6-b0f8-4786-a64f-c45b45b88711 ] Request (ServersTestJSON:test_create_server_specify_multibyte_character_name): 202 POST http://10.180.1.21/compute/v2.1/servers 1.817s
2025-03-26 02:17:12.090 69905 INFO tempest.lib.common.rest_client [req-df3de769-c9cd-407f-b3aa-ac436e03f2d1 req-df3de769-c9cd-407f-b3aa-ac436e03f2d1 ] Request (ServerAddressesNegativeTestJSON:setUpClass): 201 POST http://10.180.1.21/identity/v3/users 0.072s
2025-03-26 02:17:12.114 69905 INFO tempest.lib.common.rest_client [req-b830a7d0-ec40-46fe-abab-fd4e55b671ea req-b830a7d0-ec40-46fe-abab-fd4e55b671ea ] Request (ServerAddressesNegativeTestJSON:setUpClass): 200 GET http://10.180.1.21/identity/v3/roles 0.024s
2025-03-26 02:17:12.148 69905 INFO tempest.lib.common.rest_client [req-f9b96d04-78eb-4961-a810-32554bdfc8cc req-f9b96d04-78eb-4961-a810-32554bdfc8cc ] Request (ServerAddressesNegativeTestJSON:setUpClass): 204 PUT http://10.180.1.21/identity/v3/projects/2eaa69d381dc4cbdb95dc70e8513d20d/users/4a0e3988ba924df4b9e3a2b72be22919/roles/2bf98bbfa77248eba3f5fc91bfb4d7e2 0.033s
2025-03-26 02:17:12.148 69905 INFO tempest.lib.common.dynamic_creds [-] Dynamic test user 4a0e3988ba924df4b9e3a2b72be22919 is created with scope project and roles: ['member']
2025-03-26 02:17:12.148 69905 INFO tempest.lib.common.dynamic_creds [-] Acquired dynamic creds: credentials: Credentials: {'domain_id': 'default', 'domain_name': 'Default', 'username': 'tempest-ServerAddressesNegativeTestJSON-167920511-project-member', 'project_domain_id': 'default', 'project_domain_name': 'Default', 'project_id': '2eaa69d381dc4cbdb95dc70e8513d20d', 'project_name': 'tempest-ServerAddressesNegativeTestJSON-167920511', 'tenant_id': '2eaa69d381dc4cbdb95dc70e8513d20d', 'tenant_name': 'tempest-ServerAddressesNegativeTestJSON-167920511', 'user_domain_id': 'default', 'user_domain_name': 'Default', 'user_id': '4a0e3988ba924df4b9e3a2b72be22919', 'system': None}, Network: None, Subnet: None, Router: None
2025-03-26 02:17:12.198 69899 INFO tempest.lib.common.rest_client [req-b047b716-4133-4932-a21f-095795c73a69 req-b047b716-4133-4932-a21f-095795c73a69 ] Request (QuotaClassesAdmin257Test:test_update_default_quotas): 200 GET http://10.180.1.21/compute/v2.1/os-quota-class-sets/default 1.635s
2025-03-26 02:17:12.207 69905 INFO tempest.lib.common.rest_client [req-d114da89-1564-4255-a287-0d9865ced6df req-d114da89-1564-4255-a287-0d9865ced6df ] Request (ServerAddressesNegativeTestJSON:setUpClass): 201 POST http://10.180.1.21/identity/v3/auth/tokens 0.058s
2025-03-26 02:17:12.405 69909 INFO tempest.lib.common.rest_client [req-89092287-b839-470d-8278-367472bed808 req-89092287-b839-470d-8278-367472bed808 ] Request (VolumesAdminNegativeTest:test_update_attached_volume_with_nonexistent_volume_in_body): 200 GET http://10.180.1.21/compute/v2.1/servers/df53ded8-cbb1-4cde-840b-49ef4fa631c9 1.793s
2025-03-26 02:17:12.418 69909 INFO tempest.common.waiters [-] State transition "BUILD/spawning" ==> "ACTIVE/None" after 29 second wait
2025-03-26 02:17:12.488 69917 INFO tempest.lib.common.rest_client [req-b52f2bdd-baae-4195-9d85-0e2060e9518d req-b52f2bdd-baae-4195-9d85-0e2060e9518d ] Request (DeleteServersAdminTestJSON:test_admin_delete_servers_of_others): 200 GET http://10.180.1.21/compute/v2.1/servers/9e2267ca-a62e-4cff-a797-7695330e5aa0 1.798s
