2025-03-26 02:18:00.729 69873 INFO tempest.lib.common.rest_client [req-dafc958e-4051-42be-b7b2-4bd783430bb0 req-dafc958e-4051-42be-b7b2-4bd783430bb0 ] Request (ServersTestMultiNic:test_verify_duplicate_network_nics): 200 GET http://10.180.1.21/compute/v2.1/servers/e1211f1b-d059-41be-9aa1-9af0c3ea6f81 0.060s
2025-03-26 02:18:00.752 69867 INFO tempest.lib.common.rest_client [req-e3e40c9e-1056-4838-b2fa-9e9a99103407 req-e3e40c9e-1056-4838-b2fa-9e9a99103407 ] Request (ListImageFiltersTestJSON:setUpClass): 200 GET http://10.180.1.21/compute/v2.1/images/ca299dcd-3cd0-46c7-bb45-d4736502a119 0.061s
2025-03-26 02:18:00.826 69869 INFO tempest.lib.common.rest_client [req-ade11ab9-a99e-4b01-8200-ce0a461c20fd req-ade11ab9-a99e-4b01-8200-ce0a461c20fd ] Request (ListServersNegativeTestJSON:setUpClass): 200 GET http://10.180.1.21/compute/v2.1/servers/6bc8782d-cf63-47a3-aa2c-69b4822438a5 0.061s
2025-03-26 02:18:00.994 69905 INFO tempest.lib.common.rest_client [req-39473585-59a0-414b-8344-9e56c52393b1 req-39473585-59a0-414b-8344-9e56c52393b1 ] Request (ServerAddressesNegativeTestJSON:setUpClass): 200 GET http://10.180.1.21/compute/v2.1/servers/aef82554-a852-4a4f-8cb8-f2ebe8c86a56 0.057s
2025-03-26 02:18:01.039 69917 INFO tempest.lib.common.rest_client [req-38aa3530-e759-4adb-a0c9-a6dbf5975915 req-38aa3530-e759-4adb-a0c9-a6dbf5975915 ] Request (DeleteServersAdminTestJSON:test_delete_server_while_in_error_state): 200 GET http://10.180.1.21/compute/v2.1/servers/1829331d-4c2e-46d9-85a8-a39484c95e61 0.056s
2025-03-26 02:18:01.056 69911 INFO tempest.lib.common.rest_client [req-93977d60-add9-4a41-9776-b7dbb7cd3fb9 req-93977d60-add9-4a41-9776-b7dbb7cd3fb9 ] Request (FloatingIPsAssociationTestJSON:setUpClass): 200 GET http://10.180.1.21/compute/v2.1/servers/2dacd7c5-0893-4293-8676-db390b90b3d5 0.165s
2025-03-26 02:18:01.088 69903 INFO tempest.lib.common.rest_client [req-11f55235-a755-4f4c-9469-658ad5bacecd req-11f55235-a755-4f4c-9469-658ad5bacecd ] Request (ServerGroupTestJSON:test_create_server_with_scheduler_hint_group): 200 GET http://10.180.1.21/compute/v2.1/servers/7a0d471c-b83d-4a0f-96ea-146d5dd501ac 0.053s
2025-03-26 02:18:01.138 69915 INFO tempest.lib.common.rest_client [req-adf5bed0-d9e5-45a9-8d80-49c87def1122 req-adf5bed0-d9e5-45a9-8d80-49c87def1122 ] Request (MultipleCreateTestJSON:test_multiple_create): 200 GET http://10.180.1.21/compute/v2.1/servers/c34dfdae-12b1-40d0-9b88-de2427baf2eb 0.052s
2025-03-26 02:18:01.268 69925 INFO tempest.lib.common.rest_client [req-de7371ba-8933-472b-b924-25bd25874fba req-de7371ba-8933-472b-b924-25bd25874fba ] Request (AttachInterfacesV270Test:test_create_get_list_interfaces): 200 GET http://10.180.1.21/compute/v2.1/servers/4a57f6d5-3fa0-49f3-8cd5-03d310babd07 0.061s
2025-03-26 02:18:01.282 69885 INFO tempest.lib.common.rest_client [req-9fccdd30-6eb8-4a4b-a4d9-ce485ee67521 req-9fccdd30-6eb8-4a4b-a4d9-ce485ee67521 ] Request (ImagesOneServerNegativeTestJSON:setUpClass): 200 GET http://10.180.1.21/compute/v2.1/servers/e2e5aa07-b856-4b26-89de-eeaa85de3f23 0.146s
2025-03-26 02:18:01.365 69887 INFO tempest.lib.common.rest_client [req-cd3aed61-0328-4f6b-b4a4-257dd4ad9066 req-cd3aed61-0328-4f6b-b4a4-257dd4ad9066 ] Request (ServerDiagnosticsV248Test:tearDownClass): 200 GET http://10.180.1.21/compute/v2.1/servers/3828ecd8-0808-46ab-9f51-525db9ef01f6 0.092s
2025-03-26 02:18:01.374 69907 INFO tempest.lib.common.rest_client [req-acefa307-a538-48c1-8496-6bd74068c92e req-acefa307-a538-48c1-8496-6bd74068c92e ] Request (ListServerFiltersTestJSON:setUpClass): 200 GET http://10.180.1.21/compute/v2.1/servers/139591bc-25b9-4087-807d-ac8108d236c5 0.147s
2025-03-26 02:18:01.425 69889 INFO tempest.lib.common.rest_client [req-89c4b908-c582-4dbd-82a2-5db41aa63533 req-89c4b908-c582-4dbd-82a2-5db41aa63533 ] Request (ServersAdminNegativeTestJSON:setUpClass): 200 GET http://10.180.1.21/compute/v2.1/servers/61afd391-37c6-45de-aed3-f6f8c966d579 0.092s
2025-03-26 02:18:01.429 69875 INFO tempest.lib.common.rest_client [req-f1a8f35a-3ea1-4d6e-b82f-2978212993e7 req-f1a8f35a-3ea1-4d6e-b82f-2978212993e7 ] Request (ImagesOneServerTestJSON:setUpClass): 200 GET http://10.180.1.21/compute/v2.1/servers/f5d238a7-ea93-4189-8689-3c8b70b7c30e 0.141s
2025-03-26 02:18:01.487 69871 INFO tempest.lib.common.rest_client [req-a2a694ac-68d0-4e83-91fd-1cf0160d21d9 req-a2a694ac-68d0-4e83-91fd-1cf0160d21d9 ] Request (ServersTestJSON:test_create_server_specify_multibyte_character_name): 200 GET http://10.180.1.21/compute/v2.1/servers/e0745838-9c2c-48b7-b17b-af31ecba4e8e 0.099s
2025-03-26 02:18:01.495 69913 INFO tempest.lib.common.rest_client [req-e9b52786-f58b-4751-8273-94c897c68f0c req-e9b52786-f58b-4751-8273-94c897c68f0c ] Request (ServerDiagnosticsNegativeTest:tearDownClass): 200 GET http://10.180.1.21/compute/v2.1/servers/7620df0b-07ff-4e13-8079-55ecaf7dc996 0.161s
2025-03-26 02:18:01.549 69881 INFO tempest.lib.common.rest_client [req-fea6b821-9ad0-468d-93a9-c2039c5f47e5 req-fea6b821-9ad0-468d-93a9-c2039c5f47e5 ] Request (ServerDiagnosticsTest:tearDownClass): 200 GET http://10.180.1.21/compute/v2.1/servers/690648e9-1344-4076-9f7e-b329089e36a5 0.148s
2025-03-26 02:18:01.554 69897 INFO tempest.lib.common.rest_client [req-c7e6fa11-64a7-4ddf-b70d-11ba05ff9279 req-c7e6fa11-64a7-4ddf-b70d-11ba05ff9279 ] Request (AttachVolumeShelveTestJSON:test_attach_volume_shelved_or_offload_server): 200 GET http://10.180.1.21/compute/v2.1/servers/2dff1cdf-b5c4-4b1d-94e8-24a3a2f5d450 0.104s
2025-03-26 02:18:01.565 69896 INFO tempest.lib.common.rest_client [req-cc7736c5-29b5-4bd0-831c-ffee119129b4 req-cc7736c5-29b5-4bd0-831c-ffee119129b4 ] Request (ServerActionsV293TestJSON:setUpClass): 200 GET http://10.180.1.21/volume/v3/volumes/053bdbc0-646d-446a-99fe-af3e1aea6030 0.047s
2025-03-26 02:18:01.607 69923 INFO tempest.lib.common.rest_client [req-5d786a3d-4487-47e8-976a-904934d2e2f6 req-5d786a3d-4487-47e8-976a-904934d2e2f6 ] Request (ServerActionsTestOtherB:setUpClass): 200 GET http://10.180.1.21/compute/v2.1/servers/e1ea28d1-194d-4e26-8b7d-bf1060528315 0.153s
2025-03-26 02:18:01.614 69883 INFO tempest.lib.common.rest_client [req-c4d17921-ea93-42de-a2bf-e74218b215c0 req-c4d17921-ea93-42de-a2bf-e74218b215c0 ] Request (ServersAdminTestJSON:test_create_server_with_scheduling_hint): 200 GET http://10.180.1.21/compute/v2.1/servers/15dc176c-887b-4afc-b29d-8784b4b4827c 0.114s
2025-03-26 02:18:01.659 69879 INFO tempest.lib.common.rest_client [req-91a02918-ec18-482a-976c-3265949356a7 req-91a02918-ec18-482a-976c-3265949356a7 ] Request (MigrationsAdminTest:test_list_migrations_in_flavor_resize_situation): 200 GET http://10.180.1.21/compute/v2.1/servers/5e1f2115-69a8-46f8-9680-6e8e61ef2c33 0.151s
2025-03-26 02:18:01.710 69893 INFO tempest.lib.common.rest_client [req-e21f3685-6329-4374-8220-da7415e42126 req-e21f3685-6329-4374-8220-da7415e42126 ] Request (ServerRescueTestJSON:setUpClass): 200 GET http://10.180.1.21/compute/v2.1/servers/253e3a62-d9d8-4b70-8bf2-b0dc286f1f02 0.051s
2025-03-26 02:18:01.712 69927 INFO tempest.lib.common.rest_client [req-ed414028-1945-41d3-85e9-c2f3f134fa81 req-ed414028-1945-41d3-85e9-c2f3f134fa81 ] Request (ServerAddressesTestJSON:setUpClass): 200 GET http://10.180.1.21/compute/v2.1/servers/1f7b9ad2-6d8b-413d-8a17-f258447cd2d1 0.131s
2025-03-26 02:18:01.720 69927 INFO tempest.common.waiters [-] State transition "BUILD/networking" ==> "BUILD/block_device_mapping" after 57 second wait
2025-03-26 02:18:01.781 69877 INFO tempest.lib.common.rest_client [req-0aa4e700-a4b9-453c-9103-8375b52401f5 req-0aa4e700-a4b9-453c-9103-8375b52401f5 ] Request (ImagesTestJSON:test_create_image_from_suspended_server): 200 GET http://10.180.1.21/compute/v2.1/servers/29c8cc49-c5a3-4cc6-b6bf-041138d54870 0.053s
2025-03-26 02:18:01.786 69873 INFO tempest.lib.common.rest_client [req-c9e053f3-da16-400b-b319-120b25920e34 req-c9e053f3-da16-400b-b319-120b25920e34 ] Request (ServersTestMultiNic:test_verify_duplicate_network_nics): 200 GET http://10.180.1.21/compute/v2.1/servers/e1211f1b-d059-41be-9aa1-9af0c3ea6f81 0.049s
2025-03-26 02:18:01.811 69867 INFO tempest.lib.common.rest_client [req-fd5d33a9-3fb1-4e89-88ff-827221e0ca97 req-fd5d33a9-3fb1-4e89-88ff-827221e0ca97 ] Request (ListImageFiltersTestJSON:setUpClass): 200 GET http://10.180.1.21/compute/v2.1/images/ca299dcd-3cd0-46c7-bb45-d4736502a119 0.054s
2025-03-26 02:18:01.880 69869 INFO tempest.lib.common.rest_client [req-3973646b-b365-4b66-8e5d-f0f0c1ceb65a req-3973646b-b365-4b66-8e5d-f0f0c1ceb65a ] Request (ListServersNegativeTestJSON:setUpClass): 200 GET http://10.180.1.21/compute/v2.1/servers/6bc8782d-cf63-47a3-aa2c-69b4822438a5 0.047s
2025-03-26 02:18:02.084 69905 INFO tempest.lib.common.rest_client [req-8e11e87f-b38b-47b5-98d9-c65833c9c752 req-8e11e87f-b38b-47b5-98d9-c65833c9c752 ] Request (ServerAddressesNegativeTestJSON:setUpClass): 200 GET http://10.180.1.21/compute/v2.1/servers/aef82554-a852-4a4f-8cb8-f2ebe8c86a56 0.075s
2025-03-26 02:18:02.102 69917 INFO tempest.lib.common.rest_client [req-24d310ad-3ad8-430e-9485-53b8bb7a9e7f req-24d310ad-3ad8-430e-9485-53b8bb7a9e7f ] Request (DeleteServersAdminTestJSON:test_delete_server_while_in_error_state): 200 GET http://10.180.1.21/compute/v2.1/servers/1829331d-4c2e-46d9-85a8-a39484c95e61 0.054s
2025-03-26 02:18:02.150 69903 INFO tempest.lib.common.rest_client [req-2817165b-9fc8-4914-996a-0d48f6e7dc03 req-2817165b-9fc8-4914-996a-0d48f6e7dc03 ] Request (ServerGroupTestJSON:test_create_server_with_scheduler_hint_group): 200 GET http://10.180.1.21/compute/v2.1/servers/7a0d471c-b83d-4a0f-96ea-146d5dd501ac 0.055s
2025-03-26 02:18:02.204 69911 INFO tempest.lib.common.rest_client [req-65e44fff-8b3a-41cf-bb9f-b72d702d569e req-65e44fff-8b3a-41cf-bb9f-b72d702d569e ] Request (FloatingIPsAssociationTestJSON:setUpClass): 200 GET http://10.180.1.21/compute/v2.1/servers/2dacd7c5-0893-4293-8676-db390b90b3d5 0.139s
2025-03-26 02:18:02.205 69915 INFO tempest.lib.common.rest_client [req-346c20ab-d6f1-4623-9e4b-0f82d7f97853 req-346c20ab-d6f1-4623-9e4b-0f82d7f97853 ] Request (MultipleCreateTestJSON:test_multiple_create): 200 GET http://10.180.1.21/compute/v2.1/servers/c34dfdae-12b1-40d0-9b88-de2427baf2eb 0.058s
2025-03-26 02:18:02.341 69925 INFO tempest.lib.common.rest_client [req-e45e2adf-2bab-4f80-929b-40cf18ab7eb0 req-e45e2adf-2bab-4f80-929b-40cf18ab7eb0 ] Request (AttachInterfacesV270Test:test_create_get_list_interfaces): 200 GET http://10.180.1.21/compute/v2.1/servers/4a57f6d5-3fa0-49f3-8cd5-03d310babd07 0.056s
2025-03-26 02:18:02.386 69885 INFO tempest.lib.common.rest_client [req-160bc8fe-824c-4ebc-95ca-60240bed1ca9 req-160bc8fe-824c-4ebc-95ca-60240bed1ca9 ] Request (ImagesOneServerNegativeTestJSON:setUpClass): 200 GET http://10.180.1.21/compute/v2.1/servers/e2e5aa07-b856-4b26-89de-eeaa85de3f23 0.095s
2025-03-26 02:18:02.455 69887 INFO tempest.lib.common.rest_client [req-557b2ed3-5ba8-4706-85cc-81ba36226953 req-557b2ed3-5ba8-4706-85cc-81ba36226953 ] Request (ServerDiagnosticsV248Test:tearDownClass): 200 GET http://10.180.1.21/compute/v2.1/servers/3828ecd8-0808-46ab-9f51-525db9ef01f6 0.075s
2025-03-26 02:18:02.481 69907 INFO tempest.lib.common.rest_client [req-d68ad3d0-b4af-4a82-900a-cc24f0decfb2 req-d68ad3d0-b4af-4a82-900a-cc24f0decfb2 ] Request (ListServerFiltersTestJSON:setUpClass): 200 GET http://10.180.1.21/compute/v2.1/servers/139591bc-25b9-4087-807d-ac8108d236c5 0.095s
2025-03-26 02:18:02.510 69889 INFO tempest.lib.common.rest_client [req-32ad015f-33a0-4300-8b63-d76b0f9eba8f req-32ad015f-33a0-4300-8b63-d76b0f9eba8f ] Request (ServersAdminNegativeTestJSON:setUpClass): 200 GET http://10.180.1.21/compute/v2.1/servers/61afd391-37c6-45de-aed3-f6f8c966d579 0.073s
2025-03-26 02:18:02.545 69875 INFO tempest.lib.common.rest_client [req-dadf2d45-cb33-4243-a8ab-350233afbaa7 req-dadf2d45-cb33-4243-a8ab-350233afbaa7 ] Request (ImagesOneServerTestJSON:setUpClass): 200 GET http://10.180.1.21/compute/v2.1/servers/f5d238a7-ea93-4189-8689-3c8b70b7c30e 0.103s
2025-03-26 02:18:02.564 69871 INFO tempest.lib.common.rest_client [req-b2ebb70c-63f3-4026-89e6-1fb5bbf3922d req-b2ebb70c-63f3-4026-89e6-1fb5bbf3922d ] Request (ServersTestJSON:test_create_server_specify_multibyte_character_name): 200 GET http://10.180.1.21/compute/v2.1/servers/e0745838-9c2c-48b7-b17b-af31ecba4e8e 0.063s
2025-03-26 02:18:02.574 69913 INFO tempest.lib.common.rest_client [req-0b97ab53-36d9-4144-ad6b-5f9d684ece5e req-0b97ab53-36d9-4144-ad6b-5f9d684ece5e ] Request (ServerDiagnosticsNegativeTest:tearDownClass): 404 GET http://10.180.1.21/compute/v2.1/servers/7620df0b-07ff-4e13-8079-55ecaf7dc996 0.071s
2025-03-26 02:18:02.610 69896 INFO tempest.lib.common.rest_client [req-40718893-6eb2-4162-aa35-8bb0e71e30a6 req-40718893-6eb2-4162-aa35-8bb0e71e30a6 ] Request (ServerActionsV293TestJSON:setUpClass): 200 GET http://10.180.1.21/volume/v3/volumes/053bdbc0-646d-446a-99fe-af3e1aea6030 0.035s
2025-03-26 02:18:02.630 69881 INFO tempest.lib.common.rest_client [req-fb144f64-7b49-4d00-8c8f-58ed0010469f req-fb144f64-7b49-4d00-8c8f-58ed0010469f ] Request (ServerDiagnosticsTest:tearDownClass): 200 GET http://10.180.1.21/compute/v2.1/servers/690648e9-1344-4076-9f7e-b329089e36a5 0.069s
2025-03-26 02:18:02.636 69897 INFO tempest.lib.common.rest_client [req-8b50cd20-f257-402c-8955-6edc5ab0de3a req-8b50cd20-f257-402c-8955-6edc5ab0de3a ] Request (AttachVolumeShelveTestJSON:test_attach_volume_shelved_or_offload_server): 200 GET http://10.180.1.21/compute/v2.1/servers/2dff1cdf-b5c4-4b1d-94e8-24a3a2f5d450 0.070s
2025-03-26 02:18:02.675 69913 INFO tempest.lib.common.rest_client [req-8e3418e4-17be-4b28-a397-6495e1de5674 req-8e3418e4-17be-4b28-a397-6495e1de5674 ] Request (ServerDiagnosticsNegativeTest:tearDownClass): 204 DELETE http://10.180.1.21/identity/v3/users/6b6577f01cb34cfda1e2144d32a74907 0.100s
2025-03-26 02:18:02.693 69923 INFO tempest.lib.common.rest_client [req-93e45b10-8da9-4561-a6d3-f4fe6face092 req-93e45b10-8da9-4561-a6d3-f4fe6face092 ] Request (ServerActionsTestOtherB:setUpClass): 200 GET http://10.180.1.21/compute/v2.1/servers/e1ea28d1-194d-4e26-8b7d-bf1060528315 0.073s
2025-03-26 02:18:02.705 69883 INFO tempest.lib.common.rest_client [req-f45d9291-e8c9-48ef-a37f-8b5fd06fc426 req-f45d9291-e8c9-48ef-a37f-8b5fd06fc426 ] Request (ServersAdminTestJSON:test_create_server_with_scheduling_hint): 200 GET http://10.180.1.21/compute/v2.1/servers/15dc176c-887b-4afc-b29d-8784b4b4827c 0.083s
2025-03-26 02:18:02.757 69879 INFO tempest.lib.common.rest_client [req-9d86dbf8-9816-4746-ba65-8472773a5693 req-9d86dbf8-9816-4746-ba65-8472773a5693 ] Request (MigrationsAdminTest:test_list_migrations_in_flavor_resize_situation): 200 GET http://10.180.1.21/compute/v2.1/servers/5e1f2115-69a8-46f8-9680-6e8e61ef2c33 0.090s
2025-03-26 02:18:02.778 69913 INFO tempest.lib.common.rest_client [req-6255e1f9-7efa-47c5-902f-87473af232ef req-6255e1f9-7efa-47c5-902f-87473af232ef ] Request (ServerDiagnosticsNegativeTest:tearDownClass): 204 DELETE http://10.180.1.21/identity/v3/users/b7cbb58fd1f74030a1cd3458706d4269 0.102s
2025-03-26 02:18:02.778 69913 INFO tempest.lib.common.dynamic_creds [-] Deleting project and security group for project: abf5dd0cc59b4198a4a89d3cb8a0489c
2025-03-26 02:18:02.782 69893 INFO tempest.lib.common.rest_client [req-646d9f44-c48f-486a-928b-6c61ab407a0b req-646d9f44-c48f-486a-928b-6c61ab407a0b ] Request (ServerRescueTestJSON:setUpClass): 200 GET http://10.180.1.21/compute/v2.1/servers/253e3a62-d9d8-4b70-8bf2-b0dc286f1f02 0.064s
2025-03-26 02:18:02.845 69877 INFO tempest.lib.common.rest_client [req-36d8df6b-02eb-46b8-a7c2-d7fee85b7414 req-36d8df6b-02eb-46b8-a7c2-d7fee85b7414 ] Request (ImagesTestJSON:test_create_image_from_suspended_server): 200 GET http://10.180.1.21/compute/v2.1/servers/29c8cc49-c5a3-4cc6-b6bf-041138d54870 0.053s
2025-03-26 02:18:02.846 69913 INFO tempest.lib.common.rest_client [req-fd954bc5-abe8-402a-b6b7-291339106240 req-fd954bc5-abe8-402a-b6b7-291339106240 ] Request (ServerDiagnosticsNegativeTest:tearDownClass): 201 POST http://10.180.1.21/identity/v3/auth/tokens 0.068s
2025-03-26 02:18:02.856 69927 INFO tempest.lib.common.rest_client [req-8590480a-a905-476d-af3a-4a3b03d6ec8b req-8590480a-a905-476d-af3a-4a3b03d6ec8b ] Request (ServerAddressesTestJSON:setUpClass): 200 GET http://10.180.1.21/compute/v2.1/servers/1f7b9ad2-6d8b-413d-8a17-f258447cd2d1 0.134s
2025-03-26 02:18:02.869 69927 INFO tempest.common.waiters [-] State transition "BUILD/block_device_mapping" ==> "BUILD/spawning" after 58 second wait
2025-03-26 02:18:02.905 69873 INFO tempest.lib.common.rest_client [req-d8838ba2-952f-47c6-9abf-a20df4d2e05b req-d8838ba2-952f-47c6-9abf-a20df4d2e05b ] Request (ServersTestMultiNic:test_verify_duplicate_network_nics): 200 GET http://10.180.1.21/compute/v2.1/servers/e1211f1b-d059-41be-9aa1-9af0c3ea6f81 0.109s
2025-03-26 02:18:02.908 69867 INFO tempest.lib.common.rest_client [req-22907805-00c3-43dc-8f8e-fcc598331f12 req-22907805-00c3-43dc-8f8e-fcc598331f12 ] Request (ListImageFiltersTestJSON:setUpClass): 200 GET http://10.180.1.21/compute/v2.1/images/ca299dcd-3cd0-46c7-bb45-d4736502a119 0.093s
2025-03-26 02:18:02.968 69869 INFO tempest.lib.common.rest_client [req-2d57a6d0-6f37-46ab-953c-4f95cdb7bcda req-2d57a6d0-6f37-46ab-953c-4f95cdb7bcda ] Request (ListServersNegativeTestJSON:setUpClass): 200 GET http://10.180.1.21/compute/v2.1/servers/6bc8782d-cf63-47a3-aa2c-69b4822438a5 0.080s
2025-03-26 02:18:03.015 69913 INFO tempest.lib.common.rest_client [req-eafc5973-6bbe-452f-8e98-48a4d55b6ff1 req-eafc5973-6bbe-452f-8e98-48a4d55b6ff1 ] Request (ServerDiagnosticsNegativeTest:tearDownClass): 200 GET http://10.180.1.21:9696/networking/v2.0/security-groups?tenant_id=abf5dd0cc59b4198a4a89d3cb8a0489c&name=default 0.168s
2025-03-26 02:18:03.107 69913 INFO tempest.lib.common.rest_client [req-b6b1d279-7f68-44ed-9d7e-705a2b23f0ee req-b6b1d279-7f68-44ed-9d7e-705a2b23f0ee ] Request (ServerDiagnosticsNegativeTest:tearDownClass): 204 DELETE http://10.180.1.21:9696/networking/v2.0/security-groups/1a28dc84-b38b-45f4-bdbd-3c204d26fcc2 0.091s
2025-03-26 02:18:03.159 69919 WARNING tempest.lib.common.ssh [-] Failed to establish authenticated ssh connection to cirros@10.180.180.246 ([Errno None] Unable to connect to port 22 on 10.180.180.246). Number attempts: 4. Retry after 5 seconds.: paramiko.ssh_exception.NoValidConnectionsError: [Errno None] Unable to connect to port 22 on 10.180.180.246
2025-03-26 02:18:03.170 69917 INFO tempest.lib.common.rest_client [req-ecf439ff-59ec-4988-8362-e006dc9da2f3 req-ecf439ff-59ec-4988-8362-e006dc9da2f3 ] Request (DeleteServersAdminTestJSON:test_delete_server_while_in_error_state): 200 GET http://10.180.1.21/compute/v2.1/servers/1829331d-4c2e-46d9-85a8-a39484c95e61 0.058s
2025-03-26 02:18:03.176 69905 INFO tempest.lib.common.rest_client [req-2b4ab3e6-2cb0-496f-a567-a04a969169b3 req-2b4ab3e6-2cb0-496f-a567-a04a969169b3 ] Request (ServerAddressesNegativeTestJSON:setUpClass): 200 GET http://10.180.1.21/compute/v2.1/servers/aef82554-a852-4a4f-8cb8-f2ebe8c86a56 0.082s
2025-03-26 02:18:03.210 69913 INFO tempest.lib.common.rest_client [req-2ad48b86-d708-46bd-8d72-79a60dd1f88a req-2ad48b86-d708-46bd-8d72-79a60dd1f88a ] Request (ServerDiagnosticsNegativeTest:tearDownClass): 204 DELETE http://10.180.1.21/identity/v3/projects/abf5dd0cc59b4198a4a89d3cb8a0489c 0.103s
2025-03-26 02:18:03.211 69913 INFO tempest.lib.common.dynamic_creds [-] Deleting project and security group for project: f1d713e8e51d4eada16264dbb2800695
2025-03-26 02:18:03.228 69903 INFO tempest.lib.common.rest_client [req-4dbb64dd-3f1a-4432-a03c-f846fc18c64e req-4dbb64dd-3f1a-4432-a03c-f846fc18c64e ] Request (ServerGroupTestJSON:test_create_server_with_scheduler_hint_group): 200 GET http://10.180.1.21/compute/v2.1/servers/7a0d471c-b83d-4a0f-96ea-146d5dd501ac 0.069s
2025-03-26 02:18:03.244 69913 INFO tempest.lib.common.rest_client [req-03452a8a-0e78-4e58-85bc-b2043c8c6ad0 req-03452a8a-0e78-4e58-85bc-b2043c8c6ad0 ] Request (ServerDiagnosticsNegativeTest:tearDownClass): 200 GET http://10.180.1.21:9696/networking/v2.0/security-groups?tenant_id=f1d713e8e51d4eada16264dbb2800695&name=default 0.032s
2025-03-26 02:18:03.288 69915 INFO tempest.lib.common.rest_client [req-e8767b6b-1e3d-4b31-9f98-23a1a8dfb0db req-e8767b6b-1e3d-4b31-9f98-23a1a8dfb0db ] Request (MultipleCreateTestJSON:test_multiple_create): 200 GET http://10.180.1.21/compute/v2.1/servers/c34dfdae-12b1-40d0-9b88-de2427baf2eb 0.074s
2025-03-26 02:18:03.326 69911 INFO tempest.lib.common.rest_client [req-791bdbde-34d0-4e14-bd5d-6c6fb00dca1a req-791bdbde-34d0-4e14-bd5d-6c6fb00dca1a ] Request (FloatingIPsAssociationTestJSON:setUpClass): 200 GET http://10.180.1.21/compute/v2.1/servers/2dacd7c5-0893-4293-8676-db390b90b3d5 0.112s
2025-03-26 02:18:03.344 69913 INFO tempest.lib.common.rest_client [req-d9e66786-8d06-465d-b62c-cf9851fd4497 req-d9e66786-8d06-465d-b62c-cf9851fd4497 ] Request (ServerDiagnosticsNegativeTest:tearDownClass): 204 DELETE http://10.180.1.21:9696/networking/v2.0/security-groups/797d2953-ec0f-46fe-9746-d292d2d5c4ae 0.100s
2025-03-26 02:18:03.416 69891 WARNING tempest.lib.common.ssh [-] Failed to establish authenticated ssh connection to cirros@10.180.180.181 ([Errno None] Unable to connect to port 22 on 10.180.180.181). Number attempts: 5. Retry after 6 seconds.: paramiko.ssh_exception.NoValidConnectionsError: [Errno None] Unable to connect to port 22 on 10.180.180.181
2025-03-26 02:18:03.417 69925 INFO tempest.lib.common.rest_client [req-f2de3f36-ad30-4efa-987c-fe3b60b936c8 req-f2de3f36-ad30-4efa-987c-fe3b60b936c8 ] Request (AttachInterfacesV270Test:test_create_get_list_interfaces): 200 GET http://10.180.1.21/compute/v2.1/servers/4a57f6d5-3fa0-49f3-8cd5-03d310babd07 0.066s
2025-03-26 02:18:03.455 69913 INFO tempest.lib.common.rest_client [req-9dc5b449-319f-4178-b5a2-f7c89bcc028d req-9dc5b449-319f-4178-b5a2-f7c89bcc028d ] Request (ServerDiagnosticsNegativeTest:tearDownClass): 204 DELETE http://10.180.1.21/identity/v3/projects/f1d713e8e51d4eada16264dbb2800695 0.110s
2025-03-26 02:18:03.456 69913 INFO tempest.test [-] raised in TestVolumeSwap.setUpClass. Invoking tearDownClass.
2025-03-26 02:18:03.520 69913 INFO tempest.lib.common.rest_client [req-edc1c8a8-cbe2-4e57-aad2-b21a7237c817 req-edc1c8a8-cbe2-4e57-aad2-b21a7237c817 ] Request (AttachInterfacesTestJSON:setUpClass): 201 POST http://10.180.1.21/identity/v3/auth/tokens 0.061s
2025-03-26 02:18:03.539 69887 INFO tempest.lib.common.rest_client [req-dc942693-642d-4b94-aae3-582ca84ec05a req-dc942693-642d-4b94-aae3-582ca84ec05a ] Request (ServerDiagnosticsV248Test:tearDownClass): 200 GET http://10.180.1.21/compute/v2.1/servers/3828ecd8-0808-46ab-9f51-525db9ef01f6 0.074s
2025-03-26 02:18:03.553 69913 INFO tempest.lib.common.rest_client [req-6f1823e4-6295-4c5b-b033-515f98715c5b req-6f1823e4-6295-4c5b-b033-515f98715c5b ] Request (AttachInterfacesTestJSON:setUpClass): 201 POST http://10.180.1.21/identity/v3/auth/tokens 0.031s
2025-03-26 02:18:03.580 69913 INFO tempest.lib.common.rest_client [req-7ea196ee-c586-461b-b62d-8726341cdfc0 req-7ea196ee-c586-461b-b62d-8726341cdfc0 ] Request (AttachInterfacesTestJSON:setUpClass): 200 GET http://10.180.1.21/identity/v3/domains?name=Default 0.026s
2025-03-26 02:18:03.611 69913 INFO tempest.lib.common.rest_client [req-72ebc424-a8e8-4702-9d57-7f345307e375 req-72ebc424-a8e8-4702-9d57-7f345307e375 ] Request (AttachInterfacesTestJSON:setUpClass): 201 POST http://10.180.1.21/identity/v3/projects 0.030s
2025-03-26 02:18:03.624 69885 INFO tempest.lib.common.rest_client [req-759e0516-ef23-4f00-9774-4c0c1018bf34 req-759e0516-ef23-4f00-9774-4c0c1018bf34 ] Request (ImagesOneServerNegativeTestJSON:setUpClass): 200 GET http://10.180.1.21/compute/v2.1/servers/e2e5aa07-b856-4b26-89de-eeaa85de3f23 0.230s
2025-03-26 02:18:03.645 69896 INFO tempest.lib.common.rest_client [req-d916385c-6dfd-4490-9184-6387c85e057c req-d916385c-6dfd-4490-9184-6387c85e057c ] Request (ServerActionsV293TestJSON:setUpClass): 200 GET http://10.180.1.21/volume/v3/volumes/053bdbc0-646d-446a-99fe-af3e1aea6030 0.026s
2025-03-26 02:18:03.668 69913 INFO tempest.lib.common.rest_client [req-6bc977f1-a895-4e1f-8ea6-c3ff61bb561b req-6bc977f1-a895-4e1f-8ea6-c3ff61bb561b ] Request (AttachInterfacesTestJSON:setUpClass): 201 POST http://10.180.1.21/identity/v3/users 0.057s
2025-03-26 02:18:03.670 69907 INFO tempest.lib.common.rest_client [req-3a39dcf9-9551-4078-bdb3-bde790a7bb2e req-3a39dcf9-9551-4078-bdb3-bde790a7bb2e ] Request (ListServerFiltersTestJSON:setUpClass): 200 GET http://10.180.1.21/compute/v2.1/servers/139591bc-25b9-4087-807d-ac8108d236c5 0.180s
2025-03-26 02:18:03.690 69889 INFO tempest.lib.common.rest_client [req-9d9ddec0-ef00-4693-afd9-c5b543294009 req-9d9ddec0-ef00-4693-afd9-c5b543294009 ] Request (ServersAdminNegativeTestJSON:setUpClass): 200 GET http://10.180.1.21/compute/v2.1/servers/61afd391-37c6-45de-aed3-f6f8c966d579 0.172s
2025-03-26 02:18:03.691 69913 INFO tempest.lib.common.rest_client [req-bb4b6830-c268-4dc2-a044-5ad407479ac3 req-bb4b6830-c268-4dc2-a044-5ad407479ac3 ] Request (AttachInterfacesTestJSON:setUpClass): 200 GET http://10.180.1.21/identity/v3/roles 0.022s
2025-03-26 02:18:03.716 69913 INFO tempest.lib.common.rest_client [req-fec42605-7759-4986-ad25-8fea056737bc req-fec42605-7759-4986-ad25-8fea056737bc ] Request (AttachInterfacesTestJSON:setUpClass): 204 PUT http://10.180.1.21/identity/v3/projects/7bdf3125741644dc957ed8a9909addb5/users/eb0d7100fe3f4fa89987884662765bb9/roles/2bf98bbfa77248eba3f5fc91bfb4d7e2 0.024s
2025-03-26 02:18:03.716 69913 INFO tempest.lib.common.dynamic_creds [-] Dynamic test user eb0d7100fe3f4fa89987884662765bb9 is created with scope project and roles: ['member']
2025-03-26 02:18:03.716 69913 INFO tempest.lib.common.dynamic_creds [-] Acquired dynamic creds: credentials: Credentials: {'domain_id': 'default', 'domain_name': 'Default', 'username': 'tempest-AttachInterfacesTestJSON-2099766477-project-member', 'project_domain_id': 'default', 'project_domain_name': 'Default', 'project_id': '7bdf3125741644dc957ed8a9909addb5', 'project_name': 'tempest-AttachInterfacesTestJSON-2099766477', 'tenant_id': '7bdf3125741644dc957ed8a9909addb5', 'tenant_name': 'tempest-AttachInterfacesTestJSON-2099766477', 'user_domain_id': 'default', 'user_domain_name': 'Default', 'user_id': 'eb0d7100fe3f4fa89987884662765bb9', 'system': None}, Network: None, Subnet: None, Router: None
2025-03-26 02:18:03.719 69875 INFO tempest.lib.common.rest_client [req-410ca023-8eb2-47a3-b373-3bda44015889 req-410ca023-8eb2-47a3-b373-3bda44015889 ] Request (ImagesOneServerTestJSON:setUpClass): 200 GET http://10.180.1.21/compute/v2.1/servers/f5d238a7-ea93-4189-8689-3c8b70b7c30e 0.160s
2025-03-26 02:18:03.756 69871 INFO tempest.lib.common.rest_client [req-b66689e4-0b00-4a5d-8c1f-7ead0ecfdd3e req-b66689e4-0b00-4a5d-8c1f-7ead0ecfdd3e ] Request (ServersTestJSON:test_create_server_specify_multibyte_character_name): 200 GET http://10.180.1.21/compute/v2.1/servers/e0745838-9c2c-48b7-b17b-af31ecba4e8e 0.182s
2025-03-26 02:18:03.772 69881 INFO tempest.lib.common.rest_client [req-a2267c69-5c7a-4acc-9315-f2821958a4e9 req-a2267c69-5c7a-4acc-9315-f2821958a4e9 ] Request (ServerDiagnosticsTest:tearDownClass): 200 GET http://10.180.1.21/compute/v2.1/servers/690648e9-1344-4076-9f7e-b329089e36a5 0.133s
2025-03-26 02:18:03.774 69913 INFO tempest.lib.common.rest_client [req-4099805d-bdff-4225-aca3-41185cb07d2b req-4099805d-bdff-4225-aca3-41185cb07d2b ] Request (AttachInterfacesTestJSON:setUpClass): 201 POST http://10.180.1.21/identity/v3/auth/tokens 0.057s
2025-03-26 02:18:03.814 69897 INFO tempest.lib.common.rest_client [req-497f20b1-7026-4d9f-a705-466102469f41 req-497f20b1-7026-4d9f-a705-466102469f41 ] Request (AttachVolumeShelveTestJSON:test_attach_volume_shelved_or_offload_server): 200 GET http://10.180.1.21/compute/v2.1/servers/2dff1cdf-b5c4-4b1d-94e8-24a3a2f5d450 0.162s
2025-03-26 02:18:03.817 69923 INFO tempest.lib.common.rest_client [req-44b5617d-96eb-4054-9cb5-a4d862409f51 req-44b5617d-96eb-4054-9cb5-a4d862409f51 ] Request (ServerActionsTestOtherB:setUpClass): 200 GET http://10.180.1.21/compute/v2.1/servers/e1ea28d1-194d-4e26-8b7d-bf1060528315 0.114s
2025-03-26 02:18:03.860 69883 INFO tempest.lib.common.rest_client [req-e607ae6c-f74e-4f39-ada1-c70fa2f5d771 req-e607ae6c-f74e-4f39-ada1-c70fa2f5d771 ] Request (ServersAdminTestJSON:test_create_server_with_scheduling_hint): 200 GET http://10.180.1.21/compute/v2.1/servers/15dc176c-887b-4afc-b29d-8784b4b4827c 0.145s
2025-03-26 02:18:03.868 69879 INFO tempest.lib.common.rest_client [req-83e0ad8b-29de-45e9-8ce2-2cd54f4f53d7 req-83e0ad8b-29de-45e9-8ce2-2cd54f4f53d7 ] Request (MigrationsAdminTest:test_list_migrations_in_flavor_resize_situation): 200 GET http://10.180.1.21/compute/v2.1/servers/5e1f2115-69a8-46f8-9680-6e8e61ef2c33 0.103s
2025-03-26 02:18:03.911 69893 INFO tempest.lib.common.rest_client [req-f6c43565-64d3-45a8-a4c9-633f00434bfa req-f6c43565-64d3-45a8-a4c9-633f00434bfa ] Request (ServerRescueTestJSON:setUpClass): 200 GET http://10.180.1.21/compute/v2.1/servers/253e3a62-d9d8-4b70-8bf2-b0dc286f1f02 0.118s
2025-03-26 02:18:03.928 69877 INFO tempest.lib.common.rest_client [req-b160603f-e72d-40d4-aee5-d23d58faf6d0 req-b160603f-e72d-40d4-aee5-d23d58faf6d0 ] Request (ImagesTestJSON:test_create_image_from_suspended_server): 200 GET http://10.180.1.21/compute/v2.1/servers/29c8cc49-c5a3-4cc6-b6bf-041138d54870 0.075s
2025-03-26 02:18:03.973 69867 INFO tempest.lib.common.rest_client [req-7cad97ab-1195-4e79-9359-7eb6eb70d1d7 req-7cad97ab-1195-4e79-9359-7eb6eb70d1d7 ] Request (ListImageFiltersTestJSON:setUpClass): 200 GET http://10.180.1.21/compute/v2.1/images/ca299dcd-3cd0-46c7-bb45-d4736502a119 0.060s
2025-03-26 02:18:04.030 69873 INFO tempest.lib.common.rest_client [req-5d336398-ef0c-42eb-b45b-09bb6fea077f req-5d336398-ef0c-42eb-b45b-09bb6fea077f ] Request (ServersTestMultiNic:test_verify_duplicate_network_nics): 200 GET http://10.180.1.21/compute/v2.1/servers/e1211f1b-d059-41be-9aa1-9af0c3ea6f81 0.116s
2025-03-26 02:18:04.030 69927 INFO tempest.lib.common.rest_client [req-09ded579-a4b8-4fdc-ba78-12e7b04e73cd req-09ded579-a4b8-4fdc-ba78-12e7b04e73cd ] Request (ServerAddressesTestJSON:setUpClass): 200 GET http://10.180.1.21/compute/v2.1/servers/1f7b9ad2-6d8b-413d-8a17-f258447cd2d1 0.159s
2025-03-26 02:18:04.059 69913 INFO tempest.lib.common.rest_client [req-91fafc77-b971-468f-901b-8c38ac4f7417 req-91fafc77-b971-468f-901b-8c38ac4f7417 ] Request (AttachInterfacesTestJSON:setUpClass): 201 POST http://10.180.1.21:9696/networking/v2.0/networks 0.285s
2025-03-26 02:18:04.087 69869 INFO tempest.lib.common.rest_client [req-ebc26f0c-4f63-4930-97f6-b2963dc78de7 req-ebc26f0c-4f63-4930-97f6-b2963dc78de7 ] Request (ListServersNegativeTestJSON:setUpClass): 200 GET http://10.180.1.21/compute/v2.1/servers/6bc8782d-cf63-47a3-aa2c-69b4822438a5 0.110s
2025-03-26 02:18:04.207 69913 INFO tempest.lib.common.rest_client [req-a6467cfc-4fc0-45ed-9e69-a72b73482eee req-a6467cfc-4fc0-45ed-9e69-a72b73482eee ] Request (AttachInterfacesTestJSON:setUpClass): 201 POST http://10.180.1.21:9696/networking/v2.0/subnets 0.148s
2025-03-26 02:18:04.243 69917 INFO tempest.lib.common.rest_client [req-17bb4c66-7490-4da2-be53-e9e691176152 req-17bb4c66-7490-4da2-be53-e9e691176152 ] Request (DeleteServersAdminTestJSON:test_delete_server_while_in_error_state): 200 GET http://10.180.1.21/compute/v2.1/servers/1829331d-4c2e-46d9-85a8-a39484c95e61 0.061s
2025-03-26 02:18:04.249 69905 INFO tempest.lib.common.rest_client [req-eadb0a71-0806-4288-8c05-9b48ae998fab req-eadb0a71-0806-4288-8c05-9b48ae998fab ] Request (ServerAddressesNegativeTestJSON:setUpClass): 200 GET http://10.180.1.21/compute/v2.1/servers/aef82554-a852-4a4f-8cb8-f2ebe8c86a56 0.056s
2025-03-26 02:18:04.301 69903 INFO tempest.lib.common.rest_client [req-91c893d9-f1e4-43e3-a0a7-04f607d365e6 req-91c893d9-f1e4-43e3-a0a7-04f607d365e6 ] Request (ServerGroupTestJSON:test_create_server_with_scheduler_hint_group): 200 GET http://10.180.1.21/compute/v2.1/servers/7a0d471c-b83d-4a0f-96ea-146d5dd501ac 0.064s
2025-03-26 02:18:04.352 69915 INFO tempest.lib.common.rest_client [req-e3400b34-02d2-4e02-84c5-c2ae0cc9200e req-e3400b34-02d2-4e02-84c5-c2ae0cc9200e ] Request (MultipleCreateTestJSON:test_multiple_create): 200 GET http://10.180.1.21/compute/v2.1/servers/c34dfdae-12b1-40d0-9b88-de2427baf2eb 0.054s
2025-03-26 02:18:04.464 69911 INFO tempest.lib.common.rest_client [req-c3b3683b-850b-4956-aee9-6672f5dde408 req-c3b3683b-850b-4956-aee9-6672f5dde408 ] Request (FloatingIPsAssociationTestJSON:setUpClass): 200 GET http://10.180.1.21/compute/v2.1/servers/2dacd7c5-0893-4293-8676-db390b90b3d5 0.128s
2025-03-26 02:18:04.472 69911 INFO tempest.common.waiters [-] State transition "BUILD/spawning" ==> "ACTIVE/None" after 62 second wait
2025-03-26 02:18:04.491 69925 INFO tempest.lib.common.rest_client [req-3a3c70f0-7b48-4f51-9328-e5c4feabc296 req-3a3c70f0-7b48-4f51-9328-e5c4feabc296 ] Request (AttachInterfacesV270Test:test_create_get_list_interfaces): 200 GET http://10.180.1.21/compute/v2.1/servers/4a57f6d5-3fa0-49f3-8cd5-03d310babd07 0.060s
2025-03-26 02:18:04.567 69909 WARNING tempest.lib.common.ssh [-] Failed to establish authenticated ssh connection to cirros@10.180.180.144 ([Errno None] Unable to connect to port 22 on 10.180.180.144). Number attempts: 7. Retry after 8 seconds.: paramiko.ssh_exception.NoValidConnectionsError: [Errno None] Unable to connect to port 22 on 10.180.180.144
2025-03-26 02:18:04.568 69921 WARNING tempest.lib.common.ssh [-] Failed to establish authenticated ssh connection to cirros@10.180.180.142 ([Errno None] Unable to connect to port 22 on 10.180.180.142). Number attempts: 8. Retry after 9 seconds.: paramiko.ssh_exception.NoValidConnectionsError: [Errno None] Unable to connect to port 22 on 10.180.180.142
2025-03-26 02:18:04.618 69887 INFO tempest.lib.common.rest_client [req-3f857265-c953-4142-ae5d-dcb477390328 req-3f857265-c953-4142-ae5d-dcb477390328 ] Request (ServerDiagnosticsV248Test:tearDownClass): 200 GET http://10.180.1.21/compute/v2.1/servers/3828ecd8-0808-46ab-9f51-525db9ef01f6 0.068s
2025-03-26 02:18:04.686 69896 INFO tempest.lib.common.rest_client [req-a36aad1f-6160-42f6-bd4c-871d5419a013 req-a36aad1f-6160-42f6-bd4c-871d5419a013 ] Request (ServerActionsV293TestJSON:setUpClass): 200 GET http://10.180.1.21/volume/v3/volumes/053bdbc0-646d-446a-99fe-af3e1aea6030 0.033s
2025-03-26 02:18:04.782 69885 INFO tempest.lib.common.rest_client [req-30ac4710-0883-4dac-acff-3c1fc43c1112 req-30ac4710-0883-4dac-acff-3c1fc43c1112 ] Request (ImagesOneServerNegativeTestJSON:setUpClass): 200 GET http://10.180.1.21/compute/v2.1/servers/e2e5aa07-b856-4b26-89de-eeaa85de3f23 0.150s
2025-03-26 02:18:04.910 69907 INFO tempest.lib.common.rest_client [req-e57caa6c-0bbc-4dac-b7e6-bfa376ef04a4 req-e57caa6c-0bbc-4dac-b7e6-bfa376ef04a4 ] Request (ListServerFiltersTestJSON:setUpClass): 200 GET http://10.180.1.21/compute/v2.1/servers/139591bc-25b9-4087-807d-ac8108d236c5 0.226s
2025-03-26 02:18:04.964 69889 INFO tempest.lib.common.rest_client [req-66d95acc-a5dc-4806-b88e-46197edfd5a9 req-66d95acc-a5dc-4806-b88e-46197edfd5a9 ] Request (ServersAdminNegativeTestJSON:setUpClass): 200 GET http://10.180.1.21/compute/v2.1/servers/61afd391-37c6-45de-aed3-f6f8c966d579 0.265s
2025-03-26 02:18:05.011 69875 INFO tempest.lib.common.rest_client [req-8b3cef03-b356-4e1e-84b4-7f5b7f2f7637 req-8b3cef03-b356-4e1e-84b4-7f5b7f2f7637 ] Request (ImagesOneServerTestJSON:setUpClass): 200 GET http://10.180.1.21/compute/v2.1/servers/f5d238a7-ea93-4189-8689-3c8b70b7c30e 0.283s
2025-03-26 02:18:05.060 69871 INFO tempest.lib.common.rest_client [req-745fbad1-a804-421f-9852-a0abab908d36 req-745fbad1-a804-421f-9852-a0abab908d36 ] Request (ServersTestJSON:test_create_server_specify_multibyte_character_name): 200 GET http://10.180.1.21/compute/v2.1/servers/e0745838-9c2c-48b7-b17b-af31ecba4e8e 0.295s
2025-03-26 02:18:05.117 69881 INFO tempest.lib.common.rest_client [req-bf9511bf-6547-4d00-9231-4e69ad46caf6 req-bf9511bf-6547-4d00-9231-4e69ad46caf6 ] Request (ServerDiagnosticsTest:tearDownClass): 200 GET http://10.180.1.21/compute/v2.1/servers/690648e9-1344-4076-9f7e-b329089e36a5 0.337s
2025-03-26 02:18:05.178 69897 INFO tempest.lib.common.rest_client [req-a1025156-603f-4019-a10a-5fe578442721 req-a1025156-603f-4019-a10a-5fe578442721 ] Request (AttachVolumeShelveTestJSON:test_attach_volume_shelved_or_offload_server): 200 GET http://10.180.1.21/compute/v2.1/servers/2dff1cdf-b5c4-4b1d-94e8-24a3a2f5d450 0.355s
2025-03-26 02:18:05.224 69913 INFO tempest.lib.common.rest_client [req-1bf498b4-4f31-452f-b98f-7eaab1959930 req-1bf498b4-4f31-452f-b98f-7eaab1959930 ] Request (AttachInterfacesTestJSON:setUpClass): 201 POST http://10.180.1.21:9696/networking/v2.0/routers 1.016s
2025-03-26 02:18:05.231 69923 INFO tempest.lib.common.rest_client [req-8d2beac1-3e0b-41cd-8ad8-1f8e51867dd3 req-8d2beac1-3e0b-41cd-8ad8-1f8e51867dd3 ] Request (ServerActionsTestOtherB:setUpClass): 200 GET http://10.180.1.21/compute/v2.1/servers/e1ea28d1-194d-4e26-8b7d-bf1060528315 0.404s
2025-03-26 02:18:05.232 69911 INFO tempest.lib.common.rest_client [req-83579d0f-bb14-4b11-b169-5c0d060e5695 req-83579d0f-bb14-4b11-b169-5c0d060e5695 ] Request (FloatingIPsAssociationTestJSON:setUpClass): 200 POST http://10.180.1.21/compute/v2.1/os-floating-ips 0.759s
2025-03-26 02:18:05.288 69879 INFO tempest.lib.common.rest_client [req-fe077261-17e1-478f-bdf8-55242d8e63b4 req-fe077261-17e1-478f-bdf8-55242d8e63b4 ] Request (MigrationsAdminTest:test_list_migrations_in_flavor_resize_situation): 200 GET http://10.180.1.21/compute/v2.1/servers/5e1f2115-69a8-46f8-9680-6e8e61ef2c33 0.411s
2025-03-26 02:18:05.296 69883 INFO tempest.lib.common.rest_client [req-eaaf8d87-89b1-42a1-be38-0b0a385d9368 req-eaaf8d87-89b1-42a1-be38-0b0a385d9368 ] Request (ServersAdminTestJSON:test_create_server_with_scheduling_hint): 200 GET http://10.180.1.21/compute/v2.1/servers/15dc176c-887b-4afc-b29d-8784b4b4827c 0.425s
2025-03-26 02:18:05.320 69911 INFO tempest.lib.common.rest_client [req-d8fb66c4-650e-4526-a436-2630af0bba51 req-d8fb66c4-650e-4526-a436-2630af0bba51 ] Request (FloatingIPsAssociationTestJSON:test_associate_already_associated_floating_ip): 201 POST http://10.180.1.21/identity/v3/auth/tokens 0.082s
2025-03-26 02:18:05.320 69911 INFO tempest.lib.common.fixed_network [-] (FloatingIPsAssociationTestJSON:test_associate_already_associated_floating_ip) Found network {'id': '1cffd327-e5af-496e-81e6-723eaf2975db', 'name': 'tempest-FloatingIPsAssociationTestJSON-1092635474-network', 'tenant_id': '6abb2922b48d4708872416763d35f3b9', 'admin_state_up': True, 'mtu': 8950, 'status': 'ACTIVE', 'subnets': [], 'shared': False, 'project_id': '6abb2922b48d4708872416763d35f3b9', 'port_security_enabled': True, 'router:external': False, 'provider:network_type': 'vlan', 'provider:physical_network': 'default', 'provider:segmentation_id': 668, 'availability_zone_hints': [], 'availability_zones': [], 'ipv4_address_scope': None, 'ipv6_address_scope': None, 'description': '', 'tags': [], 'created_at': '2025-03-26T02:16:53Z', 'updated_at': '2025-03-26T02:16:53Z', 'revision_number': 1} available for tenant
2025-03-26 02:18:05.348 69893 INFO tempest.lib.common.rest_client [req-a6c34688-47cc-4413-835a-5412060ac2c5 req-a6c34688-47cc-4413-835a-5412060ac2c5 ] Request (ServerRescueTestJSON:setUpClass): 200 GET http://10.180.1.21/compute/v2.1/servers/253e3a62-d9d8-4b70-8bf2-b0dc286f1f02 0.424s
2025-03-26 02:18:05.362 69877 INFO tempest.lib.common.rest_client [req-d14334ee-64b8-460c-8b6b-207aac50c86a req-d14334ee-64b8-460c-8b6b-207aac50c86a ] Request (ImagesTestJSON:test_create_image_from_suspended_server): 200 GET http://10.180.1.21/compute/v2.1/servers/29c8cc49-c5a3-4cc6-b6bf-041138d54870 0.425s
2025-03-26 02:18:05.400 69867 INFO tempest.lib.common.rest_client [req-3f2be074-dfd6-4b7a-86af-8bb4397e6cd2 req-3f2be074-dfd6-4b7a-86af-8bb4397e6cd2 ] Request (ListImageFiltersTestJSON:setUpClass): 200 GET http://10.180.1.21/compute/v2.1/images/ca299dcd-3cd0-46c7-bb45-d4736502a119 0.424s
2025-03-26 02:18:05.424 69873 INFO tempest.lib.common.rest_client [req-402ada62-18b5-4603-82c9-9e9c6a107a7a req-402ada62-18b5-4603-82c9-9e9c6a107a7a ] Request (ServersTestMultiNic:test_verify_duplicate_network_nics): 200 GET http://10.180.1.21/compute/v2.1/servers/e1211f1b-d059-41be-9aa1-9af0c3ea6f81 0.386s
2025-03-26 02:18:05.491 69869 INFO tempest.lib.common.rest_client [req-6d3934de-8aff-4209-a5b1-b0b3406054b0 req-6d3934de-8aff-4209-a5b1-b0b3406054b0 ] Request (ListServersNegativeTestJSON:setUpClass): 200 GET http://10.180.1.21/compute/v2.1/servers/6bc8782d-cf63-47a3-aa2c-69b4822438a5 0.397s
2025-03-26 02:18:05.523 69927 INFO tempest.lib.common.rest_client [req-ef6a0be6-43e2-47b7-8dbc-581e0de411cf req-ef6a0be6-43e2-47b7-8dbc-581e0de411cf ] Request (ServerAddressesTestJSON:setUpClass): 200 GET http://10.180.1.21/compute/v2.1/servers/1f7b9ad2-6d8b-413d-8a17-f258447cd2d1 0.485s
2025-03-26 02:18:05.557 69917 INFO tempest.lib.common.rest_client [req-4f44b1c5-3bd3-4a1f-9c4f-3d7df462aaa5 req-4f44b1c5-3bd3-4a1f-9c4f-3d7df462aaa5 ] Request (DeleteServersAdminTestJSON:test_delete_server_while_in_error_state): 200 GET http://10.180.1.21/compute/v2.1/servers/1829331d-4c2e-46d9-85a8-a39484c95e61 0.304s
2025-03-26 02:18:05.568 69917 INFO tempest.common.waiters [-] State transition "BUILD/scheduling" ==> "BUILD/None" after 41 second wait
2025-03-26 02:18:05.575 69905 INFO tempest.lib.common.rest_client [req-8dcaf9f1-e996-4920-9dc2-2ae7a4af171c req-8dcaf9f1-e996-4920-9dc2-2ae7a4af171c ] Request (ServerAddressesNegativeTestJSON:setUpClass): 200 GET http://10.180.1.21/compute/v2.1/servers/aef82554-a852-4a4f-8cb8-f2ebe8c86a56 0.319s
2025-03-26 02:18:05.623 69903 INFO tempest.lib.common.rest_client [req-ed060c3b-ac5c-4aaf-99cd-ddfb7c564f09 req-ed060c3b-ac5c-4aaf-99cd-ddfb7c564f09 ] Request (ServerGroupTestJSON:test_create_server_with_scheduler_hint_group): 200 GET http://10.180.1.21/compute/v2.1/servers/7a0d471c-b83d-4a0f-96ea-146d5dd501ac 0.312s
2025-03-26 02:18:05.686 69915 INFO tempest.lib.common.rest_client [req-e0f1dda2-280c-4f51-a2b4-6958177d868c req-e0f1dda2-280c-4f51-a2b4-6958177d868c ] Request (MultipleCreateTestJSON:test_multiple_create): 200 GET http://10.180.1.21/compute/v2.1/servers/c34dfdae-12b1-40d0-9b88-de2427baf2eb 0.323s
2025-03-26 02:18:05.732 69896 INFO tempest.lib.common.rest_client [req-b9cfa94e-6f90-4319-9385-4e3117361cb6 req-b9cfa94e-6f90-4319-9385-4e3117361cb6 ] Request (ServerActionsV293TestJSON:setUpClass): 200 GET http://10.180.1.21/volume/v3/volumes/053bdbc0-646d-446a-99fe-af3e1aea6030 0.034s
2025-03-26 02:18:05.758 69925 INFO tempest.lib.common.rest_client [req-7aac56c7-d96b-4a5e-88b8-8c8a561f6a72 req-7aac56c7-d96b-4a5e-88b8-8c8a561f6a72 ] Request (AttachInterfacesV270Test:test_create_get_list_interfaces): 200 GET http://10.180.1.21/compute/v2.1/servers/4a57f6d5-3fa0-49f3-8cd5-03d310babd07 0.257s
2025-03-26 02:18:05.830 69887 INFO tempest.lib.common.rest_client [req-1f469358-70e9-4694-8c69-3af4ed531e51 req-1f469358-70e9-4694-8c69-3af4ed531e51 ] Request (ServerDiagnosticsV248Test:tearDownClass): 200 GET http://10.180.1.21/compute/v2.1/servers/3828ecd8-0808-46ab-9f51-525db9ef01f6 0.203s
2025-03-26 02:18:05.931 69911 INFO tempest.lib.common.rest_client [req-eaafb6cd-e1a4-4ff0-92ef-7c56881c04da req-eaafb6cd-e1a4-4ff0-92ef-7c56881c04da ] Request (FloatingIPsAssociationTestJSON:test_associate_already_associated_floating_ip): 202 POST http://10.180.1.21/compute/v2.1/servers 0.610s
2025-03-26 02:18:05.952 69885 INFO tempest.lib.common.rest_client [req-64b5b509-5ef3-4484-aea3-999c62fc9dda req-64b5b509-5ef3-4484-aea3-999c62fc9dda ] Request (ImagesOneServerNegativeTestJSON:setUpClass): 200 GET http://10.180.1.21/compute/v2.1/servers/e2e5aa07-b856-4b26-89de-eeaa85de3f23 0.161s
2025-03-26 02:18:06.000 69911 INFO tempest.lib.common.rest_client [req-5543a114-c903-479a-9277-39b9803ebc0a req-5543a114-c903-479a-9277-39b9803ebc0a ] Request (FloatingIPsAssociationTestJSON:test_associate_already_associated_floating_ip): 200 GET http://10.180.1.21/compute/v2.1/servers/776708f7-9e48-4926-ab1d-d2a004fd5b3a 0.066s
2025-03-26 02:18:06.055 69907 INFO tempest.lib.common.rest_client [req-7a25cc91-6892-490f-aa43-a6d15082d756 req-7a25cc91-6892-490f-aa43-a6d15082d756 ] Request (ListServerFiltersTestJSON:setUpClass): 200 GET http://10.180.1.21/compute/v2.1/servers/139591bc-25b9-4087-807d-ac8108d236c5 0.129s
2025-03-26 02:18:06.058 69889 INFO tempest.lib.common.rest_client [req-b17abb0b-c86f-444d-9392-61083f92e4a4 req-b17abb0b-c86f-444d-9392-61083f92e4a4 ] Request (ServersAdminNegativeTestJSON:setUpClass): 200 GET http://10.180.1.21/compute/v2.1/servers/61afd391-37c6-45de-aed3-f6f8c966d579 0.085s
2025-03-26 02:18:06.105 69875 INFO tempest.lib.common.rest_client [req-8af6c06d-7c78-4f37-b6f2-2aee6da9fe25 req-8af6c06d-7c78-4f37-b6f2-2aee6da9fe25 ] Request (ImagesOneServerTestJSON:setUpClass): 200 GET http://10.180.1.21/compute/v2.1/servers/f5d238a7-ea93-4189-8689-3c8b70b7c30e 0.085s
2025-03-26 02:18:06.126 69871 INFO tempest.lib.common.rest_client [req-0d88b9e9-dcf7-45e8-a70b-507d66582775 req-0d88b9e9-dcf7-45e8-a70b-507d66582775 ] Request (ServersTestJSON:test_create_server_specify_multibyte_character_name): 200 GET http://10.180.1.21/compute/v2.1/servers/e0745838-9c2c-48b7-b17b-af31ecba4e8e 0.058s
2025-03-26 02:18:06.194 69881 INFO tempest.lib.common.rest_client [req-e8328ed7-0538-460f-81bd-4ef3a35ccbc8 req-e8328ed7-0538-460f-81bd-4ef3a35ccbc8 ] Request (ServerDiagnosticsTest:tearDownClass): 200 GET http://10.180.1.21/compute/v2.1/servers/690648e9-1344-4076-9f7e-b329089e36a5 0.061s
2025-03-26 02:18:06.221 69913 INFO tempest.lib.common.rest_client [req-765b7807-780d-47df-8e79-66c3c9418845 req-765b7807-780d-47df-8e79-66c3c9418845 ] Request (AttachInterfacesTestJSON:setUpClass): 200 PUT http://10.180.1.21:9696/networking/v2.0/routers/1105cecd-8650-4c1d-b8ab-aa21fcb55d47/add_router_interface 0.997s
2025-03-26 02:18:06.222 69913 INFO tempest.lib.common.dynamic_creds [-] Created isolated network resources for: credentials: Credentials: {'domain_id': 'default', 'domain_name': 'Default', 'username': 'tempest-AttachInterfacesTestJSON-2099766477-project-member', 'project_domain_id': 'default', 'project_domain_name': 'Default', 'project_id': '7bdf3125741644dc957ed8a9909addb5', 'project_name': 'tempest-AttachInterfacesTestJSON-2099766477', 'tenant_id': '7bdf3125741644dc957ed8a9909addb5', 'tenant_name': 'tempest-AttachInterfacesTestJSON-2099766477', 'user_domain_id': 'default', 'user_domain_name': 'Default', 'user_id': 'eb0d7100fe3f4fa89987884662765bb9', 'system': None}, Network: {'id': '185db1c3-8c86-43b3-a250-1069620f2ca3', 'name': 'tempest-AttachInterfacesTestJSON-119889917-network', 'tenant_id': '7bdf3125741644dc957ed8a9909addb5', 'admin_state_up': True, 'mtu': 8950, 'status': 'ACTIVE', 'subnets': [], 'shared': False, 'project_id': '7bdf3125741644dc957ed8a9909addb5', 'port_security_enabled': True, 'router:external': False, 'provider:network_type': 'vlan', 'provider:physical_network': 'default', 'provider:segmentation_id': 15, 'availability_zone_hints': [], 'availability_zones': [], 'ipv4_address_scope': None, 'ipv6_address_scope': None, 'description': '', 'tags': [], 'created_at': '2025-03-26T02:18:03Z', 'updated_at': '2025-03-26T02:18:03Z', 'revision_number': 1}, Subnet: {'id': '485097b2-b7e7-4dc7-95d6-813bddb1e9b5', 'name': 'tempest-AttachInterfacesTestJSON-119889917-subnet', 'tenant_id': '7bdf3125741644dc957ed8a9909addb5', 'network_id': '185db1c3-8c86-43b3-a250-1069620f2ca3', 'ip_version': 4, 'subnetpool_id': None, 'enable_dhcp': True, 'ipv6_ra_mode': None, 'ipv6_address_mode': None, 'gateway_ip': '192.168.128.1', 'cidr': '192.168.128.0/28', 'allocation_pools': [{'start': '192.168.128.2', 'end': '192.168.128.14'}], 'host_routes': [], 'dns_nameservers': [], 'description': '', 'router:external': False, 'service_types': [], 'tags': [], 'created_at': '2025-03-26T02:18:04Z', 'updated_at': '2025-03-26T02:18:04Z', 'revision_number': 0, 'project_id': '7bdf3125741644dc957ed8a9909addb5'}, Router: {'id': '1105cecd-8650-4c1d-b8ab-aa21fcb55d47', 'name': 'tempest-AttachInterfacesTestJSON-119889917-router', 'tenant_id': '7bdf3125741644dc957ed8a9909addb5', 'admin_state_up': True, 'status': 'ACTIVE', 'external_gateway_info': {'network_id': '4cdd3bcc-3422-4fd2-9979-eec3e18a6fd4', 'external_fixed_ips': [{'subnet_id': '8662c71b-1411-4c17-b187-3d63a5905cb7', 'ip_address': '10.180.180.167'}], 'enable_snat': True}, 'description': '', 'availability_zones': [], 'distributed': False, 'ha': False, 'availability_zone_hints': [], 'routes': [], 'flavor_id': None, 'tags': [], 'created_at': '2025-03-26T02:18:04Z', 'updated_at': '2025-03-26T02:18:04Z', 'revision_number': 2, 'project_id': '7bdf3125741644dc957ed8a9909addb5'}
2025-03-26 02:18:06.250 69897 INFO tempest.lib.common.rest_client [req-97dc1856-87d2-41de-a7a7-f2aa044044fc req-97dc1856-87d2-41de-a7a7-f2aa044044fc ] Request (AttachVolumeShelveTestJSON:test_attach_volume_shelved_or_offload_server): 200 GET http://10.180.1.21/compute/v2.1/servers/2dff1cdf-b5c4-4b1d-94e8-24a3a2f5d450 0.061s
2025-03-26 02:18:06.305 69923 INFO tempest.lib.common.rest_client [req-7e6e592b-e30c-419c-ad4f-c13bfb29aa5d req-7e6e592b-e30c-419c-ad4f-c13bfb29aa5d ] Request (ServerActionsTestOtherB:setUpClass): 200 GET http://10.180.1.21/compute/v2.1/servers/e1ea28d1-194d-4e26-8b7d-bf1060528315 0.066s
2025-03-26 02:18:06.336 69913 INFO tempest.lib.common.rest_client [req-e8ef4cef-5272-42cc-8b43-e74c8b19a659 req-e8ef4cef-5272-42cc-8b43-e74c8b19a659 ] Request (AttachInterfacesTestJSON:setUpClass): 201 POST http://10.180.1.21/identity/v3/auth/tokens 0.112s
2025-03-26 02:18:06.368 69879 INFO tempest.lib.common.rest_client [req-487ad633-d5d1-4435-9c80-febc152f3266 req-487ad633-d5d1-4435-9c80-febc152f3266 ] Request (MigrationsAdminTest:test_list_migrations_in_flavor_resize_situation): 200 GET http://10.180.1.21/compute/v2.1/servers/5e1f2115-69a8-46f8-9680-6e8e61ef2c33 0.066s
