2025-03-26 02:17:32.051 69877 INFO tempest.lib.common.rest_client [req-139e146e-94fd-44b0-bce2-1b1f7e577298 req-139e146e-94fd-44b0-bce2-1b1f7e577298 ] Request (ImagesTestJSON:test_create_image_from_stopped_server): 200 GET http://10.180.1.21/compute/v2.1/images/bb6ed61b-3fb9-4d96-b97c-d11ff74a20e7 1.488s
2025-03-26 02:17:32.120 69875 INFO tempest.lib.common.rest_client [req-acd64110-fcd4-4c98-8589-f2d72c77fc17 req-acd64110-fcd4-4c98-8589-f2d72c77fc17 ] Request (ImagesNegativeTestJSON:test_create_image_from_deleted_server): 200 GET http://10.180.1.21/compute/v2.1/servers/5c083db7-c953-4bee-961e-62fff3fff8ba 1.451s
2025-03-26 02:17:32.173 69923 INFO tempest.lib.common.rest_client [req-711c7cdc-0365-466d-a5fa-6a03111bd909 req-711c7cdc-0365-466d-a5fa-6a03111bd909 ] Request (ServerActionsTestOtherB:setUpClass): 200 GET http://10.180.1.21/compute/v2.1/servers/e1ea28d1-194d-4e26-8b7d-bf1060528315 0.952s
2025-03-26 02:17:32.230 69871 INFO tempest.lib.common.rest_client [req-8ca8cf41-6639-4149-99e7-8ad44c11bea9 req-8ca8cf41-6639-4149-99e7-8ad44c11bea9 ] Request (ServersTestJSON:test_create_server_specify_multibyte_character_name): 200 GET http://10.180.1.21/compute/v2.1/servers/e0745838-9c2c-48b7-b17b-af31ecba4e8e 0.919s
2025-03-26 02:17:32.256 69893 INFO tempest.lib.common.rest_client [req-f7739f01-460c-4784-9363-ffc4545365a5 req-f7739f01-460c-4784-9363-ffc4545365a5 ] Request (SecurityGroupRulesNegativeTestJSON:test_create_security_group_rule_with_non_existent_id): 404 POST http://10.180.1.21/compute/v2.1/os-security-group-rules 0.884s
2025-03-26 02:17:32.313 69879 INFO tempest.lib.common.rest_client [req-0c0a12df-187d-4d30-813d-043af7be233b req-0c0a12df-187d-4d30-813d-043af7be233b ] Request (MigrationsAdminTest:test_list_migrations_in_flavor_resize_situation): 200 GET http://10.180.1.21/compute/v2.1/servers/5e1f2115-69a8-46f8-9680-6e8e61ef2c33 0.929s
2025-03-26 02:17:32.342 69869 INFO tempest.lib.common.rest_client [req-391b45d3-e7fb-4069-81c5-6494b8302a0c req-391b45d3-e7fb-4069-81c5-6494b8302a0c ] Request (FloatingIPsAssociationNegativeTestJSON:tearDownClass): 200 GET http://10.180.1.21/compute/v2.1/servers/e1b3c6c8-f311-4a76-9275-5c155c162449 1.186s
2025-03-26 02:17:32.352 69899 INFO tempest.lib.common.rest_client [req-c24bf99c-b149-45b6-bb47-bd6bb0cb3fa8 req-c24bf99c-b149-45b6-bb47-bd6bb0cb3fa8 ] Request (KeyPairsV22TestJSON:test_keypairsv22_create_list_show): 201 POST http://10.180.1.21/compute/v2.1/os-keypairs 0.590s
2025-03-26 02:17:32.376 69915 INFO tempest.lib.common.rest_client [req-348bdbb6-ef61-4bff-a1be-55d982c0d0aa req-348bdbb6-ef61-4bff-a1be-55d982c0d0aa ] Request (FloatingIPDetailsNegativeTestJSON:setUpClass): 201 POST http://10.180.1.21:9696/networking/v2.0/routers 0.852s
2025-03-26 02:17:32.488 69881 INFO tempest.lib.common.rest_client [req-a1d7e7d4-bca8-4feb-9cb0-1714969b2f7f req-a1d7e7d4-bca8-4feb-9cb0-1714969b2f7f ] Request (ServerDiagnosticsTest:test_get_server_diagnostics): 200 GET http://10.180.1.21/compute/v2.1/servers/690648e9-1344-4076-9f7e-b329089e36a5 0.636s
2025-03-26 02:17:32.495 69881 INFO tempest.common.waiters [-] State transition "BUILD/block_device_mapping" ==> "BUILD/spawning" after 37 second wait
2025-03-26 02:17:32.519 69897 INFO tempest.lib.common.rest_client [req-adfad91b-14b1-4a8e-807c-fccdbd31a52c req-adfad91b-14b1-4a8e-807c-fccdbd31a52c ] Request (FloatingIPsTestJSON:test_allocate_floating_ip): 200 GET http://10.180.1.21/compute/v2.1/os-floating-ips/63bbf3e6-c37e-4555-bf6e-4383e39b479c 0.734s
2025-03-26 02:17:32.547 69903 INFO tempest.lib.common.rest_client [req-a525baf8-ff65-4a1a-8964-57e48357ea8d req-a525baf8-ff65-4a1a-8964-57e48357ea8d ] Request (ServerGroupTestJSON:test_create_delete_server_group_with_anti_affinity_policy): 200 POST http://10.180.1.21/compute/v2.1/os-server-groups 0.688s
2025-03-26 02:17:32.596 69883 INFO tempest.lib.common.rest_client [req-7a6875ad-4756-4640-a441-724a6099d9c2 req-7a6875ad-4756-4640-a441-724a6099d9c2 ] Request (ServersAdminTestJSON:test_create_server_with_scheduling_hint): 200 GET http://10.180.1.21/compute/v2.1/servers/15dc176c-887b-4afc-b29d-8784b4b4827c 0.621s
2025-03-26 02:17:32.600 69927 INFO tempest.lib.common.rest_client [req-7f18277d-2add-409b-af0f-b6e3bf9e441a req-7f18277d-2add-409b-af0f-b6e3bf9e441a ] Request (ServerAddressesTestJSON:setUpClass): 200 GET http://10.180.1.21/compute/v2.1/servers/1f7b9ad2-6d8b-413d-8a17-f258447cd2d1 0.697s
2025-03-26 02:17:32.644 69877 INFO tempest.lib.common.rest_client [req-c4f724db-1b4d-4360-94c5-3276142a3738 req-c4f724db-1b4d-4360-94c5-3276142a3738 ] Request (ImagesTestJSON:test_create_image_from_stopped_server): 200 GET http://10.180.1.21/compute/v2.1/images/bb6ed61b-3fb9-4d96-b97c-d11ff74a20e7 0.590s
2025-03-26 02:17:32.662 69896 INFO tempest.lib.common.rest_client [req-1ee71e6d-e9ee-4ac1-ab2f-381f4315f439 req-1ee71e6d-e9ee-4ac1-ab2f-381f4315f439 ] Request (ServerExternalEventsTest:tearDownClass): 200 GET http://10.180.1.21/compute/v2.1/servers/f2f528e6-d7a1-43de-bb04-9a9f4068e1a0 0.617s
2025-03-26 02:17:32.683 69877 INFO tempest.lib.common.rest_client [req-2bfc5f73-db3e-407d-a04f-650e6de074c3 req-2bfc5f73-db3e-407d-a04f-650e6de074c3 ] Request (ImagesTestJSON:test_create_image_from_stopped_server): 200 GET http://10.180.1.21/image/v2/images/bb6ed61b-3fb9-4d96-b97c-d11ff74a20e7/tasks 0.035s
2025-03-26 02:17:32.687 69893 INFO tempest.lib.common.rest_client [req-2e8aa710-065d-4841-8e84-03f3066d3a0f req-2e8aa710-065d-4841-8e84-03f3066d3a0f ] Request (SecurityGroupRulesNegativeTestJSON:test_delete_security_group_rule_with_non_existent_id): 404 DELETE http://10.180.1.21/compute/v2.1/os-security-group-rules/341414ae-bd1a-4433-9f4b-a5d0477cf359 0.429s
2025-03-26 02:17:32.713 69925 INFO tempest.lib.common.rest_client [req-7e3f40a9-74e6-49bd-b4d2-40a40af251fe req-7e3f40a9-74e6-49bd-b4d2-40a40af251fe ] Request (TenantUsagesTestJSON:tearDownClass): 200 GET http://10.180.1.21/compute/v2.1/servers/690ffaf0-bc91-4427-98fd-15b4bdffb58f 0.554s
2025-03-26 02:17:32.723 69899 INFO tempest.lib.common.rest_client [req-7edb1347-5990-4f63-bd3a-9c8faa5d7561 req-7edb1347-5990-4f63-bd3a-9c8faa5d7561 ] Request (KeyPairsV22TestJSON:test_keypairsv22_create_list_show): 200 GET http://10.180.1.21/compute/v2.1/os-keypairs/tempest-keypair-473482572 0.369s
2025-03-26 02:17:32.748 69901 INFO tempest.lib.common.rest_client [req-c6273f0b-b38f-45c9-b094-ddb0a2424df3 req-c6273f0b-b38f-45c9-b094-ddb0a2424df3 ] Request (ServerGroup264TestJSON:setUpClass): 200 PUT http://10.180.1.21:9696/networking/v2.0/routers/9054a0a6-1990-42a2-9d14-d635b028131a/add_router_interface 2.342s
2025-03-26 02:17:32.748 69901 INFO tempest.lib.common.dynamic_creds [-] Created isolated network resources for: credentials: Credentials: {'domain_id': 'default', 'domain_name': 'Default', 'username': 'tempest-ServerGroup264TestJSON-1336739041-project-member', 'project_domain_id': 'default', 'project_domain_name': 'Default', 'project_id': 'b871134e2c8043b8bff4f9368bcb6695', 'project_name': 'tempest-ServerGroup264TestJSON-1336739041', 'tenant_id': 'b871134e2c8043b8bff4f9368bcb6695', 'tenant_name': 'tempest-ServerGroup264TestJSON-1336739041', 'user_domain_id': 'default', 'user_domain_name': 'Default', 'user_id': 'c6e474476f5e4b48bee291a36bc4336c', 'system': None}, Network: {'id': 'd4eaacbf-91a4-4287-8ab3-450b31aa61f0', 'name': 'tempest-ServerGroup264TestJSON-820994632-network', 'tenant_id': 'b871134e2c8043b8bff4f9368bcb6695', 'admin_state_up': True, 'mtu': 8950, 'status': 'ACTIVE', 'subnets': [], 'shared': False, 'project_id': 'b871134e2c8043b8bff4f9368bcb6695', 'port_security_enabled': True, 'router:external': False, 'provider:network_type': 'vlan', 'provider:physical_network': 'default', 'provider:segmentation_id': 200, 'availability_zone_hints': [], 'availability_zones': [], 'ipv4_address_scope': None, 'ipv6_address_scope': None, 'description': '', 'tags': [], 'created_at': '2025-03-26T02:17:28Z', 'updated_at': '2025-03-26T02:17:28Z', 'revision_number': 1}, Subnet: {'id': '705d0edb-a1d7-49c7-8268-ea8d9a86b9e3', 'name': 'tempest-ServerGroup264TestJSON-820994632-subnet', 'tenant_id': 'b871134e2c8043b8bff4f9368bcb6695', 'network_id': 'd4eaacbf-91a4-4287-8ab3-450b31aa61f0', 'ip_version': 4, 'subnetpool_id': None, 'enable_dhcp': True, 'ipv6_ra_mode': None, 'ipv6_address_mode': None, 'gateway_ip': '192.168.128.1', 'cidr': '192.168.128.0/28', 'allocation_pools': [{'start': '192.168.128.2', 'end': '192.168.128.14'}], 'host_routes': [], 'dns_nameservers': [], 'description': '', 'router:external': False, 'service_types': [], 'tags': [], 'created_at': '2025-03-26T02:17:28Z', 'updated_at': '2025-03-26T02:17:28Z', 'revision_number': 0, 'project_id': 'b871134e2c8043b8bff4f9368bcb6695'}, Router: {'id': '9054a0a6-1990-42a2-9d14-d635b028131a', 'name': 'tempest-ServerGroup264TestJSON-820994632-router', 'tenant_id': 'b871134e2c8043b8bff4f9368bcb6695', 'admin_state_up': True, 'status': 'ACTIVE', 'external_gateway_info': {'network_id': '4cdd3bcc-3422-4fd2-9979-eec3e18a6fd4', 'external_fixed_ips': [{'subnet_id': '8662c71b-1411-4c17-b187-3d63a5905cb7', 'ip_address': '10.180.180.211'}], 'enable_snat': True}, 'description': '', 'availability_zones': [], 'distributed': False, 'ha': False, 'availability_zone_hints': [], 'routes': [], 'flavor_id': None, 'tags': [], 'created_at': '2025-03-26T02:17:29Z', 'updated_at': '2025-03-26T02:17:29Z', 'revision_number': 2, 'project_id': 'b871134e2c8043b8bff4f9368bcb6695'}
2025-03-26 02:17:32.779 69867 INFO tempest.lib.common.rest_client [req-fdf4eb2f-75cc-4b32-9898-642588890997 req-fdf4eb2f-75cc-4b32-9898-642588890997 ] Request (ListImageFiltersTestJSON:setUpClass): 200 GET http://10.180.1.21/compute/v2.1/servers/42403335-6ef3-4773-b3ac-a3aebd33394c 0.313s
2025-03-26 02:17:32.805 69919 INFO tempest.lib.common.rest_client [req-8ed98df5-c7d6-464b-87fa-cfa043f0ac55 req-8ed98df5-c7d6-464b-87fa-cfa043f0ac55 ] Request (VolumesAssistedSnapshotsTest:test_volume_assisted_snapshot_create_delete): 200 GET http://10.180.1.21/compute/v2.1/servers/abc1186a-59c7-4e08-a0d6-e6fc42dd58b1 0.472s
2025-03-26 02:17:32.825 69921 WARNING tempest.lib.common.ssh [-] Failed to establish authenticated ssh connection to cirros@10.180.180.142 ([Errno None] Unable to connect to port 22 on 10.180.180.142). Number attempts: 5. Retry after 6 seconds.: paramiko.ssh_exception.NoValidConnectionsError: [Errno None] Unable to connect to port 22 on 10.180.180.142
2025-03-26 02:17:32.837 69903 INFO tempest.lib.common.rest_client [req-1ddf8312-19f5-4f03-a356-9151d291873c req-1ddf8312-19f5-4f03-a356-9151d291873c ] Request (ServerGroupTestJSON:test_create_delete_server_group_with_anti_affinity_policy): 204 DELETE http://10.180.1.21/compute/v2.1/os-server-groups/4eba81d7-0ea3-4ff6-9055-f244586be0fd 0.288s
2025-03-26 02:17:32.843 69901 INFO tempest.lib.common.rest_client [req-7bde47a0-728a-47af-a211-7aade8e0c3f9 req-7bde47a0-728a-47af-a211-7aade8e0c3f9 ] Request (ServerGroup264TestJSON:setUpClass): 201 POST http://10.180.1.21/identity/v3/auth/tokens 0.091s
2025-03-26 02:17:32.890 69911 INFO tempest.lib.common.rest_client [req-0faf9a4e-d44f-418b-9466-7573961ccda7 req-0faf9a4e-d44f-418b-9466-7573961ccda7 ] Request (FloatingIPsAssociationTestJSON:setUpClass): 200 GET http://10.180.1.21/compute/v2.1/servers/2dacd7c5-0893-4293-8676-db390b90b3d5 0.235s
2025-03-26 02:17:32.906 69891 INFO tempest.lib.common.rest_client [req-6ac97219-b960-4911-82b2-a2c814cf51fc req-6ac97219-b960-4911-82b2-a2c814cf51fc ] Request (ServersWithSpecificFlavorTestJSON:test_verify_created_server_ephemeral_disk): 200 PUT http://10.180.1.21:9696/networking/v2.0/floatingips/3e0237aa-3cf0-463c-93e3-aedb1283dcce 1.319s
2025-03-26 02:17:32.917 69897 INFO tempest.lib.common.rest_client [req-e4128136-1380-4ac1-a07c-316c683a9385 req-e4128136-1380-4ac1-a07c-316c683a9385 ] Request (FloatingIPsTestJSON:test_allocate_floating_ip): 200 GET http://10.180.1.21/compute/v2.1/os-floating-ips 0.396s
2025-03-26 02:17:33.007 69877 INFO tempest.lib.common.rest_client [req-d898f7ac-7478-405c-b1e9-5cedb3da4485 req-d898f7ac-7478-405c-b1e9-5cedb3da4485 ] Request (ImagesTestJSON:_run_cleanups): 204 DELETE http://10.180.1.21/compute/v2.1/images/bb6ed61b-3fb9-4d96-b97c-d11ff74a20e7 0.323s
2025-03-26 02:17:33.023 69899 INFO tempest.lib.common.rest_client [req-ebedea36-c247-469a-8254-5eb69143c49d req-ebedea36-c247-469a-8254-5eb69143c49d ] Request (KeyPairsV22TestJSON:test_keypairsv22_create_list_show): 200 GET http://10.180.1.21/compute/v2.1/os-keypairs 0.298s
2025-03-26 02:17:33.065 69893 INFO tempest.lib.common.rest_client [req-88566de5-3d62-4c0b-9cb6-77378680cdd9 req-88566de5-3d62-4c0b-9cb6-77378680cdd9 ] Request (SecurityGroupRulesNegativeTestJSON:tearDownClass): 202 DELETE http://10.180.1.21/compute/v2.1/os-security-groups/577d0306-f9a7-45f7-9e4c-f7cf9afaa422 0.377s
2025-03-26 02:17:33.084 69903 INFO tempest.lib.common.rest_client [req-774c7929-bb0a-4c39-be6a-4a7719175560 req-774c7929-bb0a-4c39-be6a-4a7719175560 ] Request (ServerGroupTestJSON:test_create_delete_server_group_with_anti_affinity_policy): 200 GET http://10.180.1.21/compute/v2.1/os-server-groups 0.245s
2025-03-26 02:17:33.084 69917 INFO tempest.lib.common.rest_client [req-1f8d1e6a-5778-4f56-9479-df52092e5bb9 req-1f8d1e6a-5778-4f56-9479-df52092e5bb9 ] Request (DeleteServersAdminTestJSON:test_delete_server_while_in_error_state): 200 GET http://10.180.1.21/compute/v2.1/servers/1829331d-4c2e-46d9-85a8-a39484c95e61 0.331s
2025-03-26 02:17:33.166 69885 INFO tempest.lib.common.rest_client [req-88a0d9d1-b53d-40e2-8675-f48bf44fcc70 req-88a0d9d1-b53d-40e2-8675-f48bf44fcc70 ] Request (ImagesOneServerNegativeTestJSON:setUpClass): 200 GET http://10.180.1.21/compute/v2.1/servers/e2e5aa07-b856-4b26-89de-eeaa85de3f23 0.315s
2025-03-26 02:17:33.167 69903 INFO tempest.lib.common.rest_client [req-f6cd0227-ec25-4b01-a918-17a0d9616a1d req-f6cd0227-ec25-4b01-a918-17a0d9616a1d ] Request (ServerGroupTestJSON:test_create_server_with_scheduler_hint_group): 201 POST http://10.180.1.21/identity/v3/auth/tokens 0.073s
2025-03-26 02:17:33.167 69903 INFO tempest.lib.common.fixed_network [-] (ServerGroupTestJSON:test_create_server_with_scheduler_hint_group) Found network {'id': '89f307cf-1794-4e3f-963e-ff04ac2fbbf8', 'name': 'tempest-ServerGroupTestJSON-348825412-network', 'tenant_id': '8cffca37eebd4235ad317bbf66a5f27c', 'admin_state_up': True, 'mtu': 8950, 'status': 'ACTIVE', 'subnets': [], 'shared': False, 'project_id': '8cffca37eebd4235ad317bbf66a5f27c', 'port_security_enabled': True, 'router:external': False, 'provider:network_type': 'vlan', 'provider:physical_network': 'default', 'provider:segmentation_id': 442, 'availability_zone_hints': [], 'availability_zones': [], 'ipv4_address_scope': None, 'ipv6_address_scope': None, 'description': '', 'tags': [], 'created_at': '2025-03-26T02:17:22Z', 'updated_at': '2025-03-26T02:17:22Z', 'revision_number': 1} available for tenant
2025-03-26 02:17:33.228 69873 INFO tempest.lib.common.rest_client [req-84f6da97-aae7-4374-a507-04c53967079d req-84f6da97-aae7-4374-a507-04c53967079d ] Request (ServersTestMultiNic:test_verify_duplicate_network_nics): 200 GET http://10.180.1.21/compute/v2.1/servers/e1211f1b-d059-41be-9aa1-9af0c3ea6f81 0.342s
2025-03-26 02:17:33.239 69901 INFO tempest.lib.common.rest_client [req-ee6aef71-2277-4cee-b433-4f737c373932 req-ee6aef71-2277-4cee-b433-4f737c373932 ] Request (ServerGroup264TestJSON:test_create_get_server_group): 200 POST http://10.180.1.21/compute/v2.1/os-server-groups 0.395s
2025-03-26 02:17:33.318 69915 INFO tempest.lib.common.rest_client [req-62f9845d-aafe-4de6-b368-64f85d89b5a0 req-62f9845d-aafe-4de6-b368-64f85d89b5a0 ] Request (FloatingIPDetailsNegativeTestJSON:setUpClass): 200 PUT http://10.180.1.21:9696/networking/v2.0/routers/8cc253a8-cfe7-4768-ac3d-4e8507b48f7f/add_router_interface 0.940s
2025-03-26 02:17:33.318 69915 INFO tempest.lib.common.dynamic_creds [-] Created isolated network resources for: credentials: Credentials: {'domain_id': 'default', 'domain_name': 'Default', 'username': 'tempest-FloatingIPDetailsNegativeTestJSON-1704967343-project-member', 'project_domain_id': 'default', 'project_domain_name': 'Default', 'project_id': '419a7ab1f44b40c8aca75fa13c183567', 'project_name': 'tempest-FloatingIPDetailsNegativeTestJSON-1704967343', 'tenant_id': '419a7ab1f44b40c8aca75fa13c183567', 'tenant_name': 'tempest-FloatingIPDetailsNegativeTestJSON-1704967343', 'user_domain_id': 'default', 'user_domain_name': 'Default', 'user_id': '150dad92dc37492fa4c22a4673bebc95', 'system': None}, Network: {'id': 'bcd807f2-d4c9-4cc3-a998-3ca7596cba13', 'name': 'tempest-FloatingIPDetailsNegativeTestJSON-928927577-network', 'tenant_id': '419a7ab1f44b40c8aca75fa13c183567', 'admin_state_up': True, 'mtu': 8950, 'status': 'ACTIVE', 'subnets': [], 'shared': False, 'project_id': '419a7ab1f44b40c8aca75fa13c183567', 'port_security_enabled': True, 'router:external': False, 'provider:network_type': 'vlan', 'provider:physical_network': 'default', 'provider:segmentation_id': 19, 'availability_zone_hints': [], 'availability_zones': [], 'ipv4_address_scope': None, 'ipv6_address_scope': None, 'description': '', 'tags': [], 'created_at': '2025-03-26T02:17:31Z', 'updated_at': '2025-03-26T02:17:31Z', 'revision_number': 1}, Subnet: {'id': '2409c0d3-deef-430c-8d97-546257960e21', 'name': 'tempest-FloatingIPDetailsNegativeTestJSON-928927577-subnet', 'tenant_id': '419a7ab1f44b40c8aca75fa13c183567', 'network_id': 'bcd807f2-d4c9-4cc3-a998-3ca7596cba13', 'ip_version': 4, 'subnetpool_id': None, 'enable_dhcp': True, 'ipv6_ra_mode': None, 'ipv6_address_mode': None, 'gateway_ip': '192.168.128.1', 'cidr': '192.168.128.0/28', 'allocation_pools': [{'start': '192.168.128.2', 'end': '192.168.128.14'}], 'host_routes': [], 'dns_nameservers': [], 'description': '', 'router:external': False, 'service_types': [], 'tags': [], 'created_at': '2025-03-26T02:17:31Z', 'updated_at': '2025-03-26T02:17:31Z', 'revision_number': 0, 'project_id': '419a7ab1f44b40c8aca75fa13c183567'}, Router: {'id': '8cc253a8-cfe7-4768-ac3d-4e8507b48f7f', 'name': 'tempest-FloatingIPDetailsNegativeTestJSON-928927577-router', 'tenant_id': '419a7ab1f44b40c8aca75fa13c183567', 'admin_state_up': True, 'status': 'ACTIVE', 'external_gateway_info': {'network_id': '4cdd3bcc-3422-4fd2-9979-eec3e18a6fd4', 'external_fixed_ips': [{'subnet_id': '8662c71b-1411-4c17-b187-3d63a5905cb7', 'ip_address': '10.180.180.158'}], 'enable_snat': True}, 'description': '', 'availability_zones': [], 'distributed': False, 'ha': False, 'availability_zone_hints': [], 'routes': [], 'flavor_id': None, 'tags': [], 'created_at': '2025-03-26T02:17:31Z', 'updated_at': '2025-03-26T02:17:32Z', 'revision_number': 2, 'project_id': '419a7ab1f44b40c8aca75fa13c183567'}
2025-03-26 02:17:33.409 69891 INFO tempest.lib.common.rest_client [req-99b20f30-f011-46aa-99e3-4b28d8b86539 req-99b20f30-f011-46aa-99e3-4b28d8b86539 ] Request (ServersWithSpecificFlavorTestJSON:test_verify_created_server_ephemeral_disk): 200 GET http://10.180.1.21/compute/v2.1/servers/7263b1c7-456e-4a50-98ba-07c58cc44115 0.503s
2025-03-26 02:17:33.423 69891 INFO tempest.lib.common.ssh [-] Creating ssh connection to '10.180.180.181:22' as 'cirros' with public key authentication
2025-03-26 02:17:33.439 69915 INFO tempest.lib.common.rest_client [req-e98dbcb4-a0cf-4119-ade8-434bc3419ea6 req-e98dbcb4-a0cf-4119-ade8-434bc3419ea6 ] Request (FloatingIPDetailsNegativeTestJSON:setUpClass): 201 POST http://10.180.1.21/identity/v3/auth/tokens 0.115s
2025-03-26 02:17:33.480 69905 INFO tempest.lib.common.rest_client [req-711f0bd4-95de-446d-ae29-3c61d5042c53 req-711f0bd4-95de-446d-ae29-3c61d5042c53 ] Request (ServerAddressesNegativeTestJSON:setUpClass): 200 GET http://10.180.1.21/compute/v2.1/servers/aef82554-a852-4a4f-8cb8-f2ebe8c86a56 0.548s
2025-03-26 02:17:33.552 69907 INFO tempest.lib.common.rest_client [req-b7ff0649-9b1a-4e8f-8b9f-f75693b97052 req-b7ff0649-9b1a-4e8f-8b9f-f75693b97052 ] Request (ListServerFiltersTestJSON:setUpClass): 200 GET http://10.180.1.21/compute/v2.1/servers/139591bc-25b9-4087-807d-ac8108d236c5 0.555s
2025-03-26 02:17:33.636 69877 INFO tempest.lib.common.rest_client [req-5516b00d-9991-43cc-81f2-64ccd2e32f90 req-5516b00d-9991-43cc-81f2-64ccd2e32f90 ] Request (ImagesTestJSON:_run_cleanups): 204 DELETE http://10.180.1.21/compute/v2.1/servers/ad28f56e-b1a6-4725-a6cf-c6de65213ebb 0.629s
2025-03-26 02:17:33.659 69897 INFO tempest.lib.common.rest_client [req-09c5ea09-a179-4f6d-844e-e412f6d6a4b0 req-09c5ea09-a179-4f6d-844e-e412f6d6a4b0 ] Request (FloatingIPsTestJSON:_run_cleanups): 202 DELETE http://10.180.1.21/compute/v2.1/os-floating-ips/63bbf3e6-c37e-4555-bf6e-4383e39b479c 0.739s
2025-03-26 02:17:33.676 69899 INFO tempest.lib.common.rest_client [req-1298ba52-029a-4281-a029-22c12d8040f1 req-1298ba52-029a-4281-a029-22c12d8040f1 ] Request (KeyPairsV22TestJSON:_run_cleanups): 204 DELETE http://10.180.1.21/compute/v2.1/os-keypairs/tempest-keypair-473482572 0.651s
2025-03-26 02:17:33.711 69913 INFO tempest.lib.common.rest_client [req-c792bf05-019d-48c5-975d-8b96444af4b5 req-c792bf05-019d-48c5-975d-8b96444af4b5 ] Request (ServerDiagnosticsNegativeTest:tearDownClass): 200 GET http://10.180.1.21/compute/v2.1/servers/7620df0b-07ff-4e13-8079-55ecaf7dc996 0.694s
2025-03-26 02:17:33.721 69877 INFO tempest.lib.common.rest_client [req-66b7ada4-1b13-4006-8375-8e23ddf1b8b8 req-66b7ada4-1b13-4006-8375-8e23ddf1b8b8 ] Request (ImagesTestJSON:test_create_image_from_suspended_server): 201 POST http://10.180.1.21/identity/v3/auth/tokens 0.080s
2025-03-26 02:17:33.722 69877 INFO tempest.lib.common.fixed_network [-] (ImagesTestJSON:test_create_image_from_suspended_server) Found network {'id': '377eb62d-4937-4fe5-b151-4f61f1057888', 'name': 'tempest-ImagesTestJSON-1317467837-network', 'tenant_id': '413198b9449a422eac2a3b71939b846a', 'admin_state_up': True, 'mtu': 8950, 'status': 'ACTIVE', 'subnets': [], 'shared': False, 'project_id': '413198b9449a422eac2a3b71939b846a', 'port_security_enabled': True, 'router:external': False, 'provider:network_type': 'vlan', 'provider:physical_network': 'default', 'provider:segmentation_id': 681, 'availability_zone_hints': [], 'availability_zones': [], 'ipv4_address_scope': None, 'ipv6_address_scope': None, 'description': '', 'tags': [], 'created_at': '2025-03-26T02:16:32Z', 'updated_at': '2025-03-26T02:16:32Z', 'revision_number': 1} available for tenant
2025-03-26 02:17:33.729 69889 INFO tempest.lib.common.rest_client [req-80fa6942-a617-44b2-9527-53e4e8e0f10d req-80fa6942-a617-44b2-9527-53e4e8e0f10d ] Request (ServersAdminNegativeTestJSON:setUpClass): 200 GET http://10.180.1.21/compute/v2.1/servers/61afd391-37c6-45de-aed3-f6f8c966d579 0.673s
2025-03-26 02:17:33.792 69875 INFO tempest.lib.common.rest_client [req-4a3ed4d4-5013-4670-bc90-c368afc82f53 req-4a3ed4d4-5013-4670-bc90-c368afc82f53 ] Request (ImagesNegativeTestJSON:test_create_image_from_deleted_server): 200 GET http://10.180.1.21/compute/v2.1/servers/5c083db7-c953-4bee-961e-62fff3fff8ba 0.661s
2025-03-26 02:17:33.898 69893 INFO tempest.lib.common.rest_client [req-9fc5c275-fb11-4f23-a29d-ec82e098ed08 req-9fc5c275-fb11-4f23-a29d-ec82e098ed08 ] Request (SecurityGroupRulesNegativeTestJSON:tearDownClass): 202 DELETE http://10.180.1.21/compute/v2.1/os-security-groups/ff524b67-bbab-43fc-95ff-98e909f77714 0.832s
2025-03-26 02:17:33.960 69923 INFO tempest.lib.common.rest_client [req-7d93b0cc-9b28-42df-8429-9de931772a90 req-7d93b0cc-9b28-42df-8429-9de931772a90 ] Request (ServerActionsTestOtherB:setUpClass): 200 GET http://10.180.1.21/compute/v2.1/servers/e1ea28d1-194d-4e26-8b7d-bf1060528315 0.776s
2025-03-26 02:17:34.033 69871 INFO tempest.lib.common.rest_client [req-939f4329-6470-46df-ac53-9d076b5769e1 req-939f4329-6470-46df-ac53-9d076b5769e1 ] Request (ServersTestJSON:test_create_server_specify_multibyte_character_name): 200 GET http://10.180.1.21/compute/v2.1/servers/e0745838-9c2c-48b7-b17b-af31ecba4e8e 0.794s
2025-03-26 02:17:34.052 69901 INFO tempest.lib.common.rest_client [req-f3311ecc-f911-4cad-af58-abec6e93d910 req-f3311ecc-f911-4cad-af58-abec6e93d910 ] Request (ServerGroup264TestJSON:test_create_get_server_group): 200 GET http://10.180.1.21/compute/v2.1/os-server-groups 0.811s
2025-03-26 02:17:34.118 69879 INFO tempest.lib.common.rest_client [req-4b80c40b-2711-4bfe-a239-4c2ef7b71323 req-4b80c40b-2711-4bfe-a239-4c2ef7b71323 ] Request (MigrationsAdminTest:test_list_migrations_in_flavor_resize_situation): 200 GET http://10.180.1.21/compute/v2.1/servers/5e1f2115-69a8-46f8-9680-6e8e61ef2c33 0.791s
2025-03-26 02:17:34.168 69865 WARNING tempest.lib.common.ssh [-] Failed to establish authenticated ssh connection to cirros@10.180.180.226 ([Errno None] Unable to connect to port 22 on 10.180.180.226). Number attempts: 2. Retry after 3 seconds.: paramiko.ssh_exception.NoValidConnectionsError: [Errno None] Unable to connect to port 22 on 10.180.180.226
2025-03-26 02:17:34.182 69869 INFO tempest.lib.common.rest_client [req-662bd7a3-2098-4e33-b383-483904127ead req-662bd7a3-2098-4e33-b383-483904127ead ] Request (FloatingIPsAssociationNegativeTestJSON:tearDownClass): 200 GET http://10.180.1.21/compute/v2.1/servers/e1b3c6c8-f311-4a76-9275-5c155c162449 0.828s
2025-03-26 02:17:34.212 69903 INFO tempest.lib.common.rest_client [req-872851b9-b43b-4a8f-a660-ed7f11898134 req-872851b9-b43b-4a8f-a660-ed7f11898134 ] Request (ServerGroupTestJSON:test_create_server_with_scheduler_hint_group): 202 POST http://10.180.1.21/compute/v2.1/servers 1.044s
2025-03-26 02:17:34.245 69915 INFO tempest.lib.common.rest_client [req-b68968da-dd6a-4da7-8d79-47d117748297 req-b68968da-dd6a-4da7-8d79-47d117748297 ] Request (FloatingIPDetailsNegativeTestJSON:test_get_nonexistent_floating_ip_details): 404 GET http://10.180.1.21/compute/v2.1/os-floating-ips/763bb81e-fa79-4380-ab6b-4e5f9929a6c5 0.805s
2025-03-26 02:17:34.305 69883 INFO tempest.lib.common.rest_client [req-87d3c151-b079-4824-8bc5-c5ce7e64bfb8 req-87d3c151-b079-4824-8bc5-c5ce7e64bfb8 ] Request (ServersAdminTestJSON:test_create_server_with_scheduling_hint): 200 GET http://10.180.1.21/compute/v2.1/servers/15dc176c-887b-4afc-b29d-8784b4b4827c 0.699s
2025-03-26 02:17:34.316 69881 INFO tempest.lib.common.rest_client [req-895142bc-0c9a-490d-92ec-f5fde613fcb9 req-895142bc-0c9a-490d-92ec-f5fde613fcb9 ] Request (ServerDiagnosticsTest:test_get_server_diagnostics): 200 GET http://10.180.1.21/compute/v2.1/servers/690648e9-1344-4076-9f7e-b329089e36a5 0.820s
2025-03-26 02:17:34.372 69927 INFO tempest.lib.common.rest_client [req-d22586b2-3aad-489b-b98a-5e59da77fd41 req-d22586b2-3aad-489b-b98a-5e59da77fd41 ] Request (ServerAddressesTestJSON:setUpClass): 200 GET http://10.180.1.21/compute/v2.1/servers/1f7b9ad2-6d8b-413d-8a17-f258447cd2d1 0.765s
2025-03-26 02:17:34.463 69896 INFO tempest.lib.common.rest_client [req-f7f5d010-c000-4c56-a941-6923f36a6741 req-f7f5d010-c000-4c56-a941-6923f36a6741 ] Request (ServerExternalEventsTest:tearDownClass): 200 GET http://10.180.1.21/compute/v2.1/servers/f2f528e6-d7a1-43de-bb04-9a9f4068e1a0 0.793s
2025-03-26 02:17:34.640 69899 INFO tempest.lib.common.rest_client [req-2288a3ab-b3a8-4945-9390-5ece10f6c025 req-2288a3ab-b3a8-4945-9390-5ece10f6c025 ] Request (KeyPairsV22TestJSON:test_keypairsv22_create_list_show_with_type): 201 POST http://10.180.1.21/compute/v2.1/os-keypairs 0.962s
2025-03-26 02:17:34.847 69897 INFO tempest.lib.common.rest_client [req-d98dbcab-cb1c-4b5f-a226-f0932490aa86 req-d98dbcab-cb1c-4b5f-a226-f0932490aa86 ] Request (FloatingIPsTestJSON:test_delete_floating_ip): 200 POST http://10.180.1.21/compute/v2.1/os-floating-ips 1.187s
2025-03-26 02:17:34.915 69925 INFO tempest.lib.common.rest_client [req-c827c877-5484-4479-b8dd-821e7c4d5fd2 req-c827c877-5484-4479-b8dd-821e7c4d5fd2 ] Request (TenantUsagesTestJSON:tearDownClass): 200 GET http://10.180.1.21/compute/v2.1/servers/690ffaf0-bc91-4427-98fd-15b4bdffb58f 1.192s
2025-03-26 02:17:34.968 69867 INFO tempest.lib.common.rest_client [req-2e78d305-7aaa-442e-ace7-23d0482c99c8 req-2e78d305-7aaa-442e-ace7-23d0482c99c8 ] Request (ListImageFiltersTestJSON:setUpClass): 200 GET http://10.180.1.21/compute/v2.1/servers/42403335-6ef3-4773-b3ac-a3aebd33394c 1.177s
2025-03-26 02:17:35.099 69919 INFO tempest.lib.common.rest_client [req-bdda2896-d6bc-4f67-a6b9-e378a1e5afce req-bdda2896-d6bc-4f67-a6b9-e378a1e5afce ] Request (VolumesAssistedSnapshotsTest:test_volume_assisted_snapshot_create_delete): 200 GET http://10.180.1.21/compute/v2.1/servers/abc1186a-59c7-4e08-a0d6-e6fc42dd58b1 1.281s
2025-03-26 02:17:35.211 69893 INFO tempest.lib.common.rest_client [req-4f79593c-3a06-4460-8ec5-328b300300de req-4f79593c-3a06-4460-8ec5-328b300300de ] Request (SecurityGroupRulesNegativeTestJSON:tearDownClass): 202 DELETE http://10.180.1.21/compute/v2.1/os-security-groups/8b673534-2979-4eb4-af69-e61f77d59a2f 1.313s
2025-03-26 02:17:35.273 69911 INFO tempest.lib.common.rest_client [req-9373fc30-d677-4c58-b865-243890c23ff5 req-9373fc30-d677-4c58-b865-243890c23ff5 ] Request (FloatingIPsAssociationTestJSON:setUpClass): 200 GET http://10.180.1.21/compute/v2.1/servers/2dacd7c5-0893-4293-8676-db390b90b3d5 1.369s
2025-03-26 02:17:35.288 69901 INFO tempest.lib.common.rest_client [req-101e3498-0324-4ec7-8917-7612afa882c4 req-101e3498-0324-4ec7-8917-7612afa882c4 ] Request (ServerGroup264TestJSON:test_create_get_server_group): 200 GET http://10.180.1.21/compute/v2.1/os-server-groups/bd7ad3d7-9dda-41c2-a08b-dbae05f84505 1.235s
2025-03-26 02:17:35.352 69917 INFO tempest.lib.common.rest_client [req-3cf4ddb6-16c5-4089-b7b6-09b33f28859f req-3cf4ddb6-16c5-4089-b7b6-09b33f28859f ] Request (DeleteServersAdminTestJSON:test_delete_server_while_in_error_state): 200 GET http://10.180.1.21/compute/v2.1/servers/1829331d-4c2e-46d9-85a8-a39484c95e61 1.254s
2025-03-26 02:17:35.423 69885 INFO tempest.lib.common.rest_client [req-72731487-af1b-40d5-8ab9-def68cc5dc26 req-72731487-af1b-40d5-8ab9-def68cc5dc26 ] Request (ImagesOneServerNegativeTestJSON:setUpClass): 200 GET http://10.180.1.21/compute/v2.1/servers/e2e5aa07-b856-4b26-89de-eeaa85de3f23 1.244s
2025-03-26 02:17:35.488 69903 INFO tempest.lib.common.rest_client [req-2aaee063-89ca-4bc0-b950-04f780e35ece req-2aaee063-89ca-4bc0-b950-04f780e35ece ] Request (ServerGroupTestJSON:test_create_server_with_scheduler_hint_group): 200 GET http://10.180.1.21/compute/v2.1/servers/7a0d471c-b83d-4a0f-96ea-146d5dd501ac 1.272s
2025-03-26 02:17:35.559 69873 INFO tempest.lib.common.rest_client [req-04a33b7c-23cd-4f59-8714-2d6fe1cf3fc1 req-04a33b7c-23cd-4f59-8714-2d6fe1cf3fc1 ] Request (ServersTestMultiNic:test_verify_duplicate_network_nics): 200 GET http://10.180.1.21/compute/v2.1/servers/e1211f1b-d059-41be-9aa1-9af0c3ea6f81 1.321s
2025-03-26 02:17:35.620 69877 INFO tempest.lib.common.rest_client [req-9cbb554b-2cf7-4f7b-bd3d-51e80ab86649 req-9cbb554b-2cf7-4f7b-bd3d-51e80ab86649 ] Request (ImagesTestJSON:test_create_image_from_suspended_server): 202 POST http://10.180.1.21/compute/v2.1/servers 1.897s
2025-03-26 02:17:35.629 69905 INFO tempest.lib.common.rest_client [req-5969f668-47a8-4e81-977b-9010b0afbb03 req-5969f668-47a8-4e81-977b-9010b0afbb03 ] Request (ServerAddressesNegativeTestJSON:setUpClass): 200 GET http://10.180.1.21/compute/v2.1/servers/aef82554-a852-4a4f-8cb8-f2ebe8c86a56 1.140s
2025-03-26 02:17:35.648 69899 INFO tempest.lib.common.rest_client [req-9856880d-bbe6-4f98-900d-415ca0fa730d req-9856880d-bbe6-4f98-900d-415ca0fa730d ] Request (KeyPairsV22TestJSON:test_keypairsv22_create_list_show_with_type): 200 GET http://10.180.1.21/compute/v2.1/os-keypairs/tempest-keypair-1503106353 1.007s
2025-03-26 02:17:35.725 69907 INFO tempest.lib.common.rest_client [req-1ad9b612-8ce3-4a19-a9c1-6c545ec51a19 req-1ad9b612-8ce3-4a19-a9c1-6c545ec51a19 ] Request (ListServerFiltersTestJSON:setUpClass): 200 GET http://10.180.1.21/compute/v2.1/servers/139591bc-25b9-4087-807d-ac8108d236c5 1.163s
2025-03-26 02:17:35.737 69913 INFO tempest.lib.common.rest_client [req-b4719e3a-c0ae-4ade-ad92-ad3f87c643d7 req-b4719e3a-c0ae-4ade-ad92-ad3f87c643d7 ] Request (ServerDiagnosticsNegativeTest:tearDownClass): 200 GET http://10.180.1.21/compute/v2.1/servers/7620df0b-07ff-4e13-8079-55ecaf7dc996 1.018s
2025-03-26 02:17:35.816 69889 INFO tempest.lib.common.rest_client [req-8e0c9cbf-7822-482d-ba47-38e88a7fecde req-8e0c9cbf-7822-482d-ba47-38e88a7fecde ] Request (ServersAdminNegativeTestJSON:setUpClass): 200 GET http://10.180.1.21/compute/v2.1/servers/61afd391-37c6-45de-aed3-f6f8c966d579 1.078s
2025-03-26 02:17:35.816 69875 INFO tempest.lib.common.rest_client [req-c90516b5-b7b4-49b0-ad80-c4f3c1b83332 req-c90516b5-b7b4-49b0-ad80-c4f3c1b83332 ] Request (ImagesNegativeTestJSON:test_create_image_from_deleted_server): 200 GET http://10.180.1.21/compute/v2.1/servers/5c083db7-c953-4bee-961e-62fff3fff8ba 1.006s
2025-03-26 02:17:35.831 69909 WARNING tempest.lib.common.ssh [-] Failed to establish authenticated ssh connection to cirros@10.180.180.144 ([Errno None] Unable to connect to port 22 on 10.180.180.144). Number attempts: 4. Retry after 5 seconds.: paramiko.ssh_exception.NoValidConnectionsError: [Errno None] Unable to connect to port 22 on 10.180.180.144
2025-03-26 02:17:35.887 69923 INFO tempest.lib.common.rest_client [req-e890fe05-0cc4-4565-bc2d-cf3e8b66ba6a req-e890fe05-0cc4-4565-bc2d-cf3e8b66ba6a ] Request (ServerActionsTestOtherB:setUpClass): 200 GET http://10.180.1.21/compute/v2.1/servers/e1ea28d1-194d-4e26-8b7d-bf1060528315 0.917s
2025-03-26 02:17:35.933 69915 INFO tempest.lib.common.rest_client [req-2cbd017b-b456-4509-9610-b3fe0bb5c1c8 req-2cbd017b-b456-4509-9610-b3fe0bb5c1c8 ] Request (FloatingIPDetailsNegativeTestJSON:tearDownClass): 200 PUT http://10.180.1.21:9696/networking/v2.0/routers/8cc253a8-cfe7-4768-ac3d-4e8507b48f7f/remove_router_interface 1.686s
2025-03-26 02:17:35.955 69871 INFO tempest.lib.common.rest_client [req-45bde9da-b09f-45c1-b3d8-6c8dd9636083 req-45bde9da-b09f-45c1-b3d8-6c8dd9636083 ] Request (ServersTestJSON:test_create_server_specify_multibyte_character_name): 200 GET http://10.180.1.21/compute/v2.1/servers/e0745838-9c2c-48b7-b17b-af31ecba4e8e 0.913s
2025-03-26 02:17:36.037 69879 INFO tempest.lib.common.rest_client [req-bf90baf9-daac-40ab-add7-dbc77cc29d85 req-bf90baf9-daac-40ab-add7-dbc77cc29d85 ] Request (MigrationsAdminTest:test_list_migrations_in_flavor_resize_situation): 200 GET http://10.180.1.21/compute/v2.1/servers/5e1f2115-69a8-46f8-9680-6e8e61ef2c33 0.908s
2025-03-26 02:17:36.107 69869 INFO tempest.lib.common.rest_client [req-f8ad47f8-03d1-4c99-9879-a19aa219f8f2 req-f8ad47f8-03d1-4c99-9879-a19aa219f8f2 ] Request (FloatingIPsAssociationNegativeTestJSON:tearDownClass): 200 GET http://10.180.1.21/compute/v2.1/servers/e1b3c6c8-f311-4a76-9275-5c155c162449 0.913s
2025-03-26 02:17:36.262 69893 INFO tempest.lib.common.rest_client [req-7fc56613-84fb-4908-bf10-b68639c3e333 req-7fc56613-84fb-4908-bf10-b68639c3e333 ] Request (SecurityGroupRulesNegativeTestJSON:tearDownClass): 202 DELETE http://10.180.1.21/compute/v2.1/os-security-groups/3c1c6fb0-df0c-447d-95ce-c8e1210517b9 1.050s
2025-03-26 02:17:36.287 69901 INFO tempest.lib.common.rest_client [req-237633d2-73a9-485b-9fa0-95f25d916f7e req-237633d2-73a9-485b-9fa0-95f25d916f7e ] Request (ServerGroup264TestJSON:_run_cleanups): 204 DELETE http://10.180.1.21/compute/v2.1/os-server-groups/bd7ad3d7-9dda-41c2-a08b-dbae05f84505 0.997s
2025-03-26 02:17:36.315 69897 INFO tempest.lib.common.rest_client [req-8c80989d-025d-4418-a8b6-e849167d37ee req-8c80989d-025d-4418-a8b6-e849167d37ee ] Request (FloatingIPsTestJSON:test_delete_floating_ip): 202 DELETE http://10.180.1.21/compute/v2.1/os-floating-ips/c742a9fa-2454-4e92-815f-793f712b2c48 1.465s
2025-03-26 02:17:36.343 69883 INFO tempest.lib.common.rest_client [req-6206a5c1-9b57-45ef-b233-5ab21039701d req-6206a5c1-9b57-45ef-b233-5ab21039701d ] Request (ServersAdminTestJSON:test_create_server_with_scheduling_hint): 200 GET http://10.180.1.21/compute/v2.1/servers/15dc176c-887b-4afc-b29d-8784b4b4827c 1.029s
2025-03-26 02:17:36.401 69927 INFO tempest.lib.common.rest_client [req-f109a1ca-2560-40ba-91df-93b054d176be req-f109a1ca-2560-40ba-91df-93b054d176be ] Request (ServerAddressesTestJSON:setUpClass): 200 GET http://10.180.1.21/compute/v2.1/servers/1f7b9ad2-6d8b-413d-8a17-f258447cd2d1 1.014s
2025-03-26 02:17:36.465 69896 INFO tempest.lib.common.rest_client [req-4e15b464-926e-4b3e-959b-2371c0ae5d94 req-4e15b464-926e-4b3e-959b-2371c0ae5d94 ] Request (ServerExternalEventsTest:tearDownClass): 200 GET http://10.180.1.21/compute/v2.1/servers/f2f528e6-d7a1-43de-bb04-9a9f4068e1a0 0.994s
2025-03-26 02:17:36.482 69881 INFO tempest.lib.common.rest_client [req-a513d853-af29-4a62-af1d-71cb5885852e req-a513d853-af29-4a62-af1d-71cb5885852e ] Request (ServerDiagnosticsTest:test_get_server_diagnostics): 200 GET http://10.180.1.21/compute/v2.1/servers/690648e9-1344-4076-9f7e-b329089e36a5 1.158s
2025-03-26 02:17:36.494 69899 INFO tempest.lib.common.rest_client [req-3e90477a-76f5-4e32-b34b-9ea803911655 req-3e90477a-76f5-4e32-b34b-9ea803911655 ] Request (KeyPairsV22TestJSON:test_keypairsv22_create_list_show_with_type): 200 GET http://10.180.1.21/compute/v2.1/os-keypairs 0.843s
2025-03-26 02:17:36.523 69877 INFO tempest.lib.common.rest_client [req-7b66bb67-ab9d-4f2a-9260-0635cdba7a32 req-7b66bb67-ab9d-4f2a-9260-0635cdba7a32 ] Request (ImagesTestJSON:test_create_image_from_suspended_server): 200 GET http://10.180.1.21/compute/v2.1/servers/29c8cc49-c5a3-4cc6-b6bf-041138d54870 0.902s
2025-03-26 02:17:36.543 69915 INFO tempest.lib.common.rest_client [req-df04a2c5-6741-4e2c-a844-2303a7e293e0 req-df04a2c5-6741-4e2c-a844-2303a7e293e0 ] Request (FloatingIPDetailsNegativeTestJSON:tearDownClass): 204 DELETE http://10.180.1.21:9696/networking/v2.0/routers/8cc253a8-cfe7-4768-ac3d-4e8507b48f7f 0.610s
2025-03-26 02:17:36.559 69925 INFO tempest.lib.common.rest_client [req-22d2591a-e44d-4f0e-af49-e8b2c004417c req-22d2591a-e44d-4f0e-af49-e8b2c004417c ] Request (TenantUsagesTestJSON:tearDownClass): 200 GET http://10.180.1.21/compute/v2.1/servers/690ffaf0-bc91-4427-98fd-15b4bdffb58f 0.634s
2025-03-26 02:17:36.593 69867 INFO tempest.lib.common.rest_client [req-20ecbd44-fcb4-4102-9d2b-700ee095f720 req-20ecbd44-fcb4-4102-9d2b-700ee095f720 ] Request (ListImageFiltersTestJSON:setUpClass): 200 GET http://10.180.1.21/compute/v2.1/servers/42403335-6ef3-4773-b3ac-a3aebd33394c 0.613s
2025-03-26 02:17:36.654 69919 INFO tempest.lib.common.rest_client [req-aa09bdde-4505-4c53-8ccb-e667bd150237 req-aa09bdde-4505-4c53-8ccb-e667bd150237 ] Request (VolumesAssistedSnapshotsTest:test_volume_assisted_snapshot_create_delete): 200 GET http://10.180.1.21/compute/v2.1/servers/abc1186a-59c7-4e08-a0d6-e6fc42dd58b1 0.544s
2025-03-26 02:17:36.697 69911 INFO tempest.lib.common.rest_client [req-e4a80033-f006-4611-9a88-f19ad571dafe req-e4a80033-f006-4611-9a88-f19ad571dafe ] Request (FloatingIPsAssociationTestJSON:setUpClass): 200 GET http://10.180.1.21/compute/v2.1/servers/2dacd7c5-0893-4293-8676-db390b90b3d5 0.416s
2025-03-26 02:17:36.709 69901 INFO tempest.lib.common.rest_client [req-89e573b3-a858-42e5-bb92-eb6d11e64c08 req-89e573b3-a858-42e5-bb92-eb6d11e64c08 ] Request (ServerGroup264TestJSON:tearDownClass): 404 DELETE http://10.180.1.21/compute/v2.1/os-server-groups/bd7ad3d7-9dda-41c2-a08b-dbae05f84505 0.420s
2025-03-26 02:17:36.755 69897 INFO tempest.lib.common.rest_client [req-7d0d50b9-1b95-4634-975e-20ed27ca846b req-7d0d50b9-1b95-4634-975e-20ed27ca846b ] Request (FloatingIPsTestJSON:test_delete_floating_ip): 404 GET http://10.180.1.21/compute/v2.1/os-floating-ips/c742a9fa-2454-4e92-815f-793f712b2c48 0.440s
2025-03-26 02:17:36.790 69915 INFO tempest.lib.common.rest_client [req-18a83be3-a71b-494e-842b-2f62a72bafd4 req-18a83be3-a71b-494e-842b-2f62a72bafd4 ] Request (FloatingIPDetailsNegativeTestJSON:tearDownClass): 204 DELETE http://10.180.1.21:9696/networking/v2.0/subnets/2409c0d3-deef-430c-8d97-546257960e21 0.247s
2025-03-26 02:17:36.815 69893 INFO tempest.lib.common.rest_client [req-3c963c79-da09-45ae-9c25-80c358c4e490 req-3c963c79-da09-45ae-9c25-80c358c4e490 ] Request (SecurityGroupRulesNegativeTestJSON:tearDownClass): 202 DELETE http://10.180.1.21/compute/v2.1/os-security-groups/a141244a-f64e-4305-9089-d3bb76341897 0.553s
2025-03-26 02:17:36.846 69917 INFO tempest.lib.common.rest_client [req-2ef802e7-a993-4d3d-a059-1568fb5e4903 req-2ef802e7-a993-4d3d-a059-1568fb5e4903 ] Request (DeleteServersAdminTestJSON:test_delete_server_while_in_error_state): 200 GET http://10.180.1.21/compute/v2.1/servers/1829331d-4c2e-46d9-85a8-a39484c95e61 0.479s
2025-03-26 02:17:36.866 69899 INFO tempest.lib.common.rest_client [req-b792c9bc-9be2-41e8-81da-fe7a4cd88f71 req-b792c9bc-9be2-41e8-81da-fe7a4cd88f71 ] Request (KeyPairsV22TestJSON:_run_cleanups): 204 DELETE http://10.180.1.21/compute/v2.1/os-keypairs/tempest-keypair-1503106353 0.370s
2025-03-26 02:17:36.868 69885 INFO tempest.lib.common.rest_client [req-13701a05-04b8-423f-83f7-7e9e5c0d69ab req-13701a05-04b8-423f-83f7-7e9e5c0d69ab ] Request (ImagesOneServerNegativeTestJSON:setUpClass): 200 GET http://10.180.1.21/compute/v2.1/servers/e2e5aa07-b856-4b26-89de-eeaa85de3f23 0.431s
2025-03-26 02:17:36.930 69873 INFO tempest.lib.common.rest_client [req-122728bd-f5c5-4070-8c16-b5dd3274083e req-122728bd-f5c5-4070-8c16-b5dd3274083e ] Request (ServersTestMultiNic:test_verify_duplicate_network_nics): 200 GET http://10.180.1.21/compute/v2.1/servers/e1211f1b-d059-41be-9aa1-9af0c3ea6f81 0.358s
2025-03-26 02:17:36.961 69899 INFO tempest.lib.common.rest_client [req-b275c307-d6ee-4d01-ac77-29de9beddbfb req-b275c307-d6ee-4d01-ac77-29de9beddbfb ] Request (KeyPairsV22TestJSON:tearDownClass): 204 DELETE http://10.180.1.21/identity/v3/users/dd23e6a1de8b4a5ea309389071d17d98 0.094s
2025-03-26 02:17:36.961 69899 INFO tempest.lib.common.dynamic_creds [-] Deleting project and security group for project: 8136222702814bb682634eb09f425f44
2025-03-26 02:17:36.980 69905 INFO tempest.lib.common.rest_client [req-b7a7da8e-cb46-4f27-89ca-72f95ce56038 req-b7a7da8e-cb46-4f27-89ca-72f95ce56038 ] Request (ServerAddressesNegativeTestJSON:setUpClass): 200 GET http://10.180.1.21/compute/v2.1/servers/aef82554-a852-4a4f-8cb8-f2ebe8c86a56 0.342s
2025-03-26 02:17:37.054 69899 INFO tempest.lib.common.rest_client [req-1ef2cfdf-f765-4e28-b441-bd375805e00f req-1ef2cfdf-f765-4e28-b441-bd375805e00f ] Request (KeyPairsV22TestJSON:tearDownClass): 201 POST http://10.180.1.21/identity/v3/auth/tokens 0.092s
2025-03-26 02:17:37.066 69907 INFO tempest.lib.common.rest_client [req-7498b5d3-0b54-4dc9-9871-b16b062cd7b0 req-7498b5d3-0b54-4dc9-9871-b16b062cd7b0 ] Request (ListServerFiltersTestJSON:setUpClass): 200 GET http://10.180.1.21/compute/v2.1/servers/139591bc-25b9-4087-807d-ac8108d236c5 0.330s
2025-03-26 02:17:37.124 69903 INFO tempest.lib.common.rest_client [req-3b0fda72-dc1e-4114-9fe4-a4279c91154f req-3b0fda72-dc1e-4114-9fe4-a4279c91154f ] Request (ServerGroupTestJSON:test_create_server_with_scheduler_hint_group): 200 GET http://10.180.1.21/compute/v2.1/servers/7a0d471c-b83d-4a0f-96ea-146d5dd501ac 0.620s
2025-03-26 02:17:37.140 69913 INFO tempest.lib.common.rest_client [req-f9378942-edb4-4287-b581-cc9113b1bae0 req-f9378942-edb4-4287-b581-cc9113b1bae0 ] Request (ServerDiagnosticsNegativeTest:tearDownClass): 200 GET http://10.180.1.21/compute/v2.1/servers/7620df0b-07ff-4e13-8079-55ecaf7dc996 0.388s
2025-03-26 02:17:37.172 69897 INFO tempest.lib.common.rest_client [req-3f48f7fa-9c49-4f81-bb75-956e94482f79 req-3f48f7fa-9c49-4f81-bb75-956e94482f79 ] Request (FloatingIPsTestJSON:_run_cleanups): 404 DELETE http://10.180.1.21/compute/v2.1/os-floating-ips/c742a9fa-2454-4e92-815f-793f712b2c48 0.416s
2025-03-26 02:17:37.237 69875 INFO tempest.lib.common.rest_client [req-83f3aefa-02b2-4e43-803c-4114bfc2dbd3 req-83f3aefa-02b2-4e43-803c-4114bfc2dbd3 ] Request (ImagesNegativeTestJSON:test_create_image_from_deleted_server): 200 GET http://10.180.1.21/compute/v2.1/servers/5c083db7-c953-4bee-961e-62fff3fff8ba 0.411s
2025-03-26 02:17:37.258 69889 INFO tempest.lib.common.rest_client [req-89c2b9be-c863-4b28-b4e0-5fa6dd4cd422 req-89c2b9be-c863-4b28-b4e0-5fa6dd4cd422 ] Request (ServersAdminNegativeTestJSON:setUpClass): 200 GET http://10.180.1.21/compute/v2.1/servers/61afd391-37c6-45de-aed3-f6f8c966d579 0.432s
2025-03-26 02:17:37.329 69871 INFO tempest.lib.common.rest_client [req-508f8577-1f15-4933-8f3a-a783455141bb req-508f8577-1f15-4933-8f3a-a783455141bb ] Request (ServersTestJSON:test_create_server_specify_multibyte_character_name): 200 GET http://10.180.1.21/compute/v2.1/servers/e0745838-9c2c-48b7-b17b-af31ecba4e8e 0.356s
2025-03-26 02:17:37.330 69923 INFO tempest.lib.common.rest_client [req-5f4255a8-9558-4d82-ad06-f7090b99dfba req-5f4255a8-9558-4d82-ad06-f7090b99dfba ] Request (ServerActionsTestOtherB:setUpClass): 200 GET http://10.180.1.21/compute/v2.1/servers/e1ea28d1-194d-4e26-8b7d-bf1060528315 0.432s
2025-03-26 02:17:37.392 69915 INFO tempest.lib.common.rest_client [req-2461d252-3045-4bbe-b79f-428bf112e5c8 req-2461d252-3045-4bbe-b79f-428bf112e5c8 ] Request (FloatingIPDetailsNegativeTestJSON:tearDownClass): 204 DELETE http://10.180.1.21:9696/networking/v2.0/networks/bcd807f2-d4c9-4cc3-a998-3ca7596cba13 0.601s
2025-03-26 02:17:37.408 69899 INFO tempest.lib.common.rest_client [req-1b1f8c31-011d-4367-a5cf-e333f0965b17 req-1b1f8c31-011d-4367-a5cf-e333f0965b17 ] Request (KeyPairsV22TestJSON:tearDownClass): 200 GET http://10.180.1.21:9696/networking/v2.0/security-groups?tenant_id=8136222702814bb682634eb09f425f44&name=default 0.353s
2025-03-26 02:17:37.408 69879 INFO tempest.lib.common.rest_client [req-f79194fc-1600-44cf-96d6-4728abb79ffc req-f79194fc-1600-44cf-96d6-4728abb79ffc ] Request (MigrationsAdminTest:test_list_migrations_in_flavor_resize_situation): 200 GET http://10.180.1.21/compute/v2.1/servers/5e1f2115-69a8-46f8-9680-6e8e61ef2c33 0.358s
2025-03-26 02:17:37.417 69869 INFO tempest.lib.common.rest_client [req-4548ecf0-2a88-43de-bea1-92f66361127c req-4548ecf0-2a88-43de-bea1-92f66361127c ] Request (FloatingIPsAssociationNegativeTestJSON:tearDownClass): 200 GET http://10.180.1.21/compute/v2.1/servers/e1b3c6c8-f311-4a76-9275-5c155c162449 0.298s
2025-03-26 02:17:37.490 69927 INFO tempest.lib.common.rest_client [req-d5581190-b7c6-41de-8422-8d514a3be45f req-d5581190-b7c6-41de-8422-8d514a3be45f ] Request (ServerAddressesTestJSON:setUpClass): 200 GET http://10.180.1.21/compute/v2.1/servers/1f7b9ad2-6d8b-413d-8a17-f258447cd2d1 0.077s
2025-03-26 02:17:37.491 69915 INFO tempest.lib.common.rest_client [req-b398a00a-9ff8-4b62-97a4-4d70775a6ba0 req-b398a00a-9ff8-4b62-97a4-4d70775a6ba0 ] Request (FloatingIPDetailsNegativeTestJSON:tearDownClass): 204 DELETE http://10.180.1.21/identity/v3/users/150dad92dc37492fa4c22a4673bebc95 0.099s
2025-03-26 02:17:37.491 69915 INFO tempest.lib.common.dynamic_creds [-] Deleting project and security group for project: 419a7ab1f44b40c8aca75fa13c183567
2025-03-26 02:17:37.492 69883 INFO tempest.lib.common.rest_client [req-b45ecc84-4f7f-4ac6-9858-560e0bfb1691 req-b45ecc84-4f7f-4ac6-9858-560e0bfb1691 ] Request (ServersAdminTestJSON:test_create_server_with_scheduling_hint): 200 GET http://10.180.1.21/compute/v2.1/servers/15dc176c-887b-4afc-b29d-8784b4b4827c 0.141s
2025-03-26 02:17:37.573 69896 INFO tempest.lib.common.rest_client [req-89ab4ce2-e464-4104-ab27-a9177ad778e5 req-89ab4ce2-e464-4104-ab27-a9177ad778e5 ] Request (ServerExternalEventsTest:tearDownClass): 200 GET http://10.180.1.21/compute/v2.1/servers/f2f528e6-d7a1-43de-bb04-9a9f4068e1a0 0.096s
2025-03-26 02:17:37.573 69891 WARNING tempest.lib.common.ssh [-] Failed to establish authenticated ssh connection to cirros@10.180.180.181 ([Errno None] Unable to connect to port 22 on 10.180.180.181). Number attempts: 1. Retry after 2 seconds.: paramiko.ssh_exception.NoValidConnectionsError: [Errno None] Unable to connect to port 22 on 10.180.180.181
2025-03-26 02:17:37.579 69915 INFO tempest.lib.common.rest_client [req-2bf47ecd-3265-4fde-b8bd-dfc12f0aca97 req-2bf47ecd-3265-4fde-b8bd-dfc12f0aca97 ] Request (FloatingIPDetailsNegativeTestJSON:tearDownClass): 200 GET http://10.180.1.21:9696/networking/v2.0/security-groups?tenant_id=419a7ab1f44b40c8aca75fa13c183567&name=default 0.087s
2025-03-26 02:17:37.645 69877 INFO tempest.lib.common.rest_client [req-fd2ba6e5-45d9-49a8-b600-c7634e45e0e9 req-fd2ba6e5-45d9-49a8-b600-c7634e45e0e9 ] Request (ImagesTestJSON:test_create_image_from_suspended_server): 200 GET http://10.180.1.21/compute/v2.1/servers/29c8cc49-c5a3-4cc6-b6bf-041138d54870 0.109s
2025-03-26 02:17:37.653 69899 INFO tempest.lib.common.rest_client [req-e217565d-e92c-4e6b-8cd9-aab7b6e231a4 req-e217565d-e92c-4e6b-8cd9-aab7b6e231a4 ] Request (KeyPairsV22TestJSON:tearDownClass): 204 DELETE http://10.180.1.21:9696/networking/v2.0/security-groups/93ceb307-33a3-4f7b-95fa-454b590663ad 0.245s
2025-03-26 02:17:37.674 69925 INFO tempest.lib.common.rest_client [req-51614bd5-6637-489a-a213-7d57ca4d601d req-51614bd5-6637-489a-a213-7d57ca4d601d ] Request (TenantUsagesTestJSON:tearDownClass): 404 GET http://10.180.1.21/compute/v2.1/servers/690ffaf0-bc91-4427-98fd-15b4bdffb58f 0.107s
2025-03-26 02:17:37.739 69867 INFO tempest.lib.common.rest_client [req-a1c4ffe3-9c63-415f-8a71-a4ba99e5dee4 req-a1c4ffe3-9c63-415f-8a71-a4ba99e5dee4 ] Request (ListImageFiltersTestJSON:setUpClass): 200 GET http://10.180.1.21/compute/v2.1/servers/42403335-6ef3-4773-b3ac-a3aebd33394c 0.134s
2025-03-26 02:17:37.795 69899 INFO tempest.lib.common.rest_client [req-a6761fbc-16aa-49b0-b416-f3f7976f005f req-a6761fbc-16aa-49b0-b416-f3f7976f005f ] Request (KeyPairsV22TestJSON:tearDownClass): 204 DELETE http://10.180.1.21/identity/v3/projects/8136222702814bb682634eb09f425f44 0.142s
2025-03-26 02:17:37.796 69899 INFO tempest.test [-] raised in ServerPersonalityTestJSON.setUpClass. Invoking tearDownClass.
2025-03-26 02:17:37.806 69925 INFO tempest.lib.common.rest_client [req-296cb801-c681-4cd0-98fe-4be78e7db81b req-296cb801-c681-4cd0-98fe-4be78e7db81b ] Request (TenantUsagesTestJSON:tearDownClass): 204 DELETE http://10.180.1.21/identity/v3/users/f348b347063744c9bdcddb88aafbe155 0.131s
