2025-03-26 02:17:55.053 69867 INFO tempest.lib.common.rest_client [req-0e9cab26-d7df-4dc7-a350-08fba9195f20 req-0e9cab26-d7df-4dc7-a350-08fba9195f20 ] Request (ListImageFiltersTestJSON:setUpClass): 200 GET http://10.180.1.21/compute/v2.1/servers/42403335-6ef3-4773-b3ac-a3aebd33394c 0.184s
2025-03-26 02:17:55.087 69885 INFO tempest.lib.common.rest_client [req-33a6e55d-b7c8-4eed-aaeb-4331019e6d70 req-33a6e55d-b7c8-4eed-aaeb-4331019e6d70 ] Request (ImagesOneServerNegativeTestJSON:setUpClass): 200 GET http://10.180.1.21/compute/v2.1/servers/e2e5aa07-b856-4b26-89de-eeaa85de3f23 0.152s
2025-03-26 02:17:55.098 69885 INFO tempest.common.waiters [-] State transition "BUILD/None" ==> "BUILD/networking" after 53 second wait
2025-03-26 02:17:55.131 69917 INFO tempest.lib.common.rest_client [req-5f4266da-c4ad-4681-9317-eac79ec77980 req-5f4266da-c4ad-4681-9317-eac79ec77980 ] Request (DeleteServersAdminTestJSON:test_delete_server_while_in_error_state): 200 GET http://10.180.1.21/compute/v2.1/servers/1829331d-4c2e-46d9-85a8-a39484c95e61 0.167s
2025-03-26 02:17:55.144 69905 INFO tempest.lib.common.rest_client [req-8f5fc9ca-b8e0-42da-9a2e-c27c1f653b76 req-8f5fc9ca-b8e0-42da-9a2e-c27c1f653b76 ] Request (ServerAddressesNegativeTestJSON:setUpClass): 200 GET http://10.180.1.21/compute/v2.1/servers/aef82554-a852-4a4f-8cb8-f2ebe8c86a56 0.151s
2025-03-26 02:17:55.162 69869 INFO tempest.lib.common.rest_client [req-01142398-3199-4509-9a9c-15c62d5d7b75 req-01142398-3199-4509-9a9c-15c62d5d7b75 ] Request (ListServersNegativeTestJSON:setUpClass): 200 PUT http://10.180.1.21:9696/networking/v2.0/routers/a8489988-ab13-4694-a7cd-da5818442f32/add_router_interface 1.023s
2025-03-26 02:17:55.162 69869 INFO tempest.lib.common.dynamic_creds [-] Created isolated network resources for: credentials: Credentials: {'domain_id': 'default', 'domain_name': 'Default', 'username': 'tempest-ListServersNegativeTestJSON-666330481-project-member', 'project_domain_id': 'default', 'project_domain_name': 'Default', 'project_id': 'be4621c42c3947079a146810fcf2e95c', 'project_name': 'tempest-ListServersNegativeTestJSON-666330481', 'tenant_id': 'be4621c42c3947079a146810fcf2e95c', 'tenant_name': 'tempest-ListServersNegativeTestJSON-666330481', 'user_domain_id': 'default', 'user_domain_name': 'Default', 'user_id': '8547cbd3aaf04e55b0bc409a11a5dae5', 'system': None}, Network: {'id': 'a3e66bce-b81b-4bf9-ad4d-8ecebcc73a80', 'name': 'tempest-ListServersNegativeTestJSON-1400430174-network', 'tenant_id': 'be4621c42c3947079a146810fcf2e95c', 'admin_state_up': True, 'mtu': 8950, 'status': 'ACTIVE', 'subnets': [], 'shared': False, 'project_id': 'be4621c42c3947079a146810fcf2e95c', 'port_security_enabled': True, 'router:external': False, 'provider:network_type': 'vlan', 'provider:physical_network': 'default', 'provider:segmentation_id': 487, 'availability_zone_hints': [], 'availability_zones': [], 'ipv4_address_scope': None, 'ipv6_address_scope': None, 'description': '', 'tags': [], 'created_at': '2025-03-26T02:17:53Z', 'updated_at': '2025-03-26T02:17:53Z', 'revision_number': 1}, Subnet: {'id': '40314074-b679-4fdc-a65a-fd3eab451894', 'name': 'tempest-ListServersNegativeTestJSON-1400430174-subnet', 'tenant_id': 'be4621c42c3947079a146810fcf2e95c', 'network_id': 'a3e66bce-b81b-4bf9-ad4d-8ecebcc73a80', 'ip_version': 4, 'subnetpool_id': None, 'enable_dhcp': True, 'ipv6_ra_mode': None, 'ipv6_address_mode': None, 'gateway_ip': '192.168.128.1', 'cidr': '192.168.128.0/28', 'allocation_pools': [{'start': '192.168.128.2', 'end': '192.168.128.14'}], 'host_routes': [], 'dns_nameservers': [], 'description': '', 'router:external': False, 'service_types': [], 'tags': [], 'created_at': '2025-03-26T02:17:53Z', 'updated_at': '2025-03-26T02:17:53Z', 'revision_number': 0, 'project_id': 'be4621c42c3947079a146810fcf2e95c'}, Router: {'id': 'a8489988-ab13-4694-a7cd-da5818442f32', 'name': 'tempest-ListServersNegativeTestJSON-1400430174-router', 'tenant_id': 'be4621c42c3947079a146810fcf2e95c', 'admin_state_up': True, 'status': 'ACTIVE', 'external_gateway_info': {'network_id': '4cdd3bcc-3422-4fd2-9979-eec3e18a6fd4', 'external_fixed_ips': [{'subnet_id': '8662c71b-1411-4c17-b187-3d63a5905cb7', 'ip_address': '10.180.180.137'}], 'enable_snat': True}, 'description': '', 'availability_zones': [], 'distributed': False, 'ha': False, 'availability_zone_hints': [], 'routes': [], 'flavor_id': None, 'tags': [], 'created_at': '2025-03-26T02:17:53Z', 'updated_at': '2025-03-26T02:17:53Z', 'revision_number': 2, 'project_id': 'be4621c42c3947079a146810fcf2e95c'}
2025-03-26 02:17:55.203 69907 INFO tempest.lib.common.rest_client [req-5dc4ff60-479d-405d-93f1-6cc985fa3433 req-5dc4ff60-479d-405d-93f1-6cc985fa3433 ] Request (ListServerFiltersTestJSON:setUpClass): 200 GET http://10.180.1.21/compute/v2.1/servers/139591bc-25b9-4087-807d-ac8108d236c5 0.166s
2025-03-26 02:17:55.209 69903 INFO tempest.lib.common.rest_client [req-4abb23fb-564b-427c-84e0-c76af167cb64 req-4abb23fb-564b-427c-84e0-c76af167cb64 ] Request (ServerGroupTestJSON:test_create_server_with_scheduler_hint_group): 200 GET http://10.180.1.21/compute/v2.1/servers/7a0d471c-b83d-4a0f-96ea-146d5dd501ac 0.165s
2025-03-26 02:17:55.256 69869 INFO tempest.lib.common.rest_client [req-37780ef1-47b1-4fa8-871e-cbfd3d6a8808 req-37780ef1-47b1-4fa8-871e-cbfd3d6a8808 ] Request (ListServersNegativeTestJSON:setUpClass): 201 POST http://10.180.1.21/identity/v3/auth/tokens 0.088s
2025-03-26 02:17:55.261 69915 INFO tempest.lib.common.rest_client [req-fd4e1171-1346-44ee-a0de-4c45914fb623 req-fd4e1171-1346-44ee-a0de-4c45914fb623 ] Request (MultipleCreateTestJSON:test_multiple_create): 200 GET http://10.180.1.21/compute/v2.1/servers/c34dfdae-12b1-40d0-9b88-de2427baf2eb 0.164s
2025-03-26 02:17:55.296 69869 INFO tempest.lib.common.rest_client [req-1a6da826-d125-4d90-b591-926fa9a86436 req-1a6da826-d125-4d90-b591-926fa9a86436 ] Request (ListServersNegativeTestJSON:setUpClass): 201 POST http://10.180.1.21/identity/v3/auth/tokens 0.037s
2025-03-26 02:17:55.297 69869 INFO tempest.lib.common.fixed_network [-] (ListServersNegativeTestJSON:setUpClass) Found network {'id': 'a3e66bce-b81b-4bf9-ad4d-8ecebcc73a80', 'name': 'tempest-ListServersNegativeTestJSON-1400430174-network', 'tenant_id': 'be4621c42c3947079a146810fcf2e95c', 'admin_state_up': True, 'mtu': 8950, 'status': 'ACTIVE', 'subnets': [], 'shared': False, 'project_id': 'be4621c42c3947079a146810fcf2e95c', 'port_security_enabled': True, 'router:external': False, 'provider:network_type': 'vlan', 'provider:physical_network': 'default', 'provider:segmentation_id': 487, 'availability_zone_hints': [], 'availability_zones': [], 'ipv4_address_scope': None, 'ipv6_address_scope': None, 'description': '', 'tags': [], 'created_at': '2025-03-26T02:17:53Z', 'updated_at': '2025-03-26T02:17:53Z', 'revision_number': 1} available for tenant
2025-03-26 02:17:55.303 69887 INFO tempest.lib.common.rest_client [req-5012e847-13e2-4174-8f32-c30b31489119 req-5012e847-13e2-4174-8f32-c30b31489119 ] Request (ServerDiagnosticsV248Test:tearDownClass): 200 GET http://10.180.1.21/compute/v2.1/servers/3828ecd8-0808-46ab-9f51-525db9ef01f6 0.173s
2025-03-26 02:17:55.331 69925 INFO tempest.lib.common.rest_client [req-122fb6b8-d1b5-4901-a4d3-b838d5a8841b req-122fb6b8-d1b5-4901-a4d3-b838d5a8841b ] Request (AttachInterfacesV270Test:test_create_get_list_interfaces): 200 GET http://10.180.1.21/compute/v2.1/servers/4a57f6d5-3fa0-49f3-8cd5-03d310babd07 0.162s
2025-03-26 02:17:55.394 69913 INFO tempest.lib.common.rest_client [req-49f512a4-56da-436b-8276-f99fa69a6d24 req-49f512a4-56da-436b-8276-f99fa69a6d24 ] Request (ServerDiagnosticsNegativeTest:tearDownClass): 200 GET http://10.180.1.21/compute/v2.1/servers/7620df0b-07ff-4e13-8079-55ecaf7dc996 0.200s
2025-03-26 02:17:55.400 69875 INFO tempest.lib.common.rest_client [req-359e54cd-1653-4f1a-83e9-115e45d183d0 req-359e54cd-1653-4f1a-83e9-115e45d183d0 ] Request (ImagesOneServerTestJSON:setUpClass): 200 GET http://10.180.1.21/compute/v2.1/servers/f5d238a7-ea93-4189-8689-3c8b70b7c30e 0.160s
2025-03-26 02:17:55.510 69881 INFO tempest.lib.common.rest_client [req-eef394d4-2a42-4f6a-907c-b56d9d5b56db req-eef394d4-2a42-4f6a-907c-b56d9d5b56db ] Request (ServerDiagnosticsTest:tearDownClass): 200 GET http://10.180.1.21/compute/v2.1/servers/690648e9-1344-4076-9f7e-b329089e36a5 0.231s
2025-03-26 02:17:55.543 69919 WARNING tempest.lib.common.ssh [-] Failed to establish authenticated ssh connection to cirros@10.180.180.246 ([Errno None] Unable to connect to port 22 on 10.180.180.246). Number attempts: 3. Retry after 4 seconds.: paramiko.ssh_exception.NoValidConnectionsError: [Errno None] Unable to connect to port 22 on 10.180.180.246
2025-03-26 02:17:55.586 69889 INFO tempest.lib.common.rest_client [req-33efbb3a-f0e4-4245-8b76-37e43b2e5a11 req-33efbb3a-f0e4-4245-8b76-37e43b2e5a11 ] Request (ServersAdminNegativeTestJSON:setUpClass): 200 GET http://10.180.1.21/compute/v2.1/servers/61afd391-37c6-45de-aed3-f6f8c966d579 0.285s
2025-03-26 02:17:55.635 69871 INFO tempest.lib.common.rest_client [req-5ba466f6-123c-49fd-9d73-cc9a8d720fdb req-5ba466f6-123c-49fd-9d73-cc9a8d720fdb ] Request (ServersTestJSON:test_create_server_specify_multibyte_character_name): 200 GET http://10.180.1.21/compute/v2.1/servers/e0745838-9c2c-48b7-b17b-af31ecba4e8e 0.296s
2025-03-26 02:17:55.704 69897 INFO tempest.lib.common.rest_client [req-76312d6e-ff3e-4787-85a8-7498e86b1aca req-76312d6e-ff3e-4787-85a8-7498e86b1aca ] Request (AttachVolumeShelveTestJSON:test_attach_volume_shelved_or_offload_server): 200 GET http://10.180.1.21/compute/v2.1/servers/2dff1cdf-b5c4-4b1d-94e8-24a3a2f5d450 0.325s
2025-03-26 02:17:55.754 69923 INFO tempest.lib.common.rest_client [req-802f8081-4912-47ab-afcf-74621d3325aa req-802f8081-4912-47ab-afcf-74621d3325aa ] Request (ServerActionsTestOtherB:setUpClass): 200 GET http://10.180.1.21/compute/v2.1/servers/e1ea28d1-194d-4e26-8b7d-bf1060528315 0.343s
2025-03-26 02:17:55.815 69883 INFO tempest.lib.common.rest_client [req-82e75d44-b6ea-409d-b130-81702d7ce74d req-82e75d44-b6ea-409d-b130-81702d7ce74d ] Request (ServersAdminTestJSON:test_create_server_with_scheduling_hint): 200 GET http://10.180.1.21/compute/v2.1/servers/15dc176c-887b-4afc-b29d-8784b4b4827c 0.372s
2025-03-26 02:17:55.866 69879 INFO tempest.lib.common.rest_client [req-68bdbd78-8e1f-407a-a153-991e90179fbe req-68bdbd78-8e1f-407a-a153-991e90179fbe ] Request (MigrationsAdminTest:test_list_migrations_in_flavor_resize_situation): 200 GET http://10.180.1.21/compute/v2.1/servers/5e1f2115-69a8-46f8-9680-6e8e61ef2c33 0.368s
2025-03-26 02:17:55.918 69927 INFO tempest.lib.common.rest_client [req-067aca6d-504d-4a34-9484-ac135b89757b req-067aca6d-504d-4a34-9484-ac135b89757b ] Request (ServerAddressesTestJSON:setUpClass): 200 GET http://10.180.1.21/compute/v2.1/servers/1f7b9ad2-6d8b-413d-8a17-f258447cd2d1 0.400s
2025-03-26 02:17:55.979 69893 INFO tempest.lib.common.rest_client [req-1ea3a757-599b-48eb-a601-506a445fd3e4 req-1ea3a757-599b-48eb-a601-506a445fd3e4 ] Request (ServerRescueTestJSON:setUpClass): 200 GET http://10.180.1.21/compute/v2.1/servers/253e3a62-d9d8-4b70-8bf2-b0dc286f1f02 0.356s
2025-03-26 02:17:55.997 69869 INFO tempest.lib.common.rest_client [req-4af61653-92f3-4b7c-b9c8-19a6d007abd4 req-4af61653-92f3-4b7c-b9c8-19a6d007abd4 ] Request (ListServersNegativeTestJSON:setUpClass): 202 POST http://10.180.1.21/compute/v2.1/servers 0.699s
2025-03-26 02:17:56.057 69877 INFO tempest.lib.common.rest_client [req-c5921215-70a8-4a9f-bb4d-e98a3cd40815 req-c5921215-70a8-4a9f-bb4d-e98a3cd40815 ] Request (ImagesTestJSON:test_create_image_from_suspended_server): 200 GET http://10.180.1.21/compute/v2.1/servers/29c8cc49-c5a3-4cc6-b6bf-041138d54870 0.247s
2025-03-26 02:17:56.110 69869 INFO tempest.lib.common.rest_client [req-e72e07b5-b0f4-44b2-bcf0-4f37e1b92d89 req-e72e07b5-b0f4-44b2-bcf0-4f37e1b92d89 ] Request (ListServersNegativeTestJSON:setUpClass): 200 GET http://10.180.1.21/compute/v2.1/servers 0.112s
2025-03-26 02:17:56.160 69873 INFO tempest.lib.common.rest_client [req-9e9982b2-1c59-434f-96eb-af844ce64f31 req-9e9982b2-1c59-434f-96eb-af844ce64f31 ] Request (ServersTestMultiNic:test_verify_duplicate_network_nics): 200 GET http://10.180.1.21/compute/v2.1/servers/e1211f1b-d059-41be-9aa1-9af0c3ea6f81 0.116s
2025-03-26 02:17:56.303 69867 INFO tempest.lib.common.rest_client [req-08731aac-a5aa-4d1e-be20-bda1d9b1ec89 req-08731aac-a5aa-4d1e-be20-bda1d9b1ec89 ] Request (ListImageFiltersTestJSON:setUpClass): 200 GET http://10.180.1.21/compute/v2.1/servers/42403335-6ef3-4773-b3ac-a3aebd33394c 0.241s
2025-03-26 02:17:56.394 69885 INFO tempest.lib.common.rest_client [req-a9f2a496-8f21-426c-bb30-299769e71bfc req-a9f2a496-8f21-426c-bb30-299769e71bfc ] Request (ImagesOneServerNegativeTestJSON:setUpClass): 200 GET http://10.180.1.21/compute/v2.1/servers/e2e5aa07-b856-4b26-89de-eeaa85de3f23 0.294s
2025-03-26 02:17:56.403 69885 INFO tempest.common.waiters [-] State transition "BUILD/networking" ==> "BUILD/spawning" after 54 second wait
2025-03-26 02:17:56.435 69911 INFO tempest.lib.common.rest_client [req-91abc618-5f0d-4e11-a818-29142638af16 req-91abc618-5f0d-4e11-a818-29142638af16 ] Request (FloatingIPsAssociationTestJSON:setUpClass): 200 GET http://10.180.1.21/compute/v2.1/servers/2dacd7c5-0893-4293-8676-db390b90b3d5 0.449s
2025-03-26 02:17:56.437 69869 INFO tempest.lib.common.rest_client [req-33914289-6150-454a-88e4-0f030a1abb6b req-33914289-6150-454a-88e4-0f030a1abb6b ] Request (ListServersNegativeTestJSON:setUpClass): 200 GET http://10.180.1.21/compute/v2.1/servers/6bc8782d-cf63-47a3-aa2c-69b4822438a5 0.325s
2025-03-26 02:17:56.456 69896 INFO tempest.lib.common.rest_client [req-c8c12d21-6ee3-4ef0-b4c3-4bcec55545b0 req-c8c12d21-6ee3-4ef0-b4c3-4bcec55545b0 ] Request (ServerActionsV293TestJSON:setUpClass): 200 PUT http://10.180.1.21:9696/networking/v2.0/routers/36102d1c-5bcb-4a50-bbd8-6923f5edee31/add_router_interface 1.517s
2025-03-26 02:17:56.456 69896 INFO tempest.lib.common.dynamic_creds [-] Created isolated network resources for: credentials: Credentials: {'domain_id': 'default', 'domain_name': 'Default', 'username': 'tempest-ServerActionsV293TestJSON-2081792804-project-member', 'project_domain_id': 'default', 'project_domain_name': 'Default', 'project_id': '068f79a235a44913a314511f20a051ea', 'project_name': 'tempest-ServerActionsV293TestJSON-2081792804', 'tenant_id': '068f79a235a44913a314511f20a051ea', 'tenant_name': 'tempest-ServerActionsV293TestJSON-2081792804', 'user_domain_id': 'default', 'user_domain_name': 'Default', 'user_id': 'e8b96686b90947bebd93bfc8a16daaef', 'system': None}, Network: {'id': '30e5e3ad-3d08-49a2-8571-a60cce9464b7', 'name': 'tempest-ServerActionsV293TestJSON-353883662-network', 'tenant_id': '068f79a235a44913a314511f20a051ea', 'admin_state_up': True, 'mtu': 8950, 'status': 'ACTIVE', 'subnets': [], 'shared': False, 'project_id': '068f79a235a44913a314511f20a051ea', 'port_security_enabled': True, 'router:external': False, 'provider:network_type': 'vlan', 'provider:physical_network': 'default', 'provider:segmentation_id': 453, 'availability_zone_hints': [], 'availability_zones': [], 'ipv4_address_scope': None, 'ipv6_address_scope': None, 'description': '', 'tags': [], 'created_at': '2025-03-26T02:17:53Z', 'updated_at': '2025-03-26T02:17:53Z', 'revision_number': 1}, Subnet: {'id': '9742397e-06df-4143-887c-d3c84c45def0', 'name': 'tempest-ServerActionsV293TestJSON-353883662-subnet', 'tenant_id': '068f79a235a44913a314511f20a051ea', 'network_id': '30e5e3ad-3d08-49a2-8571-a60cce9464b7', 'ip_version': 4, 'subnetpool_id': None, 'enable_dhcp': True, 'ipv6_ra_mode': None, 'ipv6_address_mode': None, 'gateway_ip': '192.168.128.1', 'cidr': '192.168.128.0/28', 'allocation_pools': [{'start': '192.168.128.2', 'end': '192.168.128.14'}], 'host_routes': [], 'dns_nameservers': [], 'description': '', 'router:external': False, 'service_types': [], 'tags': [], 'created_at': '2025-03-26T02:17:53Z', 'updated_at': '2025-03-26T02:17:53Z', 'revision_number': 0, 'project_id': '068f79a235a44913a314511f20a051ea'}, Router: {'id': '36102d1c-5bcb-4a50-bbd8-6923f5edee31', 'name': 'tempest-ServerActionsV293TestJSON-353883662-router', 'tenant_id': '068f79a235a44913a314511f20a051ea', 'admin_state_up': True, 'status': 'ACTIVE', 'external_gateway_info': {'network_id': '4cdd3bcc-3422-4fd2-9979-eec3e18a6fd4', 'external_fixed_ips': [{'subnet_id': '8662c71b-1411-4c17-b187-3d63a5905cb7', 'ip_address': '10.180.180.224'}], 'enable_snat': True}, 'description': '', 'availability_zones': [], 'distributed': False, 'ha': False, 'availability_zone_hints': [], 'routes': [], 'flavor_id': None, 'tags': [], 'created_at': '2025-03-26T02:17:53Z', 'updated_at': '2025-03-26T02:17:54Z', 'revision_number': 2, 'project_id': '068f79a235a44913a314511f20a051ea'}
2025-03-26 02:17:56.492 69905 INFO tempest.lib.common.rest_client [req-692e0320-804d-46cb-b3ad-3515a1328194 req-692e0320-804d-46cb-b3ad-3515a1328194 ] Request (ServerAddressesNegativeTestJSON:setUpClass): 200 GET http://10.180.1.21/compute/v2.1/servers/aef82554-a852-4a4f-8cb8-f2ebe8c86a56 0.335s
2025-03-26 02:17:56.497 69917 INFO tempest.lib.common.rest_client [req-ad1d49b3-fbc5-440c-b020-9e8c928775fb req-ad1d49b3-fbc5-440c-b020-9e8c928775fb ] Request (DeleteServersAdminTestJSON:test_delete_server_while_in_error_state): 200 GET http://10.180.1.21/compute/v2.1/servers/1829331d-4c2e-46d9-85a8-a39484c95e61 0.357s
2025-03-26 02:17:56.545 69907 INFO tempest.lib.common.rest_client [req-64a866fb-b35b-4a22-8b24-a4ff8708d597 req-64a866fb-b35b-4a22-8b24-a4ff8708d597 ] Request (ListServerFiltersTestJSON:setUpClass): 200 GET http://10.180.1.21/compute/v2.1/servers/139591bc-25b9-4087-807d-ac8108d236c5 0.334s
2025-03-26 02:17:56.546 69903 INFO tempest.lib.common.rest_client [req-e686f232-3f85-439c-906a-53fcc359f24d req-e686f232-3f85-439c-906a-53fcc359f24d ] Request (ServerGroupTestJSON:test_create_server_with_scheduler_hint_group): 200 GET http://10.180.1.21/compute/v2.1/servers/7a0d471c-b83d-4a0f-96ea-146d5dd501ac 0.326s
2025-03-26 02:17:56.549 69896 INFO tempest.lib.common.rest_client [req-5542d11e-21cb-4d1c-8e29-5098a0d8b880 req-5542d11e-21cb-4d1c-8e29-5098a0d8b880 ] Request (ServerActionsV293TestJSON:setUpClass): 201 POST http://10.180.1.21/identity/v3/auth/tokens 0.090s
2025-03-26 02:17:56.599 69915 INFO tempest.lib.common.rest_client [req-96b18e97-7bde-4f7f-9e2f-637ae4488c66 req-96b18e97-7bde-4f7f-9e2f-637ae4488c66 ] Request (MultipleCreateTestJSON:test_multiple_create): 200 GET http://10.180.1.21/compute/v2.1/servers/c34dfdae-12b1-40d0-9b88-de2427baf2eb 0.322s
2025-03-26 02:17:56.606 69887 INFO tempest.lib.common.rest_client [req-f95b4759-0fbb-4458-8d95-f909dc5a7919 req-f95b4759-0fbb-4458-8d95-f909dc5a7919 ] Request (ServerDiagnosticsV248Test:tearDownClass): 200 GET http://10.180.1.21/compute/v2.1/servers/3828ecd8-0808-46ab-9f51-525db9ef01f6 0.292s
2025-03-26 02:17:56.650 69925 INFO tempest.lib.common.rest_client [req-d8fc8c68-029b-4862-9eec-60ba62307895 req-d8fc8c68-029b-4862-9eec-60ba62307895 ] Request (AttachInterfacesV270Test:test_create_get_list_interfaces): 200 GET http://10.180.1.21/compute/v2.1/servers/4a57f6d5-3fa0-49f3-8cd5-03d310babd07 0.300s
2025-03-26 02:17:56.665 69913 INFO tempest.lib.common.rest_client [req-d64adcf9-967b-4643-b887-2c736e1a32b2 req-d64adcf9-967b-4643-b887-2c736e1a32b2 ] Request (ServerDiagnosticsNegativeTest:tearDownClass): 200 GET http://10.180.1.21/compute/v2.1/servers/7620df0b-07ff-4e13-8079-55ecaf7dc996 0.258s
2025-03-26 02:17:56.700 69875 INFO tempest.lib.common.rest_client [req-c20120cd-60a0-4ed8-ada0-763447f49372 req-c20120cd-60a0-4ed8-ada0-763447f49372 ] Request (ImagesOneServerTestJSON:setUpClass): 200 GET http://10.180.1.21/compute/v2.1/servers/f5d238a7-ea93-4189-8689-3c8b70b7c30e 0.286s
2025-03-26 02:17:56.726 69881 INFO tempest.lib.common.rest_client [req-746fcb46-97d0-4307-8574-5924f9f8c530 req-746fcb46-97d0-4307-8574-5924f9f8c530 ] Request (ServerDiagnosticsTest:tearDownClass): 200 GET http://10.180.1.21/compute/v2.1/servers/690648e9-1344-4076-9f7e-b329089e36a5 0.204s
2025-03-26 02:17:56.775 69889 INFO tempest.lib.common.rest_client [req-31874640-3a8b-4530-aff7-3976d4cd17f0 req-31874640-3a8b-4530-aff7-3976d4cd17f0 ] Request (ServersAdminNegativeTestJSON:setUpClass): 200 GET http://10.180.1.21/compute/v2.1/servers/61afd391-37c6-45de-aed3-f6f8c966d579 0.179s
2025-03-26 02:17:56.782 69896 INFO tempest.lib.common.rest_client [req-ecd67ab8-ce12-473f-ad1d-0cf6a2029dc6 req-ecd67ab8-ce12-473f-ad1d-0cf6a2029dc6 ] Request (ServerActionsV293TestJSON:setUpClass): 201 POST http://10.180.1.21/compute/v2.1/os-keypairs 0.230s
2025-03-26 02:17:56.822 69871 INFO tempest.lib.common.rest_client [req-461246eb-c6ed-48a1-99bd-b58ee9628e72 req-461246eb-c6ed-48a1-99bd-b58ee9628e72 ] Request (ServersTestJSON:test_create_server_specify_multibyte_character_name): 200 GET http://10.180.1.21/compute/v2.1/servers/e0745838-9c2c-48b7-b17b-af31ecba4e8e 0.179s
2025-03-26 02:17:56.839 69897 INFO tempest.lib.common.rest_client [req-d33bb9fb-ae70-4725-addd-26a0e80862c7 req-d33bb9fb-ae70-4725-addd-26a0e80862c7 ] Request (AttachVolumeShelveTestJSON:test_attach_volume_shelved_or_offload_server): 200 GET http://10.180.1.21/compute/v2.1/servers/2dff1cdf-b5c4-4b1d-94e8-24a3a2f5d450 0.123s
2025-03-26 02:17:56.878 69923 INFO tempest.lib.common.rest_client [req-a6cd7343-dc30-4a7e-a38b-a65a84c61f5e req-a6cd7343-dc30-4a7e-a38b-a65a84c61f5e ] Request (ServerActionsTestOtherB:setUpClass): 200 GET http://10.180.1.21/compute/v2.1/servers/e1ea28d1-194d-4e26-8b7d-bf1060528315 0.115s
2025-03-26 02:17:56.900 69883 INFO tempest.lib.common.rest_client [req-212ba43a-8f74-4567-a60d-185c85d64851 req-212ba43a-8f74-4567-a60d-185c85d64851 ] Request (ServersAdminTestJSON:test_create_server_with_scheduling_hint): 200 GET http://10.180.1.21/compute/v2.1/servers/15dc176c-887b-4afc-b29d-8784b4b4827c 0.070s
2025-03-26 02:17:56.920 69896 INFO tempest.lib.common.rest_client [req-8d6bc248-2442-4fab-b5f7-85e0bb51e1ec req-8d6bc248-2442-4fab-b5f7-85e0bb51e1ec ] Request (ServerActionsV293TestJSON:setUpClass): 201 POST http://10.180.1.21:9696/networking/v2.0/security-groups 0.136s
2025-03-26 02:17:56.931 69879 INFO tempest.lib.common.rest_client [req-0dfdea30-8e8b-45d5-a544-316e1436d03b req-0dfdea30-8e8b-45d5-a544-316e1436d03b ] Request (MigrationsAdminTest:test_list_migrations_in_flavor_resize_situation): 200 GET http://10.180.1.21/compute/v2.1/servers/5e1f2115-69a8-46f8-9680-6e8e61ef2c33 0.055s
2025-03-26 02:17:56.954 69865 WARNING tempest.lib.common.ssh [-] Failed to establish authenticated ssh connection to cirros@10.180.180.226 ([Errno None] Unable to connect to port 22 on 10.180.180.226). Number attempts: 5. Retry after 6 seconds.: paramiko.ssh_exception.NoValidConnectionsError: [Errno None] Unable to connect to port 22 on 10.180.180.226
2025-03-26 02:17:56.995 69927 INFO tempest.lib.common.rest_client [req-c903d384-e538-4b79-bbd4-ef21ae7fa9cc req-c903d384-e538-4b79-bbd4-ef21ae7fa9cc ] Request (ServerAddressesTestJSON:setUpClass): 200 GET http://10.180.1.21/compute/v2.1/servers/1f7b9ad2-6d8b-413d-8a17-f258447cd2d1 0.067s
2025-03-26 02:17:57.049 69896 INFO tempest.lib.common.rest_client [req-1e9503b4-5abf-4875-bbb9-e92f49814a98 req-1e9503b4-5abf-4875-bbb9-e92f49814a98 ] Request (ServerActionsV293TestJSON:setUpClass): 201 POST http://10.180.1.21:9696/networking/v2.0/security-group-rules 0.129s
2025-03-26 02:17:57.071 69893 INFO tempest.lib.common.rest_client [req-ae176dfb-4e65-4778-8c63-a5b96f79dac7 req-ae176dfb-4e65-4778-8c63-a5b96f79dac7 ] Request (ServerRescueTestJSON:setUpClass): 200 GET http://10.180.1.21/compute/v2.1/servers/253e3a62-d9d8-4b70-8bf2-b0dc286f1f02 0.074s
2025-03-26 02:17:57.145 69877 INFO tempest.lib.common.rest_client [req-b4dc0bda-dd2d-4177-960c-31d0b34c767f req-b4dc0bda-dd2d-4177-960c-31d0b34c767f ] Request (ImagesTestJSON:test_create_image_from_suspended_server): 200 GET http://10.180.1.21/compute/v2.1/servers/29c8cc49-c5a3-4cc6-b6bf-041138d54870 0.075s
2025-03-26 02:17:57.203 69896 INFO tempest.lib.common.rest_client [req-ea3b5ecc-3f12-4f31-9688-9ebe711814f0 req-ea3b5ecc-3f12-4f31-9688-9ebe711814f0 ] Request (ServerActionsV293TestJSON:setUpClass): 201 POST http://10.180.1.21:9696/networking/v2.0/security-group-rules 0.153s
2025-03-26 02:17:57.235 69873 INFO tempest.lib.common.rest_client [req-069a8c79-cca9-44cc-8980-5e5898e18c97 req-069a8c79-cca9-44cc-8980-5e5898e18c97 ] Request (ServersTestMultiNic:test_verify_duplicate_network_nics): 200 GET http://10.180.1.21/compute/v2.1/servers/e1211f1b-d059-41be-9aa1-9af0c3ea6f81 0.066s
2025-03-26 02:17:57.459 69867 INFO tempest.lib.common.rest_client [req-df1720d4-b062-4406-938e-acad596dc7a9 req-df1720d4-b062-4406-938e-acad596dc7a9 ] Request (ListImageFiltersTestJSON:setUpClass): 200 GET http://10.180.1.21/compute/v2.1/servers/42403335-6ef3-4773-b3ac-a3aebd33394c 0.144s
2025-03-26 02:17:57.466 69867 INFO tempest.common.waiters [-] State transition "BUILD/spawning" ==> "ACTIVE/None" after 59 second wait
2025-03-26 02:17:57.559 69911 INFO tempest.lib.common.rest_client [req-3f0e62c0-de8b-4512-a8b9-cfc5decc1e17 req-3f0e62c0-de8b-4512-a8b9-cfc5decc1e17 ] Request (FloatingIPsAssociationTestJSON:setUpClass): 200 GET http://10.180.1.21/compute/v2.1/servers/2dacd7c5-0893-4293-8676-db390b90b3d5 0.116s
2025-03-26 02:17:57.615 69869 INFO tempest.lib.common.rest_client [req-f445c5bc-dfa4-4693-aac6-caa94f93750d req-f445c5bc-dfa4-4693-aac6-caa94f93750d ] Request (ListServersNegativeTestJSON:setUpClass): 200 GET http://10.180.1.21/compute/v2.1/servers/6bc8782d-cf63-47a3-aa2c-69b4822438a5 0.168s
2025-03-26 02:17:57.627 69885 INFO tempest.lib.common.rest_client [req-ea755fad-8140-46fb-9ff4-0000f0b87bc6 req-ea755fad-8140-46fb-9ff4-0000f0b87bc6 ] Request (ImagesOneServerNegativeTestJSON:setUpClass): 200 GET http://10.180.1.21/compute/v2.1/servers/e2e5aa07-b856-4b26-89de-eeaa85de3f23 0.219s
2025-03-26 02:17:57.687 69905 INFO tempest.lib.common.rest_client [req-19412399-bc35-43c7-9071-151f0824110c req-19412399-bc35-43c7-9071-151f0824110c ] Request (ServerAddressesNegativeTestJSON:setUpClass): 200 GET http://10.180.1.21/compute/v2.1/servers/aef82554-a852-4a4f-8cb8-f2ebe8c86a56 0.186s
2025-03-26 02:17:57.701 69896 INFO tempest.lib.common.rest_client [req-7dd01156-b01d-4f49-aa42-c20f040ade76 req-7dd01156-b01d-4f49-aa42-c20f040ade76 ] Request (ServerActionsV293TestJSON:setUpClass): 201 POST http://10.180.1.21:9696/networking/v2.0/floatingips 0.498s
2025-03-26 02:17:57.733 69867 INFO tempest.lib.common.rest_client [req-52a74aab-1c54-438e-96d7-4e1430ea4857 req-52a74aab-1c54-438e-96d7-4e1430ea4857 ] Request (ListImageFiltersTestJSON:setUpClass): 200 GET http://10.180.1.21/compute/v2.1/servers/7160e6dd-68bd-44ec-9835-a85d09500b19 0.266s
2025-03-26 02:17:57.739 69896 INFO tempest.lib.common.rest_client [req-71b3f1d4-dd44-4ab7-9943-daae7f575f7f req-71b3f1d4-dd44-4ab7-9943-daae7f575f7f ] Request (ServerActionsV293TestJSON:setUpClass): 201 POST http://10.180.1.21/identity/v3/auth/tokens 0.033s
2025-03-26 02:17:57.739 69896 INFO tempest.lib.common.fixed_network [-] (ServerActionsV293TestJSON:setUpClass) Found network {'id': '30e5e3ad-3d08-49a2-8571-a60cce9464b7', 'name': 'tempest-ServerActionsV293TestJSON-353883662-network', 'tenant_id': '068f79a235a44913a314511f20a051ea', 'admin_state_up': True, 'mtu': 8950, 'status': 'ACTIVE', 'subnets': [], 'shared': False, 'project_id': '068f79a235a44913a314511f20a051ea', 'port_security_enabled': True, 'router:external': False, 'provider:network_type': 'vlan', 'provider:physical_network': 'default', 'provider:segmentation_id': 453, 'availability_zone_hints': [], 'availability_zones': [], 'ipv4_address_scope': None, 'ipv6_address_scope': None, 'description': '', 'tags': [], 'created_at': '2025-03-26T02:17:53Z', 'updated_at': '2025-03-26T02:17:53Z', 'revision_number': 1} available for tenant
2025-03-26 02:17:57.746 69917 INFO tempest.lib.common.rest_client [req-cfc23e23-25fb-4907-a2ad-fb35ae5466c3 req-cfc23e23-25fb-4907-a2ad-fb35ae5466c3 ] Request (DeleteServersAdminTestJSON:test_delete_server_while_in_error_state): 200 GET http://10.180.1.21/compute/v2.1/servers/1829331d-4c2e-46d9-85a8-a39484c95e61 0.238s
2025-03-26 02:17:57.779 69903 INFO tempest.lib.common.rest_client [req-18b1c27e-6fe0-4d0e-9846-27a6450a34c7 req-18b1c27e-6fe0-4d0e-9846-27a6450a34c7 ] Request (ServerGroupTestJSON:test_create_server_with_scheduler_hint_group): 200 GET http://10.180.1.21/compute/v2.1/servers/7a0d471c-b83d-4a0f-96ea-146d5dd501ac 0.225s
2025-03-26 02:17:57.805 69907 INFO tempest.lib.common.rest_client [req-6b340e01-5dc1-4820-bfb1-a6951af9a544 req-6b340e01-5dc1-4820-bfb1-a6951af9a544 ] Request (ListServerFiltersTestJSON:setUpClass): 200 GET http://10.180.1.21/compute/v2.1/servers/139591bc-25b9-4087-807d-ac8108d236c5 0.251s
2025-03-26 02:17:57.812 69907 INFO tempest.common.waiters [-] State transition "BUILD/None" ==> "BUILD/networking" after 55 second wait
2025-03-26 02:17:57.844 69915 INFO tempest.lib.common.rest_client [req-08b735be-00be-4428-90e5-d5118222da87 req-08b735be-00be-4428-90e5-d5118222da87 ] Request (MultipleCreateTestJSON:test_multiple_create): 200 GET http://10.180.1.21/compute/v2.1/servers/c34dfdae-12b1-40d0-9b88-de2427baf2eb 0.237s
2025-03-26 02:17:57.882 69887 INFO tempest.lib.common.rest_client [req-54f4abe4-eb4f-4c28-b7de-f82dca7c1f20 req-54f4abe4-eb4f-4c28-b7de-f82dca7c1f20 ] Request (ServerDiagnosticsV248Test:tearDownClass): 200 GET http://10.180.1.21/compute/v2.1/servers/3828ecd8-0808-46ab-9f51-525db9ef01f6 0.267s
2025-03-26 02:17:57.922 69925 INFO tempest.lib.common.rest_client [req-adf4d662-3394-429e-bcfb-33898890a3e6 req-adf4d662-3394-429e-bcfb-33898890a3e6 ] Request (AttachInterfacesV270Test:test_create_get_list_interfaces): 200 GET http://10.180.1.21/compute/v2.1/servers/4a57f6d5-3fa0-49f3-8cd5-03d310babd07 0.255s
2025-03-26 02:17:57.944 69913 INFO tempest.lib.common.rest_client [req-adbfe6ac-2f00-44da-93ff-2b76ada57374 req-adbfe6ac-2f00-44da-93ff-2b76ada57374 ] Request (ServerDiagnosticsNegativeTest:tearDownClass): 200 GET http://10.180.1.21/compute/v2.1/servers/7620df0b-07ff-4e13-8079-55ecaf7dc996 0.271s
2025-03-26 02:17:57.979 69875 INFO tempest.lib.common.rest_client [req-a3ce0d93-d659-4a1c-9284-2d047d140559 req-a3ce0d93-d659-4a1c-9284-2d047d140559 ] Request (ImagesOneServerTestJSON:setUpClass): 200 GET http://10.180.1.21/compute/v2.1/servers/f5d238a7-ea93-4189-8689-3c8b70b7c30e 0.269s
2025-03-26 02:17:58.004 69881 INFO tempest.lib.common.rest_client [req-542dc0f8-cf9c-418c-9747-853a2d4cfb8d req-542dc0f8-cf9c-418c-9747-853a2d4cfb8d ] Request (ServerDiagnosticsTest:tearDownClass): 200 GET http://10.180.1.21/compute/v2.1/servers/690648e9-1344-4076-9f7e-b329089e36a5 0.268s
2025-03-26 02:17:58.052 69889 INFO tempest.lib.common.rest_client [req-b99d68da-ceb5-49b6-9e35-fb73f5527cba req-b99d68da-ceb5-49b6-9e35-fb73f5527cba ] Request (ServersAdminNegativeTestJSON:setUpClass): 200 GET http://10.180.1.21/compute/v2.1/servers/61afd391-37c6-45de-aed3-f6f8c966d579 0.264s
2025-03-26 02:17:58.108 69871 INFO tempest.lib.common.rest_client [req-7aa2d4ed-ab93-4855-827f-78bb017a7a70 req-7aa2d4ed-ab93-4855-827f-78bb017a7a70 ] Request (ServersTestJSON:test_create_server_specify_multibyte_character_name): 200 GET http://10.180.1.21/compute/v2.1/servers/e0745838-9c2c-48b7-b17b-af31ecba4e8e 0.276s
2025-03-26 02:17:58.172 69897 INFO tempest.lib.common.rest_client [req-9d6d57d2-1622-48b1-a2af-309d149db63f req-9d6d57d2-1622-48b1-a2af-309d149db63f ] Request (AttachVolumeShelveTestJSON:test_attach_volume_shelved_or_offload_server): 200 GET http://10.180.1.21/compute/v2.1/servers/2dff1cdf-b5c4-4b1d-94e8-24a3a2f5d450 0.321s
2025-03-26 02:17:58.237 69923 INFO tempest.lib.common.rest_client [req-79b10258-5573-4422-bccb-9322abe71775 req-79b10258-5573-4422-bccb-9322abe71775 ] Request (ServerActionsTestOtherB:setUpClass): 200 GET http://10.180.1.21/compute/v2.1/servers/e1ea28d1-194d-4e26-8b7d-bf1060528315 0.351s
2025-03-26 02:17:58.299 69883 INFO tempest.lib.common.rest_client [req-fb2a105a-e539-4c32-a48a-d528b557497e req-fb2a105a-e539-4c32-a48a-d528b557497e ] Request (ServersAdminTestJSON:test_create_server_with_scheduling_hint): 200 GET http://10.180.1.21/compute/v2.1/servers/15dc176c-887b-4afc-b29d-8784b4b4827c 0.389s
2025-03-26 02:17:58.309 69883 INFO tempest.common.waiters [-] State transition "BUILD/scheduling" ==> "BUILD/None" after 42 second wait
2025-03-26 02:17:58.352 69879 INFO tempest.lib.common.rest_client [req-00710d7b-ca62-4a62-9880-1458b851b639 req-00710d7b-ca62-4a62-9880-1458b851b639 ] Request (MigrationsAdminTest:test_list_migrations_in_flavor_resize_situation): 200 GET http://10.180.1.21/compute/v2.1/servers/5e1f2115-69a8-46f8-9680-6e8e61ef2c33 0.413s
2025-03-26 02:17:58.371 69896 INFO tempest.lib.common.rest_client [req-67848761-6923-4c75-b058-116de595cc84 req-67848761-6923-4c75-b058-116de595cc84 ] Request (ServerActionsV293TestJSON:setUpClass): 202 POST http://10.180.1.21/volume/v3/volumes 0.631s
2025-03-26 02:17:58.425 69896 INFO tempest.lib.common.rest_client [req-606e4359-d7ce-4d94-8b56-c51b2d0e7135 req-606e4359-d7ce-4d94-8b56-c51b2d0e7135 ] Request (ServerActionsV293TestJSON:setUpClass): 200 GET http://10.180.1.21/volume/v3/volumes/053bdbc0-646d-446a-99fe-af3e1aea6030 0.045s
2025-03-26 02:17:58.429 69927 INFO tempest.lib.common.rest_client [req-189988f5-95e7-419a-93d1-b99cb5403bd4 req-189988f5-95e7-419a-93d1-b99cb5403bd4 ] Request (ServerAddressesTestJSON:setUpClass): 200 GET http://10.180.1.21/compute/v2.1/servers/1f7b9ad2-6d8b-413d-8a17-f258447cd2d1 0.427s
2025-03-26 02:17:58.524 69893 INFO tempest.lib.common.rest_client [req-fdcd57e5-49ea-422f-bea9-b03c248c9ccd req-fdcd57e5-49ea-422f-bea9-b03c248c9ccd ] Request (ServerRescueTestJSON:setUpClass): 200 GET http://10.180.1.21/compute/v2.1/servers/253e3a62-d9d8-4b70-8bf2-b0dc286f1f02 0.443s
2025-03-26 02:17:58.531 69867 INFO tempest.lib.common.rest_client [req-b5ccb68b-53ab-41cd-9bf0-bc8840f37a50 req-b5ccb68b-53ab-41cd-9bf0-bc8840f37a50 ] Request (ListImageFiltersTestJSON:setUpClass): 202 POST http://10.180.1.21/compute/v2.1/servers/7160e6dd-68bd-44ec-9835-a85d09500b19/action 0.785s
2025-03-26 02:17:58.595 69873 INFO tempest.lib.common.rest_client [req-e783bdae-9cf1-4e3e-9586-e97778437c9e req-e783bdae-9cf1-4e3e-9586-e97778437c9e ] Request (ServersTestMultiNic:test_verify_duplicate_network_nics): 200 GET http://10.180.1.21/compute/v2.1/servers/e1211f1b-d059-41be-9aa1-9af0c3ea6f81 0.352s
2025-03-26 02:17:58.598 69877 INFO tempest.lib.common.rest_client [req-9182a0c5-120d-4cad-adbb-1e3208d164d5 req-9182a0c5-120d-4cad-adbb-1e3208d164d5 ] Request (ImagesTestJSON:test_create_image_from_suspended_server): 200 GET http://10.180.1.21/compute/v2.1/servers/29c8cc49-c5a3-4cc6-b6bf-041138d54870 0.442s
2025-03-26 02:17:58.643 69867 INFO tempest.lib.common.rest_client [req-fad768e7-02e9-4147-8724-2d95ec72c8fd req-fad768e7-02e9-4147-8724-2d95ec72c8fd ] Request (ListImageFiltersTestJSON:setUpClass): 200 GET http://10.180.1.21/compute/v2.1/images/ca299dcd-3cd0-46c7-bb45-d4736502a119 0.109s
2025-03-26 02:17:58.695 69869 INFO tempest.lib.common.rest_client [req-d10c734b-709c-42d8-962f-51c5c3e0b085 req-d10c734b-709c-42d8-962f-51c5c3e0b085 ] Request (ListServersNegativeTestJSON:setUpClass): 200 GET http://10.180.1.21/compute/v2.1/servers/6bc8782d-cf63-47a3-aa2c-69b4822438a5 0.070s
2025-03-26 02:17:58.780 69911 INFO tempest.lib.common.rest_client [req-6cd53b00-274e-4542-a739-ff98ae14524f req-6cd53b00-274e-4542-a739-ff98ae14524f ] Request (FloatingIPsAssociationTestJSON:setUpClass): 200 GET http://10.180.1.21/compute/v2.1/servers/2dacd7c5-0893-4293-8676-db390b90b3d5 0.213s
2025-03-26 02:17:58.797 69885 INFO tempest.lib.common.rest_client [req-17c984bf-7903-475a-a24f-5ecf1dae8b0f req-17c984bf-7903-475a-a24f-5ecf1dae8b0f ] Request (ImagesOneServerNegativeTestJSON:setUpClass): 200 GET http://10.180.1.21/compute/v2.1/servers/e2e5aa07-b856-4b26-89de-eeaa85de3f23 0.161s
2025-03-26 02:17:58.844 69905 INFO tempest.lib.common.rest_client [req-b2c28eec-d50e-4ae1-a86b-4b54686a9024 req-b2c28eec-d50e-4ae1-a86b-4b54686a9024 ] Request (ServerAddressesNegativeTestJSON:setUpClass): 200 GET http://10.180.1.21/compute/v2.1/servers/aef82554-a852-4a4f-8cb8-f2ebe8c86a56 0.148s
2025-03-26 02:17:58.874 69917 INFO tempest.lib.common.rest_client [req-c4674e8d-c49d-4a16-90b5-5458f6c78b7c req-c4674e8d-c49d-4a16-90b5-5458f6c78b7c ] Request (DeleteServersAdminTestJSON:test_delete_server_while_in_error_state): 200 GET http://10.180.1.21/compute/v2.1/servers/1829331d-4c2e-46d9-85a8-a39484c95e61 0.118s
2025-03-26 02:17:58.904 69903 INFO tempest.lib.common.rest_client [req-0b6d1a94-67e6-453a-9944-8cbc60cc598f req-0b6d1a94-67e6-453a-9944-8cbc60cc598f ] Request (ServerGroupTestJSON:test_create_server_with_scheduler_hint_group): 200 GET http://10.180.1.21/compute/v2.1/servers/7a0d471c-b83d-4a0f-96ea-146d5dd501ac 0.117s
2025-03-26 02:17:58.963 69915 INFO tempest.lib.common.rest_client [req-e338ee39-0a19-4b2d-9d0a-f811587c363c req-e338ee39-0a19-4b2d-9d0a-f811587c363c ] Request (MultipleCreateTestJSON:test_multiple_create): 200 GET http://10.180.1.21/compute/v2.1/servers/c34dfdae-12b1-40d0-9b88-de2427baf2eb 0.107s
2025-03-26 02:17:58.973 69907 INFO tempest.lib.common.rest_client [req-9d00eb7a-3cc0-439d-bdab-cbce96e9a50c req-9d00eb7a-3cc0-439d-bdab-cbce96e9a50c ] Request (ListServerFiltersTestJSON:setUpClass): 200 GET http://10.180.1.21/compute/v2.1/servers/139591bc-25b9-4087-807d-ac8108d236c5 0.159s
2025-03-26 02:17:58.982 69907 INFO tempest.common.waiters [-] State transition "BUILD/networking" ==> "BUILD/block_device_mapping" after 56 second wait
2025-03-26 02:17:59.031 69925 INFO tempest.lib.common.rest_client [req-6b099d3f-ffac-4c36-b291-a0cfa1268456 req-6b099d3f-ffac-4c36-b291-a0cfa1268456 ] Request (AttachInterfacesV270Test:test_create_get_list_interfaces): 200 GET http://10.180.1.21/compute/v2.1/servers/4a57f6d5-3fa0-49f3-8cd5-03d310babd07 0.092s
2025-03-26 02:17:59.033 69887 INFO tempest.lib.common.rest_client [req-027561c4-70ba-4bba-b307-41d7dc65c1b7 req-027561c4-70ba-4bba-b307-41d7dc65c1b7 ] Request (ServerDiagnosticsV248Test:tearDownClass): 200 GET http://10.180.1.21/compute/v2.1/servers/3828ecd8-0808-46ab-9f51-525db9ef01f6 0.133s
2025-03-26 02:17:59.097 69875 INFO tempest.lib.common.rest_client [req-585438ff-2a01-4cfc-abe5-7f170d3a7046 req-585438ff-2a01-4cfc-abe5-7f170d3a7046 ] Request (ImagesOneServerTestJSON:setUpClass): 200 GET http://10.180.1.21/compute/v2.1/servers/f5d238a7-ea93-4189-8689-3c8b70b7c30e 0.108s
2025-03-26 02:17:59.103 69913 INFO tempest.lib.common.rest_client [req-b3f32b0a-15b0-4a17-ad40-e9a9eb5d9761 req-b3f32b0a-15b0-4a17-ad40-e9a9eb5d9761 ] Request (ServerDiagnosticsNegativeTest:tearDownClass): 200 GET http://10.180.1.21/compute/v2.1/servers/7620df0b-07ff-4e13-8079-55ecaf7dc996 0.149s
2025-03-26 02:17:59.156 69889 INFO tempest.lib.common.rest_client [req-6aeb9297-6913-4f79-b3f2-db7328ad7756 req-6aeb9297-6913-4f79-b3f2-db7328ad7756 ] Request (ServersAdminNegativeTestJSON:setUpClass): 200 GET http://10.180.1.21/compute/v2.1/servers/61afd391-37c6-45de-aed3-f6f8c966d579 0.089s
2025-03-26 02:17:59.157 69881 INFO tempest.lib.common.rest_client [req-32e6dd14-92fb-4548-bc65-dbc2856c3858 req-32e6dd14-92fb-4548-bc65-dbc2856c3858 ] Request (ServerDiagnosticsTest:tearDownClass): 200 GET http://10.180.1.21/compute/v2.1/servers/690648e9-1344-4076-9f7e-b329089e36a5 0.144s
2025-03-26 02:17:59.202 69871 INFO tempest.lib.common.rest_client [req-c8074b7f-b3aa-40fb-b33b-cd653c36fcaf req-c8074b7f-b3aa-40fb-b33b-cd653c36fcaf ] Request (ServersTestJSON:test_create_server_specify_multibyte_character_name): 200 GET http://10.180.1.21/compute/v2.1/servers/e0745838-9c2c-48b7-b17b-af31ecba4e8e 0.082s
2025-03-26 02:17:59.238 69897 INFO tempest.lib.common.rest_client [req-6e1e19e6-e55c-4115-ae1e-d3907a48a203 req-6e1e19e6-e55c-4115-ae1e-d3907a48a203 ] Request (AttachVolumeShelveTestJSON:test_attach_volume_shelved_or_offload_server): 200 GET http://10.180.1.21/compute/v2.1/servers/2dff1cdf-b5c4-4b1d-94e8-24a3a2f5d450 0.053s
2025-03-26 02:17:59.302 69923 INFO tempest.lib.common.rest_client [req-a5b7523c-b3d0-4135-9336-385e9d14b592 req-a5b7523c-b3d0-4135-9336-385e9d14b592 ] Request (ServerActionsTestOtherB:setUpClass): 200 GET http://10.180.1.21/compute/v2.1/servers/e1ea28d1-194d-4e26-8b7d-bf1060528315 0.056s
2025-03-26 02:17:59.377 69883 INFO tempest.lib.common.rest_client [req-88612843-e835-464b-80c7-72ac6e08a756 req-88612843-e835-464b-80c7-72ac6e08a756 ] Request (ServersAdminTestJSON:test_create_server_with_scheduling_hint): 200 GET http://10.180.1.21/compute/v2.1/servers/15dc176c-887b-4afc-b29d-8784b4b4827c 0.068s
2025-03-26 02:17:59.434 69879 INFO tempest.lib.common.rest_client [req-7ef0a5c7-a01c-4bc3-8b2a-483cbdbbeacd req-7ef0a5c7-a01c-4bc3-8b2a-483cbdbbeacd ] Request (MigrationsAdminTest:test_list_migrations_in_flavor_resize_situation): 200 GET http://10.180.1.21/compute/v2.1/servers/5e1f2115-69a8-46f8-9680-6e8e61ef2c33 0.074s
2025-03-26 02:17:59.477 69896 INFO tempest.lib.common.rest_client [req-29cd5886-13cb-4174-8f62-b6409e01b44d req-29cd5886-13cb-4174-8f62-b6409e01b44d ] Request (ServerActionsV293TestJSON:setUpClass): 200 GET http://10.180.1.21/volume/v3/volumes/053bdbc0-646d-446a-99fe-af3e1aea6030 0.036s
2025-03-26 02:17:59.513 69927 INFO tempest.lib.common.rest_client [req-afef3832-6aa1-4a43-98e8-81fe466dfc38 req-afef3832-6aa1-4a43-98e8-81fe466dfc38 ] Request (ServerAddressesTestJSON:setUpClass): 200 GET http://10.180.1.21/compute/v2.1/servers/1f7b9ad2-6d8b-413d-8a17-f258447cd2d1 0.075s
2025-03-26 02:17:59.588 69893 INFO tempest.lib.common.rest_client [req-2295e0c0-4b94-43f5-a0d1-43a134d32df1 req-2295e0c0-4b94-43f5-a0d1-43a134d32df1 ] Request (ServerRescueTestJSON:setUpClass): 200 GET http://10.180.1.21/compute/v2.1/servers/253e3a62-d9d8-4b70-8bf2-b0dc286f1f02 0.056s
2025-03-26 02:17:59.661 69873 INFO tempest.lib.common.rest_client [req-afef6ef8-bd0b-412e-b543-fa6c0dcbce92 req-afef6ef8-bd0b-412e-b543-fa6c0dcbce92 ] Request (ServersTestMultiNic:test_verify_duplicate_network_nics): 200 GET http://10.180.1.21/compute/v2.1/servers/e1211f1b-d059-41be-9aa1-9af0c3ea6f81 0.054s
2025-03-26 02:17:59.662 69877 INFO tempest.lib.common.rest_client [req-c0051978-32be-4743-8187-7f2da59adc97 req-c0051978-32be-4743-8187-7f2da59adc97 ] Request (ImagesTestJSON:test_create_image_from_suspended_server): 200 GET http://10.180.1.21/compute/v2.1/servers/29c8cc49-c5a3-4cc6-b6bf-041138d54870 0.050s
2025-03-26 02:17:59.688 69867 INFO tempest.lib.common.rest_client [req-1ee6bce1-76ef-4e2f-83d6-16246f894f50 req-1ee6bce1-76ef-4e2f-83d6-16246f894f50 ] Request (ListImageFiltersTestJSON:setUpClass): 200 GET http://10.180.1.21/compute/v2.1/images/ca299dcd-3cd0-46c7-bb45-d4736502a119 0.041s
2025-03-26 02:17:59.757 69869 INFO tempest.lib.common.rest_client [req-0863eaf2-170e-4d85-8697-26b018e15da9 req-0863eaf2-170e-4d85-8697-26b018e15da9 ] Request (ListServersNegativeTestJSON:setUpClass): 200 GET http://10.180.1.21/compute/v2.1/servers/6bc8782d-cf63-47a3-aa2c-69b4822438a5 0.051s
2025-03-26 02:17:59.883 69911 INFO tempest.lib.common.rest_client [req-38ad0e25-b6b5-4736-93c1-ca8676fbedb3 req-38ad0e25-b6b5-4736-93c1-ca8676fbedb3 ] Request (FloatingIPsAssociationTestJSON:setUpClass): 200 GET http://10.180.1.21/compute/v2.1/servers/2dacd7c5-0893-4293-8676-db390b90b3d5 0.091s
2025-03-26 02:17:59.928 69905 INFO tempest.lib.common.rest_client [req-69c09a50-b294-437e-97d0-1611923c5d65 req-69c09a50-b294-437e-97d0-1611923c5d65 ] Request (ServerAddressesNegativeTestJSON:setUpClass): 200 GET http://10.180.1.21/compute/v2.1/servers/aef82554-a852-4a4f-8cb8-f2ebe8c86a56 0.069s
2025-03-26 02:17:59.935 69905 INFO tempest.common.waiters [-] State transition "BUILD/scheduling" ==> "BUILD/None" after 42 second wait
2025-03-26 02:17:59.976 69917 INFO tempest.lib.common.rest_client [req-61c287d5-8754-4f1e-974b-0f3c025dbf83 req-61c287d5-8754-4f1e-974b-0f3c025dbf83 ] Request (DeleteServersAdminTestJSON:test_delete_server_while_in_error_state): 200 GET http://10.180.1.21/compute/v2.1/servers/1829331d-4c2e-46d9-85a8-a39484c95e61 0.086s
2025-03-26 02:18:00.025 69903 INFO tempest.lib.common.rest_client [req-c957aa0e-3626-4e51-a323-78b3dc439b51 req-c957aa0e-3626-4e51-a323-78b3dc439b51 ] Request (ServerGroupTestJSON:test_create_server_with_scheduler_hint_group): 200 GET http://10.180.1.21/compute/v2.1/servers/7a0d471c-b83d-4a0f-96ea-146d5dd501ac 0.110s
2025-03-26 02:18:00.073 69915 INFO tempest.lib.common.rest_client [req-274624ac-90c5-48f1-b33b-f376822c6093 req-274624ac-90c5-48f1-b33b-f376822c6093 ] Request (MultipleCreateTestJSON:test_multiple_create): 200 GET http://10.180.1.21/compute/v2.1/servers/c34dfdae-12b1-40d0-9b88-de2427baf2eb 0.102s
2025-03-26 02:18:00.128 69885 INFO tempest.lib.common.rest_client [req-e575d779-927f-4151-9d1b-522da0e6a073 req-e575d779-927f-4151-9d1b-522da0e6a073 ] Request (ImagesOneServerNegativeTestJSON:setUpClass): 200 GET http://10.180.1.21/compute/v2.1/servers/e2e5aa07-b856-4b26-89de-eeaa85de3f23 0.323s
2025-03-26 02:18:00.197 69925 INFO tempest.lib.common.rest_client [req-96b283d3-029a-4974-ac7d-53b66243ad7c req-96b283d3-029a-4974-ac7d-53b66243ad7c ] Request (AttachInterfacesV270Test:test_create_get_list_interfaces): 200 GET http://10.180.1.21/compute/v2.1/servers/4a57f6d5-3fa0-49f3-8cd5-03d310babd07 0.156s
2025-03-26 02:18:00.217 69907 INFO tempest.lib.common.rest_client [req-558f0226-8b35-4100-b5a3-0af7a478cb27 req-558f0226-8b35-4100-b5a3-0af7a478cb27 ] Request (ListServerFiltersTestJSON:setUpClass): 200 GET http://10.180.1.21/compute/v2.1/servers/139591bc-25b9-4087-807d-ac8108d236c5 0.234s
2025-03-26 02:18:00.225 69907 INFO tempest.common.waiters [-] State transition "BUILD/block_device_mapping" ==> "BUILD/spawning" after 58 second wait
2025-03-26 02:18:00.263 69887 INFO tempest.lib.common.rest_client [req-d53b4e7a-ea77-4f91-9a09-a1f9556c514c req-d53b4e7a-ea77-4f91-9a09-a1f9556c514c ] Request (ServerDiagnosticsV248Test:tearDownClass): 200 GET http://10.180.1.21/compute/v2.1/servers/3828ecd8-0808-46ab-9f51-525db9ef01f6 0.215s
2025-03-26 02:18:00.270 69875 INFO tempest.lib.common.rest_client [req-843d0084-adcc-4cd3-868c-8ad20f77a2bc req-843d0084-adcc-4cd3-868c-8ad20f77a2bc ] Request (ImagesOneServerTestJSON:setUpClass): 200 GET http://10.180.1.21/compute/v2.1/servers/f5d238a7-ea93-4189-8689-3c8b70b7c30e 0.165s
2025-03-26 02:18:00.322 69889 INFO tempest.lib.common.rest_client [req-e070dc0a-8f21-4415-9880-cf5fab804f46 req-e070dc0a-8f21-4415-9880-cf5fab804f46 ] Request (ServersAdminNegativeTestJSON:setUpClass): 200 GET http://10.180.1.21/compute/v2.1/servers/61afd391-37c6-45de-aed3-f6f8c966d579 0.157s
2025-03-26 02:18:00.325 69913 INFO tempest.lib.common.rest_client [req-fbe1f1fa-05cb-487f-a13c-16bc00a4e12d req-fbe1f1fa-05cb-487f-a13c-16bc00a4e12d ] Request (ServerDiagnosticsNegativeTest:tearDownClass): 200 GET http://10.180.1.21/compute/v2.1/servers/7620df0b-07ff-4e13-8079-55ecaf7dc996 0.215s
2025-03-26 02:18:00.380 69871 INFO tempest.lib.common.rest_client [req-a3bfb481-5b59-4157-932a-e6365da65a02 req-a3bfb481-5b59-4157-932a-e6365da65a02 ] Request (ServersTestJSON:test_create_server_specify_multibyte_character_name): 200 GET http://10.180.1.21/compute/v2.1/servers/e0745838-9c2c-48b7-b17b-af31ecba4e8e 0.170s
2025-03-26 02:18:00.392 69881 INFO tempest.lib.common.rest_client [req-08a2701e-b730-483b-a7ee-6840bd5cb6dd req-08a2701e-b730-483b-a7ee-6840bd5cb6dd ] Request (ServerDiagnosticsTest:tearDownClass): 200 GET http://10.180.1.21/compute/v2.1/servers/690648e9-1344-4076-9f7e-b329089e36a5 0.224s
2025-03-26 02:18:00.441 69897 INFO tempest.lib.common.rest_client [req-2b2e5986-7851-4563-a6e7-4dd904337683 req-2b2e5986-7851-4563-a6e7-4dd904337683 ] Request (AttachVolumeShelveTestJSON:test_attach_volume_shelved_or_offload_server): 200 GET http://10.180.1.21/compute/v2.1/servers/2dff1cdf-b5c4-4b1d-94e8-24a3a2f5d450 0.188s
2025-03-26 02:18:00.445 69923 INFO tempest.lib.common.rest_client [req-2606ef70-a432-4666-8813-6a382115be01 req-2606ef70-a432-4666-8813-6a382115be01 ] Request (ServerActionsTestOtherB:setUpClass): 200 GET http://10.180.1.21/compute/v2.1/servers/e1ea28d1-194d-4e26-8b7d-bf1060528315 0.135s
2025-03-26 02:18:00.492 69883 INFO tempest.lib.common.rest_client [req-09302aec-1217-4bd4-a75e-41dfc2fd7632 req-09302aec-1217-4bd4-a75e-41dfc2fd7632 ] Request (ServersAdminTestJSON:test_create_server_with_scheduling_hint): 200 GET http://10.180.1.21/compute/v2.1/servers/15dc176c-887b-4afc-b29d-8784b4b4827c 0.105s
2025-03-26 02:18:00.501 69879 INFO tempest.lib.common.rest_client [req-1fae4161-ef47-47d4-8c1c-98fabe43488e req-1fae4161-ef47-47d4-8c1c-98fabe43488e ] Request (MigrationsAdminTest:test_list_migrations_in_flavor_resize_situation): 200 GET http://10.180.1.21/compute/v2.1/servers/5e1f2115-69a8-46f8-9680-6e8e61ef2c33 0.060s
2025-03-26 02:18:00.510 69896 INFO tempest.lib.common.rest_client [req-8300c109-0249-485b-b4a6-e262921c05cb req-8300c109-0249-485b-b4a6-e262921c05cb ] Request (ServerActionsV293TestJSON:setUpClass): 200 GET http://10.180.1.21/volume/v3/volumes/053bdbc0-646d-446a-99fe-af3e1aea6030 0.023s
2025-03-26 02:18:00.573 69927 INFO tempest.lib.common.rest_client [req-47383a2b-4253-421b-a09d-323a6745c8f4 req-47383a2b-4253-421b-a09d-323a6745c8f4 ] Request (ServerAddressesTestJSON:setUpClass): 200 GET http://10.180.1.21/compute/v2.1/servers/1f7b9ad2-6d8b-413d-8a17-f258447cd2d1 0.051s
2025-03-26 02:18:00.580 69927 INFO tempest.common.waiters [-] State transition "BUILD/None" ==> "BUILD/networking" after 56 second wait
2025-03-26 02:18:00.650 69893 INFO tempest.lib.common.rest_client [req-f86b9f22-7549-4f4a-bec8-fdb049029482 req-f86b9f22-7549-4f4a-bec8-fdb049029482 ] Request (ServerRescueTestJSON:setUpClass): 200 GET http://10.180.1.21/compute/v2.1/servers/253e3a62-d9d8-4b70-8bf2-b0dc286f1f02 0.054s
2025-03-26 02:18:00.719 69877 INFO tempest.lib.common.rest_client [req-e1b62a4e-c344-48df-a2e4-f0f110c6d8e5 req-e1b62a4e-c344-48df-a2e4-f0f110c6d8e5 ] Request (ImagesTestJSON:test_create_image_from_suspended_server): 200 GET http://10.180.1.21/compute/v2.1/servers/29c8cc49-c5a3-4cc6-b6bf-041138d54870 0.049s
