2025-03-26 02:17:41.117 69901 INFO tempest.lib.common.dynamic_creds [-] Acquired dynamic creds: credentials: Credentials: {'domain_id': 'default', 'domain_name': 'Default', 'username': 'tempest-VolumesNegativeTest-905370792-project-member', 'project_domain_id': 'default', 'project_domain_name': 'Default', 'project_id': 'd1d4b4310d804ac7bb26059f6d1bf91a', 'project_name': 'tempest-VolumesNegativeTest-905370792', 'tenant_id': 'd1d4b4310d804ac7bb26059f6d1bf91a', 'tenant_name': 'tempest-VolumesNegativeTest-905370792', 'user_domain_id': 'default', 'user_domain_name': 'Default', 'user_id': '637e2d90a73e4e07b6a74d0ff1fb59d9', 'system': None}, Network: None, Subnet: None, Router: None
2025-03-26 02:17:41.117 69901 INFO tempest.lib.common.dynamic_creds [-] Created isolated network resources for: credentials: Credentials: {'domain_id': 'default', 'domain_name': 'Default', 'username': 'tempest-VolumesNegativeTest-905370792-project-member', 'project_domain_id': 'default', 'project_domain_name': 'Default', 'project_id': 'd1d4b4310d804ac7bb26059f6d1bf91a', 'project_name': 'tempest-VolumesNegativeTest-905370792', 'tenant_id': 'd1d4b4310d804ac7bb26059f6d1bf91a', 'tenant_name': 'tempest-VolumesNegativeTest-905370792', 'user_domain_id': 'default', 'user_domain_name': 'Default', 'user_id': '637e2d90a73e4e07b6a74d0ff1fb59d9', 'system': None}, Network: None, Subnet: None, Router: None
2025-03-26 02:17:41.127 69883 INFO tempest.lib.common.rest_client [req-37febf27-c8d4-4610-a2c8-58c2c4d3692b req-37febf27-c8d4-4610-a2c8-58c2c4d3692b ] Request (ServersAdminTestJSON:test_create_server_with_scheduling_hint): 200 GET http://10.180.1.21/compute/v2.1/servers/15dc176c-887b-4afc-b29d-8784b4b4827c 0.218s
2025-03-26 02:17:41.136 69875 INFO tempest.lib.common.rest_client [req-e1d4d5fe-9080-4e8e-9f40-1eb0e5a4aee7 req-e1d4d5fe-9080-4e8e-9f40-1eb0e5a4aee7 ] Request (ImagesNegativeTestJSON:test_create_image_from_invalid_server): 404 POST http://10.180.1.21/compute/v2.1/servers/tempest-invalid-459454798/action 0.136s
2025-03-26 02:17:41.165 69897 INFO tempest.lib.common.rest_client [req-c053766a-b376-4cab-81c4-8094f8ac6457 req-c053766a-b376-4cab-81c4-8094f8ac6457 ] Request (AttachVolumeShelveTestJSON:setUpClass): 200 GET http://10.180.1.21/identity/v3/roles 0.050s
2025-03-26 02:17:41.173 69893 INFO tempest.lib.common.rest_client [req-2025ea38-6add-4054-929f-d340f0c2c22e req-2025ea38-6add-4054-929f-d340f0c2c22e ] Request (ServerRescueTestJSON:setUpClass): 204 PUT http://10.180.1.21/identity/v3/projects/93d8077a62da44f4b2d609e25164ffe3/users/71fcf6dbd982446a96546777a35685c9/roles/2bf98bbfa77248eba3f5fc91bfb4d7e2 0.082s
2025-03-26 02:17:41.173 69893 INFO tempest.lib.common.dynamic_creds [-] Dynamic test user 71fcf6dbd982446a96546777a35685c9 is created with scope project and roles: ['member']
2025-03-26 02:17:41.174 69893 INFO tempest.lib.common.dynamic_creds [-] Acquired dynamic creds: credentials: Credentials: {'domain_id': 'default', 'domain_name': 'Default', 'username': 'tempest-ServerRescueTestJSON-199274383-project-member', 'project_domain_id': 'default', 'project_domain_name': 'Default', 'project_id': '93d8077a62da44f4b2d609e25164ffe3', 'project_name': 'tempest-ServerRescueTestJSON-199274383', 'tenant_id': '93d8077a62da44f4b2d609e25164ffe3', 'tenant_name': 'tempest-ServerRescueTestJSON-199274383', 'user_domain_id': 'default', 'user_domain_name': 'Default', 'user_id': '71fcf6dbd982446a96546777a35685c9', 'system': None}, Network: None, Subnet: None, Router: None
2025-03-26 02:17:41.212 69896 INFO tempest.lib.common.rest_client [req-c9a1919a-af8f-4cc8-8967-5e075b1ff4f7 req-c9a1919a-af8f-4cc8-8967-5e075b1ff4f7 ] Request (ServerExternalEventsTest:tearDownClass): 200 GET http://10.180.1.21/compute/v2.1/servers/f2f528e6-d7a1-43de-bb04-9a9f4068e1a0 0.215s
2025-03-26 02:17:41.238 69901 INFO tempest.lib.common.rest_client [req-b1b0648a-a0a7-4ba8-879a-7f8d67506ed2 req-b1b0648a-a0a7-4ba8-879a-7f8d67506ed2 ] Request (VolumesNegativeTest:setUpClass): 201 POST http://10.180.1.21/identity/v3/auth/tokens 0.117s
2025-03-26 02:17:41.246 69897 INFO tempest.lib.common.rest_client [req-a61e8b40-bebd-4f03-84b8-7f498d7dfe44 req-a61e8b40-bebd-4f03-84b8-7f498d7dfe44 ] Request (AttachVolumeShelveTestJSON:setUpClass): 204 PUT http://10.180.1.21/identity/v3/projects/eead23ad6d334628b97ceefa8d66d08a/users/bf7ac87cdf3047d5955efc2e437f0744/roles/2bf98bbfa77248eba3f5fc91bfb4d7e2 0.080s
2025-03-26 02:17:41.246 69897 INFO tempest.lib.common.dynamic_creds [-] Dynamic test user bf7ac87cdf3047d5955efc2e437f0744 is created with scope project and roles: ['member']
2025-03-26 02:17:41.246 69897 INFO tempest.lib.common.dynamic_creds [-] Acquired dynamic creds: credentials: Credentials: {'domain_id': 'default', 'domain_name': 'Default', 'username': 'tempest-AttachVolumeShelveTestJSON-573987318-project-member', 'project_domain_id': 'default', 'project_domain_name': 'Default', 'project_id': 'eead23ad6d334628b97ceefa8d66d08a', 'project_name': 'tempest-AttachVolumeShelveTestJSON-573987318', 'tenant_id': 'eead23ad6d334628b97ceefa8d66d08a', 'tenant_name': 'tempest-AttachVolumeShelveTestJSON-573987318', 'user_domain_id': 'default', 'user_domain_name': 'Default', 'user_id': 'bf7ac87cdf3047d5955efc2e437f0744', 'system': None}, Network: None, Subnet: None, Router: None
2025-03-26 02:17:41.278 69927 INFO tempest.lib.common.rest_client [req-96672745-d11c-4015-a39a-ddc82332e42d req-96672745-d11c-4015-a39a-ddc82332e42d ] Request (ServerAddressesTestJSON:setUpClass): 200 GET http://10.180.1.21/compute/v2.1/servers/1f7b9ad2-6d8b-413d-8a17-f258447cd2d1 0.216s
2025-03-26 02:17:41.296 69893 INFO tempest.lib.common.rest_client [req-384f4658-b257-41a9-a270-499d114fc36c req-384f4658-b257-41a9-a270-499d114fc36c ] Request (ServerRescueTestJSON:setUpClass): 201 POST http://10.180.1.21/identity/v3/auth/tokens 0.122s
2025-03-26 02:17:41.325 69897 INFO tempest.lib.common.rest_client [req-78ee8774-e077-415f-b6fe-58e7fdd41354 req-78ee8774-e077-415f-b6fe-58e7fdd41354 ] Request (AttachVolumeShelveTestJSON:setUpClass): 201 POST http://10.180.1.21/identity/v3/auth/tokens 0.078s
2025-03-26 02:17:41.345 69877 INFO tempest.lib.common.rest_client [req-e2a7d76b-1708-4c6a-a140-b5076a59495f req-e2a7d76b-1708-4c6a-a140-b5076a59495f ] Request (ImagesTestJSON:test_create_image_from_suspended_server): 200 GET http://10.180.1.21/compute/v2.1/servers/29c8cc49-c5a3-4cc6-b6bf-041138d54870 0.261s
2025-03-26 02:17:41.428 69867 INFO tempest.lib.common.rest_client [req-f210e3ff-feb3-4220-a97d-579f050e2ee6 req-f210e3ff-feb3-4220-a97d-579f050e2ee6 ] Request (ListImageFiltersTestJSON:setUpClass): 200 GET http://10.180.1.21/compute/v2.1/servers/42403335-6ef3-4773-b3ac-a3aebd33394c 0.315s
2025-03-26 02:17:41.437 69875 INFO tempest.lib.common.rest_client [req-87fcf9d1-8ba1-41a8-b489-fcdd6e52ad0f req-87fcf9d1-8ba1-41a8-b489-fcdd6e52ad0f ] Request (ImagesNegativeTestJSON:test_create_image_specify_uuid_35_characters_or_less): 404 POST http://10.180.1.21/compute/v2.1/servers/aaaaaaaaaaaaaaaaaaaaaaaaaaaaaaaaaaa/action 0.300s
2025-03-26 02:17:41.443 69887 INFO tempest.lib.common.rest_client [req-ead26a25-bca2-40b8-82b9-b89bf55af0b1 req-ead26a25-bca2-40b8-82b9-b89bf55af0b1 ] Request (ServerDiagnosticsV248Test:test_get_server_diagnostics): 200 GET http://10.180.1.21/compute/v2.1/servers/3828ecd8-0808-46ab-9f51-525db9ef01f6/diagnostics 0.655s
2025-03-26 02:17:41.527 69911 INFO tempest.lib.common.rest_client [req-ca32458c-1232-4125-a794-a08b15e890c1 req-ca32458c-1232-4125-a794-a08b15e890c1 ] Request (FloatingIPsAssociationTestJSON:setUpClass): 200 GET http://10.180.1.21/compute/v2.1/servers/2dacd7c5-0893-4293-8676-db390b90b3d5 0.275s
2025-03-26 02:17:41.558 69901 INFO tempest.lib.common.rest_client [req-9767afed-e694-4fa0-ac26-48af44c5aa2a req-9767afed-e694-4fa0-ac26-48af44c5aa2a ] Request (VolumesNegativeTest:test_create_volume_with_invalid_size): 400 POST http://10.180.1.21/compute/v2.1/os-volumes 0.318s
2025-03-26 02:17:41.565 69875 INFO tempest.lib.common.rest_client [req-d3826365-6ff4-455e-9810-ac3834a6abc7 req-d3826365-6ff4-455e-9810-ac3834a6abc7 ] Request (ImagesNegativeTestJSON:test_create_image_specify_uuid_37_characters_or_more): 404 POST http://10.180.1.21/compute/v2.1/servers/aaaaaaaaaaaaaaaaaaaaaaaaaaaaaaaaaaaaa/action 0.127s
2025-03-26 02:17:41.657 69887 INFO tempest.lib.common.rest_client [req-547bce1d-b5e6-4614-87c3-118a5f5fbbf1 req-547bce1d-b5e6-4614-87c3-118a5f5fbbf1 ] Request (ServerDiagnosticsV248Test:tearDownClass): 204 DELETE http://10.180.1.21/compute/v2.1/servers/3828ecd8-0808-46ab-9f51-525db9ef01f6 0.204s
2025-03-26 02:17:41.687 69881 INFO tempest.lib.common.rest_client [req-a282f1de-afce-4189-a76d-4288da21b6aa req-a282f1de-afce-4189-a76d-4288da21b6aa ] Request (ServerDiagnosticsTest:test_get_server_diagnostics): 200 GET http://10.180.1.21/compute/v2.1/servers/690648e9-1344-4076-9f7e-b329089e36a5 0.287s
2025-03-26 02:17:41.744 69885 INFO tempest.lib.common.rest_client [req-f6f470ac-4834-4e44-aabb-144f251a1460 req-f6f470ac-4834-4e44-aabb-144f251a1460 ] Request (ImagesOneServerNegativeTestJSON:setUpClass): 200 GET http://10.180.1.21/compute/v2.1/servers/e2e5aa07-b856-4b26-89de-eeaa85de3f23 0.275s
2025-03-26 02:17:41.756 69917 INFO tempest.lib.common.rest_client [req-41c38018-f864-4caf-a74a-804b7fed30d9 req-41c38018-f864-4caf-a74a-804b7fed30d9 ] Request (DeleteServersAdminTestJSON:test_delete_server_while_in_error_state): 200 GET http://10.180.1.21/compute/v2.1/servers/1829331d-4c2e-46d9-85a8-a39484c95e61 0.298s
2025-03-26 02:17:41.762 69901 INFO tempest.lib.common.rest_client [req-82986fc7-7f4b-4acb-bb6c-b606bd07a47e req-82986fc7-7f4b-4acb-bb6c-b606bd07a47e ] Request (VolumesNegativeTest:test_create_volume_with_size_zero): 400 POST http://10.180.1.21/compute/v2.1/os-volumes 0.203s
2025-03-26 02:17:41.764 69919 INFO tempest.lib.common.rest_client [req-7eb534ed-23db-4c0d-aaba-92e1372446a2 req-7eb534ed-23db-4c0d-aaba-92e1372446a2 ] Request (VolumesAssistedSnapshotsTest:test_volume_assisted_snapshot_create_delete): 200 PUT http://10.180.1.21:9696/networking/v2.0/floatingips/bddff96e-ceba-4c80-b6be-39997a7799a8 1.091s
2025-03-26 02:17:41.765 69919 INFO tempest.lib.common.ssh [-] Creating ssh connection to '10.180.180.246:22' as 'cirros' with public key authentication
2025-03-26 02:17:41.783 69875 INFO tempest.lib.common.rest_client [req-c2ef0356-dba9-45e1-84fb-fe8ef703eb40 req-c2ef0356-dba9-45e1-84fb-fe8ef703eb40 ] Request (ImagesNegativeTestJSON:tearDownClass): 404 DELETE http://10.180.1.21/compute/v2.1/servers/5c083db7-c953-4bee-961e-62fff3fff8ba 0.217s
2025-03-26 02:17:41.808 69873 INFO tempest.lib.common.rest_client [req-fbc5a871-0264-4571-9305-b0db3b822ee0 req-fbc5a871-0264-4571-9305-b0db3b822ee0 ] Request (ServersTestMultiNic:test_verify_duplicate_network_nics): 200 GET http://10.180.1.21/compute/v2.1/servers/e1211f1b-d059-41be-9aa1-9af0c3ea6f81 0.265s
2025-03-26 02:17:41.817 69873 INFO tempest.common.waiters [-] State transition "BUILD/scheduling" ==> "BUILD/None" after 36 second wait
2025-03-26 02:17:41.853 69905 INFO tempest.lib.common.rest_client [req-bbda3fc0-fbc3-4d1b-9b8b-4fd0ac303f98 req-bbda3fc0-fbc3-4d1b-9b8b-4fd0ac303f98 ] Request (ServerAddressesNegativeTestJSON:setUpClass): 200 GET http://10.180.1.21/compute/v2.1/servers/aef82554-a852-4a4f-8cb8-f2ebe8c86a56 0.224s
2025-03-26 02:17:41.868 69887 INFO tempest.lib.common.rest_client [req-a2db189d-62c1-4d58-a1e8-1ceaf5ec8550 req-a2db189d-62c1-4d58-a1e8-1ceaf5ec8550 ] Request (ServerDiagnosticsV248Test:tearDownClass): 200 GET http://10.180.1.21/compute/v2.1/servers/3828ecd8-0808-46ab-9f51-525db9ef01f6 0.210s
2025-03-26 02:17:41.877 69901 INFO tempest.lib.common.rest_client [req-b521668d-5c1e-4a0e-84e1-693848be7e16 req-b521668d-5c1e-4a0e-84e1-693848be7e16 ] Request (VolumesNegativeTest:test_create_volume_without_passing_size): 400 POST http://10.180.1.21/compute/v2.1/os-volumes 0.114s
2025-03-26 02:17:41.934 69907 INFO tempest.lib.common.rest_client [req-b6d51743-f999-4be7-9e53-79c3e4d0842f req-b6d51743-f999-4be7-9e53-79c3e4d0842f ] Request (ListServerFiltersTestJSON:setUpClass): 200 GET http://10.180.1.21/compute/v2.1/servers/139591bc-25b9-4087-807d-ac8108d236c5 0.231s
2025-03-26 02:17:41.935 69903 INFO tempest.lib.common.rest_client [req-d0f9eff0-5865-431a-9eed-537249fb471e req-d0f9eff0-5865-431a-9eed-537249fb471e ] Request (ServerGroupTestJSON:test_create_server_with_scheduler_hint_group): 200 GET http://10.180.1.21/compute/v2.1/servers/7a0d471c-b83d-4a0f-96ea-146d5dd501ac 0.160s
2025-03-26 02:17:41.936 69897 INFO tempest.lib.common.rest_client [req-71849b1a-82e8-4133-9464-460c11e5048a req-71849b1a-82e8-4133-9464-460c11e5048a ] Request (AttachVolumeShelveTestJSON:setUpClass): 201 POST http://10.180.1.21:9696/networking/v2.0/networks 0.611s
2025-03-26 02:17:41.943 69893 INFO tempest.lib.common.rest_client [req-b30d94b1-96d7-4193-b479-ee82e6ca77e3 req-b30d94b1-96d7-4193-b479-ee82e6ca77e3 ] Request (ServerRescueTestJSON:setUpClass): 201 POST http://10.180.1.21:9696/networking/v2.0/networks 0.647s
2025-03-26 02:17:41.960 69875 INFO tempest.lib.common.rest_client [req-e4d0eda1-c94f-4c81-8c23-f4ca55bece35 req-e4d0eda1-c94f-4c81-8c23-f4ca55bece35 ] Request (ImagesNegativeTestJSON:tearDownClass): 404 GET http://10.180.1.21/compute/v2.1/servers/5c083db7-c953-4bee-961e-62fff3fff8ba 0.176s
2025-03-26 02:17:42.002 69913 INFO tempest.lib.common.rest_client [req-7be739be-1cc7-4112-aac8-df013fddff86 req-7be739be-1cc7-4112-aac8-df013fddff86 ] Request (ServerDiagnosticsNegativeTest:tearDownClass): 200 GET http://10.180.1.21/compute/v2.1/servers/7620df0b-07ff-4e13-8079-55ecaf7dc996 0.206s
2025-03-26 02:17:42.045 69889 INFO tempest.lib.common.rest_client [req-cdfc4ed4-7051-4294-a5d8-801a4e14fd1a req-cdfc4ed4-7051-4294-a5d8-801a4e14fd1a ] Request (ServersAdminNegativeTestJSON:setUpClass): 200 GET http://10.180.1.21/compute/v2.1/servers/61afd391-37c6-45de-aed3-f6f8c966d579 0.183s
2025-03-26 02:17:42.078 69871 INFO tempest.lib.common.rest_client [req-9fe98f75-6e22-4769-9e00-55206411f553 req-9fe98f75-6e22-4769-9e00-55206411f553 ] Request (ServersTestJSON:test_create_server_specify_multibyte_character_name): 200 GET http://10.180.1.21/compute/v2.1/servers/e0745838-9c2c-48b7-b17b-af31ecba4e8e 0.207s
2025-03-26 02:17:42.102 69901 INFO tempest.lib.common.rest_client [req-85786d2f-f370-4b2f-9620-3406c9d5e9f5 req-85786d2f-f370-4b2f-9620-3406c9d5e9f5 ] Request (VolumesNegativeTest:test_delete_invalid_volume_id): 404 DELETE http://10.180.1.21/compute/v2.1/os-volumes/tempest-invalid-2111502461 0.222s
2025-03-26 02:17:42.147 69925 INFO tempest.lib.common.rest_client [req-ef296235-c2ea-4a23-babd-25f45bae2d32 req-ef296235-c2ea-4a23-babd-25f45bae2d32 ] Request (AttachInterfacesV270Test:setUpClass): 201 POST http://10.180.1.21:9696/networking/v2.0/routers 1.649s
2025-03-26 02:17:42.149 69923 INFO tempest.lib.common.rest_client [req-5544ab4d-1870-4f6e-bcb1-265abe1fe932 req-5544ab4d-1870-4f6e-bcb1-265abe1fe932 ] Request (ServerActionsTestOtherB:setUpClass): 200 GET http://10.180.1.21/compute/v2.1/servers/e1ea28d1-194d-4e26-8b7d-bf1060528315 0.230s
2025-03-26 02:17:42.200 69869 INFO tempest.lib.common.rest_client [req-9773a9e2-f1f8-4988-a225-8c2281b222df req-9773a9e2-f1f8-4988-a225-8c2281b222df ] Request (FloatingIPsAssociationNegativeTestJSON:tearDownClass): 200 GET http://10.180.1.21/compute/v2.1/servers/e1b3c6c8-f311-4a76-9275-5c155c162449 0.244s
2025-03-26 02:17:42.211 69901 INFO tempest.lib.common.rest_client [req-38d686ed-4744-40bd-a799-9842282629c6 req-38d686ed-4744-40bd-a799-9842282629c6 ] Request (VolumesNegativeTest:test_delete_volume_without_passing_volume_id): 404 DELETE http://10.180.1.21/compute/v2.1/os-volumes/ 0.107s
2025-03-26 02:17:42.219 69879 INFO tempest.lib.common.rest_client [req-196988fc-f00a-4c9a-883a-6f9591a17902 req-196988fc-f00a-4c9a-883a-6f9591a17902 ] Request (MigrationsAdminTest:test_list_migrations_in_flavor_resize_situation): 200 GET http://10.180.1.21/compute/v2.1/servers/5e1f2115-69a8-46f8-9680-6e8e61ef2c33 0.151s
2025-03-26 02:17:42.224 69901 INFO tempest.lib.common.rest_client [req-17f426ec-e478-4c2c-833a-b97f753b9f9d req-17f426ec-e478-4c2c-833a-b97f753b9f9d ] Request (VolumesNegativeTest:test_get_volume_without_passing_volume_id): 404 GET http://10.180.1.21/compute/v2.1/os-volumes/ 0.012s
2025-03-26 02:17:42.251 69896 INFO tempest.lib.common.rest_client [req-f1b432ee-6125-4d0a-bedc-5471565e39f2 req-f1b432ee-6125-4d0a-bedc-5471565e39f2 ] Request (ServerExternalEventsTest:tearDownClass): 404 GET http://10.180.1.21/compute/v2.1/servers/f2f528e6-d7a1-43de-bb04-9a9f4068e1a0 0.029s
2025-03-26 02:17:42.258 69915 INFO tempest.lib.common.rest_client [req-5e93ea65-9ef1-498f-89eb-592f84838ae2 req-5e93ea65-9ef1-498f-89eb-592f84838ae2 ] Request (MultipleCreateTestJSON:setUpClass): 201 POST http://10.180.1.21:9696/networking/v2.0/routers 1.240s
2025-03-26 02:17:42.276 69897 INFO tempest.lib.common.rest_client [req-24c9843c-cf0a-4070-a3cd-c36c31516942 req-24c9843c-cf0a-4070-a3cd-c36c31516942 ] Request (AttachVolumeShelveTestJSON:setUpClass): 201 POST http://10.180.1.21:9696/networking/v2.0/subnets 0.339s
2025-03-26 02:17:42.287 69883 INFO tempest.lib.common.rest_client [req-498e0e3e-efa2-4ad3-b6a1-ff59843a41bd req-498e0e3e-efa2-4ad3-b6a1-ff59843a41bd ] Request (ServersAdminTestJSON:test_create_server_with_scheduling_hint): 200 GET http://10.180.1.21/compute/v2.1/servers/15dc176c-887b-4afc-b29d-8784b4b4827c 0.152s
2025-03-26 02:17:42.315 69901 INFO tempest.lib.common.rest_client [req-60911108-fc40-47fc-9494-83f8c32a059c req-60911108-fc40-47fc-9494-83f8c32a059c ] Request (VolumesNegativeTest:test_volume_delete_nonexistent_volume_id): 404 DELETE http://10.180.1.21/compute/v2.1/os-volumes/1d9455cd-4c14-44fb-87e1-8a22182fbe46 0.090s
2025-03-26 02:17:42.359 69901 INFO tempest.lib.common.rest_client [req-d7181a7a-3fa9-45b4-a0db-140b1d7e6ac9 req-d7181a7a-3fa9-45b4-a0db-140b1d7e6ac9 ] Request (VolumesNegativeTest:test_volume_get_nonexistent_volume_id): 404 GET http://10.180.1.21/compute/v2.1/os-volumes/839c69b6-680e-4203-8dfd-662570360a7f 0.042s
2025-03-26 02:17:42.383 69896 INFO tempest.lib.common.rest_client [req-a4da7de2-57e5-4a84-acf0-a808ca453f12 req-a4da7de2-57e5-4a84-acf0-a808ca453f12 ] Request (ServerExternalEventsTest:tearDownClass): 204 DELETE http://10.180.1.21/identity/v3/users/e66683fe98bd413ca4e1b993584e1072 0.131s
2025-03-26 02:17:42.392 69927 INFO tempest.lib.common.rest_client [req-2783f177-597f-49e1-a279-aa6ebb462722 req-2783f177-597f-49e1-a279-aa6ebb462722 ] Request (ServerAddressesTestJSON:setUpClass): 200 GET http://10.180.1.21/compute/v2.1/servers/1f7b9ad2-6d8b-413d-8a17-f258447cd2d1 0.102s
2025-03-26 02:17:42.424 69921 WARNING tempest.lib.common.ssh [-] Failed to establish authenticated ssh connection to cirros@10.180.180.142 ([Errno None] Unable to connect to port 22 on 10.180.180.142). Number attempts: 6. Retry after 7 seconds.: paramiko.ssh_exception.NoValidConnectionsError: [Errno None] Unable to connect to port 22 on 10.180.180.142
2025-03-26 02:17:42.487 69901 INFO tempest.lib.common.rest_client [req-60072aa3-1e41-49aa-ad3c-6b407d7201f9 req-60072aa3-1e41-49aa-ad3c-6b407d7201f9 ] Request (VolumesNegativeTest:tearDownClass): 204 DELETE http://10.180.1.21/identity/v3/users/637e2d90a73e4e07b6a74d0ff1fb59d9 0.124s
2025-03-26 02:17:42.488 69901 INFO tempest.lib.common.dynamic_creds [-] Deleting project and security group for project: d1d4b4310d804ac7bb26059f6d1bf91a
2025-03-26 02:17:42.491 69893 INFO tempest.lib.common.rest_client [req-05592fe3-53c4-49fc-a49a-5af4c7d87544 req-05592fe3-53c4-49fc-a49a-5af4c7d87544 ] Request (ServerRescueTestJSON:setUpClass): 201 POST http://10.180.1.21:9696/networking/v2.0/subnets 0.547s
2025-03-26 02:17:42.508 69896 INFO tempest.lib.common.rest_client [req-42c3fa64-4a3c-4075-9269-d61108e64daf req-42c3fa64-4a3c-4075-9269-d61108e64daf ] Request (ServerExternalEventsTest:tearDownClass): 204 DELETE http://10.180.1.21/identity/v3/users/190012c2f68246eb8dc273e47926faef 0.124s
2025-03-26 02:17:42.537 69867 INFO tempest.lib.common.rest_client [req-755278ab-a442-48f8-8f4a-4e00060647c9 req-755278ab-a442-48f8-8f4a-4e00060647c9 ] Request (ListImageFiltersTestJSON:setUpClass): 200 GET http://10.180.1.21/compute/v2.1/servers/42403335-6ef3-4773-b3ac-a3aebd33394c 0.101s
2025-03-26 02:17:42.572 69901 INFO tempest.lib.common.rest_client [req-96fb4f31-d856-429b-b21d-253ff5253c08 req-96fb4f31-d856-429b-b21d-253ff5253c08 ] Request (VolumesNegativeTest:tearDownClass): 201 POST http://10.180.1.21/identity/v3/auth/tokens 0.084s
2025-03-26 02:17:42.618 69877 INFO tempest.lib.common.rest_client [req-ae9a4a68-41e1-4064-8ae2-09d7343b30f1 req-ae9a4a68-41e1-4064-8ae2-09d7343b30f1 ] Request (ImagesTestJSON:test_create_image_from_suspended_server): 200 GET http://10.180.1.21/compute/v2.1/servers/29c8cc49-c5a3-4cc6-b6bf-041138d54870 0.265s
2025-03-26 02:17:42.623 69911 INFO tempest.lib.common.rest_client [req-52f3be97-7ab5-4814-8afa-d7a57586bec3 req-52f3be97-7ab5-4814-8afa-d7a57586bec3 ] Request (FloatingIPsAssociationTestJSON:setUpClass): 200 GET http://10.180.1.21/compute/v2.1/servers/2dacd7c5-0893-4293-8676-db390b90b3d5 0.087s
2025-03-26 02:17:42.663 69896 INFO tempest.lib.common.rest_client [req-04ce66d6-7c5e-4d7e-b493-793a691a58c1 req-04ce66d6-7c5e-4d7e-b493-793a691a58c1 ] Request (ServerExternalEventsTest:tearDownClass): 204 DELETE http://10.180.1.21/identity/v3/users/dbe67c07533d43d9a75a0e84294d524e 0.154s
2025-03-26 02:17:42.663 69896 INFO tempest.lib.common.dynamic_creds [-] Deleting project and security group for project: aebd7c6e44aa4c7faeb8982ea3675b19
2025-03-26 02:17:42.721 69896 INFO tempest.lib.common.rest_client [req-6c8bd1f2-754f-4148-a842-9b07dfb768d6 req-6c8bd1f2-754f-4148-a842-9b07dfb768d6 ] Request (ServerExternalEventsTest:tearDownClass): 201 POST http://10.180.1.21/identity/v3/auth/tokens 0.057s
2025-03-26 02:17:42.841 69885 INFO tempest.lib.common.rest_client [req-faf15fcd-7546-4f26-84d3-28d425687884 req-faf15fcd-7546-4f26-84d3-28d425687884 ] Request (ImagesOneServerNegativeTestJSON:setUpClass): 200 GET http://10.180.1.21/compute/v2.1/servers/e2e5aa07-b856-4b26-89de-eeaa85de3f23 0.088s
2025-03-26 02:17:42.846 69896 INFO tempest.lib.common.rest_client [req-256dc393-5607-46e8-9cbd-84cb8ff81eaf req-256dc393-5607-46e8-9cbd-84cb8ff81eaf ] Request (ServerExternalEventsTest:tearDownClass): 200 GET http://10.180.1.21:9696/networking/v2.0/security-groups?tenant_id=aebd7c6e44aa4c7faeb8982ea3675b19&name=default 0.124s
2025-03-26 02:17:42.910 69917 INFO tempest.lib.common.rest_client [req-804d0400-b00c-4624-8001-b3b909b28e65 req-804d0400-b00c-4624-8001-b3b909b28e65 ] Request (DeleteServersAdminTestJSON:test_delete_server_while_in_error_state): 200 GET http://10.180.1.21/compute/v2.1/servers/1829331d-4c2e-46d9-85a8-a39484c95e61 0.139s
2025-03-26 02:17:42.959 69881 INFO tempest.lib.common.rest_client [req-b72c2759-c893-498b-8ea8-f6a2a319db38 req-b72c2759-c893-498b-8ea8-f6a2a319db38 ] Request (ServerDiagnosticsTest:test_get_server_diagnostics): 200 GET http://10.180.1.21/compute/v2.1/servers/690648e9-1344-4076-9f7e-b329089e36a5 0.262s
2025-03-26 02:17:42.968 69881 INFO tempest.common.waiters [-] State transition "BUILD/spawning" ==> "ACTIVE/None" after 47 second wait
2025-03-26 02:17:42.982 69873 INFO tempest.lib.common.rest_client [req-59e38f47-a581-4fdf-b231-2f6294077af9 req-59e38f47-a581-4fdf-b231-2f6294077af9 ] Request (ServersTestMultiNic:test_verify_duplicate_network_nics): 200 GET http://10.180.1.21/compute/v2.1/servers/e1211f1b-d059-41be-9aa1-9af0c3ea6f81 0.164s
2025-03-26 02:17:43.060 69887 INFO tempest.lib.common.rest_client [req-d91685c4-426f-4b26-9b80-16984fac3d07 req-d91685c4-426f-4b26-9b80-16984fac3d07 ] Request (ServerDiagnosticsV248Test:tearDownClass): 200 GET http://10.180.1.21/compute/v2.1/servers/3828ecd8-0808-46ab-9f51-525db9ef01f6 0.176s
2025-03-26 02:17:43.079 69905 INFO tempest.lib.common.rest_client [req-5e690c38-9972-4b5c-bae7-621f02eafa9f req-5e690c38-9972-4b5c-bae7-621f02eafa9f ] Request (ServerAddressesNegativeTestJSON:setUpClass): 200 GET http://10.180.1.21/compute/v2.1/servers/aef82554-a852-4a4f-8cb8-f2ebe8c86a56 0.213s
2025-03-26 02:17:43.139 69907 INFO tempest.lib.common.rest_client [req-a7772608-a8ac-4527-a1ac-0bb24504cfed req-a7772608-a8ac-4527-a1ac-0bb24504cfed ] Request (ListServerFiltersTestJSON:setUpClass): 200 GET http://10.180.1.21/compute/v2.1/servers/139591bc-25b9-4087-807d-ac8108d236c5 0.191s
2025-03-26 02:17:43.163 69901 INFO tempest.lib.common.rest_client [req-4f55d78f-79f4-47a5-9fbc-7363fec45d1a req-4f55d78f-79f4-47a5-9fbc-7363fec45d1a ] Request (VolumesNegativeTest:tearDownClass): 200 GET http://10.180.1.21:9696/networking/v2.0/security-groups?tenant_id=d1d4b4310d804ac7bb26059f6d1bf91a&name=default 0.590s
2025-03-26 02:17:43.193 69903 INFO tempest.lib.common.rest_client [req-587b8aff-8d7b-4cc2-9ebe-34fc4d32b09c req-587b8aff-8d7b-4cc2-9ebe-34fc4d32b09c ] Request (ServerGroupTestJSON:test_create_server_with_scheduler_hint_group): 200 GET http://10.180.1.21/compute/v2.1/servers/7a0d471c-b83d-4a0f-96ea-146d5dd501ac 0.243s
2025-03-26 02:17:43.310 69913 INFO tempest.lib.common.rest_client [req-cb7ad604-9d4b-43f8-b555-06f611dc6046 req-cb7ad604-9d4b-43f8-b555-06f611dc6046 ] Request (ServerDiagnosticsNegativeTest:tearDownClass): 200 GET http://10.180.1.21/compute/v2.1/servers/7620df0b-07ff-4e13-8079-55ecaf7dc996 0.291s
2025-03-26 02:17:43.322 69896 INFO tempest.lib.common.rest_client [req-44df433b-e451-4885-bfac-eef6e1d4d8c5 req-44df433b-e451-4885-bfac-eef6e1d4d8c5 ] Request (ServerExternalEventsTest:tearDownClass): 204 DELETE http://10.180.1.21:9696/networking/v2.0/security-groups/c05ab31e-ad05-4c77-9542-cf8f197cbfdb 0.475s
2025-03-26 02:17:43.407 69889 INFO tempest.lib.common.rest_client [req-99b7927c-c29a-4705-a3fa-33862b1d3b26 req-99b7927c-c29a-4705-a3fa-33862b1d3b26 ] Request (ServersAdminNegativeTestJSON:setUpClass): 200 GET http://10.180.1.21/compute/v2.1/servers/61afd391-37c6-45de-aed3-f6f8c966d579 0.350s
2025-03-26 02:17:43.422 69896 INFO tempest.lib.common.rest_client [req-67e8f20f-dd92-427d-99aa-8574aa47fc00 req-67e8f20f-dd92-427d-99aa-8574aa47fc00 ] Request (ServerExternalEventsTest:tearDownClass): 204 DELETE http://10.180.1.21/identity/v3/projects/aebd7c6e44aa4c7faeb8982ea3675b19 0.099s
2025-03-26 02:17:43.422 69896 INFO tempest.lib.common.dynamic_creds [-] Deleting project and security group for project: 329030eb919d46aa8d3f83f9771afd63
2025-03-26 02:17:43.464 69901 INFO tempest.lib.common.rest_client [req-fd52e73e-c6be-485f-8aa6-9e0e3ee34c3c req-fd52e73e-c6be-485f-8aa6-9e0e3ee34c3c ] Request (VolumesNegativeTest:tearDownClass): 204 DELETE http://10.180.1.21:9696/networking/v2.0/security-groups/4c1d9d4c-732e-4064-a049-4649b04fa60b 0.300s
2025-03-26 02:17:43.527 69871 INFO tempest.lib.common.rest_client [req-21ee4056-d799-4c85-99e2-ff7e7965edb2 req-21ee4056-d799-4c85-99e2-ff7e7965edb2 ] Request (ServersTestJSON:test_create_server_specify_multibyte_character_name): 200 GET http://10.180.1.21/compute/v2.1/servers/e0745838-9c2c-48b7-b17b-af31ecba4e8e 0.438s
2025-03-26 02:17:43.573 69901 INFO tempest.lib.common.rest_client [req-d5234be1-c6c1-4891-aba0-68b47b056b99 req-d5234be1-c6c1-4891-aba0-68b47b056b99 ] Request (VolumesNegativeTest:tearDownClass): 204 DELETE http://10.180.1.21/identity/v3/projects/d1d4b4310d804ac7bb26059f6d1bf91a 0.109s
2025-03-26 02:17:43.622 69923 INFO tempest.lib.common.rest_client [req-b8f85931-fb7d-427b-b68a-3ec9e8f155d9 req-b8f85931-fb7d-427b-b68a-3ec9e8f155d9 ] Request (ServerActionsTestOtherB:setUpClass): 200 GET http://10.180.1.21/compute/v2.1/servers/e1ea28d1-194d-4e26-8b7d-bf1060528315 0.460s
2025-03-26 02:17:43.823 69881 INFO tempest.lib.common.rest_client [req-6cb87f26-63ea-48fd-b5c8-50582f8d3eef req-6cb87f26-63ea-48fd-b5c8-50582f8d3eef ] Request (ServerDiagnosticsTest:test_get_server_diagnostics): 200 GET http://10.180.1.21/compute/v2.1/servers/690648e9-1344-4076-9f7e-b329089e36a5/diagnostics 0.854s
2025-03-26 02:17:43.845 69897 INFO tempest.lib.common.rest_client [req-33798cac-5dd7-4fb5-80f2-81c670228c2b req-33798cac-5dd7-4fb5-80f2-81c670228c2b ] Request (AttachVolumeShelveTestJSON:setUpClass): 201 POST http://10.180.1.21:9696/networking/v2.0/routers 1.569s
2025-03-26 02:17:43.901 69879 INFO tempest.lib.common.rest_client [req-04409293-3b5b-47fc-878f-bd56b463db9f req-04409293-3b5b-47fc-878f-bd56b463db9f ] Request (MigrationsAdminTest:test_list_migrations_in_flavor_resize_situation): 200 GET http://10.180.1.21/compute/v2.1/servers/5e1f2115-69a8-46f8-9680-6e8e61ef2c33 0.667s
2025-03-26 02:17:43.969 69869 INFO tempest.lib.common.rest_client [req-dc4b970d-1f23-422a-8c6c-31972d8e8432 req-dc4b970d-1f23-422a-8c6c-31972d8e8432 ] Request (FloatingIPsAssociationNegativeTestJSON:tearDownClass): 200 GET http://10.180.1.21/compute/v2.1/servers/e1b3c6c8-f311-4a76-9275-5c155c162449 0.761s
2025-03-26 02:17:43.979 69883 INFO tempest.lib.common.rest_client [req-878e291a-6e02-43b5-b510-39523a279952 req-878e291a-6e02-43b5-b510-39523a279952 ] Request (ServersAdminTestJSON:test_create_server_with_scheduling_hint): 200 GET http://10.180.1.21/compute/v2.1/servers/15dc176c-887b-4afc-b29d-8784b4b4827c 0.678s
2025-03-26 02:17:44.059 69927 INFO tempest.lib.common.rest_client [req-e2ef5d5a-91db-4df0-9e6b-59e26c258402 req-e2ef5d5a-91db-4df0-9e6b-59e26c258402 ] Request (ServerAddressesTestJSON:setUpClass): 200 GET http://10.180.1.21/compute/v2.1/servers/1f7b9ad2-6d8b-413d-8a17-f258447cd2d1 0.655s
2025-03-26 02:17:44.066 69867 INFO tempest.lib.common.rest_client [req-7cb90f3a-da8f-4ea9-adc3-89b4344e8f66 req-7cb90f3a-da8f-4ea9-adc3-89b4344e8f66 ] Request (ListImageFiltersTestJSON:setUpClass): 200 GET http://10.180.1.21/compute/v2.1/servers/42403335-6ef3-4773-b3ac-a3aebd33394c 0.517s
2025-03-26 02:17:44.085 69896 INFO tempest.lib.common.rest_client [req-838a71f7-cfba-4719-8987-802a3f933a36 req-838a71f7-cfba-4719-8987-802a3f933a36 ] Request (ServerExternalEventsTest:tearDownClass): 200 GET http://10.180.1.21:9696/networking/v2.0/security-groups?tenant_id=329030eb919d46aa8d3f83f9771afd63&name=default 0.663s
2025-03-26 02:17:44.141 69877 INFO tempest.lib.common.rest_client [req-4ffa4263-f2f3-43a4-9c3c-7e89addeda1b req-4ffa4263-f2f3-43a4-9c3c-7e89addeda1b ] Request (ImagesTestJSON:test_create_image_from_suspended_server): 200 GET http://10.180.1.21/compute/v2.1/servers/29c8cc49-c5a3-4cc6-b6bf-041138d54870 0.505s
2025-03-26 02:17:44.145 69925 INFO tempest.lib.common.rest_client [req-12debfb9-a24c-4011-9068-a04a101d7bcf req-12debfb9-a24c-4011-9068-a04a101d7bcf ] Request (AttachInterfacesV270Test:setUpClass): 200 PUT http://10.180.1.21:9696/networking/v2.0/routers/e42b8ef2-5177-4550-b132-2076f391adc1/add_router_interface 1.997s
2025-03-26 02:17:44.145 69925 INFO tempest.lib.common.dynamic_creds [-] Created isolated network resources for: credentials: Credentials: {'domain_id': 'default', 'domain_name': 'Default', 'username': 'tempest-AttachInterfacesV270Test-1581646368-project-member', 'project_domain_id': 'default', 'project_domain_name': 'Default', 'project_id': '1335f66d365d4122997bcd48caaf8c3c', 'project_name': 'tempest-AttachInterfacesV270Test-1581646368', 'tenant_id': '1335f66d365d4122997bcd48caaf8c3c', 'tenant_name': 'tempest-AttachInterfacesV270Test-1581646368', 'user_domain_id': 'default', 'user_domain_name': 'Default', 'user_id': '4b25be2fe8564324a4305121d5e4cd41', 'system': None}, Network: {'id': '5a96972b-b6d2-4239-8951-66c0ccec0bb6', 'name': 'tempest-AttachInterfacesV270Test-2039522256-network', 'tenant_id': '1335f66d365d4122997bcd48caaf8c3c', 'admin_state_up': True, 'mtu': 8950, 'status': 'ACTIVE', 'subnets': [], 'shared': False, 'project_id': '1335f66d365d4122997bcd48caaf8c3c', 'port_security_enabled': True, 'router:external': False, 'provider:network_type': 'vlan', 'provider:physical_network': 'default', 'provider:segmentation_id': 146, 'availability_zone_hints': [], 'availability_zones': [], 'ipv4_address_scope': None, 'ipv6_address_scope': None, 'description': '', 'tags': [], 'created_at': '2025-03-26T02:17:40Z', 'updated_at': '2025-03-26T02:17:40Z', 'revision_number': 1}, Subnet: {'id': 'e61570b5-8c58-458f-b342-1778c4f8ee85', 'name': 'tempest-AttachInterfacesV270Test-2039522256-subnet', 'tenant_id': '1335f66d365d4122997bcd48caaf8c3c', 'network_id': '5a96972b-b6d2-4239-8951-66c0ccec0bb6', 'ip_version': 4, 'subnetpool_id': None, 'enable_dhcp': True, 'ipv6_ra_mode': None, 'ipv6_address_mode': None, 'gateway_ip': '192.168.128.1', 'cidr': '192.168.128.0/28', 'allocation_pools': [{'start': '192.168.128.2', 'end': '192.168.128.14'}], 'host_routes': [], 'dns_nameservers': [], 'description': '', 'router:external': False, 'service_types': [], 'tags': [], 'created_at': '2025-03-26T02:17:40Z', 'updated_at': '2025-03-26T02:17:40Z', 'revision_number': 0, 'project_id': '1335f66d365d4122997bcd48caaf8c3c'}, Router: {'id': 'e42b8ef2-5177-4550-b132-2076f391adc1', 'name': 'tempest-AttachInterfacesV270Test-2039522256-router', 'tenant_id': '1335f66d365d4122997bcd48caaf8c3c', 'admin_state_up': True, 'status': 'ACTIVE', 'external_gateway_info': {'network_id': '4cdd3bcc-3422-4fd2-9979-eec3e18a6fd4', 'external_fixed_ips': [{'subnet_id': '8662c71b-1411-4c17-b187-3d63a5905cb7', 'ip_address': '10.180.180.223'}], 'enable_snat': True}, 'description': '', 'availability_zones': [], 'distributed': False, 'ha': False, 'availability_zone_hints': [], 'routes': [], 'flavor_id': None, 'tags': [], 'created_at': '2025-03-26T02:17:40Z', 'updated_at': '2025-03-26T02:17:41Z', 'revision_number': 2, 'project_id': '1335f66d365d4122997bcd48caaf8c3c'}
2025-03-26 02:17:44.179 69911 INFO tempest.lib.common.rest_client [req-325d4c94-135a-46d8-91dd-88a1627a3ac1 req-325d4c94-135a-46d8-91dd-88a1627a3ac1 ] Request (FloatingIPsAssociationTestJSON:setUpClass): 200 GET http://10.180.1.21/compute/v2.1/servers/2dacd7c5-0893-4293-8676-db390b90b3d5 0.545s
2025-03-26 02:17:44.266 69885 INFO tempest.lib.common.rest_client [req-7aebd75e-4c7d-4d14-be64-db18e84732b7 req-7aebd75e-4c7d-4d14-be64-db18e84732b7 ] Request (ImagesOneServerNegativeTestJSON:setUpClass): 200 GET http://10.180.1.21/compute/v2.1/servers/e2e5aa07-b856-4b26-89de-eeaa85de3f23 0.414s
2025-03-26 02:17:44.306 69925 INFO tempest.lib.common.rest_client [req-156b2166-49a7-4ca2-a33b-016d21ea2319 req-156b2166-49a7-4ca2-a33b-016d21ea2319 ] Request (AttachInterfacesV270Test:setUpClass): 201 POST http://10.180.1.21/identity/v3/auth/tokens 0.157s
2025-03-26 02:17:44.326 69896 INFO tempest.lib.common.rest_client [req-34ed3241-f234-4682-9f30-b45bd844ec6e req-34ed3241-f234-4682-9f30-b45bd844ec6e ] Request (ServerExternalEventsTest:tearDownClass): 204 DELETE http://10.180.1.21:9696/networking/v2.0/security-groups/7e63d038-ac98-47f8-9506-6254543a9881 0.240s
2025-03-26 02:17:44.349 69925 INFO tempest.lib.common.rest_client [req-ee6ea5ef-9068-41e6-9282-a2ce5788fa3a req-ee6ea5ef-9068-41e6-9282-a2ce5788fa3a ] Request (AttachInterfacesV270Test:test_create_get_list_interfaces): 201 POST http://10.180.1.21/identity/v3/auth/tokens 0.037s
2025-03-26 02:17:44.350 69925 INFO tempest.lib.common.fixed_network [-] (AttachInterfacesV270Test:test_create_get_list_interfaces) Found network {'id': '5a96972b-b6d2-4239-8951-66c0ccec0bb6', 'name': 'tempest-AttachInterfacesV270Test-2039522256-network', 'tenant_id': '1335f66d365d4122997bcd48caaf8c3c', 'admin_state_up': True, 'mtu': 8950, 'status': 'ACTIVE', 'subnets': [], 'shared': False, 'project_id': '1335f66d365d4122997bcd48caaf8c3c', 'port_security_enabled': True, 'router:external': False, 'provider:network_type': 'vlan', 'provider:physical_network': 'default', 'provider:segmentation_id': 146, 'availability_zone_hints': [], 'availability_zones': [], 'ipv4_address_scope': None, 'ipv6_address_scope': None, 'description': '', 'tags': [], 'created_at': '2025-03-26T02:17:40Z', 'updated_at': '2025-03-26T02:17:40Z', 'revision_number': 1} available for tenant
2025-03-26 02:17:44.349 69881 INFO tempest.lib.common.rest_client [req-390ed8ff-8d32-40a3-b002-93e5fffdfece req-390ed8ff-8d32-40a3-b002-93e5fffdfece ] Request (ServerDiagnosticsTest:tearDownClass): 204 DELETE http://10.180.1.21/compute/v2.1/servers/690648e9-1344-4076-9f7e-b329089e36a5 0.524s
2025-03-26 02:17:44.368 69917 INFO tempest.lib.common.rest_client [req-37873278-afd9-4225-b8f7-d4416ce4a3a1 req-37873278-afd9-4225-b8f7-d4416ce4a3a1 ] Request (DeleteServersAdminTestJSON:test_delete_server_while_in_error_state): 200 GET http://10.180.1.21/compute/v2.1/servers/1829331d-4c2e-46d9-85a8-a39484c95e61 0.448s
2025-03-26 02:17:44.409 69909 WARNING tempest.lib.common.ssh [-] Failed to establish authenticated ssh connection to cirros@10.180.180.144 ([Errno None] Unable to connect to port 22 on 10.180.180.144). Number attempts: 5. Retry after 6 seconds.: paramiko.ssh_exception.NoValidConnectionsError: [Errno None] Unable to connect to port 22 on 10.180.180.144
2025-03-26 02:17:44.458 69873 INFO tempest.lib.common.rest_client [req-65e6101a-2764-4e33-a1fc-2fbd3381348f req-65e6101a-2764-4e33-a1fc-2fbd3381348f ] Request (ServersTestMultiNic:test_verify_duplicate_network_nics): 200 GET http://10.180.1.21/compute/v2.1/servers/e1211f1b-d059-41be-9aa1-9af0c3ea6f81 0.463s
2025-03-26 02:17:44.480 69896 INFO tempest.lib.common.rest_client [req-a8380efc-2364-42a6-abd6-9138e9672d14 req-a8380efc-2364-42a6-abd6-9138e9672d14 ] Request (ServerExternalEventsTest:tearDownClass): 204 DELETE http://10.180.1.21/identity/v3/projects/329030eb919d46aa8d3f83f9771afd63 0.153s
2025-03-26 02:17:44.480 69896 INFO tempest.lib.common.dynamic_creds [-] Deleting project and security group for project: 1948494f14c84bfca05333c39e52a3ed
2025-03-26 02:17:44.483 69887 INFO tempest.lib.common.rest_client [req-01d303ac-6996-40e8-b984-0c510b98fb73 req-01d303ac-6996-40e8-b984-0c510b98fb73 ] Request (ServerDiagnosticsV248Test:tearDownClass): 200 GET http://10.180.1.21/compute/v2.1/servers/3828ecd8-0808-46ab-9f51-525db9ef01f6 0.407s
2025-03-26 02:17:44.555 69905 INFO tempest.lib.common.rest_client [req-702d4564-edef-4a91-a544-60271854d8ab req-702d4564-edef-4a91-a544-60271854d8ab ] Request (ServerAddressesNegativeTestJSON:setUpClass): 200 GET http://10.180.1.21/compute/v2.1/servers/aef82554-a852-4a4f-8cb8-f2ebe8c86a56 0.464s
2025-03-26 02:17:44.578 69907 INFO tempest.lib.common.rest_client [req-a8776823-dedc-481e-bc41-a6ad759dcc7d req-a8776823-dedc-481e-bc41-a6ad759dcc7d ] Request (ListServerFiltersTestJSON:setUpClass): 200 GET http://10.180.1.21/compute/v2.1/servers/139591bc-25b9-4087-807d-ac8108d236c5 0.431s
2025-03-26 02:17:44.626 69875 INFO tempest.lib.common.rest_client [req-2af50cfd-9055-48ad-8e95-0959e1896863 req-2af50cfd-9055-48ad-8e95-0959e1896863 ] Request (ImagesNegativeTestJSON:tearDownClass): 200 PUT http://10.180.1.21:9696/networking/v2.0/routers/ff5e7ba0-a821-4162-8d43-7f70b133243e/remove_router_interface 2.665s
2025-03-26 02:17:44.630 69903 INFO tempest.lib.common.rest_client [req-fb8f49a0-2a87-4917-b039-d5409c1bc50e req-fb8f49a0-2a87-4917-b039-d5409c1bc50e ] Request (ServerGroupTestJSON:test_create_server_with_scheduler_hint_group): 200 GET http://10.180.1.21/compute/v2.1/servers/7a0d471c-b83d-4a0f-96ea-146d5dd501ac 0.427s
2025-03-26 02:17:44.648 69913 INFO tempest.lib.common.rest_client [req-ec6e2a9d-4cac-42a9-93d6-6ea5049948ab req-ec6e2a9d-4cac-42a9-93d6-6ea5049948ab ] Request (ServerDiagnosticsNegativeTest:tearDownClass): 200 GET http://10.180.1.21/compute/v2.1/servers/7620df0b-07ff-4e13-8079-55ecaf7dc996 0.324s
2025-03-26 02:17:44.729 69896 INFO tempest.lib.common.rest_client [req-b8a73d86-d359-43a5-b5bf-09606c6f76b7 req-b8a73d86-d359-43a5-b5bf-09606c6f76b7 ] Request (ServerExternalEventsTest:tearDownClass): 200 GET http://10.180.1.21:9696/networking/v2.0/security-groups?tenant_id=1948494f14c84bfca05333c39e52a3ed&name=default 0.249s
2025-03-26 02:17:44.932 69896 INFO tempest.lib.common.rest_client [req-17fdba24-a279-4a6e-8d23-59b5abec219e req-17fdba24-a279-4a6e-8d23-59b5abec219e ] Request (ServerExternalEventsTest:tearDownClass): 204 DELETE http://10.180.1.21:9696/networking/v2.0/security-groups/6a9b6b7a-28b3-47cc-a178-c591803c0d8c 0.202s
2025-03-26 02:17:44.973 69881 INFO tempest.lib.common.rest_client [req-22c5a8c5-cc4f-4846-bd64-8a10a6cbd0a7 req-22c5a8c5-cc4f-4846-bd64-8a10a6cbd0a7 ] Request (ServerDiagnosticsTest:tearDownClass): 200 GET http://10.180.1.21/compute/v2.1/servers/690648e9-1344-4076-9f7e-b329089e36a5 0.622s
2025-03-26 02:17:45.044 69889 INFO tempest.lib.common.rest_client [req-e2f749c5-47d2-454e-ae75-c1f6b80ba4c3 req-e2f749c5-47d2-454e-ae75-c1f6b80ba4c3 ] Request (ServersAdminNegativeTestJSON:setUpClass): 200 GET http://10.180.1.21/compute/v2.1/servers/61afd391-37c6-45de-aed3-f6f8c966d579 0.627s
2025-03-26 02:17:45.048 69896 INFO tempest.lib.common.rest_client [req-f56a52c0-a105-4d2f-962a-9b923a3b3ca8 req-f56a52c0-a105-4d2f-962a-9b923a3b3ca8 ] Request (ServerExternalEventsTest:tearDownClass): 204 DELETE http://10.180.1.21/identity/v3/projects/1948494f14c84bfca05333c39e52a3ed 0.115s
2025-03-26 02:17:45.055 69889 INFO tempest.common.waiters [-] State transition "BUILD/scheduling" ==> "BUILD/None" after 35 second wait
2025-03-26 02:17:45.107 69893 INFO tempest.lib.common.rest_client [req-15f976f7-d3d0-4033-9995-c3cf71dabec0 req-15f976f7-d3d0-4033-9995-c3cf71dabec0 ] Request (ServerRescueTestJSON:setUpClass): 201 POST http://10.180.1.21:9696/networking/v2.0/routers 2.615s
2025-03-26 02:17:45.109 69871 INFO tempest.lib.common.rest_client [req-2e6bc2d6-ebc0-47bf-a853-4abab87883a1 req-2e6bc2d6-ebc0-47bf-a853-4abab87883a1 ] Request (ServersTestJSON:test_create_server_specify_multibyte_character_name): 200 GET http://10.180.1.21/compute/v2.1/servers/e0745838-9c2c-48b7-b17b-af31ecba4e8e 0.572s
2025-03-26 02:17:45.114 69896 INFO tempest.lib.common.rest_client [req-f95b323c-525d-4414-acfc-da0e1aba93c9 req-f95b323c-525d-4414-acfc-da0e1aba93c9 ] Request (KeyPairsV2TestJSON:setUpClass): 201 POST http://10.180.1.21/identity/v3/auth/tokens 0.063s
2025-03-26 02:17:45.153 69896 INFO tempest.lib.common.rest_client [req-63ee2c94-1d9b-4925-a6f8-e4953ca15c63 req-63ee2c94-1d9b-4925-a6f8-e4953ca15c63 ] Request (KeyPairsV2TestJSON:setUpClass): 201 POST http://10.180.1.21/identity/v3/auth/tokens 0.033s
2025-03-26 02:17:45.178 69896 INFO tempest.lib.common.rest_client [req-2bc3954b-e49e-4797-8625-4b45036ba5c2 req-2bc3954b-e49e-4797-8625-4b45036ba5c2 ] Request (KeyPairsV2TestJSON:setUpClass): 200 GET http://10.180.1.21/identity/v3/domains?name=Default 0.024s
2025-03-26 02:17:45.216 69923 INFO tempest.lib.common.rest_client [req-c4b86991-184b-4047-a5b6-84f876450926 req-c4b86991-184b-4047-a5b6-84f876450926 ] Request (ServerActionsTestOtherB:setUpClass): 200 GET http://10.180.1.21/compute/v2.1/servers/e1ea28d1-194d-4e26-8b7d-bf1060528315 0.578s
2025-03-26 02:17:45.225 69896 INFO tempest.lib.common.rest_client [req-97971f5b-7d8d-403f-8691-dd6853ba1dcb req-97971f5b-7d8d-403f-8691-dd6853ba1dcb ] Request (KeyPairsV2TestJSON:setUpClass): 201 POST http://10.180.1.21/identity/v3/projects 0.046s
2025-03-26 02:17:45.286 69896 INFO tempest.lib.common.rest_client [req-477b50eb-f253-4907-9c94-33fd9c049bcd req-477b50eb-f253-4907-9c94-33fd9c049bcd ] Request (KeyPairsV2TestJSON:setUpClass): 201 POST http://10.180.1.21/identity/v3/users 0.060s
2025-03-26 02:17:45.297 69879 INFO tempest.lib.common.rest_client [req-c1369ba5-75cd-4e01-985c-92caa0a6fa43 req-c1369ba5-75cd-4e01-985c-92caa0a6fa43 ] Request (MigrationsAdminTest:test_list_migrations_in_flavor_resize_situation): 200 GET http://10.180.1.21/compute/v2.1/servers/5e1f2115-69a8-46f8-9680-6e8e61ef2c33 0.382s
2025-03-26 02:17:45.314 69896 INFO tempest.lib.common.rest_client [req-7870c74b-712d-4871-ad6f-4e16574fd770 req-7870c74b-712d-4871-ad6f-4e16574fd770 ] Request (KeyPairsV2TestJSON:setUpClass): 200 GET http://10.180.1.21/identity/v3/roles 0.028s
2025-03-26 02:17:45.367 69896 INFO tempest.lib.common.rest_client [req-cbf5e714-c946-4f59-adfe-9b9a743850d0 req-cbf5e714-c946-4f59-adfe-9b9a743850d0 ] Request (KeyPairsV2TestJSON:setUpClass): 204 PUT http://10.180.1.21/identity/v3/projects/38169a1d00ef435c916a905877362c5b/users/6df73cd8c54e44079c14e9b110fdc1d6/roles/2bf98bbfa77248eba3f5fc91bfb4d7e2 0.052s
2025-03-26 02:17:45.367 69896 INFO tempest.lib.common.dynamic_creds [-] Dynamic test user 6df73cd8c54e44079c14e9b110fdc1d6 is created with scope project and roles: ['member']
2025-03-26 02:17:45.367 69896 INFO tempest.lib.common.dynamic_creds [-] Acquired dynamic creds: credentials: Credentials: {'domain_id': 'default', 'domain_name': 'Default', 'username': 'tempest-KeyPairsV2TestJSON-1111168503-project-member', 'project_domain_id': 'default', 'project_domain_name': 'Default', 'project_id': '38169a1d00ef435c916a905877362c5b', 'project_name': 'tempest-KeyPairsV2TestJSON-1111168503', 'tenant_id': '38169a1d00ef435c916a905877362c5b', 'tenant_name': 'tempest-KeyPairsV2TestJSON-1111168503', 'user_domain_id': 'default', 'user_domain_name': 'Default', 'user_id': '6df73cd8c54e44079c14e9b110fdc1d6', 'system': None}, Network: None, Subnet: None, Router: None
2025-03-26 02:17:45.367 69896 INFO tempest.lib.common.dynamic_creds [-] Created isolated network resources for: credentials: Credentials: {'domain_id': 'default', 'domain_name': 'Default', 'username': 'tempest-KeyPairsV2TestJSON-1111168503-project-member', 'project_domain_id': 'default', 'project_domain_name': 'Default', 'project_id': '38169a1d00ef435c916a905877362c5b', 'project_name': 'tempest-KeyPairsV2TestJSON-1111168503', 'tenant_id': '38169a1d00ef435c916a905877362c5b', 'tenant_name': 'tempest-KeyPairsV2TestJSON-1111168503', 'user_domain_id': 'default', 'user_domain_name': 'Default', 'user_id': '6df73cd8c54e44079c14e9b110fdc1d6', 'system': None}, Network: None, Subnet: None, Router: None
2025-03-26 02:17:45.402 69869 INFO tempest.lib.common.rest_client [req-bdc0fd64-459c-4030-bce5-948e41c7ae83 req-bdc0fd64-459c-4030-bce5-948e41c7ae83 ] Request (FloatingIPsAssociationNegativeTestJSON:tearDownClass): 200 GET http://10.180.1.21/compute/v2.1/servers/e1b3c6c8-f311-4a76-9275-5c155c162449 0.417s
2025-03-26 02:17:45.501 69896 INFO tempest.lib.common.rest_client [req-ccb1d8ff-f495-4c8a-a31a-a0ad4c6e1654 req-ccb1d8ff-f495-4c8a-a31a-a0ad4c6e1654 ] Request (KeyPairsV2TestJSON:setUpClass): 201 POST http://10.180.1.21/identity/v3/auth/tokens 0.122s
2025-03-26 02:17:45.521 69883 INFO tempest.lib.common.rest_client [req-830890a1-3a7d-44bf-913f-5424c829b406 req-830890a1-3a7d-44bf-913f-5424c829b406 ] Request (ServersAdminTestJSON:test_create_server_with_scheduling_hint): 200 GET http://10.180.1.21/compute/v2.1/servers/15dc176c-887b-4afc-b29d-8784b4b4827c 0.530s
2025-03-26 02:17:45.566 69915 INFO tempest.lib.common.rest_client [req-9711e7c5-258e-478a-a150-99034f971f25 req-9711e7c5-258e-478a-a150-99034f971f25 ] Request (MultipleCreateTestJSON:setUpClass): 200 PUT http://10.180.1.21:9696/networking/v2.0/routers/76a4932b-42c4-4689-9274-41ee8429fbac/add_router_interface 3.307s
2025-03-26 02:17:45.566 69915 INFO tempest.lib.common.dynamic_creds [-] Created isolated network resources for: credentials: Credentials: {'domain_id': 'default', 'domain_name': 'Default', 'username': 'tempest-MultipleCreateTestJSON-1155972280-project-member', 'project_domain_id': 'default', 'project_domain_name': 'Default', 'project_id': '4a47a70d843f4fc49c018cd4cae71c0b', 'project_name': 'tempest-MultipleCreateTestJSON-1155972280', 'tenant_id': '4a47a70d843f4fc49c018cd4cae71c0b', 'tenant_name': 'tempest-MultipleCreateTestJSON-1155972280', 'user_domain_id': 'default', 'user_domain_name': 'Default', 'user_id': 'a6dcb8cadb874c6a8d4ddb61d648a144', 'system': None}, Network: {'id': '4a5106fd-73fa-41b2-86d4-98b2d78942ba', 'name': 'tempest-MultipleCreateTestJSON-1640748306-network', 'tenant_id': '4a47a70d843f4fc49c018cd4cae71c0b', 'admin_state_up': True, 'mtu': 8950, 'status': 'ACTIVE', 'subnets': [], 'shared': False, 'project_id': '4a47a70d843f4fc49c018cd4cae71c0b', 'port_security_enabled': True, 'router:external': False, 'provider:network_type': 'vlan', 'provider:physical_network': 'default', 'provider:segmentation_id': 493, 'availability_zone_hints': [], 'availability_zones': [], 'ipv4_address_scope': None, 'ipv6_address_scope': None, 'description': '', 'tags': [], 'created_at': '2025-03-26T02:17:40Z', 'updated_at': '2025-03-26T02:17:40Z', 'revision_number': 1}, Subnet: {'id': '48496757-1ba3-4dab-b979-44f615d17158', 'name': 'tempest-MultipleCreateTestJSON-1640748306-subnet', 'tenant_id': '4a47a70d843f4fc49c018cd4cae71c0b', 'network_id': '4a5106fd-73fa-41b2-86d4-98b2d78942ba', 'ip_version': 4, 'subnetpool_id': None, 'enable_dhcp': True, 'ipv6_ra_mode': None, 'ipv6_address_mode': None, 'gateway_ip': '192.168.128.1', 'cidr': '192.168.128.0/28', 'allocation_pools': [{'start': '192.168.128.2', 'end': '192.168.128.14'}], 'host_routes': [], 'dns_nameservers': [], 'description': '', 'router:external': False, 'service_types': [], 'tags': [], 'created_at': '2025-03-26T02:17:40Z', 'updated_at': '2025-03-26T02:17:40Z', 'revision_number': 0, 'project_id': '4a47a70d843f4fc49c018cd4cae71c0b'}, Router: {'id': '76a4932b-42c4-4689-9274-41ee8429fbac', 'name': 'tempest-MultipleCreateTestJSON-1640748306-router', 'tenant_id': '4a47a70d843f4fc49c018cd4cae71c0b', 'admin_state_up': True, 'status': 'ACTIVE', 'external_gateway_info': {'network_id': '4cdd3bcc-3422-4fd2-9979-eec3e18a6fd4', 'external_fixed_ips': [{'subnet_id': '8662c71b-1411-4c17-b187-3d63a5905cb7', 'ip_address': '10.180.180.151'}], 'enable_snat': True}, 'description': '', 'availability_zones': [], 'distributed': False, 'ha': False, 'availability_zone_hints': [], 'routes': [], 'flavor_id': None, 'tags': [], 'created_at': '2025-03-26T02:17:41Z', 'updated_at': '2025-03-26T02:17:41Z', 'revision_number': 2, 'project_id': '4a47a70d843f4fc49c018cd4cae71c0b'}
2025-03-26 02:17:45.698 69915 INFO tempest.lib.common.rest_client [req-7d0909d9-b3ea-4b99-ba29-438888c9c03b req-7d0909d9-b3ea-4b99-ba29-438888c9c03b ] Request (MultipleCreateTestJSON:setUpClass): 201 POST http://10.180.1.21/identity/v3/auth/tokens 0.126s
