2025-03-26 04:53:22.852 68912 INFO tempest.lib.common.rest_client [req-0368cf76-e1cc-450e-9dcf-acf9a4685c10 req-0368cf76-e1cc-450e-9dcf-acf9a4685c10 ] Request (ImagesOneServerNegativeTestJSON:_run_cleanups): 200 GET http://10.180.1.21/compute/v2.1/servers/1d1bc559-54c1-4ee5-ba78-bc4fbdca2df6 0.126s
2025-03-26 04:53:22.889 68932 INFO tempest.lib.common.rest_client [req-3f372438-2750-4107-8be2-5ed63c71927e req-3f372438-2750-4107-8be2-5ed63c71927e ] Request (FloatingIPsAssociationTestJSON:tearDownClass): 200 GET http://10.180.1.21/compute/v2.1/servers/6606b921-4f3a-44f5-ae4e-c600f26876fc 0.135s
2025-03-26 04:53:22.946 68906 INFO tempest.lib.common.rest_client [req-39a145fb-6776-44ce-872c-b44e875ec0b5 req-39a145fb-6776-44ce-872c-b44e875ec0b5 ] Request (ListServerFiltersTestJSON:tearDownClass): 200 GET http://10.180.1.21/compute/v2.1/servers/0c4d4d93-89bf-4164-973b-af48278a3915 0.054s
2025-03-26 04:53:22.953 68906 INFO tempest.common.waiters [-] State transition "ACTIVE/deleting" ==> "DELETED/None" after 4 second wait
2025-03-26 04:53:23.021 68908 INFO tempest.lib.common.rest_client [req-f8aaf7a8-71f5-4e3d-9bb7-f7c830d57f6d req-f8aaf7a8-71f5-4e3d-9bb7-f7c830d57f6d ] Request (ImagesOneServerTestJSON:tearDownClass): 200 GET http://10.180.1.21/compute/v2.1/servers/7c887df0-4358-46c5-9682-0d4122e96d10 0.054s
2025-03-26 04:53:23.036 68938 INFO tempest.lib.common.rest_client [req-7e67e6af-c8b0-44fa-9c9e-b8e2507413e6 req-7e67e6af-c8b0-44fa-9c9e-b8e2507413e6 ] Request (DeleteServersTestJSON:test_delete_server_while_in_attached_volume): 200 GET http://10.180.1.21/compute/v2.1/servers/492c0fa1-f821-496a-86c2-f7686479a733 0.049s
2025-03-26 04:53:23.138 68936 INFO tempest.lib.common.rest_client [req-38cd4d48-7042-485a-9e56-923392b3a59b req-38cd4d48-7042-485a-9e56-923392b3a59b ] Request (AttachInterfacesV270Test:test_create_get_list_interfaces): 200 GET http://10.180.1.21/compute/v2.1/servers/98efdafe-e02b-46ca-a701-b70042513128 0.068s
2025-03-26 04:53:23.179 68900 INFO tempest.lib.common.rest_client [req-f39d7383-1dc5-43c2-bf1d-d2d52fb54315 req-f39d7383-1dc5-43c2-bf1d-d2d52fb54315 ] Request (ListImageFiltersTestJSON:tearDownClass): 200 GET http://10.180.1.21/compute/v2.1/servers/c56e4282-b1ca-42f5-b346-692779475df0 0.058s
2025-03-26 04:53:23.218 68934 INFO tempest.lib.common.rest_client [req-9ac35ca8-d7d5-4fe3-818d-c420ec32bf92 req-9ac35ca8-d7d5-4fe3-818d-c420ec32bf92 ] Request (ServersWithSpecificFlavorTestJSON:test_verify_created_server_ephemeral_disk): 200 GET http://10.180.1.21/compute/v2.1/servers/53cc8dbd-c163-403a-9286-e1f8ad939f94 0.052s
2025-03-26 04:53:23.324 68944 INFO tempest.lib.common.rest_client [req-93b9805a-7564-4f69-aa19-8a38c3680f0d req-93b9805a-7564-4f69-aa19-8a38c3680f0d ] Request (MigrationsAdminTest:test_resize_server_revert_deleted_flavor): 200 GET http://10.180.1.21/compute/v2.1/servers/912303de-a79d-41b0-ab44-c79e850a4dee 0.095s
2025-03-26 04:53:23.345 68904 INFO tempest.lib.common.rest_client [req-f6413109-3308-48c5-a042-ea888f135766 req-f6413109-3308-48c5-a042-ea888f135766 ] Request (SecurityGroupsTestJSON:tearDownClass): 200 GET http://10.180.1.21/compute/v2.1/servers/5fe0475b-96cd-4b9a-8fd4-fe3d4e7f3155 0.066s
2025-03-26 04:53:23.383 68886 INFO tempest.lib.common.rest_client [req-c143bd81-7ec5-4342-998e-d1758995be75 req-c143bd81-7ec5-4342-998e-d1758995be75 ] Request (ServerAddressesTestJSON:setUpClass): 200 GET http://10.180.1.21/compute/v2.1/servers/9eafa273-097b-48ac-ae5f-4f7a469ac861 0.069s
2025-03-26 04:53:23.511 68892 INFO tempest.lib.common.rest_client [req-bd2e819b-5440-4064-8d8e-3cb8f53bbfef req-bd2e819b-5440-4064-8d8e-3cb8f53bbfef ] Request (InstanceActionsV221TestJSON:test_get_list_deleted_instance_actions): 200 GET http://10.180.1.21/compute/v2.1/servers/2dcadbe8-fe23-4ee5-bf8a-5aa3cde1425c 0.055s
2025-03-26 04:53:23.557 68940 INFO tempest.lib.common.rest_client [req-6af8bacc-e8fe-46af-b5db-5bd7417f0c5c req-6af8bacc-e8fe-46af-b5db-5bd7417f0c5c ] Request (AttachVolumeNegativeTest:test_attach_attached_volume_to_different_server): 200 GET http://10.180.1.21/compute/v2.1/servers/fd803a5e-8dbd-449e-b45d-1e6410a286e8 0.050s
2025-03-26 04:53:23.627 68903 INFO tempest.lib.common.rest_client [req-a60b3f43-a60f-4922-9321-a430ef1eb6eb req-a60b3f43-a60f-4922-9321-a430ef1eb6eb ] Request (ListServersNegativeTestJSON:setUpClass): 200 GET http://10.180.1.21/compute/v2.1/servers/ba22fe4b-2238-4748-8af5-8fc6bfe3b3ae 0.053s
2025-03-26 04:53:23.638 68922 INFO tempest.lib.common.rest_client [req-a8226d07-c0e9-4cea-97d7-c087e56333ef req-a8226d07-c0e9-4cea-97d7-c087e56333ef ] Request (InstanceActionsTestJSON:setUpClass): 200 GET http://10.180.1.21/compute/v2.1/servers/9aa0dbe3-e31c-4a14-a4e2-0cf781aa99c0 0.092s
2025-03-26 04:53:23.645 68922 INFO tempest.common.waiters [-] State transition "BUILD/spawning" ==> "ACTIVE/None" after 100 second wait
2025-03-26 04:53:23.681 68922 INFO tempest.lib.common.rest_client [req-12d62ba1-9a72-462e-81c3-dfce165a1b96 req-12d62ba1-9a72-462e-81c3-dfce165a1b96 ] Request (InstanceActionsTestJSON:test_get_instance_action): 200 GET http://10.180.1.21/compute/v2.1/servers/9aa0dbe3-e31c-4a14-a4e2-0cf781aa99c0/os-instance-actions/req-148afe05-7e4c-4f7e-811c-c8653e8cef09 0.035s
2025-03-26 04:53:23.696 68924 INFO tempest.lib.common.rest_client [req-3ec081b3-702b-402a-9cfc-97f98c7a3007 req-3ec081b3-702b-402a-9cfc-97f98c7a3007 ] Request (ImagesNegativeTestJSON:test_create_image_from_deleted_server): 200 GET http://10.180.1.21/compute/v2.1/servers/77b9756e-2299-47e2-a6d8-e8026e33a3de 0.063s
2025-03-26 04:53:23.718 68916 INFO tempest.lib.common.rest_client [req-43c8fa7d-3876-4cf9-b04e-bae501b7e6c0 req-43c8fa7d-3876-4cf9-b04e-bae501b7e6c0 ] Request (AttachInterfacesUnderV243Test:test_add_remove_fixed_ip): 200 GET http://10.180.1.21/compute/v2.1/servers/ad207187-634f-4e7f-9809-eb3f742ddeec/ips 0.065s
2025-03-26 04:53:23.785 68922 INFO tempest.lib.common.rest_client [req-4b7b668d-2918-45f9-9090-4892834f6bc6 req-4b7b668d-2918-45f9-9090-4892834f6bc6 ] Request (InstanceActionsTestJSON:test_list_instance_actions): 202 POST http://10.180.1.21/compute/v2.1/servers/9aa0dbe3-e31c-4a14-a4e2-0cf781aa99c0/action 0.096s
2025-03-26 04:53:23.831 68914 INFO tempest.lib.common.rest_client [req-5ebfc415-819f-4798-96ff-98b20d190850 req-5ebfc415-819f-4798-96ff-98b20d190850 ] Request (ServersAdminTestJSON:setUpClass): 200 GET http://10.180.1.21/compute/v2.1/servers/b40c9dec-cebc-4d23-8df4-96e804333706 0.156s
2025-03-26 04:53:23.838 68914 INFO tempest.common.waiters [-] State transition "BUILD/block_device_mapping" ==> "BUILD/spawning" after 98 second wait
2025-03-26 04:53:23.857 68894 INFO tempest.lib.common.rest_client [req-6e80bc5e-6ef8-473f-a01b-371dcb71637c req-6e80bc5e-6ef8-473f-a01b-371dcb71637c ] Request (MultipleCreateTestJSON:test_multiple_create_with_reservation_return): 200 GET http://10.180.1.21/compute/v2.1/servers/60aa85f3-edac-40e0-ad31-a8f93219e380 0.150s
2025-03-26 04:53:23.890 68888 INFO tempest.lib.common.rest_client [req-4e1229a4-8a4c-4eb0-9041-cd8ec57f7513 req-4e1229a4-8a4c-4eb0-9041-cd8ec57f7513 ] Request (ServersTestBootFromVolume:tearDownClass): 200 GET http://10.180.1.21/compute/v2.1/servers/2cde3729-1be6-42c5-891f-42a7a8bff267 0.146s
2025-03-26 04:53:23.943 68910 INFO tempest.lib.common.rest_client [req-dd76a5d3-e227-4383-8f42-fed15e181b9e req-dd76a5d3-e227-4383-8f42-fed15e181b9e ] Request (ServerExternalEventsTest:tearDownClass): 200 GET http://10.180.1.21/compute/v2.1/servers/16b6fafe-524d-482f-961b-10e3601ac4c2 0.182s
2025-03-26 04:53:23.990 68922 INFO tempest.lib.common.rest_client [req-56427562-0a38-42bc-a6d4-8a98294f74c4 req-56427562-0a38-42bc-a6d4-8a98294f74c4 ] Request (InstanceActionsTestJSON:test_list_instance_actions): 200 GET http://10.180.1.21/compute/v2.1/servers/9aa0dbe3-e31c-4a14-a4e2-0cf781aa99c0 0.205s
2025-03-26 04:53:24.001 68898 INFO tempest.lib.common.rest_client [req-1d532c6a-4664-4b53-b8fe-afc93ba2fc6a req-1d532c6a-4664-4b53-b8fe-afc93ba2fc6a ] Request (VolumesAdminNegativeTest:test_update_attached_volume_with_nonexistent_volume_in_uri): 200 GET http://10.180.1.21/compute/v2.1/servers/cc5139e1-4601-4966-9224-25b8223b8a57 0.212s
2025-03-26 04:53:24.062 68928 INFO tempest.lib.common.rest_client [req-ece01f2b-d2fa-4062-bf1d-1f0aa7745408 req-ece01f2b-d2fa-4062-bf1d-1f0aa7745408 ] Request (VolumesAssistedSnapshotsTest:tearDownClass): 200 GET http://10.180.1.21/compute/v2.1/servers/50b9775c-ddbd-4e8f-a2b8-b08c3028fc28 0.257s
2025-03-26 04:53:24.071 68928 INFO tempest.common.waiters [-] State transition "ACTIVE/deleting" ==> "DELETED/None" after 5 second wait
2025-03-26 04:53:24.076 68942 INFO tempest.lib.common.rest_client [req-4343f41a-78a3-42ea-ae23-b928e315b96b req-4343f41a-78a3-42ea-ae23-b928e315b96b ] Request (ServersAdmin275Test:test_rebuild_update_server_275): 200 GET http://10.180.1.21/compute/v2.1/servers/50abc994-682a-40d6-ae77-601839b98793 0.229s
2025-03-26 04:53:24.114 68896 WARNING tempest.lib.common.ssh [-] Failed to establish authenticated ssh connection to cirros@10.180.180.213 ([Errno None] Unable to connect to port 22 on 10.180.180.213). Number attempts: 3. Retry after 4 seconds.: paramiko.ssh_exception.NoValidConnectionsError: [Errno None] Unable to connect to port 22 on 10.180.180.213
2025-03-26 04:53:24.138 68912 INFO tempest.lib.common.rest_client [req-c6eaf703-dce4-426e-a1ff-9bc008b22170 req-c6eaf703-dce4-426e-a1ff-9bc008b22170 ] Request (ImagesOneServerNegativeTestJSON:_run_cleanups): 200 GET http://10.180.1.21/compute/v2.1/servers/1d1bc559-54c1-4ee5-ba78-bc4fbdca2df6 0.277s
2025-03-26 04:53:24.157 68932 INFO tempest.lib.common.rest_client [req-221edbb9-62f3-49b8-a55e-57cf752edcd7 req-221edbb9-62f3-49b8-a55e-57cf752edcd7 ] Request (FloatingIPsAssociationTestJSON:tearDownClass): 200 GET http://10.180.1.21/compute/v2.1/servers/6606b921-4f3a-44f5-ae4e-c600f26876fc 0.260s
2025-03-26 04:53:24.199 68906 INFO tempest.lib.common.rest_client [req-3a3515f5-6e7e-430c-9916-13444a587a55 req-3a3515f5-6e7e-430c-9916-13444a587a55 ] Request (ListServerFiltersTestJSON:tearDownClass): 200 GET http://10.180.1.21/compute/v2.1/servers/0c4d4d93-89bf-4164-973b-af48278a3915 0.245s
2025-03-26 04:53:24.210 68908 INFO tempest.lib.common.rest_client [req-2790d69f-f56b-4cb3-a7de-4add037b053e req-2790d69f-f56b-4cb3-a7de-4add037b053e ] Request (ImagesOneServerTestJSON:tearDownClass): 200 GET http://10.180.1.21/compute/v2.1/servers/7c887df0-4358-46c5-9682-0d4122e96d10 0.181s
2025-03-26 04:53:24.256 68938 INFO tempest.lib.common.rest_client [req-2a30ea26-f3ee-4a4f-90a9-f49d5658bc53 req-2a30ea26-f3ee-4a4f-90a9-f49d5658bc53 ] Request (DeleteServersTestJSON:test_delete_server_while_in_attached_volume): 200 GET http://10.180.1.21/compute/v2.1/servers/492c0fa1-f821-496a-86c2-f7686479a733 0.208s
2025-03-26 04:53:24.270 68936 INFO tempest.lib.common.rest_client [req-7cebf2e7-56eb-4f60-92ac-4b3212bb7cf9 req-7cebf2e7-56eb-4f60-92ac-4b3212bb7cf9 ] Request (AttachInterfacesV270Test:test_create_get_list_interfaces): 200 GET http://10.180.1.21/compute/v2.1/servers/98efdafe-e02b-46ca-a701-b70042513128 0.122s
2025-03-26 04:53:24.316 68934 INFO tempest.lib.common.rest_client [req-b6c7630d-1752-4d5d-910f-270fede63c39 req-b6c7630d-1752-4d5d-910f-270fede63c39 ] Request (ServersWithSpecificFlavorTestJSON:test_verify_created_server_ephemeral_disk): 200 GET http://10.180.1.21/compute/v2.1/servers/53cc8dbd-c163-403a-9286-e1f8ad939f94 0.090s
2025-03-26 04:53:24.323 68900 INFO tempest.lib.common.rest_client [req-09c88ed8-3e66-4530-b046-04c5500060e2 req-09c88ed8-3e66-4530-b046-04c5500060e2 ] Request (ListImageFiltersTestJSON:tearDownClass): 200 GET http://10.180.1.21/compute/v2.1/servers/c56e4282-b1ca-42f5-b346-692779475df0 0.134s
2025-03-26 04:53:24.364 68946 WARNING tempest.lib.common.ssh [-] Failed to establish authenticated ssh connection to cirros@10.180.180.254 ([Errno None] Unable to connect to port 22 on 10.180.180.254). Number attempts: 10. Retry after 11 seconds.: paramiko.ssh_exception.NoValidConnectionsError: [Errno None] Unable to connect to port 22 on 10.180.180.254
2025-03-26 04:53:24.417 68904 INFO tempest.lib.common.rest_client [req-89bc1c1f-1b73-4372-b9aa-5e9f99cb321b req-89bc1c1f-1b73-4372-b9aa-5e9f99cb321b ] Request (SecurityGroupsTestJSON:tearDownClass): 200 GET http://10.180.1.21/compute/v2.1/servers/5fe0475b-96cd-4b9a-8fd4-fe3d4e7f3155 0.057s
2025-03-26 04:53:24.449 68944 INFO tempest.lib.common.rest_client [req-774c9da3-cfa5-40fd-b8d8-64c2e7f36757 req-774c9da3-cfa5-40fd-b8d8-64c2e7f36757 ] Request (MigrationsAdminTest:test_resize_server_revert_deleted_flavor): 200 GET http://10.180.1.21/compute/v2.1/servers/912303de-a79d-41b0-ab44-c79e850a4dee 0.116s
2025-03-26 04:53:24.456 68944 INFO tempest.common.waiters [-] State transition "RESIZE/resize_migrating" ==> "ERROR/resize_migrating" after 45 second wait
2025-03-26 04:53:24.459 68886 INFO tempest.lib.common.rest_client [req-a7aab2a3-5f39-42f2-83be-603db0738b76 req-a7aab2a3-5f39-42f2-83be-603db0738b76 ] Request (ServerAddressesTestJSON:setUpClass): 200 GET http://10.180.1.21/compute/v2.1/servers/9eafa273-097b-48ac-ae5f-4f7a469ac861 0.068s
2025-03-26 04:53:24.466 68944 INFO tempest.lib.common.rest_client [req-2ef0da34-c352-486e-823c-93e5e6cf39bc req-2ef0da34-c352-486e-823c-93e5e6cf39bc ] Request (MigrationsAdminTest:_run_cleanups): 404 DELETE http://10.180.1.21/compute/v2.1/flavors/8f751b17-ac71-4dd8-99d2-bcdbe944f057 0.010s
2025-03-26 04:53:24.534 68944 INFO tempest.lib.common.rest_client [req-7c0c8a77-d9c9-4a5f-869b-3a058ef791bb req-7c0c8a77-d9c9-4a5f-869b-3a058ef791bb ] Request (MigrationsAdminTest:tearDownClass): 204 DELETE http://10.180.1.21/compute/v2.1/servers/912303de-a79d-41b0-ab44-c79e850a4dee 0.065s
2025-03-26 04:53:24.577 68892 INFO tempest.lib.common.rest_client [req-49244c5b-51f4-4829-9e7c-651a5fb8ab4a req-49244c5b-51f4-4829-9e7c-651a5fb8ab4a ] Request (InstanceActionsV221TestJSON:test_get_list_deleted_instance_actions): 200 GET http://10.180.1.21/compute/v2.1/servers/2dcadbe8-fe23-4ee5-bf8a-5aa3cde1425c 0.057s
2025-03-26 04:53:24.621 68940 INFO tempest.lib.common.rest_client [req-1e8d9fed-6891-4b14-b743-08df40a17c7e req-1e8d9fed-6891-4b14-b743-08df40a17c7e ] Request (AttachVolumeNegativeTest:test_attach_attached_volume_to_different_server): 200 GET http://10.180.1.21/compute/v2.1/servers/fd803a5e-8dbd-449e-b45d-1e6410a286e8 0.056s
2025-03-26 04:53:24.651 68944 INFO tempest.lib.common.rest_client [req-bb47be7b-f653-498d-a1f2-e85607eb1590 req-bb47be7b-f653-498d-a1f2-e85607eb1590 ] Request (MigrationsAdminTest:tearDownClass): 200 GET http://10.180.1.21/compute/v2.1/servers/912303de-a79d-41b0-ab44-c79e850a4dee 0.116s
2025-03-26 04:53:24.683 68903 INFO tempest.lib.common.rest_client [req-7683694e-4c41-44a8-9341-9da4a99aeda6 req-7683694e-4c41-44a8-9341-9da4a99aeda6 ] Request (ListServersNegativeTestJSON:setUpClass): 200 GET http://10.180.1.21/compute/v2.1/servers/ba22fe4b-2238-4748-8af5-8fc6bfe3b3ae 0.047s
2025-03-26 04:53:24.746 68916 INFO tempest.lib.common.rest_client [req-37cd08d2-fc82-4ac4-a7c8-5e9541feae0c req-37cd08d2-fc82-4ac4-a7c8-5e9541feae0c ] Request (AttachInterfacesUnderV243Test:test_add_remove_fixed_ip): 200 GET http://10.180.1.21/compute/v2.1/servers/ad207187-634f-4e7f-9809-eb3f742ddeec/ips 0.024s
2025-03-26 04:53:24.760 68924 INFO tempest.lib.common.rest_client [req-1babe980-8ea2-4730-96df-b5400191cfed req-1babe980-8ea2-4730-96df-b5400191cfed ] Request (ImagesNegativeTestJSON:test_create_image_from_deleted_server): 200 GET http://10.180.1.21/compute/v2.1/servers/77b9756e-2299-47e2-a6d8-e8026e33a3de 0.056s
2025-03-26 04:53:24.811 68916 INFO tempest.lib.common.rest_client [req-c163201e-84e5-4caf-b26f-383a25e285b6 req-c163201e-84e5-4caf-b26f-383a25e285b6 ] Request (AttachInterfacesUnderV243Test:_run_cleanups): 204 DELETE http://10.180.1.21/compute/v2.1/servers/ad207187-634f-4e7f-9809-eb3f742ddeec 0.064s
2025-03-26 04:53:24.924 68916 INFO tempest.lib.common.rest_client [req-7f28c6cf-7266-4b1c-80e3-af69fe8eef5e req-7f28c6cf-7266-4b1c-80e3-af69fe8eef5e ] Request (AttachInterfacesUnderV243Test:_run_cleanups): 200 GET http://10.180.1.21/compute/v2.1/servers/ad207187-634f-4e7f-9809-eb3f742ddeec 0.112s
2025-03-26 04:53:24.927 68914 INFO tempest.lib.common.rest_client [req-583f72df-a05a-4915-b3d7-381ab1cb4f00 req-583f72df-a05a-4915-b3d7-381ab1cb4f00 ] Request (ServersAdminTestJSON:setUpClass): 200 GET http://10.180.1.21/compute/v2.1/servers/b40c9dec-cebc-4d23-8df4-96e804333706 0.088s
2025-03-26 04:53:24.971 68894 INFO tempest.lib.common.rest_client [req-4af2d369-31b6-417d-8b4e-d3a997f97d7a req-4af2d369-31b6-417d-8b4e-d3a997f97d7a ] Request (MultipleCreateTestJSON:test_multiple_create_with_reservation_return): 200 GET http://10.180.1.21/compute/v2.1/servers/60aa85f3-edac-40e0-ad31-a8f93219e380 0.106s
2025-03-26 04:53:24.983 68888 INFO tempest.lib.common.rest_client [req-a13e8068-9037-4f9b-9797-74d496dd7031 req-a13e8068-9037-4f9b-9797-74d496dd7031 ] Request (ServersTestBootFromVolume:tearDownClass): 200 GET http://10.180.1.21/compute/v2.1/servers/2cde3729-1be6-42c5-891f-42a7a8bff267 0.086s
2025-03-26 04:53:25.023 68910 INFO tempest.lib.common.rest_client [req-cc1d2763-2a0f-420a-b516-01aa1724525c req-cc1d2763-2a0f-420a-b516-01aa1724525c ] Request (ServerExternalEventsTest:tearDownClass): 200 GET http://10.180.1.21/compute/v2.1/servers/16b6fafe-524d-482f-961b-10e3601ac4c2 0.070s
2025-03-26 04:53:25.067 68898 INFO tempest.lib.common.rest_client [req-82ecf3d9-e318-46e2-b684-eb716b22b8fb req-82ecf3d9-e318-46e2-b684-eb716b22b8fb ] Request (VolumesAdminNegativeTest:test_update_attached_volume_with_nonexistent_volume_in_uri): 200 GET http://10.180.1.21/compute/v2.1/servers/cc5139e1-4601-4966-9224-25b8223b8a57 0.051s
2025-03-26 04:53:25.095 68922 INFO tempest.lib.common.rest_client [req-17050554-d369-41ee-8597-7e0e076efefb req-17050554-d369-41ee-8597-7e0e076efefb ] Request (InstanceActionsTestJSON:test_list_instance_actions): 200 GET http://10.180.1.21/compute/v2.1/servers/9aa0dbe3-e31c-4a14-a4e2-0cf781aa99c0 0.088s
2025-03-26 04:53:25.131 68928 INFO tempest.lib.common.rest_client [req-65c75124-82ed-4c85-8698-ffd931eb2184 req-65c75124-82ed-4c85-8698-ffd931eb2184 ] Request (VolumesAssistedSnapshotsTest:tearDownClass): 200 GET http://10.180.1.21/compute/v2.1/servers/50b9775c-ddbd-4e8f-a2b8-b08c3028fc28 0.058s
2025-03-26 04:53:25.150 68942 INFO tempest.lib.common.rest_client [req-84952f4d-f77b-4e26-9b26-f6bfa3eff45a req-84952f4d-f77b-4e26-9b26-f6bfa3eff45a ] Request (ServersAdmin275Test:test_rebuild_update_server_275): 200 GET http://10.180.1.21/compute/v2.1/servers/50abc994-682a-40d6-ae77-601839b98793 0.060s
2025-03-26 04:53:25.159 68942 INFO tempest.common.waiters [-] State transition "BUILD/scheduling" ==> "BUILD/None" after 32 second wait
2025-03-26 04:53:25.214 68912 INFO tempest.lib.common.rest_client [req-c9b10b31-a754-431f-96d7-7abc9d341683 req-c9b10b31-a754-431f-96d7-7abc9d341683 ] Request (ImagesOneServerNegativeTestJSON:_run_cleanups): 200 GET http://10.180.1.21/compute/v2.1/servers/1d1bc559-54c1-4ee5-ba78-bc4fbdca2df6 0.064s
2025-03-26 04:53:25.222 68932 INFO tempest.lib.common.rest_client [req-49b879d1-a786-4d9f-abbc-dd538d30b2dc req-49b879d1-a786-4d9f-abbc-dd538d30b2dc ] Request (FloatingIPsAssociationTestJSON:tearDownClass): 200 GET http://10.180.1.21/compute/v2.1/servers/6606b921-4f3a-44f5-ae4e-c600f26876fc 0.057s
2025-03-26 04:53:25.265 68906 INFO tempest.lib.common.rest_client [req-edf4d14a-3d94-4817-b4b0-35b3ad40e17c req-edf4d14a-3d94-4817-b4b0-35b3ad40e17c ] Request (ListServerFiltersTestJSON:tearDownClass): 200 GET http://10.180.1.21/compute/v2.1/servers/0c4d4d93-89bf-4164-973b-af48278a3915 0.058s
2025-03-26 04:53:25.270 68908 INFO tempest.lib.common.rest_client [req-cddaa221-b954-4e4a-9858-75b175c24e28 req-cddaa221-b954-4e4a-9858-75b175c24e28 ] Request (ImagesOneServerTestJSON:tearDownClass): 200 GET http://10.180.1.21/compute/v2.1/servers/7c887df0-4358-46c5-9682-0d4122e96d10 0.052s
2025-03-26 04:53:25.316 68938 INFO tempest.lib.common.rest_client [req-ad6a15ca-76b9-4c26-803a-4099f9faeaa5 req-ad6a15ca-76b9-4c26-803a-4099f9faeaa5 ] Request (DeleteServersTestJSON:test_delete_server_while_in_attached_volume): 200 GET http://10.180.1.21/compute/v2.1/servers/492c0fa1-f821-496a-86c2-f7686479a733 0.048s
2025-03-26 04:53:25.333 68936 INFO tempest.lib.common.rest_client [req-0547554d-4935-47ae-a9b2-6564ad90a6a7 req-0547554d-4935-47ae-a9b2-6564ad90a6a7 ] Request (AttachInterfacesV270Test:test_create_get_list_interfaces): 200 GET http://10.180.1.21/compute/v2.1/servers/98efdafe-e02b-46ca-a701-b70042513128 0.048s
2025-03-26 04:53:25.395 68934 INFO tempest.lib.common.rest_client [req-24a07ee3-866a-44d9-8ca2-ee9c98dc441e req-24a07ee3-866a-44d9-8ca2-ee9c98dc441e ] Request (ServersWithSpecificFlavorTestJSON:test_verify_created_server_ephemeral_disk): 200 GET http://10.180.1.21/compute/v2.1/servers/53cc8dbd-c163-403a-9286-e1f8ad939f94 0.070s
2025-03-26 04:53:25.403 68900 INFO tempest.lib.common.rest_client [req-c271dffb-4c85-4f5f-b7fd-2230bfd3ee2c req-c271dffb-4c85-4f5f-b7fd-2230bfd3ee2c ] Request (ListImageFiltersTestJSON:tearDownClass): 200 GET http://10.180.1.21/compute/v2.1/servers/c56e4282-b1ca-42f5-b346-692779475df0 0.072s
2025-03-26 04:53:25.509 68904 INFO tempest.lib.common.rest_client [req-961e625f-edeb-41df-be1e-b1a43fba6e10 req-961e625f-edeb-41df-be1e-b1a43fba6e10 ] Request (SecurityGroupsTestJSON:tearDownClass): 200 GET http://10.180.1.21/compute/v2.1/servers/5fe0475b-96cd-4b9a-8fd4-fe3d4e7f3155 0.084s
2025-03-26 04:53:25.524 68886 INFO tempest.lib.common.rest_client [req-884a43e1-a5e1-4d05-9335-fc1fbf0865b0 req-884a43e1-a5e1-4d05-9335-fc1fbf0865b0 ] Request (ServerAddressesTestJSON:setUpClass): 200 GET http://10.180.1.21/compute/v2.1/servers/9eafa273-097b-48ac-ae5f-4f7a469ac861 0.057s
2025-03-26 04:53:25.684 68892 INFO tempest.lib.common.rest_client [req-2e6cca90-db4e-48f7-b15e-693a88f7abab req-2e6cca90-db4e-48f7-b15e-693a88f7abab ] Request (InstanceActionsV221TestJSON:test_get_list_deleted_instance_actions): 200 GET http://10.180.1.21/compute/v2.1/servers/2dcadbe8-fe23-4ee5-bf8a-5aa3cde1425c 0.095s
2025-03-26 04:53:25.689 68940 INFO tempest.lib.common.rest_client [req-d338dde4-9713-4d4c-9839-d85f60a5d08c req-d338dde4-9713-4d4c-9839-d85f60a5d08c ] Request (AttachVolumeNegativeTest:test_attach_attached_volume_to_different_server): 200 GET http://10.180.1.21/compute/v2.1/servers/fd803a5e-8dbd-449e-b45d-1e6410a286e8 0.059s
2025-03-26 04:53:25.759 68903 INFO tempest.lib.common.rest_client [req-dbcd8f16-30bc-4e5e-bda1-14df2f586e36 req-dbcd8f16-30bc-4e5e-bda1-14df2f586e36 ] Request (ListServersNegativeTestJSON:setUpClass): 200 GET http://10.180.1.21/compute/v2.1/servers/ba22fe4b-2238-4748-8af5-8fc6bfe3b3ae 0.067s
2025-03-26 04:53:25.829 68924 INFO tempest.lib.common.rest_client [req-f511bf7f-981a-4592-8486-31e0dbf62e93 req-f511bf7f-981a-4592-8486-31e0dbf62e93 ] Request (ImagesNegativeTestJSON:test_create_image_from_deleted_server): 200 GET http://10.180.1.21/compute/v2.1/servers/77b9756e-2299-47e2-a6d8-e8026e33a3de 0.061s
2025-03-26 04:53:26.064 68944 INFO tempest.lib.common.rest_client [req-5f9dc4a7-20bc-4f70-b884-c3ded4b569c7 req-5f9dc4a7-20bc-4f70-b884-c3ded4b569c7 ] Request (MigrationsAdminTest:tearDownClass): 200 GET http://10.180.1.21/compute/v2.1/servers/912303de-a79d-41b0-ab44-c79e850a4dee 0.405s
2025-03-26 04:53:26.071 68944 INFO tempest.common.waiters [-] State transition "ERROR/deleting" ==> "ERROR/None" after 2 second wait
2025-03-26 04:53:26.104 68916 INFO tempest.lib.common.rest_client [req-eaa5a907-77a2-434c-8bab-a54b01540103 req-eaa5a907-77a2-434c-8bab-a54b01540103 ] Request (AttachInterfacesUnderV243Test:_run_cleanups): 200 GET http://10.180.1.21/compute/v2.1/servers/ad207187-634f-4e7f-9809-eb3f742ddeec 0.171s
2025-03-26 04:53:26.162 68894 INFO tempest.lib.common.rest_client [req-00d1d512-8ab6-40ab-9134-58c61cde313f req-00d1d512-8ab6-40ab-9134-58c61cde313f ] Request (MultipleCreateTestJSON:test_multiple_create_with_reservation_return): 200 GET http://10.180.1.21/compute/v2.1/servers/60aa85f3-edac-40e0-ad31-a8f93219e380 0.183s
2025-03-26 04:53:26.173 68914 INFO tempest.lib.common.rest_client [req-47302e5e-caaf-497b-9ff8-a5e6dd6a62cb req-47302e5e-caaf-497b-9ff8-a5e6dd6a62cb ] Request (ServersAdminTestJSON:setUpClass): 200 GET http://10.180.1.21/compute/v2.1/servers/b40c9dec-cebc-4d23-8df4-96e804333706 0.238s
2025-03-26 04:53:26.244 68910 INFO tempest.lib.common.rest_client [req-4f48c2ec-a948-4701-ac15-7038d0d029e9 req-4f48c2ec-a948-4701-ac15-7038d0d029e9 ] Request (ServerExternalEventsTest:tearDownClass): 200 GET http://10.180.1.21/compute/v2.1/servers/16b6fafe-524d-482f-961b-10e3601ac4c2 0.214s
2025-03-26 04:53:26.249 68888 INFO tempest.lib.common.rest_client [req-1923e021-7314-43f0-b766-4e807c29cd8b req-1923e021-7314-43f0-b766-4e807c29cd8b ] Request (ServersTestBootFromVolume:tearDownClass): 200 GET http://10.180.1.21/compute/v2.1/servers/2cde3729-1be6-42c5-891f-42a7a8bff267 0.259s
2025-03-26 04:53:26.296 68898 INFO tempest.lib.common.rest_client [req-c2408089-bde4-4f6e-baee-56d4ece91a10 req-c2408089-bde4-4f6e-baee-56d4ece91a10 ] Request (VolumesAdminNegativeTest:test_update_attached_volume_with_nonexistent_volume_in_uri): 200 GET http://10.180.1.21/compute/v2.1/servers/cc5139e1-4601-4966-9224-25b8223b8a57 0.222s
2025-03-26 04:53:26.343 68944 INFO tempest.lib.common.rest_client [req-0bf7bb2f-f078-4d81-ae12-65dbe33d6127 req-0bf7bb2f-f078-4d81-ae12-65dbe33d6127 ] Request (MigrationsAdminTest:tearDownClass): 204 DELETE http://10.180.1.21/compute/v2.1/servers/925400c4-3b33-4f4a-9f63-3ceec06cf0b7 0.265s
2025-03-26 04:53:26.402 68928 INFO tempest.lib.common.rest_client [req-256c0286-630a-4b74-9fc6-ba3a22d5cb9b req-256c0286-630a-4b74-9fc6-ba3a22d5cb9b ] Request (VolumesAssistedSnapshotsTest:tearDownClass): 200 GET http://10.180.1.21/compute/v2.1/servers/50b9775c-ddbd-4e8f-a2b8-b08c3028fc28 0.257s
2025-03-26 04:53:26.415 68922 INFO tempest.lib.common.rest_client [req-0816001c-a604-48d1-afa6-d6b83794eeeb req-0816001c-a604-48d1-afa6-d6b83794eeeb ] Request (InstanceActionsTestJSON:test_list_instance_actions): 200 GET http://10.180.1.21/compute/v2.1/servers/9aa0dbe3-e31c-4a14-a4e2-0cf781aa99c0 0.313s
2025-03-26 04:53:26.452 68942 INFO tempest.lib.common.rest_client [req-978a8fe2-a9b2-47ec-967d-e214f3705923 req-978a8fe2-a9b2-47ec-967d-e214f3705923 ] Request (ServersAdmin275Test:test_rebuild_update_server_275): 200 GET http://10.180.1.21/compute/v2.1/servers/50abc994-682a-40d6-ae77-601839b98793 0.292s
2025-03-26 04:53:26.465 68912 INFO tempest.lib.common.rest_client [req-e95024aa-6ba6-4790-8803-e7ca9ded1ff4 req-e95024aa-6ba6-4790-8803-e7ca9ded1ff4 ] Request (ImagesOneServerNegativeTestJSON:_run_cleanups): 200 GET http://10.180.1.21/compute/v2.1/servers/1d1bc559-54c1-4ee5-ba78-bc4fbdca2df6 0.243s
2025-03-26 04:53:26.509 68932 INFO tempest.lib.common.rest_client [req-78dd8097-6b43-42c6-b14d-4574b4ffbf50 req-78dd8097-6b43-42c6-b14d-4574b4ffbf50 ] Request (FloatingIPsAssociationTestJSON:tearDownClass): 200 GET http://10.180.1.21/compute/v2.1/servers/6606b921-4f3a-44f5-ae4e-c600f26876fc 0.280s
2025-03-26 04:53:26.521 68906 INFO tempest.lib.common.rest_client [req-22982df0-29ef-4f61-a42b-718048d23d95 req-22982df0-29ef-4f61-a42b-718048d23d95 ] Request (ListServerFiltersTestJSON:tearDownClass): 200 GET http://10.180.1.21/compute/v2.1/servers/0c4d4d93-89bf-4164-973b-af48278a3915 0.248s
2025-03-26 04:53:26.563 68908 INFO tempest.lib.common.rest_client [req-9714b857-1d17-4813-a650-44b77b1617a3 req-9714b857-1d17-4813-a650-44b77b1617a3 ] Request (ImagesOneServerTestJSON:tearDownClass): 200 GET http://10.180.1.21/compute/v2.1/servers/7c887df0-4358-46c5-9682-0d4122e96d10 0.286s
2025-03-26 04:53:26.577 68938 INFO tempest.lib.common.rest_client [req-2642290e-9672-4920-baef-a8d5dff97a53 req-2642290e-9672-4920-baef-a8d5dff97a53 ] Request (DeleteServersTestJSON:test_delete_server_while_in_attached_volume): 200 GET http://10.180.1.21/compute/v2.1/servers/492c0fa1-f821-496a-86c2-f7686479a733 0.253s
2025-03-26 04:53:26.616 68936 INFO tempest.lib.common.rest_client [req-7edab4f9-0d87-425a-ba7b-782521292c1f req-7edab4f9-0d87-425a-ba7b-782521292c1f ] Request (AttachInterfacesV270Test:test_create_get_list_interfaces): 200 GET http://10.180.1.21/compute/v2.1/servers/98efdafe-e02b-46ca-a701-b70042513128 0.273s
2025-03-26 04:53:26.668 68934 INFO tempest.lib.common.rest_client [req-bf04076d-9478-4b48-9a24-545a5ab36554 req-bf04076d-9478-4b48-9a24-545a5ab36554 ] Request (ServersWithSpecificFlavorTestJSON:test_verify_created_server_ephemeral_disk): 200 GET http://10.180.1.21/compute/v2.1/servers/53cc8dbd-c163-403a-9286-e1f8ad939f94 0.259s
2025-03-26 04:53:26.687 68944 INFO tempest.lib.common.rest_client [req-7274ac55-814d-4400-8d5b-4dac738a974d req-7274ac55-814d-4400-8d5b-4dac738a974d ] Request (MigrationsAdminTest:tearDownClass): 200 GET http://10.180.1.21/compute/v2.1/servers/925400c4-3b33-4f4a-9f63-3ceec06cf0b7 0.343s
2025-03-26 04:53:26.727 68900 INFO tempest.lib.common.rest_client [req-fc8f7174-d4fc-4e38-9353-63bdf66730aa req-fc8f7174-d4fc-4e38-9353-63bdf66730aa ] Request (ListImageFiltersTestJSON:tearDownClass): 200 GET http://10.180.1.21/compute/v2.1/servers/c56e4282-b1ca-42f5-b346-692779475df0 0.316s
2025-03-26 04:53:26.751 68904 INFO tempest.lib.common.rest_client [req-44eb1992-c1a2-4223-adaa-f13a50dce0c6 req-44eb1992-c1a2-4223-adaa-f13a50dce0c6 ] Request (SecurityGroupsTestJSON:tearDownClass): 200 GET http://10.180.1.21/compute/v2.1/servers/5fe0475b-96cd-4b9a-8fd4-fe3d4e7f3155 0.232s
2025-03-26 04:53:26.781 68886 INFO tempest.lib.common.rest_client [req-54704db5-9b87-4401-a893-5f5922f1491b req-54704db5-9b87-4401-a893-5f5922f1491b ] Request (ServerAddressesTestJSON:setUpClass): 200 GET http://10.180.1.21/compute/v2.1/servers/9eafa273-097b-48ac-ae5f-4f7a469ac861 0.250s
2025-03-26 04:53:26.801 68940 INFO tempest.lib.common.rest_client [req-d66a31cc-04a0-4c2c-bd43-9c67695a470d req-d66a31cc-04a0-4c2c-bd43-9c67695a470d ] Request (AttachVolumeNegativeTest:test_attach_attached_volume_to_different_server): 200 GET http://10.180.1.21/compute/v2.1/servers/fd803a5e-8dbd-449e-b45d-1e6410a286e8 0.103s
2025-03-26 04:53:26.837 68892 INFO tempest.lib.common.rest_client [req-73c84513-1650-4120-93fe-f5f948c48eb4 req-73c84513-1650-4120-93fe-f5f948c48eb4 ] Request (InstanceActionsV221TestJSON:test_get_list_deleted_instance_actions): 200 GET http://10.180.1.21/compute/v2.1/servers/2dcadbe8-fe23-4ee5-bf8a-5aa3cde1425c 0.135s
2025-03-26 04:53:26.864 68903 INFO tempest.lib.common.rest_client [req-61e65f52-b110-4dea-841c-6956034913a8 req-61e65f52-b110-4dea-841c-6956034913a8 ] Request (ListServersNegativeTestJSON:setUpClass): 200 GET http://10.180.1.21/compute/v2.1/servers/ba22fe4b-2238-4748-8af5-8fc6bfe3b3ae 0.097s
2025-03-26 04:53:26.896 68924 INFO tempest.lib.common.rest_client [req-0a2dc04c-bb1c-4f16-9435-3ffef37206d5 req-0a2dc04c-bb1c-4f16-9435-3ffef37206d5 ] Request (ImagesNegativeTestJSON:test_create_image_from_deleted_server): 200 GET http://10.180.1.21/compute/v2.1/servers/77b9756e-2299-47e2-a6d8-e8026e33a3de 0.060s
2025-03-26 04:53:27.228 68894 INFO tempest.lib.common.rest_client [req-e6ade58b-1056-44a7-8ab5-232785423895 req-e6ade58b-1056-44a7-8ab5-232785423895 ] Request (MultipleCreateTestJSON:test_multiple_create_with_reservation_return): 200 GET http://10.180.1.21/compute/v2.1/servers/60aa85f3-edac-40e0-ad31-a8f93219e380 0.057s
2025-03-26 04:53:27.237 68916 INFO tempest.lib.common.rest_client [req-36058a32-46da-4319-97b7-104d0b8c79bb req-36058a32-46da-4319-97b7-104d0b8c79bb ] Request (AttachInterfacesUnderV243Test:_run_cleanups): 200 GET http://10.180.1.21/compute/v2.1/servers/ad207187-634f-4e7f-9809-eb3f742ddeec 0.120s
2025-03-26 04:53:27.311 68910 INFO tempest.lib.common.rest_client [req-e72d9ec4-768e-480b-b3c2-b25dcc2345f1 req-e72d9ec4-768e-480b-b3c2-b25dcc2345f1 ] Request (ServerExternalEventsTest:tearDownClass): 200 GET http://10.180.1.21/compute/v2.1/servers/16b6fafe-524d-482f-961b-10e3601ac4c2 0.057s
2025-03-26 04:53:27.314 68914 INFO tempest.lib.common.rest_client [req-3e847e46-2afe-4b8c-a274-d65bd0435519 req-3e847e46-2afe-4b8c-a274-d65bd0435519 ] Request (ServersAdminTestJSON:setUpClass): 200 GET http://10.180.1.21/compute/v2.1/servers/b40c9dec-cebc-4d23-8df4-96e804333706 0.132s
2025-03-26 04:53:27.361 68898 INFO tempest.lib.common.rest_client [req-c9a78c11-5721-4e22-9a99-1c5eb240e3fa req-c9a78c11-5721-4e22-9a99-1c5eb240e3fa ] Request (VolumesAdminNegativeTest:test_update_attached_volume_with_nonexistent_volume_in_uri): 200 GET http://10.180.1.21/compute/v2.1/servers/cc5139e1-4601-4966-9224-25b8223b8a57 0.057s
2025-03-26 04:53:27.365 68888 INFO tempest.lib.common.rest_client [req-8dd18f60-e680-45c3-93cb-432e9fea4beb req-8dd18f60-e680-45c3-93cb-432e9fea4beb ] Request (ServersTestBootFromVolume:tearDownClass): 200 GET http://10.180.1.21/compute/v2.1/servers/2cde3729-1be6-42c5-891f-42a7a8bff267 0.106s
2025-03-26 04:53:27.472 68928 INFO tempest.lib.common.rest_client [req-00ec4059-bb9e-4875-9b76-394ce6fc6708 req-00ec4059-bb9e-4875-9b76-394ce6fc6708 ] Request (VolumesAssistedSnapshotsTest:tearDownClass): 200 GET http://10.180.1.21/compute/v2.1/servers/50b9775c-ddbd-4e8f-a2b8-b08c3028fc28 0.063s
2025-03-26 04:53:27.533 68942 INFO tempest.lib.common.rest_client [req-75699f74-cfe4-4290-abda-948a7f233c75 req-75699f74-cfe4-4290-abda-948a7f233c75 ] Request (ServersAdmin275Test:test_rebuild_update_server_275): 200 GET http://10.180.1.21/compute/v2.1/servers/50abc994-682a-40d6-ae77-601839b98793 0.068s
2025-03-26 04:53:27.586 68912 INFO tempest.lib.common.rest_client [req-83f06d8d-29da-4c26-a46e-18b563e6d5a1 req-83f06d8d-29da-4c26-a46e-18b563e6d5a1 ] Request (ImagesOneServerNegativeTestJSON:_run_cleanups): 200 GET http://10.180.1.21/compute/v2.1/servers/1d1bc559-54c1-4ee5-ba78-bc4fbdca2df6 0.109s
2025-03-26 04:53:27.618 68922 INFO tempest.lib.common.rest_client [req-b614d2fc-46dd-4d88-85e1-176f43b3354a req-b614d2fc-46dd-4d88-85e1-176f43b3354a ] Request (InstanceActionsTestJSON:test_list_instance_actions): 200 GET http://10.180.1.21/compute/v2.1/servers/9aa0dbe3-e31c-4a14-a4e2-0cf781aa99c0 0.193s
2025-03-26 04:53:27.632 68922 INFO tempest.common.waiters [-] State transition "HARD_REBOOT/rebooting_hard" ==> "HARD_REBOOT/reboot_pending_hard" after 3 second wait
2025-03-26 04:53:27.650 68932 INFO tempest.lib.common.rest_client [req-ece34416-b690-45e2-8fa1-488e94ace5b0 req-ece34416-b690-45e2-8fa1-488e94ace5b0 ] Request (FloatingIPsAssociationTestJSON:tearDownClass): 200 GET http://10.180.1.21/compute/v2.1/servers/6606b921-4f3a-44f5-ae4e-c600f26876fc 0.133s
2025-03-26 04:53:27.697 68906 INFO tempest.lib.common.rest_client [req-c7400e74-1763-46b7-ad3f-0b1f70c51e09 req-c7400e74-1763-46b7-ad3f-0b1f70c51e09 ] Request (ListServerFiltersTestJSON:tearDownClass): 200 GET http://10.180.1.21/compute/v2.1/servers/0c4d4d93-89bf-4164-973b-af48278a3915 0.168s
2025-03-26 04:53:27.700 68908 INFO tempest.lib.common.rest_client [req-5ab50162-c1a7-4a1b-8df3-82a3fb5a928e req-5ab50162-c1a7-4a1b-8df3-82a3fb5a928e ] Request (ImagesOneServerTestJSON:tearDownClass): 200 GET http://10.180.1.21/compute/v2.1/servers/7c887df0-4358-46c5-9682-0d4122e96d10 0.129s
2025-03-26 04:53:27.751 68938 INFO tempest.lib.common.rest_client [req-857dc965-280b-430b-80c3-a5950520ae5f req-857dc965-280b-430b-80c3-a5950520ae5f ] Request (DeleteServersTestJSON:test_delete_server_while_in_attached_volume): 200 GET http://10.180.1.21/compute/v2.1/servers/492c0fa1-f821-496a-86c2-f7686479a733 0.166s
2025-03-26 04:53:27.777 68936 INFO tempest.lib.common.rest_client [req-a94817e5-5709-4ae6-a8c6-5808c231412c req-a94817e5-5709-4ae6-a8c6-5808c231412c ] Request (AttachInterfacesV270Test:test_create_get_list_interfaces): 200 GET http://10.180.1.21/compute/v2.1/servers/98efdafe-e02b-46ca-a701-b70042513128 0.150s
2025-03-26 04:53:27.856 68934 INFO tempest.lib.common.rest_client [req-7a610aaa-9a27-4bcf-afce-ea8b1de7daa7 req-7a610aaa-9a27-4bcf-afce-ea8b1de7daa7 ] Request (ServersWithSpecificFlavorTestJSON:test_verify_created_server_ephemeral_disk): 200 GET http://10.180.1.21/compute/v2.1/servers/53cc8dbd-c163-403a-9286-e1f8ad939f94 0.181s
2025-03-26 04:53:27.897 68944 INFO tempest.lib.common.rest_client [req-7ed15723-dc7b-4651-9fa3-bc7381abb0bb req-7ed15723-dc7b-4651-9fa3-bc7381abb0bb ] Request (MigrationsAdminTest:tearDownClass): 200 GET http://10.180.1.21/compute/v2.1/servers/925400c4-3b33-4f4a-9f63-3ceec06cf0b7 0.202s
2025-03-26 04:53:27.908 68944 ERROR tempest.test [-] teardown of resources failed: ((, Resource %(resource_id)s failed to delete and is in ERROR status Details: Server 912303de-a79d-41b0-ab44-c79e850a4dee failed to delete and is in ERROR status. Fault: {'code': 500, 'created': '2025-03-26T04:53:23Z', 'message': 'TypeError'}., ), (, Resource %(resource_id)s failed to delete and is in ERROR status Details: Server 925400c4-3b33-4f4a-9f63-3ceec06cf0b7 failed to delete and is in ERROR status. Fault: {'code': 500, 'created': '2025-03-26T04:51:26Z', 'message': 'TypeError'}., )): testtools.runtest.MultipleExceptions: ((, Resource %(resource_id)s failed to delete and is in ERROR status Details: Server 912303de-a79d-41b0-ab44-c79e850a4dee failed to delete and is in ERROR status. Fault: {'code': 500, 'created': '2025-03-26T04:53:23Z', 'message': 'TypeError'}., ), (, Resource %(resource_id)s failed to delete and is in ERROR status Details: Server 925400c4-3b33-4f4a-9f63-3ceec06cf0b7 failed to delete and is in ERROR status. Fault: {'code': 500, 'created': '2025-03-26T04:51:26Z', 'message': 'TypeError'}., ))
2025-03-26 04:53:27.908 68944 ERROR tempest.test
Traceback (most recent call last):
2025-03-26 04:53:27.908 68944 ERROR tempest.test
File "/opt/stack/tempest/tempest/test.py", line 210, in tearDownClass
2025-03-26 04:53:27.908 68944 ERROR tempest.test teardown()
2025-03-26 04:53:27.908 68944 ERROR tempest.test
File "/opt/stack/tempest/tempest/test.py", line 628, in resource_cleanup
2025-03-26 04:53:27.908 68944 ERROR tempest.test raise testtools.MultipleExceptions(*cleanup_errors)
2025-03-26 04:53:27.908 68944 ERROR tempest.test testtools.runtest.MultipleExceptions: ((, Resource %(resource_id)s failed to delete and is in ERROR status
2025-03-26 04:53:27.908 68944 ERROR tempest.test Details: Server 912303de-a79d-41b0-ab44-c79e850a4dee failed to delete and is in ERROR status. Fault: {'code': 500, 'created': '2025-03-26T04:53:23Z', 'message': 'TypeError'}., ), (, Resource %(resource_id)s failed to delete and is in ERROR status
2025-03-26 04:53:27.908 68944 ERROR tempest.test Details: Server 925400c4-3b33-4f4a-9f63-3ceec06cf0b7 failed to delete and is in ERROR status. Fault: {'code': 500, 'created': '2025-03-26T04:51:26Z', 'message': 'TypeError'}., ))
2025-03-26 04:53:27.908 68944 ERROR tempest.test
2025-03-26 04:53:27.916 68900 INFO tempest.lib.common.rest_client [req-23cc84b9-4800-40fa-bf9f-056985301734 req-23cc84b9-4800-40fa-bf9f-056985301734 ] Request (ListImageFiltersTestJSON:tearDownClass): 200 GET http://10.180.1.21/compute/v2.1/servers/c56e4282-b1ca-42f5-b346-692779475df0 0.177s
2025-03-26 04:53:27.957 68904 INFO tempest.lib.common.rest_client [req-74d898b6-568a-4f87-9573-b186f759ec19 req-74d898b6-568a-4f87-9573-b186f759ec19 ] Request (SecurityGroupsTestJSON:tearDownClass): 200 GET http://10.180.1.21/compute/v2.1/servers/5fe0475b-96cd-4b9a-8fd4-fe3d4e7f3155 0.199s
2025-03-26 04:53:27.969 68886 INFO tempest.lib.common.rest_client [req-dd6fef85-da1a-4e72-9220-7ed6c424e7b9 req-dd6fef85-da1a-4e72-9220-7ed6c424e7b9 ] Request (ServerAddressesTestJSON:setUpClass): 200 GET http://10.180.1.21/compute/v2.1/servers/9eafa273-097b-48ac-ae5f-4f7a469ac861 0.176s
2025-03-26 04:53:27.998 68944 INFO tempest.lib.common.rest_client [req-ef53425e-318c-4d40-9178-009ddd2a61ab req-ef53425e-318c-4d40-9178-009ddd2a61ab ] Request (MigrationsAdminTest:tearDownClass): 204 DELETE http://10.180.1.21/identity/v3/users/48f0153c75da4790905b1f734eb447e0 0.089s
2025-03-26 04:53:28.014 68940 INFO tempest.lib.common.rest_client [req-a7ab0e55-8f2c-47ed-ae39-23e5d688eb8e req-a7ab0e55-8f2c-47ed-ae39-23e5d688eb8e ] Request (AttachVolumeNegativeTest:test_attach_attached_volume_to_different_server): 200 GET http://10.180.1.21/compute/v2.1/servers/fd803a5e-8dbd-449e-b45d-1e6410a286e8 0.204s
2025-03-26 04:53:28.032 68892 INFO tempest.lib.common.rest_client [req-e51f52d9-7ac8-4c65-86a1-788f286ed897 req-e51f52d9-7ac8-4c65-86a1-788f286ed897 ] Request (InstanceActionsV221TestJSON:test_get_list_deleted_instance_actions): 200 GET http://10.180.1.21/compute/v2.1/servers/2dcadbe8-fe23-4ee5-bf8a-5aa3cde1425c 0.185s
2025-03-26 04:53:28.084 68903 INFO tempest.lib.common.rest_client [req-ef0ca620-6e3e-44d1-98b9-8b0ae487d11f req-ef0ca620-6e3e-44d1-98b9-8b0ae487d11f ] Request (ListServersNegativeTestJSON:setUpClass): 200 GET http://10.180.1.21/compute/v2.1/servers/ba22fe4b-2238-4748-8af5-8fc6bfe3b3ae 0.207s
2025-03-26 04:53:28.108 68924 INFO tempest.lib.common.rest_client [req-a12e9db2-09fa-4039-88d2-67fe196519a1 req-a12e9db2-09fa-4039-88d2-67fe196519a1 ] Request (ImagesNegativeTestJSON:test_create_image_from_deleted_server): 200 GET http://10.180.1.21/compute/v2.1/servers/77b9756e-2299-47e2-a6d8-e8026e33a3de 0.203s
2025-03-26 04:53:28.133 68944 INFO tempest.lib.common.rest_client [req-e264593a-51fa-4f4c-9b17-655fdb44e7d6 req-e264593a-51fa-4f4c-9b17-655fdb44e7d6 ] Request (MigrationsAdminTest:tearDownClass): 204 DELETE http://10.180.1.21/identity/v3/users/de9235eaf6a44012998df01fa2414808 0.134s
2025-03-26 04:53:28.133 68944 INFO tempest.lib.common.dynamic_creds [-] Deleting project and security group for project: 3261f1c37b4347a2b46ea46c42f49d95
2025-03-26 04:53:28.201 68944 INFO tempest.lib.common.rest_client [req-5fc84099-4471-4df5-8000-81b4970f1668 req-5fc84099-4471-4df5-8000-81b4970f1668 ] Request (MigrationsAdminTest:tearDownClass): 201 POST http://10.180.1.21/identity/v3/auth/tokens 0.068s
2025-03-26 04:53:28.302 68894 INFO tempest.lib.common.rest_client [req-b702f7d6-cbae-413f-8276-fc36dddb9ab3 req-b702f7d6-cbae-413f-8276-fc36dddb9ab3 ] Request (MultipleCreateTestJSON:test_multiple_create_with_reservation_return): 200 GET http://10.180.1.21/compute/v2.1/servers/60aa85f3-edac-40e0-ad31-a8f93219e380 0.065s
2025-03-26 04:53:28.302 68916 INFO tempest.lib.common.rest_client [req-15bdf664-9c33-4b2f-bfc7-bb4419fd75d3 req-15bdf664-9c33-4b2f-bfc7-bb4419fd75d3 ] Request (AttachInterfacesUnderV243Test:_run_cleanups): 200 GET http://10.180.1.21/compute/v2.1/servers/ad207187-634f-4e7f-9809-eb3f742ddeec 0.057s
2025-03-26 04:53:28.386 68944 INFO tempest.lib.common.rest_client [req-76e474ff-2444-46d5-8098-9b67e3ec6c6e req-76e474ff-2444-46d5-8098-9b67e3ec6c6e ] Request (MigrationsAdminTest:tearDownClass): 200 GET http://10.180.1.21:9696/networking/v2.0/security-groups?tenant_id=3261f1c37b4347a2b46ea46c42f49d95&name=default 0.185s
2025-03-26 04:53:28.390 68910 INFO tempest.lib.common.rest_client [req-a0df976c-dc7c-480c-80b9-78619c5ebc0a req-a0df976c-dc7c-480c-80b9-78619c5ebc0a ] Request (ServerExternalEventsTest:tearDownClass): 200 GET http://10.180.1.21/compute/v2.1/servers/16b6fafe-524d-482f-961b-10e3601ac4c2 0.071s
2025-03-26 04:53:28.448 68898 INFO tempest.lib.common.rest_client [req-ddbe8a19-1368-4b6b-b65c-223c21decb02 req-ddbe8a19-1368-4b6b-b65c-223c21decb02 ] Request (VolumesAdminNegativeTest:test_update_attached_volume_with_nonexistent_volume_in_uri): 200 GET http://10.180.1.21/compute/v2.1/servers/cc5139e1-4601-4966-9224-25b8223b8a57 0.079s
2025-03-26 04:53:28.477 68914 INFO tempest.lib.common.rest_client [req-ba0c246e-8458-427c-92c1-81a3816699c8 req-ba0c246e-8458-427c-92c1-81a3816699c8 ] Request (ServersAdminTestJSON:setUpClass): 200 GET http://10.180.1.21/compute/v2.1/servers/b40c9dec-cebc-4d23-8df4-96e804333706 0.155s
2025-03-26 04:53:28.477 68944 INFO tempest.lib.common.rest_client [req-19dd5f5e-694e-4c57-ac2a-bf9cfb08ef1d req-19dd5f5e-694e-4c57-ac2a-bf9cfb08ef1d ] Request (MigrationsAdminTest:tearDownClass): 204 DELETE http://10.180.1.21:9696/networking/v2.0/security-groups/30191ab8-016d-463b-b04a-9afceb1a9a18 0.090s
2025-03-26 04:53:28.519 68888 INFO tempest.lib.common.rest_client [req-a7e45191-839f-48e0-9cde-ee047acd5390 req-a7e45191-839f-48e0-9cde-ee047acd5390 ] Request (ServersTestBootFromVolume:tearDownClass): 200 GET http://10.180.1.21/compute/v2.1/servers/2cde3729-1be6-42c5-891f-42a7a8bff267 0.147s
2025-03-26 04:53:28.543 68944 INFO tempest.lib.common.rest_client [req-2cb1efd5-b4d1-48ae-a7df-b104324dfccd req-2cb1efd5-b4d1-48ae-a7df-b104324dfccd ] Request (MigrationsAdminTest:tearDownClass): 204 DELETE http://10.180.1.21/identity/v3/projects/3261f1c37b4347a2b46ea46c42f49d95 0.065s
2025-03-26 04:53:28.543 68944 INFO tempest.lib.common.dynamic_creds [-] Deleting project and security group for project: fb7d044e2a2e4568b5c8c922b17a81ce
2025-03-26 04:53:28.546 68928 INFO tempest.lib.common.rest_client [req-4ff0b6db-90bf-44a8-8ced-3d8152c2ee62 req-4ff0b6db-90bf-44a8-8ced-3d8152c2ee62 ] Request (VolumesAssistedSnapshotsTest:tearDownClass): 200 GET http://10.180.1.21/compute/v2.1/servers/50b9775c-ddbd-4e8f-a2b8-b08c3028fc28 0.064s
2025-03-26 04:53:28.585 68944 INFO tempest.lib.common.rest_client [req-519b8c97-5e48-46eb-bef7-1e77e1be4479 req-519b8c97-5e48-46eb-bef7-1e77e1be4479 ] Request (MigrationsAdminTest:tearDownClass): 200 GET http://10.180.1.21:9696/networking/v2.0/security-groups?tenant_id=fb7d044e2a2e4568b5c8c922b17a81ce&name=default 0.041s
2025-03-26 04:53:28.608 68942 INFO tempest.lib.common.rest_client [req-e9b71d19-8392-4e1b-9b7a-c9d6b480cbed req-e9b71d19-8392-4e1b-9b7a-c9d6b480cbed ] Request (ServersAdmin275Test:test_rebuild_update_server_275): 200 GET http://10.180.1.21/compute/v2.1/servers/50abc994-682a-40d6-ae77-601839b98793 0.065s
2025-03-26 04:53:28.638 68944 INFO tempest.lib.common.rest_client [req-586bac71-3159-4269-a4c5-da9a1b034f77 req-586bac71-3159-4269-a4c5-da9a1b034f77 ] Request (MigrationsAdminTest:tearDownClass): 409 DELETE http://10.180.1.21:9696/networking/v2.0/security-groups/97a218e9-0b11-4eac-89d6-3786990f9723 0.052s
2025-03-26 04:53:28.638 68944 ERROR tempest.test [-] teardown of credentials failed: Conflict with state of target resource Details: {'type': 'SecurityGroupInUse', 'message': 'Security Group 97a218e9-0b11-4eac-89d6-3786990f9723 in use.', 'detail': ''}: tempest.lib.exceptions.Conflict: Conflict with state of target resource Details: {'type': 'SecurityGroupInUse', 'message': 'Security Group 97a218e9-0b11-4eac-89d6-3786990f9723 in use.', 'detail': ''}
2025-03-26 04:53:28.638 68944 ERROR tempest.test
Traceback (most recent call last):
2025-03-26 04:53:28.638 68944 ERROR tempest.test
File "/opt/stack/tempest/tempest/test.py", line 210, in tearDownClass
2025-03-26 04:53:28.638 68944 ERROR tempest.test teardown()
2025-03-26 04:53:28.638 68944 ERROR tempest.test
File "/opt/stack/tempest/tempest/test.py", line 757, in clear_credentials
2025-03-26 04:53:28.638 68944 ERROR tempest.test cls._creds_provider.clear_creds()
2025-03-26 04:53:28.638 68944 ERROR tempest.test
File "/opt/stack/tempest/tempest/lib/common/dynamic_creds.py", line 635, in clear_creds
2025-03-26 04:53:28.638 68944 ERROR tempest.test self.cleanup_default_secgroup(
2025-03-26 04:53:28.638 68944 ERROR tempest.test
File "/opt/stack/tempest/tempest/lib/common/cred_provider.py", line 145, in cleanup_default_secgroup
2025-03-26 04:53:28.638 68944 ERROR tempest.test security_group_client.delete_security_group(secgroup['id'])
2025-03-26 04:53:28.638 68944 ERROR tempest.test
File "/opt/stack/tempest/tempest/lib/services/network/security_groups_client.py", line 59, in delete_security_group
2025-03-26 04:53:28.638 68944 ERROR tempest.test return self.delete_resource(uri)
2025-03-26 04:53:28.638 68944 ERROR tempest.test
File "/opt/stack/tempest/tempest/lib/services/network/base.py", line 42, in delete_resource
2025-03-26 04:53:28.638 68944 ERROR tempest.test resp, body = self.delete(req_uri)
2025-03-26 04:53:28.638 68944 ERROR tempest.test
File "/opt/stack/tempest/tempest/lib/common/rest_client.py", line 359, in delete
2025-03-26 04:53:28.638 68944 ERROR tempest.test return self.request('DELETE', url, extra_headers, headers, body)
2025-03-26 04:53:28.638 68944 ERROR tempest.test
File "/opt/stack/tempest/tempest/lib/common/rest_client.py", line 762, in request
2025-03-26 04:53:28.638 68944 ERROR tempest.test self._error_checker(resp, resp_body)
2025-03-26 04:53:28.638 68944 ERROR tempest.test
File "/opt/stack/tempest/tempest/lib/common/rest_client.py", line 892, in _error_checker
2025-03-26 04:53:28.638 68944 ERROR tempest.test raise exceptions.Conflict(resp_body, resp=resp)
2025-03-26 04:53:28.638 68944 ERROR tempest.test tempest.lib.exceptions.Conflict: Conflict with state of target resource
2025-03-26 04:53:28.638 68944 ERROR tempest.test Details: {'type': 'SecurityGroupInUse', 'message': 'Security Group 97a218e9-0b11-4eac-89d6-3786990f9723 in use.', 'detail': ''}
2025-03-26 04:53:28.638 68944 ERROR tempest.test
2025-03-26 04:53:28.679 68912 INFO tempest.lib.common.rest_client [req-43713603-f0e0-4b45-9caf-9e8776be528a req-43713603-f0e0-4b45-9caf-9e8776be528a ] Request (ImagesOneServerNegativeTestJSON:_run_cleanups): 200 GET http://10.180.1.21/compute/v2.1/servers/1d1bc559-54c1-4ee5-ba78-bc4fbdca2df6 0.081s
2025-03-26 04:53:28.717 68944 INFO tempest.lib.common.rest_client [req-472b4592-51b8-475f-b7e2-d4a7f9a67826 req-472b4592-51b8-475f-b7e2-d4a7f9a67826 ] Request (NetworksTest:setUpClass): 201 POST http://10.180.1.21/identity/v3/auth/tokens 0.073s
2025-03-26 04:53:28.749 68932 INFO tempest.lib.common.rest_client [req-ee25b50c-29f0-45dd-823d-2b79fd468625 req-ee25b50c-29f0-45dd-823d-2b79fd468625 ] Request (FloatingIPsAssociationTestJSON:tearDownClass): 200 GET http://10.180.1.21/compute/v2.1/servers/6606b921-4f3a-44f5-ae4e-c600f26876fc 0.091s
2025-03-26 04:53:28.758 68944 INFO tempest.lib.common.rest_client [req-bc91ab0e-000f-4925-a7f4-aebfc059fa98 req-bc91ab0e-000f-4925-a7f4-aebfc059fa98 ] Request (NetworksTest:setUpClass): 201 POST http://10.180.1.21/identity/v3/auth/tokens 0.038s
