2025-03-26 04:51:25.803 68912 INFO tempest.lib.common.rest_client [req-ec0cac84-a6f6-4195-9ed1-1060e4d6a360 req-ec0cac84-a6f6-4195-9ed1-1060e4d6a360 ] Request (ImagesOneServerNegativeTestJSON:setUpClass): 200 GET http://10.180.1.21/compute/v2.1/servers/239c1217-ba8e-474a-b02c-7d85e3ac92f4 0.835s
2025-03-26 04:51:25.837 68922 INFO tempest.lib.common.rest_client [req-6b98a421-ade5-43f6-ad5e-d6000f3a1027 req-6b98a421-ade5-43f6-ad5e-d6000f3a1027 ] Request (FlavorsExtraSpecsTestJSON:test_flavor_non_admin_get_all_keys): 200 POST http://10.180.1.21/compute/v2.1/flavors/41345469/os-extra_specs 0.743s
2025-03-26 04:51:26.191 68936 INFO tempest.lib.common.rest_client [req-3c34337c-9872-41e2-9448-c33c083a02e5 req-3c34337c-9872-41e2-9448-c33c083a02e5 ] Request (FloatingIPsAssociationNegativeTestJSON:tearDownClass): 200 GET http://10.180.1.21/compute/v2.1/servers/7129a57f-e639-49ae-96a9-3c1d966034a8 1.085s
2025-03-26 04:51:26.204 68894 INFO tempest.lib.common.rest_client [req-09d7e36b-476f-4a93-8d4d-79ae3d777df3 req-09d7e36b-476f-4a93-8d4d-79ae3d777df3 ] Request (MultipleCreateTestJSON:test_multiple_create): 202 POST http://10.180.1.21/compute/v2.1/servers 1.182s
2025-03-26 04:51:26.229 68924 INFO tempest.lib.common.rest_client [req-6545dc74-b178-4216-868e-aca8e32dfbee req-6545dc74-b178-4216-868e-aca8e32dfbee ] Request (FlavorsAdminTestJSON:test_list_non_public_flavor): 200 GET http://10.180.1.21/compute/v2.1/flavors/detail 0.897s
2025-03-26 04:51:26.234 68926 INFO tempest.lib.common.rest_client [req-342561fb-ce08-4d31-a4b7-57c4b400b407 req-342561fb-ce08-4d31-a4b7-57c4b400b407 ] Request (SecurityGroupRulesNegativeTestJSON:test_create_security_group_rule_with_invalid_id): 400 POST http://10.180.1.21/compute/v2.1/os-security-group-rules 0.863s
2025-03-26 04:51:26.244 68892 INFO tempest.lib.common.rest_client [req-c7897f45-660b-4511-bc41-1e86e2a87a27 req-c7897f45-660b-4511-bc41-1e86e2a87a27 ] Request (KeyPairsV22TestJSON:test_keypairsv22_create_list_show): 200 GET http://10.180.1.21/compute/v2.1/os-keypairs 0.789s
2025-03-26 04:51:26.263 68920 INFO tempest.lib.common.rest_client [req-990e7f72-8124-4ae2-b6b2-a2f4693acca8 req-990e7f72-8124-4ae2-b6b2-a2f4693acca8 ] Request (ServerShowV254Test:test_rebuild_server): 200 GET http://10.180.1.21/compute/v2.1/servers/9bb06e82-cc5c-4673-b1f6-aae87568aa9c 1.076s
2025-03-26 04:51:26.334 68946 INFO tempest.lib.common.rest_client [req-25211e2b-18da-4440-8b5e-447cabcb3ce4 req-25211e2b-18da-4440-8b5e-447cabcb3ce4 ] Request (ServersTestManualDisk:setUpClass): 200 GET http://10.180.1.21/compute/v2.1/servers/b2e6de60-b4e5-4030-bca7-355d17fec06d 0.663s
2025-03-26 04:51:26.378 68932 INFO tempest.lib.common.rest_client [req-468592b0-f989-404b-9cec-7d9a66fe9ebb req-468592b0-f989-404b-9cec-7d9a66fe9ebb ] Request (FloatingIPsAssociationTestJSON:setUpClass): 200 GET http://10.180.1.21/compute/v2.1/servers/39a84212-2e52-4dba-b00c-5689564deaf4 0.812s
2025-03-26 04:51:26.435 68940 INFO tempest.lib.common.rest_client [req-03c9200f-250a-4df9-a962-af60af7843ed req-03c9200f-250a-4df9-a962-af60af7843ed ] Request (ServerTagsTestJSON:_run_cleanups): 204 DELETE http://10.180.1.21/compute/v2.1/servers/1c8dfb47-df19-4101-8d4e-30889d71d7da/tags 0.706s
2025-03-26 04:51:26.501 68904 INFO tempest.lib.common.rest_client [req-61cd088c-dfdb-484f-ac72-e35b80de2323 req-61cd088c-dfdb-484f-ac72-e35b80de2323 ] Request (SecurityGroupsTestJSON:test_server_security_groups): 200 GET http://10.180.1.21/compute/v2.1/servers/bda7e09b-848b-4d5d-a49d-6e0639f22f99 0.772s
2025-03-26 04:51:26.522 68906 INFO tempest.lib.common.rest_client [req-58fbc281-a28c-490c-9bf1-0272885bb684 req-58fbc281-a28c-490c-9bf1-0272885bb684 ] Request (ImagesMetadataTestJSON:test_delete_image_metadata_item): 204 DELETE http://10.180.1.21/compute/v2.1/images/a9344507-1150-4af0-aa01-272d495de67a/metadata/os_version 0.821s
2025-03-26 04:51:26.564 68914 INFO tempest.lib.common.rest_client [req-09c7dc0b-c359-4689-89fd-2a8dc7ec7cea req-09c7dc0b-c359-4689-89fd-2a8dc7ec7cea ] Request (ServerDiagnosticsTest:tearDownClass): 200 GET http://10.180.1.21/compute/v2.1/servers/8eb18d79-e164-4e66-83b0-7b40d04c30a8 0.797s
2025-03-26 04:51:26.577 68900 INFO tempest.lib.common.rest_client [req-68be7c96-23e1-4644-89ef-56b8330787b6 req-68be7c96-23e1-4644-89ef-56b8330787b6 ] Request (ListImageFiltersTestJSON:setUpClass): 200 GET http://10.180.1.21/compute/v2.1/servers/c9264123-ab19-40d5-959a-791b8966d2f6 0.745s
2025-03-26 04:51:26.585 68900 INFO tempest.common.waiters [-] State transition "BUILD/None" ==> "BUILD/networking" after 23 second wait
2025-03-26 04:51:26.633 68922 INFO tempest.lib.common.rest_client [req-e0469a93-f4c3-4124-b371-4d775e548714 req-e0469a93-f4c3-4124-b371-4d775e548714 ] Request (FlavorsExtraSpecsTestJSON:test_flavor_non_admin_get_all_keys): 200 GET http://10.180.1.21/compute/v2.1/flavors/41345469/os-extra_specs 0.794s
2025-03-26 04:51:26.643 68903 INFO tempest.lib.common.rest_client [req-e07bc34c-408b-4b22-a4ed-2177aadec87f req-e07bc34c-408b-4b22-a4ed-2177aadec87f ] Request (ServerDiagnosticsNegativeTest:tearDownClass): 200 GET http://10.180.1.21/compute/v2.1/servers/26625edb-06ca-48cc-aaf1-3c55a6ea942b 0.650s
2025-03-26 04:51:26.650 68903 INFO tempest.common.waiters [-] State transition "ACTIVE/deleting" ==> "DELETED/None" after 4 second wait
2025-03-26 04:51:26.694 68910 INFO tempest.lib.common.rest_client [req-08e0d1a5-1a36-4d9e-8ed9-ab959161f517 req-08e0d1a5-1a36-4d9e-8ed9-ab959161f517 ] Request (ServerDiagnosticsV248Test:tearDownClass): 200 GET http://10.180.1.21/compute/v2.1/servers/7693ef68-d7e5-4899-9615-9f2a1dd0bce8 0.653s
2025-03-26 04:51:26.755 68948 INFO tempest.lib.common.rest_client [req-390c5cf7-7bf4-4e44-ae8c-d66b6c433ac4 req-390c5cf7-7bf4-4e44-ae8c-d66b6c433ac4 ] Request (InstanceActionsNegativeTestJSON:setUpClass): 200 GET http://10.180.1.21/compute/v2.1/servers/f6990fa5-e2c7-4b15-8e40-02cbbd7e75fc 0.566s
2025-03-26 04:51:26.842 68944 INFO tempest.lib.common.rest_client [req-891a27d6-7691-4c59-a961-0afbc78a33ce req-891a27d6-7691-4c59-a961-0afbc78a33ce ] Request (MigrationsAdminTest:test_list_migrations_in_flavor_resize_situation): 200 GET http://10.180.1.21/compute/v2.1/servers/925400c4-3b33-4f4a-9f63-3ceec06cf0b7 0.663s
2025-03-26 04:51:26.849 68944 INFO tempest.common.waiters [-] State transition "RESIZE/resize_migrating" ==> "ERROR/resize_migrating" after 26 second wait
2025-03-26 04:51:26.869 68924 INFO tempest.lib.common.rest_client [req-f4deab4e-7edc-4ac6-96e7-c60fbffbe4fa req-f4deab4e-7edc-4ac6-96e7-c60fbffbe4fa ] Request (FlavorsAdminTestJSON:test_list_non_public_flavor): 200 GET http://10.180.1.21/compute/v2.1/flavors/detail 0.634s
2025-03-26 04:51:26.880 68894 INFO tempest.lib.common.rest_client [req-119a4df2-04d0-44f2-8481-d7d51271f266 req-119a4df2-04d0-44f2-8481-d7d51271f266 ] Request (MultipleCreateTestJSON:test_multiple_create): 200 GET http://10.180.1.21/compute/v2.1/servers 0.674s
2025-03-26 04:51:26.907 68892 INFO tempest.lib.common.rest_client [req-2ea91237-c20f-4c41-bc76-cbea2cc98699 req-2ea91237-c20f-4c41-bc76-cbea2cc98699 ] Request (KeyPairsV22TestJSON:_run_cleanups): 204 DELETE http://10.180.1.21/compute/v2.1/os-keypairs/tempest-keypair-1721314572 0.661s
2025-03-26 04:51:26.952 68938 INFO tempest.lib.common.rest_client [req-0cf874cd-1e16-4ef6-bd6b-3e5702afce1f req-0cf874cd-1e16-4ef6-bd6b-3e5702afce1f ] Request (DeleteServersTestJSON:test_delete_active_server): 200 GET http://10.180.1.21/compute/v2.1/servers/303f41c0-7a19-48b2-a072-4f138f6f8156 0.695s
2025-03-26 04:51:27.018 68942 INFO tempest.lib.common.rest_client [req-1134f0a7-692c-4ca1-a17c-56a806ff6e49 req-1134f0a7-692c-4ca1-a17c-56a806ff6e49 ] Request (DeleteServersAdminTestJSON:test_delete_server_while_in_error_state): 200 GET http://10.180.1.21/compute/v2.1/servers/a29854f9-0096-4b01-9350-bfddee84e2c2 0.697s
2025-03-26 04:51:27.110 68926 INFO tempest.lib.common.rest_client [req-3cf76a15-d803-49dd-b1fa-e844b45cf486 req-3cf76a15-d803-49dd-b1fa-e844b45cf486 ] Request (SecurityGroupRulesNegativeTestJSON:test_create_security_group_rule_with_invalid_ip_protocol): 200 POST http://10.180.1.21/compute/v2.1/os-security-groups 0.875s
2025-03-26 04:51:27.150 68916 INFO tempest.lib.common.rest_client [req-02e987f5-64fb-4824-a4d2-42cc91422154 req-02e987f5-64fb-4824-a4d2-42cc91422154 ] Request (AttachInterfacesUnderV243Test:test_add_remove_fixed_ip): 200 GET http://10.180.1.21/compute/v2.1/servers/ad207187-634f-4e7f-9809-eb3f742ddeec 0.829s
2025-03-26 04:51:27.183 68908 INFO tempest.lib.common.rest_client [req-70f9efc6-0a9b-43b4-88a5-4ddcb8076a71 req-70f9efc6-0a9b-43b4-88a5-4ddcb8076a71 ] Request (ImagesOneServerTestJSON:setUpClass): 200 GET http://10.180.1.21/compute/v2.1/servers/7c887df0-4358-46c5-9682-0d4122e96d10 0.788s
2025-03-26 04:51:27.214 68940 INFO tempest.lib.common.rest_client [req-b9265aee-b514-41d9-9acf-7b31af7594f4 req-b9265aee-b514-41d9-9acf-7b31af7594f4 ] Request (ServerTagsTestJSON:test_update_all_tags): 201 PUT http://10.180.1.21/compute/v2.1/servers/1c8dfb47-df19-4101-8d4e-30889d71d7da/tags/tempest-tag-541796071 0.776s
2025-03-26 04:51:27.244 68906 INFO tempest.lib.common.rest_client [req-b548b70e-b3f6-429e-aca2-2cd8602741ae req-b548b70e-b3f6-429e-aca2-2cd8602741ae ] Request (ImagesMetadataTestJSON:test_delete_image_metadata_item): 200 GET http://10.180.1.21/compute/v2.1/images/a9344507-1150-4af0-aa01-272d495de67a/metadata 0.721s
2025-03-26 04:51:27.255 68888 INFO tempest.lib.common.rest_client [req-794d28b5-7d2b-4d12-ad27-1b147cc4b062 req-794d28b5-7d2b-4d12-ad27-1b147cc4b062 ] Request (ServersTestBootFromVolume:setUpClass): 200 GET http://10.180.1.21/compute/v2.1/servers/2cde3729-1be6-42c5-891f-42a7a8bff267 0.803s
2025-03-26 04:51:27.271 68922 INFO tempest.lib.common.rest_client [req-ac3608bb-5462-4c28-95ae-83ad57cbe5f8 req-ac3608bb-5462-4c28-95ae-83ad57cbe5f8 ] Request (FlavorsExtraSpecsTestJSON:test_flavor_non_admin_get_specific_key): 200 POST http://10.180.1.21/compute/v2.1/flavors/41345469/os-extra_specs 0.635s
2025-03-26 04:51:27.366 68896 INFO tempest.lib.common.rest_client [req-eb98ad26-3d1d-4fa6-a607-8a3481f71794 req-eb98ad26-3d1d-4fa6-a607-8a3481f71794 ] Request (TenantUsagesTestJSON:tearDownClass): 200 GET http://10.180.1.21/compute/v2.1/servers/d6c45731-d76a-46cf-9b7d-be035a200948 0.590s
2025-03-26 04:51:27.378 68886 INFO tempest.lib.common.rest_client [req-366d5a1b-347b-448f-9110-eceb19a4c42a req-366d5a1b-347b-448f-9110-eceb19a4c42a ] Request (ServersAdminNegativeTestJSON:test_migrate_server_invalid_state): 200 GET http://10.180.1.21/compute/v2.1/servers/40b768c1-9007-4f78-a90f-61b2ac64553f 0.674s
2025-03-26 04:51:27.391 68944 INFO tempest.lib.common.rest_client [req-00f11182-13e9-4cb1-ba60-890f7e654461 req-00f11182-13e9-4cb1-ba60-890f7e654461 ] Request (MigrationsAdminTest:test_resize_server_revert_deleted_flavor): 200 GET http://10.180.1.21/compute/v2.1/flavors/42 0.540s
2025-03-26 04:51:27.406 68924 INFO tempest.lib.common.rest_client [req-24d95a79-3d71-4e68-8c47-317ff59ac4e2 req-24d95a79-3d71-4e68-8c47-317ff59ac4e2 ] Request (FlavorsAdminTestJSON:_run_cleanups): 202 DELETE http://10.180.1.21/compute/v2.1/flavors/813192835 0.531s
2025-03-26 04:51:27.429 68912 INFO tempest.lib.common.rest_client [req-12f35d49-8549-414b-afbf-df77a8239ba8 req-12f35d49-8549-414b-afbf-df77a8239ba8 ] Request (ImagesOneServerNegativeTestJSON:setUpClass): 200 GET http://10.180.1.21/compute/v2.1/servers/239c1217-ba8e-474a-b02c-7d85e3ac92f4 0.612s
2025-03-26 04:51:27.444 68934 WARNING tempest.lib.common.ssh [-] Failed to establish authenticated ssh connection to cirros@10.180.180.182 ([Errno None] Unable to connect to port 22 on 10.180.180.182). Number attempts: 1. Retry after 2 seconds.: paramiko.ssh_exception.NoValidConnectionsError: [Errno None] Unable to connect to port 22 on 10.180.180.182
2025-03-26 04:51:27.462 68894 INFO tempest.lib.common.rest_client [req-4955e1b1-3b22-4eba-8369-1aac07ad5ef6 req-4955e1b1-3b22-4eba-8369-1aac07ad5ef6 ] Request (MultipleCreateTestJSON:test_multiple_create): 200 GET http://10.180.1.21/compute/v2.1/servers/78f486aa-80f4-4d43-bd00-cc6206517a72 0.580s
2025-03-26 04:51:27.493 68926 INFO tempest.lib.common.rest_client [req-7a443a59-2520-41ea-8c99-c9959675b7ab req-7a443a59-2520-41ea-8c99-c9959675b7ab ] Request (SecurityGroupRulesNegativeTestJSON:test_create_security_group_rule_with_invalid_ip_protocol): 400 POST http://10.180.1.21/compute/v2.1/os-security-group-rules 0.380s
2025-03-26 04:51:27.552 68936 INFO tempest.lib.common.rest_client [req-b2c0d813-a573-4d1f-8651-f6a4c2739046 req-b2c0d813-a573-4d1f-8651-f6a4c2739046 ] Request (FloatingIPsAssociationNegativeTestJSON:tearDownClass): 200 GET http://10.180.1.21/compute/v2.1/servers/7129a57f-e639-49ae-96a9-3c1d966034a8 0.352s
2025-03-26 04:51:27.561 68936 INFO tempest.common.waiters [-] State transition "ACTIVE/deleting" ==> "DELETED/None" after 3 second wait
2025-03-26 04:51:27.612 68940 INFO tempest.lib.common.rest_client [req-8958429f-00d6-4626-99bd-1fdd3da66ab6 req-8958429f-00d6-4626-99bd-1fdd3da66ab6 ] Request (ServerTagsTestJSON:test_update_all_tags): 201 PUT http://10.180.1.21/compute/v2.1/servers/1c8dfb47-df19-4101-8d4e-30889d71d7da/tags/tempest-tag-2143834898 0.397s
2025-03-26 04:51:27.813 68906 INFO tempest.lib.common.rest_client [req-0ec6ecd7-0d50-47f6-8c46-2f348e826a16 req-0ec6ecd7-0d50-47f6-8c46-2f348e826a16 ] Request (ImagesMetadataTestJSON:setUp): 200 PUT http://10.180.1.21/compute/v2.1/images/a9344507-1150-4af0-aa01-272d495de67a/metadata 0.567s
2025-03-26 04:51:27.865 68920 INFO tempest.lib.common.rest_client [req-237f9a14-d897-460f-a19d-86b27a9f9db4 req-237f9a14-d897-460f-a19d-86b27a9f9db4 ] Request (ServerShowV254Test:test_rebuild_server): 200 GET http://10.180.1.21/compute/v2.1/servers/9bb06e82-cc5c-4673-b1f6-aae87568aa9c 0.591s
2025-03-26 04:51:27.876 68922 INFO tempest.lib.common.rest_client [req-e4a96555-c261-4d08-acef-442cbe3e7c02 req-e4a96555-c261-4d08-acef-442cbe3e7c02 ] Request (FlavorsExtraSpecsTestJSON:test_flavor_non_admin_get_specific_key): 200 GET http://10.180.1.21/compute/v2.1/flavors/41345469/os-extra_specs/hw:numa_nodes 0.602s
2025-03-26 04:51:27.890 68918 WARNING tempest.lib.common.ssh [-] Failed to establish authenticated ssh connection to cirros@10.180.180.166 ([Errno None] Unable to connect to port 22 on 10.180.180.166). Number attempts: 4. Retry after 5 seconds.: paramiko.ssh_exception.NoValidConnectionsError: [Errno None] Unable to connect to port 22 on 10.180.180.166
2025-03-26 04:51:27.930 68946 INFO tempest.lib.common.rest_client [req-871a8a46-584e-4150-932a-eadbab4c50a7 req-871a8a46-584e-4150-932a-eadbab4c50a7 ] Request (ServersTestManualDisk:setUpClass): 200 GET http://10.180.1.21/compute/v2.1/servers/b2e6de60-b4e5-4030-bca7-355d17fec06d 0.585s
2025-03-26 04:51:28.024 68932 INFO tempest.lib.common.rest_client [req-ea66267c-dc5f-479d-9811-67dd7d5e3025 req-ea66267c-dc5f-479d-9811-67dd7d5e3025 ] Request (FloatingIPsAssociationTestJSON:setUpClass): 200 GET http://10.180.1.21/compute/v2.1/servers/39a84212-2e52-4dba-b00c-5689564deaf4 0.636s
2025-03-26 04:51:28.046 68944 INFO tempest.lib.common.rest_client [req-f49207ee-9f6d-48b3-91a9-b7caf105edd1 req-f49207ee-9f6d-48b3-91a9-b7caf105edd1 ] Request (MigrationsAdminTest:test_resize_server_revert_deleted_flavor): 200 POST http://10.180.1.21/compute/v2.1/flavors 0.652s
2025-03-26 04:51:28.074 68924 INFO tempest.lib.common.rest_client [req-00e90737-77de-4db2-a929-d8127b9ef08f req-00e90737-77de-4db2-a929-d8127b9ef08f ] Request (FlavorsAdminTestJSON:_run_cleanups): 200 GET http://10.180.1.21/compute/v2.1/flavors/detail 0.668s
2025-03-26 04:51:28.092 68892 INFO tempest.lib.common.rest_client [req-4f05ca3f-969c-4bdb-a80b-a119dd2c41c8 req-4f05ca3f-969c-4bdb-a80b-a119dd2c41c8 ] Request (KeyPairsV22TestJSON:test_keypairsv22_create_list_show_with_type): 201 POST http://10.180.1.21/compute/v2.1/os-keypairs 1.182s
2025-03-26 04:51:28.150 68904 INFO tempest.lib.common.rest_client [req-b048f112-b35b-4c5e-956d-78b744dae34a req-b048f112-b35b-4c5e-956d-78b744dae34a ] Request (SecurityGroupsTestJSON:test_server_security_groups): 200 GET http://10.180.1.21/compute/v2.1/servers/bda7e09b-848b-4d5d-a49d-6e0639f22f99 0.639s
2025-03-26 04:51:28.186 68926 INFO tempest.lib.common.rest_client [req-2459d8dc-9ff2-4337-bac6-5853c5376bad req-2459d8dc-9ff2-4337-bac6-5853c5376bad ] Request (SecurityGroupRulesNegativeTestJSON:test_create_security_group_rule_with_invalid_port_range): 200 POST http://10.180.1.21/compute/v2.1/os-security-groups 0.689s
2025-03-26 04:51:28.210 68914 INFO tempest.lib.common.rest_client [req-9fbbda46-6666-46d4-b6ab-4497d4bf2e08 req-9fbbda46-6666-46d4-b6ab-4497d4bf2e08 ] Request (ServerDiagnosticsTest:tearDownClass): 200 GET http://10.180.1.21/compute/v2.1/servers/8eb18d79-e164-4e66-83b0-7b40d04c30a8 0.638s
2025-03-26 04:51:28.266 68940 INFO tempest.lib.common.rest_client [req-02a939e4-583b-4aef-ae74-267506f3427f req-02a939e4-583b-4aef-ae74-267506f3427f ] Request (ServerTagsTestJSON:test_update_all_tags): 200 PUT http://10.180.1.21/compute/v2.1/servers/1c8dfb47-df19-4101-8d4e-30889d71d7da/tags 0.653s
2025-03-26 04:51:28.330 68903 INFO tempest.lib.common.rest_client [req-a70a2c00-cd03-49f0-9298-7c243a351aec req-a70a2c00-cd03-49f0-9298-7c243a351aec ] Request (ServerDiagnosticsNegativeTest:tearDownClass): 200 GET http://10.180.1.21/compute/v2.1/servers/26625edb-06ca-48cc-aaf1-3c55a6ea942b 0.679s
2025-03-26 04:51:28.340 68900 INFO tempest.lib.common.rest_client [req-54fab394-f1e7-4d1c-99e8-cedc26ade372 req-54fab394-f1e7-4d1c-99e8-cedc26ade372 ] Request (ListImageFiltersTestJSON:setUpClass): 200 GET http://10.180.1.21/compute/v2.1/servers/c9264123-ab19-40d5-959a-791b8966d2f6 0.754s
2025-03-26 04:51:28.348 68900 INFO tempest.common.waiters [-] State transition "BUILD/networking" ==> "BUILD/spawning" after 25 second wait
2025-03-26 04:51:28.392 68948 INFO tempest.lib.common.rest_client [req-e4308d13-c239-43dd-9af3-44e7259f5b6a req-e4308d13-c239-43dd-9af3-44e7259f5b6a ] Request (InstanceActionsNegativeTestJSON:setUpClass): 200 GET http://10.180.1.21/compute/v2.1/servers/f6990fa5-e2c7-4b15-8e40-02cbbd7e75fc 0.627s
2025-03-26 04:51:28.394 68910 INFO tempest.lib.common.rest_client [req-4adf619e-89bb-4a3b-9c92-98e86a9ea8fa req-4adf619e-89bb-4a3b-9c92-98e86a9ea8fa ] Request (ServerDiagnosticsV248Test:tearDownClass): 200 GET http://10.180.1.21/compute/v2.1/servers/7693ef68-d7e5-4899-9615-9f2a1dd0bce8 0.690s
2025-03-26 04:51:28.415 68922 INFO tempest.lib.common.rest_client [req-28c05f9d-4348-4f2e-8bb4-4ab1407c5bd5 req-28c05f9d-4348-4f2e-8bb4-4ab1407c5bd5 ] Request (FlavorsExtraSpecsTestJSON:test_flavor_set_get_update_show_unset_keys): 200 POST http://10.180.1.21/compute/v2.1/flavors/41345469/os-extra_specs 0.537s
2025-03-26 04:51:28.425 68906 INFO tempest.lib.common.rest_client [req-d45475f9-d47d-4ae0-a97c-27e4ca66d63a req-d45475f9-d47d-4ae0-a97c-27e4ca66d63a ] Request (ImagesMetadataTestJSON:test_get_image_metadata_item): 200 GET http://10.180.1.21/compute/v2.1/images/a9344507-1150-4af0-aa01-272d495de67a/metadata/os_distro 0.611s
2025-03-26 04:51:28.467 68938 INFO tempest.lib.common.rest_client [req-25b8633a-3704-4e65-8bbd-497f5d942ed0 req-25b8633a-3704-4e65-8bbd-497f5d942ed0 ] Request (DeleteServersTestJSON:test_delete_active_server): 200 GET http://10.180.1.21/compute/v2.1/servers/303f41c0-7a19-48b2-a072-4f138f6f8156 0.500s
2025-03-26 04:51:28.476 68942 INFO tempest.lib.common.rest_client [req-4d4554b5-6bc7-4076-9065-2ceeba8d0153 req-4d4554b5-6bc7-4076-9065-2ceeba8d0153 ] Request (DeleteServersAdminTestJSON:test_delete_server_while_in_error_state): 200 GET http://10.180.1.21/compute/v2.1/servers/a29854f9-0096-4b01-9350-bfddee84e2c2 0.442s
2025-03-26 04:51:28.478 68944 INFO tempest.lib.common.rest_client [req-2f5b7e72-7252-4185-b2a7-c5499001293c req-2f5b7e72-7252-4185-b2a7-c5499001293c ] Request (MigrationsAdminTest:test_resize_server_revert_deleted_flavor): 200 GET http://10.180.1.21/compute/v2.1/flavors/42/os-extra_specs 0.424s
2025-03-26 04:51:28.487 68892 INFO tempest.lib.common.rest_client [req-63315694-29f8-47ee-9607-e7737ba4bf44 req-63315694-29f8-47ee-9607-e7737ba4bf44 ] Request (KeyPairsV22TestJSON:test_keypairsv22_create_list_show_with_type): 200 GET http://10.180.1.21/compute/v2.1/os-keypairs/tempest-keypair-1877339937 0.394s
2025-03-26 04:51:28.491 68924 INFO tempest.lib.common.rest_client [req-fcde0d6d-e9d5-404a-8c6a-634e7719bffb req-fcde0d6d-e9d5-404a-8c6a-634e7719bffb ] Request (FlavorsAdminTestJSON:test_list_public_flavor_with_other_user): 200 POST http://10.180.1.21/compute/v2.1/flavors 0.412s
2025-03-26 04:51:28.520 68926 INFO tempest.lib.common.rest_client [req-2bd6189d-0320-49c2-b062-a90382cc2016 req-2bd6189d-0320-49c2-b062-a90382cc2016 ] Request (SecurityGroupRulesNegativeTestJSON:test_create_security_group_rule_with_invalid_port_range): 400 POST http://10.180.1.21/compute/v2.1/os-security-group-rules 0.330s
2025-03-26 04:51:28.571 68908 INFO tempest.lib.common.rest_client [req-89c7c48e-2ed7-4e8c-b75e-9c67033bc038 req-89c7c48e-2ed7-4e8c-b75e-9c67033bc038 ] Request (ImagesOneServerTestJSON:setUpClass): 200 GET http://10.180.1.21/compute/v2.1/servers/7c887df0-4358-46c5-9682-0d4122e96d10 0.378s
2025-03-26 04:51:28.621 68888 INFO tempest.lib.common.rest_client [req-ee7ceee5-de08-49ad-89cd-ef12babe09b0 req-ee7ceee5-de08-49ad-89cd-ef12babe09b0 ] Request (ServersTestBootFromVolume:setUpClass): 200 GET http://10.180.1.21/compute/v2.1/servers/2cde3729-1be6-42c5-891f-42a7a8bff267 0.354s
2025-03-26 04:51:28.635 68940 INFO tempest.lib.common.rest_client [req-9407fa6a-3ec7-4237-9144-f5e87423ec3c req-9407fa6a-3ec7-4237-9144-f5e87423ec3c ] Request (ServerTagsTestJSON:test_update_all_tags): 200 GET http://10.180.1.21/compute/v2.1/servers/1c8dfb47-df19-4101-8d4e-30889d71d7da/tags 0.368s
2025-03-26 04:51:28.655 68916 INFO tempest.lib.common.rest_client [req-00f12d08-958e-4c1a-beec-e88cc18bbfcd req-00f12d08-958e-4c1a-beec-e88cc18bbfcd ] Request (AttachInterfacesUnderV243Test:test_add_remove_fixed_ip): 200 GET http://10.180.1.21/compute/v2.1/servers/ad207187-634f-4e7f-9809-eb3f742ddeec 0.498s
2025-03-26 04:51:28.664 68916 INFO tempest.common.waiters [-] State transition "BUILD/spawning" ==> "ACTIVE/None" after 44 second wait
2025-03-26 04:51:28.690 68896 INFO tempest.lib.common.rest_client [req-a4773c2a-5a1d-4bff-9cc9-74206bde7ebc req-a4773c2a-5a1d-4bff-9cc9-74206bde7ebc ] Request (TenantUsagesTestJSON:tearDownClass): 200 GET http://10.180.1.21/compute/v2.1/servers/d6c45731-d76a-46cf-9b7d-be035a200948 0.313s
2025-03-26 04:51:28.701 68922 INFO tempest.lib.common.rest_client [req-41715431-315c-4d67-ab0b-b5d37b320695 req-41715431-315c-4d67-ab0b-b5d37b320695 ] Request (FlavorsExtraSpecsTestJSON:test_flavor_set_get_update_show_unset_keys): 200 GET http://10.180.1.21/compute/v2.1/flavors/41345469/os-extra_specs 0.285s
2025-03-26 04:51:28.775 68886 INFO tempest.lib.common.rest_client [req-93e07906-a922-4bb1-a250-9970cdc596d5 req-93e07906-a922-4bb1-a250-9970cdc596d5 ] Request (ServersAdminNegativeTestJSON:test_migrate_server_invalid_state): 200 GET http://10.180.1.21/compute/v2.1/servers/40b768c1-9007-4f78-a90f-61b2ac64553f 0.388s
2025-03-26 04:51:28.827 68912 INFO tempest.lib.common.rest_client [req-73b01819-5de6-48d8-aa55-27b8ddb786a1 req-73b01819-5de6-48d8-aa55-27b8ddb786a1 ] Request (ImagesOneServerNegativeTestJSON:setUpClass): 200 GET http://10.180.1.21/compute/v2.1/servers/239c1217-ba8e-474a-b02c-7d85e3ac92f4 0.390s
2025-03-26 04:51:28.829 68906 INFO tempest.lib.common.rest_client [req-cc3e7ef8-e601-4654-85f2-ac1b705aef41 req-cc3e7ef8-e601-4654-85f2-ac1b705aef41 ] Request (ImagesMetadataTestJSON:setUp): 200 PUT http://10.180.1.21/compute/v2.1/images/a9344507-1150-4af0-aa01-272d495de67a/metadata 0.401s
2025-03-26 04:51:28.860 68944 INFO tempest.lib.common.rest_client [req-3d21db7b-2132-46a8-88ad-73648a13b023 req-3d21db7b-2132-46a8-88ad-73648a13b023 ] Request (MigrationsAdminTest:test_resize_server_revert_deleted_flavor): 200 POST http://10.180.1.21/compute/v2.1/flavors/8f751b17-ac71-4dd8-99d2-bcdbe944f057/os-extra_specs 0.381s
2025-03-26 04:51:28.867 68892 INFO tempest.lib.common.rest_client [req-3360626d-9912-44c2-9599-bb08f3467af8 req-3360626d-9912-44c2-9599-bb08f3467af8 ] Request (KeyPairsV22TestJSON:test_keypairsv22_create_list_show_with_type): 200 GET http://10.180.1.21/compute/v2.1/os-keypairs 0.377s
2025-03-26 04:51:28.882 68894 INFO tempest.lib.common.rest_client [req-f3f0166c-c36d-4453-b236-7e7b51190768 req-f3f0166c-c36d-4453-b236-7e7b51190768 ] Request (MultipleCreateTestJSON:test_multiple_create): 200 GET http://10.180.1.21/compute/v2.1/servers/78f486aa-80f4-4d43-bd00-cc6206517a72 0.408s
2025-03-26 04:51:28.892 68924 INFO tempest.lib.common.rest_client [req-a7987948-5153-4a36-831f-9dd4fc945291 req-a7987948-5153-4a36-831f-9dd4fc945291 ] Request (FlavorsAdminTestJSON:test_list_public_flavor_with_other_user): 200 GET http://10.180.1.21/compute/v2.1/flavors/detail 0.398s
2025-03-26 04:51:28.924 68944 INFO tempest.lib.common.rest_client [req-1f33d04f-ee15-4a78-9f36-a32d83f4e067 req-1f33d04f-ee15-4a78-9f36-a32d83f4e067 ] Request (MigrationsAdminTest:test_resize_server_revert_deleted_flavor): 201 POST http://10.180.1.21/identity/v3/auth/tokens 0.059s
2025-03-26 04:51:28.924 68944 INFO tempest.lib.common.fixed_network [-] (MigrationsAdminTest:test_resize_server_revert_deleted_flavor) Found network None available for tenant
2025-03-26 04:51:28.947 68936 INFO tempest.lib.common.rest_client [req-ef0a9726-ed71-403b-93d0-4a2a8400e9f9 req-ef0a9726-ed71-403b-93d0-4a2a8400e9f9 ] Request (FloatingIPsAssociationNegativeTestJSON:tearDownClass): 200 GET http://10.180.1.21/compute/v2.1/servers/7129a57f-e639-49ae-96a9-3c1d966034a8 0.385s
2025-03-26 04:51:28.977 68926 INFO tempest.lib.common.rest_client [req-9419436e-50ce-4f55-9adf-1eae9664a478 req-9419436e-50ce-4f55-9adf-1eae9664a478 ] Request (SecurityGroupRulesNegativeTestJSON:test_create_security_group_rule_with_invalid_to_port): 200 POST http://10.180.1.21/compute/v2.1/os-security-groups 0.456s
2025-03-26 04:51:28.987 68940 INFO tempest.lib.common.rest_client [req-279ea42e-21f7-4d12-a47f-6d609617803c req-279ea42e-21f7-4d12-a47f-6d609617803c ] Request (ServerTagsTestJSON:_run_cleanups): 204 DELETE http://10.180.1.21/compute/v2.1/servers/1c8dfb47-df19-4101-8d4e-30889d71d7da/tags 0.351s
2025-03-26 04:51:29.009 68922 INFO tempest.lib.common.rest_client [req-0088f688-f94f-4cd4-a1dd-83285938bde3 req-0088f688-f94f-4cd4-a1dd-83285938bde3 ] Request (FlavorsExtraSpecsTestJSON:test_flavor_set_get_update_show_unset_keys): 200 PUT http://10.180.1.21/compute/v2.1/flavors/41345469/os-extra_specs/hw:numa_nodes 0.307s
2025-03-26 04:51:29.036 68906 INFO tempest.lib.common.rest_client [req-3cb06945-6051-4e59-93b2-47af614a5c8e req-3cb06945-6051-4e59-93b2-47af614a5c8e ] Request (ImagesMetadataTestJSON:test_list_image_metadata): 200 GET http://10.180.1.21/compute/v2.1/images/a9344507-1150-4af0-aa01-272d495de67a/metadata 0.206s
2025-03-26 04:51:29.038 68916 INFO tempest.lib.common.rest_client [req-0933bd1d-1169-44a0-b830-053069ce2173 req-0933bd1d-1169-44a0-b830-053069ce2173 ] Request (AttachInterfacesUnderV243Test:test_add_remove_fixed_ip): 200 GET http://10.180.1.21/compute/v2.1/servers/ad207187-634f-4e7f-9809-eb3f742ddeec/os-interface 0.373s
2025-03-26 04:51:29.050 68892 INFO tempest.lib.common.rest_client [req-3bf7e961-800c-47b9-9e65-bda2e8026602 req-3bf7e961-800c-47b9-9e65-bda2e8026602 ] Request (KeyPairsV22TestJSON:_run_cleanups): 204 DELETE http://10.180.1.21/compute/v2.1/os-keypairs/tempest-keypair-1877339937 0.182s
2025-03-26 04:51:29.090 68924 INFO tempest.lib.common.rest_client [req-4b1cad93-f71c-4b55-afb6-d7b70c3cb4d3 req-4b1cad93-f71c-4b55-afb6-d7b70c3cb4d3 ] Request (FlavorsAdminTestJSON:_run_cleanups): 202 DELETE http://10.180.1.21/compute/v2.1/flavors/1431433401 0.192s
2025-03-26 04:51:29.130 68920 INFO tempest.lib.common.rest_client [req-17b9e499-5628-41da-9152-b4d39d1c01c2 req-17b9e499-5628-41da-9152-b4d39d1c01c2 ] Request (ServerShowV254Test:test_rebuild_server): 200 GET http://10.180.1.21/compute/v2.1/servers/9bb06e82-cc5c-4673-b1f6-aae87568aa9c 0.252s
2025-03-26 04:51:29.147 68920 INFO tempest.common.waiters [-] State transition "BUILD/None" ==> "BUILD/networking" after 24 second wait
2025-03-26 04:51:29.188 68892 INFO tempest.lib.common.rest_client [req-f7162d14-c260-4493-8118-399293a1e68e req-f7162d14-c260-4493-8118-399293a1e68e ] Request (KeyPairsV22TestJSON:tearDownClass): 204 DELETE http://10.180.1.21/identity/v3/users/d949e9ba006149e69946d2774f1184e0 0.136s
2025-03-26 04:51:29.188 68892 INFO tempest.lib.common.dynamic_creds [-] Deleting project and security group for project: 123263ac3c374635a45a194bff1bf066
2025-03-26 04:51:29.196 68946 INFO tempest.lib.common.rest_client [req-511d822e-9853-4b13-9bbc-d3083427adae req-511d822e-9853-4b13-9bbc-d3083427adae ] Request (ServersTestManualDisk:setUpClass): 200 GET http://10.180.1.21/compute/v2.1/servers/b2e6de60-b4e5-4030-bca7-355d17fec06d 0.258s
2025-03-26 04:51:29.243 68926 INFO tempest.lib.common.rest_client [req-a96d5826-7ce4-444f-87b2-3397a74b6f03 req-a96d5826-7ce4-444f-87b2-3397a74b6f03 ] Request (SecurityGroupRulesNegativeTestJSON:test_create_security_group_rule_with_invalid_to_port): 400 POST http://10.180.1.21/compute/v2.1/os-security-group-rules 0.262s
2025-03-26 04:51:29.259 68892 INFO tempest.lib.common.rest_client [req-21dada3f-26c4-4360-8398-5e4326d35148 req-21dada3f-26c4-4360-8398-5e4326d35148 ] Request (KeyPairsV22TestJSON:tearDownClass): 201 POST http://10.180.1.21/identity/v3/auth/tokens 0.071s
2025-03-26 04:51:29.338 68940 INFO tempest.lib.common.rest_client [req-bb6de4b1-3a7f-4c9c-a1a4-c7ea7abe5ca1 req-bb6de4b1-3a7f-4c9c-a1a4-c7ea7abe5ca1 ] Request (ServerTagsTestJSON:tearDownClass): 204 DELETE http://10.180.1.21/compute/v2.1/servers/1c8dfb47-df19-4101-8d4e-30889d71d7da 0.349s
2025-03-26 04:51:29.358 68922 INFO tempest.lib.common.rest_client [req-0190350b-7b15-4813-8dec-329c426c74ff req-0190350b-7b15-4813-8dec-329c426c74ff ] Request (FlavorsExtraSpecsTestJSON:test_flavor_set_get_update_show_unset_keys): 200 GET http://10.180.1.21/compute/v2.1/flavors/41345469/os-extra_specs 0.349s
2025-03-26 04:51:29.378 68944 INFO tempest.lib.common.rest_client [req-6f00409a-6212-467b-843b-beb79e7975e7 req-6f00409a-6212-467b-843b-beb79e7975e7 ] Request (MigrationsAdminTest:test_resize_server_revert_deleted_flavor): 202 POST http://10.180.1.21/compute/v2.1/servers 0.454s
2025-03-26 04:51:29.519 68906 INFO tempest.lib.common.rest_client [req-6726dada-c645-4aba-97d2-cc6b36d82a03 req-6726dada-c645-4aba-97d2-cc6b36d82a03 ] Request (ImagesMetadataTestJSON:setUp): 200 PUT http://10.180.1.21/compute/v2.1/images/a9344507-1150-4af0-aa01-272d495de67a/metadata 0.480s
2025-03-26 04:51:29.522 68892 INFO tempest.lib.common.rest_client [req-55540d4b-16f3-4b15-b390-c73f75cf7365 req-55540d4b-16f3-4b15-b390-c73f75cf7365 ] Request (KeyPairsV22TestJSON:tearDownClass): 200 GET http://10.180.1.21:9696/networking/v2.0/security-groups?tenant_id=123263ac3c374635a45a194bff1bf066&name=default 0.262s
2025-03-26 04:51:29.533 68932 INFO tempest.lib.common.rest_client [req-d8900849-5c6e-4a8e-981c-7b1873f3ea53 req-d8900849-5c6e-4a8e-981c-7b1873f3ea53 ] Request (FloatingIPsAssociationTestJSON:setUpClass): 200 GET http://10.180.1.21/compute/v2.1/servers/39a84212-2e52-4dba-b00c-5689564deaf4 0.494s
2025-03-26 04:51:29.542 68932 INFO tempest.common.waiters [-] State transition "BUILD/spawning" ==> "ACTIVE/None" after 40 second wait
2025-03-26 04:51:29.547 68924 INFO tempest.lib.common.rest_client [req-080b2fb7-fbce-495a-93b2-4a491b2e5252 req-080b2fb7-fbce-495a-93b2-4a491b2e5252 ] Request (FlavorsAdminTestJSON:_run_cleanups): 200 GET http://10.180.1.21/compute/v2.1/flavors/detail 0.456s
2025-03-26 04:51:29.601 68904 INFO tempest.lib.common.rest_client [req-616ed15a-af92-4be9-9f40-422ee8042dca req-616ed15a-af92-4be9-9f40-422ee8042dca ] Request (SecurityGroupsTestJSON:test_server_security_groups): 200 GET http://10.180.1.21/compute/v2.1/servers/bda7e09b-848b-4d5d-a49d-6e0639f22f99 0.443s
2025-03-26 04:51:29.611 68914 INFO tempest.lib.common.rest_client [req-f1f628d1-4ffb-46a4-bd6f-539d3d82291b req-f1f628d1-4ffb-46a4-bd6f-539d3d82291b ] Request (ServerDiagnosticsTest:tearDownClass): 200 GET http://10.180.1.21/compute/v2.1/servers/8eb18d79-e164-4e66-83b0-7b40d04c30a8 0.392s
2025-03-26 04:51:29.623 68926 INFO tempest.lib.common.rest_client [req-ca67c855-3b2a-4ccf-9da3-8713f942d020 req-ca67c855-3b2a-4ccf-9da3-8713f942d020 ] Request (SecurityGroupRulesNegativeTestJSON:test_create_security_group_rule_with_non_existent_id): 404 POST http://10.180.1.21/compute/v2.1/os-security-group-rules 0.378s
2025-03-26 04:51:29.650 68892 INFO tempest.lib.common.rest_client [req-3d90730d-744f-4cf5-b505-a72e43848262 req-3d90730d-744f-4cf5-b505-a72e43848262 ] Request (KeyPairsV22TestJSON:tearDownClass): 204 DELETE http://10.180.1.21:9696/networking/v2.0/security-groups/99960928-3893-4715-b6cc-d8ad983ba9ac 0.127s
2025-03-26 04:51:29.664 68924 INFO tempest.lib.common.rest_client [req-025789a0-a970-43c0-b738-fbcaabf779f1 req-025789a0-a970-43c0-b738-fbcaabf779f1 ] Request (FlavorsAdminTestJSON:tearDownClass): 204 DELETE http://10.180.1.21/identity/v3/users/4a7166882522400082be87a135467008 0.108s
2025-03-26 04:51:29.695 68903 INFO tempest.lib.common.rest_client [req-45b8bbe9-3db2-4b7d-a0b2-83d3f83cc7a4 req-45b8bbe9-3db2-4b7d-a0b2-83d3f83cc7a4 ] Request (ServerDiagnosticsNegativeTest:tearDownClass): 200 GET http://10.180.1.21/compute/v2.1/servers/26625edb-06ca-48cc-aaf1-3c55a6ea942b 0.358s
2025-03-26 04:51:29.730 68916 INFO tempest.lib.common.rest_client [req-5c58284b-8e7d-476c-9306-d530a5224508 req-5c58284b-8e7d-476c-9306-d530a5224508 ] Request (AttachInterfacesUnderV243Test:test_add_remove_fixed_ip): 200 PUT http://10.180.1.21:9696/networking/v2.0/floatingips/560af9e5-3b93-4a46-bd6b-5a85703d75f5 0.690s
2025-03-26 04:51:29.769 68924 INFO tempest.lib.common.rest_client [req-a307f50c-99ed-4ab5-97a7-47614b1e13f6 req-a307f50c-99ed-4ab5-97a7-47614b1e13f6 ] Request (FlavorsAdminTestJSON:tearDownClass): 204 DELETE http://10.180.1.21/identity/v3/users/3f325ee85ced4bcb990a2a695a82e3aa 0.105s
2025-03-26 04:51:29.769 68924 INFO tempest.lib.common.dynamic_creds [-] Deleting project and security group for project: f08bf46fa09d4adb8d13d61b118c0214
2025-03-26 04:51:29.770 68892 INFO tempest.lib.common.rest_client [req-ef20a03c-d89a-4ea0-8fce-d5ead4544217 req-ef20a03c-d89a-4ea0-8fce-d5ead4544217 ] Request (KeyPairsV22TestJSON:tearDownClass): 204 DELETE http://10.180.1.21/identity/v3/projects/123263ac3c374635a45a194bff1bf066 0.120s
2025-03-26 04:51:29.796 68900 INFO tempest.lib.common.rest_client [req-6fdafb12-9862-4b84-9d6b-72304b30fae2 req-6fdafb12-9862-4b84-9d6b-72304b30fae2 ] Request (ListImageFiltersTestJSON:setUpClass): 200 GET http://10.180.1.21/compute/v2.1/servers/c9264123-ab19-40d5-959a-791b8966d2f6 0.446s
2025-03-26 04:51:29.806 68940 INFO tempest.lib.common.rest_client [req-e1088b05-234d-451f-b3e8-c4e47cdc9a19 req-e1088b05-234d-451f-b3e8-c4e47cdc9a19 ] Request (ServerTagsTestJSON:tearDownClass): 200 GET http://10.180.1.21/compute/v2.1/servers/1c8dfb47-df19-4101-8d4e-30889d71d7da 0.468s
2025-03-26 04:51:29.820 68922 INFO tempest.lib.common.rest_client [req-861a616d-4635-4426-8fa0-f131861f3725 req-861a616d-4635-4426-8fa0-f131861f3725 ] Request (FlavorsExtraSpecsTestJSON:test_flavor_set_get_update_show_unset_keys): 200 DELETE http://10.180.1.21/compute/v2.1/flavors/41345469/os-extra_specs/hw:numa_nodes 0.460s
2025-03-26 04:51:29.846 68892 INFO tempest.lib.common.rest_client [req-ce1919fe-ef76-435f-a6e9-701cabf81f7a req-ce1919fe-ef76-435f-a6e9-701cabf81f7a ] Request (InstanceActionsV221TestJSON:setUpClass): 201 POST http://10.180.1.21/identity/v3/auth/tokens 0.074s
2025-03-26 04:51:29.851 68924 INFO tempest.lib.common.rest_client [req-dbd648f1-9cbe-4046-bf2e-89e753883cb4 req-dbd648f1-9cbe-4046-bf2e-89e753883cb4 ] Request (FlavorsAdminTestJSON:tearDownClass): 201 POST http://10.180.1.21/identity/v3/auth/tokens 0.081s
2025-03-26 04:51:29.865 68944 INFO tempest.lib.common.rest_client [req-632ee8dd-3a08-4127-9d03-fadb984623ef req-632ee8dd-3a08-4127-9d03-fadb984623ef ] Request (MigrationsAdminTest:test_resize_server_revert_deleted_flavor): 200 GET http://10.180.1.21/compute/v2.1/servers/912303de-a79d-41b0-ab44-c79e850a4dee 0.485s
2025-03-26 04:51:29.878 68928 WARNING tempest.lib.common.ssh [-] Failed to establish authenticated ssh connection to cirros@10.180.180.230 ([Errno None] Unable to connect to port 22 on 10.180.180.230). Number attempts: 1. Retry after 2 seconds.: paramiko.ssh_exception.NoValidConnectionsError: [Errno None] Unable to connect to port 22 on 10.180.180.230
2025-03-26 04:51:29.883 68948 INFO tempest.lib.common.rest_client [req-ce225fef-f63c-4675-90ae-1ac26b586874 req-ce225fef-f63c-4675-90ae-1ac26b586874 ] Request (InstanceActionsNegativeTestJSON:setUpClass): 200 GET http://10.180.1.21/compute/v2.1/servers/f6990fa5-e2c7-4b15-8e40-02cbbd7e75fc 0.482s
2025-03-26 04:51:29.889 68892 INFO tempest.lib.common.rest_client [req-3169ea87-82c1-4f87-9e01-12f3c7ba95b8 req-3169ea87-82c1-4f87-9e01-12f3c7ba95b8 ] Request (InstanceActionsV221TestJSON:setUpClass): 201 POST http://10.180.1.21/identity/v3/auth/tokens 0.040s
2025-03-26 04:51:29.926 68892 INFO tempest.lib.common.rest_client [req-9333a9be-33cf-4a03-ab8b-d58e2b505e0b req-9333a9be-33cf-4a03-ab8b-d58e2b505e0b ] Request (InstanceActionsV221TestJSON:setUpClass): 200 GET http://10.180.1.21/identity/v3/domains?name=Default 0.037s
2025-03-26 04:51:29.949 68938 INFO tempest.lib.common.rest_client [req-3faa3ece-e71b-4577-9cf4-99e6a31dac7f req-3faa3ece-e71b-4577-9cf4-99e6a31dac7f ] Request (DeleteServersTestJSON:test_delete_active_server): 200 GET http://10.180.1.21/compute/v2.1/servers/303f41c0-7a19-48b2-a072-4f138f6f8156 0.470s
2025-03-26 04:51:29.957 68910 INFO tempest.lib.common.rest_client [req-5604f734-d9d4-4a14-9252-d6690e773983 req-5604f734-d9d4-4a14-9252-d6690e773983 ] Request (ServerDiagnosticsV248Test:tearDownClass): 200 GET http://10.180.1.21/compute/v2.1/servers/7693ef68-d7e5-4899-9615-9f2a1dd0bce8 0.552s
2025-03-26 04:51:29.958 68892 INFO tempest.lib.common.rest_client [req-a50f203f-731d-47d1-ae9b-619e7453ae98 req-a50f203f-731d-47d1-ae9b-619e7453ae98 ] Request (InstanceActionsV221TestJSON:setUpClass): 201 POST http://10.180.1.21/identity/v3/projects 0.031s
2025-03-26 04:51:30.020 68942 INFO tempest.lib.common.rest_client [req-75a958f6-f850-40f4-ac9d-af89f0b5e498 req-75a958f6-f850-40f4-ac9d-af89f0b5e498 ] Request (DeleteServersAdminTestJSON:test_delete_server_while_in_error_state): 200 GET http://10.180.1.21/compute/v2.1/servers/a29854f9-0096-4b01-9350-bfddee84e2c2 0.534s
2025-03-26 04:51:30.033 68942 INFO tempest.common.waiters [-] State transition "BUILD/scheduling" ==> "BUILD/None" after 7 second wait
2025-03-26 04:51:30.037 68892 INFO tempest.lib.common.rest_client [req-821250f8-41b4-45e3-b059-fccde23b4eb9 req-821250f8-41b4-45e3-b059-fccde23b4eb9 ] Request (InstanceActionsV221TestJSON:setUpClass): 201 POST http://10.180.1.21/identity/v3/users 0.079s
2025-03-26 04:51:30.060 68892 INFO tempest.lib.common.rest_client [req-0c28e450-4b8f-4398-98a2-9e82e0aecdc1 req-0c28e450-4b8f-4398-98a2-9e82e0aecdc1 ] Request (InstanceActionsV221TestJSON:setUpClass): 200 GET http://10.180.1.21/identity/v3/roles 0.022s
2025-03-26 04:51:30.096 68892 INFO tempest.lib.common.rest_client [req-7999c87f-fa68-4fa1-a817-78aacd35c23e req-7999c87f-fa68-4fa1-a817-78aacd35c23e ] Request (InstanceActionsV221TestJSON:setUpClass): 204 PUT http://10.180.1.21/identity/v3/projects/2390bba854fb4cb18dcb02ec8fd1c302/users/efa968d5c9404a8ba6b41581ba1dc130/roles/0f4ac78a4db447a99299d68091212a7e 0.036s
2025-03-26 04:51:30.096 68892 INFO tempest.lib.common.dynamic_creds [-] Dynamic test user efa968d5c9404a8ba6b41581ba1dc130 is created with scope project and roles: ['member']
2025-03-26 04:51:30.097 68892 INFO tempest.lib.common.dynamic_creds [-] Acquired dynamic creds: credentials: Credentials: {'domain_id': 'default', 'domain_name': 'Default', 'username': 'tempest-InstanceActionsV221TestJSON-1680468374-project-member', 'project_domain_id': 'default', 'project_domain_name': 'Default', 'project_id': '2390bba854fb4cb18dcb02ec8fd1c302', 'project_name': 'tempest-InstanceActionsV221TestJSON-1680468374', 'tenant_id': '2390bba854fb4cb18dcb02ec8fd1c302', 'tenant_name': 'tempest-InstanceActionsV221TestJSON-1680468374', 'user_domain_id': 'default', 'user_domain_name': 'Default', 'user_id': 'efa968d5c9404a8ba6b41581ba1dc130', 'system': None}, Network: None, Subnet: None, Router: None
2025-03-26 04:51:30.127 68924 INFO tempest.lib.common.rest_client [req-b37ebc22-b445-40d7-aaef-a91d384b8d65 req-b37ebc22-b445-40d7-aaef-a91d384b8d65 ] Request (FlavorsAdminTestJSON:tearDownClass): 200 GET http://10.180.1.21:9696/networking/v2.0/security-groups?tenant_id=f08bf46fa09d4adb8d13d61b118c0214&name=default 0.275s
2025-03-26 04:51:30.167 68892 INFO tempest.lib.common.rest_client [req-8411f32b-fa37-49ea-8991-0a88ccfbaacb req-8411f32b-fa37-49ea-8991-0a88ccfbaacb ] Request (InstanceActionsV221TestJSON:setUpClass): 201 POST http://10.180.1.21/identity/v3/auth/tokens 0.070s
2025-03-26 04:51:30.242 68906 INFO tempest.lib.common.rest_client [req-bb23097f-71ee-40b7-9574-a3aab1ddbc53 req-bb23097f-71ee-40b7-9574-a3aab1ddbc53 ] Request (ImagesMetadataTestJSON:test_set_image_metadata): 200 PUT http://10.180.1.21/compute/v2.1/images/a9344507-1150-4af0-aa01-272d495de67a/metadata 0.722s
2025-03-26 04:51:30.276 68924 INFO tempest.lib.common.rest_client [req-49411c29-b236-4ce3-9d99-aac35eeda6f4 req-49411c29-b236-4ce3-9d99-aac35eeda6f4 ] Request (FlavorsAdminTestJSON:tearDownClass): 204 DELETE http://10.180.1.21:9696/networking/v2.0/security-groups/c4ca2f5b-1ea5-456d-9d01-92cc30108065 0.149s
2025-03-26 04:51:30.321 68908 INFO tempest.lib.common.rest_client [req-12cdfa97-ad46-4044-b6a5-4fb9492b63aa req-12cdfa97-ad46-4044-b6a5-4fb9492b63aa ] Request (ImagesOneServerTestJSON:setUpClass): 200 GET http://10.180.1.21/compute/v2.1/servers/7c887df0-4358-46c5-9682-0d4122e96d10 0.739s
2025-03-26 04:51:30.352 68926 INFO tempest.lib.common.rest_client [req-560752e9-4826-4cad-b697-114860e4ba50 req-560752e9-4826-4cad-b697-114860e4ba50 ] Request (SecurityGroupRulesNegativeTestJSON:test_delete_security_group_rule_with_non_existent_id): 404 DELETE http://10.180.1.21/compute/v2.1/os-security-group-rules/3d65a9af-f4c9-4d13-a9f0-df196506f5c5 0.728s
2025-03-26 04:51:30.355 68924 INFO tempest.lib.common.rest_client [req-80812fb8-353d-4e9b-83b0-758b7a0f6dbd req-80812fb8-353d-4e9b-83b0-758b7a0f6dbd ] Request (FlavorsAdminTestJSON:tearDownClass): 204 DELETE http://10.180.1.21/identity/v3/projects/f08bf46fa09d4adb8d13d61b118c0214 0.078s
2025-03-26 04:51:30.356 68924 INFO tempest.lib.common.dynamic_creds [-] Deleting project and security group for project: a71a7552b002417b9566bb3380509477
2025-03-26 04:51:30.430 68888 INFO tempest.lib.common.rest_client [req-437b7d69-099c-4289-bfe2-4befa7bf909f req-437b7d69-099c-4289-bfe2-4befa7bf909f ] Request (ServersTestBootFromVolume:setUpClass): 200 GET http://10.180.1.21/compute/v2.1/servers/2cde3729-1be6-42c5-891f-42a7a8bff267 0.801s
2025-03-26 04:51:30.438 68888 INFO tempest.common.waiters [-] State transition "BUILD/scheduling" ==> "BUILD/None" after 7 second wait
2025-03-26 04:51:30.509 68896 INFO tempest.lib.common.rest_client [req-2c548fc2-50d3-4258-b0df-ff9c06a80daf req-2c548fc2-50d3-4258-b0df-ff9c06a80daf ] Request (TenantUsagesTestJSON:tearDownClass): 200 GET http://10.180.1.21/compute/v2.1/servers/d6c45731-d76a-46cf-9b7d-be035a200948 0.808s
2025-03-26 04:51:30.514 68934 WARNING tempest.lib.common.ssh [-] Failed to establish authenticated ssh connection to cirros@10.180.180.182 ([Errno None] Unable to connect to port 22 on 10.180.180.182). Number attempts: 2. Retry after 3 seconds.: paramiko.ssh_exception.NoValidConnectionsError: [Errno None] Unable to connect to port 22 on 10.180.180.182
2025-03-26 04:51:30.515 68898 WARNING tempest.lib.common.ssh [-] Failed to establish authenticated ssh connection to cirros@10.180.180.247 ([Errno None] Unable to connect to port 22 on 10.180.180.247). Number attempts: 4. Retry after 5 seconds.: paramiko.ssh_exception.NoValidConnectionsError: [Errno None] Unable to connect to port 22 on 10.180.180.247
2025-03-26 04:51:30.528 68924 INFO tempest.lib.common.rest_client [req-f96c6fbe-2e1a-425e-8180-b526010300a8 req-f96c6fbe-2e1a-425e-8180-b526010300a8 ] Request (FlavorsAdminTestJSON:tearDownClass): 200 GET http://10.180.1.21:9696/networking/v2.0/security-groups?tenant_id=a71a7552b002417b9566bb3380509477&name=default 0.172s
2025-03-26 04:51:30.538 68892 INFO tempest.lib.common.rest_client [req-6bc7a3d5-7601-4ab5-97ec-d3a20bdae393 req-6bc7a3d5-7601-4ab5-97ec-d3a20bdae393 ] Request (InstanceActionsV221TestJSON:setUpClass): 201 POST http://10.180.1.21:9696/networking/v2.0/networks 0.370s
2025-03-26 04:51:30.654 68916 INFO tempest.lib.common.rest_client [req-08c307d3-c3c4-4bfd-ae5f-80971eb2b8e7 req-08c307d3-c3c4-4bfd-ae5f-80971eb2b8e7 ] Request (AttachInterfacesUnderV243Test:test_add_remove_fixed_ip): 200 GET http://10.180.1.21/compute/v2.1/servers/ad207187-634f-4e7f-9809-eb3f742ddeec 0.924s
2025-03-26 04:51:30.664 68924 INFO tempest.lib.common.rest_client [req-082175fd-6a38-408f-a97b-ccf48fec0e1d req-082175fd-6a38-408f-a97b-ccf48fec0e1d ] Request (FlavorsAdminTestJSON:tearDownClass): 204 DELETE http://10.180.1.21:9696/networking/v2.0/security-groups/fb63c681-4777-4982-944e-e09e9e723f1d 0.136s
2025-03-26 04:51:30.679 68916 INFO tempest.lib.common.ssh [-] Creating ssh connection to '10.180.180.238:22' as 'cirros' with public key authentication
2025-03-26 04:51:30.695 68932 INFO tempest.lib.common.rest_client [req-3e328452-7001-4b3e-a802-b04d4248ba70 req-3e328452-7001-4b3e-a802-b04d4248ba70 ] Request (FloatingIPsAssociationTestJSON:setUpClass): 200 POST http://10.180.1.21/compute/v2.1/os-floating-ips 1.152s
2025-03-26 04:51:30.727 68922 INFO tempest.lib.common.rest_client [req-739f1d30-30f6-4bdb-afcc-35011d157384 req-739f1d30-30f6-4bdb-afcc-35011d157384 ] Request (FlavorsExtraSpecsTestJSON:test_flavor_set_get_update_show_unset_keys): 200 DELETE http://10.180.1.21/compute/v2.1/flavors/41345469/os-extra_specs/hw:cpu_policy 0.905s
2025-03-26 04:51:30.779 68932 INFO tempest.lib.common.rest_client [req-093af169-2b1f-4d8e-a29e-9d64eb93d9b1 req-093af169-2b1f-4d8e-a29e-9d64eb93d9b1 ] Request (FloatingIPsAssociationTestJSON:test_associate_already_associated_floating_ip): 201 POST http://10.180.1.21/identity/v3/auth/tokens 0.073s
2025-03-26 04:51:30.779 68932 INFO tempest.lib.common.fixed_network [-] (FloatingIPsAssociationTestJSON:test_associate_already_associated_floating_ip) Found network {'id': 'a2e78ea6-bf69-4312-abcf-eb606f96f132', 'name': 'tempest-FloatingIPsAssociationTestJSON-1264634806-network', 'tenant_id': '5d69fb55927344ad96aa0bf26f8f230e', 'admin_state_up': True, 'mtu': 8950, 'status': 'ACTIVE', 'subnets': [], 'shared': False, 'project_id': '5d69fb55927344ad96aa0bf26f8f230e', 'port_security_enabled': True, 'router:external': False, 'provider:network_type': 'vlan', 'provider:physical_network': 'default', 'provider:segmentation_id': 590, 'availability_zone_hints': [], 'availability_zones': [], 'ipv4_address_scope': None, 'ipv6_address_scope': None, 'description': '', 'tags': [], 'created_at': '2025-03-26T04:50:42Z', 'updated_at': '2025-03-26T04:50:42Z', 'revision_number': 1} available for tenant
2025-03-26 04:51:30.782 68912 INFO tempest.lib.common.rest_client [req-9d32aad1-ee88-4212-bcfb-6268ff276b80 req-9d32aad1-ee88-4212-bcfb-6268ff276b80 ] Request (ImagesOneServerNegativeTestJSON:setUpClass): 200 GET http://10.180.1.21/compute/v2.1/servers/239c1217-ba8e-474a-b02c-7d85e3ac92f4 0.947s
2025-03-26 04:51:30.800 68924 INFO tempest.lib.common.rest_client [req-4ed21a3d-15bc-4234-8c7d-271cf2dd4ad8 req-4ed21a3d-15bc-4234-8c7d-271cf2dd4ad8 ] Request (FlavorsAdminTestJSON:tearDownClass): 204 DELETE http://10.180.1.21/identity/v3/projects/a71a7552b002417b9566bb3380509477 0.135s
2025-03-26 04:51:30.831 68894 INFO tempest.lib.common.rest_client [req-5f7c49cf-cb90-4bbe-b4d0-8028c5b4b71c req-5f7c49cf-cb90-4bbe-b4d0-8028c5b4b71c ] Request (MultipleCreateTestJSON:test_multiple_create): 200 GET http://10.180.1.21/compute/v2.1/servers/78f486aa-80f4-4d43-bd00-cc6206517a72 0.940s
2025-03-26 04:51:30.882 68886 INFO tempest.lib.common.rest_client [req-3aff6e5a-7600-4d4b-a718-878895c0431b req-3aff6e5a-7600-4d4b-a718-878895c0431b ] Request (ServersAdminNegativeTestJSON:test_migrate_server_invalid_state): 200 GET http://10.180.1.21/compute/v2.1/servers/40b768c1-9007-4f78-a90f-61b2ac64553f 1.095s
2025-03-26 04:51:30.882 68924 INFO tempest.lib.common.rest_client [req-26a11bcf-10d7-4c0c-aa04-adc7f6aaeca8 req-26a11bcf-10d7-4c0c-aa04-adc7f6aaeca8 ] Request (InstanceUsageAuditLogNegativeTestJSON:setUpClass): 201 POST http://10.180.1.21/identity/v3/auth/tokens 0.080s
2025-03-26 04:51:30.885 68892 INFO tempest.lib.common.rest_client [req-69090ea5-dcf6-49e5-9873-b0d721646128 req-69090ea5-dcf6-49e5-9873-b0d721646128 ] Request (InstanceActionsV221TestJSON:setUpClass): 201 POST http://10.180.1.21:9696/networking/v2.0/subnets 0.345s
2025-03-26 04:51:30.898 68936 INFO tempest.lib.common.rest_client [req-5fb3a158-4536-4fde-aee0-c433799704f2 req-5fb3a158-4536-4fde-aee0-c433799704f2 ] Request (FloatingIPsAssociationNegativeTestJSON:tearDownClass): 200 GET http://10.180.1.21/compute/v2.1/servers/7129a57f-e639-49ae-96a9-3c1d966034a8 0.942s
2025-03-26 04:51:30.925 68924 INFO tempest.lib.common.rest_client [req-6c3acbe9-c9e5-40ae-9426-18cff6782372 req-6c3acbe9-c9e5-40ae-9426-18cff6782372 ] Request (InstanceUsageAuditLogNegativeTestJSON:setUpClass): 201 POST http://10.180.1.21/identity/v3/auth/tokens 0.035s
2025-03-26 04:51:30.956 68924 INFO tempest.lib.common.rest_client [req-bfc52710-aaf8-4760-b897-c521d0f5fe98 req-bfc52710-aaf8-4760-b897-c521d0f5fe98 ] Request (InstanceUsageAuditLogNegativeTestJSON:setUpClass): 200 GET http://10.180.1.21/identity/v3/domains?name=Default 0.030s
