2025-03-26 04:52:47.632 68903 INFO tempest.lib.common.rest_client [req-ef627c91-2d9e-48e5-8b66-3579dba0422a req-ef627c91-2d9e-48e5-8b66-3579dba0422a ] Request (ListServersNegativeTestJSON:setUpClass): 200 GET http://10.180.1.21/compute/v2.1/servers/ba22fe4b-2238-4748-8af5-8fc6bfe3b3ae 0.115s
2025-03-26 04:52:47.682 68924 INFO tempest.lib.common.rest_client [req-13b0232f-8ce8-4836-8c7d-6f9031958804 req-13b0232f-8ce8-4836-8c7d-6f9031958804 ] Request (ImagesNegativeTestJSON:test_create_image_from_deleted_server): 200 GET http://10.180.1.21/compute/v2.1/servers/77b9756e-2299-47e2-a6d8-e8026e33a3de 0.065s
2025-03-26 04:52:47.738 68940 INFO tempest.lib.common.rest_client [req-1fd65811-8984-4969-a72d-e59476ec534a req-1fd65811-8984-4969-a72d-e59476ec534a ] Request (AttachVolumeNegativeTest:test_attach_attached_volume_to_different_server): 200 GET http://10.180.1.21/compute/v2.1/servers/fd803a5e-8dbd-449e-b45d-1e6410a286e8 0.058s
2025-03-26 04:52:47.827 68886 INFO tempest.lib.common.rest_client [req-5f55a7ee-0804-4d6e-b003-116570d0864d req-5f55a7ee-0804-4d6e-b003-116570d0864d ] Request (ServersAdminNegativeTestJSON:tearDownClass): 200 GET http://10.180.1.21/compute/v2.1/servers/3ee3365b-0799-414b-b2a1-1d219bd9db96 0.066s
2025-03-26 04:52:47.890 68914 INFO tempest.lib.common.rest_client [req-a2269d15-9dde-47a2-8902-e7f05094f338 req-a2269d15-9dde-47a2-8902-e7f05094f338 ] Request (ServersAdminTestJSON:setUpClass): 200 GET http://10.180.1.21/compute/v2.1/servers/b40c9dec-cebc-4d23-8df4-96e804333706 0.072s
2025-03-26 04:52:47.958 68894 INFO tempest.lib.common.rest_client [req-a4606bb9-c615-4d4b-8318-1a614e4150b4 req-a4606bb9-c615-4d4b-8318-1a614e4150b4 ] Request (MultipleCreateTestJSON:_run_cleanups): 200 GET http://10.180.1.21/compute/v2.1/servers/ec64b2fd-2409-4af1-8f51-cc0ccbba14f2 0.105s
2025-03-26 04:52:47.968 68932 INFO tempest.lib.common.rest_client [req-e7d18a41-cd75-49c2-8279-0fb24b5ae4c3 req-e7d18a41-cd75-49c2-8279-0fb24b5ae4c3 ] Request (FloatingIPsAssociationTestJSON:_run_cleanups): 202 POST http://10.180.1.21/compute/v2.1/servers/6606b921-4f3a-44f5-ae4e-c600f26876fc/action 0.760s
2025-03-26 04:52:48.015 68906 INFO tempest.lib.common.rest_client [req-2a71433f-6fe8-46f3-aa0b-11fc636d9c92 req-2a71433f-6fe8-46f3-aa0b-11fc636d9c92 ] Request (ListServerFiltersTestJSON:setUpClass): 200 GET http://10.180.1.21/compute/v2.1/servers/0c4d4d93-89bf-4164-973b-af48278a3915 0.113s
2025-03-26 04:52:48.052 68900 INFO tempest.lib.common.rest_client [req-f35cd1e2-4483-4e65-9a1b-60f1e44f85c2 req-f35cd1e2-4483-4e65-9a1b-60f1e44f85c2 ] Request (ListImageFiltersTestJSON:tearDownClass): 200 GET http://10.180.1.21/compute/v2.1/servers/c9264123-ab19-40d5-959a-791b8966d2f6 0.172s
2025-03-26 04:52:48.069 68904 INFO tempest.lib.common.rest_client [req-5aa90811-1ead-499f-b40b-987e44f45eda req-5aa90811-1ead-499f-b40b-987e44f45eda ] Request (SecurityGroupsTestJSON:test_server_security_groups): 200 GET http://10.180.1.21/compute/v2.1/servers/bda7e09b-848b-4d5d-a49d-6e0639f22f99 0.130s
2025-03-26 04:52:48.114 68896 INFO tempest.lib.common.rest_client [req-0a2a25d8-6228-40e1-bf1f-3d641a4bd2a0 req-0a2a25d8-6228-40e1-bf1f-3d641a4bd2a0 ] Request (ServerActionsTestJSON:setUpClass): 200 GET http://10.180.1.21/compute/v2.1/servers/a9e87dfc-6e00-4e55-8a8f-bc3174b991da 0.153s
2025-03-26 04:52:48.164 68932 INFO tempest.lib.common.rest_client [req-efa87a53-2885-4fd8-8242-87f0b3c3c6c0 req-efa87a53-2885-4fd8-8242-87f0b3c3c6c0 ] Request (FloatingIPsAssociationTestJSON:_run_cleanups): 204 DELETE http://10.180.1.21/compute/v2.1/servers/6606b921-4f3a-44f5-ae4e-c600f26876fc 0.196s
2025-03-26 04:52:48.190 68912 INFO tempest.lib.common.rest_client [req-889db231-ac71-43cb-8ccf-50b1ef6d836c req-889db231-ac71-43cb-8ccf-50b1ef6d836c ] Request (ImagesOneServerNegativeTestJSON:_run_cleanups): 200 GET http://10.180.1.21/compute/v2.1/servers/1d1bc559-54c1-4ee5-ba78-bc4fbdca2df6 0.168s
2025-03-26 04:52:48.217 68936 INFO tempest.lib.common.rest_client [req-7111fc18-e158-4f70-8280-41fb93b401ed req-7111fc18-e158-4f70-8280-41fb93b401ed ] Request (AttachInterfacesV270Test:test_create_get_list_interfaces): 200 GET http://10.180.1.21/compute/v2.1/servers/98efdafe-e02b-46ca-a701-b70042513128 0.125s
2025-03-26 04:52:48.359 68944 INFO tempest.lib.common.rest_client [req-72fd18ef-7576-4f79-8409-89690562c78e req-72fd18ef-7576-4f79-8409-89690562c78e ] Request (MigrationsAdminTest:test_resize_server_revert_deleted_flavor): 200 GET http://10.180.1.21/compute/v2.1/servers/912303de-a79d-41b0-ab44-c79e850a4dee 0.127s
2025-03-26 04:52:48.395 68908 INFO tempest.lib.common.rest_client [req-9f4eb6bc-a168-47c0-b8ad-1118f32adf31 req-9f4eb6bc-a168-47c0-b8ad-1118f32adf31 ] Request (ImagesOneServerTestJSON:test_create_image_specify_multibyte_character_image_name): 200 GET http://10.180.1.21/compute/v2.1/images/715d763c-7d6b-40b5-8da3-e87ce93cb79e 0.125s
2025-03-26 04:52:48.445 68922 INFO tempest.lib.common.rest_client [req-47342b35-10de-4f69-8e66-0d21841e7132 req-47342b35-10de-4f69-8e66-0d21841e7132 ] Request (InstanceActionsTestJSON:setUpClass): 200 GET http://10.180.1.21/compute/v2.1/servers/9aa0dbe3-e31c-4a14-a4e2-0cf781aa99c0 0.169s
2025-03-26 04:52:48.498 68938 INFO tempest.lib.common.rest_client [req-b79a3232-cb32-42ff-bf05-b44b78e80ad0 req-b79a3232-cb32-42ff-bf05-b44b78e80ad0 ] Request (DeleteServersTestJSON:test_delete_server_while_in_attached_volume): 200 GET http://10.180.1.21/compute/v2.1/servers/492c0fa1-f821-496a-86c2-f7686479a733 0.170s
2025-03-26 04:52:48.550 68910 INFO tempest.lib.common.rest_client [req-bd9dfd36-f11e-4315-a869-4c81c0c38760 req-bd9dfd36-f11e-4315-a869-4c81c0c38760 ] Request (ServerExternalEventsTest:test_create_server_external_events): 200 GET http://10.180.1.21/compute/v2.1/servers/16b6fafe-524d-482f-961b-10e3601ac4c2 0.176s
2025-03-26 04:52:48.570 68898 INFO tempest.lib.common.rest_client [req-f0d35f51-6d0b-4c03-8e58-3137f101d0de req-f0d35f51-6d0b-4c03-8e58-3137f101d0de ] Request (VolumesAdminNegativeTest:test_update_attached_volume_with_nonexistent_volume_in_body): 200 GET http://10.180.1.21/volume/v3/volumes/a00e4c14-852f-4ac3-9275-c48328adff12 0.029s
2025-03-26 04:52:48.611 68892 INFO tempest.lib.common.rest_client [req-70c7006b-976d-4a3c-a44e-bbe589cb7e13 req-70c7006b-976d-4a3c-a44e-bbe589cb7e13 ] Request (InstanceActionsV221TestJSON:test_get_list_deleted_instance_actions): 200 GET http://10.180.1.21/compute/v2.1/servers/2dcadbe8-fe23-4ee5-bf8a-5aa3cde1425c 0.080s
2025-03-26 04:52:48.652 68942 INFO tempest.lib.common.rest_client [req-07f9d694-a6a5-4c9a-9865-451b82e36fc2 req-07f9d694-a6a5-4c9a-9865-451b82e36fc2 ] Request (DeleteServersAdminTestJSON:test_delete_server_while_in_error_state): 404 GET http://10.180.1.21/compute/v2.1/servers/a29854f9-0096-4b01-9350-bfddee84e2c2 0.055s
2025-03-26 04:52:48.703 68903 INFO tempest.lib.common.rest_client [req-3aaf5f0c-0c58-4e2f-b205-882bfdb1fffd req-3aaf5f0c-0c58-4e2f-b205-882bfdb1fffd ] Request (ListServersNegativeTestJSON:setUpClass): 200 GET http://10.180.1.21/compute/v2.1/servers/ba22fe4b-2238-4748-8af5-8fc6bfe3b3ae 0.062s
2025-03-26 04:52:48.717 68942 INFO tempest.lib.common.rest_client [req-70bfe91d-0d1d-4f4f-9a35-1be6f7b5117f req-70bfe91d-0d1d-4f4f-9a35-1be6f7b5117f ] Request (DeleteServersAdminTestJSON:tearDownClass): 404 DELETE http://10.180.1.21/compute/v2.1/servers/a29854f9-0096-4b01-9350-bfddee84e2c2 0.064s
2025-03-26 04:52:48.769 68924 INFO tempest.lib.common.rest_client [req-db061b73-7330-4a24-b4ba-8e1d66e62065 req-db061b73-7330-4a24-b4ba-8e1d66e62065 ] Request (ImagesNegativeTestJSON:test_create_image_from_deleted_server): 200 GET http://10.180.1.21/compute/v2.1/servers/77b9756e-2299-47e2-a6d8-e8026e33a3de 0.074s
2025-03-26 04:52:48.794 68942 INFO tempest.lib.common.rest_client [req-3ba5c5f6-38b7-4b29-868e-ce96824ce7ca req-3ba5c5f6-38b7-4b29-868e-ce96824ce7ca ] Request (DeleteServersAdminTestJSON:tearDownClass): 404 GET http://10.180.1.21/compute/v2.1/servers/a29854f9-0096-4b01-9350-bfddee84e2c2 0.076s
2025-03-26 04:52:48.853 68940 INFO tempest.lib.common.rest_client [req-f536e0de-0110-4ea4-8d67-88ee13271ac3 req-f536e0de-0110-4ea4-8d67-88ee13271ac3 ] Request (AttachVolumeNegativeTest:test_attach_attached_volume_to_different_server): 200 GET http://10.180.1.21/compute/v2.1/servers/fd803a5e-8dbd-449e-b45d-1e6410a286e8 0.102s
2025-03-26 04:52:48.872 68942 INFO tempest.lib.common.rest_client [req-1d5e4511-ac12-44a2-9b94-2bdd1bf9ce88 req-1d5e4511-ac12-44a2-9b94-2bdd1bf9ce88 ] Request (DeleteServersAdminTestJSON:tearDownClass): 404 DELETE http://10.180.1.21/compute/v2.1/servers/87f6c6d0-4e3d-4608-bd0d-4771bc9c174a 0.077s
2025-03-26 04:52:48.948 68886 INFO tempest.lib.common.rest_client [req-51704904-0cf8-4f0b-af58-4a36b6dc997c req-51704904-0cf8-4f0b-af58-4a36b6dc997c ] Request (ServersAdminNegativeTestJSON:tearDownClass): 200 GET http://10.180.1.21/compute/v2.1/servers/3ee3365b-0799-414b-b2a1-1d219bd9db96 0.111s
2025-03-26 04:52:48.971 68942 INFO tempest.lib.common.rest_client [req-e652aabc-86ba-4e83-b00f-75efc872e756 req-e652aabc-86ba-4e83-b00f-75efc872e756 ] Request (DeleteServersAdminTestJSON:tearDownClass): 404 GET http://10.180.1.21/compute/v2.1/servers/87f6c6d0-4e3d-4608-bd0d-4771bc9c174a 0.099s
2025-03-26 04:52:48.978 68918 WARNING tempest.lib.common.ssh [-] Failed to establish authenticated ssh connection to cirros@10.180.180.166 ([Errno None] Unable to connect to port 22 on 10.180.180.166). Number attempts: 11. Retry after 12 seconds.: paramiko.ssh_exception.NoValidConnectionsError: [Errno None] Unable to connect to port 22 on 10.180.180.166
2025-03-26 04:52:49.038 68914 INFO tempest.lib.common.rest_client [req-8c1060de-be67-4453-b39e-259301967e3e req-8c1060de-be67-4453-b39e-259301967e3e ] Request (ServersAdminTestJSON:setUpClass): 200 GET http://10.180.1.21/compute/v2.1/servers/b40c9dec-cebc-4d23-8df4-96e804333706 0.139s
2025-03-26 04:52:49.106 68894 INFO tempest.lib.common.rest_client [req-cddb6b03-76ee-453f-864c-3b1e74123195 req-cddb6b03-76ee-453f-864c-3b1e74123195 ] Request (MultipleCreateTestJSON:_run_cleanups): 200 GET http://10.180.1.21/compute/v2.1/servers/ec64b2fd-2409-4af1-8f51-cc0ccbba14f2 0.140s
2025-03-26 04:52:49.106 68946 WARNING tempest.lib.common.ssh [-] Failed to establish authenticated ssh connection to cirros@10.180.180.254 ([Errno None] Unable to connect to port 22 on 10.180.180.254). Number attempts: 7. Retry after 8 seconds.: paramiko.ssh_exception.NoValidConnectionsError: [Errno None] Unable to connect to port 22 on 10.180.180.254
2025-03-26 04:52:49.127 68942 INFO tempest.lib.common.rest_client [req-5932e830-92b0-454f-885e-70d0e249486d req-5932e830-92b0-454f-885e-70d0e249486d ] Request (DeleteServersAdminTestJSON:tearDownClass): 204 DELETE http://10.180.1.21/identity/v3/users/d2762206641740db911bb37f706e754a 0.156s
2025-03-26 04:52:49.163 68906 INFO tempest.lib.common.rest_client [req-e18a9d25-c3a0-4bda-9a5f-29dec3cf73d5 req-e18a9d25-c3a0-4bda-9a5f-29dec3cf73d5 ] Request (ListServerFiltersTestJSON:setUpClass): 200 GET http://10.180.1.21/compute/v2.1/servers/0c4d4d93-89bf-4164-973b-af48278a3915 0.141s
2025-03-26 04:52:49.241 68900 INFO tempest.lib.common.rest_client [req-e1265cba-9651-4fad-925d-86c6d746dcde req-e1265cba-9651-4fad-925d-86c6d746dcde ] Request (ListImageFiltersTestJSON:tearDownClass): 200 GET http://10.180.1.21/compute/v2.1/servers/c9264123-ab19-40d5-959a-791b8966d2f6 0.177s
2025-03-26 04:52:49.267 68942 INFO tempest.lib.common.rest_client [req-1e131731-cc54-4d86-acf5-0de8c3385c87 req-1e131731-cc54-4d86-acf5-0de8c3385c87 ] Request (DeleteServersAdminTestJSON:tearDownClass): 204 DELETE http://10.180.1.21/identity/v3/users/d4966df9c66440169fe40ea26970a404 0.139s
2025-03-26 04:52:49.267 68942 INFO tempest.lib.common.dynamic_creds [-] Deleting project and security group for project: 94334816cb6c442c8a06f3bd8917655b
2025-03-26 04:52:49.307 68904 INFO tempest.lib.common.rest_client [req-5cecd473-f8a2-4edd-89a8-94fd6bd65e80 req-5cecd473-f8a2-4edd-89a8-94fd6bd65e80 ] Request (SecurityGroupsTestJSON:test_server_security_groups): 200 GET http://10.180.1.21/compute/v2.1/servers/bda7e09b-848b-4d5d-a49d-6e0639f22f99 0.227s
2025-03-26 04:52:49.336 68942 INFO tempest.lib.common.rest_client [req-e829018a-774a-4ab8-97f9-313d46175302 req-e829018a-774a-4ab8-97f9-313d46175302 ] Request (DeleteServersAdminTestJSON:tearDownClass): 201 POST http://10.180.1.21/identity/v3/auth/tokens 0.068s
2025-03-26 04:52:49.371 68896 INFO tempest.lib.common.rest_client [req-0c83b5d6-95a9-4e2e-96ae-e098215f66b6 req-0c83b5d6-95a9-4e2e-96ae-e098215f66b6 ] Request (ServerActionsTestJSON:setUpClass): 200 GET http://10.180.1.21/compute/v2.1/servers/a9e87dfc-6e00-4e55-8a8f-bc3174b991da 0.247s
2025-03-26 04:52:49.429 68912 INFO tempest.lib.common.rest_client [req-70801d1b-6150-428a-a684-ed047483397f req-70801d1b-6150-428a-a684-ed047483397f ] Request (ImagesOneServerNegativeTestJSON:_run_cleanups): 200 GET http://10.180.1.21/compute/v2.1/servers/1d1bc559-54c1-4ee5-ba78-bc4fbdca2df6 0.229s
2025-03-26 04:52:49.454 68942 INFO tempest.lib.common.rest_client [req-45ca5266-4f1e-4f8b-b396-97d7f87008e6 req-45ca5266-4f1e-4f8b-b396-97d7f87008e6 ] Request (DeleteServersAdminTestJSON:tearDownClass): 200 GET http://10.180.1.21:9696/networking/v2.0/security-groups?tenant_id=94334816cb6c442c8a06f3bd8917655b&name=default 0.118s
2025-03-26 04:52:49.487 68936 INFO tempest.lib.common.rest_client [req-960573de-2a13-44bc-ab29-087565547029 req-960573de-2a13-44bc-ab29-087565547029 ] Request (AttachInterfacesV270Test:test_create_get_list_interfaces): 200 GET http://10.180.1.21/compute/v2.1/servers/98efdafe-e02b-46ca-a701-b70042513128 0.256s
2025-03-26 04:52:49.595 68932 INFO tempest.lib.common.rest_client [req-51794eda-478d-42f2-9bb2-22d4101b07f0 req-51794eda-478d-42f2-9bb2-22d4101b07f0 ] Request (FloatingIPsAssociationTestJSON:test_associate_disassociate_floating_ip): 202 POST http://10.180.1.21/compute/v2.1/servers/39a84212-2e52-4dba-b00c-5689564deaf4/action 1.430s
2025-03-26 04:52:49.599 68942 INFO tempest.lib.common.rest_client [req-118e0e6e-c61a-431e-9c52-b116fab30c59 req-118e0e6e-c61a-431e-9c52-b116fab30c59 ] Request (DeleteServersAdminTestJSON:tearDownClass): 204 DELETE http://10.180.1.21:9696/networking/v2.0/security-groups/ebec7beb-38a0-466c-8ce5-831794f0f73a 0.144s
2025-03-26 04:52:49.604 68944 INFO tempest.lib.common.rest_client [req-1a31c9aa-a3a3-4ba2-8527-331e35ad4b60 req-1a31c9aa-a3a3-4ba2-8527-331e35ad4b60 ] Request (MigrationsAdminTest:test_resize_server_revert_deleted_flavor): 200 GET http://10.180.1.21/compute/v2.1/servers/912303de-a79d-41b0-ab44-c79e850a4dee 0.236s
2025-03-26 04:52:49.625 68898 INFO tempest.lib.common.rest_client [req-92c02ae7-3a23-472a-b116-61c1704f05dd req-92c02ae7-3a23-472a-b116-61c1704f05dd ] Request (VolumesAdminNegativeTest:test_update_attached_volume_with_nonexistent_volume_in_body): 200 GET http://10.180.1.21/volume/v3/volumes/a00e4c14-852f-4ac3-9275-c48328adff12 0.043s
2025-03-26 04:52:49.642 68908 INFO tempest.lib.common.rest_client [req-58d965c5-e64f-4093-96a4-9ccfac155f61 req-58d965c5-e64f-4093-96a4-9ccfac155f61 ] Request (ImagesOneServerTestJSON:test_create_image_specify_multibyte_character_image_name): 200 GET http://10.180.1.21/compute/v2.1/images/715d763c-7d6b-40b5-8da3-e87ce93cb79e 0.243s
2025-03-26 04:52:49.672 68922 INFO tempest.lib.common.rest_client [req-d5efda20-cb96-4e0e-b24f-0c8f770d4c6e req-d5efda20-cb96-4e0e-b24f-0c8f770d4c6e ] Request (InstanceActionsTestJSON:setUpClass): 200 GET http://10.180.1.21/compute/v2.1/servers/9aa0dbe3-e31c-4a14-a4e2-0cf781aa99c0 0.217s
2025-03-26 04:52:49.688 68942 INFO tempest.lib.common.rest_client [req-bcafc083-1b8f-4ce8-bda8-f10178375a52 req-bcafc083-1b8f-4ce8-bda8-f10178375a52 ] Request (DeleteServersAdminTestJSON:tearDownClass): 204 DELETE http://10.180.1.21/identity/v3/projects/94334816cb6c442c8a06f3bd8917655b 0.089s
2025-03-26 04:52:49.688 68942 INFO tempest.lib.common.dynamic_creds [-] Deleting project and security group for project: de3773ca1aa546f8b62454346da861a5
2025-03-26 04:52:49.701 68938 INFO tempest.lib.common.rest_client [req-d917a08b-3bc2-499c-be81-d9c327566fe9 req-d917a08b-3bc2-499c-be81-d9c327566fe9 ] Request (DeleteServersTestJSON:test_delete_server_while_in_attached_volume): 200 GET http://10.180.1.21/compute/v2.1/servers/492c0fa1-f821-496a-86c2-f7686479a733 0.191s
2025-03-26 04:52:49.734 68910 INFO tempest.lib.common.rest_client [req-a315070d-58e6-438b-b44c-466fe741aa68 req-a315070d-58e6-438b-b44c-466fe741aa68 ] Request (ServerExternalEventsTest:test_create_server_external_events): 200 GET http://10.180.1.21/compute/v2.1/servers/16b6fafe-524d-482f-961b-10e3601ac4c2 0.175s
2025-03-26 04:52:49.810 68892 INFO tempest.lib.common.rest_client [req-eec17b21-bff6-459a-8a0e-0d19257eeb79 req-eec17b21-bff6-459a-8a0e-0d19257eeb79 ] Request (InstanceActionsV221TestJSON:test_get_list_deleted_instance_actions): 200 GET http://10.180.1.21/compute/v2.1/servers/2dcadbe8-fe23-4ee5-bf8a-5aa3cde1425c 0.185s
2025-03-26 04:52:49.820 68892 INFO tempest.common.waiters [-] State transition "ACTIVE/deleting" ==> "DELETED/None" after 3 second wait
2025-03-26 04:52:49.844 68942 INFO tempest.lib.common.rest_client [req-688f0dcd-5182-49dd-8242-d29a12d0e9c8 req-688f0dcd-5182-49dd-8242-d29a12d0e9c8 ] Request (DeleteServersAdminTestJSON:tearDownClass): 200 GET http://10.180.1.21:9696/networking/v2.0/security-groups?tenant_id=de3773ca1aa546f8b62454346da861a5&name=default 0.155s
2025-03-26 04:52:49.864 68932 INFO tempest.lib.common.rest_client [req-da8f2d16-3afc-40ba-8426-367fc4570e60 req-da8f2d16-3afc-40ba-8426-367fc4570e60 ] Request (FloatingIPsAssociationTestJSON:test_associate_disassociate_floating_ip): 200 GET http://10.180.1.21/compute/v2.1/os-floating-ips/9aaae044-1783-4931-bc1e-5fa011e4ef91 0.268s
2025-03-26 04:52:49.882 68903 INFO tempest.lib.common.rest_client [req-37a30605-6438-4a99-ad87-5c16e33cacea req-37a30605-6438-4a99-ad87-5c16e33cacea ] Request (ListServersNegativeTestJSON:setUpClass): 200 GET http://10.180.1.21/compute/v2.1/servers/ba22fe4b-2238-4748-8af5-8fc6bfe3b3ae 0.164s
2025-03-26 04:52:49.930 68924 INFO tempest.lib.common.rest_client [req-1a7a7290-db22-4d31-a235-2425ab64319d req-1a7a7290-db22-4d31-a235-2425ab64319d ] Request (ImagesNegativeTestJSON:test_create_image_from_deleted_server): 200 GET http://10.180.1.21/compute/v2.1/servers/77b9756e-2299-47e2-a6d8-e8026e33a3de 0.153s
2025-03-26 04:52:49.940 68940 INFO tempest.lib.common.rest_client [req-38a63a44-b19a-4b1e-a0e7-0d3619b1a7e0 req-38a63a44-b19a-4b1e-a0e7-0d3619b1a7e0 ] Request (AttachVolumeNegativeTest:test_attach_attached_volume_to_different_server): 200 GET http://10.180.1.21/compute/v2.1/servers/fd803a5e-8dbd-449e-b45d-1e6410a286e8 0.079s
2025-03-26 04:52:49.950 68942 INFO tempest.lib.common.rest_client [req-e235a111-2808-440d-a426-9df2988e52b4 req-e235a111-2808-440d-a426-9df2988e52b4 ] Request (DeleteServersAdminTestJSON:tearDownClass): 204 DELETE http://10.180.1.21:9696/networking/v2.0/security-groups/8555eb1b-c10f-490e-80a2-74debc76044e 0.105s
2025-03-26 04:52:49.990 68928 WARNING tempest.lib.common.ssh [-] Failed to establish authenticated ssh connection to cirros@10.180.180.230 ([Errno None] Unable to connect to port 22 on 10.180.180.230). Number attempts: 10. Retry after 11 seconds.: paramiko.ssh_exception.NoValidConnectionsError: [Errno None] Unable to connect to port 22 on 10.180.180.230
2025-03-26 04:52:50.026 68886 INFO tempest.lib.common.rest_client [req-7917d4c0-1a75-4f54-b595-f3cc6d715920 req-7917d4c0-1a75-4f54-b595-f3cc6d715920 ] Request (ServersAdminNegativeTestJSON:tearDownClass): 200 GET http://10.180.1.21/compute/v2.1/servers/3ee3365b-0799-414b-b2a1-1d219bd9db96 0.069s
2025-03-26 04:52:50.054 68942 INFO tempest.lib.common.rest_client [req-c4a61d26-02b4-4c4d-8405-38a6599f3d29 req-c4a61d26-02b4-4c4d-8405-38a6599f3d29 ] Request (DeleteServersAdminTestJSON:tearDownClass): 204 DELETE http://10.180.1.21/identity/v3/projects/de3773ca1aa546f8b62454346da861a5 0.103s
2025-03-26 04:52:50.103 68914 INFO tempest.lib.common.rest_client [req-c7d8bb75-cd1f-48b9-ac0e-032a4d4ac25c req-c7d8bb75-cd1f-48b9-ac0e-032a4d4ac25c ] Request (ServersAdminTestJSON:setUpClass): 200 GET http://10.180.1.21/compute/v2.1/servers/b40c9dec-cebc-4d23-8df4-96e804333706 0.051s
2025-03-26 04:52:50.123 68942 INFO tempest.lib.common.rest_client [req-16ecd3a3-902a-4100-bb2b-b82b97085423 req-16ecd3a3-902a-4100-bb2b-b82b97085423 ] Request (InstanceUsageAuditLogTestJSON:setUpClass): 201 POST http://10.180.1.21/identity/v3/auth/tokens 0.067s
2025-03-26 04:52:50.157 68942 INFO tempest.lib.common.rest_client [req-2a1acd0c-645a-4c72-ae0b-6daac6136c7d req-2a1acd0c-645a-4c72-ae0b-6daac6136c7d ] Request (InstanceUsageAuditLogTestJSON:setUpClass): 201 POST http://10.180.1.21/identity/v3/auth/tokens 0.031s
2025-03-26 04:52:50.188 68942 INFO tempest.lib.common.rest_client [req-f0ca91b4-cb6e-4f0f-a1c4-ae55d246ca43 req-f0ca91b4-cb6e-4f0f-a1c4-ae55d246ca43 ] Request (InstanceUsageAuditLogTestJSON:setUpClass): 200 GET http://10.180.1.21/identity/v3/domains?name=Default 0.030s
2025-03-26 04:52:50.190 68894 INFO tempest.lib.common.rest_client [req-9a214954-f8e5-4fda-9989-fefc65c6106f req-9a214954-f8e5-4fda-9989-fefc65c6106f ] Request (MultipleCreateTestJSON:_run_cleanups): 200 GET http://10.180.1.21/compute/v2.1/servers/ec64b2fd-2409-4af1-8f51-cc0ccbba14f2 0.072s
2025-03-26 04:52:50.219 68942 INFO tempest.lib.common.rest_client [req-15fb3572-9b0f-40f0-b455-7cd077d6861b req-15fb3572-9b0f-40f0-b455-7cd077d6861b ] Request (InstanceUsageAuditLogTestJSON:setUpClass): 201 POST http://10.180.1.21/identity/v3/projects 0.031s
2025-03-26 04:52:50.240 68906 INFO tempest.lib.common.rest_client [req-3841084c-bfe8-401a-b2d6-4452239f2122 req-3841084c-bfe8-401a-b2d6-4452239f2122 ] Request (ListServerFiltersTestJSON:setUpClass): 200 GET http://10.180.1.21/compute/v2.1/servers/0c4d4d93-89bf-4164-973b-af48278a3915 0.069s
2025-03-26 04:52:50.283 68942 INFO tempest.lib.common.rest_client [req-c2101786-4516-40b3-b566-fa2df2833385 req-c2101786-4516-40b3-b566-fa2df2833385 ] Request (InstanceUsageAuditLogTestJSON:setUpClass): 201 POST http://10.180.1.21/identity/v3/users 0.063s
2025-03-26 04:52:50.305 68942 INFO tempest.lib.common.rest_client [req-36e054b1-8a59-4bc3-8875-37819b05f62a req-36e054b1-8a59-4bc3-8875-37819b05f62a ] Request (InstanceUsageAuditLogTestJSON:setUpClass): 200 GET http://10.180.1.21/identity/v3/roles 0.021s
2025-03-26 04:52:50.336 68900 INFO tempest.lib.common.rest_client [req-cd467daf-885d-457e-802c-e421da6737f9 req-cd467daf-885d-457e-802c-e421da6737f9 ] Request (ListImageFiltersTestJSON:tearDownClass): 200 GET http://10.180.1.21/compute/v2.1/servers/c9264123-ab19-40d5-959a-791b8966d2f6 0.082s
2025-03-26 04:52:50.343 68942 INFO tempest.lib.common.rest_client [req-7d6adbf2-bac3-4100-9d9c-848cf50cdc78 req-7d6adbf2-bac3-4100-9d9c-848cf50cdc78 ] Request (InstanceUsageAuditLogTestJSON:setUpClass): 204 PUT http://10.180.1.21/identity/v3/projects/d1084afc32e84825810432e9f2104670/users/da389cce93eb45339871d0faaf9ecde9/roles/0f4ac78a4db447a99299d68091212a7e 0.038s
2025-03-26 04:52:50.344 68942 INFO tempest.lib.common.dynamic_creds [-] Dynamic test user da389cce93eb45339871d0faaf9ecde9 is created with scope project and roles: ['member']
2025-03-26 04:52:50.344 68942 INFO tempest.lib.common.dynamic_creds [-] Acquired dynamic creds: credentials: Credentials: {'domain_id': 'default', 'domain_name': 'Default', 'username': 'tempest-InstanceUsageAuditLogTestJSON-1461977619-project-member', 'project_domain_id': 'default', 'project_domain_name': 'Default', 'project_id': 'd1084afc32e84825810432e9f2104670', 'project_name': 'tempest-InstanceUsageAuditLogTestJSON-1461977619', 'tenant_id': 'd1084afc32e84825810432e9f2104670', 'tenant_name': 'tempest-InstanceUsageAuditLogTestJSON-1461977619', 'user_domain_id': 'default', 'user_domain_name': 'Default', 'user_id': 'da389cce93eb45339871d0faaf9ecde9', 'system': None}, Network: None, Subnet: None, Router: None
2025-03-26 04:52:50.344 68942 INFO tempest.lib.common.dynamic_creds [-] Created isolated network resources for: credentials: Credentials: {'domain_id': 'default', 'domain_name': 'Default', 'username': 'tempest-InstanceUsageAuditLogTestJSON-1461977619-project-member', 'project_domain_id': 'default', 'project_domain_name': 'Default', 'project_id': 'd1084afc32e84825810432e9f2104670', 'project_name': 'tempest-InstanceUsageAuditLogTestJSON-1461977619', 'tenant_id': 'd1084afc32e84825810432e9f2104670', 'tenant_name': 'tempest-InstanceUsageAuditLogTestJSON-1461977619', 'user_domain_id': 'default', 'user_domain_name': 'Default', 'user_id': 'da389cce93eb45339871d0faaf9ecde9', 'system': None}, Network: None, Subnet: None, Router: None
2025-03-26 04:52:50.399 68904 INFO tempest.lib.common.rest_client [req-9e1c91ce-4c34-4a26-8960-b1eb1427098d req-9e1c91ce-4c34-4a26-8960-b1eb1427098d ] Request (SecurityGroupsTestJSON:test_server_security_groups): 200 GET http://10.180.1.21/compute/v2.1/servers/bda7e09b-848b-4d5d-a49d-6e0639f22f99 0.076s
2025-03-26 04:52:50.442 68942 INFO tempest.lib.common.rest_client [req-7217b09f-fc24-4113-8889-290406336daf req-7217b09f-fc24-4113-8889-290406336daf ] Request (InstanceUsageAuditLogTestJSON:setUpClass): 201 POST http://10.180.1.21/identity/v3/auth/tokens 0.094s
2025-03-26 04:52:50.451 68896 INFO tempest.lib.common.rest_client [req-b68e0473-84e0-4f02-9c5c-cbe9c08720f7 req-b68e0473-84e0-4f02-9c5c-cbe9c08720f7 ] Request (ServerActionsTestJSON:setUpClass): 200 GET http://10.180.1.21/compute/v2.1/servers/a9e87dfc-6e00-4e55-8a8f-bc3174b991da 0.070s
2025-03-26 04:52:50.503 68912 INFO tempest.lib.common.rest_client [req-d99b6ff4-373f-409d-a82f-1a0bd507ea51 req-d99b6ff4-373f-409d-a82f-1a0bd507ea51 ] Request (ImagesOneServerNegativeTestJSON:_run_cleanups): 200 GET http://10.180.1.21/compute/v2.1/servers/1d1bc559-54c1-4ee5-ba78-bc4fbdca2df6 0.062s
2025-03-26 04:52:50.520 68942 INFO tempest.lib.common.rest_client [req-5eec749f-f732-4c12-84ab-543386e5d2b1 req-5eec749f-f732-4c12-84ab-543386e5d2b1 ] Request (InstanceUsageAuditLogTestJSON:setUpClass): 201 POST http://10.180.1.21/identity/v3/projects 0.077s
2025-03-26 04:52:50.558 68936 INFO tempest.lib.common.rest_client [req-7dd70c1d-a3e4-46f0-92e9-85c749587252 req-7dd70c1d-a3e4-46f0-92e9-85c749587252 ] Request (AttachInterfacesV270Test:test_create_get_list_interfaces): 200 GET http://10.180.1.21/compute/v2.1/servers/98efdafe-e02b-46ca-a701-b70042513128 0.058s
2025-03-26 04:52:50.579 68942 INFO tempest.lib.common.rest_client [req-d09d86dd-89ab-4bbf-b8b9-0186e8a3fa6b req-d09d86dd-89ab-4bbf-b8b9-0186e8a3fa6b ] Request (InstanceUsageAuditLogTestJSON:setUpClass): 201 POST http://10.180.1.21/identity/v3/users 0.058s
2025-03-26 04:52:50.607 68942 INFO tempest.lib.common.rest_client [req-72a69826-1248-4670-abb0-f02c06c588b4 req-72a69826-1248-4670-abb0-f02c06c588b4 ] Request (InstanceUsageAuditLogTestJSON:setUpClass): 200 GET http://10.180.1.21/identity/v3/roles 0.028s
2025-03-26 04:52:50.648 68942 INFO tempest.lib.common.rest_client [req-525ebb05-4c2d-4eb9-b008-490a923c5c98 req-525ebb05-4c2d-4eb9-b008-490a923c5c98 ] Request (InstanceUsageAuditLogTestJSON:setUpClass): 204 PUT http://10.180.1.21/identity/v3/projects/23e86c6da6574376bd0cb86f109f6e9d/users/bda9309a170c4f95b595cc2cebc1acf2/roles/9065980ad22b4cb181260fb3c90c9c08 0.040s
2025-03-26 04:52:50.673 68898 INFO tempest.lib.common.rest_client [req-ab585917-0b88-44e2-9f42-b15314e6c156 req-ab585917-0b88-44e2-9f42-b15314e6c156 ] Request (VolumesAdminNegativeTest:test_update_attached_volume_with_nonexistent_volume_in_body): 200 GET http://10.180.1.21/volume/v3/volumes/a00e4c14-852f-4ac3-9275-c48328adff12 0.038s
2025-03-26 04:52:50.731 68942 INFO tempest.lib.common.rest_client [req-4964bc8e-c028-471e-a112-d6dde2f4e05c req-4964bc8e-c028-471e-a112-d6dde2f4e05c ] Request (InstanceUsageAuditLogTestJSON:setUpClass): 200 GET http://10.180.1.21/identity/v3/roles 0.081s
2025-03-26 04:52:50.739 68944 INFO tempest.lib.common.rest_client [req-b8824239-a1f6-4f18-9b23-c27b1091e87e req-b8824239-a1f6-4f18-9b23-c27b1091e87e ] Request (MigrationsAdminTest:test_resize_server_revert_deleted_flavor): 200 GET http://10.180.1.21/compute/v2.1/servers/912303de-a79d-41b0-ab44-c79e850a4dee 0.127s
2025-03-26 04:52:50.753 68942 INFO tempest.lib.common.rest_client [req-9ef35a91-54bc-4435-95db-ba5a6b16dac7 req-9ef35a91-54bc-4435-95db-ba5a6b16dac7 ] Request (InstanceUsageAuditLogTestJSON:setUpClass): 204 PUT http://10.180.1.21/identity/v3/projects/23e86c6da6574376bd0cb86f109f6e9d/users/bda9309a170c4f95b595cc2cebc1acf2/roles/9065980ad22b4cb181260fb3c90c9c08 0.022s
2025-03-26 04:52:50.753 68942 INFO tempest.lib.common.dynamic_creds [-] Dynamic test user bda9309a170c4f95b595cc2cebc1acf2 is created with scope project and roles: ['admin']
2025-03-26 04:52:50.753 68942 INFO tempest.lib.common.dynamic_creds [-] Acquired dynamic creds: credentials: Credentials: {'domain_id': 'default', 'domain_name': 'Default', 'username': 'tempest-InstanceUsageAuditLogTestJSON-1321190340-project-admin', 'project_domain_id': 'default', 'project_domain_name': 'Default', 'project_id': '23e86c6da6574376bd0cb86f109f6e9d', 'project_name': 'tempest-InstanceUsageAuditLogTestJSON-1321190340', 'tenant_id': '23e86c6da6574376bd0cb86f109f6e9d', 'tenant_name': 'tempest-InstanceUsageAuditLogTestJSON-1321190340', 'user_domain_id': 'default', 'user_domain_name': 'Default', 'user_id': 'bda9309a170c4f95b595cc2cebc1acf2', 'system': None}, Network: None, Subnet: None, Router: None
2025-03-26 04:52:50.754 68942 INFO tempest.lib.common.dynamic_creds [-] Created isolated network resources for: credentials: Credentials: {'domain_id': 'default', 'domain_name': 'Default', 'username': 'tempest-InstanceUsageAuditLogTestJSON-1321190340-project-admin', 'project_domain_id': 'default', 'project_domain_name': 'Default', 'project_id': '23e86c6da6574376bd0cb86f109f6e9d', 'project_name': 'tempest-InstanceUsageAuditLogTestJSON-1321190340', 'tenant_id': '23e86c6da6574376bd0cb86f109f6e9d', 'tenant_name': 'tempest-InstanceUsageAuditLogTestJSON-1321190340', 'user_domain_id': 'default', 'user_domain_name': 'Default', 'user_id': 'bda9309a170c4f95b595cc2cebc1acf2', 'system': None}, Network: None, Subnet: None, Router: None
2025-03-26 04:52:50.779 68908 INFO tempest.lib.common.rest_client [req-61a230ce-8fa4-405f-af93-57e82537f25d req-61a230ce-8fa4-405f-af93-57e82537f25d ] Request (ImagesOneServerTestJSON:test_create_image_specify_multibyte_character_image_name): 200 GET http://10.180.1.21/compute/v2.1/images/715d763c-7d6b-40b5-8da3-e87ce93cb79e 0.132s
2025-03-26 04:52:50.833 68922 INFO tempest.lib.common.rest_client [req-9e8bf83a-4766-46e7-aaaa-10c9c3933cbe req-9e8bf83a-4766-46e7-aaaa-10c9c3933cbe ] Request (InstanceActionsTestJSON:setUpClass): 200 GET http://10.180.1.21/compute/v2.1/servers/9aa0dbe3-e31c-4a14-a4e2-0cf781aa99c0 0.153s
2025-03-26 04:52:50.851 68942 INFO tempest.lib.common.rest_client [req-cf267233-e555-4aff-ac2f-c9e9154713db req-cf267233-e555-4aff-ac2f-c9e9154713db ] Request (InstanceUsageAuditLogTestJSON:setUpClass): 201 POST http://10.180.1.21/identity/v3/auth/tokens 0.092s
2025-03-26 04:52:50.896 68938 INFO tempest.lib.common.rest_client [req-452ff595-0be5-48f9-a2a6-51055da212e5 req-452ff595-0be5-48f9-a2a6-51055da212e5 ] Request (DeleteServersTestJSON:test_delete_server_while_in_attached_volume): 200 GET http://10.180.1.21/compute/v2.1/servers/492c0fa1-f821-496a-86c2-f7686479a733 0.187s
2025-03-26 04:52:50.956 68910 INFO tempest.lib.common.rest_client [req-9109ee3b-a0f4-492e-89fe-3574948d6532 req-9109ee3b-a0f4-492e-89fe-3574948d6532 ] Request (ServerExternalEventsTest:test_create_server_external_events): 200 GET http://10.180.1.21/compute/v2.1/servers/16b6fafe-524d-482f-961b-10e3601ac4c2 0.215s
2025-03-26 04:52:51.021 68892 INFO tempest.lib.common.rest_client [req-dca53d57-f782-44df-b96a-cb0e31530147 req-dca53d57-f782-44df-b96a-cb0e31530147 ] Request (InstanceActionsV221TestJSON:test_get_list_deleted_instance_actions): 200 GET http://10.180.1.21/compute/v2.1/servers/2dcadbe8-fe23-4ee5-bf8a-5aa3cde1425c 0.200s
2025-03-26 04:52:51.134 68942 INFO tempest.lib.common.rest_client [req-dd46c9ab-111d-448b-ab95-b12baad3caf7 req-dd46c9ab-111d-448b-ab95-b12baad3caf7 ] Request (InstanceUsageAuditLogTestJSON:test_get_instance_usage_audit_log): 200 GET http://10.180.1.21/compute/v2.1/os-instance_usage_audit_log/2025-03-26%2004%3A52%3A50 0.282s
2025-03-26 04:52:51.177 68932 INFO tempest.lib.common.rest_client [req-1b7cddce-722f-4663-aa06-7cf72b7b4afd req-1b7cddce-722f-4663-aa06-7cf72b7b4afd ] Request (FloatingIPsAssociationTestJSON:test_associate_disassociate_floating_ip): 202 POST http://10.180.1.21/compute/v2.1/servers/39a84212-2e52-4dba-b00c-5689564deaf4/action 1.310s
2025-03-26 04:52:51.204 68903 INFO tempest.lib.common.rest_client [req-6cabb55c-cbd5-4d6a-945b-dfcf5ed860a9 req-6cabb55c-cbd5-4d6a-945b-dfcf5ed860a9 ] Request (ListServersNegativeTestJSON:setUpClass): 200 GET http://10.180.1.21/compute/v2.1/servers/ba22fe4b-2238-4748-8af5-8fc6bfe3b3ae 0.312s
2025-03-26 04:52:51.236 68924 INFO tempest.lib.common.rest_client [req-894804fc-e6e6-4117-b193-cb544697e134 req-894804fc-e6e6-4117-b193-cb544697e134 ] Request (ImagesNegativeTestJSON:test_create_image_from_deleted_server): 200 GET http://10.180.1.21/compute/v2.1/servers/77b9756e-2299-47e2-a6d8-e8026e33a3de 0.295s
2025-03-26 04:52:51.243 68924 INFO tempest.common.waiters [-] State transition "BUILD/None" ==> "BUILD/networking" after 71 second wait
2025-03-26 04:52:51.255 68940 INFO tempest.lib.common.rest_client [req-cbc12aef-2d42-4eec-a7a3-de66e6718de2 req-cbc12aef-2d42-4eec-a7a3-de66e6718de2 ] Request (AttachVolumeNegativeTest:test_attach_attached_volume_to_different_server): 200 GET http://10.180.1.21/compute/v2.1/servers/fd803a5e-8dbd-449e-b45d-1e6410a286e8 0.306s
2025-03-26 04:52:51.309 68914 INFO tempest.lib.common.rest_client [req-0e752f80-1a92-43f2-9bc1-5c420d62e768 req-0e752f80-1a92-43f2-9bc1-5c420d62e768 ] Request (ServersAdminTestJSON:setUpClass): 200 GET http://10.180.1.21/compute/v2.1/servers/b40c9dec-cebc-4d23-8df4-96e804333706 0.197s
2025-03-26 04:52:51.313 68886 INFO tempest.lib.common.rest_client [req-947542a2-a5ef-4cb7-a10e-e8cc6406ccc0 req-947542a2-a5ef-4cb7-a10e-e8cc6406ccc0 ] Request (ServersAdminNegativeTestJSON:tearDownClass): 200 GET http://10.180.1.21/compute/v2.1/servers/3ee3365b-0799-414b-b2a1-1d219bd9db96 0.279s
2025-03-26 04:52:51.322 68942 INFO tempest.lib.common.rest_client [req-ad982f74-aa9f-48f1-b222-649978c46831 req-ad982f74-aa9f-48f1-b222-649978c46831 ] Request (InstanceUsageAuditLogTestJSON:test_list_instance_usage_audit_logs): 200 GET http://10.180.1.21/compute/v2.1/os-instance_usage_audit_log 0.184s
2025-03-26 04:52:51.379 68932 INFO tempest.lib.common.rest_client [req-e1a64f36-7ada-411d-b862-9a217bbd827e req-e1a64f36-7ada-411d-b862-9a217bbd827e ] Request (FloatingIPsAssociationTestJSON:tearDownClass): 204 DELETE http://10.180.1.21/compute/v2.1/servers/6606b921-4f3a-44f5-ae4e-c600f26876fc 0.199s
2025-03-26 04:52:51.386 68894 INFO tempest.lib.common.rest_client [req-5c4bc6e3-a3fb-46e2-8f31-88b470f23139 req-5c4bc6e3-a3fb-46e2-8f31-88b470f23139 ] Request (MultipleCreateTestJSON:_run_cleanups): 200 GET http://10.180.1.21/compute/v2.1/servers/ec64b2fd-2409-4af1-8f51-cc0ccbba14f2 0.185s
2025-03-26 04:52:51.436 68906 INFO tempest.lib.common.rest_client [req-43726242-f227-4315-96da-6b7d8d12b7dc req-43726242-f227-4315-96da-6b7d8d12b7dc ] Request (ListServerFiltersTestJSON:setUpClass): 200 GET http://10.180.1.21/compute/v2.1/servers/0c4d4d93-89bf-4164-973b-af48278a3915 0.182s
2025-03-26 04:52:51.447 68900 INFO tempest.lib.common.rest_client [req-f9756912-ecec-487f-bbc4-90fb506e8cf5 req-f9756912-ecec-487f-bbc4-90fb506e8cf5 ] Request (ListImageFiltersTestJSON:tearDownClass): 200 GET http://10.180.1.21/compute/v2.1/servers/c9264123-ab19-40d5-959a-791b8966d2f6 0.096s
2025-03-26 04:52:51.465 68942 INFO tempest.lib.common.rest_client [req-49c927a5-0885-440d-8147-c7f56a6228e5 req-49c927a5-0885-440d-8147-c7f56a6228e5 ] Request (InstanceUsageAuditLogTestJSON:tearDownClass): 204 DELETE http://10.180.1.21/identity/v3/users/da389cce93eb45339871d0faaf9ecde9 0.137s
2025-03-26 04:52:51.503 68904 INFO tempest.lib.common.rest_client [req-c071e87d-e700-46ca-87fb-ed504857cf5a req-c071e87d-e700-46ca-87fb-ed504857cf5a ] Request (SecurityGroupsTestJSON:test_server_security_groups): 200 GET http://10.180.1.21/compute/v2.1/servers/bda7e09b-848b-4d5d-a49d-6e0639f22f99 0.089s
2025-03-26 04:52:51.504 68932 INFO tempest.lib.common.rest_client [req-afe95b7a-c155-4254-a4e0-ad855eab72c8 req-afe95b7a-c155-4254-a4e0-ad855eab72c8 ] Request (FloatingIPsAssociationTestJSON:tearDownClass): 200 GET http://10.180.1.21/compute/v2.1/servers/6606b921-4f3a-44f5-ae4e-c600f26876fc 0.125s
2025-03-26 04:52:51.552 68896 INFO tempest.lib.common.rest_client [req-0cb8c1ab-7447-4e2c-bfd5-2e6381e22045 req-0cb8c1ab-7447-4e2c-bfd5-2e6381e22045 ] Request (ServerActionsTestJSON:setUpClass): 200 GET http://10.180.1.21/compute/v2.1/servers/a9e87dfc-6e00-4e55-8a8f-bc3174b991da 0.084s
2025-03-26 04:52:51.571 68912 INFO tempest.lib.common.rest_client [req-875826c3-a3fd-49c4-b33d-55ff13c41631 req-875826c3-a3fd-49c4-b33d-55ff13c41631 ] Request (ImagesOneServerNegativeTestJSON:_run_cleanups): 200 GET http://10.180.1.21/compute/v2.1/servers/1d1bc559-54c1-4ee5-ba78-bc4fbdca2df6 0.059s
2025-03-26 04:52:51.574 68942 INFO tempest.lib.common.rest_client [req-e00eeff1-d9ef-40f0-a763-4933af4504be req-e00eeff1-d9ef-40f0-a763-4933af4504be ] Request (InstanceUsageAuditLogTestJSON:tearDownClass): 204 DELETE http://10.180.1.21/identity/v3/users/bda9309a170c4f95b595cc2cebc1acf2 0.109s
2025-03-26 04:52:51.574 68942 INFO tempest.lib.common.dynamic_creds [-] Deleting project and security group for project: 23e86c6da6574376bd0cb86f109f6e9d
2025-03-26 04:52:51.631 68942 INFO tempest.lib.common.rest_client [req-2615f8d3-dff7-441c-bf3e-b3f5148fb049 req-2615f8d3-dff7-441c-bf3e-b3f5148fb049 ] Request (InstanceUsageAuditLogTestJSON:tearDownClass): 201 POST http://10.180.1.21/identity/v3/auth/tokens 0.057s
2025-03-26 04:52:51.634 68936 INFO tempest.lib.common.rest_client [req-4f3492e4-378e-4d4d-a7cb-1df4563aeeae req-4f3492e4-378e-4d4d-a7cb-1df4563aeeae ] Request (AttachInterfacesV270Test:test_create_get_list_interfaces): 200 GET http://10.180.1.21/compute/v2.1/servers/98efdafe-e02b-46ca-a701-b70042513128 0.059s
2025-03-26 04:52:51.730 68898 INFO tempest.lib.common.rest_client [req-57b93b9b-dfa4-43f3-8141-600ec6e0f2ef req-57b93b9b-dfa4-43f3-8141-600ec6e0f2ef ] Request (VolumesAdminNegativeTest:test_update_attached_volume_with_nonexistent_volume_in_body): 200 GET http://10.180.1.21/volume/v3/volumes/a00e4c14-852f-4ac3-9275-c48328adff12 0.048s
2025-03-26 04:52:51.823 68908 INFO tempest.lib.common.rest_client [req-3c77a1af-1abd-433c-9dbb-3238e8773a29 req-3c77a1af-1abd-433c-9dbb-3238e8773a29 ] Request (ImagesOneServerTestJSON:test_create_image_specify_multibyte_character_image_name): 200 GET http://10.180.1.21/compute/v2.1/images/715d763c-7d6b-40b5-8da3-e87ce93cb79e 0.040s
2025-03-26 04:52:51.825 68942 INFO tempest.lib.common.rest_client [req-47c8b206-fcec-43d2-945b-1a58b3cde215 req-47c8b206-fcec-43d2-945b-1a58b3cde215 ] Request (InstanceUsageAuditLogTestJSON:tearDownClass): 200 GET http://10.180.1.21:9696/networking/v2.0/security-groups?tenant_id=23e86c6da6574376bd0cb86f109f6e9d&name=default 0.193s
2025-03-26 04:52:51.904 68922 INFO tempest.lib.common.rest_client [req-fc7300e0-f345-4508-bca5-15e2fe4d6de5 req-fc7300e0-f345-4508-bca5-15e2fe4d6de5 ] Request (InstanceActionsTestJSON:setUpClass): 200 GET http://10.180.1.21/compute/v2.1/servers/9aa0dbe3-e31c-4a14-a4e2-0cf781aa99c0 0.062s
2025-03-26 04:52:51.932 68942 INFO tempest.lib.common.rest_client [req-152bab8e-0200-4754-994b-1bfbe706739c req-152bab8e-0200-4754-994b-1bfbe706739c ] Request (InstanceUsageAuditLogTestJSON:tearDownClass): 204 DELETE http://10.180.1.21:9696/networking/v2.0/security-groups/37fa40a6-e36d-43b7-aa30-871dd8ea4e05 0.107s
2025-03-26 04:52:51.937 68944 INFO tempest.lib.common.rest_client [req-3664c5a8-a8a9-4272-8e9b-7e0f234506a6 req-3664c5a8-a8a9-4272-8e9b-7e0f234506a6 ] Request (MigrationsAdminTest:test_resize_server_revert_deleted_flavor): 200 GET http://10.180.1.21/compute/v2.1/servers/912303de-a79d-41b0-ab44-c79e850a4dee 0.190s
2025-03-26 04:52:51.975 68938 INFO tempest.lib.common.rest_client [req-3e5251e1-5906-40a2-9336-c40134801056 req-3e5251e1-5906-40a2-9336-c40134801056 ] Request (DeleteServersTestJSON:test_delete_server_while_in_attached_volume): 200 GET http://10.180.1.21/compute/v2.1/servers/492c0fa1-f821-496a-86c2-f7686479a733 0.065s
2025-03-26 04:52:51.999 68942 INFO tempest.lib.common.rest_client [req-1ba1c4fe-94b1-4921-8307-a658abb822d6 req-1ba1c4fe-94b1-4921-8307-a658abb822d6 ] Request (InstanceUsageAuditLogTestJSON:tearDownClass): 204 DELETE http://10.180.1.21/identity/v3/projects/23e86c6da6574376bd0cb86f109f6e9d 0.066s
2025-03-26 04:52:51.999 68942 INFO tempest.lib.common.dynamic_creds [-] Deleting project and security group for project: d1084afc32e84825810432e9f2104670
2025-03-26 04:52:52.023 68910 INFO tempest.lib.common.rest_client [req-44a10d07-2fdb-4ec8-93de-1f5f94cffde3 req-44a10d07-2fdb-4ec8-93de-1f5f94cffde3 ] Request (ServerExternalEventsTest:test_create_server_external_events): 200 GET http://10.180.1.21/compute/v2.1/servers/16b6fafe-524d-482f-961b-10e3601ac4c2 0.058s
2025-03-26 04:52:52.101 68892 INFO tempest.lib.common.rest_client [req-5271a468-4b94-4bd4-b7b8-6c28cf5c8a4e req-5271a468-4b94-4bd4-b7b8-6c28cf5c8a4e ] Request (InstanceActionsV221TestJSON:test_get_list_deleted_instance_actions): 200 GET http://10.180.1.21/compute/v2.1/servers/2dcadbe8-fe23-4ee5-bf8a-5aa3cde1425c 0.068s
2025-03-26 04:52:52.115 68942 INFO tempest.lib.common.rest_client [req-f08931d3-5e14-429a-bfc5-afb789b61f70 req-f08931d3-5e14-429a-bfc5-afb789b61f70 ] Request (InstanceUsageAuditLogTestJSON:tearDownClass): 200 GET http://10.180.1.21:9696/networking/v2.0/security-groups?tenant_id=d1084afc32e84825810432e9f2104670&name=default 0.116s
2025-03-26 04:52:52.196 68942 INFO tempest.lib.common.rest_client [req-00520ad8-b7bd-41c2-9968-5a2fbd53dbf2 req-00520ad8-b7bd-41c2-9968-5a2fbd53dbf2 ] Request (InstanceUsageAuditLogTestJSON:tearDownClass): 204 DELETE http://10.180.1.21:9696/networking/v2.0/security-groups/763d3aad-057e-44ad-89f7-d3aeda552386 0.080s
2025-03-26 04:52:52.226 68888 WARNING tempest.lib.common.ssh [-] Failed to establish authenticated ssh connection to cirros@10.180.180.232 ([Errno None] Unable to connect to port 22 on 10.180.180.232). Number attempts: 6. Retry after 7 seconds.: paramiko.ssh_exception.NoValidConnectionsError: [Errno None] Unable to connect to port 22 on 10.180.180.232
2025-03-26 04:52:52.281 68903 INFO tempest.lib.common.rest_client [req-439933ba-fa3e-4274-9f05-ba83751aae2f req-439933ba-fa3e-4274-9f05-ba83751aae2f ] Request (ListServersNegativeTestJSON:setUpClass): 200 GET http://10.180.1.21/compute/v2.1/servers/ba22fe4b-2238-4748-8af5-8fc6bfe3b3ae 0.067s
2025-03-26 04:52:52.319 68942 INFO tempest.lib.common.rest_client [req-8f805c77-f3d4-4439-a7d8-903e734b136d req-8f805c77-f3d4-4439-a7d8-903e734b136d ] Request (InstanceUsageAuditLogTestJSON:tearDownClass): 204 DELETE http://10.180.1.21/identity/v3/projects/d1084afc32e84825810432e9f2104670 0.122s
2025-03-26 04:52:52.337 68940 INFO tempest.lib.common.rest_client [req-9b03cd20-aaa6-4ce0-9dd3-d0cc9768746f req-9b03cd20-aaa6-4ce0-9dd3-d0cc9768746f ] Request (AttachVolumeNegativeTest:test_attach_attached_volume_to_different_server): 200 GET http://10.180.1.21/compute/v2.1/servers/fd803a5e-8dbd-449e-b45d-1e6410a286e8 0.073s
2025-03-26 04:52:52.381 68942 INFO tempest.lib.common.rest_client [req-3432dcc1-c048-485b-bd39-889417dcc2b6 req-3432dcc1-c048-485b-bd39-889417dcc2b6 ] Request (ServersAdmin275Test:setUpClass): 201 POST http://10.180.1.21/identity/v3/auth/tokens 0.061s
2025-03-26 04:52:52.408 68924 INFO tempest.lib.common.rest_client [req-4dc6860a-e894-4905-9a05-5b288e288293 req-4dc6860a-e894-4905-9a05-5b288e288293 ] Request (ImagesNegativeTestJSON:test_create_image_from_deleted_server): 200 GET http://10.180.1.21/compute/v2.1/servers/77b9756e-2299-47e2-a6d8-e8026e33a3de 0.164s
2025-03-26 04:52:52.417 68924 INFO tempest.common.waiters [-] State transition "BUILD/networking" ==> "BUILD/spawning" after 72 second wait
2025-03-26 04:52:52.420 68942 INFO tempest.lib.common.rest_client [req-a4a5b002-d5d1-4f1e-bf26-b6c30895bfae req-a4a5b002-d5d1-4f1e-bf26-b6c30895bfae ] Request (ServersAdmin275Test:setUpClass): 201 POST http://10.180.1.21/identity/v3/auth/tokens 0.035s
2025-03-26 04:52:52.420 68914 INFO tempest.lib.common.rest_client [req-3be76fcc-9295-4aa0-84e0-cf2eaeb78e10 req-3be76fcc-9295-4aa0-84e0-cf2eaeb78e10 ] Request (ServersAdminTestJSON:setUpClass): 200 GET http://10.180.1.21/compute/v2.1/servers/b40c9dec-cebc-4d23-8df4-96e804333706 0.097s
2025-03-26 04:52:52.444 68942 INFO tempest.lib.common.rest_client [req-3375c19e-7f6e-4d6c-924c-bb794c8ac259 req-3375c19e-7f6e-4d6c-924c-bb794c8ac259 ] Request (ServersAdmin275Test:setUpClass): 200 GET http://10.180.1.21/identity/v3/domains?name=Default 0.024s
2025-03-26 04:52:52.467 68886 INFO tempest.lib.common.rest_client [req-49b568fc-d792-48c7-95c5-d2dda365864c req-49b568fc-d792-48c7-95c5-d2dda365864c ] Request (ServersAdminNegativeTestJSON:tearDownClass): 200 GET http://10.180.1.21/compute/v2.1/servers/3ee3365b-0799-414b-b2a1-1d219bd9db96 0.142s
2025-03-26 04:52:52.478 68942 INFO tempest.lib.common.rest_client [req-8e4ae244-abc5-4b44-8a35-95094fca98bf req-8e4ae244-abc5-4b44-8a35-95094fca98bf ] Request (ServersAdmin275Test:setUpClass): 201 POST http://10.180.1.21/identity/v3/projects 0.033s
2025-03-26 04:52:52.485 68894 INFO tempest.lib.common.rest_client [req-1dde7863-3d24-432a-a989-29107b330bc0 req-1dde7863-3d24-432a-a989-29107b330bc0 ] Request (MultipleCreateTestJSON:_run_cleanups): 200 GET http://10.180.1.21/compute/v2.1/servers/ec64b2fd-2409-4af1-8f51-cc0ccbba14f2 0.089s
2025-03-26 04:52:52.522 68906 INFO tempest.lib.common.rest_client [req-121a76c2-aca0-4dda-a79a-a372c7c2ab4a req-121a76c2-aca0-4dda-a79a-a372c7c2ab4a ] Request (ListServerFiltersTestJSON:setUpClass): 200 GET http://10.180.1.21/compute/v2.1/servers/0c4d4d93-89bf-4164-973b-af48278a3915 0.077s
2025-03-26 04:52:52.544 68942 INFO tempest.lib.common.rest_client [req-e4870feb-6695-42e8-a766-3b10e65dc41d req-e4870feb-6695-42e8-a766-3b10e65dc41d ] Request (ServersAdmin275Test:setUpClass): 201 POST http://10.180.1.21/identity/v3/users 0.066s
2025-03-26 04:52:52.550 68900 INFO tempest.lib.common.rest_client [req-6de1acad-0047-4963-9213-0964c2167f98 req-6de1acad-0047-4963-9213-0964c2167f98 ] Request (ListImageFiltersTestJSON:tearDownClass): 200 GET http://10.180.1.21/compute/v2.1/servers/c9264123-ab19-40d5-959a-791b8966d2f6 0.094s
2025-03-26 04:52:52.571 68942 INFO tempest.lib.common.rest_client [req-255989a0-2edf-443c-a97e-01990146d128 req-255989a0-2edf-443c-a97e-01990146d128 ] Request (ServersAdmin275Test:setUpClass): 200 GET http://10.180.1.21/identity/v3/roles 0.026s
2025-03-26 04:52:52.599 68904 INFO tempest.lib.common.rest_client [req-0f1477a0-0016-4d78-85f4-4a3d22946713 req-0f1477a0-0016-4d78-85f4-4a3d22946713 ] Request (SecurityGroupsTestJSON:test_server_security_groups): 200 GET http://10.180.1.21/compute/v2.1/servers/bda7e09b-848b-4d5d-a49d-6e0639f22f99 0.087s
2025-03-26 04:52:52.604 68942 INFO tempest.lib.common.rest_client [req-15f45676-5637-4bc6-ac00-824567058c30 req-15f45676-5637-4bc6-ac00-824567058c30 ] Request (ServersAdmin275Test:setUpClass): 204 PUT http://10.180.1.21/identity/v3/projects/ef25c172cdd84b79a1fa5e57b804c510/users/7c8f2ea2f4824cc9b75bcafa00947be0/roles/0f4ac78a4db447a99299d68091212a7e 0.033s
2025-03-26 04:52:52.605 68942 INFO tempest.lib.common.dynamic_creds [-] Dynamic test user 7c8f2ea2f4824cc9b75bcafa00947be0 is created with scope project and roles: ['member']
2025-03-26 04:52:52.605 68942 INFO tempest.lib.common.dynamic_creds [-] Acquired dynamic creds: credentials: Credentials: {'domain_id': 'default', 'domain_name': 'Default', 'username': 'tempest-ServersAdmin275Test-1333460505-project-member', 'project_domain_id': 'default', 'project_domain_name': 'Default', 'project_id': 'ef25c172cdd84b79a1fa5e57b804c510', 'project_name': 'tempest-ServersAdmin275Test-1333460505', 'tenant_id': 'ef25c172cdd84b79a1fa5e57b804c510', 'tenant_name': 'tempest-ServersAdmin275Test-1333460505', 'user_domain_id': 'default', 'user_domain_name': 'Default', 'user_id': '7c8f2ea2f4824cc9b75bcafa00947be0', 'system': None}, Network: None, Subnet: None, Router: None
2025-03-26 04:52:52.605 68942 INFO tempest.lib.common.dynamic_creds [-] Created isolated network resources for: credentials: Credentials: {'domain_id': 'default', 'domain_name': 'Default', 'username': 'tempest-ServersAdmin275Test-1333460505-project-member', 'project_domain_id': 'default', 'project_domain_name': 'Default', 'project_id': 'ef25c172cdd84b79a1fa5e57b804c510', 'project_name': 'tempest-ServersAdmin275Test-1333460505', 'tenant_id': 'ef25c172cdd84b79a1fa5e57b804c510', 'tenant_name': 'tempest-ServersAdmin275Test-1333460505', 'user_domain_id': 'default', 'user_domain_name': 'Default', 'user_id': '7c8f2ea2f4824cc9b75bcafa00947be0', 'system': None}, Network: None, Subnet: None, Router: None
2025-03-26 04:52:52.619 68932 INFO tempest.lib.common.rest_client [req-c46d3fa8-05e7-462f-b75e-9cb510e7284e req-c46d3fa8-05e7-462f-b75e-9cb510e7284e ] Request (FloatingIPsAssociationTestJSON:tearDownClass): 200 GET http://10.180.1.21/compute/v2.1/servers/6606b921-4f3a-44f5-ae4e-c600f26876fc 0.107s
2025-03-26 04:52:52.626 68932 INFO tempest.common.waiters [-] State transition "ACTIVE/deleting" ==> "DELETED/None" after 1 second wait
2025-03-26 04:52:52.654 68896 INFO tempest.lib.common.rest_client [req-4d596910-a116-4705-8088-5f1e79433de3 req-4d596910-a116-4705-8088-5f1e79433de3 ] Request (ServerActionsTestJSON:setUpClass): 200 GET http://10.180.1.21/compute/v2.1/servers/a9e87dfc-6e00-4e55-8a8f-bc3174b991da 0.094s
