2025-03-26 04:51:08.343 68910 INFO tempest.lib.common.rest_client [req-3e273442-57ce-4efb-beeb-7d861c770c24 req-3e273442-57ce-4efb-beeb-7d861c770c24 ] Request (ServerDiagnosticsV248Test:tearDownClass): 204 DELETE http://10.180.1.21/compute/v2.1/servers/7693ef68-d7e5-4899-9615-9f2a1dd0bce8 1.857s
2025-03-26 04:51:08.345 68938 INFO tempest.lib.common.rest_client [req-de21ff19-a952-4816-af50-2888ec1b649f req-de21ff19-a952-4816-af50-2888ec1b649f ] Request (DeleteServersTestJSON:setUpClass): 200 GET http://10.180.1.21/identity/v3/domains?name=Default 0.028s
2025-03-26 04:51:08.365 68914 INFO tempest.lib.common.rest_client [req-4e2f4df4-f902-4280-90ff-1162d00d6955 req-4e2f4df4-f902-4280-90ff-1162d00d6955 ] Request (ServerDiagnosticsTest:tearDownClass): 200 GET http://10.180.1.21/compute/v2.1/servers/8eb18d79-e164-4e66-83b0-7b40d04c30a8 1.608s
2025-03-26 04:51:08.373 68914 INFO tempest.common.waiters [-] State transition "ACTIVE/deleting" ==> "DELETED/None" after 3 second wait
2025-03-26 04:51:08.416 68938 INFO tempest.lib.common.rest_client [req-6d02dcb0-3786-4c36-a954-05fff1740248 req-6d02dcb0-3786-4c36-a954-05fff1740248 ] Request (DeleteServersTestJSON:setUpClass): 201 POST http://10.180.1.21/identity/v3/projects 0.070s
2025-03-26 04:51:08.432 68916 INFO tempest.lib.common.rest_client [req-49d2ab02-2995-4417-9b17-62141b6a8a80 req-49d2ab02-2995-4417-9b17-62141b6a8a80 ] Request (AttachInterfacesUnderV243Test:test_add_remove_fixed_ip): 200 GET http://10.180.1.21/compute/v2.1/servers/ad207187-634f-4e7f-9809-eb3f742ddeec 1.624s
2025-03-26 04:51:08.433 68926 INFO tempest.lib.common.rest_client [req-2dd5c38b-c689-46fd-81aa-86e73cb58d60 req-2dd5c38b-c689-46fd-81aa-86e73cb58d60 ] Request (SecurityGroupRulesNegativeTestJSON:setUpClass): 201 POST http://10.180.1.21/identity/v3/users 0.096s
2025-03-26 04:51:08.438 68942 INFO tempest.lib.common.rest_client [req-0b8c5b0d-c05e-46ef-8aea-8cd2e741f876 req-0b8c5b0d-c05e-46ef-8aea-8cd2e741f876 ] Request (DeleteServersAdminTestJSON:test_admin_delete_servers_of_others): 200 GET http://10.180.1.21/compute/v2.1/servers/87f6c6d0-4e3d-4608-bd0d-4771bc9c174a 1.669s
2025-03-26 04:51:08.488 68938 INFO tempest.lib.common.rest_client [req-af726330-67da-4175-b104-da744b97b41f req-af726330-67da-4175-b104-da744b97b41f ] Request (DeleteServersTestJSON:setUpClass): 201 POST http://10.180.1.21/identity/v3/users 0.072s
2025-03-26 04:51:08.492 68888 INFO tempest.lib.common.rest_client [req-5d0ab2a3-37d0-45bc-ad1c-45c807a71d81 req-5d0ab2a3-37d0-45bc-ad1c-45c807a71d81 ] Request (ServersTestBootFromVolume:setUpClass): 200 GET http://10.180.1.21/volume/v3/volumes/b88d036e-c8ce-4222-807f-25716446b927 0.033s
2025-03-26 04:51:08.493 68946 INFO tempest.lib.common.rest_client [req-69088779-2aef-44f5-abd9-a9ce18f99a93 req-69088779-2aef-44f5-abd9-a9ce18f99a93 ] Request (ServersTestManualDisk:setUpClass): 201 POST http://10.180.1.21:9696/networking/v2.0/networks 0.602s
2025-03-26 04:51:08.511 68938 INFO tempest.lib.common.rest_client [req-87dcfd95-d911-4d85-92c8-da8fe614f3e6 req-87dcfd95-d911-4d85-92c8-da8fe614f3e6 ] Request (DeleteServersTestJSON:setUpClass): 200 GET http://10.180.1.21/identity/v3/roles 0.022s
2025-03-26 04:51:08.511 68926 INFO tempest.lib.common.rest_client [req-c01ecc4a-9b9e-4c98-9e7c-bbae8445aa0d req-c01ecc4a-9b9e-4c98-9e7c-bbae8445aa0d ] Request (SecurityGroupRulesNegativeTestJSON:setUpClass): 200 GET http://10.180.1.21/identity/v3/roles 0.075s
2025-03-26 04:51:08.515 68900 INFO tempest.lib.common.rest_client [req-a3db67d1-a98f-40cb-acf0-901455a6a471 req-a3db67d1-a98f-40cb-acf0-901455a6a471 ] Request (ListImageFiltersTestJSON:setUpClass): 200 GET http://10.180.1.21/compute/v2.1/servers/c9264123-ab19-40d5-959a-791b8966d2f6 1.674s
2025-03-26 04:51:08.522 68948 INFO tempest.lib.common.rest_client [req-fc9bce6e-3b95-4268-ad50-1ca380fa9daf req-fc9bce6e-3b95-4268-ad50-1ca380fa9daf ] Request (QuotasAdminNegativeTest:tearDownClass): 204 DELETE http://10.180.1.21:9696/networking/v2.0/security-groups/d6f05774-a3fb-4dae-b638-c3dadf7fabff 0.227s
2025-03-26 04:51:08.537 68926 INFO tempest.lib.common.rest_client [req-5b434eb3-6579-4d28-9bb1-b7181a1e9366 req-5b434eb3-6579-4d28-9bb1-b7181a1e9366 ] Request (SecurityGroupRulesNegativeTestJSON:setUpClass): 204 PUT http://10.180.1.21/identity/v3/projects/5fd78498243947579dad5ec6abbb7141/users/2e7f8a9158d74639b8a9fd9163952637/roles/0f4ac78a4db447a99299d68091212a7e 0.025s
2025-03-26 04:51:08.537 68926 INFO tempest.lib.common.dynamic_creds [-] Dynamic test user 2e7f8a9158d74639b8a9fd9163952637 is created with scope project and roles: ['member']
2025-03-26 04:51:08.538 68926 INFO tempest.lib.common.dynamic_creds [-] Acquired dynamic creds: credentials: Credentials: {'domain_id': 'default', 'domain_name': 'Default', 'username': 'tempest-SecurityGroupRulesNegativeTestJSON-931654565-project-member', 'project_domain_id': 'default', 'project_domain_name': 'Default', 'project_id': '5fd78498243947579dad5ec6abbb7141', 'project_name': 'tempest-SecurityGroupRulesNegativeTestJSON-931654565', 'tenant_id': '5fd78498243947579dad5ec6abbb7141', 'tenant_name': 'tempest-SecurityGroupRulesNegativeTestJSON-931654565', 'user_domain_id': 'default', 'user_domain_name': 'Default', 'user_id': '2e7f8a9158d74639b8a9fd9163952637', 'system': None}, Network: None, Subnet: None, Router: None
2025-03-26 04:51:08.543 68938 INFO tempest.lib.common.rest_client [req-677d8305-8c5f-46d2-a232-ca558d00744a req-677d8305-8c5f-46d2-a232-ca558d00744a ] Request (DeleteServersTestJSON:setUpClass): 204 PUT http://10.180.1.21/identity/v3/projects/decd2576711b41bbb25300d9db62643e/users/330a73f609f746d8b8c1a7eefe557c69/roles/0f4ac78a4db447a99299d68091212a7e 0.031s
2025-03-26 04:51:08.544 68938 INFO tempest.lib.common.dynamic_creds [-] Dynamic test user 330a73f609f746d8b8c1a7eefe557c69 is created with scope project and roles: ['member']
2025-03-26 04:51:08.544 68938 INFO tempest.lib.common.dynamic_creds [-] Acquired dynamic creds: credentials: Credentials: {'domain_id': 'default', 'domain_name': 'Default', 'username': 'tempest-DeleteServersTestJSON-1181782645-project-member', 'project_domain_id': 'default', 'project_domain_name': 'Default', 'project_id': 'decd2576711b41bbb25300d9db62643e', 'project_name': 'tempest-DeleteServersTestJSON-1181782645', 'tenant_id': 'decd2576711b41bbb25300d9db62643e', 'tenant_name': 'tempest-DeleteServersTestJSON-1181782645', 'user_domain_id': 'default', 'user_domain_name': 'Default', 'user_id': '330a73f609f746d8b8c1a7eefe557c69', 'system': None}, Network: None, Subnet: None, Router: None
2025-03-26 04:51:08.600 68926 INFO tempest.lib.common.rest_client [req-f9b7da69-55d0-4323-8272-31b6dacc35ee req-f9b7da69-55d0-4323-8272-31b6dacc35ee ] Request (SecurityGroupRulesNegativeTestJSON:setUpClass): 201 POST http://10.180.1.21/identity/v3/auth/tokens 0.062s
2025-03-26 04:51:08.624 68938 INFO tempest.lib.common.rest_client [req-84469c9e-14e7-4ce4-9a95-f187ac198a10 req-84469c9e-14e7-4ce4-9a95-f187ac198a10 ] Request (DeleteServersTestJSON:setUpClass): 201 POST http://10.180.1.21/identity/v3/auth/tokens 0.080s
2025-03-26 04:51:08.643 68903 INFO tempest.lib.common.rest_client [req-6314f84f-fcc3-447a-bb9f-5c7e65285433 req-6314f84f-fcc3-447a-bb9f-5c7e65285433 ] Request (ServerDiagnosticsNegativeTest:test_get_server_diagnostics_by_non_admin): 200 GET http://10.180.1.21/compute/v2.1/servers/26625edb-06ca-48cc-aaf1-3c55a6ea942b 1.437s
2025-03-26 04:51:08.653 68948 INFO tempest.lib.common.rest_client [req-928f4ea1-c797-490b-b12c-64d3ba971b71 req-928f4ea1-c797-490b-b12c-64d3ba971b71 ] Request (QuotasAdminNegativeTest:tearDownClass): 204 DELETE http://10.180.1.21/identity/v3/projects/cc38563efa9442cc81386d81dcda3a8e 0.131s
2025-03-26 04:51:08.654 68948 INFO tempest.lib.common.dynamic_creds [-] Deleting project and security group for project: 870085b2f9b94656a937ae3d1a3e7b79
2025-03-26 04:51:08.807 68934 INFO tempest.lib.common.rest_client [req-bfb5ec98-bb75-4963-ba14-ad043cfff376 req-bfb5ec98-bb75-4963-ba14-ad043cfff376 ] Request (ServersWithSpecificFlavorTestJSON:test_verify_created_server_ephemeral_disk): 200 GET http://10.180.1.21/compute/v2.1/servers/e77cc179-1f3d-4095-a491-48df7f79bdb9 1.231s
2025-03-26 04:51:08.817 68934 INFO tempest.common.waiters [-] State transition "BUILD/networking" ==> "BUILD/spawning" after 25 second wait
2025-03-26 04:51:08.899 68946 INFO tempest.lib.common.rest_client [req-456fdd2b-0997-4633-b68b-3d68c8f9770e req-456fdd2b-0997-4633-b68b-3d68c8f9770e ] Request (ServersTestManualDisk:setUpClass): 201 POST http://10.180.1.21:9696/networking/v2.0/subnets 0.406s
2025-03-26 04:51:08.968 68948 INFO tempest.lib.common.rest_client [req-bb46a50b-28c0-418a-a2a5-12f52d08f8de req-bb46a50b-28c0-418a-a2a5-12f52d08f8de ] Request (QuotasAdminNegativeTest:tearDownClass): 200 GET http://10.180.1.21:9696/networking/v2.0/security-groups?tenant_id=870085b2f9b94656a937ae3d1a3e7b79&name=default 0.314s
2025-03-26 04:51:09.147 68898 INFO tempest.lib.common.rest_client [req-ed7e8332-cbb3-4bca-bdb2-d5e140cc93ff req-ed7e8332-cbb3-4bca-bdb2-d5e140cc93ff ] Request (VolumesAdminNegativeTest:test_update_attached_volume_with_nonexistent_volume_in_body): 200 PUT http://10.180.1.21:9696/networking/v2.0/floatingips/cfe61a12-96ed-4934-b7a3-62353e780f98 1.031s
2025-03-26 04:51:09.150 68898 INFO tempest.lib.common.ssh [-] Creating ssh connection to '10.180.180.247:22' as 'cirros' with public key authentication
2025-03-26 04:51:09.218 68948 INFO tempest.lib.common.rest_client [req-bbb4d7d9-3fd1-4f8d-92d4-283c60919c4d req-bbb4d7d9-3fd1-4f8d-92d4-283c60919c4d ] Request (QuotasAdminNegativeTest:tearDownClass): 204 DELETE http://10.180.1.21:9696/networking/v2.0/security-groups/b0e9a42c-b1fd-48fa-b0b1-4ace9208bb0e 0.249s
2025-03-26 04:51:09.289 68948 INFO tempest.lib.common.rest_client [req-3996b7b3-82b4-48ac-b305-e37cca50b5fb req-3996b7b3-82b4-48ac-b305-e37cca50b5fb ] Request (QuotasAdminNegativeTest:tearDownClass): 204 DELETE http://10.180.1.21/identity/v3/projects/870085b2f9b94656a937ae3d1a3e7b79 0.070s
2025-03-26 04:51:09.301 68936 INFO tempest.lib.common.rest_client [req-e2e586b8-dc16-4335-a055-773d1c96bde3 req-e2e586b8-dc16-4335-a055-773d1c96bde3 ] Request (FloatingIPsAssociationNegativeTestJSON:_run_cleanups): 202 DELETE http://10.180.1.21/compute/v2.1/os-floating-ips/30bc2b40-4dde-4eac-a57b-8ddd272e10ab 1.744s
2025-03-26 04:51:09.301 68926 INFO tempest.lib.common.rest_client [req-697ba39c-f80c-4700-bd86-690fe4648c6a req-697ba39c-f80c-4700-bd86-690fe4648c6a ] Request (SecurityGroupRulesNegativeTestJSON:setUpClass): 201 POST http://10.180.1.21:9696/networking/v2.0/networks 0.701s
2025-03-26 04:51:09.312 68938 INFO tempest.lib.common.rest_client [req-61382f4b-371a-4d80-832d-0ba22a1647a8 req-61382f4b-371a-4d80-832d-0ba22a1647a8 ] Request (DeleteServersTestJSON:setUpClass): 201 POST http://10.180.1.21:9696/networking/v2.0/networks 0.687s
2025-03-26 04:51:09.325 68924 INFO tempest.lib.common.rest_client [req-7221410f-843f-4942-835c-e159a10f0b79 req-7221410f-843f-4942-835c-e159a10f0b79 ] Request (FlavorsAdminTestJSON:test_is_public_string_variations): 200 GET http://10.180.1.21/compute/v2.1/flavors/detail?is_public=false 1.711s
2025-03-26 04:51:09.330 68894 INFO tempest.lib.common.rest_client [req-bb35c7ef-890d-44e5-820b-a3991eaa0c0d req-bb35c7ef-890d-44e5-820b-a3991eaa0c0d ] Request (SecurityGroupsNegativeTestJSON:test_delete_security_group_without_passing_id): 404 DELETE http://10.180.1.21/compute/v2.1/os-security-groups/ 1.616s
2025-03-26 04:51:09.351 68892 INFO tempest.lib.common.rest_client [req-6f1ff34b-2f93-473c-839e-460075eb4e03 req-6f1ff34b-2f93-473c-839e-460075eb4e03 ] Request (KeyPairsV22TestJSON:_run_cleanups): 204 DELETE http://10.180.1.21/compute/v2.1/os-keypairs/tempest-keypair-1358961233 1.502s
2025-03-26 04:51:09.359 68948 INFO tempest.lib.common.rest_client [req-daaff73f-25b7-4a96-92c7-c4d90090b24c req-daaff73f-25b7-4a96-92c7-c4d90090b24c ] Request (InstanceActionsNegativeTestJSON:setUpClass): 201 POST http://10.180.1.21/identity/v3/auth/tokens 0.069s
2025-03-26 04:51:09.376 68940 INFO tempest.lib.common.rest_client [req-b556a79a-23c4-4d15-9f86-a60b2a54b252 req-b556a79a-23c4-4d15-9f86-a60b2a54b252 ] Request (ServerTagsTestJSON:test_check_tag_existence): 204 GET http://10.180.1.21/compute/v2.1/servers/1c8dfb47-df19-4101-8d4e-30889d71d7da/tags/tempest-tag-953960384 1.422s
2025-03-26 04:51:09.401 68904 INFO tempest.lib.common.rest_client [req-1933d805-09c5-44e0-ac60-f462447e1dab req-1933d805-09c5-44e0-ac60-f462447e1dab ] Request (SecurityGroupsTestJSON:test_security_groups_create_list_delete): 404 GET http://10.180.1.21/compute/v2.1/os-security-groups/a967ebc1-78f9-40f7-abcd-2b4acca12fd7 1.421s
2025-03-26 04:51:09.406 68948 INFO tempest.lib.common.rest_client [req-295d33f4-0b66-40b3-89c7-1e036433f0a4 req-295d33f4-0b66-40b3-89c7-1e036433f0a4 ] Request (InstanceActionsNegativeTestJSON:setUpClass): 201 POST http://10.180.1.21/identity/v3/auth/tokens 0.043s
2025-03-26 04:51:09.442 68948 INFO tempest.lib.common.rest_client [req-0337ae1f-c00c-4710-ba6f-91d153cf10db req-0337ae1f-c00c-4710-ba6f-91d153cf10db ] Request (InstanceActionsNegativeTestJSON:setUpClass): 200 GET http://10.180.1.21/identity/v3/domains?name=Default 0.036s
2025-03-26 04:51:09.482 68948 INFO tempest.lib.common.rest_client [req-c75820ec-77df-4f46-bdcd-511b853d1350 req-c75820ec-77df-4f46-bdcd-511b853d1350 ] Request (InstanceActionsNegativeTestJSON:setUpClass): 201 POST http://10.180.1.21/identity/v3/projects 0.040s
2025-03-26 04:51:09.512 68908 INFO tempest.lib.common.rest_client [req-7dfb001c-cbe1-42ad-b62c-249ddee300ce req-7dfb001c-cbe1-42ad-b62c-249ddee300ce ] Request (QuotaClassesAdmin257Test:test_update_default_quotas): 200 PUT http://10.180.1.21/compute/v2.1/os-quota-class-sets/default 1.345s
2025-03-26 04:51:09.539 68922 INFO tempest.lib.common.rest_client [req-a38dab9c-6136-4f35-a5a9-cf39a12fd545 req-a38dab9c-6136-4f35-a5a9-cf39a12fd545 ] Request (AggregatesAdminNegativeTestJSON:test_aggregate_remove_host_as_user): 200 POST http://10.180.1.21/compute/v2.1/os-aggregates 1.267s
2025-03-26 04:51:09.540 68888 INFO tempest.lib.common.rest_client [req-79cf7cbc-4ece-4093-a395-5668ec0bb299 req-79cf7cbc-4ece-4093-a395-5668ec0bb299 ] Request (ServersTestBootFromVolume:setUpClass): 200 GET http://10.180.1.21/volume/v3/volumes/b88d036e-c8ce-4222-807f-25716446b927 0.040s
2025-03-26 04:51:09.551 68926 INFO tempest.lib.common.rest_client [req-ffdc07c8-97a6-46c4-a898-9d76b4de4e65 req-ffdc07c8-97a6-46c4-a898-9d76b4de4e65 ] Request (SecurityGroupRulesNegativeTestJSON:setUpClass): 201 POST http://10.180.1.21:9696/networking/v2.0/subnets 0.249s
2025-03-26 04:51:09.551 68948 INFO tempest.lib.common.rest_client [req-0f0a6a62-0b5e-4c03-bdf2-d9d470f7ee64 req-0f0a6a62-0b5e-4c03-bdf2-d9d470f7ee64 ] Request (InstanceActionsNegativeTestJSON:setUpClass): 201 POST http://10.180.1.21/identity/v3/users 0.068s
2025-03-26 04:51:09.560 68938 INFO tempest.lib.common.rest_client [req-97331e91-bf59-42d6-a641-bfddbab8725a req-97331e91-bf59-42d6-a641-bfddbab8725a ] Request (DeleteServersTestJSON:setUpClass): 201 POST http://10.180.1.21:9696/networking/v2.0/subnets 0.247s
2025-03-26 04:51:09.576 68948 INFO tempest.lib.common.rest_client [req-cc1aa1ff-2681-4365-bb66-7c7a7c277648 req-cc1aa1ff-2681-4365-bb66-7c7a7c277648 ] Request (InstanceActionsNegativeTestJSON:setUpClass): 200 GET http://10.180.1.21/identity/v3/roles 0.024s
2025-03-26 04:51:09.607 68948 INFO tempest.lib.common.rest_client [req-2793d261-7364-46a3-be2a-3cb4a5b8e32d req-2793d261-7364-46a3-be2a-3cb4a5b8e32d ] Request (InstanceActionsNegativeTestJSON:setUpClass): 204 PUT http://10.180.1.21/identity/v3/projects/46b9b50afee8436b91fa14327ee5382a/users/8ead08530ca148d08b9c443c0c035949/roles/0f4ac78a4db447a99299d68091212a7e 0.031s
2025-03-26 04:51:09.608 68948 INFO tempest.lib.common.dynamic_creds [-] Dynamic test user 8ead08530ca148d08b9c443c0c035949 is created with scope project and roles: ['member']
2025-03-26 04:51:09.608 68948 INFO tempest.lib.common.dynamic_creds [-] Acquired dynamic creds: credentials: Credentials: {'domain_id': 'default', 'domain_name': 'Default', 'username': 'tempest-InstanceActionsNegativeTestJSON-1906875428-project-member', 'project_domain_id': 'default', 'project_domain_name': 'Default', 'project_id': '46b9b50afee8436b91fa14327ee5382a', 'project_name': 'tempest-InstanceActionsNegativeTestJSON-1906875428', 'tenant_id': '46b9b50afee8436b91fa14327ee5382a', 'tenant_name': 'tempest-InstanceActionsNegativeTestJSON-1906875428', 'user_domain_id': 'default', 'user_domain_name': 'Default', 'user_id': '8ead08530ca148d08b9c443c0c035949', 'system': None}, Network: None, Subnet: None, Router: None
2025-03-26 04:51:09.675 68948 INFO tempest.lib.common.rest_client [req-ebffd71f-6b5c-4b86-84da-7a2485ec0e63 req-ebffd71f-6b5c-4b86-84da-7a2485ec0e63 ] Request (InstanceActionsNegativeTestJSON:setUpClass): 201 POST http://10.180.1.21/identity/v3/auth/tokens 0.067s
2025-03-26 04:51:09.804 68910 INFO tempest.lib.common.rest_client [req-85f1a440-52fd-443c-bd32-b6bb3a5f969d req-85f1a440-52fd-443c-bd32-b6bb3a5f969d ] Request (ServerDiagnosticsV248Test:tearDownClass): 200 GET http://10.180.1.21/compute/v2.1/servers/7693ef68-d7e5-4899-9615-9f2a1dd0bce8 1.460s
2025-03-26 04:51:09.959 68912 INFO tempest.lib.common.rest_client [req-0ca58cf9-2272-46dd-8cce-9704fc0efe91 req-0ca58cf9-2272-46dd-8cce-9704fc0efe91 ] Request (ImagesOneServerNegativeTestJSON:setUpClass): 201 POST http://10.180.1.21:9696/networking/v2.0/routers 2.047s
2025-03-26 04:51:10.048 68890 INFO tempest.lib.common.rest_client [req-35c8101e-3743-49ab-8683-a9410a656ebb req-35c8101e-3743-49ab-8683-a9410a656ebb ] Request (FloatingIPsTestJSON:test_delete_floating_ip): 202 DELETE http://10.180.1.21/compute/v2.1/os-floating-ips/42e429ac-8337-478d-85a9-8fc4b613a3c8 2.458s
2025-03-26 04:51:10.126 68944 INFO tempest.lib.common.rest_client [req-5b143209-a690-4d46-9062-8ab32f25e119 req-5b143209-a690-4d46-9062-8ab32f25e119 ] Request (MigrationsAdminTest:test_list_migrations_in_flavor_resize_situation): 200 GET http://10.180.1.21/compute/v2.1/servers/925400c4-3b33-4f4a-9f63-3ceec06cf0b7 1.336s
2025-03-26 04:51:10.153 68928 INFO tempest.lib.common.rest_client [req-8fc5232e-d54e-447b-a6ad-cf3d704c5c6e req-8fc5232e-d54e-447b-a6ad-cf3d704c5c6e ] Request (VolumesAssistedSnapshotsTest:test_volume_assisted_snapshot_create_delete): 200 GET http://10.180.1.21/compute/v2.1/servers/50b9775c-ddbd-4e8f-a2b8-b08c3028fc28 1.338s
2025-03-26 04:51:10.163 68928 INFO tempest.common.waiters [-] State transition "BUILD/None" ==> "BUILD/spawning" after 27 second wait
2025-03-26 04:51:10.212 68886 INFO tempest.lib.common.rest_client [req-5831fb3b-2094-4bad-b5ec-ef555f8bc6da req-5831fb3b-2094-4bad-b5ec-ef555f8bc6da ] Request (ServersAdminNegativeTestJSON:test_migrate_server_invalid_state): 200 GET http://10.180.1.21/compute/v2.1/servers/40b768c1-9007-4f78-a90f-61b2ac64553f 1.175s
2025-03-26 04:51:10.282 68896 INFO tempest.lib.common.rest_client [req-a148eed3-60da-4d5b-a8a1-4cac0df59a6f req-a148eed3-60da-4d5b-a8a1-4cac0df59a6f ] Request (TenantUsagesTestJSON:tearDownClass): 200 GET http://10.180.1.21/compute/v2.1/servers/d6c45731-d76a-46cf-9b7d-be035a200948 1.076s
2025-03-26 04:51:10.291 68932 INFO tempest.lib.common.rest_client [req-24f5339d-cabe-4609-a163-7e9abb06f104 req-24f5339d-cabe-4609-a163-7e9abb06f104 ] Request (FloatingIPsAssociationTestJSON:setUpClass): 200 GET http://10.180.1.21/compute/v2.1/servers/39a84212-2e52-4dba-b00c-5689564deaf4 1.025s
2025-03-26 04:51:10.384 68920 INFO tempest.lib.common.rest_client [req-1b203f6c-b393-4842-b305-80d30c7bb848 req-1b203f6c-b393-4842-b305-80d30c7bb848 ] Request (ServerShowV254Test:test_rebuild_server): 200 GET http://10.180.1.21/compute/v2.1/servers/9bb06e82-cc5c-4673-b1f6-aae87568aa9c 1.114s
2025-03-26 04:51:10.404 68924 INFO tempest.lib.common.rest_client [req-ffd40598-d421-4cf0-aa76-777d9a75f192 req-ffd40598-d421-4cf0-aa76-777d9a75f192 ] Request (FlavorsAdminTestJSON:test_is_public_string_variations): 200 GET http://10.180.1.21/compute/v2.1/flavors/detail?is_public=no 1.075s
2025-03-26 04:51:10.539 68948 INFO tempest.lib.common.rest_client [req-9ddc1114-a2f3-4f7c-9872-de38f2b27ff7 req-9ddc1114-a2f3-4f7c-9872-de38f2b27ff7 ] Request (InstanceActionsNegativeTestJSON:setUpClass): 201 POST http://10.180.1.21:9696/networking/v2.0/networks 0.864s
2025-03-26 04:51:10.587 68888 INFO tempest.lib.common.rest_client [req-f840ec70-7b58-409b-af60-51dcdadf67c4 req-f840ec70-7b58-409b-af60-51dcdadf67c4 ] Request (ServersTestBootFromVolume:setUpClass): 200 GET http://10.180.1.21/volume/v3/volumes/b88d036e-c8ce-4222-807f-25716446b927 0.038s
2025-03-26 04:51:10.612 68918 WARNING tempest.lib.common.ssh [-] Failed to establish authenticated ssh connection to cirros@10.180.180.166 ([Errno None] Unable to connect to port 22 on 10.180.180.166). Number attempts: 1. Retry after 2 seconds.: paramiko.ssh_exception.NoValidConnectionsError: [Errno None] Unable to connect to port 22 on 10.180.180.166
2025-03-26 04:51:10.690 68894 INFO tempest.lib.common.rest_client [req-ae4a920b-4d5f-48ba-98d6-dc81a6eac54b req-ae4a920b-4d5f-48ba-98d6-dc81a6eac54b ] Request (SecurityGroupsNegativeTestJSON:test_delete_the_default_security_group): 200 GET http://10.180.1.21/compute/v2.1/os-security-groups 1.358s
2025-03-26 04:51:10.745 68892 INFO tempest.lib.common.rest_client [req-2b6685f7-cf32-4e02-b7bc-58d17dce6fd3 req-2b6685f7-cf32-4e02-b7bc-58d17dce6fd3 ] Request (KeyPairsV22TestJSON:test_keypair_create_with_pub_key): 201 POST http://10.180.1.21/compute/v2.1/os-keypairs 1.392s
2025-03-26 04:51:10.840 68940 INFO tempest.lib.common.rest_client [req-e056b4ba-859f-4d51-b019-db59404d5425 req-e056b4ba-859f-4d51-b019-db59404d5425 ] Request (ServerTagsTestJSON:_run_cleanups): 204 DELETE http://10.180.1.21/compute/v2.1/servers/1c8dfb47-df19-4101-8d4e-30889d71d7da/tags 1.464s
2025-03-26 04:51:10.948 68914 INFO tempest.lib.common.rest_client [req-b40f8e2d-8a05-4013-a43e-bbd2f1652580 req-b40f8e2d-8a05-4013-a43e-bbd2f1652580 ] Request (ServerDiagnosticsTest:tearDownClass): 200 GET http://10.180.1.21/compute/v2.1/servers/8eb18d79-e164-4e66-83b0-7b40d04c30a8 1.570s
2025-03-26 04:51:11.262 68904 INFO tempest.lib.common.rest_client [req-117f27b6-dbb1-492b-9360-52c52fe89e4f req-117f27b6-dbb1-492b-9360-52c52fe89e4f ] Request (SecurityGroupsTestJSON:test_security_groups_create_list_delete): 202 DELETE http://10.180.1.21/compute/v2.1/os-security-groups/635464be-8029-4b07-9c48-f8f8cc255fb5 1.860s
2025-03-26 04:51:11.372 68942 INFO tempest.lib.common.rest_client [req-16cc44b7-3e7c-4cb8-a536-2f6aba8d14c5 req-16cc44b7-3e7c-4cb8-a536-2f6aba8d14c5 ] Request (DeleteServersAdminTestJSON:test_admin_delete_servers_of_others): 200 GET http://10.180.1.21/compute/v2.1/servers/87f6c6d0-4e3d-4608-bd0d-4771bc9c174a 1.926s
2025-03-26 04:51:11.388 68946 INFO tempest.lib.common.rest_client [req-20f904a2-0b73-4a88-9e7c-35bbe5b5516c req-20f904a2-0b73-4a88-9e7c-35bbe5b5516c ] Request (ServersTestManualDisk:setUpClass): 201 POST http://10.180.1.21:9696/networking/v2.0/routers 2.488s
2025-03-26 04:51:11.454 68916 INFO tempest.lib.common.rest_client [req-946c7c06-a8ca-4b21-a228-3726504571e9 req-946c7c06-a8ca-4b21-a228-3726504571e9 ] Request (AttachInterfacesUnderV243Test:test_add_remove_fixed_ip): 200 GET http://10.180.1.21/compute/v2.1/servers/ad207187-634f-4e7f-9809-eb3f742ddeec 2.009s
2025-03-26 04:51:11.462 68916 INFO tempest.common.waiters [-] State transition "BUILD/None" ==> "BUILD/networking" after 27 second wait
2025-03-26 04:51:11.472 68908 INFO tempest.lib.common.rest_client [req-f2c5eec0-d0c8-4446-84d0-91a298cfd229 req-f2c5eec0-d0c8-4446-84d0-91a298cfd229 ] Request (QuotaClassesAdmin257Test:test_update_default_quotas): 200 GET http://10.180.1.21/compute/v2.1/os-quota-class-sets/default 1.958s
2025-03-26 04:51:11.549 68900 INFO tempest.lib.common.rest_client [req-02066074-bd44-4775-8614-9e648a5035d9 req-02066074-bd44-4775-8614-9e648a5035d9 ] Request (ListImageFiltersTestJSON:setUpClass): 200 GET http://10.180.1.21/compute/v2.1/servers/c9264123-ab19-40d5-959a-791b8966d2f6 2.026s
2025-03-26 04:51:11.635 68888 INFO tempest.lib.common.rest_client [req-28f634ba-fc52-4081-a5d3-9a537636f3ff req-28f634ba-fc52-4081-a5d3-9a537636f3ff ] Request (ServersTestBootFromVolume:setUpClass): 200 GET http://10.180.1.21/volume/v3/volumes/b88d036e-c8ce-4222-807f-25716446b927 0.041s
2025-03-26 04:51:11.689 68922 INFO tempest.lib.common.rest_client [req-73fd2e28-15f3-4559-82be-e78006284d31 req-73fd2e28-15f3-4559-82be-e78006284d31 ] Request (AggregatesAdminNegativeTestJSON:test_aggregate_remove_host_as_user): 200 POST http://10.180.1.21/compute/v2.1/os-aggregates/7/action 2.147s
2025-03-26 04:51:11.742 68948 INFO tempest.lib.common.rest_client [req-414df031-543e-45d2-8864-5a51bb526fe1 req-414df031-543e-45d2-8864-5a51bb526fe1 ] Request (InstanceActionsNegativeTestJSON:setUpClass): 201 POST http://10.180.1.21:9696/networking/v2.0/subnets 1.202s
2025-03-26 04:51:11.924 68903 INFO tempest.lib.common.rest_client [req-313d41fd-ce95-4f82-b9be-9448368f1adb req-313d41fd-ce95-4f82-b9be-9448368f1adb ] Request (ServerDiagnosticsNegativeTest:test_get_server_diagnostics_by_non_admin): 200 GET http://10.180.1.21/compute/v2.1/servers/26625edb-06ca-48cc-aaf1-3c55a6ea942b 2.273s
2025-03-26 04:51:12.131 68934 INFO tempest.lib.common.rest_client [req-0a5a5998-b06d-40ce-bf25-6b062874ba23 req-0a5a5998-b06d-40ce-bf25-6b062874ba23 ] Request (ServersWithSpecificFlavorTestJSON:test_verify_created_server_ephemeral_disk): 200 GET http://10.180.1.21/compute/v2.1/servers/e77cc179-1f3d-4095-a491-48df7f79bdb9 2.313s
2025-03-26 04:51:12.179 68890 INFO tempest.lib.common.rest_client [req-67d64d12-2b19-43f7-b129-8a5433ab2615 req-67d64d12-2b19-43f7-b129-8a5433ab2615 ] Request (FloatingIPsTestJSON:test_delete_floating_ip): 404 GET http://10.180.1.21/compute/v2.1/os-floating-ips/42e429ac-8337-478d-85a9-8fc4b613a3c8 2.131s
2025-03-26 04:51:12.195 68924 INFO tempest.lib.common.rest_client [req-8a0c718f-3238-4121-8c4c-26cc0f00fa6f req-8a0c718f-3238-4121-8c4c-26cc0f00fa6f ] Request (FlavorsAdminTestJSON:test_is_public_string_variations): 200 GET http://10.180.1.21/compute/v2.1/flavors/detail?is_public=0 1.788s
2025-03-26 04:51:12.308 68894 INFO tempest.lib.common.rest_client [req-c031f55d-2164-4ff3-ad6f-3be8c1e40c26 req-c031f55d-2164-4ff3-ad6f-3be8c1e40c26 ] Request (SecurityGroupsNegativeTestJSON:test_delete_the_default_security_group): 400 DELETE http://10.180.1.21/compute/v2.1/os-security-groups/f29ec1e5-1a46-4468-988f-3d791a090784 1.609s
2025-03-26 04:51:12.328 68892 INFO tempest.lib.common.rest_client [req-1d9c5a53-bb6a-48ba-9809-75b0167e114e req-1d9c5a53-bb6a-48ba-9809-75b0167e114e ] Request (KeyPairsV22TestJSON:_run_cleanups): 204 DELETE http://10.180.1.21/compute/v2.1/os-keypairs/tempest-keypair-1732891003 1.582s
2025-03-26 04:51:12.418 68910 INFO tempest.lib.common.rest_client [req-ea0c07db-57ea-4673-8024-5d4537bf6f99 req-ea0c07db-57ea-4673-8024-5d4537bf6f99 ] Request (ServerDiagnosticsV248Test:tearDownClass): 200 GET http://10.180.1.21/compute/v2.1/servers/7693ef68-d7e5-4899-9615-9f2a1dd0bce8 1.604s
2025-03-26 04:51:12.436 68940 INFO tempest.lib.common.rest_client [req-35f7a9ba-8477-4186-b26b-4ea7252c8d58 req-35f7a9ba-8477-4186-b26b-4ea7252c8d58 ] Request (ServerTagsTestJSON:test_create_delete_tag): 200 GET http://10.180.1.21/compute/v2.1/servers/1c8dfb47-df19-4101-8d4e-30889d71d7da/tags 1.595s
2025-03-26 04:51:12.636 68944 INFO tempest.lib.common.rest_client [req-381f81bf-d7fc-4426-b477-94ebe7890493 req-381f81bf-d7fc-4426-b477-94ebe7890493 ] Request (MigrationsAdminTest:test_list_migrations_in_flavor_resize_situation): 200 GET http://10.180.1.21/compute/v2.1/servers/925400c4-3b33-4f4a-9f63-3ceec06cf0b7 1.498s
2025-03-26 04:51:12.679 68888 INFO tempest.lib.common.rest_client [req-d9bbba21-9494-46c8-97db-3b38138c2631 req-d9bbba21-9494-46c8-97db-3b38138c2631 ] Request (ServersTestBootFromVolume:setUpClass): 200 GET http://10.180.1.21/volume/v3/volumes/b88d036e-c8ce-4222-807f-25716446b927 0.033s
2025-03-26 04:51:12.843 68928 INFO tempest.lib.common.rest_client [req-220348cc-044d-41db-9eea-578ffef2792b req-220348cc-044d-41db-9eea-578ffef2792b ] Request (VolumesAssistedSnapshotsTest:test_volume_assisted_snapshot_create_delete): 200 GET http://10.180.1.21/compute/v2.1/servers/50b9775c-ddbd-4e8f-a2b8-b08c3028fc28 1.678s
2025-03-26 04:51:12.920 68886 INFO tempest.lib.common.rest_client [req-d7743bb4-f9d1-4d77-84cc-31aeef0bca24 req-d7743bb4-f9d1-4d77-84cc-31aeef0bca24 ] Request (ServersAdminNegativeTestJSON:test_migrate_server_invalid_state): 200 GET http://10.180.1.21/compute/v2.1/servers/40b768c1-9007-4f78-a90f-61b2ac64553f 1.697s
2025-03-26 04:51:12.954 68904 INFO tempest.lib.common.rest_client [req-c5c569f3-5a08-42b1-b670-d560df10f676 req-c5c569f3-5a08-42b1-b670-d560df10f676 ] Request (SecurityGroupsTestJSON:test_security_groups_create_list_delete): 404 GET http://10.180.1.21/compute/v2.1/os-security-groups/635464be-8029-4b07-9c48-f8f8cc255fb5 1.691s
2025-03-26 04:51:13.026 68896 INFO tempest.lib.common.rest_client [req-06b8233e-deb9-41c3-b1af-a29c3ddc05e5 req-06b8233e-deb9-41c3-b1af-a29c3ddc05e5 ] Request (TenantUsagesTestJSON:tearDownClass): 200 GET http://10.180.1.21/compute/v2.1/servers/d6c45731-d76a-46cf-9b7d-be035a200948 1.733s
2025-03-26 04:51:13.124 68932 INFO tempest.lib.common.rest_client [req-ccd163ca-18d3-4a4d-ac23-efa9241f8268 req-ccd163ca-18d3-4a4d-ac23-efa9241f8268 ] Request (FloatingIPsAssociationTestJSON:setUpClass): 200 GET http://10.180.1.21/compute/v2.1/servers/39a84212-2e52-4dba-b00c-5689564deaf4 1.822s
2025-03-26 04:51:13.182 68926 INFO tempest.lib.common.rest_client [req-a961ebe4-a5d7-40aa-8c1e-e7781852ff35 req-a961ebe4-a5d7-40aa-8c1e-e7781852ff35 ] Request (SecurityGroupRulesNegativeTestJSON:setUpClass): 201 POST http://10.180.1.21:9696/networking/v2.0/routers 3.631s
2025-03-26 04:51:13.200 68938 INFO tempest.lib.common.rest_client [req-378c4e3d-d916-4e76-8bf2-a87811f5c4c9 req-378c4e3d-d916-4e76-8bf2-a87811f5c4c9 ] Request (DeleteServersTestJSON:setUpClass): 201 POST http://10.180.1.21:9696/networking/v2.0/routers 3.640s
2025-03-26 04:51:13.221 68920 INFO tempest.lib.common.rest_client [req-06fa290e-ecfb-4b67-988f-29558d596947 req-06fa290e-ecfb-4b67-988f-29558d596947 ] Request (ServerShowV254Test:test_rebuild_server): 200 GET http://10.180.1.21/compute/v2.1/servers/9bb06e82-cc5c-4673-b1f6-aae87568aa9c 1.821s
2025-03-26 04:51:13.236 68898 WARNING tempest.lib.common.ssh [-] Failed to establish authenticated ssh connection to cirros@10.180.180.247 ([Errno None] Unable to connect to port 22 on 10.180.180.247). Number attempts: 1. Retry after 2 seconds.: paramiko.ssh_exception.NoValidConnectionsError: [Errno None] Unable to connect to port 22 on 10.180.180.247
2025-03-26 04:51:13.291 68908 INFO tempest.lib.common.rest_client [req-798b861f-b988-41b7-93f5-781b75dd3877 req-798b861f-b988-41b7-93f5-781b75dd3877 ] Request (QuotaClassesAdmin257Test:_run_cleanups): 200 PUT http://10.180.1.21/compute/v2.1/os-quota-class-sets/default 1.812s
2025-03-26 04:51:13.295 68922 INFO tempest.lib.common.rest_client [req-ba817a57-562b-4f4b-ba5a-66f8e26e041b req-ba817a57-562b-4f4b-ba5a-66f8e26e041b ] Request (AggregatesAdminNegativeTestJSON:test_aggregate_remove_host_as_user): 403 POST http://10.180.1.21/compute/v2.1/os-aggregates/7/action 1.603s
2025-03-26 04:51:13.380 68908 INFO tempest.lib.common.rest_client [req-de95bf88-7c4b-43a0-8c0d-d5f237bd6958 req-de95bf88-7c4b-43a0-8c0d-d5f237bd6958 ] Request (QuotaClassesAdmin257Test:tearDownClass): 204 DELETE http://10.180.1.21/identity/v3/users/90cadad178a44834a08d7339b948faf8 0.086s
2025-03-26 04:51:13.409 68914 INFO tempest.lib.common.rest_client [req-62d4417b-d57e-4c9f-8397-dcbe68ff7402 req-62d4417b-d57e-4c9f-8397-dcbe68ff7402 ] Request (ServerDiagnosticsTest:tearDownClass): 200 GET http://10.180.1.21/compute/v2.1/servers/8eb18d79-e164-4e66-83b0-7b40d04c30a8 1.450s
2025-03-26 04:51:13.414 68946 INFO tempest.lib.common.rest_client [req-94e71246-fc0e-47dc-935f-9054aaa2beaf req-94e71246-fc0e-47dc-935f-9054aaa2beaf ] Request (ServersTestManualDisk:setUpClass): 200 PUT http://10.180.1.21:9696/networking/v2.0/routers/c06c0b0b-b3cd-4fe3-9e4a-fa2fc7f03533/add_router_interface 2.025s
2025-03-26 04:51:13.414 68946 INFO tempest.lib.common.dynamic_creds [-] Created isolated network resources for: credentials: Credentials: {'domain_id': 'default', 'domain_name': 'Default', 'username': 'tempest-ServersTestManualDisk-523803947-project-member', 'project_domain_id': 'default', 'project_domain_name': 'Default', 'project_id': '128ddc15398c4aadb4212393c51670dd', 'project_name': 'tempest-ServersTestManualDisk-523803947', 'tenant_id': '128ddc15398c4aadb4212393c51670dd', 'tenant_name': 'tempest-ServersTestManualDisk-523803947', 'user_domain_id': 'default', 'user_domain_name': 'Default', 'user_id': 'f53c5668eb3c431592f00aab742d14d4', 'system': None}, Network: {'id': '0ce7bcdf-220a-4073-978c-559b6c03369d', 'name': 'tempest-ServersTestManualDisk-1220421608-network', 'tenant_id': '128ddc15398c4aadb4212393c51670dd', 'admin_state_up': True, 'mtu': 8950, 'status': 'ACTIVE', 'subnets': [], 'shared': False, 'project_id': '128ddc15398c4aadb4212393c51670dd', 'port_security_enabled': True, 'router:external': False, 'provider:network_type': 'vlan', 'provider:physical_network': 'default', 'provider:segmentation_id': 870, 'availability_zone_hints': [], 'availability_zones': [], 'ipv4_address_scope': None, 'ipv6_address_scope': None, 'description': '', 'tags': [], 'created_at': '2025-03-26T04:51:08Z', 'updated_at': '2025-03-26T04:51:08Z', 'revision_number': 1}, Subnet: {'id': '46649c09-5639-4322-a4fa-26a8838ed339', 'name': 'tempest-ServersTestManualDisk-1220421608-subnet', 'tenant_id': '128ddc15398c4aadb4212393c51670dd', 'network_id': '0ce7bcdf-220a-4073-978c-559b6c03369d', 'ip_version': 4, 'subnetpool_id': None, 'enable_dhcp': True, 'ipv6_ra_mode': None, 'ipv6_address_mode': None, 'gateway_ip': '192.168.128.1', 'cidr': '192.168.128.0/28', 'allocation_pools': [{'start': '192.168.128.2', 'end': '192.168.128.14'}], 'host_routes': [], 'dns_nameservers': [], 'description': '', 'router:external': False, 'service_types': [], 'tags': [], 'created_at': '2025-03-26T04:51:08Z', 'updated_at': '2025-03-26T04:51:08Z', 'revision_number': 0, 'project_id': '128ddc15398c4aadb4212393c51670dd'}, Router: {'id': 'c06c0b0b-b3cd-4fe3-9e4a-fa2fc7f03533', 'name': 'tempest-ServersTestManualDisk-1220421608-router', 'tenant_id': '128ddc15398c4aadb4212393c51670dd', 'admin_state_up': True, 'status': 'ACTIVE', 'external_gateway_info': {'network_id': '9f1067d8-9832-4488-8825-c3fda3737b30', 'external_fixed_ips': [{'subnet_id': 'a95c893f-fc2e-4642-a943-bca8e26d211e', 'ip_address': '10.180.180.139'}], 'enable_snat': True}, 'description': '', 'availability_zones': [], 'distributed': False, 'ha': False, 'availability_zone_hints': [], 'routes': [], 'flavor_id': None, 'tags': [], 'created_at': '2025-03-26T04:51:08Z', 'updated_at': '2025-03-26T04:51:10Z', 'revision_number': 2, 'project_id': '128ddc15398c4aadb4212393c51670dd'}
2025-03-26 04:51:13.451 68890 INFO tempest.lib.common.rest_client [req-f0f8c184-ed10-49e9-a38f-d941eee87c62 req-f0f8c184-ed10-49e9-a38f-d941eee87c62 ] Request (FloatingIPsTestJSON:_run_cleanups): 404 DELETE http://10.180.1.21/compute/v2.1/os-floating-ips/42e429ac-8337-478d-85a9-8fc4b613a3c8 1.271s
2025-03-26 04:51:13.481 68924 INFO tempest.lib.common.rest_client [req-ae7a49be-0b9f-439c-ab75-8b863c035efb req-ae7a49be-0b9f-439c-ab75-8b863c035efb ] Request (FlavorsAdminTestJSON:test_is_public_string_variations): 200 GET http://10.180.1.21/compute/v2.1/flavors/detail?is_public=t 1.282s
2025-03-26 04:51:13.498 68946 INFO tempest.lib.common.rest_client [req-a68f0bba-2e97-4211-93df-37e9f5c49050 req-a68f0bba-2e97-4211-93df-37e9f5c49050 ] Request (ServersTestManualDisk:setUpClass): 201 POST http://10.180.1.21/identity/v3/auth/tokens 0.075s
2025-03-26 04:51:13.504 68908 INFO tempest.lib.common.rest_client [req-b80ce26b-7cca-454e-b134-d0b5171771bc req-b80ce26b-7cca-454e-b134-d0b5171771bc ] Request (QuotaClassesAdmin257Test:tearDownClass): 204 DELETE http://10.180.1.21/identity/v3/users/543bca0b8abe4ba49a41b635f0c3cbc3 0.123s
2025-03-26 04:51:13.504 68908 INFO tempest.lib.common.dynamic_creds [-] Deleting project and security group for project: 3ec4bae71eb94a039a4b41663580bf36
2025-03-26 04:51:13.514 68894 INFO tempest.lib.common.rest_client [req-471726c4-db22-4f92-9057-994a55df0383 req-471726c4-db22-4f92-9057-994a55df0383 ] Request (SecurityGroupsNegativeTestJSON:test_security_group_get_nonexistent_group): 404 GET http://10.180.1.21/compute/v2.1/os-security-groups/5b37f2e8-91f1-4e6a-934a-7627260e7226 1.201s
2025-03-26 04:51:13.549 68892 INFO tempest.lib.common.rest_client [req-ee4e082a-0a81-419c-8485-6425df65f403 req-ee4e082a-0a81-419c-8485-6425df65f403 ] Request (KeyPairsV22TestJSON:test_keypairs_create_list_delete): 201 POST http://10.180.1.21/compute/v2.1/os-keypairs 1.219s
2025-03-26 04:51:13.568 68908 INFO tempest.lib.common.rest_client [req-edcc90e9-134a-4ec7-8d1d-ad37800bac83 req-edcc90e9-134a-4ec7-8d1d-ad37800bac83 ] Request (QuotaClassesAdmin257Test:tearDownClass): 201 POST http://10.180.1.21/identity/v3/auth/tokens 0.064s
2025-03-26 04:51:13.625 68942 INFO tempest.lib.common.rest_client [req-760e5525-256c-4db7-8751-f405b1d081bd req-760e5525-256c-4db7-8751-f405b1d081bd ] Request (DeleteServersAdminTestJSON:test_admin_delete_servers_of_others): 200 GET http://10.180.1.21/compute/v2.1/servers/87f6c6d0-4e3d-4608-bd0d-4771bc9c174a 1.244s
2025-03-26 04:51:13.682 68918 WARNING tempest.lib.common.ssh [-] Failed to establish authenticated ssh connection to cirros@10.180.180.166 ([Errno None] Unable to connect to port 22 on 10.180.180.166). Number attempts: 2. Retry after 3 seconds.: paramiko.ssh_exception.NoValidConnectionsError: [Errno None] Unable to connect to port 22 on 10.180.180.166
2025-03-26 04:51:13.685 68936 INFO tempest.lib.common.rest_client [req-bca19b88-d0dd-4fa1-b583-734ae5cf15cc req-bca19b88-d0dd-4fa1-b583-734ae5cf15cc ] Request (FloatingIPsAssociationNegativeTestJSON:_run_cleanups): 202 POST http://10.180.1.21/compute/v2.1/servers/7129a57f-e639-49ae-96a9-3c1d966034a8/action 4.384s
2025-03-26 04:51:13.699 68940 INFO tempest.lib.common.rest_client [req-0d176fb1-3e64-4048-b3e1-cf772a28f6a3 req-0d176fb1-3e64-4048-b3e1-cf772a28f6a3 ] Request (ServerTagsTestJSON:test_create_delete_tag): 201 PUT http://10.180.1.21/compute/v2.1/servers/1c8dfb47-df19-4101-8d4e-30889d71d7da/tags/tempest-tag-1965530060 1.262s
2025-03-26 04:51:13.724 68888 INFO tempest.lib.common.rest_client [req-ef60dd65-b1c3-4c1f-8635-8338acab0a4c req-ef60dd65-b1c3-4c1f-8635-8338acab0a4c ] Request (ServersTestBootFromVolume:setUpClass): 200 GET http://10.180.1.21/volume/v3/volumes/b88d036e-c8ce-4222-807f-25716446b927 0.034s
2025-03-26 04:51:13.756 68900 INFO tempest.lib.common.rest_client [req-62988746-a546-4b56-862b-22e1f8723ace req-62988746-a546-4b56-862b-22e1f8723ace ] Request (ListImageFiltersTestJSON:setUpClass): 200 GET http://10.180.1.21/compute/v2.1/servers/c9264123-ab19-40d5-959a-791b8966d2f6 1.196s
2025-03-26 04:51:13.893 68908 INFO tempest.lib.common.rest_client [req-3ee68e6c-096d-4d86-9c76-fad57530d858 req-3ee68e6c-096d-4d86-9c76-fad57530d858 ] Request (QuotaClassesAdmin257Test:tearDownClass): 200 GET http://10.180.1.21:9696/networking/v2.0/security-groups?tenant_id=3ec4bae71eb94a039a4b41663580bf36&name=default 0.324s
2025-03-26 04:51:13.968 68916 INFO tempest.lib.common.rest_client [req-e2fe952a-c2c1-4aa5-b428-aca15c620027 req-e2fe952a-c2c1-4aa5-b428-aca15c620027 ] Request (AttachInterfacesUnderV243Test:test_add_remove_fixed_ip): 200 GET http://10.180.1.21/compute/v2.1/servers/ad207187-634f-4e7f-9809-eb3f742ddeec 1.502s
2025-03-26 04:51:13.975 68916 INFO tempest.common.waiters [-] State transition "BUILD/networking" ==> "BUILD/spawning" after 29 second wait
2025-03-26 04:51:14.144 68903 INFO tempest.lib.common.rest_client [req-67a7e27e-0274-4a85-b4d7-db9c9aef8fd4 req-67a7e27e-0274-4a85-b4d7-db9c9aef8fd4 ] Request (ServerDiagnosticsNegativeTest:test_get_server_diagnostics_by_non_admin): 200 GET http://10.180.1.21/compute/v2.1/servers/26625edb-06ca-48cc-aaf1-3c55a6ea942b 1.208s
2025-03-26 04:51:14.290 68912 INFO tempest.lib.common.rest_client [req-cf553520-fcdc-4857-81c2-f206aa553034 req-cf553520-fcdc-4857-81c2-f206aa553034 ] Request (ImagesOneServerNegativeTestJSON:setUpClass): 200 PUT http://10.180.1.21:9696/networking/v2.0/routers/4d69b37a-01b5-4621-93d9-302619e730fa/add_router_interface 4.330s
2025-03-26 04:51:14.290 68912 INFO tempest.lib.common.dynamic_creds [-] Created isolated network resources for: credentials: Credentials: {'domain_id': 'default', 'domain_name': 'Default', 'username': 'tempest-ImagesOneServerNegativeTestJSON-1055789778-project-member', 'project_domain_id': 'default', 'project_domain_name': 'Default', 'project_id': '062b8ddb5f0d46d08425a66db32471be', 'project_name': 'tempest-ImagesOneServerNegativeTestJSON-1055789778', 'tenant_id': '062b8ddb5f0d46d08425a66db32471be', 'tenant_name': 'tempest-ImagesOneServerNegativeTestJSON-1055789778', 'user_domain_id': 'default', 'user_domain_name': 'Default', 'user_id': '715937edaba643339195f77bb00fe05d', 'system': None}, Network: {'id': '7738c508-0306-4079-a892-0554c562ce54', 'name': 'tempest-ImagesOneServerNegativeTestJSON-1732251555-network', 'tenant_id': '062b8ddb5f0d46d08425a66db32471be', 'admin_state_up': True, 'mtu': 8950, 'status': 'ACTIVE', 'subnets': [], 'shared': False, 'project_id': '062b8ddb5f0d46d08425a66db32471be', 'port_security_enabled': True, 'router:external': False, 'provider:network_type': 'vlan', 'provider:physical_network': 'default', 'provider:segmentation_id': 403, 'availability_zone_hints': [], 'availability_zones': [], 'ipv4_address_scope': None, 'ipv6_address_scope': None, 'description': '', 'tags': [], 'created_at': '2025-03-26T04:51:07Z', 'updated_at': '2025-03-26T04:51:07Z', 'revision_number': 1}, Subnet: {'id': '18ee663e-e0d4-46a4-bbe6-fd8cc19df324', 'name': 'tempest-ImagesOneServerNegativeTestJSON-1732251555-subnet', 'tenant_id': '062b8ddb5f0d46d08425a66db32471be', 'network_id': '7738c508-0306-4079-a892-0554c562ce54', 'ip_version': 4, 'subnetpool_id': None, 'enable_dhcp': True, 'ipv6_ra_mode': None, 'ipv6_address_mode': None, 'gateway_ip': '192.168.128.1', 'cidr': '192.168.128.0/28', 'allocation_pools': [{'start': '192.168.128.2', 'end': '192.168.128.14'}], 'host_routes': [], 'dns_nameservers': [], 'description': '', 'router:external': False, 'service_types': [], 'tags': [], 'created_at': '2025-03-26T04:51:07Z', 'updated_at': '2025-03-26T04:51:07Z', 'revision_number': 0, 'project_id': '062b8ddb5f0d46d08425a66db32471be'}, Router: {'id': '4d69b37a-01b5-4621-93d9-302619e730fa', 'name': 'tempest-ImagesOneServerNegativeTestJSON-1732251555-router', 'tenant_id': '062b8ddb5f0d46d08425a66db32471be', 'admin_state_up': True, 'status': 'ACTIVE', 'external_gateway_info': {'network_id': '9f1067d8-9832-4488-8825-c3fda3737b30', 'external_fixed_ips': [{'subnet_id': 'a95c893f-fc2e-4642-a943-bca8e26d211e', 'ip_address': '10.180.180.187'}], 'enable_snat': True}, 'description': '', 'availability_zones': [], 'distributed': False, 'ha': False, 'availability_zone_hints': [], 'routes': [], 'flavor_id': None, 'tags': [], 'created_at': '2025-03-26T04:51:07Z', 'updated_at': '2025-03-26T04:51:08Z', 'revision_number': 2, 'project_id': '062b8ddb5f0d46d08425a66db32471be'}
2025-03-26 04:51:14.293 68908 INFO tempest.lib.common.rest_client [req-668824a7-dd50-4448-ad00-845b60a3b8b6 req-668824a7-dd50-4448-ad00-845b60a3b8b6 ] Request (QuotaClassesAdmin257Test:tearDownClass): 204 DELETE http://10.180.1.21:9696/networking/v2.0/security-groups/4cea25ee-3aa3-4410-a135-fbcbef5dfe2e 0.400s
2025-03-26 04:51:14.391 68908 INFO tempest.lib.common.rest_client [req-81e663f4-dcb1-4b19-b56a-ba383237d8fa req-81e663f4-dcb1-4b19-b56a-ba383237d8fa ] Request (QuotaClassesAdmin257Test:tearDownClass): 204 DELETE http://10.180.1.21/identity/v3/projects/3ec4bae71eb94a039a4b41663580bf36 0.097s
2025-03-26 04:51:14.391 68908 INFO tempest.lib.common.dynamic_creds [-] Deleting project and security group for project: 70ecea5ab556464aa4bcb83734a84ba8
2025-03-26 04:51:14.401 68912 INFO tempest.lib.common.rest_client [req-a600b595-d234-49ca-9b7c-de7f8ad962dd req-a600b595-d234-49ca-9b7c-de7f8ad962dd ] Request (ImagesOneServerNegativeTestJSON:setUpClass): 201 POST http://10.180.1.21/identity/v3/auth/tokens 0.107s
2025-03-26 04:51:14.447 68904 INFO tempest.lib.common.rest_client [req-ed94a439-8865-4208-a093-c42711e6befc req-ed94a439-8865-4208-a093-c42711e6befc ] Request (SecurityGroupsTestJSON:test_security_groups_create_list_delete): 202 DELETE http://10.180.1.21/compute/v2.1/os-security-groups/a419c203-80ba-400c-a60f-3c7706c7a9cd 1.493s
2025-03-26 04:51:14.496 68912 INFO tempest.lib.common.rest_client [req-da4514e3-6d45-45ba-aa39-2883e0aeae9d req-da4514e3-6d45-45ba-aa39-2883e0aeae9d ] Request (ImagesOneServerNegativeTestJSON:setUpClass): 201 POST http://10.180.1.21/identity/v3/auth/tokens 0.092s
2025-03-26 04:51:14.497 68912 INFO tempest.lib.common.fixed_network [-] (ImagesOneServerNegativeTestJSON:setUpClass) Found network {'id': '7738c508-0306-4079-a892-0554c562ce54', 'name': 'tempest-ImagesOneServerNegativeTestJSON-1732251555-network', 'tenant_id': '062b8ddb5f0d46d08425a66db32471be', 'admin_state_up': True, 'mtu': 8950, 'status': 'ACTIVE', 'subnets': [], 'shared': False, 'project_id': '062b8ddb5f0d46d08425a66db32471be', 'port_security_enabled': True, 'router:external': False, 'provider:network_type': 'vlan', 'provider:physical_network': 'default', 'provider:segmentation_id': 403, 'availability_zone_hints': [], 'availability_zones': [], 'ipv4_address_scope': None, 'ipv6_address_scope': None, 'description': '', 'tags': [], 'created_at': '2025-03-26T04:51:07Z', 'updated_at': '2025-03-26T04:51:07Z', 'revision_number': 1} available for tenant
2025-03-26 04:51:14.600 68922 INFO tempest.lib.common.rest_client [req-c8b70e85-2509-489c-b55d-691d0ad4ff02 req-c8b70e85-2509-489c-b55d-691d0ad4ff02 ] Request (AggregatesAdminNegativeTestJSON:_run_cleanups): 200 POST http://10.180.1.21/compute/v2.1/os-aggregates/7/action 1.304s
2025-03-26 04:51:14.768 68888 INFO tempest.lib.common.rest_client [req-d5bc8bac-ec65-44f0-a83f-ee8a9d29bb94 req-d5bc8bac-ec65-44f0-a83f-ee8a9d29bb94 ] Request (ServersTestBootFromVolume:setUpClass): 200 GET http://10.180.1.21/volume/v3/volumes/b88d036e-c8ce-4222-807f-25716446b927 0.037s
2025-03-26 04:51:14.792 68906 INFO tempest.lib.common.rest_client [req-7987ea9f-15be-4b38-8bc0-33ee293e52e5 req-7987ea9f-15be-4b38-8bc0-33ee293e52e5 ] Request (QuotaClassesAdminTestJSON:test_update_default_quotas): 200 GET http://10.180.1.21/compute/v2.1/os-quota-class-sets/default 1.419s
2025-03-26 04:51:14.838 68908 INFO tempest.lib.common.rest_client [req-a87e0587-5f10-48f7-b96d-6b2d5377199c req-a87e0587-5f10-48f7-b96d-6b2d5377199c ] Request (QuotaClassesAdmin257Test:tearDownClass): 200 GET http://10.180.1.21:9696/networking/v2.0/security-groups?tenant_id=70ecea5ab556464aa4bcb83734a84ba8&name=default 0.446s
2025-03-26 04:51:14.902 68934 INFO tempest.lib.common.rest_client [req-a7ae3e96-c5a9-4502-89a4-334785d69cc8 req-a7ae3e96-c5a9-4502-89a4-334785d69cc8 ] Request (ServersWithSpecificFlavorTestJSON:test_verify_created_server_ephemeral_disk): 200 GET http://10.180.1.21/compute/v2.1/servers/e77cc179-1f3d-4095-a491-48df7f79bdb9 1.763s
2025-03-26 04:51:14.913 68910 INFO tempest.lib.common.rest_client [req-a78b1a64-8e53-4227-9aee-d688ebf0f9b3 req-a78b1a64-8e53-4227-9aee-d688ebf0f9b3 ] Request (ServerDiagnosticsV248Test:tearDownClass): 200 GET http://10.180.1.21/compute/v2.1/servers/7693ef68-d7e5-4899-9615-9f2a1dd0bce8 1.480s
2025-03-26 04:51:14.929 68910 INFO tempest.common.waiters [-] State transition "ACTIVE/deleting" ==> "DELETED/None" after 5 second wait
2025-03-26 04:51:14.946 68948 INFO tempest.lib.common.rest_client [req-d13a8386-11db-4bf7-b765-df60dc731e45 req-d13a8386-11db-4bf7-b765-df60dc731e45 ] Request (InstanceActionsNegativeTestJSON:setUpClass): 201 POST http://10.180.1.21:9696/networking/v2.0/routers 3.203s
2025-03-26 04:51:14.946 68924 INFO tempest.lib.common.rest_client [req-fca49cdc-47eb-4c29-aecc-c23256413d76 req-fca49cdc-47eb-4c29-aecc-c23256413d76 ] Request (FlavorsAdminTestJSON:test_is_public_string_variations): 200 GET http://10.180.1.21/compute/v2.1/flavors/detail?is_public=true 1.454s
2025-03-26 04:51:15.048 68894 INFO tempest.lib.common.rest_client [req-c2850876-8d9b-40de-b19e-44cc788f7c9b req-c2850876-8d9b-40de-b19e-44cc788f7c9b ] Request (SecurityGroupsNegativeTestJSON:test_update_non_existent_security_group): 404 PUT http://10.180.1.21/compute/v2.1/os-security-groups/a5ee971d-00d7-4507-a4d4-c96bf92bb54e 1.532s
2025-03-26 04:51:15.066 68946 INFO tempest.lib.common.rest_client [req-9c716dec-3eb4-4087-bdbb-a5d6dc65106a req-9c716dec-3eb4-4087-bdbb-a5d6dc65106a ] Request (ServersTestManualDisk:setUpClass): 200 POST http://10.180.1.21/compute/v2.1/os-keypairs 1.567s
2025-03-26 04:51:15.092 68892 INFO tempest.lib.common.rest_client [req-63d4db2e-725d-4f12-83df-15eebb613951 req-63d4db2e-725d-4f12-83df-15eebb613951 ] Request (KeyPairsV22TestJSON:test_keypairs_create_list_delete): 201 POST http://10.180.1.21/compute/v2.1/os-keypairs 1.541s
2025-03-26 04:51:15.461 68908 INFO tempest.lib.common.rest_client [req-0a6c74d1-68b8-4cbb-810c-5c707e24c028 req-0a6c74d1-68b8-4cbb-810c-5c707e24c028 ] Request (QuotaClassesAdmin257Test:tearDownClass): 204 DELETE http://10.180.1.21:9696/networking/v2.0/security-groups/872f6fd3-f6df-4dd8-8dc4-541794fbb475 0.620s
2025-03-26 04:51:15.601 68908 INFO tempest.lib.common.rest_client [req-603b95e9-4368-47a7-b524-066cbbc4083f req-603b95e9-4368-47a7-b524-066cbbc4083f ] Request (QuotaClassesAdmin257Test:tearDownClass): 204 DELETE http://10.180.1.21/identity/v3/projects/70ecea5ab556464aa4bcb83734a84ba8 0.140s
