2025-03-26 04:51:15.684 68908 INFO tempest.lib.common.rest_client [req-202b331e-88a3-40f4-8d27-1255f3b3e9a6 req-202b331e-88a3-40f4-8d27-1255f3b3e9a6 ] Request (ImagesOneServerTestJSON:setUpClass): 201 POST http://10.180.1.21/identity/v3/auth/tokens 0.081s
2025-03-26 04:51:15.720 68908 INFO tempest.lib.common.rest_client [req-078e3770-0720-448c-9e5e-adae70a18ffc req-078e3770-0720-448c-9e5e-adae70a18ffc ] Request (ImagesOneServerTestJSON:setUpClass): 201 POST http://10.180.1.21/identity/v3/auth/tokens 0.034s
2025-03-26 04:51:15.734 68944 INFO tempest.lib.common.rest_client [req-3df35c49-fd08-44ab-8671-1825dafb737d req-3df35c49-fd08-44ab-8671-1825dafb737d ] Request (MigrationsAdminTest:test_list_migrations_in_flavor_resize_situation): 200 GET http://10.180.1.21/compute/v2.1/servers/925400c4-3b33-4f4a-9f63-3ceec06cf0b7 2.088s
2025-03-26 04:51:15.761 68908 INFO tempest.lib.common.rest_client [req-4e020450-6151-4ac0-a110-9fc6d0630c12 req-4e020450-6151-4ac0-a110-9fc6d0630c12 ] Request (ImagesOneServerTestJSON:setUpClass): 200 GET http://10.180.1.21/identity/v3/domains?name=Default 0.040s
2025-03-26 04:51:15.767 68940 INFO tempest.lib.common.rest_client [req-a689a53e-3058-4b28-a45b-1114c3e3f54f req-a689a53e-3058-4b28-a45b-1114c3e3f54f ] Request (ServerTagsTestJSON:test_create_delete_tag): 200 GET http://10.180.1.21/compute/v2.1/servers/1c8dfb47-df19-4101-8d4e-30889d71d7da/tags 2.067s
2025-03-26 04:51:15.778 68946 INFO tempest.lib.common.rest_client [req-5ffbf45d-407c-4550-aef0-7da9ade623ef req-5ffbf45d-407c-4550-aef0-7da9ade623ef ] Request (ServersTestManualDisk:setUpClass): 201 POST http://10.180.1.21:9696/networking/v2.0/security-groups 0.710s
2025-03-26 04:51:15.797 68908 INFO tempest.lib.common.rest_client [req-8b79aa84-3e70-4d01-aae3-fcb83b7689c2 req-8b79aa84-3e70-4d01-aae3-fcb83b7689c2 ] Request (ImagesOneServerTestJSON:setUpClass): 201 POST http://10.180.1.21/identity/v3/projects 0.035s
2025-03-26 04:51:15.812 68888 INFO tempest.lib.common.rest_client [req-c6aec6d7-7560-46b6-9015-0054b158deb5 req-c6aec6d7-7560-46b6-9015-0054b158deb5 ] Request (ServersTestBootFromVolume:setUpClass): 200 GET http://10.180.1.21/volume/v3/volumes/b88d036e-c8ce-4222-807f-25716446b927 0.036s
2025-03-26 04:51:15.882 68908 INFO tempest.lib.common.rest_client [req-fb261c68-5907-470b-b6ec-ff110bf94d75 req-fb261c68-5907-470b-b6ec-ff110bf94d75 ] Request (ImagesOneServerTestJSON:setUpClass): 201 POST http://10.180.1.21/identity/v3/users 0.084s
2025-03-26 04:51:15.905 68908 INFO tempest.lib.common.rest_client [req-7d9c8e76-adca-4bc0-81aa-e22b6f7436bd req-7d9c8e76-adca-4bc0-81aa-e22b6f7436bd ] Request (ImagesOneServerTestJSON:setUpClass): 200 GET http://10.180.1.21/identity/v3/roles 0.022s
2025-03-26 04:51:15.941 68908 INFO tempest.lib.common.rest_client [req-df8c18c9-086b-42c8-99b0-fc57a95fc7db req-df8c18c9-086b-42c8-99b0-fc57a95fc7db ] Request (ImagesOneServerTestJSON:setUpClass): 204 PUT http://10.180.1.21/identity/v3/projects/e1f431a9f7b741219e2edc8fccd9276b/users/b76740ad96b847ea900f3f8a7334dc57/roles/0f4ac78a4db447a99299d68091212a7e 0.036s
2025-03-26 04:51:15.942 68908 INFO tempest.lib.common.dynamic_creds [-] Dynamic test user b76740ad96b847ea900f3f8a7334dc57 is created with scope project and roles: ['member']
2025-03-26 04:51:15.942 68908 INFO tempest.lib.common.dynamic_creds [-] Acquired dynamic creds: credentials: Credentials: {'domain_id': 'default', 'domain_name': 'Default', 'username': 'tempest-ImagesOneServerTestJSON-1338934721-project-member', 'project_domain_id': 'default', 'project_domain_name': 'Default', 'project_id': 'e1f431a9f7b741219e2edc8fccd9276b', 'project_name': 'tempest-ImagesOneServerTestJSON-1338934721', 'tenant_id': 'e1f431a9f7b741219e2edc8fccd9276b', 'tenant_name': 'tempest-ImagesOneServerTestJSON-1338934721', 'user_domain_id': 'default', 'user_domain_name': 'Default', 'user_id': 'b76740ad96b847ea900f3f8a7334dc57', 'system': None}, Network: None, Subnet: None, Router: None
2025-03-26 04:51:16.029 68908 INFO tempest.lib.common.rest_client [req-c9fff247-0841-4435-9377-07e8a48ca7ea req-c9fff247-0841-4435-9377-07e8a48ca7ea ] Request (ImagesOneServerTestJSON:setUpClass): 201 POST http://10.180.1.21/identity/v3/auth/tokens 0.086s
2025-03-26 04:51:16.110 68928 INFO tempest.lib.common.rest_client [req-ce94cf24-9bc2-4b1f-b781-cde91277a400 req-ce94cf24-9bc2-4b1f-b781-cde91277a400 ] Request (VolumesAssistedSnapshotsTest:test_volume_assisted_snapshot_create_delete): 200 GET http://10.180.1.21/compute/v2.1/servers/50b9775c-ddbd-4e8f-a2b8-b08c3028fc28 2.254s
2025-03-26 04:51:16.200 68946 INFO tempest.lib.common.rest_client [req-3583c47c-8b88-46cb-a451-208915636363 req-3583c47c-8b88-46cb-a451-208915636363 ] Request (ServersTestManualDisk:setUpClass): 201 POST http://10.180.1.21:9696/networking/v2.0/security-group-rules 0.421s
2025-03-26 04:51:16.210 68886 INFO tempest.lib.common.rest_client [req-5172d0c8-b2e1-4839-8fb1-a086e975cc21 req-5172d0c8-b2e1-4839-8fb1-a086e975cc21 ] Request (ServersAdminNegativeTestJSON:test_migrate_server_invalid_state): 200 GET http://10.180.1.21/compute/v2.1/servers/40b768c1-9007-4f78-a90f-61b2ac64553f 2.280s
2025-03-26 04:51:16.305 68896 INFO tempest.lib.common.rest_client [req-c59cd814-9944-45ec-87ae-0dd129e501d7 req-c59cd814-9944-45ec-87ae-0dd129e501d7 ] Request (TenantUsagesTestJSON:tearDownClass): 200 GET http://10.180.1.21/compute/v2.1/servers/d6c45731-d76a-46cf-9b7d-be035a200948 2.268s
2025-03-26 04:51:16.307 68898 WARNING tempest.lib.common.ssh [-] Failed to establish authenticated ssh connection to cirros@10.180.180.247 ([Errno None] Unable to connect to port 22 on 10.180.180.247). Number attempts: 2. Retry after 3 seconds.: paramiko.ssh_exception.NoValidConnectionsError: [Errno None] Unable to connect to port 22 on 10.180.180.247
2025-03-26 04:51:16.460 68936 INFO tempest.lib.common.rest_client [req-e3ae6fce-cd87-4f30-aa73-7e4a96dc72ae req-e3ae6fce-cd87-4f30-aa73-7e4a96dc72ae ] Request (FloatingIPsAssociationNegativeTestJSON:_run_cleanups): 202 DELETE http://10.180.1.21/compute/v2.1/os-floating-ips/83654912-3328-4e33-b1b8-bc0626328ff0 2.774s
2025-03-26 04:51:16.626 68890 INFO tempest.lib.common.rest_client [req-e347d4fe-98b9-49ee-bc03-1344a8a9c74b req-e347d4fe-98b9-49ee-bc03-1344a8a9c74b ] Request (FloatingIPsTestJSON:tearDownClass): 200 PUT http://10.180.1.21:9696/networking/v2.0/routers/85746f85-e098-445b-a604-76e6066d1aa8/remove_router_interface 3.173s
2025-03-26 04:51:16.650 68920 INFO tempest.lib.common.rest_client [req-e16f183c-e0aa-4a1d-9e81-4701590796af req-e16f183c-e0aa-4a1d-9e81-4701590796af ] Request (ServerShowV254Test:test_rebuild_server): 200 GET http://10.180.1.21/compute/v2.1/servers/9bb06e82-cc5c-4673-b1f6-aae87568aa9c 2.413s
2025-03-26 04:51:16.673 68946 INFO tempest.lib.common.rest_client [req-499babc4-b797-49ec-95fe-8718fad64263 req-499babc4-b797-49ec-95fe-8718fad64263 ] Request (ServersTestManualDisk:setUpClass): 201 POST http://10.180.1.21:9696/networking/v2.0/security-group-rules 0.473s
2025-03-26 04:51:16.693 68932 INFO tempest.lib.common.rest_client [req-1edd785e-2993-42a0-b993-f0b93377d317 req-1edd785e-2993-42a0-b993-f0b93377d317 ] Request (FloatingIPsAssociationTestJSON:setUpClass): 200 GET http://10.180.1.21/compute/v2.1/servers/39a84212-2e52-4dba-b00c-5689564deaf4 2.559s
2025-03-26 04:51:16.700 68932 INFO tempest.common.waiters [-] State transition "BUILD/None" ==> "BUILD/spawning" after 27 second wait
2025-03-26 04:51:16.764 68904 INFO tempest.lib.common.rest_client [req-91e0028f-757c-4b04-976d-3b41617d8016 req-91e0028f-757c-4b04-976d-3b41617d8016 ] Request (SecurityGroupsTestJSON:test_security_groups_create_list_delete): 404 GET http://10.180.1.21/compute/v2.1/os-security-groups/a419c203-80ba-400c-a60f-3c7706c7a9cd 2.317s
2025-03-26 04:51:16.765 68914 INFO tempest.lib.common.rest_client [req-89980711-c430-4a2c-a619-16a4348f424d req-89980711-c430-4a2c-a619-16a4348f424d ] Request (ServerDiagnosticsTest:tearDownClass): 200 GET http://10.180.1.21/compute/v2.1/servers/8eb18d79-e164-4e66-83b0-7b40d04c30a8 2.341s
2025-03-26 04:51:16.799 68922 INFO tempest.lib.common.rest_client [req-e0002c07-2ccf-48d5-9435-d3aeaf20af47 req-e0002c07-2ccf-48d5-9435-d3aeaf20af47 ] Request (AggregatesAdminNegativeTestJSON:_run_cleanups): 200 DELETE http://10.180.1.21/compute/v2.1/os-aggregates/7 2.197s
2025-03-26 04:51:16.857 68888 INFO tempest.lib.common.rest_client [req-d1cf1212-209c-49b6-b604-233c48087209 req-d1cf1212-209c-49b6-b604-233c48087209 ] Request (ServersTestBootFromVolume:setUpClass): 200 GET http://10.180.1.21/volume/v3/volumes/b88d036e-c8ce-4222-807f-25716446b927 0.034s
2025-03-26 04:51:16.900 68942 INFO tempest.lib.common.rest_client [req-3118602b-7b33-4a5e-a0b3-227dacb9a5d6 req-3118602b-7b33-4a5e-a0b3-227dacb9a5d6 ] Request (DeleteServersAdminTestJSON:test_admin_delete_servers_of_others): 200 GET http://10.180.1.21/compute/v2.1/servers/87f6c6d0-4e3d-4608-bd0d-4771bc9c174a 2.261s
2025-03-26 04:51:16.960 68938 INFO tempest.lib.common.rest_client [req-6834b26d-623e-4f13-87e0-491941e68d24 req-6834b26d-623e-4f13-87e0-491941e68d24 ] Request (DeleteServersTestJSON:setUpClass): 200 PUT http://10.180.1.21:9696/networking/v2.0/routers/7a75b83d-452f-4880-9306-070e87fe8d99/add_router_interface 3.759s
2025-03-26 04:51:16.960 68938 INFO tempest.lib.common.dynamic_creds [-] Created isolated network resources for: credentials: Credentials: {'domain_id': 'default', 'domain_name': 'Default', 'username': 'tempest-DeleteServersTestJSON-1181782645-project-member', 'project_domain_id': 'default', 'project_domain_name': 'Default', 'project_id': 'decd2576711b41bbb25300d9db62643e', 'project_name': 'tempest-DeleteServersTestJSON-1181782645', 'tenant_id': 'decd2576711b41bbb25300d9db62643e', 'tenant_name': 'tempest-DeleteServersTestJSON-1181782645', 'user_domain_id': 'default', 'user_domain_name': 'Default', 'user_id': '330a73f609f746d8b8c1a7eefe557c69', 'system': None}, Network: {'id': 'd8204444-45eb-4fa2-93d4-abc5da746881', 'name': 'tempest-DeleteServersTestJSON-1840626634-network', 'tenant_id': 'decd2576711b41bbb25300d9db62643e', 'admin_state_up': True, 'mtu': 8950, 'status': 'ACTIVE', 'subnets': [], 'shared': False, 'project_id': 'decd2576711b41bbb25300d9db62643e', 'port_security_enabled': True, 'router:external': False, 'provider:network_type': 'vlan', 'provider:physical_network': 'default', 'provider:segmentation_id': 827, 'availability_zone_hints': [], 'availability_zones': [], 'ipv4_address_scope': None, 'ipv6_address_scope': None, 'description': '', 'tags': [], 'created_at': '2025-03-26T04:51:09Z', 'updated_at': '2025-03-26T04:51:09Z', 'revision_number': 1}, Subnet: {'id': '1932c431-2c1c-41f9-a3b6-2469a0ff83e2', 'name': 'tempest-DeleteServersTestJSON-1840626634-subnet', 'tenant_id': 'decd2576711b41bbb25300d9db62643e', 'network_id': 'd8204444-45eb-4fa2-93d4-abc5da746881', 'ip_version': 4, 'subnetpool_id': None, 'enable_dhcp': True, 'ipv6_ra_mode': None, 'ipv6_address_mode': None, 'gateway_ip': '192.168.128.1', 'cidr': '192.168.128.0/28', 'allocation_pools': [{'start': '192.168.128.2', 'end': '192.168.128.14'}], 'host_routes': [], 'dns_nameservers': [], 'description': '', 'router:external': False, 'service_types': [], 'tags': [], 'created_at': '2025-03-26T04:51:09Z', 'updated_at': '2025-03-26T04:51:09Z', 'revision_number': 0, 'project_id': 'decd2576711b41bbb25300d9db62643e'}, Router: {'id': '7a75b83d-452f-4880-9306-070e87fe8d99', 'name': 'tempest-DeleteServersTestJSON-1840626634-router', 'tenant_id': 'decd2576711b41bbb25300d9db62643e', 'admin_state_up': True, 'status': 'ACTIVE', 'external_gateway_info': {'network_id': '9f1067d8-9832-4488-8825-c3fda3737b30', 'external_fixed_ips': [{'subnet_id': 'a95c893f-fc2e-4642-a943-bca8e26d211e', 'ip_address': '10.180.180.183'}], 'enable_snat': True}, 'description': '', 'availability_zones': [], 'distributed': False, 'ha': False, 'availability_zone_hints': [], 'routes': [], 'flavor_id': None, 'tags': [], 'created_at': '2025-03-26T04:51:09Z', 'updated_at': '2025-03-26T04:51:11Z', 'revision_number': 2, 'project_id': 'decd2576711b41bbb25300d9db62643e'}
2025-03-26 04:51:17.002 68900 INFO tempest.lib.common.rest_client [req-4a6eefe3-da14-4af5-877a-2788a5642916 req-4a6eefe3-da14-4af5-877a-2788a5642916 ] Request (ListImageFiltersTestJSON:setUpClass): 200 GET http://10.180.1.21/compute/v2.1/servers/c9264123-ab19-40d5-959a-791b8966d2f6 2.234s
2025-03-26 04:51:17.047 68926 INFO tempest.lib.common.rest_client [req-ea6caaa4-0c50-4a44-b7f3-293f8885890a req-ea6caaa4-0c50-4a44-b7f3-293f8885890a ] Request (SecurityGroupRulesNegativeTestJSON:setUpClass): 200 PUT http://10.180.1.21:9696/networking/v2.0/routers/a06572f3-ed58-4e8c-84df-1b31230b6140/add_router_interface 3.864s
2025-03-26 04:51:17.049 68926 INFO tempest.lib.common.dynamic_creds [-] Created isolated network resources for: credentials: Credentials: {'domain_id': 'default', 'domain_name': 'Default', 'username': 'tempest-SecurityGroupRulesNegativeTestJSON-931654565-project-member', 'project_domain_id': 'default', 'project_domain_name': 'Default', 'project_id': '5fd78498243947579dad5ec6abbb7141', 'project_name': 'tempest-SecurityGroupRulesNegativeTestJSON-931654565', 'tenant_id': '5fd78498243947579dad5ec6abbb7141', 'tenant_name': 'tempest-SecurityGroupRulesNegativeTestJSON-931654565', 'user_domain_id': 'default', 'user_domain_name': 'Default', 'user_id': '2e7f8a9158d74639b8a9fd9163952637', 'system': None}, Network: {'id': '89d428f9-f0ae-4ccd-83d6-d48f2e85b74c', 'name': 'tempest-SecurityGroupRulesNegativeTestJSON-1129522036-network', 'tenant_id': '5fd78498243947579dad5ec6abbb7141', 'admin_state_up': True, 'mtu': 8950, 'status': 'ACTIVE', 'subnets': [], 'shared': False, 'project_id': '5fd78498243947579dad5ec6abbb7141', 'port_security_enabled': True, 'router:external': False, 'provider:network_type': 'vlan', 'provider:physical_network': 'default', 'provider:segmentation_id': 877, 'availability_zone_hints': [], 'availability_zones': [], 'ipv4_address_scope': None, 'ipv6_address_scope': None, 'description': '', 'tags': [], 'created_at': '2025-03-26T04:51:09Z', 'updated_at': '2025-03-26T04:51:09Z', 'revision_number': 1}, Subnet: {'id': '402c1ba4-1ed9-4e81-b954-feba1d709560', 'name': 'tempest-SecurityGroupRulesNegativeTestJSON-1129522036-subnet', 'tenant_id': '5fd78498243947579dad5ec6abbb7141', 'network_id': '89d428f9-f0ae-4ccd-83d6-d48f2e85b74c', 'ip_version': 4, 'subnetpool_id': None, 'enable_dhcp': True, 'ipv6_ra_mode': None, 'ipv6_address_mode': None, 'gateway_ip': '192.168.128.1', 'cidr': '192.168.128.0/28', 'allocation_pools': [{'start': '192.168.128.2', 'end': '192.168.128.14'}], 'host_routes': [], 'dns_nameservers': [], 'description': '', 'router:external': False, 'service_types': [], 'tags': [], 'created_at': '2025-03-26T04:51:09Z', 'updated_at': '2025-03-26T04:51:09Z', 'revision_number': 0, 'project_id': '5fd78498243947579dad5ec6abbb7141'}, Router: {'id': 'a06572f3-ed58-4e8c-84df-1b31230b6140', 'name': 'tempest-SecurityGroupRulesNegativeTestJSON-1129522036-router', 'tenant_id': '5fd78498243947579dad5ec6abbb7141', 'admin_state_up': True, 'status': 'ACTIVE', 'external_gateway_info': {'network_id': '9f1067d8-9832-4488-8825-c3fda3737b30', 'external_fixed_ips': [{'subnet_id': 'a95c893f-fc2e-4642-a943-bca8e26d211e', 'ip_address': '10.180.180.176'}], 'enable_snat': True}, 'description': '', 'availability_zones': [], 'distributed': False, 'ha': False, 'availability_zone_hints': [], 'routes': [], 'flavor_id': None, 'tags': [], 'created_at': '2025-03-26T04:51:09Z', 'updated_at': '2025-03-26T04:51:11Z', 'revision_number': 2, 'project_id': '5fd78498243947579dad5ec6abbb7141'}
2025-03-26 04:51:17.077 68908 INFO tempest.lib.common.rest_client [req-2ef0f59e-2ae8-4b87-b4a0-c1092c561e28 req-2ef0f59e-2ae8-4b87-b4a0-c1092c561e28 ] Request (ImagesOneServerTestJSON:setUpClass): 201 POST http://10.180.1.21:9696/networking/v2.0/networks 1.047s
2025-03-26 04:51:17.142 68938 INFO tempest.lib.common.rest_client [req-cefa7902-713e-4b88-af03-ff2183c6c6a2 req-cefa7902-713e-4b88-af03-ff2183c6c6a2 ] Request (DeleteServersTestJSON:setUpClass): 201 POST http://10.180.1.21/identity/v3/auth/tokens 0.176s
2025-03-26 04:51:17.190 68938 INFO tempest.lib.common.rest_client [req-48199f96-ce94-4cbf-82b0-0ae0d0d7f39a req-48199f96-ce94-4cbf-82b0-0ae0d0d7f39a ] Request (DeleteServersTestJSON:test_delete_active_server): 201 POST http://10.180.1.21/identity/v3/auth/tokens 0.041s
2025-03-26 04:51:17.191 68938 INFO tempest.lib.common.fixed_network [-] (DeleteServersTestJSON:test_delete_active_server) Found network {'id': 'd8204444-45eb-4fa2-93d4-abc5da746881', 'name': 'tempest-DeleteServersTestJSON-1840626634-network', 'tenant_id': 'decd2576711b41bbb25300d9db62643e', 'admin_state_up': True, 'mtu': 8950, 'status': 'ACTIVE', 'subnets': [], 'shared': False, 'project_id': 'decd2576711b41bbb25300d9db62643e', 'port_security_enabled': True, 'router:external': False, 'provider:network_type': 'vlan', 'provider:physical_network': 'default', 'provider:segmentation_id': 827, 'availability_zone_hints': [], 'availability_zones': [], 'ipv4_address_scope': None, 'ipv6_address_scope': None, 'description': '', 'tags': [], 'created_at': '2025-03-26T04:51:09Z', 'updated_at': '2025-03-26T04:51:09Z', 'revision_number': 1} available for tenant
2025-03-26 04:51:17.194 68926 INFO tempest.lib.common.rest_client [req-79ea6656-4862-4e6e-a970-cb646627bdb2 req-79ea6656-4862-4e6e-a970-cb646627bdb2 ] Request (SecurityGroupRulesNegativeTestJSON:setUpClass): 201 POST http://10.180.1.21/identity/v3/auth/tokens 0.139s
2025-03-26 04:51:17.220 68906 INFO tempest.lib.common.rest_client [req-d7cf36e3-4855-4410-ac76-5dc567cc755f req-d7cf36e3-4855-4410-ac76-5dc567cc755f ] Request (QuotaClassesAdminTestJSON:test_update_default_quotas): 200 PUT http://10.180.1.21/compute/v2.1/os-quota-class-sets/default 2.426s
2025-03-26 04:51:17.244 68924 INFO tempest.lib.common.rest_client [req-b2f69a1b-3b8c-4b2e-981a-1248052006f7 req-b2f69a1b-3b8c-4b2e-981a-1248052006f7 ] Request (FlavorsAdminTestJSON:test_is_public_string_variations): 200 GET http://10.180.1.21/compute/v2.1/flavors/detail?is_public=yes 2.286s
2025-03-26 04:51:17.482 68912 INFO tempest.lib.common.rest_client [req-c0938a4c-8ac0-4022-b4ed-b79988d5f187 req-c0938a4c-8ac0-4022-b4ed-b79988d5f187 ] Request (ImagesOneServerNegativeTestJSON:setUpClass): 202 POST http://10.180.1.21/compute/v2.1/servers 2.985s
2025-03-26 04:51:17.527 68892 INFO tempest.lib.common.rest_client [req-b0e14456-b8b1-44bf-ba7d-368767e625c3 req-b0e14456-b8b1-44bf-ba7d-368767e625c3 ] Request (KeyPairsV22TestJSON:test_keypairs_create_list_delete): 201 POST http://10.180.1.21/compute/v2.1/os-keypairs 2.433s
2025-03-26 04:51:17.666 68903 INFO tempest.lib.common.rest_client [req-150d054e-d27d-4211-a17c-c255689098ff req-150d054e-d27d-4211-a17c-c255689098ff ] Request (ServerDiagnosticsNegativeTest:test_get_server_diagnostics_by_non_admin): 200 GET http://10.180.1.21/compute/v2.1/servers/26625edb-06ca-48cc-aaf1-3c55a6ea942b 2.515s
2025-03-26 04:51:17.675 68903 INFO tempest.common.waiters [-] State transition "BUILD/spawning" ==> "ACTIVE/None" after 36 second wait
2025-03-26 04:51:17.696 68916 INFO tempest.lib.common.rest_client [req-cecf31e9-381e-498f-afc7-2db8ad5337d8 req-cecf31e9-381e-498f-afc7-2db8ad5337d8 ] Request (AttachInterfacesUnderV243Test:test_add_remove_fixed_ip): 200 GET http://10.180.1.21/compute/v2.1/servers/ad207187-634f-4e7f-9809-eb3f742ddeec 2.720s
2025-03-26 04:51:17.737 68940 INFO tempest.lib.common.rest_client [req-7b975128-223e-46a9-8192-5b4b51d27898 req-7b975128-223e-46a9-8192-5b4b51d27898 ] Request (ServerTagsTestJSON:test_create_delete_tag): 204 DELETE http://10.180.1.21/compute/v2.1/servers/1c8dfb47-df19-4101-8d4e-30889d71d7da/tags/tempest-tag-1965530060 1.968s
2025-03-26 04:51:17.807 68910 INFO tempest.lib.common.rest_client [req-ec3eef49-b328-4b9f-bcd2-ece18d2e180b req-ec3eef49-b328-4b9f-bcd2-ece18d2e180b ] Request (ServerDiagnosticsV248Test:tearDownClass): 200 GET http://10.180.1.21/compute/v2.1/servers/7693ef68-d7e5-4899-9615-9f2a1dd0bce8 1.876s
2025-03-26 04:51:17.811 68936 INFO tempest.lib.common.rest_client [req-3f8067e9-b241-458b-9187-dbae489b4f1e req-3f8067e9-b241-458b-9187-dbae489b4f1e ] Request (FloatingIPsAssociationNegativeTestJSON:test_associate_ip_to_server_without_passing_floating_ip): 400 POST http://10.180.1.21/compute/v2.1/servers/7129a57f-e639-49ae-96a9-3c1d966034a8/action 1.345s
2025-03-26 04:51:17.898 68888 INFO tempest.lib.common.rest_client [req-b11ef2eb-2b4d-45d7-9e06-f7474ba61efa req-b11ef2eb-2b4d-45d7-9e06-f7474ba61efa ] Request (ServersTestBootFromVolume:setUpClass): 200 GET http://10.180.1.21/volume/v3/volumes/b88d036e-c8ce-4222-807f-25716446b927 0.030s
2025-03-26 04:51:17.935 68944 INFO tempest.lib.common.rest_client [req-2c36a582-970b-4ac4-b935-d07aa51169f3 req-2c36a582-970b-4ac4-b935-d07aa51169f3 ] Request (MigrationsAdminTest:test_list_migrations_in_flavor_resize_situation): 200 GET http://10.180.1.21/compute/v2.1/servers/925400c4-3b33-4f4a-9f63-3ceec06cf0b7 1.180s
2025-03-26 04:51:18.032 68904 INFO tempest.lib.common.rest_client [req-85326b4a-24da-4086-a157-0dd5b5ebe867 req-85326b4a-24da-4086-a157-0dd5b5ebe867 ] Request (SecurityGroupsTestJSON:test_security_groups_create_list_delete): 200 GET http://10.180.1.21/compute/v2.1/os-security-groups 1.267s
2025-03-26 04:51:18.078 68922 INFO tempest.lib.common.rest_client [req-8ed50728-9cdc-4985-b377-aa9fab0132fe req-8ed50728-9cdc-4985-b377-aa9fab0132fe ] Request (AggregatesAdminNegativeTestJSON:test_aggregate_remove_nonexistent_host): 200 POST http://10.180.1.21/compute/v2.1/os-aggregates 1.278s
2025-03-26 04:51:18.145 68934 INFO tempest.lib.common.rest_client [req-c34c32e4-74c2-441d-b0cb-160efd0d6fb1 req-c34c32e4-74c2-441d-b0cb-160efd0d6fb1 ] Request (ServersWithSpecificFlavorTestJSON:test_verify_created_server_ephemeral_disk): 200 GET http://10.180.1.21/compute/v2.1/servers/e77cc179-1f3d-4095-a491-48df7f79bdb9 2.232s
2025-03-26 04:51:18.241 68908 INFO tempest.lib.common.rest_client [req-3117bc09-baed-4c8a-8280-e5fc2c681302 req-3117bc09-baed-4c8a-8280-e5fc2c681302 ] Request (ImagesOneServerTestJSON:setUpClass): 201 POST http://10.180.1.21:9696/networking/v2.0/subnets 1.162s
2025-03-26 04:51:18.331 68928 INFO tempest.lib.common.rest_client [req-66c1bdbb-4dde-4c80-8197-7c8d0116cb80 req-66c1bdbb-4dde-4c80-8197-7c8d0116cb80 ] Request (VolumesAssistedSnapshotsTest:test_volume_assisted_snapshot_create_delete): 200 GET http://10.180.1.21/compute/v2.1/servers/50b9775c-ddbd-4e8f-a2b8-b08c3028fc28 1.210s
2025-03-26 04:51:18.358 68890 INFO tempest.lib.common.rest_client [req-a16b1f40-dcb9-49f9-9a6a-bbce357ee40b req-a16b1f40-dcb9-49f9-9a6a-bbce357ee40b ] Request (FloatingIPsTestJSON:tearDownClass): 204 DELETE http://10.180.1.21:9696/networking/v2.0/routers/85746f85-e098-445b-a604-76e6066d1aa8 1.731s
2025-03-26 04:51:18.380 68894 INFO tempest.lib.common.rest_client [req-5e102abd-49e3-4382-97e4-8d9c6be2b9fe req-5e102abd-49e3-4382-97e4-8d9c6be2b9fe ] Request (SecurityGroupsNegativeTestJSON:tearDownClass): 200 PUT http://10.180.1.21:9696/networking/v2.0/routers/f2d227b8-fbf7-4080-a160-51cccb284085/remove_router_interface 3.328s
2025-03-26 04:51:18.872 68946 INFO tempest.lib.common.rest_client [req-9c4bb67f-bbb6-4b02-91a5-a95489e53b0e req-9c4bb67f-bbb6-4b02-91a5-a95489e53b0e ] Request (ServersTestManualDisk:setUpClass): 201 POST http://10.180.1.21:9696/networking/v2.0/floatingips 2.198s
2025-03-26 04:51:18.880 68890 INFO tempest.lib.common.rest_client [req-ca9bb40d-2f10-4ef4-8dff-d71910cb11ba req-ca9bb40d-2f10-4ef4-8dff-d71910cb11ba ] Request (FloatingIPsTestJSON:tearDownClass): 204 DELETE http://10.180.1.21:9696/networking/v2.0/subnets/7d9d05e0-ba80-40dc-904b-24e53f652a53 0.521s
2025-03-26 04:51:18.925 68926 INFO tempest.lib.common.rest_client [req-b47d1925-3f78-4fd4-bd1b-c7922e5c1975 req-b47d1925-3f78-4fd4-bd1b-c7922e5c1975 ] Request (SecurityGroupRulesNegativeTestJSON:test_create_security_group_rule_duplicate): 200 POST http://10.180.1.21/compute/v2.1/os-security-groups 1.728s
2025-03-26 04:51:18.936 68888 INFO tempest.lib.common.rest_client [req-65fca905-21ac-414e-9bc7-d260cbae8264 req-65fca905-21ac-414e-9bc7-d260cbae8264 ] Request (ServersTestBootFromVolume:setUpClass): 200 GET http://10.180.1.21/volume/v3/volumes/b88d036e-c8ce-4222-807f-25716446b927 0.029s
2025-03-26 04:51:18.949 68946 INFO tempest.lib.common.rest_client [req-233897cd-5a73-4bef-9173-d48f10e6aa61 req-233897cd-5a73-4bef-9173-d48f10e6aa61 ] Request (ServersTestManualDisk:setUpClass): 201 POST http://10.180.1.21/identity/v3/auth/tokens 0.074s
2025-03-26 04:51:18.950 68946 INFO tempest.lib.common.fixed_network [-] (ServersTestManualDisk:setUpClass) Found network {'id': '0ce7bcdf-220a-4073-978c-559b6c03369d', 'name': 'tempest-ServersTestManualDisk-1220421608-network', 'tenant_id': '128ddc15398c4aadb4212393c51670dd', 'admin_state_up': True, 'mtu': 8950, 'status': 'ACTIVE', 'subnets': [], 'shared': False, 'project_id': '128ddc15398c4aadb4212393c51670dd', 'port_security_enabled': True, 'router:external': False, 'provider:network_type': 'vlan', 'provider:physical_network': 'default', 'provider:segmentation_id': 870, 'availability_zone_hints': [], 'availability_zones': [], 'ipv4_address_scope': None, 'ipv6_address_scope': None, 'description': '', 'tags': [], 'created_at': '2025-03-26T04:51:08Z', 'updated_at': '2025-03-26T04:51:08Z', 'revision_number': 1} available for tenant
2025-03-26 04:51:18.966 68948 INFO tempest.lib.common.rest_client [req-ea7c30b5-3737-4fc5-858f-d73de836ea65 req-ea7c30b5-3737-4fc5-858f-d73de836ea65 ] Request (InstanceActionsNegativeTestJSON:setUpClass): 200 PUT http://10.180.1.21:9696/networking/v2.0/routers/290dbc5c-e165-476b-9d08-6cf7754cfede/add_router_interface 4.020s
2025-03-26 04:51:18.967 68948 INFO tempest.lib.common.dynamic_creds [-] Created isolated network resources for: credentials: Credentials: {'domain_id': 'default', 'domain_name': 'Default', 'username': 'tempest-InstanceActionsNegativeTestJSON-1906875428-project-member', 'project_domain_id': 'default', 'project_domain_name': 'Default', 'project_id': '46b9b50afee8436b91fa14327ee5382a', 'project_name': 'tempest-InstanceActionsNegativeTestJSON-1906875428', 'tenant_id': '46b9b50afee8436b91fa14327ee5382a', 'tenant_name': 'tempest-InstanceActionsNegativeTestJSON-1906875428', 'user_domain_id': 'default', 'user_domain_name': 'Default', 'user_id': '8ead08530ca148d08b9c443c0c035949', 'system': None}, Network: {'id': 'ea44cd90-58bc-431b-8988-ffd5f0ec9136', 'name': 'tempest-InstanceActionsNegativeTestJSON-1472118572-network', 'tenant_id': '46b9b50afee8436b91fa14327ee5382a', 'admin_state_up': True, 'mtu': 8950, 'status': 'ACTIVE', 'subnets': [], 'shared': False, 'project_id': '46b9b50afee8436b91fa14327ee5382a', 'port_security_enabled': True, 'router:external': False, 'provider:network_type': 'vlan', 'provider:physical_network': 'default', 'provider:segmentation_id': 299, 'availability_zone_hints': [], 'availability_zones': [], 'ipv4_address_scope': None, 'ipv6_address_scope': None, 'description': '', 'tags': [], 'created_at': '2025-03-26T04:51:10Z', 'updated_at': '2025-03-26T04:51:10Z', 'revision_number': 1}, Subnet: {'id': '3f922eed-a178-436e-83df-33be435d6d0e', 'name': 'tempest-InstanceActionsNegativeTestJSON-1472118572-subnet', 'tenant_id': '46b9b50afee8436b91fa14327ee5382a', 'network_id': 'ea44cd90-58bc-431b-8988-ffd5f0ec9136', 'ip_version': 4, 'subnetpool_id': None, 'enable_dhcp': True, 'ipv6_ra_mode': None, 'ipv6_address_mode': None, 'gateway_ip': '192.168.128.1', 'cidr': '192.168.128.0/28', 'allocation_pools': [{'start': '192.168.128.2', 'end': '192.168.128.14'}], 'host_routes': [], 'dns_nameservers': [], 'description': '', 'router:external': False, 'service_types': [], 'tags': [], 'created_at': '2025-03-26T04:51:10Z', 'updated_at': '2025-03-26T04:51:10Z', 'revision_number': 0, 'project_id': '46b9b50afee8436b91fa14327ee5382a'}, Router: {'id': '290dbc5c-e165-476b-9d08-6cf7754cfede', 'name': 'tempest-InstanceActionsNegativeTestJSON-1472118572-router', 'tenant_id': '46b9b50afee8436b91fa14327ee5382a', 'admin_state_up': True, 'status': 'ACTIVE', 'external_gateway_info': {'network_id': '9f1067d8-9832-4488-8825-c3fda3737b30', 'external_fixed_ips': [{'subnet_id': 'a95c893f-fc2e-4642-a943-bca8e26d211e', 'ip_address': '10.180.180.251'}], 'enable_snat': True}, 'description': '', 'availability_zones': [], 'distributed': False, 'ha': False, 'availability_zone_hints': [], 'routes': [], 'flavor_id': None, 'tags': [], 'created_at': '2025-03-26T04:51:11Z', 'updated_at': '2025-03-26T04:51:13Z', 'revision_number': 2, 'project_id': '46b9b50afee8436b91fa14327ee5382a'}
2025-03-26 04:51:19.031 68886 INFO tempest.lib.common.rest_client [req-6be61356-94b4-415a-a9fe-f876c7b9d327 req-6be61356-94b4-415a-a9fe-f876c7b9d327 ] Request (ServersAdminNegativeTestJSON:test_migrate_server_invalid_state): 200 GET http://10.180.1.21/compute/v2.1/servers/40b768c1-9007-4f78-a90f-61b2ac64553f 1.813s
2025-03-26 04:51:19.043 68906 INFO tempest.lib.common.rest_client [req-21d9fd90-42c0-4385-90c9-7a7d293f8595 req-21d9fd90-42c0-4385-90c9-7a7d293f8595 ] Request (QuotaClassesAdminTestJSON:test_update_default_quotas): 200 GET http://10.180.1.21/compute/v2.1/os-quota-class-sets/default 1.821s
2025-03-26 04:51:19.064 68938 INFO tempest.lib.common.rest_client [req-0c502248-3e67-4413-b786-0d4fbaf34b44 req-0c502248-3e67-4413-b786-0d4fbaf34b44 ] Request (DeleteServersTestJSON:test_delete_active_server): 202 POST http://10.180.1.21/compute/v2.1/servers 1.872s
2025-03-26 04:51:19.087 68924 INFO tempest.lib.common.rest_client [req-5de1f617-b4de-4f98-8f31-05c1389cc32f req-5de1f617-b4de-4f98-8f31-05c1389cc32f ] Request (FlavorsAdminTestJSON:test_is_public_string_variations): 200 GET http://10.180.1.21/compute/v2.1/flavors/detail?is_public=1 1.832s
2025-03-26 04:51:19.100 68948 INFO tempest.lib.common.rest_client [req-209fafdb-36f5-48e1-98fa-7b6e978662b6 req-209fafdb-36f5-48e1-98fa-7b6e978662b6 ] Request (InstanceActionsNegativeTestJSON:setUpClass): 201 POST http://10.180.1.21/identity/v3/auth/tokens 0.125s
2025-03-26 04:51:19.165 68948 INFO tempest.lib.common.rest_client [req-7feabb67-1949-484a-977e-cae317c08c4b req-7feabb67-1949-484a-977e-cae317c08c4b ] Request (InstanceActionsNegativeTestJSON:setUpClass): 201 POST http://10.180.1.21/identity/v3/auth/tokens 0.053s
2025-03-26 04:51:19.166 68948 INFO tempest.lib.common.fixed_network [-] (InstanceActionsNegativeTestJSON:setUpClass) Found network {'id': 'ea44cd90-58bc-431b-8988-ffd5f0ec9136', 'name': 'tempest-InstanceActionsNegativeTestJSON-1472118572-network', 'tenant_id': '46b9b50afee8436b91fa14327ee5382a', 'admin_state_up': True, 'mtu': 8950, 'status': 'ACTIVE', 'subnets': [], 'shared': False, 'project_id': '46b9b50afee8436b91fa14327ee5382a', 'port_security_enabled': True, 'router:external': False, 'provider:network_type': 'vlan', 'provider:physical_network': 'default', 'provider:segmentation_id': 299, 'availability_zone_hints': [], 'availability_zones': [], 'ipv4_address_scope': None, 'ipv6_address_scope': None, 'description': '', 'tags': [], 'created_at': '2025-03-26T04:51:10Z', 'updated_at': '2025-03-26T04:51:10Z', 'revision_number': 1} available for tenant
2025-03-26 04:51:19.200 68896 INFO tempest.lib.common.rest_client [req-6b85a690-ee8a-4d0c-841f-a60a917b06ef req-6b85a690-ee8a-4d0c-841f-a60a917b06ef ] Request (TenantUsagesTestJSON:tearDownClass): 200 GET http://10.180.1.21/compute/v2.1/servers/d6c45731-d76a-46cf-9b7d-be035a200948 1.887s
2025-03-26 04:51:19.210 68912 INFO tempest.lib.common.rest_client [req-6ba5da8c-d45e-4bfc-9ae6-0b1f8e75b319 req-6ba5da8c-d45e-4bfc-9ae6-0b1f8e75b319 ] Request (ImagesOneServerNegativeTestJSON:setUpClass): 200 GET http://10.180.1.21/compute/v2.1/servers/239c1217-ba8e-474a-b02c-7d85e3ac92f4 1.726s
2025-03-26 04:51:19.216 68892 INFO tempest.lib.common.rest_client [req-8417c113-c4e2-43e7-9422-5c67a46bff07 req-8417c113-c4e2-43e7-9422-5c67a46bff07 ] Request (KeyPairsV22TestJSON:test_keypairs_create_list_delete): 200 GET http://10.180.1.21/compute/v2.1/os-keypairs 1.687s
2025-03-26 04:51:19.263 68903 INFO tempest.lib.common.rest_client [req-ed45555a-0a3b-4f2f-a067-06e5f412e786 req-ed45555a-0a3b-4f2f-a067-06e5f412e786 ] Request (ServerDiagnosticsNegativeTest:test_get_server_diagnostics_by_non_admin): 403 GET http://10.180.1.21/compute/v2.1/servers/26625edb-06ca-48cc-aaf1-3c55a6ea942b/diagnostics 1.585s
2025-03-26 04:51:19.314 68894 INFO tempest.lib.common.rest_client [req-bcf35e81-fc3f-4e1a-bc9e-31d927ae35b6 req-bcf35e81-fc3f-4e1a-bc9e-31d927ae35b6 ] Request (SecurityGroupsNegativeTestJSON:tearDownClass): 204 DELETE http://10.180.1.21:9696/networking/v2.0/routers/f2d227b8-fbf7-4080-a160-51cccb284085 0.932s
2025-03-26 04:51:19.328 68920 INFO tempest.lib.common.rest_client [req-e0b11032-347a-4555-a1d3-5497478310f1 req-e0b11032-347a-4555-a1d3-5497478310f1 ] Request (ServerShowV254Test:test_rebuild_server): 200 GET http://10.180.1.21/compute/v2.1/servers/9bb06e82-cc5c-4673-b1f6-aae87568aa9c 1.663s
2025-03-26 04:51:19.342 68940 INFO tempest.lib.common.rest_client [req-09006d4d-9f7f-449d-a038-5a337f8fa408 req-09006d4d-9f7f-449d-a038-5a337f8fa408 ] Request (ServerTagsTestJSON:test_create_delete_tag): 200 GET http://10.180.1.21/compute/v2.1/servers/1c8dfb47-df19-4101-8d4e-30889d71d7da/tags 1.605s
2025-03-26 04:51:19.391 68932 INFO tempest.lib.common.rest_client [req-c40fdb34-b878-4b3c-9326-da9f694db269 req-c40fdb34-b878-4b3c-9326-da9f694db269 ] Request (FloatingIPsAssociationTestJSON:setUpClass): 200 GET http://10.180.1.21/compute/v2.1/servers/39a84212-2e52-4dba-b00c-5689564deaf4 1.687s
2025-03-26 04:51:19.443 68914 INFO tempest.lib.common.rest_client [req-9d810a2a-8478-482a-af29-4ee0427c1ff4 req-9d810a2a-8478-482a-af29-4ee0427c1ff4 ] Request (ServerDiagnosticsTest:tearDownClass): 200 GET http://10.180.1.21/compute/v2.1/servers/8eb18d79-e164-4e66-83b0-7b40d04c30a8 1.668s
2025-03-26 04:51:19.472 68942 INFO tempest.lib.common.rest_client [req-2d9cd434-bdfa-4c6a-8741-73be77cda020 req-2d9cd434-bdfa-4c6a-8741-73be77cda020 ] Request (DeleteServersAdminTestJSON:test_admin_delete_servers_of_others): 404 GET http://10.180.1.21/compute/v2.1/servers/87f6c6d0-4e3d-4608-bd0d-4771bc9c174a 1.558s
2025-03-26 04:51:19.524 68936 INFO tempest.lib.common.rest_client [req-3992fc68-be6b-40b7-ba73-6b8cf7d43307 req-3992fc68-be6b-40b7-ba73-6b8cf7d43307 ] Request (FloatingIPsAssociationNegativeTestJSON:test_associate_nonexistent_floating_ip): 404 POST http://10.180.1.21/compute/v2.1/servers/7129a57f-e639-49ae-96a9-3c1d966034a8/action 1.712s
2025-03-26 04:51:19.576 68942 INFO tempest.lib.common.rest_client [req-b4fc4e6b-d0cc-4b8e-b010-b4376f1eda9f req-b4fc4e6b-d0cc-4b8e-b010-b4376f1eda9f ] Request (DeleteServersAdminTestJSON:test_delete_server_while_in_error_state): 201 POST http://10.180.1.21/identity/v3/auth/tokens 0.090s
2025-03-26 04:51:19.576 68942 INFO tempest.lib.common.fixed_network [-] (DeleteServersAdminTestJSON:test_delete_server_while_in_error_state) Found network None available for tenant
2025-03-26 04:51:19.603 68900 INFO tempest.lib.common.rest_client [req-ccd438de-351a-44c1-b3ed-cf27c1c59fae req-ccd438de-351a-44c1-b3ed-cf27c1c59fae ] Request (ListImageFiltersTestJSON:setUpClass): 200 GET http://10.180.1.21/compute/v2.1/servers/c9264123-ab19-40d5-959a-791b8966d2f6 1.587s
2025-03-26 04:51:19.625 68922 INFO tempest.lib.common.rest_client [req-24a544de-8d3c-4dce-8bab-5457e19074cf req-24a544de-8d3c-4dce-8bab-5457e19074cf ] Request (AggregatesAdminNegativeTestJSON:test_aggregate_remove_nonexistent_host): 404 POST http://10.180.1.21/compute/v2.1/os-aggregates/8/action 1.540s
2025-03-26 04:51:19.639 68904 INFO tempest.lib.common.rest_client [req-e6842775-6be7-4061-8204-0b700bb29c9d req-e6842775-6be7-4061-8204-0b700bb29c9d ] Request (SecurityGroupsTestJSON:test_server_security_groups): 200 POST http://10.180.1.21/compute/v2.1/os-security-groups 1.601s
2025-03-26 04:51:19.723 68910 INFO tempest.lib.common.rest_client [req-52d3e44c-2228-44d1-9100-d4421fb8d24a req-52d3e44c-2228-44d1-9100-d4421fb8d24a ] Request (ServerDiagnosticsV248Test:tearDownClass): 200 GET http://10.180.1.21/compute/v2.1/servers/7693ef68-d7e5-4899-9615-9f2a1dd0bce8 0.904s
2025-03-26 04:51:19.837 68926 INFO tempest.lib.common.rest_client [req-d6957261-7bcf-4a61-83d2-0e974ab4755f req-d6957261-7bcf-4a61-83d2-0e974ab4755f ] Request (SecurityGroupRulesNegativeTestJSON:test_create_security_group_rule_duplicate): 200 POST http://10.180.1.21/compute/v2.1/os-security-group-rules 0.907s
2025-03-26 04:51:19.928 68894 INFO tempest.lib.common.rest_client [req-22e1651a-2e29-4a1b-bdfc-be320688e615 req-22e1651a-2e29-4a1b-bdfc-be320688e615 ] Request (SecurityGroupsNegativeTestJSON:tearDownClass): 204 DELETE http://10.180.1.21:9696/networking/v2.0/subnets/cf9b3a6b-2ac9-42e7-abdf-8f4ab11c5c25 0.613s
2025-03-26 04:51:19.933 68944 INFO tempest.lib.common.rest_client [req-438038f8-9822-4706-97a8-98e5d1ee9aaf req-438038f8-9822-4706-97a8-98e5d1ee9aaf ] Request (MigrationsAdminTest:test_list_migrations_in_flavor_resize_situation): 200 GET http://10.180.1.21/compute/v2.1/servers/925400c4-3b33-4f4a-9f63-3ceec06cf0b7 0.987s
2025-03-26 04:51:19.974 68890 INFO tempest.lib.common.rest_client [req-454617ff-2d0e-48af-9713-08c263f418b1 req-454617ff-2d0e-48af-9713-08c263f418b1 ] Request (FloatingIPsTestJSON:tearDownClass): 204 DELETE http://10.180.1.21:9696/networking/v2.0/networks/6d2771a4-4925-40e8-9a21-c6a657260fb8 1.094s
2025-03-26 04:51:19.978 68888 INFO tempest.lib.common.rest_client [req-b96a457d-e61f-4d81-896c-6397ac00db2f req-b96a457d-e61f-4d81-896c-6397ac00db2f ] Request (ServersTestBootFromVolume:setUpClass): 200 GET http://10.180.1.21/volume/v3/volumes/b88d036e-c8ce-4222-807f-25716446b927 0.030s
2025-03-26 04:51:19.987 68888 INFO tempest.common.waiters [-] volume b88d036e-c8ce-4222-807f-25716446b927 reached available after waiting for 21.987263 seconds
2025-03-26 04:51:20.039 68916 INFO tempest.lib.common.rest_client [req-0d5f73fc-fc9c-48ce-b8e7-5dde5723a71f req-0d5f73fc-fc9c-48ce-b8e7-5dde5723a71f ] Request (AttachInterfacesUnderV243Test:test_add_remove_fixed_ip): 200 GET http://10.180.1.21/compute/v2.1/servers/ad207187-634f-4e7f-9809-eb3f742ddeec 1.333s
2025-03-26 04:51:20.078 68890 INFO tempest.lib.common.rest_client [req-99011860-4bba-42a9-b6ae-24ce4f12d1e8 req-99011860-4bba-42a9-b6ae-24ce4f12d1e8 ] Request (FloatingIPsTestJSON:tearDownClass): 204 DELETE http://10.180.1.21/identity/v3/users/67c7aa9f51fc4c7ba55ec85e1fe7b1c0 0.103s
2025-03-26 04:51:20.079 68890 INFO tempest.lib.common.dynamic_creds [-] Deleting project and security group for project: ef9948042fd342b9b0830938ec743c5c
2025-03-26 04:51:20.133 68890 INFO tempest.lib.common.rest_client [req-87be81b2-2abb-4131-a035-1afa4621e076 req-87be81b2-2abb-4131-a035-1afa4621e076 ] Request (FloatingIPsTestJSON:tearDownClass): 200 GET http://10.180.1.21:9696/networking/v2.0/security-groups?tenant_id=ef9948042fd342b9b0830938ec743c5c&name=default 0.054s
2025-03-26 04:51:20.161 68906 INFO tempest.lib.common.rest_client [req-8629ee2f-13f7-46a2-850f-9d55dec5ff1d req-8629ee2f-13f7-46a2-850f-9d55dec5ff1d ] Request (QuotaClassesAdminTestJSON:_run_cleanups): 200 PUT http://10.180.1.21/compute/v2.1/os-quota-class-sets/default 1.110s
2025-03-26 04:51:20.241 68938 INFO tempest.lib.common.rest_client [req-5c0f8718-d82c-4f46-8a2d-28c25e886c50 req-5c0f8718-d82c-4f46-8a2d-28c25e886c50 ] Request (DeleteServersTestJSON:test_delete_active_server): 200 GET http://10.180.1.21/compute/v2.1/servers/303f41c0-7a19-48b2-a072-4f138f6f8156 1.175s
2025-03-26 04:51:20.259 68890 INFO tempest.lib.common.rest_client [req-2cefb74e-0d6e-4120-9c53-79d40ec6b3b9 req-2cefb74e-0d6e-4120-9c53-79d40ec6b3b9 ] Request (FloatingIPsTestJSON:tearDownClass): 204 DELETE http://10.180.1.21:9696/networking/v2.0/security-groups/77998b28-f55b-4455-bf6d-e7570964e262 0.125s
2025-03-26 04:51:20.263 68924 INFO tempest.lib.common.rest_client [req-0bb68c53-1970-4c1e-b762-3df0a090df62 req-0bb68c53-1970-4c1e-b762-3df0a090df62 ] Request (FlavorsAdminTestJSON:_run_cleanups): 202 DELETE http://10.180.1.21/compute/v2.1/flavors/1263626888 1.164s
2025-03-26 04:51:20.275 68918 WARNING tempest.lib.common.ssh [-] Failed to establish authenticated ssh connection to cirros@10.180.180.166 ([Errno None] Unable to connect to port 22 on 10.180.180.166). Number attempts: 3. Retry after 4 seconds.: paramiko.ssh_exception.NoValidConnectionsError: [Errno None] Unable to connect to port 22 on 10.180.180.166
2025-03-26 04:51:20.282 68906 INFO tempest.lib.common.rest_client [req-5915f679-2ace-48d0-8642-a2d35b8affc6 req-5915f679-2ace-48d0-8642-a2d35b8affc6 ] Request (QuotaClassesAdminTestJSON:tearDownClass): 204 DELETE http://10.180.1.21/identity/v3/users/1f47e324d8fa495497e879f76af6301b 0.115s
2025-03-26 04:51:20.321 68894 INFO tempest.lib.common.rest_client [req-eb8913a9-c367-4c1d-b83b-2519d1a2a5ed req-eb8913a9-c367-4c1d-b83b-2519d1a2a5ed ] Request (SecurityGroupsNegativeTestJSON:tearDownClass): 204 DELETE http://10.180.1.21:9696/networking/v2.0/networks/ee0c9ae7-acbb-44ad-9d59-fb776dba7579 0.393s
2025-03-26 04:51:20.358 68890 INFO tempest.lib.common.rest_client [req-3c9d2100-d194-4642-9ce2-84322e741987 req-3c9d2100-d194-4642-9ce2-84322e741987 ] Request (FloatingIPsTestJSON:tearDownClass): 204 DELETE http://10.180.1.21/identity/v3/projects/ef9948042fd342b9b0830938ec743c5c 0.099s
2025-03-26 04:51:20.359 68890 INFO tempest.test [-] raised in ServerBootFromVolumeStableRescueTest.setUpClass. Invoking tearDownClass.
2025-03-26 04:51:20.361 68890 INFO tempest.test [-] raised in ServerStableDeviceRescueTestIDE.setUpClass. Invoking tearDownClass.
2025-03-26 04:51:20.368 68906 INFO tempest.lib.common.rest_client [req-6b78b842-cdc2-49ac-a19b-b3c1d2201f81 req-6b78b842-cdc2-49ac-a19b-b3c1d2201f81 ] Request (QuotaClassesAdminTestJSON:tearDownClass): 204 DELETE http://10.180.1.21/identity/v3/users/79612d830cdf46fa976dcbbee9c6ca0a 0.085s
2025-03-26 04:51:20.368 68906 INFO tempest.lib.common.dynamic_creds [-] Deleting project and security group for project: 9104da511b404df0883cd908dfb0968f
2025-03-26 04:51:20.378 68908 INFO tempest.lib.common.rest_client [req-1d6d8ee6-ae9a-40ff-a3fc-dfa7cb1fe51a req-1d6d8ee6-ae9a-40ff-a3fc-dfa7cb1fe51a ] Request (ImagesOneServerTestJSON:setUpClass): 201 POST http://10.180.1.21:9696/networking/v2.0/routers 2.137s
2025-03-26 04:51:20.423 68934 INFO tempest.lib.common.rest_client [req-db4de5f5-f875-4aa1-aa33-0430e00e7565 req-db4de5f5-f875-4aa1-aa33-0430e00e7565 ] Request (ServersWithSpecificFlavorTestJSON:test_verify_created_server_ephemeral_disk): 200 GET http://10.180.1.21/compute/v2.1/servers/e77cc179-1f3d-4095-a491-48df7f79bdb9 1.264s
2025-03-26 04:51:20.426 68946 INFO tempest.lib.common.rest_client [req-9ef90506-5aeb-4132-879a-7e38edd9e025 req-9ef90506-5aeb-4132-879a-7e38edd9e025 ] Request (ServersTestManualDisk:setUpClass): 202 POST http://10.180.1.21/compute/v2.1/servers 1.476s
2025-03-26 04:51:20.434 68906 INFO tempest.lib.common.rest_client [req-8fe80e53-5c44-47a1-b5f3-34dcbe31f594 req-8fe80e53-5c44-47a1-b5f3-34dcbe31f594 ] Request (QuotaClassesAdminTestJSON:tearDownClass): 201 POST http://10.180.1.21/identity/v3/auth/tokens 0.066s
2025-03-26 04:51:20.435 68934 INFO tempest.common.waiters [-] State transition "BUILD/spawning" ==> "ACTIVE/None" after 37 second wait
2025-03-26 04:51:20.446 68892 INFO tempest.lib.common.rest_client [req-7253b3c0-3a2e-4231-a808-03a7db7a579f req-7253b3c0-3a2e-4231-a808-03a7db7a579f ] Request (KeyPairsV22TestJSON:_run_cleanups): 204 DELETE http://10.180.1.21/compute/v2.1/os-keypairs/tempest-KeyPairsV22TestJSON-keypair-834010065 1.229s
2025-03-26 04:51:20.498 68894 INFO tempest.lib.common.rest_client [req-775c4516-d526-48e8-9860-f74e312fc1cd req-775c4516-d526-48e8-9860-f74e312fc1cd ] Request (SecurityGroupsNegativeTestJSON:tearDownClass): 204 DELETE http://10.180.1.21/identity/v3/users/765d1cd9f4094b24867d8f3b8de396af 0.176s
2025-03-26 04:51:20.498 68894 INFO tempest.lib.common.dynamic_creds [-] Deleting project and security group for project: ea761156ec244a109240dd4f0d061366
2025-03-26 04:51:20.540 68894 INFO tempest.lib.common.rest_client [req-59dd18b2-eb9b-415f-b09a-58be628f81e3 req-59dd18b2-eb9b-415f-b09a-58be628f81e3 ] Request (SecurityGroupsNegativeTestJSON:tearDownClass): 200 GET http://10.180.1.21:9696/networking/v2.0/security-groups?tenant_id=ea761156ec244a109240dd4f0d061366&name=default 0.042s
2025-03-26 04:51:20.553 68903 INFO tempest.lib.common.rest_client [req-b4bbbb0d-d513-47de-95ec-94c1301462e6 req-b4bbbb0d-d513-47de-95ec-94c1301462e6 ] Request (ServerDiagnosticsNegativeTest:tearDownClass): 204 DELETE http://10.180.1.21/compute/v2.1/servers/26625edb-06ca-48cc-aaf1-3c55a6ea942b 1.288s
2025-03-26 04:51:20.614 68940 INFO tempest.lib.common.rest_client [req-986abdc3-c4c2-43bb-be65-4a786e60b5e3 req-986abdc3-c4c2-43bb-be65-4a786e60b5e3 ] Request (ServerTagsTestJSON:_run_cleanups): 204 DELETE http://10.180.1.21/compute/v2.1/servers/1c8dfb47-df19-4101-8d4e-30889d71d7da/tags 1.270s
2025-03-26 04:51:20.732 68894 INFO tempest.lib.common.rest_client [req-a60e2d42-2fae-4945-a471-e85642c3f045 req-a60e2d42-2fae-4945-a471-e85642c3f045 ] Request (SecurityGroupsNegativeTestJSON:tearDownClass): 204 DELETE http://10.180.1.21:9696/networking/v2.0/security-groups/f29ec1e5-1a46-4468-988f-3d791a090784 0.192s
2025-03-26 04:51:20.822 68894 INFO tempest.lib.common.rest_client [req-dcbfc89d-e44e-4baf-9faa-0a703455d97a req-dcbfc89d-e44e-4baf-9faa-0a703455d97a ] Request (SecurityGroupsNegativeTestJSON:tearDownClass): 204 DELETE http://10.180.1.21/identity/v3/projects/ea761156ec244a109240dd4f0d061366 0.089s
2025-03-26 04:51:20.892 68906 INFO tempest.lib.common.rest_client [req-e638f099-9c8d-4033-b5a9-b24ab280e77e req-e638f099-9c8d-4033-b5a9-b24ab280e77e ] Request (QuotaClassesAdminTestJSON:tearDownClass): 200 GET http://10.180.1.21:9696/networking/v2.0/security-groups?tenant_id=9104da511b404df0883cd908dfb0968f&name=default 0.458s
2025-03-26 04:51:20.905 68894 INFO tempest.lib.common.rest_client [req-97dfa718-1ebb-4cc8-a999-6114ee6b4322 req-97dfa718-1ebb-4cc8-a999-6114ee6b4322 ] Request (MultipleCreateTestJSON:setUpClass): 201 POST http://10.180.1.21/identity/v3/auth/tokens 0.081s
2025-03-26 04:51:20.914 68928 INFO tempest.lib.common.rest_client [req-e52dfc82-4bff-49d0-bcfb-851c6845433d req-e52dfc82-4bff-49d0-bcfb-851c6845433d ] Request (VolumesAssistedSnapshotsTest:test_volume_assisted_snapshot_create_delete): 200 GET http://10.180.1.21/compute/v2.1/servers/50b9775c-ddbd-4e8f-a2b8-b08c3028fc28 1.573s
2025-03-26 04:51:20.941 68894 INFO tempest.lib.common.rest_client [req-93598b6f-1636-4c28-b823-e18fd350d5de req-93598b6f-1636-4c28-b823-e18fd350d5de ] Request (MultipleCreateTestJSON:setUpClass): 201 POST http://10.180.1.21/identity/v3/auth/tokens 0.033s
2025-03-26 04:51:20.961 68936 INFO tempest.lib.common.rest_client [req-cc4f620d-ef37-4390-b3d7-84ef98838856 req-cc4f620d-ef37-4390-b3d7-84ef98838856 ] Request (FloatingIPsAssociationNegativeTestJSON:test_dissociate_nonexistent_floating_ip): 404 POST http://10.180.1.21/compute/v2.1/servers/7129a57f-e639-49ae-96a9-3c1d966034a8/action 1.435s
2025-03-26 04:51:20.968 68894 INFO tempest.lib.common.rest_client [req-c3b54199-c71b-4362-9085-47053f03ac7f req-c3b54199-c71b-4362-9085-47053f03ac7f ] Request (MultipleCreateTestJSON:setUpClass): 200 GET http://10.180.1.21/identity/v3/domains?name=Default 0.027s
2025-03-26 04:51:21.015 68894 INFO tempest.lib.common.rest_client [req-ef5373d1-ff71-444f-b3d1-dd77a33d192c req-ef5373d1-ff71-444f-b3d1-dd77a33d192c ] Request (MultipleCreateTestJSON:setUpClass): 201 POST http://10.180.1.21/identity/v3/projects 0.046s
2025-03-26 04:51:21.105 68906 INFO tempest.lib.common.rest_client [req-3a98e46b-935e-4968-b4cb-f1cb2a20f965 req-3a98e46b-935e-4968-b4cb-f1cb2a20f965 ] Request (QuotaClassesAdminTestJSON:tearDownClass): 204 DELETE http://10.180.1.21:9696/networking/v2.0/security-groups/5a4d3f08-e7d2-4d96-a094-f563cd6246f2 0.212s
2025-03-26 04:51:21.133 68894 INFO tempest.lib.common.rest_client [req-81bf313e-8819-4869-b5a7-943803c0dedd req-81bf313e-8819-4869-b5a7-943803c0dedd ] Request (MultipleCreateTestJSON:setUpClass): 201 POST http://10.180.1.21/identity/v3/users 0.117s
2025-03-26 04:51:21.161 68894 INFO tempest.lib.common.rest_client [req-168f4024-0534-4fdb-9269-f7294a327515 req-168f4024-0534-4fdb-9269-f7294a327515 ] Request (MultipleCreateTestJSON:setUpClass): 200 GET http://10.180.1.21/identity/v3/roles 0.028s
2025-03-26 04:51:21.179 68948 INFO tempest.lib.common.rest_client [req-4078530e-5131-454a-85c5-238aceef6a88 req-4078530e-5131-454a-85c5-238aceef6a88 ] Request (InstanceActionsNegativeTestJSON:setUpClass): 202 POST http://10.180.1.21/compute/v2.1/servers 2.012s
2025-03-26 04:51:21.199 68922 INFO tempest.lib.common.rest_client [req-c299a61d-b73e-4dbf-ad7d-5394c6b8858a req-c299a61d-b73e-4dbf-ad7d-5394c6b8858a ] Request (AggregatesAdminNegativeTestJSON:_run_cleanups): 200 DELETE http://10.180.1.21/compute/v2.1/os-aggregates/8 1.573s
2025-03-26 04:51:21.204 68894 INFO tempest.lib.common.rest_client [req-1bac422b-8176-4732-a953-bed7cdf2b5f7 req-1bac422b-8176-4732-a953-bed7cdf2b5f7 ] Request (MultipleCreateTestJSON:setUpClass): 204 PUT http://10.180.1.21/identity/v3/projects/10edb645f90c45edbd3aa43bfa24b86e/users/5c4a384e5a314a83b75928dea39bf78c/roles/0f4ac78a4db447a99299d68091212a7e 0.042s
2025-03-26 04:51:21.204 68894 INFO tempest.lib.common.dynamic_creds [-] Dynamic test user 5c4a384e5a314a83b75928dea39bf78c is created with scope project and roles: ['member']
