2025-03-26 04:50:58.289 68938 INFO tempest.lib.common.dynamic_creds [-] Acquired dynamic creds: credentials: Credentials: {'domain_id': 'default', 'domain_name': 'Default', 'username': 'tempest-FloatingIPDetailsNegativeTestJSON-773657406-project-member', 'project_domain_id': 'default', 'project_domain_name': 'Default', 'project_id': '5baa0492a8504822a3a66f9585f63ab4', 'project_name': 'tempest-FloatingIPDetailsNegativeTestJSON-773657406', 'tenant_id': '5baa0492a8504822a3a66f9585f63ab4', 'tenant_name': 'tempest-FloatingIPDetailsNegativeTestJSON-773657406', 'user_domain_id': 'default', 'user_domain_name': 'Default', 'user_id': '74e55e4d4e7f4e6a849b2c3eece00bb3', 'system': None}, Network: None, Subnet: None, Router: None
2025-03-26 04:50:58.348 68938 INFO tempest.lib.common.rest_client [req-e553aa0d-e1f8-4810-925f-7f70d663e62c req-e553aa0d-e1f8-4810-925f-7f70d663e62c ] Request (FloatingIPDetailsNegativeTestJSON:setUpClass): 201 POST http://10.180.1.21/identity/v3/auth/tokens 0.059s
2025-03-26 04:50:58.425 68944 INFO tempest.lib.common.rest_client [req-c890b50e-8565-4f6a-a7c4-b5cc72500a05 req-c890b50e-8565-4f6a-a7c4-b5cc72500a05 ] Request (MigrationsAdminTest:test_list_migrations_in_flavor_resize_situation): 202 POST http://10.180.1.21/compute/v2.1/servers/925400c4-3b33-4f4a-9f63-3ceec06cf0b7/action 2.741s
2025-03-26 04:50:58.510 68928 INFO tempest.lib.common.rest_client [req-d2922276-8a6f-48b7-8bd7-152c410defc6 req-d2922276-8a6f-48b7-8bd7-152c410defc6 ] Request (VolumesAssistedSnapshotsTest:test_volume_assisted_snapshot_create_delete): 200 GET http://10.180.1.21/compute/v2.1/servers/50b9775c-ddbd-4e8f-a2b8-b08c3028fc28 2.774s
2025-03-26 04:50:58.547 68936 INFO tempest.lib.common.rest_client [req-05db5944-2fe2-461a-94c0-4c0355b7a69f req-05db5944-2fe2-461a-94c0-4c0355b7a69f ] Request (FloatingIPsAssociationNegativeTestJSON:test_associate_ip_to_server_with_floating_ip): 200 POST http://10.180.1.21/compute/v2.1/os-floating-ips 2.873s
2025-03-26 04:50:58.579 68926 INFO tempest.lib.common.rest_client [req-4213e763-bc08-444e-9cca-6e4c57152c51 req-4213e763-bc08-444e-9cca-6e4c57152c51 ] Request (ServicesAdminNegativeV253TestJSON:test_get_service_by_invalid_service_and_valid_host): 200 GET http://10.180.1.21/compute/v2.1/os-services 2.600s
2025-03-26 04:50:58.594 68922 INFO tempest.lib.common.rest_client [req-d7c87c87-16e8-4032-bc21-0fa70a51fc7e req-d7c87c87-16e8-4032-bc21-0fa70a51fc7e ] Request (AggregatesAdminNegativeTestJSON:test_aggregate_delete_with_invalid_id): 404 DELETE http://10.180.1.21/compute/v2.1/os-aggregates/-1 2.611s
2025-03-26 04:50:58.608 68894 INFO tempest.lib.common.rest_client [req-21a9bc9e-7782-4dcf-a158-01406bb8161a req-21a9bc9e-7782-4dcf-a158-01406bb8161a ] Request (FloatingIPDetailsTestJSON:tearDownClass): 200 PUT http://10.180.1.21:9696/networking/v2.0/routers/da43ea21-c730-4fb4-a945-e9fec1d18971/remove_router_interface 1.637s
2025-03-26 04:50:58.621 68892 INFO tempest.lib.common.rest_client [req-e563c9c6-3ca5-4b14-9704-b5e0335406ea req-e563c9c6-3ca5-4b14-9704-b5e0335406ea ] Request (KeyPairsV2TestJSON:_run_cleanups): 202 DELETE http://10.180.1.21/compute/v2.1/os-keypairs/tempest-KeyPairsV2TestJSON-keypair-1281675176 2.318s
2025-03-26 04:50:58.645 68924 INFO tempest.lib.common.rest_client [req-1f22fb82-2ec7-4658-9d07-4a2860a78580 req-1f22fb82-2ec7-4658-9d07-4a2860a78580 ] Request (FlavorsAdminTestJSON:_run_cleanups): 202 DELETE http://10.180.1.21/compute/v2.1/flavors/106407750 2.324s
2025-03-26 04:50:58.676 68896 INFO tempest.lib.common.rest_client [req-f2309744-f4e8-4675-84c0-4fc64d212458 req-f2309744-f4e8-4675-84c0-4fc64d212458 ] Request (TenantUsagesTestJSON:test_get_usage_tenant_with_non_admin_user): 200 GET http://10.180.1.21/compute/v2.1/os-simple-tenant-usage/3b67f0839bcd4dcbb1871cfe63cdcaac?start=2025-03-25T04%3A50%3A54.672456&end=2025-03-27T04%3A50%3A54.672456 2.279s
2025-03-26 04:50:58.735 68892 INFO tempest.lib.common.rest_client [req-1d233034-ebbf-4a84-a9f4-1e0733facdbb req-1d233034-ebbf-4a84-a9f4-1e0733facdbb ] Request (KeyPairsV2TestJSON:tearDownClass): 204 DELETE http://10.180.1.21/identity/v3/users/262daa5a648c4a2797248b6de210d8ae 0.112s
2025-03-26 04:50:58.735 68892 INFO tempest.lib.common.dynamic_creds [-] Deleting project and security group for project: 4494204c19744678b83c1156b9929d40
2025-03-26 04:50:58.805 68892 INFO tempest.lib.common.rest_client [req-f1ee120a-6e66-4465-b1f9-efed30aa20c3 req-f1ee120a-6e66-4465-b1f9-efed30aa20c3 ] Request (KeyPairsV2TestJSON:tearDownClass): 201 POST http://10.180.1.21/identity/v3/auth/tokens 0.070s
2025-03-26 04:50:58.806 68912 INFO tempest.lib.common.rest_client [req-136a1e22-1e2f-40cb-9ee6-eacb147ac7b5 req-136a1e22-1e2f-40cb-9ee6-eacb147ac7b5 ] Request (SecurityGroupsTestAdminJSON:_run_cleanups): 202 DELETE http://10.180.1.21/compute/v2.1/os-security-groups/91390e47-4bdc-4574-9aec-bbb5dedb923d 2.850s
2025-03-26 04:50:58.844 68888 INFO tempest.lib.common.rest_client [req-1210b2ee-44f4-4e40-ba8f-231789d16f9e req-1210b2ee-44f4-4e40-ba8f-231789d16f9e ] Request (ServersTestBootFromVolume:setUpClass): 202 POST http://10.180.1.21/volume/v3/volumes 0.770s
2025-03-26 04:50:58.906 68888 INFO tempest.lib.common.rest_client [req-f2dc3f90-5206-425e-9e1e-a961849f82c8 req-f2dc3f90-5206-425e-9e1e-a961849f82c8 ] Request (ServersTestBootFromVolume:setUpClass): 200 GET http://10.180.1.21/volume/v3/volumes/b88d036e-c8ce-4222-807f-25716446b927 0.052s
2025-03-26 04:50:58.956 68900 INFO tempest.lib.common.rest_client [req-02bfde68-a566-4732-8e01-c26f8495a1f4 req-02bfde68-a566-4732-8e01-c26f8495a1f4 ] Request (ListImageFiltersTestJSON:setUpClass): 202 POST http://10.180.1.21/compute/v2.1/servers 2.554s
2025-03-26 04:50:58.974 68938 INFO tempest.lib.common.rest_client [req-5aa7e676-1a87-421a-8e4d-d3d08305cd20 req-5aa7e676-1a87-421a-8e4d-d3d08305cd20 ] Request (FloatingIPDetailsNegativeTestJSON:setUpClass): 201 POST http://10.180.1.21:9696/networking/v2.0/networks 0.626s
2025-03-26 04:50:59.041 68900 INFO tempest.lib.common.rest_client [req-fc5b1995-c459-4b28-ab70-8e3d339e58c3 req-fc5b1995-c459-4b28-ab70-8e3d339e58c3 ] Request (ListImageFiltersTestJSON:setUpClass): 201 POST http://10.180.1.21/identity/v3/auth/tokens 0.080s
2025-03-26 04:50:59.041 68900 INFO tempest.lib.common.fixed_network [-] (ListImageFiltersTestJSON:setUpClass) Found network None available for tenant
2025-03-26 04:50:59.060 68892 INFO tempest.lib.common.rest_client [req-8ae94289-192b-438b-ad18-cc410e61db8f req-8ae94289-192b-438b-ad18-cc410e61db8f ] Request (KeyPairsV2TestJSON:tearDownClass): 200 GET http://10.180.1.21:9696/networking/v2.0/security-groups?tenant_id=4494204c19744678b83c1156b9929d40&name=default 0.255s
2025-03-26 04:50:59.079 68904 INFO tempest.lib.common.rest_client [req-d0fcdb87-3386-44f3-b86a-cdd30098727d req-d0fcdb87-3386-44f3-b86a-cdd30098727d ] Request (SecurityGroupsTestJSON:test_security_groups_create_list_delete): 200 POST http://10.180.1.21/compute/v2.1/os-security-groups 2.664s
2025-03-26 04:50:59.223 68946 INFO tempest.lib.common.rest_client [req-8337dba9-f088-4647-ac5e-d4afe84c6579 req-8337dba9-f088-4647-ac5e-d4afe84c6579 ] Request (QuotasAdminTestV257:test_get_updated_quotas): 200 PUT http://10.180.1.21/compute/v2.1/os-quota-sets/71e3496d4c39474c9868d6f11db61d27 2.761s
2025-03-26 04:50:59.258 68894 INFO tempest.lib.common.rest_client [req-218060ce-9b16-4ffc-9d63-2f703de288a8 req-218060ce-9b16-4ffc-9d63-2f703de288a8 ] Request (FloatingIPDetailsTestJSON:tearDownClass): 204 DELETE http://10.180.1.21:9696/networking/v2.0/routers/da43ea21-c730-4fb4-a945-e9fec1d18971 0.649s
2025-03-26 04:50:59.301 68892 INFO tempest.lib.common.rest_client [req-e694dd86-65fa-4e14-8d0f-826b4da23f3c req-e694dd86-65fa-4e14-8d0f-826b4da23f3c ] Request (KeyPairsV2TestJSON:tearDownClass): 204 DELETE http://10.180.1.21:9696/networking/v2.0/security-groups/705589c6-9861-4ce1-b31f-a47c911cd133 0.240s
2025-03-26 04:50:59.315 68932 INFO tempest.lib.common.rest_client [req-4a2b85ee-b90e-4c91-a73e-49f37a7461c0 req-4a2b85ee-b90e-4c91-a73e-49f37a7461c0 ] Request (FloatingIPsAssociationTestJSON:setUpClass): 200 GET http://10.180.1.21/compute/v2.1/servers/39a84212-2e52-4dba-b00c-5689564deaf4 2.735s
2025-03-26 04:50:59.323 68932 INFO tempest.common.waiters [-] State transition "BUILD/scheduling" ==> "BUILD/None" after 10 second wait
2025-03-26 04:50:59.339 68906 INFO tempest.lib.common.rest_client [req-cf11e5cb-bcf7-468a-95f6-271ba5a4aee5 req-cf11e5cb-bcf7-468a-95f6-271ba5a4aee5 ] Request (FlavorsAccessNegativeTestJSON:_run_cleanups): 202 DELETE http://10.180.1.21/compute/v2.1/flavors/684754667 2.649s
2025-03-26 04:50:59.363 68940 INFO tempest.lib.common.rest_client [req-3b4bdf3f-82ff-4ac9-9de5-b3a377a4bb6b req-3b4bdf3f-82ff-4ac9-9de5-b3a377a4bb6b ] Request (ServerTagsTestJSON:setUpClass): 200 GET http://10.180.1.21/compute/v2.1/servers/1c8dfb47-df19-4101-8d4e-30889d71d7da 2.840s
2025-03-26 04:50:59.398 68892 INFO tempest.lib.common.rest_client [req-bbaaccb2-a000-4aca-924e-20f2a002d2d9 req-bbaaccb2-a000-4aca-924e-20f2a002d2d9 ] Request (KeyPairsV2TestJSON:tearDownClass): 204 DELETE http://10.180.1.21/identity/v3/projects/4494204c19744678b83c1156b9929d40 0.096s
2025-03-26 04:50:59.430 68938 INFO tempest.lib.common.rest_client [req-9f41923c-6d22-4b73-9b5e-c547941c7838 req-9f41923c-6d22-4b73-9b5e-c547941c7838 ] Request (FloatingIPDetailsNegativeTestJSON:setUpClass): 201 POST http://10.180.1.21:9696/networking/v2.0/subnets 0.455s
2025-03-26 04:50:59.468 68892 INFO tempest.lib.common.rest_client [req-d0ba83b7-d177-437a-b861-07933c98e7c3 req-d0ba83b7-d177-437a-b861-07933c98e7c3 ] Request (KeyPairsV22TestJSON:setUpClass): 201 POST http://10.180.1.21/identity/v3/auth/tokens 0.069s
2025-03-26 04:50:59.498 68892 INFO tempest.lib.common.rest_client [req-71a07ee7-a916-4188-a08f-f2495c1f357f req-71a07ee7-a916-4188-a08f-f2495c1f357f ] Request (KeyPairsV22TestJSON:setUpClass): 201 POST http://10.180.1.21/identity/v3/auth/tokens 0.029s
2025-03-26 04:50:59.521 68892 INFO tempest.lib.common.rest_client [req-cab00a41-4d39-48f6-a338-9e734216a5f1 req-cab00a41-4d39-48f6-a338-9e734216a5f1 ] Request (KeyPairsV22TestJSON:setUpClass): 200 GET http://10.180.1.21/identity/v3/domains?name=Default 0.022s
2025-03-26 04:50:59.556 68892 INFO tempest.lib.common.rest_client [req-520f609b-4ab2-4099-9cf0-cb50a19aec92 req-520f609b-4ab2-4099-9cf0-cb50a19aec92 ] Request (KeyPairsV22TestJSON:setUpClass): 201 POST http://10.180.1.21/identity/v3/projects 0.034s
2025-03-26 04:50:59.573 68894 INFO tempest.lib.common.rest_client [req-dc278aac-518d-400a-be65-ae2352df25cd req-dc278aac-518d-400a-be65-ae2352df25cd ] Request (FloatingIPDetailsTestJSON:tearDownClass): 204 DELETE http://10.180.1.21:9696/networking/v2.0/subnets/1c02faba-9a71-4905-b753-c28733252385 0.314s
2025-03-26 04:50:59.640 68892 INFO tempest.lib.common.rest_client [req-dd7b9010-934e-4cd4-8cc1-4559b7bcba3c req-dd7b9010-934e-4cd4-8cc1-4559b7bcba3c ] Request (KeyPairsV22TestJSON:setUpClass): 201 POST http://10.180.1.21/identity/v3/users 0.083s
2025-03-26 04:50:59.682 68892 INFO tempest.lib.common.rest_client [req-943cc103-91ac-4770-941e-e82c90b1d035 req-943cc103-91ac-4770-941e-e82c90b1d035 ] Request (KeyPairsV22TestJSON:setUpClass): 200 GET http://10.180.1.21/identity/v3/roles 0.041s
2025-03-26 04:50:59.717 68892 INFO tempest.lib.common.rest_client [req-258581a1-c20d-4eac-b43f-c961cc8938de req-258581a1-c20d-4eac-b43f-c961cc8938de ] Request (KeyPairsV22TestJSON:setUpClass): 204 PUT http://10.180.1.21/identity/v3/projects/123263ac3c374635a45a194bff1bf066/users/d949e9ba006149e69946d2774f1184e0/roles/0f4ac78a4db447a99299d68091212a7e 0.035s
2025-03-26 04:50:59.718 68892 INFO tempest.lib.common.dynamic_creds [-] Dynamic test user d949e9ba006149e69946d2774f1184e0 is created with scope project and roles: ['member']
2025-03-26 04:50:59.718 68892 INFO tempest.lib.common.dynamic_creds [-] Acquired dynamic creds: credentials: Credentials: {'domain_id': 'default', 'domain_name': 'Default', 'username': 'tempest-KeyPairsV22TestJSON-1842630230-project-member', 'project_domain_id': 'default', 'project_domain_name': 'Default', 'project_id': '123263ac3c374635a45a194bff1bf066', 'project_name': 'tempest-KeyPairsV22TestJSON-1842630230', 'tenant_id': '123263ac3c374635a45a194bff1bf066', 'tenant_name': 'tempest-KeyPairsV22TestJSON-1842630230', 'user_domain_id': 'default', 'user_domain_name': 'Default', 'user_id': 'd949e9ba006149e69946d2774f1184e0', 'system': None}, Network: None, Subnet: None, Router: None
2025-03-26 04:50:59.718 68892 INFO tempest.lib.common.dynamic_creds [-] Created isolated network resources for: credentials: Credentials: {'domain_id': 'default', 'domain_name': 'Default', 'username': 'tempest-KeyPairsV22TestJSON-1842630230-project-member', 'project_domain_id': 'default', 'project_domain_name': 'Default', 'project_id': '123263ac3c374635a45a194bff1bf066', 'project_name': 'tempest-KeyPairsV22TestJSON-1842630230', 'tenant_id': '123263ac3c374635a45a194bff1bf066', 'tenant_name': 'tempest-KeyPairsV22TestJSON-1842630230', 'user_domain_id': 'default', 'user_domain_name': 'Default', 'user_id': 'd949e9ba006149e69946d2774f1184e0', 'system': None}, Network: None, Subnet: None, Router: None
2025-03-26 04:50:59.724 68886 INFO tempest.lib.common.rest_client [req-715ffd54-fff0-44e4-8e7c-15ba96cd249c req-715ffd54-fff0-44e4-8e7c-15ba96cd249c ] Request (ServersAdminNegativeTestJSON:test_migrate_server_invalid_state): 202 POST http://10.180.1.21/compute/v2.1/servers 3.003s
2025-03-26 04:50:59.778 68918 INFO tempest.lib.common.rest_client [req-33745460-20bc-4aeb-bed7-4f287683cafa req-33745460-20bc-4aeb-bed7-4f287683cafa ] Request (ServersTestFqdnHostnames:test_create_server_with_fqdn_name): 200 GET http://10.180.1.21/compute/v2.1/servers/98d5c760-6da3-49e3-af47-20a8054971f3 2.989s
2025-03-26 04:50:59.822 68903 INFO tempest.lib.common.rest_client [req-df08015c-1e09-47d3-8e9f-aa41c8e9d533 req-df08015c-1e09-47d3-8e9f-aa41c8e9d533 ] Request (ServerDiagnosticsNegativeTest:test_get_server_diagnostics_by_non_admin): 200 GET http://10.180.1.21/compute/v2.1/servers/26625edb-06ca-48cc-aaf1-3c55a6ea942b 2.970s
2025-03-26 04:50:59.841 68892 INFO tempest.lib.common.rest_client [req-2d91ef53-febc-4c7e-8acb-61100a9d3218 req-2d91ef53-febc-4c7e-8acb-61100a9d3218 ] Request (KeyPairsV22TestJSON:setUpClass): 201 POST http://10.180.1.21/identity/v3/auth/tokens 0.120s
2025-03-26 04:50:59.858 68942 INFO tempest.lib.common.rest_client [req-daf1d5a7-c7b3-44d8-aac8-37540624d750 req-daf1d5a7-c7b3-44d8-aac8-37540624d750 ] Request (DeleteServersAdminTestJSON:test_admin_delete_servers_of_others): 200 GET http://10.180.1.21/compute/v2.1/servers/87f6c6d0-4e3d-4608-bd0d-4771bc9c174a 2.884s
2025-03-26 04:50:59.896 68916 INFO tempest.lib.common.rest_client [req-39253370-eefb-4c23-9917-7c306e038ba5 req-39253370-eefb-4c23-9917-7c306e038ba5 ] Request (AttachInterfacesUnderV243Test:test_add_remove_fixed_ip): 200 GET http://10.180.1.21/compute/v2.1/servers/ad207187-634f-4e7f-9809-eb3f742ddeec 2.829s
2025-03-26 04:50:59.935 68894 INFO tempest.lib.common.rest_client [req-7671d82f-8a6a-47fd-aea4-436eb744a86a req-7671d82f-8a6a-47fd-aea4-436eb744a86a ] Request (FloatingIPDetailsTestJSON:tearDownClass): 204 DELETE http://10.180.1.21:9696/networking/v2.0/networks/4b4918f6-164b-4399-9523-b17b209e0665 0.360s
2025-03-26 04:50:59.969 68888 INFO tempest.lib.common.rest_client [req-c5b7c5ce-e5b2-4566-abd3-54a1e29282f0 req-c5b7c5ce-e5b2-4566-abd3-54a1e29282f0 ] Request (ServersTestBootFromVolume:setUpClass): 200 GET http://10.180.1.21/volume/v3/volumes/b88d036e-c8ce-4222-807f-25716446b927 0.055s
2025-03-26 04:51:00.017 68914 INFO tempest.lib.common.rest_client [req-59da557d-f0b5-4b8e-baf4-013d4f3c9820 req-59da557d-f0b5-4b8e-baf4-013d4f3c9820 ] Request (ServerDiagnosticsTest:test_get_server_diagnostics): 200 GET http://10.180.1.21/compute/v2.1/servers/8eb18d79-e164-4e66-83b0-7b40d04c30a8 2.836s
2025-03-26 04:51:00.026 68914 INFO tempest.common.waiters [-] State transition "BUILD/spawning" ==> "ACTIVE/None" after 30 second wait
2025-03-26 04:51:00.045 68898 INFO tempest.lib.common.rest_client [req-d167e2ac-8984-44bc-a90b-6f2c3c42a294 req-d167e2ac-8984-44bc-a90b-6f2c3c42a294 ] Request (VolumesAdminNegativeTest:test_update_attached_volume_with_nonexistent_volume_in_body): 200 GET http://10.180.1.21/compute/v2.1/servers/fb97d2dd-d42a-42e8-9a36-5c913a58b891 2.900s
2025-03-26 04:51:00.050 68920 INFO tempest.lib.common.rest_client [req-8ce3635f-ef4c-4506-915c-2333e132d38a req-8ce3635f-ef4c-4506-915c-2333e132d38a ] Request (ServersAaction247Test:tearDownClass): 404 GET http://10.180.1.21/compute/v2.1/servers/2c47ef2c-873a-4cb3-9a36-aa2155911b6e 2.750s
2025-03-26 04:51:00.115 68894 INFO tempest.lib.common.rest_client [req-13fb347e-69c2-470a-b15f-b6f945cbaaa2 req-13fb347e-69c2-470a-b15f-b6f945cbaaa2 ] Request (FloatingIPDetailsTestJSON:tearDownClass): 204 DELETE http://10.180.1.21/identity/v3/users/c6ef13216fe9434684a026c4e0b0790d 0.179s
2025-03-26 04:51:00.115 68894 INFO tempest.lib.common.dynamic_creds [-] Deleting project and security group for project: 183f905450b24ec9b9eb414d314a61f8
2025-03-26 04:51:00.161 68890 INFO tempest.lib.common.rest_client [req-b578fbb0-3667-4a69-bd74-3bc7c95faf0f req-b578fbb0-3667-4a69-bd74-3bc7c95faf0f ] Request (FloatingIPsTestJSON:test_allocate_floating_ip): 200 GET http://10.180.1.21/compute/v2.1/os-floating-ips/cfd44f04-71b6-4319-8b50-6e978794d534 2.159s
2025-03-26 04:51:00.180 68894 INFO tempest.lib.common.rest_client [req-fb2fb3aa-9ddd-4025-99a5-418cdab531dc req-fb2fb3aa-9ddd-4025-99a5-418cdab531dc ] Request (FloatingIPDetailsTestJSON:tearDownClass): 200 GET http://10.180.1.21:9696/networking/v2.0/security-groups?tenant_id=183f905450b24ec9b9eb414d314a61f8&name=default 0.064s
2025-03-26 04:51:00.204 68920 INFO tempest.lib.common.rest_client [req-ec419178-33cb-424d-a7c5-e5391e9e7870 req-ec419178-33cb-424d-a7c5-e5391e9e7870 ] Request (ServersAaction247Test:tearDownClass): 204 DELETE http://10.180.1.21/identity/v3/users/792ea32257cc4a6b87669e520382b430 0.154s
2025-03-26 04:51:00.204 68920 INFO tempest.lib.common.dynamic_creds [-] Deleting project and security group for project: 542d095a6f364e6a87be9244706552dc
2025-03-26 04:51:00.218 68934 INFO tempest.lib.common.rest_client [req-0e1f29f0-3114-44d1-88ff-de799dcdc5ab req-0e1f29f0-3114-44d1-88ff-de799dcdc5ab ] Request (ServersWithSpecificFlavorTestJSON:test_verify_created_server_ephemeral_disk): 200 GET http://10.180.1.21/compute/v2.1/servers/e77cc179-1f3d-4095-a491-48df7f79bdb9 2.110s
2025-03-26 04:51:00.268 68920 INFO tempest.lib.common.rest_client [req-c5c76b33-db94-43e9-962e-c0a2cdb5d210 req-c5c76b33-db94-43e9-962e-c0a2cdb5d210 ] Request (ServersAaction247Test:tearDownClass): 201 POST http://10.180.1.21/identity/v3/auth/tokens 0.063s
2025-03-26 04:51:00.314 68948 INFO tempest.lib.common.rest_client [req-e99e1c0a-6a07-4c19-b498-01ac50e28fbb req-e99e1c0a-6a07-4c19-b498-01ac50e28fbb ] Request (QuotasAdminNegativeTest:test_create_server_when_memory_quota_is_full): 200 PUT http://10.180.1.21/compute/v2.1/os-quota-sets/cc38563efa9442cc81386d81dcda3a8e 2.967s
2025-03-26 04:51:00.329 68944 INFO tempest.lib.common.rest_client [req-a83e2eb0-2fa9-4d8e-8c75-7824a86c9a8d req-a83e2eb0-2fa9-4d8e-8c75-7824a86c9a8d ] Request (MigrationsAdminTest:test_list_migrations_in_flavor_resize_situation): 200 GET http://10.180.1.21/compute/v2.1/servers/925400c4-3b33-4f4a-9f63-3ceec06cf0b7 1.903s
2025-03-26 04:51:00.367 68926 INFO tempest.lib.common.rest_client [req-de290055-bed9-4042-bfa2-fcaf2c73f66b req-de290055-bed9-4042-bfa2-fcaf2c73f66b ] Request (ServicesAdminNegativeV253TestJSON:test_get_service_by_invalid_service_and_valid_host): 200 GET http://10.180.1.21/compute/v2.1/os-services?host=devstack&binary=xxx 1.786s
2025-03-26 04:51:00.396 68922 INFO tempest.lib.common.rest_client [req-c79dce49-0b27-4769-a68b-f35b4bade16a req-c79dce49-0b27-4769-a68b-f35b4bade16a ] Request (AggregatesAdminNegativeTestJSON:test_aggregate_get_details_as_user): 200 POST http://10.180.1.21/compute/v2.1/os-aggregates 1.797s
2025-03-26 04:51:00.410 68948 INFO tempest.lib.common.rest_client [req-13c20c44-3415-43a6-b03c-47d94eb8bb8c req-13c20c44-3415-43a6-b03c-47d94eb8bb8c ] Request (QuotasAdminNegativeTest:test_create_server_when_memory_quota_is_full): 201 POST http://10.180.1.21/identity/v3/auth/tokens 0.086s
2025-03-26 04:51:00.410 68948 INFO tempest.lib.common.fixed_network [-] (QuotasAdminNegativeTest:test_create_server_when_memory_quota_is_full) Found network None available for tenant
2025-03-26 04:51:00.421 68924 INFO tempest.lib.common.rest_client [req-6641df84-8050-4e6b-b4f9-caaede7e85cd req-6641df84-8050-4e6b-b4f9-caaede7e85cd ] Request (FlavorsAdminTestJSON:_run_cleanups): 200 GET http://10.180.1.21/compute/v2.1/flavors/detail 1.776s
2025-03-26 04:51:00.443 68894 INFO tempest.lib.common.rest_client [req-45abaeac-e570-498c-91a5-fb642c91f48b req-45abaeac-e570-498c-91a5-fb642c91f48b ] Request (FloatingIPDetailsTestJSON:tearDownClass): 204 DELETE http://10.180.1.21:9696/networking/v2.0/security-groups/7d909ba9-9a7b-4fea-8dad-afb2cddf2ca9 0.262s
2025-03-26 04:51:00.451 68920 INFO tempest.lib.common.rest_client [req-b693cfea-5f95-445b-8617-ff60e10eeb55 req-b693cfea-5f95-445b-8617-ff60e10eeb55 ] Request (ServersAaction247Test:tearDownClass): 200 GET http://10.180.1.21:9696/networking/v2.0/security-groups?tenant_id=542d095a6f364e6a87be9244706552dc&name=default 0.182s
2025-03-26 04:51:00.463 68896 INFO tempest.lib.common.rest_client [req-f6c7a58d-4f08-4cad-b22b-459a2d61b0ae req-f6c7a58d-4f08-4cad-b22b-459a2d61b0ae ] Request (TenantUsagesTestJSON:test_list_usage_all_tenants): 200 GET http://10.180.1.21/compute/v2.1/os-simple-tenant-usage?start=2025-03-25T04%3A50%3A54.672456&end=2025-03-27T04%3A50%3A54.672456&detailed=1 1.777s
2025-03-26 04:51:00.533 68894 INFO tempest.lib.common.rest_client [req-5dbec466-b256-4285-bd34-4983161998e0 req-5dbec466-b256-4285-bd34-4983161998e0 ] Request (FloatingIPDetailsTestJSON:tearDownClass): 204 DELETE http://10.180.1.21/identity/v3/projects/183f905450b24ec9b9eb414d314a61f8 0.089s
2025-03-26 04:51:00.589 68920 INFO tempest.lib.common.rest_client [req-8cbd3ffe-34af-4374-9788-58ed651d59c0 req-8cbd3ffe-34af-4374-9788-58ed651d59c0 ] Request (ServersAaction247Test:tearDownClass): 204 DELETE http://10.180.1.21:9696/networking/v2.0/security-groups/fbd79691-81c4-4910-9fff-d0fdd7b5513c 0.137s
2025-03-26 04:51:00.596 68912 INFO tempest.lib.common.rest_client [req-6d858273-06bd-46c3-949b-198e6c52e76b req-6d858273-06bd-46c3-949b-198e6c52e76b ] Request (SecurityGroupsTestAdminJSON:_run_cleanups): 202 DELETE http://10.180.1.21/compute/v2.1/os-security-groups/c3bd58be-afa8-4c37-a73c-57e41b5e30b5 1.789s
2025-03-26 04:51:00.607 68894 INFO tempest.lib.common.rest_client [req-d29047f7-0cb9-483f-8a9c-86dff6d42ecd req-d29047f7-0cb9-483f-8a9c-86dff6d42ecd ] Request (SecurityGroupsNegativeTestJSON:setUpClass): 201 POST http://10.180.1.21/identity/v3/auth/tokens 0.073s
2025-03-26 04:51:00.643 68894 INFO tempest.lib.common.rest_client [req-e447abd8-1ac6-4496-af8d-64d4bd2a96e6 req-e447abd8-1ac6-4496-af8d-64d4bd2a96e6 ] Request (SecurityGroupsNegativeTestJSON:setUpClass): 201 POST http://10.180.1.21/identity/v3/auth/tokens 0.033s
2025-03-26 04:51:00.674 68894 INFO tempest.lib.common.rest_client [req-6068cf83-92d1-421d-bb23-82006c4cd703 req-6068cf83-92d1-421d-bb23-82006c4cd703 ] Request (SecurityGroupsNegativeTestJSON:setUpClass): 200 GET http://10.180.1.21/identity/v3/domains?name=Default 0.031s
2025-03-26 04:51:00.710 68894 INFO tempest.lib.common.rest_client [req-a4fcb93a-a37e-4195-ae1c-7f11ea24a6fa req-a4fcb93a-a37e-4195-ae1c-7f11ea24a6fa ] Request (SecurityGroupsNegativeTestJSON:setUpClass): 201 POST http://10.180.1.21/identity/v3/projects 0.035s
2025-03-26 04:51:00.716 68920 INFO tempest.lib.common.rest_client [req-cfabd637-c60d-4e03-8081-514cfe76d68b req-cfabd637-c60d-4e03-8081-514cfe76d68b ] Request (ServersAaction247Test:tearDownClass): 204 DELETE http://10.180.1.21/identity/v3/projects/542d095a6f364e6a87be9244706552dc 0.127s
2025-03-26 04:51:00.717 68920 INFO tempest.test [-] raised in ServerPersonalityTestJSON.setUpClass. Invoking tearDownClass.
2025-03-26 04:51:00.791 68894 INFO tempest.lib.common.rest_client [req-63ed868e-5973-44d0-ab88-cac969bc0f66 req-63ed868e-5973-44d0-ab88-cac969bc0f66 ] Request (SecurityGroupsNegativeTestJSON:setUpClass): 201 POST http://10.180.1.21/identity/v3/users 0.081s
2025-03-26 04:51:00.807 68920 INFO tempest.lib.common.rest_client [req-9aaf4ef5-bc00-4435-a662-3a496c6443b0 req-9aaf4ef5-bc00-4435-a662-3a496c6443b0 ] Request (ServerShowV254Test:setUpClass): 201 POST http://10.180.1.21/identity/v3/auth/tokens 0.084s
2025-03-26 04:51:00.825 68894 INFO tempest.lib.common.rest_client [req-f47608ef-c1f0-45ad-9380-c57f3f5a0522 req-f47608ef-c1f0-45ad-9380-c57f3f5a0522 ] Request (SecurityGroupsNegativeTestJSON:setUpClass): 200 GET http://10.180.1.21/identity/v3/roles 0.034s
2025-03-26 04:51:00.847 68920 INFO tempest.lib.common.rest_client [req-38609d11-96a1-446d-b61f-a32f5b403951 req-38609d11-96a1-446d-b61f-a32f5b403951 ] Request (ServerShowV254Test:setUpClass): 201 POST http://10.180.1.21/identity/v3/auth/tokens 0.036s
2025-03-26 04:51:00.867 68894 INFO tempest.lib.common.rest_client [req-72929612-3da6-4390-a878-0069712821fd req-72929612-3da6-4390-a878-0069712821fd ] Request (SecurityGroupsNegativeTestJSON:setUpClass): 204 PUT http://10.180.1.21/identity/v3/projects/ea761156ec244a109240dd4f0d061366/users/765d1cd9f4094b24867d8f3b8de396af/roles/0f4ac78a4db447a99299d68091212a7e 0.041s
2025-03-26 04:51:00.872 68894 INFO tempest.lib.common.dynamic_creds [-] Dynamic test user 765d1cd9f4094b24867d8f3b8de396af is created with scope project and roles: ['member']
2025-03-26 04:51:00.872 68894 INFO tempest.lib.common.dynamic_creds [-] Acquired dynamic creds: credentials: Credentials: {'domain_id': 'default', 'domain_name': 'Default', 'username': 'tempest-SecurityGroupsNegativeTestJSON-1184172665-project-member', 'project_domain_id': 'default', 'project_domain_name': 'Default', 'project_id': 'ea761156ec244a109240dd4f0d061366', 'project_name': 'tempest-SecurityGroupsNegativeTestJSON-1184172665', 'tenant_id': 'ea761156ec244a109240dd4f0d061366', 'tenant_name': 'tempest-SecurityGroupsNegativeTestJSON-1184172665', 'user_domain_id': 'default', 'user_domain_name': 'Default', 'user_id': '765d1cd9f4094b24867d8f3b8de396af', 'system': None}, Network: None, Subnet: None, Router: None
2025-03-26 04:51:00.875 68920 INFO tempest.lib.common.rest_client [req-5c08598b-152e-4e09-9ded-9c5bb8bf2ba3 req-5c08598b-152e-4e09-9ded-9c5bb8bf2ba3 ] Request (ServerShowV254Test:setUpClass): 200 GET http://10.180.1.21/identity/v3/domains?name=Default 0.028s
2025-03-26 04:51:00.945 68894 INFO tempest.lib.common.rest_client [req-c9346bff-c6bc-47d1-bfb4-9f997fe6f6d6 req-c9346bff-c6bc-47d1-bfb4-9f997fe6f6d6 ] Request (SecurityGroupsNegativeTestJSON:setUpClass): 201 POST http://10.180.1.21/identity/v3/auth/tokens 0.072s
2025-03-26 04:51:00.959 68920 INFO tempest.lib.common.rest_client [req-29a30026-88c4-4a85-b707-13c9d985ea76 req-29a30026-88c4-4a85-b707-13c9d985ea76 ] Request (ServerShowV254Test:setUpClass): 201 POST http://10.180.1.21/identity/v3/projects 0.082s
2025-03-26 04:51:01.019 68888 INFO tempest.lib.common.rest_client [req-e505185b-4670-4307-9c85-287c85f4b5cd req-e505185b-4670-4307-9c85-287c85f4b5cd ] Request (ServersTestBootFromVolume:setUpClass): 200 GET http://10.180.1.21/volume/v3/volumes/b88d036e-c8ce-4222-807f-25716446b927 0.038s
2025-03-26 04:51:01.023 68900 INFO tempest.lib.common.rest_client [req-db448923-e1d8-4ce0-bf7a-03fb2a98e983 req-db448923-e1d8-4ce0-bf7a-03fb2a98e983 ] Request (ListImageFiltersTestJSON:setUpClass): 202 POST http://10.180.1.21/compute/v2.1/servers 1.981s
2025-03-26 04:51:01.054 68920 INFO tempest.lib.common.rest_client [req-49e58a47-860f-4464-b2f7-c670cd536f6b req-49e58a47-860f-4464-b2f7-c670cd536f6b ] Request (ServerShowV254Test:setUpClass): 201 POST http://10.180.1.21/identity/v3/users 0.094s
2025-03-26 04:51:01.076 68920 INFO tempest.lib.common.rest_client [req-f7a240fd-afdb-4234-8b8c-dc623106cadf req-f7a240fd-afdb-4234-8b8c-dc623106cadf ] Request (ServerShowV254Test:setUpClass): 200 GET http://10.180.1.21/identity/v3/roles 0.021s
2025-03-26 04:51:01.104 68920 INFO tempest.lib.common.rest_client [req-7a5123e1-b2ce-4761-8652-c03a2fa104e2 req-7a5123e1-b2ce-4761-8652-c03a2fa104e2 ] Request (ServerShowV254Test:setUpClass): 204 PUT http://10.180.1.21/identity/v3/projects/2279caed17d14afc8c2edfda3c459e6a/users/3d03cc3c771c4bb69c8667b48770366f/roles/0f4ac78a4db447a99299d68091212a7e 0.028s
2025-03-26 04:51:01.105 68920 INFO tempest.lib.common.dynamic_creds [-] Dynamic test user 3d03cc3c771c4bb69c8667b48770366f is created with scope project and roles: ['member']
2025-03-26 04:51:01.105 68920 INFO tempest.lib.common.dynamic_creds [-] Acquired dynamic creds: credentials: Credentials: {'domain_id': 'default', 'domain_name': 'Default', 'username': 'tempest-ServerShowV254Test-927720790-project-member', 'project_domain_id': 'default', 'project_domain_name': 'Default', 'project_id': '2279caed17d14afc8c2edfda3c459e6a', 'project_name': 'tempest-ServerShowV254Test-927720790', 'tenant_id': '2279caed17d14afc8c2edfda3c459e6a', 'tenant_name': 'tempest-ServerShowV254Test-927720790', 'user_domain_id': 'default', 'user_domain_name': 'Default', 'user_id': '3d03cc3c771c4bb69c8667b48770366f', 'system': None}, Network: None, Subnet: None, Router: None
2025-03-26 04:51:01.105 68920 INFO tempest.lib.common.dynamic_creds [-] Created isolated network resources for: credentials: Credentials: {'domain_id': 'default', 'domain_name': 'Default', 'username': 'tempest-ServerShowV254Test-927720790-project-member', 'project_domain_id': 'default', 'project_domain_name': 'Default', 'project_id': '2279caed17d14afc8c2edfda3c459e6a', 'project_name': 'tempest-ServerShowV254Test-927720790', 'tenant_id': '2279caed17d14afc8c2edfda3c459e6a', 'tenant_name': 'tempest-ServerShowV254Test-927720790', 'user_domain_id': 'default', 'user_domain_name': 'Default', 'user_id': '3d03cc3c771c4bb69c8667b48770366f', 'system': None}, Network: None, Subnet: None, Router: None
2025-03-26 04:51:01.176 68920 INFO tempest.lib.common.rest_client [req-ee411daa-fd1c-462c-a7e4-14ddf83dbc86 req-ee411daa-fd1c-462c-a7e4-14ddf83dbc86 ] Request (ServerShowV254Test:setUpClass): 201 POST http://10.180.1.21/identity/v3/auth/tokens 0.067s
2025-03-26 04:51:01.188 68904 INFO tempest.lib.common.rest_client [req-69aae1dd-d3cc-4ec0-ba02-3a2794fde0e1 req-69aae1dd-d3cc-4ec0-ba02-3a2794fde0e1 ] Request (SecurityGroupsTestJSON:test_security_groups_create_list_delete): 200 POST http://10.180.1.21/compute/v2.1/os-security-groups 2.102s
2025-03-26 04:51:01.207 68920 INFO tempest.lib.common.rest_client [req-d2a96e71-8132-4dd4-899b-d8ef2eed9b4a req-d2a96e71-8132-4dd4-899b-d8ef2eed9b4a ] Request (ServerShowV254Test:test_rebuild_server): 201 POST http://10.180.1.21/identity/v3/auth/tokens 0.027s
2025-03-26 04:51:01.208 68920 INFO tempest.lib.common.fixed_network [-] (ServerShowV254Test:test_rebuild_server) Found network None available for tenant
2025-03-26 04:51:01.305 68894 INFO tempest.lib.common.rest_client [req-08f8f58b-9d28-4b97-83ea-cfb1f91275b0 req-08f8f58b-9d28-4b97-83ea-cfb1f91275b0 ] Request (SecurityGroupsNegativeTestJSON:setUpClass): 201 POST http://10.180.1.21:9696/networking/v2.0/networks 0.360s
2025-03-26 04:51:01.319 68946 INFO tempest.lib.common.rest_client [req-1ed88286-02de-4588-97b1-40e1c2d86090 req-1ed88286-02de-4588-97b1-40e1c2d86090 ] Request (QuotasAdminTestV257:test_get_updated_quotas): 200 GET http://10.180.1.21/compute/v2.1/os-quota-sets/71e3496d4c39474c9868d6f11db61d27/detail 2.090s
2025-03-26 04:51:01.348 68906 INFO tempest.lib.common.rest_client [req-3a09b3b8-b6ab-4acb-844b-cf7a0a9928d3 req-3a09b3b8-b6ab-4acb-844b-cf7a0a9928d3 ] Request (FlavorsAccessNegativeTestJSON:_run_cleanups): 200 GET http://10.180.1.21/compute/v2.1/flavors/detail 2.009s
2025-03-26 04:51:01.354 68946 INFO tempest.lib.common.rest_client [req-2ce57267-83e5-47ee-af76-0fbb96042959 req-2ce57267-83e5-47ee-af76-0fbb96042959 ] Request (QuotasAdminTestV257:test_get_updated_quotas): 200 GET http://10.180.1.21/identity/v3/domains?name=Default 0.030s
2025-03-26 04:51:01.394 68946 INFO tempest.lib.common.rest_client [req-5623aa7b-a044-4a00-9041-0ccddd5357fc req-5623aa7b-a044-4a00-9041-0ccddd5357fc ] Request (QuotasAdminTestV257:test_get_updated_quotas): 201 POST http://10.180.1.21/identity/v3/users 0.039s
2025-03-26 04:51:01.400 68938 INFO tempest.lib.common.rest_client [req-d3f2f496-7896-4661-9d87-096dc66e5b24 req-d3f2f496-7896-4661-9d87-096dc66e5b24 ] Request (FloatingIPDetailsNegativeTestJSON:setUpClass): 201 POST http://10.180.1.21:9696/networking/v2.0/routers 1.970s
2025-03-26 04:51:01.414 68928 INFO tempest.lib.common.rest_client [req-bd1bf801-35a7-42a5-b000-c04589e57e92 req-bd1bf801-35a7-42a5-b000-c04589e57e92 ] Request (VolumesAssistedSnapshotsTest:test_volume_assisted_snapshot_create_delete): 200 GET http://10.180.1.21/compute/v2.1/servers/50b9775c-ddbd-4e8f-a2b8-b08c3028fc28 1.893s
2025-03-26 04:51:01.418 68946 INFO tempest.lib.common.rest_client [req-8317e507-196b-4d39-9956-49b0dbe8be1f req-8317e507-196b-4d39-9956-49b0dbe8be1f ] Request (QuotasAdminTestV257:test_get_updated_quotas): 200 GET http://10.180.1.21/identity/v3/domains?name=Default 0.023s
2025-03-26 04:51:01.470 68906 INFO tempest.lib.common.rest_client [req-1a406e4a-4072-4207-9964-e9997f9bb723 req-1a406e4a-4072-4207-9964-e9997f9bb723 ] Request (FlavorsAccessNegativeTestJSON:tearDownClass): 204 DELETE http://10.180.1.21/identity/v3/users/8df70ff39e2b4cd588d3182c4f7d8301 0.114s
2025-03-26 04:51:01.472 68886 INFO tempest.lib.common.rest_client [req-b292cec7-cf29-4ce4-81d2-7577a71e23ee req-b292cec7-cf29-4ce4-81d2-7577a71e23ee ] Request (ServersAdminNegativeTestJSON:test_migrate_server_invalid_state): 200 GET http://10.180.1.21/compute/v2.1/servers/40b768c1-9007-4f78-a90f-61b2ac64553f 1.746s
2025-03-26 04:51:01.504 68894 INFO tempest.lib.common.rest_client [req-af697069-0ea9-47b6-a3ae-241a7f5ec006 req-af697069-0ea9-47b6-a3ae-241a7f5ec006 ] Request (SecurityGroupsNegativeTestJSON:setUpClass): 201 POST http://10.180.1.21:9696/networking/v2.0/subnets 0.197s
2025-03-26 04:51:01.581 68906 INFO tempest.lib.common.rest_client [req-68ec28bb-fe93-42f9-9a55-748465a2677a req-68ec28bb-fe93-42f9-9a55-748465a2677a ] Request (FlavorsAccessNegativeTestJSON:tearDownClass): 204 DELETE http://10.180.1.21/identity/v3/users/da970aa7a7964ea9950654a7a1bcc8a7 0.110s
2025-03-26 04:51:01.617 68892 INFO tempest.lib.common.rest_client [req-166ad76b-7974-43b5-9c0a-4b7b9688e7db req-166ad76b-7974-43b5-9c0a-4b7b9688e7db ] Request (KeyPairsV22TestJSON:test_get_keypair_detail): 201 POST http://10.180.1.21/compute/v2.1/os-keypairs 1.774s
2025-03-26 04:51:01.684 68906 INFO tempest.lib.common.rest_client [req-bd7e0680-a160-4575-92cb-e4c7b38bc125 req-bd7e0680-a160-4575-92cb-e4c7b38bc125 ] Request (FlavorsAccessNegativeTestJSON:tearDownClass): 204 DELETE http://10.180.1.21/identity/v3/users/5565ad49d012432a972aaf38ef8076fb 0.103s
2025-03-26 04:51:01.685 68906 INFO tempest.lib.common.dynamic_creds [-] Deleting project and security group for project: 81c2ce11f34f4d9c8b521fd8598b56d0
2025-03-26 04:51:01.745 68906 INFO tempest.lib.common.rest_client [req-8e737ea7-f852-4923-9ace-1e3dc3f3f564 req-8e737ea7-f852-4923-9ace-1e3dc3f3f564 ] Request (FlavorsAccessNegativeTestJSON:tearDownClass): 201 POST http://10.180.1.21/identity/v3/auth/tokens 0.059s
2025-03-26 04:51:02.008 68906 INFO tempest.lib.common.rest_client [req-df3a1248-3430-4850-8f98-9fe910dcc2c6 req-df3a1248-3430-4850-8f98-9fe910dcc2c6 ] Request (FlavorsAccessNegativeTestJSON:tearDownClass): 200 GET http://10.180.1.21:9696/networking/v2.0/security-groups?tenant_id=81c2ce11f34f4d9c8b521fd8598b56d0&name=default 0.263s
2025-03-26 04:51:02.075 68888 INFO tempest.lib.common.rest_client [req-fc3f942b-5df6-4245-bb7a-33b94ea430bf req-fc3f942b-5df6-4245-bb7a-33b94ea430bf ] Request (ServersTestBootFromVolume:setUpClass): 200 GET http://10.180.1.21/volume/v3/volumes/b88d036e-c8ce-4222-807f-25716446b927 0.043s
2025-03-26 04:51:02.157 68906 INFO tempest.lib.common.rest_client [req-170184de-fb0a-49e5-87b5-2ff4dd7bb98c req-170184de-fb0a-49e5-87b5-2ff4dd7bb98c ] Request (FlavorsAccessNegativeTestJSON:tearDownClass): 204 DELETE http://10.180.1.21:9696/networking/v2.0/security-groups/19d6f878-0e88-4d75-97ab-563986cbd3c9 0.147s
2025-03-26 04:51:02.298 68906 INFO tempest.lib.common.rest_client [req-e44f28b6-a997-48ee-93d7-58ae5842cfac req-e44f28b6-a997-48ee-93d7-58ae5842cfac ] Request (FlavorsAccessNegativeTestJSON:tearDownClass): 204 DELETE http://10.180.1.21/identity/v3/projects/81c2ce11f34f4d9c8b521fd8598b56d0 0.141s
2025-03-26 04:51:02.299 68906 INFO tempest.lib.common.dynamic_creds [-] Deleting project and security group for project: ce1ed9b3d46a4f63baf0c4a70a10b6b6
2025-03-26 04:51:02.321 68914 INFO tempest.lib.common.rest_client [req-fec8b3cd-4aba-408e-aa15-c83c8723205f req-fec8b3cd-4aba-408e-aa15-c83c8723205f ] Request (ServerDiagnosticsTest:test_get_server_diagnostics): 200 GET http://10.180.1.21/compute/v2.1/servers/8eb18d79-e164-4e66-83b0-7b40d04c30a8/diagnostics 2.294s
2025-03-26 04:51:02.372 68936 INFO tempest.lib.common.rest_client [req-2ff04328-ff6b-415a-8fdb-0f1e9c111b1d req-2ff04328-ff6b-415a-8fdb-0f1e9c111b1d ] Request (FloatingIPsAssociationNegativeTestJSON:test_associate_ip_to_server_with_floating_ip): 202 POST http://10.180.1.21/compute/v2.1/servers/7129a57f-e639-49ae-96a9-3c1d966034a8/action 3.823s
2025-03-26 04:51:02.407 68894 INFO tempest.lib.common.rest_client [req-1741678e-8749-407f-88a2-29486d744d76 req-1741678e-8749-407f-88a2-29486d744d76 ] Request (SecurityGroupsNegativeTestJSON:setUpClass): 201 POST http://10.180.1.21:9696/networking/v2.0/routers 0.902s
2025-03-26 04:51:02.452 68890 INFO tempest.lib.common.rest_client [req-1cdba7aa-576a-401a-8f11-e6c886022fa0 req-1cdba7aa-576a-401a-8f11-e6c886022fa0 ] Request (FloatingIPsTestJSON:test_allocate_floating_ip): 200 GET http://10.180.1.21/compute/v2.1/os-floating-ips 2.288s
2025-03-26 04:51:02.485 68932 INFO tempest.lib.common.rest_client [req-ca37845f-92e9-454a-9ed7-9617188685f3 req-ca37845f-92e9-454a-9ed7-9617188685f3 ] Request (FloatingIPsAssociationTestJSON:setUpClass): 200 GET http://10.180.1.21/compute/v2.1/servers/39a84212-2e52-4dba-b00c-5689564deaf4 2.161s
2025-03-26 04:51:02.486 68926 INFO tempest.lib.common.rest_client [req-d8ca16fb-f5fd-40c4-a0d9-41e748e5404c req-d8ca16fb-f5fd-40c4-a0d9-41e748e5404c ] Request (ServicesAdminNegativeV253TestJSON:test_get_service_with_valid_service_and_invalid_host): 200 GET http://10.180.1.21/compute/v2.1/os-services 2.114s
2025-03-26 04:51:02.495 68922 INFO tempest.lib.common.rest_client [req-d716bb33-c21d-423c-a38f-feeef5831066 req-d716bb33-c21d-423c-a38f-feeef5831066 ] Request (AggregatesAdminNegativeTestJSON:test_aggregate_get_details_as_user): 403 GET http://10.180.1.21/compute/v2.1/os-aggregates/6 2.096s
2025-03-26 04:51:02.516 68906 INFO tempest.lib.common.rest_client [req-37310366-6a60-44a0-80b7-9f77aeded291 req-37310366-6a60-44a0-80b7-9f77aeded291 ] Request (FlavorsAccessNegativeTestJSON:tearDownClass): 200 GET http://10.180.1.21:9696/networking/v2.0/security-groups?tenant_id=ce1ed9b3d46a4f63baf0c4a70a10b6b6&name=default 0.216s
2025-03-26 04:51:02.630 68906 INFO tempest.lib.common.rest_client [req-a79501de-2185-43e0-a21c-9b087c68c1eb req-a79501de-2185-43e0-a21c-9b087c68c1eb ] Request (FlavorsAccessNegativeTestJSON:tearDownClass): 204 DELETE http://10.180.1.21:9696/networking/v2.0/security-groups/4dbcf297-ce9a-40e5-87f5-e1653eadd73d 0.114s
2025-03-26 04:51:02.702 68948 INFO tempest.lib.common.rest_client [req-f27093e8-12b7-40a1-b314-68a25aab79c5 req-f27093e8-12b7-40a1-b314-68a25aab79c5 ] Request (QuotasAdminNegativeTest:test_create_server_when_memory_quota_is_full): 403 POST http://10.180.1.21/compute/v2.1/servers 2.292s
2025-03-26 04:51:02.723 68924 INFO tempest.lib.common.rest_client [req-77f6881b-abfa-4a82-be81-d95d81b10b42 req-77f6881b-abfa-4a82-be81-d95d81b10b42 ] Request (FlavorsAdminTestJSON:test_is_public_string_variations): 200 POST http://10.180.1.21/compute/v2.1/flavors 2.292s
2025-03-26 04:51:02.747 68940 INFO tempest.lib.common.rest_client [req-04f2f2fb-7eec-4d69-a585-42d9f6403310 req-04f2f2fb-7eec-4d69-a585-42d9f6403310 ] Request (ServerTagsTestJSON:setUpClass): 200 GET http://10.180.1.21/compute/v2.1/servers/1c8dfb47-df19-4101-8d4e-30889d71d7da 2.370s
2025-03-26 04:51:02.761 68906 INFO tempest.lib.common.rest_client [req-3b3e1143-ea09-4978-b0b5-78371010c0c7 req-3b3e1143-ea09-4978-b0b5-78371010c0c7 ] Request (FlavorsAccessNegativeTestJSON:tearDownClass): 204 DELETE http://10.180.1.21/identity/v3/projects/ce1ed9b3d46a4f63baf0c4a70a10b6b6 0.130s
2025-03-26 04:51:02.761 68906 INFO tempest.lib.common.dynamic_creds [-] Deleting project and security group for project: 4dbe073a39a4460bb2168983f48c60ee
2025-03-26 04:51:02.871 68896 INFO tempest.lib.common.rest_client [req-63710075-2ebf-4828-899a-03a729ae5fb1 req-63710075-2ebf-4828-899a-03a729ae5fb1 ] Request (TenantUsagesTestJSON:tearDownClass): 204 DELETE http://10.180.1.21/compute/v2.1/servers/d6c45731-d76a-46cf-9b7d-be035a200948 2.402s
2025-03-26 04:51:02.934 68906 INFO tempest.lib.common.rest_client [req-d0c9fcf8-9983-4d94-b4a8-d1cab3befa14 req-d0c9fcf8-9983-4d94-b4a8-d1cab3befa14 ] Request (FlavorsAccessNegativeTestJSON:tearDownClass): 200 GET http://10.180.1.21:9696/networking/v2.0/security-groups?tenant_id=4dbe073a39a4460bb2168983f48c60ee&name=default 0.172s
2025-03-26 04:51:03.029 68906 INFO tempest.lib.common.rest_client [req-d9647e56-36eb-43eb-a0ef-65c13f25077c req-d9647e56-36eb-43eb-a0ef-65c13f25077c ] Request (FlavorsAccessNegativeTestJSON:tearDownClass): 204 DELETE http://10.180.1.21:9696/networking/v2.0/security-groups/45b6e9bd-80c8-4f62-81a7-a3f9857e1ac6 0.094s
2025-03-26 04:51:03.103 68912 INFO tempest.lib.common.rest_client [req-f00383c0-2173-40c9-ab61-a87fa356abaf req-f00383c0-2173-40c9-ab61-a87fa356abaf ] Request (SecurityGroupsTestAdminJSON:_run_cleanups): 202 DELETE http://10.180.1.21/compute/v2.1/os-security-groups/27a145cd-0e13-4b36-b9de-429cdb81e9d6 2.507s
2025-03-26 04:51:03.208 68906 INFO tempest.lib.common.rest_client [req-af7a499a-465a-4e2e-a97a-417e3d39c2b5 req-af7a499a-465a-4e2e-a97a-417e3d39c2b5 ] Request (FlavorsAccessNegativeTestJSON:tearDownClass): 204 DELETE http://10.180.1.21/identity/v3/projects/4dbe073a39a4460bb2168983f48c60ee 0.179s
2025-03-26 04:51:03.242 68918 INFO tempest.lib.common.rest_client [req-4ea2b07a-4719-4ddf-973f-59e920c1f608 req-4ea2b07a-4719-4ddf-973f-59e920c1f608 ] Request (ServersTestFqdnHostnames:test_create_server_with_fqdn_name): 200 GET http://10.180.1.21/compute/v2.1/servers/98d5c760-6da3-49e3-af47-20a8054971f3 2.451s
2025-03-26 04:51:03.251 68918 INFO tempest.common.waiters [-] State transition "BUILD/spawning" ==> "ACTIVE/None" after 31 second wait
2025-03-26 04:51:03.264 68888 INFO tempest.lib.common.rest_client [req-f1e0580b-5c71-480c-88bf-5eae2195826e req-f1e0580b-5c71-480c-88bf-5eae2195826e ] Request (ServersTestBootFromVolume:setUpClass): 200 GET http://10.180.1.21/volume/v3/volumes/b88d036e-c8ce-4222-807f-25716446b927 0.179s
2025-03-26 04:51:03.291 68906 INFO tempest.lib.common.rest_client [req-91b85688-056b-40c0-875f-9a6a4ac70721 req-91b85688-056b-40c0-875f-9a6a4ac70721 ] Request (QuotaClassesAdminTestJSON:setUpClass): 201 POST http://10.180.1.21/identity/v3/auth/tokens 0.081s
2025-03-26 04:51:03.315 68942 INFO tempest.lib.common.rest_client [req-7a73ed53-7717-4fd7-87d3-d0c76204f383 req-7a73ed53-7717-4fd7-87d3-d0c76204f383 ] Request (DeleteServersAdminTestJSON:test_admin_delete_servers_of_others): 200 GET http://10.180.1.21/compute/v2.1/servers/87f6c6d0-4e3d-4608-bd0d-4771bc9c174a 2.449s
2025-03-26 04:51:03.328 68942 INFO tempest.common.waiters [-] State transition "ACTIVE/deleting" ==> "DELETED/None" after 4 second wait
2025-03-26 04:51:03.329 68906 INFO tempest.lib.common.rest_client [req-4f1d1aa9-d411-4527-97f9-509f993e0a3c req-4f1d1aa9-d411-4527-97f9-509f993e0a3c ] Request (QuotaClassesAdminTestJSON:setUpClass): 201 POST http://10.180.1.21/identity/v3/auth/tokens 0.035s
2025-03-26 04:51:03.353 68906 INFO tempest.lib.common.rest_client [req-bbd487e3-522c-4b78-aa5b-e1ebf8bcf3a0 req-bbd487e3-522c-4b78-aa5b-e1ebf8bcf3a0 ] Request (QuotaClassesAdminTestJSON:setUpClass): 200 GET http://10.180.1.21/identity/v3/domains?name=Default 0.023s
2025-03-26 04:51:03.372 68916 INFO tempest.lib.common.rest_client [req-0967564b-a8ac-4142-9543-513a7101690f req-0967564b-a8ac-4142-9543-513a7101690f ] Request (AttachInterfacesUnderV243Test:test_add_remove_fixed_ip): 200 GET http://10.180.1.21/compute/v2.1/servers/ad207187-634f-4e7f-9809-eb3f742ddeec 2.460s
2025-03-26 04:51:03.389 68906 INFO tempest.lib.common.rest_client [req-1172c532-cd40-41d2-8e7e-8f3862a9e108 req-1172c532-cd40-41d2-8e7e-8f3862a9e108 ] Request (QuotaClassesAdminTestJSON:setUpClass): 201 POST http://10.180.1.21/identity/v3/projects 0.036s
2025-03-26 04:51:03.425 68900 INFO tempest.lib.common.rest_client [req-e75a82e4-83a3-472a-bb1f-57a95fe44cc0 req-e75a82e4-83a3-472a-bb1f-57a95fe44cc0 ] Request (ListImageFiltersTestJSON:setUpClass): 200 GET http://10.180.1.21/compute/v2.1/servers/c9264123-ab19-40d5-959a-791b8966d2f6 2.399s
2025-03-26 04:51:03.470 68906 INFO tempest.lib.common.rest_client [req-5346520c-8b90-4974-bc93-3a9b1eff3e7e req-5346520c-8b90-4974-bc93-3a9b1eff3e7e ] Request (QuotaClassesAdminTestJSON:setUpClass): 201 POST http://10.180.1.21/identity/v3/users 0.080s
2025-03-26 04:51:03.507 68906 INFO tempest.lib.common.rest_client [req-0d0e559e-7a85-4281-b7f5-e999b6d8fe42 req-0d0e559e-7a85-4281-b7f5-e999b6d8fe42 ] Request (QuotaClassesAdminTestJSON:setUpClass): 200 GET http://10.180.1.21/identity/v3/roles 0.035s
2025-03-26 04:51:03.546 68906 INFO tempest.lib.common.rest_client [req-4e3703b2-334b-4d1d-82e6-615adcc18a8a req-4e3703b2-334b-4d1d-82e6-615adcc18a8a ] Request (QuotaClassesAdminTestJSON:setUpClass): 204 PUT http://10.180.1.21/identity/v3/projects/9104da511b404df0883cd908dfb0968f/users/1f47e324d8fa495497e879f76af6301b/roles/0f4ac78a4db447a99299d68091212a7e 0.038s
2025-03-26 04:51:03.547 68906 INFO tempest.lib.common.dynamic_creds [-] Dynamic test user 1f47e324d8fa495497e879f76af6301b is created with scope project and roles: ['member']
2025-03-26 04:51:03.547 68906 INFO tempest.lib.common.dynamic_creds [-] Acquired dynamic creds: credentials: Credentials: {'domain_id': 'default', 'domain_name': 'Default', 'username': 'tempest-QuotaClassesAdminTestJSON-1488450625-project-member', 'project_domain_id': 'default', 'project_domain_name': 'Default', 'project_id': '9104da511b404df0883cd908dfb0968f', 'project_name': 'tempest-QuotaClassesAdminTestJSON-1488450625', 'tenant_id': '9104da511b404df0883cd908dfb0968f', 'tenant_name': 'tempest-QuotaClassesAdminTestJSON-1488450625', 'user_domain_id': 'default', 'user_domain_name': 'Default', 'user_id': '1f47e324d8fa495497e879f76af6301b', 'system': None}, Network: None, Subnet: None, Router: None
2025-03-26 04:51:03.547 68906 INFO tempest.lib.common.dynamic_creds [-] Created isolated network resources for: credentials: Credentials: {'domain_id': 'default', 'domain_name': 'Default', 'username': 'tempest-QuotaClassesAdminTestJSON-1488450625-project-member', 'project_domain_id': 'default', 'project_domain_name': 'Default', 'project_id': '9104da511b404df0883cd908dfb0968f', 'project_name': 'tempest-QuotaClassesAdminTestJSON-1488450625', 'tenant_id': '9104da511b404df0883cd908dfb0968f', 'tenant_name': 'tempest-QuotaClassesAdminTestJSON-1488450625', 'user_domain_id': 'default', 'user_domain_name': 'Default', 'user_id': '1f47e324d8fa495497e879f76af6301b', 'system': None}, Network: None, Subnet: None, Router: None
2025-03-26 04:51:03.559 68898 INFO tempest.lib.common.rest_client [req-fa91ddd1-ffb9-4e89-8bd3-40f0b398d1fe req-fa91ddd1-ffb9-4e89-8bd3-40f0b398d1fe ] Request (VolumesAdminNegativeTest:test_update_attached_volume_with_nonexistent_volume_in_body): 200 GET http://10.180.1.21/compute/v2.1/servers/fb97d2dd-d42a-42e8-9a36-5c913a58b891 2.500s
2025-03-26 04:51:03.587 68903 INFO tempest.lib.common.rest_client [req-bd7a658b-b52f-46ee-a726-0e4c71066d24 req-bd7a658b-b52f-46ee-a726-0e4c71066d24 ] Request (ServerDiagnosticsNegativeTest:test_get_server_diagnostics_by_non_admin): 200 GET http://10.180.1.21/compute/v2.1/servers/26625edb-06ca-48cc-aaf1-3c55a6ea942b 2.752s
2025-03-26 04:51:03.597 68903 INFO tempest.common.waiters [-] State transition "BUILD/None" ==> "BUILD/spawning" after 22 second wait
2025-03-26 04:51:03.634 68906 INFO tempest.lib.common.rest_client [req-aafbd836-5f30-4557-9206-edc4c3896754 req-aafbd836-5f30-4557-9206-edc4c3896754 ] Request (QuotaClassesAdminTestJSON:setUpClass): 201 POST http://10.180.1.21/identity/v3/auth/tokens 0.082s
2025-03-26 04:51:03.674 68904 INFO tempest.lib.common.rest_client [req-7d1abc8f-fe88-49dd-87b3-f0aa84de3b0e req-7d1abc8f-fe88-49dd-87b3-f0aa84de3b0e ] Request (SecurityGroupsTestJSON:test_security_groups_create_list_delete): 200 POST http://10.180.1.21/compute/v2.1/os-security-groups 2.480s
2025-03-26 04:51:03.704 68906 INFO tempest.lib.common.rest_client [req-5e0d8ddd-128e-4685-8736-cceb58a22ce3 req-5e0d8ddd-128e-4685-8736-cceb58a22ce3 ] Request (QuotaClassesAdminTestJSON:setUpClass): 201 POST http://10.180.1.21/identity/v3/projects 0.069s
2025-03-26 04:51:03.729 68934 INFO tempest.lib.common.rest_client [req-37e7a8bc-9bdc-49a7-b014-5b627fd142da req-37e7a8bc-9bdc-49a7-b014-5b627fd142da ] Request (ServersWithSpecificFlavorTestJSON:test_verify_created_server_ephemeral_disk): 200 GET http://10.180.1.21/compute/v2.1/servers/e77cc179-1f3d-4095-a491-48df7f79bdb9 2.502s
2025-03-26 04:51:03.783 68906 INFO tempest.lib.common.rest_client [req-c376d4e0-2627-4a91-ae8b-3dfd613c24c1 req-c376d4e0-2627-4a91-ae8b-3dfd613c24c1 ] Request (QuotaClassesAdminTestJSON:setUpClass): 201 POST http://10.180.1.21/identity/v3/users 0.078s
