2025-03-26 04:53:10.710 68928 INFO tempest.lib.common.rest_client [req-d36fa5c3-ef3e-45f2-8994-89649cb1a188 req-d36fa5c3-ef3e-45f2-8994-89649cb1a188 ] Request (VolumesAssistedSnapshotsTest:test_volume_assisted_snapshot_create_delete): 200 GET http://10.180.1.21/volume/v3/volumes/f2b113a5-31d1-4fec-9883-264bb0b69860 0.027s
2025-03-26 04:53:10.736 68938 INFO tempest.lib.common.rest_client [req-2452eb27-08bf-4776-8c18-cbbaa5cfc88f req-2452eb27-08bf-4776-8c18-cbbaa5cfc88f ] Request (DeleteServersTestJSON:test_delete_server_while_in_attached_volume): 200 GET http://10.180.1.21/compute/v2.1/servers/492c0fa1-f821-496a-86c2-f7686479a733 0.058s
2025-03-26 04:53:10.757 68936 INFO tempest.lib.common.rest_client [req-913d134d-063a-442d-a220-c0bf16d4e56a req-913d134d-063a-442d-a220-c0bf16d4e56a ] Request (AttachInterfacesV270Test:test_create_get_list_interfaces): 200 GET http://10.180.1.21/compute/v2.1/servers/98efdafe-e02b-46ca-a701-b70042513128 0.075s
2025-03-26 04:53:10.817 68934 INFO tempest.lib.common.rest_client [req-9a56a988-ba73-4f99-ab06-e919c77fdd7c req-9a56a988-ba73-4f99-ab06-e919c77fdd7c ] Request (ServersWithSpecificFlavorTestJSON:test_verify_created_server_ephemeral_disk): 200 GET http://10.180.1.21/compute/v2.1/servers/53cc8dbd-c163-403a-9286-e1f8ad939f94 0.096s
2025-03-26 04:53:10.838 68906 INFO tempest.lib.common.rest_client [req-bff09460-5210-45cb-80fd-1db27acf2b1a req-bff09460-5210-45cb-80fd-1db27acf2b1a ] Request (ListServerFiltersTestJSON:test_list_servers_filter_by_shutoff_status): 200 GET http://10.180.1.21/compute/v2.1/servers?status=shutoff 0.148s
2025-03-26 04:53:10.880 68886 INFO tempest.lib.common.rest_client [req-4b099dd4-aaad-4d46-8c2c-0b8cf582a597 req-4b099dd4-aaad-4d46-8c2c-0b8cf582a597 ] Request (ServerAddressesTestJSON:setUpClass): 200 GET http://10.180.1.21/compute/v2.1/servers/9eafa273-097b-48ac-ae5f-4f7a469ac861 0.057s
2025-03-26 04:53:10.898 68906 INFO tempest.lib.common.rest_client [req-86fab380-dc73-4155-b8a1-584d934cf8f0 req-86fab380-dc73-4155-b8a1-584d934cf8f0 ] Request (ListServerFiltersTestJSON:test_list_servers_filter_by_shutoff_status): 202 POST http://10.180.1.21/compute/v2.1/servers/de2b0206-0c73-4275-89ff-37199520dd71/action 0.057s
2025-03-26 04:53:10.973 68892 INFO tempest.lib.common.rest_client [req-d6d4f4a0-8146-42db-9b4d-6fecba5d00f2 req-d6d4f4a0-8146-42db-9b4d-6fecba5d00f2 ] Request (InstanceActionsV221TestJSON:test_get_list_deleted_instance_actions): 200 GET http://10.180.1.21/compute/v2.1/servers/2dcadbe8-fe23-4ee5-bf8a-5aa3cde1425c 0.088s
2025-03-26 04:53:10.994 68910 INFO tempest.lib.common.rest_client [req-c431b9fe-507d-465c-a83c-b48c041767ff req-c431b9fe-507d-465c-a83c-b48c041767ff ] Request (ServerExternalEventsTest:test_create_server_external_events): 200 GET http://10.180.1.21/compute/v2.1/servers/16b6fafe-524d-482f-961b-10e3601ac4c2 0.118s
2025-03-26 04:53:11.042 68940 INFO tempest.lib.common.rest_client [req-64b0f4c2-c6e0-43c3-839e-233fe2a78dd3 req-64b0f4c2-c6e0-43c3-839e-233fe2a78dd3 ] Request (AttachVolumeNegativeTest:test_attach_attached_volume_to_different_server): 200 GET http://10.180.1.21/compute/v2.1/servers/fd803a5e-8dbd-449e-b45d-1e6410a286e8 0.116s
2025-03-26 04:53:11.089 68906 INFO tempest.lib.common.rest_client [req-323a2502-2dce-4e7d-a82e-673893dde19f req-323a2502-2dce-4e7d-a82e-673893dde19f ] Request (ListServerFiltersTestJSON:test_list_servers_filter_by_shutoff_status): 200 GET http://10.180.1.21/compute/v2.1/servers/de2b0206-0c73-4275-89ff-37199520dd71 0.190s
2025-03-26 04:53:11.106 68903 INFO tempest.lib.common.rest_client [req-fadeb3d9-84aa-4cfd-92aa-15f4cc43918a req-fadeb3d9-84aa-4cfd-92aa-15f4cc43918a ] Request (ListServersNegativeTestJSON:setUpClass): 200 GET http://10.180.1.21/compute/v2.1/servers/ba22fe4b-2238-4748-8af5-8fc6bfe3b3ae 0.141s
2025-03-26 04:53:11.150 68914 INFO tempest.lib.common.rest_client [req-45e0a82b-9be3-4b61-b488-e1360493ac1a req-45e0a82b-9be3-4b61-b488-e1360493ac1a ] Request (ServersAdminTestJSON:setUpClass): 200 GET http://10.180.1.21/compute/v2.1/servers/b40c9dec-cebc-4d23-8df4-96e804333706 0.131s
2025-03-26 04:53:11.177 68924 INFO tempest.lib.common.rest_client [req-a8445fbc-dfa6-4f5c-bf4d-dd11bc4a5040 req-a8445fbc-dfa6-4f5c-bf4d-dd11bc4a5040 ] Request (ImagesNegativeTestJSON:test_create_image_from_deleted_server): 200 GET http://10.180.1.21/compute/v2.1/servers/77b9756e-2299-47e2-a6d8-e8026e33a3de 0.077s
2025-03-26 04:53:11.261 68888 INFO tempest.lib.common.rest_client [req-38af4ee8-0a73-4478-9a6d-b7b01eb30221 req-38af4ee8-0a73-4478-9a6d-b7b01eb30221 ] Request (ServersTestBootFromVolume:tearDownClass): 200 GET http://10.180.1.21/compute/v2.1/servers/2cde3729-1be6-42c5-891f-42a7a8bff267 0.149s
2025-03-26 04:53:11.285 68894 INFO tempest.lib.common.rest_client [req-9becd192-f410-49aa-b892-54bf12dce54e req-9becd192-f410-49aa-b892-54bf12dce54e ] Request (MultipleCreateTestJSON:_run_cleanups): 200 GET http://10.180.1.21/compute/v2.1/servers/ec64b2fd-2409-4af1-8f51-cc0ccbba14f2 0.059s
2025-03-26 04:53:11.333 68898 INFO tempest.lib.common.rest_client [req-598fec9d-67e4-4aea-98c4-c3b32e26d410 req-598fec9d-67e4-4aea-98c4-c3b32e26d410 ] Request (VolumesAdminNegativeTest:test_update_attached_volume_with_nonexistent_volume_in_uri): 200 GET http://10.180.1.21/compute/v2.1/servers/cc5139e1-4601-4966-9224-25b8223b8a57 0.057s
2025-03-26 04:53:11.407 68942 INFO tempest.lib.common.rest_client [req-147179d2-0015-43cc-806b-99ced80b9caf req-147179d2-0015-43cc-806b-99ced80b9caf ] Request (ServersAdmin275Test:test_rebuild_update_server_275): 200 GET http://10.180.1.21/compute/v2.1/servers/50abc994-682a-40d6-ae77-601839b98793 0.117s
2025-03-26 04:53:11.414 68944 INFO tempest.lib.common.rest_client [req-9cafd730-a95e-4b3e-b9f1-20860354cbf7 req-9cafd730-a95e-4b3e-b9f1-20860354cbf7 ] Request (MigrationsAdminTest:test_resize_server_revert_deleted_flavor): 200 GET http://10.180.1.21/compute/v2.1/servers/912303de-a79d-41b0-ab44-c79e850a4dee 0.175s
2025-03-26 04:53:11.434 68904 INFO tempest.lib.common.rest_client [req-ddc897b9-a08c-47d2-a5e5-ebe173f772fb req-ddc897b9-a08c-47d2-a5e5-ebe173f772fb ] Request (SecurityGroupsTestJSON:test_server_security_groups): 404 GET http://10.180.1.21/compute/v2.1/servers/bda7e09b-848b-4d5d-a49d-6e0639f22f99 0.077s
2025-03-26 04:53:11.496 68900 INFO tempest.lib.common.rest_client [req-bdecf71d-9fbb-48dc-8e5b-019df0b6d7bb req-bdecf71d-9fbb-48dc-8e5b-019df0b6d7bb ] Request (ListImageFiltersTestJSON:tearDownClass): 200 GET http://10.180.1.21/compute/v2.1/servers/c9264123-ab19-40d5-959a-791b8966d2f6 0.138s
2025-03-26 04:53:11.502 68932 INFO tempest.lib.common.rest_client [req-643042fd-b38d-4fdf-8608-7cb9f2b8126b req-643042fd-b38d-4fdf-8608-7cb9f2b8126b ] Request (FloatingIPsAssociationTestJSON:tearDownClass): 200 GET http://10.180.1.21/compute/v2.1/servers/6606b921-4f3a-44f5-ae4e-c600f26876fc 0.086s
2025-03-26 04:53:11.548 68912 INFO tempest.lib.common.rest_client [req-4a9f142d-e045-44e4-ba45-4ce2f75ac3fd req-4a9f142d-e045-44e4-ba45-4ce2f75ac3fd ] Request (ImagesOneServerNegativeTestJSON:_run_cleanups): 200 GET http://10.180.1.21/compute/v2.1/servers/1d1bc559-54c1-4ee5-ba78-bc4fbdca2df6 0.091s
2025-03-26 04:53:11.598 68904 INFO tempest.lib.common.rest_client [req-2eee78a4-1d2d-4958-8e46-2ad50adc8191 req-2eee78a4-1d2d-4958-8e46-2ad50adc8191 ] Request (SecurityGroupsTestJSON:test_server_security_groups): 202 DELETE http://10.180.1.21/compute/v2.1/os-security-groups/1505dc93-f3e9-4a27-aad3-b763ffd32f01 0.163s
2025-03-26 04:53:11.698 68904 INFO tempest.lib.common.rest_client [req-7053e502-2a49-4440-bb71-6f8fddc54a95 req-7053e502-2a49-4440-bb71-6f8fddc54a95 ] Request (SecurityGroupsTestJSON:test_server_security_groups): 202 DELETE http://10.180.1.21/compute/v2.1/os-security-groups/88a2e59e-9c9d-449f-ad3a-ca3090088885 0.100s
2025-03-26 04:53:11.727 68908 INFO tempest.lib.common.rest_client [req-2c7a11d4-7d43-4ce3-86e9-b7808432450c req-2c7a11d4-7d43-4ce3-86e9-b7808432450c ] Request (ImagesOneServerTestJSON:tearDownClass): 200 GET http://10.180.1.21/compute/v2.1/servers/7c887df0-4358-46c5-9682-0d4122e96d10 0.076s
2025-03-26 04:53:11.763 68928 INFO tempest.lib.common.rest_client [req-d078d0ec-0ac5-4265-af4b-fa584c10c3d5 req-d078d0ec-0ac5-4265-af4b-fa584c10c3d5 ] Request (VolumesAssistedSnapshotsTest:test_volume_assisted_snapshot_create_delete): 200 GET http://10.180.1.21/volume/v3/volumes/f2b113a5-31d1-4fec-9883-264bb0b69860 0.045s
2025-03-26 04:53:11.770 68928 INFO tempest.common.waiters [-] Attachment 7c94c39d-277f-47c3-beb4-8ab8b9a687da created for volume f2b113a5-31d1-4fec-9883-264bb0b69860 to server 50b9775c-ddbd-4e8f-a2b8-b08c3028fc28 after waiting for 8.770689 seconds
2025-03-26 04:53:11.790 68922 INFO tempest.lib.common.rest_client [req-f664d2b6-65dc-413d-a9d7-3bae9f20c523 req-f664d2b6-65dc-413d-a9d7-3bae9f20c523 ] Request (InstanceActionsTestJSON:setUpClass): 200 GET http://10.180.1.21/compute/v2.1/servers/9aa0dbe3-e31c-4a14-a4e2-0cf781aa99c0 0.081s
2025-03-26 04:53:11.799 68928 INFO tempest.lib.common.rest_client [req-a26fcbbb-9319-4d19-bfa1-42b87bad1a2e req-a26fcbbb-9319-4d19-bfa1-42b87bad1a2e ] Request (VolumesAssistedSnapshotsTest:test_volume_assisted_snapshot_create_delete): 200 GET http://10.180.1.21/volume/v3/volumes/f2b113a5-31d1-4fec-9883-264bb0b69860 0.028s
2025-03-26 04:53:11.806 68928 INFO tempest.common.waiters [-] volume f2b113a5-31d1-4fec-9883-264bb0b69860 reached in-use after waiting for 0.806304 seconds
2025-03-26 04:53:11.822 68904 INFO tempest.lib.common.rest_client [req-a662cb24-2637-44d1-b080-03fcfbe27053 req-a662cb24-2637-44d1-b080-03fcfbe27053 ] Request (SecurityGroupsTestJSON:test_update_security_groups): 200 POST http://10.180.1.21/compute/v2.1/os-security-groups 0.122s
2025-03-26 04:53:11.842 68938 INFO tempest.lib.common.rest_client [req-af1df16d-6232-497e-85d4-ec7cbc2e4bae req-af1df16d-6232-497e-85d4-ec7cbc2e4bae ] Request (DeleteServersTestJSON:test_delete_server_while_in_attached_volume): 200 GET http://10.180.1.21/compute/v2.1/servers/492c0fa1-f821-496a-86c2-f7686479a733 0.099s
2025-03-26 04:53:11.876 68936 INFO tempest.lib.common.rest_client [req-a9d3b19c-0cd2-487a-9bfe-f7e0fc3497a3 req-a9d3b19c-0cd2-487a-9bfe-f7e0fc3497a3 ] Request (AttachInterfacesV270Test:test_create_get_list_interfaces): 200 GET http://10.180.1.21/compute/v2.1/servers/98efdafe-e02b-46ca-a701-b70042513128 0.109s
2025-03-26 04:53:11.955 68928 INFO tempest.lib.common.rest_client [req-7980300a-ac4b-4982-9811-201e1330826d req-7980300a-ac4b-4982-9811-201e1330826d ] Request (VolumesAssistedSnapshotsTest:test_volume_assisted_snapshot_create_delete): 200 POST http://10.180.1.21/compute/v2.1/os-assisted-volume-snapshots 0.149s
2025-03-26 04:53:11.958 68896 WARNING tempest.lib.common.ssh [-] Failed to establish authenticated ssh connection to cirros@10.180.180.213 ([Errno None] Unable to connect to port 22 on 10.180.180.213). Number attempts: 1. Retry after 2 seconds.: paramiko.ssh_exception.NoValidConnectionsError: [Errno None] Unable to connect to port 22 on 10.180.180.213
2025-03-26 04:53:11.969 68904 INFO tempest.lib.common.rest_client [req-b2d1bbed-094b-41a7-b72a-71bedabc90d0 req-b2d1bbed-094b-41a7-b72a-71bedabc90d0 ] Request (SecurityGroupsTestJSON:test_update_security_groups): 200 PUT http://10.180.1.21/compute/v2.1/os-security-groups/d54de888-e16d-4592-95ab-4e9762c09443 0.144s
2025-03-26 04:53:12.007 68934 INFO tempest.lib.common.rest_client [req-0f4abefd-7a96-4897-8ad4-385cb89561d1 req-0f4abefd-7a96-4897-8ad4-385cb89561d1 ] Request (ServersWithSpecificFlavorTestJSON:test_verify_created_server_ephemeral_disk): 200 GET http://10.180.1.21/compute/v2.1/servers/53cc8dbd-c163-403a-9286-e1f8ad939f94 0.181s
2025-03-26 04:53:12.020 68886 INFO tempest.lib.common.rest_client [req-a0d243d9-fa32-4e48-bf95-874b44113c2b req-a0d243d9-fa32-4e48-bf95-874b44113c2b ] Request (ServerAddressesTestJSON:setUpClass): 200 GET http://10.180.1.21/compute/v2.1/servers/9eafa273-097b-48ac-ae5f-4f7a469ac861 0.129s
2025-03-26 04:53:12.027 68928 INFO tempest.lib.common.rest_client [req-5061ed2e-5cd9-4a49-9dc0-a71f694c26ea req-5061ed2e-5cd9-4a49-9dc0-a71f694c26ea ] Request (VolumesAssistedSnapshotsTest:test_volume_assisted_snapshot_create_delete): 204 DELETE http://10.180.1.21/compute/v2.1/os-assisted-volume-snapshots/None?delete_info=%7B%22volume_id%22%3A+%22f2b113a5-31d1-4fec-9883-264bb0b69860%22%7D 0.071s
2025-03-26 04:53:12.044 68904 INFO tempest.lib.common.rest_client [req-25a64f9c-c4da-4a3e-aff5-eee48c8225e6 req-25a64f9c-c4da-4a3e-aff5-eee48c8225e6 ] Request (SecurityGroupsTestJSON:test_update_security_groups): 200 GET http://10.180.1.21/compute/v2.1/os-security-groups/d54de888-e16d-4592-95ab-4e9762c09443 0.072s
2025-03-26 04:53:12.054 68928 INFO tempest.lib.common.rest_client [req-c598c700-a156-4d33-af54-0a450473550b req-c598c700-a156-4d33-af54-0a450473550b ] Request (VolumesAssistedSnapshotsTest:_run_cleanups): 200 GET http://10.180.1.21/volume/v3/volumes/f2b113a5-31d1-4fec-9883-264bb0b69860 0.027s
2025-03-26 04:53:12.089 68892 INFO tempest.lib.common.rest_client [req-04a0b940-e7bf-411f-a3d8-0361a8f754df req-04a0b940-e7bf-411f-a3d8-0361a8f754df ] Request (InstanceActionsV221TestJSON:test_get_list_deleted_instance_actions): 200 GET http://10.180.1.21/compute/v2.1/servers/2dcadbe8-fe23-4ee5-bf8a-5aa3cde1425c 0.105s
2025-03-26 04:53:12.132 68910 INFO tempest.lib.common.rest_client [req-d4af5c74-fbd9-4606-96cf-042031157e2d req-d4af5c74-fbd9-4606-96cf-042031157e2d ] Request (ServerExternalEventsTest:test_create_server_external_events): 200 GET http://10.180.1.21/compute/v2.1/servers/16b6fafe-524d-482f-961b-10e3601ac4c2 0.130s
2025-03-26 04:53:12.188 68940 INFO tempest.lib.common.rest_client [req-9750d9f1-435f-4686-9c94-78f25edcd699 req-9750d9f1-435f-4686-9c94-78f25edcd699 ] Request (AttachVolumeNegativeTest:test_attach_attached_volume_to_different_server): 200 GET http://10.180.1.21/compute/v2.1/servers/fd803a5e-8dbd-449e-b45d-1e6410a286e8 0.138s
2025-03-26 04:53:12.249 68904 INFO tempest.lib.common.rest_client [req-13803141-2432-4aab-a6c9-f99221393b20 req-13803141-2432-4aab-a6c9-f99221393b20 ] Request (SecurityGroupsTestJSON:tearDownClass): 202 DELETE http://10.180.1.21/compute/v2.1/os-security-groups/d54de888-e16d-4592-95ab-4e9762c09443 0.201s
2025-03-26 04:53:12.332 68928 INFO tempest.lib.common.rest_client [req-09c788c0-073e-4f23-89e4-7c5869c5caf3 req-09c788c0-073e-4f23-89e4-7c5869c5caf3 ] Request (VolumesAssistedSnapshotsTest:_run_cleanups): 202 DELETE http://10.180.1.21/compute/v2.1/servers/50b9775c-ddbd-4e8f-a2b8-b08c3028fc28/os-volume_attachments/f2b113a5-31d1-4fec-9883-264bb0b69860 0.271s
2025-03-26 04:53:12.389 68903 INFO tempest.lib.common.rest_client [req-aeb8863b-b7ab-45b7-9de6-44d2d2bc735c req-aeb8863b-b7ab-45b7-9de6-44d2d2bc735c ] Request (ListServersNegativeTestJSON:setUpClass): 200 GET http://10.180.1.21/compute/v2.1/servers/ba22fe4b-2238-4748-8af5-8fc6bfe3b3ae 0.273s
2025-03-26 04:53:12.393 68906 INFO tempest.lib.common.rest_client [req-8b01e2e4-101d-4913-9619-34b2f7985b50 req-8b01e2e4-101d-4913-9619-34b2f7985b50 ] Request (ListServerFiltersTestJSON:test_list_servers_filter_by_shutoff_status): 200 GET http://10.180.1.21/compute/v2.1/servers/de2b0206-0c73-4275-89ff-37199520dd71 0.295s
2025-03-26 04:53:12.437 68914 INFO tempest.lib.common.rest_client [req-bbf017eb-689c-4fa3-a95d-82434ca52a64 req-bbf017eb-689c-4fa3-a95d-82434ca52a64 ] Request (ServersAdminTestJSON:setUpClass): 200 GET http://10.180.1.21/compute/v2.1/servers/b40c9dec-cebc-4d23-8df4-96e804333706 0.277s
2025-03-26 04:53:12.453 68904 INFO tempest.lib.common.rest_client [req-262e2107-9d10-4745-8bcb-c1552833bdb2 req-262e2107-9d10-4745-8bcb-c1552833bdb2 ] Request (SecurityGroupsTestJSON:tearDownClass): 404 DELETE http://10.180.1.21/compute/v2.1/servers/bda7e09b-848b-4d5d-a49d-6e0639f22f99 0.203s
2025-03-26 04:53:12.457 68924 INFO tempest.lib.common.rest_client [req-222b0c07-3632-4a40-a1ba-dac319ec6cbb req-222b0c07-3632-4a40-a1ba-dac319ec6cbb ] Request (ImagesNegativeTestJSON:test_create_image_from_deleted_server): 200 GET http://10.180.1.21/compute/v2.1/servers/77b9756e-2299-47e2-a6d8-e8026e33a3de 0.272s
2025-03-26 04:53:12.512 68894 INFO tempest.lib.common.rest_client [req-c65665b8-71ef-4d18-9ecf-dbedd0a911d8 req-c65665b8-71ef-4d18-9ecf-dbedd0a911d8 ] Request (MultipleCreateTestJSON:_run_cleanups): 200 GET http://10.180.1.21/compute/v2.1/servers/ec64b2fd-2409-4af1-8f51-cc0ccbba14f2 0.213s
2025-03-26 04:53:12.541 68888 INFO tempest.lib.common.rest_client [req-a0c8ba43-847f-4066-921b-905ad4bff124 req-a0c8ba43-847f-4066-921b-905ad4bff124 ] Request (ServersTestBootFromVolume:tearDownClass): 200 GET http://10.180.1.21/compute/v2.1/servers/2cde3729-1be6-42c5-891f-42a7a8bff267 0.272s
2025-03-26 04:53:12.541 68928 INFO tempest.lib.common.rest_client [req-540a7712-edb8-4430-af76-24078e7ade55 req-540a7712-edb8-4430-af76-24078e7ade55 ] Request (VolumesAssistedSnapshotsTest:_run_cleanups): 200 GET http://10.180.1.21/compute/v2.1/servers/50b9775c-ddbd-4e8f-a2b8-b08c3028fc28/os-volume_attachments 0.209s
2025-03-26 04:53:12.588 68898 INFO tempest.lib.common.rest_client [req-c95a3f1f-f559-4b8b-8a1b-e59fb48040b4 req-c95a3f1f-f559-4b8b-8a1b-e59fb48040b4 ] Request (VolumesAdminNegativeTest:test_update_attached_volume_with_nonexistent_volume_in_uri): 200 GET http://10.180.1.21/compute/v2.1/servers/cc5139e1-4601-4966-9224-25b8223b8a57 0.243s
2025-03-26 04:53:12.599 68942 INFO tempest.lib.common.rest_client [req-2324cd5f-be0f-4ba8-9d3c-e096418c282d req-2324cd5f-be0f-4ba8-9d3c-e096418c282d ] Request (ServersAdmin275Test:test_rebuild_update_server_275): 200 GET http://10.180.1.21/compute/v2.1/servers/50abc994-682a-40d6-ae77-601839b98793 0.181s
2025-03-26 04:53:12.617 68904 INFO tempest.lib.common.rest_client [req-f64fc097-8213-4635-8aad-510c6ec52a12 req-f64fc097-8213-4635-8aad-510c6ec52a12 ] Request (SecurityGroupsTestJSON:tearDownClass): 404 GET http://10.180.1.21/compute/v2.1/servers/bda7e09b-848b-4d5d-a49d-6e0639f22f99 0.163s
2025-03-26 04:53:12.672 68944 INFO tempest.lib.common.rest_client [req-f1699ccf-3c6f-419e-a08d-70c162188f9d req-f1699ccf-3c6f-419e-a08d-70c162188f9d ] Request (MigrationsAdminTest:test_resize_server_revert_deleted_flavor): 200 GET http://10.180.1.21/compute/v2.1/servers/912303de-a79d-41b0-ab44-c79e850a4dee 0.250s
2025-03-26 04:53:12.678 68900 INFO tempest.lib.common.rest_client [req-f4bc3fff-ed51-4cdc-b450-e93bbaed14c4 req-f4bc3fff-ed51-4cdc-b450-e93bbaed14c4 ] Request (ListImageFiltersTestJSON:tearDownClass): 200 GET http://10.180.1.21/compute/v2.1/servers/c9264123-ab19-40d5-959a-791b8966d2f6 0.174s
2025-03-26 04:53:12.727 68912 INFO tempest.lib.common.rest_client [req-60f352ef-8b40-497c-b0a5-1235de656f5b req-60f352ef-8b40-497c-b0a5-1235de656f5b ] Request (ImagesOneServerNegativeTestJSON:_run_cleanups): 200 GET http://10.180.1.21/compute/v2.1/servers/1d1bc559-54c1-4ee5-ba78-bc4fbdca2df6 0.169s
2025-03-26 04:53:12.728 68932 INFO tempest.lib.common.rest_client [req-cd04c61c-1eb7-47b1-b3c2-51acfd0f477a req-cd04c61c-1eb7-47b1-b3c2-51acfd0f477a ] Request (FloatingIPsAssociationTestJSON:tearDownClass): 200 GET http://10.180.1.21/compute/v2.1/servers/6606b921-4f3a-44f5-ae4e-c600f26876fc 0.218s
2025-03-26 04:53:12.744 68904 INFO tempest.lib.common.rest_client [req-8ff9c9e5-87b8-44e5-b23f-2b7fedea57a2 req-8ff9c9e5-87b8-44e5-b23f-2b7fedea57a2 ] Request (SecurityGroupsTestJSON:tearDownClass): 404 DELETE http://10.180.1.21/compute/v2.1/os-security-groups/88a2e59e-9c9d-449f-ad3a-ca3090088885 0.127s
2025-03-26 04:53:12.766 68904 INFO tempest.lib.common.rest_client [req-2d1ed77f-0d0c-4278-bf5a-079d4bcda29e req-2d1ed77f-0d0c-4278-bf5a-079d4bcda29e ] Request (SecurityGroupsTestJSON:tearDownClass): 404 DELETE http://10.180.1.21/compute/v2.1/os-security-groups/1505dc93-f3e9-4a27-aad3-b763ffd32f01 0.021s
2025-03-26 04:53:12.784 68904 INFO tempest.lib.common.rest_client [req-d6543a59-f415-4d30-b8c9-f8ddbe0b5cb3 req-d6543a59-f415-4d30-b8c9-f8ddbe0b5cb3 ] Request (SecurityGroupsTestJSON:tearDownClass): 404 DELETE http://10.180.1.21/compute/v2.1/os-security-groups/a419c203-80ba-400c-a60f-3c7706c7a9cd 0.017s
2025-03-26 04:53:12.802 68908 INFO tempest.lib.common.rest_client [req-e4875a50-4407-4bbf-bc82-4567d4faf6a2 req-e4875a50-4407-4bbf-bc82-4567d4faf6a2 ] Request (ImagesOneServerTestJSON:tearDownClass): 200 GET http://10.180.1.21/compute/v2.1/servers/7c887df0-4358-46c5-9682-0d4122e96d10 0.066s
2025-03-26 04:53:12.805 68904 INFO tempest.lib.common.rest_client [req-945a8c18-4af4-4b35-810e-4eb3a6e3cc01 req-945a8c18-4af4-4b35-810e-4eb3a6e3cc01 ] Request (SecurityGroupsTestJSON:tearDownClass): 404 DELETE http://10.180.1.21/compute/v2.1/os-security-groups/635464be-8029-4b07-9c48-f8f8cc255fb5 0.021s
2025-03-26 04:53:12.827 68904 INFO tempest.lib.common.rest_client [req-2f5c16a7-f19a-43c4-8b62-bd5fd75eb806 req-2f5c16a7-f19a-43c4-8b62-bd5fd75eb806 ] Request (SecurityGroupsTestJSON:tearDownClass): 404 DELETE http://10.180.1.21/compute/v2.1/os-security-groups/a967ebc1-78f9-40f7-abcd-2b4acca12fd7 0.022s
2025-03-26 04:53:12.851 68904 INFO tempest.lib.common.rest_client [req-f912383e-3913-4e49-8774-0650e137744b req-f912383e-3913-4e49-8774-0650e137744b ] Request (SecurityGroupsTestJSON:tearDownClass): 404 DELETE http://10.180.1.21/compute/v2.1/os-security-groups/1e5e11ad-6d34-4ba0-b056-bb8670977290 0.023s
2025-03-26 04:53:12.857 68922 INFO tempest.lib.common.rest_client [req-1da753a7-bcb6-47d2-8aa1-806a0eea14c5 req-1da753a7-bcb6-47d2-8aa1-806a0eea14c5 ] Request (InstanceActionsTestJSON:setUpClass): 200 GET http://10.180.1.21/compute/v2.1/servers/9aa0dbe3-e31c-4a14-a4e2-0cf781aa99c0 0.053s
2025-03-26 04:53:12.910 68938 INFO tempest.lib.common.rest_client [req-fa18a632-9b77-46a1-b6e2-d04b774deb93 req-fa18a632-9b77-46a1-b6e2-d04b774deb93 ] Request (DeleteServersTestJSON:test_delete_server_while_in_attached_volume): 200 GET http://10.180.1.21/compute/v2.1/servers/492c0fa1-f821-496a-86c2-f7686479a733 0.059s
2025-03-26 04:53:12.947 68904 INFO tempest.lib.common.rest_client [req-322cf3ba-6f71-4be5-ae10-2adcd5684f43 req-322cf3ba-6f71-4be5-ae10-2adcd5684f43 ] Request (SecurityGroupsTestJSON:tearDownClass): 204 DELETE http://10.180.1.21/compute/v2.1/servers/5fe0475b-96cd-4b9a-8fd4-fe3d4e7f3155 0.096s
2025-03-26 04:53:12.962 68936 INFO tempest.lib.common.rest_client [req-a764deeb-0e84-4b5d-af9b-718bce3435b1 req-a764deeb-0e84-4b5d-af9b-718bce3435b1 ] Request (AttachInterfacesV270Test:test_create_get_list_interfaces): 200 GET http://10.180.1.21/compute/v2.1/servers/98efdafe-e02b-46ca-a701-b70042513128 0.076s
2025-03-26 04:53:13.066 68934 INFO tempest.lib.common.rest_client [req-c115fb18-cfc7-40a8-bd16-e452da204cfb req-c115fb18-cfc7-40a8-bd16-e452da204cfb ] Request (ServersWithSpecificFlavorTestJSON:test_verify_created_server_ephemeral_disk): 200 GET http://10.180.1.21/compute/v2.1/servers/53cc8dbd-c163-403a-9286-e1f8ad939f94 0.051s
2025-03-26 04:53:13.066 68904 INFO tempest.lib.common.rest_client [req-ac92ea2d-75c0-4f21-a39e-51438ebd88f7 req-ac92ea2d-75c0-4f21-a39e-51438ebd88f7 ] Request (SecurityGroupsTestJSON:tearDownClass): 200 GET http://10.180.1.21/compute/v2.1/servers/5fe0475b-96cd-4b9a-8fd4-fe3d4e7f3155 0.118s
2025-03-26 04:53:13.186 68892 INFO tempest.lib.common.rest_client [req-78a36ee9-016d-437c-88fc-3f37a6af436f req-78a36ee9-016d-437c-88fc-3f37a6af436f ] Request (InstanceActionsV221TestJSON:test_get_list_deleted_instance_actions): 200 GET http://10.180.1.21/compute/v2.1/servers/2dcadbe8-fe23-4ee5-bf8a-5aa3cde1425c 0.088s
2025-03-26 04:53:13.300 68910 INFO tempest.lib.common.rest_client [req-43f45e11-4abf-4d50-b7ee-810d59c28ace req-43f45e11-4abf-4d50-b7ee-810d59c28ace ] Request (ServerExternalEventsTest:test_create_server_external_events): 200 GET http://10.180.1.21/compute/v2.1/servers/16b6fafe-524d-482f-961b-10e3601ac4c2 0.159s
2025-03-26 04:53:13.307 68910 INFO tempest.common.waiters [-] State transition "BUILD/spawning" ==> "ACTIVE/None" after 91 second wait
2025-03-26 04:53:13.344 68886 INFO tempest.lib.common.rest_client [req-e8712da8-9bc7-4bae-a506-9b5b82c544f3 req-e8712da8-9bc7-4bae-a506-9b5b82c544f3 ] Request (ServerAddressesTestJSON:setUpClass): 200 GET http://10.180.1.21/compute/v2.1/servers/9eafa273-097b-48ac-ae5f-4f7a469ac861 0.317s
2025-03-26 04:53:13.350 68940 INFO tempest.lib.common.rest_client [req-a15f2019-cd90-467e-9c5b-7da6d54b0010 req-a15f2019-cd90-467e-9c5b-7da6d54b0010 ] Request (AttachVolumeNegativeTest:test_attach_attached_volume_to_different_server): 200 GET http://10.180.1.21/compute/v2.1/servers/fd803a5e-8dbd-449e-b45d-1e6410a286e8 0.149s
2025-03-26 04:53:13.435 68910 INFO tempest.lib.common.rest_client [req-de780556-7677-4cfe-8246-db975a006b55 req-de780556-7677-4cfe-8246-db975a006b55 ] Request (ServerExternalEventsTest:test_create_server_external_events): 200 POST http://10.180.1.21/compute/v2.1/os-server-external-events 0.128s
2025-03-26 04:53:13.446 68903 INFO tempest.lib.common.rest_client [req-bfad4974-2907-48bd-9e20-e653135cf045 req-bfad4974-2907-48bd-9e20-e653135cf045 ] Request (ListServersNegativeTestJSON:setUpClass): 200 GET http://10.180.1.21/compute/v2.1/servers/ba22fe4b-2238-4748-8af5-8fc6bfe3b3ae 0.049s
2025-03-26 04:53:13.512 68910 INFO tempest.lib.common.rest_client [req-3a0adaf3-1f5f-4811-a3e3-4f6f10aab79b req-3a0adaf3-1f5f-4811-a3e3-4f6f10aab79b ] Request (ServerExternalEventsTest:tearDownClass): 204 DELETE http://10.180.1.21/compute/v2.1/servers/16b6fafe-524d-482f-961b-10e3601ac4c2 0.074s
2025-03-26 04:53:13.535 68906 INFO tempest.lib.common.rest_client [req-cf04dbd5-eabc-4db7-8955-3c2d76fc9c63 req-cf04dbd5-eabc-4db7-8955-3c2d76fc9c63 ] Request (ListServerFiltersTestJSON:test_list_servers_filter_by_shutoff_status): 200 GET http://10.180.1.21/compute/v2.1/servers/de2b0206-0c73-4275-89ff-37199520dd71 0.133s
2025-03-26 04:53:13.557 68914 INFO tempest.lib.common.rest_client [req-77fb65da-b775-4256-829c-448c2c773048 req-77fb65da-b775-4256-829c-448c2c773048 ] Request (ServersAdminTestJSON:setUpClass): 200 GET http://10.180.1.21/compute/v2.1/servers/b40c9dec-cebc-4d23-8df4-96e804333706 0.111s
2025-03-26 04:53:13.584 68924 INFO tempest.lib.common.rest_client [req-09f74e23-9cce-437a-b23c-24d6d17be6eb req-09f74e23-9cce-437a-b23c-24d6d17be6eb ] Request (ImagesNegativeTestJSON:test_create_image_from_deleted_server): 200 GET http://10.180.1.21/compute/v2.1/servers/77b9756e-2299-47e2-a6d8-e8026e33a3de 0.119s
2025-03-26 04:53:13.601 68894 INFO tempest.lib.common.rest_client [req-e848aabb-3e1a-409f-99b0-6aa1bfc219f3 req-e848aabb-3e1a-409f-99b0-6aa1bfc219f3 ] Request (MultipleCreateTestJSON:_run_cleanups): 404 GET http://10.180.1.21/compute/v2.1/servers/ec64b2fd-2409-4af1-8f51-cc0ccbba14f2 0.081s
2025-03-26 04:53:13.629 68928 INFO tempest.lib.common.rest_client [req-e9b8c7c0-dff5-48cc-8f4b-b2476c6f5478 req-e9b8c7c0-dff5-48cc-8f4b-b2476c6f5478 ] Request (VolumesAssistedSnapshotsTest:_run_cleanups): 200 GET http://10.180.1.21/compute/v2.1/servers/50b9775c-ddbd-4e8f-a2b8-b08c3028fc28/os-volume_attachments 0.085s
2025-03-26 04:53:13.655 68910 INFO tempest.lib.common.rest_client [req-2544aa81-1f84-4dfb-a268-e3b5327eeece req-2544aa81-1f84-4dfb-a268-e3b5327eeece ] Request (ServerExternalEventsTest:tearDownClass): 200 GET http://10.180.1.21/compute/v2.1/servers/16b6fafe-524d-482f-961b-10e3601ac4c2 0.142s
2025-03-26 04:53:13.678 68888 INFO tempest.lib.common.rest_client [req-3afb1a3d-44c9-4281-9abb-d49cbff57513 req-3afb1a3d-44c9-4281-9abb-d49cbff57513 ] Request (ServersTestBootFromVolume:tearDownClass): 200 GET http://10.180.1.21/compute/v2.1/servers/2cde3729-1be6-42c5-891f-42a7a8bff267 0.127s
2025-03-26 04:53:13.699 68894 INFO tempest.lib.common.rest_client [req-fd9f57da-5a77-4cbf-8be4-b5e95f6a2b21 req-fd9f57da-5a77-4cbf-8be4-b5e95f6a2b21 ] Request (MultipleCreateTestJSON:_run_cleanups): 404 GET http://10.180.1.21/compute/v2.1/servers/78f486aa-80f4-4d43-bd00-cc6206517a72 0.097s
2025-03-26 04:53:13.705 68898 INFO tempest.lib.common.rest_client [req-9c0af1a0-192f-41b0-9a8e-1b8bc1fa88a4 req-9c0af1a0-192f-41b0-9a8e-1b8bc1fa88a4 ] Request (VolumesAdminNegativeTest:test_update_attached_volume_with_nonexistent_volume_in_uri): 200 GET http://10.180.1.21/compute/v2.1/servers/cc5139e1-4601-4966-9224-25b8223b8a57 0.109s
2025-03-26 04:53:13.755 68942 INFO tempest.lib.common.rest_client [req-1c0962c7-afa9-4b14-a350-bfd333780f69 req-1c0962c7-afa9-4b14-a350-bfd333780f69 ] Request (ServersAdmin275Test:test_rebuild_update_server_275): 200 GET http://10.180.1.21/compute/v2.1/servers/50abc994-682a-40d6-ae77-601839b98793 0.145s
2025-03-26 04:53:13.758 68894 INFO tempest.lib.common.rest_client [req-afa87317-9aca-4b04-af43-2f41fc6aaace req-afa87317-9aca-4b04-af43-2f41fc6aaace ] Request (MultipleCreateTestJSON:test_multiple_create_with_reservation_return): 201 POST http://10.180.1.21/identity/v3/auth/tokens 0.054s
2025-03-26 04:53:13.759 68894 INFO tempest.lib.common.fixed_network [-] (MultipleCreateTestJSON:test_multiple_create_with_reservation_return) Found network {'id': 'a4dfe87c-fd90-4643-a4b6-43c5de9bb65b', 'name': 'tempest-MultipleCreateTestJSON-789473346-network', 'tenant_id': '10edb645f90c45edbd3aa43bfa24b86e', 'admin_state_up': True, 'mtu': 8950, 'status': 'ACTIVE', 'subnets': [], 'shared': False, 'project_id': '10edb645f90c45edbd3aa43bfa24b86e', 'port_security_enabled': True, 'router:external': False, 'provider:network_type': 'vlan', 'provider:physical_network': 'default', 'provider:segmentation_id': 810, 'availability_zone_hints': [], 'availability_zones': [], 'ipv4_address_scope': None, 'ipv6_address_scope': None, 'description': '', 'tags': [], 'created_at': '2025-03-26T04:51:21Z', 'updated_at': '2025-03-26T04:51:21Z', 'revision_number': 1} available for tenant
2025-03-26 04:53:13.773 68900 INFO tempest.lib.common.rest_client [req-56b4a759-3eb4-41f5-be43-5a6b68717fa5 req-56b4a759-3eb4-41f5-be43-5a6b68717fa5 ] Request (ListImageFiltersTestJSON:tearDownClass): 404 GET http://10.180.1.21/compute/v2.1/servers/c9264123-ab19-40d5-959a-791b8966d2f6 0.087s
2025-03-26 04:53:13.806 68944 INFO tempest.lib.common.rest_client [req-6a7556e4-98b5-4df9-8165-f1d3b2e1fd02 req-6a7556e4-98b5-4df9-8165-f1d3b2e1fd02 ] Request (MigrationsAdminTest:test_resize_server_revert_deleted_flavor): 200 GET http://10.180.1.21/compute/v2.1/servers/912303de-a79d-41b0-ab44-c79e850a4dee 0.126s
2025-03-26 04:53:13.824 68912 INFO tempest.lib.common.rest_client [req-5b81227c-833f-48df-bb7d-6d7fcf28bebb req-5b81227c-833f-48df-bb7d-6d7fcf28bebb ] Request (ImagesOneServerNegativeTestJSON:_run_cleanups): 200 GET http://10.180.1.21/compute/v2.1/servers/1d1bc559-54c1-4ee5-ba78-bc4fbdca2df6 0.088s
2025-03-26 04:53:13.852 68946 WARNING tempest.lib.common.ssh [-] Failed to establish authenticated ssh connection to cirros@10.180.180.254 ([Errno None] Unable to connect to port 22 on 10.180.180.254). Number attempts: 9. Retry after 10 seconds.: paramiko.ssh_exception.NoValidConnectionsError: [Errno None] Unable to connect to port 22 on 10.180.180.254
2025-03-26 04:53:13.863 68932 INFO tempest.lib.common.rest_client [req-e19f4169-b5fb-40a2-88ae-993171a9b9ba req-e19f4169-b5fb-40a2-88ae-993171a9b9ba ] Request (FloatingIPsAssociationTestJSON:tearDownClass): 200 GET http://10.180.1.21/compute/v2.1/servers/6606b921-4f3a-44f5-ae4e-c600f26876fc 0.126s
2025-03-26 04:53:14.014 68900 INFO tempest.lib.common.rest_client [req-ac608da5-5af6-4ae0-90b7-355505e98da6 req-ac608da5-5af6-4ae0-90b7-355505e98da6 ] Request (ListImageFiltersTestJSON:tearDownClass): 204 DELETE http://10.180.1.21/compute/v2.1/servers/c56e4282-b1ca-42f5-b346-692779475df0 0.240s
2025-03-26 04:53:14.075 68908 INFO tempest.lib.common.rest_client [req-61e51108-4189-4d2f-838a-7433def08c8c req-61e51108-4189-4d2f-838a-7433def08c8c ] Request (ImagesOneServerTestJSON:tearDownClass): 200 GET http://10.180.1.21/compute/v2.1/servers/7c887df0-4358-46c5-9682-0d4122e96d10 0.263s
2025-03-26 04:53:14.235 68922 INFO tempest.lib.common.rest_client [req-5340b55b-f6d6-440d-b4f0-b1f44b41c402 req-5340b55b-f6d6-440d-b4f0-b1f44b41c402 ] Request (InstanceActionsTestJSON:setUpClass): 200 GET http://10.180.1.21/compute/v2.1/servers/9aa0dbe3-e31c-4a14-a4e2-0cf781aa99c0 0.369s
2025-03-26 04:53:14.242 68922 INFO tempest.common.waiters [-] State transition "BUILD/None" ==> "BUILD/networking" after 91 second wait
2025-03-26 04:53:14.299 68938 INFO tempest.lib.common.rest_client [req-3d6ee623-f145-4f98-8836-8537387a09a1 req-3d6ee623-f145-4f98-8836-8537387a09a1 ] Request (DeleteServersTestJSON:test_delete_server_while_in_attached_volume): 200 GET http://10.180.1.21/compute/v2.1/servers/492c0fa1-f821-496a-86c2-f7686479a733 0.381s
2025-03-26 04:53:14.364 68936 INFO tempest.lib.common.rest_client [req-9cb8d326-424a-4e5b-b5fe-61c595dd3356 req-9cb8d326-424a-4e5b-b5fe-61c595dd3356 ] Request (AttachInterfacesV270Test:test_create_get_list_interfaces): 200 GET http://10.180.1.21/compute/v2.1/servers/98efdafe-e02b-46ca-a701-b70042513128 0.391s
2025-03-26 04:53:14.388 68894 INFO tempest.lib.common.rest_client [req-fa1af9e8-87cd-40db-b9ba-a8227bfa6077 req-fa1af9e8-87cd-40db-b9ba-a8227bfa6077 ] Request (MultipleCreateTestJSON:test_multiple_create_with_reservation_return): 202 POST http://10.180.1.21/compute/v2.1/servers 0.629s
2025-03-26 04:53:14.473 68900 INFO tempest.lib.common.rest_client [req-d3feb881-f396-49bb-a512-f05e72243c0a req-d3feb881-f396-49bb-a512-f05e72243c0a ] Request (ListImageFiltersTestJSON:tearDownClass): 200 GET http://10.180.1.21/compute/v2.1/servers/c56e4282-b1ca-42f5-b346-692779475df0 0.459s
2025-03-26 04:53:14.536 68934 INFO tempest.lib.common.rest_client [req-add93919-0eeb-43f1-80ce-a3df0ee0aaaa req-add93919-0eeb-43f1-80ce-a3df0ee0aaaa ] Request (ServersWithSpecificFlavorTestJSON:test_verify_created_server_ephemeral_disk): 200 GET http://10.180.1.21/compute/v2.1/servers/53cc8dbd-c163-403a-9286-e1f8ad939f94 0.462s
2025-03-26 04:53:14.574 68904 INFO tempest.lib.common.rest_client [req-db7730ad-b951-42da-a119-b71eef67eab2 req-db7730ad-b951-42da-a119-b71eef67eab2 ] Request (SecurityGroupsTestJSON:tearDownClass): 200 GET http://10.180.1.21/compute/v2.1/servers/5fe0475b-96cd-4b9a-8fd4-fe3d4e7f3155 0.500s
2025-03-26 04:53:14.609 68892 INFO tempest.lib.common.rest_client [req-ff74eceb-3e4e-45c4-b1b4-e022b0334ea4 req-ff74eceb-3e4e-45c4-b1b4-e022b0334ea4 ] Request (InstanceActionsV221TestJSON:test_get_list_deleted_instance_actions): 200 GET http://10.180.1.21/compute/v2.1/servers/2dcadbe8-fe23-4ee5-bf8a-5aa3cde1425c 0.407s
2025-03-26 04:53:14.637 68886 INFO tempest.lib.common.rest_client [req-d1106fec-47d5-4496-a092-add07ede0ad0 req-d1106fec-47d5-4496-a092-add07ede0ad0 ] Request (ServerAddressesTestJSON:setUpClass): 200 GET http://10.180.1.21/compute/v2.1/servers/9eafa273-097b-48ac-ae5f-4f7a469ac861 0.283s
2025-03-26 04:53:14.671 68940 INFO tempest.lib.common.rest_client [req-6a2543d2-9535-498a-b94d-1d902e27178b req-6a2543d2-9535-498a-b94d-1d902e27178b ] Request (AttachVolumeNegativeTest:test_attach_attached_volume_to_different_server): 200 GET http://10.180.1.21/compute/v2.1/servers/fd803a5e-8dbd-449e-b45d-1e6410a286e8 0.313s
2025-03-26 04:53:14.678 68894 INFO tempest.lib.common.rest_client [req-312ec831-f116-4984-abe7-23d97eba7160 req-312ec831-f116-4984-abe7-23d97eba7160 ] Request (MultipleCreateTestJSON:test_multiple_create_with_reservation_return): 200 GET http://10.180.1.21/compute/v2.1/servers 0.288s
2025-03-26 04:53:14.723 68903 INFO tempest.lib.common.rest_client [req-234e9082-ef2d-448a-85e0-bc490efff3c5 req-234e9082-ef2d-448a-85e0-bc490efff3c5 ] Request (ListServersNegativeTestJSON:setUpClass): 200 GET http://10.180.1.21/compute/v2.1/servers/ba22fe4b-2238-4748-8af5-8fc6bfe3b3ae 0.268s
2025-03-26 04:53:14.775 68914 INFO tempest.lib.common.rest_client [req-a33125c7-3df1-4d49-8630-3bbd63bc074b req-a33125c7-3df1-4d49-8630-3bbd63bc074b ] Request (ServersAdminTestJSON:setUpClass): 200 GET http://10.180.1.21/compute/v2.1/servers/b40c9dec-cebc-4d23-8df4-96e804333706 0.208s
2025-03-26 04:53:14.804 68906 INFO tempest.lib.common.rest_client [req-9cca42c8-d4f7-4963-b373-92e16744e946 req-9cca42c8-d4f7-4963-b373-92e16744e946 ] Request (ListServerFiltersTestJSON:test_list_servers_filter_by_shutoff_status): 200 GET http://10.180.1.21/compute/v2.1/servers/de2b0206-0c73-4275-89ff-37199520dd71 0.261s
2025-03-26 04:53:14.834 68928 INFO tempest.lib.common.rest_client [req-3ded51fe-38be-4d18-a6e4-23776044a353 req-3ded51fe-38be-4d18-a6e4-23776044a353 ] Request (VolumesAssistedSnapshotsTest:_run_cleanups): 200 GET http://10.180.1.21/compute/v2.1/servers/50b9775c-ddbd-4e8f-a2b8-b08c3028fc28/os-volume_attachments 0.203s
2025-03-26 04:53:14.837 68924 INFO tempest.lib.common.rest_client [req-c51dcd6a-3519-4d5f-83ae-1867169c4061 req-c51dcd6a-3519-4d5f-83ae-1867169c4061 ] Request (ImagesNegativeTestJSON:test_create_image_from_deleted_server): 200 GET http://10.180.1.21/compute/v2.1/servers/77b9756e-2299-47e2-a6d8-e8026e33a3de 0.246s
2025-03-26 04:53:14.871 68894 INFO tempest.lib.common.rest_client [req-d8ffd837-4360-437a-814e-882d0c0f1b04 req-d8ffd837-4360-437a-814e-882d0c0f1b04 ] Request (MultipleCreateTestJSON:test_multiple_create_with_reservation_return): 200 GET http://10.180.1.21/compute/v2.1/servers/60aa85f3-edac-40e0-ad31-a8f93219e380 0.188s
2025-03-26 04:53:14.919 68910 INFO tempest.lib.common.rest_client [req-e64bad4c-9ff4-41e2-854f-9751b126c131 req-e64bad4c-9ff4-41e2-854f-9751b126c131 ] Request (ServerExternalEventsTest:tearDownClass): 200 GET http://10.180.1.21/compute/v2.1/servers/16b6fafe-524d-482f-961b-10e3601ac4c2 0.254s
2025-03-26 04:53:14.927 68888 INFO tempest.lib.common.rest_client [req-9174c90d-1ba8-431d-a04b-c913e46c15a7 req-9174c90d-1ba8-431d-a04b-c913e46c15a7 ] Request (ServersTestBootFromVolume:tearDownClass): 200 GET http://10.180.1.21/compute/v2.1/servers/2cde3729-1be6-42c5-891f-42a7a8bff267 0.241s
2025-03-26 04:53:14.935 68888 INFO tempest.common.waiters [-] State transition "ACTIVE/deleting" ==> "DELETED/None" after 6 second wait
2025-03-26 04:53:14.970 68898 INFO tempest.lib.common.rest_client [req-74834d33-5430-4c0e-ad5d-b5f37cd979dc req-74834d33-5430-4c0e-ad5d-b5f37cd979dc ] Request (VolumesAdminNegativeTest:test_update_attached_volume_with_nonexistent_volume_in_uri): 200 GET http://10.180.1.21/compute/v2.1/servers/cc5139e1-4601-4966-9224-25b8223b8a57 0.252s
2025-03-26 04:53:14.984 68942 INFO tempest.lib.common.rest_client [req-449a7e13-2e81-4cbd-b124-d3e8455c0af1 req-449a7e13-2e81-4cbd-b124-d3e8455c0af1 ] Request (ServersAdmin275Test:test_rebuild_update_server_275): 200 GET http://10.180.1.21/compute/v2.1/servers/50abc994-682a-40d6-ae77-601839b98793 0.219s
2025-03-26 04:53:15.033 68912 INFO tempest.lib.common.rest_client [req-31cfa814-fb88-4d8f-a3ad-8ebfa7135253 req-31cfa814-fb88-4d8f-a3ad-8ebfa7135253 ] Request (ImagesOneServerNegativeTestJSON:_run_cleanups): 200 GET http://10.180.1.21/compute/v2.1/servers/1d1bc559-54c1-4ee5-ba78-bc4fbdca2df6 0.202s
2025-03-26 04:53:15.041 68912 INFO tempest.common.waiters [-] State transition "BUILD/scheduling" ==> "BUILD/None" after 30 second wait
2025-03-26 04:53:15.060 68944 INFO tempest.lib.common.rest_client [req-6844394a-6582-4ddc-b4bf-476ad8fe48a2 req-6844394a-6582-4ddc-b4bf-476ad8fe48a2 ] Request (MigrationsAdminTest:test_resize_server_revert_deleted_flavor): 200 GET http://10.180.1.21/compute/v2.1/servers/912303de-a79d-41b0-ab44-c79e850a4dee 0.245s
2025-03-26 04:53:15.090 68932 INFO tempest.lib.common.rest_client [req-5f2070fa-7d1b-4d20-a955-c0a46c3f5c99 req-5f2070fa-7d1b-4d20-a955-c0a46c3f5c99 ] Request (FloatingIPsAssociationTestJSON:tearDownClass): 200 GET http://10.180.1.21/compute/v2.1/servers/6606b921-4f3a-44f5-ae4e-c600f26876fc 0.218s
2025-03-26 04:53:15.156 68908 INFO tempest.lib.common.rest_client [req-5bf9e382-78fb-4624-9595-048a1011a0a5 req-5bf9e382-78fb-4624-9595-048a1011a0a5 ] Request (ImagesOneServerTestJSON:tearDownClass): 200 GET http://10.180.1.21/compute/v2.1/servers/7c887df0-4358-46c5-9682-0d4122e96d10 0.067s
2025-03-26 04:53:15.347 68922 INFO tempest.lib.common.rest_client [req-58ea47dd-ca8b-478c-b826-8c5c13750914 req-58ea47dd-ca8b-478c-b826-8c5c13750914 ] Request (InstanceActionsTestJSON:setUpClass): 200 GET http://10.180.1.21/compute/v2.1/servers/9aa0dbe3-e31c-4a14-a4e2-0cf781aa99c0 0.104s
2025-03-26 04:53:15.354 68922 INFO tempest.common.waiters [-] State transition "BUILD/networking" ==> "BUILD/spawning" after 92 second wait
2025-03-26 04:53:15.365 68938 INFO tempest.lib.common.rest_client [req-d544dc5f-fc6a-4b5a-8fbf-ea49352f2793 req-d544dc5f-fc6a-4b5a-8fbf-ea49352f2793 ] Request (DeleteServersTestJSON:test_delete_server_while_in_attached_volume): 200 GET http://10.180.1.21/compute/v2.1/servers/492c0fa1-f821-496a-86c2-f7686479a733 0.057s
2025-03-26 04:53:15.435 68936 INFO tempest.lib.common.rest_client [req-6e369143-cfb6-4f92-9d4f-2ac0f28ac7c4 req-6e369143-cfb6-4f92-9d4f-2ac0f28ac7c4 ] Request (AttachInterfacesV270Test:test_create_get_list_interfaces): 200 GET http://10.180.1.21/compute/v2.1/servers/98efdafe-e02b-46ca-a701-b70042513128 0.053s
2025-03-26 04:53:15.570 68900 INFO tempest.lib.common.rest_client [req-867eb1f6-e5a3-4531-890c-b2e649aa32bb req-867eb1f6-e5a3-4531-890c-b2e649aa32bb ] Request (ListImageFiltersTestJSON:tearDownClass): 200 GET http://10.180.1.21/compute/v2.1/servers/c56e4282-b1ca-42f5-b346-692779475df0 0.089s
2025-03-26 04:53:15.600 68934 INFO tempest.lib.common.rest_client [req-11040de1-c5da-4b09-913d-ce1878e70d4f req-11040de1-c5da-4b09-913d-ce1878e70d4f ] Request (ServersWithSpecificFlavorTestJSON:test_verify_created_server_ephemeral_disk): 200 GET http://10.180.1.21/compute/v2.1/servers/53cc8dbd-c163-403a-9286-e1f8ad939f94 0.051s
2025-03-26 04:53:15.640 68904 INFO tempest.lib.common.rest_client [req-db92653b-0169-4970-87e3-d67f7da32eb5 req-db92653b-0169-4970-87e3-d67f7da32eb5 ] Request (SecurityGroupsTestJSON:tearDownClass): 200 GET http://10.180.1.21/compute/v2.1/servers/5fe0475b-96cd-4b9a-8fd4-fe3d4e7f3155 0.053s
2025-03-26 04:53:15.679 68892 INFO tempest.lib.common.rest_client [req-b4c5e34c-f74e-4783-b1b1-7316dd5c6899 req-b4c5e34c-f74e-4783-b1b1-7316dd5c6899 ] Request (InstanceActionsV221TestJSON:test_get_list_deleted_instance_actions): 200 GET http://10.180.1.21/compute/v2.1/servers/2dcadbe8-fe23-4ee5-bf8a-5aa3cde1425c 0.059s
2025-03-26 04:53:15.718 68886 INFO tempest.lib.common.rest_client [req-ea218cf6-5a40-4804-ae77-a10881b8edcc req-ea218cf6-5a40-4804-ae77-a10881b8edcc ] Request (ServerAddressesTestJSON:setUpClass): 200 GET http://10.180.1.21/compute/v2.1/servers/9eafa273-097b-48ac-ae5f-4f7a469ac861 0.071s
2025-03-26 04:53:15.729 68940 INFO tempest.lib.common.rest_client [req-99f89743-dd3a-47a9-a668-15da71741d3b req-99f89743-dd3a-47a9-a668-15da71741d3b ] Request (AttachVolumeNegativeTest:test_attach_attached_volume_to_different_server): 200 GET http://10.180.1.21/compute/v2.1/servers/fd803a5e-8dbd-449e-b45d-1e6410a286e8 0.049s
2025-03-26 04:53:15.796 68903 INFO tempest.lib.common.rest_client [req-56914045-9492-489f-861e-0170d4ea5b7b req-56914045-9492-489f-861e-0170d4ea5b7b ] Request (ListServersNegativeTestJSON:setUpClass): 200 GET http://10.180.1.21/compute/v2.1/servers/ba22fe4b-2238-4748-8af5-8fc6bfe3b3ae 0.063s
2025-03-26 04:53:15.845 68914 INFO tempest.lib.common.rest_client [req-4bb49239-ff36-4381-b1a9-d17e97ecaa2d req-4bb49239-ff36-4381-b1a9-d17e97ecaa2d ] Request (ServersAdminTestJSON:setUpClass): 200 GET http://10.180.1.21/compute/v2.1/servers/b40c9dec-cebc-4d23-8df4-96e804333706 0.061s
2025-03-26 04:53:15.881 68928 INFO tempest.lib.common.rest_client [req-f04b9672-cc07-49cb-ac2c-2ccf8141b296 req-f04b9672-cc07-49cb-ac2c-2ccf8141b296 ] Request (VolumesAssistedSnapshotsTest:_run_cleanups): 200 GET http://10.180.1.21/compute/v2.1/servers/50b9775c-ddbd-4e8f-a2b8-b08c3028fc28/os-volume_attachments 0.043s
2025-03-26 04:53:15.949 68924 INFO tempest.lib.common.rest_client [req-cca5f188-9085-4a0e-bd4b-f48dea03b338 req-cca5f188-9085-4a0e-bd4b-f48dea03b338 ] Request (ImagesNegativeTestJSON:test_create_image_from_deleted_server): 200 GET http://10.180.1.21/compute/v2.1/servers/77b9756e-2299-47e2-a6d8-e8026e33a3de 0.104s
2025-03-26 04:53:16.002 68894 INFO tempest.lib.common.rest_client [req-4d77bca4-6a32-4791-bfb7-8b1e08ca7d14 req-4d77bca4-6a32-4791-bfb7-8b1e08ca7d14 ] Request (MultipleCreateTestJSON:test_multiple_create_with_reservation_return): 200 GET http://10.180.1.21/compute/v2.1/servers/60aa85f3-edac-40e0-ad31-a8f93219e380 0.123s
2025-03-26 04:53:16.006 68906 INFO tempest.lib.common.rest_client [req-f4b7d447-2af0-4a14-96e2-007dcedc50a3 req-f4b7d447-2af0-4a14-96e2-007dcedc50a3 ] Request (ListServerFiltersTestJSON:test_list_servers_filter_by_shutoff_status): 200 GET http://10.180.1.21/compute/v2.1/servers/de2b0206-0c73-4275-89ff-37199520dd71 0.191s
2025-03-26 04:53:16.013 68906 INFO tempest.common.waiters [-] State transition "SHUTOFF/powering-on" ==> "ACTIVE/None" after 5 second wait
2025-03-26 04:53:16.065 68910 INFO tempest.lib.common.rest_client [req-5f88b2ea-693a-4768-ba35-b3cc4e7c1d55 req-5f88b2ea-693a-4768-ba35-b3cc4e7c1d55 ] Request (ServerExternalEventsTest:tearDownClass): 200 GET http://10.180.1.21/compute/v2.1/servers/16b6fafe-524d-482f-961b-10e3601ac4c2 0.139s
2025-03-26 04:53:16.099 68888 INFO tempest.lib.common.rest_client [req-95f469ca-d912-4ace-9cb5-bc5e451b3b62 req-95f469ca-d912-4ace-9cb5-bc5e451b3b62 ] Request (ServersTestBootFromVolume:tearDownClass): 200 GET http://10.180.1.21/compute/v2.1/servers/2cde3729-1be6-42c5-891f-42a7a8bff267 0.163s
2025-03-26 04:53:16.126 68898 INFO tempest.lib.common.rest_client [req-888a765a-77d0-4ad1-ae1c-906e8beff37d req-888a765a-77d0-4ad1-ae1c-906e8beff37d ] Request (VolumesAdminNegativeTest:test_update_attached_volume_with_nonexistent_volume_in_uri): 200 GET http://10.180.1.21/compute/v2.1/servers/cc5139e1-4601-4966-9224-25b8223b8a57 0.148s
2025-03-26 04:53:16.135 68906 INFO tempest.lib.common.rest_client [req-6c0ff912-7eaf-4e5d-bd3b-4cce74816957 req-6c0ff912-7eaf-4e5d-bd3b-4cce74816957 ] Request (ListServerFiltersTestJSON:test_list_servers_filter_by_zero_limit): 200 GET http://10.180.1.21/compute/v2.1/servers?limit=0 0.121s
2025-03-26 04:53:16.163 68942 INFO tempest.lib.common.rest_client [req-34c128d9-7faf-4f7c-b1f7-fd101659ee18 req-34c128d9-7faf-4f7c-b1f7-fd101659ee18 ] Request (ServersAdmin275Test:test_rebuild_update_server_275): 200 GET http://10.180.1.21/compute/v2.1/servers/50abc994-682a-40d6-ae77-601839b98793 0.169s
2025-03-26 04:53:16.182 68912 INFO tempest.lib.common.rest_client [req-c57fc6c7-c132-4e76-a351-e14ac1d27e57 req-c57fc6c7-c132-4e76-a351-e14ac1d27e57 ] Request (ImagesOneServerNegativeTestJSON:_run_cleanups): 200 GET http://10.180.1.21/compute/v2.1/servers/1d1bc559-54c1-4ee5-ba78-bc4fbdca2df6 0.139s
2025-03-26 04:53:16.232 68932 INFO tempest.lib.common.rest_client [req-a050d616-2595-4dcc-9b5b-fa99e707d74f req-a050d616-2595-4dcc-9b5b-fa99e707d74f ] Request (FloatingIPsAssociationTestJSON:tearDownClass): 200 GET http://10.180.1.21/compute/v2.1/servers/6606b921-4f3a-44f5-ae4e-c600f26876fc 0.133s
2025-03-26 04:53:16.283 68944 INFO tempest.lib.common.rest_client [req-bd00f3ce-f70f-4f6f-b830-1140ae879751 req-bd00f3ce-f70f-4f6f-b830-1140ae879751 ] Request (MigrationsAdminTest:test_resize_server_revert_deleted_flavor): 200 GET http://10.180.1.21/compute/v2.1/servers/912303de-a79d-41b0-ab44-c79e850a4dee 0.215s
2025-03-26 04:53:16.347 68908 INFO tempest.lib.common.rest_client [req-e93168b1-a1a9-482a-b399-52323ecbed51 req-e93168b1-a1a9-482a-b399-52323ecbed51 ] Request (ImagesOneServerTestJSON:tearDownClass): 200 GET http://10.180.1.21/compute/v2.1/servers/7c887df0-4358-46c5-9682-0d4122e96d10 0.182s
2025-03-26 04:53:16.351 68906 INFO tempest.lib.common.rest_client [req-dfbc3598-be1c-4f42-8ec7-f3fdecadf3e2 req-dfbc3598-be1c-4f42-8ec7-f3fdecadf3e2 ] Request (ListServerFiltersTestJSON:test_list_servers_filtered_by_ip): 200 GET http://10.180.1.21/compute/v2.1/servers/de2b0206-0c73-4275-89ff-37199520dd71 0.213s
2025-03-26 04:53:16.477 68906 INFO tempest.lib.common.rest_client [req-7b83e62e-3762-43f6-a77d-23a1355336f1 req-7b83e62e-3762-43f6-a77d-23a1355336f1 ] Request (ListServerFiltersTestJSON:test_list_servers_filtered_by_ip): 200 GET http://10.180.1.21/compute/v2.1/servers/eec09a1c-e8b2-4b6a-9545-e190e1f965d1 0.114s
2025-03-26 04:53:16.528 68938 INFO tempest.lib.common.rest_client [req-4c6002ce-9030-4551-b426-e91015985421 req-4c6002ce-9030-4551-b426-e91015985421 ] Request (DeleteServersTestJSON:test_delete_server_while_in_attached_volume): 200 GET http://10.180.1.21/compute/v2.1/servers/492c0fa1-f821-496a-86c2-f7686479a733 0.155s
2025-03-26 04:53:16.541 68922 INFO tempest.lib.common.rest_client [req-ef458244-30ce-456a-97cd-a2b0c1cf4a94 req-ef458244-30ce-456a-97cd-a2b0c1cf4a94 ] Request (InstanceActionsTestJSON:setUpClass): 200 GET http://10.180.1.21/compute/v2.1/servers/9aa0dbe3-e31c-4a14-a4e2-0cf781aa99c0 0.184s
2025-03-26 04:53:16.587 68936 INFO tempest.lib.common.rest_client [req-0fdd3b7e-97c8-454b-8313-25faf9b430a3 req-0fdd3b7e-97c8-454b-8313-25faf9b430a3 ] Request (AttachInterfacesV270Test:test_create_get_list_interfaces): 200 GET http://10.180.1.21/compute/v2.1/servers/98efdafe-e02b-46ca-a701-b70042513128 0.142s
2025-03-26 04:53:16.633 68900 INFO tempest.lib.common.rest_client [req-8944743a-b7d8-438d-ada2-6f43c8e04216 req-8944743a-b7d8-438d-ada2-6f43c8e04216 ] Request (ListImageFiltersTestJSON:tearDownClass): 200 GET http://10.180.1.21/compute/v2.1/servers/c56e4282-b1ca-42f5-b346-692779475df0 0.055s
2025-03-26 04:53:16.661 68906 INFO tempest.lib.common.rest_client [req-53605b0e-e6c8-471d-b259-9729bcb94826 req-53605b0e-e6c8-471d-b259-9729bcb94826 ] Request (ListServerFiltersTestJSON:test_list_servers_filtered_by_ip): 200 GET http://10.180.1.21/compute/v2.1/servers/0c4d4d93-89bf-4164-973b-af48278a3915 0.172s
2025-03-26 04:53:16.683 68934 INFO tempest.lib.common.rest_client [req-5b0f3d6e-016a-4f5a-b1b5-dabd7357583d req-5b0f3d6e-016a-4f5a-b1b5-dabd7357583d ] Request (ServersWithSpecificFlavorTestJSON:test_verify_created_server_ephemeral_disk): 200 GET http://10.180.1.21/compute/v2.1/servers/53cc8dbd-c163-403a-9286-e1f8ad939f94 0.076s
