2024-10-01 03:21:20.021 62238 INFO tempest.lib.common.rest_client [req-52ec4794-e925-4e57-aae1-63972042375d req-52ec4794-e925-4e57-aae1-63972042375d ] Request (InstanceUsageAuditLogTestJSON:setUpClass): 204 PUT http://10.180.1.21/identity/v3/projects/e41bce336a19412980f938b5827e37e6/users/9e868461490d4bd29e0c3e72062b6357/roles/b1114319fd7c440d8e5603d4bc143a5b 0.024s
2024-10-01 03:21:20.022 62238 INFO tempest.lib.common.dynamic_creds [-] Dynamic test user 9e868461490d4bd29e0c3e72062b6357 is created with scope project and roles: ['admin']
2024-10-01 03:21:20.022 62238 INFO tempest.lib.common.dynamic_creds [-] Acquired dynamic creds: credentials: Credentials: {'domain_id': 'default', 'domain_name': 'Default', 'username': 'tempest-InstanceUsageAuditLogTestJSON-1499558264-project-admin', 'project_domain_id': 'default', 'project_domain_name': 'Default', 'project_id': 'e41bce336a19412980f938b5827e37e6', 'project_name': 'tempest-InstanceUsageAuditLogTestJSON-1499558264', 'tenant_id': 'e41bce336a19412980f938b5827e37e6', 'tenant_name': 'tempest-InstanceUsageAuditLogTestJSON-1499558264', 'user_domain_id': 'default', 'user_domain_name': 'Default', 'user_id': '9e868461490d4bd29e0c3e72062b6357', 'system': None}, Network: None, Subnet: None, Router: None
2024-10-01 03:21:20.022 62238 INFO tempest.lib.common.dynamic_creds [-] Created isolated network resources for: credentials: Credentials: {'domain_id': 'default', 'domain_name': 'Default', 'username': 'tempest-InstanceUsageAuditLogTestJSON-1499558264-project-admin', 'project_domain_id': 'default', 'project_domain_name': 'Default', 'project_id': 'e41bce336a19412980f938b5827e37e6', 'project_name': 'tempest-InstanceUsageAuditLogTestJSON-1499558264', 'tenant_id': 'e41bce336a19412980f938b5827e37e6', 'tenant_name': 'tempest-InstanceUsageAuditLogTestJSON-1499558264', 'user_domain_id': 'default', 'user_domain_name': 'Default', 'user_id': '9e868461490d4bd29e0c3e72062b6357', 'system': None}, Network: None, Subnet: None, Router: None
2024-10-01 03:21:20.022 62240 INFO tempest.lib.common.rest_client [req-12557338-f360-4716-8e21-902619b1c0d8 req-12557338-f360-4716-8e21-902619b1c0d8 ] Request (ServersTestFqdnHostnames:setUpClass): 201 POST http://10.180.1.21/identity/v3/auth/tokens 0.105s
2024-10-01 03:21:20.053 62250 INFO tempest.lib.common.rest_client [req-0aa612ba-24e7-4553-8495-c98a5bd4b4bd req-0aa612ba-24e7-4553-8495-c98a5bd4b4bd ] Request (ServerActionsTestOtherA:setUpClass): 200 GET http://10.180.1.21/compute/v2.1/servers/db0e0443-7630-48de-922d-0485631307f0 0.298s
2024-10-01 03:21:20.103 62238 INFO tempest.lib.common.rest_client [req-95740ed8-8d65-430b-aa8b-c58ea2c1aa2c req-95740ed8-8d65-430b-aa8b-c58ea2c1aa2c ] Request (InstanceUsageAuditLogTestJSON:setUpClass): 201 POST http://10.180.1.21/identity/v3/auth/tokens 0.076s
2024-10-01 03:21:20.130 62278 INFO tempest.lib.common.rest_client [req-cb8d3aa1-7c6e-440f-acee-bbee3f4ede3a req-cb8d3aa1-7c6e-440f-acee-bbee3f4ede3a ] Request (ServersAdminTestJSON:setUpClass): 200 GET http://10.180.1.21/compute/v2.1/servers/5c3e1fd2-51c0-482f-a5ba-a8793cc4163b 0.359s
2024-10-01 03:21:20.190 62266 INFO tempest.lib.common.rest_client [req-2ab01ccf-67fe-4746-a9e1-7cdb06fd6d95 req-2ab01ccf-67fe-4746-a9e1-7cdb06fd6d95 ] Request (ListServersNegativeTestJSON:setUpClass): 200 GET http://10.180.1.21/compute/v2.1/servers/559b2089-8d15-4088-a0cb-6ab79a771dc5 0.376s
2024-10-01 03:21:20.208 62216 INFO tempest.lib.common.rest_client [req-679673bb-1c34-4e2a-86a5-75246a7e41a2 req-679673bb-1c34-4e2a-86a5-75246a7e41a2 ] Request (FlavorsV2TestJSON:test_list_flavors_detailed_filter_by_min_disk): 200 GET http://10.180.1.21/compute/v2.1/flavors/42 0.372s
2024-10-01 03:21:20.279 62270 INFO tempest.lib.common.rest_client [req-f66741e8-d768-4dfb-bcd9-bd1a8255ac88 req-f66741e8-d768-4dfb-bcd9-bd1a8255ac88 ] Request (ServerAddressesNegativeTestJSON:setUpClass): 200 GET http://10.180.1.21/compute/v2.1/servers/89a07c15-909a-4f8d-ab58-80bd49b3cb74 0.407s
2024-10-01 03:21:20.284 62252 INFO tempest.lib.common.rest_client [req-1259c011-4fc2-4f4b-bf7b-abd2f7d3fa73 req-1259c011-4fc2-4f4b-bf7b-abd2f7d3fa73 ] Request (ServersWithSpecificFlavorTestJSON:tearDownClass): 200 PUT http://10.180.1.21:9696/networking/v2.0/routers/1a4988c6-8f25-4547-b3a7-e4529862e66e/remove_router_interface 0.893s
2024-10-01 03:21:20.354 62246 INFO tempest.lib.common.rest_client [req-40a2dd6b-950a-4d42-b7fa-725920046ea5 req-40a2dd6b-950a-4d42-b7fa-725920046ea5 ] Request (ListImageFiltersTestJSON:setUpClass): 200 GET http://10.180.1.21/compute/v2.1/servers/f8cc9ce9-9e4f-4814-8f15-4d96be80cd54 0.329s
2024-10-01 03:21:20.361 62246 INFO tempest.common.waiters [-] State transition "BUILD/spawning" ==> "ERROR/None" after 67 second wait
2024-10-01 03:21:20.494 62228 INFO tempest.lib.common.rest_client [req-3be3c95a-403a-48f1-8457-ad5adddd4c54 req-3be3c95a-403a-48f1-8457-ad5adddd4c54 ] Request (DeleteServersTestJSON:test_delete_active_server): 202 POST http://10.180.1.21/compute/v2.1/servers 0.918s
2024-10-01 03:21:20.561 62240 INFO tempest.lib.common.rest_client [req-ef7fb283-1751-4ba6-9b91-8ae54b6a919f req-ef7fb283-1751-4ba6-9b91-8ae54b6a919f ] Request (ServersTestFqdnHostnames:test_create_server_with_fqdn_name): 200 POST http://10.180.1.21/compute/v2.1/os-keypairs 0.536s
2024-10-01 03:21:20.577 62218 INFO tempest.lib.common.rest_client [req-397a8e0b-6ead-44c0-ba7d-effe713b2823 req-397a8e0b-6ead-44c0-ba7d-effe713b2823 ] Request (AttachInterfacesTestJSON:test_create_list_show_delete_interfaces_by_fixed_ip): 200 GET http://10.180.1.21/compute/v2.1/servers/34b8c19f-6bfa-4aff-a0c9-76a4ab495fca 0.491s
2024-10-01 03:21:20.615 62238 INFO tempest.lib.common.rest_client [req-454fa440-1086-47cf-96d5-0d5eeda9ea8f req-454fa440-1086-47cf-96d5-0d5eeda9ea8f ] Request (InstanceUsageAuditLogTestJSON:test_get_instance_usage_audit_log): 200 GET http://10.180.1.21/compute/v2.1/os-instance_usage_audit_log/2024-10-01%2003%3A21%3A20 0.511s
2024-10-01 03:21:20.625 62254 INFO tempest.lib.common.rest_client [req-f73864d3-42ec-4484-9654-a95c4a7d47f7 req-f73864d3-42ec-4484-9654-a95c4a7d47f7 ] Request (ImagesNegativeTestJSON:test_create_image_from_deleted_server): 200 GET http://10.180.1.21/compute/v2.1/servers/501d16a6-d8f8-4a6e-af57-cdb000355895 0.532s
2024-10-01 03:21:20.674 62234 INFO tempest.lib.common.rest_client [req-153858e5-0a6d-4536-8d47-23ff86835b2f req-153858e5-0a6d-4536-8d47-23ff86835b2f ] Request (SecurityGroupsTestJSON:test_list_security_groups_by_server): 200 GET http://10.180.1.21/compute/v2.1/servers/faf0ac72-8b22-4025-9420-c719558ba264 0.505s
2024-10-01 03:21:20.699 62216 INFO tempest.lib.common.rest_client [req-3ca9494a-cf0b-41dc-b6dd-dc8f531af135 req-3ca9494a-cf0b-41dc-b6dd-dc8f531af135 ] Request (FlavorsV2TestJSON:test_list_flavors_detailed_filter_by_min_disk): 200 GET http://10.180.1.21/compute/v2.1/flavors/detail?minDisk=2 0.488s
2024-10-01 03:21:20.730 62240 INFO tempest.lib.common.rest_client [req-dc92a4e7-6ae8-4156-91ab-664d06af7375 req-dc92a4e7-6ae8-4156-91ab-664d06af7375 ] Request (ServersTestFqdnHostnames:test_create_server_with_fqdn_name): 201 POST http://10.180.1.21:9696/networking/v2.0/security-groups 0.168s
2024-10-01 03:21:20.762 62260 INFO tempest.lib.common.rest_client [req-2b0c861e-bf08-4b0e-9af8-a92cc432769c req-2b0c861e-bf08-4b0e-9af8-a92cc432769c ] Request (ServersTestJSON:setUpClass): 200 GET http://10.180.1.21/compute/v2.1/servers/394adc4e-7167-4eab-a81c-6de567aaa0de 0.517s
2024-10-01 03:21:20.797 62236 INFO tempest.lib.common.rest_client [req-92f2bff8-2e2d-4c83-90f4-d409c824a0ee req-92f2bff8-2e2d-4c83-90f4-d409c824a0ee ] Request (ServerDiagnosticsNegativeTest:test_get_server_diagnostics_by_non_admin): 200 GET http://10.180.1.21/compute/v2.1/servers/7eaa67ce-2591-4532-a6ce-23c9c18b7abf 0.620s
2024-10-01 03:21:20.803 62236 INFO tempest.common.waiters [-] State transition "BUILD/networking" ==> "BUILD/spawning" after 51 second wait
2024-10-01 03:21:20.824 62262 INFO tempest.lib.common.rest_client [req-8ad898a6-bcbd-4ab2-b1b4-b55ad1b27156 req-8ad898a6-bcbd-4ab2-b1b4-b55ad1b27156 ] Request (ServerMetadataTestJSON:setUpClass): 200 GET http://10.180.1.21/compute/v2.1/servers/dae127b7-bef7-40d5-9bf5-ff2f6957f3e0 0.479s
2024-10-01 03:21:20.859 62252 INFO tempest.lib.common.rest_client [req-f709ac1b-a946-4096-8a83-767e9385c181 req-f709ac1b-a946-4096-8a83-767e9385c181 ] Request (ServersWithSpecificFlavorTestJSON:tearDownClass): 204 DELETE http://10.180.1.21:9696/networking/v2.0/routers/1a4988c6-8f25-4547-b3a7-e4529862e66e 0.575s
2024-10-01 03:21:20.862 62232 INFO tempest.lib.common.rest_client [req-4337e29e-0d60-4e94-97d0-da6da5cb60eb req-4337e29e-0d60-4e94-97d0-da6da5cb60eb ] Request (FloatingIPsAssociationNegativeTestJSON:setUpClass): 200 GET http://10.180.1.21/compute/v2.1/servers/e38f00fb-d83a-41c2-843e-1172d7dce4b9 0.505s
2024-10-01 03:21:20.909 62240 INFO tempest.lib.common.rest_client [req-d22b0ec6-75c3-402d-832a-d766ed0cdcbc req-d22b0ec6-75c3-402d-832a-d766ed0cdcbc ] Request (ServersTestFqdnHostnames:test_create_server_with_fqdn_name): 201 POST http://10.180.1.21:9696/networking/v2.0/security-group-rules 0.178s
2024-10-01 03:21:20.927 62274 INFO tempest.lib.common.rest_client [req-4791cf39-2d5e-47b1-a155-87bf4120a290 req-4791cf39-2d5e-47b1-a155-87bf4120a290 ] Request (DeleteServersAdminTestJSON:test_delete_server_while_in_error_state): 200 GET http://10.180.1.21/compute/v2.1/servers/96ee55a5-1957-47d7-8f58-a626d870446e 0.488s
2024-10-01 03:21:20.990 62228 INFO tempest.lib.common.rest_client [req-cac7560d-587f-4299-b333-ce9043901087 req-cac7560d-587f-4299-b333-ce9043901087 ] Request (DeleteServersTestJSON:test_delete_active_server): 200 GET http://10.180.1.21/compute/v2.1/servers/56e1c963-61b5-41c3-9aee-c091dd8322ad 0.495s
2024-10-01 03:21:21.023 62240 INFO tempest.lib.common.rest_client [req-7602ca02-1265-4a59-be9b-237060cdba30 req-7602ca02-1265-4a59-be9b-237060cdba30 ] Request (ServersTestFqdnHostnames:test_create_server_with_fqdn_name): 201 POST http://10.180.1.21:9696/networking/v2.0/security-group-rules 0.113s
2024-10-01 03:21:21.032 62246 INFO tempest.lib.common.rest_client [req-b6e01502-982d-4872-977d-9634fbb8d5f8 req-b6e01502-982d-4872-977d-9634fbb8d5f8 ] Request (ListImageFiltersTestJSON:setUpClass): 204 DELETE http://10.180.1.21/compute/v2.1/servers/f8cc9ce9-9e4f-4814-8f15-4d96be80cd54 0.670s
2024-10-01 03:21:21.055 62224 INFO tempest.lib.common.rest_client [req-122a8914-10d2-4cbd-9321-74d38b776608 req-122a8914-10d2-4cbd-9321-74d38b776608 ] Request (AttachInterfacesV270Test:test_create_get_list_interfaces): 200 GET http://10.180.1.21/compute/v2.1/servers/84261044-0bfa-4b12-89cb-e03035e78165 0.534s
2024-10-01 03:21:21.081 62252 INFO tempest.lib.common.rest_client [req-9fa1f9e7-c573-464f-8483-dd17a08b8306 req-9fa1f9e7-c573-464f-8483-dd17a08b8306 ] Request (ServersWithSpecificFlavorTestJSON:tearDownClass): 204 DELETE http://10.180.1.21:9696/networking/v2.0/subnets/aa9b36fc-812d-44fb-81ad-1066dcba588f 0.222s
2024-10-01 03:21:21.098 62258 INFO tempest.lib.common.rest_client [req-73e70ffa-83e4-4cb4-80e0-9dd7f24a6175 req-73e70ffa-83e4-4cb4-80e0-9dd7f24a6175 ] Request (AttachVolumeTestJSON:test_attach_detach_volume): 200 GET http://10.180.1.21/compute/v2.1/servers/16b161f5-3c90-4312-9830-3ac4a4ac7988 0.550s
2024-10-01 03:21:21.122 62220 INFO tempest.lib.common.rest_client [req-0275ce56-0cfe-480a-9112-d157fbe10436 req-0275ce56-0cfe-480a-9112-d157fbe10436 ] Request (ImagesTestJSON:test_create_image_from_stopped_server): 200 GET http://10.180.1.21/compute/v2.1/servers/d673cb36-d9c2-4994-a374-c4aa10497312 0.528s
2024-10-01 03:21:21.146 62238 INFO tempest.lib.common.rest_client [req-49142fe1-b441-4c27-86d8-d41c737d0db5 req-49142fe1-b441-4c27-86d8-d41c737d0db5 ] Request (InstanceUsageAuditLogTestJSON:test_list_instance_usage_audit_logs): 200 GET http://10.180.1.21/compute/v2.1/os-instance_usage_audit_log 0.528s
2024-10-01 03:21:21.175 62264 INFO tempest.lib.common.rest_client [req-0fbaf325-a6e6-48b0-9cf8-c9da69c045cd req-0fbaf325-a6e6-48b0-9cf8-c9da69c045cd ] Request (ServerPasswordTestJSON:setUpClass): 200 GET http://10.180.1.21/compute/v2.1/servers/2d626ba2-61e5-4a66-bbb9-9c3f534fb2ed 0.563s
2024-10-01 03:21:21.211 62242 INFO tempest.lib.common.rest_client [req-a85d875c-23a8-4a02-8e3f-3cd1683faf4d req-a85d875c-23a8-4a02-8e3f-3cd1683faf4d ] Request (ServersTestMultiNic:test_verify_duplicate_network_nics): 200 GET http://10.180.1.21/compute/v2.1/servers/648a2f65-67a6-4029-a971-721fcb646091 0.537s
2024-10-01 03:21:21.219 62242 INFO tempest.common.waiters [-] State transition "BUILD/scheduling" ==> "BUILD/None" after 37 second wait
2024-10-01 03:21:21.223 62216 INFO tempest.lib.common.rest_client [req-264e5188-2a76-452e-8d13-060ef9bc9639 req-264e5188-2a76-452e-8d13-060ef9bc9639 ] Request (FlavorsV2TestJSON:test_list_flavors_detailed_filter_by_min_ram): 200 GET http://10.180.1.21/compute/v2.1/flavors/42 0.520s
2024-10-01 03:21:21.235 62268 INFO tempest.lib.common.rest_client [req-81f153ed-0520-47f7-9933-2b6367092add req-81f153ed-0520-47f7-9933-2b6367092add ] Request (InstanceActionsV221TestJSON:test_get_list_deleted_instance_actions): 200 GET http://10.180.1.21/compute/v2.1/servers/4e1acfa0-1a47-4692-a354-94bea867cea3 0.541s
2024-10-01 03:21:21.291 62238 INFO tempest.lib.common.rest_client [req-6888ee28-4234-4b5a-aaaa-c7622ffe96dc req-6888ee28-4234-4b5a-aaaa-c7622ffe96dc ] Request (InstanceUsageAuditLogTestJSON:tearDownClass): 204 DELETE http://10.180.1.21/identity/v3/users/d2735403126a4983b70b4dd76a3d39a5 0.136s
2024-10-01 03:21:21.294 62230 INFO tempest.lib.common.rest_client [req-b3ae1d55-857d-44a1-bb61-0162d2cee468 req-b3ae1d55-857d-44a1-bb61-0162d2cee468 ] Request (VolumesAdminNegativeTest:test_update_attached_volume_with_nonexistent_volume_in_body): 200 GET http://10.180.1.21/compute/v2.1/servers/47e8bb2c-8b79-431a-901f-4eeb479b83fa 0.470s
2024-10-01 03:21:21.312 62222 INFO tempest.lib.common.rest_client [req-ad989cac-87dc-49ec-83eb-1c20b49cfe64 req-ad989cac-87dc-49ec-83eb-1c20b49cfe64 ] Request (AttachInterfacesUnderV243Test:test_add_remove_fixed_ip): 200 GET http://10.180.1.21/compute/v2.1/servers/0aae803d-c785-46ab-b28b-e4563e726e2e 0.550s
2024-10-01 03:21:21.349 62256 INFO tempest.lib.common.rest_client [req-b69735b2-443e-4ebc-bbb6-a2018293965e req-b69735b2-443e-4ebc-bbb6-a2018293965e ] Request (ServerActionsTestOtherB:setUpClass): 200 GET http://10.180.1.21/compute/v2.1/servers/6177a0e7-1b3e-4991-9293-0f82c1a28075 0.439s
2024-10-01 03:21:21.376 62277 INFO tempest.lib.common.rest_client [req-d88c82e7-33d8-4ea0-87d4-2ad2474efb78 req-d88c82e7-33d8-4ea0-87d4-2ad2474efb78 ] Request (ImagesOneServerNegativeTestJSON:setUpClass): 200 GET http://10.180.1.21/compute/v2.1/servers/6f379583-ff30-4cce-a64f-eb0b8b3ca002 0.396s
2024-10-01 03:21:21.376 62246 INFO tempest.lib.common.rest_client [req-554189c4-aa5e-4fac-a12e-c5bbfdd5ec4d req-554189c4-aa5e-4fac-a12e-c5bbfdd5ec4d ] Request (ListImageFiltersTestJSON:setUpClass): 404 GET http://10.180.1.21/compute/v2.1/servers/f8cc9ce9-9e4f-4814-8f15-4d96be80cd54 0.343s
2024-10-01 03:21:21.376 62246 INFO tempest.test [-] raised in ListImageFiltersTestJSON.setUpClass. Invoking tearDownClass.
2024-10-01 03:21:21.418 62238 INFO tempest.lib.common.rest_client [req-0b45b106-6a97-4331-bc8e-04945e0b131c req-0b45b106-6a97-4331-bc8e-04945e0b131c ] Request (InstanceUsageAuditLogTestJSON:tearDownClass): 204 DELETE http://10.180.1.21/identity/v3/users/9e868461490d4bd29e0c3e72062b6357 0.127s
2024-10-01 03:21:21.419 62238 INFO tempest.lib.common.dynamic_creds [-] Deleting project and security group for project: 259bb1be14554e899049a2a3e3aed8eb
2024-10-01 03:21:21.439 62250 INFO tempest.lib.common.rest_client [req-36901b73-236b-4045-b484-87634ac884df req-36901b73-236b-4045-b484-87634ac884df ] Request (ServerActionsTestOtherA:setUpClass): 200 GET http://10.180.1.21/compute/v2.1/servers/db0e0443-7630-48de-922d-0485631307f0 0.379s
2024-10-01 03:21:21.450 62278 INFO tempest.lib.common.rest_client [req-35fc2349-6bfd-42e7-9270-53f06e576913 req-35fc2349-6bfd-42e7-9270-53f06e576913 ] Request (ServersAdminTestJSON:setUpClass): 200 GET http://10.180.1.21/compute/v2.1/servers/5c3e1fd2-51c0-482f-a5ba-a8793cc4163b 0.303s
2024-10-01 03:21:21.467 62216 INFO tempest.lib.common.rest_client [req-54371b7b-ac54-4e36-952d-2aeb777b06a9 req-54371b7b-ac54-4e36-952d-2aeb777b06a9 ] Request (FlavorsV2TestJSON:test_list_flavors_detailed_filter_by_min_ram): 200 GET http://10.180.1.21/compute/v2.1/flavors/detail?minRam=193 0.242s
2024-10-01 03:21:21.515 62238 INFO tempest.lib.common.rest_client [req-16e0bd62-f74a-4451-bf81-550fdc227b4d req-16e0bd62-f74a-4451-bf81-550fdc227b4d ] Request (InstanceUsageAuditLogTestJSON:tearDownClass): 201 POST http://10.180.1.21/identity/v3/auth/tokens 0.096s
2024-10-01 03:21:21.519 62252 INFO tempest.lib.common.rest_client [req-3d62ccd7-90aa-4eae-a033-f8aca9398193 req-3d62ccd7-90aa-4eae-a033-f8aca9398193 ] Request (ServersWithSpecificFlavorTestJSON:tearDownClass): 204 DELETE http://10.180.1.21:9696/networking/v2.0/networks/a399c58a-09ad-4ff3-92b6-f7300b0681ed 0.436s
2024-10-01 03:21:21.524 62266 INFO tempest.lib.common.rest_client [req-82b4460c-452e-42ca-9a25-6ed9a781594d req-82b4460c-452e-42ca-9a25-6ed9a781594d ] Request (ListServersNegativeTestJSON:setUpClass): 200 GET http://10.180.1.21/compute/v2.1/servers/559b2089-8d15-4088-a0cb-6ab79a771dc5 0.323s
2024-10-01 03:21:21.553 62240 INFO tempest.lib.common.rest_client [req-8df67251-9caa-4c76-9fbf-5480ea74a6f3 req-8df67251-9caa-4c76-9fbf-5480ea74a6f3 ] Request (ServersTestFqdnHostnames:test_create_server_with_fqdn_name): 201 POST http://10.180.1.21:9696/networking/v2.0/floatingips 0.530s
2024-10-01 03:21:21.557 62270 INFO tempest.lib.common.rest_client [req-c577c8e4-0a1a-42ea-b8e8-296ebeb08be3 req-c577c8e4-0a1a-42ea-b8e8-296ebeb08be3 ] Request (ServerAddressesNegativeTestJSON:setUpClass): 200 GET http://10.180.1.21/compute/v2.1/servers/89a07c15-909a-4f8d-ab58-80bd49b3cb74 0.270s
2024-10-01 03:21:21.569 62270 INFO tempest.common.waiters [-] State transition "BUILD/None" ==> "BUILD/networking" after 51 second wait
2024-10-01 03:21:21.570 62216 INFO tempest.lib.common.rest_client [req-36e4efc3-3655-4445-a7ea-b14f75a53ed2 req-36e4efc3-3655-4445-a7ea-b14f75a53ed2 ] Request (FlavorsV2TestJSON:test_list_flavors_detailed_limit_results): 200 GET http://10.180.1.21/compute/v2.1/flavors/detail?limit=1 0.093s
2024-10-01 03:21:21.589 62216 INFO tempest.lib.common.rest_client [req-d70c837d-b410-4425-856c-70d073dce5dc req-d70c837d-b410-4425-856c-70d073dce5dc ] Request (FlavorsV2TestJSON:test_list_flavors_detailed_using_marker): 200 GET http://10.180.1.21/compute/v2.1/flavors/42 0.015s
2024-10-01 03:21:21.616 62252 INFO tempest.lib.common.rest_client [req-2b1983c1-ab6b-4c7c-a7c3-567fe5665d18 req-2b1983c1-ab6b-4c7c-a7c3-567fe5665d18 ] Request (ServersWithSpecificFlavorTestJSON:tearDownClass): 204 DELETE http://10.180.1.21/identity/v3/users/369c5e2da31c4993a2e98ddce625dd0e 0.097s
2024-10-01 03:21:21.668 62218 INFO tempest.lib.common.rest_client [req-62f1dbb0-5de9-4a51-a3a2-017f265c711f req-62f1dbb0-5de9-4a51-a3a2-017f265c711f ] Request (AttachInterfacesTestJSON:test_create_list_show_delete_interfaces_by_fixed_ip): 200 GET http://10.180.1.21/compute/v2.1/servers/34b8c19f-6bfa-4aff-a0c9-76a4ab495fca 0.080s
2024-10-01 03:21:21.673 62240 INFO tempest.lib.common.rest_client [req-95a9133a-0e64-4e79-b970-0accae96a881 req-95a9133a-0e64-4e79-b970-0accae96a881 ] Request (ServersTestFqdnHostnames:test_create_server_with_fqdn_name): 201 POST http://10.180.1.21/identity/v3/auth/tokens 0.116s
2024-10-01 03:21:21.674 62240 INFO tempest.lib.common.fixed_network [-] (ServersTestFqdnHostnames:test_create_server_with_fqdn_name) Found network {'id': '2a4ae546-3bc9-4a51-a80b-890bf9f39332', 'name': 'tempest-ServersTestFqdnHostnames-59266336-network', 'tenant_id': '6afbaa70b3214460b490bdaf24239218', 'admin_state_up': True, 'mtu': 8950, 'status': 'ACTIVE', 'subnets': [], 'shared': False, 'project_id': '6afbaa70b3214460b490bdaf24239218', 'port_security_enabled': True, 'router:external': False, 'provider:network_type': 'vlan', 'provider:physical_network': 'default', 'provider:segmentation_id': 223, 'is_default': False, 'availability_zone_hints': [], 'availability_zones': [], 'ipv4_address_scope': None, 'ipv6_address_scope': None, 'description': '', 'tags': [], 'created_at': '2024-10-01T03:21:15Z', 'updated_at': '2024-10-01T03:21:15Z', 'revision_number': 1} available for tenant
2024-10-01 03:21:21.699 62216 INFO tempest.lib.common.rest_client [req-d742c567-a254-4726-97fd-4889ab673bf7 req-d742c567-a254-4726-97fd-4889ab673bf7 ] Request (FlavorsV2TestJSON:test_list_flavors_detailed_using_marker): 200 GET http://10.180.1.21/compute/v2.1/flavors/detail?marker=42 0.106s
2024-10-01 03:21:21.738 62252 INFO tempest.lib.common.rest_client [req-8ce2d853-b044-4102-a4d1-52a5a89feb4d req-8ce2d853-b044-4102-a4d1-52a5a89feb4d ] Request (ServersWithSpecificFlavorTestJSON:tearDownClass): 204 DELETE http://10.180.1.21/identity/v3/users/e04f76d955e4427a9fef3c2322aa9d6c 0.122s
2024-10-01 03:21:21.738 62252 INFO tempest.lib.common.dynamic_creds [-] Deleting project and security group for project: 86903c2dccee4fcfbd4eb81baf34544a
2024-10-01 03:21:21.762 62254 INFO tempest.lib.common.rest_client [req-4783d6d4-7838-4b30-999c-cd6497d28694 req-4783d6d4-7838-4b30-999c-cd6497d28694 ] Request (ImagesNegativeTestJSON:test_create_image_from_deleted_server): 200 GET http://10.180.1.21/compute/v2.1/servers/501d16a6-d8f8-4a6e-af57-cdb000355895 0.126s
2024-10-01 03:21:21.770 62238 INFO tempest.lib.common.rest_client [req-012ce097-3560-4aee-a586-c3069df07aee req-012ce097-3560-4aee-a586-c3069df07aee ] Request (InstanceUsageAuditLogTestJSON:tearDownClass): 200 GET http://10.180.1.21:9696/networking/v2.0/security-groups?tenant_id=259bb1be14554e899049a2a3e3aed8eb&name=default 0.254s
2024-10-01 03:21:21.784 62246 INFO tempest.lib.common.rest_client [req-b6dad853-423d-41e3-984e-7d6d2f8991ce req-b6dad853-423d-41e3-984e-7d6d2f8991ce ] Request (ListImageFiltersTestJSON:tearDownClass): 204 DELETE http://10.180.1.21/compute/v2.1/servers/794a0507-af92-4df6-92a0-4e18b653127c 0.407s
2024-10-01 03:21:21.901 62238 INFO tempest.lib.common.rest_client [req-e85965d0-e0fe-464a-ae6b-99e4a8890b74 req-e85965d0-e0fe-464a-ae6b-99e4a8890b74 ] Request (InstanceUsageAuditLogTestJSON:tearDownClass): 204 DELETE http://10.180.1.21:9696/networking/v2.0/security-groups/62abe75d-b2b9-476c-8574-fddf22b86a69 0.130s
2024-10-01 03:21:21.919 62234 INFO tempest.lib.common.rest_client [req-90dcf227-f103-4d83-9ab0-3de750a56d62 req-90dcf227-f103-4d83-9ab0-3de750a56d62 ] Request (SecurityGroupsTestJSON:test_list_security_groups_by_server): 200 GET http://10.180.1.21/compute/v2.1/servers/faf0ac72-8b22-4025-9420-c719558ba264 0.234s
2024-10-01 03:21:21.931 62216 INFO tempest.lib.common.rest_client [req-e5ddfc2e-a876-4673-9489-d71ce6c39af4 req-e5ddfc2e-a876-4673-9489-d71ce6c39af4 ] Request (FlavorsV2TestJSON:test_list_flavors_filter_by_min_disk): 200 GET http://10.180.1.21/compute/v2.1/flavors/42 0.228s
2024-10-01 03:21:21.935 62252 INFO tempest.lib.common.rest_client [req-13bfa32e-ed6b-4247-ad56-f6f3cdc60602 req-13bfa32e-ed6b-4247-ad56-f6f3cdc60602 ] Request (ServersWithSpecificFlavorTestJSON:tearDownClass): 200 GET http://10.180.1.21:9696/networking/v2.0/security-groups?tenant_id=86903c2dccee4fcfbd4eb81baf34544a&name=default 0.196s
2024-10-01 03:21:21.988 62260 INFO tempest.lib.common.rest_client [req-26bffac4-ea17-4de6-85c9-0965439c9564 req-26bffac4-ea17-4de6-85c9-0965439c9564 ] Request (ServersTestJSON:setUpClass): 200 GET http://10.180.1.21/compute/v2.1/servers/394adc4e-7167-4eab-a81c-6de567aaa0de 0.218s
2024-10-01 03:21:22.005 62246 INFO tempest.lib.common.rest_client [req-9c1335a3-6cd0-446a-af3d-dba76e7952ed req-9c1335a3-6cd0-446a-af3d-dba76e7952ed ] Request (ListImageFiltersTestJSON:tearDownClass): 404 GET http://10.180.1.21/compute/v2.1/servers/794a0507-af92-4df6-92a0-4e18b653127c 0.221s
2024-10-01 03:21:22.011 62238 INFO tempest.lib.common.rest_client [req-29d79a04-1e74-4833-83b5-4e8fbf747519 req-29d79a04-1e74-4833-83b5-4e8fbf747519 ] Request (InstanceUsageAuditLogTestJSON:tearDownClass): 204 DELETE http://10.180.1.21/identity/v3/projects/259bb1be14554e899049a2a3e3aed8eb 0.110s
2024-10-01 03:21:22.011 62238 INFO tempest.lib.common.dynamic_creds [-] Deleting project and security group for project: e41bce336a19412980f938b5827e37e6
2024-10-01 03:21:22.072 62236 INFO tempest.lib.common.rest_client [req-2bbaf649-2a41-41e4-8e14-f50721203465 req-2bbaf649-2a41-41e4-8e14-f50721203465 ] Request (ServerDiagnosticsNegativeTest:test_get_server_diagnostics_by_non_admin): 200 GET http://10.180.1.21/compute/v2.1/servers/7eaa67ce-2591-4532-a6ce-23c9c18b7abf 0.266s
2024-10-01 03:21:22.160 62262 INFO tempest.lib.common.rest_client [req-e133dfe8-74ba-40ee-9cfe-7e493bd0cb2e req-e133dfe8-74ba-40ee-9cfe-7e493bd0cb2e ] Request (ServerMetadataTestJSON:setUpClass): 200 GET http://10.180.1.21/compute/v2.1/servers/dae127b7-bef7-40d5-9bf5-ff2f6957f3e0 0.325s
2024-10-01 03:21:22.206 62238 INFO tempest.lib.common.rest_client [req-55c16a79-2891-4848-a172-85e81aaff14f req-55c16a79-2891-4848-a172-85e81aaff14f ] Request (InstanceUsageAuditLogTestJSON:tearDownClass): 200 GET http://10.180.1.21:9696/networking/v2.0/security-groups?tenant_id=e41bce336a19412980f938b5827e37e6&name=default 0.194s
2024-10-01 03:21:22.227 62232 INFO tempest.lib.common.rest_client [req-85a7130d-510a-4aca-98ec-fb3cd2629964 req-85a7130d-510a-4aca-98ec-fb3cd2629964 ] Request (FloatingIPsAssociationNegativeTestJSON:setUpClass): 200 GET http://10.180.1.21/compute/v2.1/servers/e38f00fb-d83a-41c2-843e-1172d7dce4b9 0.355s
2024-10-01 03:21:22.252 62216 INFO tempest.lib.common.rest_client [req-5956db09-efd8-43f5-a74f-51a71d17d90a req-5956db09-efd8-43f5-a74f-51a71d17d90a ] Request (FlavorsV2TestJSON:test_list_flavors_filter_by_min_disk): 200 GET http://10.180.1.21/compute/v2.1/flavors?minDisk=2 0.318s
2024-10-01 03:21:22.271 62252 INFO tempest.lib.common.rest_client [req-2ed05d41-685f-4835-9834-3efae1e8af69 req-2ed05d41-685f-4835-9834-3efae1e8af69 ] Request (ServersWithSpecificFlavorTestJSON:tearDownClass): 204 DELETE http://10.180.1.21:9696/networking/v2.0/security-groups/93d19a4f-7014-4419-8a05-c5e9bab1dab4 0.336s
2024-10-01 03:21:22.334 62274 INFO tempest.lib.common.rest_client [req-cdff1ea8-7e1e-43cb-94d1-5be3e90864d1 req-cdff1ea8-7e1e-43cb-94d1-5be3e90864d1 ] Request (DeleteServersAdminTestJSON:test_delete_server_while_in_error_state): 200 GET http://10.180.1.21/compute/v2.1/servers/96ee55a5-1957-47d7-8f58-a626d870446e 0.397s
2024-10-01 03:21:22.396 62238 INFO tempest.lib.common.rest_client [req-461e8e50-0c35-417b-bc3e-1820e89b43d6 req-461e8e50-0c35-417b-bc3e-1820e89b43d6 ] Request (InstanceUsageAuditLogTestJSON:tearDownClass): 204 DELETE http://10.180.1.21:9696/networking/v2.0/security-groups/c999e62e-13cb-464e-9f4f-cc71896bdf0c 0.189s
2024-10-01 03:21:22.407 62228 INFO tempest.lib.common.rest_client [req-46c9579f-6b15-411f-bdbd-5bb51bcf9fb8 req-46c9579f-6b15-411f-bdbd-5bb51bcf9fb8 ] Request (DeleteServersTestJSON:test_delete_active_server): 200 GET http://10.180.1.21/compute/v2.1/servers/56e1c963-61b5-41c3-9aee-c091dd8322ad 0.408s
2024-10-01 03:21:22.417 62252 INFO tempest.lib.common.rest_client [req-c0ebe38a-7878-49ee-95ca-688441fa181d req-c0ebe38a-7878-49ee-95ca-688441fa181d ] Request (ServersWithSpecificFlavorTestJSON:tearDownClass): 204 DELETE http://10.180.1.21/identity/v3/projects/86903c2dccee4fcfbd4eb81baf34544a 0.146s
2024-10-01 03:21:22.418 62252 INFO tempest.lib.common.dynamic_creds [-] Deleting project and security group for project: 359cad49023e436baff6e8a5c3b01a40
2024-10-01 03:21:22.443 62240 INFO tempest.lib.common.rest_client [req-b257b0d1-4746-482f-9f3e-03a1979236a8 req-b257b0d1-4746-482f-9f3e-03a1979236a8 ] Request (ServersTestFqdnHostnames:test_create_server_with_fqdn_name): 202 POST http://10.180.1.21/compute/v2.1/servers 0.768s
2024-10-01 03:21:22.483 62252 INFO tempest.lib.common.rest_client [req-4cc199b2-e882-4c82-aee5-821b4f2f3623 req-4cc199b2-e882-4c82-aee5-821b4f2f3623 ] Request (ServersWithSpecificFlavorTestJSON:tearDownClass): 200 GET http://10.180.1.21:9696/networking/v2.0/security-groups?tenant_id=359cad49023e436baff6e8a5c3b01a40&name=default 0.064s
2024-10-01 03:21:22.493 62246 INFO tempest.lib.common.rest_client [req-dcfd5010-bfc3-4037-9574-288bfc6f2759 req-dcfd5010-bfc3-4037-9574-288bfc6f2759 ] Request (ListImageFiltersTestJSON:tearDownClass): 204 DELETE http://10.180.1.21/compute/v2.1/images/b2665195-c2ec-4c58-8e4c-e702d9ee78a0 0.487s
2024-10-01 03:21:22.541 62224 INFO tempest.lib.common.rest_client [req-e649dab0-93f9-489c-bb86-638dae9c738c req-e649dab0-93f9-489c-bb86-638dae9c738c ] Request (AttachInterfacesV270Test:test_create_get_list_interfaces): 200 GET http://10.180.1.21/compute/v2.1/servers/84261044-0bfa-4b12-89cb-e03035e78165 0.472s
2024-10-01 03:21:22.543 62238 INFO tempest.lib.common.rest_client [req-1b9e9cd2-f39b-4feb-8ce6-2485ba57e47e req-1b9e9cd2-f39b-4feb-8ce6-2485ba57e47e ] Request (InstanceUsageAuditLogTestJSON:tearDownClass): 204 DELETE http://10.180.1.21/identity/v3/projects/e41bce336a19412980f938b5827e37e6 0.147s
2024-10-01 03:21:22.563 62258 INFO tempest.lib.common.rest_client [req-04ff07b3-4818-42c1-be08-a8ed1265efb2 req-04ff07b3-4818-42c1-be08-a8ed1265efb2 ] Request (AttachVolumeTestJSON:test_attach_detach_volume): 200 GET http://10.180.1.21/compute/v2.1/servers/16b161f5-3c90-4312-9830-3ac4a4ac7988 0.457s
2024-10-01 03:21:22.607 62220 INFO tempest.lib.common.rest_client [req-e12661d8-5296-44cc-bc4c-dbcb1d222a45 req-e12661d8-5296-44cc-bc4c-dbcb1d222a45 ] Request (ImagesTestJSON:test_create_image_from_stopped_server): 200 GET http://10.180.1.21/compute/v2.1/servers/d673cb36-d9c2-4994-a374-c4aa10497312 0.474s
2024-10-01 03:21:22.617 62238 INFO tempest.lib.common.rest_client [req-382c128f-4164-4c39-a8cf-0559f76b87c6 req-382c128f-4164-4c39-a8cf-0559f76b87c6 ] Request (ListServerFiltersTestJSON:setUpClass): 201 POST http://10.180.1.21/identity/v3/auth/tokens 0.073s
2024-10-01 03:21:22.622 62264 INFO tempest.lib.common.rest_client [req-d8e9b7d2-13ea-47b2-89de-75467d409e45 req-d8e9b7d2-13ea-47b2-89de-75467d409e45 ] Request (ServerPasswordTestJSON:setUpClass): 200 GET http://10.180.1.21/compute/v2.1/servers/2d626ba2-61e5-4a66-bbb9-9c3f534fb2ed 0.439s
2024-10-01 03:21:22.657 62238 INFO tempest.lib.common.rest_client [req-2a6cc9fd-bff2-437c-8eca-766a8aefe9f6 req-2a6cc9fd-bff2-437c-8eca-766a8aefe9f6 ] Request (ListServerFiltersTestJSON:setUpClass): 201 POST http://10.180.1.21/identity/v3/auth/tokens 0.036s
2024-10-01 03:21:22.675 62242 INFO tempest.lib.common.rest_client [req-ddbae4e7-034e-4cfa-8dcf-b63502307516 req-ddbae4e7-034e-4cfa-8dcf-b63502307516 ] Request (ServersTestMultiNic:test_verify_duplicate_network_nics): 200 GET http://10.180.1.21/compute/v2.1/servers/648a2f65-67a6-4029-a971-721fcb646091 0.454s
2024-10-01 03:21:22.679 62238 INFO tempest.lib.common.rest_client [req-b443c6ee-dd99-4080-b5d5-b3793ce9a235 req-b443c6ee-dd99-4080-b5d5-b3793ce9a235 ] Request (ListServerFiltersTestJSON:setUpClass): 200 GET http://10.180.1.21/identity/v3/domains?name=Default 0.022s
2024-10-01 03:21:22.692 62268 INFO tempest.lib.common.rest_client [req-1baec74e-0df6-4a6a-a59e-8d6341acc32d req-1baec74e-0df6-4a6a-a59e-8d6341acc32d ] Request (InstanceActionsV221TestJSON:test_get_list_deleted_instance_actions): 200 GET http://10.180.1.21/compute/v2.1/servers/4e1acfa0-1a47-4692-a354-94bea867cea3 0.448s
2024-10-01 03:21:22.696 62216 INFO tempest.lib.common.rest_client [req-56b6b22f-6827-4341-b26c-464c2c066f8c req-56b6b22f-6827-4341-b26c-464c2c066f8c ] Request (FlavorsV2TestJSON:test_list_flavors_filter_by_min_ram): 200 GET http://10.180.1.21/compute/v2.1/flavors/42 0.436s
2024-10-01 03:21:22.711 62238 INFO tempest.lib.common.rest_client [req-620fb9ea-20b0-4964-a6fb-ddd200c83724 req-620fb9ea-20b0-4964-a6fb-ddd200c83724 ] Request (ListServerFiltersTestJSON:setUpClass): 201 POST http://10.180.1.21/identity/v3/projects 0.032s
2024-10-01 03:21:22.717 62252 INFO tempest.lib.common.rest_client [req-c262db02-b030-4769-aa96-57203eb68e30 req-c262db02-b030-4769-aa96-57203eb68e30 ] Request (ServersWithSpecificFlavorTestJSON:tearDownClass): 204 DELETE http://10.180.1.21:9696/networking/v2.0/security-groups/900869e2-0185-4b53-ad9f-efc275c1607b 0.234s
2024-10-01 03:21:22.759 62230 INFO tempest.lib.common.rest_client [req-a391f7ef-754c-4e23-97ea-99fd250385fe req-a391f7ef-754c-4e23-97ea-99fd250385fe ] Request (VolumesAdminNegativeTest:test_update_attached_volume_with_nonexistent_volume_in_body): 200 GET http://10.180.1.21/compute/v2.1/servers/47e8bb2c-8b79-431a-901f-4eeb479b83fa 0.456s
2024-10-01 03:21:22.765 62222 INFO tempest.lib.common.rest_client [req-89563b5a-75c9-4ae0-b9f6-67da742de9f5 req-89563b5a-75c9-4ae0-b9f6-67da742de9f5 ] Request (AttachInterfacesUnderV243Test:test_add_remove_fixed_ip): 200 GET http://10.180.1.21/compute/v2.1/servers/0aae803d-c785-46ab-b28b-e4563e726e2e 0.445s
2024-10-01 03:21:22.792 62238 INFO tempest.lib.common.rest_client [req-ee827842-07b0-43b8-80cf-7f763bcbcc3e req-ee827842-07b0-43b8-80cf-7f763bcbcc3e ] Request (ListServerFiltersTestJSON:setUpClass): 201 POST http://10.180.1.21/identity/v3/users 0.081s
2024-10-01 03:21:22.813 62256 INFO tempest.lib.common.rest_client [req-5ed22bed-77ac-4535-8f04-fbadc1773cbe req-5ed22bed-77ac-4535-8f04-fbadc1773cbe ] Request (ServerActionsTestOtherB:setUpClass): 200 GET http://10.180.1.21/compute/v2.1/servers/6177a0e7-1b3e-4991-9293-0f82c1a28075 0.451s
2024-10-01 03:21:22.820 62252 INFO tempest.lib.common.rest_client [req-fb6c7ee7-c1de-42d8-8eef-69070a422892 req-fb6c7ee7-c1de-42d8-8eef-69070a422892 ] Request (ServersWithSpecificFlavorTestJSON:tearDownClass): 204 DELETE http://10.180.1.21/identity/v3/projects/359cad49023e436baff6e8a5c3b01a40 0.102s
2024-10-01 03:21:22.823 62277 INFO tempest.lib.common.rest_client [req-f458bd1d-891a-4b42-b4eb-63e8c84564cc req-f458bd1d-891a-4b42-b4eb-63e8c84564cc ] Request (ImagesOneServerNegativeTestJSON:setUpClass): 200 GET http://10.180.1.21/compute/v2.1/servers/6f379583-ff30-4cce-a64f-eb0b8b3ca002 0.440s
2024-10-01 03:21:22.849 62238 INFO tempest.lib.common.rest_client [req-0f02d7f6-7ed3-483b-bb3c-c950036d05ff req-0f02d7f6-7ed3-483b-bb3c-c950036d05ff ] Request (ListServerFiltersTestJSON:setUpClass): 200 GET http://10.180.1.21/identity/v3/roles 0.056s
2024-10-01 03:21:22.853 62252 INFO tempest.lib.common.rest_client [req-97c598d8-ed7b-49e2-9454-12c9db5a3d0d req-97c598d8-ed7b-49e2-9454-12c9db5a3d0d ] Request (InstanceUsageAuditLogNegativeTestJSON:setUpClass): 201 POST http://10.180.1.21/identity/v3/auth/tokens 0.030s
2024-10-01 03:21:22.864 62240 INFO tempest.lib.common.rest_client [req-09f7edde-27a6-4f11-8365-2a5c76b8f036 req-09f7edde-27a6-4f11-8365-2a5c76b8f036 ] Request (ServersTestFqdnHostnames:test_create_server_with_fqdn_name): 200 GET http://10.180.1.21/compute/v2.1/servers/a8ec425d-4dd0-476e-943c-eb3a16f7c581 0.419s
2024-10-01 03:21:22.878 62250 INFO tempest.lib.common.rest_client [req-7760bd58-2905-4c67-98ca-7cdea430eb1c req-7760bd58-2905-4c67-98ca-7cdea430eb1c ] Request (ServerActionsTestOtherA:setUpClass): 200 GET http://10.180.1.21/compute/v2.1/servers/db0e0443-7630-48de-922d-0485631307f0 0.427s
2024-10-01 03:21:22.889 62238 INFO tempest.lib.common.rest_client [req-a6832615-85da-41f2-bce8-cf1f8df74e90 req-a6832615-85da-41f2-bce8-cf1f8df74e90 ] Request (ListServerFiltersTestJSON:setUpClass): 204 PUT http://10.180.1.21/identity/v3/projects/7ea4631a9e3d40eb958b82d3adc6c57a/users/c1875b51ac434ec79a439d3f67dd5169/roles/9aa2dae361a14421a636b23411fbe22c 0.039s
2024-10-01 03:21:22.889 62238 INFO tempest.lib.common.dynamic_creds [-] Dynamic test user c1875b51ac434ec79a439d3f67dd5169 is created with scope project and roles: ['member']
2024-10-01 03:21:22.889 62238 INFO tempest.lib.common.dynamic_creds [-] Acquired dynamic creds: credentials: Credentials: {'domain_id': 'default', 'domain_name': 'Default', 'username': 'tempest-ListServerFiltersTestJSON-470617050-project-member', 'project_domain_id': 'default', 'project_domain_name': 'Default', 'project_id': '7ea4631a9e3d40eb958b82d3adc6c57a', 'project_name': 'tempest-ListServerFiltersTestJSON-470617050', 'tenant_id': '7ea4631a9e3d40eb958b82d3adc6c57a', 'tenant_name': 'tempest-ListServerFiltersTestJSON-470617050', 'user_domain_id': 'default', 'user_domain_name': 'Default', 'user_id': 'c1875b51ac434ec79a439d3f67dd5169', 'system': None}, Network: None, Subnet: None, Router: None
2024-10-01 03:21:22.927 62278 INFO tempest.lib.common.rest_client [req-84ea273b-4ee0-4058-ad9b-ec402afb0b9d req-84ea273b-4ee0-4058-ad9b-ec402afb0b9d ] Request (ServersAdminTestJSON:setUpClass): 200 GET http://10.180.1.21/compute/v2.1/servers/5c3e1fd2-51c0-482f-a5ba-a8793cc4163b 0.468s
2024-10-01 03:21:22.933 62252 INFO tempest.lib.common.rest_client [req-9ac0d5e8-d4da-4389-bfcd-a16f5a954f47 req-9ac0d5e8-d4da-4389-bfcd-a16f5a954f47 ] Request (InstanceUsageAuditLogNegativeTestJSON:setUpClass): 201 POST http://10.180.1.21/identity/v3/auth/tokens 0.073s
2024-10-01 03:21:22.944 62246 INFO tempest.lib.common.rest_client [req-b9435c36-1c89-4fb6-b4dc-3f7fb7b4fe41 req-b9435c36-1c89-4fb6-b4dc-3f7fb7b4fe41 ] Request (ListImageFiltersTestJSON:tearDownClass): 204 DELETE http://10.180.1.21/compute/v2.1/images/28efa2ca-3cd1-4de3-b78a-71fe8fe2700d 0.451s
2024-10-01 03:21:22.952 62238 INFO tempest.lib.common.rest_client [req-4f973bda-9777-4759-ba8a-a70b59f5f78f req-4f973bda-9777-4759-ba8a-a70b59f5f78f ] Request (ListServerFiltersTestJSON:setUpClass): 201 POST http://10.180.1.21/identity/v3/auth/tokens 0.062s
2024-10-01 03:21:22.957 62252 INFO tempest.lib.common.rest_client [req-c65aa5d7-076c-4930-9253-0c49782016c3 req-c65aa5d7-076c-4930-9253-0c49782016c3 ] Request (InstanceUsageAuditLogNegativeTestJSON:setUpClass): 200 GET http://10.180.1.21/identity/v3/domains?name=Default 0.023s
2024-10-01 03:21:22.980 62266 INFO tempest.lib.common.rest_client [req-d216dfea-f0fb-47d1-8ede-b9195bdac23d req-d216dfea-f0fb-47d1-8ede-b9195bdac23d ] Request (ListServersNegativeTestJSON:setUpClass): 200 GET http://10.180.1.21/compute/v2.1/servers/559b2089-8d15-4088-a0cb-6ab79a771dc5 0.447s
2024-10-01 03:21:22.990 62252 INFO tempest.lib.common.rest_client [req-933333f7-9872-4d4f-9831-363873496278 req-933333f7-9872-4d4f-9831-363873496278 ] Request (InstanceUsageAuditLogNegativeTestJSON:setUpClass): 201 POST http://10.180.1.21/identity/v3/projects 0.033s
2024-10-01 03:21:23.045 62218 INFO tempest.lib.common.rest_client [req-3328ae74-2c27-4c0f-bd75-052080b528ac req-3328ae74-2c27-4c0f-bd75-052080b528ac ] Request (AttachInterfacesTestJSON:test_create_list_show_delete_interfaces_by_fixed_ip): 200 GET http://10.180.1.21/compute/v2.1/servers/34b8c19f-6bfa-4aff-a0c9-76a4ab495fca 0.369s
2024-10-01 03:21:23.067 62252 INFO tempest.lib.common.rest_client [req-b097aa2d-ac6e-47a7-a190-de09244fffca req-b097aa2d-ac6e-47a7-a190-de09244fffca ] Request (InstanceUsageAuditLogNegativeTestJSON:setUpClass): 201 POST http://10.180.1.21/identity/v3/users 0.076s
2024-10-01 03:21:23.072 62216 INFO tempest.lib.common.rest_client [req-ffcce1c3-a3bc-4a7c-b807-686dd14b4423 req-ffcce1c3-a3bc-4a7c-b807-686dd14b4423 ] Request (FlavorsV2TestJSON:test_list_flavors_filter_by_min_ram): 200 GET http://10.180.1.21/compute/v2.1/flavors?minRam=193 0.373s
2024-10-01 03:21:23.091 62252 INFO tempest.lib.common.rest_client [req-4a5ac047-a9e4-4246-b72e-032a79e1f51d req-4a5ac047-a9e4-4246-b72e-032a79e1f51d ] Request (InstanceUsageAuditLogNegativeTestJSON:setUpClass): 200 GET http://10.180.1.21/identity/v3/roles 0.023s
2024-10-01 03:21:23.114 62270 INFO tempest.lib.common.rest_client [req-cb9385c0-72cc-4426-8403-42d0515e3e0f req-cb9385c0-72cc-4426-8403-42d0515e3e0f ] Request (ServerAddressesNegativeTestJSON:setUpClass): 200 GET http://10.180.1.21/compute/v2.1/servers/89a07c15-909a-4f8d-ab58-80bd49b3cb74 0.544s
2024-10-01 03:21:23.126 62270 INFO tempest.common.waiters [-] State transition "BUILD/networking" ==> "BUILD/block_device_mapping" after 53 second wait
2024-10-01 03:21:23.126 62252 INFO tempest.lib.common.rest_client [req-38169056-e743-46ba-ab28-124436012b6d req-38169056-e743-46ba-ab28-124436012b6d ] Request (InstanceUsageAuditLogNegativeTestJSON:setUpClass): 204 PUT http://10.180.1.21/identity/v3/projects/c38febbaa9514502bd0c07b863017b2b/users/6419c62221a5478ba3b2117a24b152c1/roles/9aa2dae361a14421a636b23411fbe22c 0.035s
2024-10-01 03:21:23.127 62252 INFO tempest.lib.common.dynamic_creds [-] Dynamic test user 6419c62221a5478ba3b2117a24b152c1 is created with scope project and roles: ['member']
2024-10-01 03:21:23.127 62252 INFO tempest.lib.common.dynamic_creds [-] Acquired dynamic creds: credentials: Credentials: {'domain_id': 'default', 'domain_name': 'Default', 'username': 'tempest-InstanceUsageAuditLogNegativeTestJSON-880854701-project-member', 'project_domain_id': 'default', 'project_domain_name': 'Default', 'project_id': 'c38febbaa9514502bd0c07b863017b2b', 'project_name': 'tempest-InstanceUsageAuditLogNegativeTestJSON-880854701', 'tenant_id': 'c38febbaa9514502bd0c07b863017b2b', 'tenant_name': 'tempest-InstanceUsageAuditLogNegativeTestJSON-880854701', 'user_domain_id': 'default', 'user_domain_name': 'Default', 'user_id': '6419c62221a5478ba3b2117a24b152c1', 'system': None}, Network: None, Subnet: None, Router: None
2024-10-01 03:21:23.127 62252 INFO tempest.lib.common.dynamic_creds [-] Created isolated network resources for: credentials: Credentials: {'domain_id': 'default', 'domain_name': 'Default', 'username': 'tempest-InstanceUsageAuditLogNegativeTestJSON-880854701-project-member', 'project_domain_id': 'default', 'project_domain_name': 'Default', 'project_id': 'c38febbaa9514502bd0c07b863017b2b', 'project_name': 'tempest-InstanceUsageAuditLogNegativeTestJSON-880854701', 'tenant_id': 'c38febbaa9514502bd0c07b863017b2b', 'tenant_name': 'tempest-InstanceUsageAuditLogNegativeTestJSON-880854701', 'user_domain_id': 'default', 'user_domain_name': 'Default', 'user_id': '6419c62221a5478ba3b2117a24b152c1', 'system': None}, Network: None, Subnet: None, Router: None
2024-10-01 03:21:23.146 62254 INFO tempest.lib.common.rest_client [req-b08d53e9-a006-4622-bb27-f34874752b27 req-b08d53e9-a006-4622-bb27-f34874752b27 ] Request (ImagesNegativeTestJSON:test_create_image_from_deleted_server): 200 GET http://10.180.1.21/compute/v2.1/servers/501d16a6-d8f8-4a6e-af57-cdb000355895 0.377s
2024-10-01 03:21:23.178 62234 INFO tempest.lib.common.rest_client [req-61939a38-5f31-4e87-80e7-713910be0eb3 req-61939a38-5f31-4e87-80e7-713910be0eb3 ] Request (SecurityGroupsTestJSON:test_list_security_groups_by_server): 200 GET http://10.180.1.21/compute/v2.1/servers/faf0ac72-8b22-4025-9420-c719558ba264 0.253s
2024-10-01 03:21:23.206 62246 INFO tempest.lib.common.rest_client [req-5df547a1-b923-425f-a0b8-89e0ac62c292 req-5df547a1-b923-425f-a0b8-89e0ac62c292 ] Request (ListImageFiltersTestJSON:tearDownClass): 204 DELETE http://10.180.1.21/compute/v2.1/images/ee0a6bce-a7ab-46f8-8142-2d17289263bf 0.262s
2024-10-01 03:21:23.220 62216 INFO tempest.lib.common.rest_client [req-84a9afbc-e20d-4e38-a9ed-23e2bf1af8a7 req-84a9afbc-e20d-4e38-a9ed-23e2bf1af8a7 ] Request (FlavorsV2TestJSON:test_list_flavors_limit_results): 200 GET http://10.180.1.21/compute/v2.1/flavors?limit=1 0.142s
2024-10-01 03:21:23.236 62252 INFO tempest.lib.common.rest_client [req-bc6fca75-e73a-4c07-81f7-0a0ab3b43826 req-bc6fca75-e73a-4c07-81f7-0a0ab3b43826 ] Request (InstanceUsageAuditLogNegativeTestJSON:setUpClass): 201 POST http://10.180.1.21/identity/v3/auth/tokens 0.102s
2024-10-01 03:21:23.247 62260 INFO tempest.lib.common.rest_client [req-3bebf95b-cd44-48d9-b443-441eda1bd8b8 req-3bebf95b-cd44-48d9-b443-441eda1bd8b8 ] Request (ServersTestJSON:setUpClass): 200 GET http://10.180.1.21/compute/v2.1/servers/394adc4e-7167-4eab-a81c-6de567aaa0de 0.248s
2024-10-01 03:21:23.289 62236 INFO tempest.lib.common.rest_client [req-7969fe1a-d312-4b81-b334-d04ab645cd33 req-7969fe1a-d312-4b81-b334-d04ab645cd33 ] Request (ServerDiagnosticsNegativeTest:test_get_server_diagnostics_by_non_admin): 200 GET http://10.180.1.21/compute/v2.1/servers/7eaa67ce-2591-4532-a6ce-23c9c18b7abf 0.204s
2024-10-01 03:21:23.299 62216 INFO tempest.lib.common.rest_client [req-51b7624a-8110-43d1-8c36-c02f27a10bb8 req-51b7624a-8110-43d1-8c36-c02f27a10bb8 ] Request (FlavorsV2TestJSON:test_list_flavors_using_marker): 200 GET http://10.180.1.21/compute/v2.1/flavors/42 0.074s
2024-10-01 03:21:23.307 62262 INFO tempest.lib.common.rest_client [req-82b00f0f-8dfe-41b1-a05f-257af635ef56 req-82b00f0f-8dfe-41b1-a05f-257af635ef56 ] Request (ServerMetadataTestJSON:setUpClass): 200 GET http://10.180.1.21/compute/v2.1/servers/dae127b7-bef7-40d5-9bf5-ff2f6957f3e0 0.136s
2024-10-01 03:21:23.337 62252 INFO tempest.lib.common.rest_client [req-5ac126a4-34b2-49bd-9670-71b7967615a0 req-5ac126a4-34b2-49bd-9670-71b7967615a0 ] Request (InstanceUsageAuditLogNegativeTestJSON:setUpClass): 201 POST http://10.180.1.21/identity/v3/projects 0.101s
2024-10-01 03:21:23.338 62216 INFO tempest.lib.common.rest_client [req-9f79403c-0019-4f69-abdd-2901170d7036 req-9f79403c-0019-4f69-abdd-2901170d7036 ] Request (FlavorsV2TestJSON:test_list_flavors_using_marker): 200 GET http://10.180.1.21/compute/v2.1/flavors?marker=42 0.036s
2024-10-01 03:21:23.338 62238 INFO tempest.lib.common.rest_client [req-33c4a4cf-8239-4f4d-bb96-3609191a183e req-33c4a4cf-8239-4f4d-bb96-3609191a183e ] Request (ListServerFiltersTestJSON:setUpClass): 201 POST http://10.180.1.21:9696/networking/v2.0/networks 0.385s
2024-10-01 03:21:23.345 62246 INFO tempest.lib.common.rest_client [req-c546595f-857e-4571-8621-65933a9b7105 req-c546595f-857e-4571-8621-65933a9b7105 ] Request (ListImageFiltersTestJSON:tearDownClass): 204 DELETE http://10.180.1.21/identity/v3/users/05c7bd7c79a64ef0a47862c62f9e4b8c 0.138s
2024-10-01 03:21:23.346 62246 INFO tempest.lib.common.dynamic_creds [-] Deleting project and security group for project: 6d3d29e0fd2841cfb1dec15909eaac4d
2024-10-01 03:21:23.357 62232 INFO tempest.lib.common.rest_client [req-008040b8-b644-496b-8885-c6a44d2c9b68 req-008040b8-b644-496b-8885-c6a44d2c9b68 ] Request (FloatingIPsAssociationNegativeTestJSON:setUpClass): 200 GET http://10.180.1.21/compute/v2.1/servers/e38f00fb-d83a-41c2-843e-1172d7dce4b9 0.119s
2024-10-01 03:21:23.372 62216 INFO tempest.lib.common.rest_client [req-00e1937a-4259-45cb-936b-2f287db5fccf req-00e1937a-4259-45cb-936b-2f287db5fccf ] Request (FlavorsV2TestJSON:test_list_flavors_with_detail): 200 GET http://10.180.1.21/compute/v2.1/flavors/detail 0.029s
2024-10-01 03:21:23.390 62216 INFO tempest.lib.common.rest_client [req-4220d8be-52c2-4073-a3a7-77d760254bb0 req-4220d8be-52c2-4073-a3a7-77d760254bb0 ] Request (FlavorsV2TestJSON:test_list_flavors_with_detail): 200 GET http://10.180.1.21/compute/v2.1/flavors/42 0.013s
2024-10-01 03:21:23.405 62274 INFO tempest.lib.common.rest_client [req-6d2f9323-75f3-4133-8cf4-8c215d4994b4 req-6d2f9323-75f3-4133-8cf4-8c215d4994b4 ] Request (DeleteServersAdminTestJSON:test_delete_server_while_in_error_state): 200 GET http://10.180.1.21/compute/v2.1/servers/96ee55a5-1957-47d7-8f58-a626d870446e 0.064s
2024-10-01 03:21:23.416 62246 INFO tempest.lib.common.rest_client [req-d5f6ec2c-46c2-43d7-b7d5-edb596cc12d8 req-d5f6ec2c-46c2-43d7-b7d5-edb596cc12d8 ] Request (ListImageFiltersTestJSON:tearDownClass): 201 POST http://10.180.1.21/identity/v3/auth/tokens 0.070s
2024-10-01 03:21:23.438 62252 INFO tempest.lib.common.rest_client [req-76c8284b-78fa-4931-9463-2c78f4a188ca req-76c8284b-78fa-4931-9463-2c78f4a188ca ] Request (InstanceUsageAuditLogNegativeTestJSON:setUpClass): 201 POST http://10.180.1.21/identity/v3/users 0.100s
2024-10-01 03:21:23.479 62228 INFO tempest.lib.common.rest_client [req-d4e5bfc7-6abb-4c55-bd92-a413e1424fda req-d4e5bfc7-6abb-4c55-bd92-a413e1424fda ] Request (DeleteServersTestJSON:test_delete_active_server): 200 GET http://10.180.1.21/compute/v2.1/servers/56e1c963-61b5-41c3-9aee-c091dd8322ad 0.060s
2024-10-01 03:21:23.487 62216 INFO tempest.lib.common.rest_client [req-46a00867-9189-469c-b08f-10ec2a2358a8 req-46a00867-9189-469c-b08f-10ec2a2358a8 ] Request (FlavorsV2TestJSON:tearDownClass): 204 DELETE http://10.180.1.21/identity/v3/users/cd14ee75e5344ab49151c3bba6c28642 0.093s
2024-10-01 03:21:23.488 62216 INFO tempest.lib.common.dynamic_creds [-] Deleting project and security group for project: 00195e8a247c4e349d80a160d3ea32bc
2024-10-01 03:21:23.546 62252 INFO tempest.lib.common.rest_client [req-c4dfe652-9c1d-4527-b19b-57ccaf55338c req-c4dfe652-9c1d-4527-b19b-57ccaf55338c ] Request (InstanceUsageAuditLogNegativeTestJSON:setUpClass): 200 GET http://10.180.1.21/identity/v3/roles 0.107s
2024-10-01 03:21:23.573 62216 INFO tempest.lib.common.rest_client [req-fb4557c5-7974-4692-8acf-7a3da6b0aa39 req-fb4557c5-7974-4692-8acf-7a3da6b0aa39 ] Request (FlavorsV2TestJSON:tearDownClass): 201 POST http://10.180.1.21/identity/v3/auth/tokens 0.085s
2024-10-01 03:21:23.591 62238 INFO tempest.lib.common.rest_client [req-a1bf5c9a-9ff9-4ae9-905f-40854e1faa28 req-a1bf5c9a-9ff9-4ae9-905f-40854e1faa28 ] Request (ListServerFiltersTestJSON:setUpClass): 201 POST http://10.180.1.21:9696/networking/v2.0/subnets 0.252s
