2024-10-01 03:21:23.591 62238 INFO tempest.lib.common.dynamic_creds [-] Created isolated network resources for: credentials: Credentials: {'domain_id': 'default', 'domain_name': 'Default', 'username': 'tempest-ListServerFiltersTestJSON-470617050-project-member', 'project_domain_id': 'default', 'project_domain_name': 'Default', 'project_id': '7ea4631a9e3d40eb958b82d3adc6c57a', 'project_name': 'tempest-ListServerFiltersTestJSON-470617050', 'tenant_id': '7ea4631a9e3d40eb958b82d3adc6c57a', 'tenant_name': 'tempest-ListServerFiltersTestJSON-470617050', 'user_domain_id': 'default', 'user_domain_name': 'Default', 'user_id': 'c1875b51ac434ec79a439d3f67dd5169', 'system': None}, Network: {'id': 'e830c4a0-981b-49f6-964a-f07917f16dee', 'name': 'tempest-ListServerFiltersTestJSON-448507438-network', 'tenant_id': '7ea4631a9e3d40eb958b82d3adc6c57a', 'admin_state_up': True, 'mtu': 8950, 'status': 'ACTIVE', 'subnets': [], 'shared': False, 'project_id': '7ea4631a9e3d40eb958b82d3adc6c57a', 'port_security_enabled': True, 'router:external': False, 'provider:network_type': 'vlan', 'provider:physical_network': 'default', 'provider:segmentation_id': 734, 'is_default': False, 'availability_zone_hints': [], 'availability_zones': [], 'ipv4_address_scope': None, 'ipv6_address_scope': None, 'description': '', 'tags': [], 'created_at': '2024-10-01T03:21:23Z', 'updated_at': '2024-10-01T03:21:23Z', 'revision_number': 1}, Subnet: {'id': 'fe565cf3-ed3c-4294-82bd-4139601326ca', 'name': 'tempest-ListServerFiltersTestJSON-448507438-subnet', 'tenant_id': '7ea4631a9e3d40eb958b82d3adc6c57a', 'network_id': 'e830c4a0-981b-49f6-964a-f07917f16dee', 'ip_version': 4, 'subnetpool_id': None, 'enable_dhcp': True, 'ipv6_ra_mode': None, 'ipv6_address_mode': None, 'gateway_ip': '192.168.128.1', 'cidr': '192.168.128.0/28', 'allocation_pools': [{'start': '192.168.128.2', 'end': '192.168.128.14'}], 'host_routes': [], 'dns_nameservers': [], 'description': '', 'router:external': False, 'service_types': [], 'tags': [], 'created_at': '2024-10-01T03:21:23Z', 'updated_at': '2024-10-01T03:21:23Z', 'revision_number': 0, 'project_id': '7ea4631a9e3d40eb958b82d3adc6c57a'}, Router: None
2024-10-01 03:21:23.593 62252 INFO tempest.lib.common.rest_client [req-2e0e5ca7-206a-4222-97e8-81c1f4771254 req-2e0e5ca7-206a-4222-97e8-81c1f4771254 ] Request (InstanceUsageAuditLogNegativeTestJSON:setUpClass): 204 PUT http://10.180.1.21/identity/v3/projects/2c76247ff36c4c6b90af09cd3b2a72a4/users/ae89285c6fc8494ba11dc2f30366fbc9/roles/b1114319fd7c440d8e5603d4bc143a5b 0.046s
2024-10-01 03:21:23.614 62224 INFO tempest.lib.common.rest_client [req-2b13a76c-21e7-4987-b2f0-89bf01ded518 req-2b13a76c-21e7-4987-b2f0-89bf01ded518 ] Request (AttachInterfacesV270Test:test_create_get_list_interfaces): 200 GET http://10.180.1.21/compute/v2.1/servers/84261044-0bfa-4b12-89cb-e03035e78165 0.065s
2024-10-01 03:21:23.624 62246 INFO tempest.lib.common.rest_client [req-fe8d931c-9913-44ba-83cf-08bbabd656c2 req-fe8d931c-9913-44ba-83cf-08bbabd656c2 ] Request (ListImageFiltersTestJSON:tearDownClass): 200 GET http://10.180.1.21:9696/networking/v2.0/security-groups?tenant_id=6d3d29e0fd2841cfb1dec15909eaac4d&name=default 0.207s
2024-10-01 03:21:23.650 62258 INFO tempest.lib.common.rest_client [req-c225b957-1a5b-4bc0-b5da-a7fdab62a35a req-c225b957-1a5b-4bc0-b5da-a7fdab62a35a ] Request (AttachVolumeTestJSON:test_attach_detach_volume): 200 GET http://10.180.1.21/compute/v2.1/servers/16b161f5-3c90-4312-9830-3ac4a4ac7988 0.075s
2024-10-01 03:21:23.654 62252 INFO tempest.lib.common.rest_client [req-bc59d1de-237b-4f09-96c4-01004fb05393 req-bc59d1de-237b-4f09-96c4-01004fb05393 ] Request (InstanceUsageAuditLogNegativeTestJSON:setUpClass): 200 GET http://10.180.1.21/identity/v3/roles 0.060s
2024-10-01 03:21:23.680 62252 INFO tempest.lib.common.rest_client [req-e77b9921-1edc-44b2-b0e2-bc59515e0a35 req-e77b9921-1edc-44b2-b0e2-bc59515e0a35 ] Request (InstanceUsageAuditLogNegativeTestJSON:setUpClass): 204 PUT http://10.180.1.21/identity/v3/projects/2c76247ff36c4c6b90af09cd3b2a72a4/users/ae89285c6fc8494ba11dc2f30366fbc9/roles/b1114319fd7c440d8e5603d4bc143a5b 0.025s
2024-10-01 03:21:23.680 62252 INFO tempest.lib.common.dynamic_creds [-] Dynamic test user ae89285c6fc8494ba11dc2f30366fbc9 is created with scope project and roles: ['admin']
2024-10-01 03:21:23.680 62252 INFO tempest.lib.common.dynamic_creds [-] Acquired dynamic creds: credentials: Credentials: {'domain_id': 'default', 'domain_name': 'Default', 'username': 'tempest-InstanceUsageAuditLogNegativeTestJSON-2032446421-project-admin', 'project_domain_id': 'default', 'project_domain_name': 'Default', 'project_id': '2c76247ff36c4c6b90af09cd3b2a72a4', 'project_name': 'tempest-InstanceUsageAuditLogNegativeTestJSON-2032446421', 'tenant_id': '2c76247ff36c4c6b90af09cd3b2a72a4', 'tenant_name': 'tempest-InstanceUsageAuditLogNegativeTestJSON-2032446421', 'user_domain_id': 'default', 'user_domain_name': 'Default', 'user_id': 'ae89285c6fc8494ba11dc2f30366fbc9', 'system': None}, Network: None, Subnet: None, Router: None
2024-10-01 03:21:23.681 62252 INFO tempest.lib.common.dynamic_creds [-] Created isolated network resources for: credentials: Credentials: {'domain_id': 'default', 'domain_name': 'Default', 'username': 'tempest-InstanceUsageAuditLogNegativeTestJSON-2032446421-project-admin', 'project_domain_id': 'default', 'project_domain_name': 'Default', 'project_id': '2c76247ff36c4c6b90af09cd3b2a72a4', 'project_name': 'tempest-InstanceUsageAuditLogNegativeTestJSON-2032446421', 'tenant_id': '2c76247ff36c4c6b90af09cd3b2a72a4', 'tenant_name': 'tempest-InstanceUsageAuditLogNegativeTestJSON-2032446421', 'user_domain_id': 'default', 'user_domain_name': 'Default', 'user_id': 'ae89285c6fc8494ba11dc2f30366fbc9', 'system': None}, Network: None, Subnet: None, Router: None
2024-10-01 03:21:23.689 62220 INFO tempest.lib.common.rest_client [req-ec4f92ed-e78c-4af7-8eb7-8370bf979ee2 req-ec4f92ed-e78c-4af7-8eb7-8370bf979ee2 ] Request (ImagesTestJSON:test_create_image_from_stopped_server): 200 GET http://10.180.1.21/compute/v2.1/servers/d673cb36-d9c2-4994-a374-c4aa10497312 0.075s
2024-10-01 03:21:23.713 62264 INFO tempest.lib.common.rest_client [req-7c85f8fd-0dce-4dd0-b2bb-45cbedf8b885 req-7c85f8fd-0dce-4dd0-b2bb-45cbedf8b885 ] Request (ServerPasswordTestJSON:setUpClass): 200 GET http://10.180.1.21/compute/v2.1/servers/2d626ba2-61e5-4a66-bbb9-9c3f534fb2ed 0.076s
2024-10-01 03:21:23.717 62238 INFO tempest.lib.common.rest_client [req-67e669c4-0af4-4247-94b9-543cbaa77eac req-67e669c4-0af4-4247-94b9-543cbaa77eac ] Request (ListServerFiltersTestJSON:setUpClass): 201 POST http://10.180.1.21/identity/v3/auth/tokens 0.121s
2024-10-01 03:21:23.751 62242 INFO tempest.lib.common.rest_client [req-b0095b20-14a6-467d-aca0-3e66906d7059 req-b0095b20-14a6-467d-aca0-3e66906d7059 ] Request (ServersTestMultiNic:test_verify_duplicate_network_nics): 200 GET http://10.180.1.21/compute/v2.1/servers/648a2f65-67a6-4029-a971-721fcb646091 0.065s
2024-10-01 03:21:23.773 62252 INFO tempest.lib.common.rest_client [req-d067195e-478e-4cbd-ad41-bc2c01db4a24 req-d067195e-478e-4cbd-ad41-bc2c01db4a24 ] Request (InstanceUsageAuditLogNegativeTestJSON:setUpClass): 201 POST http://10.180.1.21/identity/v3/auth/tokens 0.083s
2024-10-01 03:21:23.777 62238 INFO tempest.lib.common.rest_client [req-e67e4443-1419-4bda-827f-745fcdc22a2a req-e67e4443-1419-4bda-827f-745fcdc22a2a ] Request (ListServerFiltersTestJSON:setUpClass): 201 POST http://10.180.1.21/identity/v3/auth/tokens 0.055s
2024-10-01 03:21:23.777 62238 INFO tempest.lib.common.fixed_network [-] (ListServerFiltersTestJSON:setUpClass) Found network {'id': 'e830c4a0-981b-49f6-964a-f07917f16dee', 'name': 'tempest-ListServerFiltersTestJSON-448507438-network', 'tenant_id': '7ea4631a9e3d40eb958b82d3adc6c57a', 'admin_state_up': True, 'mtu': 8950, 'status': 'ACTIVE', 'subnets': [], 'shared': False, 'project_id': '7ea4631a9e3d40eb958b82d3adc6c57a', 'port_security_enabled': True, 'router:external': False, 'provider:network_type': 'vlan', 'provider:physical_network': 'default', 'provider:segmentation_id': 734, 'is_default': False, 'availability_zone_hints': [], 'availability_zones': [], 'ipv4_address_scope': None, 'ipv6_address_scope': None, 'description': '', 'tags': [], 'created_at': '2024-10-01T03:21:23Z', 'updated_at': '2024-10-01T03:21:23Z', 'revision_number': 1} available for tenant
2024-10-01 03:21:23.796 62268 INFO tempest.lib.common.rest_client [req-6e49ef04-600e-45e2-85b6-90ced21137ec req-6e49ef04-600e-45e2-85b6-90ced21137ec ] Request (InstanceActionsV221TestJSON:test_get_list_deleted_instance_actions): 200 GET http://10.180.1.21/compute/v2.1/servers/4e1acfa0-1a47-4692-a354-94bea867cea3 0.092s
2024-10-01 03:21:23.814 62238 INFO tempest.lib.common.rest_client [req-d62c9739-4d72-4af3-953c-6808976ccf0b req-d62c9739-4d72-4af3-953c-6808976ccf0b ] Request (ListServerFiltersTestJSON:setUpClass): 201 POST http://10.180.1.21/identity/v3/auth/tokens 0.029s
2024-10-01 03:21:23.814 62238 INFO tempest.lib.common.fixed_network [-] (ListServerFiltersTestJSON:setUpClass) Found network {'id': 'e830c4a0-981b-49f6-964a-f07917f16dee', 'name': 'tempest-ListServerFiltersTestJSON-448507438-network', 'tenant_id': '7ea4631a9e3d40eb958b82d3adc6c57a', 'admin_state_up': True, 'mtu': 8950, 'status': 'ACTIVE', 'subnets': [], 'shared': False, 'project_id': '7ea4631a9e3d40eb958b82d3adc6c57a', 'port_security_enabled': True, 'router:external': False, 'provider:network_type': 'vlan', 'provider:physical_network': 'default', 'provider:segmentation_id': 734, 'is_default': False, 'availability_zone_hints': [], 'availability_zones': [], 'ipv4_address_scope': None, 'ipv6_address_scope': None, 'description': '', 'tags': [], 'created_at': '2024-10-01T03:21:23Z', 'updated_at': '2024-10-01T03:21:23Z', 'revision_number': 1} available for tenant
2024-10-01 03:21:23.834 62246 INFO tempest.lib.common.rest_client [req-3ef1e93f-9b68-4427-aa17-5366b61614d4 req-3ef1e93f-9b68-4427-aa17-5366b61614d4 ] Request (ListImageFiltersTestJSON:tearDownClass): 204 DELETE http://10.180.1.21:9696/networking/v2.0/security-groups/710f4b19-e55f-4b36-a695-e55e10cd62c9 0.210s
2024-10-01 03:21:23.838 62230 INFO tempest.lib.common.rest_client [req-328e393d-df45-4b21-b108-c243571ca54f req-328e393d-df45-4b21-b108-c243571ca54f ] Request (VolumesAdminNegativeTest:test_update_attached_volume_with_nonexistent_volume_in_body): 200 GET http://10.180.1.21/compute/v2.1/servers/47e8bb2c-8b79-431a-901f-4eeb479b83fa 0.070s
2024-10-01 03:21:23.848 62216 INFO tempest.lib.common.rest_client [req-af4f6ea2-7d57-421f-9452-1244265a2994 req-af4f6ea2-7d57-421f-9452-1244265a2994 ] Request (FlavorsV2TestJSON:tearDownClass): 200 GET http://10.180.1.21:9696/networking/v2.0/security-groups?tenant_id=00195e8a247c4e349d80a160d3ea32bc&name=default 0.274s
2024-10-01 03:21:23.883 62252 INFO tempest.lib.common.rest_client [req-881ba5e9-6152-4e92-bb43-575af9c28ddc req-881ba5e9-6152-4e92-bb43-575af9c28ddc ] Request (InstanceUsageAuditLogNegativeTestJSON:test_get_instance_usage_audit_logs_with_invalid_time): 400 GET http://10.180.1.21/compute/v2.1/os-instance_usage_audit_log/invalid_time 0.108s
2024-10-01 03:21:23.903 62222 INFO tempest.lib.common.rest_client [req-8f219522-aa4d-4978-a252-49843db0551f req-8f219522-aa4d-4978-a252-49843db0551f ] Request (AttachInterfacesUnderV243Test:test_add_remove_fixed_ip): 200 GET http://10.180.1.21/compute/v2.1/servers/0aae803d-c785-46ab-b28b-e4563e726e2e 0.126s
2024-10-01 03:21:23.943 62246 INFO tempest.lib.common.rest_client [req-213c84cd-d8ff-4023-bd21-a353d7ec2eb0 req-213c84cd-d8ff-4023-bd21-a353d7ec2eb0 ] Request (ListImageFiltersTestJSON:tearDownClass): 204 DELETE http://10.180.1.21/identity/v3/projects/6d3d29e0fd2841cfb1dec15909eaac4d 0.108s
2024-10-01 03:21:23.968 62256 INFO tempest.lib.common.rest_client [req-8092792d-c10a-49bb-beb5-52546e3b05f5 req-8092792d-c10a-49bb-beb5-52546e3b05f5 ] Request (ServerActionsTestOtherB:setUpClass): 200 GET http://10.180.1.21/compute/v2.1/servers/6177a0e7-1b3e-4991-9293-0f82c1a28075 0.144s
2024-10-01 03:21:23.982 62216 INFO tempest.lib.common.rest_client [req-b65d7643-0528-4a33-9ba6-9a66a45b8109 req-b65d7643-0528-4a33-9ba6-9a66a45b8109 ] Request (FlavorsV2TestJSON:tearDownClass): 204 DELETE http://10.180.1.21:9696/networking/v2.0/security-groups/c6eb2bb3-1367-4477-a42a-47895db578ab 0.134s
2024-10-01 03:21:24.025 62246 INFO tempest.lib.common.rest_client [req-81d3b09f-c552-48d4-a61b-704b686b9822 req-81d3b09f-c552-48d4-a61b-704b686b9822 ] Request (ServerRescueTestJSON:setUpClass): 201 POST http://10.180.1.21/identity/v3/auth/tokens 0.074s
2024-10-01 03:21:24.029 62277 INFO tempest.lib.common.rest_client [req-cedcc164-dfef-4e00-afaa-0ba57b473e2a req-cedcc164-dfef-4e00-afaa-0ba57b473e2a ] Request (ImagesOneServerNegativeTestJSON:setUpClass): 200 GET http://10.180.1.21/compute/v2.1/servers/6f379583-ff30-4cce-a64f-eb0b8b3ca002 0.196s
2024-10-01 03:21:24.062 62246 INFO tempest.lib.common.rest_client [req-072d6b6f-fc1a-463f-8f95-d3d797e640de req-072d6b6f-fc1a-463f-8f95-d3d797e640de ] Request (ServerRescueTestJSON:setUpClass): 201 POST http://10.180.1.21/identity/v3/auth/tokens 0.034s
2024-10-01 03:21:24.087 62216 INFO tempest.lib.common.rest_client [req-e84f5f74-f8d4-4012-8ee6-335bea90a7e2 req-e84f5f74-f8d4-4012-8ee6-335bea90a7e2 ] Request (FlavorsV2TestJSON:tearDownClass): 204 DELETE http://10.180.1.21/identity/v3/projects/00195e8a247c4e349d80a160d3ea32bc 0.104s
2024-10-01 03:21:24.108 62240 INFO tempest.lib.common.rest_client [req-4e6520a1-2f2f-40d5-9705-4567891d9b9c req-4e6520a1-2f2f-40d5-9705-4567891d9b9c ] Request (ServersTestFqdnHostnames:test_create_server_with_fqdn_name): 200 GET http://10.180.1.21/compute/v2.1/servers/a8ec425d-4dd0-476e-943c-eb3a16f7c581 0.237s
2024-10-01 03:21:24.115 62216 INFO tempest.lib.common.rest_client [req-08771ce2-0a61-4d09-9198-50c0bc8c9d70 req-08771ce2-0a61-4d09-9198-50c0bc8c9d70 ] Request (InstanceActionsNegativeTestJSON:setUpClass): 201 POST http://10.180.1.21/identity/v3/auth/tokens 0.026s
2024-10-01 03:21:24.118 62246 INFO tempest.lib.common.rest_client [req-bce0857b-1671-4011-a478-aebb8c545bc7 req-bce0857b-1671-4011-a478-aebb8c545bc7 ] Request (ServerRescueTestJSON:setUpClass): 200 GET http://10.180.1.21/identity/v3/domains?name=Default 0.056s
2024-10-01 03:21:24.146 62216 INFO tempest.lib.common.rest_client [req-833f0bfd-efe2-401b-9858-342d9cd30b7e req-833f0bfd-efe2-401b-9858-342d9cd30b7e ] Request (InstanceActionsNegativeTestJSON:setUpClass): 201 POST http://10.180.1.21/identity/v3/auth/tokens 0.028s
2024-10-01 03:21:24.183 62246 INFO tempest.lib.common.rest_client [req-f820eefb-7aed-4392-a7f1-0bde68ccce8d req-f820eefb-7aed-4392-a7f1-0bde68ccce8d ] Request (ServerRescueTestJSON:setUpClass): 201 POST http://10.180.1.21/identity/v3/projects 0.063s
2024-10-01 03:21:24.227 62252 INFO tempest.lib.common.rest_client [req-9892e674-ea31-455f-af95-761f2566cc54 req-9892e674-ea31-455f-af95-761f2566cc54 ] Request (InstanceUsageAuditLogNegativeTestJSON:test_instance_usage_audit_logs_with_nonadmin_user): 403 GET http://10.180.1.21/compute/v2.1/os-instance_usage_audit_log 0.343s
2024-10-01 03:21:24.239 62216 INFO tempest.lib.common.rest_client [req-3bfc8e60-946e-4356-92e1-9f8d66ec8da6 req-3bfc8e60-946e-4356-92e1-9f8d66ec8da6 ] Request (InstanceActionsNegativeTestJSON:setUpClass): 200 GET http://10.180.1.21/identity/v3/domains?name=Default 0.092s
2024-10-01 03:21:24.242 62238 INFO tempest.lib.common.rest_client [req-c6556603-604d-452c-97b9-43d5c333b22a req-c6556603-604d-452c-97b9-43d5c333b22a ] Request (ListServerFiltersTestJSON:setUpClass): 202 POST http://10.180.1.21/compute/v2.1/servers 0.428s
2024-10-01 03:21:24.248 62246 INFO tempest.lib.common.rest_client [req-75cf759c-2062-495b-a001-f2dde10bbf4f req-75cf759c-2062-495b-a001-f2dde10bbf4f ] Request (ServerRescueTestJSON:setUpClass): 201 POST http://10.180.1.21/identity/v3/users 0.063s
2024-10-01 03:21:24.276 62216 INFO tempest.lib.common.rest_client [req-5a3f7b92-3cea-4720-941d-d1db32410263 req-5a3f7b92-3cea-4720-941d-d1db32410263 ] Request (InstanceActionsNegativeTestJSON:setUpClass): 201 POST http://10.180.1.21/identity/v3/projects 0.036s
2024-10-01 03:21:24.306 62250 INFO tempest.lib.common.rest_client [req-a1a580c5-9621-4ce8-8395-8a8f900c22ca req-a1a580c5-9621-4ce8-8395-8a8f900c22ca ] Request (ServerActionsTestOtherA:setUpClass): 200 GET http://10.180.1.21/compute/v2.1/servers/db0e0443-7630-48de-922d-0485631307f0 0.419s
2024-10-01 03:21:24.307 62278 INFO tempest.lib.common.rest_client [req-e0ac3209-c705-4bc3-9911-5a8e670cdd5e req-e0ac3209-c705-4bc3-9911-5a8e670cdd5e ] Request (ServersAdminTestJSON:setUpClass): 200 GET http://10.180.1.21/compute/v2.1/servers/5c3e1fd2-51c0-482f-a5ba-a8793cc4163b 0.373s
2024-10-01 03:21:24.315 62238 INFO tempest.lib.common.rest_client [req-04b5fd68-5cd0-4d53-bdda-ff28b56cbcdf req-04b5fd68-5cd0-4d53-bdda-ff28b56cbcdf ] Request (ListServerFiltersTestJSON:setUpClass): 201 POST http://10.180.1.21/identity/v3/auth/tokens 0.069s
2024-10-01 03:21:24.315 62238 INFO tempest.lib.common.fixed_network [-] (ListServerFiltersTestJSON:setUpClass) Found network {'id': 'e830c4a0-981b-49f6-964a-f07917f16dee', 'name': 'tempest-ListServerFiltersTestJSON-448507438-network', 'tenant_id': '7ea4631a9e3d40eb958b82d3adc6c57a', 'admin_state_up': True, 'mtu': 8950, 'status': 'ACTIVE', 'subnets': [], 'shared': False, 'project_id': '7ea4631a9e3d40eb958b82d3adc6c57a', 'port_security_enabled': True, 'router:external': False, 'provider:network_type': 'vlan', 'provider:physical_network': 'default', 'provider:segmentation_id': 734, 'is_default': False, 'availability_zone_hints': [], 'availability_zones': [], 'ipv4_address_scope': None, 'ipv6_address_scope': None, 'description': '', 'tags': [], 'created_at': '2024-10-01T03:21:23Z', 'updated_at': '2024-10-01T03:21:23Z', 'revision_number': 1} available for tenant
2024-10-01 03:21:24.318 62246 INFO tempest.lib.common.rest_client [req-7c5bad5c-4006-40aa-9655-9b60c685074c req-7c5bad5c-4006-40aa-9655-9b60c685074c ] Request (ServerRescueTestJSON:setUpClass): 200 GET http://10.180.1.21/identity/v3/roles 0.070s
2024-10-01 03:21:24.338 62216 INFO tempest.lib.common.rest_client [req-cee19e1f-c482-4838-ab45-9f946b27c2b5 req-cee19e1f-c482-4838-ab45-9f946b27c2b5 ] Request (InstanceActionsNegativeTestJSON:setUpClass): 201 POST http://10.180.1.21/identity/v3/users 0.062s
2024-10-01 03:21:24.343 62246 INFO tempest.lib.common.rest_client [req-96d3d7fd-b8bc-46e9-b098-b92f3e55a0f2 req-96d3d7fd-b8bc-46e9-b098-b92f3e55a0f2 ] Request (ServerRescueTestJSON:setUpClass): 204 PUT http://10.180.1.21/identity/v3/projects/3a946ecf7ede49e89adf74084c862be9/users/097f8982280d4a468f2e70393608337a/roles/9aa2dae361a14421a636b23411fbe22c 0.024s
2024-10-01 03:21:24.343 62246 INFO tempest.lib.common.dynamic_creds [-] Dynamic test user 097f8982280d4a468f2e70393608337a is created with scope project and roles: ['member']
2024-10-01 03:21:24.343 62246 INFO tempest.lib.common.dynamic_creds [-] Acquired dynamic creds: credentials: Credentials: {'domain_id': 'default', 'domain_name': 'Default', 'username': 'tempest-ServerRescueTestJSON-1012493136-project-member', 'project_domain_id': 'default', 'project_domain_name': 'Default', 'project_id': '3a946ecf7ede49e89adf74084c862be9', 'project_name': 'tempest-ServerRescueTestJSON-1012493136', 'tenant_id': '3a946ecf7ede49e89adf74084c862be9', 'tenant_name': 'tempest-ServerRescueTestJSON-1012493136', 'user_domain_id': 'default', 'user_domain_name': 'Default', 'user_id': '097f8982280d4a468f2e70393608337a', 'system': None}, Network: None, Subnet: None, Router: None
2024-10-01 03:21:24.360 62218 INFO tempest.lib.common.rest_client [req-e5207a54-cff3-43ec-8128-33ff6ef15027 req-e5207a54-cff3-43ec-8128-33ff6ef15027 ] Request (AttachInterfacesTestJSON:test_create_list_show_delete_interfaces_by_fixed_ip): 200 GET http://10.180.1.21/compute/v2.1/servers/34b8c19f-6bfa-4aff-a0c9-76a4ab495fca 0.305s
2024-10-01 03:21:24.366 62266 INFO tempest.lib.common.rest_client [req-38a0b473-8c8e-4f13-b6a9-44037ea64534 req-38a0b473-8c8e-4f13-b6a9-44037ea64534 ] Request (ListServersNegativeTestJSON:setUpClass): 200 GET http://10.180.1.21/compute/v2.1/servers/559b2089-8d15-4088-a0cb-6ab79a771dc5 0.375s
2024-10-01 03:21:24.395 62216 INFO tempest.lib.common.rest_client [req-fc031c97-a72d-46c9-8312-0ed5a59e84d6 req-fc031c97-a72d-46c9-8312-0ed5a59e84d6 ] Request (InstanceActionsNegativeTestJSON:setUpClass): 200 GET http://10.180.1.21/identity/v3/roles 0.056s
2024-10-01 03:21:24.409 62246 INFO tempest.lib.common.rest_client [req-5bd91f8b-101a-479a-90fa-bd3dae587c76 req-5bd91f8b-101a-479a-90fa-bd3dae587c76 ] Request (ServerRescueTestJSON:setUpClass): 201 POST http://10.180.1.21/identity/v3/auth/tokens 0.065s
2024-10-01 03:21:24.414 62270 INFO tempest.lib.common.rest_client [req-fdf1b1e8-ccd8-4f50-aa56-416853411af4 req-fdf1b1e8-ccd8-4f50-aa56-416853411af4 ] Request (ServerAddressesNegativeTestJSON:setUpClass): 200 GET http://10.180.1.21/compute/v2.1/servers/89a07c15-909a-4f8d-ab58-80bd49b3cb74 0.286s
2024-10-01 03:21:24.419 62254 INFO tempest.lib.common.rest_client [req-7f4496f8-be5f-4b23-9a82-fe4aaaac9d70 req-7f4496f8-be5f-4b23-9a82-fe4aaaac9d70 ] Request (ImagesNegativeTestJSON:test_create_image_from_deleted_server): 200 GET http://10.180.1.21/compute/v2.1/servers/501d16a6-d8f8-4a6e-af57-cdb000355895 0.262s
2024-10-01 03:21:24.423 62270 INFO tempest.common.waiters [-] State transition "BUILD/block_device_mapping" ==> "BUILD/spawning" after 54 second wait
2024-10-01 03:21:24.424 62216 INFO tempest.lib.common.rest_client [req-725d99d9-4895-4153-b8e6-0643c7c45412 req-725d99d9-4895-4153-b8e6-0643c7c45412 ] Request (InstanceActionsNegativeTestJSON:setUpClass): 204 PUT http://10.180.1.21/identity/v3/projects/02af409c73a24d65a614dd27ae4c55fa/users/18897ff7f87347dba3791b5f4ce60158/roles/9aa2dae361a14421a636b23411fbe22c 0.027s
2024-10-01 03:21:24.424 62216 INFO tempest.lib.common.dynamic_creds [-] Dynamic test user 18897ff7f87347dba3791b5f4ce60158 is created with scope project and roles: ['member']
2024-10-01 03:21:24.424 62216 INFO tempest.lib.common.dynamic_creds [-] Acquired dynamic creds: credentials: Credentials: {'domain_id': 'default', 'domain_name': 'Default', 'username': 'tempest-InstanceActionsNegativeTestJSON-1861900949-project-member', 'project_domain_id': 'default', 'project_domain_name': 'Default', 'project_id': '02af409c73a24d65a614dd27ae4c55fa', 'project_name': 'tempest-InstanceActionsNegativeTestJSON-1861900949', 'tenant_id': '02af409c73a24d65a614dd27ae4c55fa', 'tenant_name': 'tempest-InstanceActionsNegativeTestJSON-1861900949', 'user_domain_id': 'default', 'user_domain_name': 'Default', 'user_id': '18897ff7f87347dba3791b5f4ce60158', 'system': None}, Network: None, Subnet: None, Router: None
2024-10-01 03:21:24.425 62252 INFO tempest.lib.common.rest_client [req-03b663e6-2bee-4e48-8949-798f7018f2b9 req-03b663e6-2bee-4e48-8949-798f7018f2b9 ] Request (InstanceUsageAuditLogNegativeTestJSON:test_instance_usage_audit_logs_with_nonadmin_user): 403 GET http://10.180.1.21/compute/v2.1/os-instance_usage_audit_log/2024-10-01%2003%3A21%3A24 0.197s
2024-10-01 03:21:24.460 62234 INFO tempest.lib.common.rest_client [req-a0ca6122-40e3-400d-b830-e01acb379020 req-a0ca6122-40e3-400d-b830-e01acb379020 ] Request (SecurityGroupsTestJSON:test_list_security_groups_by_server): 200 GET http://10.180.1.21/compute/v2.1/servers/faf0ac72-8b22-4025-9420-c719558ba264 0.275s
2024-10-01 03:21:24.474 62260 INFO tempest.lib.common.rest_client [req-e52f8655-a9b3-4600-bcc2-8920ed364adb req-e52f8655-a9b3-4600-bcc2-8920ed364adb ] Request (ServersTestJSON:setUpClass): 200 GET http://10.180.1.21/compute/v2.1/servers/394adc4e-7167-4eab-a81c-6de567aaa0de 0.216s
2024-10-01 03:21:24.483 62216 INFO tempest.lib.common.rest_client [req-c2682463-4e97-4167-8b47-3fb9f88001bd req-c2682463-4e97-4167-8b47-3fb9f88001bd ] Request (InstanceActionsNegativeTestJSON:setUpClass): 201 POST http://10.180.1.21/identity/v3/auth/tokens 0.058s
2024-10-01 03:21:24.512 62236 INFO tempest.lib.common.rest_client [req-155fed86-6c69-4906-86a7-66da4fd66450 req-155fed86-6c69-4906-86a7-66da4fd66450 ] Request (ServerDiagnosticsNegativeTest:test_get_server_diagnostics_by_non_admin): 200 GET http://10.180.1.21/compute/v2.1/servers/7eaa67ce-2591-4532-a6ce-23c9c18b7abf 0.213s
2024-10-01 03:21:24.545 62252 INFO tempest.lib.common.rest_client [req-4d1d5b94-dcae-43bb-aaa1-b7f3dedbf606 req-4d1d5b94-dcae-43bb-aaa1-b7f3dedbf606 ] Request (InstanceUsageAuditLogNegativeTestJSON:tearDownClass): 204 DELETE http://10.180.1.21/identity/v3/users/6419c62221a5478ba3b2117a24b152c1 0.118s
2024-10-01 03:21:24.567 62262 INFO tempest.lib.common.rest_client [req-78ec8856-a316-4c5a-bbab-184c01c71db4 req-78ec8856-a316-4c5a-bbab-184c01c71db4 ] Request (ServerMetadataTestJSON:setUpClass): 200 GET http://10.180.1.21/compute/v2.1/servers/dae127b7-bef7-40d5-9bf5-ff2f6957f3e0 0.249s
2024-10-01 03:21:24.618 62232 INFO tempest.lib.common.rest_client [req-8a38b21f-327e-46de-b577-7a39a3c5fec7 req-8a38b21f-327e-46de-b577-7a39a3c5fec7 ] Request (FloatingIPsAssociationNegativeTestJSON:setUpClass): 200 GET http://10.180.1.21/compute/v2.1/servers/e38f00fb-d83a-41c2-843e-1172d7dce4b9 0.251s
2024-10-01 03:21:24.634 62252 INFO tempest.lib.common.rest_client [req-04e504a5-54ae-4906-a280-217e591d1648 req-04e504a5-54ae-4906-a280-217e591d1648 ] Request (InstanceUsageAuditLogNegativeTestJSON:tearDownClass): 204 DELETE http://10.180.1.21/identity/v3/users/ae89285c6fc8494ba11dc2f30366fbc9 0.088s
2024-10-01 03:21:24.634 62252 INFO tempest.lib.common.dynamic_creds [-] Deleting project and security group for project: c38febbaa9514502bd0c07b863017b2b
2024-10-01 03:21:24.674 62274 INFO tempest.lib.common.rest_client [req-203363ca-8c15-4bf2-b738-4b3bb4a5e1c1 req-203363ca-8c15-4bf2-b738-4b3bb4a5e1c1 ] Request (DeleteServersAdminTestJSON:test_delete_server_while_in_error_state): 200 GET http://10.180.1.21/compute/v2.1/servers/96ee55a5-1957-47d7-8f58-a626d870446e 0.260s
2024-10-01 03:21:24.688 62252 INFO tempest.lib.common.rest_client [req-3f2548e6-1bf5-401f-b1b1-2849af869ff0 req-3f2548e6-1bf5-401f-b1b1-2849af869ff0 ] Request (InstanceUsageAuditLogNegativeTestJSON:tearDownClass): 201 POST http://10.180.1.21/identity/v3/auth/tokens 0.053s
2024-10-01 03:21:24.720 62228 INFO tempest.lib.common.rest_client [req-e36ad5fd-3d72-4c8f-b267-e3f10df95b47 req-e36ad5fd-3d72-4c8f-b267-e3f10df95b47 ] Request (DeleteServersTestJSON:test_delete_active_server): 200 GET http://10.180.1.21/compute/v2.1/servers/56e1c963-61b5-41c3-9aee-c091dd8322ad 0.234s
2024-10-01 03:21:24.779 62224 INFO tempest.lib.common.rest_client [req-b732b6c4-c8b2-4c7b-8496-22190f9fa893 req-b732b6c4-c8b2-4c7b-8496-22190f9fa893 ] Request (AttachInterfacesV270Test:test_create_get_list_interfaces): 200 GET http://10.180.1.21/compute/v2.1/servers/84261044-0bfa-4b12-89cb-e03035e78165 0.157s
2024-10-01 03:21:24.846 62258 INFO tempest.lib.common.rest_client [req-cf160d5e-8f7a-4fa5-a369-87b209493642 req-cf160d5e-8f7a-4fa5-a369-87b209493642 ] Request (AttachVolumeTestJSON:test_attach_detach_volume): 200 GET http://10.180.1.21/compute/v2.1/servers/16b161f5-3c90-4312-9830-3ac4a4ac7988 0.183s
2024-10-01 03:21:24.877 62216 INFO tempest.lib.common.rest_client [req-1f333abe-e699-4006-a0dd-fd105e165d4f req-1f333abe-e699-4006-a0dd-fd105e165d4f ] Request (InstanceActionsNegativeTestJSON:setUpClass): 201 POST http://10.180.1.21:9696/networking/v2.0/networks 0.393s
2024-10-01 03:21:24.880 62252 INFO tempest.lib.common.rest_client [req-35081deb-b7a4-4fc7-bef4-02741892d8b0 req-35081deb-b7a4-4fc7-bef4-02741892d8b0 ] Request (InstanceUsageAuditLogNegativeTestJSON:tearDownClass): 200 GET http://10.180.1.21:9696/networking/v2.0/security-groups?tenant_id=c38febbaa9514502bd0c07b863017b2b&name=default 0.192s
2024-10-01 03:21:24.885 62246 INFO tempest.lib.common.rest_client [req-976c701e-aeaf-4b5c-ba84-963c13543006 req-976c701e-aeaf-4b5c-ba84-963c13543006 ] Request (ServerRescueTestJSON:setUpClass): 201 POST http://10.180.1.21:9696/networking/v2.0/networks 0.476s
2024-10-01 03:21:24.918 62238 INFO tempest.lib.common.rest_client [req-7e2e22ab-c52d-4ab1-bda9-5e842446eba2 req-7e2e22ab-c52d-4ab1-bda9-5e842446eba2 ] Request (ListServerFiltersTestJSON:setUpClass): 202 POST http://10.180.1.21/compute/v2.1/servers 0.602s
2024-10-01 03:21:24.937 62220 INFO tempest.lib.common.rest_client [req-ee5230c5-0d3e-42e0-9f79-6717e2357283 req-ee5230c5-0d3e-42e0-9f79-6717e2357283 ] Request (ImagesTestJSON:test_create_image_from_stopped_server): 200 GET http://10.180.1.21/compute/v2.1/servers/d673cb36-d9c2-4994-a374-c4aa10497312 0.236s
2024-10-01 03:21:24.984 62264 INFO tempest.lib.common.rest_client [req-be2dd518-609e-4098-9cd1-1d318cfe9010 req-be2dd518-609e-4098-9cd1-1d318cfe9010 ] Request (ServerPasswordTestJSON:setUpClass): 200 GET http://10.180.1.21/compute/v2.1/servers/2d626ba2-61e5-4a66-bbb9-9c3f534fb2ed 0.260s
2024-10-01 03:21:24.990 62238 INFO tempest.lib.common.rest_client [req-059b93f2-4f25-4422-a154-f6a8a0fffb97 req-059b93f2-4f25-4422-a154-f6a8a0fffb97 ] Request (ListServerFiltersTestJSON:setUpClass): 201 POST http://10.180.1.21/identity/v3/auth/tokens 0.066s
2024-10-01 03:21:24.990 62238 INFO tempest.lib.common.fixed_network [-] (ListServerFiltersTestJSON:setUpClass) Found network {'id': 'e830c4a0-981b-49f6-964a-f07917f16dee', 'name': 'tempest-ListServerFiltersTestJSON-448507438-network', 'tenant_id': '7ea4631a9e3d40eb958b82d3adc6c57a', 'admin_state_up': True, 'mtu': 8950, 'status': 'ACTIVE', 'subnets': [], 'shared': False, 'project_id': '7ea4631a9e3d40eb958b82d3adc6c57a', 'port_security_enabled': True, 'router:external': False, 'provider:network_type': 'vlan', 'provider:physical_network': 'default', 'provider:segmentation_id': 734, 'is_default': False, 'availability_zone_hints': [], 'availability_zones': [], 'ipv4_address_scope': None, 'ipv6_address_scope': None, 'description': '', 'tags': [], 'created_at': '2024-10-01T03:21:23Z', 'updated_at': '2024-10-01T03:21:23Z', 'revision_number': 1} available for tenant
2024-10-01 03:21:25.004 62242 INFO tempest.lib.common.rest_client [req-e2d01cdd-0ce8-43db-904f-8414cfdaf971 req-e2d01cdd-0ce8-43db-904f-8414cfdaf971 ] Request (ServersTestMultiNic:test_verify_duplicate_network_nics): 200 GET http://10.180.1.21/compute/v2.1/servers/648a2f65-67a6-4029-a971-721fcb646091 0.246s
2024-10-01 03:21:25.041 62268 INFO tempest.lib.common.rest_client [req-fd1c1d8c-1ecc-40d1-8b7c-3de5256824f6 req-fd1c1d8c-1ecc-40d1-8b7c-3de5256824f6 ] Request (InstanceActionsV221TestJSON:test_get_list_deleted_instance_actions): 200 GET http://10.180.1.21/compute/v2.1/servers/4e1acfa0-1a47-4692-a354-94bea867cea3 0.232s
2024-10-01 03:21:25.068 62230 INFO tempest.lib.common.rest_client [req-0b62313e-2a37-4e57-abee-baa175edef56 req-0b62313e-2a37-4e57-abee-baa175edef56 ] Request (VolumesAdminNegativeTest:test_update_attached_volume_with_nonexistent_volume_in_body): 200 GET http://10.180.1.21/compute/v2.1/servers/47e8bb2c-8b79-431a-901f-4eeb479b83fa 0.220s
2024-10-01 03:21:25.080 62252 INFO tempest.lib.common.rest_client [req-20b6aebf-9d23-480f-91a6-b8b1b62e6d6f req-20b6aebf-9d23-480f-91a6-b8b1b62e6d6f ] Request (InstanceUsageAuditLogNegativeTestJSON:tearDownClass): 204 DELETE http://10.180.1.21:9696/networking/v2.0/security-groups/be1a12b2-717b-4c04-885e-bfb5950bebe0 0.200s
2024-10-01 03:21:25.098 62222 INFO tempest.lib.common.rest_client [req-b4690322-e6f2-4eee-9a1a-bbb8c5930b07 req-b4690322-e6f2-4eee-9a1a-bbb8c5930b07 ] Request (AttachInterfacesUnderV243Test:test_add_remove_fixed_ip): 200 GET http://10.180.1.21/compute/v2.1/servers/0aae803d-c785-46ab-b28b-e4563e726e2e 0.187s
2024-10-01 03:21:25.138 62246 INFO tempest.lib.common.rest_client [req-830aad7b-4f89-481f-9aa9-2993f5636fb5 req-830aad7b-4f89-481f-9aa9-2993f5636fb5 ] Request (ServerRescueTestJSON:setUpClass): 201 POST http://10.180.1.21:9696/networking/v2.0/subnets 0.252s
2024-10-01 03:21:25.155 62256 INFO tempest.lib.common.rest_client [req-e08f9994-1abb-4a28-9992-a9ebf0086130 req-e08f9994-1abb-4a28-9992-a9ebf0086130 ] Request (ServerActionsTestOtherB:setUpClass): 200 GET http://10.180.1.21/compute/v2.1/servers/6177a0e7-1b3e-4991-9293-0f82c1a28075 0.177s
2024-10-01 03:21:25.182 62252 INFO tempest.lib.common.rest_client [req-a9c35a44-90da-4e4a-bcd6-684017929596 req-a9c35a44-90da-4e4a-bcd6-684017929596 ] Request (InstanceUsageAuditLogNegativeTestJSON:tearDownClass): 204 DELETE http://10.180.1.21/identity/v3/projects/c38febbaa9514502bd0c07b863017b2b 0.100s
2024-10-01 03:21:25.182 62252 INFO tempest.lib.common.dynamic_creds [-] Deleting project and security group for project: 2c76247ff36c4c6b90af09cd3b2a72a4
2024-10-01 03:21:25.184 62216 INFO tempest.lib.common.rest_client [req-bc6f5166-e311-4c07-8c9f-421de8d4b797 req-bc6f5166-e311-4c07-8c9f-421de8d4b797 ] Request (InstanceActionsNegativeTestJSON:setUpClass): 201 POST http://10.180.1.21:9696/networking/v2.0/subnets 0.306s
2024-10-01 03:21:25.234 62277 INFO tempest.lib.common.rest_client [req-d709bd52-b5aa-42b5-bc7d-5ac773939cd5 req-d709bd52-b5aa-42b5-bc7d-5ac773939cd5 ] Request (ImagesOneServerNegativeTestJSON:setUpClass): 200 GET http://10.180.1.21/compute/v2.1/servers/6f379583-ff30-4cce-a64f-eb0b8b3ca002 0.196s
2024-10-01 03:21:25.300 62240 INFO tempest.lib.common.rest_client [req-b07181d4-c9c2-4773-a865-3c3a9cf8f259 req-b07181d4-c9c2-4773-a865-3c3a9cf8f259 ] Request (ServersTestFqdnHostnames:test_create_server_with_fqdn_name): 200 GET http://10.180.1.21/compute/v2.1/servers/a8ec425d-4dd0-476e-943c-eb3a16f7c581 0.179s
2024-10-01 03:21:25.349 62252 INFO tempest.lib.common.rest_client [req-22093e90-3fa5-441f-b5f1-e2dae8ee9fa3 req-22093e90-3fa5-441f-b5f1-e2dae8ee9fa3 ] Request (InstanceUsageAuditLogNegativeTestJSON:tearDownClass): 200 GET http://10.180.1.21:9696/networking/v2.0/security-groups?tenant_id=2c76247ff36c4c6b90af09cd3b2a72a4&name=default 0.166s
2024-10-01 03:21:25.381 62250 INFO tempest.lib.common.rest_client [req-811fba0e-f86e-4ebf-9acf-d63dd9bd20ce req-811fba0e-f86e-4ebf-9acf-d63dd9bd20ce ] Request (ServerActionsTestOtherA:setUpClass): 200 GET http://10.180.1.21/compute/v2.1/servers/db0e0443-7630-48de-922d-0485631307f0 0.066s
2024-10-01 03:21:25.436 62278 INFO tempest.lib.common.rest_client [req-83de461e-aea1-4280-921c-72a8c473d12d req-83de461e-aea1-4280-921c-72a8c473d12d ] Request (ServersAdminTestJSON:setUpClass): 200 GET http://10.180.1.21/compute/v2.1/servers/5c3e1fd2-51c0-482f-a5ba-a8793cc4163b 0.118s
2024-10-01 03:21:25.465 62252 INFO tempest.lib.common.rest_client [req-2544a682-88dc-4576-b02a-eb1dd251a10b req-2544a682-88dc-4576-b02a-eb1dd251a10b ] Request (InstanceUsageAuditLogNegativeTestJSON:tearDownClass): 204 DELETE http://10.180.1.21:9696/networking/v2.0/security-groups/5ce8ca65-dc85-4e4c-91ef-443bb1db5da5 0.116s
2024-10-01 03:21:25.486 62218 INFO tempest.lib.common.rest_client [req-4bfd45e9-f76d-4a58-b272-50e2f360353b req-4bfd45e9-f76d-4a58-b272-50e2f360353b ] Request (AttachInterfacesTestJSON:test_create_list_show_delete_interfaces_by_fixed_ip): 200 GET http://10.180.1.21/compute/v2.1/servers/34b8c19f-6bfa-4aff-a0c9-76a4ab495fca 0.117s
2024-10-01 03:21:25.541 62266 INFO tempest.lib.common.rest_client [req-ad9cdd5c-f538-4480-9266-e16b1ac9457c req-ad9cdd5c-f538-4480-9266-e16b1ac9457c ] Request (ListServersNegativeTestJSON:setUpClass): 200 GET http://10.180.1.21/compute/v2.1/servers/559b2089-8d15-4088-a0cb-6ab79a771dc5 0.163s
2024-10-01 03:21:25.571 62252 INFO tempest.lib.common.rest_client [req-b4d482f7-6516-4538-9234-ad7e19bc481b req-b4d482f7-6516-4538-9234-ad7e19bc481b ] Request (InstanceUsageAuditLogNegativeTestJSON:tearDownClass): 204 DELETE http://10.180.1.21/identity/v3/projects/2c76247ff36c4c6b90af09cd3b2a72a4 0.105s
2024-10-01 03:21:25.586 62270 INFO tempest.lib.common.rest_client [req-538fa99f-3e3b-4824-a9e1-1f8902a7af42 req-538fa99f-3e3b-4824-a9e1-1f8902a7af42 ] Request (ServerAddressesNegativeTestJSON:setUpClass): 200 GET http://10.180.1.21/compute/v2.1/servers/89a07c15-909a-4f8d-ab58-80bd49b3cb74 0.161s
2024-10-01 03:21:25.620 62238 INFO tempest.lib.common.rest_client [req-c9e55e23-ba71-455c-b8f1-90b5a174cc99 req-c9e55e23-ba71-455c-b8f1-90b5a174cc99 ] Request (ListServerFiltersTestJSON:setUpClass): 202 POST http://10.180.1.21/compute/v2.1/servers 0.629s
2024-10-01 03:21:25.638 62254 INFO tempest.lib.common.rest_client [req-fc6a51fd-c62c-4c96-a971-534877d1df81 req-fc6a51fd-c62c-4c96-a971-534877d1df81 ] Request (ImagesNegativeTestJSON:test_create_image_from_deleted_server): 200 GET http://10.180.1.21/compute/v2.1/servers/501d16a6-d8f8-4a6e-af57-cdb000355895 0.209s
2024-10-01 03:21:25.646 62252 INFO tempest.lib.common.rest_client [req-5063ceb6-1c5e-4123-be3a-6ad20428e07a req-5063ceb6-1c5e-4123-be3a-6ad20428e07a ] Request (MigrationsAdminTest:setUpClass): 201 POST http://10.180.1.21/identity/v3/auth/tokens 0.073s
2024-10-01 03:21:25.679 62234 INFO tempest.lib.common.rest_client [req-e912ad95-57b6-4540-ad25-375a1371b18b req-e912ad95-57b6-4540-ad25-375a1371b18b ] Request (SecurityGroupsTestJSON:test_list_security_groups_by_server): 200 GET http://10.180.1.21/compute/v2.1/servers/faf0ac72-8b22-4025-9420-c719558ba264 0.211s
2024-10-01 03:21:25.679 62252 INFO tempest.lib.common.rest_client [req-e7a04b50-1dc2-4b26-8faf-6467d944560d req-e7a04b50-1dc2-4b26-8faf-6467d944560d ] Request (MigrationsAdminTest:setUpClass): 201 POST http://10.180.1.21/identity/v3/auth/tokens 0.030s
2024-10-01 03:21:25.694 62260 INFO tempest.lib.common.rest_client [req-4cd8a982-c47b-4ae5-910b-b308ac8d6576 req-4cd8a982-c47b-4ae5-910b-b308ac8d6576 ] Request (ServersTestJSON:setUpClass): 200 GET http://10.180.1.21/compute/v2.1/servers/394adc4e-7167-4eab-a81c-6de567aaa0de 0.213s
2024-10-01 03:21:25.714 62252 INFO tempest.lib.common.rest_client [req-6c38b563-fc64-4efc-9707-40fbc42f769e req-6c38b563-fc64-4efc-9707-40fbc42f769e ] Request (MigrationsAdminTest:setUpClass): 200 GET http://10.180.1.21/identity/v3/domains?name=Default 0.031s
2024-10-01 03:21:25.747 62262 INFO tempest.lib.common.rest_client [req-686294db-96b7-4629-b4d9-5cc3d662f462 req-686294db-96b7-4629-b4d9-5cc3d662f462 ] Request (ServerMetadataTestJSON:setUpClass): 200 GET http://10.180.1.21/compute/v2.1/servers/dae127b7-bef7-40d5-9bf5-ff2f6957f3e0 0.171s
2024-10-01 03:21:25.753 62252 INFO tempest.lib.common.rest_client [req-fae58dd1-2633-4d28-b8bf-877d57a4a9ad req-fae58dd1-2633-4d28-b8bf-877d57a4a9ad ] Request (MigrationsAdminTest:setUpClass): 201 POST http://10.180.1.21/identity/v3/projects 0.039s
2024-10-01 03:21:25.756 62236 INFO tempest.lib.common.rest_client [req-027c11ba-5eee-4fe2-8632-a2e56ab00f25 req-027c11ba-5eee-4fe2-8632-a2e56ab00f25 ] Request (ServerDiagnosticsNegativeTest:test_get_server_diagnostics_by_non_admin): 200 GET http://10.180.1.21/compute/v2.1/servers/7eaa67ce-2591-4532-a6ce-23c9c18b7abf 0.235s
2024-10-01 03:21:25.820 62238 INFO tempest.lib.common.rest_client [req-3a5a4f9d-e45d-4557-8a56-b11f48af9da5 req-3a5a4f9d-e45d-4557-8a56-b11f48af9da5 ] Request (ListServerFiltersTestJSON:setUpClass): 200 GET http://10.180.1.21/compute/v2.1/servers/344cb239-6785-441d-bc5d-047431cbbf17 0.198s
2024-10-01 03:21:25.819 62232 INFO tempest.lib.common.rest_client [req-57c6f401-195c-4b9b-ab76-af9ea23ad3fa req-57c6f401-195c-4b9b-ab76-af9ea23ad3fa ] Request (FloatingIPsAssociationNegativeTestJSON:setUpClass): 200 GET http://10.180.1.21/compute/v2.1/servers/e38f00fb-d83a-41c2-843e-1172d7dce4b9 0.192s
2024-10-01 03:21:25.828 62252 INFO tempest.lib.common.rest_client [req-13a0ad2b-058b-42b2-928b-5b9ba184f057 req-13a0ad2b-058b-42b2-928b-5b9ba184f057 ] Request (MigrationsAdminTest:setUpClass): 201 POST http://10.180.1.21/identity/v3/users 0.074s
2024-10-01 03:21:25.848 62252 INFO tempest.lib.common.rest_client [req-cf54e9e7-b9cf-41ea-b9b4-a209863a2c57 req-cf54e9e7-b9cf-41ea-b9b4-a209863a2c57 ] Request (MigrationsAdminTest:setUpClass): 200 GET http://10.180.1.21/identity/v3/roles 0.018s
2024-10-01 03:21:25.867 62228 INFO tempest.lib.common.rest_client [req-a7379b6d-8297-4c9c-9cc4-733fa4c79446 req-a7379b6d-8297-4c9c-9cc4-733fa4c79446 ] Request (DeleteServersTestJSON:test_delete_active_server): 200 GET http://10.180.1.21/compute/v2.1/servers/56e1c963-61b5-41c3-9aee-c091dd8322ad 0.135s
2024-10-01 03:21:25.877 62252 INFO tempest.lib.common.rest_client [req-0ca060ec-2962-4036-af55-d5525a6b6585 req-0ca060ec-2962-4036-af55-d5525a6b6585 ] Request (MigrationsAdminTest:setUpClass): 204 PUT http://10.180.1.21/identity/v3/projects/9daa919f7170447fb662b501c2609183/users/127c4a3d6d7c482ca906ca6a3bd934ce/roles/9aa2dae361a14421a636b23411fbe22c 0.029s
2024-10-01 03:21:25.877 62252 INFO tempest.lib.common.dynamic_creds [-] Dynamic test user 127c4a3d6d7c482ca906ca6a3bd934ce is created with scope project and roles: ['member']
2024-10-01 03:21:25.877 62252 INFO tempest.lib.common.dynamic_creds [-] Acquired dynamic creds: credentials: Credentials: {'domain_id': 'default', 'domain_name': 'Default', 'username': 'tempest-MigrationsAdminTest-1896180034-project-member', 'project_domain_id': 'default', 'project_domain_name': 'Default', 'project_id': '9daa919f7170447fb662b501c2609183', 'project_name': 'tempest-MigrationsAdminTest-1896180034', 'tenant_id': '9daa919f7170447fb662b501c2609183', 'tenant_name': 'tempest-MigrationsAdminTest-1896180034', 'user_domain_id': 'default', 'user_domain_name': 'Default', 'user_id': '127c4a3d6d7c482ca906ca6a3bd934ce', 'system': None}, Network: None, Subnet: None, Router: None
2024-10-01 03:21:25.878 62252 INFO tempest.lib.common.dynamic_creds [-] Created isolated network resources for: credentials: Credentials: {'domain_id': 'default', 'domain_name': 'Default', 'username': 'tempest-MigrationsAdminTest-1896180034-project-member', 'project_domain_id': 'default', 'project_domain_name': 'Default', 'project_id': '9daa919f7170447fb662b501c2609183', 'project_name': 'tempest-MigrationsAdminTest-1896180034', 'tenant_id': '9daa919f7170447fb662b501c2609183', 'tenant_name': 'tempest-MigrationsAdminTest-1896180034', 'user_domain_id': 'default', 'user_domain_name': 'Default', 'user_id': '127c4a3d6d7c482ca906ca6a3bd934ce', 'system': None}, Network: None, Subnet: None, Router: None
2024-10-01 03:21:25.889 62274 INFO tempest.lib.common.rest_client [req-a4c69533-b46a-4675-a5b5-11e63a8db5d4 req-a4c69533-b46a-4675-a5b5-11e63a8db5d4 ] Request (DeleteServersAdminTestJSON:test_delete_server_while_in_error_state): 200 GET http://10.180.1.21/compute/v2.1/servers/96ee55a5-1957-47d7-8f58-a626d870446e 0.206s
2024-10-01 03:21:25.918 62224 INFO tempest.lib.common.rest_client [req-86641513-d631-4c6e-8cb2-8f5b9e552d29 req-86641513-d631-4c6e-8cb2-8f5b9e552d29 ] Request (AttachInterfacesV270Test:test_create_get_list_interfaces): 200 GET http://10.180.1.21/compute/v2.1/servers/84261044-0bfa-4b12-89cb-e03035e78165 0.125s
2024-10-01 03:21:25.946 62252 INFO tempest.lib.common.rest_client [req-57bfde4e-0fc9-412d-b4a1-94360f3766cd req-57bfde4e-0fc9-412d-b4a1-94360f3766cd ] Request (MigrationsAdminTest:setUpClass): 201 POST http://10.180.1.21/identity/v3/auth/tokens 0.064s
2024-10-01 03:21:25.975 62258 INFO tempest.lib.common.rest_client [req-340e8574-2a92-4d09-ace2-146e4796d65e req-340e8574-2a92-4d09-ace2-146e4796d65e ] Request (AttachVolumeTestJSON:test_attach_detach_volume): 200 GET http://10.180.1.21/compute/v2.1/servers/16b161f5-3c90-4312-9830-3ac4a4ac7988 0.118s
2024-10-01 03:21:25.997 62220 INFO tempest.lib.common.rest_client [req-fae42933-b15f-4a7a-af3c-b35ac923d88b req-fae42933-b15f-4a7a-af3c-b35ac923d88b ] Request (ImagesTestJSON:test_create_image_from_stopped_server): 200 GET http://10.180.1.21/compute/v2.1/servers/d673cb36-d9c2-4994-a374-c4aa10497312 0.051s
2024-10-01 03:21:26.017 62252 INFO tempest.lib.common.rest_client [req-5aeb0b98-5d6c-4839-8005-0703118d9abd req-5aeb0b98-5d6c-4839-8005-0703118d9abd ] Request (MigrationsAdminTest:setUpClass): 201 POST http://10.180.1.21/identity/v3/projects 0.071s
2024-10-01 03:21:26.063 62242 INFO tempest.lib.common.rest_client [req-f4e32e27-f5db-4601-9b6b-a965b966d868 req-f4e32e27-f5db-4601-9b6b-a965b966d868 ] Request (ServersTestMultiNic:test_verify_duplicate_network_nics): 200 GET http://10.180.1.21/compute/v2.1/servers/648a2f65-67a6-4029-a971-721fcb646091 0.049s
2024-10-01 03:21:26.066 62264 INFO tempest.lib.common.rest_client [req-a8eecae1-46d2-4953-a018-cb787e63798e req-a8eecae1-46d2-4953-a018-cb787e63798e ] Request (ServerPasswordTestJSON:setUpClass): 200 GET http://10.180.1.21/compute/v2.1/servers/2d626ba2-61e5-4a66-bbb9-9c3f534fb2ed 0.070s
2024-10-01 03:21:26.078 62252 INFO tempest.lib.common.rest_client [req-615462fa-cc0e-43b7-9916-8a427ce44b42 req-615462fa-cc0e-43b7-9916-8a427ce44b42 ] Request (MigrationsAdminTest:setUpClass): 201 POST http://10.180.1.21/identity/v3/users 0.060s
2024-10-01 03:21:26.096 62252 INFO tempest.lib.common.rest_client [req-4edeec0e-0213-47e8-8c17-a695f37f0c41 req-4edeec0e-0213-47e8-8c17-a695f37f0c41 ] Request (MigrationsAdminTest:setUpClass): 200 GET http://10.180.1.21/identity/v3/roles 0.018s
2024-10-01 03:21:26.120 62268 INFO tempest.lib.common.rest_client [req-4bc0146c-2005-4a9e-a0ae-e0c5b5d603f6 req-4bc0146c-2005-4a9e-a0ae-e0c5b5d603f6 ] Request (InstanceActionsV221TestJSON:test_get_list_deleted_instance_actions): 200 GET http://10.180.1.21/compute/v2.1/servers/4e1acfa0-1a47-4692-a354-94bea867cea3 0.068s
2024-10-01 03:21:26.128 62252 INFO tempest.lib.common.rest_client [req-df62fea8-bc04-4ae0-87d6-bc5d7a6a5898 req-df62fea8-bc04-4ae0-87d6-bc5d7a6a5898 ] Request (MigrationsAdminTest:setUpClass): 204 PUT http://10.180.1.21/identity/v3/projects/dbdb21cb9b6a41cca9da71f2546b438b/users/3d18fb5a600d45ff91af5b8b254dbf23/roles/b1114319fd7c440d8e5603d4bc143a5b 0.031s
2024-10-01 03:21:26.179 62222 INFO tempest.lib.common.rest_client [req-17e6b611-7e2a-4e1f-bf8f-291bbdfef8be req-17e6b611-7e2a-4e1f-bf8f-291bbdfef8be ] Request (AttachInterfacesUnderV243Test:test_add_remove_fixed_ip): 200 GET http://10.180.1.21/compute/v2.1/servers/0aae803d-c785-46ab-b28b-e4563e726e2e 0.068s
2024-10-01 03:21:26.183 62252 INFO tempest.lib.common.rest_client [req-0831a8b7-6646-4077-bcc2-af371c77d9ef req-0831a8b7-6646-4077-bcc2-af371c77d9ef ] Request (MigrationsAdminTest:setUpClass): 200 GET http://10.180.1.21/identity/v3/roles 0.054s
2024-10-01 03:21:26.200 62252 INFO tempest.lib.common.rest_client [req-0ea5cc82-f8e0-4a3b-9f0d-43759aa904db req-0ea5cc82-f8e0-4a3b-9f0d-43759aa904db ] Request (MigrationsAdminTest:setUpClass): 204 PUT http://10.180.1.21/identity/v3/projects/dbdb21cb9b6a41cca9da71f2546b438b/users/3d18fb5a600d45ff91af5b8b254dbf23/roles/b1114319fd7c440d8e5603d4bc143a5b 0.016s
2024-10-01 03:21:26.200 62252 INFO tempest.lib.common.dynamic_creds [-] Dynamic test user 3d18fb5a600d45ff91af5b8b254dbf23 is created with scope project and roles: ['admin']
2024-10-01 03:21:26.200 62252 INFO tempest.lib.common.dynamic_creds [-] Acquired dynamic creds: credentials: Credentials: {'domain_id': 'default', 'domain_name': 'Default', 'username': 'tempest-MigrationsAdminTest-557376198-project-admin', 'project_domain_id': 'default', 'project_domain_name': 'Default', 'project_id': 'dbdb21cb9b6a41cca9da71f2546b438b', 'project_name': 'tempest-MigrationsAdminTest-557376198', 'tenant_id': 'dbdb21cb9b6a41cca9da71f2546b438b', 'tenant_name': 'tempest-MigrationsAdminTest-557376198', 'user_domain_id': 'default', 'user_domain_name': 'Default', 'user_id': '3d18fb5a600d45ff91af5b8b254dbf23', 'system': None}, Network: None, Subnet: None, Router: None
2024-10-01 03:21:26.201 62252 INFO tempest.lib.common.dynamic_creds [-] Created isolated network resources for: credentials: Credentials: {'domain_id': 'default', 'domain_name': 'Default', 'username': 'tempest-MigrationsAdminTest-557376198-project-admin', 'project_domain_id': 'default', 'project_domain_name': 'Default', 'project_id': 'dbdb21cb9b6a41cca9da71f2546b438b', 'project_name': 'tempest-MigrationsAdminTest-557376198', 'tenant_id': 'dbdb21cb9b6a41cca9da71f2546b438b', 'tenant_name': 'tempest-MigrationsAdminTest-557376198', 'user_domain_id': 'default', 'user_domain_name': 'Default', 'user_id': '3d18fb5a600d45ff91af5b8b254dbf23', 'system': None}, Network: None, Subnet: None, Router: None
2024-10-01 03:21:26.229 62256 INFO tempest.lib.common.rest_client [req-5a06b951-3152-4faf-9d83-21a657735501 req-5a06b951-3152-4faf-9d83-21a657735501 ] Request (ServerActionsTestOtherB:setUpClass): 200 GET http://10.180.1.21/compute/v2.1/servers/6177a0e7-1b3e-4991-9293-0f82c1a28075 0.066s
2024-10-01 03:21:26.245 62230 INFO tempest.lib.common.rest_client [req-6b190029-0515-4267-b1a9-a491b1e59340 req-6b190029-0515-4267-b1a9-a491b1e59340 ] Request (VolumesAdminNegativeTest:test_update_attached_volume_with_nonexistent_volume_in_body): 200 GET http://10.180.1.21/compute/v2.1/servers/47e8bb2c-8b79-431a-901f-4eeb479b83fa 0.165s
2024-10-01 03:21:26.293 62252 INFO tempest.lib.common.rest_client [req-92b1c64c-24e7-4978-9ab2-18d1b37f208f req-92b1c64c-24e7-4978-9ab2-18d1b37f208f ] Request (MigrationsAdminTest:setUpClass): 201 POST http://10.180.1.21/identity/v3/auth/tokens 0.090s
2024-10-01 03:21:26.308 62277 INFO tempest.lib.common.rest_client [req-7a93e0ab-c53b-408f-8c7f-11338d2cd1c0 req-7a93e0ab-c53b-408f-8c7f-11338d2cd1c0 ] Request (ImagesOneServerNegativeTestJSON:setUpClass): 200 GET http://10.180.1.21/compute/v2.1/servers/6f379583-ff30-4cce-a64f-eb0b8b3ca002 0.061s
2024-10-01 03:21:26.364 62240 INFO tempest.lib.common.rest_client [req-2ed3d6b8-fc9f-472e-8794-53357e471fdf req-2ed3d6b8-fc9f-472e-8794-53357e471fdf ] Request (ServersTestFqdnHostnames:test_create_server_with_fqdn_name): 200 GET http://10.180.1.21/compute/v2.1/servers/a8ec425d-4dd0-476e-943c-eb3a16f7c581 0.052s
2024-10-01 03:21:26.383 62252 INFO tempest.lib.common.rest_client [req-8a789704-3417-4063-ba8c-d93af5fef8df req-8a789704-3417-4063-ba8c-d93af5fef8df ] Request (MigrationsAdminTest:test_list_migrations): 200 GET http://10.180.1.21/compute/v2.1/os-migrations 0.088s
