2024-10-01 03:21:08.783 62264 INFO tempest.lib.common.rest_client [req-b63bdec8-34c0-40ab-8e8e-ccb7b8e0ad60 req-b63bdec8-34c0-40ab-8e8e-ccb7b8e0ad60 ] Request (ServerPasswordTestJSON:setUpClass): 201 POST http://10.180.1.21:9696/networking/v2.0/subnets 0.507s
2024-10-01 03:21:08.810 62277 INFO tempest.lib.common.rest_client [req-a3568159-f8ac-4906-b1d9-b40f002767bf req-a3568159-f8ac-4906-b1d9-b40f002767bf ] Request (ImagesOneServerNegativeTestJSON:setUpClass): 200 GET http://10.180.1.21/compute/v2.1/servers/6f379583-ff30-4cce-a64f-eb0b8b3ca002 0.101s
2024-10-01 03:21:08.841 62252 INFO tempest.lib.common.rest_client [req-3774d362-54e1-49b9-9c61-9c640106bacb req-3774d362-54e1-49b9-9c61-9c640106bacb ] Request (ServersWithSpecificFlavorTestJSON:test_verify_created_server_ephemeral_disk): 200 GET http://10.180.1.21/compute/v2.1/servers/a108a48c-2f81-4ac0-9112-c78011f59e3e 0.091s
2024-10-01 03:21:08.876 62246 INFO tempest.lib.common.rest_client [req-dfc24200-a995-48c3-bf0b-abd5e0a64458 req-dfc24200-a995-48c3-bf0b-abd5e0a64458 ] Request (ListImageFiltersTestJSON:setUpClass): 200 GET http://10.180.1.21/compute/v2.1/servers/f8cc9ce9-9e4f-4814-8f15-4d96be80cd54 0.100s
2024-10-01 03:21:08.921 62266 INFO tempest.lib.common.rest_client [req-1c1eb00e-fdb0-40c4-b5d9-4449062c5f33 req-1c1eb00e-fdb0-40c4-b5d9-4449062c5f33 ] Request (ListServersNegativeTestJSON:setUpClass): 200 GET http://10.180.1.21/compute/v2.1/servers/559b2089-8d15-4088-a0cb-6ab79a771dc5 0.073s
2024-10-01 03:21:08.971 62270 INFO tempest.lib.common.rest_client [req-c9ed0484-0e31-4ee5-84e8-8a60c5bfd855 req-c9ed0484-0e31-4ee5-84e8-8a60c5bfd855 ] Request (ServerAddressesNegativeTestJSON:setUpClass): 200 GET http://10.180.1.21/compute/v2.1/servers/89a07c15-909a-4f8d-ab58-80bd49b3cb74 0.065s
2024-10-01 03:21:08.997 62278 INFO tempest.lib.common.rest_client [req-9be791f1-e65a-4675-9406-ac13d52ef065 req-9be791f1-e65a-4675-9406-ac13d52ef065 ] Request (ServersAdminTestJSON:setUpClass): 201 POST http://10.180.1.21:9696/networking/v2.0/routers 1.613s
2024-10-01 03:21:09.037 62240 INFO tempest.lib.common.rest_client [req-a2dd3864-fcb8-46d1-b55f-ba63c9c0ace4 req-a2dd3864-fcb8-46d1-b55f-ba63c9c0ace4 ] Request (ServersAdminNegativeTestJSON:setUpClass): 200 GET http://10.180.1.21/compute/v2.1/servers/15a00ebb-80ec-4568-b023-940904254cc6 0.070s
2024-10-01 03:21:09.041 62254 INFO tempest.lib.common.rest_client [req-03a63f9d-8628-4913-81a3-c354ad07717d req-03a63f9d-8628-4913-81a3-c354ad07717d ] Request (ImagesNegativeTestJSON:test_create_image_from_deleted_server): 200 GET http://10.180.1.21/compute/v2.1/servers/501d16a6-d8f8-4a6e-af57-cdb000355895 0.064s
2024-10-01 03:21:09.112 62234 INFO tempest.lib.common.rest_client [req-48ed94eb-974d-4fab-a8f7-561f467849a5 req-48ed94eb-974d-4fab-a8f7-561f467849a5 ] Request (SecurityGroupsTestJSON:test_list_security_groups_by_server): 200 GET http://10.180.1.21/compute/v2.1/servers/faf0ac72-8b22-4025-9420-c719558ba264 0.069s
2024-10-01 03:21:09.114 62236 INFO tempest.lib.common.rest_client [req-4831439a-9fde-4e9e-b5da-0b7d4985b335 req-4831439a-9fde-4e9e-b5da-0b7d4985b335 ] Request (ServerDiagnosticsNegativeTest:test_get_server_diagnostics_by_non_admin): 200 GET http://10.180.1.21/compute/v2.1/servers/7eaa67ce-2591-4532-a6ce-23c9c18b7abf 0.089s
2024-10-01 03:21:09.186 62218 INFO tempest.lib.common.rest_client [req-c6e45f3c-1eac-4ac4-b15c-a72f652d22e1 req-c6e45f3c-1eac-4ac4-b15c-a72f652d22e1 ] Request (AttachInterfacesTestJSON:test_create_list_show_delete_interfaces_by_fixed_ip): 200 GET http://10.180.1.21/compute/v2.1/servers/34b8c19f-6bfa-4aff-a0c9-76a4ab495fca 0.097s
2024-10-01 03:21:09.189 62238 INFO tempest.lib.common.rest_client [req-b15921f6-ce01-4e8b-b387-3c554996d5d5 req-b15921f6-ce01-4e8b-b387-3c554996d5d5 ] Request (VolumesAssistedSnapshotsTest:tearDownClass): 204 DELETE http://10.180.1.21:9696/networking/v2.0/networks/f37c259e-70fc-4cbc-bfb4-4678e4abc970 0.600s
2024-10-01 03:21:09.250 62262 INFO tempest.lib.common.rest_client [req-c4decab3-5487-41c9-9615-cb64b2d855e8 req-c4decab3-5487-41c9-9615-cb64b2d855e8 ] Request (ServerMetadataTestJSON:setUpClass): 200 GET http://10.180.1.21/compute/v2.1/servers/dae127b7-bef7-40d5-9bf5-ff2f6957f3e0 0.078s
2024-10-01 03:21:09.315 62232 INFO tempest.lib.common.rest_client [req-da8be8d0-f617-46a5-91c6-bb056dead175 req-da8be8d0-f617-46a5-91c6-bb056dead175 ] Request (FloatingIPsAssociationNegativeTestJSON:setUpClass): 200 GET http://10.180.1.21/compute/v2.1/servers/e38f00fb-d83a-41c2-843e-1172d7dce4b9 0.140s
2024-10-01 03:21:09.373 62260 INFO tempest.lib.common.rest_client [req-80767f10-de55-48d3-835f-347aa8dff581 req-80767f10-de55-48d3-835f-347aa8dff581 ] Request (ServersTestJSON:setUpClass): 200 GET http://10.180.1.21/compute/v2.1/servers/394adc4e-7167-4eab-a81c-6de567aaa0de 0.129s
2024-10-01 03:21:09.377 62274 INFO tempest.lib.common.rest_client [req-4557240e-a312-479c-a60c-d56137cef850 req-4557240e-a312-479c-a60c-d56137cef850 ] Request (DeleteServersAdminTestJSON:test_delete_server_while_in_error_state): 200 GET http://10.180.1.21/compute/v2.1/servers/96ee55a5-1957-47d7-8f58-a626d870446e 0.265s
2024-10-01 03:21:09.441 62224 INFO tempest.lib.common.rest_client [req-2b43defc-863b-44d6-a4fb-823bbf5e902e req-2b43defc-863b-44d6-a4fb-823bbf5e902e ] Request (AttachInterfacesV270Test:test_create_get_list_interfaces): 200 GET http://10.180.1.21/compute/v2.1/servers/84261044-0bfa-4b12-89cb-e03035e78165 0.176s
2024-10-01 03:21:09.540 62268 INFO tempest.lib.common.rest_client [req-8466e69d-f642-471b-89fa-c35c3074093b req-8466e69d-f642-471b-89fa-c35c3074093b ] Request (InstanceActionsV221TestJSON:test_get_list_deleted_instance_actions): 200 GET http://10.180.1.21/compute/v2.1/servers/4e1acfa0-1a47-4692-a354-94bea867cea3 0.056s
2024-10-01 03:21:09.569 62220 INFO tempest.lib.common.rest_client [req-9df87ef0-9faf-45e8-821a-f97b2d61c759 req-9df87ef0-9faf-45e8-821a-f97b2d61c759 ] Request (ImagesTestJSON:test_create_image_from_stopped_server): 200 GET http://10.180.1.21/compute/v2.1/servers/d673cb36-d9c2-4994-a374-c4aa10497312 0.062s
2024-10-01 03:21:09.637 62242 INFO tempest.lib.common.rest_client [req-bbc6f50e-34a0-4feb-8dc4-775af15881d7 req-bbc6f50e-34a0-4feb-8dc4-775af15881d7 ] Request (ServersTestMultiNic:test_verify_duplicate_network_nics): 200 GET http://10.180.1.21/compute/v2.1/servers/648a2f65-67a6-4029-a971-721fcb646091 0.068s
2024-10-01 03:21:09.652 62230 INFO tempest.lib.common.rest_client [req-01e6b714-9455-4eec-8a22-3159e7502df7 req-01e6b714-9455-4eec-8a22-3159e7502df7 ] Request (VolumesAdminNegativeTest:test_update_attached_volume_with_nonexistent_volume_in_body): 200 GET http://10.180.1.21/compute/v2.1/servers/47e8bb2c-8b79-431a-901f-4eeb479b83fa 0.065s
2024-10-01 03:21:09.741 62222 INFO tempest.lib.common.rest_client [req-274e087f-1c23-4473-8df1-f0dee52fb680 req-274e087f-1c23-4473-8df1-f0dee52fb680 ] Request (AttachInterfacesUnderV243Test:test_add_remove_fixed_ip): 200 GET http://10.180.1.21/compute/v2.1/servers/0aae803d-c785-46ab-b28b-e4563e726e2e 0.115s
2024-10-01 03:21:09.769 62216 INFO tempest.lib.common.rest_client [req-46595385-864e-42e8-95f1-4ff43e2daa00 req-46595385-864e-42e8-95f1-4ff43e2daa00 ] Request (ServerDiagnosticsTest:test_get_server_diagnostics): 200 GET http://10.180.1.21/compute/v2.1/servers/0d2a0cf0-38c1-4abe-b124-897a5615e5da 0.073s
2024-10-01 03:21:09.818 62228 INFO tempest.lib.common.rest_client [req-a5972f65-1af0-4f28-b237-bd8b7a4684a2 req-a5972f65-1af0-4f28-b237-bd8b7a4684a2 ] Request (ServersV294TestFqdnHostnames:setUpClass): 200 GET http://10.180.1.21/compute/v2.1/servers/621a631a-bf90-42e6-ba5a-cacf2dd5f3fb 0.122s
2024-10-01 03:21:09.829 62228 INFO tempest.common.waiters [-] State transition "BUILD/spawning" ==> "ERROR/None" after 58 second wait
2024-10-01 03:21:09.881 62256 INFO tempest.lib.common.rest_client [req-62d4bd50-09c9-469d-a71d-39cda319470e req-62d4bd50-09c9-469d-a71d-39cda319470e ] Request (ServerActionsTestOtherB:setUpClass): 200 GET http://10.180.1.21/compute/v2.1/servers/6177a0e7-1b3e-4991-9293-0f82c1a28075 0.108s
2024-10-01 03:21:09.936 62277 INFO tempest.lib.common.rest_client [req-ed935a19-2ad3-4b1a-9751-632fe57da95e req-ed935a19-2ad3-4b1a-9751-632fe57da95e ] Request (ImagesOneServerNegativeTestJSON:setUpClass): 200 GET http://10.180.1.21/compute/v2.1/servers/6f379583-ff30-4cce-a64f-eb0b8b3ca002 0.116s
2024-10-01 03:21:09.991 62250 INFO tempest.lib.common.rest_client [req-e4b23f7f-ed86-4766-9c93-47230dad441d req-e4b23f7f-ed86-4766-9c93-47230dad441d ] Request (ServerActionsTestOtherA:setUpClass): 200 GET http://10.180.1.21/compute/v2.1/servers/db0e0443-7630-48de-922d-0485631307f0 0.240s
2024-10-01 03:21:09.992 62258 INFO tempest.lib.common.rest_client [req-88546b3b-a70a-4d6b-b78b-7eb8b837ba24 req-88546b3b-a70a-4d6b-b78b-7eb8b837ba24 ] Request (AttachVolumeTestJSON:setUpClass): 200 PUT http://10.180.1.21:9696/networking/v2.0/routers/1b703cb6-1a4d-47cc-8db1-3ec7a9a53f0c/add_router_interface 1.480s
2024-10-01 03:21:09.992 62258 INFO tempest.lib.common.dynamic_creds [-] Created isolated network resources for: credentials: Credentials: {'domain_id': 'default', 'domain_name': 'Default', 'username': 'tempest-AttachVolumeTestJSON-472640566-project-member', 'project_domain_id': 'default', 'project_domain_name': 'Default', 'project_id': '4d855943ce3e4a6cb7ddb1f256848d83', 'project_name': 'tempest-AttachVolumeTestJSON-472640566', 'tenant_id': '4d855943ce3e4a6cb7ddb1f256848d83', 'tenant_name': 'tempest-AttachVolumeTestJSON-472640566', 'user_domain_id': 'default', 'user_domain_name': 'Default', 'user_id': '725dbab3d9674d40a5ebc165a4d831f9', 'system': None}, Network: {'id': '50a01d77-8969-4ede-ae86-2ad2266981d4', 'name': 'tempest-AttachVolumeTestJSON-348118836-network', 'tenant_id': '4d855943ce3e4a6cb7ddb1f256848d83', 'admin_state_up': True, 'mtu': 8950, 'status': 'ACTIVE', 'subnets': [], 'shared': False, 'project_id': '4d855943ce3e4a6cb7ddb1f256848d83', 'port_security_enabled': True, 'router:external': False, 'provider:network_type': 'vlan', 'provider:physical_network': 'default', 'provider:segmentation_id': 536, 'is_default': False, 'availability_zone_hints': [], 'availability_zones': [], 'ipv4_address_scope': None, 'ipv6_address_scope': None, 'description': '', 'tags': [], 'created_at': '2024-10-01T03:21:06Z', 'updated_at': '2024-10-01T03:21:06Z', 'revision_number': 1}, Subnet: {'id': 'c7760160-605c-402d-80ba-f7c70da7d959', 'name': 'tempest-AttachVolumeTestJSON-348118836-subnet', 'tenant_id': '4d855943ce3e4a6cb7ddb1f256848d83', 'network_id': '50a01d77-8969-4ede-ae86-2ad2266981d4', 'ip_version': 4, 'subnetpool_id': None, 'enable_dhcp': True, 'ipv6_ra_mode': None, 'ipv6_address_mode': None, 'gateway_ip': '192.168.128.1', 'cidr': '192.168.128.0/28', 'allocation_pools': [{'start': '192.168.128.2', 'end': '192.168.128.14'}], 'host_routes': [], 'dns_nameservers': [], 'description': '', 'router:external': False, 'service_types': [], 'tags': [], 'created_at': '2024-10-01T03:21:06Z', 'updated_at': '2024-10-01T03:21:06Z', 'revision_number': 0, 'project_id': '4d855943ce3e4a6cb7ddb1f256848d83'}, Router: {'id': '1b703cb6-1a4d-47cc-8db1-3ec7a9a53f0c', 'name': 'tempest-AttachVolumeTestJSON-348118836-router', 'tenant_id': '4d855943ce3e4a6cb7ddb1f256848d83', 'admin_state_up': True, 'status': 'ACTIVE', 'external_gateway_info': {'network_id': '166d55e5-a79c-438e-99bf-dec6289e9947', 'external_fixed_ips': [{'subnet_id': 'c2ce84d2-72ac-4f5a-96b3-4a1c18e6a98f', 'ip_address': '10.180.180.185'}], 'enable_snat': True}, 'description': '', 'availability_zones': [], 'distributed': False, 'ha': False, 'availability_zone_hints': [], 'routes': [], 'flavor_id': None, 'tags': [], 'created_at': '2024-10-01T03:21:07Z', 'updated_at': '2024-10-01T03:21:08Z', 'revision_number': 2, 'project_id': '4d855943ce3e4a6cb7ddb1f256848d83'}
2024-10-01 03:21:10.067 62252 INFO tempest.lib.common.rest_client [req-dd9c67b3-5627-46db-8fef-7bdae9a95bcb req-dd9c67b3-5627-46db-8fef-7bdae9a95bcb ] Request (ServersWithSpecificFlavorTestJSON:test_verify_created_server_ephemeral_disk): 200 GET http://10.180.1.21/compute/v2.1/servers/a108a48c-2f81-4ac0-9112-c78011f59e3e 0.217s
2024-10-01 03:21:10.089 62258 INFO tempest.lib.common.rest_client [req-76d6c003-4072-4c9c-b816-5c06dd939cae req-76d6c003-4072-4c9c-b816-5c06dd939cae ] Request (AttachVolumeTestJSON:setUpClass): 201 POST http://10.180.1.21/identity/v3/auth/tokens 0.090s
2024-10-01 03:21:10.149 62228 INFO tempest.lib.common.rest_client [req-aa9a3ad7-6956-49ad-9081-55c35849c06d req-aa9a3ad7-6956-49ad-9081-55c35849c06d ] Request (ServersV294TestFqdnHostnames:setUpClass): 204 DELETE http://10.180.1.21/compute/v2.1/servers/621a631a-bf90-42e6-ba5a-cacf2dd5f3fb 0.319s
2024-10-01 03:21:10.156 62246 INFO tempest.lib.common.rest_client [req-e2c127eb-952a-4063-9cb0-28c406cad21a req-e2c127eb-952a-4063-9cb0-28c406cad21a ] Request (ListImageFiltersTestJSON:setUpClass): 200 GET http://10.180.1.21/compute/v2.1/servers/f8cc9ce9-9e4f-4814-8f15-4d96be80cd54 0.271s
2024-10-01 03:21:10.217 62266 INFO tempest.lib.common.rest_client [req-e4e9a445-5b3c-4e1f-975b-6c6c45a68380 req-e4e9a445-5b3c-4e1f-975b-6c6c45a68380 ] Request (ListServersNegativeTestJSON:setUpClass): 200 GET http://10.180.1.21/compute/v2.1/servers/559b2089-8d15-4088-a0cb-6ab79a771dc5 0.287s
2024-10-01 03:21:10.229 62270 INFO tempest.lib.common.rest_client [req-a318b44c-a28b-4d9e-a10b-9ad20f711102 req-a318b44c-a28b-4d9e-a10b-9ad20f711102 ] Request (ServerAddressesNegativeTestJSON:setUpClass): 200 GET http://10.180.1.21/compute/v2.1/servers/89a07c15-909a-4f8d-ab58-80bd49b3cb74 0.245s
2024-10-01 03:21:10.280 62240 INFO tempest.lib.common.rest_client [req-d6fa1d26-16c4-4640-923a-eee68318d47b req-d6fa1d26-16c4-4640-923a-eee68318d47b ] Request (ServersAdminNegativeTestJSON:setUpClass): 200 GET http://10.180.1.21/compute/v2.1/servers/15a00ebb-80ec-4568-b023-940904254cc6 0.234s
2024-10-01 03:21:10.299 62264 INFO tempest.lib.common.rest_client [req-2c5fc45d-45ac-45fd-96dd-e9b19c4ace6c req-2c5fc45d-45ac-45fd-96dd-e9b19c4ace6c ] Request (ServerPasswordTestJSON:setUpClass): 201 POST http://10.180.1.21:9696/networking/v2.0/routers 1.515s
2024-10-01 03:21:10.301 62254 INFO tempest.lib.common.rest_client [req-d62563dc-f25c-4eda-8799-eb5510c8ed7f req-d62563dc-f25c-4eda-8799-eb5510c8ed7f ] Request (ImagesNegativeTestJSON:test_create_image_from_deleted_server): 200 GET http://10.180.1.21/compute/v2.1/servers/501d16a6-d8f8-4a6e-af57-cdb000355895 0.249s
2024-10-01 03:21:10.446 62234 INFO tempest.lib.common.rest_client [req-d641e673-2691-429d-9e55-ad80acd07108 req-d641e673-2691-429d-9e55-ad80acd07108 ] Request (SecurityGroupsTestJSON:test_list_security_groups_by_server): 200 GET http://10.180.1.21/compute/v2.1/servers/faf0ac72-8b22-4025-9420-c719558ba264 0.325s
2024-10-01 03:21:10.482 62258 INFO tempest.lib.common.rest_client [req-14627d4f-4b2f-4d1c-946e-bec27401dad5 req-14627d4f-4b2f-4d1c-946e-bec27401dad5 ] Request (ValidationResourcesFixture:setUp): 200 POST http://10.180.1.21/compute/v2.1/os-keypairs 0.391s
2024-10-01 03:21:10.503 62228 INFO tempest.lib.common.rest_client [req-6cd0e08d-471b-4ed5-a29f-0332d4952c99 req-6cd0e08d-471b-4ed5-a29f-0332d4952c99 ] Request (ServersV294TestFqdnHostnames:setUpClass): 404 GET http://10.180.1.21/compute/v2.1/servers/621a631a-bf90-42e6-ba5a-cacf2dd5f3fb 0.354s
2024-10-01 03:21:10.503 62228 INFO tempest.test [-] raised in ServersV294TestFqdnHostnames.setUpClass. Invoking tearDownClass.
2024-10-01 03:21:10.530 62236 INFO tempest.lib.common.rest_client [req-bd7587c2-39d8-438a-9aa2-38f6f60e3835 req-bd7587c2-39d8-438a-9aa2-38f6f60e3835 ] Request (ServerDiagnosticsNegativeTest:test_get_server_diagnostics_by_non_admin): 200 GET http://10.180.1.21/compute/v2.1/servers/7eaa67ce-2591-4532-a6ce-23c9c18b7abf 0.404s
2024-10-01 03:21:10.554 62278 INFO tempest.lib.common.rest_client [req-08738fd7-85a8-4fac-bd0c-fba78f4d0a69 req-08738fd7-85a8-4fac-bd0c-fba78f4d0a69 ] Request (ServersAdminTestJSON:setUpClass): 200 PUT http://10.180.1.21:9696/networking/v2.0/routers/88b6ade1-7b0a-4712-9b86-f2906e79ca8e/add_router_interface 1.556s
2024-10-01 03:21:10.555 62278 INFO tempest.lib.common.dynamic_creds [-] Created isolated network resources for: credentials: Credentials: {'domain_id': 'default', 'domain_name': 'Default', 'username': 'tempest-ServersAdminTestJSON-1159859383-project-member', 'project_domain_id': 'default', 'project_domain_name': 'Default', 'project_id': '615bb3e656d9457dbd131b32c09d6e18', 'project_name': 'tempest-ServersAdminTestJSON-1159859383', 'tenant_id': '615bb3e656d9457dbd131b32c09d6e18', 'tenant_name': 'tempest-ServersAdminTestJSON-1159859383', 'user_domain_id': 'default', 'user_domain_name': 'Default', 'user_id': '4d0affcbaecc40a489d8503592d168f0', 'system': None}, Network: {'id': '8471a16e-da1a-4c4c-9b8c-1a62fc1c3812', 'name': 'tempest-ServersAdminTestJSON-609737232-network', 'tenant_id': '615bb3e656d9457dbd131b32c09d6e18', 'admin_state_up': True, 'mtu': 8950, 'status': 'ACTIVE', 'subnets': [], 'shared': False, 'project_id': '615bb3e656d9457dbd131b32c09d6e18', 'port_security_enabled': True, 'router:external': False, 'provider:network_type': 'vlan', 'provider:physical_network': 'default', 'provider:segmentation_id': 120, 'is_default': False, 'availability_zone_hints': [], 'availability_zones': [], 'ipv4_address_scope': None, 'ipv6_address_scope': None, 'description': '', 'tags': [], 'created_at': '2024-10-01T03:21:06Z', 'updated_at': '2024-10-01T03:21:06Z', 'revision_number': 1}, Subnet: {'id': '2ca487b6-99ed-492d-93e3-9356b43a321d', 'name': 'tempest-ServersAdminTestJSON-609737232-subnet', 'tenant_id': '615bb3e656d9457dbd131b32c09d6e18', 'network_id': '8471a16e-da1a-4c4c-9b8c-1a62fc1c3812', 'ip_version': 4, 'subnetpool_id': None, 'enable_dhcp': True, 'ipv6_ra_mode': None, 'ipv6_address_mode': None, 'gateway_ip': '192.168.128.1', 'cidr': '192.168.128.0/28', 'allocation_pools': [{'start': '192.168.128.2', 'end': '192.168.128.14'}], 'host_routes': [], 'dns_nameservers': [], 'description': '', 'router:external': False, 'service_types': [], 'tags': [], 'created_at': '2024-10-01T03:21:06Z', 'updated_at': '2024-10-01T03:21:06Z', 'revision_number': 0, 'project_id': '615bb3e656d9457dbd131b32c09d6e18'}, Router: {'id': '88b6ade1-7b0a-4712-9b86-f2906e79ca8e', 'name': 'tempest-ServersAdminTestJSON-609737232-router', 'tenant_id': '615bb3e656d9457dbd131b32c09d6e18', 'admin_state_up': True, 'status': 'ACTIVE', 'external_gateway_info': {'network_id': '166d55e5-a79c-438e-99bf-dec6289e9947', 'external_fixed_ips': [{'subnet_id': 'c2ce84d2-72ac-4f5a-96b3-4a1c18e6a98f', 'ip_address': '10.180.180.208'}], 'enable_snat': True}, 'description': '', 'availability_zones': [], 'distributed': False, 'ha': False, 'availability_zone_hints': [], 'routes': [], 'flavor_id': None, 'tags': [], 'created_at': '2024-10-01T03:21:07Z', 'updated_at': '2024-10-01T03:21:08Z', 'revision_number': 2, 'project_id': '615bb3e656d9457dbd131b32c09d6e18'}
2024-10-01 03:21:10.565 62218 INFO tempest.lib.common.rest_client [req-47c6fb35-2d38-4132-a4af-f5914aeef384 req-47c6fb35-2d38-4132-a4af-f5914aeef384 ] Request (AttachInterfacesTestJSON:test_create_list_show_delete_interfaces_by_fixed_ip): 200 GET http://10.180.1.21/compute/v2.1/servers/34b8c19f-6bfa-4aff-a0c9-76a4ab495fca 0.371s
2024-10-01 03:21:10.593 62262 INFO tempest.lib.common.rest_client [req-d4b34615-efe8-47fd-afe8-2446e668633a req-d4b34615-efe8-47fd-afe8-2446e668633a ] Request (ServerMetadataTestJSON:setUpClass): 200 GET http://10.180.1.21/compute/v2.1/servers/dae127b7-bef7-40d5-9bf5-ff2f6957f3e0 0.337s
2024-10-01 03:21:10.629 62232 INFO tempest.lib.common.rest_client [req-146fc0e6-d31f-4214-917b-12f4538fddfc req-146fc0e6-d31f-4214-917b-12f4538fddfc ] Request (FloatingIPsAssociationNegativeTestJSON:setUpClass): 200 GET http://10.180.1.21/compute/v2.1/servers/e38f00fb-d83a-41c2-843e-1172d7dce4b9 0.305s
2024-10-01 03:21:10.650 62278 INFO tempest.lib.common.rest_client [req-7c19e11f-1aa9-4378-a5e8-e685008f0825 req-7c19e11f-1aa9-4378-a5e8-e685008f0825 ] Request (ServersAdminTestJSON:setUpClass): 201 POST http://10.180.1.21/identity/v3/auth/tokens 0.090s
2024-10-01 03:21:10.660 62258 INFO tempest.lib.common.rest_client [req-7b7b4222-7d42-44e9-a628-884a94355e8f req-7b7b4222-7d42-44e9-a628-884a94355e8f ] Request (ValidationResourcesFixture:setUp): 201 POST http://10.180.1.21:9696/networking/v2.0/security-groups 0.176s
2024-10-01 03:21:10.689 62260 INFO tempest.lib.common.rest_client [req-803b20f6-c14e-4886-97df-6419bcc629c1 req-803b20f6-c14e-4886-97df-6419bcc629c1 ] Request (ServersTestJSON:setUpClass): 200 GET http://10.180.1.21/compute/v2.1/servers/394adc4e-7167-4eab-a81c-6de567aaa0de 0.300s
2024-10-01 03:21:10.706 62274 INFO tempest.lib.common.rest_client [req-9769a357-6cdb-4827-aeac-aebc3b0fced2 req-9769a357-6cdb-4827-aeac-aebc3b0fced2 ] Request (DeleteServersAdminTestJSON:test_delete_server_while_in_error_state): 200 GET http://10.180.1.21/compute/v2.1/servers/96ee55a5-1957-47d7-8f58-a626d870446e 0.322s
2024-10-01 03:21:10.712 62278 INFO tempest.lib.common.rest_client [req-46fe7c9e-6163-4666-b966-5c359d988c1f req-46fe7c9e-6163-4666-b966-5c359d988c1f ] Request (ServersAdminTestJSON:setUpClass): 201 POST http://10.180.1.21/identity/v3/projects 0.061s
2024-10-01 03:21:10.734 62228 INFO tempest.lib.common.rest_client [req-b864535b-a862-4bfe-b6c5-c04f1141b105 req-b864535b-a862-4bfe-b6c5-c04f1141b105 ] Request (ServersV294TestFqdnHostnames:tearDownClass): 204 DELETE http://10.180.1.21/compute/v2.1/os-keypairs/tempest-keypair-1071782990 0.230s
2024-10-01 03:21:10.745 62224 INFO tempest.lib.common.rest_client [req-fa8cb092-2a83-4786-9273-61ccb0989971 req-fa8cb092-2a83-4786-9273-61ccb0989971 ] Request (AttachInterfacesV270Test:test_create_get_list_interfaces): 200 GET http://10.180.1.21/compute/v2.1/servers/84261044-0bfa-4b12-89cb-e03035e78165 0.294s
2024-10-01 03:21:10.808 62220 INFO tempest.lib.common.rest_client [req-197806bd-cb2a-4f1e-9040-930ee1574f84 req-197806bd-cb2a-4f1e-9040-930ee1574f84 ] Request (ImagesTestJSON:test_create_image_from_stopped_server): 200 GET http://10.180.1.21/compute/v2.1/servers/d673cb36-d9c2-4994-a374-c4aa10497312 0.230s
2024-10-01 03:21:10.813 62278 INFO tempest.lib.common.rest_client [req-9dd68c39-7529-4220-89d4-7407b8e55053 req-9dd68c39-7529-4220-89d4-7407b8e55053 ] Request (ServersAdminTestJSON:setUpClass): 201 POST http://10.180.1.21/identity/v3/users 0.100s
2024-10-01 03:21:10.815 62220 INFO tempest.common.waiters [-] State transition "BUILD/scheduling" ==> "BUILD/None" after 40 second wait
2024-10-01 03:21:10.836 62268 INFO tempest.lib.common.rest_client [req-0d23e941-0c04-4cc3-b606-457e61a3a0b3 req-0d23e941-0c04-4cc3-b606-457e61a3a0b3 ] Request (InstanceActionsV221TestJSON:test_get_list_deleted_instance_actions): 200 GET http://10.180.1.21/compute/v2.1/servers/4e1acfa0-1a47-4692-a354-94bea867cea3 0.287s
2024-10-01 03:21:10.845 62278 INFO tempest.lib.common.rest_client [req-8140255d-b4fe-476b-8277-1026bf7bd6fb req-8140255d-b4fe-476b-8277-1026bf7bd6fb ] Request (ServersAdminTestJSON:setUpClass): 200 GET http://10.180.1.21/identity/v3/roles 0.032s
2024-10-01 03:21:10.885 62242 INFO tempest.lib.common.rest_client [req-2eb97b64-40f9-4b79-9933-3d83881b9790 req-2eb97b64-40f9-4b79-9933-3d83881b9790 ] Request (ServersTestMultiNic:test_verify_duplicate_network_nics): 200 GET http://10.180.1.21/compute/v2.1/servers/648a2f65-67a6-4029-a971-721fcb646091 0.238s
2024-10-01 03:21:10.899 62278 INFO tempest.lib.common.rest_client [req-e29f4718-5fee-4ab5-83fa-a34ddec8a130 req-e29f4718-5fee-4ab5-83fa-a34ddec8a130 ] Request (ServersAdminTestJSON:setUpClass): 204 PUT http://10.180.1.21/identity/v3/projects/bb3291e60aeb40fb93e80f04fb44451e/users/9dfea4f985124eafb28ce7589b456e4e/roles/b1114319fd7c440d8e5603d4bc143a5b 0.053s
2024-10-01 03:21:10.922 62228 INFO tempest.lib.common.rest_client [req-9ebda26f-5bf9-43b6-bbf5-8bae9c95e975 req-9ebda26f-5bf9-43b6-bbf5-8bae9c95e975 ] Request (ServersV294TestFqdnHostnames:tearDownClass): 204 DELETE http://10.180.1.21:9696/networking/v2.0/security-groups/372fe242-ac27-4dff-8231-fd9ee9f34144 0.188s
2024-10-01 03:21:10.951 62228 INFO tempest.lib.common.rest_client [req-f0fa7758-99c4-42ba-ac5b-568d9c2ed281 req-f0fa7758-99c4-42ba-ac5b-568d9c2ed281 ] Request (ServersV294TestFqdnHostnames:tearDownClass): 404 GET http://10.180.1.21:9696/networking/v2.0/security-groups/372fe242-ac27-4dff-8231-fd9ee9f34144 0.028s
2024-10-01 03:21:10.958 62278 INFO tempest.lib.common.rest_client [req-5c5f1703-a934-4757-87b2-8d6be32e8c2e req-5c5f1703-a934-4757-87b2-8d6be32e8c2e ] Request (ServersAdminTestJSON:setUpClass): 200 GET http://10.180.1.21/identity/v3/roles 0.059s
2024-10-01 03:21:10.958 62222 INFO tempest.lib.common.rest_client [req-cd3942bf-88fb-474f-a6ad-f3e8fcde270a req-cd3942bf-88fb-474f-a6ad-f3e8fcde270a ] Request (AttachInterfacesUnderV243Test:test_add_remove_fixed_ip): 200 GET http://10.180.1.21/compute/v2.1/servers/0aae803d-c785-46ab-b28b-e4563e726e2e 0.207s
2024-10-01 03:21:10.973 62230 INFO tempest.lib.common.rest_client [req-d323baee-974d-476a-a226-520b8e86158f req-d323baee-974d-476a-a226-520b8e86158f ] Request (VolumesAdminNegativeTest:test_update_attached_volume_with_nonexistent_volume_in_body): 200 GET http://10.180.1.21/compute/v2.1/servers/47e8bb2c-8b79-431a-901f-4eeb479b83fa 0.312s
2024-10-01 03:21:10.993 62278 INFO tempest.lib.common.rest_client [req-e69da33c-890f-4717-8f1d-a08819068279 req-e69da33c-890f-4717-8f1d-a08819068279 ] Request (ServersAdminTestJSON:setUpClass): 204 PUT http://10.180.1.21/identity/v3/projects/bb3291e60aeb40fb93e80f04fb44451e/users/9dfea4f985124eafb28ce7589b456e4e/roles/b1114319fd7c440d8e5603d4bc143a5b 0.034s
2024-10-01 03:21:10.993 62278 INFO tempest.lib.common.dynamic_creds [-] Dynamic test user 9dfea4f985124eafb28ce7589b456e4e is created with scope project and roles: ['admin']
2024-10-01 03:21:10.993 62278 INFO tempest.lib.common.dynamic_creds [-] Acquired dynamic creds: credentials: Credentials: {'domain_id': 'default', 'domain_name': 'Default', 'username': 'tempest-ServersAdminTestJSON-353062463-project-admin', 'project_domain_id': 'default', 'project_domain_name': 'Default', 'project_id': 'bb3291e60aeb40fb93e80f04fb44451e', 'project_name': 'tempest-ServersAdminTestJSON-353062463', 'tenant_id': 'bb3291e60aeb40fb93e80f04fb44451e', 'tenant_name': 'tempest-ServersAdminTestJSON-353062463', 'user_domain_id': 'default', 'user_domain_name': 'Default', 'user_id': '9dfea4f985124eafb28ce7589b456e4e', 'system': None}, Network: None, Subnet: None, Router: None
2024-10-01 03:21:10.998 62238 INFO tempest.lib.common.rest_client [req-753b94ed-c768-4901-bdcb-eabca69e1e34 req-753b94ed-c768-4901-bdcb-eabca69e1e34 ] Request (VolumesAssistedSnapshotsTest:tearDownClass): 200 PUT http://10.180.1.21:9696/networking/v2.0/routers/e2a0472e-76fb-46a3-9962-8b690fce7dee/remove_router_interface 1.809s
2024-10-01 03:21:11.028 62216 INFO tempest.lib.common.rest_client [req-2fd4ac73-a593-41b4-b72b-d3d8e29873fb req-2fd4ac73-a593-41b4-b72b-d3d8e29873fb ] Request (ServerDiagnosticsTest:test_get_server_diagnostics): 200 GET http://10.180.1.21/compute/v2.1/servers/0d2a0cf0-38c1-4abe-b124-897a5615e5da 0.250s
2024-10-01 03:21:11.059 62258 INFO tempest.lib.common.rest_client [req-f3696d7d-eba8-4875-ab9b-b626eb4d2d65 req-f3696d7d-eba8-4875-ab9b-b626eb4d2d65 ] Request (ValidationResourcesFixture:setUp): 201 POST http://10.180.1.21:9696/networking/v2.0/security-group-rules 0.398s
2024-10-01 03:21:11.068 62256 INFO tempest.lib.common.rest_client [req-b1da7db0-e5ed-4b8f-a259-ba8e551994fb req-b1da7db0-e5ed-4b8f-a259-ba8e551994fb ] Request (ServerActionsTestOtherB:setUpClass): 200 GET http://10.180.1.21/compute/v2.1/servers/6177a0e7-1b3e-4991-9293-0f82c1a28075 0.177s
2024-10-01 03:21:11.082 62277 INFO tempest.lib.common.rest_client [req-278f2936-86f6-4d65-bf0f-b2f79daceef3 req-278f2936-86f6-4d65-bf0f-b2f79daceef3 ] Request (ImagesOneServerNegativeTestJSON:setUpClass): 200 GET http://10.180.1.21/compute/v2.1/servers/6f379583-ff30-4cce-a64f-eb0b8b3ca002 0.136s
2024-10-01 03:21:11.154 62250 INFO tempest.lib.common.rest_client [req-a54add5a-87fd-4cab-bc18-5980a1f39d68 req-a54add5a-87fd-4cab-bc18-5980a1f39d68 ] Request (ServerActionsTestOtherA:setUpClass): 200 GET http://10.180.1.21/compute/v2.1/servers/db0e0443-7630-48de-922d-0485631307f0 0.155s
2024-10-01 03:21:11.155 62252 INFO tempest.lib.common.rest_client [req-5b9c743e-a892-493c-a8e2-dbe124c176b8 req-5b9c743e-a892-493c-a8e2-dbe124c176b8 ] Request (ServersWithSpecificFlavorTestJSON:test_verify_created_server_ephemeral_disk): 200 GET http://10.180.1.21/compute/v2.1/servers/a108a48c-2f81-4ac0-9112-c78011f59e3e 0.076s
2024-10-01 03:21:11.269 62228 INFO tempest.lib.common.rest_client [req-b30001e5-3459-422e-9977-e638c5ac67fb req-b30001e5-3459-422e-9977-e638c5ac67fb ] Request (ServersV294TestFqdnHostnames:tearDownClass): 204 DELETE http://10.180.1.21:9696/networking/v2.0/floatingips/a67f02f0-ade5-4ed0-a308-7ba9fc263b37 0.317s
2024-10-01 03:21:11.291 62266 INFO tempest.lib.common.rest_client [req-e5f399f7-fecf-4ed7-be0f-30b52a3e221a req-e5f399f7-fecf-4ed7-be0f-30b52a3e221a ] Request (ListServersNegativeTestJSON:setUpClass): 200 GET http://10.180.1.21/compute/v2.1/servers/559b2089-8d15-4088-a0cb-6ab79a771dc5 0.066s
2024-10-01 03:21:11.340 62270 INFO tempest.lib.common.rest_client [req-2a0dabae-29d5-4704-ba74-2185b8477e25 req-2a0dabae-29d5-4704-ba74-2185b8477e25 ] Request (ServerAddressesNegativeTestJSON:setUpClass): 200 GET http://10.180.1.21/compute/v2.1/servers/89a07c15-909a-4f8d-ab58-80bd49b3cb74 0.101s
2024-10-01 03:21:11.397 62240 INFO tempest.lib.common.rest_client [req-5955768e-2dff-4003-8473-a2ceb9e77ba3 req-5955768e-2dff-4003-8473-a2ceb9e77ba3 ] Request (ServersAdminNegativeTestJSON:setUpClass): 200 GET http://10.180.1.21/compute/v2.1/servers/15a00ebb-80ec-4568-b023-940904254cc6 0.107s
2024-10-01 03:21:11.404 62240 INFO tempest.common.waiters [-] State transition "BUILD/spawning" ==> "BUILD/scheduling" after 60 second wait
2024-10-01 03:21:11.455 62254 INFO tempest.lib.common.rest_client [req-cd837bad-8d01-4251-9bc9-93473abbc362 req-cd837bad-8d01-4251-9bc9-93473abbc362 ] Request (ImagesNegativeTestJSON:test_create_image_from_deleted_server): 200 GET http://10.180.1.21/compute/v2.1/servers/501d16a6-d8f8-4a6e-af57-cdb000355895 0.147s
2024-10-01 03:21:11.462 62258 INFO tempest.lib.common.rest_client [req-f7667d6f-ca15-4c54-8a66-3fad5b2fc117 req-f7667d6f-ca15-4c54-8a66-3fad5b2fc117 ] Request (ValidationResourcesFixture:setUp): 201 POST http://10.180.1.21:9696/networking/v2.0/security-group-rules 0.403s
2024-10-01 03:21:11.467 62246 INFO tempest.lib.common.rest_client [req-5a8ef1d2-7020-40c4-8f66-2f4368543e5c req-5a8ef1d2-7020-40c4-8f66-2f4368543e5c ] Request (ListImageFiltersTestJSON:setUpClass): 200 GET http://10.180.1.21/compute/v2.1/servers/f8cc9ce9-9e4f-4814-8f15-4d96be80cd54 0.303s
2024-10-01 03:21:11.522 62234 INFO tempest.lib.common.rest_client [req-67611ce0-6069-4489-89fa-e618ab33c2d7 req-67611ce0-6069-4489-89fa-e618ab33c2d7 ] Request (SecurityGroupsTestJSON:test_list_security_groups_by_server): 200 GET http://10.180.1.21/compute/v2.1/servers/faf0ac72-8b22-4025-9420-c719558ba264 0.066s
2024-10-01 03:21:11.632 62218 INFO tempest.lib.common.rest_client [req-61a1db24-3b9e-4c97-81b1-bb3f034fb957 req-61a1db24-3b9e-4c97-81b1-bb3f034fb957 ] Request (AttachInterfacesTestJSON:test_create_list_show_delete_interfaces_by_fixed_ip): 200 GET http://10.180.1.21/compute/v2.1/servers/34b8c19f-6bfa-4aff-a0c9-76a4ab495fca 0.058s
2024-10-01 03:21:11.681 62262 INFO tempest.lib.common.rest_client [req-7093be67-7054-4ce6-85ea-fa256b7bd1a0 req-7093be67-7054-4ce6-85ea-fa256b7bd1a0 ] Request (ServerMetadataTestJSON:setUpClass): 200 GET http://10.180.1.21/compute/v2.1/servers/dae127b7-bef7-40d5-9bf5-ff2f6957f3e0 0.078s
2024-10-01 03:21:11.703 62236 INFO tempest.lib.common.rest_client [req-41d7d1ce-eb36-4af4-aa27-05e2319d6cee req-41d7d1ce-eb36-4af4-aa27-05e2319d6cee ] Request (ServerDiagnosticsNegativeTest:test_get_server_diagnostics_by_non_admin): 200 GET http://10.180.1.21/compute/v2.1/servers/7eaa67ce-2591-4532-a6ce-23c9c18b7abf 0.163s
2024-10-01 03:21:11.736 62232 INFO tempest.lib.common.rest_client [req-9164842f-c532-48a3-9d5e-0f3a7d566fbf req-9164842f-c532-48a3-9d5e-0f3a7d566fbf ] Request (FloatingIPsAssociationNegativeTestJSON:setUpClass): 200 GET http://10.180.1.21/compute/v2.1/servers/e38f00fb-d83a-41c2-843e-1172d7dce4b9 0.098s
2024-10-01 03:21:11.778 62278 INFO tempest.lib.common.rest_client [req-0c640dfa-e090-4276-9d9b-a9e283d379f7 req-0c640dfa-e090-4276-9d9b-a9e283d379f7 ] Request (ServersAdminTestJSON:setUpClass): 201 POST http://10.180.1.21:9696/networking/v2.0/networks 0.784s
2024-10-01 03:21:11.780 62260 INFO tempest.lib.common.rest_client [req-140c4d6b-dd01-4cb6-87a3-c9c5b93dc839 req-140c4d6b-dd01-4cb6-87a3-c9c5b93dc839 ] Request (ServersTestJSON:setUpClass): 200 GET http://10.180.1.21/compute/v2.1/servers/394adc4e-7167-4eab-a81c-6de567aaa0de 0.084s
2024-10-01 03:21:11.798 62274 INFO tempest.lib.common.rest_client [req-c22a6916-6948-4e38-a893-f3163d4f6167 req-c22a6916-6948-4e38-a893-f3163d4f6167 ] Request (DeleteServersAdminTestJSON:test_delete_server_while_in_error_state): 200 GET http://10.180.1.21/compute/v2.1/servers/96ee55a5-1957-47d7-8f58-a626d870446e 0.082s
2024-10-01 03:21:11.857 62224 INFO tempest.lib.common.rest_client [req-64c0c02f-bfdf-4cdb-9715-ceb482158f42 req-64c0c02f-bfdf-4cdb-9715-ceb482158f42 ] Request (AttachInterfacesV270Test:test_create_get_list_interfaces): 200 GET http://10.180.1.21/compute/v2.1/servers/84261044-0bfa-4b12-89cb-e03035e78165 0.099s
2024-10-01 03:21:11.875 62220 INFO tempest.lib.common.rest_client [req-a2a6d9e2-6b09-475e-81dc-de156331ca91 req-a2a6d9e2-6b09-475e-81dc-de156331ca91 ] Request (ImagesTestJSON:test_create_image_from_stopped_server): 200 GET http://10.180.1.21/compute/v2.1/servers/d673cb36-d9c2-4994-a374-c4aa10497312 0.058s
2024-10-01 03:21:11.944 62268 INFO tempest.lib.common.rest_client [req-a424398a-7751-4102-bdbc-4faaefacfccc req-a424398a-7751-4102-bdbc-4faaefacfccc ] Request (InstanceActionsV221TestJSON:test_get_list_deleted_instance_actions): 200 GET http://10.180.1.21/compute/v2.1/servers/4e1acfa0-1a47-4692-a354-94bea867cea3 0.094s
2024-10-01 03:21:11.964 62242 INFO tempest.lib.common.rest_client [req-93329fba-689e-40db-8170-134ac66343c0 req-93329fba-689e-40db-8170-134ac66343c0 ] Request (ServersTestMultiNic:test_verify_duplicate_network_nics): 200 GET http://10.180.1.21/compute/v2.1/servers/648a2f65-67a6-4029-a971-721fcb646091 0.071s
2024-10-01 03:21:12.039 62230 INFO tempest.lib.common.rest_client [req-1587b0f3-da92-4da6-9f4f-4ad77530d9b4 req-1587b0f3-da92-4da6-9f4f-4ad77530d9b4 ] Request (VolumesAdminNegativeTest:test_update_attached_volume_with_nonexistent_volume_in_body): 200 GET http://10.180.1.21/compute/v2.1/servers/47e8bb2c-8b79-431a-901f-4eeb479b83fa 0.058s
2024-10-01 03:21:12.047 62258 INFO tempest.lib.common.rest_client [req-b7cc9960-55b0-45ec-8b27-375c2b4c0bb2 req-b7cc9960-55b0-45ec-8b27-375c2b4c0bb2 ] Request (ValidationResourcesFixture:setUp): 201 POST http://10.180.1.21:9696/networking/v2.0/floatingips 0.585s
2024-10-01 03:21:12.054 62222 INFO tempest.lib.common.rest_client [req-01d67ac9-4c2a-4fd9-8c1a-645a468b6c63 req-01d67ac9-4c2a-4fd9-8c1a-645a468b6c63 ] Request (AttachInterfacesUnderV243Test:test_add_remove_fixed_ip): 200 GET http://10.180.1.21/compute/v2.1/servers/0aae803d-c785-46ab-b28b-e4563e726e2e 0.083s
2024-10-01 03:21:12.074 62278 INFO tempest.lib.common.rest_client [req-f59975a5-21a5-425d-a866-6788f00bbc94 req-f59975a5-21a5-425d-a866-6788f00bbc94 ] Request (ServersAdminTestJSON:setUpClass): 201 POST http://10.180.1.21:9696/networking/v2.0/subnets 0.295s
2024-10-01 03:21:12.111 62216 INFO tempest.lib.common.rest_client [req-32775bf7-68d8-49da-9426-c3d4ca3a8834 req-32775bf7-68d8-49da-9426-c3d4ca3a8834 ] Request (ServerDiagnosticsTest:test_get_server_diagnostics): 200 GET http://10.180.1.21/compute/v2.1/servers/0d2a0cf0-38c1-4abe-b124-897a5615e5da 0.073s
2024-10-01 03:21:12.157 62258 INFO tempest.lib.common.rest_client [req-305efd6a-e1e0-49a7-9aa0-7430e0d57b61 req-305efd6a-e1e0-49a7-9aa0-7430e0d57b61 ] Request (AttachVolumeTestJSON:test_attach_detach_volume): 201 POST http://10.180.1.21/identity/v3/auth/tokens 0.103s
2024-10-01 03:21:12.157 62258 INFO tempest.lib.common.fixed_network [-] (AttachVolumeTestJSON:test_attach_detach_volume) Found network {'id': '50a01d77-8969-4ede-ae86-2ad2266981d4', 'name': 'tempest-AttachVolumeTestJSON-348118836-network', 'tenant_id': '4d855943ce3e4a6cb7ddb1f256848d83', 'admin_state_up': True, 'mtu': 8950, 'status': 'ACTIVE', 'subnets': [], 'shared': False, 'project_id': '4d855943ce3e4a6cb7ddb1f256848d83', 'port_security_enabled': True, 'router:external': False, 'provider:network_type': 'vlan', 'provider:physical_network': 'default', 'provider:segmentation_id': 536, 'is_default': False, 'availability_zone_hints': [], 'availability_zones': [], 'ipv4_address_scope': None, 'ipv6_address_scope': None, 'description': '', 'tags': [], 'created_at': '2024-10-01T03:21:06Z', 'updated_at': '2024-10-01T03:21:06Z', 'revision_number': 1} available for tenant
2024-10-01 03:21:12.195 62277 INFO tempest.lib.common.rest_client [req-0c274c2f-1880-45d2-a09a-67874d0d9e39 req-0c274c2f-1880-45d2-a09a-67874d0d9e39 ] Request (ImagesOneServerNegativeTestJSON:setUpClass): 200 GET http://10.180.1.21/compute/v2.1/servers/6f379583-ff30-4cce-a64f-eb0b8b3ca002 0.101s
2024-10-01 03:21:12.200 62256 INFO tempest.lib.common.rest_client [req-0154be18-210a-4fa2-a65a-9114aa0123bc req-0154be18-210a-4fa2-a65a-9114aa0123bc ] Request (ServerActionsTestOtherB:setUpClass): 200 GET http://10.180.1.21/compute/v2.1/servers/6177a0e7-1b3e-4991-9293-0f82c1a28075 0.120s
2024-10-01 03:21:12.243 62238 INFO tempest.lib.common.rest_client [req-7a99b97d-021e-40d6-a06e-d32e0ff7cb40 req-7a99b97d-021e-40d6-a06e-d32e0ff7cb40 ] Request (VolumesAssistedSnapshotsTest:tearDownClass): 204 DELETE http://10.180.1.21:9696/networking/v2.0/routers/e2a0472e-76fb-46a3-9962-8b690fce7dee 1.244s
2024-10-01 03:21:12.299 62252 INFO tempest.lib.common.rest_client [req-cacd75a4-7283-4101-b372-c25d95a22d93 req-cacd75a4-7283-4101-b372-c25d95a22d93 ] Request (ServersWithSpecificFlavorTestJSON:test_verify_created_server_ephemeral_disk): 200 GET http://10.180.1.21/compute/v2.1/servers/a108a48c-2f81-4ac0-9112-c78011f59e3e 0.136s
2024-10-01 03:21:12.373 62250 INFO tempest.lib.common.rest_client [req-364c59f6-efc8-4909-8d1a-50660f7c761e req-364c59f6-efc8-4909-8d1a-50660f7c761e ] Request (ServerActionsTestOtherA:setUpClass): 200 GET http://10.180.1.21/compute/v2.1/servers/db0e0443-7630-48de-922d-0485631307f0 0.206s
2024-10-01 03:21:12.448 62266 INFO tempest.lib.common.rest_client [req-739b7007-2c2e-469a-9020-701aff44874e req-739b7007-2c2e-469a-9020-701aff44874e ] Request (ListServersNegativeTestJSON:setUpClass): 200 GET http://10.180.1.21/compute/v2.1/servers/559b2089-8d15-4088-a0cb-6ab79a771dc5 0.146s
2024-10-01 03:21:12.517 62270 INFO tempest.lib.common.rest_client [req-538a64f0-84d1-468a-990c-ab689e3c8cc4 req-538a64f0-84d1-468a-990c-ab689e3c8cc4 ] Request (ServerAddressesNegativeTestJSON:setUpClass): 200 GET http://10.180.1.21/compute/v2.1/servers/89a07c15-909a-4f8d-ab58-80bd49b3cb74 0.167s
2024-10-01 03:21:12.559 62238 INFO tempest.lib.common.rest_client [req-4f9d84a6-19b2-474f-8225-c3f5d343c3e4 req-4f9d84a6-19b2-474f-8225-c3f5d343c3e4 ] Request (VolumesAssistedSnapshotsTest:tearDownClass): 204 DELETE http://10.180.1.21:9696/networking/v2.0/subnets/f58b3593-cb03-467e-9d19-09c649dfcf90 0.315s
2024-10-01 03:21:12.590 62240 INFO tempest.lib.common.rest_client [req-e0a60b00-6282-4cd2-bc1f-106ea132e683 req-e0a60b00-6282-4cd2-bc1f-106ea132e683 ] Request (ServersAdminNegativeTestJSON:setUpClass): 200 GET http://10.180.1.21/compute/v2.1/servers/15a00ebb-80ec-4568-b023-940904254cc6 0.185s
2024-10-01 03:21:12.601 62240 INFO tempest.common.waiters [-] State transition "BUILD/scheduling" ==> "ERROR/None" after 61 second wait
2024-10-01 03:21:12.664 62254 INFO tempest.lib.common.rest_client [req-b5704a89-cf8d-4ed4-9828-89214d94db04 req-b5704a89-cf8d-4ed4-9828-89214d94db04 ] Request (ImagesNegativeTestJSON:test_create_image_from_deleted_server): 200 GET http://10.180.1.21/compute/v2.1/servers/501d16a6-d8f8-4a6e-af57-cdb000355895 0.198s
2024-10-01 03:21:12.722 62246 INFO tempest.lib.common.rest_client [req-5c8bed87-96cf-42d9-8374-50a89eaba519 req-5c8bed87-96cf-42d9-8374-50a89eaba519 ] Request (ListImageFiltersTestJSON:setUpClass): 200 GET http://10.180.1.21/compute/v2.1/servers/f8cc9ce9-9e4f-4814-8f15-4d96be80cd54 0.245s
2024-10-01 03:21:12.798 62234 INFO tempest.lib.common.rest_client [req-45384f0c-ba22-49cd-9141-23afc1e814fd req-45384f0c-ba22-49cd-9141-23afc1e814fd ] Request (SecurityGroupsTestJSON:test_list_security_groups_by_server): 200 GET http://10.180.1.21/compute/v2.1/servers/faf0ac72-8b22-4025-9420-c719558ba264 0.265s
2024-10-01 03:21:12.920 62258 INFO tempest.lib.common.rest_client [req-6dfea9b5-4f86-4bc5-87bc-3c2074c43bde req-6dfea9b5-4f86-4bc5-87bc-3c2074c43bde ] Request (AttachVolumeTestJSON:test_attach_detach_volume): 202 POST http://10.180.1.21/compute/v2.1/servers 0.761s
2024-10-01 03:21:12.976 62218 INFO tempest.lib.common.rest_client [req-e3cce375-1320-43b4-8629-ee6c6fe527e0 req-e3cce375-1320-43b4-8629-ee6c6fe527e0 ] Request (AttachInterfacesTestJSON:test_create_list_show_delete_interfaces_by_fixed_ip): 200 GET http://10.180.1.21/compute/v2.1/servers/34b8c19f-6bfa-4aff-a0c9-76a4ab495fca 0.331s
2024-10-01 03:21:13.006 62240 INFO tempest.lib.common.rest_client [req-7b33d313-9514-47f5-82f0-a64ecc01111d req-7b33d313-9514-47f5-82f0-a64ecc01111d ] Request (ServersAdminNegativeTestJSON:setUpClass): 204 DELETE http://10.180.1.21/compute/v2.1/servers/15a00ebb-80ec-4568-b023-940904254cc6 0.404s
2024-10-01 03:21:13.031 62264 INFO tempest.lib.common.rest_client [req-c9567227-f0d5-46b0-818f-22fa574527e7 req-c9567227-f0d5-46b0-818f-22fa574527e7 ] Request (ServerPasswordTestJSON:setUpClass): 200 PUT http://10.180.1.21:9696/networking/v2.0/routers/04881db3-6891-420a-9858-6bf67dfee1b7/add_router_interface 2.731s
2024-10-01 03:21:13.031 62264 INFO tempest.lib.common.dynamic_creds [-] Created isolated network resources for: credentials: Credentials: {'domain_id': 'default', 'domain_name': 'Default', 'username': 'tempest-ServerPasswordTestJSON-1798868532-project-member', 'project_domain_id': 'default', 'project_domain_name': 'Default', 'project_id': '464acc9da50947bd9977494906d6ba49', 'project_name': 'tempest-ServerPasswordTestJSON-1798868532', 'tenant_id': '464acc9da50947bd9977494906d6ba49', 'tenant_name': 'tempest-ServerPasswordTestJSON-1798868532', 'user_domain_id': 'default', 'user_domain_name': 'Default', 'user_id': '225018c63b7646e8bea783e54f0c29bf', 'system': None}, Network: {'id': '3e97b76e-2ccf-4e07-8225-fe850a9abf0f', 'name': 'tempest-ServerPasswordTestJSON-1148533979-network', 'tenant_id': '464acc9da50947bd9977494906d6ba49', 'admin_state_up': True, 'mtu': 8950, 'status': 'ACTIVE', 'subnets': [], 'shared': False, 'project_id': '464acc9da50947bd9977494906d6ba49', 'port_security_enabled': True, 'router:external': False, 'provider:network_type': 'vlan', 'provider:physical_network': 'default', 'provider:segmentation_id': 317, 'is_default': False, 'availability_zone_hints': [], 'availability_zones': [], 'ipv4_address_scope': None, 'ipv6_address_scope': None, 'description': '', 'tags': [], 'created_at': '2024-10-01T03:21:08Z', 'updated_at': '2024-10-01T03:21:08Z', 'revision_number': 1}, Subnet: {'id': '8b162a07-3e3b-4016-8d4b-663faa041eb0', 'name': 'tempest-ServerPasswordTestJSON-1148533979-subnet', 'tenant_id': '464acc9da50947bd9977494906d6ba49', 'network_id': '3e97b76e-2ccf-4e07-8225-fe850a9abf0f', 'ip_version': 4, 'subnetpool_id': None, 'enable_dhcp': True, 'ipv6_ra_mode': None, 'ipv6_address_mode': None, 'gateway_ip': '192.168.128.1', 'cidr': '192.168.128.0/28', 'allocation_pools': [{'start': '192.168.128.2', 'end': '192.168.128.14'}], 'host_routes': [], 'dns_nameservers': [], 'description': '', 'router:external': False, 'service_types': [], 'tags': [], 'created_at': '2024-10-01T03:21:08Z', 'updated_at': '2024-10-01T03:21:08Z', 'revision_number': 0, 'project_id': '464acc9da50947bd9977494906d6ba49'}, Router: {'id': '04881db3-6891-420a-9858-6bf67dfee1b7', 'name': 'tempest-ServerPasswordTestJSON-1148533979-router', 'tenant_id': '464acc9da50947bd9977494906d6ba49', 'admin_state_up': True, 'status': 'ACTIVE', 'external_gateway_info': {'network_id': '166d55e5-a79c-438e-99bf-dec6289e9947', 'external_fixed_ips': [{'subnet_id': 'c2ce84d2-72ac-4f5a-96b3-4a1c18e6a98f', 'ip_address': '10.180.180.184'}], 'enable_snat': True}, 'description': '', 'availability_zones': [], 'distributed': False, 'ha': False, 'availability_zone_hints': [], 'routes': [], 'flavor_id': None, 'tags': [], 'created_at': '2024-10-01T03:21:08Z', 'updated_at': '2024-10-01T03:21:09Z', 'revision_number': 2, 'project_id': '464acc9da50947bd9977494906d6ba49'}
2024-10-01 03:21:13.065 62236 INFO tempest.lib.common.rest_client [req-e205646c-ab27-4bb7-9e91-606390da9d3a req-e205646c-ab27-4bb7-9e91-606390da9d3a ] Request (ServerDiagnosticsNegativeTest:test_get_server_diagnostics_by_non_admin): 200 GET http://10.180.1.21/compute/v2.1/servers/7eaa67ce-2591-4532-a6ce-23c9c18b7abf 0.353s
2024-10-01 03:21:13.133 62232 INFO tempest.lib.common.rest_client [req-b66369bb-8c02-4340-bde2-dc429b573512 req-b66369bb-8c02-4340-bde2-dc429b573512 ] Request (FloatingIPsAssociationNegativeTestJSON:setUpClass): 200 GET http://10.180.1.21/compute/v2.1/servers/e38f00fb-d83a-41c2-843e-1172d7dce4b9 0.384s
2024-10-01 03:21:13.139 62228 INFO tempest.lib.common.rest_client [req-802ab6e5-7b24-439f-9b18-df1b235fdcec req-802ab6e5-7b24-439f-9b18-df1b235fdcec ] Request (ServersV294TestFqdnHostnames:tearDownClass): 200 PUT http://10.180.1.21:9696/networking/v2.0/routers/42ff5f93-0ef7-4b5f-b2b3-6826618712c9/remove_router_interface 1.870s
2024-10-01 03:21:13.172 62264 INFO tempest.lib.common.rest_client [req-be74d07e-31cf-4c3a-b9fc-61379fa07b84 req-be74d07e-31cf-4c3a-b9fc-61379fa07b84 ] Request (ServerPasswordTestJSON:setUpClass): 201 POST http://10.180.1.21/identity/v3/auth/tokens 0.136s
2024-10-01 03:21:13.219 62264 INFO tempest.lib.common.rest_client [req-3f20f593-8f15-4945-bd65-6418631cf654 req-3f20f593-8f15-4945-bd65-6418631cf654 ] Request (ServerPasswordTestJSON:setUpClass): 201 POST http://10.180.1.21/identity/v3/auth/tokens 0.043s
2024-10-01 03:21:13.219 62264 INFO tempest.lib.common.fixed_network [-] (ServerPasswordTestJSON:setUpClass) Found network {'id': '3e97b76e-2ccf-4e07-8225-fe850a9abf0f', 'name': 'tempest-ServerPasswordTestJSON-1148533979-network', 'tenant_id': '464acc9da50947bd9977494906d6ba49', 'admin_state_up': True, 'mtu': 8950, 'status': 'ACTIVE', 'subnets': [], 'shared': False, 'project_id': '464acc9da50947bd9977494906d6ba49', 'port_security_enabled': True, 'router:external': False, 'provider:network_type': 'vlan', 'provider:physical_network': 'default', 'provider:segmentation_id': 317, 'is_default': False, 'availability_zone_hints': [], 'availability_zones': [], 'ipv4_address_scope': None, 'ipv6_address_scope': None, 'description': '', 'tags': [], 'created_at': '2024-10-01T03:21:08Z', 'updated_at': '2024-10-01T03:21:08Z', 'revision_number': 1} available for tenant
2024-10-01 03:21:13.230 62260 INFO tempest.lib.common.rest_client [req-7d78909b-189b-45f4-9f7b-09a7cd335d6a req-7d78909b-189b-45f4-9f7b-09a7cd335d6a ] Request (ServersTestJSON:setUpClass): 200 GET http://10.180.1.21/compute/v2.1/servers/394adc4e-7167-4eab-a81c-6de567aaa0de 0.443s
2024-10-01 03:21:13.277 62262 INFO tempest.lib.common.rest_client [req-fddea21b-624e-4646-9c33-7c86398aba6d req-fddea21b-624e-4646-9c33-7c86398aba6d ] Request (ServerMetadataTestJSON:setUpClass): 200 GET http://10.180.1.21/compute/v2.1/servers/dae127b7-bef7-40d5-9bf5-ff2f6957f3e0 0.588s
2024-10-01 03:21:13.292 62274 INFO tempest.lib.common.rest_client [req-ebc18a98-af99-452d-9372-972aeb44bf9b req-ebc18a98-af99-452d-9372-972aeb44bf9b ] Request (DeleteServersAdminTestJSON:test_delete_server_while_in_error_state): 200 GET http://10.180.1.21/compute/v2.1/servers/96ee55a5-1957-47d7-8f58-a626d870446e 0.486s
2024-10-01 03:21:13.311 62238 INFO tempest.lib.common.rest_client [req-2394ae38-cce9-4459-89dd-5458f69cb62a req-2394ae38-cce9-4459-89dd-5458f69cb62a ] Request (VolumesAssistedSnapshotsTest:tearDownClass): 204 DELETE http://10.180.1.21:9696/networking/v2.0/networks/27f2d28b-f457-4700-98e7-829323b252b0 0.752s
2024-10-01 03:21:13.352 62224 INFO tempest.lib.common.rest_client [req-a259940b-de33-4fd6-a9ed-015b806794fd req-a259940b-de33-4fd6-a9ed-015b806794fd ] Request (AttachInterfacesV270Test:test_create_get_list_interfaces): 200 GET http://10.180.1.21/compute/v2.1/servers/84261044-0bfa-4b12-89cb-e03035e78165 0.486s
2024-10-01 03:21:13.359 62220 INFO tempest.lib.common.rest_client [req-91d21f33-1645-49b4-b235-696b24307426 req-91d21f33-1645-49b4-b235-696b24307426 ] Request (ImagesTestJSON:test_create_image_from_stopped_server): 200 GET http://10.180.1.21/compute/v2.1/servers/d673cb36-d9c2-4994-a374-c4aa10497312 0.476s
2024-10-01 03:21:13.361 62224 INFO tempest.common.waiters [-] State transition "BUILD/scheduling" ==> "BUILD/None" after 38 second wait
2024-10-01 03:21:13.365 62278 INFO tempest.lib.common.rest_client [req-5adeb28d-dd4e-4e74-b7fd-11b56165c9fa req-5adeb28d-dd4e-4e74-b7fd-11b56165c9fa ] Request (ServersAdminTestJSON:setUpClass): 201 POST http://10.180.1.21:9696/networking/v2.0/routers 1.291s
2024-10-01 03:21:13.405 62258 INFO tempest.lib.common.rest_client [req-4ecd2131-d062-4a2c-8ce1-35dfe2012555 req-4ecd2131-d062-4a2c-8ce1-35dfe2012555 ] Request (AttachVolumeTestJSON:test_attach_detach_volume): 200 GET http://10.180.1.21/compute/v2.1/servers/16b161f5-3c90-4312-9830-3ac4a4ac7988 0.480s
