2024-10-01 03:21:52.760 62268 INFO tempest.lib.common.rest_client [req-c5740716-8078-45bc-9f84-8d324118c23b req-c5740716-8078-45bc-9f84-8d324118c23b ] Request (InstanceActionsV221TestJSON:test_get_list_deleted_instance_actions): 200 GET http://10.180.1.21/compute/v2.1/servers/4e1acfa0-1a47-4692-a354-94bea867cea3 0.048s
2024-10-01 03:21:52.807 62242 INFO tempest.lib.common.rest_client [req-e6e491ad-e3bf-4b80-aee9-d8ab0a5bee30 req-e6e491ad-e3bf-4b80-aee9-d8ab0a5bee30 ] Request (ServersTestMultiNic:test_verify_duplicate_network_nics): 200 GET http://10.180.1.21/compute/v2.1/servers/648a2f65-67a6-4029-a971-721fcb646091 0.064s
2024-10-01 03:21:52.842 62277 INFO tempest.lib.common.rest_client [req-1ba5135a-1948-46f6-b7e3-f10695dc5e51 req-1ba5135a-1948-46f6-b7e3-f10695dc5e51 ] Request (ImagesOneServerNegativeTestJSON:setUpClass): 200 GET http://10.180.1.21/compute/v2.1/servers/6f379583-ff30-4cce-a64f-eb0b8b3ca002 0.050s
2024-10-01 03:21:52.869 62230 INFO tempest.lib.common.rest_client [req-a0544021-bc7c-4630-b6fd-d4509babc52b req-a0544021-bc7c-4630-b6fd-d4509babc52b ] Request (VolumesAdminNegativeTest:test_update_attached_volume_with_nonexistent_volume_in_body): 200 GET http://10.180.1.21/compute/v2.1/servers/47e8bb2c-8b79-431a-901f-4eeb479b83fa 0.073s
2024-10-01 03:21:52.888 62216 INFO tempest.lib.common.rest_client [req-ddb2edb6-4a7a-4bce-8ad5-f6522844bd26 req-ddb2edb6-4a7a-4bce-8ad5-f6522844bd26 ] Request (InstanceActionsNegativeTestJSON:setUpClass): 200 GET http://10.180.1.21/compute/v2.1/servers/f2e426b5-a0ba-45a7-ad6b-555b10503188 0.051s
2024-10-01 03:21:52.947 62218 INFO tempest.lib.common.rest_client [req-db0cd06b-b942-46e0-a6ca-29f154c41261 req-db0cd06b-b942-46e0-a6ca-29f154c41261 ] Request (AttachInterfacesTestJSON:test_create_list_show_delete_interfaces_by_fixed_ip): 200 GET http://10.180.1.21/compute/v2.1/servers/34b8c19f-6bfa-4aff-a0c9-76a4ab495fca 0.064s
2024-10-01 03:21:53.000 62256 INFO tempest.lib.common.rest_client [req-9e5d9404-1dd9-405f-b434-ecb0e9197af1 req-9e5d9404-1dd9-405f-b434-ecb0e9197af1 ] Request (ServerActionsTestOtherB:setUpClass): 200 GET http://10.180.1.21/compute/v2.1/servers/6177a0e7-1b3e-4991-9293-0f82c1a28075 0.061s
2024-10-01 03:21:53.002 62270 INFO tempest.lib.common.rest_client [req-b9ece2ea-f652-4cfd-b55c-a09fa00ccd4f req-b9ece2ea-f652-4cfd-b55c-a09fa00ccd4f ] Request (AttachVolumeShelveTestJSON:setUpClass): 201 POST http://10.180.1.21:9696/networking/v2.0/networks 0.381s
2024-10-01 03:21:53.007 62240 INFO tempest.lib.common.rest_client [req-12120669-b076-434e-8118-6d5103b151a7 req-12120669-b076-434e-8118-6d5103b151a7 ] Request (ServersTestFqdnHostnames:test_create_server_with_fqdn_name): 200 GET http://10.180.1.21/compute/v2.1/servers/a8ec425d-4dd0-476e-943c-eb3a16f7c581 0.072s
2024-10-01 03:21:53.049 62278 INFO tempest.lib.common.rest_client [req-8f84574b-62d4-42fd-b6a1-d044fde46899 req-8f84574b-62d4-42fd-b6a1-d044fde46899 ] Request (ServersAdminTestJSON:setUpClass): 200 GET http://10.180.1.21/compute/v2.1/servers/5c3e1fd2-51c0-482f-a5ba-a8793cc4163b 0.051s
2024-10-01 03:21:53.057 62250 INFO tempest.lib.common.rest_client [req-14c9afa7-4e71-4082-b86c-44e2de1294eb req-14c9afa7-4e71-4082-b86c-44e2de1294eb ] Request (ServerActionsTestOtherA:setUpClass): 200 GET http://10.180.1.21/compute/v2.1/servers/db0e0443-7630-48de-922d-0485631307f0 0.068s
2024-10-01 03:21:53.099 62266 INFO tempest.lib.common.rest_client [req-6f298f8d-23fe-4797-bf16-c5f276286a45 req-6f298f8d-23fe-4797-bf16-c5f276286a45 ] Request (ListServersNegativeTestJSON:setUpClass): 200 GET http://10.180.1.21/compute/v2.1/servers/559b2089-8d15-4088-a0cb-6ab79a771dc5 0.050s
2024-10-01 03:21:53.174 62252 INFO tempest.lib.common.rest_client [req-da4edb65-b811-4745-a82a-797747c39b97 req-da4edb65-b811-4745-a82a-797747c39b97 ] Request (MigrationsAdminTest:test_list_migrations_in_flavor_resize_situation): 200 GET http://10.180.1.21/compute/v2.1/servers/9c2ad5d9-2d4d-4e9e-b905-436cddd37714 0.064s
2024-10-01 03:21:53.198 62260 INFO tempest.lib.common.rest_client [req-2657c13c-8997-483c-bf44-44243df5bf6e req-2657c13c-8997-483c-bf44-44243df5bf6e ] Request (ServersTestJSON:setUpClass): 200 GET http://10.180.1.21/compute/v2.1/servers/394adc4e-7167-4eab-a81c-6de567aaa0de 0.064s
2024-10-01 03:21:53.204 62270 INFO tempest.lib.common.rest_client [req-fc97f38f-e939-42c1-b06e-a9bf8f8c802d req-fc97f38f-e939-42c1-b06e-a9bf8f8c802d ] Request (AttachVolumeShelveTestJSON:setUpClass): 201 POST http://10.180.1.21:9696/networking/v2.0/subnets 0.201s
2024-10-01 03:21:53.257 62262 INFO tempest.lib.common.rest_client [req-e29ecb0b-b0ff-4315-9191-b88c9211ddb8 req-e29ecb0b-b0ff-4315-9191-b88c9211ddb8 ] Request (ServerMetadataTestJSON:setUpClass): 200 GET http://10.180.1.21/compute/v2.1/servers/dae127b7-bef7-40d5-9bf5-ff2f6957f3e0 0.054s
2024-10-01 03:21:53.318 62234 INFO tempest.lib.common.rest_client [req-2ab08d76-a8e6-47af-a9d7-fe470dba4b25 req-2ab08d76-a8e6-47af-a9d7-fe470dba4b25 ] Request (SecurityGroupsTestJSON:test_list_security_groups_by_server): 200 GET http://10.180.1.21/compute/v2.1/servers/faf0ac72-8b22-4025-9420-c719558ba264 0.055s
2024-10-01 03:21:53.325 62222 INFO tempest.lib.common.rest_client [req-e117c0ce-4234-4ca5-bc7a-8f016828a9f9 req-e117c0ce-4234-4ca5-bc7a-8f016828a9f9 ] Request (ServersTestBootFromVolume:setUpClass): 200 GET http://10.180.1.21/volume/v3/f07c3b76332848cfbab76bbfb365ece6/volumes/99a8dbe8-566a-4d13-86e9-aac50a53dd77 0.026s
2024-10-01 03:21:53.359 62232 INFO tempest.lib.common.rest_client [req-0cdf79af-78ea-47ad-873c-d1c755301621 req-0cdf79af-78ea-47ad-873c-d1c755301621 ] Request (FloatingIPsAssociationNegativeTestJSON:setUpClass): 200 GET http://10.180.1.21/compute/v2.1/servers/e38f00fb-d83a-41c2-843e-1172d7dce4b9 0.047s
2024-10-01 03:21:53.418 62228 INFO tempest.lib.common.rest_client [req-4c47d75e-8d7f-4585-b5b4-7b4fdb40fa8a req-4c47d75e-8d7f-4585-b5b4-7b4fdb40fa8a ] Request (DeleteServersTestJSON:test_delete_active_server): 200 GET http://10.180.1.21/compute/v2.1/servers/56e1c963-61b5-41c3-9aee-c091dd8322ad 0.051s
2024-10-01 03:21:53.452 62258 INFO tempest.lib.common.rest_client [req-daa51514-c22e-4e33-8764-e922393b1da5 req-daa51514-c22e-4e33-8764-e922393b1da5 ] Request (AttachVolumeTestJSON:test_attach_detach_volume): 200 GET http://10.180.1.21/compute/v2.1/servers/16b161f5-3c90-4312-9830-3ac4a4ac7988 0.046s
2024-10-01 03:21:53.491 62274 INFO tempest.lib.common.rest_client [req-199b646f-0530-4cdb-aaa4-54e991b78c3a req-199b646f-0530-4cdb-aaa4-54e991b78c3a ] Request (DeleteServersAdminTestJSON:test_delete_server_while_in_error_state): 200 GET http://10.180.1.21/compute/v2.1/servers/96ee55a5-1957-47d7-8f58-a626d870446e 0.049s
2024-10-01 03:21:53.496 62274 INFO tempest.common.waiters [-] State transition "BUILD/block_device_mapping" ==> "BUILD/spawning" after 67 second wait
2024-10-01 03:21:53.514 62238 INFO tempest.lib.common.rest_client [req-16bb7cd8-5fb2-4c33-826d-f9d98d34486c req-16bb7cd8-5fb2-4c33-826d-f9d98d34486c ] Request (ListServerFiltersTestJSON:setUpClass): 200 GET http://10.180.1.21/compute/v2.1/servers/344cb239-6785-441d-bc5d-047431cbbf17 0.044s
2024-10-01 03:21:53.557 62254 INFO tempest.lib.common.rest_client [req-7d2884d9-b829-4420-bab8-bf3e6ab59aee req-7d2884d9-b829-4420-bab8-bf3e6ab59aee ] Request (ServerMetadataNegativeTestJSON:setUpClass): 200 GET http://10.180.1.21/compute/v2.1/servers/c1ee9ad0-7005-45bf-a79f-f6e6af4667ad 0.049s
2024-10-01 03:21:53.661 62224 INFO tempest.lib.common.rest_client [req-bf338586-9505-4469-9422-3a5764eb0ec9 req-bf338586-9505-4469-9422-3a5764eb0ec9 ] Request (AttachInterfacesV270Test:test_create_get_list_interfaces): 200 GET http://10.180.1.21/compute/v2.1/servers/84261044-0bfa-4b12-89cb-e03035e78165 0.052s
2024-10-01 03:21:53.687 62264 INFO tempest.lib.common.rest_client [req-1893ef7e-6efb-4a34-a078-01b9a1b7ed6e req-1893ef7e-6efb-4a34-a078-01b9a1b7ed6e ] Request (ServerPasswordTestJSON:setUpClass): 200 GET http://10.180.1.21/compute/v2.1/servers/2d626ba2-61e5-4a66-bbb9-9c3f534fb2ed 0.055s
2024-10-01 03:21:53.800 62220 INFO tempest.lib.common.rest_client [req-20dd74da-586c-48f1-b06c-58982954ef14 req-20dd74da-586c-48f1-b06c-58982954ef14 ] Request (ImagesTestJSON:test_create_image_from_stopped_server): 200 GET http://10.180.1.21/compute/v2.1/servers/d673cb36-d9c2-4994-a374-c4aa10497312 0.073s
2024-10-01 03:21:53.865 62268 INFO tempest.lib.common.rest_client [req-16a5e74e-4933-407e-a821-19ae6eeb8a6d req-16a5e74e-4933-407e-a821-19ae6eeb8a6d ] Request (InstanceActionsV221TestJSON:test_get_list_deleted_instance_actions): 200 GET http://10.180.1.21/compute/v2.1/servers/4e1acfa0-1a47-4692-a354-94bea867cea3 0.097s
2024-10-01 03:21:53.870 62246 INFO tempest.lib.common.rest_client [req-95667795-cabe-4ca5-b049-31b42955f71e req-95667795-cabe-4ca5-b049-31b42955f71e ] Request (ServerRescueTestJSON:setUpClass): 200 GET http://10.180.1.21/compute/v2.1/servers/7490268f-0fe8-40f2-89db-d6b2c88eef4c 0.188s
2024-10-01 03:21:53.923 62277 INFO tempest.lib.common.rest_client [req-6d61181f-4119-47dd-aec4-cbe9e344dce8 req-6d61181f-4119-47dd-aec4-cbe9e344dce8 ] Request (ImagesOneServerNegativeTestJSON:setUpClass): 200 GET http://10.180.1.21/compute/v2.1/servers/6f379583-ff30-4cce-a64f-eb0b8b3ca002 0.073s
2024-10-01 03:21:53.925 62242 INFO tempest.lib.common.rest_client [req-e94e176d-826c-4da4-9e72-935429077fa4 req-e94e176d-826c-4da4-9e72-935429077fa4 ] Request (ServersTestMultiNic:test_verify_duplicate_network_nics): 200 GET http://10.180.1.21/compute/v2.1/servers/648a2f65-67a6-4029-a971-721fcb646091 0.111s
2024-10-01 03:21:53.929 62270 INFO tempest.lib.common.rest_client [req-be0520b0-0053-4c85-a93a-6733f3844eff req-be0520b0-0053-4c85-a93a-6733f3844eff ] Request (AttachVolumeShelveTestJSON:setUpClass): 201 POST http://10.180.1.21:9696/networking/v2.0/routers 0.724s
2024-10-01 03:21:53.968 62216 INFO tempest.lib.common.rest_client [req-b9dafb22-902d-4073-8eb5-812ed40e0b3d req-b9dafb22-902d-4073-8eb5-812ed40e0b3d ] Request (InstanceActionsNegativeTestJSON:setUpClass): 200 GET http://10.180.1.21/compute/v2.1/servers/f2e426b5-a0ba-45a7-ad6b-555b10503188 0.071s
2024-10-01 03:21:53.980 62230 INFO tempest.lib.common.rest_client [req-43437552-d01a-4d1a-9cb7-31d2efae7f9b req-43437552-d01a-4d1a-9cb7-31d2efae7f9b ] Request (VolumesAdminNegativeTest:test_update_attached_volume_with_nonexistent_volume_in_body): 200 GET http://10.180.1.21/compute/v2.1/servers/47e8bb2c-8b79-431a-901f-4eeb479b83fa 0.104s
2024-10-01 03:21:54.015 62218 INFO tempest.lib.common.rest_client [req-26e68d93-c777-4553-88d4-58741229d735 req-26e68d93-c777-4553-88d4-58741229d735 ] Request (AttachInterfacesTestJSON:test_create_list_show_delete_interfaces_by_fixed_ip): 200 GET http://10.180.1.21/compute/v2.1/servers/34b8c19f-6bfa-4aff-a0c9-76a4ab495fca 0.060s
2024-10-01 03:21:54.063 62240 INFO tempest.lib.common.rest_client [req-e63f3cc0-7697-4a11-94cb-17e615e61d59 req-e63f3cc0-7697-4a11-94cb-17e615e61d59 ] Request (ServersTestFqdnHostnames:test_create_server_with_fqdn_name): 200 GET http://10.180.1.21/compute/v2.1/servers/a8ec425d-4dd0-476e-943c-eb3a16f7c581 0.050s
2024-10-01 03:21:54.070 62256 INFO tempest.lib.common.rest_client [req-d4c14ab3-c595-4184-9437-42db17acfd36 req-d4c14ab3-c595-4184-9437-42db17acfd36 ] Request (ServerActionsTestOtherB:setUpClass): 200 GET http://10.180.1.21/compute/v2.1/servers/6177a0e7-1b3e-4991-9293-0f82c1a28075 0.062s
2024-10-01 03:21:54.111 62278 INFO tempest.lib.common.rest_client [req-d2e33061-5da7-4357-b7ae-0b65ac414345 req-d2e33061-5da7-4357-b7ae-0b65ac414345 ] Request (ServersAdminTestJSON:setUpClass): 200 GET http://10.180.1.21/compute/v2.1/servers/5c3e1fd2-51c0-482f-a5ba-a8793cc4163b 0.053s
2024-10-01 03:21:54.122 62250 INFO tempest.lib.common.rest_client [req-92490612-e5d4-4a52-81ee-468e5bce9182 req-92490612-e5d4-4a52-81ee-468e5bce9182 ] Request (ServerActionsTestOtherA:setUpClass): 200 GET http://10.180.1.21/compute/v2.1/servers/db0e0443-7630-48de-922d-0485631307f0 0.055s
2024-10-01 03:21:54.164 62266 INFO tempest.lib.common.rest_client [req-943442c5-e9f1-42fa-b536-37de6b66f939 req-943442c5-e9f1-42fa-b536-37de6b66f939 ] Request (ListServersNegativeTestJSON:setUpClass): 200 GET http://10.180.1.21/compute/v2.1/servers/559b2089-8d15-4088-a0cb-6ab79a771dc5 0.058s
2024-10-01 03:21:54.242 62252 INFO tempest.lib.common.rest_client [req-aa0845de-21f1-475e-9dca-622626b56168 req-aa0845de-21f1-475e-9dca-622626b56168 ] Request (MigrationsAdminTest:test_list_migrations_in_flavor_resize_situation): 200 GET http://10.180.1.21/compute/v2.1/servers/9c2ad5d9-2d4d-4e9e-b905-436cddd37714 0.061s
2024-10-01 03:21:54.261 62260 INFO tempest.lib.common.rest_client [req-d2d57087-6072-406f-8cfc-ddd5c3677dc7 req-d2d57087-6072-406f-8cfc-ddd5c3677dc7 ] Request (ServersTestJSON:setUpClass): 200 GET http://10.180.1.21/compute/v2.1/servers/394adc4e-7167-4eab-a81c-6de567aaa0de 0.055s
2024-10-01 03:21:54.313 62262 INFO tempest.lib.common.rest_client [req-9e6532a8-91b4-46f8-ae15-5a528150d15d req-9e6532a8-91b4-46f8-ae15-5a528150d15d ] Request (ServerMetadataTestJSON:setUpClass): 200 GET http://10.180.1.21/compute/v2.1/servers/dae127b7-bef7-40d5-9bf5-ff2f6957f3e0 0.049s
2024-10-01 03:21:54.361 62222 INFO tempest.lib.common.rest_client [req-755d84aa-02b8-4d67-af3d-01c3010b3a96 req-755d84aa-02b8-4d67-af3d-01c3010b3a96 ] Request (ServersTestBootFromVolume:setUpClass): 200 GET http://10.180.1.21/volume/v3/f07c3b76332848cfbab76bbfb365ece6/volumes/99a8dbe8-566a-4d13-86e9-aac50a53dd77 0.030s
2024-10-01 03:21:54.382 62234 INFO tempest.lib.common.rest_client [req-58d4ff2e-071d-40db-9e41-72ba801b8264 req-58d4ff2e-071d-40db-9e41-72ba801b8264 ] Request (SecurityGroupsTestJSON:test_list_security_groups_by_server): 200 GET http://10.180.1.21/compute/v2.1/servers/faf0ac72-8b22-4025-9420-c719558ba264 0.057s
2024-10-01 03:21:54.497 62228 INFO tempest.lib.common.rest_client [req-1193139b-5c0d-4e40-9ad5-6069b2018a8a req-1193139b-5c0d-4e40-9ad5-6069b2018a8a ] Request (DeleteServersTestJSON:test_delete_active_server): 200 GET http://10.180.1.21/compute/v2.1/servers/56e1c963-61b5-41c3-9aee-c091dd8322ad 0.072s
2024-10-01 03:21:54.545 62258 INFO tempest.lib.common.rest_client [req-e86d198f-94b9-4c65-8fcb-72550b49c247 req-e86d198f-94b9-4c65-8fcb-72550b49c247 ] Request (AttachVolumeTestJSON:test_attach_detach_volume): 200 GET http://10.180.1.21/compute/v2.1/servers/16b161f5-3c90-4312-9830-3ac4a4ac7988 0.086s
2024-10-01 03:21:54.591 62274 INFO tempest.lib.common.rest_client [req-580c026d-6ee9-449d-acab-1f828bef726a req-580c026d-6ee9-449d-acab-1f828bef726a ] Request (DeleteServersAdminTestJSON:test_delete_server_while_in_error_state): 200 GET http://10.180.1.21/compute/v2.1/servers/96ee55a5-1957-47d7-8f58-a626d870446e 0.091s
2024-10-01 03:21:54.596 62232 INFO tempest.lib.common.rest_client [req-1c3c8975-2582-4d93-b41b-284ba3966d45 req-1c3c8975-2582-4d93-b41b-284ba3966d45 ] Request (FloatingIPsAssociationNegativeTestJSON:setUpClass): 200 GET http://10.180.1.21/compute/v2.1/servers/e38f00fb-d83a-41c2-843e-1172d7dce4b9 0.229s
2024-10-01 03:21:54.640 62238 INFO tempest.lib.common.rest_client [req-361e16ee-30b2-4854-b497-4fda3f5f50d8 req-361e16ee-30b2-4854-b497-4fda3f5f50d8 ] Request (ListServerFiltersTestJSON:setUpClass): 200 GET http://10.180.1.21/compute/v2.1/servers/344cb239-6785-441d-bc5d-047431cbbf17 0.117s
2024-10-01 03:21:54.656 62254 INFO tempest.lib.common.rest_client [req-85f392c9-cd6d-4f41-9b51-3d72c6245117 req-85f392c9-cd6d-4f41-9b51-3d72c6245117 ] Request (ServerMetadataNegativeTestJSON:setUpClass): 200 GET http://10.180.1.21/compute/v2.1/servers/c1ee9ad0-7005-45bf-a79f-f6e6af4667ad 0.093s
2024-10-01 03:21:54.721 62224 INFO tempest.lib.common.rest_client [req-b0c6cfe9-54b5-4ea6-87dd-36a223ce27e0 req-b0c6cfe9-54b5-4ea6-87dd-36a223ce27e0 ] Request (AttachInterfacesV270Test:test_create_get_list_interfaces): 200 GET http://10.180.1.21/compute/v2.1/servers/84261044-0bfa-4b12-89cb-e03035e78165 0.051s
2024-10-01 03:21:54.757 62264 INFO tempest.lib.common.rest_client [req-46012fad-d05e-45e6-97f0-ef4e522ad8bf req-46012fad-d05e-45e6-97f0-ef4e522ad8bf ] Request (ServerPasswordTestJSON:setUpClass): 200 GET http://10.180.1.21/compute/v2.1/servers/2d626ba2-61e5-4a66-bbb9-9c3f534fb2ed 0.061s
2024-10-01 03:21:54.870 62220 INFO tempest.lib.common.rest_client [req-98a599a5-2355-496d-86f7-92c8405b90d0 req-98a599a5-2355-496d-86f7-92c8405b90d0 ] Request (ImagesTestJSON:test_create_image_from_stopped_server): 200 GET http://10.180.1.21/compute/v2.1/servers/d673cb36-d9c2-4994-a374-c4aa10497312 0.063s
2024-10-01 03:21:54.935 62246 INFO tempest.lib.common.rest_client [req-751e2dca-3dd1-41f7-b7f9-4300fc73c57a req-751e2dca-3dd1-41f7-b7f9-4300fc73c57a ] Request (ServerRescueTestJSON:setUpClass): 200 GET http://10.180.1.21/compute/v2.1/servers/7490268f-0fe8-40f2-89db-d6b2c88eef4c 0.053s
2024-10-01 03:21:54.947 62268 INFO tempest.lib.common.rest_client [req-25423f19-8d84-40f3-8cdf-9b3c784166d4 req-25423f19-8d84-40f3-8cdf-9b3c784166d4 ] Request (InstanceActionsV221TestJSON:test_get_list_deleted_instance_actions): 200 GET http://10.180.1.21/compute/v2.1/servers/4e1acfa0-1a47-4692-a354-94bea867cea3 0.072s
2024-10-01 03:21:54.995 62242 INFO tempest.lib.common.rest_client [req-0a81aecc-a7aa-44c8-8d81-0405ed4d2edf req-0a81aecc-a7aa-44c8-8d81-0405ed4d2edf ] Request (ServersTestMultiNic:test_verify_duplicate_network_nics): 200 GET http://10.180.1.21/compute/v2.1/servers/648a2f65-67a6-4029-a971-721fcb646091 0.063s
2024-10-01 03:21:55.003 62270 INFO tempest.lib.common.rest_client [req-7fbdf01e-5515-4424-b90f-c29746cfa4b6 req-7fbdf01e-5515-4424-b90f-c29746cfa4b6 ] Request (AttachVolumeShelveTestJSON:setUpClass): 200 PUT http://10.180.1.21:9696/networking/v2.0/routers/d0f4f652-b27d-4406-8ff8-80a65aa66b44/add_router_interface 1.073s
2024-10-01 03:21:55.003 62270 INFO tempest.lib.common.dynamic_creds [-] Created isolated network resources for: credentials: Credentials: {'domain_id': 'default', 'domain_name': 'Default', 'username': 'tempest-AttachVolumeShelveTestJSON-1549231431-project-member', 'project_domain_id': 'default', 'project_domain_name': 'Default', 'project_id': '3a262ee0cb9d438d91b0b208835bb109', 'project_name': 'tempest-AttachVolumeShelveTestJSON-1549231431', 'tenant_id': '3a262ee0cb9d438d91b0b208835bb109', 'tenant_name': 'tempest-AttachVolumeShelveTestJSON-1549231431', 'user_domain_id': 'default', 'user_domain_name': 'Default', 'user_id': '70aea586195a4775a4db5f1a169521c4', 'system': None}, Network: {'id': '8d6177e8-d862-4c73-beae-03d743e33cf1', 'name': 'tempest-AttachVolumeShelveTestJSON-27440684-network', 'tenant_id': '3a262ee0cb9d438d91b0b208835bb109', 'admin_state_up': True, 'mtu': 8950, 'status': 'ACTIVE', 'subnets': [], 'shared': False, 'project_id': '3a262ee0cb9d438d91b0b208835bb109', 'port_security_enabled': True, 'router:external': False, 'provider:network_type': 'vlan', 'provider:physical_network': 'default', 'provider:segmentation_id': 168, 'is_default': False, 'availability_zone_hints': [], 'availability_zones': [], 'ipv4_address_scope': None, 'ipv6_address_scope': None, 'description': '', 'tags': [], 'created_at': '2024-10-01T03:21:52Z', 'updated_at': '2024-10-01T03:21:52Z', 'revision_number': 1}, Subnet: {'id': 'ad1452a3-0015-4ef9-b892-d77ee7600551', 'name': 'tempest-AttachVolumeShelveTestJSON-27440684-subnet', 'tenant_id': '3a262ee0cb9d438d91b0b208835bb109', 'network_id': '8d6177e8-d862-4c73-beae-03d743e33cf1', 'ip_version': 4, 'subnetpool_id': None, 'enable_dhcp': True, 'ipv6_ra_mode': None, 'ipv6_address_mode': None, 'gateway_ip': '192.168.128.1', 'cidr': '192.168.128.0/28', 'allocation_pools': [{'start': '192.168.128.2', 'end': '192.168.128.14'}], 'host_routes': [], 'dns_nameservers': [], 'description': '', 'router:external': False, 'service_types': [], 'tags': [], 'created_at': '2024-10-01T03:21:53Z', 'updated_at': '2024-10-01T03:21:53Z', 'revision_number': 0, 'project_id': '3a262ee0cb9d438d91b0b208835bb109'}, Router: {'id': 'd0f4f652-b27d-4406-8ff8-80a65aa66b44', 'name': 'tempest-AttachVolumeShelveTestJSON-27440684-router', 'tenant_id': '3a262ee0cb9d438d91b0b208835bb109', 'admin_state_up': True, 'status': 'ACTIVE', 'external_gateway_info': {'network_id': '166d55e5-a79c-438e-99bf-dec6289e9947', 'external_fixed_ips': [{'subnet_id': 'c2ce84d2-72ac-4f5a-96b3-4a1c18e6a98f', 'ip_address': '10.180.180.250'}], 'enable_snat': True}, 'description': '', 'availability_zones': [], 'distributed': False, 'ha': False, 'availability_zone_hints': [], 'routes': [], 'flavor_id': None, 'tags': [], 'created_at': '2024-10-01T03:21:53Z', 'updated_at': '2024-10-01T03:21:53Z', 'revision_number': 2, 'project_id': '3a262ee0cb9d438d91b0b208835bb109'}
2024-10-01 03:21:55.007 62277 INFO tempest.lib.common.rest_client [req-d4a166e1-f425-40af-8f93-82738ecf46d7 req-d4a166e1-f425-40af-8f93-82738ecf46d7 ] Request (ImagesOneServerNegativeTestJSON:setUpClass): 200 GET http://10.180.1.21/compute/v2.1/servers/6f379583-ff30-4cce-a64f-eb0b8b3ca002 0.076s
2024-10-01 03:21:55.046 62216 INFO tempest.lib.common.rest_client [req-259f3008-e513-4bd4-83eb-9713be4d93cf req-259f3008-e513-4bd4-83eb-9713be4d93cf ] Request (InstanceActionsNegativeTestJSON:setUpClass): 200 GET http://10.180.1.21/compute/v2.1/servers/f2e426b5-a0ba-45a7-ad6b-555b10503188 0.072s
2024-10-01 03:21:55.054 62230 INFO tempest.lib.common.rest_client [req-9202ec3a-2fa0-456b-ab7c-3e24a829d62c req-9202ec3a-2fa0-456b-ab7c-3e24a829d62c ] Request (VolumesAdminNegativeTest:test_update_attached_volume_with_nonexistent_volume_in_body): 200 GET http://10.180.1.21/compute/v2.1/servers/47e8bb2c-8b79-431a-901f-4eeb479b83fa 0.062s
2024-10-01 03:21:55.103 62218 INFO tempest.lib.common.rest_client [req-55576cb3-d916-4582-bb4f-a39c123cd863 req-55576cb3-d916-4582-bb4f-a39c123cd863 ] Request (AttachInterfacesTestJSON:test_create_list_show_delete_interfaces_by_fixed_ip): 200 GET http://10.180.1.21/compute/v2.1/servers/34b8c19f-6bfa-4aff-a0c9-76a4ab495fca 0.076s
2024-10-01 03:21:55.105 62270 INFO tempest.lib.common.rest_client [req-d02d6ea2-3c71-429f-a6a9-d5fd900190dd req-d02d6ea2-3c71-429f-a6a9-d5fd900190dd ] Request (AttachVolumeShelveTestJSON:setUpClass): 201 POST http://10.180.1.21/identity/v3/auth/tokens 0.098s
2024-10-01 03:21:55.124 62240 INFO tempest.lib.common.rest_client [req-18c239bb-42ea-45e1-9590-c633da73265f req-18c239bb-42ea-45e1-9590-c633da73265f ] Request (ServersTestFqdnHostnames:test_create_server_with_fqdn_name): 200 GET http://10.180.1.21/compute/v2.1/servers/a8ec425d-4dd0-476e-943c-eb3a16f7c581 0.052s
2024-10-01 03:21:55.162 62256 INFO tempest.lib.common.rest_client [req-c7e4284d-44dd-4e55-b568-1a948cd96719 req-c7e4284d-44dd-4e55-b568-1a948cd96719 ] Request (ServerActionsTestOtherB:setUpClass): 200 GET http://10.180.1.21/compute/v2.1/servers/6177a0e7-1b3e-4991-9293-0f82c1a28075 0.085s
2024-10-01 03:21:55.214 62278 INFO tempest.lib.common.rest_client [req-6ffc5362-824c-4c27-816f-b343b4214396 req-6ffc5362-824c-4c27-816f-b343b4214396 ] Request (ServersAdminTestJSON:setUpClass): 200 GET http://10.180.1.21/compute/v2.1/servers/5c3e1fd2-51c0-482f-a5ba-a8793cc4163b 0.095s
2024-10-01 03:21:55.235 62270 INFO tempest.lib.common.rest_client [req-910d7fa4-1114-41ec-9f37-92e8b248ef98 req-910d7fa4-1114-41ec-9f37-92e8b248ef98 ] Request (ValidationResourcesFixture:setUp): 201 POST http://10.180.1.21/compute/v2.1/os-keypairs 0.126s
2024-10-01 03:21:55.263 62250 INFO tempest.lib.common.rest_client [req-a084d614-a7fd-43f4-87f8-35c76b2b9b03 req-a084d614-a7fd-43f4-87f8-35c76b2b9b03 ] Request (ServerActionsTestOtherA:setUpClass): 200 GET http://10.180.1.21/compute/v2.1/servers/db0e0443-7630-48de-922d-0485631307f0 0.135s
2024-10-01 03:21:55.286 62266 INFO tempest.lib.common.rest_client [req-cc830cb0-2216-43a1-837c-80b07bcbcfdb req-cc830cb0-2216-43a1-837c-80b07bcbcfdb ] Request (ListServersNegativeTestJSON:setUpClass): 200 GET http://10.180.1.21/compute/v2.1/servers/559b2089-8d15-4088-a0cb-6ab79a771dc5 0.114s
2024-10-01 03:21:55.312 62252 INFO tempest.lib.common.rest_client [req-d7679d8a-cd70-45e1-9654-8d5b6bc0fd8f req-d7679d8a-cd70-45e1-9654-8d5b6bc0fd8f ] Request (MigrationsAdminTest:test_list_migrations_in_flavor_resize_situation): 200 GET http://10.180.1.21/compute/v2.1/servers/9c2ad5d9-2d4d-4e9e-b905-436cddd37714 0.063s
2024-10-01 03:21:55.334 62260 INFO tempest.lib.common.rest_client [req-05246fce-dcb6-4a22-af1b-b8ddde0d7515 req-05246fce-dcb6-4a22-af1b-b8ddde0d7515 ] Request (ServersTestJSON:setUpClass): 200 GET http://10.180.1.21/compute/v2.1/servers/394adc4e-7167-4eab-a81c-6de567aaa0de 0.062s
2024-10-01 03:21:55.357 62270 INFO tempest.lib.common.rest_client [req-8749ddc7-904e-40be-b74d-fd9c94fdae0a req-8749ddc7-904e-40be-b74d-fd9c94fdae0a ] Request (ValidationResourcesFixture:setUp): 201 POST http://10.180.1.21:9696/networking/v2.0/security-groups 0.120s
2024-10-01 03:21:55.367 62262 INFO tempest.lib.common.rest_client [req-92f11c69-8e77-4530-ba65-c4f8fc472475 req-92f11c69-8e77-4530-ba65-c4f8fc472475 ] Request (ServerMetadataTestJSON:setUpClass): 200 GET http://10.180.1.21/compute/v2.1/servers/dae127b7-bef7-40d5-9bf5-ff2f6957f3e0 0.047s
2024-10-01 03:21:55.398 62222 INFO tempest.lib.common.rest_client [req-29bd4fe4-dc02-46fb-83a1-5a944fcebf96 req-29bd4fe4-dc02-46fb-83a1-5a944fcebf96 ] Request (ServersTestBootFromVolume:setUpClass): 200 GET http://10.180.1.21/volume/v3/f07c3b76332848cfbab76bbfb365ece6/volumes/99a8dbe8-566a-4d13-86e9-aac50a53dd77 0.031s
2024-10-01 03:21:55.445 62234 INFO tempest.lib.common.rest_client [req-8ce9fc87-7ab8-4873-8280-dd6f8d281962 req-8ce9fc87-7ab8-4873-8280-dd6f8d281962 ] Request (SecurityGroupsTestJSON:test_list_security_groups_by_server): 200 GET http://10.180.1.21/compute/v2.1/servers/faf0ac72-8b22-4025-9420-c719558ba264 0.056s
2024-10-01 03:21:55.454 62270 INFO tempest.lib.common.rest_client [req-31f1e026-69e4-444d-aae5-fc8d9990d0f7 req-31f1e026-69e4-444d-aae5-fc8d9990d0f7 ] Request (ValidationResourcesFixture:setUp): 201 POST http://10.180.1.21:9696/networking/v2.0/security-group-rules 0.097s
2024-10-01 03:21:55.539 62270 INFO tempest.lib.common.rest_client [req-ee644c64-c107-43f2-9667-7a1e5a04e611 req-ee644c64-c107-43f2-9667-7a1e5a04e611 ] Request (ValidationResourcesFixture:setUp): 201 POST http://10.180.1.21:9696/networking/v2.0/security-group-rules 0.084s
2024-10-01 03:21:55.560 62228 INFO tempest.lib.common.rest_client [req-e8b74e0a-d29a-46f1-b52c-cd1060a5be5b req-e8b74e0a-d29a-46f1-b52c-cd1060a5be5b ] Request (DeleteServersTestJSON:test_delete_active_server): 200 GET http://10.180.1.21/compute/v2.1/servers/56e1c963-61b5-41c3-9aee-c091dd8322ad 0.053s
2024-10-01 03:21:55.615 62258 INFO tempest.lib.common.rest_client [req-7c834434-232b-4635-9a0c-2089953d5697 req-7c834434-232b-4635-9a0c-2089953d5697 ] Request (AttachVolumeTestJSON:test_attach_detach_volume): 200 GET http://10.180.1.21/compute/v2.1/servers/16b161f5-3c90-4312-9830-3ac4a4ac7988 0.060s
2024-10-01 03:21:55.668 62274 INFO tempest.lib.common.rest_client [req-92224720-cf48-41b7-b793-a40a885d3907 req-92224720-cf48-41b7-b793-a40a885d3907 ] Request (DeleteServersAdminTestJSON:test_delete_server_while_in_error_state): 200 GET http://10.180.1.21/compute/v2.1/servers/96ee55a5-1957-47d7-8f58-a626d870446e 0.066s
2024-10-01 03:21:55.683 62232 INFO tempest.lib.common.rest_client [req-c5fae492-9795-4d28-8e9d-3b4a4f21dac7 req-c5fae492-9795-4d28-8e9d-3b4a4f21dac7 ] Request (FloatingIPsAssociationNegativeTestJSON:setUpClass): 200 GET http://10.180.1.21/compute/v2.1/servers/e38f00fb-d83a-41c2-843e-1172d7dce4b9 0.079s
2024-10-01 03:21:55.721 62238 INFO tempest.lib.common.rest_client [req-7645b0a4-524a-45ce-89bb-942358167f07 req-7645b0a4-524a-45ce-89bb-942358167f07 ] Request (ListServerFiltersTestJSON:setUpClass): 200 GET http://10.180.1.21/compute/v2.1/servers/344cb239-6785-441d-bc5d-047431cbbf17 0.073s
2024-10-01 03:21:55.760 62254 INFO tempest.lib.common.rest_client [req-2d1ce926-b10c-4fee-b9e2-746cc6776343 req-2d1ce926-b10c-4fee-b9e2-746cc6776343 ] Request (ServerMetadataNegativeTestJSON:setUpClass): 200 GET http://10.180.1.21/compute/v2.1/servers/c1ee9ad0-7005-45bf-a79f-f6e6af4667ad 0.097s
2024-10-01 03:21:55.788 62224 INFO tempest.lib.common.rest_client [req-17788e67-f0ce-40f2-b13f-4394a9266dc4 req-17788e67-f0ce-40f2-b13f-4394a9266dc4 ] Request (AttachInterfacesV270Test:test_create_get_list_interfaces): 200 GET http://10.180.1.21/compute/v2.1/servers/84261044-0bfa-4b12-89cb-e03035e78165 0.059s
2024-10-01 03:21:55.824 62264 INFO tempest.lib.common.rest_client [req-7191aad5-733f-441b-83ce-69cc1202a287 req-7191aad5-733f-441b-83ce-69cc1202a287 ] Request (ServerPasswordTestJSON:setUpClass): 200 GET http://10.180.1.21/compute/v2.1/servers/2d626ba2-61e5-4a66-bbb9-9c3f534fb2ed 0.058s
2024-10-01 03:21:55.928 62220 INFO tempest.lib.common.rest_client [req-0db3f131-ccb0-4749-99b5-14abf61e29a1 req-0db3f131-ccb0-4749-99b5-14abf61e29a1 ] Request (ImagesTestJSON:test_create_image_from_stopped_server): 200 GET http://10.180.1.21/compute/v2.1/servers/d673cb36-d9c2-4994-a374-c4aa10497312 0.052s
2024-10-01 03:21:56.001 62246 INFO tempest.lib.common.rest_client [req-d130be3a-8c0d-41d5-8131-586d814a2e26 req-d130be3a-8c0d-41d5-8131-586d814a2e26 ] Request (ServerRescueTestJSON:setUpClass): 200 GET http://10.180.1.21/compute/v2.1/servers/7490268f-0fe8-40f2-89db-d6b2c88eef4c 0.055s
2024-10-01 03:21:56.014 62268 INFO tempest.lib.common.rest_client [req-43692416-4ed8-43db-b1e0-fe146faf9ba4 req-43692416-4ed8-43db-b1e0-fe146faf9ba4 ] Request (InstanceActionsV221TestJSON:test_get_list_deleted_instance_actions): 200 GET http://10.180.1.21/compute/v2.1/servers/4e1acfa0-1a47-4692-a354-94bea867cea3 0.057s
2024-10-01 03:21:56.061 62242 INFO tempest.lib.common.rest_client [req-5af7f74f-caf1-41c5-8a0b-999ee1b17fd4 req-5af7f74f-caf1-41c5-8a0b-999ee1b17fd4 ] Request (ServersTestMultiNic:test_verify_duplicate_network_nics): 200 GET http://10.180.1.21/compute/v2.1/servers/648a2f65-67a6-4029-a971-721fcb646091 0.057s
2024-10-01 03:21:56.071 62277 INFO tempest.lib.common.rest_client [req-dff1ac4a-a791-49fc-9b17-515a185d1ac4 req-dff1ac4a-a791-49fc-9b17-515a185d1ac4 ] Request (ImagesOneServerNegativeTestJSON:setUpClass): 200 GET http://10.180.1.21/compute/v2.1/servers/6f379583-ff30-4cce-a64f-eb0b8b3ca002 0.057s
2024-10-01 03:21:56.081 62270 INFO tempest.lib.common.rest_client [req-e0d875db-b228-47a7-b900-31952b66f44c req-e0d875db-b228-47a7-b900-31952b66f44c ] Request (ValidationResourcesFixture:setUp): 201 POST http://10.180.1.21:9696/networking/v2.0/floatingips 0.542s
2024-10-01 03:21:56.111 62216 INFO tempest.lib.common.rest_client [req-386e1fc1-7158-4d5d-9ff2-b159f55ad3a1 req-386e1fc1-7158-4d5d-9ff2-b159f55ad3a1 ] Request (InstanceActionsNegativeTestJSON:setUpClass): 200 GET http://10.180.1.21/compute/v2.1/servers/f2e426b5-a0ba-45a7-ad6b-555b10503188 0.056s
2024-10-01 03:21:56.119 62270 INFO tempest.lib.common.rest_client [req-c7d8fdcd-60c0-448c-bffd-57760c6a67b5 req-c7d8fdcd-60c0-448c-bffd-57760c6a67b5 ] Request (AttachVolumeShelveTestJSON:test_attach_volume_shelved_or_offload_server): 201 POST http://10.180.1.21/identity/v3/auth/tokens 0.035s
2024-10-01 03:21:56.119 62270 INFO tempest.lib.common.fixed_network [-] (AttachVolumeShelveTestJSON:test_attach_volume_shelved_or_offload_server) Found network {'id': '8d6177e8-d862-4c73-beae-03d743e33cf1', 'name': 'tempest-AttachVolumeShelveTestJSON-27440684-network', 'tenant_id': '3a262ee0cb9d438d91b0b208835bb109', 'admin_state_up': True, 'mtu': 8950, 'status': 'ACTIVE', 'subnets': [], 'shared': False, 'project_id': '3a262ee0cb9d438d91b0b208835bb109', 'port_security_enabled': True, 'router:external': False, 'provider:network_type': 'vlan', 'provider:physical_network': 'default', 'provider:segmentation_id': 168, 'is_default': False, 'availability_zone_hints': [], 'availability_zones': [], 'ipv4_address_scope': None, 'ipv6_address_scope': None, 'description': '', 'tags': [], 'created_at': '2024-10-01T03:21:52Z', 'updated_at': '2024-10-01T03:21:52Z', 'revision_number': 1} available for tenant
2024-10-01 03:21:56.125 62230 INFO tempest.lib.common.rest_client [req-89873266-d185-43dd-b86b-3c64028a813d req-89873266-d185-43dd-b86b-3c64028a813d ] Request (VolumesAdminNegativeTest:test_update_attached_volume_with_nonexistent_volume_in_body): 200 GET http://10.180.1.21/compute/v2.1/servers/47e8bb2c-8b79-431a-901f-4eeb479b83fa 0.061s
2024-10-01 03:21:56.168 62218 INFO tempest.lib.common.rest_client [req-6d1daba9-ee84-45c2-9b1f-d898ff376be8 req-6d1daba9-ee84-45c2-9b1f-d898ff376be8 ] Request (AttachInterfacesTestJSON:test_create_list_show_delete_interfaces_by_fixed_ip): 200 GET http://10.180.1.21/compute/v2.1/servers/34b8c19f-6bfa-4aff-a0c9-76a4ab495fca 0.050s
2024-10-01 03:21:56.217 62240 INFO tempest.lib.common.rest_client [req-49e87c83-9ae0-4ceb-90d3-af278ce10212 req-49e87c83-9ae0-4ceb-90d3-af278ce10212 ] Request (ServersTestFqdnHostnames:test_create_server_with_fqdn_name): 200 GET http://10.180.1.21/compute/v2.1/servers/a8ec425d-4dd0-476e-943c-eb3a16f7c581 0.085s
2024-10-01 03:21:56.265 62256 INFO tempest.lib.common.rest_client [req-d29351ff-9f0c-4ea2-9c46-d82f9b1dad6e req-d29351ff-9f0c-4ea2-9c46-d82f9b1dad6e ] Request (ServerActionsTestOtherB:setUpClass): 200 GET http://10.180.1.21/compute/v2.1/servers/6177a0e7-1b3e-4991-9293-0f82c1a28075 0.095s
2024-10-01 03:21:56.311 62278 INFO tempest.lib.common.rest_client [req-238cbc44-8320-4717-a42e-24fa9e6d1898 req-238cbc44-8320-4717-a42e-24fa9e6d1898 ] Request (ServersAdminTestJSON:setUpClass): 200 GET http://10.180.1.21/compute/v2.1/servers/5c3e1fd2-51c0-482f-a5ba-a8793cc4163b 0.090s
2024-10-01 03:21:56.366 62250 INFO tempest.lib.common.rest_client [req-a30cd76f-977f-4c91-a188-eace9120876f req-a30cd76f-977f-4c91-a188-eace9120876f ] Request (ServerActionsTestOtherA:setUpClass): 200 GET http://10.180.1.21/compute/v2.1/servers/db0e0443-7630-48de-922d-0485631307f0 0.096s
2024-10-01 03:21:56.416 62266 INFO tempest.lib.common.rest_client [req-4ad6eea4-2080-4b6b-8039-0024ccadcc38 req-4ad6eea4-2080-4b6b-8039-0024ccadcc38 ] Request (ListServersNegativeTestJSON:setUpClass): 200 GET http://10.180.1.21/compute/v2.1/servers/559b2089-8d15-4088-a0cb-6ab79a771dc5 0.123s
2024-10-01 03:21:56.437 62222 INFO tempest.lib.common.rest_client [req-2ab80529-844b-405c-9ea9-16d8e070f12f req-2ab80529-844b-405c-9ea9-16d8e070f12f ] Request (ServersTestBootFromVolume:setUpClass): 200 GET http://10.180.1.21/volume/v3/f07c3b76332848cfbab76bbfb365ece6/volumes/99a8dbe8-566a-4d13-86e9-aac50a53dd77 0.031s
2024-10-01 03:21:56.469 62252 INFO tempest.lib.common.rest_client [req-ada7f8fb-4621-40d9-b2fc-3b17e0f04ee6 req-ada7f8fb-4621-40d9-b2fc-3b17e0f04ee6 ] Request (MigrationsAdminTest:test_list_migrations_in_flavor_resize_situation): 200 GET http://10.180.1.21/compute/v2.1/servers/9c2ad5d9-2d4d-4e9e-b905-436cddd37714 0.146s
2024-10-01 03:21:56.487 62270 INFO tempest.lib.common.rest_client [req-95d6e083-7995-4a88-aa20-4516b8ad9680 req-95d6e083-7995-4a88-aa20-4516b8ad9680 ] Request (AttachVolumeShelveTestJSON:test_attach_volume_shelved_or_offload_server): 202 POST http://10.180.1.21/compute/v2.1/servers 0.367s
2024-10-01 03:21:56.518 62260 INFO tempest.lib.common.rest_client [req-1da9acb7-d3ef-4eed-ad23-85491d588395 req-1da9acb7-d3ef-4eed-ad23-85491d588395 ] Request (ServersTestJSON:setUpClass): 200 GET http://10.180.1.21/compute/v2.1/servers/394adc4e-7167-4eab-a81c-6de567aaa0de 0.177s
2024-10-01 03:21:56.539 62262 INFO tempest.lib.common.rest_client [req-08eca0ad-0264-4a66-aa3f-23d0aa70c7a4 req-08eca0ad-0264-4a66-aa3f-23d0aa70c7a4 ] Request (ServerMetadataTestJSON:setUpClass): 200 GET http://10.180.1.21/compute/v2.1/servers/dae127b7-bef7-40d5-9bf5-ff2f6957f3e0 0.166s
2024-10-01 03:21:56.567 62234 INFO tempest.lib.common.rest_client [req-8fdf2ac9-6fb7-46da-9a5f-5de184fea82c req-8fdf2ac9-6fb7-46da-9a5f-5de184fea82c ] Request (SecurityGroupsTestJSON:test_list_security_groups_by_server): 200 GET http://10.180.1.21/compute/v2.1/servers/faf0ac72-8b22-4025-9420-c719558ba264 0.116s
2024-10-01 03:21:56.579 62270 INFO tempest.lib.common.rest_client [req-45cf6638-115e-47c3-8b14-ad27f1a42296 req-45cf6638-115e-47c3-8b14-ad27f1a42296 ] Request (AttachVolumeShelveTestJSON:test_attach_volume_shelved_or_offload_server): 200 GET http://10.180.1.21/compute/v2.1/servers/a7f3b280-1e30-4556-a1d8-03dc0af22563 0.090s
2024-10-01 03:21:56.616 62228 INFO tempest.lib.common.rest_client [req-52c3f96c-34ba-4db1-8a0e-6bc1f4dcf33a req-52c3f96c-34ba-4db1-8a0e-6bc1f4dcf33a ] Request (DeleteServersTestJSON:test_delete_active_server): 200 GET http://10.180.1.21/compute/v2.1/servers/56e1c963-61b5-41c3-9aee-c091dd8322ad 0.049s
2024-10-01 03:21:56.680 62258 INFO tempest.lib.common.rest_client [req-a565dac7-cc33-4593-ae15-d241cdf0d9d4 req-a565dac7-cc33-4593-ae15-d241cdf0d9d4 ] Request (AttachVolumeTestJSON:test_attach_detach_volume): 200 GET http://10.180.1.21/compute/v2.1/servers/16b161f5-3c90-4312-9830-3ac4a4ac7988 0.057s
2024-10-01 03:21:56.726 62274 INFO tempest.lib.common.rest_client [req-574af3e5-9ed5-4b9b-af4f-609230b7b867 req-574af3e5-9ed5-4b9b-af4f-609230b7b867 ] Request (DeleteServersAdminTestJSON:test_delete_server_while_in_error_state): 200 GET http://10.180.1.21/compute/v2.1/servers/96ee55a5-1957-47d7-8f58-a626d870446e 0.048s
2024-10-01 03:21:56.744 62232 INFO tempest.lib.common.rest_client [req-6ae236a3-3e62-4127-9ec2-ceee22fff818 req-6ae236a3-3e62-4127-9ec2-ceee22fff818 ] Request (FloatingIPsAssociationNegativeTestJSON:setUpClass): 200 GET http://10.180.1.21/compute/v2.1/servers/e38f00fb-d83a-41c2-843e-1172d7dce4b9 0.049s
2024-10-01 03:21:56.775 62238 INFO tempest.lib.common.rest_client [req-ba11c065-371d-4309-af99-21a99f8dc18b req-ba11c065-371d-4309-af99-21a99f8dc18b ] Request (ListServerFiltersTestJSON:setUpClass): 200 GET http://10.180.1.21/compute/v2.1/servers/344cb239-6785-441d-bc5d-047431cbbf17 0.044s
2024-10-01 03:21:56.814 62254 INFO tempest.lib.common.rest_client [req-d9169a45-9631-4b52-8701-eaf981b128c3 req-d9169a45-9631-4b52-8701-eaf981b128c3 ] Request (ServerMetadataNegativeTestJSON:setUpClass): 200 GET http://10.180.1.21/compute/v2.1/servers/c1ee9ad0-7005-45bf-a79f-f6e6af4667ad 0.046s
2024-10-01 03:21:56.855 62224 INFO tempest.lib.common.rest_client [req-34c95d86-423b-4781-90b3-c88ef1d7edb4 req-34c95d86-423b-4781-90b3-c88ef1d7edb4 ] Request (AttachInterfacesV270Test:test_create_get_list_interfaces): 200 GET http://10.180.1.21/compute/v2.1/servers/84261044-0bfa-4b12-89cb-e03035e78165 0.055s
2024-10-01 03:21:56.878 62264 INFO tempest.lib.common.rest_client [req-4ddbc455-18dc-4aa8-be5c-fed316dcb1b7 req-4ddbc455-18dc-4aa8-be5c-fed316dcb1b7 ] Request (ServerPasswordTestJSON:setUpClass): 200 GET http://10.180.1.21/compute/v2.1/servers/2d626ba2-61e5-4a66-bbb9-9c3f534fb2ed 0.048s
2024-10-01 03:21:56.989 62220 INFO tempest.lib.common.rest_client [req-8494984a-ab1a-42d8-9672-ba55b75774ba req-8494984a-ab1a-42d8-9672-ba55b75774ba ] Request (ImagesTestJSON:test_create_image_from_stopped_server): 200 GET http://10.180.1.21/compute/v2.1/servers/d673cb36-d9c2-4994-a374-c4aa10497312 0.050s
2024-10-01 03:21:56.995 62220 INFO tempest.common.waiters [-] State transition "BUILD/spawning" ==> "ERROR/None" after 86 second wait
2024-10-01 03:21:57.059 62246 INFO tempest.lib.common.rest_client [req-7296a23f-38ca-4810-9c8f-1b219f2d06c3 req-7296a23f-38ca-4810-9c8f-1b219f2d06c3 ] Request (ServerRescueTestJSON:setUpClass): 200 GET http://10.180.1.21/compute/v2.1/servers/7490268f-0fe8-40f2-89db-d6b2c88eef4c 0.049s
2024-10-01 03:21:57.105 62268 INFO tempest.lib.common.rest_client [req-40e6586a-e6ed-4a4f-9dd0-529a482c941e req-40e6586a-e6ed-4a4f-9dd0-529a482c941e ] Request (InstanceActionsV221TestJSON:test_get_list_deleted_instance_actions): 200 GET http://10.180.1.21/compute/v2.1/servers/4e1acfa0-1a47-4692-a354-94bea867cea3 0.081s
2024-10-01 03:21:57.150 62242 INFO tempest.lib.common.rest_client [req-dc8578a3-acdf-43e4-9015-5cb962f6b64d req-dc8578a3-acdf-43e4-9015-5cb962f6b64d ] Request (ServersTestMultiNic:test_verify_duplicate_network_nics): 200 GET http://10.180.1.21/compute/v2.1/servers/648a2f65-67a6-4029-a971-721fcb646091 0.081s
2024-10-01 03:21:57.163 62220 INFO tempest.lib.common.rest_client [req-e1bf2666-7e02-4057-8f87-2d6187f46cec req-e1bf2666-7e02-4057-8f87-2d6187f46cec ] Request (ImagesTestJSON:test_create_image_from_stopped_server): 204 DELETE http://10.180.1.21/compute/v2.1/servers/d673cb36-d9c2-4994-a374-c4aa10497312 0.167s
2024-10-01 03:21:57.195 62277 INFO tempest.lib.common.rest_client [req-a7f740d6-5967-47ab-8445-bcd9a752539e req-a7f740d6-5967-47ab-8445-bcd9a752539e ] Request (ImagesOneServerNegativeTestJSON:setUpClass): 200 GET http://10.180.1.21/compute/v2.1/servers/6f379583-ff30-4cce-a64f-eb0b8b3ca002 0.117s
2024-10-01 03:21:57.211 62216 INFO tempest.lib.common.rest_client [req-62e37d55-f013-4e24-8496-e684d7e6c5ca req-62e37d55-f013-4e24-8496-e684d7e6c5ca ] Request (InstanceActionsNegativeTestJSON:setUpClass): 200 GET http://10.180.1.21/compute/v2.1/servers/f2e426b5-a0ba-45a7-ad6b-555b10503188 0.092s
2024-10-01 03:21:57.227 62220 INFO tempest.lib.common.rest_client [req-e3f9bd6b-0871-4b12-9fa6-b5fa94d2df1b req-e3f9bd6b-0871-4b12-9fa6-b5fa94d2df1b ] Request (ImagesTestJSON:test_create_image_from_stopped_server): 404 GET http://10.180.1.21/compute/v2.1/servers/d673cb36-d9c2-4994-a374-c4aa10497312 0.064s
2024-10-01 03:21:57.237 62230 INFO tempest.lib.common.rest_client [req-bc8d5689-5a39-4c8b-8906-2af7841afc08 req-bc8d5689-5a39-4c8b-8906-2af7841afc08 ] Request (VolumesAdminNegativeTest:test_update_attached_volume_with_nonexistent_volume_in_body): 200 GET http://10.180.1.21/compute/v2.1/servers/47e8bb2c-8b79-431a-901f-4eeb479b83fa 0.102s
2024-10-01 03:21:57.272 62218 INFO tempest.lib.common.rest_client [req-e68b1a6d-4c37-4506-b32f-593c19779540 req-e68b1a6d-4c37-4506-b32f-593c19779540 ] Request (AttachInterfacesTestJSON:test_create_list_show_delete_interfaces_by_fixed_ip): 200 GET http://10.180.1.21/compute/v2.1/servers/34b8c19f-6bfa-4aff-a0c9-76a4ab495fca 0.097s
2024-10-01 03:21:57.280 62240 INFO tempest.lib.common.rest_client [req-6b305caa-dfe5-41d0-b6ee-821ac4544020 req-6b305caa-dfe5-41d0-b6ee-821ac4544020 ] Request (ServersTestFqdnHostnames:test_create_server_with_fqdn_name): 200 GET http://10.180.1.21/compute/v2.1/servers/a8ec425d-4dd0-476e-943c-eb3a16f7c581 0.057s
2024-10-01 03:21:57.299 62220 INFO tempest.lib.common.rest_client [req-8db6e1e3-2359-4fc5-8bb3-11a87243b9c0 req-8db6e1e3-2359-4fc5-8bb3-11a87243b9c0 ] Request (ImagesTestJSON:test_create_image_from_suspended_server): 201 POST http://10.180.1.21/identity/v3/auth/tokens 0.066s
2024-10-01 03:21:57.299 62220 INFO tempest.lib.common.fixed_network [-] (ImagesTestJSON:test_create_image_from_suspended_server) Found network {'id': '6d21c597-1fde-4b0b-8087-72bdb43c1c03', 'name': 'tempest-ImagesTestJSON-806174776-network', 'tenant_id': '77998c21b9b744639f89f1300e57be08', 'admin_state_up': True, 'mtu': 8950, 'status': 'ACTIVE', 'subnets': [], 'shared': False, 'project_id': '77998c21b9b744639f89f1300e57be08', 'port_security_enabled': True, 'router:external': False, 'provider:network_type': 'vlan', 'provider:physical_network': 'default', 'provider:segmentation_id': 966, 'is_default': False, 'availability_zone_hints': [], 'availability_zones': [], 'ipv4_address_scope': None, 'ipv6_address_scope': None, 'description': '', 'tags': [], 'created_at': '2024-10-01T03:20:15Z', 'updated_at': '2024-10-01T03:20:15Z', 'revision_number': 1} available for tenant
2024-10-01 03:21:57.318 62256 INFO tempest.lib.common.rest_client [req-7b644ce6-4553-4cd4-87f4-842871b1352f req-7b644ce6-4553-4cd4-87f4-842871b1352f ] Request (ServerActionsTestOtherB:setUpClass): 200 GET http://10.180.1.21/compute/v2.1/servers/6177a0e7-1b3e-4991-9293-0f82c1a28075 0.045s
2024-10-01 03:21:57.365 62278 INFO tempest.lib.common.rest_client [req-954e6fa0-0990-40ee-aaab-ae3386036656 req-954e6fa0-0990-40ee-aaab-ae3386036656 ] Request (ServersAdminTestJSON:setUpClass): 200 GET http://10.180.1.21/compute/v2.1/servers/5c3e1fd2-51c0-482f-a5ba-a8793cc4163b 0.046s
2024-10-01 03:21:57.418 62250 INFO tempest.lib.common.rest_client [req-0893e2d2-a4c5-4327-a880-005c544ca8c4 req-0893e2d2-a4c5-4327-a880-005c544ca8c4 ] Request (ServerActionsTestOtherA:setUpClass): 200 GET http://10.180.1.21/compute/v2.1/servers/db0e0443-7630-48de-922d-0485631307f0 0.045s
2024-10-01 03:21:57.468 62222 INFO tempest.lib.common.rest_client [req-0e91ccc0-2186-4f57-b856-d971f14ad862 req-0e91ccc0-2186-4f57-b856-d971f14ad862 ] Request (ServersTestBootFromVolume:setUpClass): 200 GET http://10.180.1.21/volume/v3/f07c3b76332848cfbab76bbfb365ece6/volumes/99a8dbe8-566a-4d13-86e9-aac50a53dd77 0.024s
2024-10-01 03:21:57.471 62266 INFO tempest.lib.common.rest_client [req-23ede6c4-733e-47d4-a400-ed8f62b48ca1 req-23ede6c4-733e-47d4-a400-ed8f62b48ca1 ] Request (ListServersNegativeTestJSON:setUpClass): 200 GET http://10.180.1.21/compute/v2.1/servers/559b2089-8d15-4088-a0cb-6ab79a771dc5 0.045s
2024-10-01 03:21:57.474 62222 INFO tempest.common.waiters [-] volume 99a8dbe8-566a-4d13-86e9-aac50a53dd77 reached available after waiting for 19.474224 seconds
2024-10-01 03:21:57.597 62220 INFO tempest.lib.common.rest_client [req-4af03682-d86c-4e61-84a0-7e02169c8443 req-4af03682-d86c-4e61-84a0-7e02169c8443 ] Request (ImagesTestJSON:test_create_image_from_suspended_server): 202 POST http://10.180.1.21/compute/v2.1/servers 0.297s
2024-10-01 03:21:57.640 62252 INFO tempest.lib.common.rest_client [req-1c8eda04-e9bc-4a8c-bf7b-e90bf40e5624 req-1c8eda04-e9bc-4a8c-bf7b-e90bf40e5624 ] Request (MigrationsAdminTest:test_list_migrations_in_flavor_resize_situation): 200 GET http://10.180.1.21/compute/v2.1/servers/9c2ad5d9-2d4d-4e9e-b905-436cddd37714 0.163s
2024-10-01 03:21:57.697 62260 INFO tempest.lib.common.rest_client [req-acab75b0-9170-4f99-850e-1d52922033c2 req-acab75b0-9170-4f99-850e-1d52922033c2 ] Request (ServersTestJSON:setUpClass): 200 GET http://10.180.1.21/compute/v2.1/servers/394adc4e-7167-4eab-a81c-6de567aaa0de 0.172s
2024-10-01 03:21:57.749 62262 INFO tempest.lib.common.rest_client [req-2cb8ee3a-bccd-4ef9-a996-00ee4a468c32 req-2cb8ee3a-bccd-4ef9-a996-00ee4a468c32 ] Request (ServerMetadataTestJSON:setUpClass): 200 GET http://10.180.1.21/compute/v2.1/servers/dae127b7-bef7-40d5-9bf5-ff2f6957f3e0 0.200s
2024-10-01 03:21:57.801 62234 INFO tempest.lib.common.rest_client [req-a674f875-6dbc-491b-af07-48ec12240637 req-a674f875-6dbc-491b-af07-48ec12240637 ] Request (SecurityGroupsTestJSON:test_list_security_groups_by_server): 200 GET http://10.180.1.21/compute/v2.1/servers/faf0ac72-8b22-4025-9420-c719558ba264 0.225s
2024-10-01 03:21:57.868 62270 INFO tempest.lib.common.rest_client [req-099a0f98-5f00-4f1a-bf98-53bbe85ad398 req-099a0f98-5f00-4f1a-bf98-53bbe85ad398 ] Request (AttachVolumeShelveTestJSON:test_attach_volume_shelved_or_offload_server): 200 GET http://10.180.1.21/compute/v2.1/servers/a7f3b280-1e30-4556-a1d8-03dc0af22563 0.279s
2024-10-01 03:21:57.898 62222 INFO tempest.lib.common.rest_client [req-91a55679-f4cd-4dff-9c72-03b27db719dc req-91a55679-f4cd-4dff-9c72-03b27db719dc ] Request (ServersTestBootFromVolume:setUpClass): 202 POST http://10.180.1.21/compute/v2.1/servers 0.423s
2024-10-01 03:21:57.914 62220 INFO tempest.lib.common.rest_client [req-e375fd2e-3c19-41cc-a50c-02b5a7a4cba5 req-e375fd2e-3c19-41cc-a50c-02b5a7a4cba5 ] Request (ImagesTestJSON:test_create_image_from_suspended_server): 200 GET http://10.180.1.21/compute/v2.1/servers/9d0e6d75-0440-4b55-bb0c-220c2022149d 0.315s
2024-10-01 03:21:57.946 62228 INFO tempest.lib.common.rest_client [req-ffc76161-a78d-442c-a551-af68153f1cac req-ffc76161-a78d-442c-a551-af68153f1cac ] Request (DeleteServersTestJSON:test_delete_active_server): 200 GET http://10.180.1.21/compute/v2.1/servers/56e1c963-61b5-41c3-9aee-c091dd8322ad 0.321s
2024-10-01 03:21:57.979 62258 INFO tempest.lib.common.rest_client [req-e972d469-cd03-49dc-9f0f-a77ab32da30c req-e972d469-cd03-49dc-9f0f-a77ab32da30c ] Request (AttachVolumeTestJSON:test_attach_detach_volume): 200 GET http://10.180.1.21/compute/v2.1/servers/16b161f5-3c90-4312-9830-3ac4a4ac7988 0.292s
2024-10-01 03:21:58.003 62274 INFO tempest.lib.common.rest_client [req-b3c2d0d5-f965-4227-aadd-731402af0ca6 req-b3c2d0d5-f965-4227-aadd-731402af0ca6 ] Request (DeleteServersAdminTestJSON:test_delete_server_while_in_error_state): 200 GET http://10.180.1.21/compute/v2.1/servers/96ee55a5-1957-47d7-8f58-a626d870446e 0.269s
2024-10-01 03:21:58.041 62232 INFO tempest.lib.common.rest_client [req-47f00f90-88c5-4bea-b283-185288120659 req-47f00f90-88c5-4bea-b283-185288120659 ] Request (FloatingIPsAssociationNegativeTestJSON:setUpClass): 200 GET http://10.180.1.21/compute/v2.1/servers/e38f00fb-d83a-41c2-843e-1172d7dce4b9 0.290s
2024-10-01 03:21:58.057 62238 INFO tempest.lib.common.rest_client [req-a8890013-77aa-485d-b794-ea0bdedbad96 req-a8890013-77aa-485d-b794-ea0bdedbad96 ] Request (ListServerFiltersTestJSON:setUpClass): 200 GET http://10.180.1.21/compute/v2.1/servers/344cb239-6785-441d-bc5d-047431cbbf17 0.274s
2024-10-01 03:21:58.087 62254 INFO tempest.lib.common.rest_client [req-e09447c7-cfa0-4ec2-b93d-4b36300c586d req-e09447c7-cfa0-4ec2-b93d-4b36300c586d ] Request (ServerMetadataNegativeTestJSON:setUpClass): 200 GET http://10.180.1.21/compute/v2.1/servers/c1ee9ad0-7005-45bf-a79f-f6e6af4667ad 0.265s
2024-10-01 03:21:58.108 62224 INFO tempest.lib.common.rest_client [req-bff6a7a3-cd1b-4017-866c-7df4fe3d9a66 req-bff6a7a3-cd1b-4017-866c-7df4fe3d9a66 ] Request (AttachInterfacesV270Test:test_create_get_list_interfaces): 200 GET http://10.180.1.21/compute/v2.1/servers/84261044-0bfa-4b12-89cb-e03035e78165 0.242s
2024-10-01 03:21:58.117 62224 INFO tempest.common.waiters [-] State transition "BUILD/spawning" ==> "BUILD/scheduling" after 83 second wait
2024-10-01 03:21:58.134 62264 INFO tempest.lib.common.rest_client [req-2c1d76f5-b17a-45e5-b624-b2eef4f56956 req-2c1d76f5-b17a-45e5-b624-b2eef4f56956 ] Request (ServerPasswordTestJSON:setUpClass): 200 GET http://10.180.1.21/compute/v2.1/servers/2d626ba2-61e5-4a66-bbb9-9c3f534fb2ed 0.247s
