2024-10-01 03:20:06.820 62266 INFO tempest.lib.common.dynamic_creds [-] Created isolated network resources for: credentials: Credentials: {'domain_id': 'default', 'domain_name': 'Default', 'username': 'tempest-FloatingIPsNegativeTestJSON-560434955-project-member', 'project_domain_id': 'default', 'project_domain_name': 'Default', 'project_id': '2ac2e8b00bf440e5b7860a77a6443832', 'project_name': 'tempest-FloatingIPsNegativeTestJSON-560434955', 'tenant_id': '2ac2e8b00bf440e5b7860a77a6443832', 'tenant_name': 'tempest-FloatingIPsNegativeTestJSON-560434955', 'user_domain_id': 'default', 'user_domain_name': 'Default', 'user_id': 'cab4f6875ae045f3ad8d895e9b7968df', 'system': None}, Network: {'id': '9e1b83c3-7acc-4f21-9cc0-a814522ca551', 'name': 'tempest-FloatingIPsNegativeTestJSON-1349488298-network', 'tenant_id': '2ac2e8b00bf440e5b7860a77a6443832', 'admin_state_up': True, 'mtu': 8950, 'status': 'ACTIVE', 'subnets': [], 'shared': False, 'project_id': '2ac2e8b00bf440e5b7860a77a6443832', 'port_security_enabled': True, 'router:external': False, 'provider:network_type': 'vlan', 'provider:physical_network': 'default', 'provider:segmentation_id': 243, 'is_default': False, 'availability_zone_hints': [], 'availability_zones': [], 'ipv4_address_scope': None, 'ipv6_address_scope': None, 'description': '', 'tags': [], 'created_at': '2024-10-01T03:20:02Z', 'updated_at': '2024-10-01T03:20:02Z', 'revision_number': 1}, Subnet: {'id': '6177a7a4-39a5-41a4-930c-067ab6007e3f', 'name': 'tempest-FloatingIPsNegativeTestJSON-1349488298-subnet', 'tenant_id': '2ac2e8b00bf440e5b7860a77a6443832', 'network_id': '9e1b83c3-7acc-4f21-9cc0-a814522ca551', 'ip_version': 4, 'subnetpool_id': None, 'enable_dhcp': True, 'ipv6_ra_mode': None, 'ipv6_address_mode': None, 'gateway_ip': '192.168.128.1', 'cidr': '192.168.128.0/28', 'allocation_pools': [{'start': '192.168.128.2', 'end': '192.168.128.14'}], 'host_routes': [], 'dns_nameservers': [], 'description': '', 'router:external': False, 'service_types': [], 'tags': [], 'created_at': '2024-10-01T03:20:02Z', 'updated_at': '2024-10-01T03:20:02Z', 'revision_number': 0, 'project_id': '2ac2e8b00bf440e5b7860a77a6443832'}, Router: {'id': '08358c7f-181e-4f76-afca-23d5f9df4f6e', 'name': 'tempest-FloatingIPsNegativeTestJSON-1349488298-router', 'tenant_id': '2ac2e8b00bf440e5b7860a77a6443832', 'admin_state_up': True, 'status': 'ACTIVE', 'external_gateway_info': {'network_id': '166d55e5-a79c-438e-99bf-dec6289e9947', 'external_fixed_ips': [{'subnet_id': 'c2ce84d2-72ac-4f5a-96b3-4a1c18e6a98f', 'ip_address': '10.180.180.203'}], 'enable_snat': True}, 'description': '', 'availability_zones': [], 'distributed': False, 'ha': False, 'availability_zone_hints': [], 'routes': [], 'flavor_id': None, 'tags': [], 'created_at': '2024-10-01T03:20:03Z', 'updated_at': '2024-10-01T03:20:03Z', 'revision_number': 2, 'project_id': '2ac2e8b00bf440e5b7860a77a6443832'}
2024-10-01 03:20:06.825 62234 INFO tempest.lib.common.rest_client [req-d9aa5c9d-d171-4a8c-aabd-17b89f0bc0bf req-d9aa5c9d-d171-4a8c-aabd-17b89f0bc0bf ] Request (TenantUsagesNegativeTestJSON:setUpClass): 201 POST http://10.180.1.21/identity/v3/projects 0.153s
2024-10-01 03:20:06.825 62228 INFO tempest.lib.common.rest_client [req-fa3e3a96-6612-4fb3-bac1-6d9431d3af05 req-fa3e3a96-6612-4fb3-bac1-6d9431d3af05 ] Request (ServersV294TestFqdnHostnames:setUpClass): 201 POST http://10.180.1.21:9696/networking/v2.0/security-group-rules 0.103s
2024-10-01 03:20:06.834 62222 INFO tempest.lib.common.rest_client [req-a3753f89-7380-447f-a2c8-e5d85de154fe req-a3753f89-7380-447f-a2c8-e5d85de154fe ] Request (HypervisorAdminUnderV252Test:test_search_hypervisor): 200 GET http://10.180.1.21/compute/v2.1/os-hypervisors 1.561s
2024-10-01 03:20:06.865 62252 INFO tempest.lib.common.rest_client [req-b2e8fa95-74dc-43e3-add8-9c3559b3f062 req-b2e8fa95-74dc-43e3-add8-9c3559b3f062 ] Request (ValidationResourcesFixture:setUp): 200 POST http://10.180.1.21/compute/v2.1/os-keypairs 1.406s
2024-10-01 03:20:06.870 62216 INFO tempest.lib.common.rest_client [req-7eb8f822-65a5-4271-84e1-107d025d5e74 req-7eb8f822-65a5-4271-84e1-107d025d5e74 ] Request (HostsAdminTestJSON:tearDownClass): 200 GET http://10.180.1.21:9696/networking/v2.0/security-groups?tenant_id=415eec64e06c44feafc2d73a6965b11e&name=default 0.495s
2024-10-01 03:20:06.884 62240 INFO tempest.lib.common.rest_client [req-c0a78da6-5525-4e39-a9b3-fa21d0e3fd57 req-c0a78da6-5525-4e39-a9b3-fa21d0e3fd57 ] Request (ServersAdminNegativeTestJSON:setUpClass): 201 POST http://10.180.1.21/identity/v3/auth/tokens 0.184s
2024-10-01 03:20:06.908 62226 INFO tempest.lib.common.rest_client [req-d22ef084-4ca5-4c4e-8d92-8861feb421a9 req-d22ef084-4ca5-4c4e-8d92-8861feb421a9 ] Request (QuotasAdminNegativeTest:test_create_server_when_memory_quota_is_full): 200 PUT http://10.180.1.21/compute/v2.1/os-quota-sets/9378ce6decbf480a9c7903ff664777e4 1.713s
2024-10-01 03:20:06.933 62272 INFO tempest.lib.common.rest_client [req-0dc45855-788e-4514-997c-a829508b47aa req-0dc45855-788e-4514-997c-a829508b47aa ] Request (AbsoluteLimitsNegativeTestJSON:setUpClass): 201 POST http://10.180.1.21/identity/v3/projects 0.146s
2024-10-01 03:20:06.955 62266 INFO tempest.lib.common.rest_client [req-412ab5d4-54f2-4239-bcad-f9a075cc518c req-412ab5d4-54f2-4239-bcad-f9a075cc518c ] Request (FloatingIPsNegativeTestJSON:setUpClass): 201 POST http://10.180.1.21/identity/v3/auth/tokens 0.132s
2024-10-01 03:20:06.977 62274 INFO tempest.lib.common.rest_client [req-d73a85e7-186f-4efc-aaac-5d65b8b5b051 req-d73a85e7-186f-4efc-aaac-5d65b8b5b051 ] Request (DeleteServersAdminTestJSON:test_admin_delete_servers_of_others): 200 GET http://10.180.1.21/compute/v2.1/servers/9d5da9b4-cbe2-4da7-aa4d-32f685abff8f 1.446s
2024-10-01 03:20:06.990 62234 INFO tempest.lib.common.rest_client [req-8bed0353-a149-447d-9d73-2a6f5fac5021 req-8bed0353-a149-447d-9d73-2a6f5fac5021 ] Request (TenantUsagesNegativeTestJSON:setUpClass): 201 POST http://10.180.1.21/identity/v3/users 0.165s
2024-10-01 03:20:07.019 62240 INFO tempest.lib.common.rest_client [req-f2842ed6-2e92-4d94-a87d-61e86d52fa42 req-f2842ed6-2e92-4d94-a87d-61e86d52fa42 ] Request (ServersAdminNegativeTestJSON:setUpClass): 201 POST http://10.180.1.21/identity/v3/auth/tokens 0.132s
2024-10-01 03:20:07.029 62252 INFO tempest.lib.common.rest_client [req-1d9aa756-7f2a-4946-9879-05094ea75fec req-1d9aa756-7f2a-4946-9879-05094ea75fec ] Request (ValidationResourcesFixture:setUp): 201 POST http://10.180.1.21:9696/networking/v2.0/security-groups 0.162s
2024-10-01 03:20:07.031 62246 INFO tempest.lib.common.rest_client [req-5b9063b8-9ea3-478b-99a3-b0ed1c4c347f req-5b9063b8-9ea3-478b-99a3-b0ed1c4c347f ] Request (ListImageFiltersTestJSON:setUpClass): 200 GET http://10.180.1.21/compute/v2.1/images/b2665195-c2ec-4c58-8e4c-e702d9ee78a0 1.408s
2024-10-01 03:20:07.068 62226 INFO tempest.lib.common.rest_client [req-4859978b-2b7d-42bc-9841-7308b4959a77 req-4859978b-2b7d-42bc-9841-7308b4959a77 ] Request (QuotasAdminNegativeTest:test_create_server_when_memory_quota_is_full): 201 POST http://10.180.1.21/identity/v3/auth/tokens 0.153s
2024-10-01 03:20:07.068 62226 INFO tempest.lib.common.fixed_network [-] (QuotasAdminNegativeTest:test_create_server_when_memory_quota_is_full) Found network None available for tenant
2024-10-01 03:20:07.079 62216 INFO tempest.lib.common.rest_client [req-8b1c2930-6d75-426f-a01c-95a2633b7b35 req-8b1c2930-6d75-426f-a01c-95a2633b7b35 ] Request (HostsAdminTestJSON:tearDownClass): 204 DELETE http://10.180.1.21:9696/networking/v2.0/security-groups/d5cefefd-118b-4005-ac89-b9d6e3453641 0.208s
2024-10-01 03:20:07.090 62272 INFO tempest.lib.common.rest_client [req-06ba08f1-0301-4918-8e77-b384de133427 req-06ba08f1-0301-4918-8e77-b384de133427 ] Request (AbsoluteLimitsNegativeTestJSON:setUpClass): 201 POST http://10.180.1.21/identity/v3/users 0.157s
2024-10-01 03:20:07.108 62234 INFO tempest.lib.common.rest_client [req-3d6f2c09-8c4d-42ac-98f0-47f56b3d52a3 req-3d6f2c09-8c4d-42ac-98f0-47f56b3d52a3 ] Request (TenantUsagesNegativeTestJSON:setUpClass): 200 GET http://10.180.1.21/identity/v3/roles 0.117s
2024-10-01 03:20:07.130 62242 INFO tempest.lib.common.rest_client [req-e47fac41-8de0-4f21-9d41-41d70119bb0c req-e47fac41-8de0-4f21-9d41-41d70119bb0c ] Request (HypervisorAdminNegativeTestJSON:test_get_hypervisor_uptime_with_non_admin_user): 200 GET http://10.180.1.21/compute/v2.1/os-hypervisors 1.667s
2024-10-01 03:20:07.132 62240 INFO tempest.lib.common.rest_client [req-f1bfba9d-89a3-4bc3-98af-cdf71d5905a1 req-f1bfba9d-89a3-4bc3-98af-cdf71d5905a1 ] Request (ServersAdminNegativeTestJSON:setUpClass): 200 GET http://10.180.1.21/identity/v3/domains?name=Default 0.112s
2024-10-01 03:20:07.138 62236 INFO tempest.lib.common.rest_client [req-eac528b3-65bf-47c4-b8c6-6c36d786c9d2 req-eac528b3-65bf-47c4-b8c6-6c36d786c9d2 ] Request (FlavorsExtraSpecsNegativeTestJSON:test_flavor_update_more_key): 400 PUT http://10.180.1.21/compute/v2.1/flavors/1950136655/os-extra_specs/hw:numa_nodes 1.253s
2024-10-01 03:20:07.152 62272 INFO tempest.lib.common.rest_client [req-af989d93-fec3-490b-900b-7d5d0d5acbfa req-af989d93-fec3-490b-900b-7d5d0d5acbfa ] Request (AbsoluteLimitsNegativeTestJSON:setUpClass): 200 GET http://10.180.1.21/identity/v3/roles 0.060s
2024-10-01 03:20:07.162 62270 INFO tempest.lib.common.rest_client [req-271af7f3-8fff-4930-bfca-20a4007dd472 req-271af7f3-8fff-4930-bfca-20a4007dd472 ] Request (FlavorsExtraSpecsTestJSON:test_flavor_set_get_update_show_unset_keys): 200 DELETE http://10.180.1.21/compute/v2.1/flavors/2007829591/os-extra_specs/hw:cpu_policy 1.252s
2024-10-01 03:20:07.165 62216 INFO tempest.lib.common.rest_client [req-e3c3f8d0-c1e5-41a6-a6f4-3704b89a9c70 req-e3c3f8d0-c1e5-41a6-a6f4-3704b89a9c70 ] Request (HostsAdminTestJSON:tearDownClass): 204 DELETE http://10.180.1.21/identity/v3/projects/415eec64e06c44feafc2d73a6965b11e 0.085s
2024-10-01 03:20:07.165 62216 INFO tempest.lib.common.dynamic_creds [-] Deleting project and security group for project: f039b46e4764419c9f86e2dd6d21451a
2024-10-01 03:20:07.180 62244 INFO tempest.lib.common.rest_client [req-ed9a053c-b322-4704-a862-93f247214428 req-ed9a053c-b322-4704-a862-93f247214428 ] Request (FlavorsAccessNegativeTestJSON:_run_cleanups): 200 GET http://10.180.1.21/compute/v2.1/flavors/detail 1.251s
2024-10-01 03:20:07.216 62234 INFO tempest.lib.common.rest_client [req-bea1a24d-8175-4a2c-bad4-8191562a22c2 req-bea1a24d-8175-4a2c-bad4-8191562a22c2 ] Request (TenantUsagesNegativeTestJSON:setUpClass): 204 PUT http://10.180.1.21/identity/v3/projects/da7bf8c2d1764cc2afc1c5c8bcab27ba/users/12dd801549884c919836c19222fd3f82/roles/b1114319fd7c440d8e5603d4bc143a5b 0.108s
2024-10-01 03:20:07.223 62240 INFO tempest.lib.common.rest_client [req-748d70ec-7b33-4696-a21e-7e8f9cbc6e2f req-748d70ec-7b33-4696-a21e-7e8f9cbc6e2f ] Request (ServersAdminNegativeTestJSON:setUpClass): 201 POST http://10.180.1.21/identity/v3/projects 0.091s
2024-10-01 03:20:07.256 62252 INFO tempest.lib.common.rest_client [req-a4ed833a-eda7-4eab-9d11-861a7a2a4e6c req-a4ed833a-eda7-4eab-9d11-861a7a2a4e6c ] Request (ValidationResourcesFixture:setUp): 201 POST http://10.180.1.21:9696/networking/v2.0/security-group-rules 0.226s
2024-10-01 03:20:07.272 62234 INFO tempest.lib.common.rest_client [req-8201261d-52c4-4acf-8f71-38dc9a74f14b req-8201261d-52c4-4acf-8f71-38dc9a74f14b ] Request (TenantUsagesNegativeTestJSON:setUpClass): 200 GET http://10.180.1.21/identity/v3/roles 0.055s
2024-10-01 03:20:07.279 62272 INFO tempest.lib.common.rest_client [req-5dd1cfd8-bd22-486a-9d1b-55a655a27d4f req-5dd1cfd8-bd22-486a-9d1b-55a655a27d4f ] Request (AbsoluteLimitsNegativeTestJSON:setUpClass): 204 PUT http://10.180.1.21/identity/v3/projects/b8ac2513f43a44da83431bc08d1a85bb/users/5bd36bda642e4c4e99556f2cdda5c98b/roles/9aa2dae361a14421a636b23411fbe22c 0.125s
2024-10-01 03:20:07.279 62272 INFO tempest.lib.common.dynamic_creds [-] Dynamic test user 5bd36bda642e4c4e99556f2cdda5c98b is created with scope project and roles: ['member']
2024-10-01 03:20:07.279 62272 INFO tempest.lib.common.dynamic_creds [-] Acquired dynamic creds: credentials: Credentials: {'domain_id': 'default', 'domain_name': 'Default', 'username': 'tempest-AbsoluteLimitsNegativeTestJSON-253333854-project-member', 'project_domain_id': 'default', 'project_domain_name': 'Default', 'project_id': 'b8ac2513f43a44da83431bc08d1a85bb', 'project_name': 'tempest-AbsoluteLimitsNegativeTestJSON-253333854', 'tenant_id': 'b8ac2513f43a44da83431bc08d1a85bb', 'tenant_name': 'tempest-AbsoluteLimitsNegativeTestJSON-253333854', 'user_domain_id': 'default', 'user_domain_name': 'Default', 'user_id': '5bd36bda642e4c4e99556f2cdda5c98b', 'system': None}, Network: None, Subnet: None, Router: None
2024-10-01 03:20:07.279 62272 INFO tempest.lib.common.dynamic_creds [-] Created isolated network resources for: credentials: Credentials: {'domain_id': 'default', 'domain_name': 'Default', 'username': 'tempest-AbsoluteLimitsNegativeTestJSON-253333854-project-member', 'project_domain_id': 'default', 'project_domain_name': 'Default', 'project_id': 'b8ac2513f43a44da83431bc08d1a85bb', 'project_name': 'tempest-AbsoluteLimitsNegativeTestJSON-253333854', 'tenant_id': 'b8ac2513f43a44da83431bc08d1a85bb', 'tenant_name': 'tempest-AbsoluteLimitsNegativeTestJSON-253333854', 'user_domain_id': 'default', 'user_domain_name': 'Default', 'user_id': '5bd36bda642e4c4e99556f2cdda5c98b', 'system': None}, Network: None, Subnet: None, Router: None
2024-10-01 03:20:07.307 62250 INFO tempest.lib.common.rest_client [req-d7d048c1-61ca-442b-a824-a07537c135e5 req-d7d048c1-61ca-442b-a824-a07537c135e5 ] Request (ImagesMetadataTestJSON:test_set_image_metadata): 200 PUT http://10.180.1.21/compute/v2.1/images/0706c2e0-0cb4-4d0b-8bfc-62fa28fcf82c/metadata 1.435s
2024-10-01 03:20:07.309 62262 INFO tempest.lib.common.rest_client [req-e6a41441-5dec-4f20-acd7-b07e44e6df97 req-e6a41441-5dec-4f20-acd7-b07e44e6df97 ] Request (TenantUsagesTestJSON:setUpClass): 200 GET http://10.180.1.21/compute/v2.1/servers/6415a865-e8ad-4892-affb-afa3697fc12b 1.380s
2024-10-01 03:20:07.324 62240 INFO tempest.lib.common.rest_client [req-e3fc1a92-e0ca-4b54-bc19-705ee6bd2817 req-e3fc1a92-e0ca-4b54-bc19-705ee6bd2817 ] Request (ServersAdminNegativeTestJSON:setUpClass): 201 POST http://10.180.1.21/identity/v3/users 0.100s
2024-10-01 03:20:07.324 62230 INFO tempest.lib.common.rest_client [req-f59f0df9-5e1b-4c29-857f-abafab5cdecb req-f59f0df9-5e1b-4c29-857f-abafab5cdecb ] Request (FlavorsAccessTestJSON:_run_cleanups): 200 GET http://10.180.1.21/compute/v2.1/flavors/detail 1.378s
2024-10-01 03:20:07.326 62234 INFO tempest.lib.common.rest_client [req-7bc0c93c-77f0-49b1-a656-6442e96297cc req-7bc0c93c-77f0-49b1-a656-6442e96297cc ] Request (TenantUsagesNegativeTestJSON:setUpClass): 204 PUT http://10.180.1.21/identity/v3/projects/da7bf8c2d1764cc2afc1c5c8bcab27ba/users/12dd801549884c919836c19222fd3f82/roles/b1114319fd7c440d8e5603d4bc143a5b 0.053s
2024-10-01 03:20:07.326 62234 INFO tempest.lib.common.dynamic_creds [-] Dynamic test user 12dd801549884c919836c19222fd3f82 is created with scope project and roles: ['admin']
2024-10-01 03:20:07.326 62234 INFO tempest.lib.common.dynamic_creds [-] Acquired dynamic creds: credentials: Credentials: {'domain_id': 'default', 'domain_name': 'Default', 'username': 'tempest-TenantUsagesNegativeTestJSON-708412268-project-admin', 'project_domain_id': 'default', 'project_domain_name': 'Default', 'project_id': 'da7bf8c2d1764cc2afc1c5c8bcab27ba', 'project_name': 'tempest-TenantUsagesNegativeTestJSON-708412268', 'tenant_id': 'da7bf8c2d1764cc2afc1c5c8bcab27ba', 'tenant_name': 'tempest-TenantUsagesNegativeTestJSON-708412268', 'user_domain_id': 'default', 'user_domain_name': 'Default', 'user_id': '12dd801549884c919836c19222fd3f82', 'system': None}, Network: None, Subnet: None, Router: None
2024-10-01 03:20:07.327 62234 INFO tempest.lib.common.dynamic_creds [-] Created isolated network resources for: credentials: Credentials: {'domain_id': 'default', 'domain_name': 'Default', 'username': 'tempest-TenantUsagesNegativeTestJSON-708412268-project-admin', 'project_domain_id': 'default', 'project_domain_name': 'Default', 'project_id': 'da7bf8c2d1764cc2afc1c5c8bcab27ba', 'project_name': 'tempest-TenantUsagesNegativeTestJSON-708412268', 'tenant_id': 'da7bf8c2d1764cc2afc1c5c8bcab27ba', 'tenant_name': 'tempest-TenantUsagesNegativeTestJSON-708412268', 'user_domain_id': 'default', 'user_domain_name': 'Default', 'user_id': '12dd801549884c919836c19222fd3f82', 'system': None}, Network: None, Subnet: None, Router: None
2024-10-01 03:20:07.334 62220 INFO tempest.lib.common.rest_client [req-e0f8e5d0-e6b0-4526-8d97-a6e911db0c49 req-e0f8e5d0-e6b0-4526-8d97-a6e911db0c49 ] Request (HostsAdminNegativeTestJSON:test_update_host_with_invalid_status): 400 PUT http://10.180.1.21/compute/v2.1/os-hosts/devstack 1.382s
2024-10-01 03:20:07.370 62240 INFO tempest.lib.common.rest_client [req-ea30c414-6fb5-4940-ab60-97fe957070b3 req-ea30c414-6fb5-4940-ab60-97fe957070b3 ] Request (ServersAdminNegativeTestJSON:setUpClass): 200 GET http://10.180.1.21/identity/v3/roles 0.045s
2024-10-01 03:20:07.385 62272 INFO tempest.lib.common.rest_client [req-3d5ac733-a25c-45a3-9ae2-889b3afd07b7 req-3d5ac733-a25c-45a3-9ae2-889b3afd07b7 ] Request (AbsoluteLimitsNegativeTestJSON:setUpClass): 201 POST http://10.180.1.21/identity/v3/auth/tokens 0.101s
2024-10-01 03:20:07.404 62228 INFO tempest.lib.common.rest_client [req-b261574c-53a2-4261-a368-d6000dec09f1 req-b261574c-53a2-4261-a368-d6000dec09f1 ] Request (ServersV294TestFqdnHostnames:setUpClass): 201 POST http://10.180.1.21:9696/networking/v2.0/floatingips 0.579s
2024-10-01 03:20:07.427 62256 INFO tempest.lib.common.rest_client [req-ee037e7c-e274-48b1-8336-cf062688a112 req-ee037e7c-e274-48b1-8336-cf062688a112 ] Request (InstanceActionsTestJSON:setUpClass): 200 GET http://10.180.1.21/compute/v2.1/servers/ca957cfd-4fbd-4c92-aeac-5442f24ec5b9 1.064s
2024-10-01 03:20:07.436 62234 INFO tempest.lib.common.rest_client [req-b34be092-07ee-4deb-a4d9-90835dadde7b req-b34be092-07ee-4deb-a4d9-90835dadde7b ] Request (TenantUsagesNegativeTestJSON:setUpClass): 201 POST http://10.180.1.21/identity/v3/auth/tokens 0.103s
2024-10-01 03:20:07.440 62230 INFO tempest.lib.common.rest_client [req-4723e67c-57b6-47cf-8b30-4e17b4a7e80c req-4723e67c-57b6-47cf-8b30-4e17b4a7e80c ] Request (FlavorsAccessTestJSON:tearDownClass): 204 DELETE http://10.180.1.21/identity/v3/users/2fd03826cfb14cfc84f541a4f6df2167 0.107s
2024-10-01 03:20:07.456 62216 INFO tempest.lib.common.rest_client [req-2ac42b82-65a7-48be-b9a0-648dd4dc4b70 req-2ac42b82-65a7-48be-b9a0-648dd4dc4b70 ] Request (HostsAdminTestJSON:tearDownClass): 200 GET http://10.180.1.21:9696/networking/v2.0/security-groups?tenant_id=f039b46e4764419c9f86e2dd6d21451a&name=default 0.290s
2024-10-01 03:20:07.484 62240 INFO tempest.lib.common.rest_client [req-14e6f3a2-a280-4333-adf1-1498ef9b8f19 req-14e6f3a2-a280-4333-adf1-1498ef9b8f19 ] Request (ServersAdminNegativeTestJSON:setUpClass): 204 PUT http://10.180.1.21/identity/v3/projects/8af96eb1800e437a82a68b9925872dd6/users/1f38bc6001b04ea185725ae016034c32/roles/9aa2dae361a14421a636b23411fbe22c 0.113s
2024-10-01 03:20:07.484 62240 INFO tempest.lib.common.dynamic_creds [-] Dynamic test user 1f38bc6001b04ea185725ae016034c32 is created with scope project and roles: ['member']
2024-10-01 03:20:07.484 62240 INFO tempest.lib.common.dynamic_creds [-] Acquired dynamic creds: credentials: Credentials: {'domain_id': 'default', 'domain_name': 'Default', 'username': 'tempest-ServersAdminNegativeTestJSON-311441791-project-member', 'project_domain_id': 'default', 'project_domain_name': 'Default', 'project_id': '8af96eb1800e437a82a68b9925872dd6', 'project_name': 'tempest-ServersAdminNegativeTestJSON-311441791', 'tenant_id': '8af96eb1800e437a82a68b9925872dd6', 'tenant_name': 'tempest-ServersAdminNegativeTestJSON-311441791', 'user_domain_id': 'default', 'user_domain_name': 'Default', 'user_id': '1f38bc6001b04ea185725ae016034c32', 'system': None}, Network: None, Subnet: None, Router: None
2024-10-01 03:20:07.484 62240 INFO tempest.lib.common.dynamic_creds [-] Created isolated network resources for: credentials: Credentials: {'domain_id': 'default', 'domain_name': 'Default', 'username': 'tempest-ServersAdminNegativeTestJSON-311441791-project-member', 'project_domain_id': 'default', 'project_domain_name': 'Default', 'project_id': '8af96eb1800e437a82a68b9925872dd6', 'project_name': 'tempest-ServersAdminNegativeTestJSON-311441791', 'tenant_id': '8af96eb1800e437a82a68b9925872dd6', 'tenant_name': 'tempest-ServersAdminNegativeTestJSON-311441791', 'user_domain_id': 'default', 'user_domain_name': 'Default', 'user_id': '1f38bc6001b04ea185725ae016034c32', 'system': None}, Network: None, Subnet: None, Router: None
2024-10-01 03:20:07.486 62254 INFO tempest.lib.common.rest_client [req-2b7b9f9b-df9d-4640-b1a2-ee656621b64a req-2b7b9f9b-df9d-4640-b1a2-ee656621b64a ] Request (SecurityGroupsTestAdminJSON:_run_cleanups): 202 DELETE http://10.180.1.21/compute/v2.1/os-security-groups/b3416102-2ffc-4cc4-9d6c-4a0525c028db 1.367s
2024-10-01 03:20:07.493 62228 INFO tempest.lib.common.rest_client [req-5be90077-bbfa-4e5c-890e-4fb3b7d81b59 req-5be90077-bbfa-4e5c-890e-4fb3b7d81b59 ] Request (ServersV294TestFqdnHostnames:setUpClass): 201 POST http://10.180.1.21/identity/v3/auth/tokens 0.081s
2024-10-01 03:20:07.493 62228 INFO tempest.lib.common.fixed_network [-] (ServersV294TestFqdnHostnames:setUpClass) Found network {'id': 'e31c55d3-1eac-48a1-94c6-ca5f21de437c', 'name': 'tempest-ServersV294TestFqdnHostnames-1118028330-network', 'tenant_id': '03bdc5c31d804c989571f4c74fc3a3cb', 'admin_state_up': True, 'mtu': 8950, 'status': 'ACTIVE', 'subnets': [], 'shared': False, 'project_id': '03bdc5c31d804c989571f4c74fc3a3cb', 'port_security_enabled': True, 'router:external': False, 'provider:network_type': 'vlan', 'provider:physical_network': 'default', 'provider:segmentation_id': 519, 'is_default': False, 'availability_zone_hints': [], 'availability_zones': [], 'ipv4_address_scope': None, 'ipv6_address_scope': None, 'description': '', 'tags': [], 'created_at': '2024-10-01T03:19:59Z', 'updated_at': '2024-10-01T03:19:59Z', 'revision_number': 1} available for tenant
2024-10-01 03:20:07.508 62248 INFO tempest.lib.common.rest_client [req-d89f27d0-55da-4572-a5d9-b654c1594e88 req-d89f27d0-55da-4572-a5d9-b654c1594e88 ] Request (FloatingIPsAssociationTestJSON:setUpClass): 200 GET http://10.180.1.21/compute/v2.1/servers/82cdbb9f-da3a-4e98-961e-b4fb7a4fd88a 1.069s
2024-10-01 03:20:07.532 62232 INFO tempest.lib.common.rest_client [req-67440231-5106-4d19-8de4-a5f93c49a4f8 req-67440231-5106-4d19-8de4-a5f93c49a4f8 ] Request (AggregatesAdminNegativeTestJSON:test_aggregate_add_non_exist_host): 404 POST http://10.180.1.21/compute/v2.1/os-aggregates/3/action 0.947s
2024-10-01 03:20:07.544 62277 INFO tempest.lib.common.rest_client [req-5710eee1-3868-4d33-baeb-bdf4a5bf8ac6 req-5710eee1-3868-4d33-baeb-bdf4a5bf8ac6 ] Request (ServerExternalEventsTest:test_create_server_external_events): 200 GET http://10.180.1.21/compute/v2.1/servers/7b6f63e4-11e0-4e48-a160-7ff96ec9a6c4 0.989s
2024-10-01 03:20:07.553 62240 INFO tempest.lib.common.rest_client [req-db21b6f4-e12e-48ef-bdce-c7f7d4f61337 req-db21b6f4-e12e-48ef-bdce-c7f7d4f61337 ] Request (ServersAdminNegativeTestJSON:setUpClass): 201 POST http://10.180.1.21/identity/v3/auth/tokens 0.065s
2024-10-01 03:20:07.589 62252 INFO tempest.lib.common.rest_client [req-e1c5f5b1-6dea-45f5-b96a-6fb4dd7b4477 req-e1c5f5b1-6dea-45f5-b96a-6fb4dd7b4477 ] Request (ValidationResourcesFixture:setUp): 201 POST http://10.180.1.21:9696/networking/v2.0/security-group-rules 0.332s
2024-10-01 03:20:07.595 62258 INFO tempest.lib.common.rest_client [req-37672947-a65f-4a4d-8652-d0e720ce92d7 req-37672947-a65f-4a4d-8652-d0e720ce92d7 ] Request (ImagesOneServerTestJSON:setUpClass): 200 GET http://10.180.1.21/compute/v2.1/servers/64fa0e0e-caf5-4f4e-ae1a-6ab919a4c3f6 0.893s
2024-10-01 03:20:07.609 62230 INFO tempest.lib.common.rest_client [req-20e5db39-4313-48a2-b619-4473989c848d req-20e5db39-4313-48a2-b619-4473989c848d ] Request (FlavorsAccessTestJSON:tearDownClass): 204 DELETE http://10.180.1.21/identity/v3/users/2a5c0fc7857046f2a3fcb122bdcf8be9 0.168s
2024-10-01 03:20:07.609 62230 INFO tempest.lib.common.dynamic_creds [-] Deleting project and security group for project: d4e58375c37c4f5c8b4a4e51ffdb9498
2024-10-01 03:20:07.610 62240 INFO tempest.lib.common.rest_client [req-7eb24083-16c5-4b40-a4b0-1348d16c4d8f req-7eb24083-16c5-4b40-a4b0-1348d16c4d8f ] Request (ServersAdminNegativeTestJSON:setUpClass): 201 POST http://10.180.1.21/identity/v3/projects 0.056s
2024-10-01 03:20:07.662 62230 INFO tempest.lib.common.rest_client [req-0cac4ce5-5b15-4c14-aab2-1450c4ab677d req-0cac4ce5-5b15-4c14-aab2-1450c4ab677d ] Request (FlavorsAccessTestJSON:tearDownClass): 201 POST http://10.180.1.21/identity/v3/auth/tokens 0.052s
2024-10-01 03:20:07.687 62216 INFO tempest.lib.common.rest_client [req-654c5457-1835-4dc7-91c2-63dccbb6d977 req-654c5457-1835-4dc7-91c2-63dccbb6d977 ] Request (HostsAdminTestJSON:tearDownClass): 204 DELETE http://10.180.1.21:9696/networking/v2.0/security-groups/2616cd1c-05b3-4158-8f4a-fa3cf6e80cd5 0.230s
2024-10-01 03:20:07.687 62240 INFO tempest.lib.common.rest_client [req-02672f9c-77e0-4ab3-97bc-51d79b3ae6b0 req-02672f9c-77e0-4ab3-97bc-51d79b3ae6b0 ] Request (ServersAdminNegativeTestJSON:setUpClass): 201 POST http://10.180.1.21/identity/v3/users 0.077s
2024-10-01 03:20:07.749 62240 INFO tempest.lib.common.rest_client [req-f5856922-c6cb-47cb-a237-c6134400bdd8 req-f5856922-c6cb-47cb-a237-c6134400bdd8 ] Request (ServersAdminNegativeTestJSON:setUpClass): 200 GET http://10.180.1.21/identity/v3/roles 0.061s
2024-10-01 03:20:07.759 62260 INFO tempest.lib.common.rest_client [req-6ee230ef-993c-4ef3-9df1-b89c2de4a896 req-6ee230ef-993c-4ef3-9df1-b89c2de4a896 ] Request (QuotasAdminTestJSON:test_get_updated_quotas): 200 PUT http://10.180.1.21/compute/v2.1/os-quota-sets/09c4adbceff44cf983a0a9f45819e24b 1.018s
2024-10-01 03:20:07.785 62216 INFO tempest.lib.common.rest_client [req-0323ae52-0497-4985-b6c9-fec827754436 req-0323ae52-0497-4985-b6c9-fec827754436 ] Request (HostsAdminTestJSON:tearDownClass): 204 DELETE http://10.180.1.21/identity/v3/projects/f039b46e4764419c9f86e2dd6d21451a 0.098s
2024-10-01 03:20:07.808 62240 INFO tempest.lib.common.rest_client [req-c308db5b-32b5-4d07-bf98-b2033a56c6a3 req-c308db5b-32b5-4d07-bf98-b2033a56c6a3 ] Request (ServersAdminNegativeTestJSON:setUpClass): 204 PUT http://10.180.1.21/identity/v3/projects/a123589750fc48fc911b72e54a5384c4/users/1eae732ff5cb4ae4a6b4b4ee59db3537/roles/b1114319fd7c440d8e5603d4bc143a5b 0.059s
2024-10-01 03:20:07.845 62216 INFO tempest.lib.common.rest_client [req-e5723a09-d17f-4cfb-a358-45f536889c24 req-e5723a09-d17f-4cfb-a358-45f536889c24 ] Request (ServerDiagnosticsTest:setUpClass): 201 POST http://10.180.1.21/identity/v3/auth/tokens 0.058s
2024-10-01 03:20:07.856 62240 INFO tempest.lib.common.rest_client [req-a80cd968-648b-4354-8dba-96d98ac75119 req-a80cd968-648b-4354-8dba-96d98ac75119 ] Request (ServersAdminNegativeTestJSON:setUpClass): 200 GET http://10.180.1.21/identity/v3/roles 0.047s
2024-10-01 03:20:07.870 62240 INFO tempest.lib.common.rest_client [req-8108153b-a0e9-4d65-b697-86f88ed742ea req-8108153b-a0e9-4d65-b697-86f88ed742ea ] Request (ServersAdminNegativeTestJSON:setUpClass): 204 PUT http://10.180.1.21/identity/v3/projects/a123589750fc48fc911b72e54a5384c4/users/1eae732ff5cb4ae4a6b4b4ee59db3537/roles/b1114319fd7c440d8e5603d4bc143a5b 0.014s
2024-10-01 03:20:07.871 62240 INFO tempest.lib.common.dynamic_creds [-] Dynamic test user 1eae732ff5cb4ae4a6b4b4ee59db3537 is created with scope project and roles: ['admin']
2024-10-01 03:20:07.871 62240 INFO tempest.lib.common.dynamic_creds [-] Acquired dynamic creds: credentials: Credentials: {'domain_id': 'default', 'domain_name': 'Default', 'username': 'tempest-ServersAdminNegativeTestJSON-1718582242-project-admin', 'project_domain_id': 'default', 'project_domain_name': 'Default', 'project_id': 'a123589750fc48fc911b72e54a5384c4', 'project_name': 'tempest-ServersAdminNegativeTestJSON-1718582242', 'tenant_id': 'a123589750fc48fc911b72e54a5384c4', 'tenant_name': 'tempest-ServersAdminNegativeTestJSON-1718582242', 'user_domain_id': 'default', 'user_domain_name': 'Default', 'user_id': '1eae732ff5cb4ae4a6b4b4ee59db3537', 'system': None}, Network: None, Subnet: None, Router: None
2024-10-01 03:20:07.871 62240 INFO tempest.lib.common.dynamic_creds [-] Created isolated network resources for: credentials: Credentials: {'domain_id': 'default', 'domain_name': 'Default', 'username': 'tempest-ServersAdminNegativeTestJSON-1718582242-project-admin', 'project_domain_id': 'default', 'project_domain_name': 'Default', 'project_id': 'a123589750fc48fc911b72e54a5384c4', 'project_name': 'tempest-ServersAdminNegativeTestJSON-1718582242', 'tenant_id': 'a123589750fc48fc911b72e54a5384c4', 'tenant_name': 'tempest-ServersAdminNegativeTestJSON-1718582242', 'user_domain_id': 'default', 'user_domain_name': 'Default', 'user_id': '1eae732ff5cb4ae4a6b4b4ee59db3537', 'system': None}, Network: None, Subnet: None, Router: None
2024-10-01 03:20:07.907 62216 INFO tempest.lib.common.rest_client [req-5b9a5b35-3892-4483-830b-af76a7e335a6 req-5b9a5b35-3892-4483-830b-af76a7e335a6 ] Request (ServerDiagnosticsTest:setUpClass): 201 POST http://10.180.1.21/identity/v3/auth/tokens 0.060s
2024-10-01 03:20:07.929 62216 INFO tempest.lib.common.rest_client [req-6e560c59-fdbe-4a5e-986b-d08fff93e822 req-6e560c59-fdbe-4a5e-986b-d08fff93e822 ] Request (ServerDiagnosticsTest:setUpClass): 200 GET http://10.180.1.21/identity/v3/domains?name=Default 0.021s
2024-10-01 03:20:07.954 62216 INFO tempest.lib.common.rest_client [req-c6ca07bc-f350-4481-a440-169e6666cbf4 req-c6ca07bc-f350-4481-a440-169e6666cbf4 ] Request (ServerDiagnosticsTest:setUpClass): 201 POST http://10.180.1.21/identity/v3/projects 0.025s
2024-10-01 03:20:07.956 62264 INFO tempest.lib.common.rest_client [req-9a947ae0-27b0-4452-b82b-a90e511b6316 req-9a947ae0-27b0-4452-b82b-a90e511b6316 ] Request (ServerActionsTestJSON:setUpClass): 202 POST http://10.180.1.21/compute/v2.1/servers 1.348s
2024-10-01 03:20:07.960 62240 INFO tempest.lib.common.rest_client [req-f6c516f6-ff83-4eeb-a8e2-ead853e6131a req-f6c516f6-ff83-4eeb-a8e2-ead853e6131a ] Request (ServersAdminNegativeTestJSON:setUpClass): 201 POST http://10.180.1.21/identity/v3/auth/tokens 0.080s
2024-10-01 03:20:07.961 62240 WARNING tempest.lib.common.rest_client [-] Deprecated: "tenant_id" property is deprecated for removal, use "project_id" instead
2024-10-01 03:20:08.020 62216 INFO tempest.lib.common.rest_client [req-0502db67-a92f-4875-8e9e-e52cd612ccb4 req-0502db67-a92f-4875-8e9e-e52cd612ccb4 ] Request (ServerDiagnosticsTest:setUpClass): 201 POST http://10.180.1.21/identity/v3/users 0.066s
2024-10-01 03:20:08.042 62230 INFO tempest.lib.common.rest_client [req-f7e0a0bc-01f4-41b6-b970-466a3e8ca24f req-f7e0a0bc-01f4-41b6-b970-466a3e8ca24f ] Request (FlavorsAccessTestJSON:tearDownClass): 200 GET http://10.180.1.21:9696/networking/v2.0/security-groups?tenant_id=d4e58375c37c4f5c8b4a4e51ffdb9498&name=default 0.380s
2024-10-01 03:20:08.043 62216 INFO tempest.lib.common.rest_client [req-92a6403f-c29d-4801-8220-c9ce5f68aa40 req-92a6403f-c29d-4801-8220-c9ce5f68aa40 ] Request (ServerDiagnosticsTest:setUpClass): 200 GET http://10.180.1.21/identity/v3/roles 0.022s
2024-10-01 03:20:08.060 62240 INFO tempest.lib.common.rest_client [req-48734657-e18b-4351-bb2c-43e48c5ecf98 req-48734657-e18b-4351-bb2c-43e48c5ecf98 ] Request (ServersAdminNegativeTestJSON:setUpClass): 201 POST http://10.180.1.21/identity/v3/auth/tokens 0.091s
2024-10-01 03:20:08.061 62240 INFO tempest.lib.common.fixed_network [-] (ServersAdminNegativeTestJSON:setUpClass) Found network None available for tenant
2024-10-01 03:20:08.080 62216 INFO tempest.lib.common.rest_client [req-e0e28f80-ad10-46b4-9ad1-a8e0295e8718 req-e0e28f80-ad10-46b4-9ad1-a8e0295e8718 ] Request (ServerDiagnosticsTest:setUpClass): 204 PUT http://10.180.1.21/identity/v3/projects/62fb7a8d61484841832540fad816668b/users/7ebd6143a01a4fa4b112b28d5ed1320a/roles/9aa2dae361a14421a636b23411fbe22c 0.036s
2024-10-01 03:20:08.080 62216 INFO tempest.lib.common.dynamic_creds [-] Dynamic test user 7ebd6143a01a4fa4b112b28d5ed1320a is created with scope project and roles: ['member']
2024-10-01 03:20:08.080 62216 INFO tempest.lib.common.dynamic_creds [-] Acquired dynamic creds: credentials: Credentials: {'domain_id': 'default', 'domain_name': 'Default', 'username': 'tempest-ServerDiagnosticsTest-739629402-project-member', 'project_domain_id': 'default', 'project_domain_name': 'Default', 'project_id': '62fb7a8d61484841832540fad816668b', 'project_name': 'tempest-ServerDiagnosticsTest-739629402', 'tenant_id': '62fb7a8d61484841832540fad816668b', 'tenant_name': 'tempest-ServerDiagnosticsTest-739629402', 'user_domain_id': 'default', 'user_domain_name': 'Default', 'user_id': '7ebd6143a01a4fa4b112b28d5ed1320a', 'system': None}, Network: None, Subnet: None, Router: None
2024-10-01 03:20:08.080 62216 INFO tempest.lib.common.dynamic_creds [-] Created isolated network resources for: credentials: Credentials: {'domain_id': 'default', 'domain_name': 'Default', 'username': 'tempest-ServerDiagnosticsTest-739629402-project-member', 'project_domain_id': 'default', 'project_domain_name': 'Default', 'project_id': '62fb7a8d61484841832540fad816668b', 'project_name': 'tempest-ServerDiagnosticsTest-739629402', 'tenant_id': '62fb7a8d61484841832540fad816668b', 'tenant_name': 'tempest-ServerDiagnosticsTest-739629402', 'user_domain_id': 'default', 'user_domain_name': 'Default', 'user_id': '7ebd6143a01a4fa4b112b28d5ed1320a', 'system': None}, Network: None, Subnet: None, Router: None
2024-10-01 03:20:08.174 62216 INFO tempest.lib.common.rest_client [req-13f5f5cb-7515-47eb-9453-6dabcda85f36 req-13f5f5cb-7515-47eb-9453-6dabcda85f36 ] Request (ServerDiagnosticsTest:setUpClass): 201 POST http://10.180.1.21/identity/v3/auth/tokens 0.091s
2024-10-01 03:20:08.232 62216 INFO tempest.lib.common.rest_client [req-40e575fd-201c-446f-890d-30765add9bc7 req-40e575fd-201c-446f-890d-30765add9bc7 ] Request (ServerDiagnosticsTest:setUpClass): 201 POST http://10.180.1.21/identity/v3/projects 0.057s
2024-10-01 03:20:08.264 62230 INFO tempest.lib.common.rest_client [req-3d21eb27-0b4b-48b9-aa36-1042eb4989f7 req-3d21eb27-0b4b-48b9-aa36-1042eb4989f7 ] Request (FlavorsAccessTestJSON:tearDownClass): 204 DELETE http://10.180.1.21:9696/networking/v2.0/security-groups/e1947ca9-c12b-48b0-8a01-2898f429aaa9 0.221s
2024-10-01 03:20:08.294 62216 INFO tempest.lib.common.rest_client [req-22e0796e-52a0-4bdc-b74f-83ffb63a538a req-22e0796e-52a0-4bdc-b74f-83ffb63a538a ] Request (ServerDiagnosticsTest:setUpClass): 201 POST http://10.180.1.21/identity/v3/users 0.062s
2024-10-01 03:20:08.313 62216 INFO tempest.lib.common.rest_client [req-ab9efaf2-7388-4c3d-a7ac-0fd65e1265bf req-ab9efaf2-7388-4c3d-a7ac-0fd65e1265bf ] Request (ServerDiagnosticsTest:setUpClass): 200 GET http://10.180.1.21/identity/v3/roles 0.018s
2024-10-01 03:20:08.340 62216 INFO tempest.lib.common.rest_client [req-d157bf47-37f5-4edc-a4a0-65a74d79b22e req-d157bf47-37f5-4edc-a4a0-65a74d79b22e ] Request (ServerDiagnosticsTest:setUpClass): 204 PUT http://10.180.1.21/identity/v3/projects/a66b5e57e8834174aa5807d1b39bb73f/users/de5c2ca43d434d0a92e2d000b484cf2d/roles/b1114319fd7c440d8e5603d4bc143a5b 0.026s
2024-10-01 03:20:08.383 62230 INFO tempest.lib.common.rest_client [req-6a4c43b1-a8a6-4053-b69c-511ab72d5cbe req-6a4c43b1-a8a6-4053-b69c-511ab72d5cbe ] Request (FlavorsAccessTestJSON:tearDownClass): 204 DELETE http://10.180.1.21/identity/v3/projects/d4e58375c37c4f5c8b4a4e51ffdb9498 0.118s
2024-10-01 03:20:08.383 62230 INFO tempest.lib.common.dynamic_creds [-] Deleting project and security group for project: 693fae1c740140af93be82486d260a4a
2024-10-01 03:20:08.403 62252 INFO tempest.lib.common.rest_client [req-b107ca81-9d20-4eb8-beca-5a743c0b4d11 req-b107ca81-9d20-4eb8-beca-5a743c0b4d11 ] Request (ValidationResourcesFixture:setUp): 201 POST http://10.180.1.21:9696/networking/v2.0/floatingips 0.813s
2024-10-01 03:20:08.425 62216 INFO tempest.lib.common.rest_client [req-8c12b67c-655d-4201-a4ce-5a3764fbd132 req-8c12b67c-655d-4201-a4ce-5a3764fbd132 ] Request (ServerDiagnosticsTest:setUpClass): 200 GET http://10.180.1.21/identity/v3/roles 0.084s
2024-10-01 03:20:08.464 62216 INFO tempest.lib.common.rest_client [req-04dd5af9-9418-49f7-8764-f4c1490e795d req-04dd5af9-9418-49f7-8764-f4c1490e795d ] Request (ServerDiagnosticsTest:setUpClass): 204 PUT http://10.180.1.21/identity/v3/projects/a66b5e57e8834174aa5807d1b39bb73f/users/de5c2ca43d434d0a92e2d000b484cf2d/roles/b1114319fd7c440d8e5603d4bc143a5b 0.038s
2024-10-01 03:20:08.464 62216 INFO tempest.lib.common.dynamic_creds [-] Dynamic test user de5c2ca43d434d0a92e2d000b484cf2d is created with scope project and roles: ['admin']
2024-10-01 03:20:08.464 62216 INFO tempest.lib.common.dynamic_creds [-] Acquired dynamic creds: credentials: Credentials: {'domain_id': 'default', 'domain_name': 'Default', 'username': 'tempest-ServerDiagnosticsTest-639083758-project-admin', 'project_domain_id': 'default', 'project_domain_name': 'Default', 'project_id': 'a66b5e57e8834174aa5807d1b39bb73f', 'project_name': 'tempest-ServerDiagnosticsTest-639083758', 'tenant_id': 'a66b5e57e8834174aa5807d1b39bb73f', 'tenant_name': 'tempest-ServerDiagnosticsTest-639083758', 'user_domain_id': 'default', 'user_domain_name': 'Default', 'user_id': 'de5c2ca43d434d0a92e2d000b484cf2d', 'system': None}, Network: None, Subnet: None, Router: None
2024-10-01 03:20:08.464 62216 INFO tempest.lib.common.dynamic_creds [-] Created isolated network resources for: credentials: Credentials: {'domain_id': 'default', 'domain_name': 'Default', 'username': 'tempest-ServerDiagnosticsTest-639083758-project-admin', 'project_domain_id': 'default', 'project_domain_name': 'Default', 'project_id': 'a66b5e57e8834174aa5807d1b39bb73f', 'project_name': 'tempest-ServerDiagnosticsTest-639083758', 'tenant_id': 'a66b5e57e8834174aa5807d1b39bb73f', 'tenant_name': 'tempest-ServerDiagnosticsTest-639083758', 'user_domain_id': 'default', 'user_domain_name': 'Default', 'user_id': 'de5c2ca43d434d0a92e2d000b484cf2d', 'system': None}, Network: None, Subnet: None, Router: None
2024-10-01 03:20:08.467 62238 INFO tempest.lib.common.rest_client [req-6d784b73-c9e2-4eab-b26a-ab8fda2db4a0 req-6d784b73-c9e2-4eab-b26a-ab8fda2db4a0 ] Request (VolumesAssistedSnapshotsTest:test_volume_assisted_snapshot_create_delete): 202 POST http://10.180.1.21/compute/v2.1/servers 1.716s
2024-10-01 03:20:08.500 62222 INFO tempest.lib.common.rest_client [req-f2d94828-c5e1-4c97-9a3c-1789031e0976 req-f2d94828-c5e1-4c97-9a3c-1789031e0976 ] Request (HypervisorAdminUnderV252Test:test_search_hypervisor): 200 GET http://10.180.1.21/compute/v2.1/os-hypervisors/domain-c8.fc996f14-c53b-4953-92e3-bdfa48f5cc28/search 1.659s
2024-10-01 03:20:08.503 62252 INFO tempest.lib.common.rest_client [req-e14026db-ce3e-44e9-bd49-b41e46e0d4f3 req-e14026db-ce3e-44e9-bd49-b41e46e0d4f3 ] Request (ServersWithSpecificFlavorTestJSON:test_verify_created_server_ephemeral_disk): 201 POST http://10.180.1.21/identity/v3/auth/tokens 0.055s
2024-10-01 03:20:08.504 62252 INFO tempest.lib.common.fixed_network [-] (ServersWithSpecificFlavorTestJSON:test_verify_created_server_ephemeral_disk) Found network {'id': '4ca2e3b3-e2fa-48a5-b95f-015304aeb463', 'name': 'tempest-ServersWithSpecificFlavorTestJSON-1984234544-network', 'tenant_id': '359cad49023e436baff6e8a5c3b01a40', 'admin_state_up': True, 'mtu': 8950, 'status': 'ACTIVE', 'subnets': [], 'shared': False, 'project_id': '359cad49023e436baff6e8a5c3b01a40', 'port_security_enabled': True, 'router:external': False, 'provider:network_type': 'vlan', 'provider:physical_network': 'default', 'provider:segmentation_id': 832, 'is_default': False, 'availability_zone_hints': [], 'availability_zones': [], 'ipv4_address_scope': None, 'ipv6_address_scope': None, 'description': '', 'tags': [], 'created_at': '2024-10-01T03:19:41Z', 'updated_at': '2024-10-01T03:19:41Z', 'revision_number': 1} available for tenant
2024-10-01 03:20:08.562 62230 INFO tempest.lib.common.rest_client [req-b6adcdb7-c1e1-4dca-9f52-9b690a9ffd34 req-b6adcdb7-c1e1-4dca-9f52-9b690a9ffd34 ] Request (FlavorsAccessTestJSON:tearDownClass): 200 GET http://10.180.1.21:9696/networking/v2.0/security-groups?tenant_id=693fae1c740140af93be82486d260a4a&name=default 0.178s
2024-10-01 03:20:08.565 62216 INFO tempest.lib.common.rest_client [req-a0524484-b880-4dd6-a649-5e8a79e4f9d0 req-a0524484-b880-4dd6-a649-5e8a79e4f9d0 ] Request (ServerDiagnosticsTest:setUpClass): 201 POST http://10.180.1.21/identity/v3/auth/tokens 0.097s
2024-10-01 03:20:08.584 62224 INFO tempest.lib.common.rest_client [req-830b4568-03e0-4752-a2b1-fa8eca4780ba req-830b4568-03e0-4752-a2b1-fa8eca4780ba ] Request (FloatingIPsTestJSON:_run_cleanups): 202 DELETE http://10.180.1.21/compute/v2.1/os-floating-ips/5b5fe2c5-6080-4de5-8603-91ec1fa8c1db 1.774s
2024-10-01 03:20:08.636 62246 INFO tempest.lib.common.rest_client [req-d1468c0e-f00e-4641-9087-fe32bfb5d52c req-d1468c0e-f00e-4641-9087-fe32bfb5d52c ] Request (ListImageFiltersTestJSON:setUpClass): 200 GET http://10.180.1.21/compute/v2.1/images/b2665195-c2ec-4c58-8e4c-e702d9ee78a0 1.601s
2024-10-01 03:20:08.660 62266 INFO tempest.lib.common.rest_client [req-8a7a35c4-d98a-48ac-bf26-509e7c96bc1d req-8a7a35c4-d98a-48ac-bf26-509e7c96bc1d ] Request (FloatingIPsNegativeTestJSON:setUpClass): 200 GET http://10.180.1.21/compute/v2.1/os-floating-ips 1.703s
2024-10-01 03:20:08.678 62216 INFO tempest.lib.common.rest_client [req-23e4cbcf-8ead-430d-9099-969b80f6316c req-23e4cbcf-8ead-430d-9099-969b80f6316c ] Request (ServerDiagnosticsTest:test_get_server_diagnostics): 201 POST http://10.180.1.21/identity/v3/auth/tokens 0.108s
2024-10-01 03:20:08.678 62216 INFO tempest.lib.common.fixed_network [-] (ServerDiagnosticsTest:test_get_server_diagnostics) Found network None available for tenant
2024-10-01 03:20:08.695 62230 INFO tempest.lib.common.rest_client [req-83b70f16-8a6f-436b-b964-c0e2999a60e5 req-83b70f16-8a6f-436b-b964-c0e2999a60e5 ] Request (FlavorsAccessTestJSON:tearDownClass): 204 DELETE http://10.180.1.21:9696/networking/v2.0/security-groups/fcd434dd-731e-4545-afb2-793a93145105 0.133s
2024-10-01 03:20:08.700 62222 INFO tempest.lib.common.rest_client [req-20bfb804-68b3-4dc6-80f8-79baec6cd4e3 req-20bfb804-68b3-4dc6-80f8-79baec6cd4e3 ] Request (HypervisorAdminUnderV252Test:tearDownClass): 204 DELETE http://10.180.1.21/identity/v3/users/474c51d2eb9a423fbaf19f62fe26257c 0.195s
2024-10-01 03:20:08.729 62278 INFO tempest.lib.common.rest_client [req-e2a36940-08cf-4661-a7e2-3591882af1d3 req-e2a36940-08cf-4661-a7e2-3591882af1d3 ] Request (ServersAdmin275Test:test_rebuild_update_server_275): 200 GET http://10.180.1.21/compute/v2.1/servers/346b9b8f-ef45-42d5-ac99-e471cd38a380 1.650s
2024-10-01 03:20:08.735 62242 INFO tempest.lib.common.rest_client [req-8a356294-314c-4c5c-a124-998055136340 req-8a356294-314c-4c5c-a124-998055136340 ] Request (HypervisorAdminNegativeTestJSON:test_get_hypervisor_uptime_with_non_admin_user): 403 GET http://10.180.1.21/compute/v2.1/os-hypervisors/1/uptime 1.604s
2024-10-01 03:20:08.737 62278 INFO tempest.common.waiters [-] State transition "BUILD/networking" ==> "BUILD/spawning" after 12 second wait
2024-10-01 03:20:08.735 62246 INFO tempest.lib.common.rest_client [req-ad15cdd1-87f6-47db-8d69-6ac92d1c6935 req-ad15cdd1-87f6-47db-8d69-6ac92d1c6935 ] Request (ListImageFiltersTestJSON:setUpClass): 201 POST http://10.180.1.21/identity/v3/auth/tokens 0.089s
2024-10-01 03:20:08.738 62246 INFO tempest.lib.common.fixed_network [-] (ListImageFiltersTestJSON:setUpClass) Found network None available for tenant
2024-10-01 03:20:08.756 62236 INFO tempest.lib.common.rest_client [req-769498f6-f78a-44a9-95c2-5889e87eda95 req-769498f6-f78a-44a9-95c2-5889e87eda95 ] Request (FlavorsExtraSpecsNegativeTestJSON:tearDownClass): 202 DELETE http://10.180.1.21/compute/v2.1/flavors/1950136655 1.617s
2024-10-01 03:20:08.763 62270 INFO tempest.lib.common.rest_client [req-18c84807-f8e5-4697-966b-79224c237974 req-18c84807-f8e5-4697-966b-79224c237974 ] Request (FlavorsExtraSpecsTestJSON:test_flavor_set_get_update_show_unset_keys): 200 GET http://10.180.1.21/compute/v2.1/flavors/2007829591/os-extra_specs 1.601s
2024-10-01 03:20:08.780 62244 INFO tempest.lib.common.rest_client [req-4bc2ad19-7c3a-4d0a-9308-99b2c5d24e27 req-4bc2ad19-7c3a-4d0a-9308-99b2c5d24e27 ] Request (FlavorsAccessNegativeTestJSON:test_flavor_non_admin_add): 200 POST http://10.180.1.21/compute/v2.1/flavors 1.592s
2024-10-01 03:20:08.791 62222 INFO tempest.lib.common.rest_client [req-7deee0c5-20af-4d1b-a8ae-52f85ccf784a req-7deee0c5-20af-4d1b-a8ae-52f85ccf784a ] Request (HypervisorAdminUnderV252Test:tearDownClass): 204 DELETE http://10.180.1.21/identity/v3/users/e48060bed4484ce49b15bd825924c23e 0.091s
2024-10-01 03:20:08.791 62222 INFO tempest.lib.common.dynamic_creds [-] Deleting project and security group for project: 75fe204d721646b9a36e16faae1efb3a
2024-10-01 03:20:08.803 62230 INFO tempest.lib.common.rest_client [req-3b852640-2f20-4385-8ef5-2c2a45778172 req-3b852640-2f20-4385-8ef5-2c2a45778172 ] Request (FlavorsAccessTestJSON:tearDownClass): 204 DELETE http://10.180.1.21/identity/v3/projects/693fae1c740140af93be82486d260a4a 0.107s
2024-10-01 03:20:08.814 62250 INFO tempest.lib.common.rest_client [req-5c057012-51f1-4000-ab1a-11cf7da84f83 req-5c057012-51f1-4000-ab1a-11cf7da84f83 ] Request (ImagesMetadataTestJSON:test_set_image_metadata): 200 GET http://10.180.1.21/compute/v2.1/images/0706c2e0-0cb4-4d0b-8bfc-62fa28fcf82c/metadata 1.506s
2024-10-01 03:20:08.821 62220 INFO tempest.lib.common.rest_client [req-61ac8cda-106b-44f8-9339-f2a4ef18717f req-61ac8cda-106b-44f8-9339-f2a4ef18717f ] Request (HostsAdminNegativeTestJSON:test_update_host_with_non_admin_user): 403 PUT http://10.180.1.21/compute/v2.1/os-hosts/devstack 1.485s
2024-10-01 03:20:08.844 62226 INFO tempest.lib.common.rest_client [req-286c9093-4d7f-45de-b5da-21e072609e77 req-286c9093-4d7f-45de-b5da-21e072609e77 ] Request (QuotasAdminNegativeTest:test_create_server_when_memory_quota_is_full): 403 POST http://10.180.1.21/compute/v2.1/servers 1.775s
2024-10-01 03:20:08.847 62222 INFO tempest.lib.common.rest_client [req-03842061-09ac-48e2-b1c2-42bf45433d54 req-03842061-09ac-48e2-b1c2-42bf45433d54 ] Request (HypervisorAdminUnderV252Test:tearDownClass): 201 POST http://10.180.1.21/identity/v3/auth/tokens 0.055s
2024-10-01 03:20:08.862 62230 INFO tempest.lib.common.rest_client [req-4248b93d-5e82-4786-bfd4-11a92c0851c5 req-4248b93d-5e82-4786-bfd4-11a92c0851c5 ] Request (NetworksTest:setUpClass): 201 POST http://10.180.1.21/identity/v3/auth/tokens 0.058s
2024-10-01 03:20:08.876 62218 INFO tempest.lib.common.rest_client [req-d73b5c32-1123-4907-9147-459226d7cb6b req-d73b5c32-1123-4907-9147-459226d7cb6b ] Request (ServerDiagnosticsV248Test:test_get_server_diagnostics): 200 GET http://10.180.1.21/compute/v2.1/servers/2d57f40a-f7a2-4039-9c1d-6312f8c59e88 1.489s
2024-10-01 03:20:08.885 62218 INFO tempest.common.waiters [-] State transition "BUILD/spawning" ==> "ACTIVE/None" after 15 second wait
2024-10-01 03:20:08.934 62234 INFO tempest.lib.common.rest_client [req-413bcf5d-3bd6-4fd3-a7d3-5a894480da21 req-413bcf5d-3bd6-4fd3-a7d3-5a894480da21 ] Request (TenantUsagesNegativeTestJSON:test_get_usage_tenant_with_empty_tenant_id): 404 GET http://10.180.1.21/compute/v2.1/os-simple-tenant-usage/?start=2024-09-30T03%3A20%3A07.438621&end=2024-10-02T03%3A20%3A07.438621 1.495s
2024-10-01 03:20:08.939 62234 WARNING tempest.lib.common.rest_client [-] Deprecated: "tenant_id" property is deprecated for removal, use "project_id" instead
2024-10-01 03:20:08.945 62230 INFO tempest.lib.common.rest_client [req-f923c50d-4f52-486f-b24a-706a4816a239 req-f923c50d-4f52-486f-b24a-706a4816a239 ] Request (NetworksTest:setUpClass): 201 POST http://10.180.1.21/identity/v3/auth/tokens 0.080s
2024-10-01 03:20:08.966 62230 INFO tempest.lib.common.rest_client [req-a12ba001-767d-4d04-aa1d-2375451905ac req-a12ba001-767d-4d04-aa1d-2375451905ac ] Request (NetworksTest:setUpClass): 200 GET http://10.180.1.21/identity/v3/domains?name=Default 0.021s
2024-10-01 03:20:08.999 62230 INFO tempest.lib.common.rest_client [req-9c2d4e01-95da-496d-93a1-0ab19f6c90aa req-9c2d4e01-95da-496d-93a1-0ab19f6c90aa ] Request (NetworksTest:setUpClass): 201 POST http://10.180.1.21/identity/v3/projects 0.032s
2024-10-01 03:20:09.107 62222 INFO tempest.lib.common.rest_client [req-ca061f41-9881-47cf-9aa4-855a60424bf2 req-ca061f41-9881-47cf-9aa4-855a60424bf2 ] Request (HypervisorAdminUnderV252Test:tearDownClass): 200 GET http://10.180.1.21:9696/networking/v2.0/security-groups?tenant_id=75fe204d721646b9a36e16faae1efb3a&name=default 0.260s
2024-10-01 03:20:09.122 62230 INFO tempest.lib.common.rest_client [req-b94d34f0-3da0-4615-8703-7ecd1fd78a0c req-b94d34f0-3da0-4615-8703-7ecd1fd78a0c ] Request (NetworksTest:setUpClass): 201 POST http://10.180.1.21/identity/v3/users 0.122s
2024-10-01 03:20:09.140 62230 INFO tempest.lib.common.rest_client [req-b8652f63-9435-4d21-bf57-c673070e8503 req-b8652f63-9435-4d21-bf57-c673070e8503 ] Request (NetworksTest:setUpClass): 200 GET http://10.180.1.21/identity/v3/roles 0.018s
2024-10-01 03:20:09.151 62254 INFO tempest.lib.common.rest_client [req-a0fef831-f437-4e2f-96cb-6dcef0cd89ec req-a0fef831-f437-4e2f-96cb-6dcef0cd89ec ] Request (SecurityGroupsTestAdminJSON:_run_cleanups): 202 DELETE http://10.180.1.21/compute/v2.1/os-security-groups/b64dd31b-d729-4acf-93e8-f1beb429d7a9 1.664s
2024-10-01 03:20:09.176 62232 INFO tempest.lib.common.rest_client [req-1880b29a-f5e7-4d2d-a348-fe49b5892d79 req-1880b29a-f5e7-4d2d-a348-fe49b5892d79 ] Request (AggregatesAdminNegativeTestJSON:_run_cleanups): 200 DELETE http://10.180.1.21/compute/v2.1/os-aggregates/3 1.644s
