2024-10-01 03:21:26.443 62250 INFO tempest.lib.common.rest_client [req-126efefb-a7a7-44ca-a89f-50f2b8361838 req-126efefb-a7a7-44ca-a89f-50f2b8361838 ] Request (ServerActionsTestOtherA:setUpClass): 200 GET http://10.180.1.21/compute/v2.1/servers/db0e0443-7630-48de-922d-0485631307f0 0.046s
2024-10-01 03:21:26.447 62252 INFO tempest.lib.common.rest_client [req-1ba3fe6c-1946-4250-b8c9-f87db6e1dadd req-1ba3fe6c-1946-4250-b8c9-f87db6e1dadd ] Request (MigrationsAdminTest:test_list_migrations_in_flavor_resize_situation): 201 POST http://10.180.1.21/identity/v3/auth/tokens 0.057s
2024-10-01 03:21:26.447 62252 INFO tempest.lib.common.fixed_network [-] (MigrationsAdminTest:test_list_migrations_in_flavor_resize_situation) Found network None available for tenant
2024-10-01 03:21:26.507 62278 INFO tempest.lib.common.rest_client [req-d573e2fe-cac9-401a-b61e-94c1faa30d22 req-d573e2fe-cac9-401a-b61e-94c1faa30d22 ] Request (ServersAdminTestJSON:setUpClass): 200 GET http://10.180.1.21/compute/v2.1/servers/5c3e1fd2-51c0-482f-a5ba-a8793cc4163b 0.062s
2024-10-01 03:21:26.577 62218 INFO tempest.lib.common.rest_client [req-771c67fd-ae26-44a8-8a3b-c2c3881f5f2e req-771c67fd-ae26-44a8-8a3b-c2c3881f5f2e ] Request (AttachInterfacesTestJSON:test_create_list_show_delete_interfaces_by_fixed_ip): 200 GET http://10.180.1.21/compute/v2.1/servers/34b8c19f-6bfa-4aff-a0c9-76a4ab495fca 0.079s
2024-10-01 03:21:26.642 62266 INFO tempest.lib.common.rest_client [req-830811ce-432b-4f67-bce1-5e7e4a819c8b req-830811ce-432b-4f67-bce1-5e7e4a819c8b ] Request (ListServersNegativeTestJSON:setUpClass): 200 GET http://10.180.1.21/compute/v2.1/servers/559b2089-8d15-4088-a0cb-6ab79a771dc5 0.093s
2024-10-01 03:21:26.666 62252 INFO tempest.lib.common.rest_client [req-37528b74-39aa-49f3-a5c6-78c17ed0d9cb req-37528b74-39aa-49f3-a5c6-78c17ed0d9cb ] Request (MigrationsAdminTest:test_list_migrations_in_flavor_resize_situation): 202 POST http://10.180.1.21/compute/v2.1/servers 0.218s
2024-10-01 03:21:26.690 62246 INFO tempest.lib.common.rest_client [req-08b58811-eea6-441e-8f0d-d35fc93a071f req-08b58811-eea6-441e-8f0d-d35fc93a071f ] Request (ServerRescueTestJSON:setUpClass): 201 POST http://10.180.1.21:9696/networking/v2.0/routers 1.551s
2024-10-01 03:21:26.690 62216 INFO tempest.lib.common.rest_client [req-a91fd350-af77-4975-aed6-e3cc5ea3a7e1 req-a91fd350-af77-4975-aed6-e3cc5ea3a7e1 ] Request (InstanceActionsNegativeTestJSON:setUpClass): 201 POST http://10.180.1.21:9696/networking/v2.0/routers 1.505s
2024-10-01 03:21:26.700 62270 INFO tempest.lib.common.rest_client [req-2c4132b0-a846-4e3a-b8bf-a5ff1a1c8649 req-2c4132b0-a846-4e3a-b8bf-a5ff1a1c8649 ] Request (ServerAddressesNegativeTestJSON:setUpClass): 200 GET http://10.180.1.21/compute/v2.1/servers/89a07c15-909a-4f8d-ab58-80bd49b3cb74 0.107s
2024-10-01 03:21:26.726 62254 INFO tempest.lib.common.rest_client [req-47ce3750-2d7d-4245-9fe9-2ae133fe8ec2 req-47ce3750-2d7d-4245-9fe9-2ae133fe8ec2 ] Request (ImagesNegativeTestJSON:test_create_image_from_deleted_server): 200 GET http://10.180.1.21/compute/v2.1/servers/501d16a6-d8f8-4a6e-af57-cdb000355895 0.075s
2024-10-01 03:21:26.745 62252 INFO tempest.lib.common.rest_client [req-d566cc8f-dfc8-4284-8586-45135dad1a2c req-d566cc8f-dfc8-4284-8586-45135dad1a2c ] Request (MigrationsAdminTest:test_list_migrations_in_flavor_resize_situation): 200 GET http://10.180.1.21/compute/v2.1/servers/9c2ad5d9-2d4d-4e9e-b905-436cddd37714 0.077s
2024-10-01 03:21:26.796 62234 INFO tempest.lib.common.rest_client [req-e57ecb53-9d25-4d4a-8636-f14201e75cb6 req-e57ecb53-9d25-4d4a-8636-f14201e75cb6 ] Request (SecurityGroupsTestJSON:test_list_security_groups_by_server): 200 GET http://10.180.1.21/compute/v2.1/servers/faf0ac72-8b22-4025-9420-c719558ba264 0.103s
2024-10-01 03:21:26.824 62260 INFO tempest.lib.common.rest_client [req-2cf94cd4-a6c4-44bf-b80b-97e974664f2d req-2cf94cd4-a6c4-44bf-b80b-97e974664f2d ] Request (ServersTestJSON:setUpClass): 200 GET http://10.180.1.21/compute/v2.1/servers/394adc4e-7167-4eab-a81c-6de567aaa0de 0.123s
2024-10-01 03:21:26.879 62262 INFO tempest.lib.common.rest_client [req-cbf6e20f-d7df-42c1-a135-d0f4f56dca15 req-cbf6e20f-d7df-42c1-a135-d0f4f56dca15 ] Request (ServerMetadataTestJSON:setUpClass): 200 GET http://10.180.1.21/compute/v2.1/servers/dae127b7-bef7-40d5-9bf5-ff2f6957f3e0 0.124s
2024-10-01 03:21:26.885 62236 INFO tempest.lib.common.rest_client [req-72fb1cdd-416b-4ebf-9eb3-de7ae223b269 req-72fb1cdd-416b-4ebf-9eb3-de7ae223b269 ] Request (ServerDiagnosticsNegativeTest:test_get_server_diagnostics_by_non_admin): 200 GET http://10.180.1.21/compute/v2.1/servers/7eaa67ce-2591-4532-a6ce-23c9c18b7abf 0.118s
2024-10-01 03:21:26.937 62232 INFO tempest.lib.common.rest_client [req-8859c967-8e1b-480e-8462-a6ed062aa043 req-8859c967-8e1b-480e-8462-a6ed062aa043 ] Request (FloatingIPsAssociationNegativeTestJSON:setUpClass): 200 GET http://10.180.1.21/compute/v2.1/servers/e38f00fb-d83a-41c2-843e-1172d7dce4b9 0.105s
2024-10-01 03:21:26.944 62238 INFO tempest.lib.common.rest_client [req-8ec9d784-aea3-4107-9701-d7af23634e35 req-8ec9d784-aea3-4107-9701-d7af23634e35 ] Request (ListServerFiltersTestJSON:setUpClass): 200 GET http://10.180.1.21/compute/v2.1/servers/344cb239-6785-441d-bc5d-047431cbbf17 0.111s
2024-10-01 03:21:26.998 62274 INFO tempest.lib.common.rest_client [req-d8683b37-123b-4efc-9878-2c4e7db7582f req-d8683b37-123b-4efc-9878-2c4e7db7582f ] Request (DeleteServersAdminTestJSON:test_delete_server_while_in_error_state): 200 GET http://10.180.1.21/compute/v2.1/servers/96ee55a5-1957-47d7-8f58-a626d870446e 0.101s
2024-10-01 03:21:27.000 62228 INFO tempest.lib.common.rest_client [req-23b1da95-2968-439c-8f6a-ed2f8be06691 req-23b1da95-2968-439c-8f6a-ed2f8be06691 ] Request (DeleteServersTestJSON:test_delete_active_server): 200 GET http://10.180.1.21/compute/v2.1/servers/56e1c963-61b5-41c3-9aee-c091dd8322ad 0.122s
2024-10-01 03:21:27.052 62224 INFO tempest.lib.common.rest_client [req-e31919c3-0e0b-4a59-bb81-c803a6941c43 req-e31919c3-0e0b-4a59-bb81-c803a6941c43 ] Request (AttachInterfacesV270Test:test_create_get_list_interfaces): 200 GET http://10.180.1.21/compute/v2.1/servers/84261044-0bfa-4b12-89cb-e03035e78165 0.126s
2024-10-01 03:21:27.053 62258 INFO tempest.lib.common.rest_client [req-845531e7-03c4-43cd-9921-a9a0b32d9c2b req-845531e7-03c4-43cd-9921-a9a0b32d9c2b ] Request (AttachVolumeTestJSON:test_attach_detach_volume): 200 GET http://10.180.1.21/compute/v2.1/servers/16b161f5-3c90-4312-9830-3ac4a4ac7988 0.067s
2024-10-01 03:21:27.101 62220 INFO tempest.lib.common.rest_client [req-d46c9dfb-aee8-4210-b9b1-b54e7313be67 req-d46c9dfb-aee8-4210-b9b1-b54e7313be67 ] Request (ImagesTestJSON:test_create_image_from_stopped_server): 200 GET http://10.180.1.21/compute/v2.1/servers/d673cb36-d9c2-4994-a374-c4aa10497312 0.096s
2024-10-01 03:21:27.126 62242 INFO tempest.lib.common.rest_client [req-12e54e23-d1f4-4d16-91d9-ee1226df90db req-12e54e23-d1f4-4d16-91d9-ee1226df90db ] Request (ServersTestMultiNic:test_verify_duplicate_network_nics): 200 GET http://10.180.1.21/compute/v2.1/servers/648a2f65-67a6-4029-a971-721fcb646091 0.057s
2024-10-01 03:21:27.157 62264 INFO tempest.lib.common.rest_client [req-86c108a9-5bd8-43bf-bb59-e87649f9d6f1 req-86c108a9-5bd8-43bf-bb59-e87649f9d6f1 ] Request (ServerPasswordTestJSON:setUpClass): 200 GET http://10.180.1.21/compute/v2.1/servers/2d626ba2-61e5-4a66-bbb9-9c3f534fb2ed 0.084s
2024-10-01 03:21:27.207 62268 INFO tempest.lib.common.rest_client [req-25cc44cc-1c81-4025-8fb5-d246e7d44dce req-25cc44cc-1c81-4025-8fb5-d246e7d44dce ] Request (InstanceActionsV221TestJSON:test_get_list_deleted_instance_actions): 200 GET http://10.180.1.21/compute/v2.1/servers/4e1acfa0-1a47-4692-a354-94bea867cea3 0.077s
2024-10-01 03:21:27.256 62222 INFO tempest.lib.common.rest_client [req-7a6c322a-838f-41cd-908f-3804882cca7d req-7a6c322a-838f-41cd-908f-3804882cca7d ] Request (AttachInterfacesUnderV243Test:test_add_remove_fixed_ip): 200 GET http://10.180.1.21/compute/v2.1/servers/0aae803d-c785-46ab-b28b-e4563e726e2e 0.067s
2024-10-01 03:21:27.310 62256 INFO tempest.lib.common.rest_client [req-cea3b7f2-54d1-490e-acfd-9d8d5c6b78d8 req-cea3b7f2-54d1-490e-acfd-9d8d5c6b78d8 ] Request (ServerActionsTestOtherB:setUpClass): 200 GET http://10.180.1.21/compute/v2.1/servers/6177a0e7-1b3e-4991-9293-0f82c1a28075 0.069s
2024-10-01 03:21:27.320 62230 INFO tempest.lib.common.rest_client [req-1addcb34-7d85-4068-b3e0-eb42c046f25f req-1addcb34-7d85-4068-b3e0-eb42c046f25f ] Request (VolumesAdminNegativeTest:test_update_attached_volume_with_nonexistent_volume_in_body): 200 GET http://10.180.1.21/compute/v2.1/servers/47e8bb2c-8b79-431a-901f-4eeb479b83fa 0.066s
2024-10-01 03:21:27.391 62277 INFO tempest.lib.common.rest_client [req-5a6f82ed-1dde-46aa-8206-59a07cfc4067 req-5a6f82ed-1dde-46aa-8206-59a07cfc4067 ] Request (ImagesOneServerNegativeTestJSON:setUpClass): 200 GET http://10.180.1.21/compute/v2.1/servers/6f379583-ff30-4cce-a64f-eb0b8b3ca002 0.073s
2024-10-01 03:21:27.432 62240 INFO tempest.lib.common.rest_client [req-08c62204-3ab3-4dbf-8e0e-0ec1fbc32882 req-08c62204-3ab3-4dbf-8e0e-0ec1fbc32882 ] Request (ServersTestFqdnHostnames:test_create_server_with_fqdn_name): 200 GET http://10.180.1.21/compute/v2.1/servers/a8ec425d-4dd0-476e-943c-eb3a16f7c581 0.060s
2024-10-01 03:21:27.513 62250 INFO tempest.lib.common.rest_client [req-9a22b50d-2da0-4433-ae54-bcf7ea033bd7 req-9a22b50d-2da0-4433-ae54-bcf7ea033bd7 ] Request (ServerActionsTestOtherA:setUpClass): 200 GET http://10.180.1.21/compute/v2.1/servers/db0e0443-7630-48de-922d-0485631307f0 0.059s
2024-10-01 03:21:27.570 62278 INFO tempest.lib.common.rest_client [req-c6f50f09-c428-4377-b936-b10847cbb43b req-c6f50f09-c428-4377-b936-b10847cbb43b ] Request (ServersAdminTestJSON:setUpClass): 200 GET http://10.180.1.21/compute/v2.1/servers/5c3e1fd2-51c0-482f-a5ba-a8793cc4163b 0.054s
2024-10-01 03:21:27.643 62218 INFO tempest.lib.common.rest_client [req-11e79fb8-be13-4a16-a9db-78a5bc3afda0 req-11e79fb8-be13-4a16-a9db-78a5bc3afda0 ] Request (AttachInterfacesTestJSON:test_create_list_show_delete_interfaces_by_fixed_ip): 200 GET http://10.180.1.21/compute/v2.1/servers/34b8c19f-6bfa-4aff-a0c9-76a4ab495fca 0.060s
2024-10-01 03:21:27.695 62216 INFO tempest.lib.common.rest_client [req-22f11743-9ee7-4b17-a900-b4333b328c41 req-22f11743-9ee7-4b17-a900-b4333b328c41 ] Request (InstanceActionsNegativeTestJSON:setUpClass): 200 PUT http://10.180.1.21:9696/networking/v2.0/routers/9646034c-6a06-4678-81d5-50513939bb93/add_router_interface 1.004s
2024-10-01 03:21:27.695 62216 INFO tempest.lib.common.dynamic_creds [-] Created isolated network resources for: credentials: Credentials: {'domain_id': 'default', 'domain_name': 'Default', 'username': 'tempest-InstanceActionsNegativeTestJSON-1861900949-project-member', 'project_domain_id': 'default', 'project_domain_name': 'Default', 'project_id': '02af409c73a24d65a614dd27ae4c55fa', 'project_name': 'tempest-InstanceActionsNegativeTestJSON-1861900949', 'tenant_id': '02af409c73a24d65a614dd27ae4c55fa', 'tenant_name': 'tempest-InstanceActionsNegativeTestJSON-1861900949', 'user_domain_id': 'default', 'user_domain_name': 'Default', 'user_id': '18897ff7f87347dba3791b5f4ce60158', 'system': None}, Network: {'id': 'ec0b898f-081a-47b9-afa8-173a62ee3862', 'name': 'tempest-InstanceActionsNegativeTestJSON-1334329615-network', 'tenant_id': '02af409c73a24d65a614dd27ae4c55fa', 'admin_state_up': True, 'mtu': 8950, 'status': 'ACTIVE', 'subnets': [], 'shared': False, 'project_id': '02af409c73a24d65a614dd27ae4c55fa', 'port_security_enabled': True, 'router:external': False, 'provider:network_type': 'vlan', 'provider:physical_network': 'default', 'provider:segmentation_id': 625, 'is_default': False, 'availability_zone_hints': [], 'availability_zones': [], 'ipv4_address_scope': None, 'ipv6_address_scope': None, 'description': '', 'tags': [], 'created_at': '2024-10-01T03:21:24Z', 'updated_at': '2024-10-01T03:21:24Z', 'revision_number': 1}, Subnet: {'id': '94703623-6406-413b-b04c-a91f4c92ff0c', 'name': 'tempest-InstanceActionsNegativeTestJSON-1334329615-subnet', 'tenant_id': '02af409c73a24d65a614dd27ae4c55fa', 'network_id': 'ec0b898f-081a-47b9-afa8-173a62ee3862', 'ip_version': 4, 'subnetpool_id': None, 'enable_dhcp': True, 'ipv6_ra_mode': None, 'ipv6_address_mode': None, 'gateway_ip': '192.168.128.1', 'cidr': '192.168.128.0/28', 'allocation_pools': [{'start': '192.168.128.2', 'end': '192.168.128.14'}], 'host_routes': [], 'dns_nameservers': [], 'description': '', 'router:external': False, 'service_types': [], 'tags': [], 'created_at': '2024-10-01T03:21:25Z', 'updated_at': '2024-10-01T03:21:25Z', 'revision_number': 0, 'project_id': '02af409c73a24d65a614dd27ae4c55fa'}, Router: {'id': '9646034c-6a06-4678-81d5-50513939bb93', 'name': 'tempest-InstanceActionsNegativeTestJSON-1334329615-router', 'tenant_id': '02af409c73a24d65a614dd27ae4c55fa', 'admin_state_up': True, 'status': 'ACTIVE', 'external_gateway_info': {'network_id': '166d55e5-a79c-438e-99bf-dec6289e9947', 'external_fixed_ips': [{'subnet_id': 'c2ce84d2-72ac-4f5a-96b3-4a1c18e6a98f', 'ip_address': '10.180.180.163'}], 'enable_snat': True}, 'description': '', 'availability_zones': [], 'distributed': False, 'ha': False, 'availability_zone_hints': [], 'routes': [], 'flavor_id': None, 'tags': [], 'created_at': '2024-10-01T03:21:25Z', 'updated_at': '2024-10-01T03:21:25Z', 'revision_number': 2, 'project_id': '02af409c73a24d65a614dd27ae4c55fa'}
2024-10-01 03:21:27.713 62246 INFO tempest.lib.common.rest_client [req-e82dfaee-59df-459a-86e4-c9cab08ba910 req-e82dfaee-59df-459a-86e4-c9cab08ba910 ] Request (ServerRescueTestJSON:setUpClass): 200 PUT http://10.180.1.21:9696/networking/v2.0/routers/19a32c1a-b155-4448-9ec1-732774af2c3b/add_router_interface 1.022s
2024-10-01 03:21:27.713 62246 INFO tempest.lib.common.dynamic_creds [-] Created isolated network resources for: credentials: Credentials: {'domain_id': 'default', 'domain_name': 'Default', 'username': 'tempest-ServerRescueTestJSON-1012493136-project-member', 'project_domain_id': 'default', 'project_domain_name': 'Default', 'project_id': '3a946ecf7ede49e89adf74084c862be9', 'project_name': 'tempest-ServerRescueTestJSON-1012493136', 'tenant_id': '3a946ecf7ede49e89adf74084c862be9', 'tenant_name': 'tempest-ServerRescueTestJSON-1012493136', 'user_domain_id': 'default', 'user_domain_name': 'Default', 'user_id': '097f8982280d4a468f2e70393608337a', 'system': None}, Network: {'id': 'c770aa3e-52ae-4b74-98ed-e1f4b8d0865f', 'name': 'tempest-ServerRescueTestJSON-1908821422-network', 'tenant_id': '3a946ecf7ede49e89adf74084c862be9', 'admin_state_up': True, 'mtu': 8950, 'status': 'ACTIVE', 'subnets': [], 'shared': False, 'project_id': '3a946ecf7ede49e89adf74084c862be9', 'port_security_enabled': True, 'router:external': False, 'provider:network_type': 'vlan', 'provider:physical_network': 'default', 'provider:segmentation_id': 272, 'is_default': False, 'availability_zone_hints': [], 'availability_zones': [], 'ipv4_address_scope': None, 'ipv6_address_scope': None, 'description': '', 'tags': [], 'created_at': '2024-10-01T03:21:24Z', 'updated_at': '2024-10-01T03:21:24Z', 'revision_number': 1}, Subnet: {'id': '8f58cd68-5059-4f35-88b4-d425a28f35c5', 'name': 'tempest-ServerRescueTestJSON-1908821422-subnet', 'tenant_id': '3a946ecf7ede49e89adf74084c862be9', 'network_id': 'c770aa3e-52ae-4b74-98ed-e1f4b8d0865f', 'ip_version': 4, 'subnetpool_id': None, 'enable_dhcp': False, 'ipv6_ra_mode': None, 'ipv6_address_mode': None, 'gateway_ip': '192.168.128.1', 'cidr': '192.168.128.0/28', 'allocation_pools': [{'start': '192.168.128.2', 'end': '192.168.128.14'}], 'host_routes': [], 'dns_nameservers': [], 'description': '', 'router:external': False, 'service_types': [], 'tags': [], 'created_at': '2024-10-01T03:21:24Z', 'updated_at': '2024-10-01T03:21:24Z', 'revision_number': 0, 'project_id': '3a946ecf7ede49e89adf74084c862be9'}, Router: {'id': '19a32c1a-b155-4448-9ec1-732774af2c3b', 'name': 'tempest-ServerRescueTestJSON-1908821422-router', 'tenant_id': '3a946ecf7ede49e89adf74084c862be9', 'admin_state_up': True, 'status': 'ACTIVE', 'external_gateway_info': {'network_id': '166d55e5-a79c-438e-99bf-dec6289e9947', 'external_fixed_ips': [{'subnet_id': 'c2ce84d2-72ac-4f5a-96b3-4a1c18e6a98f', 'ip_address': '10.180.180.192'}], 'enable_snat': True}, 'description': '', 'availability_zones': [], 'distributed': False, 'ha': False, 'availability_zone_hints': [], 'routes': [], 'flavor_id': None, 'tags': [], 'created_at': '2024-10-01T03:21:25Z', 'updated_at': '2024-10-01T03:21:26Z', 'revision_number': 2, 'project_id': '3a946ecf7ede49e89adf74084c862be9'}
2024-10-01 03:21:27.716 62266 INFO tempest.lib.common.rest_client [req-3376a8bd-f056-499e-b3df-f023801f7be7 req-3376a8bd-f056-499e-b3df-f023801f7be7 ] Request (ListServersNegativeTestJSON:setUpClass): 200 GET http://10.180.1.21/compute/v2.1/servers/559b2089-8d15-4088-a0cb-6ab79a771dc5 0.065s
2024-10-01 03:21:27.767 62270 INFO tempest.lib.common.rest_client [req-f1d542d8-0c3a-46bc-ba82-9eeac10eb068 req-f1d542d8-0c3a-46bc-ba82-9eeac10eb068 ] Request (ServerAddressesNegativeTestJSON:setUpClass): 200 GET http://10.180.1.21/compute/v2.1/servers/89a07c15-909a-4f8d-ab58-80bd49b3cb74 0.057s
2024-10-01 03:21:27.800 62254 INFO tempest.lib.common.rest_client [req-bb0e4b82-6ac3-43b9-a0e6-9bf4849ade02 req-bb0e4b82-6ac3-43b9-a0e6-9bf4849ade02 ] Request (ImagesNegativeTestJSON:test_create_image_from_deleted_server): 200 GET http://10.180.1.21/compute/v2.1/servers/501d16a6-d8f8-4a6e-af57-cdb000355895 0.064s
2024-10-01 03:21:27.806 62254 INFO tempest.common.waiters [-] State transition "BUILD/spawning" ==> "ERROR/None" after 63 second wait
2024-10-01 03:21:27.808 62246 INFO tempest.lib.common.rest_client [req-08ffcbe6-f38e-4047-9052-d7dce6141261 req-08ffcbe6-f38e-4047-9052-d7dce6141261 ] Request (ServerRescueTestJSON:setUpClass): 201 POST http://10.180.1.21/identity/v3/auth/tokens 0.090s
2024-10-01 03:21:27.810 62216 INFO tempest.lib.common.rest_client [req-5c585676-c6ee-426b-bc94-e3b69c968a90 req-5c585676-c6ee-426b-bc94-e3b69c968a90 ] Request (InstanceActionsNegativeTestJSON:setUpClass): 201 POST http://10.180.1.21/identity/v3/auth/tokens 0.111s
2024-10-01 03:21:27.821 62252 INFO tempest.lib.common.rest_client [req-32c8168b-0214-41d7-9414-ac55b5618595 req-32c8168b-0214-41d7-9414-ac55b5618595 ] Request (MigrationsAdminTest:test_list_migrations_in_flavor_resize_situation): 200 GET http://10.180.1.21/compute/v2.1/servers/9c2ad5d9-2d4d-4e9e-b905-436cddd37714 0.068s
2024-10-01 03:21:27.844 62216 INFO tempest.lib.common.rest_client [req-3948d3fd-9405-43de-a9af-79d16ad967f7 req-3948d3fd-9405-43de-a9af-79d16ad967f7 ] Request (InstanceActionsNegativeTestJSON:setUpClass): 201 POST http://10.180.1.21/identity/v3/auth/tokens 0.028s
2024-10-01 03:21:27.845 62216 INFO tempest.lib.common.fixed_network [-] (InstanceActionsNegativeTestJSON:setUpClass) Found network {'id': 'ec0b898f-081a-47b9-afa8-173a62ee3862', 'name': 'tempest-InstanceActionsNegativeTestJSON-1334329615-network', 'tenant_id': '02af409c73a24d65a614dd27ae4c55fa', 'admin_state_up': True, 'mtu': 8950, 'status': 'ACTIVE', 'subnets': [], 'shared': False, 'project_id': '02af409c73a24d65a614dd27ae4c55fa', 'port_security_enabled': True, 'router:external': False, 'provider:network_type': 'vlan', 'provider:physical_network': 'default', 'provider:segmentation_id': 625, 'is_default': False, 'availability_zone_hints': [], 'availability_zones': [], 'ipv4_address_scope': None, 'ipv6_address_scope': None, 'description': '', 'tags': [], 'created_at': '2024-10-01T03:21:24Z', 'updated_at': '2024-10-01T03:21:24Z', 'revision_number': 1} available for tenant
2024-10-01 03:21:27.860 62246 INFO tempest.lib.common.rest_client [req-f12134e7-21ff-45ef-8096-dc26a6e53711 req-f12134e7-21ff-45ef-8096-dc26a6e53711 ] Request (ServerRescueTestJSON:setUpClass): 201 POST http://10.180.1.21/identity/v3/auth/tokens 0.043s
2024-10-01 03:21:27.860 62246 INFO tempest.lib.common.fixed_network [-] (ServerRescueTestJSON:setUpClass) Found network {'id': 'c770aa3e-52ae-4b74-98ed-e1f4b8d0865f', 'name': 'tempest-ServerRescueTestJSON-1908821422-network', 'tenant_id': '3a946ecf7ede49e89adf74084c862be9', 'admin_state_up': True, 'mtu': 8950, 'status': 'ACTIVE', 'subnets': [], 'shared': False, 'project_id': '3a946ecf7ede49e89adf74084c862be9', 'port_security_enabled': True, 'router:external': False, 'provider:network_type': 'vlan', 'provider:physical_network': 'default', 'provider:segmentation_id': 272, 'is_default': False, 'availability_zone_hints': [], 'availability_zones': [], 'ipv4_address_scope': None, 'ipv6_address_scope': None, 'description': '', 'tags': [], 'created_at': '2024-10-01T03:21:24Z', 'updated_at': '2024-10-01T03:21:24Z', 'revision_number': 1} available for tenant
2024-10-01 03:21:27.875 62234 INFO tempest.lib.common.rest_client [req-0a25197c-dcd9-460b-889e-ea57caa90ad3 req-0a25197c-dcd9-460b-889e-ea57caa90ad3 ] Request (SecurityGroupsTestJSON:test_list_security_groups_by_server): 200 GET http://10.180.1.21/compute/v2.1/servers/faf0ac72-8b22-4025-9420-c719558ba264 0.066s
2024-10-01 03:21:27.923 62260 INFO tempest.lib.common.rest_client [req-29efbcdd-a815-479b-b269-f6f4a3bdf95a req-29efbcdd-a815-479b-b269-f6f4a3bdf95a ] Request (ServersTestJSON:setUpClass): 200 GET http://10.180.1.21/compute/v2.1/servers/394adc4e-7167-4eab-a81c-6de567aaa0de 0.089s
2024-10-01 03:21:28.009 62254 INFO tempest.lib.common.rest_client [req-a2dd5c00-ef0e-4730-9b49-d0618deac4f9 req-a2dd5c00-ef0e-4730-9b49-d0618deac4f9 ] Request (ImagesNegativeTestJSON:test_create_image_from_deleted_server): 204 DELETE http://10.180.1.21/compute/v2.1/servers/501d16a6-d8f8-4a6e-af57-cdb000355895 0.202s
2024-10-01 03:21:28.250 62216 INFO tempest.lib.common.rest_client [req-02ac8fce-8588-4d07-8fc3-7ca914e3f52f req-02ac8fce-8588-4d07-8fc3-7ca914e3f52f ] Request (InstanceActionsNegativeTestJSON:setUpClass): 202 POST http://10.180.1.21/compute/v2.1/servers 0.404s
2024-10-01 03:21:28.314 62246 INFO tempest.lib.common.rest_client [req-d3b73ad0-9b7b-45b2-a1a5-be560de58bcf req-d3b73ad0-9b7b-45b2-a1a5-be560de58bcf ] Request (ServerRescueTestJSON:setUpClass): 202 POST http://10.180.1.21/compute/v2.1/servers 0.453s
2024-10-01 03:21:28.321 62262 INFO tempest.lib.common.rest_client [req-bf2dcbdd-edda-4041-8156-1b4b4907ac6c req-bf2dcbdd-edda-4041-8156-1b4b4907ac6c ] Request (ServerMetadataTestJSON:setUpClass): 200 GET http://10.180.1.21/compute/v2.1/servers/dae127b7-bef7-40d5-9bf5-ff2f6957f3e0 0.430s
2024-10-01 03:21:28.384 62236 INFO tempest.lib.common.rest_client [req-dad2cb8e-f28b-4f49-a989-eb8e343b0daf req-dad2cb8e-f28b-4f49-a989-eb8e343b0daf ] Request (ServerDiagnosticsNegativeTest:test_get_server_diagnostics_by_non_admin): 200 GET http://10.180.1.21/compute/v2.1/servers/7eaa67ce-2591-4532-a6ce-23c9c18b7abf 0.489s
2024-10-01 03:21:28.405 62232 INFO tempest.lib.common.rest_client [req-b1fc74b4-f38b-4dff-9b2f-42b487ff9b16 req-b1fc74b4-f38b-4dff-9b2f-42b487ff9b16 ] Request (FloatingIPsAssociationNegativeTestJSON:setUpClass): 200 GET http://10.180.1.21/compute/v2.1/servers/e38f00fb-d83a-41c2-843e-1172d7dce4b9 0.457s
2024-10-01 03:21:28.450 62238 INFO tempest.lib.common.rest_client [req-dca75441-7144-4dc7-8dce-c237cc365053 req-dca75441-7144-4dc7-8dce-c237cc365053 ] Request (ListServerFiltersTestJSON:setUpClass): 200 GET http://10.180.1.21/compute/v2.1/servers/344cb239-6785-441d-bc5d-047431cbbf17 0.498s
2024-10-01 03:21:28.465 62274 INFO tempest.lib.common.rest_client [req-0f012181-2447-4bc9-8f10-7fd5b60e44b5 req-0f012181-2447-4bc9-8f10-7fd5b60e44b5 ] Request (DeleteServersAdminTestJSON:test_delete_server_while_in_error_state): 200 GET http://10.180.1.21/compute/v2.1/servers/96ee55a5-1957-47d7-8f58-a626d870446e 0.458s
2024-10-01 03:21:28.484 62254 INFO tempest.lib.common.rest_client [req-1e2a403f-ff1f-4f9d-9bd9-a47549a65984 req-1e2a403f-ff1f-4f9d-9bd9-a47549a65984 ] Request (ImagesNegativeTestJSON:test_create_image_from_deleted_server): 404 GET http://10.180.1.21/compute/v2.1/servers/501d16a6-d8f8-4a6e-af57-cdb000355895 0.475s
2024-10-01 03:21:28.523 62228 INFO tempest.lib.common.rest_client [req-bb0fecda-f4e7-4e30-ad35-9a19f1c79a6a req-bb0fecda-f4e7-4e30-ad35-9a19f1c79a6a ] Request (DeleteServersTestJSON:test_delete_active_server): 200 GET http://10.180.1.21/compute/v2.1/servers/56e1c963-61b5-41c3-9aee-c091dd8322ad 0.512s
2024-10-01 03:21:28.551 62224 INFO tempest.lib.common.rest_client [req-88f6628f-42d9-42ee-8993-5d3c393db130 req-88f6628f-42d9-42ee-8993-5d3c393db130 ] Request (AttachInterfacesV270Test:test_create_get_list_interfaces): 200 GET http://10.180.1.21/compute/v2.1/servers/84261044-0bfa-4b12-89cb-e03035e78165 0.489s
2024-10-01 03:21:28.583 62258 INFO tempest.lib.common.rest_client [req-c730a568-7d9a-49e6-88e6-cb7f6bfce73a req-c730a568-7d9a-49e6-88e6-cb7f6bfce73a ] Request (AttachVolumeTestJSON:test_attach_detach_volume): 200 GET http://10.180.1.21/compute/v2.1/servers/16b161f5-3c90-4312-9830-3ac4a4ac7988 0.522s
2024-10-01 03:21:28.602 62220 INFO tempest.lib.common.rest_client [req-cb829218-1cdd-4f29-a2f2-b466d26fbd19 req-cb829218-1cdd-4f29-a2f2-b466d26fbd19 ] Request (ImagesTestJSON:test_create_image_from_stopped_server): 200 GET http://10.180.1.21/compute/v2.1/servers/d673cb36-d9c2-4994-a374-c4aa10497312 0.493s
2024-10-01 03:21:28.638 62242 INFO tempest.lib.common.rest_client [req-603a4620-1812-4f4d-a84d-8e61655eb02b req-603a4620-1812-4f4d-a84d-8e61655eb02b ] Request (ServersTestMultiNic:test_verify_duplicate_network_nics): 200 GET http://10.180.1.21/compute/v2.1/servers/648a2f65-67a6-4029-a971-721fcb646091 0.502s
2024-10-01 03:21:28.647 62264 INFO tempest.lib.common.rest_client [req-9fb90019-f4e9-4002-a70e-90c106f69945 req-9fb90019-f4e9-4002-a70e-90c106f69945 ] Request (ServerPasswordTestJSON:setUpClass): 200 GET http://10.180.1.21/compute/v2.1/servers/2d626ba2-61e5-4a66-bbb9-9c3f534fb2ed 0.484s
2024-10-01 03:21:28.681 62216 INFO tempest.lib.common.rest_client [req-1e43e0b6-eae0-422b-aab3-164303c993d0 req-1e43e0b6-eae0-422b-aab3-164303c993d0 ] Request (InstanceActionsNegativeTestJSON:setUpClass): 200 GET http://10.180.1.21/compute/v2.1/servers/f2e426b5-a0ba-45a7-ad6b-555b10503188 0.429s
2024-10-01 03:21:28.686 62268 INFO tempest.lib.common.rest_client [req-a052e30a-2ebd-4530-86ce-7e3ba396544f req-a052e30a-2ebd-4530-86ce-7e3ba396544f ] Request (InstanceActionsV221TestJSON:test_get_list_deleted_instance_actions): 200 GET http://10.180.1.21/compute/v2.1/servers/4e1acfa0-1a47-4692-a354-94bea867cea3 0.467s
2024-10-01 03:21:28.727 62246 INFO tempest.lib.common.rest_client [req-bd7aefa8-1cfa-4831-831c-c6e101afe095 req-bd7aefa8-1cfa-4831-831c-c6e101afe095 ] Request (ServerRescueTestJSON:setUpClass): 200 GET http://10.180.1.21/compute/v2.1/servers/7490268f-0fe8-40f2-89db-d6b2c88eef4c 0.412s
2024-10-01 03:21:28.731 62222 INFO tempest.lib.common.rest_client [req-35ade7f5-c418-4893-8ad9-a9ac05085d8d req-35ade7f5-c418-4893-8ad9-a9ac05085d8d ] Request (AttachInterfacesUnderV243Test:test_add_remove_fixed_ip): 200 GET http://10.180.1.21/compute/v2.1/servers/0aae803d-c785-46ab-b28b-e4563e726e2e 0.466s
2024-10-01 03:21:28.775 62256 INFO tempest.lib.common.rest_client [req-a54412b7-05a5-442d-8cdd-7798b487c480 req-a54412b7-05a5-442d-8cdd-7798b487c480 ] Request (ServerActionsTestOtherB:setUpClass): 200 GET http://10.180.1.21/compute/v2.1/servers/6177a0e7-1b3e-4991-9293-0f82c1a28075 0.453s
2024-10-01 03:21:28.778 62230 INFO tempest.lib.common.rest_client [req-0fef6825-4827-40ed-91f6-9eba1c244843 req-0fef6825-4827-40ed-91f6-9eba1c244843 ] Request (VolumesAdminNegativeTest:test_update_attached_volume_with_nonexistent_volume_in_body): 200 GET http://10.180.1.21/compute/v2.1/servers/47e8bb2c-8b79-431a-901f-4eeb479b83fa 0.448s
2024-10-01 03:21:28.781 62256 INFO tempest.common.waiters [-] State transition "BUILD/scheduling" ==> "BUILD/None" after 43 second wait
2024-10-01 03:21:28.823 62277 INFO tempest.lib.common.rest_client [req-60368e2e-4f4a-4f5d-909f-1e4ba2182df8 req-60368e2e-4f4a-4f5d-909f-1e4ba2182df8 ] Request (ImagesOneServerNegativeTestJSON:setUpClass): 200 GET http://10.180.1.21/compute/v2.1/servers/6f379583-ff30-4cce-a64f-eb0b8b3ca002 0.425s
2024-10-01 03:21:28.832 62254 INFO tempest.lib.common.rest_client [req-35ff7914-a27f-425b-a16b-81d80374f8c2 req-35ff7914-a27f-425b-a16b-81d80374f8c2 ] Request (ImagesNegativeTestJSON:test_create_image_from_invalid_server): 404 POST http://10.180.1.21/compute/v2.1/servers/tempest-invalid-117268568/action 0.345s
2024-10-01 03:21:28.836 62240 INFO tempest.lib.common.rest_client [req-643ed900-5d48-4df7-b382-1d53a56d2f75 req-643ed900-5d48-4df7-b382-1d53a56d2f75 ] Request (ServersTestFqdnHostnames:test_create_server_with_fqdn_name): 200 GET http://10.180.1.21/compute/v2.1/servers/a8ec425d-4dd0-476e-943c-eb3a16f7c581 0.397s
2024-10-01 03:21:28.885 62250 INFO tempest.lib.common.rest_client [req-36af1639-6e2a-4f7b-afce-9a0bc67768fd req-36af1639-6e2a-4f7b-afce-9a0bc67768fd ] Request (ServerActionsTestOtherA:setUpClass): 200 GET http://10.180.1.21/compute/v2.1/servers/db0e0443-7630-48de-922d-0485631307f0 0.360s
2024-10-01 03:21:28.899 62278 INFO tempest.lib.common.rest_client [req-e223bfab-9de0-4edc-acce-14710c3fc664 req-e223bfab-9de0-4edc-acce-14710c3fc664 ] Request (ServersAdminTestJSON:setUpClass): 200 GET http://10.180.1.21/compute/v2.1/servers/5c3e1fd2-51c0-482f-a5ba-a8793cc4163b 0.322s
2024-10-01 03:21:28.940 62218 INFO tempest.lib.common.rest_client [req-37377d7b-d748-4404-aea1-c071ecf2c057 req-37377d7b-d748-4404-aea1-c071ecf2c057 ] Request (AttachInterfacesTestJSON:test_create_list_show_delete_interfaces_by_fixed_ip): 200 GET http://10.180.1.21/compute/v2.1/servers/34b8c19f-6bfa-4aff-a0c9-76a4ab495fca 0.288s
2024-10-01 03:21:28.948 62266 INFO tempest.lib.common.rest_client [req-d7c155a6-481e-4dc5-8953-f2141ae81338 req-d7c155a6-481e-4dc5-8953-f2141ae81338 ] Request (ListServersNegativeTestJSON:setUpClass): 200 GET http://10.180.1.21/compute/v2.1/servers/559b2089-8d15-4088-a0cb-6ab79a771dc5 0.223s
2024-10-01 03:21:28.954 62254 INFO tempest.lib.common.rest_client [req-f1c74a3c-ec59-441b-897f-aadd70f7d156 req-f1c74a3c-ec59-441b-897f-aadd70f7d156 ] Request (ImagesNegativeTestJSON:test_create_image_specify_uuid_35_characters_or_less): 404 POST http://10.180.1.21/compute/v2.1/servers/aaaaaaaaaaaaaaaaaaaaaaaaaaaaaaaaaaa/action 0.120s
2024-10-01 03:21:28.993 62270 INFO tempest.lib.common.rest_client [req-243edb8f-6852-492d-9fda-b7c9265865d5 req-243edb8f-6852-492d-9fda-b7c9265865d5 ] Request (ServerAddressesNegativeTestJSON:setUpClass): 200 GET http://10.180.1.21/compute/v2.1/servers/89a07c15-909a-4f8d-ab58-80bd49b3cb74 0.219s
2024-10-01 03:21:29.006 62252 INFO tempest.lib.common.rest_client [req-c4ded205-9268-4b25-8fd3-aedbcbc28729 req-c4ded205-9268-4b25-8fd3-aedbcbc28729 ] Request (MigrationsAdminTest:test_list_migrations_in_flavor_resize_situation): 200 GET http://10.180.1.21/compute/v2.1/servers/9c2ad5d9-2d4d-4e9e-b905-436cddd37714 0.171s
2024-10-01 03:21:29.046 62234 INFO tempest.lib.common.rest_client [req-b73e2584-f09d-4a8f-9350-cf6d24c00fbe req-b73e2584-f09d-4a8f-9350-cf6d24c00fbe ] Request (SecurityGroupsTestJSON:test_list_security_groups_by_server): 200 GET http://10.180.1.21/compute/v2.1/servers/faf0ac72-8b22-4025-9420-c719558ba264 0.163s
2024-10-01 03:21:29.055 62254 INFO tempest.lib.common.rest_client [req-84364c65-95fb-4b4f-8c76-531651fd4b8c req-84364c65-95fb-4b4f-8c76-531651fd4b8c ] Request (ImagesNegativeTestJSON:test_create_image_specify_uuid_37_characters_or_more): 404 POST http://10.180.1.21/compute/v2.1/servers/aaaaaaaaaaaaaaaaaaaaaaaaaaaaaaaaaaaaa/action 0.100s
2024-10-01 03:21:29.059 62260 INFO tempest.lib.common.rest_client [req-7f05f1fc-8dcd-48b2-900a-8c6e45eb49c3 req-7f05f1fc-8dcd-48b2-900a-8c6e45eb49c3 ] Request (ServersTestJSON:setUpClass): 200 GET http://10.180.1.21/compute/v2.1/servers/394adc4e-7167-4eab-a81c-6de567aaa0de 0.127s
2024-10-01 03:21:29.391 62262 INFO tempest.lib.common.rest_client [req-0bea2c0a-9209-40ac-bb3c-52cd688c97a7 req-0bea2c0a-9209-40ac-bb3c-52cd688c97a7 ] Request (ServerMetadataTestJSON:setUpClass): 200 GET http://10.180.1.21/compute/v2.1/servers/dae127b7-bef7-40d5-9bf5-ff2f6957f3e0 0.062s
2024-10-01 03:21:29.457 62236 INFO tempest.lib.common.rest_client [req-4bba73d3-d9b5-45ab-b63b-26331c1d5ff5 req-4bba73d3-d9b5-45ab-b63b-26331c1d5ff5 ] Request (ServerDiagnosticsNegativeTest:test_get_server_diagnostics_by_non_admin): 200 GET http://10.180.1.21/compute/v2.1/servers/7eaa67ce-2591-4532-a6ce-23c9c18b7abf 0.063s
2024-10-01 03:21:29.468 62232 INFO tempest.lib.common.rest_client [req-1d28b629-4159-4a8e-91d1-93c2e579efee req-1d28b629-4159-4a8e-91d1-93c2e579efee ] Request (FloatingIPsAssociationNegativeTestJSON:setUpClass): 200 GET http://10.180.1.21/compute/v2.1/servers/e38f00fb-d83a-41c2-843e-1172d7dce4b9 0.053s
2024-10-01 03:21:29.530 62238 INFO tempest.lib.common.rest_client [req-2198a4a4-af91-4e55-8d88-ab7ce7f3d19d req-2198a4a4-af91-4e55-8d88-ab7ce7f3d19d ] Request (ListServerFiltersTestJSON:setUpClass): 200 GET http://10.180.1.21/compute/v2.1/servers/344cb239-6785-441d-bc5d-047431cbbf17 0.070s
2024-10-01 03:21:29.537 62274 INFO tempest.lib.common.rest_client [req-be1b7ee4-8688-46d7-9dac-3c6f946e4239 req-be1b7ee4-8688-46d7-9dac-3c6f946e4239 ] Request (DeleteServersAdminTestJSON:test_delete_server_while_in_error_state): 200 GET http://10.180.1.21/compute/v2.1/servers/96ee55a5-1957-47d7-8f58-a626d870446e 0.061s
2024-10-01 03:21:29.594 62228 INFO tempest.lib.common.rest_client [req-9f35b803-c10d-466c-9c16-84b90e9ca2cf req-9f35b803-c10d-466c-9c16-84b90e9ca2cf ] Request (DeleteServersTestJSON:test_delete_active_server): 200 GET http://10.180.1.21/compute/v2.1/servers/56e1c963-61b5-41c3-9aee-c091dd8322ad 0.064s
2024-10-01 03:21:29.646 62258 INFO tempest.lib.common.rest_client [req-09029b09-55ae-42ef-99e9-38541ed51dc9 req-09029b09-55ae-42ef-99e9-38541ed51dc9 ] Request (AttachVolumeTestJSON:test_attach_detach_volume): 200 GET http://10.180.1.21/compute/v2.1/servers/16b161f5-3c90-4312-9830-3ac4a4ac7988 0.056s
2024-10-01 03:21:29.799 62224 INFO tempest.lib.common.rest_client [req-c4aaff76-9421-41c8-9a90-a63677bc4947 req-c4aaff76-9421-41c8-9a90-a63677bc4947 ] Request (AttachInterfacesV270Test:test_create_get_list_interfaces): 200 GET http://10.180.1.21/compute/v2.1/servers/84261044-0bfa-4b12-89cb-e03035e78165 0.240s
2024-10-01 03:21:29.826 62220 INFO tempest.lib.common.rest_client [req-05ac345d-ae5d-439f-b70b-8208a53d9059 req-05ac345d-ae5d-439f-b70b-8208a53d9059 ] Request (ImagesTestJSON:test_create_image_from_stopped_server): 200 GET http://10.180.1.21/compute/v2.1/servers/d673cb36-d9c2-4994-a374-c4aa10497312 0.214s
2024-10-01 03:21:29.835 62220 INFO tempest.common.waiters [-] State transition "BUILD/None" ==> "BUILD/networking" after 59 second wait
2024-10-01 03:21:29.861 62242 INFO tempest.lib.common.rest_client [req-1e3ceff8-8820-4f43-ad1b-4ead88f9db23 req-1e3ceff8-8820-4f43-ad1b-4ead88f9db23 ] Request (ServersTestMultiNic:test_verify_duplicate_network_nics): 200 GET http://10.180.1.21/compute/v2.1/servers/648a2f65-67a6-4029-a971-721fcb646091 0.214s
2024-10-01 03:21:29.880 62264 INFO tempest.lib.common.rest_client [req-4b366399-3233-49d9-9262-6ac6a2ab4283 req-4b366399-3233-49d9-9262-6ac6a2ab4283 ] Request (ServerPasswordTestJSON:setUpClass): 200 GET http://10.180.1.21/compute/v2.1/servers/2d626ba2-61e5-4a66-bbb9-9c3f534fb2ed 0.226s
2024-10-01 03:21:29.938 62216 INFO tempest.lib.common.rest_client [req-94e7d398-4384-46a0-be9a-ae9dc77f4c8f req-94e7d398-4384-46a0-be9a-ae9dc77f4c8f ] Request (InstanceActionsNegativeTestJSON:setUpClass): 200 GET http://10.180.1.21/compute/v2.1/servers/f2e426b5-a0ba-45a7-ad6b-555b10503188 0.250s
2024-10-01 03:21:29.951 62268 INFO tempest.lib.common.rest_client [req-a54274b2-c4fb-4f79-9b76-cc5b7ebc7a64 req-a54274b2-c4fb-4f79-9b76-cc5b7ebc7a64 ] Request (InstanceActionsV221TestJSON:test_get_list_deleted_instance_actions): 200 GET http://10.180.1.21/compute/v2.1/servers/4e1acfa0-1a47-4692-a354-94bea867cea3 0.257s
2024-10-01 03:21:29.977 62254 INFO tempest.lib.common.rest_client [req-537e0af1-40ce-4a77-8bbf-120337e118d1 req-537e0af1-40ce-4a77-8bbf-120337e118d1 ] Request (ImagesNegativeTestJSON:tearDownClass): 200 PUT http://10.180.1.21:9696/networking/v2.0/routers/22e46652-e6ad-4e80-8a0b-6e817ec5423b/remove_router_interface 0.919s
2024-10-01 03:21:30.019 62246 INFO tempest.lib.common.rest_client [req-db99b93f-2bc7-4fea-9d6a-1b8e8bfd0bda req-db99b93f-2bc7-4fea-9d6a-1b8e8bfd0bda ] Request (ServerRescueTestJSON:setUpClass): 200 GET http://10.180.1.21/compute/v2.1/servers/7490268f-0fe8-40f2-89db-d6b2c88eef4c 0.284s
2024-10-01 03:21:30.028 62222 INFO tempest.lib.common.rest_client [req-569a747a-8f25-49bf-91e2-ea5f926b4b70 req-569a747a-8f25-49bf-91e2-ea5f926b4b70 ] Request (AttachInterfacesUnderV243Test:test_add_remove_fixed_ip): 200 GET http://10.180.1.21/compute/v2.1/servers/0aae803d-c785-46ab-b28b-e4563e726e2e 0.286s
2024-10-01 03:21:30.034 62222 INFO tempest.common.waiters [-] State transition "BUILD/spawning" ==> "ERROR/None" after 63 second wait
2024-10-01 03:21:30.086 62230 INFO tempest.lib.common.rest_client [req-d98bb85a-a348-4ec1-86a0-17213d622de0 req-d98bb85a-a348-4ec1-86a0-17213d622de0 ] Request (VolumesAdminNegativeTest:test_update_attached_volume_with_nonexistent_volume_in_body): 200 GET http://10.180.1.21/compute/v2.1/servers/47e8bb2c-8b79-431a-901f-4eeb479b83fa 0.300s
2024-10-01 03:21:30.108 62256 INFO tempest.lib.common.rest_client [req-ae70e623-a107-4cd7-b768-a684967dcca6 req-ae70e623-a107-4cd7-b768-a684967dcca6 ] Request (ServerActionsTestOtherB:setUpClass): 200 GET http://10.180.1.21/compute/v2.1/servers/6177a0e7-1b3e-4991-9293-0f82c1a28075 0.325s
2024-10-01 03:21:30.145 62277 INFO tempest.lib.common.rest_client [req-3fa8f8a5-cbb2-4529-9e4e-1cb76646a504 req-3fa8f8a5-cbb2-4529-9e4e-1cb76646a504 ] Request (ImagesOneServerNegativeTestJSON:setUpClass): 200 GET http://10.180.1.21/compute/v2.1/servers/6f379583-ff30-4cce-a64f-eb0b8b3ca002 0.312s
2024-10-01 03:21:30.197 62240 INFO tempest.lib.common.rest_client [req-05b28d2c-edc4-4ca4-82a9-7c290ad1dc95 req-05b28d2c-edc4-4ca4-82a9-7c290ad1dc95 ] Request (ServersTestFqdnHostnames:test_create_server_with_fqdn_name): 200 GET http://10.180.1.21/compute/v2.1/servers/a8ec425d-4dd0-476e-943c-eb3a16f7c581 0.352s
2024-10-01 03:21:30.220 62250 INFO tempest.lib.common.rest_client [req-a196a46d-1c97-4d68-a867-566f0b917fc6 req-a196a46d-1c97-4d68-a867-566f0b917fc6 ] Request (ServerActionsTestOtherA:setUpClass): 200 GET http://10.180.1.21/compute/v2.1/servers/db0e0443-7630-48de-922d-0485631307f0 0.327s
2024-10-01 03:21:30.267 62278 INFO tempest.lib.common.rest_client [req-442bf4be-5537-48b3-b022-96beb8bbf85f req-442bf4be-5537-48b3-b022-96beb8bbf85f ] Request (ServersAdminTestJSON:setUpClass): 200 GET http://10.180.1.21/compute/v2.1/servers/5c3e1fd2-51c0-482f-a5ba-a8793cc4163b 0.360s
2024-10-01 03:21:30.277 62218 INFO tempest.lib.common.rest_client [req-70345ee6-516e-4c76-b69c-7511a136a73c req-70345ee6-516e-4c76-b69c-7511a136a73c ] Request (AttachInterfacesTestJSON:test_create_list_show_delete_interfaces_by_fixed_ip): 200 GET http://10.180.1.21/compute/v2.1/servers/34b8c19f-6bfa-4aff-a0c9-76a4ab495fca 0.326s
2024-10-01 03:21:30.325 62266 INFO tempest.lib.common.rest_client [req-943c6084-5c16-4758-98eb-7e26ba719c8e req-943c6084-5c16-4758-98eb-7e26ba719c8e ] Request (ListServersNegativeTestJSON:setUpClass): 200 GET http://10.180.1.21/compute/v2.1/servers/559b2089-8d15-4088-a0cb-6ab79a771dc5 0.366s
2024-10-01 03:21:30.345 62270 INFO tempest.lib.common.rest_client [req-4134c812-0b4c-47b7-a571-a17d33b15c59 req-4134c812-0b4c-47b7-a571-a17d33b15c59 ] Request (ServerAddressesNegativeTestJSON:setUpClass): 200 GET http://10.180.1.21/compute/v2.1/servers/89a07c15-909a-4f8d-ab58-80bd49b3cb74 0.344s
2024-10-01 03:21:30.384 62252 INFO tempest.lib.common.rest_client [req-983287db-8d3c-4e78-8def-de2b6c1ac249 req-983287db-8d3c-4e78-8def-de2b6c1ac249 ] Request (MigrationsAdminTest:test_list_migrations_in_flavor_resize_situation): 200 GET http://10.180.1.21/compute/v2.1/servers/9c2ad5d9-2d4d-4e9e-b905-436cddd37714 0.363s
2024-10-01 03:21:30.447 62254 INFO tempest.lib.common.rest_client [req-27197f4a-3a6f-4aa7-b6fe-f5350cd70c53 req-27197f4a-3a6f-4aa7-b6fe-f5350cd70c53 ] Request (ImagesNegativeTestJSON:tearDownClass): 204 DELETE http://10.180.1.21:9696/networking/v2.0/routers/22e46652-e6ad-4e80-8a0b-6e817ec5423b 0.470s
2024-10-01 03:21:30.450 62234 INFO tempest.lib.common.rest_client [req-e163fb44-e7cc-4152-abd9-ef770599046d req-e163fb44-e7cc-4152-abd9-ef770599046d ] Request (SecurityGroupsTestJSON:test_list_security_groups_by_server): 200 GET http://10.180.1.21/compute/v2.1/servers/faf0ac72-8b22-4025-9420-c719558ba264 0.396s
2024-10-01 03:21:30.508 62260 INFO tempest.lib.common.rest_client [req-b894f971-c764-4ded-a3f5-5e774b18248b req-b894f971-c764-4ded-a3f5-5e774b18248b ] Request (ServersTestJSON:setUpClass): 200 GET http://10.180.1.21/compute/v2.1/servers/394adc4e-7167-4eab-a81c-6de567aaa0de 0.441s
2024-10-01 03:21:30.582 62262 INFO tempest.lib.common.rest_client [req-3cfe44d9-35ec-444c-8d00-a7df62aaa14e req-3cfe44d9-35ec-444c-8d00-a7df62aaa14e ] Request (ServerMetadataTestJSON:setUpClass): 200 GET http://10.180.1.21/compute/v2.1/servers/dae127b7-bef7-40d5-9bf5-ff2f6957f3e0 0.179s
2024-10-01 03:21:30.596 62222 INFO tempest.lib.common.rest_client [req-1561c618-7efa-4985-a1a2-d43b13619be7 req-1561c618-7efa-4985-a1a2-d43b13619be7 ] Request (AttachInterfacesUnderV243Test:test_add_remove_fixed_ip): 204 DELETE http://10.180.1.21/compute/v2.1/servers/0aae803d-c785-46ab-b28b-e4563e726e2e 0.561s
2024-10-01 03:21:30.600 62254 INFO tempest.lib.common.rest_client [req-94041736-f175-4f35-a6d4-4d89896d2672 req-94041736-f175-4f35-a6d4-4d89896d2672 ] Request (ImagesNegativeTestJSON:tearDownClass): 204 DELETE http://10.180.1.21:9696/networking/v2.0/subnets/d6d0967b-663e-4a1b-9a28-b1c83ea9adfa 0.152s
2024-10-01 03:21:30.631 62236 INFO tempest.lib.common.rest_client [req-dca8a43d-9c72-4c8c-81f6-4bbb41f07729 req-dca8a43d-9c72-4c8c-81f6-4bbb41f07729 ] Request (ServerDiagnosticsNegativeTest:test_get_server_diagnostics_by_non_admin): 200 GET http://10.180.1.21/compute/v2.1/servers/7eaa67ce-2591-4532-a6ce-23c9c18b7abf 0.166s
2024-10-01 03:21:30.652 62232 INFO tempest.lib.common.rest_client [req-16640b69-ed0c-408b-8131-cd26b3882555 req-16640b69-ed0c-408b-8131-cd26b3882555 ] Request (FloatingIPsAssociationNegativeTestJSON:setUpClass): 200 GET http://10.180.1.21/compute/v2.1/servers/e38f00fb-d83a-41c2-843e-1172d7dce4b9 0.173s
2024-10-01 03:21:30.686 62238 INFO tempest.lib.common.rest_client [req-122ac5db-4b32-4f34-86be-2579c3542ac6 req-122ac5db-4b32-4f34-86be-2579c3542ac6 ] Request (ListServerFiltersTestJSON:setUpClass): 200 GET http://10.180.1.21/compute/v2.1/servers/344cb239-6785-441d-bc5d-047431cbbf17 0.146s
2024-10-01 03:21:30.703 62222 INFO tempest.lib.common.rest_client [req-05e26071-f5fb-4d5f-a1e5-0dd742a85cc4 req-05e26071-f5fb-4d5f-a1e5-0dd742a85cc4 ] Request (AttachInterfacesUnderV243Test:test_add_remove_fixed_ip): 404 GET http://10.180.1.21/compute/v2.1/servers/0aae803d-c785-46ab-b28b-e4563e726e2e 0.107s
2024-10-01 03:21:30.722 62274 INFO tempest.lib.common.rest_client [req-0ad61996-b3cc-4790-9a7d-f3aeb00a63b5 req-0ad61996-b3cc-4790-9a7d-f3aeb00a63b5 ] Request (DeleteServersAdminTestJSON:test_delete_server_while_in_error_state): 200 GET http://10.180.1.21/compute/v2.1/servers/96ee55a5-1957-47d7-8f58-a626d870446e 0.175s
2024-10-01 03:21:30.728 62274 INFO tempest.common.waiters [-] State transition "BUILD/scheduling" ==> "BUILD/None" after 44 second wait
2024-10-01 03:21:30.755 62228 INFO tempest.lib.common.rest_client [req-d540df71-e550-48be-babe-659fe941e84c req-d540df71-e550-48be-babe-659fe941e84c ] Request (DeleteServersTestJSON:test_delete_active_server): 200 GET http://10.180.1.21/compute/v2.1/servers/56e1c963-61b5-41c3-9aee-c091dd8322ad 0.151s
2024-10-01 03:21:30.779 62258 INFO tempest.lib.common.rest_client [req-c3f6e9d8-da74-43d8-944e-2060d5f68797 req-c3f6e9d8-da74-43d8-944e-2060d5f68797 ] Request (AttachVolumeTestJSON:test_attach_detach_volume): 200 GET http://10.180.1.21/compute/v2.1/servers/16b161f5-3c90-4312-9830-3ac4a4ac7988 0.120s
2024-10-01 03:21:30.792 62222 INFO tempest.lib.common.rest_client [req-0dc54543-97e9-49c9-a34a-bcd83365de6c req-0dc54543-97e9-49c9-a34a-bcd83365de6c ] Request (AttachInterfacesUnderV243Test:_run_cleanups): 202 DELETE http://10.180.1.21/compute/v2.1/os-keypairs/tempest-keypair-1235255733 0.087s
2024-10-01 03:21:30.880 62224 INFO tempest.lib.common.rest_client [req-d14bad29-0c3c-4499-b28e-10f388cd5bbf req-d14bad29-0c3c-4499-b28e-10f388cd5bbf ] Request (AttachInterfacesV270Test:test_create_get_list_interfaces): 200 GET http://10.180.1.21/compute/v2.1/servers/84261044-0bfa-4b12-89cb-e03035e78165 0.066s
2024-10-01 03:21:30.904 62222 INFO tempest.lib.common.rest_client [req-e26ca89a-83a2-4940-b78a-75433c81cea0 req-e26ca89a-83a2-4940-b78a-75433c81cea0 ] Request (AttachInterfacesUnderV243Test:_run_cleanups): 204 DELETE http://10.180.1.21:9696/networking/v2.0/security-groups/223a6f86-8932-42f3-a2bd-0f0a35bd98fa 0.111s
2024-10-01 03:21:30.924 62222 INFO tempest.lib.common.rest_client [req-4f39c21b-b69a-4ad2-9cf9-0c611b8ec58e req-4f39c21b-b69a-4ad2-9cf9-0c611b8ec58e ] Request (AttachInterfacesUnderV243Test:_run_cleanups): 404 GET http://10.180.1.21:9696/networking/v2.0/security-groups/223a6f86-8932-42f3-a2bd-0f0a35bd98fa 0.019s
2024-10-01 03:21:30.945 62242 INFO tempest.lib.common.rest_client [req-2101ee68-e226-403b-bc85-0c5b9f3972b4 req-2101ee68-e226-403b-bc85-0c5b9f3972b4 ] Request (ServersTestMultiNic:test_verify_duplicate_network_nics): 200 GET http://10.180.1.21/compute/v2.1/servers/648a2f65-67a6-4029-a971-721fcb646091 0.073s
2024-10-01 03:21:31.002 62264 INFO tempest.lib.common.rest_client [req-0904b162-9e1c-43bd-86d3-8f9ea7964a28 req-0904b162-9e1c-43bd-86d3-8f9ea7964a28 ] Request (ServerPasswordTestJSON:setUpClass): 200 GET http://10.180.1.21/compute/v2.1/servers/2d626ba2-61e5-4a66-bbb9-9c3f534fb2ed 0.112s
2024-10-01 03:21:31.013 62220 INFO tempest.lib.common.rest_client [req-0cbbb5df-673b-4963-b574-62d1bd62992c req-0cbbb5df-673b-4963-b574-62d1bd62992c ] Request (ImagesTestJSON:test_create_image_from_stopped_server): 200 GET http://10.180.1.21/compute/v2.1/servers/d673cb36-d9c2-4994-a374-c4aa10497312 0.178s
2024-10-01 03:21:31.019 62220 INFO tempest.common.waiters [-] State transition "BUILD/networking" ==> "BUILD/spawning" after 61 second wait
2024-10-01 03:21:31.028 62254 INFO tempest.lib.common.rest_client [req-3d701597-d4f7-4124-a922-ac17353ad730 req-3d701597-d4f7-4124-a922-ac17353ad730 ] Request (ImagesNegativeTestJSON:tearDownClass): 204 DELETE http://10.180.1.21:9696/networking/v2.0/networks/598ade4f-b545-49c9-ac1e-2b0889e1e61e 0.428s
2024-10-01 03:21:31.056 62216 INFO tempest.lib.common.rest_client [req-0033ac23-7fc3-412e-a0d6-e19927814649 req-0033ac23-7fc3-412e-a0d6-e19927814649 ] Request (InstanceActionsNegativeTestJSON:setUpClass): 200 GET http://10.180.1.21/compute/v2.1/servers/f2e426b5-a0ba-45a7-ad6b-555b10503188 0.104s
2024-10-01 03:21:31.068 62268 INFO tempest.lib.common.rest_client [req-a8bc03a2-7015-483e-9a03-3e72398c5b06 req-a8bc03a2-7015-483e-9a03-3e72398c5b06 ] Request (InstanceActionsV221TestJSON:test_get_list_deleted_instance_actions): 200 GET http://10.180.1.21/compute/v2.1/servers/4e1acfa0-1a47-4692-a354-94bea867cea3 0.109s
2024-10-01 03:21:31.107 62246 INFO tempest.lib.common.rest_client [req-df38234d-3e60-4849-919d-57cf7ca84fd1 req-df38234d-3e60-4849-919d-57cf7ca84fd1 ] Request (ServerRescueTestJSON:setUpClass): 200 GET http://10.180.1.21/compute/v2.1/servers/7490268f-0fe8-40f2-89db-d6b2c88eef4c 0.078s
2024-10-01 03:21:31.151 62230 INFO tempest.lib.common.rest_client [req-bccb22a9-dd33-4525-8472-b6255adcaefa req-bccb22a9-dd33-4525-8472-b6255adcaefa ] Request (VolumesAdminNegativeTest:test_update_attached_volume_with_nonexistent_volume_in_body): 200 GET http://10.180.1.21/compute/v2.1/servers/47e8bb2c-8b79-431a-901f-4eeb479b83fa 0.059s
2024-10-01 03:21:31.161 62254 INFO tempest.lib.common.rest_client [req-bdf615cf-9ee8-4cf8-ab7c-6e08c250f281 req-bdf615cf-9ee8-4cf8-ab7c-6e08c250f281 ] Request (ImagesNegativeTestJSON:tearDownClass): 204 DELETE http://10.180.1.21/identity/v3/users/a782bcc501a644c092b34b93989fb19e 0.133s
2024-10-01 03:21:31.162 62254 INFO tempest.lib.common.dynamic_creds [-] Deleting project and security group for project: 926e185401134f2d9b2a81678fb488aa
2024-10-01 03:21:31.186 62256 INFO tempest.lib.common.rest_client [req-697452be-4184-47f1-935c-2e1624bda68c req-697452be-4184-47f1-935c-2e1624bda68c ] Request (ServerActionsTestOtherB:setUpClass): 200 GET http://10.180.1.21/compute/v2.1/servers/6177a0e7-1b3e-4991-9293-0f82c1a28075 0.063s
2024-10-01 03:21:31.211 62222 INFO tempest.lib.common.rest_client [req-161df301-825b-4840-8f41-6649b2d3ee8f req-161df301-825b-4840-8f41-6649b2d3ee8f ] Request (AttachInterfacesUnderV243Test:_run_cleanups): 204 DELETE http://10.180.1.21:9696/networking/v2.0/floatingips/96e3143c-cf51-4c1a-8c1a-0258395e90b5 0.286s
2024-10-01 03:21:31.211 62277 INFO tempest.lib.common.rest_client [req-c49ec75b-c61d-4730-ab3d-3a5fc645cd61 req-c49ec75b-c61d-4730-ab3d-3a5fc645cd61 ] Request (ImagesOneServerNegativeTestJSON:setUpClass): 200 GET http://10.180.1.21/compute/v2.1/servers/6f379583-ff30-4cce-a64f-eb0b8b3ca002 0.058s
2024-10-01 03:21:31.226 62254 INFO tempest.lib.common.rest_client [req-259853f1-40a5-4027-b5b4-dd3f6699167c req-259853f1-40a5-4027-b5b4-dd3f6699167c ] Request (ImagesNegativeTestJSON:tearDownClass): 200 GET http://10.180.1.21:9696/networking/v2.0/security-groups?tenant_id=926e185401134f2d9b2a81678fb488aa&name=default 0.064s
2024-10-01 03:21:31.278 62250 INFO tempest.lib.common.rest_client [req-bdeb4fe7-7539-4673-826d-ca4de27405bc req-bdeb4fe7-7539-4673-826d-ca4de27405bc ] Request (ServerActionsTestOtherA:setUpClass): 200 GET http://10.180.1.21/compute/v2.1/servers/db0e0443-7630-48de-922d-0485631307f0 0.052s
