2024-10-09 19:53:10.817 62002 INFO tempest.lib.common.rest_client [req-a697172f-f3a0-407b-bc41-e5a4f90c833e req-a697172f-f3a0-407b-bc41-e5a4f90c833e ] Request (ServerShowV247Test:test_update_rebuild_list_server): 200 GET http://10.180.1.21/compute/v2.1/servers/1eb76ef5-377c-4447-92da-4c61345c0070 0.534s
2024-10-09 19:53:10.866 61986 INFO tempest.lib.common.rest_client [req-c11c1460-2c01-41dc-9026-4c9b7e019c0e req-c11c1460-2c01-41dc-9026-4c9b7e019c0e ] Request (SecurityGroupRulesNegativeTestJSON:test_create_security_group_rule_with_invalid_to_port): 200 POST http://10.180.1.21/compute/v2.1/os-security-groups 0.613s
2024-10-09 19:53:10.876 61982 INFO tempest.lib.common.rest_client [req-4b78b1b5-c024-435e-9140-53c0582a74e9 req-4b78b1b5-c024-435e-9140-53c0582a74e9 ] Request (AttachInterfacesUnderV243Test:test_add_remove_fixed_ip): 200 GET http://10.180.1.21/compute/v2.1/servers/f0be276a-ddad-4ae0-a232-d0fb8463a3bc 0.584s
2024-10-09 19:53:10.918 62006 INFO tempest.lib.common.rest_client [req-00bc39b2-ddb6-4867-b9d7-af42e569c3da req-00bc39b2-ddb6-4867-b9d7-af42e569c3da ] Request (ServersTestFqdnHostnames:test_create_server_with_fqdn_name): 200 GET http://10.180.1.21/compute/v2.1/servers/7eae5f08-213d-40a1-9d7a-1c4e2b6c3ce7 0.575s
2024-10-09 19:53:10.928 62014 INFO tempest.lib.common.rest_client [req-f4a4792c-849e-4180-aebf-2956002b13ab req-f4a4792c-849e-4180-aebf-2956002b13ab ] Request (ServerPasswordTestJSON:setUpClass): 201 POST http://10.180.1.21:9696/networking/v2.0/networks 0.327s
2024-10-09 19:53:10.931 61998 INFO tempest.lib.common.rest_client [req-0cde1232-07ee-4a84-af7f-30ca263fb4f8 req-0cde1232-07ee-4a84-af7f-30ca263fb4f8 ] Request (AttachInterfacesTestJSON:test_create_list_show_delete_interfaces_by_fixed_ip): 200 GET http://10.180.1.21/compute/v2.1/servers/417480ad-61d9-447d-a84d-0cf5df94f4bc 0.578s
2024-10-09 19:53:10.974 62009 INFO tempest.lib.common.rest_client [req-4edc8650-c211-4169-920d-236d1778b343 req-4edc8650-c211-4169-920d-236d1778b343 ] Request (ServerMetadataNegativeTestJSON:setUpClass): 200 GET http://10.180.1.21/compute/v2.1/servers/a1b9b618-91b5-429b-8581-9f819e0d81ee 0.533s
2024-10-09 19:53:10.977 61980 INFO tempest.lib.common.rest_client [req-4024482a-c75a-41b5-86aa-c067a0d2a7d7 req-4024482a-c75a-41b5-86aa-c067a0d2a7d7 ] Request (ListImageFiltersTestJSON:setUpClass): 200 GET http://10.180.1.21/compute/v2.1/servers/aadc35e7-7aea-4f86-be3a-9b5322f350a5 0.585s
2024-10-09 19:53:10.995 62018 INFO tempest.lib.common.rest_client [req-0406ce34-382a-4413-adc0-855df18e4b6f req-0406ce34-382a-4413-adc0-855df18e4b6f ] Request (ServicesAdminTestJSON:test_get_service_by_host_name): 200 GET http://10.180.1.21/compute/v2.1/os-services?host=devstack 0.529s
2024-10-09 19:53:11.028 61991 INFO tempest.lib.common.rest_client [req-c75ab857-48a3-4f7b-8471-9a33baf2e12c req-c75ab857-48a3-4f7b-8471-9a33baf2e12c ] Request (SecurityGroupsTestJSON:test_list_security_groups_by_server): 200 GET http://10.180.1.21/compute/v2.1/servers/eb8203da-3427-48a8-9ec0-a9d12d8c44d2 0.564s
2024-10-09 19:53:11.046 61978 INFO tempest.lib.common.rest_client [req-19d9bf23-9e86-45f1-b937-1ab6cbef90eb req-19d9bf23-9e86-45f1-b937-1ab6cbef90eb ] Request (DeleteServersAdminTestJSON:test_delete_server_while_in_error_state): 200 GET http://10.180.1.21/compute/v2.1/servers/70e6d944-f978-4d5b-b396-e0e913db0485 0.567s
2024-10-09 19:53:11.077 61976 INFO tempest.lib.common.rest_client [req-a8fb44ff-ba1b-4227-9188-4f62c4b61373 req-a8fb44ff-ba1b-4227-9188-4f62c4b61373 ] Request (MigrationsAdminTest:test_resize_server_revert_deleted_flavor): 200 GET http://10.180.1.21/compute/v2.1/servers/83afb27a-7984-4982-9880-f5b0c6553787 0.555s
2024-10-09 19:53:11.107 62014 INFO tempest.lib.common.rest_client [req-3d88a576-3ba8-4177-a9b7-b135245650f1 req-3d88a576-3ba8-4177-a9b7-b135245650f1 ] Request (ServerPasswordTestJSON:setUpClass): 201 POST http://10.180.1.21:9696/networking/v2.0/subnets 0.178s
2024-10-09 19:53:11.108 62022 INFO tempest.lib.common.rest_client [req-99730660-dd5b-42c2-b279-88c4ab33bc2e req-99730660-dd5b-42c2-b279-88c4ab33bc2e ] Request (VolumesAssistedSnapshotsTest:test_volume_assisted_snapshot_create_delete): 200 GET http://10.180.1.21/compute/v2.1/servers/1b694ac3-385b-4083-a35c-542853354202 0.533s
2024-10-09 19:53:11.135 62012 INFO tempest.lib.common.rest_client [req-275eefaa-a6ba-4a40-8078-5994f7f5d168 req-275eefaa-a6ba-4a40-8078-5994f7f5d168 ] Request (ImagesTestJSON:test_create_image_from_stopped_server): 200 GET http://10.180.1.21/compute/v2.1/servers/7bc2075c-2cb2-41c2-9681-780689c1d080 0.503s
2024-10-09 19:53:11.178 61984 INFO tempest.lib.common.rest_client [req-20067a0d-8f71-4391-a421-b0db29bdce48 req-20067a0d-8f71-4391-a421-b0db29bdce48 ] Request (ServersNegativeTestJSON:setUpClass): 200 GET http://10.180.1.21/compute/v2.1/servers/07d8d6b6-3cc5-48da-9d4d-563a5fe27442 0.494s
2024-10-09 19:53:11.187 61972 INFO tempest.lib.common.rest_client [req-bd80dddd-f6a2-46e0-bfd2-37cc2e9ccf0d req-bd80dddd-f6a2-46e0-bfd2-37cc2e9ccf0d ] Request (ServerActionsTestOtherA:setUpClass): 200 GET http://10.180.1.21/compute/v2.1/servers/e4a7dc76-99a6-4cc2-97c8-f86d72d00d12 0.441s
2024-10-09 19:53:11.232 61970 INFO tempest.lib.common.rest_client [req-84a7e41b-0ef5-49d8-82d2-351d016c9e64 req-84a7e41b-0ef5-49d8-82d2-351d016c9e64 ] Request (ImagesOneServerTestJSON:setUpClass): 200 GET http://10.180.1.21/compute/v2.1/servers/21099fc3-dd66-4871-a87c-e0d2c56a7818 0.421s
2024-10-09 19:53:11.281 61964 INFO tempest.lib.common.rest_client [req-cbbf46d2-3b1b-481a-a018-b6b50b42617f req-cbbf46d2-3b1b-481a-a018-b6b50b42617f ] Request (ServersWithSpecificFlavorTestJSON:test_verify_created_server_ephemeral_disk): 200 GET http://10.180.1.21/compute/v2.1/servers/ca31b2ec-0bfb-47d9-9f35-c54659fa7799 0.415s
2024-10-09 19:53:11.317 61986 INFO tempest.lib.common.rest_client [req-47c30bb0-285a-4acf-80fe-21533f99d89f req-47c30bb0-285a-4acf-80fe-21533f99d89f ] Request (SecurityGroupRulesNegativeTestJSON:test_create_security_group_rule_with_invalid_to_port): 400 POST http://10.180.1.21/compute/v2.1/os-security-group-rules 0.448s
2024-10-09 19:53:11.362 62010 INFO tempest.lib.common.rest_client [req-e6c34718-bbd1-4a6d-b192-c4b8d908e3ed req-e6c34718-bbd1-4a6d-b192-c4b8d908e3ed ] Request (ServersTestJSON:setUpClass): 200 GET http://10.180.1.21/compute/v2.1/servers/8ba075db-5095-4c38-afbc-85e9d35d6194 0.449s
2024-10-09 19:53:11.379 62018 INFO tempest.lib.common.rest_client [req-ee2b7774-f582-4ba9-bc3e-719052ec5277 req-ee2b7774-f582-4ba9-bc3e-719052ec5277 ] Request (ServicesAdminTestJSON:test_get_service_by_service_binary_name): 200 GET http://10.180.1.21/compute/v2.1/os-services?binary=nova-compute 0.381s
2024-10-09 19:53:11.419 61974 INFO tempest.lib.common.rest_client [req-175887f0-9c7e-4ba1-bd9c-67badb5ca3ad req-175887f0-9c7e-4ba1-bd9c-67badb5ca3ad ] Request (ListServerFiltersTestJSON:setUpClass): 200 GET http://10.180.1.21/compute/v2.1/servers/496c3799-7350-4258-a456-58bd3ba9b4d0 0.272s
2024-10-09 19:53:11.464 62024 INFO tempest.lib.common.rest_client [req-ec560d34-e4d1-4743-8667-c552b6619a08 req-ec560d34-e4d1-4743-8667-c552b6619a08 ] Request (ServersV294TestFqdnHostnames:setUpClass): 200 GET http://10.180.1.21/compute/v2.1/servers/1331a447-7be8-42b8-9d59-6b97742e49d1 0.298s
2024-10-09 19:53:11.510 61994 INFO tempest.lib.common.rest_client [req-2dfb57a0-29a3-4536-8453-901248f85a46 req-2dfb57a0-29a3-4536-8453-901248f85a46 ] Request (ServerDiskConfigTestJSON:test_rebuild_server_with_auto_disk_config): 200 GET http://10.180.1.21/compute/v2.1/servers/7a8228e2-3ab3-4b87-ad38-4246e33f0dfe 0.313s
2024-10-09 19:53:11.559 61996 INFO tempest.lib.common.rest_client [req-dbe320ba-3433-4469-a115-656e01025323 req-dbe320ba-3433-4469-a115-656e01025323 ] Request (ServersAdmin275Test:_run_cleanups): 200 GET http://10.180.1.21/compute/v2.1/servers/0408fe1e-e4fa-4649-83dc-afdd335ee30d 0.348s
2024-10-09 19:53:11.574 61996 INFO tempest.common.waiters [-] State transition "REBUILD/rebuild_spawning" ==> "ACTIVE/None" after 7 second wait
2024-10-09 19:53:11.609 61962 INFO tempest.lib.common.rest_client [req-3fe56bad-6943-4936-a7c3-952c1d3e6f9a req-3fe56bad-6943-4936-a7c3-952c1d3e6f9a ] Request (ServerExternalEventsTest:test_create_server_external_events): 200 GET http://10.180.1.21/compute/v2.1/servers/7d0e752f-9b39-4d01-bedc-5315927deea8 0.339s
2024-10-09 19:53:11.660 62004 INFO tempest.lib.common.rest_client [req-8aab02dc-2797-42da-b182-60f771f3f40f req-8aab02dc-2797-42da-b182-60f771f3f40f ] Request (VolumesAdminNegativeTest:test_update_attached_volume_with_nonexistent_volume_in_body): 200 GET http://10.180.1.21/compute/v2.1/servers/c3b90a4d-e885-453c-9f8e-799adb2400a0 0.348s
2024-10-09 19:53:11.678 61986 INFO tempest.lib.common.rest_client [req-1580a8d3-4617-4484-8ed4-f930226b33a8 req-1580a8d3-4617-4484-8ed4-f930226b33a8 ] Request (SecurityGroupRulesNegativeTestJSON:test_create_security_group_rule_with_non_existent_id): 404 POST http://10.180.1.21/compute/v2.1/os-security-group-rules 0.359s
2024-10-09 19:53:11.733 61988 INFO tempest.lib.common.rest_client [req-9da0ec40-7fb7-439c-8ea6-37072453b5d8 req-9da0ec40-7fb7-439c-8ea6-37072453b5d8 ] Request (ServersTestManualDisk:setUpClass): 200 GET http://10.180.1.21/compute/v2.1/servers/e6922bb7-c2df-468a-aa5b-d03e274b8ecc 0.373s
2024-10-09 19:53:11.751 62018 INFO tempest.lib.common.rest_client [req-43f2f9d3-ed55-4c04-aa2b-a4ddf257f60c req-43f2f9d3-ed55-4c04-aa2b-a4ddf257f60c ] Request (ServicesAdminTestJSON:test_list_services): 200 GET http://10.180.1.21/compute/v2.1/os-services 0.368s
2024-10-09 19:53:11.802 61968 INFO tempest.lib.common.rest_client [req-8254320b-8257-4f14-ac7a-e8aa7d4e0b0d req-8254320b-8257-4f14-ac7a-e8aa7d4e0b0d ] Request (ServerRescueTestJSON:setUpClass): 200 GET http://10.180.1.21/compute/v2.1/servers/0103eded-5a0b-4b7f-b98f-63d7866d501c 0.277s
2024-10-09 19:53:11.834 62018 INFO tempest.lib.common.rest_client [req-e8dfc859-71b0-4da8-87ce-c8d947359463 req-e8dfc859-71b0-4da8-87ce-c8d947359463 ] Request (ServicesAdminTestJSON:tearDownClass): 204 DELETE http://10.180.1.21/identity/v3/users/1412fc22fb7f47dbba6672a44c4e3667 0.080s
2024-10-09 19:53:11.855 61966 INFO tempest.lib.common.rest_client [req-53d01948-e0b5-421b-9ec8-589e85f476d5 req-53d01948-e0b5-421b-9ec8-589e85f476d5 ] Request (ServersTestMultiNic:test_verify_duplicate_network_nics): 200 GET http://10.180.1.21/compute/v2.1/servers/6035033d-9e22-49bd-a42c-3faeeb7c5d21 0.279s
2024-10-09 19:53:11.923 61996 INFO tempest.lib.common.rest_client [req-b338358a-7518-403f-971e-1ff2b2a3cb58 req-b338358a-7518-403f-971e-1ff2b2a3cb58 ] Request (ServersAdmin275Test:tearDownClass): 204 DELETE http://10.180.1.21/compute/v2.1/servers/0408fe1e-e4fa-4649-83dc-afdd335ee30d 0.345s
2024-10-09 19:53:11.929 62018 INFO tempest.lib.common.rest_client [req-158924a1-a785-46fa-85ba-0d17cdbe924f req-158924a1-a785-46fa-85ba-0d17cdbe924f ] Request (ServicesAdminTestJSON:tearDownClass): 204 DELETE http://10.180.1.21/identity/v3/users/22da3b98e45644bc90cd2dc0ae465af0 0.095s
2024-10-09 19:53:11.930 62018 INFO tempest.lib.common.dynamic_creds [-] Deleting project and security group for project: 3ef20e76c13a48e0ad475dbe82b6549f
2024-10-09 19:53:11.980 62000 INFO tempest.lib.common.rest_client [req-3a46409b-a6a0-425b-b7b1-7542a074cb3d req-3a46409b-a6a0-425b-b7b1-7542a074cb3d ] Request (ServerDiagnosticsV248Test:tearDownClass): 200 GET http://10.180.1.21/compute/v2.1/servers/ca465e62-c190-4d67-9dec-87ea1aa8f194 0.344s
2024-10-09 19:53:11.994 62018 INFO tempest.lib.common.rest_client [req-5dff2d0e-c0fd-4ebc-8d4f-58737a0a5329 req-5dff2d0e-c0fd-4ebc-8d4f-58737a0a5329 ] Request (ServicesAdminTestJSON:tearDownClass): 201 POST http://10.180.1.21/identity/v3/auth/tokens 0.064s
2024-10-09 19:53:12.005 61986 INFO tempest.lib.common.rest_client [req-7dfba0df-c023-417d-be9b-cacd734bbab7 req-7dfba0df-c023-417d-be9b-cacd734bbab7 ] Request (SecurityGroupRulesNegativeTestJSON:test_delete_security_group_rule_with_non_existent_id): 404 DELETE http://10.180.1.21/compute/v2.1/os-security-group-rules/ec83a19b-d812-4cd4-8032-82039838313a 0.325s
2024-10-09 19:53:12.053 62020 INFO tempest.lib.common.rest_client [req-6b928517-0c3c-4cc1-8434-2428c1606d94 req-6b928517-0c3c-4cc1-8434-2428c1606d94 ] Request (AttachInterfacesV270Test:test_create_get_list_interfaces): 200 GET http://10.180.1.21/compute/v2.1/servers/4c112f97-ddf5-4481-bbf9-3c7861aa3cb5 0.353s
2024-10-09 19:53:12.102 62002 INFO tempest.lib.common.rest_client [req-1762c24f-ddd5-405b-bd3c-77eb66d1fa2d req-1762c24f-ddd5-405b-bd3c-77eb66d1fa2d ] Request (ServerShowV247Test:test_update_rebuild_list_server): 200 GET http://10.180.1.21/compute/v2.1/servers/1eb76ef5-377c-4447-92da-4c61345c0070 0.274s
2024-10-09 19:53:12.137 61992 INFO tempest.lib.common.rest_client [req-523f53ac-4460-477f-bc99-843e7939109f req-523f53ac-4460-477f-bc99-843e7939109f ] Request (FloatingIPDetailsTestJSON:test_get_floating_ip_details): 200 POST http://10.180.1.21/compute/v2.1/os-floating-ips 1.381s
2024-10-09 19:53:12.147 61982 INFO tempest.lib.common.rest_client [req-a3470750-c19d-4fdb-9bcd-d4168d8b5ccb req-a3470750-c19d-4fdb-9bcd-d4168d8b5ccb ] Request (AttachInterfacesUnderV243Test:test_add_remove_fixed_ip): 200 GET http://10.180.1.21/compute/v2.1/servers/f0be276a-ddad-4ae0-a232-d0fb8463a3bc 0.265s
2024-10-09 19:53:12.201 62006 INFO tempest.lib.common.rest_client [req-1c24490e-159a-4899-994c-f942f97233c5 req-1c24490e-159a-4899-994c-f942f97233c5 ] Request (ServersTestFqdnHostnames:test_create_server_with_fqdn_name): 200 GET http://10.180.1.21/compute/v2.1/servers/7eae5f08-213d-40a1-9d7a-1c4e2b6c3ce7 0.273s
2024-10-09 19:53:12.211 61996 INFO tempest.lib.common.rest_client [req-e47124b5-5e2a-4e80-915f-14d2907fd619 req-e47124b5-5e2a-4e80-915f-14d2907fd619 ] Request (ServersAdmin275Test:tearDownClass): 200 GET http://10.180.1.21/compute/v2.1/servers/0408fe1e-e4fa-4649-83dc-afdd335ee30d 0.288s
2024-10-09 19:53:12.235 62014 INFO tempest.lib.common.rest_client [req-c08256ee-820f-422b-9bf7-07bb5a777861 req-c08256ee-820f-422b-9bf7-07bb5a777861 ] Request (ServerPasswordTestJSON:setUpClass): 201 POST http://10.180.1.21:9696/networking/v2.0/routers 1.128s
2024-10-09 19:53:12.247 62018 INFO tempest.lib.common.rest_client [req-b389597e-4cc1-4de6-b747-8704a30c6495 req-b389597e-4cc1-4de6-b747-8704a30c6495 ] Request (ServicesAdminTestJSON:tearDownClass): 200 GET http://10.180.1.21:9696/networking/v2.0/security-groups?tenant_id=3ef20e76c13a48e0ad475dbe82b6549f&name=default 0.253s
2024-10-09 19:53:12.272 62009 INFO tempest.lib.common.rest_client [req-65dcc730-63da-495c-bfcb-d9525afc0f3b req-65dcc730-63da-495c-bfcb-d9525afc0f3b ] Request (ServerMetadataNegativeTestJSON:setUpClass): 200 GET http://10.180.1.21/compute/v2.1/servers/a1b9b618-91b5-429b-8581-9f819e0d81ee 0.290s
2024-10-09 19:53:12.275 61998 INFO tempest.lib.common.rest_client [req-7219588f-e456-4cf0-98b4-02bb5a5f1e59 req-7219588f-e456-4cf0-98b4-02bb5a5f1e59 ] Request (AttachInterfacesTestJSON:test_create_list_show_delete_interfaces_by_fixed_ip): 200 GET http://10.180.1.21/compute/v2.1/servers/417480ad-61d9-447d-a84d-0cf5df94f4bc 0.335s
2024-10-09 19:53:12.345 61980 INFO tempest.lib.common.rest_client [req-77c4c8d6-52b2-4ac3-a30d-b4fe64d9eaf4 req-77c4c8d6-52b2-4ac3-a30d-b4fe64d9eaf4 ] Request (ListImageFiltersTestJSON:setUpClass): 200 GET http://10.180.1.21/compute/v2.1/servers/aadc35e7-7aea-4f86-be3a-9b5322f350a5 0.355s
2024-10-09 19:53:12.416 61991 INFO tempest.lib.common.rest_client [req-6d84e5dc-f2f3-4bef-8dbf-93d319a867eb req-6d84e5dc-f2f3-4bef-8dbf-93d319a867eb ] Request (SecurityGroupsTestJSON:test_list_security_groups_by_server): 200 GET http://10.180.1.21/compute/v2.1/servers/eb8203da-3427-48a8-9ec0-a9d12d8c44d2 0.376s
2024-10-09 19:53:12.487 61978 INFO tempest.lib.common.rest_client [req-cd0e7dda-56f8-4bda-853d-3c718326b974 req-cd0e7dda-56f8-4bda-853d-3c718326b974 ] Request (DeleteServersAdminTestJSON:test_delete_server_while_in_error_state): 200 GET http://10.180.1.21/compute/v2.1/servers/70e6d944-f978-4d5b-b396-e0e913db0485 0.429s
2024-10-09 19:53:12.537 62018 INFO tempest.lib.common.rest_client [req-c29dcf19-37e9-40a1-b037-11404b54ab76 req-c29dcf19-37e9-40a1-b037-11404b54ab76 ] Request (ServicesAdminTestJSON:tearDownClass): 204 DELETE http://10.180.1.21:9696/networking/v2.0/security-groups/a300cee5-5161-40f3-a8f6-87c853720a53 0.287s
2024-10-09 19:53:12.542 61976 INFO tempest.lib.common.rest_client [req-44d2b95f-3991-43c9-82ec-da640d7cb62b req-44d2b95f-3991-43c9-82ec-da640d7cb62b ] Request (MigrationsAdminTest:test_resize_server_revert_deleted_flavor): 200 GET http://10.180.1.21/compute/v2.1/servers/83afb27a-7984-4982-9880-f5b0c6553787 0.453s
2024-10-09 19:53:12.585 61986 INFO tempest.lib.common.rest_client [req-b8b3fe12-fe2a-411b-b09c-b228de98b87c req-b8b3fe12-fe2a-411b-b09c-b228de98b87c ] Request (SecurityGroupRulesNegativeTestJSON:tearDownClass): 202 DELETE http://10.180.1.21/compute/v2.1/os-security-groups/2ebed75f-f870-4f9e-a3d1-1c2cb6671bdb 0.578s
2024-10-09 19:53:12.606 62022 INFO tempest.lib.common.rest_client [req-54553341-fd21-499b-9bd4-f3d4bcdc3bfb req-54553341-fd21-499b-9bd4-f3d4bcdc3bfb ] Request (VolumesAssistedSnapshotsTest:test_volume_assisted_snapshot_create_delete): 200 GET http://10.180.1.21/compute/v2.1/servers/1b694ac3-385b-4083-a35c-542853354202 0.488s
2024-10-09 19:53:12.611 62018 INFO tempest.lib.common.rest_client [req-cdce802a-35cb-4d5f-925e-e378634299a1 req-cdce802a-35cb-4d5f-925e-e378634299a1 ] Request (ServicesAdminTestJSON:tearDownClass): 204 DELETE http://10.180.1.21/identity/v3/projects/3ef20e76c13a48e0ad475dbe82b6549f 0.073s
2024-10-09 19:53:12.611 62018 INFO tempest.lib.common.dynamic_creds [-] Deleting project and security group for project: b592fd6e50be4c4e877fef43fc7576d6
2024-10-09 19:53:12.664 62012 INFO tempest.lib.common.rest_client [req-82f67ee9-c8e7-4b2b-9d9b-f24c011beac2 req-82f67ee9-c8e7-4b2b-9d9b-f24c011beac2 ] Request (ImagesTestJSON:test_create_image_from_stopped_server): 200 GET http://10.180.1.21/compute/v2.1/servers/7bc2075c-2cb2-41c2-9681-780689c1d080 0.522s
2024-10-09 19:53:12.705 61992 INFO tempest.lib.common.rest_client [req-0511a86e-0a50-40ed-9723-11c0da6c48b7 req-0511a86e-0a50-40ed-9723-11c0da6c48b7 ] Request (FloatingIPDetailsTestJSON:test_get_floating_ip_details): 200 GET http://10.180.1.21/compute/v2.1/os-floating-ips/fb294433-3bd7-4687-911d-03e670da246a 0.565s
2024-10-09 19:53:12.739 61984 INFO tempest.lib.common.rest_client [req-9c05bacd-759f-4d2d-8ddb-4ca9179bab0d req-9c05bacd-759f-4d2d-8ddb-4ca9179bab0d ] Request (ServersNegativeTestJSON:setUpClass): 200 GET http://10.180.1.21/compute/v2.1/servers/07d8d6b6-3cc5-48da-9d4d-563a5fe27442 0.553s
2024-10-09 19:53:12.762 61972 INFO tempest.lib.common.rest_client [req-eedcc3c0-7e4d-4333-89b5-ccbc27979a6b req-eedcc3c0-7e4d-4333-89b5-ccbc27979a6b ] Request (ServerActionsTestOtherA:setUpClass): 200 GET http://10.180.1.21/compute/v2.1/servers/e4a7dc76-99a6-4cc2-97c8-f86d72d00d12 0.565s
2024-10-09 19:53:12.814 61970 INFO tempest.lib.common.rest_client [req-90f5770d-4bb5-49ac-9231-99333285ea12 req-90f5770d-4bb5-49ac-9231-99333285ea12 ] Request (ImagesOneServerTestJSON:setUpClass): 200 GET http://10.180.1.21/compute/v2.1/servers/21099fc3-dd66-4871-a87c-e0d2c56a7818 0.576s
2024-10-09 19:53:12.819 62018 INFO tempest.lib.common.rest_client [req-838decd2-8b66-4225-99b6-b46a20023e6c req-838decd2-8b66-4225-99b6-b46a20023e6c ] Request (ServicesAdminTestJSON:tearDownClass): 200 GET http://10.180.1.21:9696/networking/v2.0/security-groups?tenant_id=b592fd6e50be4c4e877fef43fc7576d6&name=default 0.208s
2024-10-09 19:53:12.869 62010 INFO tempest.lib.common.rest_client [req-d16925c9-a8be-4acc-8055-88e99718288b req-d16925c9-a8be-4acc-8055-88e99718288b ] Request (ServersTestJSON:setUpClass): 200 GET http://10.180.1.21/compute/v2.1/servers/8ba075db-5095-4c38-afbc-85e9d35d6194 0.497s
2024-10-09 19:53:12.921 61974 INFO tempest.lib.common.rest_client [req-41c53bd3-00f4-4a62-9a0f-3e230e1a02cd req-41c53bd3-00f4-4a62-9a0f-3e230e1a02cd ] Request (ListServerFiltersTestJSON:setUpClass): 200 GET http://10.180.1.21/compute/v2.1/servers/496c3799-7350-4258-a456-58bd3ba9b4d0 0.494s
2024-10-09 19:53:12.974 62024 INFO tempest.lib.common.rest_client [req-28cb24b8-dce4-4758-b0bf-837c4a0399af req-28cb24b8-dce4-4758-b0bf-837c4a0399af ] Request (ServersV294TestFqdnHostnames:setUpClass): 200 GET http://10.180.1.21/compute/v2.1/servers/1331a447-7be8-42b8-9d59-6b97742e49d1 0.500s
2024-10-09 19:53:13.021 61994 INFO tempest.lib.common.rest_client [req-d1b7f842-15a9-44d0-9aa8-90ed06247a68 req-d1b7f842-15a9-44d0-9aa8-90ed06247a68 ] Request (ServerDiskConfigTestJSON:test_rebuild_server_with_auto_disk_config): 200 GET http://10.180.1.21/compute/v2.1/servers/7a8228e2-3ab3-4b87-ad38-4246e33f0dfe 0.502s
2024-10-09 19:53:13.051 61964 INFO tempest.lib.common.rest_client [req-fed39d7a-6700-423b-a04f-777af7424077 req-fed39d7a-6700-423b-a04f-777af7424077 ] Request (ServersWithSpecificFlavorTestJSON:test_verify_created_server_ephemeral_disk): 200 GET http://10.180.1.21/compute/v2.1/servers/ca31b2ec-0bfb-47d9-9f35-c54659fa7799 0.763s
2024-10-09 19:53:13.059 61964 INFO tempest.common.waiters [-] State transition "BUILD/None" ==> "BUILD/block_device_mapping" after 35 second wait
2024-10-09 19:53:13.076 62018 INFO tempest.lib.common.rest_client [req-3d016741-0319-43c7-8a05-a9fde11be45b req-3d016741-0319-43c7-8a05-a9fde11be45b ] Request (ServicesAdminTestJSON:tearDownClass): 204 DELETE http://10.180.1.21:9696/networking/v2.0/security-groups/a9e03b0b-5819-4c23-8960-eecbb475ef97 0.257s
2024-10-09 19:53:13.113 61962 INFO tempest.lib.common.rest_client [req-a59d618d-f1d7-407d-97aa-9c06d0df0768 req-a59d618d-f1d7-407d-97aa-9c06d0df0768 ] Request (ServerExternalEventsTest:test_create_server_external_events): 200 GET http://10.180.1.21/compute/v2.1/servers/7d0e752f-9b39-4d01-bedc-5315927deea8 0.492s
2024-10-09 19:53:13.181 62004 INFO tempest.lib.common.rest_client [req-f7d6220a-c90c-4246-9f62-acc453837df0 req-f7d6220a-c90c-4246-9f62-acc453837df0 ] Request (VolumesAdminNegativeTest:test_update_attached_volume_with_nonexistent_volume_in_body): 200 GET http://10.180.1.21/compute/v2.1/servers/c3b90a4d-e885-453c-9f8e-799adb2400a0 0.506s
2024-10-09 19:53:13.190 62004 INFO tempest.common.waiters [-] State transition "BUILD/spawning" ==> "ERROR/None" after 43 second wait
2024-10-09 19:53:13.192 62018 INFO tempest.lib.common.rest_client [req-99f39743-3673-4b50-b20c-f9378114f449 req-99f39743-3673-4b50-b20c-f9378114f449 ] Request (ServicesAdminTestJSON:tearDownClass): 204 DELETE http://10.180.1.21/identity/v3/projects/b592fd6e50be4c4e877fef43fc7576d6 0.115s
2024-10-09 19:53:13.200 61986 INFO tempest.lib.common.rest_client [req-86fabd60-f8bc-4b22-8560-f7766c349391 req-86fabd60-f8bc-4b22-8560-f7766c349391 ] Request (SecurityGroupRulesNegativeTestJSON:tearDownClass): 202 DELETE http://10.180.1.21/compute/v2.1/os-security-groups/7e2315e4-4972-4a10-89f5-7dd49d988033 0.614s
2024-10-09 19:53:13.250 62018 INFO tempest.lib.common.rest_client [req-ad8235dd-a687-4956-a35a-fda6c07ddfb6 req-ad8235dd-a687-4956-a35a-fda6c07ddfb6 ] Request (TenantUsagesTestJSON:setUpClass): 201 POST http://10.180.1.21/identity/v3/auth/tokens 0.056s
2024-10-09 19:53:13.251 61988 INFO tempest.lib.common.rest_client [req-a2c572a7-41a8-464a-8741-03205a44e1a7 req-a2c572a7-41a8-464a-8741-03205a44e1a7 ] Request (ServersTestManualDisk:setUpClass): 200 GET http://10.180.1.21/compute/v2.1/servers/e6922bb7-c2df-468a-aa5b-d03e274b8ecc 0.511s
2024-10-09 19:53:13.283 62018 INFO tempest.lib.common.rest_client [req-ac3278e2-6284-465d-a469-d9bd01d2162d req-ac3278e2-6284-465d-a469-d9bd01d2162d ] Request (TenantUsagesTestJSON:setUpClass): 201 POST http://10.180.1.21/identity/v3/auth/tokens 0.031s
2024-10-09 19:53:13.304 62018 INFO tempest.lib.common.rest_client [req-a1a665a5-20ef-4d6f-9347-178dcff238aa req-a1a665a5-20ef-4d6f-9347-178dcff238aa ] Request (TenantUsagesTestJSON:setUpClass): 200 GET http://10.180.1.21/identity/v3/domains?name=Default 0.021s
2024-10-09 19:53:13.306 61968 INFO tempest.lib.common.rest_client [req-0426a74f-f40a-41ac-89f7-e30ac060ae09 req-0426a74f-f40a-41ac-89f7-e30ac060ae09 ] Request (ServerRescueTestJSON:setUpClass): 200 GET http://10.180.1.21/compute/v2.1/servers/0103eded-5a0b-4b7f-b98f-63d7866d501c 0.495s
2024-10-09 19:53:13.334 62014 INFO tempest.lib.common.rest_client [req-56261f2d-54d4-4629-9971-a232de94e98b req-56261f2d-54d4-4629-9971-a232de94e98b ] Request (ServerPasswordTestJSON:setUpClass): 200 PUT http://10.180.1.21:9696/networking/v2.0/routers/dc733e82-442d-4aaa-9503-6a810583b984/add_router_interface 1.098s
2024-10-09 19:53:13.334 62014 INFO tempest.lib.common.dynamic_creds [-] Created isolated network resources for: credentials: Credentials: {'domain_id': 'default', 'domain_name': 'Default', 'username': 'tempest-ServerPasswordTestJSON-2064263980-project-member', 'project_domain_id': 'default', 'project_domain_name': 'Default', 'project_id': 'bb0cca23251c460292383b960698b106', 'project_name': 'tempest-ServerPasswordTestJSON-2064263980', 'tenant_id': 'bb0cca23251c460292383b960698b106', 'tenant_name': 'tempest-ServerPasswordTestJSON-2064263980', 'user_domain_id': 'default', 'user_domain_name': 'Default', 'user_id': 'c5cf8ed295ab4af1841e93f1c515a38b', 'system': None}, Network: {'id': '3865ee6f-bd9b-4ac2-9248-a3f711a65e00', 'name': 'tempest-ServerPasswordTestJSON-1972307199-network', 'tenant_id': 'bb0cca23251c460292383b960698b106', 'admin_state_up': True, 'mtu': 8950, 'status': 'ACTIVE', 'subnets': [], 'shared': False, 'project_id': 'bb0cca23251c460292383b960698b106', 'port_security_enabled': True, 'router:external': False, 'provider:network_type': 'vlan', 'provider:physical_network': 'default', 'provider:segmentation_id': 762, 'is_default': False, 'availability_zone_hints': [], 'availability_zones': [], 'ipv4_address_scope': None, 'ipv6_address_scope': None, 'description': '', 'tags': [], 'created_at': '2024-10-09T19:53:10Z', 'updated_at': '2024-10-09T19:53:10Z', 'revision_number': 1}, Subnet: {'id': 'e71fc2f8-ef0a-404d-867c-c79d493ac1fa', 'name': 'tempest-ServerPasswordTestJSON-1972307199-subnet', 'tenant_id': 'bb0cca23251c460292383b960698b106', 'network_id': '3865ee6f-bd9b-4ac2-9248-a3f711a65e00', 'ip_version': 4, 'subnetpool_id': None, 'enable_dhcp': True, 'ipv6_ra_mode': None, 'ipv6_address_mode': None, 'gateway_ip': '192.168.128.1', 'cidr': '192.168.128.0/28', 'allocation_pools': [{'start': '192.168.128.2', 'end': '192.168.128.14'}], 'host_routes': [], 'dns_nameservers': [], 'description': '', 'router:external': False, 'service_types': [], 'tags': [], 'created_at': '2024-10-09T19:53:10Z', 'updated_at': '2024-10-09T19:53:10Z', 'revision_number': 0, 'project_id': 'bb0cca23251c460292383b960698b106'}, Router: {'id': 'dc733e82-442d-4aaa-9503-6a810583b984', 'name': 'tempest-ServerPasswordTestJSON-1972307199-router', 'tenant_id': 'bb0cca23251c460292383b960698b106', 'admin_state_up': True, 'status': 'ACTIVE', 'external_gateway_info': {'network_id': 'dbad42ef-741a-4ea0-8457-bed8afee6a90', 'external_fixed_ips': [{'subnet_id': '0f03b97b-8827-4e7c-adf6-66f9088bc924', 'ip_address': '10.180.180.168'}], 'enable_snat': True}, 'description': '', 'availability_zones': [], 'distributed': False, 'ha': False, 'availability_zone_hints': [], 'routes': [], 'flavor_id': None, 'tags': [], 'created_at': '2024-10-09T19:53:11Z', 'updated_at': '2024-10-09T19:53:11Z', 'revision_number': 2, 'project_id': 'bb0cca23251c460292383b960698b106'}
2024-10-09 19:53:13.350 62018 INFO tempest.lib.common.rest_client [req-088e9ed4-da7c-4235-885b-d11caeb93c67 req-088e9ed4-da7c-4235-885b-d11caeb93c67 ] Request (TenantUsagesTestJSON:setUpClass): 201 POST http://10.180.1.21/identity/v3/projects 0.045s
2024-10-09 19:53:13.365 61966 INFO tempest.lib.common.rest_client [req-35826091-d93c-418f-b8d6-b4749e50f593 req-35826091-d93c-418f-b8d6-b4749e50f593 ] Request (ServersTestMultiNic:test_verify_duplicate_network_nics): 200 GET http://10.180.1.21/compute/v2.1/servers/6035033d-9e22-49bd-a42c-3faeeb7c5d21 0.495s
2024-10-09 19:53:13.412 62018 INFO tempest.lib.common.rest_client [req-c5a0d3d5-3e67-4772-b045-7fb721638ecc req-c5a0d3d5-3e67-4772-b045-7fb721638ecc ] Request (TenantUsagesTestJSON:setUpClass): 201 POST http://10.180.1.21/identity/v3/users 0.061s
2024-10-09 19:53:13.412 62014 INFO tempest.lib.common.rest_client [req-4d96f25d-80df-4af7-afda-ee5529429997 req-4d96f25d-80df-4af7-afda-ee5529429997 ] Request (ServerPasswordTestJSON:setUpClass): 201 POST http://10.180.1.21/identity/v3/auth/tokens 0.071s
2024-10-09 19:53:13.432 62000 INFO tempest.lib.common.rest_client [req-d82f7f76-9b36-40a2-a013-86222fca2316 req-d82f7f76-9b36-40a2-a013-86222fca2316 ] Request (ServerDiagnosticsV248Test:tearDownClass): 200 GET http://10.180.1.21/compute/v2.1/servers/ca465e62-c190-4d67-9dec-87ea1aa8f194 0.440s
2024-10-09 19:53:13.433 62018 INFO tempest.lib.common.rest_client [req-5d9635f5-9def-4c73-96ff-2b077f92a60b req-5d9635f5-9def-4c73-96ff-2b077f92a60b ] Request (TenantUsagesTestJSON:setUpClass): 200 GET http://10.180.1.21/identity/v3/roles 0.020s
2024-10-09 19:53:13.449 62014 INFO tempest.lib.common.rest_client [req-45aa0b98-6e30-437f-a146-4fdf83a24756 req-45aa0b98-6e30-437f-a146-4fdf83a24756 ] Request (ServerPasswordTestJSON:setUpClass): 201 POST http://10.180.1.21/identity/v3/auth/tokens 0.033s
2024-10-09 19:53:13.450 62014 INFO tempest.lib.common.fixed_network [-] (ServerPasswordTestJSON:setUpClass) Found network {'id': '3865ee6f-bd9b-4ac2-9248-a3f711a65e00', 'name': 'tempest-ServerPasswordTestJSON-1972307199-network', 'tenant_id': 'bb0cca23251c460292383b960698b106', 'admin_state_up': True, 'mtu': 8950, 'status': 'ACTIVE', 'subnets': [], 'shared': False, 'project_id': 'bb0cca23251c460292383b960698b106', 'port_security_enabled': True, 'router:external': False, 'provider:network_type': 'vlan', 'provider:physical_network': 'default', 'provider:segmentation_id': 762, 'is_default': False, 'availability_zone_hints': [], 'availability_zones': [], 'ipv4_address_scope': None, 'ipv6_address_scope': None, 'description': '', 'tags': [], 'created_at': '2024-10-09T19:53:10Z', 'updated_at': '2024-10-09T19:53:10Z', 'revision_number': 1} available for tenant
2024-10-09 19:53:13.462 62018 INFO tempest.lib.common.rest_client [req-6de0d933-8e29-489c-bc20-d863d4e7492d req-6de0d933-8e29-489c-bc20-d863d4e7492d ] Request (TenantUsagesTestJSON:setUpClass): 204 PUT http://10.180.1.21/identity/v3/projects/200eb3beb4754911b04c3481e99c636e/users/4e6d9e98e9354a43af0b6a3ec2ed9a6e/roles/5f80f22af14544cb85b78ec9c1f69e85 0.028s
2024-10-09 19:53:13.462 62018 INFO tempest.lib.common.dynamic_creds [-] Dynamic test user 4e6d9e98e9354a43af0b6a3ec2ed9a6e is created with scope project and roles: ['member']
2024-10-09 19:53:13.462 62018 INFO tempest.lib.common.dynamic_creds [-] Acquired dynamic creds: credentials: Credentials: {'domain_id': 'default', 'domain_name': 'Default', 'username': 'tempest-TenantUsagesTestJSON-889746690-project-member', 'project_domain_id': 'default', 'project_domain_name': 'Default', 'project_id': '200eb3beb4754911b04c3481e99c636e', 'project_name': 'tempest-TenantUsagesTestJSON-889746690', 'tenant_id': '200eb3beb4754911b04c3481e99c636e', 'tenant_name': 'tempest-TenantUsagesTestJSON-889746690', 'user_domain_id': 'default', 'user_domain_name': 'Default', 'user_id': '4e6d9e98e9354a43af0b6a3ec2ed9a6e', 'system': None}, Network: None, Subnet: None, Router: None
2024-10-09 19:53:13.462 62018 INFO tempest.lib.common.dynamic_creds [-] Created isolated network resources for: credentials: Credentials: {'domain_id': 'default', 'domain_name': 'Default', 'username': 'tempest-TenantUsagesTestJSON-889746690-project-member', 'project_domain_id': 'default', 'project_domain_name': 'Default', 'project_id': '200eb3beb4754911b04c3481e99c636e', 'project_name': 'tempest-TenantUsagesTestJSON-889746690', 'tenant_id': '200eb3beb4754911b04c3481e99c636e', 'tenant_name': 'tempest-TenantUsagesTestJSON-889746690', 'user_domain_id': 'default', 'user_domain_name': 'Default', 'user_id': '4e6d9e98e9354a43af0b6a3ec2ed9a6e', 'system': None}, Network: None, Subnet: None, Router: None
2024-10-09 19:53:13.480 62020 INFO tempest.lib.common.rest_client [req-fccbd0eb-8c27-4b43-b453-5c5f482bda21 req-fccbd0eb-8c27-4b43-b453-5c5f482bda21 ] Request (AttachInterfacesV270Test:test_create_get_list_interfaces): 200 GET http://10.180.1.21/compute/v2.1/servers/4c112f97-ddf5-4481-bbf9-3c7861aa3cb5 0.417s
2024-10-09 19:53:13.533 62002 INFO tempest.lib.common.rest_client [req-ea3b56e0-0bcb-40d6-90d6-28685dda4948 req-ea3b56e0-0bcb-40d6-90d6-28685dda4948 ] Request (ServerShowV247Test:test_update_rebuild_list_server): 200 GET http://10.180.1.21/compute/v2.1/servers/1eb76ef5-377c-4447-92da-4c61345c0070 0.422s
2024-10-09 19:53:13.541 62018 INFO tempest.lib.common.rest_client [req-f7dc1e5f-d9bb-4e33-ba48-4eb5e75efa39 req-f7dc1e5f-d9bb-4e33-ba48-4eb5e75efa39 ] Request (TenantUsagesTestJSON:setUpClass): 201 POST http://10.180.1.21/identity/v3/auth/tokens 0.075s
2024-10-09 19:53:13.581 61982 INFO tempest.lib.common.rest_client [req-77c9edd6-e26a-4cad-9e6b-31054692be38 req-77c9edd6-e26a-4cad-9e6b-31054692be38 ] Request (AttachInterfacesUnderV243Test:test_add_remove_fixed_ip): 200 GET http://10.180.1.21/compute/v2.1/servers/f0be276a-ddad-4ae0-a232-d0fb8463a3bc 0.421s
2024-10-09 19:53:13.615 62018 INFO tempest.lib.common.rest_client [req-f9cb96e7-e4af-4fa6-88e5-0108db1984a0 req-f9cb96e7-e4af-4fa6-88e5-0108db1984a0 ] Request (TenantUsagesTestJSON:setUpClass): 201 POST http://10.180.1.21/identity/v3/projects 0.073s
2024-10-09 19:53:13.675 62018 INFO tempest.lib.common.rest_client [req-143407d2-d466-4520-8dc4-e274e8290b66 req-143407d2-d466-4520-8dc4-e274e8290b66 ] Request (TenantUsagesTestJSON:setUpClass): 201 POST http://10.180.1.21/identity/v3/users 0.060s
2024-10-09 19:53:13.704 62018 INFO tempest.lib.common.rest_client [req-626d7f7e-64c4-4939-9af3-754712d40616 req-626d7f7e-64c4-4939-9af3-754712d40616 ] Request (TenantUsagesTestJSON:setUpClass): 200 GET http://10.180.1.21/identity/v3/roles 0.028s
2024-10-09 19:53:13.746 62018 INFO tempest.lib.common.rest_client [req-2c12a0c2-fa52-44e5-9682-8be7fb2ff941 req-2c12a0c2-fa52-44e5-9682-8be7fb2ff941 ] Request (TenantUsagesTestJSON:setUpClass): 204 PUT http://10.180.1.21/identity/v3/projects/df87386ae2654bb7afdf560f1f4a5fc7/users/2360f2d3c0ff4b0ea76fffde79553cf2/roles/299f90a1d6af46ecb49969c22f754d88 0.042s
2024-10-09 19:53:13.817 61992 INFO tempest.lib.common.rest_client [req-47982cd7-97bd-4226-9555-72c139c521dc req-47982cd7-97bd-4226-9555-72c139c521dc ] Request (FloatingIPDetailsTestJSON:_run_cleanups): 202 DELETE http://10.180.1.21/compute/v2.1/os-floating-ips/fb294433-3bd7-4687-911d-03e670da246a 1.110s
2024-10-09 19:53:13.820 62018 INFO tempest.lib.common.rest_client [req-6f1fd463-2c38-40ef-8073-083d9aa6c47a req-6f1fd463-2c38-40ef-8073-083d9aa6c47a ] Request (TenantUsagesTestJSON:setUpClass): 200 GET http://10.180.1.21/identity/v3/roles 0.073s
2024-10-09 19:53:13.854 62018 INFO tempest.lib.common.rest_client [req-750f9873-2a55-431c-b042-97351b6c8115 req-750f9873-2a55-431c-b042-97351b6c8115 ] Request (TenantUsagesTestJSON:setUpClass): 204 PUT http://10.180.1.21/identity/v3/projects/df87386ae2654bb7afdf560f1f4a5fc7/users/2360f2d3c0ff4b0ea76fffde79553cf2/roles/299f90a1d6af46ecb49969c22f754d88 0.032s
2024-10-09 19:53:13.854 62018 INFO tempest.lib.common.dynamic_creds [-] Dynamic test user 2360f2d3c0ff4b0ea76fffde79553cf2 is created with scope project and roles: ['admin']
2024-10-09 19:53:13.854 62018 INFO tempest.lib.common.dynamic_creds [-] Acquired dynamic creds: credentials: Credentials: {'domain_id': 'default', 'domain_name': 'Default', 'username': 'tempest-TenantUsagesTestJSON-1205922655-project-admin', 'project_domain_id': 'default', 'project_domain_name': 'Default', 'project_id': 'df87386ae2654bb7afdf560f1f4a5fc7', 'project_name': 'tempest-TenantUsagesTestJSON-1205922655', 'tenant_id': 'df87386ae2654bb7afdf560f1f4a5fc7', 'tenant_name': 'tempest-TenantUsagesTestJSON-1205922655', 'user_domain_id': 'default', 'user_domain_name': 'Default', 'user_id': '2360f2d3c0ff4b0ea76fffde79553cf2', 'system': None}, Network: None, Subnet: None, Router: None
2024-10-09 19:53:13.854 62018 INFO tempest.lib.common.dynamic_creds [-] Created isolated network resources for: credentials: Credentials: {'domain_id': 'default', 'domain_name': 'Default', 'username': 'tempest-TenantUsagesTestJSON-1205922655-project-admin', 'project_domain_id': 'default', 'project_domain_name': 'Default', 'project_id': 'df87386ae2654bb7afdf560f1f4a5fc7', 'project_name': 'tempest-TenantUsagesTestJSON-1205922655', 'tenant_id': 'df87386ae2654bb7afdf560f1f4a5fc7', 'tenant_name': 'tempest-TenantUsagesTestJSON-1205922655', 'user_domain_id': 'default', 'user_domain_name': 'Default', 'user_id': '2360f2d3c0ff4b0ea76fffde79553cf2', 'system': None}, Network: None, Subnet: None, Router: None
2024-10-09 19:53:13.871 62004 INFO tempest.lib.common.rest_client [req-367ec35d-71bc-447b-92fe-8220703247f2 req-367ec35d-71bc-447b-92fe-8220703247f2 ] Request (VolumesAdminNegativeTest:test_update_attached_volume_with_nonexistent_volume_in_body): 204 DELETE http://10.180.1.21/compute/v2.1/servers/c3b90a4d-e885-453c-9f8e-799adb2400a0 0.680s
2024-10-09 19:53:13.929 62006 INFO tempest.lib.common.rest_client [req-241a9ac2-2b96-4aa2-967c-5ec8a44a537b req-241a9ac2-2b96-4aa2-967c-5ec8a44a537b ] Request (ServersTestFqdnHostnames:test_create_server_with_fqdn_name): 200 GET http://10.180.1.21/compute/v2.1/servers/7eae5f08-213d-40a1-9d7a-1c4e2b6c3ce7 0.720s
2024-10-09 19:53:13.940 62018 INFO tempest.lib.common.rest_client [req-3a2c0a20-e6be-4e4b-b4d4-816ded612afc req-3a2c0a20-e6be-4e4b-b4d4-816ded612afc ] Request (TenantUsagesTestJSON:setUpClass): 201 POST http://10.180.1.21/identity/v3/auth/tokens 0.078s
2024-10-09 19:53:13.941 62018 WARNING tempest.lib.common.rest_client [-] Deprecated: "tenant_id" property is deprecated for removal, use "project_id" instead
2024-10-09 19:53:13.992 61996 INFO tempest.lib.common.rest_client [req-15c09a3e-3d0e-4bf2-84c6-765af7370521 req-15c09a3e-3d0e-4bf2-84c6-765af7370521 ] Request (ServersAdmin275Test:tearDownClass): 200 GET http://10.180.1.21/compute/v2.1/servers/0408fe1e-e4fa-4649-83dc-afdd335ee30d 0.768s
2024-10-09 19:53:14.005 62018 INFO tempest.lib.common.rest_client [req-a002f33c-d343-40a3-9ac6-5a6f2a644ec2 req-a002f33c-d343-40a3-9ac6-5a6f2a644ec2 ] Request (TenantUsagesTestJSON:setUpClass): 201 POST http://10.180.1.21/identity/v3/auth/tokens 0.061s
2024-10-09 19:53:14.007 62018 INFO tempest.lib.common.fixed_network [-] (TenantUsagesTestJSON:setUpClass) Found network None available for tenant
2024-10-09 19:53:14.017 61986 INFO tempest.lib.common.rest_client [req-5bc69020-cdc7-4a24-b3f3-51417d1909eb req-5bc69020-cdc7-4a24-b3f3-51417d1909eb ] Request (SecurityGroupRulesNegativeTestJSON:tearDownClass): 202 DELETE http://10.180.1.21/compute/v2.1/os-security-groups/67a5658b-11fe-49fc-a955-eb1eda825ce3 0.817s
2024-10-09 19:53:14.056 62009 INFO tempest.lib.common.rest_client [req-d79ed720-eedb-45a2-bd88-6f78e4c63bd0 req-d79ed720-eedb-45a2-bd88-6f78e4c63bd0 ] Request (ServerMetadataNegativeTestJSON:setUpClass): 200 GET http://10.180.1.21/compute/v2.1/servers/a1b9b618-91b5-429b-8581-9f819e0d81ee 0.771s
2024-10-09 19:53:14.068 61998 INFO tempest.lib.common.rest_client [req-1d34c97f-45ee-4e64-b4d3-ff415fec9c59 req-1d34c97f-45ee-4e64-b4d3-ff415fec9c59 ] Request (AttachInterfacesTestJSON:test_create_list_show_delete_interfaces_by_fixed_ip): 200 GET http://10.180.1.21/compute/v2.1/servers/417480ad-61d9-447d-a84d-0cf5df94f4bc 0.783s
2024-10-09 19:53:14.104 61980 INFO tempest.lib.common.rest_client [req-ffd8e317-8601-4932-bc61-c1e2ef7dfeb1 req-ffd8e317-8601-4932-bc61-c1e2ef7dfeb1 ] Request (ListImageFiltersTestJSON:setUpClass): 200 GET http://10.180.1.21/compute/v2.1/servers/aadc35e7-7aea-4f86-be3a-9b5322f350a5 0.749s
2024-10-09 19:53:14.129 61991 INFO tempest.lib.common.rest_client [req-33587d5e-fde3-4abd-abf6-803b491948c3 req-33587d5e-fde3-4abd-abf6-803b491948c3 ] Request (SecurityGroupsTestJSON:test_list_security_groups_by_server): 200 GET http://10.180.1.21/compute/v2.1/servers/eb8203da-3427-48a8-9ec0-a9d12d8c44d2 0.698s
2024-10-09 19:53:14.184 61978 INFO tempest.lib.common.rest_client [req-d6701c08-0cff-4625-8b8f-c694abbc9e19 req-d6701c08-0cff-4625-8b8f-c694abbc9e19 ] Request (DeleteServersAdminTestJSON:test_delete_server_while_in_error_state): 200 GET http://10.180.1.21/compute/v2.1/servers/70e6d944-f978-4d5b-b396-e0e913db0485 0.689s
2024-10-09 19:53:14.237 61976 INFO tempest.lib.common.rest_client [req-da0144f6-a302-4c4e-8483-662fa0a53770 req-da0144f6-a302-4c4e-8483-662fa0a53770 ] Request (MigrationsAdminTest:test_resize_server_revert_deleted_flavor): 200 GET http://10.180.1.21/compute/v2.1/servers/83afb27a-7984-4982-9880-f5b0c6553787 0.685s
2024-10-09 19:53:14.292 62022 INFO tempest.lib.common.rest_client [req-21f4ea49-1c4a-47cd-b154-ad932d3f7587 req-21f4ea49-1c4a-47cd-b154-ad932d3f7587 ] Request (VolumesAssistedSnapshotsTest:test_volume_assisted_snapshot_create_delete): 200 GET http://10.180.1.21/compute/v2.1/servers/1b694ac3-385b-4083-a35c-542853354202 0.677s
2024-10-09 19:53:14.350 62012 INFO tempest.lib.common.rest_client [req-742df726-d369-4b3d-ac62-8964a926d178 req-742df726-d369-4b3d-ac62-8964a926d178 ] Request (ImagesTestJSON:test_create_image_from_stopped_server): 200 GET http://10.180.1.21/compute/v2.1/servers/7bc2075c-2cb2-41c2-9681-780689c1d080 0.677s
2024-10-09 19:53:14.403 61984 INFO tempest.lib.common.rest_client [req-03781839-c85e-4362-af5f-386bac3d3fdf req-03781839-c85e-4362-af5f-386bac3d3fdf ] Request (ServersNegativeTestJSON:setUpClass): 200 GET http://10.180.1.21/compute/v2.1/servers/07d8d6b6-3cc5-48da-9d4d-563a5fe27442 0.653s
2024-10-09 19:53:14.451 61972 INFO tempest.lib.common.rest_client [req-66ccac52-1df9-4db5-9735-f1829359abef req-66ccac52-1df9-4db5-9735-f1829359abef ] Request (ServerActionsTestOtherA:setUpClass): 200 GET http://10.180.1.21/compute/v2.1/servers/e4a7dc76-99a6-4cc2-97c8-f86d72d00d12 0.678s
2024-10-09 19:53:14.508 62014 INFO tempest.lib.common.rest_client [req-4a9dbb9d-ee8c-4f3f-8b87-0fb695c4a9c0 req-4a9dbb9d-ee8c-4f3f-8b87-0fb695c4a9c0 ] Request (ServerPasswordTestJSON:setUpClass): 202 POST http://10.180.1.21/compute/v2.1/servers 1.057s
2024-10-09 19:53:14.540 61992 INFO tempest.lib.common.rest_client [req-8e7a514b-cb1d-45a1-90f9-42ce470e487c req-8e7a514b-cb1d-45a1-90f9-42ce470e487c ] Request (FloatingIPDetailsTestJSON:test_list_floating_ips): 200 GET http://10.180.1.21/compute/v2.1/os-floating-ips 0.720s
2024-10-09 19:53:14.560 61970 INFO tempest.lib.common.rest_client [req-e616cc64-d35c-4b29-959d-329d44024d54 req-e616cc64-d35c-4b29-959d-329d44024d54 ] Request (ImagesOneServerTestJSON:setUpClass): 200 GET http://10.180.1.21/compute/v2.1/servers/21099fc3-dd66-4871-a87c-e0d2c56a7818 0.738s
2024-10-09 19:53:14.568 62004 INFO tempest.lib.common.rest_client [req-d3eff119-60bc-4244-9567-571104d542b3 req-d3eff119-60bc-4244-9567-571104d542b3 ] Request (VolumesAdminNegativeTest:test_update_attached_volume_with_nonexistent_volume_in_body): 404 GET http://10.180.1.21/compute/v2.1/servers/c3b90a4d-e885-453c-9f8e-799adb2400a0 0.697s
2024-10-09 19:53:14.617 62010 INFO tempest.lib.common.rest_client [req-4d632555-100d-4b00-9dcf-0db196b8409d req-4d632555-100d-4b00-9dcf-0db196b8409d ] Request (ServersTestJSON:setUpClass): 200 GET http://10.180.1.21/compute/v2.1/servers/8ba075db-5095-4c38-afbc-85e9d35d6194 0.740s
2024-10-09 19:53:14.621 61974 INFO tempest.lib.common.rest_client [req-ffe8425d-4794-40d0-957b-4d02af45f8c6 req-ffe8425d-4794-40d0-957b-4d02af45f8c6 ] Request (ListServerFiltersTestJSON:setUpClass): 200 GET http://10.180.1.21/compute/v2.1/servers/496c3799-7350-4258-a456-58bd3ba9b4d0 0.690s
2024-10-09 19:53:14.665 62004 INFO tempest.lib.common.rest_client [req-7d5c8874-a80a-40ac-b70a-417a8d904d6d req-7d5c8874-a80a-40ac-b70a-417a8d904d6d ] Request (VolumesAdminNegativeTest:test_update_attached_volume_with_nonexistent_volume_in_uri): 201 POST http://10.180.1.21/identity/v3/auth/tokens 0.090s
2024-10-09 19:53:14.666 62004 INFO tempest.lib.common.fixed_network [-] (VolumesAdminNegativeTest:test_update_attached_volume_with_nonexistent_volume_in_uri) Found network {'id': 'da76755c-cdf3-42d4-ad41-cc0ec6b2f587', 'name': 'tempest-VolumesAdminNegativeTest-1308719118-network', 'tenant_id': 'ee67e53b0b544fda9ff343cff7a802f5', 'admin_state_up': True, 'mtu': 8950, 'status': 'ACTIVE', 'subnets': [], 'shared': False, 'project_id': 'ee67e53b0b544fda9ff343cff7a802f5', 'port_security_enabled': True, 'router:external': False, 'provider:network_type': 'vlan', 'provider:physical_network': 'default', 'provider:segmentation_id': 983, 'is_default': False, 'availability_zone_hints': [], 'availability_zones': [], 'ipv4_address_scope': None, 'ipv6_address_scope': None, 'description': '', 'tags': [], 'created_at': '2024-10-09T19:52:12Z', 'updated_at': '2024-10-09T19:52:12Z', 'revision_number': 1} available for tenant
2024-10-09 19:53:14.689 62024 INFO tempest.lib.common.rest_client [req-4de5c0f3-ef43-4662-a0ab-abe480293e02 req-4de5c0f3-ef43-4662-a0ab-abe480293e02 ] Request (ServersV294TestFqdnHostnames:setUpClass): 200 GET http://10.180.1.21/compute/v2.1/servers/1331a447-7be8-42b8-9d59-6b97742e49d1 0.701s
2024-10-09 19:53:14.827 61986 INFO tempest.lib.common.rest_client [req-c403c2db-bb8c-4404-b966-3ff02a12ea83 req-c403c2db-bb8c-4404-b966-3ff02a12ea83 ] Request (SecurityGroupRulesNegativeTestJSON:tearDownClass): 202 DELETE http://10.180.1.21/compute/v2.1/os-security-groups/4334af4d-78c5-4bd8-a71e-14b984763f25 0.809s
2024-10-09 19:53:14.873 62018 INFO tempest.lib.common.rest_client [req-560efeff-23ff-4776-b54d-0b1a85abe2eb req-560efeff-23ff-4776-b54d-0b1a85abe2eb ] Request (TenantUsagesTestJSON:setUpClass): 202 POST http://10.180.1.21/compute/v2.1/servers 0.866s
2024-10-09 19:53:14.900 61994 INFO tempest.lib.common.rest_client [req-096cebd0-2356-4a36-a4e7-ef806c0195f7 req-096cebd0-2356-4a36-a4e7-ef806c0195f7 ] Request (ServerDiskConfigTestJSON:test_rebuild_server_with_auto_disk_config): 200 GET http://10.180.1.21/compute/v2.1/servers/7a8228e2-3ab3-4b87-ad38-4246e33f0dfe 0.870s
2024-10-09 19:53:14.906 61994 INFO tempest.common.waiters [-] State transition "BUILD/scheduling" ==> "BUILD/None" after 23 second wait
2024-10-09 19:53:14.930 61964 INFO tempest.lib.common.rest_client [req-ffc26c27-f41a-47f7-b0d0-c2bd209b8f5e req-ffc26c27-f41a-47f7-b0d0-c2bd209b8f5e ] Request (ServersWithSpecificFlavorTestJSON:test_verify_created_server_ephemeral_disk): 200 GET http://10.180.1.21/compute/v2.1/servers/ca31b2ec-0bfb-47d9-9f35-c54659fa7799 0.870s
2024-10-09 19:53:14.936 61964 INFO tempest.common.waiters [-] State transition "BUILD/block_device_mapping" ==> "BUILD/spawning" after 36 second wait
2024-10-09 19:53:14.970 61962 INFO tempest.lib.common.rest_client [req-0c9d86e4-c7d3-4059-b8ad-a6ba575811da req-0c9d86e4-c7d3-4059-b8ad-a6ba575811da ] Request (ServerExternalEventsTest:test_create_server_external_events): 200 GET http://10.180.1.21/compute/v2.1/servers/7d0e752f-9b39-4d01-bedc-5315927deea8 0.846s
2024-10-09 19:53:14.984 61988 INFO tempest.lib.common.rest_client [req-062ca384-adaa-42c6-a871-4356f8fd0b6b req-062ca384-adaa-42c6-a871-4356f8fd0b6b ] Request (ServersTestManualDisk:setUpClass): 200 GET http://10.180.1.21/compute/v2.1/servers/e6922bb7-c2df-468a-aa5b-d03e274b8ecc 0.725s
2024-10-09 19:53:15.038 61968 INFO tempest.lib.common.rest_client [req-6c48bd88-390a-4edd-bde3-cb0e439c1c9e req-6c48bd88-390a-4edd-bde3-cb0e439c1c9e ] Request (ServerRescueTestJSON:setUpClass): 200 GET http://10.180.1.21/compute/v2.1/servers/0103eded-5a0b-4b7f-b98f-63d7866d501c 0.724s
2024-10-09 19:53:15.064 61966 INFO tempest.lib.common.rest_client [req-d8b51643-19cd-4e4d-91b8-accd30749730 req-d8b51643-19cd-4e4d-91b8-accd30749730 ] Request (ServersTestMultiNic:test_verify_duplicate_network_nics): 200 GET http://10.180.1.21/compute/v2.1/servers/6035033d-9e22-49bd-a42c-3faeeb7c5d21 0.693s
2024-10-09 19:53:15.115 62020 INFO tempest.lib.common.rest_client [req-ee2369a5-ee13-44e2-964c-f0442707df0b req-ee2369a5-ee13-44e2-964c-f0442707df0b ] Request (AttachInterfacesV270Test:test_create_get_list_interfaces): 200 GET http://10.180.1.21/compute/v2.1/servers/4c112f97-ddf5-4481-bbf9-3c7861aa3cb5 0.624s
2024-10-09 19:53:15.126 62000 INFO tempest.lib.common.rest_client [req-3b462954-47df-403f-8ce8-4035450631d4 req-3b462954-47df-403f-8ce8-4035450631d4 ] Request (ServerDiagnosticsV248Test:tearDownClass): 200 GET http://10.180.1.21/compute/v2.1/servers/ca465e62-c190-4d67-9dec-87ea1aa8f194 0.685s
2024-10-09 19:53:15.163 62014 INFO tempest.lib.common.rest_client [req-3295cd04-c7a2-4dc8-9b90-b726fc164000 req-3295cd04-c7a2-4dc8-9b90-b726fc164000 ] Request (ServerPasswordTestJSON:setUpClass): 200 GET http://10.180.1.21/compute/v2.1/servers/aa0833ae-99c7-426d-a972-8183667a48f8 0.653s
2024-10-09 19:53:15.184 62002 INFO tempest.lib.common.rest_client [req-e32a39a7-c72e-41cd-a1a9-303ee1789aa3 req-e32a39a7-c72e-41cd-a1a9-303ee1789aa3 ] Request (ServerShowV247Test:test_update_rebuild_list_server): 200 GET http://10.180.1.21/compute/v2.1/servers/1eb76ef5-377c-4447-92da-4c61345c0070 0.640s
2024-10-09 19:53:15.235 61982 INFO tempest.lib.common.rest_client [req-8820aebc-3b4a-4d3b-846d-78d5aa1c20cf req-8820aebc-3b4a-4d3b-846d-78d5aa1c20cf ] Request (AttachInterfacesUnderV243Test:test_add_remove_fixed_ip): 200 GET http://10.180.1.21/compute/v2.1/servers/f0be276a-ddad-4ae0-a232-d0fb8463a3bc 0.647s
2024-10-09 19:53:15.476 61992 INFO tempest.lib.common.rest_client [req-690da40d-0ede-4c0f-855c-b2bddfcd4eb2 req-690da40d-0ede-4c0f-855c-b2bddfcd4eb2 ] Request (FloatingIPDetailsTestJSON:tearDownClass): 202 DELETE http://10.180.1.21/compute/v2.1/os-floating-ips/0692bf18-3c4c-4631-900e-e69e1ebf3e21 0.931s
