2024-10-09 19:52:47.492 61994 INFO tempest.lib.common.dynamic_creds [-] Created isolated network resources for: credentials: Credentials: {'domain_id': 'default', 'domain_name': 'Default', 'username': 'tempest-ServerDiskConfigTestJSON-2059651609-project-member', 'project_domain_id': 'default', 'project_domain_name': 'Default', 'project_id': '9f4804c086b449608ef34ea22c018907', 'project_name': 'tempest-ServerDiskConfigTestJSON-2059651609', 'tenant_id': '9f4804c086b449608ef34ea22c018907', 'tenant_name': 'tempest-ServerDiskConfigTestJSON-2059651609', 'user_domain_id': 'default', 'user_domain_name': 'Default', 'user_id': 'a9d7f72b4c22452d89004ca70d165e67', 'system': None}, Network: {'id': '2fd0547b-2e4e-4625-9281-1c43c9b5ceee', 'name': 'tempest-ServerDiskConfigTestJSON-186011702-network', 'tenant_id': '9f4804c086b449608ef34ea22c018907', 'admin_state_up': True, 'mtu': 8950, 'status': 'ACTIVE', 'subnets': [], 'shared': False, 'project_id': '9f4804c086b449608ef34ea22c018907', 'port_security_enabled': True, 'router:external': False, 'provider:network_type': 'vlan', 'provider:physical_network': 'default', 'provider:segmentation_id': 272, 'is_default': False, 'availability_zone_hints': [], 'availability_zones': [], 'ipv4_address_scope': None, 'ipv6_address_scope': None, 'description': '', 'tags': [], 'created_at': '2024-10-09T19:52:40Z', 'updated_at': '2024-10-09T19:52:40Z', 'revision_number': 1}, Subnet: {'id': '4d8cbaef-ab5f-4a73-9c13-d6d175baac61', 'name': 'tempest-ServerDiskConfigTestJSON-186011702-subnet', 'tenant_id': '9f4804c086b449608ef34ea22c018907', 'network_id': '2fd0547b-2e4e-4625-9281-1c43c9b5ceee', 'ip_version': 4, 'subnetpool_id': None, 'enable_dhcp': True, 'ipv6_ra_mode': None, 'ipv6_address_mode': None, 'gateway_ip': '192.168.128.1', 'cidr': '192.168.128.0/28', 'allocation_pools': [{'start': '192.168.128.2', 'end': '192.168.128.14'}], 'host_routes': [], 'dns_nameservers': [], 'description': '', 'router:external': False, 'service_types': [], 'tags': [], 'created_at': '2024-10-09T19:52:41Z', 'updated_at': '2024-10-09T19:52:41Z', 'revision_number': 0, 'project_id': '9f4804c086b449608ef34ea22c018907'}, Router: {'id': 'ae842b39-2610-45ed-92ac-670820a610f8', 'name': 'tempest-ServerDiskConfigTestJSON-186011702-router', 'tenant_id': '9f4804c086b449608ef34ea22c018907', 'admin_state_up': True, 'status': 'ACTIVE', 'external_gateway_info': {'network_id': 'dbad42ef-741a-4ea0-8457-bed8afee6a90', 'external_fixed_ips': [{'subnet_id': '0f03b97b-8827-4e7c-adf6-66f9088bc924', 'ip_address': '10.180.180.202'}], 'enable_snat': True}, 'description': '', 'availability_zones': [], 'distributed': False, 'ha': False, 'availability_zone_hints': [], 'routes': [], 'flavor_id': None, 'tags': [], 'created_at': '2024-10-09T19:52:41Z', 'updated_at': '2024-10-09T19:52:42Z', 'revision_number': 2, 'project_id': '9f4804c086b449608ef34ea22c018907'}
2024-10-09 19:52:47.492 61970 INFO tempest.lib.common.rest_client [req-46c448fd-7301-4d6d-8d7f-459b4174a695 req-46c448fd-7301-4d6d-8d7f-459b4174a695 ] Request (ImagesOneServerTestJSON:setUpClass): 201 POST http://10.180.1.21/identity/v3/projects 0.033s
2024-10-09 19:52:47.507 62012 INFO tempest.lib.common.rest_client [req-d901494c-a717-490d-8fe7-3ce16a2413ae req-d901494c-a717-490d-8fe7-3ce16a2413ae ] Request (ImagesTestJSON:test_create_image_from_stopped_server): 200 GET http://10.180.1.21/compute/v2.1/servers/7bc2075c-2cb2-41c2-9681-780689c1d080 0.752s
2024-10-09 19:52:47.510 62010 INFO tempest.lib.common.rest_client [req-7c8ec886-48c2-412a-a5d9-9c4290d0976e req-7c8ec886-48c2-412a-a5d9-9c4290d0976e ] Request (ServersTestJSON:setUpClass): 200 GET http://10.180.1.21/identity/v3/roles 0.043s
2024-10-09 19:52:47.569 61970 INFO tempest.lib.common.rest_client [req-4a0251f7-42b6-4665-907c-77e974cdf060 req-4a0251f7-42b6-4665-907c-77e974cdf060 ] Request (ImagesOneServerTestJSON:setUpClass): 201 POST http://10.180.1.21/identity/v3/users 0.073s
2024-10-09 19:52:47.606 62010 INFO tempest.lib.common.rest_client [req-9023a368-b63d-4b03-bd02-fdc515803b5e req-9023a368-b63d-4b03-bd02-fdc515803b5e ] Request (ServersTestJSON:setUpClass): 204 PUT http://10.180.1.21/identity/v3/projects/96e6619a79e54ce29d5e796ebac2338c/users/d26bd2d2c22848778d81d43853e1e5dc/roles/5f80f22af14544cb85b78ec9c1f69e85 0.095s
2024-10-09 19:52:47.607 62010 INFO tempest.lib.common.dynamic_creds [-] Dynamic test user d26bd2d2c22848778d81d43853e1e5dc is created with scope project and roles: ['member']
2024-10-09 19:52:47.607 62010 INFO tempest.lib.common.dynamic_creds [-] Acquired dynamic creds: credentials: Credentials: {'domain_id': 'default', 'domain_name': 'Default', 'username': 'tempest-ServersTestJSON-1979620588-project-member', 'project_domain_id': 'default', 'project_domain_name': 'Default', 'project_id': '96e6619a79e54ce29d5e796ebac2338c', 'project_name': 'tempest-ServersTestJSON-1979620588', 'tenant_id': '96e6619a79e54ce29d5e796ebac2338c', 'tenant_name': 'tempest-ServersTestJSON-1979620588', 'user_domain_id': 'default', 'user_domain_name': 'Default', 'user_id': 'd26bd2d2c22848778d81d43853e1e5dc', 'system': None}, Network: None, Subnet: None, Router: None
2024-10-09 19:52:47.612 61994 INFO tempest.lib.common.rest_client [req-e6f5bea7-dfb9-432b-9444-4d7488e05af7 req-e6f5bea7-dfb9-432b-9444-4d7488e05af7 ] Request (ServerDiskConfigTestJSON:setUpClass): 201 POST http://10.180.1.21/identity/v3/auth/tokens 0.109s
2024-10-09 19:52:47.621 62024 INFO tempest.lib.common.rest_client [req-01ea6421-56e2-4ae7-abd8-f46e9aa72d84 req-01ea6421-56e2-4ae7-abd8-f46e9aa72d84 ] Request (ServersV294TestFqdnHostnames:setUpClass): 200 GET http://10.180.1.21/compute/v2.1/servers/1331a447-7be8-42b8-9d59-6b97742e49d1 0.833s
2024-10-09 19:52:47.686 61970 INFO tempest.lib.common.rest_client [req-f1ab0d9f-9541-4cc5-bf92-a7ac9ab2ba56 req-f1ab0d9f-9541-4cc5-bf92-a7ac9ab2ba56 ] Request (ImagesOneServerTestJSON:setUpClass): 200 GET http://10.180.1.21/identity/v3/roles 0.117s
2024-10-09 19:52:47.696 62020 INFO tempest.lib.common.rest_client [req-cc4b8c8c-0ab3-466c-83df-45a2d7417fff req-cc4b8c8c-0ab3-466c-83df-45a2d7417fff ] Request (KeyPairsV2TestJSON:test_keypairs_create_list_delete): 200 POST http://10.180.1.21/compute/v2.1/os-keypairs 0.885s
2024-10-09 19:52:47.709 62010 INFO tempest.lib.common.rest_client [req-5377717a-752a-4088-bc46-5c200961e84e req-5377717a-752a-4088-bc46-5c200961e84e ] Request (ServersTestJSON:setUpClass): 201 POST http://10.180.1.21/identity/v3/auth/tokens 0.102s
2024-10-09 19:52:47.723 62014 INFO tempest.lib.common.rest_client [req-48766029-369e-4b04-910c-bf9e1c035001 req-48766029-369e-4b04-910c-bf9e1c035001 ] Request (AggregatesAdminNegativeTestJSON:test_aggregate_remove_host_as_user): 200 POST http://10.180.1.21/compute/v2.1/os-aggregates 0.907s
2024-10-09 19:52:47.745 61994 INFO tempest.lib.common.rest_client [req-722e7360-c4be-4a53-b8db-8af8b636db21 req-722e7360-c4be-4a53-b8db-8af8b636db21 ] Request (ServerDiskConfigTestJSON:test_rebuild_server_with_auto_disk_config): 201 POST http://10.180.1.21/identity/v3/auth/tokens 0.125s
2024-10-09 19:52:47.745 61994 INFO tempest.lib.common.fixed_network [-] (ServerDiskConfigTestJSON:test_rebuild_server_with_auto_disk_config) Found network {'id': '2fd0547b-2e4e-4625-9281-1c43c9b5ceee', 'name': 'tempest-ServerDiskConfigTestJSON-186011702-network', 'tenant_id': '9f4804c086b449608ef34ea22c018907', 'admin_state_up': True, 'mtu': 8950, 'status': 'ACTIVE', 'subnets': [], 'shared': False, 'project_id': '9f4804c086b449608ef34ea22c018907', 'port_security_enabled': True, 'router:external': False, 'provider:network_type': 'vlan', 'provider:physical_network': 'default', 'provider:segmentation_id': 272, 'is_default': False, 'availability_zone_hints': [], 'availability_zones': [], 'ipv4_address_scope': None, 'ipv6_address_scope': None, 'description': '', 'tags': [], 'created_at': '2024-10-09T19:52:40Z', 'updated_at': '2024-10-09T19:52:40Z', 'revision_number': 1} available for tenant
2024-10-09 19:52:47.748 61970 INFO tempest.lib.common.rest_client [req-c336047f-e629-49ea-9f74-bbe99e48875b req-c336047f-e629-49ea-9f74-bbe99e48875b ] Request (ImagesOneServerTestJSON:setUpClass): 204 PUT http://10.180.1.21/identity/v3/projects/a1f1f09a7af14f3e8d184147dfb06c98/users/bec6271df93e432a941fc02a925de97b/roles/5f80f22af14544cb85b78ec9c1f69e85 0.057s
2024-10-09 19:52:47.749 61970 INFO tempest.lib.common.dynamic_creds [-] Dynamic test user bec6271df93e432a941fc02a925de97b is created with scope project and roles: ['member']
2024-10-09 19:52:47.749 61970 INFO tempest.lib.common.dynamic_creds [-] Acquired dynamic creds: credentials: Credentials: {'domain_id': 'default', 'domain_name': 'Default', 'username': 'tempest-ImagesOneServerTestJSON-1093653889-project-member', 'project_domain_id': 'default', 'project_domain_name': 'Default', 'project_id': 'a1f1f09a7af14f3e8d184147dfb06c98', 'project_name': 'tempest-ImagesOneServerTestJSON-1093653889', 'tenant_id': 'a1f1f09a7af14f3e8d184147dfb06c98', 'tenant_name': 'tempest-ImagesOneServerTestJSON-1093653889', 'user_domain_id': 'default', 'user_domain_name': 'Default', 'user_id': 'bec6271df93e432a941fc02a925de97b', 'system': None}, Network: None, Subnet: None, Router: None
2024-10-09 19:52:47.817 61970 INFO tempest.lib.common.rest_client [req-953a8bdf-dfb6-4f3b-969a-cb4085204e1d req-953a8bdf-dfb6-4f3b-969a-cb4085204e1d ] Request (ImagesOneServerTestJSON:setUpClass): 201 POST http://10.180.1.21/identity/v3/auth/tokens 0.068s
2024-10-09 19:52:47.872 61974 INFO tempest.lib.common.rest_client [req-32eac6bd-8d1e-4ef4-a2ee-ed24c13be836 req-32eac6bd-8d1e-4ef4-a2ee-ed24c13be836 ] Request (FlavorsV2TestJSON:tearDownClass): 204 DELETE http://10.180.1.21:9696/networking/v2.0/security-groups/be34661d-502e-4ddf-b3a5-9cc8a9a0f544 0.593s
2024-10-09 19:52:47.920 61988 INFO tempest.lib.common.rest_client [req-1e0efc8c-8d27-4839-81b8-ef6aca6d1c24 req-1e0efc8c-8d27-4839-81b8-ef6aca6d1c24 ] Request (TenantUsagesNegativeTestJSON:tearDownClass): 200 GET http://10.180.1.21:9696/networking/v2.0/security-groups?tenant_id=034a488e3f8247ddb4f7b0d472b4742a&name=default 0.789s
2024-10-09 19:52:47.933 61974 INFO tempest.lib.common.rest_client [req-c38ae831-8239-4257-ac45-65ac4071a29e req-c38ae831-8239-4257-ac45-65ac4071a29e ] Request (FlavorsV2TestJSON:tearDownClass): 204 DELETE http://10.180.1.21/identity/v3/projects/a2b038065cb9498b91ce6fe7ea7465ce 0.060s
2024-10-09 19:52:47.974 61964 INFO tempest.lib.common.rest_client [req-6e0e6352-cfa3-490b-92f1-1d4e5c3b9d14 req-6e0e6352-cfa3-490b-92f1-1d4e5c3b9d14 ] Request (ServersWithSpecificFlavorTestJSON:test_verify_created_server_ephemeral_disk): 200 GET http://10.180.1.21/compute/v2.1/servers/ca31b2ec-0bfb-47d9-9f35-c54659fa7799 0.881s
2024-10-09 19:52:47.992 62002 INFO tempest.lib.common.rest_client [req-85b44a93-6a11-4414-a007-eb5713b66d36 req-85b44a93-6a11-4414-a007-eb5713b66d36 ] Request (FlavorsAccessNegativeTestJSON:tearDownClass): 204 DELETE http://10.180.1.21:9696/networking/v2.0/security-groups/5afe6c8d-bd81-4a72-8ec4-ebc8707ce826 0.684s
2024-10-09 19:52:48.009 61966 INFO tempest.lib.common.rest_client [req-5cd961a3-e012-432c-8f6e-9b0c45c869f1 req-5cd961a3-e012-432c-8f6e-9b0c45c869f1 ] Request (ServicesAdminNegativeTestJSON:test_get_service_by_invalid_service_and_valid_host): 200 GET http://10.180.1.21/compute/v2.1/os-services 0.814s
2024-10-09 19:52:48.033 61974 INFO tempest.lib.common.rest_client [req-6240a11c-d0d7-4723-9c2c-88b119ab6ed2 req-6240a11c-d0d7-4723-9c2c-88b119ab6ed2 ] Request (FloatingIPsNegativeTestJSON:setUpClass): 201 POST http://10.180.1.21/identity/v3/auth/tokens 0.098s
2024-10-09 19:52:48.068 61974 INFO tempest.lib.common.rest_client [req-c91bc529-8617-461c-88f9-79843f4ac692 req-c91bc529-8617-461c-88f9-79843f4ac692 ] Request (FloatingIPsNegativeTestJSON:setUpClass): 201 POST http://10.180.1.21/identity/v3/auth/tokens 0.031s
2024-10-09 19:52:48.090 61974 INFO tempest.lib.common.rest_client [req-d32161b9-69b7-4a74-ba7f-bbbf59bd3fdd req-d32161b9-69b7-4a74-ba7f-bbbf59bd3fdd ] Request (FloatingIPsNegativeTestJSON:setUpClass): 200 GET http://10.180.1.21/identity/v3/domains?name=Default 0.021s
2024-10-09 19:52:48.111 61976 INFO tempest.lib.common.rest_client [req-ed93da91-ea2f-42f9-ab3c-eb5d23bfc504 req-ed93da91-ea2f-42f9-ab3c-eb5d23bfc504 ] Request (MigrationsAdminTest:test_list_migrations_in_flavor_resize_situation): 200 GET http://10.180.1.21/compute/v2.1/servers/438d040b-c86f-47ab-8d22-e0e86c41ac43 0.908s
2024-10-09 19:52:48.117 62002 INFO tempest.lib.common.rest_client [req-9f8e26c9-6873-408c-89b7-6602fadb913b req-9f8e26c9-6873-408c-89b7-6602fadb913b ] Request (FlavorsAccessNegativeTestJSON:tearDownClass): 204 DELETE http://10.180.1.21/identity/v3/projects/71dc38e4681241798538ed3841c6028d 0.124s
2024-10-09 19:52:48.117 62002 INFO tempest.lib.common.dynamic_creds [-] Deleting project and security group for project: 9824550f9b8f49fcb33d77855c0ec8b8
2024-10-09 19:52:48.140 61982 INFO tempest.lib.common.rest_client [req-d5504597-3468-4cfd-a736-b9a05e0404da req-d5504597-3468-4cfd-a736-b9a05e0404da ] Request (AttachInterfacesUnderV243Test:setUpClass): 200 PUT http://10.180.1.21:9696/networking/v2.0/routers/9b3af051-e6b3-426b-a05e-2aa4d8e6c926/add_router_interface 3.059s
2024-10-09 19:52:48.140 61982 INFO tempest.lib.common.dynamic_creds [-] Created isolated network resources for: credentials: Credentials: {'domain_id': 'default', 'domain_name': 'Default', 'username': 'tempest-AttachInterfacesUnderV243Test-1071771707-project-member', 'project_domain_id': 'default', 'project_domain_name': 'Default', 'project_id': '42e166d62eb94f2bbe4de986d8479777', 'project_name': 'tempest-AttachInterfacesUnderV243Test-1071771707', 'tenant_id': '42e166d62eb94f2bbe4de986d8479777', 'tenant_name': 'tempest-AttachInterfacesUnderV243Test-1071771707', 'user_domain_id': 'default', 'user_domain_name': 'Default', 'user_id': '353dee3c759743d4867459eb76913691', 'system': None}, Network: {'id': 'b0793617-fc89-4bb0-b6ee-04fa3246548a', 'name': 'tempest-AttachInterfacesUnderV243Test-202509335-network', 'tenant_id': '42e166d62eb94f2bbe4de986d8479777', 'admin_state_up': True, 'mtu': 8950, 'status': 'ACTIVE', 'subnets': [], 'shared': False, 'project_id': '42e166d62eb94f2bbe4de986d8479777', 'port_security_enabled': True, 'router:external': False, 'provider:network_type': 'vlan', 'provider:physical_network': 'default', 'provider:segmentation_id': 114, 'is_default': False, 'availability_zone_hints': [], 'availability_zones': [], 'ipv4_address_scope': None, 'ipv6_address_scope': None, 'description': '', 'tags': [], 'created_at': '2024-10-09T19:52:41Z', 'updated_at': '2024-10-09T19:52:41Z', 'revision_number': 1}, Subnet: {'id': '49e7f1ad-4662-48ff-972a-eeeeadbdcd22', 'name': 'tempest-AttachInterfacesUnderV243Test-202509335-subnet', 'tenant_id': '42e166d62eb94f2bbe4de986d8479777', 'network_id': 'b0793617-fc89-4bb0-b6ee-04fa3246548a', 'ip_version': 4, 'subnetpool_id': None, 'enable_dhcp': True, 'ipv6_ra_mode': None, 'ipv6_address_mode': None, 'gateway_ip': '192.168.128.1', 'cidr': '192.168.128.0/28', 'allocation_pools': [{'start': '192.168.128.2', 'end': '192.168.128.14'}], 'host_routes': [], 'dns_nameservers': [], 'description': '', 'router:external': False, 'service_types': [], 'tags': [], 'created_at': '2024-10-09T19:52:41Z', 'updated_at': '2024-10-09T19:52:41Z', 'revision_number': 0, 'project_id': '42e166d62eb94f2bbe4de986d8479777'}, Router: {'id': '9b3af051-e6b3-426b-a05e-2aa4d8e6c926', 'name': 'tempest-AttachInterfacesUnderV243Test-202509335-router', 'tenant_id': '42e166d62eb94f2bbe4de986d8479777', 'admin_state_up': True, 'status': 'ACTIVE', 'external_gateway_info': {'network_id': 'dbad42ef-741a-4ea0-8457-bed8afee6a90', 'external_fixed_ips': [{'subnet_id': '0f03b97b-8827-4e7c-adf6-66f9088bc924', 'ip_address': '10.180.180.166'}], 'enable_snat': True}, 'description': '', 'availability_zones': [], 'distributed': False, 'ha': False, 'availability_zone_hints': [], 'routes': [], 'flavor_id': None, 'tags': [], 'created_at': '2024-10-09T19:52:42Z', 'updated_at': '2024-10-09T19:52:43Z', 'revision_number': 2, 'project_id': '42e166d62eb94f2bbe4de986d8479777'}
2024-10-09 19:52:48.147 62018 INFO tempest.lib.common.rest_client [req-0a70227b-4e2e-4ee0-8ef8-691883f5374e req-0a70227b-4e2e-4ee0-8ef8-691883f5374e ] Request (FlavorsAdminTestJSON:test_is_public_string_variations): 200 GET http://10.180.1.21/compute/v2.1/flavors/detail?is_public=false 0.930s
2024-10-09 19:52:48.168 61974 INFO tempest.lib.common.rest_client [req-eaa35131-8a36-4b8b-a375-1d3618703d19 req-eaa35131-8a36-4b8b-a375-1d3618703d19 ] Request (FloatingIPsNegativeTestJSON:setUpClass): 201 POST http://10.180.1.21/identity/v3/projects 0.077s
2024-10-09 19:52:48.238 61982 INFO tempest.lib.common.rest_client [req-1991d73d-aff1-49b5-bfbb-33c264335cfa req-1991d73d-aff1-49b5-bfbb-33c264335cfa ] Request (AttachInterfacesUnderV243Test:setUpClass): 201 POST http://10.180.1.21/identity/v3/auth/tokens 0.091s
2024-10-09 19:52:48.294 61974 INFO tempest.lib.common.rest_client [req-93abf6fa-b14f-481b-ae1f-31570fb7bf1e req-93abf6fa-b14f-481b-ae1f-31570fb7bf1e ] Request (FloatingIPsNegativeTestJSON:setUpClass): 201 POST http://10.180.1.21/identity/v3/users 0.125s
2024-10-09 19:52:48.314 61988 INFO tempest.lib.common.rest_client [req-370be34f-f8a9-43fc-a556-be251638415a req-370be34f-f8a9-43fc-a556-be251638415a ] Request (TenantUsagesNegativeTestJSON:tearDownClass): 204 DELETE http://10.180.1.21:9696/networking/v2.0/security-groups/f455a469-4f76-42e9-af33-90086da75359 0.393s
2024-10-09 19:52:48.352 61974 INFO tempest.lib.common.rest_client [req-1f4d11ca-b467-4d47-a3d6-894942aaa9ec req-1f4d11ca-b467-4d47-a3d6-894942aaa9ec ] Request (FloatingIPsNegativeTestJSON:setUpClass): 200 GET http://10.180.1.21/identity/v3/roles 0.058s
2024-10-09 19:52:48.418 61988 INFO tempest.lib.common.rest_client [req-202a9c7a-8128-4653-982c-950e458f332f req-202a9c7a-8128-4653-982c-950e458f332f ] Request (TenantUsagesNegativeTestJSON:tearDownClass): 204 DELETE http://10.180.1.21/identity/v3/projects/034a488e3f8247ddb4f7b0d472b4742a 0.104s
2024-10-09 19:52:48.418 61988 INFO tempest.lib.common.dynamic_creds [-] Deleting project and security group for project: ea27c0c9d5fd49069ae31ede05b328a1
2024-10-09 19:52:48.446 61970 INFO tempest.lib.common.rest_client [req-17453e75-cd19-4a14-8aa4-1a262e7f3080 req-17453e75-cd19-4a14-8aa4-1a262e7f3080 ] Request (ImagesOneServerTestJSON:setUpClass): 201 POST http://10.180.1.21:9696/networking/v2.0/networks 0.628s
2024-10-09 19:52:48.463 62009 INFO tempest.lib.common.rest_client [req-d4756209-0487-435f-bc28-34fadadac4c7 req-d4756209-0487-435f-bc28-34fadadac4c7 ] Request (ServerMetadataNegativeTestJSON:setUpClass): 202 POST http://10.180.1.21/compute/v2.1/servers 1.710s
2024-10-09 19:52:48.478 61974 INFO tempest.lib.common.rest_client [req-a6fb131e-872a-4926-b947-c4f2eea88835 req-a6fb131e-872a-4926-b947-c4f2eea88835 ] Request (FloatingIPsNegativeTestJSON:setUpClass): 204 PUT http://10.180.1.21/identity/v3/projects/3119a2b530cf404c9b70596b10202e37/users/362e365c55a84adbb155667fbbc5b490/roles/5f80f22af14544cb85b78ec9c1f69e85 0.125s
2024-10-09 19:52:48.478 61974 INFO tempest.lib.common.dynamic_creds [-] Dynamic test user 362e365c55a84adbb155667fbbc5b490 is created with scope project and roles: ['member']
2024-10-09 19:52:48.479 61974 INFO tempest.lib.common.dynamic_creds [-] Acquired dynamic creds: credentials: Credentials: {'domain_id': 'default', 'domain_name': 'Default', 'username': 'tempest-FloatingIPsNegativeTestJSON-1836663103-project-member', 'project_domain_id': 'default', 'project_domain_name': 'Default', 'project_id': '3119a2b530cf404c9b70596b10202e37', 'project_name': 'tempest-FloatingIPsNegativeTestJSON-1836663103', 'tenant_id': '3119a2b530cf404c9b70596b10202e37', 'tenant_name': 'tempest-FloatingIPsNegativeTestJSON-1836663103', 'user_domain_id': 'default', 'user_domain_name': 'Default', 'user_id': '362e365c55a84adbb155667fbbc5b490', 'system': None}, Network: None, Subnet: None, Router: None
2024-10-09 19:52:48.522 62020 INFO tempest.lib.common.rest_client [req-a7182d35-28a8-44a3-9b67-4c383e150f70 req-a7182d35-28a8-44a3-9b67-4c383e150f70 ] Request (KeyPairsV2TestJSON:test_keypairs_create_list_delete): 200 POST http://10.180.1.21/compute/v2.1/os-keypairs 0.822s
2024-10-09 19:52:48.538 61986 INFO tempest.lib.common.rest_client [req-da0b55a8-a0fb-42d5-879b-f9d1951dcea6 req-da0b55a8-a0fb-42d5-879b-f9d1951dcea6 ] Request (QuotasAdminTestJSON:test_update_all_quota_resources_for_tenant): 200 PUT http://10.180.1.21/compute/v2.1/os-quota-sets/bf6dc683768b4ce2b59ec04eb5331d60 1.225s
2024-10-09 19:52:48.567 61974 INFO tempest.lib.common.rest_client [req-7a5a3e2b-2712-4f37-88c0-78f2db350888 req-7a5a3e2b-2712-4f37-88c0-78f2db350888 ] Request (FloatingIPsNegativeTestJSON:setUpClass): 201 POST http://10.180.1.21/identity/v3/auth/tokens 0.088s
2024-10-09 19:52:48.580 62002 INFO tempest.lib.common.rest_client [req-574b2ffe-d3d4-488a-b1a3-84836820b015 req-574b2ffe-d3d4-488a-b1a3-84836820b015 ] Request (FlavorsAccessNegativeTestJSON:tearDownClass): 200 GET http://10.180.1.21:9696/networking/v2.0/security-groups?tenant_id=9824550f9b8f49fcb33d77855c0ec8b8&name=default 0.462s
2024-10-09 19:52:48.649 62014 INFO tempest.lib.common.rest_client [req-e28509d9-8a6b-40af-adce-7497a3636345 req-e28509d9-8a6b-40af-adce-7497a3636345 ] Request (AggregatesAdminNegativeTestJSON:test_aggregate_remove_host_as_user): 200 POST http://10.180.1.21/compute/v2.1/os-aggregates/7/action 0.924s
2024-10-09 19:52:48.660 62010 INFO tempest.lib.common.rest_client [req-71e3c8f7-0d22-48cb-964b-54983d2845f0 req-71e3c8f7-0d22-48cb-964b-54983d2845f0 ] Request (ServersTestJSON:setUpClass): 201 POST http://10.180.1.21:9696/networking/v2.0/networks 0.951s
2024-10-09 19:52:48.665 61972 INFO tempest.lib.common.rest_client [req-d37e9b92-a18c-4550-a2b0-28f8eaf6c032 req-d37e9b92-a18c-4550-a2b0-28f8eaf6c032 ] Request (ServerActionsTestOtherA:setUpClass): 201 POST http://10.180.1.21:9696/networking/v2.0/floatingips 1.650s
2024-10-09 19:52:48.760 61972 INFO tempest.lib.common.rest_client [req-ae15ac91-9f2e-4516-a69d-2280b0cd8b5e req-ae15ac91-9f2e-4516-a69d-2280b0cd8b5e ] Request (ServerActionsTestOtherA:setUpClass): 201 POST http://10.180.1.21/identity/v3/auth/tokens 0.092s
2024-10-09 19:52:48.760 61972 INFO tempest.lib.common.fixed_network [-] (ServerActionsTestOtherA:setUpClass) Found network {'id': '7aa93623-a149-41a8-b466-5dbd7af4d458', 'name': 'tempest-ServerActionsTestOtherA-1122295776-network', 'tenant_id': 'ccb1589efa094bd8a121fd5817828417', 'admin_state_up': True, 'mtu': 8950, 'status': 'ACTIVE', 'subnets': [], 'shared': False, 'project_id': 'ccb1589efa094bd8a121fd5817828417', 'port_security_enabled': True, 'router:external': False, 'provider:network_type': 'vlan', 'provider:physical_network': 'default', 'provider:segmentation_id': 105, 'is_default': False, 'availability_zone_hints': [], 'availability_zones': [], 'ipv4_address_scope': None, 'ipv6_address_scope': None, 'description': '', 'tags': [], 'created_at': '2024-10-09T19:52:39Z', 'updated_at': '2024-10-09T19:52:39Z', 'revision_number': 1} available for tenant
2024-10-09 19:52:48.772 61988 INFO tempest.lib.common.rest_client [req-dc3ceb69-a590-4d94-8e77-0a673e2978e8 req-dc3ceb69-a590-4d94-8e77-0a673e2978e8 ] Request (TenantUsagesNegativeTestJSON:tearDownClass): 200 GET http://10.180.1.21:9696/networking/v2.0/security-groups?tenant_id=ea27c0c9d5fd49069ae31ede05b328a1&name=default 0.353s
2024-10-09 19:52:48.777 61978 INFO tempest.lib.common.rest_client [req-649f98c1-2127-4916-ba31-7d2d89ecafa3 req-649f98c1-2127-4916-ba31-7d2d89ecafa3 ] Request (DeleteServersAdminTestJSON:test_admin_delete_servers_of_others): 200 GET http://10.180.1.21/compute/v2.1/servers/df682d97-53c1-4a18-8800-b23f3fc66018 0.983s
2024-10-09 19:52:48.784 61978 INFO tempest.common.waiters [-] State transition "BUILD/spawning" ==> "ERROR/None" after 27 second wait
2024-10-09 19:52:48.872 61992 INFO tempest.lib.common.rest_client [req-1511dc04-7fa2-4a01-8181-225bb5419a62 req-1511dc04-7fa2-4a01-8181-225bb5419a62 ] Request (FloatingIPsAssociationTestJSON:setUpClass): 200 GET http://10.180.1.21/compute/v2.1/servers/0188dbb6-ae91-4601-83a3-3e3bf55fc753 0.972s
2024-10-09 19:52:48.907 61980 INFO tempest.lib.common.rest_client [req-0510aff1-f895-4e1c-a7f7-5afb38c84043 req-0510aff1-f895-4e1c-a7f7-5afb38c84043 ] Request (ListImageFiltersTestJSON:setUpClass): 204 PUT http://10.180.1.21/image/v2/images/dfc82e4a-e930-41f4-88ba-7bbaa07da0de/file 0.779s
2024-10-09 19:52:48.997 62002 INFO tempest.lib.common.rest_client [req-5ad7fc98-3e36-4624-98fa-a5c6bbea23c0 req-5ad7fc98-3e36-4624-98fa-a5c6bbea23c0 ] Request (FlavorsAccessNegativeTestJSON:tearDownClass): 204 DELETE http://10.180.1.21:9696/networking/v2.0/security-groups/43674a5f-da04-4d24-af2b-5132992583c2 0.417s
2024-10-09 19:52:49.088 62002 INFO tempest.lib.common.rest_client [req-3dac21bd-f506-46fc-9aed-5f8d7528f8b4 req-3dac21bd-f506-46fc-9aed-5f8d7528f8b4 ] Request (FlavorsAccessNegativeTestJSON:tearDownClass): 204 DELETE http://10.180.1.21/identity/v3/projects/9824550f9b8f49fcb33d77855c0ec8b8 0.090s
2024-10-09 19:52:49.089 62002 INFO tempest.lib.common.dynamic_creds [-] Deleting project and security group for project: 0931a0482d3c433d8f1b7c616d0a0be0
2024-10-09 19:52:49.115 61970 INFO tempest.lib.common.rest_client [req-0dc0d4f6-9efc-4b41-b23e-f2e684de2a45 req-0dc0d4f6-9efc-4b41-b23e-f2e684de2a45 ] Request (ImagesOneServerTestJSON:setUpClass): 201 POST http://10.180.1.21:9696/networking/v2.0/subnets 0.669s
2024-10-09 19:52:49.127 61988 INFO tempest.lib.common.rest_client [req-6ee75f19-0a59-4e59-8a7f-c66a6011f3e6 req-6ee75f19-0a59-4e59-8a7f-c66a6011f3e6 ] Request (TenantUsagesNegativeTestJSON:tearDownClass): 204 DELETE http://10.180.1.21:9696/networking/v2.0/security-groups/3a1f2fca-b35f-4958-9522-99eafeb123bb 0.355s
2024-10-09 19:52:49.238 61988 INFO tempest.lib.common.rest_client [req-342b336e-9cb0-4acf-9e25-f4744a19f1d1 req-342b336e-9cb0-4acf-9e25-f4744a19f1d1 ] Request (TenantUsagesNegativeTestJSON:tearDownClass): 204 DELETE http://10.180.1.21/identity/v3/projects/ea27c0c9d5fd49069ae31ede05b328a1 0.110s
2024-10-09 19:52:49.280 62010 INFO tempest.lib.common.rest_client [req-351a85d5-c9b5-4dce-b2f2-1bca2884edf9 req-351a85d5-c9b5-4dce-b2f2-1bca2884edf9 ] Request (ServersTestJSON:setUpClass): 201 POST http://10.180.1.21:9696/networking/v2.0/subnets 0.619s
2024-10-09 19:52:49.299 61988 INFO tempest.lib.common.rest_client [req-350c06de-1f30-48d1-9fa5-4df8a54ea851 req-350c06de-1f30-48d1-9fa5-4df8a54ea851 ] Request (ServersTestManualDisk:setUpClass): 201 POST http://10.180.1.21/identity/v3/auth/tokens 0.059s
2024-10-09 19:52:49.319 61962 INFO tempest.lib.common.rest_client [req-df90e691-9caa-4ebf-8c02-aed243bdb9a8 req-df90e691-9caa-4ebf-8c02-aed243bdb9a8 ] Request (ServerExternalEventsTest:test_create_server_external_events): 200 GET http://10.180.1.21/compute/v2.1/servers/7d0e752f-9b39-4d01-bedc-5315927deea8 1.414s
2024-10-09 19:52:49.344 61988 INFO tempest.lib.common.rest_client [req-b9acdb7f-80bf-4f98-a61a-931c6fe46888 req-b9acdb7f-80bf-4f98-a61a-931c6fe46888 ] Request (ServersTestManualDisk:setUpClass): 201 POST http://10.180.1.21/identity/v3/auth/tokens 0.040s
2024-10-09 19:52:49.367 61988 INFO tempest.lib.common.rest_client [req-53d15da3-5937-4d33-8dfa-3653b50bf9b4 req-53d15da3-5937-4d33-8dfa-3653b50bf9b4 ] Request (ServersTestManualDisk:setUpClass): 200 GET http://10.180.1.21/identity/v3/domains?name=Default 0.022s
2024-10-09 19:52:49.376 61994 INFO tempest.lib.common.rest_client [req-56cd553e-f8ec-4f5c-9885-042915f92f00 req-56cd553e-f8ec-4f5c-9885-042915f92f00 ] Request (ServerDiskConfigTestJSON:test_rebuild_server_with_auto_disk_config): 202 POST http://10.180.1.21/compute/v2.1/servers 1.630s
2024-10-09 19:52:49.401 61988 INFO tempest.lib.common.rest_client [req-b46a897f-6151-4be2-b295-f83baf92426e req-b46a897f-6151-4be2-b295-f83baf92426e ] Request (ServersTestManualDisk:setUpClass): 201 POST http://10.180.1.21/identity/v3/projects 0.034s
2024-10-09 19:52:49.407 61966 INFO tempest.lib.common.rest_client [req-393f8664-dd84-413d-8af3-bdcd69da0dee req-393f8664-dd84-413d-8af3-bdcd69da0dee ] Request (ServicesAdminNegativeTestJSON:test_get_service_by_invalid_service_and_valid_host): 200 GET http://10.180.1.21/compute/v2.1/os-services?host=devstack&binary=xxx 1.396s
2024-10-09 19:52:49.438 61998 INFO tempest.lib.common.rest_client [req-b277f3ef-0baa-4a1f-8a5a-dc5c44715a6b req-b277f3ef-0baa-4a1f-8a5a-dc5c44715a6b ] Request (AttachInterfacesTestJSON:test_create_list_show_delete_interfaces_by_fixed_ip): 200 GET http://10.180.1.21/compute/v2.1/servers/417480ad-61d9-447d-a84d-0cf5df94f4bc 1.444s
2024-10-09 19:52:49.470 62004 INFO tempest.lib.common.rest_client [req-912c0c93-1154-4eb4-ae66-8734fd85b011 req-912c0c93-1154-4eb4-ae66-8734fd85b011 ] Request (VolumesAdminNegativeTest:test_update_attached_volume_with_nonexistent_volume_in_body): 200 GET http://10.180.1.21/compute/v2.1/servers/c3b90a4d-e885-453c-9f8e-799adb2400a0 1.447s
2024-10-09 19:52:49.486 62018 INFO tempest.lib.common.rest_client [req-ef970a2a-4851-4975-8ee4-0d705d009ae1 req-ef970a2a-4851-4975-8ee4-0d705d009ae1 ] Request (FlavorsAdminTestJSON:test_is_public_string_variations): 200 GET http://10.180.1.21/compute/v2.1/flavors/detail?is_public=no 1.334s
2024-10-09 19:52:49.496 61988 INFO tempest.lib.common.rest_client [req-a9ac8c04-2c77-42f2-86fc-693fece99ae5 req-a9ac8c04-2c77-42f2-86fc-693fece99ae5 ] Request (ServersTestManualDisk:setUpClass): 201 POST http://10.180.1.21/identity/v3/users 0.094s
2024-10-09 19:52:49.515 61988 INFO tempest.lib.common.rest_client [req-d966926d-5543-4395-a760-4d1bb56c484a req-d966926d-5543-4395-a760-4d1bb56c484a ] Request (ServersTestManualDisk:setUpClass): 200 GET http://10.180.1.21/identity/v3/roles 0.018s
2024-10-09 19:52:49.516 61974 INFO tempest.lib.common.rest_client [req-65bec1d1-d21d-43ab-b241-f3613fd089c5 req-65bec1d1-d21d-43ab-b241-f3613fd089c5 ] Request (FloatingIPsNegativeTestJSON:setUpClass): 201 POST http://10.180.1.21:9696/networking/v2.0/networks 0.948s
2024-10-09 19:52:49.559 61988 INFO tempest.lib.common.rest_client [req-4b2015d7-e5d5-4e18-bf4a-849cc2fcc83e req-4b2015d7-e5d5-4e18-bf4a-849cc2fcc83e ] Request (ServersTestManualDisk:setUpClass): 204 PUT http://10.180.1.21/identity/v3/projects/573bf2b9cd514369a3f9b429dd9c388e/users/8b89f74739d8472c8727e9653c32d6a8/roles/5f80f22af14544cb85b78ec9c1f69e85 0.044s
2024-10-09 19:52:49.560 61988 INFO tempest.lib.common.dynamic_creds [-] Dynamic test user 8b89f74739d8472c8727e9653c32d6a8 is created with scope project and roles: ['member']
2024-10-09 19:52:49.560 61988 INFO tempest.lib.common.dynamic_creds [-] Acquired dynamic creds: credentials: Credentials: {'domain_id': 'default', 'domain_name': 'Default', 'username': 'tempest-ServersTestManualDisk-396056078-project-member', 'project_domain_id': 'default', 'project_domain_name': 'Default', 'project_id': '573bf2b9cd514369a3f9b429dd9c388e', 'project_name': 'tempest-ServersTestManualDisk-396056078', 'tenant_id': '573bf2b9cd514369a3f9b429dd9c388e', 'tenant_name': 'tempest-ServersTestManualDisk-396056078', 'user_domain_id': 'default', 'user_domain_name': 'Default', 'user_id': '8b89f74739d8472c8727e9653c32d6a8', 'system': None}, Network: None, Subnet: None, Router: None
2024-10-09 19:52:49.582 61996 INFO tempest.lib.common.rest_client [req-354f6f3e-4f15-4a79-8c40-7e4a0af0d35f req-354f6f3e-4f15-4a79-8c40-7e4a0af0d35f ] Request (ServersAdmin275Test:test_rebuild_update_server_275): 200 GET http://10.180.1.21/compute/v2.1/servers/0408fe1e-e4fa-4649-83dc-afdd335ee30d 1.402s
2024-10-09 19:52:49.617 61988 INFO tempest.lib.common.rest_client [req-eb66c14f-638e-4f34-9274-accf9724fec2 req-eb66c14f-638e-4f34-9274-accf9724fec2 ] Request (ServersTestManualDisk:setUpClass): 201 POST http://10.180.1.21/identity/v3/auth/tokens 0.056s
2024-10-09 19:52:49.620 62002 INFO tempest.lib.common.rest_client [req-2805483d-ca9a-41d5-beca-c0adc16d8621 req-2805483d-ca9a-41d5-beca-c0adc16d8621 ] Request (FlavorsAccessNegativeTestJSON:tearDownClass): 200 GET http://10.180.1.21:9696/networking/v2.0/security-groups?tenant_id=0931a0482d3c433d8f1b7c616d0a0be0&name=default 0.531s
2024-10-09 19:52:49.727 61982 INFO tempest.lib.common.rest_client [req-07b57268-7a7b-47aa-8849-60a692ce283a req-07b57268-7a7b-47aa-8849-60a692ce283a ] Request (ValidationResourcesFixture:setUp): 200 POST http://10.180.1.21/compute/v2.1/os-keypairs 1.487s
2024-10-09 19:52:49.818 62006 INFO tempest.lib.common.rest_client [req-fee92638-2964-4104-9899-d76081c10670 req-fee92638-2964-4104-9899-d76081c10670 ] Request (ServersTestFqdnHostnames:test_create_server_with_fqdn_name): 200 GET http://10.180.1.21/compute/v2.1/servers/7eae5f08-213d-40a1-9d7a-1c4e2b6c3ce7 1.496s
2024-10-09 19:52:49.893 61991 INFO tempest.lib.common.rest_client [req-29eeb94c-89b3-4202-b3e0-fcd042a85abc req-29eeb94c-89b3-4202-b3e0-fcd042a85abc ] Request (SecurityGroupsTestJSON:test_list_security_groups_by_server): 200 GET http://10.180.1.21/compute/v2.1/servers/eb8203da-3427-48a8-9ec0-a9d12d8c44d2 1.477s
2024-10-09 19:52:49.969 62009 INFO tempest.lib.common.rest_client [req-9f84a615-7326-4458-a169-545839f746ee req-9f84a615-7326-4458-a169-545839f746ee ] Request (ServerMetadataNegativeTestJSON:setUpClass): 200 GET http://10.180.1.21/compute/v2.1/servers/a1b9b618-91b5-429b-8581-9f819e0d81ee 1.504s
2024-10-09 19:52:49.982 62002 INFO tempest.lib.common.rest_client [req-ab10d298-2afe-4c61-8289-8a8b1f791f36 req-ab10d298-2afe-4c61-8289-8a8b1f791f36 ] Request (FlavorsAccessNegativeTestJSON:tearDownClass): 204 DELETE http://10.180.1.21:9696/networking/v2.0/security-groups/cd001c8b-c032-4a4b-9d80-c55be8a5f980 0.361s
2024-10-09 19:52:50.055 62012 INFO tempest.lib.common.rest_client [req-9fc0f756-e252-41a4-894c-d868dda2c5d6 req-9fc0f756-e252-41a4-894c-d868dda2c5d6 ] Request (ImagesTestJSON:test_create_image_from_stopped_server): 200 GET http://10.180.1.21/compute/v2.1/servers/7bc2075c-2cb2-41c2-9681-780689c1d080 1.533s
2024-10-09 19:52:50.067 61974 INFO tempest.lib.common.rest_client [req-b7af2f50-fd1d-4923-8cf2-2ef22c2f0baf req-b7af2f50-fd1d-4923-8cf2-2ef22c2f0baf ] Request (FloatingIPsNegativeTestJSON:setUpClass): 201 POST http://10.180.1.21:9696/networking/v2.0/subnets 0.550s
2024-10-09 19:52:50.081 62022 INFO tempest.lib.common.rest_client [req-c030b293-103e-479c-9863-857d7a5d48c2 req-c030b293-103e-479c-9863-857d7a5d48c2 ] Request (VolumesAssistedSnapshotsTest:test_volume_assisted_snapshot_create_delete): 200 GET http://10.180.1.21/compute/v2.1/servers/1b694ac3-385b-4083-a35c-542853354202 1.997s
2024-10-09 19:52:50.087 62022 INFO tempest.common.waiters [-] State transition "BUILD/None" ==> "BUILD/spawning" after 17 second wait
2024-10-09 19:52:50.089 62020 INFO tempest.lib.common.rest_client [req-9f9bfd42-dd9d-43ba-8a17-ba011001ab98 req-9f9bfd42-dd9d-43ba-8a17-ba011001ab98 ] Request (KeyPairsV2TestJSON:test_keypairs_create_list_delete): 200 POST http://10.180.1.21/compute/v2.1/os-keypairs 1.565s
2024-10-09 19:52:50.093 62002 INFO tempest.lib.common.rest_client [req-ba48caff-a124-4309-bae0-bbce16fe0e65 req-ba48caff-a124-4309-bae0-bbce16fe0e65 ] Request (FlavorsAccessNegativeTestJSON:tearDownClass): 204 DELETE http://10.180.1.21/identity/v3/projects/0931a0482d3c433d8f1b7c616d0a0be0 0.110s
2024-10-09 19:52:50.172 62002 INFO tempest.lib.common.rest_client [req-a0feb7a6-0791-4e76-9157-5888099994ab req-a0feb7a6-0791-4e76-9157-5888099994ab ] Request (KeyPairsV210TestJSON:setUpClass): 201 POST http://10.180.1.21/identity/v3/auth/tokens 0.076s
2024-10-09 19:52:50.189 62024 INFO tempest.lib.common.rest_client [req-250c6ff0-f0e2-4d20-9dee-8da8754cc6db req-250c6ff0-f0e2-4d20-9dee-8da8754cc6db ] Request (ServersV294TestFqdnHostnames:setUpClass): 200 GET http://10.180.1.21/compute/v2.1/servers/1331a447-7be8-42b8-9d59-6b97742e49d1 1.546s
2024-10-09 19:52:50.200 62014 INFO tempest.lib.common.rest_client [req-fc158383-201b-4637-8358-383f30d273bf req-fc158383-201b-4637-8358-383f30d273bf ] Request (AggregatesAdminNegativeTestJSON:test_aggregate_remove_host_as_user): 403 POST http://10.180.1.21/compute/v2.1/os-aggregates/7/action 1.549s
2024-10-09 19:52:50.223 62002 INFO tempest.lib.common.rest_client [req-2ab6074b-8b25-40e0-baef-e7c8a952b04f req-2ab6074b-8b25-40e0-baef-e7c8a952b04f ] Request (KeyPairsV210TestJSON:setUpClass): 201 POST http://10.180.1.21/identity/v3/auth/tokens 0.049s
2024-10-09 19:52:50.263 62002 INFO tempest.lib.common.rest_client [req-db8f5ea4-dc76-4d05-966d-ffd49c47e904 req-db8f5ea4-dc76-4d05-966d-ffd49c47e904 ] Request (KeyPairsV210TestJSON:setUpClass): 200 GET http://10.180.1.21/identity/v3/domains?name=Default 0.039s
2024-10-09 19:52:50.309 62002 INFO tempest.lib.common.rest_client [req-82b52209-989f-4f1b-ae2c-ba7887df1a8f req-82b52209-989f-4f1b-ae2c-ba7887df1a8f ] Request (KeyPairsV210TestJSON:setUpClass): 201 POST http://10.180.1.21/identity/v3/projects 0.046s
2024-10-09 19:52:50.329 61982 INFO tempest.lib.common.rest_client [req-9e82600e-3710-4c12-9327-bb725a323e58 req-9e82600e-3710-4c12-9327-bb725a323e58 ] Request (ValidationResourcesFixture:setUp): 201 POST http://10.180.1.21:9696/networking/v2.0/security-groups 0.597s
2024-10-09 19:52:50.335 61988 INFO tempest.lib.common.rest_client [req-ba8a01dd-bc98-404f-ba3a-9e5e1f642467 req-ba8a01dd-bc98-404f-ba3a-9e5e1f642467 ] Request (ServersTestManualDisk:setUpClass): 201 POST http://10.180.1.21:9696/networking/v2.0/networks 0.718s
2024-10-09 19:52:50.394 62002 INFO tempest.lib.common.rest_client [req-6f9b4a2b-86dc-4c9e-907c-e80cf3b39001 req-6f9b4a2b-86dc-4c9e-907c-e80cf3b39001 ] Request (KeyPairsV210TestJSON:setUpClass): 201 POST http://10.180.1.21/identity/v3/users 0.083s
2024-10-09 19:52:50.417 62002 INFO tempest.lib.common.rest_client [req-af1a275a-b3a5-43c2-8925-9e76312ff4b0 req-af1a275a-b3a5-43c2-8925-9e76312ff4b0 ] Request (KeyPairsV210TestJSON:setUpClass): 200 GET http://10.180.1.21/identity/v3/roles 0.022s
2024-10-09 19:52:50.445 62002 INFO tempest.lib.common.rest_client [req-a472f38d-cb0d-45fd-b95b-5ef58f5c0d05 req-a472f38d-cb0d-45fd-b95b-5ef58f5c0d05 ] Request (KeyPairsV210TestJSON:setUpClass): 204 PUT http://10.180.1.21/identity/v3/projects/51343a64d7ab4560b91c6810f9a96131/users/cd41b180958346ac8d4cb17dabba26cb/roles/5f80f22af14544cb85b78ec9c1f69e85 0.028s
2024-10-09 19:52:50.445 62002 INFO tempest.lib.common.dynamic_creds [-] Dynamic test user cd41b180958346ac8d4cb17dabba26cb is created with scope project and roles: ['member']
2024-10-09 19:52:50.445 62002 INFO tempest.lib.common.dynamic_creds [-] Acquired dynamic creds: credentials: Credentials: {'domain_id': 'default', 'domain_name': 'Default', 'username': 'tempest-KeyPairsV210TestJSON-400583425-project-member', 'project_domain_id': 'default', 'project_domain_name': 'Default', 'project_id': '51343a64d7ab4560b91c6810f9a96131', 'project_name': 'tempest-KeyPairsV210TestJSON-400583425', 'tenant_id': '51343a64d7ab4560b91c6810f9a96131', 'tenant_name': 'tempest-KeyPairsV210TestJSON-400583425', 'user_domain_id': 'default', 'user_domain_name': 'Default', 'user_id': 'cd41b180958346ac8d4cb17dabba26cb', 'system': None}, Network: None, Subnet: None, Router: None
2024-10-09 19:52:50.445 62002 INFO tempest.lib.common.dynamic_creds [-] Created isolated network resources for: credentials: Credentials: {'domain_id': 'default', 'domain_name': 'Default', 'username': 'tempest-KeyPairsV210TestJSON-400583425-project-member', 'project_domain_id': 'default', 'project_domain_name': 'Default', 'project_id': '51343a64d7ab4560b91c6810f9a96131', 'project_name': 'tempest-KeyPairsV210TestJSON-400583425', 'tenant_id': '51343a64d7ab4560b91c6810f9a96131', 'tenant_name': 'tempest-KeyPairsV210TestJSON-400583425', 'user_domain_id': 'default', 'user_domain_name': 'Default', 'user_id': 'cd41b180958346ac8d4cb17dabba26cb', 'system': None}, Network: None, Subnet: None, Router: None
2024-10-09 19:52:50.489 61986 INFO tempest.lib.common.rest_client [req-cf8e13a1-8772-4cff-85fa-084951a9269b req-cf8e13a1-8772-4cff-85fa-084951a9269b ] Request (QuotasAdminTestJSON:_run_cleanups): 200 PUT http://10.180.1.21/compute/v2.1/os-quota-sets/bf6dc683768b4ce2b59ec04eb5331d60 1.947s
2024-10-09 19:52:50.536 62002 INFO tempest.lib.common.rest_client [req-4c2e9fa0-5b75-4a92-827a-a4fbb0c5c73e req-4c2e9fa0-5b75-4a92-827a-a4fbb0c5c73e ] Request (KeyPairsV210TestJSON:setUpClass): 201 POST http://10.180.1.21/identity/v3/auth/tokens 0.087s
2024-10-09 19:52:50.599 62002 INFO tempest.lib.common.rest_client [req-e9c12ae0-448c-4eb0-b1e1-b63a604c2d4c req-e9c12ae0-448c-4eb0-b1e1-b63a604c2d4c ] Request (KeyPairsV210TestJSON:setUpClass): 201 POST http://10.180.1.21/identity/v3/projects 0.062s
2024-10-09 19:52:50.614 61986 INFO tempest.lib.common.rest_client [req-c022575a-86b0-44b1-8840-a4b68942597d req-c022575a-86b0-44b1-8840-a4b68942597d ] Request (QuotasAdminTestJSON:tearDownClass): 204 DELETE http://10.180.1.21/identity/v3/users/43af3df1288d4508afad157fb90c461b 0.119s
2024-10-09 19:52:50.657 61968 INFO tempest.lib.common.rest_client [req-9ddb0d0c-8d08-4392-b3a7-fd17cffaff7e req-9ddb0d0c-8d08-4392-b3a7-fd17cffaff7e ] Request (ServerRescueTestJSON:setUpClass): 200 PUT http://10.180.1.21:9696/networking/v2.0/routers/ea8a191e-c8bf-4aa1-a594-5230b12c444a/add_router_interface 3.430s
2024-10-09 19:52:50.657 61968 INFO tempest.lib.common.dynamic_creds [-] Created isolated network resources for: credentials: Credentials: {'domain_id': 'default', 'domain_name': 'Default', 'username': 'tempest-ServerRescueTestJSON-111826525-project-member', 'project_domain_id': 'default', 'project_domain_name': 'Default', 'project_id': '68da18ded44b40f697f9308638a4e3ae', 'project_name': 'tempest-ServerRescueTestJSON-111826525', 'tenant_id': '68da18ded44b40f697f9308638a4e3ae', 'tenant_name': 'tempest-ServerRescueTestJSON-111826525', 'user_domain_id': 'default', 'user_domain_name': 'Default', 'user_id': '0fa57679341e41d998188fb2fcc5a444', 'system': None}, Network: {'id': 'b617a804-181e-4229-8d21-0226ca458d33', 'name': 'tempest-ServerRescueTestJSON-1674407677-network', 'tenant_id': '68da18ded44b40f697f9308638a4e3ae', 'admin_state_up': True, 'mtu': 8950, 'status': 'ACTIVE', 'subnets': [], 'shared': False, 'project_id': '68da18ded44b40f697f9308638a4e3ae', 'port_security_enabled': True, 'router:external': False, 'provider:network_type': 'vlan', 'provider:physical_network': 'default', 'provider:segmentation_id': 776, 'is_default': False, 'availability_zone_hints': [], 'availability_zones': [], 'ipv4_address_scope': None, 'ipv6_address_scope': None, 'description': '', 'tags': [], 'created_at': '2024-10-09T19:52:43Z', 'updated_at': '2024-10-09T19:52:43Z', 'revision_number': 1}, Subnet: {'id': '9e5a420c-4d8f-4e52-9989-cdf767bfb537', 'name': 'tempest-ServerRescueTestJSON-1674407677-subnet', 'tenant_id': '68da18ded44b40f697f9308638a4e3ae', 'network_id': 'b617a804-181e-4229-8d21-0226ca458d33', 'ip_version': 4, 'subnetpool_id': None, 'enable_dhcp': False, 'ipv6_ra_mode': None, 'ipv6_address_mode': None, 'gateway_ip': '192.168.128.1', 'cidr': '192.168.128.0/28', 'allocation_pools': [{'start': '192.168.128.2', 'end': '192.168.128.14'}], 'host_routes': [], 'dns_nameservers': [], 'description': '', 'router:external': False, 'service_types': [], 'tags': [], 'created_at': '2024-10-09T19:52:44Z', 'updated_at': '2024-10-09T19:52:44Z', 'revision_number': 0, 'project_id': '68da18ded44b40f697f9308638a4e3ae'}, Router: {'id': 'ea8a191e-c8bf-4aa1-a594-5230b12c444a', 'name': 'tempest-ServerRescueTestJSON-1674407677-router', 'tenant_id': '68da18ded44b40f697f9308638a4e3ae', 'admin_state_up': True, 'status': 'ACTIVE', 'external_gateway_info': {'network_id': 'dbad42ef-741a-4ea0-8457-bed8afee6a90', 'external_fixed_ips': [{'subnet_id': '0f03b97b-8827-4e7c-adf6-66f9088bc924', 'ip_address': '10.180.180.203'}], 'enable_snat': True}, 'description': '', 'availability_zones': [], 'distributed': False, 'ha': False, 'availability_zone_hints': [], 'routes': [], 'flavor_id': None, 'tags': [], 'created_at': '2024-10-09T19:52:44Z', 'updated_at': '2024-10-09T19:52:46Z', 'revision_number': 2, 'project_id': '68da18ded44b40f697f9308638a4e3ae'}
2024-10-09 19:52:50.682 61982 INFO tempest.lib.common.rest_client [req-588188ec-09d8-4a9a-9b78-fa46f970ca5e req-588188ec-09d8-4a9a-9b78-fa46f970ca5e ] Request (ValidationResourcesFixture:setUp): 201 POST http://10.180.1.21:9696/networking/v2.0/security-group-rules 0.353s
2024-10-09 19:52:50.697 62002 INFO tempest.lib.common.rest_client [req-9c8b0062-a722-4f37-897e-37b545977e08 req-9c8b0062-a722-4f37-897e-37b545977e08 ] Request (KeyPairsV210TestJSON:setUpClass): 201 POST http://10.180.1.21/identity/v3/users 0.097s
2024-10-09 19:52:50.725 61986 INFO tempest.lib.common.rest_client [req-3d1f032a-ea47-4807-ac7b-b4065a2ed86c req-3d1f032a-ea47-4807-ac7b-b4065a2ed86c ] Request (QuotasAdminTestJSON:tearDownClass): 204 DELETE http://10.180.1.21/identity/v3/users/ec80c892c364449897c7246720e673eb 0.110s
2024-10-09 19:52:50.725 61986 INFO tempest.lib.common.dynamic_creds [-] Deleting project and security group for project: b706c7df9ca94929a9145951f92d731a
2024-10-09 19:52:50.757 61978 INFO tempest.lib.common.rest_client [req-81203a09-cc34-4a01-8066-f838525b8ac7 req-81203a09-cc34-4a01-8066-f838525b8ac7 ] Request (DeleteServersAdminTestJSON:test_admin_delete_servers_of_others): 204 DELETE http://10.180.1.21/compute/v2.1/servers/df682d97-53c1-4a18-8800-b23f3fc66018 1.972s
2024-10-09 19:52:50.785 62002 INFO tempest.lib.common.rest_client [req-516db339-7b85-4cc8-8723-cbdb11c1b7b2 req-516db339-7b85-4cc8-8723-cbdb11c1b7b2 ] Request (KeyPairsV210TestJSON:setUpClass): 200 GET http://10.180.1.21/identity/v3/roles 0.087s
2024-10-09 19:52:50.789 61968 INFO tempest.lib.common.rest_client [req-e1bbf427-75e7-496e-9927-52109e913133 req-e1bbf427-75e7-496e-9927-52109e913133 ] Request (ServerRescueTestJSON:setUpClass): 201 POST http://10.180.1.21/identity/v3/auth/tokens 0.124s
2024-10-09 19:52:50.809 61980 INFO tempest.lib.common.rest_client [req-aa7da5ef-8cc5-45d4-9183-b16f857c714d req-aa7da5ef-8cc5-45d4-9183-b16f857c714d ] Request (ListImageFiltersTestJSON:setUpClass): 200 GET http://10.180.1.21/compute/v2.1/images/dfc82e4a-e930-41f4-88ba-7bbaa07da0de 1.901s
2024-10-09 19:52:50.822 61986 INFO tempest.lib.common.rest_client [req-996da32a-6ff1-4e7f-9890-c1b339df9511 req-996da32a-6ff1-4e7f-9890-c1b339df9511 ] Request (QuotasAdminTestJSON:tearDownClass): 201 POST http://10.180.1.21/identity/v3/auth/tokens 0.097s
2024-10-09 19:52:50.826 62002 INFO tempest.lib.common.rest_client [req-135a5fd3-259b-464c-bd77-6fb7477212eb req-135a5fd3-259b-464c-bd77-6fb7477212eb ] Request (KeyPairsV210TestJSON:setUpClass): 204 PUT http://10.180.1.21/identity/v3/projects/87891b8653894782b4f2475458e4787f/users/6bb9c84900814d9d99669d0c50a88b54/roles/299f90a1d6af46ecb49969c22f754d88 0.040s
2024-10-09 19:52:50.869 61968 INFO tempest.lib.common.rest_client [req-81615226-914b-4800-bc10-a9116ea72ae9 req-81615226-914b-4800-bc10-a9116ea72ae9 ] Request (ServerRescueTestJSON:setUpClass): 201 POST http://10.180.1.21/identity/v3/auth/tokens 0.076s
2024-10-09 19:52:50.869 61968 INFO tempest.lib.common.fixed_network [-] (ServerRescueTestJSON:setUpClass) Found network {'id': 'b617a804-181e-4229-8d21-0226ca458d33', 'name': 'tempest-ServerRescueTestJSON-1674407677-network', 'tenant_id': '68da18ded44b40f697f9308638a4e3ae', 'admin_state_up': True, 'mtu': 8950, 'status': 'ACTIVE', 'subnets': [], 'shared': False, 'project_id': '68da18ded44b40f697f9308638a4e3ae', 'port_security_enabled': True, 'router:external': False, 'provider:network_type': 'vlan', 'provider:physical_network': 'default', 'provider:segmentation_id': 776, 'is_default': False, 'availability_zone_hints': [], 'availability_zones': [], 'ipv4_address_scope': None, 'ipv6_address_scope': None, 'description': '', 'tags': [], 'created_at': '2024-10-09T19:52:43Z', 'updated_at': '2024-10-09T19:52:43Z', 'revision_number': 1} available for tenant
2024-10-09 19:52:50.882 62002 INFO tempest.lib.common.rest_client [req-45033a05-e117-4703-a9f0-c77b0cb118e0 req-45033a05-e117-4703-a9f0-c77b0cb118e0 ] Request (KeyPairsV210TestJSON:setUpClass): 200 GET http://10.180.1.21/identity/v3/roles 0.056s
2024-10-09 19:52:50.888 61988 INFO tempest.lib.common.rest_client [req-e11f9a7c-e228-44ab-a699-33326dc37fa2 req-e11f9a7c-e228-44ab-a699-33326dc37fa2 ] Request (ServersTestManualDisk:setUpClass): 201 POST http://10.180.1.21:9696/networking/v2.0/subnets 0.552s
2024-10-09 19:52:50.890 61964 INFO tempest.lib.common.rest_client [req-0e862a73-47e6-431a-8f3c-58ebc3d0df39 req-0e862a73-47e6-431a-8f3c-58ebc3d0df39 ] Request (ServersWithSpecificFlavorTestJSON:test_verify_created_server_ephemeral_disk): 200 GET http://10.180.1.21/compute/v2.1/servers/ca31b2ec-0bfb-47d9-9f35-c54659fa7799 1.898s
2024-10-09 19:52:50.897 61964 INFO tempest.common.waiters [-] State transition "BUILD/scheduling" ==> "BUILD/None" after 12 second wait
2024-10-09 19:52:50.902 62002 INFO tempest.lib.common.rest_client [req-76c8283d-ceee-474d-91ce-d789b8478564 req-76c8283d-ceee-474d-91ce-d789b8478564 ] Request (KeyPairsV210TestJSON:setUpClass): 204 PUT http://10.180.1.21/identity/v3/projects/87891b8653894782b4f2475458e4787f/users/6bb9c84900814d9d99669d0c50a88b54/roles/299f90a1d6af46ecb49969c22f754d88 0.019s
2024-10-09 19:52:50.902 62002 INFO tempest.lib.common.dynamic_creds [-] Dynamic test user 6bb9c84900814d9d99669d0c50a88b54 is created with scope project and roles: ['admin']
2024-10-09 19:52:50.902 62002 INFO tempest.lib.common.dynamic_creds [-] Acquired dynamic creds: credentials: Credentials: {'domain_id': 'default', 'domain_name': 'Default', 'username': 'tempest-KeyPairsV210TestJSON-1442368248-project-admin', 'project_domain_id': 'default', 'project_domain_name': 'Default', 'project_id': '87891b8653894782b4f2475458e4787f', 'project_name': 'tempest-KeyPairsV210TestJSON-1442368248', 'tenant_id': '87891b8653894782b4f2475458e4787f', 'tenant_name': 'tempest-KeyPairsV210TestJSON-1442368248', 'user_domain_id': 'default', 'user_domain_name': 'Default', 'user_id': '6bb9c84900814d9d99669d0c50a88b54', 'system': None}, Network: None, Subnet: None, Router: None
