2024-10-09 19:54:27.094 61974 INFO tempest.lib.common.rest_client [req-59d04812-88c2-49cc-8e3c-514e36986c6c req-59d04812-88c2-49cc-8e3c-514e36986c6c ] Request (ListServerFiltersTestJSON:setUpClass): 200 GET http://10.180.1.21/compute/v2.1/servers/496c3799-7350-4258-a456-58bd3ba9b4d0 0.051s
2024-10-09 19:54:27.101 61991 INFO tempest.lib.common.rest_client [req-093700e2-3a66-41e0-bf14-c27fd09f88a9 req-093700e2-3a66-41e0-bf14-c27fd09f88a9 ] Request (SecurityGroupsTestJSON:test_server_security_groups): 200 GET http://10.180.1.21/compute/v2.1/servers/7a5f1b3f-847d-4f5c-8ac4-59f7c5e0a7ed 0.058s
2024-10-09 19:54:27.170 61970 INFO tempest.lib.common.rest_client [req-a20c7136-ee36-479e-beff-1c5be150b31b req-a20c7136-ee36-479e-beff-1c5be150b31b ] Request (ImagesOneServerTestJSON:setUpClass): 200 GET http://10.180.1.21/compute/v2.1/servers/21099fc3-dd66-4871-a87c-e0d2c56a7818 0.062s
2024-10-09 19:54:27.175 62006 INFO tempest.lib.common.rest_client [req-49a7ffaa-93f0-45de-acd1-546878c1082f req-49a7ffaa-93f0-45de-acd1-546878c1082f ] Request (ServerMetadataTestJSON:setUpClass): 200 GET http://10.180.1.21/compute/v2.1/servers/3401be45-c3ab-4780-81a7-a93b05742414 0.057s
2024-10-09 19:54:27.263 61978 INFO tempest.lib.common.rest_client [req-847990ca-ee2a-4da4-9f1d-4e6288b5257e req-847990ca-ee2a-4da4-9f1d-4e6288b5257e ] Request (MultipleCreateTestJSON:setUpClass): 201 POST http://10.180.1.21:9696/networking/v2.0/subnets 0.277s
2024-10-09 19:54:27.268 61982 INFO tempest.lib.common.rest_client [req-85405c4b-9905-45c3-82be-b7cd15771dc7 req-85405c4b-9905-45c3-82be-b7cd15771dc7 ] Request (AttachInterfacesUnderV243Test:_run_cleanups): 204 DELETE http://10.180.1.21:9696/networking/v2.0/floatingips/b9741318-2537-4300-b9cf-4a82e423948a 0.346s
2024-10-09 19:54:27.301 61996 INFO tempest.lib.common.rest_client [req-69ebc887-f040-49b4-931c-c1dfac1ec3bc req-69ebc887-f040-49b4-931c-c1dfac1ec3bc ] Request (ImagesOneServerNegativeTestJSON:setUpClass): 200 GET http://10.180.1.21/compute/v2.1/servers/0df161e9-4a66-432e-9366-60f231c53e3d 0.070s
2024-10-09 19:54:27.391 61988 INFO tempest.lib.common.rest_client [req-01dbc426-9e7f-408a-954d-0c19ea61e054 req-01dbc426-9e7f-408a-954d-0c19ea61e054 ] Request (ServersTestManualDisk:setUpClass): 200 GET http://10.180.1.21/compute/v2.1/servers/e6922bb7-c2df-468a-aa5b-d03e274b8ecc 0.207s
2024-10-09 19:54:27.399 61988 INFO tempest.common.waiters [-] State transition "BUILD/networking" ==> "BUILD/spawning" after 84 second wait
2024-10-09 19:54:27.447 62020 INFO tempest.lib.common.rest_client [req-d8eb4d53-fa8c-4854-b7e2-9eab394651cb req-d8eb4d53-fa8c-4854-b7e2-9eab394651cb ] Request (AttachInterfacesV270Test:test_create_get_list_interfaces): 200 GET http://10.180.1.21/compute/v2.1/servers/4c112f97-ddf5-4481-bbf9-3c7861aa3cb5 0.115s
2024-10-09 19:54:27.501 62014 INFO tempest.lib.common.rest_client [req-03cf4d94-76e8-4378-ac5c-f2e9c687361d req-03cf4d94-76e8-4378-ac5c-f2e9c687361d ] Request (ServerPasswordTestJSON:setUpClass): 200 GET http://10.180.1.21/compute/v2.1/servers/aa0833ae-99c7-426d-a972-8183667a48f8 0.082s
2024-10-09 19:54:27.504 61966 INFO tempest.lib.common.rest_client [req-02553dc1-b968-400e-954f-968d1b6986be req-02553dc1-b968-400e-954f-968d1b6986be ] Request (ServersTestMultiNic:test_verify_duplicate_network_nics): 200 GET http://10.180.1.21/compute/v2.1/servers/6035033d-9e22-49bd-a42c-3faeeb7c5d21 0.229s
2024-10-09 19:54:27.553 62018 INFO tempest.lib.common.rest_client [req-92743bdc-4947-42ce-a5e3-7ec572f69dff req-92743bdc-4947-42ce-a5e3-7ec572f69dff ] Request (TenantUsagesTestJSON:setUpClass): 200 GET http://10.180.1.21/compute/v2.1/servers/6540f636-fdfd-48aa-a7b8-0bbc231741fe 0.081s
2024-10-09 19:54:27.573 61998 INFO tempest.lib.common.rest_client [req-34e753f9-9bee-48e2-9cfc-acd13047f8ed req-34e753f9-9bee-48e2-9cfc-acd13047f8ed ] Request (AttachInterfacesTestJSON:test_create_list_show_delete_interfaces_by_network_port): 200 GET http://10.180.1.21/compute/v2.1/servers/12a543c2-1081-49d7-800b-07f0a2516904 0.051s
2024-10-09 19:54:27.623 61994 INFO tempest.lib.common.rest_client [req-72b58cc7-e6b2-469b-a928-70023c9f3554 req-72b58cc7-e6b2-469b-a928-70023c9f3554 ] Request (ServerDiskConfigTestJSON:test_rebuild_server_with_manual_disk_config): 200 GET http://10.180.1.21/compute/v2.1/servers/efbde802-8cb0-4563-a776-3722a3889afe 0.048s
2024-10-09 19:54:27.679 62002 INFO tempest.lib.common.rest_client [req-83de0199-74f4-49e9-8bcd-28b54e189ad2 req-83de0199-74f4-49e9-8bcd-28b54e189ad2 ] Request (ServerShowV247Test:test_update_rebuild_list_server): 200 GET http://10.180.1.21/compute/v2.1/servers/1eb76ef5-377c-4447-92da-4c61345c0070 0.068s
2024-10-09 19:54:27.691 62002 INFO tempest.common.waiters [-] State transition "BUILD/scheduling" ==> "BUILD/None" after 80 second wait
2024-10-09 19:54:27.697 61968 INFO tempest.lib.common.rest_client [req-5823a0da-9815-40e5-87d2-8c079ea04fa0 req-5823a0da-9815-40e5-87d2-8c079ea04fa0 ] Request (ServerTagsTestJSON:setUpClass): 200 GET http://10.180.1.21/compute/v2.1/servers/7ef50ee4-64e6-49c2-bb41-0bdce316f8d3 0.063s
2024-10-09 19:54:27.741 62024 INFO tempest.lib.common.rest_client [req-c69c0286-4447-4cbd-96ea-d61980a286bd req-c69c0286-4447-4cbd-96ea-d61980a286bd ] Request (InstanceActionsTestJSON:setUpClass): 200 GET http://10.180.1.21/compute/v2.1/servers/91d56a8c-0664-4b3c-bf28-e2c668ac65fa 0.090s
2024-10-09 19:54:27.756 61984 INFO tempest.lib.common.rest_client [req-a0081af0-74c5-431b-b838-76e4132704eb req-a0081af0-74c5-431b-b838-76e4132704eb ] Request (ServersNegativeTestJSON:setUpClass): 200 GET http://10.180.1.21/compute/v2.1/servers/07d8d6b6-3cc5-48da-9d4d-563a5fe27442 0.054s
2024-10-09 19:54:27.808 61986 INFO tempest.lib.common.rest_client [req-159f69bc-4a72-4b9f-8421-651ed6e08706 req-159f69bc-4a72-4b9f-8421-651ed6e08706 ] Request (ServerShowV254Test:test_rebuild_server): 200 GET http://10.180.1.21/compute/v2.1/servers/63704075-5eaf-4f84-a90b-3a0a3e904a9d 0.098s
2024-10-09 19:54:27.829 61980 INFO tempest.lib.common.rest_client [req-5d37f267-fefd-46c6-bd47-296b31473cfe req-5d37f267-fefd-46c6-bd47-296b31473cfe ] Request (ListImageFiltersTestJSON:setUpClass): 200 GET http://10.180.1.21/compute/v2.1/servers/aadc35e7-7aea-4f86-be3a-9b5322f350a5 0.062s
2024-10-09 19:54:27.862 61962 INFO tempest.lib.common.rest_client [req-c02ba54f-c260-4c44-855e-fc339bfb4acf req-c02ba54f-c260-4c44-855e-fc339bfb4acf ] Request (ServerActionsTestOtherB:setUpClass): 200 GET http://10.180.1.21/compute/v2.1/servers/f6b07607-632d-46d9-a72f-5a524fd20a3b 0.086s
2024-10-09 19:54:27.895 61976 INFO tempest.lib.common.rest_client [req-95ead5ae-224a-4929-9cdc-04f3b6fc3e1f req-95ead5ae-224a-4929-9cdc-04f3b6fc3e1f ] Request (MigrationsAdminTest:test_resize_server_revert_deleted_flavor): 200 GET http://10.180.1.21/compute/v2.1/servers/83afb27a-7984-4982-9880-f5b0c6553787 0.060s
2024-10-09 19:54:27.928 62012 INFO tempest.lib.common.rest_client [req-6d4158e4-b9ec-4232-aef6-e201ed13483f req-6d4158e4-b9ec-4232-aef6-e201ed13483f ] Request (ImagesTestJSON:test_create_image_from_suspended_server): 200 GET http://10.180.1.21/compute/v2.1/servers/663fa2fb-1ced-4052-9eba-8a5d0cbe96b5 0.083s
2024-10-09 19:54:27.949 62000 INFO tempest.lib.common.rest_client [req-bccee28f-f60a-4bf4-a836-e0a0062081a8 req-bccee28f-f60a-4bf4-a836-e0a0062081a8 ] Request (ServerDiagnosticsNegativeTest:test_get_server_diagnostics_by_non_admin): 200 GET http://10.180.1.21/compute/v2.1/servers/a83f5b0f-508c-4829-a4a6-641baa7b4c95 0.060s
2024-10-09 19:54:27.982 62004 INFO tempest.lib.common.rest_client [req-aa982f10-5fbd-4f26-b428-b2200359f3d4 req-aa982f10-5fbd-4f26-b428-b2200359f3d4 ] Request (VolumesAdminNegativeTest:test_update_attached_volume_with_nonexistent_volume_in_uri): 200 GET http://10.180.1.21/compute/v2.1/servers/5da49801-148d-4b26-a0a2-816b1d5f7994 0.091s
2024-10-09 19:54:28.027 61992 INFO tempest.lib.common.rest_client [req-8dd5da31-4046-4db3-890d-f4b9d16134aa req-8dd5da31-4046-4db3-890d-f4b9d16134aa ] Request (ServerActionsTestJSON:setUpClass): 200 GET http://10.180.1.21/compute/v2.1/servers/c299abc5-7913-4eea-ac0a-02e713c6009c 0.050s
2024-10-09 19:54:28.034 61982 INFO tempest.lib.common.rest_client [req-1ec02ed8-2358-41c7-8061-3ae26e4d3a61 req-1ec02ed8-2358-41c7-8061-3ae26e4d3a61 ] Request (AttachInterfacesUnderV243Test:tearDownClass): 200 PUT http://10.180.1.21:9696/networking/v2.0/routers/9b3af051-e6b3-426b-a05e-2aa4d8e6c926/remove_router_interface 0.762s
2024-10-09 19:54:28.099 62010 INFO tempest.lib.common.rest_client [req-4c0230b8-40b5-4e16-a901-55eac8a4735e req-4c0230b8-40b5-4e16-a901-55eac8a4735e ] Request (ServersTestJSON:setUpClass): 200 GET http://10.180.1.21/compute/v2.1/servers/8ba075db-5095-4c38-afbc-85e9d35d6194 0.053s
2024-10-09 19:54:28.164 61974 INFO tempest.lib.common.rest_client [req-285a7a19-5b8b-431e-b972-597eddd44551 req-285a7a19-5b8b-431e-b972-597eddd44551 ] Request (ListServerFiltersTestJSON:setUpClass): 200 GET http://10.180.1.21/compute/v2.1/servers/496c3799-7350-4258-a456-58bd3ba9b4d0 0.059s
2024-10-09 19:54:28.176 61991 INFO tempest.lib.common.rest_client [req-6f81356f-01f5-4c43-ac5d-fbac34a60e64 req-6f81356f-01f5-4c43-ac5d-fbac34a60e64 ] Request (SecurityGroupsTestJSON:test_server_security_groups): 200 GET http://10.180.1.21/compute/v2.1/servers/7a5f1b3f-847d-4f5c-8ac4-59f7c5e0a7ed 0.067s
2024-10-09 19:54:28.235 62006 INFO tempest.lib.common.rest_client [req-52ad5943-eb6c-4856-9875-df65834b84cb req-52ad5943-eb6c-4856-9875-df65834b84cb ] Request (ServerMetadataTestJSON:setUpClass): 200 GET http://10.180.1.21/compute/v2.1/servers/3401be45-c3ab-4780-81a7-a93b05742414 0.053s
2024-10-09 19:54:28.236 61970 INFO tempest.lib.common.rest_client [req-542936b0-a6bf-4c81-9280-6ad2a1f6da1a req-542936b0-a6bf-4c81-9280-6ad2a1f6da1a ] Request (ImagesOneServerTestJSON:setUpClass): 200 GET http://10.180.1.21/compute/v2.1/servers/21099fc3-dd66-4871-a87c-e0d2c56a7818 0.059s
2024-10-09 19:54:28.275 61978 INFO tempest.lib.common.rest_client [req-4ed7e259-4707-4d0f-861e-9681dbfc4efb req-4ed7e259-4707-4d0f-861e-9681dbfc4efb ] Request (MultipleCreateTestJSON:setUpClass): 201 POST http://10.180.1.21:9696/networking/v2.0/routers 1.012s
2024-10-09 19:54:28.361 61996 INFO tempest.lib.common.rest_client [req-10a9cdc9-5180-4282-a802-782b3f561b64 req-10a9cdc9-5180-4282-a802-782b3f561b64 ] Request (ImagesOneServerNegativeTestJSON:setUpClass): 200 GET http://10.180.1.21/compute/v2.1/servers/0df161e9-4a66-432e-9366-60f231c53e3d 0.052s
2024-10-09 19:54:28.461 61982 INFO tempest.lib.common.rest_client [req-fa1d1a0c-3d77-4aa7-af09-29e5680672c4 req-fa1d1a0c-3d77-4aa7-af09-29e5680672c4 ] Request (AttachInterfacesUnderV243Test:tearDownClass): 204 DELETE http://10.180.1.21:9696/networking/v2.0/routers/9b3af051-e6b3-426b-a05e-2aa4d8e6c926 0.427s
2024-10-09 19:54:28.474 61988 INFO tempest.lib.common.rest_client [req-8d664807-1c54-44aa-b79f-86f5924f844f req-8d664807-1c54-44aa-b79f-86f5924f844f ] Request (ServersTestManualDisk:setUpClass): 200 GET http://10.180.1.21/compute/v2.1/servers/e6922bb7-c2df-468a-aa5b-d03e274b8ecc 0.074s
2024-10-09 19:54:28.517 62020 INFO tempest.lib.common.rest_client [req-f88908fc-6649-4cfc-b581-9791de74d6b3 req-f88908fc-6649-4cfc-b581-9791de74d6b3 ] Request (AttachInterfacesV270Test:test_create_get_list_interfaces): 200 GET http://10.180.1.21/compute/v2.1/servers/4c112f97-ddf5-4481-bbf9-3c7861aa3cb5 0.059s
2024-10-09 19:54:28.574 61966 INFO tempest.lib.common.rest_client [req-d6852505-a5d2-47e9-bdb2-0ba5ecb02730 req-d6852505-a5d2-47e9-bdb2-0ba5ecb02730 ] Request (ServersTestMultiNic:test_verify_duplicate_network_nics): 200 GET http://10.180.1.21/compute/v2.1/servers/6035033d-9e22-49bd-a42c-3faeeb7c5d21 0.063s
2024-10-09 19:54:28.624 62018 INFO tempest.lib.common.rest_client [req-d8b815bb-70c1-4c6a-955a-b48a58a08c39 req-d8b815bb-70c1-4c6a-955a-b48a58a08c39 ] Request (TenantUsagesTestJSON:setUpClass): 200 GET http://10.180.1.21/compute/v2.1/servers/6540f636-fdfd-48aa-a7b8-0bbc231741fe 0.064s
2024-10-09 19:54:28.678 61998 INFO tempest.lib.common.rest_client [req-5b9a68f9-a78e-4e87-8d5a-2a13373ed45e req-5b9a68f9-a78e-4e87-8d5a-2a13373ed45e ] Request (AttachInterfacesTestJSON:test_create_list_show_delete_interfaces_by_network_port): 200 GET http://10.180.1.21/compute/v2.1/servers/12a543c2-1081-49d7-800b-07f0a2516904 0.097s
2024-10-09 19:54:28.728 61994 INFO tempest.lib.common.rest_client [req-2e0c7a28-7df4-4352-ae8a-001d8e2bb06e req-2e0c7a28-7df4-4352-ae8a-001d8e2bb06e ] Request (ServerDiskConfigTestJSON:test_rebuild_server_with_manual_disk_config): 200 GET http://10.180.1.21/compute/v2.1/servers/efbde802-8cb0-4563-a776-3722a3889afe 0.097s
2024-10-09 19:54:28.743 62014 INFO tempest.lib.common.rest_client [req-1c59ea9c-8944-48da-9a26-d6ed9648ff89 req-1c59ea9c-8944-48da-9a26-d6ed9648ff89 ] Request (ServerPasswordTestJSON:setUpClass): 200 GET http://10.180.1.21/compute/v2.1/servers/aa0833ae-99c7-426d-a972-8183667a48f8 0.234s
2024-10-09 19:54:28.796 62002 INFO tempest.lib.common.rest_client [req-8ca93f24-6280-4eb9-9972-9b5b6d58571b req-8ca93f24-6280-4eb9-9972-9b5b6d58571b ] Request (ServerShowV247Test:test_update_rebuild_list_server): 200 GET http://10.180.1.21/compute/v2.1/servers/1eb76ef5-377c-4447-92da-4c61345c0070 0.104s
2024-10-09 19:54:28.810 61968 INFO tempest.lib.common.rest_client [req-12adff78-1407-455e-b3c5-b78f58ed7a66 req-12adff78-1407-455e-b3c5-b78f58ed7a66 ] Request (ServerTagsTestJSON:setUpClass): 200 GET http://10.180.1.21/compute/v2.1/servers/7ef50ee4-64e6-49c2-bb41-0bdce316f8d3 0.104s
2024-10-09 19:54:28.845 61982 INFO tempest.lib.common.rest_client [req-f168cab4-cf46-4cd6-854e-c410d05f69f7 req-f168cab4-cf46-4cd6-854e-c410d05f69f7 ] Request (AttachInterfacesUnderV243Test:tearDownClass): 204 DELETE http://10.180.1.21:9696/networking/v2.0/subnets/49e7f1ad-4662-48ff-972a-eeeeadbdcd22 0.383s
2024-10-09 19:54:28.873 62024 INFO tempest.lib.common.rest_client [req-139a1ccd-0866-4b36-ac79-4904669e60a5 req-139a1ccd-0866-4b36-ac79-4904669e60a5 ] Request (InstanceActionsTestJSON:setUpClass): 200 GET http://10.180.1.21/compute/v2.1/servers/91d56a8c-0664-4b3c-bf28-e2c668ac65fa 0.125s
2024-10-09 19:54:28.884 61984 INFO tempest.lib.common.rest_client [req-1d6cb504-49f3-4a1e-ab82-57d5802578c1 req-1d6cb504-49f3-4a1e-ab82-57d5802578c1 ] Request (ServersNegativeTestJSON:setUpClass): 200 GET http://10.180.1.21/compute/v2.1/servers/07d8d6b6-3cc5-48da-9d4d-563a5fe27442 0.121s
2024-10-09 19:54:28.941 61986 INFO tempest.lib.common.rest_client [req-843d469a-5688-43ec-a98e-3476c89efa5c req-843d469a-5688-43ec-a98e-3476c89efa5c ] Request (ServerShowV254Test:test_rebuild_server): 200 GET http://10.180.1.21/compute/v2.1/servers/63704075-5eaf-4f84-a90b-3a0a3e904a9d 0.125s
2024-10-09 19:54:28.951 61980 INFO tempest.lib.common.rest_client [req-acfa7f07-8b5a-4385-a324-75667750c65e req-acfa7f07-8b5a-4385-a324-75667750c65e ] Request (ListImageFiltersTestJSON:setUpClass): 200 GET http://10.180.1.21/compute/v2.1/servers/aadc35e7-7aea-4f86-be3a-9b5322f350a5 0.115s
2024-10-09 19:54:29.014 61962 INFO tempest.lib.common.rest_client [req-44aa39b0-779c-4350-9733-911bf4656692 req-44aa39b0-779c-4350-9733-911bf4656692 ] Request (ServerActionsTestOtherB:setUpClass): 200 GET http://10.180.1.21/compute/v2.1/servers/f6b07607-632d-46d9-a72f-5a524fd20a3b 0.143s
2024-10-09 19:54:29.018 61976 INFO tempest.lib.common.rest_client [req-1f037b72-2c29-4cb2-a215-9f2b02f7c885 req-1f037b72-2c29-4cb2-a215-9f2b02f7c885 ] Request (MigrationsAdminTest:test_resize_server_revert_deleted_flavor): 200 GET http://10.180.1.21/compute/v2.1/servers/83afb27a-7984-4982-9880-f5b0c6553787 0.116s
2024-10-09 19:54:29.075 62012 INFO tempest.lib.common.rest_client [req-e419383a-4c1c-47ab-9b9e-4eab92c5ff03 req-e419383a-4c1c-47ab-9b9e-4eab92c5ff03 ] Request (ImagesTestJSON:test_create_image_from_suspended_server): 200 GET http://10.180.1.21/compute/v2.1/servers/663fa2fb-1ced-4052-9eba-8a5d0cbe96b5 0.141s
2024-10-09 19:54:29.084 62000 INFO tempest.lib.common.rest_client [req-07b3a106-9f86-4699-8101-3d8f4125e7cf req-07b3a106-9f86-4699-8101-3d8f4125e7cf ] Request (ServerDiagnosticsNegativeTest:test_get_server_diagnostics_by_non_admin): 200 GET http://10.180.1.21/compute/v2.1/servers/a83f5b0f-508c-4829-a4a6-641baa7b4c95 0.127s
2024-10-09 19:54:29.139 62004 INFO tempest.lib.common.rest_client [req-1957e960-7952-47a6-9da4-f9321af6f5da req-1957e960-7952-47a6-9da4-f9321af6f5da ] Request (VolumesAdminNegativeTest:test_update_attached_volume_with_nonexistent_volume_in_uri): 200 GET http://10.180.1.21/compute/v2.1/servers/5da49801-148d-4b26-a0a2-816b1d5f7994 0.146s
2024-10-09 19:54:29.151 61992 INFO tempest.lib.common.rest_client [req-b170d428-f89b-4937-a243-b319201fa0d8 req-b170d428-f89b-4937-a243-b319201fa0d8 ] Request (ServerActionsTestJSON:setUpClass): 200 GET http://10.180.1.21/compute/v2.1/servers/c299abc5-7913-4eea-ac0a-02e713c6009c 0.116s
2024-10-09 19:54:29.193 62010 INFO tempest.lib.common.rest_client [req-7ca538c1-13c7-4b9f-834b-aba268a7a41f req-7ca538c1-13c7-4b9f-834b-aba268a7a41f ] Request (ServersTestJSON:setUpClass): 200 GET http://10.180.1.21/compute/v2.1/servers/8ba075db-5095-4c38-afbc-85e9d35d6194 0.086s
2024-10-09 19:54:29.236 61991 INFO tempest.lib.common.rest_client [req-472c666f-db3b-48e8-a4a9-e3a714ffbb02 req-472c666f-db3b-48e8-a4a9-e3a714ffbb02 ] Request (SecurityGroupsTestJSON:test_server_security_groups): 200 GET http://10.180.1.21/compute/v2.1/servers/7a5f1b3f-847d-4f5c-8ac4-59f7c5e0a7ed 0.050s
2024-10-09 19:54:29.237 61974 INFO tempest.lib.common.rest_client [req-e2373758-1c61-4bf8-ac63-3bb850e94599 req-e2373758-1c61-4bf8-ac63-3bb850e94599 ] Request (ListServerFiltersTestJSON:setUpClass): 200 GET http://10.180.1.21/compute/v2.1/servers/496c3799-7350-4258-a456-58bd3ba9b4d0 0.067s
2024-10-09 19:54:29.298 62006 INFO tempest.lib.common.rest_client [req-91513deb-b058-43a1-8433-2d6010faf34f req-91513deb-b058-43a1-8433-2d6010faf34f ] Request (ServerMetadataTestJSON:setUpClass): 200 GET http://10.180.1.21/compute/v2.1/servers/3401be45-c3ab-4780-81a7-a93b05742414 0.056s
2024-10-09 19:54:29.307 61970 INFO tempest.lib.common.rest_client [req-999336bc-cee2-4aa8-a387-d806a2475bfa req-999336bc-cee2-4aa8-a387-d806a2475bfa ] Request (ImagesOneServerTestJSON:setUpClass): 200 GET http://10.180.1.21/compute/v2.1/servers/21099fc3-dd66-4871-a87c-e0d2c56a7818 0.064s
2024-10-09 19:54:29.325 61982 INFO tempest.lib.common.rest_client [req-74b064f8-a00d-4bfd-930a-eacfd757cd70 req-74b064f8-a00d-4bfd-930a-eacfd757cd70 ] Request (AttachInterfacesUnderV243Test:tearDownClass): 204 DELETE http://10.180.1.21:9696/networking/v2.0/networks/b0793617-fc89-4bb0-b6ee-04fa3246548a 0.480s
2024-10-09 19:54:29.406 61982 INFO tempest.lib.common.rest_client [req-3103e4c8-30fe-45b0-b107-959f4d98dccb req-3103e4c8-30fe-45b0-b107-959f4d98dccb ] Request (AttachInterfacesUnderV243Test:tearDownClass): 204 DELETE http://10.180.1.21/identity/v3/users/353dee3c759743d4867459eb76913691 0.081s
2024-10-09 19:54:29.406 61982 INFO tempest.lib.common.dynamic_creds [-] Deleting project and security group for project: 42e166d62eb94f2bbe4de986d8479777
2024-10-09 19:54:29.439 61996 INFO tempest.lib.common.rest_client [req-ab21ba27-224c-4540-ae23-7920a0d8d97e req-ab21ba27-224c-4540-ae23-7920a0d8d97e ] Request (ImagesOneServerNegativeTestJSON:setUpClass): 200 GET http://10.180.1.21/compute/v2.1/servers/0df161e9-4a66-432e-9366-60f231c53e3d 0.070s
2024-10-09 19:54:29.469 61982 INFO tempest.lib.common.rest_client [req-b3914405-600d-43db-ae53-0e5b08660842 req-b3914405-600d-43db-ae53-0e5b08660842 ] Request (AttachInterfacesUnderV243Test:tearDownClass): 200 GET http://10.180.1.21:9696/networking/v2.0/security-groups?tenant_id=42e166d62eb94f2bbe4de986d8479777&name=default 0.062s
2024-10-09 19:54:29.558 61988 INFO tempest.lib.common.rest_client [req-3e409bb4-ad2d-49bd-8ffc-0be6f1aad013 req-3e409bb4-ad2d-49bd-8ffc-0be6f1aad013 ] Request (ServersTestManualDisk:setUpClass): 200 GET http://10.180.1.21/compute/v2.1/servers/e6922bb7-c2df-468a-aa5b-d03e274b8ecc 0.078s
2024-10-09 19:54:29.588 62020 INFO tempest.lib.common.rest_client [req-4aa5a7c0-1028-4aa6-80c1-42be2fe417e0 req-4aa5a7c0-1028-4aa6-80c1-42be2fe417e0 ] Request (AttachInterfacesV270Test:test_create_get_list_interfaces): 200 GET http://10.180.1.21/compute/v2.1/servers/4c112f97-ddf5-4481-bbf9-3c7861aa3cb5 0.061s
2024-10-09 19:54:29.650 61966 INFO tempest.lib.common.rest_client [req-dc0b73fa-26b9-45ec-8954-890486a38d03 req-dc0b73fa-26b9-45ec-8954-890486a38d03 ] Request (ServersTestMultiNic:test_verify_duplicate_network_nics): 200 GET http://10.180.1.21/compute/v2.1/servers/6035033d-9e22-49bd-a42c-3faeeb7c5d21 0.067s
2024-10-09 19:54:29.654 61982 INFO tempest.lib.common.rest_client [req-1a275a7c-1280-4bec-ab7e-e62d08fddc65 req-1a275a7c-1280-4bec-ab7e-e62d08fddc65 ] Request (AttachInterfacesUnderV243Test:tearDownClass): 204 DELETE http://10.180.1.21:9696/networking/v2.0/security-groups/023ac628-88b8-437c-836c-7489bc37080c 0.184s
2024-10-09 19:54:29.687 62018 INFO tempest.lib.common.rest_client [req-633961a6-07c7-4fc6-a7aa-e9c9fafd145f req-633961a6-07c7-4fc6-a7aa-e9c9fafd145f ] Request (TenantUsagesTestJSON:setUpClass): 200 GET http://10.180.1.21/compute/v2.1/servers/6540f636-fdfd-48aa-a7b8-0bbc231741fe 0.054s
2024-10-09 19:54:29.746 61998 INFO tempest.lib.common.rest_client [req-6f63cbc1-f39b-443e-8ec6-6f339374fd94 req-6f63cbc1-f39b-443e-8ec6-6f339374fd94 ] Request (AttachInterfacesTestJSON:test_create_list_show_delete_interfaces_by_network_port): 200 GET http://10.180.1.21/compute/v2.1/servers/12a543c2-1081-49d7-800b-07f0a2516904 0.057s
2024-10-09 19:54:29.779 61982 INFO tempest.lib.common.rest_client [req-d97bb8aa-3f84-4671-91c0-da12ad344d9a req-d97bb8aa-3f84-4671-91c0-da12ad344d9a ] Request (AttachInterfacesUnderV243Test:tearDownClass): 204 DELETE http://10.180.1.21/identity/v3/projects/42e166d62eb94f2bbe4de986d8479777 0.125s
2024-10-09 19:54:29.797 61978 INFO tempest.lib.common.rest_client [req-0e842831-421d-46ce-a716-74c043ab7875 req-0e842831-421d-46ce-a716-74c043ab7875 ] Request (MultipleCreateTestJSON:setUpClass): 200 PUT http://10.180.1.21:9696/networking/v2.0/routers/99de0021-b77b-4971-89fd-29bd598924bc/add_router_interface 1.521s
2024-10-09 19:54:29.798 61978 INFO tempest.lib.common.dynamic_creds [-] Created isolated network resources for: credentials: Credentials: {'domain_id': 'default', 'domain_name': 'Default', 'username': 'tempest-MultipleCreateTestJSON-1611722169-project-member', 'project_domain_id': 'default', 'project_domain_name': 'Default', 'project_id': '54b7f349107b4f56960cae84edbea9e0', 'project_name': 'tempest-MultipleCreateTestJSON-1611722169', 'tenant_id': '54b7f349107b4f56960cae84edbea9e0', 'tenant_name': 'tempest-MultipleCreateTestJSON-1611722169', 'user_domain_id': 'default', 'user_domain_name': 'Default', 'user_id': '1600e5a4cc4e44cb8f6d384d6fa1028a', 'system': None}, Network: {'id': 'dc8be1fc-cf16-40f1-8fd2-5ef856967a03', 'name': 'tempest-MultipleCreateTestJSON-1408065519-network', 'tenant_id': '54b7f349107b4f56960cae84edbea9e0', 'admin_state_up': True, 'mtu': 8950, 'status': 'ACTIVE', 'subnets': [], 'shared': False, 'project_id': '54b7f349107b4f56960cae84edbea9e0', 'port_security_enabled': True, 'router:external': False, 'provider:network_type': 'vlan', 'provider:physical_network': 'default', 'provider:segmentation_id': 388, 'is_default': False, 'availability_zone_hints': [], 'availability_zones': [], 'ipv4_address_scope': None, 'ipv6_address_scope': None, 'description': '', 'tags': [], 'created_at': '2024-10-09T19:54:26Z', 'updated_at': '2024-10-09T19:54:26Z', 'revision_number': 1}, Subnet: {'id': 'b5557827-b5f8-4795-8b6d-3430d2d7b9b4', 'name': 'tempest-MultipleCreateTestJSON-1408065519-subnet', 'tenant_id': '54b7f349107b4f56960cae84edbea9e0', 'network_id': 'dc8be1fc-cf16-40f1-8fd2-5ef856967a03', 'ip_version': 4, 'subnetpool_id': None, 'enable_dhcp': True, 'ipv6_ra_mode': None, 'ipv6_address_mode': None, 'gateway_ip': '192.168.128.1', 'cidr': '192.168.128.0/28', 'allocation_pools': [{'start': '192.168.128.2', 'end': '192.168.128.14'}], 'host_routes': [], 'dns_nameservers': [], 'description': '', 'router:external': False, 'service_types': [], 'tags': [], 'created_at': '2024-10-09T19:54:27Z', 'updated_at': '2024-10-09T19:54:27Z', 'revision_number': 0, 'project_id': '54b7f349107b4f56960cae84edbea9e0'}, Router: {'id': '99de0021-b77b-4971-89fd-29bd598924bc', 'name': 'tempest-MultipleCreateTestJSON-1408065519-router', 'tenant_id': '54b7f349107b4f56960cae84edbea9e0', 'admin_state_up': True, 'status': 'ACTIVE', 'external_gateway_info': {'network_id': 'dbad42ef-741a-4ea0-8457-bed8afee6a90', 'external_fixed_ips': [{'subnet_id': '0f03b97b-8827-4e7c-adf6-66f9088bc924', 'ip_address': '10.180.180.249'}], 'enable_snat': True}, 'description': '', 'availability_zones': [], 'distributed': False, 'ha': False, 'availability_zone_hints': [], 'routes': [], 'flavor_id': None, 'tags': [], 'created_at': '2024-10-09T19:54:27Z', 'updated_at': '2024-10-09T19:54:27Z', 'revision_number': 2, 'project_id': '54b7f349107b4f56960cae84edbea9e0'}
2024-10-09 19:54:29.812 62014 INFO tempest.lib.common.rest_client [req-ee9f9208-af0f-4027-842f-8a885790cad2 req-ee9f9208-af0f-4027-842f-8a885790cad2 ] Request (ServerPasswordTestJSON:setUpClass): 200 GET http://10.180.1.21/compute/v2.1/servers/aa0833ae-99c7-426d-a972-8183667a48f8 0.060s
2024-10-09 19:54:29.812 61994 INFO tempest.lib.common.rest_client [req-bd6e9e86-a2be-429a-9246-194f965c3da9 req-bd6e9e86-a2be-429a-9246-194f965c3da9 ] Request (ServerDiskConfigTestJSON:test_rebuild_server_with_manual_disk_config): 200 GET http://10.180.1.21/compute/v2.1/servers/efbde802-8cb0-4563-a776-3722a3889afe 0.077s
2024-10-09 19:54:29.850 61982 INFO tempest.lib.common.rest_client [req-948f5ee1-ce30-470c-9f61-8bda7d9e4f91 req-948f5ee1-ce30-470c-9f61-8bda7d9e4f91 ] Request (ServerAddressesNegativeTestJSON:setUpClass): 201 POST http://10.180.1.21/identity/v3/auth/tokens 0.069s
2024-10-09 19:54:29.867 62002 INFO tempest.lib.common.rest_client [req-2f3323d1-a5a0-4443-8bc1-3b6d4d7c4717 req-2f3323d1-a5a0-4443-8bc1-3b6d4d7c4717 ] Request (ServerShowV247Test:test_update_rebuild_list_server): 200 GET http://10.180.1.21/compute/v2.1/servers/1eb76ef5-377c-4447-92da-4c61345c0070 0.057s
2024-10-09 19:54:29.872 61978 INFO tempest.lib.common.rest_client [req-aec9e7ed-e72a-4204-85da-00dd50307b39 req-aec9e7ed-e72a-4204-85da-00dd50307b39 ] Request (MultipleCreateTestJSON:setUpClass): 201 POST http://10.180.1.21/identity/v3/auth/tokens 0.070s
2024-10-09 19:54:29.875 61968 INFO tempest.lib.common.rest_client [req-f0d5dff4-fc84-4897-b8fe-072015595568 req-f0d5dff4-fc84-4897-b8fe-072015595568 ] Request (ServerTagsTestJSON:setUpClass): 200 GET http://10.180.1.21/compute/v2.1/servers/7ef50ee4-64e6-49c2-bb41-0bdce316f8d3 0.054s
2024-10-09 19:54:29.883 61982 INFO tempest.lib.common.rest_client [req-1e4b8210-862a-451a-adad-d97724dd8e99 req-1e4b8210-862a-451a-adad-d97724dd8e99 ] Request (ServerAddressesNegativeTestJSON:setUpClass): 201 POST http://10.180.1.21/identity/v3/auth/tokens 0.030s
2024-10-09 19:54:29.899 61978 INFO tempest.lib.common.rest_client [req-6d228207-7c48-430d-abbd-7fa758a9530d req-6d228207-7c48-430d-abbd-7fa758a9530d ] Request (MultipleCreateTestJSON:test_multiple_create): 201 POST http://10.180.1.21/identity/v3/auth/tokens 0.023s
2024-10-09 19:54:29.900 61978 INFO tempest.lib.common.fixed_network [-] (MultipleCreateTestJSON:test_multiple_create) Found network {'id': 'dc8be1fc-cf16-40f1-8fd2-5ef856967a03', 'name': 'tempest-MultipleCreateTestJSON-1408065519-network', 'tenant_id': '54b7f349107b4f56960cae84edbea9e0', 'admin_state_up': True, 'mtu': 8950, 'status': 'ACTIVE', 'subnets': [], 'shared': False, 'project_id': '54b7f349107b4f56960cae84edbea9e0', 'port_security_enabled': True, 'router:external': False, 'provider:network_type': 'vlan', 'provider:physical_network': 'default', 'provider:segmentation_id': 388, 'is_default': False, 'availability_zone_hints': [], 'availability_zones': [], 'ipv4_address_scope': None, 'ipv6_address_scope': None, 'description': '', 'tags': [], 'created_at': '2024-10-09T19:54:26Z', 'updated_at': '2024-10-09T19:54:26Z', 'revision_number': 1} available for tenant
2024-10-09 19:54:29.901 61982 INFO tempest.lib.common.rest_client [req-f0768f89-8408-411d-825d-a32b46f61038 req-f0768f89-8408-411d-825d-a32b46f61038 ] Request (ServerAddressesNegativeTestJSON:setUpClass): 200 GET http://10.180.1.21/identity/v3/domains?name=Default 0.018s
2024-10-09 19:54:29.929 62024 INFO tempest.lib.common.rest_client [req-4d4aa330-ab81-4004-9f4e-ca91e553a1a7 req-4d4aa330-ab81-4004-9f4e-ca91e553a1a7 ] Request (InstanceActionsTestJSON:setUpClass): 200 GET http://10.180.1.21/compute/v2.1/servers/91d56a8c-0664-4b3c-bf28-e2c668ac65fa 0.047s
2024-10-09 19:54:29.931 61982 INFO tempest.lib.common.rest_client [req-c95681bd-e943-4d0a-98f2-a3e283503f1f req-c95681bd-e943-4d0a-98f2-a3e283503f1f ] Request (ServerAddressesNegativeTestJSON:setUpClass): 201 POST http://10.180.1.21/identity/v3/projects 0.029s
2024-10-09 19:54:29.951 61984 INFO tempest.lib.common.rest_client [req-73344875-7d6f-4277-98cb-646c75b81306 req-73344875-7d6f-4277-98cb-646c75b81306 ] Request (ServersNegativeTestJSON:setUpClass): 200 GET http://10.180.1.21/compute/v2.1/servers/07d8d6b6-3cc5-48da-9d4d-563a5fe27442 0.056s
2024-10-09 19:54:29.991 61982 INFO tempest.lib.common.rest_client [req-f032b14d-ca22-4e98-86dc-a31ba61b42fe req-f032b14d-ca22-4e98-86dc-a31ba61b42fe ] Request (ServerAddressesNegativeTestJSON:setUpClass): 201 POST http://10.180.1.21/identity/v3/users 0.060s
2024-10-09 19:54:30.001 61986 INFO tempest.lib.common.rest_client [req-089e1537-3f89-47e0-8fab-c754f2f8db37 req-089e1537-3f89-47e0-8fab-c754f2f8db37 ] Request (ServerShowV254Test:test_rebuild_server): 200 GET http://10.180.1.21/compute/v2.1/servers/63704075-5eaf-4f84-a90b-3a0a3e904a9d 0.051s
2024-10-09 19:54:30.006 61982 INFO tempest.lib.common.rest_client [req-aef851e7-c4ef-41bc-a885-e3d7bab1ef0b req-aef851e7-c4ef-41bc-a885-e3d7bab1ef0b ] Request (ServerAddressesNegativeTestJSON:setUpClass): 200 GET http://10.180.1.21/identity/v3/roles 0.014s
2024-10-09 19:54:30.027 61982 INFO tempest.lib.common.rest_client [req-1e59e507-eb78-4741-9542-3cf459ae8514 req-1e59e507-eb78-4741-9542-3cf459ae8514 ] Request (ServerAddressesNegativeTestJSON:setUpClass): 204 PUT http://10.180.1.21/identity/v3/projects/17cebbaa8aa846b1b7fafce4782b2622/users/471950efcaee4db0b13f213bb01c770d/roles/5f80f22af14544cb85b78ec9c1f69e85 0.021s
2024-10-09 19:54:30.028 61982 INFO tempest.lib.common.dynamic_creds [-] Dynamic test user 471950efcaee4db0b13f213bb01c770d is created with scope project and roles: ['member']
2024-10-09 19:54:30.028 61982 INFO tempest.lib.common.dynamic_creds [-] Acquired dynamic creds: credentials: Credentials: {'domain_id': 'default', 'domain_name': 'Default', 'username': 'tempest-ServerAddressesNegativeTestJSON-20234865-project-member', 'project_domain_id': 'default', 'project_domain_name': 'Default', 'project_id': '17cebbaa8aa846b1b7fafce4782b2622', 'project_name': 'tempest-ServerAddressesNegativeTestJSON-20234865', 'tenant_id': '17cebbaa8aa846b1b7fafce4782b2622', 'tenant_name': 'tempest-ServerAddressesNegativeTestJSON-20234865', 'user_domain_id': 'default', 'user_domain_name': 'Default', 'user_id': '471950efcaee4db0b13f213bb01c770d', 'system': None}, Network: None, Subnet: None, Router: None
2024-10-09 19:54:30.046 61980 INFO tempest.lib.common.rest_client [req-a5fc4bf4-f15d-48cf-85a1-2614269cb21c req-a5fc4bf4-f15d-48cf-85a1-2614269cb21c ] Request (ListImageFiltersTestJSON:setUpClass): 200 GET http://10.180.1.21/compute/v2.1/servers/aadc35e7-7aea-4f86-be3a-9b5322f350a5 0.088s
2024-10-09 19:54:30.079 61982 INFO tempest.lib.common.rest_client [req-f4dd21cb-5ce0-4c29-ab3a-20ee46024e3a req-f4dd21cb-5ce0-4c29-ab3a-20ee46024e3a ] Request (ServerAddressesNegativeTestJSON:setUpClass): 201 POST http://10.180.1.21/identity/v3/auth/tokens 0.051s
2024-10-09 19:54:30.093 61962 INFO tempest.lib.common.rest_client [req-27e153ad-f40a-44ea-8364-fa08109220b7 req-27e153ad-f40a-44ea-8364-fa08109220b7 ] Request (ServerActionsTestOtherB:setUpClass): 200 GET http://10.180.1.21/compute/v2.1/servers/f6b07607-632d-46d9-a72f-5a524fd20a3b 0.063s
2024-10-09 19:54:30.140 61976 INFO tempest.lib.common.rest_client [req-34e5f002-dbf7-4c1c-aedd-1f292f349e50 req-34e5f002-dbf7-4c1c-aedd-1f292f349e50 ] Request (MigrationsAdminTest:test_resize_server_revert_deleted_flavor): 200 GET http://10.180.1.21/compute/v2.1/servers/83afb27a-7984-4982-9880-f5b0c6553787 0.106s
2024-10-09 19:54:30.190 62012 INFO tempest.lib.common.rest_client [req-53fe5bbc-0fc2-4410-9265-dad216ed096e req-53fe5bbc-0fc2-4410-9265-dad216ed096e ] Request (ImagesTestJSON:test_create_image_from_suspended_server): 200 GET http://10.180.1.21/compute/v2.1/servers/663fa2fb-1ced-4052-9eba-8a5d0cbe96b5 0.103s
2024-10-09 19:54:30.234 62000 INFO tempest.lib.common.rest_client [req-e3c012d5-c20b-49fa-8893-a31b025e6546 req-e3c012d5-c20b-49fa-8893-a31b025e6546 ] Request (ServerDiagnosticsNegativeTest:test_get_server_diagnostics_by_non_admin): 200 GET http://10.180.1.21/compute/v2.1/servers/a83f5b0f-508c-4829-a4a6-641baa7b4c95 0.143s
2024-10-09 19:54:30.280 62004 INFO tempest.lib.common.rest_client [req-8e36ed02-9436-4a44-8edc-f055771aa81b req-8e36ed02-9436-4a44-8edc-f055771aa81b ] Request (VolumesAdminNegativeTest:test_update_attached_volume_with_nonexistent_volume_in_uri): 200 GET http://10.180.1.21/compute/v2.1/servers/5da49801-148d-4b26-a0a2-816b1d5f7994 0.133s
2024-10-09 19:54:30.434 61982 INFO tempest.lib.common.rest_client [req-e85ccd06-8458-4bc8-b212-2c79095fdebf req-e85ccd06-8458-4bc8-b212-2c79095fdebf ] Request (ServerAddressesNegativeTestJSON:setUpClass): 201 POST http://10.180.1.21:9696/networking/v2.0/networks 0.354s
2024-10-09 19:54:30.458 61978 INFO tempest.lib.common.rest_client [req-3d687ad6-b798-47bd-a6e6-e97794853d43 req-3d687ad6-b798-47bd-a6e6-e97794853d43 ] Request (MultipleCreateTestJSON:test_multiple_create): 202 POST http://10.180.1.21/compute/v2.1/servers 0.558s
2024-10-09 19:54:30.522 62010 INFO tempest.lib.common.rest_client [req-5bf03b14-b543-40d1-8c56-cd818aaa7be7 req-5bf03b14-b543-40d1-8c56-cd818aaa7be7 ] Request (ServersTestJSON:setUpClass): 200 GET http://10.180.1.21/compute/v2.1/servers/8ba075db-5095-4c38-afbc-85e9d35d6194 0.323s
2024-10-09 19:54:30.556 61992 INFO tempest.lib.common.rest_client [req-2f7fb288-1a06-4e1f-ad33-bdc662120dde req-2f7fb288-1a06-4e1f-ad33-bdc662120dde ] Request (ServerActionsTestJSON:setUpClass): 200 GET http://10.180.1.21/compute/v2.1/servers/c299abc5-7913-4eea-ac0a-02e713c6009c 0.398s
2024-10-09 19:54:30.595 61991 INFO tempest.lib.common.rest_client [req-1f8ab388-6a88-47d6-bf55-c8d686cc135c req-1f8ab388-6a88-47d6-bf55-c8d686cc135c ] Request (SecurityGroupsTestJSON:test_server_security_groups): 200 GET http://10.180.1.21/compute/v2.1/servers/7a5f1b3f-847d-4f5c-8ac4-59f7c5e0a7ed 0.352s
2024-10-09 19:54:30.630 61974 INFO tempest.lib.common.rest_client [req-a20924df-2e03-4f2b-8706-1b63e8414a79 req-a20924df-2e03-4f2b-8706-1b63e8414a79 ] Request (ListServerFiltersTestJSON:setUpClass): 200 GET http://10.180.1.21/compute/v2.1/servers/496c3799-7350-4258-a456-58bd3ba9b4d0 0.386s
2024-10-09 19:54:30.656 62006 INFO tempest.lib.common.rest_client [req-f94c22e5-c40f-448a-b8bc-c8352f2a86e9 req-f94c22e5-c40f-448a-b8bc-c8352f2a86e9 ] Request (ServerMetadataTestJSON:setUpClass): 200 GET http://10.180.1.21/compute/v2.1/servers/3401be45-c3ab-4780-81a7-a93b05742414 0.349s
2024-10-09 19:54:30.689 61970 INFO tempest.lib.common.rest_client [req-21c45b8c-cf66-41fb-8e67-20920c3d3300 req-21c45b8c-cf66-41fb-8e67-20920c3d3300 ] Request (ImagesOneServerTestJSON:setUpClass): 200 GET http://10.180.1.21/compute/v2.1/servers/21099fc3-dd66-4871-a87c-e0d2c56a7818 0.375s
2024-10-09 19:54:30.711 61996 INFO tempest.lib.common.rest_client [req-6dc9d8bc-74c8-435f-9edd-da82d342aeba req-6dc9d8bc-74c8-435f-9edd-da82d342aeba ] Request (ImagesOneServerNegativeTestJSON:setUpClass): 200 GET http://10.180.1.21/compute/v2.1/servers/0df161e9-4a66-432e-9366-60f231c53e3d 0.260s
2024-10-09 19:54:30.750 61978 INFO tempest.lib.common.rest_client [req-4270bd4b-51ea-48b7-ad86-3f67762c70da req-4270bd4b-51ea-48b7-ad86-3f67762c70da ] Request (MultipleCreateTestJSON:test_multiple_create): 200 GET http://10.180.1.21/compute/v2.1/servers 0.290s
2024-10-09 19:54:30.774 61988 INFO tempest.lib.common.rest_client [req-16d1dda6-a3cb-4ffc-b971-9cf01024cf36 req-16d1dda6-a3cb-4ffc-b971-9cf01024cf36 ] Request (ServersTestManualDisk:setUpClass): 200 GET http://10.180.1.21/compute/v2.1/servers/e6922bb7-c2df-468a-aa5b-d03e274b8ecc 0.208s
2024-10-09 19:54:30.820 61982 INFO tempest.lib.common.rest_client [req-df291614-39a0-435b-b721-741f82ccbcda req-df291614-39a0-435b-b721-741f82ccbcda ] Request (ServerAddressesNegativeTestJSON:setUpClass): 201 POST http://10.180.1.21:9696/networking/v2.0/subnets 0.385s
2024-10-09 19:54:30.821 62020 INFO tempest.lib.common.rest_client [req-323cfcdc-31c8-4a4e-89db-ac9ec1e5c24c req-323cfcdc-31c8-4a4e-89db-ac9ec1e5c24c ] Request (AttachInterfacesV270Test:test_create_get_list_interfaces): 200 GET http://10.180.1.21/compute/v2.1/servers/4c112f97-ddf5-4481-bbf9-3c7861aa3cb5 0.218s
2024-10-09 19:54:30.847 61966 INFO tempest.lib.common.rest_client [req-ab8d1e62-934c-4dd1-bc1a-1a861629e40a req-ab8d1e62-934c-4dd1-bc1a-1a861629e40a ] Request (ServersTestMultiNic:test_verify_duplicate_network_nics): 200 GET http://10.180.1.21/compute/v2.1/servers/6035033d-9e22-49bd-a42c-3faeeb7c5d21 0.188s
2024-10-09 19:54:30.871 62018 INFO tempest.lib.common.rest_client [req-2f4747e1-01ed-4756-a4d0-0efb32eaa690 req-2f4747e1-01ed-4756-a4d0-0efb32eaa690 ] Request (TenantUsagesTestJSON:setUpClass): 200 GET http://10.180.1.21/compute/v2.1/servers/6540f636-fdfd-48aa-a7b8-0bbc231741fe 0.178s
2024-10-09 19:54:30.901 61978 INFO tempest.lib.common.rest_client [req-f02ef6ce-a608-4cad-9d52-f8e3804201c4 req-f02ef6ce-a608-4cad-9d52-f8e3804201c4 ] Request (MultipleCreateTestJSON:test_multiple_create): 200 GET http://10.180.1.21/compute/v2.1/servers/9fa32a4d-3ba4-4d36-963b-17a64453e804 0.148s
2024-10-09 19:54:30.924 61998 INFO tempest.lib.common.rest_client [req-eeb86f5d-ba85-48a3-8704-c3a509324153 req-eeb86f5d-ba85-48a3-8704-c3a509324153 ] Request (AttachInterfacesTestJSON:test_create_list_show_delete_interfaces_by_network_port): 200 GET http://10.180.1.21/compute/v2.1/servers/12a543c2-1081-49d7-800b-07f0a2516904 0.168s
2024-10-09 19:54:30.966 61994 INFO tempest.lib.common.rest_client [req-08641f25-cdfd-4c5b-a4b4-8bd187711456 req-08641f25-cdfd-4c5b-a4b4-8bd187711456 ] Request (ServerDiskConfigTestJSON:test_rebuild_server_with_manual_disk_config): 200 GET http://10.180.1.21/compute/v2.1/servers/efbde802-8cb0-4563-a776-3722a3889afe 0.148s
2024-10-09 19:54:30.976 62014 INFO tempest.lib.common.rest_client [req-f03d80b2-733f-4c72-beb7-64caa6637c40 req-f03d80b2-733f-4c72-beb7-64caa6637c40 ] Request (ServerPasswordTestJSON:setUpClass): 200 GET http://10.180.1.21/compute/v2.1/servers/aa0833ae-99c7-426d-a972-8183667a48f8 0.157s
2024-10-09 19:54:31.028 62002 INFO tempest.lib.common.rest_client [req-d5e37a33-8d3f-4900-9b09-dbacc36ea4d1 req-d5e37a33-8d3f-4900-9b09-dbacc36ea4d1 ] Request (ServerShowV247Test:test_update_rebuild_list_server): 200 GET http://10.180.1.21/compute/v2.1/servers/1eb76ef5-377c-4447-92da-4c61345c0070 0.154s
2024-10-09 19:54:31.032 61968 INFO tempest.lib.common.rest_client [req-3573317c-6495-4326-9350-13cbc135cba1 req-3573317c-6495-4326-9350-13cbc135cba1 ] Request (ServerTagsTestJSON:setUpClass): 200 GET http://10.180.1.21/compute/v2.1/servers/7ef50ee4-64e6-49c2-bb41-0bdce316f8d3 0.148s
2024-10-09 19:54:31.088 62024 INFO tempest.lib.common.rest_client [req-b33b887b-f43b-4bb4-b0bf-ae92e89d65f3 req-b33b887b-f43b-4bb4-b0bf-ae92e89d65f3 ] Request (InstanceActionsTestJSON:setUpClass): 200 GET http://10.180.1.21/compute/v2.1/servers/91d56a8c-0664-4b3c-bf28-e2c668ac65fa 0.152s
2024-10-09 19:54:31.146 61986 INFO tempest.lib.common.rest_client [req-d5805fd9-3573-4a6b-8c72-421acaa1cfca req-d5805fd9-3573-4a6b-8c72-421acaa1cfca ] Request (ServerShowV254Test:test_rebuild_server): 200 GET http://10.180.1.21/compute/v2.1/servers/63704075-5eaf-4f84-a90b-3a0a3e904a9d 0.136s
2024-10-09 19:54:31.206 61984 INFO tempest.lib.common.rest_client [req-7074a706-d46f-4adf-b3a2-173b81e44ef7 req-7074a706-d46f-4adf-b3a2-173b81e44ef7 ] Request (ServersNegativeTestJSON:setUpClass): 200 GET http://10.180.1.21/compute/v2.1/servers/07d8d6b6-3cc5-48da-9d4d-563a5fe27442 0.246s
2024-10-09 19:54:31.210 61980 INFO tempest.lib.common.rest_client [req-6f88e7dc-2acd-4fbb-9be0-bec23c2f359e req-6f88e7dc-2acd-4fbb-9be0-bec23c2f359e ] Request (ListImageFiltersTestJSON:setUpClass): 200 GET http://10.180.1.21/compute/v2.1/servers/aadc35e7-7aea-4f86-be3a-9b5322f350a5 0.157s
2024-10-09 19:54:31.217 61980 INFO tempest.common.waiters [-] State transition "BUILD/spawning" ==> "ERROR/None" after 94 second wait
2024-10-09 19:54:31.218 61984 INFO tempest.common.waiters [-] State transition "BUILD/None" ==> "BUILD/block_device_mapping" after 87 second wait
2024-10-09 19:54:31.258 61976 INFO tempest.lib.common.rest_client [req-738d1e0d-bc93-456c-bc20-d3b68029dc8a req-738d1e0d-bc93-456c-bc20-d3b68029dc8a ] Request (MigrationsAdminTest:test_resize_server_revert_deleted_flavor): 200 GET http://10.180.1.21/compute/v2.1/servers/83afb27a-7984-4982-9880-f5b0c6553787 0.111s
2024-10-09 19:54:31.260 61962 INFO tempest.lib.common.rest_client [req-b416a38b-6bee-487e-bda2-a4cdf41f8954 req-b416a38b-6bee-487e-bda2-a4cdf41f8954 ] Request (ServerActionsTestOtherB:setUpClass): 200 GET http://10.180.1.21/compute/v2.1/servers/f6b07607-632d-46d9-a72f-5a524fd20a3b 0.159s
2024-10-09 19:54:31.313 62012 INFO tempest.lib.common.rest_client [req-aeaa3ed6-f20d-4bee-b8c6-98f965245681 req-aeaa3ed6-f20d-4bee-b8c6-98f965245681 ] Request (ImagesTestJSON:test_create_image_from_suspended_server): 200 GET http://10.180.1.21/compute/v2.1/servers/663fa2fb-1ced-4052-9eba-8a5d0cbe96b5 0.116s
2024-10-09 19:54:31.365 62000 INFO tempest.lib.common.rest_client [req-781b45be-6486-45ef-8e4d-d8aed6ecd3e4 req-781b45be-6486-45ef-8e4d-d8aed6ecd3e4 ] Request (ServerDiagnosticsNegativeTest:test_get_server_diagnostics_by_non_admin): 200 GET http://10.180.1.21/compute/v2.1/servers/a83f5b0f-508c-4829-a4a6-641baa7b4c95 0.121s
2024-10-09 19:54:31.420 62004 INFO tempest.lib.common.rest_client [req-6a4cfb81-6002-44b5-b645-60cb5be548ab req-6a4cfb81-6002-44b5-b645-60cb5be548ab ] Request (VolumesAdminNegativeTest:test_update_attached_volume_with_nonexistent_volume_in_uri): 200 GET http://10.180.1.21/compute/v2.1/servers/5da49801-148d-4b26-a0a2-816b1d5f7994 0.133s
2024-10-09 19:54:31.451 61980 INFO tempest.lib.common.rest_client [req-4c1499f4-978c-49bf-bfc8-a2d5271e76be req-4c1499f4-978c-49bf-bfc8-a2d5271e76be ] Request (ListImageFiltersTestJSON:setUpClass): 204 DELETE http://10.180.1.21/compute/v2.1/servers/aadc35e7-7aea-4f86-be3a-9b5322f350a5 0.233s
2024-10-09 19:54:31.481 61980 INFO tempest.lib.common.rest_client [req-28163ce9-19f1-427e-9d5f-eb388ce842e0 req-28163ce9-19f1-427e-9d5f-eb388ce842e0 ] Request (ListImageFiltersTestJSON:setUpClass): 404 GET http://10.180.1.21/compute/v2.1/servers/aadc35e7-7aea-4f86-be3a-9b5322f350a5 0.029s
2024-10-09 19:54:31.481 61980 INFO tempest.test [-] raised in ListImageFiltersTestJSON.setUpClass. Invoking tearDownClass.
2024-10-09 19:54:31.585 62010 INFO tempest.lib.common.rest_client [req-683c4932-c0b8-4727-89bf-c92d68810a98 req-683c4932-c0b8-4727-89bf-c92d68810a98 ] Request (ServersTestJSON:setUpClass): 200 GET http://10.180.1.21/compute/v2.1/servers/8ba075db-5095-4c38-afbc-85e9d35d6194 0.056s
2024-10-09 19:54:31.608 61982 INFO tempest.lib.common.rest_client [req-434c7635-93e3-4ced-a864-4848e43ae594 req-434c7635-93e3-4ced-a864-4848e43ae594 ] Request (ServerAddressesNegativeTestJSON:setUpClass): 201 POST http://10.180.1.21:9696/networking/v2.0/routers 0.788s
2024-10-09 19:54:31.653 61992 INFO tempest.lib.common.rest_client [req-e4379e77-66f5-49cd-b2c0-19356f9a76d7 req-e4379e77-66f5-49cd-b2c0-19356f9a76d7 ] Request (ServerActionsTestJSON:setUpClass): 200 GET http://10.180.1.21/compute/v2.1/servers/c299abc5-7913-4eea-ac0a-02e713c6009c 0.091s
2024-10-09 19:54:31.685 61980 INFO tempest.lib.common.rest_client [req-99efde60-f318-430a-924d-36224f463a34 req-99efde60-f318-430a-924d-36224f463a34 ] Request (ListImageFiltersTestJSON:tearDownClass): 204 DELETE http://10.180.1.21/compute/v2.1/servers/fcddfd64-74bf-4a05-9799-0b7fee7416b2 0.203s
2024-10-09 19:54:31.712 61991 INFO tempest.lib.common.rest_client [req-a476bf1e-15f6-4693-a3b7-fa3884308b77 req-a476bf1e-15f6-4693-a3b7-fa3884308b77 ] Request (SecurityGroupsTestJSON:test_server_security_groups): 200 GET http://10.180.1.21/compute/v2.1/servers/7a5f1b3f-847d-4f5c-8ac4-59f7c5e0a7ed 0.111s
2024-10-09 19:54:31.738 61974 INFO tempest.lib.common.rest_client [req-b5aba0b9-2261-440f-a25b-0c9101c59b0f req-b5aba0b9-2261-440f-a25b-0c9101c59b0f ] Request (ListServerFiltersTestJSON:setUpClass): 200 GET http://10.180.1.21/compute/v2.1/servers/496c3799-7350-4258-a456-58bd3ba9b4d0 0.099s
2024-10-09 19:54:31.762 61980 INFO tempest.lib.common.rest_client [req-56e5ca7d-9d9b-4af1-bd9d-39c1e2876a25 req-56e5ca7d-9d9b-4af1-bd9d-39c1e2876a25 ] Request (ListImageFiltersTestJSON:tearDownClass): 404 GET http://10.180.1.21/compute/v2.1/servers/fcddfd64-74bf-4a05-9799-0b7fee7416b2 0.076s
2024-10-09 19:54:31.768 62006 INFO tempest.lib.common.rest_client [req-865f5e9b-ed22-404d-a072-11712201c0d6 req-865f5e9b-ed22-404d-a072-11712201c0d6 ] Request (ServerMetadataTestJSON:setUpClass): 200 GET http://10.180.1.21/compute/v2.1/servers/3401be45-c3ab-4780-81a7-a93b05742414 0.103s
2024-10-09 19:54:31.827 61970 INFO tempest.lib.common.rest_client [req-d22c352d-850e-4c9d-82a4-0cde6fd9e6a1 req-d22c352d-850e-4c9d-82a4-0cde6fd9e6a1 ] Request (ImagesOneServerTestJSON:setUpClass): 200 GET http://10.180.1.21/compute/v2.1/servers/21099fc3-dd66-4871-a87c-e0d2c56a7818 0.126s
2024-10-09 19:54:31.827 61996 INFO tempest.lib.common.rest_client [req-5ff64f67-dc48-48d9-b96b-e24859c8983d req-5ff64f67-dc48-48d9-b96b-e24859c8983d ] Request (ImagesOneServerNegativeTestJSON:setUpClass): 200 GET http://10.180.1.21/compute/v2.1/servers/0df161e9-4a66-432e-9366-60f231c53e3d 0.108s
2024-10-09 19:54:31.892 61988 INFO tempest.lib.common.rest_client [req-0bb6103b-e185-4f85-af91-8c0f6ec29614 req-0bb6103b-e185-4f85-af91-8c0f6ec29614 ] Request (ServersTestManualDisk:setUpClass): 200 GET http://10.180.1.21/compute/v2.1/servers/e6922bb7-c2df-468a-aa5b-d03e274b8ecc 0.107s
2024-10-09 19:54:31.904 61980 INFO tempest.lib.common.rest_client [req-fc651aca-821d-4163-97e7-7feb5c45176f req-fc651aca-821d-4163-97e7-7feb5c45176f ] Request (ListImageFiltersTestJSON:tearDownClass): 204 DELETE http://10.180.1.21/compute/v2.1/images/dfc82e4a-e930-41f4-88ba-7bbaa07da0de 0.142s
2024-10-09 19:54:31.974 62020 INFO tempest.lib.common.rest_client [req-af15c5c4-ea91-451f-bf66-ea80c1beaf55 req-af15c5c4-ea91-451f-bf66-ea80c1beaf55 ] Request (AttachInterfacesV270Test:test_create_get_list_interfaces): 200 GET http://10.180.1.21/compute/v2.1/servers/4c112f97-ddf5-4481-bbf9-3c7861aa3cb5 0.140s
2024-10-09 19:54:31.981 61966 INFO tempest.lib.common.rest_client [req-4ab06f1e-3977-4a13-8892-c5667c8585cd req-4ab06f1e-3977-4a13-8892-c5667c8585cd ] Request (ServersTestMultiNic:test_verify_duplicate_network_nics): 200 GET http://10.180.1.21/compute/v2.1/servers/6035033d-9e22-49bd-a42c-3faeeb7c5d21 0.118s
2024-10-09 19:54:31.990 61966 INFO tempest.common.waiters [-] State transition "BUILD/scheduling" ==> "BUILD/None" after 84 second wait
2024-10-09 19:54:32.036 62018 INFO tempest.lib.common.rest_client [req-e32c01cf-083a-4175-be12-e88e27a5d381 req-e32c01cf-083a-4175-be12-e88e27a5d381 ] Request (TenantUsagesTestJSON:setUpClass): 200 GET http://10.180.1.21/compute/v2.1/servers/6540f636-fdfd-48aa-a7b8-0bbc231741fe 0.157s
2024-10-09 19:54:32.044 61980 INFO tempest.lib.common.rest_client [req-a5739210-7d5a-4c54-a268-4dccae272795 req-a5739210-7d5a-4c54-a268-4dccae272795 ] Request (ListImageFiltersTestJSON:tearDownClass): 204 DELETE http://10.180.1.21/compute/v2.1/images/9aa14426-db6a-4ed2-933c-9053dd219700 0.139s
2024-10-09 19:54:32.088 61978 INFO tempest.lib.common.rest_client [req-6b4f5e28-b272-4cd4-8249-9998de20e77f req-6b4f5e28-b272-4cd4-8249-9998de20e77f ] Request (MultipleCreateTestJSON:test_multiple_create): 200 GET http://10.180.1.21/compute/v2.1/servers/9fa32a4d-3ba4-4d36-963b-17a64453e804 0.179s
2024-10-09 19:54:32.096 61998 INFO tempest.lib.common.rest_client [req-a9519ccc-69c2-449d-9e62-ed9efeb653ba req-a9519ccc-69c2-449d-9e62-ed9efeb653ba ] Request (AttachInterfacesTestJSON:test_create_list_show_delete_interfaces_by_network_port): 200 GET http://10.180.1.21/compute/v2.1/servers/12a543c2-1081-49d7-800b-07f0a2516904 0.165s
2024-10-09 19:54:32.132 61994 INFO tempest.lib.common.rest_client [req-3fd3de23-8d7a-4521-a990-efd268b7b031 req-3fd3de23-8d7a-4521-a990-efd268b7b031 ] Request (ServerDiskConfigTestJSON:test_rebuild_server_with_manual_disk_config): 200 GET http://10.180.1.21/compute/v2.1/servers/efbde802-8cb0-4563-a776-3722a3889afe 0.157s
2024-10-09 19:54:32.151 62014 INFO tempest.lib.common.rest_client [req-2f0e9830-454f-4312-92c1-eecd22340365 req-2f0e9830-454f-4312-92c1-eecd22340365 ] Request (ServerPasswordTestJSON:setUpClass): 200 GET http://10.180.1.21/compute/v2.1/servers/aa0833ae-99c7-426d-a972-8183667a48f8 0.161s
2024-10-09 19:54:32.178 62002 INFO tempest.lib.common.rest_client [req-20f2494d-cfcc-462e-a6a9-af14950ca1ae req-20f2494d-cfcc-462e-a6a9-af14950ca1ae ] Request (ServerShowV247Test:test_update_rebuild_list_server): 200 GET http://10.180.1.21/compute/v2.1/servers/1eb76ef5-377c-4447-92da-4c61345c0070 0.137s
2024-10-09 19:54:32.207 61968 INFO tempest.lib.common.rest_client [req-65757744-f0df-4a1d-9180-19b0e621d9f9 req-65757744-f0df-4a1d-9180-19b0e621d9f9 ] Request (ServerTagsTestJSON:setUpClass): 200 GET http://10.180.1.21/compute/v2.1/servers/7ef50ee4-64e6-49c2-bb41-0bdce316f8d3 0.165s
