2024-10-09 19:53:03.186 62020 INFO tempest.lib.common.fixed_network [-] (AttachInterfacesV270Test:test_create_get_list_interfaces) Found network {'id': 'f2c5cbfb-050d-4cde-9371-39a284ab0009', 'name': 'tempest-AttachInterfacesV270Test-513859494-network', 'tenant_id': 'b0921db90fd746d094d31c2b0f6e5e72', 'admin_state_up': True, 'mtu': 8950, 'status': 'ACTIVE', 'subnets': [], 'shared': False, 'project_id': 'b0921db90fd746d094d31c2b0f6e5e72', 'port_security_enabled': True, 'router:external': False, 'provider:network_type': 'vlan', 'provider:physical_network': 'default', 'provider:segmentation_id': 621, 'is_default': False, 'availability_zone_hints': [], 'availability_zones': [], 'ipv4_address_scope': None, 'ipv6_address_scope': None, 'description': '', 'tags': [], 'created_at': '2024-10-09T19:52:57Z', 'updated_at': '2024-10-09T19:52:57Z', 'revision_number': 1} available for tenant
2024-10-09 19:53:03.195 62018 INFO tempest.lib.common.rest_client [req-6d4578f0-3d1e-40ce-9b9b-bc5c430e7504 req-6d4578f0-3d1e-40ce-9b9b-bc5c430e7504 ] Request (FlavorsAdminTestJSON:_run_cleanups): 202 DELETE http://10.180.1.21/compute/v2.1/flavors/68469253 1.544s
2024-10-09 19:53:03.243 61966 INFO tempest.lib.common.rest_client [req-2ee31e56-80ea-4623-9427-5ae8c5f2d873 req-2ee31e56-80ea-4623-9427-5ae8c5f2d873 ] Request (ServersTestMultiNic:setUpClass): 201 POST http://10.180.1.21/identity/v3/auth/tokens 0.114s
2024-10-09 19:53:03.257 61968 INFO tempest.lib.common.rest_client [req-ecfab4db-bad5-4202-a19f-2afe38eeecc0 req-ecfab4db-bad5-4202-a19f-2afe38eeecc0 ] Request (ServerRescueTestJSON:setUpClass): 200 GET http://10.180.1.21/compute/v2.1/servers/0103eded-5a0b-4b7f-b98f-63d7866d501c 1.532s
2024-10-09 19:53:03.307 61992 INFO tempest.lib.common.rest_client [req-45987d09-69ff-4cc3-912a-e6f25043bfd4 req-45987d09-69ff-4cc3-912a-e6f25043bfd4 ] Request (FloatingIPsAssociationTestJSON:tearDownClass): 204 DELETE http://10.180.1.21:9696/networking/v2.0/networks/998c84a4-b17e-4e0a-9e53-d4f502ce109c 0.744s
2024-10-09 19:53:03.320 62014 INFO tempest.lib.common.rest_client [req-caafa86b-41ed-4428-87c4-0f0568c44d90 req-caafa86b-41ed-4428-87c4-0f0568c44d90 ] Request (FlavorMetadataValidation:test_flavor_update_with_custom_namespace): 200 POST http://10.180.1.21/compute/v2.1/flavors/1686777255/os-extra_specs 1.536s
2024-10-09 19:53:03.456 61992 INFO tempest.lib.common.rest_client [req-0b433b5d-2cb1-41e4-bba8-7b91bb4bdbf9 req-0b433b5d-2cb1-41e4-bba8-7b91bb4bdbf9 ] Request (FloatingIPsAssociationTestJSON:tearDownClass): 204 DELETE http://10.180.1.21/identity/v3/users/334f79403d0c4716846f8f8e1180ac4f 0.148s
2024-10-09 19:53:03.456 61992 INFO tempest.lib.common.dynamic_creds [-] Deleting project and security group for project: 124adecf56654cfcafc91bf4d3ae5ed2
2024-10-09 19:53:03.465 61966 INFO tempest.lib.common.rest_client [req-ce839096-38aa-48a4-83da-3542b3706778 req-ce839096-38aa-48a4-83da-3542b3706778 ] Request (ServersTestMultiNic:test_verify_duplicate_network_nics): 201 POST http://10.180.1.21:9696/networking/v2.0/networks 0.220s
2024-10-09 19:53:03.503 61992 INFO tempest.lib.common.rest_client [req-f59bf89d-10ef-40f4-9fb8-ac22fc8f7681 req-f59bf89d-10ef-40f4-9fb8-ac22fc8f7681 ] Request (FloatingIPsAssociationTestJSON:tearDownClass): 200 GET http://10.180.1.21:9696/networking/v2.0/security-groups?tenant_id=124adecf56654cfcafc91bf4d3ae5ed2&name=default 0.046s
2024-10-09 19:53:03.525 62002 INFO tempest.lib.common.rest_client [req-931bb042-7be0-43a1-bce8-c07ea287c146 req-931bb042-7be0-43a1-bce8-c07ea287c146 ] Request (ServerShowV247Test:test_show_server): 202 POST http://10.180.1.21/compute/v2.1/servers 1.518s
2024-10-09 19:53:03.582 61974 INFO tempest.lib.common.rest_client [req-575adf6f-c7c8-4f24-80ea-0af4b625675a req-575adf6f-c7c8-4f24-80ea-0af4b625675a ] Request (ListServerFiltersTestJSON:setUpClass): 201 POST http://10.180.1.21:9696/networking/v2.0/networks 0.417s
2024-10-09 19:53:03.641 62000 INFO tempest.lib.common.rest_client [req-f2545b2d-1469-48c5-84fd-64edc371183e req-f2545b2d-1469-48c5-84fd-64edc371183e ] Request (ServerDiagnosticsV248Test:tearDownClass): 200 GET http://10.180.1.21/compute/v2.1/servers/ca465e62-c190-4d67-9dec-87ea1aa8f194 1.196s
2024-10-09 19:53:03.731 61992 INFO tempest.lib.common.rest_client [req-938e241d-2e4b-459c-b968-86451323f029 req-938e241d-2e4b-459c-b968-86451323f029 ] Request (FloatingIPsAssociationTestJSON:tearDownClass): 204 DELETE http://10.180.1.21:9696/networking/v2.0/security-groups/0262ac42-d720-4027-b9ab-1d22a29710be 0.224s
2024-10-09 19:53:03.856 61996 INFO tempest.lib.common.rest_client [req-aca8b87e-aa9d-426c-a566-35edbba0139c req-aca8b87e-aa9d-426c-a566-35edbba0139c ] Request (ServersAdmin275Test:test_rebuild_update_server_275): 202 POST http://10.180.1.21/compute/v2.1/servers/0408fe1e-e4fa-4649-83dc-afdd335ee30d/action 1.534s
2024-10-09 19:53:03.859 61966 INFO tempest.lib.common.rest_client [req-4b80712c-e3a8-42db-9dd8-d5078c636e56 req-4b80712c-e3a8-42db-9dd8-d5078c636e56 ] Request (ServersTestMultiNic:test_verify_duplicate_network_nics): 201 POST http://10.180.1.21:9696/networking/v2.0/subnets 0.394s
2024-10-09 19:53:03.875 61992 INFO tempest.lib.common.rest_client [req-002a0d9b-f5cf-4a30-a4c8-5e069d5832b9 req-002a0d9b-f5cf-4a30-a4c8-5e069d5832b9 ] Request (FloatingIPsAssociationTestJSON:tearDownClass): 204 DELETE http://10.180.1.21/identity/v3/projects/124adecf56654cfcafc91bf4d3ae5ed2 0.144s
2024-10-09 19:53:03.904 61986 INFO tempest.lib.common.rest_client [req-6f15f903-034f-4a54-b2d7-cbf92218f53a req-6f15f903-034f-4a54-b2d7-cbf92218f53a ] Request (SecurityGroupRulesNegativeTestJSON:test_create_security_group_rule_duplicate): 200 POST http://10.180.1.21/compute/v2.1/os-security-group-rules 1.431s
2024-10-09 19:53:03.926 61982 INFO tempest.lib.common.rest_client [req-885c250a-8042-4a6d-9a8c-16e18795ed96 req-885c250a-8042-4a6d-9a8c-16e18795ed96 ] Request (AttachInterfacesUnderV243Test:test_add_remove_fixed_ip): 200 GET http://10.180.1.21/compute/v2.1/servers/f0be276a-ddad-4ae0-a232-d0fb8463a3bc 1.375s
2024-10-09 19:53:03.939 61974 INFO tempest.lib.common.rest_client [req-dbd14dd1-2241-4065-8a86-927484d09b05 req-dbd14dd1-2241-4065-8a86-927484d09b05 ] Request (ListServerFiltersTestJSON:setUpClass): 201 POST http://10.180.1.21:9696/networking/v2.0/subnets 0.357s
2024-10-09 19:53:03.939 61974 INFO tempest.lib.common.dynamic_creds [-] Created isolated network resources for: credentials: Credentials: {'domain_id': 'default', 'domain_name': 'Default', 'username': 'tempest-ListServerFiltersTestJSON-1968034780-project-member', 'project_domain_id': 'default', 'project_domain_name': 'Default', 'project_id': 'd4f79d305b334c52a4875f9c3af4ff7d', 'project_name': 'tempest-ListServerFiltersTestJSON-1968034780', 'tenant_id': 'd4f79d305b334c52a4875f9c3af4ff7d', 'tenant_name': 'tempest-ListServerFiltersTestJSON-1968034780', 'user_domain_id': 'default', 'user_domain_name': 'Default', 'user_id': 'd1f5a3ac79854c81830a5186768e5706', 'system': None}, Network: {'id': '1f1815d6-1108-4a0a-8dca-71327082813f', 'name': 'tempest-ListServerFiltersTestJSON-2125738469-network', 'tenant_id': 'd4f79d305b334c52a4875f9c3af4ff7d', 'admin_state_up': True, 'mtu': 8950, 'status': 'ACTIVE', 'subnets': [], 'shared': False, 'project_id': 'd4f79d305b334c52a4875f9c3af4ff7d', 'port_security_enabled': True, 'router:external': False, 'provider:network_type': 'vlan', 'provider:physical_network': 'default', 'provider:segmentation_id': 834, 'is_default': False, 'availability_zone_hints': [], 'availability_zones': [], 'ipv4_address_scope': None, 'ipv6_address_scope': None, 'description': '', 'tags': [], 'created_at': '2024-10-09T19:53:03Z', 'updated_at': '2024-10-09T19:53:03Z', 'revision_number': 1}, Subnet: {'id': '16930f2d-0fb0-45be-bcb7-dd8b1299d775', 'name': 'tempest-ListServerFiltersTestJSON-2125738469-subnet', 'tenant_id': 'd4f79d305b334c52a4875f9c3af4ff7d', 'network_id': '1f1815d6-1108-4a0a-8dca-71327082813f', 'ip_version': 4, 'subnetpool_id': None, 'enable_dhcp': True, 'ipv6_ra_mode': None, 'ipv6_address_mode': None, 'gateway_ip': '192.168.128.1', 'cidr': '192.168.128.0/28', 'allocation_pools': [{'start': '192.168.128.2', 'end': '192.168.128.14'}], 'host_routes': [], 'dns_nameservers': [], 'description': '', 'router:external': False, 'service_types': [], 'tags': [], 'created_at': '2024-10-09T19:53:03Z', 'updated_at': '2024-10-09T19:53:03Z', 'revision_number': 0, 'project_id': 'd4f79d305b334c52a4875f9c3af4ff7d'}, Router: None
2024-10-09 19:53:03.966 61992 INFO tempest.lib.common.rest_client [req-0ac12e55-073f-430f-985d-cf0fbde0768b req-0ac12e55-073f-430f-985d-cf0fbde0768b ] Request (FloatingIPDetailsTestJSON:setUpClass): 201 POST http://10.180.1.21/identity/v3/auth/tokens 0.088s
2024-10-09 19:53:03.966 61998 INFO tempest.lib.common.rest_client [req-0fcb41ce-e05c-4871-8438-65502388dadb req-0fcb41ce-e05c-4871-8438-65502388dadb ] Request (AttachInterfacesTestJSON:test_create_list_show_delete_interfaces_by_fixed_ip): 200 GET http://10.180.1.21/compute/v2.1/servers/417480ad-61d9-447d-a84d-0cf5df94f4bc 1.333s
2024-10-09 19:53:03.997 62006 INFO tempest.lib.common.rest_client [req-4a824637-ec1a-4014-9293-c4e9e9ae4f18 req-4a824637-ec1a-4014-9293-c4e9e9ae4f18 ] Request (ServersTestFqdnHostnames:test_create_server_with_fqdn_name): 200 GET http://10.180.1.21/compute/v2.1/servers/7eae5f08-213d-40a1-9d7a-1c4e2b6c3ce7 1.258s
2024-10-09 19:53:03.999 61992 INFO tempest.lib.common.rest_client [req-60b54c9a-df9b-436c-b2f3-688ff0291fd6 req-60b54c9a-df9b-436c-b2f3-688ff0291fd6 ] Request (FloatingIPDetailsTestJSON:setUpClass): 201 POST http://10.180.1.21/identity/v3/auth/tokens 0.031s
2024-10-09 19:53:04.022 61992 INFO tempest.lib.common.rest_client [req-e28a57d2-f4cc-486d-806c-e751f377a2fa req-e28a57d2-f4cc-486d-806c-e751f377a2fa ] Request (FloatingIPDetailsTestJSON:setUpClass): 200 GET http://10.180.1.21/identity/v3/domains?name=Default 0.022s
2024-10-09 19:53:04.025 61980 INFO tempest.lib.common.rest_client [req-41b9cf1d-e76b-4b92-a4ee-3c1b6461b94b req-41b9cf1d-e76b-4b92-a4ee-3c1b6461b94b ] Request (ListImageFiltersTestJSON:setUpClass): 200 GET http://10.180.1.21/compute/v2.1/servers/aadc35e7-7aea-4f86-be3a-9b5322f350a5 1.199s
2024-10-09 19:53:04.027 61974 INFO tempest.lib.common.rest_client [req-b6f07663-f0a5-48e8-8c38-4e1c6364dd7d req-b6f07663-f0a5-48e8-8c38-4e1c6364dd7d ] Request (ListServerFiltersTestJSON:setUpClass): 201 POST http://10.180.1.21/identity/v3/auth/tokens 0.081s
2024-10-09 19:53:04.056 61992 INFO tempest.lib.common.rest_client [req-bf6894ac-6d9a-49cf-9656-8ffe82b633a5 req-bf6894ac-6d9a-49cf-9656-8ffe82b633a5 ] Request (FloatingIPDetailsTestJSON:setUpClass): 201 POST http://10.180.1.21/identity/v3/projects 0.033s
2024-10-09 19:53:04.056 61966 INFO tempest.lib.common.rest_client [req-9fcbc22b-825c-4144-9e34-65b1b0a3a1c9 req-9fcbc22b-825c-4144-9e34-65b1b0a3a1c9 ] Request (ServersTestMultiNic:test_verify_duplicate_network_nics): 201 POST http://10.180.1.21:9696/networking/v2.0/networks 0.197s
2024-10-09 19:53:04.062 62009 INFO tempest.lib.common.rest_client [req-b9bde71a-6cb6-4d7c-b9ef-8ae26c144548 req-b9bde71a-6cb6-4d7c-b9ef-8ae26c144548 ] Request (ServerMetadataNegativeTestJSON:setUpClass): 200 GET http://10.180.1.21/compute/v2.1/servers/a1b9b618-91b5-429b-8581-9f819e0d81ee 1.160s
2024-10-09 19:53:04.092 61991 INFO tempest.lib.common.rest_client [req-75ed20f5-785a-4234-a753-79485f72e7d5 req-75ed20f5-785a-4234-a753-79485f72e7d5 ] Request (SecurityGroupsTestJSON:test_list_security_groups_by_server): 200 GET http://10.180.1.21/compute/v2.1/servers/eb8203da-3427-48a8-9ec0-a9d12d8c44d2 1.184s
2024-10-09 19:53:04.115 61974 INFO tempest.lib.common.rest_client [req-ee59080e-5a02-411c-a20f-1856afd32b2a req-ee59080e-5a02-411c-a20f-1856afd32b2a ] Request (ListServerFiltersTestJSON:setUpClass): 201 POST http://10.180.1.21/identity/v3/auth/tokens 0.084s
2024-10-09 19:53:04.115 61974 INFO tempest.lib.common.fixed_network [-] (ListServerFiltersTestJSON:setUpClass) Found network {'id': '1f1815d6-1108-4a0a-8dca-71327082813f', 'name': 'tempest-ListServerFiltersTestJSON-2125738469-network', 'tenant_id': 'd4f79d305b334c52a4875f9c3af4ff7d', 'admin_state_up': True, 'mtu': 8950, 'status': 'ACTIVE', 'subnets': [], 'shared': False, 'project_id': 'd4f79d305b334c52a4875f9c3af4ff7d', 'port_security_enabled': True, 'router:external': False, 'provider:network_type': 'vlan', 'provider:physical_network': 'default', 'provider:segmentation_id': 834, 'is_default': False, 'availability_zone_hints': [], 'availability_zones': [], 'ipv4_address_scope': None, 'ipv6_address_scope': None, 'description': '', 'tags': [], 'created_at': '2024-10-09T19:53:03Z', 'updated_at': '2024-10-09T19:53:03Z', 'revision_number': 1} available for tenant
2024-10-09 19:53:04.116 61992 INFO tempest.lib.common.rest_client [req-bf37ddd7-7f43-46a3-b680-afcc52cf0076 req-bf37ddd7-7f43-46a3-b680-afcc52cf0076 ] Request (FloatingIPDetailsTestJSON:setUpClass): 201 POST http://10.180.1.21/identity/v3/users 0.060s
2024-10-09 19:53:04.140 61992 INFO tempest.lib.common.rest_client [req-fa3d4555-212a-49d4-95cd-7f87169cad13 req-fa3d4555-212a-49d4-95cd-7f87169cad13 ] Request (FloatingIPDetailsTestJSON:setUpClass): 200 GET http://10.180.1.21/identity/v3/roles 0.023s
2024-10-09 19:53:04.142 61978 INFO tempest.lib.common.rest_client [req-a44932fa-e0dc-4f80-bd25-f2af8e9c741f req-a44932fa-e0dc-4f80-bd25-f2af8e9c741f ] Request (DeleteServersAdminTestJSON:test_delete_server_while_in_error_state): 200 GET http://10.180.1.21/compute/v2.1/servers/70e6d944-f978-4d5b-b396-e0e913db0485 1.150s
2024-10-09 19:53:04.149 61974 INFO tempest.lib.common.rest_client [req-97f480d2-274a-41b6-9bb6-4dc96a5d707a req-97f480d2-274a-41b6-9bb6-4dc96a5d707a ] Request (ListServerFiltersTestJSON:setUpClass): 201 POST http://10.180.1.21/identity/v3/auth/tokens 0.029s
2024-10-09 19:53:04.150 61974 INFO tempest.lib.common.fixed_network [-] (ListServerFiltersTestJSON:setUpClass) Found network {'id': '1f1815d6-1108-4a0a-8dca-71327082813f', 'name': 'tempest-ListServerFiltersTestJSON-2125738469-network', 'tenant_id': 'd4f79d305b334c52a4875f9c3af4ff7d', 'admin_state_up': True, 'mtu': 8950, 'status': 'ACTIVE', 'subnets': [], 'shared': False, 'project_id': 'd4f79d305b334c52a4875f9c3af4ff7d', 'port_security_enabled': True, 'router:external': False, 'provider:network_type': 'vlan', 'provider:physical_network': 'default', 'provider:segmentation_id': 834, 'is_default': False, 'availability_zone_hints': [], 'availability_zones': [], 'ipv4_address_scope': None, 'ipv6_address_scope': None, 'description': '', 'tags': [], 'created_at': '2024-10-09T19:53:03Z', 'updated_at': '2024-10-09T19:53:03Z', 'revision_number': 1} available for tenant
2024-10-09 19:53:04.159 62012 INFO tempest.lib.common.rest_client [req-1cb51a0a-4368-4514-b009-10163c473d5e req-1cb51a0a-4368-4514-b009-10163c473d5e ] Request (ImagesTestJSON:test_create_image_from_stopped_server): 200 GET http://10.180.1.21/compute/v2.1/servers/7bc2075c-2cb2-41c2-9681-780689c1d080 1.161s
2024-10-09 19:53:04.182 61992 INFO tempest.lib.common.rest_client [req-10cac576-ddd3-4099-9a9d-bea3aa62105b req-10cac576-ddd3-4099-9a9d-bea3aa62105b ] Request (FloatingIPDetailsTestJSON:setUpClass): 204 PUT http://10.180.1.21/identity/v3/projects/7b5464b9ec4f4b4f8b5f871d26ca2df6/users/7c7aa28c49c645c6aca8bfa856c3af0b/roles/5f80f22af14544cb85b78ec9c1f69e85 0.042s
2024-10-09 19:53:04.183 61992 INFO tempest.lib.common.dynamic_creds [-] Dynamic test user 7c7aa28c49c645c6aca8bfa856c3af0b is created with scope project and roles: ['member']
2024-10-09 19:53:04.183 61992 INFO tempest.lib.common.dynamic_creds [-] Acquired dynamic creds: credentials: Credentials: {'domain_id': 'default', 'domain_name': 'Default', 'username': 'tempest-FloatingIPDetailsTestJSON-380472056-project-member', 'project_domain_id': 'default', 'project_domain_name': 'Default', 'project_id': '7b5464b9ec4f4b4f8b5f871d26ca2df6', 'project_name': 'tempest-FloatingIPDetailsTestJSON-380472056', 'tenant_id': '7b5464b9ec4f4b4f8b5f871d26ca2df6', 'tenant_name': 'tempest-FloatingIPDetailsTestJSON-380472056', 'user_domain_id': 'default', 'user_domain_name': 'Default', 'user_id': '7c7aa28c49c645c6aca8bfa856c3af0b', 'system': None}, Network: None, Subnet: None, Router: None
2024-10-09 19:53:04.209 61976 INFO tempest.lib.common.rest_client [req-71e1cb90-b4c6-48de-888b-c5aa8f7f7819 req-71e1cb90-b4c6-48de-888b-c5aa8f7f7819 ] Request (MigrationsAdminTest:test_resize_server_revert_deleted_flavor): 200 GET http://10.180.1.21/compute/v2.1/servers/83afb27a-7984-4982-9880-f5b0c6553787 1.136s
2024-10-09 19:53:04.227 61984 INFO tempest.lib.common.rest_client [req-c869eaa3-4029-4808-a5ab-33b49d4f96e4 req-c869eaa3-4029-4808-a5ab-33b49d4f96e4 ] Request (ServersNegativeTestJSON:setUpClass): 200 GET http://10.180.1.21/compute/v2.1/servers/07d8d6b6-3cc5-48da-9d4d-563a5fe27442 1.138s
2024-10-09 19:53:04.245 61992 INFO tempest.lib.common.rest_client [req-a1813529-d2e5-457b-8bbd-ea9e6f14d3d9 req-a1813529-d2e5-457b-8bbd-ea9e6f14d3d9 ] Request (FloatingIPDetailsTestJSON:setUpClass): 201 POST http://10.180.1.21/identity/v3/auth/tokens 0.062s
2024-10-09 19:53:04.276 62022 INFO tempest.lib.common.rest_client [req-7712a418-812f-4bfe-84ca-62abad2d7fe9 req-7712a418-812f-4bfe-84ca-62abad2d7fe9 ] Request (VolumesAssistedSnapshotsTest:test_volume_assisted_snapshot_create_delete): 200 GET http://10.180.1.21/compute/v2.1/servers/1b694ac3-385b-4083-a35c-542853354202 1.114s
2024-10-09 19:53:04.294 62018 INFO tempest.lib.common.rest_client [req-fed2fe69-7d40-4f66-853b-3b3fcffbea27 req-fed2fe69-7d40-4f66-853b-3b3fcffbea27 ] Request (FlavorsAdminTestJSON:_run_cleanups): 200 GET http://10.180.1.21/compute/v2.1/flavors/detail 1.098s
2024-10-09 19:53:04.319 61966 INFO tempest.lib.common.rest_client [req-e29b3bee-8181-439c-a256-47578cb0de14 req-e29b3bee-8181-439c-a256-47578cb0de14 ] Request (ServersTestMultiNic:test_verify_duplicate_network_nics): 201 POST http://10.180.1.21:9696/networking/v2.0/subnets 0.262s
2024-10-09 19:53:04.353 61972 INFO tempest.lib.common.rest_client [req-93bb6508-cd77-493f-b07c-6c0dbcec0e19 req-93bb6508-cd77-493f-b07c-6c0dbcec0e19 ] Request (ServerActionsTestOtherA:setUpClass): 200 GET http://10.180.1.21/compute/v2.1/servers/e4a7dc76-99a6-4cc2-97c8-f86d72d00d12 1.110s
2024-10-09 19:53:04.390 62014 INFO tempest.lib.common.rest_client [req-c31ed89d-e765-4275-a4b4-45ebe042ec3f req-c31ed89d-e765-4275-a4b4-45ebe042ec3f ] Request (FlavorMetadataValidation:_run_cleanups): 202 DELETE http://10.180.1.21/compute/v2.1/flavors/1686777255 1.068s
2024-10-09 19:53:04.410 61966 INFO tempest.lib.common.rest_client [req-f1466483-4414-46a1-844c-5d86d0496a5c req-f1466483-4414-46a1-844c-5d86d0496a5c ] Request (ServersTestMultiNic:test_verify_duplicate_network_nics): 201 POST http://10.180.1.21/identity/v3/auth/tokens 0.088s
2024-10-09 19:53:04.410 61966 INFO tempest.lib.common.fixed_network [-] (ServersTestMultiNic:test_verify_duplicate_network_nics) Found network {'id': '3f5f5c2c-46de-4b9a-8f8b-89e346c0eb0e', 'name': 'tempest-ServersTestMultiNic-1866553664-network', 'tenant_id': 'ecf64533220b4a5b9f05c0c864e408a0', 'admin_state_up': True, 'mtu': 8950, 'status': 'ACTIVE', 'subnets': [], 'shared': False, 'project_id': 'ecf64533220b4a5b9f05c0c864e408a0', 'port_security_enabled': True, 'router:external': False, 'provider:network_type': 'vlan', 'provider:physical_network': 'default', 'provider:segmentation_id': 770, 'is_default': False, 'availability_zone_hints': [], 'availability_zones': [], 'ipv4_address_scope': None, 'ipv6_address_scope': None, 'description': '', 'tags': [], 'created_at': '2024-10-09T19:52:56Z', 'updated_at': '2024-10-09T19:52:56Z', 'revision_number': 1} available for tenant
2024-10-09 19:53:04.430 62018 INFO tempest.lib.common.rest_client [req-9f4a7fac-d7b3-4965-a8f5-e6fefc1f42a7 req-9f4a7fac-d7b3-4965-a8f5-e6fefc1f42a7 ] Request (FlavorsAdminTestJSON:tearDownClass): 204 DELETE http://10.180.1.21/identity/v3/users/cd5d1d7ce1624b338ae3c6ce9b128c3b 0.127s
2024-10-09 19:53:04.458 61970 INFO tempest.lib.common.rest_client [req-56326476-f2af-472a-a416-2d1bdfaa6ceb req-56326476-f2af-472a-a416-2d1bdfaa6ceb ] Request (ImagesOneServerTestJSON:setUpClass): 200 GET http://10.180.1.21/compute/v2.1/servers/21099fc3-dd66-4871-a87c-e0d2c56a7818 1.062s
2024-10-09 19:53:04.517 62018 INFO tempest.lib.common.rest_client [req-9998a11c-b487-4250-993a-09d3d66734af req-9998a11c-b487-4250-993a-09d3d66734af ] Request (FlavorsAdminTestJSON:tearDownClass): 204 DELETE http://10.180.1.21/identity/v3/users/b1d5441413cc4cefad0ba8fc60279dc6 0.086s
2024-10-09 19:53:04.517 62018 INFO tempest.lib.common.dynamic_creds [-] Deleting project and security group for project: 4426cd8fe35a4a458cd59c5d462edd84
2024-10-09 19:53:04.557 61992 INFO tempest.lib.common.rest_client [req-b83b77a0-e1dc-4a57-8807-9841f41cc8bf req-b83b77a0-e1dc-4a57-8807-9841f41cc8bf ] Request (FloatingIPDetailsTestJSON:setUpClass): 201 POST http://10.180.1.21:9696/networking/v2.0/networks 0.311s
2024-10-09 19:53:04.577 62018 INFO tempest.lib.common.rest_client [req-4f698617-5ba9-4b63-80e7-fb0586897a76 req-4f698617-5ba9-4b63-80e7-fb0586897a76 ] Request (FlavorsAdminTestJSON:tearDownClass): 201 POST http://10.180.1.21/identity/v3/auth/tokens 0.059s
2024-10-09 19:53:04.657 62002 INFO tempest.lib.common.rest_client [req-42814f71-854a-4334-afc2-cec7a2742d16 req-42814f71-854a-4334-afc2-cec7a2742d16 ] Request (ServerShowV247Test:test_show_server): 200 GET http://10.180.1.21/compute/v2.1/servers/f81aabf6-ae46-405c-b101-12ca707a0567 1.130s
2024-10-09 19:53:04.695 62020 INFO tempest.lib.common.rest_client [req-1e99b53c-9e22-4583-8779-dd915855b481 req-1e99b53c-9e22-4583-8779-dd915855b481 ] Request (AttachInterfacesV270Test:test_create_get_list_interfaces): 202 POST http://10.180.1.21/compute/v2.1/servers 1.509s
2024-10-09 19:53:04.725 61964 INFO tempest.lib.common.rest_client [req-e2af7b9f-7b54-429e-8baf-7e61950d24ad req-e2af7b9f-7b54-429e-8baf-7e61950d24ad ] Request (ServersWithSpecificFlavorTestJSON:test_verify_created_server_ephemeral_disk): 200 GET http://10.180.1.21/compute/v2.1/servers/ca31b2ec-0bfb-47d9-9f35-c54659fa7799 1.148s
2024-10-09 19:53:04.762 62010 INFO tempest.lib.common.rest_client [req-8ba84358-8832-47a2-af3d-97dc83c625c5 req-8ba84358-8832-47a2-af3d-97dc83c625c5 ] Request (ServersTestJSON:setUpClass): 200 GET http://10.180.1.21/compute/v2.1/servers/8ba075db-5095-4c38-afbc-85e9d35d6194 1.102s
2024-10-09 19:53:04.764 62002 INFO tempest.lib.common.rest_client [req-0b4a9bd6-c0f3-4237-981c-7b23c6359c88 req-0b4a9bd6-c0f3-4237-981c-7b23c6359c88 ] Request (ServerShowV247Test:test_update_rebuild_list_server): 201 POST http://10.180.1.21/identity/v3/auth/tokens 0.091s
2024-10-09 19:53:04.765 62002 INFO tempest.lib.common.fixed_network [-] (ServerShowV247Test:test_update_rebuild_list_server) Found network None available for tenant
2024-10-09 19:53:04.786 62018 INFO tempest.lib.common.rest_client [req-7ba8a995-5896-49a4-9922-6f32aa6be446 req-7ba8a995-5896-49a4-9922-6f32aa6be446 ] Request (FlavorsAdminTestJSON:tearDownClass): 200 GET http://10.180.1.21:9696/networking/v2.0/security-groups?tenant_id=4426cd8fe35a4a458cd59c5d462edd84&name=default 0.209s
2024-10-09 19:53:04.800 62024 INFO tempest.lib.common.rest_client [req-a37ecc7e-66c5-4301-8751-2bae22322079 req-a37ecc7e-66c5-4301-8751-2bae22322079 ] Request (ServersV294TestFqdnHostnames:setUpClass): 200 GET http://10.180.1.21/compute/v2.1/servers/1331a447-7be8-42b8-9d59-6b97742e49d1 1.040s
2024-10-09 19:53:04.807 61992 INFO tempest.lib.common.rest_client [req-acbcf523-831c-4b58-a401-7ffc2d3c1711 req-acbcf523-831c-4b58-a401-7ffc2d3c1711 ] Request (FloatingIPDetailsTestJSON:setUpClass): 201 POST http://10.180.1.21:9696/networking/v2.0/subnets 0.249s
2024-10-09 19:53:04.830 61994 INFO tempest.lib.common.rest_client [req-7a4803ad-0120-41b5-bb91-211af451cf59 req-7a4803ad-0120-41b5-bb91-211af451cf59 ] Request (ServerDiskConfigTestJSON:test_rebuild_server_with_auto_disk_config): 200 GET http://10.180.1.21/compute/v2.1/servers/7a8228e2-3ab3-4b87-ad38-4246e33f0dfe 0.965s
2024-10-09 19:53:04.882 61996 INFO tempest.lib.common.rest_client [req-50388220-9778-466d-b0ad-2c2d6b37676b req-50388220-9778-466d-b0ad-2c2d6b37676b ] Request (ServersAdmin275Test:_run_cleanups): 200 GET http://10.180.1.21/compute/v2.1/servers/0408fe1e-e4fa-4649-83dc-afdd335ee30d 1.012s
2024-10-09 19:53:04.896 61986 INFO tempest.lib.common.rest_client [req-1f0cc71d-edfe-49b5-a7cc-5ea15a224a1a req-1f0cc71d-edfe-49b5-a7cc-5ea15a224a1a ] Request (SecurityGroupRulesNegativeTestJSON:test_create_security_group_rule_duplicate): 400 POST http://10.180.1.21/compute/v2.1/os-security-group-rules 0.986s
2024-10-09 19:53:04.942 62018 INFO tempest.lib.common.rest_client [req-5fcc9bb8-849a-4475-9573-fe40902711cc req-5fcc9bb8-849a-4475-9573-fe40902711cc ] Request (FlavorsAdminTestJSON:tearDownClass): 204 DELETE http://10.180.1.21:9696/networking/v2.0/security-groups/a459acb0-27e6-4a65-8228-043ca2357a1f 0.155s
2024-10-09 19:53:04.949 61962 INFO tempest.lib.common.rest_client [req-2b33f29b-9201-416d-8f7c-d6142fb3ae4d req-2b33f29b-9201-416d-8f7c-d6142fb3ae4d ] Request (ServerExternalEventsTest:test_create_server_external_events): 200 GET http://10.180.1.21/compute/v2.1/servers/7d0e752f-9b39-4d01-bedc-5315927deea8 0.877s
2024-10-09 19:53:05.019 62004 INFO tempest.lib.common.rest_client [req-2e8ae39c-7db1-4df6-ab0a-9f46866dbfcf req-2e8ae39c-7db1-4df6-ab0a-9f46866dbfcf ] Request (VolumesAdminNegativeTest:test_update_attached_volume_with_nonexistent_volume_in_body): 200 GET http://10.180.1.21/compute/v2.1/servers/c3b90a4d-e885-453c-9f8e-799adb2400a0 0.841s
2024-10-09 19:53:05.034 62018 INFO tempest.lib.common.rest_client [req-009d0410-a640-4e51-aedf-ac9e9a6afd25 req-009d0410-a640-4e51-aedf-ac9e9a6afd25 ] Request (FlavorsAdminTestJSON:tearDownClass): 204 DELETE http://10.180.1.21/identity/v3/projects/4426cd8fe35a4a458cd59c5d462edd84 0.092s
2024-10-09 19:53:05.035 62018 INFO tempest.lib.common.dynamic_creds [-] Deleting project and security group for project: 6e223309ee0945509aa50b9e28a1ea37
2024-10-09 19:53:05.077 61988 INFO tempest.lib.common.rest_client [req-82f8bb9b-3332-4dc5-9c15-bdb9d9cbbef5 req-82f8bb9b-3332-4dc5-9c15-bdb9d9cbbef5 ] Request (ServersTestManualDisk:setUpClass): 200 GET http://10.180.1.21/compute/v2.1/servers/e6922bb7-c2df-468a-aa5b-d03e274b8ecc 0.886s
2024-10-09 19:53:05.144 61968 INFO tempest.lib.common.rest_client [req-b4e2600a-fb01-47b3-90cb-ff163b519291 req-b4e2600a-fb01-47b3-90cb-ff163b519291 ] Request (ServerRescueTestJSON:setUpClass): 200 GET http://10.180.1.21/compute/v2.1/servers/0103eded-5a0b-4b7f-b98f-63d7866d501c 0.876s
2024-10-09 19:53:05.159 62014 INFO tempest.lib.common.rest_client [req-44e5fb43-a872-4352-8fd9-23cc4f180499 req-44e5fb43-a872-4352-8fd9-23cc4f180499 ] Request (FlavorMetadataValidation:_run_cleanups): 200 GET http://10.180.1.21/compute/v2.1/flavors/detail 0.769s
2024-10-09 19:53:05.183 62018 INFO tempest.lib.common.rest_client [req-08634bb1-7170-479d-9b0d-7c0840b4f3eb req-08634bb1-7170-479d-9b0d-7c0840b4f3eb ] Request (FlavorsAdminTestJSON:tearDownClass): 200 GET http://10.180.1.21:9696/networking/v2.0/security-groups?tenant_id=6e223309ee0945509aa50b9e28a1ea37&name=default 0.148s
2024-10-09 19:53:05.271 62014 INFO tempest.lib.common.rest_client [req-91878560-7e92-4938-bd48-89e579b151d7 req-91878560-7e92-4938-bd48-89e579b151d7 ] Request (FlavorMetadataValidation:tearDownClass): 204 DELETE http://10.180.1.21/identity/v3/users/959cb20fb2b44c1391cb5ffbd030273f 0.104s
2024-10-09 19:53:05.346 61974 INFO tempest.lib.common.rest_client [req-2ce4740f-a1a2-458b-818c-2ec4a07d92f5 req-2ce4740f-a1a2-458b-818c-2ec4a07d92f5 ] Request (ListServerFiltersTestJSON:setUpClass): 202 POST http://10.180.1.21/compute/v2.1/servers 1.195s
2024-10-09 19:53:05.397 62014 INFO tempest.lib.common.rest_client [req-8a719661-737c-4a2c-a5fb-81098b9d9b7a req-8a719661-737c-4a2c-a5fb-81098b9d9b7a ] Request (FlavorMetadataValidation:tearDownClass): 204 DELETE http://10.180.1.21/identity/v3/users/7425380ac5a34218b9db4a632ffde307 0.126s
2024-10-09 19:53:05.398 62014 INFO tempest.lib.common.dynamic_creds [-] Deleting project and security group for project: 4b7c573969f44c36ab1e305b1d25c3ed
2024-10-09 19:53:05.420 61974 INFO tempest.lib.common.rest_client [req-bda179e6-455c-4d63-a487-6cbb89b66519 req-bda179e6-455c-4d63-a487-6cbb89b66519 ] Request (ListServerFiltersTestJSON:setUpClass): 201 POST http://10.180.1.21/identity/v3/auth/tokens 0.069s
2024-10-09 19:53:05.420 61974 INFO tempest.lib.common.fixed_network [-] (ListServerFiltersTestJSON:setUpClass) Found network {'id': '1f1815d6-1108-4a0a-8dca-71327082813f', 'name': 'tempest-ListServerFiltersTestJSON-2125738469-network', 'tenant_id': 'd4f79d305b334c52a4875f9c3af4ff7d', 'admin_state_up': True, 'mtu': 8950, 'status': 'ACTIVE', 'subnets': [], 'shared': False, 'project_id': 'd4f79d305b334c52a4875f9c3af4ff7d', 'port_security_enabled': True, 'router:external': False, 'provider:network_type': 'vlan', 'provider:physical_network': 'default', 'provider:segmentation_id': 834, 'is_default': False, 'availability_zone_hints': [], 'availability_zones': [], 'ipv4_address_scope': None, 'ipv6_address_scope': None, 'description': '', 'tags': [], 'created_at': '2024-10-09T19:53:03Z', 'updated_at': '2024-10-09T19:53:03Z', 'revision_number': 1} available for tenant
2024-10-09 19:53:05.421 62000 INFO tempest.lib.common.rest_client [req-20c189dc-79a4-4cd8-bc14-55a1d17c0a7e req-20c189dc-79a4-4cd8-bc14-55a1d17c0a7e ] Request (ServerDiagnosticsV248Test:tearDownClass): 200 GET http://10.180.1.21/compute/v2.1/servers/ca465e62-c190-4d67-9dec-87ea1aa8f194 0.771s
2024-10-09 19:53:05.472 62014 INFO tempest.lib.common.rest_client [req-722580af-0547-49f6-8598-dea8d33d0891 req-722580af-0547-49f6-8598-dea8d33d0891 ] Request (FlavorMetadataValidation:tearDownClass): 201 POST http://10.180.1.21/identity/v3/auth/tokens 0.074s
2024-10-09 19:53:05.483 62020 INFO tempest.lib.common.rest_client [req-0af145c7-53e3-4c51-b49e-36eb169dcb3f req-0af145c7-53e3-4c51-b49e-36eb169dcb3f ] Request (AttachInterfacesV270Test:test_create_get_list_interfaces): 200 GET http://10.180.1.21/compute/v2.1/servers/4c112f97-ddf5-4481-bbf9-3c7861aa3cb5 0.786s
2024-10-09 19:53:05.500 62018 INFO tempest.lib.common.rest_client [req-4762aa24-e09f-4519-a16c-79ab169319f6 req-4762aa24-e09f-4519-a16c-79ab169319f6 ] Request (FlavorsAdminTestJSON:tearDownClass): 204 DELETE http://10.180.1.21:9696/networking/v2.0/security-groups/0b4a8b6c-d924-4ebb-a787-1c823591b05d 0.316s
2024-10-09 19:53:05.576 62018 INFO tempest.lib.common.rest_client [req-4006983f-2576-4ffb-9c4c-ded9cc66cab1 req-4006983f-2576-4ffb-9c4c-ded9cc66cab1 ] Request (FlavorsAdminTestJSON:tearDownClass): 204 DELETE http://10.180.1.21/identity/v3/projects/6e223309ee0945509aa50b9e28a1ea37 0.075s
2024-10-09 19:53:05.622 62002 INFO tempest.lib.common.rest_client [req-08c14ec4-58df-4013-85ef-dbadc151d684 req-08c14ec4-58df-4013-85ef-dbadc151d684 ] Request (ServerShowV247Test:test_update_rebuild_list_server): 202 POST http://10.180.1.21/compute/v2.1/servers 0.855s
2024-10-09 19:53:05.638 62018 INFO tempest.lib.common.rest_client [req-bde56b81-55cf-4f38-9168-657a834cbce5 req-bde56b81-55cf-4f38-9168-657a834cbce5 ] Request (HypervisorAdminV228Test:setUpClass): 201 POST http://10.180.1.21/identity/v3/auth/tokens 0.060s
2024-10-09 19:53:05.701 62018 INFO tempest.lib.common.rest_client [req-a4e9b1a6-b4ca-4361-b40b-12da97f0b42b req-a4e9b1a6-b4ca-4361-b40b-12da97f0b42b ] Request (HypervisorAdminV228Test:setUpClass): 201 POST http://10.180.1.21/identity/v3/auth/tokens 0.060s
2024-10-09 19:53:05.733 62018 INFO tempest.lib.common.rest_client [req-be577a6d-d5c2-4257-8e4d-0eab180ce587 req-be577a6d-d5c2-4257-8e4d-0eab180ce587 ] Request (HypervisorAdminV228Test:setUpClass): 200 GET http://10.180.1.21/identity/v3/domains?name=Default 0.032s
2024-10-09 19:53:05.770 62018 INFO tempest.lib.common.rest_client [req-7683e632-865c-4607-a900-920cd2e86a59 req-7683e632-865c-4607-a900-920cd2e86a59 ] Request (HypervisorAdminV228Test:setUpClass): 201 POST http://10.180.1.21/identity/v3/projects 0.036s
2024-10-09 19:53:05.779 61986 INFO tempest.lib.common.rest_client [req-09c9de13-2bc3-4f12-a845-3a83e3575d77 req-09c9de13-2bc3-4f12-a845-3a83e3575d77 ] Request (SecurityGroupRulesNegativeTestJSON:_run_cleanups): 202 DELETE http://10.180.1.21/compute/v2.1/os-security-group-rules/9c6696b6-ba3a-4a74-87f2-3bb8e924a180 0.882s
2024-10-09 19:53:05.852 61982 INFO tempest.lib.common.rest_client [req-bc7b8ae5-b7c0-448d-b9dd-7b2d1b0e2545 req-bc7b8ae5-b7c0-448d-b9dd-7b2d1b0e2545 ] Request (AttachInterfacesUnderV243Test:test_add_remove_fixed_ip): 200 GET http://10.180.1.21/compute/v2.1/servers/f0be276a-ddad-4ae0-a232-d0fb8463a3bc 0.916s
2024-10-09 19:53:05.857 62018 INFO tempest.lib.common.rest_client [req-763289d0-fdfe-4cb8-ba54-9bfc0e686a2a req-763289d0-fdfe-4cb8-ba54-9bfc0e686a2a ] Request (HypervisorAdminV228Test:setUpClass): 201 POST http://10.180.1.21/identity/v3/users 0.086s
2024-10-09 19:53:05.883 62018 INFO tempest.lib.common.rest_client [req-11d78bc7-5ac3-4809-9108-9695d9471901 req-11d78bc7-5ac3-4809-9108-9695d9471901 ] Request (HypervisorAdminV228Test:setUpClass): 200 GET http://10.180.1.21/identity/v3/roles 0.026s
2024-10-09 19:53:05.910 61998 INFO tempest.lib.common.rest_client [req-d3e2cb6a-dc75-457b-8a56-a27b45adb750 req-d3e2cb6a-dc75-457b-8a56-a27b45adb750 ] Request (AttachInterfacesTestJSON:test_create_list_show_delete_interfaces_by_fixed_ip): 200 GET http://10.180.1.21/compute/v2.1/servers/417480ad-61d9-447d-a84d-0cf5df94f4bc 0.933s
2024-10-09 19:53:05.919 62018 INFO tempest.lib.common.rest_client [req-6b74a37d-e7fc-498b-b4bb-479484c7ceaf req-6b74a37d-e7fc-498b-b4bb-479484c7ceaf ] Request (HypervisorAdminV228Test:setUpClass): 204 PUT http://10.180.1.21/identity/v3/projects/1359d6b1940740088145b19102c70a80/users/3376218433524d939ebeb8b0cf12e997/roles/5f80f22af14544cb85b78ec9c1f69e85 0.035s
2024-10-09 19:53:05.919 62018 INFO tempest.lib.common.dynamic_creds [-] Dynamic test user 3376218433524d939ebeb8b0cf12e997 is created with scope project and roles: ['member']
2024-10-09 19:53:05.920 62018 INFO tempest.lib.common.dynamic_creds [-] Acquired dynamic creds: credentials: Credentials: {'domain_id': 'default', 'domain_name': 'Default', 'username': 'tempest-HypervisorAdminV228Test-1510693160-project-member', 'project_domain_id': 'default', 'project_domain_name': 'Default', 'project_id': '1359d6b1940740088145b19102c70a80', 'project_name': 'tempest-HypervisorAdminV228Test-1510693160', 'tenant_id': '1359d6b1940740088145b19102c70a80', 'tenant_name': 'tempest-HypervisorAdminV228Test-1510693160', 'user_domain_id': 'default', 'user_domain_name': 'Default', 'user_id': '3376218433524d939ebeb8b0cf12e997', 'system': None}, Network: None, Subnet: None, Router: None
2024-10-09 19:53:05.920 62018 INFO tempest.lib.common.dynamic_creds [-] Created isolated network resources for: credentials: Credentials: {'domain_id': 'default', 'domain_name': 'Default', 'username': 'tempest-HypervisorAdminV228Test-1510693160-project-member', 'project_domain_id': 'default', 'project_domain_name': 'Default', 'project_id': '1359d6b1940740088145b19102c70a80', 'project_name': 'tempest-HypervisorAdminV228Test-1510693160', 'tenant_id': '1359d6b1940740088145b19102c70a80', 'tenant_name': 'tempest-HypervisorAdminV228Test-1510693160', 'user_domain_id': 'default', 'user_domain_name': 'Default', 'user_id': '3376218433524d939ebeb8b0cf12e997', 'system': None}, Network: None, Subnet: None, Router: None
2024-10-09 19:53:05.956 62006 INFO tempest.lib.common.rest_client [req-ad6fa353-d41c-4589-8fce-e41de9a998fe req-ad6fa353-d41c-4589-8fce-e41de9a998fe ] Request (ServersTestFqdnHostnames:test_create_server_with_fqdn_name): 200 GET http://10.180.1.21/compute/v2.1/servers/7eae5f08-213d-40a1-9d7a-1c4e2b6c3ce7 0.949s
2024-10-09 19:53:05.963 62014 INFO tempest.lib.common.rest_client [req-ff6167eb-530a-4910-8f28-cd156bdccc0f req-ff6167eb-530a-4910-8f28-cd156bdccc0f ] Request (FlavorMetadataValidation:tearDownClass): 200 GET http://10.180.1.21:9696/networking/v2.0/security-groups?tenant_id=4b7c573969f44c36ab1e305b1d25c3ed&name=default 0.491s
2024-10-09 19:53:05.998 62018 INFO tempest.lib.common.rest_client [req-46d75b5c-19b1-4251-8af1-e96f0ca04233 req-46d75b5c-19b1-4251-8af1-e96f0ca04233 ] Request (HypervisorAdminV228Test:setUpClass): 201 POST http://10.180.1.21/identity/v3/auth/tokens 0.074s
2024-10-09 19:53:06.022 61980 INFO tempest.lib.common.rest_client [req-6614567a-6a19-4c1b-8f5b-b246122489ba req-6614567a-6a19-4c1b-8f5b-b246122489ba ] Request (ListImageFiltersTestJSON:setUpClass): 200 GET http://10.180.1.21/compute/v2.1/servers/aadc35e7-7aea-4f86-be3a-9b5322f350a5 0.990s
2024-10-09 19:53:06.075 62018 INFO tempest.lib.common.rest_client [req-ca6dcee0-ca87-48fa-a0cf-5138ac82014d req-ca6dcee0-ca87-48fa-a0cf-5138ac82014d ] Request (HypervisorAdminV228Test:setUpClass): 201 POST http://10.180.1.21/identity/v3/projects 0.076s
2024-10-09 19:53:06.076 62009 INFO tempest.lib.common.rest_client [req-c01b2af4-e275-46db-800f-c539c35f62b2 req-c01b2af4-e275-46db-800f-c539c35f62b2 ] Request (ServerMetadataNegativeTestJSON:setUpClass): 200 GET http://10.180.1.21/compute/v2.1/servers/a1b9b618-91b5-429b-8581-9f819e0d81ee 1.007s
2024-10-09 19:53:06.124 62014 INFO tempest.lib.common.rest_client [req-5e8b383e-47e9-41e5-bdd5-4c366604beeb req-5e8b383e-47e9-41e5-bdd5-4c366604beeb ] Request (FlavorMetadataValidation:tearDownClass): 204 DELETE http://10.180.1.21:9696/networking/v2.0/security-groups/0f97629e-ce3e-4449-9d7f-138bdb3b8530 0.160s
2024-10-09 19:53:06.140 62018 INFO tempest.lib.common.rest_client [req-fa7d9ad3-af43-4803-9306-11d2487838d7 req-fa7d9ad3-af43-4803-9306-11d2487838d7 ] Request (HypervisorAdminV228Test:setUpClass): 201 POST http://10.180.1.21/identity/v3/users 0.064s
2024-10-09 19:53:06.166 62018 INFO tempest.lib.common.rest_client [req-196986d7-70c1-41a3-8ec5-1248e6810ed0 req-196986d7-70c1-41a3-8ec5-1248e6810ed0 ] Request (HypervisorAdminV228Test:setUpClass): 200 GET http://10.180.1.21/identity/v3/roles 0.026s
2024-10-09 19:53:06.213 62018 INFO tempest.lib.common.rest_client [req-ece42a66-d43a-4c31-985a-675298fd9cfa req-ece42a66-d43a-4c31-985a-675298fd9cfa ] Request (HypervisorAdminV228Test:setUpClass): 204 PUT http://10.180.1.21/identity/v3/projects/b74ef687ad074cd5887a2bd805b800cc/users/ab17628a17fb44fda5d8698c9a4a6736/roles/299f90a1d6af46ecb49969c22f754d88 0.045s
2024-10-09 19:53:06.219 62014 INFO tempest.lib.common.rest_client [req-9ac115d9-14e0-4cf1-8fe2-821237018aef req-9ac115d9-14e0-4cf1-8fe2-821237018aef ] Request (FlavorMetadataValidation:tearDownClass): 204 DELETE http://10.180.1.21/identity/v3/projects/4b7c573969f44c36ab1e305b1d25c3ed 0.094s
2024-10-09 19:53:06.220 62014 INFO tempest.lib.common.dynamic_creds [-] Deleting project and security group for project: 00cea68425b64eaa888e093f0047a4a0
2024-10-09 19:53:06.243 61991 INFO tempest.lib.common.rest_client [req-aeba87eb-bc5d-4748-b4a7-ffbc354d7859 req-aeba87eb-bc5d-4748-b4a7-ffbc354d7859 ] Request (SecurityGroupsTestJSON:test_list_security_groups_by_server): 200 GET http://10.180.1.21/compute/v2.1/servers/eb8203da-3427-48a8-9ec0-a9d12d8c44d2 1.139s
2024-10-09 19:53:06.251 61991 INFO tempest.common.waiters [-] State transition "BUILD/None" ==> "BUILD/spawning" after 31 second wait
2024-10-09 19:53:06.267 61966 INFO tempest.lib.common.rest_client [req-23cb0b97-7218-42f5-9ced-4c403eda9ed3 req-23cb0b97-7218-42f5-9ced-4c403eda9ed3 ] Request (ServersTestMultiNic:test_verify_duplicate_network_nics): 202 POST http://10.180.1.21/compute/v2.1/servers 1.856s
2024-10-09 19:53:06.285 62018 INFO tempest.lib.common.rest_client [req-2d70ff3c-2114-43bd-8f2c-60da957fe683 req-2d70ff3c-2114-43bd-8f2c-60da957fe683 ] Request (HypervisorAdminV228Test:setUpClass): 200 GET http://10.180.1.21/identity/v3/roles 0.072s
2024-10-09 19:53:06.300 61978 INFO tempest.lib.common.rest_client [req-6b1e82ec-6d83-4734-8170-0ded016326eb req-6b1e82ec-6d83-4734-8170-0ded016326eb ] Request (DeleteServersAdminTestJSON:test_delete_server_while_in_error_state): 200 GET http://10.180.1.21/compute/v2.1/servers/70e6d944-f978-4d5b-b396-e0e913db0485 1.144s
2024-10-09 19:53:06.339 62018 INFO tempest.lib.common.rest_client [req-9b4852ac-5ef9-4e67-b519-fd76efc76a59 req-9b4852ac-5ef9-4e67-b519-fd76efc76a59 ] Request (HypervisorAdminV228Test:setUpClass): 204 PUT http://10.180.1.21/identity/v3/projects/b74ef687ad074cd5887a2bd805b800cc/users/ab17628a17fb44fda5d8698c9a4a6736/roles/299f90a1d6af46ecb49969c22f754d88 0.053s
2024-10-09 19:53:06.339 62018 INFO tempest.lib.common.dynamic_creds [-] Dynamic test user ab17628a17fb44fda5d8698c9a4a6736 is created with scope project and roles: ['admin']
2024-10-09 19:53:06.339 62018 INFO tempest.lib.common.dynamic_creds [-] Acquired dynamic creds: credentials: Credentials: {'domain_id': 'default', 'domain_name': 'Default', 'username': 'tempest-HypervisorAdminV228Test-1458235597-project-admin', 'project_domain_id': 'default', 'project_domain_name': 'Default', 'project_id': 'b74ef687ad074cd5887a2bd805b800cc', 'project_name': 'tempest-HypervisorAdminV228Test-1458235597', 'tenant_id': 'b74ef687ad074cd5887a2bd805b800cc', 'tenant_name': 'tempest-HypervisorAdminV228Test-1458235597', 'user_domain_id': 'default', 'user_domain_name': 'Default', 'user_id': 'ab17628a17fb44fda5d8698c9a4a6736', 'system': None}, Network: None, Subnet: None, Router: None
2024-10-09 19:53:06.340 62018 INFO tempest.lib.common.dynamic_creds [-] Created isolated network resources for: credentials: Credentials: {'domain_id': 'default', 'domain_name': 'Default', 'username': 'tempest-HypervisorAdminV228Test-1458235597-project-admin', 'project_domain_id': 'default', 'project_domain_name': 'Default', 'project_id': 'b74ef687ad074cd5887a2bd805b800cc', 'project_name': 'tempest-HypervisorAdminV228Test-1458235597', 'tenant_id': 'b74ef687ad074cd5887a2bd805b800cc', 'tenant_name': 'tempest-HypervisorAdminV228Test-1458235597', 'user_domain_id': 'default', 'user_domain_name': 'Default', 'user_id': 'ab17628a17fb44fda5d8698c9a4a6736', 'system': None}, Network: None, Subnet: None, Router: None
2024-10-09 19:53:06.349 62012 INFO tempest.lib.common.rest_client [req-e181bd31-415e-4cbe-b47f-a218dce22602 req-e181bd31-415e-4cbe-b47f-a218dce22602 ] Request (ImagesTestJSON:test_create_image_from_stopped_server): 200 GET http://10.180.1.21/compute/v2.1/servers/7bc2075c-2cb2-41c2-9681-780689c1d080 1.178s
2024-10-09 19:53:06.359 61976 INFO tempest.lib.common.rest_client [req-13a85c42-609d-458f-9ca8-da7711b4afdd req-13a85c42-609d-458f-9ca8-da7711b4afdd ] Request (MigrationsAdminTest:test_resize_server_revert_deleted_flavor): 200 GET http://10.180.1.21/compute/v2.1/servers/83afb27a-7984-4982-9880-f5b0c6553787 1.143s
2024-10-09 19:53:06.412 62022 INFO tempest.lib.common.rest_client [req-fca34979-67e0-451a-9330-bcc5c9307d40 req-fca34979-67e0-451a-9330-bcc5c9307d40 ] Request (VolumesAssistedSnapshotsTest:test_volume_assisted_snapshot_create_delete): 200 GET http://10.180.1.21/compute/v2.1/servers/1b694ac3-385b-4083-a35c-542853354202 1.129s
2024-10-09 19:53:06.434 62018 INFO tempest.lib.common.rest_client [req-65142521-1537-4369-a0bd-365fbac1e175 req-65142521-1537-4369-a0bd-365fbac1e175 ] Request (HypervisorAdminV228Test:setUpClass): 201 POST http://10.180.1.21/identity/v3/auth/tokens 0.090s
2024-10-09 19:53:06.437 61984 INFO tempest.lib.common.rest_client [req-50aac8f8-425b-4238-b323-a95e62091015 req-50aac8f8-425b-4238-b323-a95e62091015 ] Request (ServersNegativeTestJSON:setUpClass): 200 GET http://10.180.1.21/compute/v2.1/servers/07d8d6b6-3cc5-48da-9d4d-563a5fe27442 1.200s
2024-10-09 19:53:06.460 61992 INFO tempest.lib.common.rest_client [req-b6bbdaf4-6bc4-4236-95e0-17b7cad3178b req-b6bbdaf4-6bc4-4236-95e0-17b7cad3178b ] Request (FloatingIPDetailsTestJSON:setUpClass): 201 POST http://10.180.1.21:9696/networking/v2.0/routers 1.652s
2024-10-09 19:53:06.469 61972 INFO tempest.lib.common.rest_client [req-73b7ce6b-c4cc-4287-b42b-002a4c7b428f req-73b7ce6b-c4cc-4287-b42b-002a4c7b428f ] Request (ServerActionsTestOtherA:setUpClass): 200 GET http://10.180.1.21/compute/v2.1/servers/e4a7dc76-99a6-4cc2-97c8-f86d72d00d12 1.106s
2024-10-09 19:53:06.512 62014 INFO tempest.lib.common.rest_client [req-e601763b-796a-46f5-9bd2-43339b22e73f req-e601763b-796a-46f5-9bd2-43339b22e73f ] Request (FlavorMetadataValidation:tearDownClass): 200 GET http://10.180.1.21:9696/networking/v2.0/security-groups?tenant_id=00cea68425b64eaa888e093f0047a4a0&name=default 0.292s
2024-10-09 19:53:06.672 61970 INFO tempest.lib.common.rest_client [req-69511f3c-426d-4e63-8da5-b23ad670c07f req-69511f3c-426d-4e63-8da5-b23ad670c07f ] Request (ImagesOneServerTestJSON:setUpClass): 200 GET http://10.180.1.21/compute/v2.1/servers/21099fc3-dd66-4871-a87c-e0d2c56a7818 1.204s
2024-10-09 19:53:06.758 62002 INFO tempest.lib.common.rest_client [req-0be5a4d3-d98e-4bc3-a92b-08b1683c691f req-0be5a4d3-d98e-4bc3-a92b-08b1683c691f ] Request (ServerShowV247Test:test_update_rebuild_list_server): 200 PUT http://10.180.1.21/compute/v2.1/servers/1eb76ef5-377c-4447-92da-4c61345c0070 1.134s
2024-10-09 19:53:06.842 61964 INFO tempest.lib.common.rest_client [req-a795b6b9-9bc0-4620-b545-e6ab0f6e1b75 req-a795b6b9-9bc0-4620-b545-e6ab0f6e1b75 ] Request (ServersWithSpecificFlavorTestJSON:test_verify_created_server_ephemeral_disk): 200 GET http://10.180.1.21/compute/v2.1/servers/ca31b2ec-0bfb-47d9-9f35-c54659fa7799 1.106s
2024-10-09 19:53:06.908 62010 INFO tempest.lib.common.rest_client [req-e0803a01-8e47-42ad-83ef-fdacfb7a5b28 req-e0803a01-8e47-42ad-83ef-fdacfb7a5b28 ] Request (ServersTestJSON:setUpClass): 200 GET http://10.180.1.21/compute/v2.1/servers/8ba075db-5095-4c38-afbc-85e9d35d6194 1.138s
2024-10-09 19:53:06.984 62014 INFO tempest.lib.common.rest_client [req-ae6b9b33-9246-4d81-8294-bb731fa5cc95 req-ae6b9b33-9246-4d81-8294-bb731fa5cc95 ] Request (FlavorMetadataValidation:tearDownClass): 204 DELETE http://10.180.1.21:9696/networking/v2.0/security-groups/ad5f0496-6a0d-499b-b253-2c0578ecd4d4 0.471s
2024-10-09 19:53:07.080 61974 INFO tempest.lib.common.rest_client [req-47befa3a-2cc7-47e9-a979-049f05d63154 req-47befa3a-2cc7-47e9-a979-049f05d63154 ] Request (ListServerFiltersTestJSON:setUpClass): 202 POST http://10.180.1.21/compute/v2.1/servers 1.660s
2024-10-09 19:53:07.125 61986 INFO tempest.lib.common.rest_client [req-88e4a39a-3c61-4d7b-90c0-bad0bb206a19 req-88e4a39a-3c61-4d7b-90c0-bad0bb206a19 ] Request (SecurityGroupRulesNegativeTestJSON:test_create_security_group_rule_with_invalid_from_port): 200 POST http://10.180.1.21/compute/v2.1/os-security-groups 1.344s
2024-10-09 19:53:07.145 62014 INFO tempest.lib.common.rest_client [req-4ad11e32-d7ad-44ae-b153-c91e6ed7d56c req-4ad11e32-d7ad-44ae-b153-c91e6ed7d56c ] Request (FlavorMetadataValidation:tearDownClass): 204 DELETE http://10.180.1.21/identity/v3/projects/00cea68425b64eaa888e093f0047a4a0 0.161s
2024-10-09 19:53:07.162 61974 INFO tempest.lib.common.rest_client [req-ac2e1d7d-3d15-4c80-b79b-2c68cac18831 req-ac2e1d7d-3d15-4c80-b79b-2c68cac18831 ] Request (ListServerFiltersTestJSON:setUpClass): 201 POST http://10.180.1.21/identity/v3/auth/tokens 0.077s
2024-10-09 19:53:07.162 61974 INFO tempest.lib.common.fixed_network [-] (ListServerFiltersTestJSON:setUpClass) Found network {'id': '1f1815d6-1108-4a0a-8dca-71327082813f', 'name': 'tempest-ListServerFiltersTestJSON-2125738469-network', 'tenant_id': 'd4f79d305b334c52a4875f9c3af4ff7d', 'admin_state_up': True, 'mtu': 8950, 'status': 'ACTIVE', 'subnets': [], 'shared': False, 'project_id': 'd4f79d305b334c52a4875f9c3af4ff7d', 'port_security_enabled': True, 'router:external': False, 'provider:network_type': 'vlan', 'provider:physical_network': 'default', 'provider:segmentation_id': 834, 'is_default': False, 'availability_zone_hints': [], 'availability_zones': [], 'ipv4_address_scope': None, 'ipv6_address_scope': None, 'description': '', 'tags': [], 'created_at': '2024-10-09T19:53:03Z', 'updated_at': '2024-10-09T19:53:03Z', 'revision_number': 1} available for tenant
2024-10-09 19:53:07.176 62024 INFO tempest.lib.common.rest_client [req-cba7f383-f4ad-474d-81ba-d0c90c423e77 req-cba7f383-f4ad-474d-81ba-d0c90c423e77 ] Request (ServersV294TestFqdnHostnames:setUpClass): 200 GET http://10.180.1.21/compute/v2.1/servers/1331a447-7be8-42b8-9d59-6b97742e49d1 1.363s
2024-10-09 19:53:07.199 61994 INFO tempest.lib.common.rest_client [req-e391db8c-03d8-4969-a88d-bdeb0ea24b24 req-e391db8c-03d8-4969-a88d-bdeb0ea24b24 ] Request (ServerDiskConfigTestJSON:test_rebuild_server_with_auto_disk_config): 200 GET http://10.180.1.21/compute/v2.1/servers/7a8228e2-3ab3-4b87-ad38-4246e33f0dfe 1.359s
2024-10-09 19:53:07.220 62014 INFO tempest.lib.common.rest_client [req-76a918f0-0fcb-4401-a34d-35ffa3b33d9e req-76a918f0-0fcb-4401-a34d-35ffa3b33d9e ] Request (InstanceUsageAuditLogTestJSON:setUpClass): 201 POST http://10.180.1.21/identity/v3/auth/tokens 0.073s
2024-10-09 19:53:07.231 61996 INFO tempest.lib.common.rest_client [req-b93f6e27-c6c8-447c-bbdd-d73ad850325f req-b93f6e27-c6c8-447c-bbdd-d73ad850325f ] Request (ServersAdmin275Test:_run_cleanups): 200 GET http://10.180.1.21/compute/v2.1/servers/0408fe1e-e4fa-4649-83dc-afdd335ee30d 1.334s
2024-10-09 19:53:07.248 61996 INFO tempest.common.waiters [-] State transition "REBUILD/rebuilding" ==> "REBUILD/rebuild_spawning" after 3 second wait
2024-10-09 19:53:07.258 62014 INFO tempest.lib.common.rest_client [req-081dae0c-8216-4ade-95d2-aec974bfa03b req-081dae0c-8216-4ade-95d2-aec974bfa03b ] Request (InstanceUsageAuditLogTestJSON:setUpClass): 201 POST http://10.180.1.21/identity/v3/auth/tokens 0.036s
2024-10-09 19:53:07.273 61962 INFO tempest.lib.common.rest_client [req-8ceaef62-9f4e-4b4c-a89a-bf3ec9fc2505 req-8ceaef62-9f4e-4b4c-a89a-bf3ec9fc2505 ] Request (ServerExternalEventsTest:test_create_server_external_events): 200 GET http://10.180.1.21/compute/v2.1/servers/7d0e752f-9b39-4d01-bedc-5315927deea8 1.315s
