2024-10-09 19:53:51.145 62000 INFO tempest.lib.common.rest_client [req-e62bd2fe-11b1-40ee-a8c3-2638f8a342cf req-e62bd2fe-11b1-40ee-a8c3-2638f8a342cf ] Request (ServerDiagnosticsNegativeTest:test_get_server_diagnostics_by_non_admin): 200 GET http://10.180.1.21/compute/v2.1/servers/a83f5b0f-508c-4829-a4a6-641baa7b4c95 0.057s
2024-10-09 19:53:51.187 61984 INFO tempest.lib.common.rest_client [req-708a1ef1-8b3b-4cfb-bed7-7031d5106447 req-708a1ef1-8b3b-4cfb-bed7-7031d5106447 ] Request (ServersNegativeTestJSON:setUpClass): 200 GET http://10.180.1.21/compute/v2.1/servers/07d8d6b6-3cc5-48da-9d4d-563a5fe27442 0.049s
2024-10-09 19:53:51.194 61964 INFO tempest.lib.common.rest_client [req-6aee85b3-a066-4529-9a06-df1d984e50bf req-6aee85b3-a066-4529-9a06-df1d984e50bf ] Request (ServersWithSpecificFlavorTestJSON:tearDownClass): 204 DELETE http://10.180.1.21/identity/v3/projects/467ec24b1367459eb83fb0a455970825 0.109s
2024-10-09 19:53:51.194 61964 INFO tempest.lib.common.dynamic_creds [-] Deleting project and security group for project: 9e11d76233b64d8eba0e72c4478891ab
2024-10-09 19:53:51.215 62012 INFO tempest.lib.common.rest_client [req-102df074-d8fa-4a3a-9b4c-73e268b87e60 req-102df074-d8fa-4a3a-9b4c-73e268b87e60 ] Request (ImagesTestJSON:test_create_image_from_suspended_server): 200 GET http://10.180.1.21/compute/v2.1/servers/663fa2fb-1ced-4052-9eba-8a5d0cbe96b5 0.062s
2024-10-09 19:53:51.237 62004 INFO tempest.lib.common.rest_client [req-1d4808cb-f267-458a-bd8b-f0396690048a req-1d4808cb-f267-458a-bd8b-f0396690048a ] Request (VolumesAdminNegativeTest:test_update_attached_volume_with_nonexistent_volume_in_uri): 200 GET http://10.180.1.21/compute/v2.1/servers/5da49801-148d-4b26-a0a2-816b1d5f7994 0.054s
2024-10-09 19:53:51.258 61964 INFO tempest.lib.common.rest_client [req-c915c9d6-c9a0-4354-8087-a5313acf164a req-c915c9d6-c9a0-4354-8087-a5313acf164a ] Request (ServersWithSpecificFlavorTestJSON:tearDownClass): 200 GET http://10.180.1.21:9696/networking/v2.0/security-groups?tenant_id=9e11d76233b64d8eba0e72c4478891ab&name=default 0.064s
2024-10-09 19:53:51.272 62010 INFO tempest.lib.common.rest_client [req-4f56fb12-680f-4df5-abc3-27cebc85e91f req-4f56fb12-680f-4df5-abc3-27cebc85e91f ] Request (ServersTestJSON:setUpClass): 200 GET http://10.180.1.21/compute/v2.1/servers/8ba075db-5095-4c38-afbc-85e9d35d6194 0.060s
2024-10-09 19:53:51.325 61994 INFO tempest.lib.common.rest_client [req-f9b86ae5-23ef-456f-a2cb-c917eefacfb0 req-f9b86ae5-23ef-456f-a2cb-c917eefacfb0 ] Request (ServerDiskConfigTestJSON:test_rebuild_server_with_auto_disk_config): 200 GET http://10.180.1.21/compute/v2.1/servers/7a8228e2-3ab3-4b87-ad38-4246e33f0dfe 0.066s
2024-10-09 19:53:51.430 61964 INFO tempest.lib.common.rest_client [req-fb4d0319-c75f-409f-a3db-24972c39da64 req-fb4d0319-c75f-409f-a3db-24972c39da64 ] Request (ServersWithSpecificFlavorTestJSON:tearDownClass): 204 DELETE http://10.180.1.21:9696/networking/v2.0/security-groups/f94adf16-5941-4b9b-9f82-de20333b88f6 0.171s
2024-10-09 19:53:51.435 61974 INFO tempest.lib.common.rest_client [req-e6b91676-a5c8-4f4e-8d12-85cabaa842a2 req-e6b91676-a5c8-4f4e-8d12-85cabaa842a2 ] Request (ListServerFiltersTestJSON:setUpClass): 200 GET http://10.180.1.21/compute/v2.1/servers/496c3799-7350-4258-a456-58bd3ba9b4d0 0.060s
2024-10-09 19:53:51.488 61970 INFO tempest.lib.common.rest_client [req-83f53c63-666f-4b9f-9a35-b3e237ebc523 req-83f53c63-666f-4b9f-9a35-b3e237ebc523 ] Request (ImagesOneServerTestJSON:setUpClass): 200 GET http://10.180.1.21/compute/v2.1/servers/21099fc3-dd66-4871-a87c-e0d2c56a7818 0.066s
2024-10-09 19:53:51.505 61972 INFO tempest.lib.common.rest_client [req-ed009b18-8f21-4bcf-93ab-31fb69b2bb33 req-ed009b18-8f21-4bcf-93ab-31fb69b2bb33 ] Request (ServerActionsTestOtherA:setUpClass): 200 GET http://10.180.1.21/compute/v2.1/servers/e4a7dc76-99a6-4cc2-97c8-f86d72d00d12 0.201s
2024-10-09 19:53:51.527 61964 INFO tempest.lib.common.rest_client [req-d438d30d-5f2d-4789-9ab2-af6e270a935f req-d438d30d-5f2d-4789-9ab2-af6e270a935f ] Request (ServersWithSpecificFlavorTestJSON:tearDownClass): 204 DELETE http://10.180.1.21/identity/v3/projects/9e11d76233b64d8eba0e72c4478891ab 0.096s
2024-10-09 19:53:51.537 61988 INFO tempest.lib.common.rest_client [req-99323aad-8dbc-43d0-ac70-52943cb3c59e req-99323aad-8dbc-43d0-ac70-52943cb3c59e ] Request (ServersTestManualDisk:setUpClass): 200 GET http://10.180.1.21/compute/v2.1/servers/e6922bb7-c2df-468a-aa5b-d03e274b8ecc 0.104s
2024-10-09 19:53:51.588 61992 INFO tempest.lib.common.rest_client [req-035fd0ca-446c-4567-97bd-c1fecee7bb1b req-035fd0ca-446c-4567-97bd-c1fecee7bb1b ] Request (ServerActionsTestJSON:setUpClass): 200 GET http://10.180.1.21/compute/v2.1/servers/c299abc5-7913-4eea-ac0a-02e713c6009c 0.093s
2024-10-09 19:53:51.594 61964 INFO tempest.lib.common.rest_client [req-2eda4b50-976d-42b9-96a6-9461878849d4 req-2eda4b50-976d-42b9-96a6-9461878849d4 ] Request (QuotasAdminTestV257:setUpClass): 201 POST http://10.180.1.21/identity/v3/auth/tokens 0.066s
2024-10-09 19:53:51.629 61964 INFO tempest.lib.common.rest_client [req-03f8844b-acad-4900-a6f0-dd7c818d471f req-03f8844b-acad-4900-a6f0-dd7c818d471f ] Request (QuotasAdminTestV257:setUpClass): 201 POST http://10.180.1.21/identity/v3/auth/tokens 0.030s
2024-10-09 19:53:51.636 61991 INFO tempest.lib.common.rest_client [req-da71c128-5795-4829-8a73-ca4e0900c00f req-da71c128-5795-4829-8a73-ca4e0900c00f ] Request (SecurityGroupsTestJSON:test_server_security_groups): 200 GET http://10.180.1.21/compute/v2.1/servers/7a5f1b3f-847d-4f5c-8ac4-59f7c5e0a7ed 0.117s
2024-10-09 19:53:51.649 61964 INFO tempest.lib.common.rest_client [req-e3edd9ab-d8cd-4154-955c-fcc13cc8b98b req-e3edd9ab-d8cd-4154-955c-fcc13cc8b98b ] Request (QuotasAdminTestV257:setUpClass): 200 GET http://10.180.1.21/identity/v3/domains?name=Default 0.020s
2024-10-09 19:53:51.676 61964 INFO tempest.lib.common.rest_client [req-334a6d32-735f-47ec-a9cd-d12168131bda req-334a6d32-735f-47ec-a9cd-d12168131bda ] Request (QuotasAdminTestV257:setUpClass): 201 POST http://10.180.1.21/identity/v3/projects 0.026s
2024-10-09 19:53:51.686 61996 INFO tempest.lib.common.rest_client [req-ea0bc382-56ba-44e9-a749-5ef6c26836e5 req-ea0bc382-56ba-44e9-a749-5ef6c26836e5 ] Request (ImagesOneServerNegativeTestJSON:setUpClass): 200 GET http://10.180.1.21/compute/v2.1/servers/0df161e9-4a66-432e-9366-60f231c53e3d 0.141s
2024-10-09 19:53:51.714 62006 INFO tempest.lib.common.rest_client [req-d69c8442-93cc-4700-877a-f4591d495a80 req-d69c8442-93cc-4700-877a-f4591d495a80 ] Request (ServersTestFqdnHostnames:tearDownClass): 200 PUT http://10.180.1.21:9696/networking/v2.0/routers/4463b4f0-4aa7-431e-a760-d9add7615e14/remove_router_interface 1.049s
2024-10-09 19:53:51.719 61968 INFO tempest.lib.common.rest_client [req-6385f7ce-2e1f-4195-9db2-6b01cd0213be req-6385f7ce-2e1f-4195-9db2-6b01cd0213be ] Request (ServerRescueTestJSON:setUpClass): 200 GET http://10.180.1.21/compute/v2.1/servers/0103eded-5a0b-4b7f-b98f-63d7866d501c 0.249s
2024-10-09 19:53:51.728 61968 INFO tempest.common.waiters [-] State transition "BUILD/networking" ==> "BUILD/block_device_mapping" after 57 second wait
2024-10-09 19:53:51.750 61966 INFO tempest.lib.common.rest_client [req-e18d0d13-86c6-43b1-9681-3b4154e905b2 req-e18d0d13-86c6-43b1-9681-3b4154e905b2 ] Request (ServersTestMultiNic:test_verify_duplicate_network_nics): 200 GET http://10.180.1.21/compute/v2.1/servers/6035033d-9e22-49bd-a42c-3faeeb7c5d21 0.182s
2024-10-09 19:53:51.758 61964 INFO tempest.lib.common.rest_client [req-17473c3b-a217-4abc-8848-18ddafa55c49 req-17473c3b-a217-4abc-8848-18ddafa55c49 ] Request (QuotasAdminTestV257:setUpClass): 201 POST http://10.180.1.21/identity/v3/users 0.082s
2024-10-09 19:53:51.785 61964 INFO tempest.lib.common.rest_client [req-2a2b1334-5309-41c3-9ff2-4444c61d8e87 req-2a2b1334-5309-41c3-9ff2-4444c61d8e87 ] Request (QuotasAdminTestV257:setUpClass): 200 GET http://10.180.1.21/identity/v3/roles 0.026s
2024-10-09 19:53:51.789 62014 INFO tempest.lib.common.rest_client [req-b670c6db-91b4-4cdc-b941-4d63a72c3ff2 req-b670c6db-91b4-4cdc-b941-4d63a72c3ff2 ] Request (ServerPasswordTestJSON:setUpClass): 200 GET http://10.180.1.21/compute/v2.1/servers/aa0833ae-99c7-426d-a972-8183667a48f8 0.196s
2024-10-09 19:53:51.814 61964 INFO tempest.lib.common.rest_client [req-3bfa46ef-ccbd-4871-b55e-cf271f91e315 req-3bfa46ef-ccbd-4871-b55e-cf271f91e315 ] Request (QuotasAdminTestV257:setUpClass): 204 PUT http://10.180.1.21/identity/v3/projects/324f8091739043d3aa9b108cca0c688b/users/c81a5dabe6e44569834b881b43a5e890/roles/5f80f22af14544cb85b78ec9c1f69e85 0.028s
2024-10-09 19:53:51.814 61964 INFO tempest.lib.common.dynamic_creds [-] Dynamic test user c81a5dabe6e44569834b881b43a5e890 is created with scope project and roles: ['member']
2024-10-09 19:53:51.814 61964 INFO tempest.lib.common.dynamic_creds [-] Acquired dynamic creds: credentials: Credentials: {'domain_id': 'default', 'domain_name': 'Default', 'username': 'tempest-QuotasAdminTestV257-1213781416-project-member', 'project_domain_id': 'default', 'project_domain_name': 'Default', 'project_id': '324f8091739043d3aa9b108cca0c688b', 'project_name': 'tempest-QuotasAdminTestV257-1213781416', 'tenant_id': '324f8091739043d3aa9b108cca0c688b', 'tenant_name': 'tempest-QuotasAdminTestV257-1213781416', 'user_domain_id': 'default', 'user_domain_name': 'Default', 'user_id': 'c81a5dabe6e44569834b881b43a5e890', 'system': None}, Network: None, Subnet: None, Router: None
2024-10-09 19:53:51.814 61964 INFO tempest.lib.common.dynamic_creds [-] Created isolated network resources for: credentials: Credentials: {'domain_id': 'default', 'domain_name': 'Default', 'username': 'tempest-QuotasAdminTestV257-1213781416-project-member', 'project_domain_id': 'default', 'project_domain_name': 'Default', 'project_id': '324f8091739043d3aa9b108cca0c688b', 'project_name': 'tempest-QuotasAdminTestV257-1213781416', 'tenant_id': '324f8091739043d3aa9b108cca0c688b', 'tenant_name': 'tempest-QuotasAdminTestV257-1213781416', 'user_domain_id': 'default', 'user_domain_name': 'Default', 'user_id': 'c81a5dabe6e44569834b881b43a5e890', 'system': None}, Network: None, Subnet: None, Router: None
2024-10-09 19:53:51.821 62024 INFO tempest.lib.common.rest_client [req-5c61e46a-f8be-48cb-afb5-8024a4d73035 req-5c61e46a-f8be-48cb-afb5-8024a4d73035 ] Request (ServersV294TestFqdnHostnames:setUpClass): 200 GET http://10.180.1.21/compute/v2.1/servers/1331a447-7be8-42b8-9d59-6b97742e49d1 0.200s
2024-10-09 19:53:51.835 62024 INFO tempest.common.waiters [-] State transition "BUILD/scheduling" ==> "ERROR/None" after 66 second wait
2024-10-09 19:53:51.849 61982 INFO tempest.lib.common.rest_client [req-9689691c-6464-4bfa-b276-c3a0b78a52f5 req-9689691c-6464-4bfa-b276-c3a0b78a52f5 ] Request (AttachInterfacesUnderV243Test:test_add_remove_fixed_ip): 200 GET http://10.180.1.21/compute/v2.1/servers/f0be276a-ddad-4ae0-a232-d0fb8463a3bc 0.201s
2024-10-09 19:53:51.884 62020 INFO tempest.lib.common.rest_client [req-e7421492-258e-4552-8306-cb93963e6096 req-e7421492-258e-4552-8306-cb93963e6096 ] Request (AttachInterfacesV270Test:test_create_get_list_interfaces): 200 GET http://10.180.1.21/compute/v2.1/servers/4c112f97-ddf5-4481-bbf9-3c7861aa3cb5 0.171s
2024-10-09 19:53:51.904 61998 INFO tempest.lib.common.rest_client [req-830a83ad-6aab-43b1-af1e-55ac5e09ffd0 req-830a83ad-6aab-43b1-af1e-55ac5e09ffd0 ] Request (AttachInterfacesTestJSON:test_create_list_show_delete_interfaces_by_network_port): 200 GET http://10.180.1.21/compute/v2.1/servers/12a543c2-1081-49d7-800b-07f0a2516904 0.187s
2024-10-09 19:53:51.908 61964 INFO tempest.lib.common.rest_client [req-b2799cbe-dab9-43cd-be7f-20da5501e18d req-b2799cbe-dab9-43cd-be7f-20da5501e18d ] Request (QuotasAdminTestV257:setUpClass): 201 POST http://10.180.1.21/identity/v3/auth/tokens 0.091s
2024-10-09 19:53:51.941 62018 INFO tempest.lib.common.rest_client [req-f58d3839-3feb-4305-9e8e-9ebff5d7051f req-f58d3839-3feb-4305-9e8e-9ebff5d7051f ] Request (TenantUsagesTestJSON:setUpClass): 200 GET http://10.180.1.21/compute/v2.1/servers/6540f636-fdfd-48aa-a7b8-0bbc231741fe 0.170s
2024-10-09 19:53:51.961 62002 INFO tempest.lib.common.rest_client [req-56a351b1-34ad-4205-a4d1-29bb4283b16c req-56a351b1-34ad-4205-a4d1-29bb4283b16c ] Request (ServerShowV247Test:test_update_rebuild_list_server): 200 GET http://10.180.1.21/compute/v2.1/servers/1eb76ef5-377c-4447-92da-4c61345c0070 0.179s
2024-10-09 19:53:51.970 61964 INFO tempest.lib.common.rest_client [req-c37d5f2f-1e0e-480b-a0ba-cd98ba06af22 req-c37d5f2f-1e0e-480b-a0ba-cd98ba06af22 ] Request (QuotasAdminTestV257:setUpClass): 201 POST http://10.180.1.21/identity/v3/projects 0.060s
2024-10-09 19:53:52.015 61980 INFO tempest.lib.common.rest_client [req-5f7ef691-8abf-4c2b-905a-f5a8dc9b1f24 req-5f7ef691-8abf-4c2b-905a-f5a8dc9b1f24 ] Request (ListImageFiltersTestJSON:setUpClass): 200 GET http://10.180.1.21/compute/v2.1/servers/aadc35e7-7aea-4f86-be3a-9b5322f350a5 0.161s
2024-10-09 19:53:52.028 61964 INFO tempest.lib.common.rest_client [req-c3818343-e3d6-4025-af16-0216f59bdabe req-c3818343-e3d6-4025-af16-0216f59bdabe ] Request (QuotasAdminTestV257:setUpClass): 201 POST http://10.180.1.21/identity/v3/users 0.057s
2024-10-09 19:53:52.049 61964 INFO tempest.lib.common.rest_client [req-bc8a7953-3e73-4e5f-a8aa-c678700122cd req-bc8a7953-3e73-4e5f-a8aa-c678700122cd ] Request (QuotasAdminTestV257:setUpClass): 200 GET http://10.180.1.21/identity/v3/roles 0.021s
2024-10-09 19:53:52.075 61986 INFO tempest.lib.common.rest_client [req-42731922-c252-499c-bb3f-eb6943a3bc5d req-42731922-c252-499c-bb3f-eb6943a3bc5d ] Request (ServerShowV254Test:test_rebuild_server): 200 GET http://10.180.1.21/compute/v2.1/servers/63704075-5eaf-4f84-a90b-3a0a3e904a9d 0.215s
2024-10-09 19:53:52.082 61964 INFO tempest.lib.common.rest_client [req-a8136da1-cf75-41c3-9c2a-7f63fe0c3f16 req-a8136da1-cf75-41c3-9c2a-7f63fe0c3f16 ] Request (QuotasAdminTestV257:setUpClass): 204 PUT http://10.180.1.21/identity/v3/projects/c9d824a2637b4d54be9549577d270982/users/c2855c30c13f409484ddb72e32915a75/roles/299f90a1d6af46ecb49969c22f754d88 0.032s
2024-10-09 19:53:52.136 61964 INFO tempest.lib.common.rest_client [req-f9b8cbfe-3eed-4225-b131-b9a652ba5a41 req-f9b8cbfe-3eed-4225-b131-b9a652ba5a41 ] Request (QuotasAdminTestV257:setUpClass): 200 GET http://10.180.1.21/identity/v3/roles 0.054s
2024-10-09 19:53:52.138 62024 INFO tempest.lib.common.rest_client [req-5227ea8d-1874-486b-a42d-1bf5693bede5 req-5227ea8d-1874-486b-a42d-1bf5693bede5 ] Request (ServersV294TestFqdnHostnames:setUpClass): 204 DELETE http://10.180.1.21/compute/v2.1/servers/1331a447-7be8-42b8-9d59-6b97742e49d1 0.303s
2024-10-09 19:53:52.141 61962 INFO tempest.lib.common.rest_client [req-c85afedb-99c2-4564-8d8d-f908ce0ed37d req-c85afedb-99c2-4564-8d8d-f908ce0ed37d ] Request (ServerActionsTestOtherB:setUpClass): 200 GET http://10.180.1.21/compute/v2.1/servers/f6b07607-632d-46d9-a72f-5a524fd20a3b 0.221s
2024-10-09 19:53:52.155 61964 INFO tempest.lib.common.rest_client [req-d45d6bb7-6676-486e-8acb-a7b301f13883 req-d45d6bb7-6676-486e-8acb-a7b301f13883 ] Request (QuotasAdminTestV257:setUpClass): 204 PUT http://10.180.1.21/identity/v3/projects/c9d824a2637b4d54be9549577d270982/users/c2855c30c13f409484ddb72e32915a75/roles/299f90a1d6af46ecb49969c22f754d88 0.018s
2024-10-09 19:53:52.156 61964 INFO tempest.lib.common.dynamic_creds [-] Dynamic test user c2855c30c13f409484ddb72e32915a75 is created with scope project and roles: ['admin']
2024-10-09 19:53:52.156 61964 INFO tempest.lib.common.dynamic_creds [-] Acquired dynamic creds: credentials: Credentials: {'domain_id': 'default', 'domain_name': 'Default', 'username': 'tempest-QuotasAdminTestV257-825522541-project-admin', 'project_domain_id': 'default', 'project_domain_name': 'Default', 'project_id': 'c9d824a2637b4d54be9549577d270982', 'project_name': 'tempest-QuotasAdminTestV257-825522541', 'tenant_id': 'c9d824a2637b4d54be9549577d270982', 'tenant_name': 'tempest-QuotasAdminTestV257-825522541', 'user_domain_id': 'default', 'user_domain_name': 'Default', 'user_id': 'c2855c30c13f409484ddb72e32915a75', 'system': None}, Network: None, Subnet: None, Router: None
2024-10-09 19:53:52.156 61964 INFO tempest.lib.common.dynamic_creds [-] Created isolated network resources for: credentials: Credentials: {'domain_id': 'default', 'domain_name': 'Default', 'username': 'tempest-QuotasAdminTestV257-825522541-project-admin', 'project_domain_id': 'default', 'project_domain_name': 'Default', 'project_id': 'c9d824a2637b4d54be9549577d270982', 'project_name': 'tempest-QuotasAdminTestV257-825522541', 'tenant_id': 'c9d824a2637b4d54be9549577d270982', 'tenant_name': 'tempest-QuotasAdminTestV257-825522541', 'user_domain_id': 'default', 'user_domain_name': 'Default', 'user_id': 'c2855c30c13f409484ddb72e32915a75', 'system': None}, Network: None, Subnet: None, Router: None
2024-10-09 19:53:52.165 62006 INFO tempest.lib.common.rest_client [req-f2914fe8-3725-4bd0-8266-9bc698fb5c9e req-f2914fe8-3725-4bd0-8266-9bc698fb5c9e ] Request (ServersTestFqdnHostnames:tearDownClass): 204 DELETE http://10.180.1.21:9696/networking/v2.0/routers/4463b4f0-4aa7-431e-a760-d9add7615e14 0.450s
2024-10-09 19:53:52.200 61976 INFO tempest.lib.common.rest_client [req-ac820e0b-0b92-471c-a938-b9bfa7230345 req-ac820e0b-0b92-471c-a938-b9bfa7230345 ] Request (MigrationsAdminTest:test_resize_server_revert_deleted_flavor): 200 GET http://10.180.1.21/compute/v2.1/servers/83afb27a-7984-4982-9880-f5b0c6553787 0.190s
2024-10-09 19:53:52.206 61976 INFO tempest.common.waiters [-] State transition "BUILD/scheduling" ==> "BUILD/None" after 52 second wait
2024-10-09 19:53:52.209 62009 INFO tempest.lib.common.rest_client [req-3f5c8b54-cec8-482f-9bd2-3655095c69c9 req-3f5c8b54-cec8-482f-9bd2-3655095c69c9 ] Request (ServerMetadataNegativeTestJSON:setUpClass): 200 GET http://10.180.1.21/compute/v2.1/servers/a1b9b618-91b5-429b-8581-9f819e0d81ee 0.148s
2024-10-09 19:53:52.227 62024 INFO tempest.lib.common.rest_client [req-25b885e9-eac5-40f6-b56b-0a49a41da433 req-25b885e9-eac5-40f6-b56b-0a49a41da433 ] Request (ServersV294TestFqdnHostnames:setUpClass): 404 GET http://10.180.1.21/compute/v2.1/servers/1331a447-7be8-42b8-9d59-6b97742e49d1 0.088s
2024-10-09 19:53:52.227 62024 INFO tempest.test [-] raised in ServersV294TestFqdnHostnames.setUpClass. Invoking tearDownClass.
2024-10-09 19:53:52.240 61964 INFO tempest.lib.common.rest_client [req-493adddd-6b00-4855-b621-5d15563dfd41 req-493adddd-6b00-4855-b621-5d15563dfd41 ] Request (QuotasAdminTestV257:setUpClass): 201 POST http://10.180.1.21/identity/v3/auth/tokens 0.079s
2024-10-09 19:53:52.240 61964 WARNING tempest.lib.common.rest_client [-] Deprecated: "tenant_id" property is deprecated for removal, use "project_id" instead
2024-10-09 19:53:52.261 61978 INFO tempest.lib.common.rest_client [req-b31b7bc8-ccd6-447a-8118-9fc4fe83bf24 req-b31b7bc8-ccd6-447a-8118-9fc4fe83bf24 ] Request (DeleteServersAdminTestJSON:test_delete_server_while_in_error_state): 200 GET http://10.180.1.21/compute/v2.1/servers/70e6d944-f978-4d5b-b396-e0e913db0485 0.159s
2024-10-09 19:53:52.272 61964 INFO tempest.lib.common.rest_client [req-12183c0b-61de-4a50-8b41-11e394cbc87f req-12183c0b-61de-4a50-8b41-11e394cbc87f ] Request (QuotasAdminTestV257:test_get_updated_quotas): 200 GET http://10.180.1.21/identity/v3/domains?name=Default 0.030s
2024-10-09 19:53:52.277 62000 INFO tempest.lib.common.rest_client [req-dc26810e-a5a1-4faf-8fa3-b3a6d7a6fe11 req-dc26810e-a5a1-4faf-8fa3-b3a6d7a6fe11 ] Request (ServerDiagnosticsNegativeTest:test_get_server_diagnostics_by_non_admin): 200 GET http://10.180.1.21/compute/v2.1/servers/a83f5b0f-508c-4829-a4a6-641baa7b4c95 0.122s
2024-10-09 19:53:52.311 61964 INFO tempest.lib.common.rest_client [req-41e6d940-23fe-4749-9b10-d507f33b8f06 req-41e6d940-23fe-4749-9b10-d507f33b8f06 ] Request (QuotasAdminTestV257:test_get_updated_quotas): 201 POST http://10.180.1.21/identity/v3/projects 0.039s
2024-10-09 19:53:52.316 62006 INFO tempest.lib.common.rest_client [req-2f7a31ca-f856-4c56-bc07-a92f12affd26 req-2f7a31ca-f856-4c56-bc07-a92f12affd26 ] Request (ServersTestFqdnHostnames:tearDownClass): 204 DELETE http://10.180.1.21:9696/networking/v2.0/subnets/1c65a379-5d4c-494b-a98e-a79c59842026 0.150s
2024-10-09 19:53:52.316 61984 INFO tempest.lib.common.rest_client [req-d99571bb-1180-4051-b958-630944faaa7d req-d99571bb-1180-4051-b958-630944faaa7d ] Request (ServersNegativeTestJSON:setUpClass): 200 GET http://10.180.1.21/compute/v2.1/servers/07d8d6b6-3cc5-48da-9d4d-563a5fe27442 0.116s
2024-10-09 19:53:52.323 62012 INFO tempest.lib.common.rest_client [req-147cd978-1d3d-4ee7-9f88-b6171d477166 req-147cd978-1d3d-4ee7-9f88-b6171d477166 ] Request (ImagesTestJSON:test_create_image_from_suspended_server): 200 GET http://10.180.1.21/compute/v2.1/servers/663fa2fb-1ced-4052-9eba-8a5d0cbe96b5 0.100s
2024-10-09 19:53:52.344 62024 INFO tempest.lib.common.rest_client [req-bf16cecd-0aca-47cf-9cf3-59cf5c34194f req-bf16cecd-0aca-47cf-9cf3-59cf5c34194f ] Request (ServersV294TestFqdnHostnames:tearDownClass): 204 DELETE http://10.180.1.21/compute/v2.1/os-keypairs/tempest-keypair-1023662645 0.116s
2024-10-09 19:53:52.369 62004 INFO tempest.lib.common.rest_client [req-5fafab8b-487b-41c4-8120-371835db0554 req-5fafab8b-487b-41c4-8120-371835db0554 ] Request (VolumesAdminNegativeTest:test_update_attached_volume_with_nonexistent_volume_in_uri): 200 GET http://10.180.1.21/compute/v2.1/servers/5da49801-148d-4b26-a0a2-816b1d5f7994 0.124s
2024-10-09 19:53:52.376 61964 INFO tempest.lib.common.rest_client [req-31fcfcf3-df7d-444d-9b13-582c530ee79b req-31fcfcf3-df7d-444d-9b13-582c530ee79b ] Request (QuotasAdminTestV257:test_get_updated_quotas): 200 GET http://10.180.1.21/identity/v3/domains?name=Default 0.064s
2024-10-09 19:53:52.410 62010 INFO tempest.lib.common.rest_client [req-3026a8bb-53df-4385-8384-cd2e2346537a req-3026a8bb-53df-4385-8384-cd2e2346537a ] Request (ServersTestJSON:setUpClass): 200 GET http://10.180.1.21/compute/v2.1/servers/8ba075db-5095-4c38-afbc-85e9d35d6194 0.126s
2024-10-09 19:53:52.421 61994 INFO tempest.lib.common.rest_client [req-fca9b32c-1767-49c7-82d1-1477b465cc9a req-fca9b32c-1767-49c7-82d1-1477b465cc9a ] Request (ServerDiskConfigTestJSON:test_rebuild_server_with_auto_disk_config): 200 GET http://10.180.1.21/compute/v2.1/servers/7a8228e2-3ab3-4b87-ad38-4246e33f0dfe 0.089s
2024-10-09 19:53:52.493 61974 INFO tempest.lib.common.rest_client [req-0c6b4c35-6fbd-49f3-b238-34ef67dc4d96 req-0c6b4c35-6fbd-49f3-b238-34ef67dc4d96 ] Request (ListServerFiltersTestJSON:setUpClass): 200 GET http://10.180.1.21/compute/v2.1/servers/496c3799-7350-4258-a456-58bd3ba9b4d0 0.047s
2024-10-09 19:53:52.505 62024 INFO tempest.lib.common.rest_client [req-80fae01e-e723-4a2c-b5fc-e0f7c499001e req-80fae01e-e723-4a2c-b5fc-e0f7c499001e ] Request (ServersV294TestFqdnHostnames:tearDownClass): 204 DELETE http://10.180.1.21:9696/networking/v2.0/security-groups/4e450dbd-6934-45e4-b8f1-9ea3c0ae818a 0.160s
2024-10-09 19:53:52.515 62024 INFO tempest.lib.common.rest_client [req-4898f6be-b316-4de9-a620-336f83c51d97 req-4898f6be-b316-4de9-a620-336f83c51d97 ] Request (ServersV294TestFqdnHostnames:tearDownClass): 404 GET http://10.180.1.21:9696/networking/v2.0/security-groups/4e450dbd-6934-45e4-b8f1-9ea3c0ae818a 0.010s
2024-10-09 19:53:52.553 61964 INFO tempest.lib.common.rest_client [req-e5bc3833-99a7-4088-81ca-c2c826ea1a04 req-e5bc3833-99a7-4088-81ca-c2c826ea1a04 ] Request (QuotasAdminTestV257:test_get_updated_quotas): 200 PUT http://10.180.1.21/compute/v2.1/os-quota-sets/18ae9cf3f7394bdb9e56076e790a1efd 0.176s
2024-10-09 19:53:52.573 61970 INFO tempest.lib.common.rest_client [req-c01cfb34-536f-4ae4-929c-2f2564937307 req-c01cfb34-536f-4ae4-929c-2f2564937307 ] Request (ImagesOneServerTestJSON:setUpClass): 200 GET http://10.180.1.21/compute/v2.1/servers/21099fc3-dd66-4871-a87c-e0d2c56a7818 0.077s
2024-10-09 19:53:52.607 61972 INFO tempest.lib.common.rest_client [req-7bebad56-c724-4a9e-9242-57245a62e1a4 req-7bebad56-c724-4a9e-9242-57245a62e1a4 ] Request (ServerActionsTestOtherA:setUpClass): 200 GET http://10.180.1.21/compute/v2.1/servers/e4a7dc76-99a6-4cc2-97c8-f86d72d00d12 0.087s
2024-10-09 19:53:52.621 61988 INFO tempest.lib.common.rest_client [req-24c467c5-0556-4a8b-8202-02f84259b56c req-24c467c5-0556-4a8b-8202-02f84259b56c ] Request (ServersTestManualDisk:setUpClass): 200 GET http://10.180.1.21/compute/v2.1/servers/e6922bb7-c2df-468a-aa5b-d03e274b8ecc 0.076s
2024-10-09 19:53:52.635 62006 INFO tempest.lib.common.rest_client [req-12d614ff-fe9b-4b26-8137-fd9933a3f825 req-12d614ff-fe9b-4b26-8137-fd9933a3f825 ] Request (ServersTestFqdnHostnames:tearDownClass): 204 DELETE http://10.180.1.21:9696/networking/v2.0/networks/8504d01d-9baa-4c24-a239-d08370c73d32 0.319s
2024-10-09 19:53:52.651 61964 INFO tempest.lib.common.rest_client [req-ef4c5af5-b455-4954-b4ae-c73e8cab2391 req-ef4c5af5-b455-4954-b4ae-c73e8cab2391 ] Request (QuotasAdminTestV257:test_get_updated_quotas): 200 GET http://10.180.1.21/compute/v2.1/os-quota-sets/18ae9cf3f7394bdb9e56076e790a1efd/detail 0.096s
2024-10-09 19:53:52.679 61964 INFO tempest.lib.common.rest_client [req-0ac3d81d-ec90-4ead-872e-f38947f5083a req-0ac3d81d-ec90-4ead-872e-f38947f5083a ] Request (QuotasAdminTestV257:test_get_updated_quotas): 200 GET http://10.180.1.21/identity/v3/domains?name=Default 0.025s
2024-10-09 19:53:52.682 61992 INFO tempest.lib.common.rest_client [req-042bd936-da10-418c-9a50-b5349b9f0f31 req-042bd936-da10-418c-9a50-b5349b9f0f31 ] Request (ServerActionsTestJSON:setUpClass): 200 GET http://10.180.1.21/compute/v2.1/servers/c299abc5-7913-4eea-ac0a-02e713c6009c 0.084s
2024-10-09 19:53:52.698 61991 INFO tempest.lib.common.rest_client [req-2a56354e-57bb-4971-81dc-985b7f5023b0 req-2a56354e-57bb-4971-81dc-985b7f5023b0 ] Request (SecurityGroupsTestJSON:test_server_security_groups): 200 GET http://10.180.1.21/compute/v2.1/servers/7a5f1b3f-847d-4f5c-8ac4-59f7c5e0a7ed 0.053s
2024-10-09 19:53:52.712 61964 INFO tempest.lib.common.rest_client [req-3b06e429-c28c-4d1a-89c0-2cc54bbdac79 req-3b06e429-c28c-4d1a-89c0-2cc54bbdac79 ] Request (QuotasAdminTestV257:test_get_updated_quotas): 201 POST http://10.180.1.21/identity/v3/users 0.032s
2024-10-09 19:53:52.733 61964 INFO tempest.lib.common.rest_client [req-a9ce0f60-b7bb-451d-bafb-d0fdb357f985 req-a9ce0f60-b7bb-451d-bafb-d0fdb357f985 ] Request (QuotasAdminTestV257:test_get_updated_quotas): 200 GET http://10.180.1.21/identity/v3/domains?name=Default 0.021s
2024-10-09 19:53:52.757 62006 INFO tempest.lib.common.rest_client [req-de4adaef-d386-4038-b840-46cce031ade1 req-de4adaef-d386-4038-b840-46cce031ade1 ] Request (ServersTestFqdnHostnames:tearDownClass): 204 DELETE http://10.180.1.21/identity/v3/users/66184aa9863c4403bdfb8846c344f89e 0.122s
2024-10-09 19:53:52.758 62006 INFO tempest.lib.common.dynamic_creds [-] Deleting project and security group for project: 382b18a493614de296d4b0c93bb6c1ae
2024-10-09 19:53:52.777 61996 INFO tempest.lib.common.rest_client [req-d7c57bbe-77d1-424b-8509-08f9a6c2da34 req-d7c57bbe-77d1-424b-8509-08f9a6c2da34 ] Request (ImagesOneServerNegativeTestJSON:setUpClass): 200 GET http://10.180.1.21/compute/v2.1/servers/0df161e9-4a66-432e-9366-60f231c53e3d 0.080s
2024-10-09 19:53:52.780 62024 INFO tempest.lib.common.rest_client [req-9f1fd9f3-9878-4b35-80f3-d057ced306cb req-9f1fd9f3-9878-4b35-80f3-d057ced306cb ] Request (ServersV294TestFqdnHostnames:tearDownClass): 204 DELETE http://10.180.1.21:9696/networking/v2.0/floatingips/d86ef48c-826d-4147-b0b5-75d656ede3c1 0.265s
2024-10-09 19:53:52.797 61968 INFO tempest.lib.common.rest_client [req-91e64525-5f3b-492b-925a-6eaa73e63c9b req-91e64525-5f3b-492b-925a-6eaa73e63c9b ] Request (ServerRescueTestJSON:setUpClass): 200 GET http://10.180.1.21/compute/v2.1/servers/0103eded-5a0b-4b7f-b98f-63d7866d501c 0.067s
2024-10-09 19:53:52.804 61968 INFO tempest.common.waiters [-] State transition "BUILD/block_device_mapping" ==> "BUILD/spawning" after 58 second wait
2024-10-09 19:53:52.820 62006 INFO tempest.lib.common.rest_client [req-c96d2334-e390-4d6a-bd02-4a0610e321a8 req-c96d2334-e390-4d6a-bd02-4a0610e321a8 ] Request (ServersTestFqdnHostnames:tearDownClass): 200 GET http://10.180.1.21:9696/networking/v2.0/security-groups?tenant_id=382b18a493614de296d4b0c93bb6c1ae&name=default 0.062s
2024-10-09 19:53:52.854 61966 INFO tempest.lib.common.rest_client [req-cab10ed8-0542-45c4-bd62-0ad9003770e9 req-cab10ed8-0542-45c4-bd62-0ad9003770e9 ] Request (ServersTestMultiNic:test_verify_duplicate_network_nics): 200 GET http://10.180.1.21/compute/v2.1/servers/6035033d-9e22-49bd-a42c-3faeeb7c5d21 0.090s
2024-10-09 19:53:52.905 62014 INFO tempest.lib.common.rest_client [req-1ad70039-a1bf-4466-a511-3bc497648f5b req-1ad70039-a1bf-4466-a511-3bc497648f5b ] Request (ServerPasswordTestJSON:setUpClass): 200 GET http://10.180.1.21/compute/v2.1/servers/aa0833ae-99c7-426d-a972-8183667a48f8 0.108s
2024-10-09 19:53:52.953 61964 INFO tempest.lib.common.rest_client [req-9076c844-59ea-47da-a81d-0bec3631a0b8 req-9076c844-59ea-47da-a81d-0bec3631a0b8 ] Request (QuotasAdminTestV257:test_get_updated_quotas): 200 PUT http://10.180.1.21/compute/v2.1/os-quota-sets/18ae9cf3f7394bdb9e56076e790a1efd?user_id=9c677fddb05642eaaa3aa042a027d872 0.219s
2024-10-09 19:53:52.957 61982 INFO tempest.lib.common.rest_client [req-311243dd-d17d-4616-9332-13097ca24457 req-311243dd-d17d-4616-9332-13097ca24457 ] Request (AttachInterfacesUnderV243Test:test_add_remove_fixed_ip): 200 GET http://10.180.1.21/compute/v2.1/servers/f0be276a-ddad-4ae0-a232-d0fb8463a3bc 0.100s
2024-10-09 19:53:52.961 62006 INFO tempest.lib.common.rest_client [req-a73c4a0a-953d-4a08-9bc2-3706060fce59 req-a73c4a0a-953d-4a08-9bc2-3706060fce59 ] Request (ServersTestFqdnHostnames:tearDownClass): 204 DELETE http://10.180.1.21:9696/networking/v2.0/security-groups/9d5e09d5-9d6c-47bc-8387-d3cfdb755a18 0.141s
2024-10-09 19:53:53.006 62020 INFO tempest.lib.common.rest_client [req-c850e1e7-b98e-4e06-b84d-4fc0adbb9b90 req-c850e1e7-b98e-4e06-b84d-4fc0adbb9b90 ] Request (AttachInterfacesV270Test:test_create_get_list_interfaces): 200 GET http://10.180.1.21/compute/v2.1/servers/4c112f97-ddf5-4481-bbf9-3c7861aa3cb5 0.110s
2024-10-09 19:53:53.011 61998 INFO tempest.lib.common.rest_client [req-33143647-f8eb-4f25-9fdf-f8040e608537 req-33143647-f8eb-4f25-9fdf-f8040e608537 ] Request (AttachInterfacesTestJSON:test_create_list_show_delete_interfaces_by_network_port): 200 GET http://10.180.1.21/compute/v2.1/servers/12a543c2-1081-49d7-800b-07f0a2516904 0.101s
2024-10-09 19:53:53.057 62018 INFO tempest.lib.common.rest_client [req-65aca03d-93ca-42ac-bbe9-b0e2506c63b0 req-65aca03d-93ca-42ac-bbe9-b0e2506c63b0 ] Request (TenantUsagesTestJSON:setUpClass): 200 GET http://10.180.1.21/compute/v2.1/servers/6540f636-fdfd-48aa-a7b8-0bbc231741fe 0.109s
2024-10-09 19:53:53.059 62006 INFO tempest.lib.common.rest_client [req-5b77aa81-eebb-4f1c-a586-de741c4afe5d req-5b77aa81-eebb-4f1c-a586-de741c4afe5d ] Request (ServersTestFqdnHostnames:tearDownClass): 204 DELETE http://10.180.1.21/identity/v3/projects/382b18a493614de296d4b0c93bb6c1ae 0.097s
2024-10-09 19:53:53.103 61964 INFO tempest.lib.common.rest_client [req-eefa51da-997a-4c55-aea2-4424094de1e5 req-eefa51da-997a-4c55-aea2-4424094de1e5 ] Request (QuotasAdminTestV257:test_get_updated_quotas): 200 GET http://10.180.1.21/compute/v2.1/os-quota-sets/18ae9cf3f7394bdb9e56076e790a1efd?user_id=9c677fddb05642eaaa3aa042a027d872 0.148s
2024-10-09 19:53:53.105 62002 INFO tempest.lib.common.rest_client [req-0a75b219-4632-484e-aaec-55f7bf4bdef1 req-0a75b219-4632-484e-aaec-55f7bf4bdef1 ] Request (ServerShowV247Test:test_update_rebuild_list_server): 200 GET http://10.180.1.21/compute/v2.1/servers/1eb76ef5-377c-4447-92da-4c61345c0070 0.130s
2024-10-09 19:53:53.117 62006 INFO tempest.lib.common.rest_client [req-3f62f100-3d89-495e-a862-0601adec4b0d req-3f62f100-3d89-495e-a862-0601adec4b0d ] Request (ServerMetadataTestJSON:setUpClass): 201 POST http://10.180.1.21/identity/v3/auth/tokens 0.055s
2024-10-09 19:53:53.145 62006 INFO tempest.lib.common.rest_client [req-dc7d274a-70ca-4ecb-93b5-05e2896309c4 req-dc7d274a-70ca-4ecb-93b5-05e2896309c4 ] Request (ServerMetadataTestJSON:setUpClass): 201 POST http://10.180.1.21/identity/v3/auth/tokens 0.024s
2024-10-09 19:53:53.151 61980 INFO tempest.lib.common.rest_client [req-13db9d3f-4bd9-4dcb-8d73-471c6988b966 req-13db9d3f-4bd9-4dcb-8d73-471c6988b966 ] Request (ListImageFiltersTestJSON:setUpClass): 200 GET http://10.180.1.21/compute/v2.1/servers/aadc35e7-7aea-4f86-be3a-9b5322f350a5 0.129s
2024-10-09 19:53:53.161 61986 INFO tempest.lib.common.rest_client [req-b0fb3675-bee3-43c0-9ed1-e45b71fe9271 req-b0fb3675-bee3-43c0-9ed1-e45b71fe9271 ] Request (ServerShowV254Test:test_rebuild_server): 200 GET http://10.180.1.21/compute/v2.1/servers/63704075-5eaf-4f84-a90b-3a0a3e904a9d 0.079s
2024-10-09 19:53:53.172 62006 INFO tempest.lib.common.rest_client [req-3770d4c8-2272-4d41-824a-62782dde164e req-3770d4c8-2272-4d41-824a-62782dde164e ] Request (ServerMetadataTestJSON:setUpClass): 200 GET http://10.180.1.21/identity/v3/domains?name=Default 0.027s
2024-10-09 19:53:53.191 61964 INFO tempest.lib.common.rest_client [req-4269274b-4c18-4c96-a48e-6d3c95f65ddc req-4269274b-4c18-4c96-a48e-6d3c95f65ddc ] Request (QuotasAdminTestV257:_run_cleanups): 204 DELETE http://10.180.1.21/identity/v3/users/9c677fddb05642eaaa3aa042a027d872 0.085s
2024-10-09 19:53:53.199 61962 INFO tempest.lib.common.rest_client [req-ad3dcb98-edc3-4ea1-b2b1-a6ebe2611b6b req-ad3dcb98-edc3-4ea1-b2b1-a6ebe2611b6b ] Request (ServerActionsTestOtherB:setUpClass): 200 GET http://10.180.1.21/compute/v2.1/servers/f6b07607-632d-46d9-a72f-5a524fd20a3b 0.050s
2024-10-09 19:53:53.227 62006 INFO tempest.lib.common.rest_client [req-41b1e8c9-eb73-445b-8493-d05c0b547171 req-41b1e8c9-eb73-445b-8493-d05c0b547171 ] Request (ServerMetadataTestJSON:setUpClass): 201 POST http://10.180.1.21/identity/v3/projects 0.054s
2024-10-09 19:53:53.271 62009 INFO tempest.lib.common.rest_client [req-81ea4b42-f9fe-4491-a18e-5007f2236b33 req-81ea4b42-f9fe-4491-a18e-5007f2236b33 ] Request (ServerMetadataNegativeTestJSON:setUpClass): 200 GET http://10.180.1.21/compute/v2.1/servers/a1b9b618-91b5-429b-8581-9f819e0d81ee 0.053s
2024-10-09 19:53:53.277 61976 INFO tempest.lib.common.rest_client [req-393fc35b-504f-42bd-a69e-8d7830ef761e req-393fc35b-504f-42bd-a69e-8d7830ef761e ] Request (MigrationsAdminTest:test_resize_server_revert_deleted_flavor): 200 GET http://10.180.1.21/compute/v2.1/servers/83afb27a-7984-4982-9880-f5b0c6553787 0.070s
2024-10-09 19:53:53.278 62006 INFO tempest.lib.common.rest_client [req-26288f23-46d1-4a6f-8121-8c7c4b11715e req-26288f23-46d1-4a6f-8121-8c7c4b11715e ] Request (ServerMetadataTestJSON:setUpClass): 201 POST http://10.180.1.21/identity/v3/users 0.051s
2024-10-09 19:53:53.310 61964 INFO tempest.lib.common.rest_client [req-5d62f2d3-781d-4e3e-a89c-e6543f215a6e req-5d62f2d3-781d-4e3e-a89c-e6543f215a6e ] Request (QuotasAdminTestV257:_run_cleanups): 204 DELETE http://10.180.1.21/identity/v3/projects/18ae9cf3f7394bdb9e56076e790a1efd 0.118s
2024-10-09 19:53:53.324 61978 INFO tempest.lib.common.rest_client [req-fd4529e3-4b73-4844-9361-cb5dee4ade2f req-fd4529e3-4b73-4844-9361-cb5dee4ade2f ] Request (DeleteServersAdminTestJSON:test_delete_server_while_in_error_state): 200 GET http://10.180.1.21/compute/v2.1/servers/70e6d944-f978-4d5b-b396-e0e913db0485 0.052s
2024-10-09 19:53:53.334 62000 INFO tempest.lib.common.rest_client [req-c675eee8-806f-4d14-9567-74a0ffdb127f req-c675eee8-806f-4d14-9567-74a0ffdb127f ] Request (ServerDiagnosticsNegativeTest:test_get_server_diagnostics_by_non_admin): 200 GET http://10.180.1.21/compute/v2.1/servers/a83f5b0f-508c-4829-a4a6-641baa7b4c95 0.050s
2024-10-09 19:53:53.338 62006 INFO tempest.lib.common.rest_client [req-81d5a448-5a9b-45ca-a115-f3086dd3c113 req-81d5a448-5a9b-45ca-a115-f3086dd3c113 ] Request (ServerMetadataTestJSON:setUpClass): 200 GET http://10.180.1.21/identity/v3/roles 0.059s
2024-10-09 19:53:53.371 62006 INFO tempest.lib.common.rest_client [req-2f7357a6-9c60-4b6b-ab58-7233da9d04cd req-2f7357a6-9c60-4b6b-ab58-7233da9d04cd ] Request (ServerMetadataTestJSON:setUpClass): 204 PUT http://10.180.1.21/identity/v3/projects/b5f4ceb636d143faaf0595e25cd6c01b/users/15d5b1eba3474b3a92b71fa8159c3504/roles/5f80f22af14544cb85b78ec9c1f69e85 0.033s
2024-10-09 19:53:53.372 62006 INFO tempest.lib.common.dynamic_creds [-] Dynamic test user 15d5b1eba3474b3a92b71fa8159c3504 is created with scope project and roles: ['member']
2024-10-09 19:53:53.372 62006 INFO tempest.lib.common.dynamic_creds [-] Acquired dynamic creds: credentials: Credentials: {'domain_id': 'default', 'domain_name': 'Default', 'username': 'tempest-ServerMetadataTestJSON-498033897-project-member', 'project_domain_id': 'default', 'project_domain_name': 'Default', 'project_id': 'b5f4ceb636d143faaf0595e25cd6c01b', 'project_name': 'tempest-ServerMetadataTestJSON-498033897', 'tenant_id': 'b5f4ceb636d143faaf0595e25cd6c01b', 'tenant_name': 'tempest-ServerMetadataTestJSON-498033897', 'user_domain_id': 'default', 'user_domain_name': 'Default', 'user_id': '15d5b1eba3474b3a92b71fa8159c3504', 'system': None}, Network: None, Subnet: None, Router: None
2024-10-09 19:53:53.375 61984 INFO tempest.lib.common.rest_client [req-9ea96dcb-f8b7-4be0-b174-459cb8846990 req-9ea96dcb-f8b7-4be0-b174-459cb8846990 ] Request (ServersNegativeTestJSON:setUpClass): 200 GET http://10.180.1.21/compute/v2.1/servers/07d8d6b6-3cc5-48da-9d4d-563a5fe27442 0.051s
2024-10-09 19:53:53.394 62012 INFO tempest.lib.common.rest_client [req-9a047557-88fa-4f44-b676-b0ad026211d9 req-9a047557-88fa-4f44-b676-b0ad026211d9 ] Request (ImagesTestJSON:test_create_image_from_suspended_server): 200 GET http://10.180.1.21/compute/v2.1/servers/663fa2fb-1ced-4052-9eba-8a5d0cbe96b5 0.061s
2024-10-09 19:53:53.419 61964 INFO tempest.lib.common.rest_client [req-bcc8273f-79b1-4ebd-90dc-18316652c6cb req-bcc8273f-79b1-4ebd-90dc-18316652c6cb ] Request (QuotasAdminTestV257:tearDownClass): 204 DELETE http://10.180.1.21/identity/v3/users/c81a5dabe6e44569834b881b43a5e890 0.108s
2024-10-09 19:53:53.432 62006 INFO tempest.lib.common.rest_client [req-8d051f73-4b43-4a42-8d13-ee3a240adc7e req-8d051f73-4b43-4a42-8d13-ee3a240adc7e ] Request (ServerMetadataTestJSON:setUpClass): 201 POST http://10.180.1.21/identity/v3/auth/tokens 0.060s
2024-10-09 19:53:53.434 62004 INFO tempest.lib.common.rest_client [req-7db5943b-95c5-4a36-88a0-7ea3c43e7bca req-7db5943b-95c5-4a36-88a0-7ea3c43e7bca ] Request (VolumesAdminNegativeTest:test_update_attached_volume_with_nonexistent_volume_in_uri): 200 GET http://10.180.1.21/compute/v2.1/servers/5da49801-148d-4b26-a0a2-816b1d5f7994 0.055s
2024-10-09 19:53:53.475 62010 INFO tempest.lib.common.rest_client [req-f6e573d1-3ca5-4889-92a7-739e41e38aed req-f6e573d1-3ca5-4889-92a7-739e41e38aed ] Request (ServersTestJSON:setUpClass): 200 GET http://10.180.1.21/compute/v2.1/servers/8ba075db-5095-4c38-afbc-85e9d35d6194 0.055s
2024-10-09 19:53:53.483 61994 INFO tempest.lib.common.rest_client [req-f9130b6b-a117-4d55-90d1-8d00d890fa8a req-f9130b6b-a117-4d55-90d1-8d00d890fa8a ] Request (ServerDiskConfigTestJSON:test_rebuild_server_with_auto_disk_config): 200 GET http://10.180.1.21/compute/v2.1/servers/7a8228e2-3ab3-4b87-ad38-4246e33f0dfe 0.055s
2024-10-09 19:53:53.516 61964 INFO tempest.lib.common.rest_client [req-71797279-6942-4623-83cb-9c2b0552ce77 req-71797279-6942-4623-83cb-9c2b0552ce77 ] Request (QuotasAdminTestV257:tearDownClass): 204 DELETE http://10.180.1.21/identity/v3/users/c2855c30c13f409484ddb72e32915a75 0.096s
2024-10-09 19:53:53.516 61964 INFO tempest.lib.common.dynamic_creds [-] Deleting project and security group for project: c9d824a2637b4d54be9549577d270982
2024-10-09 19:53:53.558 61974 INFO tempest.lib.common.rest_client [req-40d20f13-a5d5-49f2-92d3-8e5123d54437 req-40d20f13-a5d5-49f2-92d3-8e5123d54437 ] Request (ListServerFiltersTestJSON:setUpClass): 200 GET http://10.180.1.21/compute/v2.1/servers/496c3799-7350-4258-a456-58bd3ba9b4d0 0.057s
2024-10-09 19:53:53.570 61964 INFO tempest.lib.common.rest_client [req-25173d54-c0c4-4540-95ae-d919d016b59f req-25173d54-c0c4-4540-95ae-d919d016b59f ] Request (QuotasAdminTestV257:tearDownClass): 201 POST http://10.180.1.21/identity/v3/auth/tokens 0.053s
2024-10-09 19:53:53.620 62024 INFO tempest.lib.common.rest_client [req-eee5ed20-a339-460c-95fd-af2ce3e9d29b req-eee5ed20-a339-460c-95fd-af2ce3e9d29b ] Request (ServersV294TestFqdnHostnames:tearDownClass): 200 PUT http://10.180.1.21:9696/networking/v2.0/routers/a0c9403d-53c9-4f50-860f-e3286d894f6c/remove_router_interface 0.839s
2024-10-09 19:53:53.646 61970 INFO tempest.lib.common.rest_client [req-b34d2698-4385-42ca-9f48-752f3dc031be req-b34d2698-4385-42ca-9f48-752f3dc031be ] Request (ImagesOneServerTestJSON:setUpClass): 200 GET http://10.180.1.21/compute/v2.1/servers/21099fc3-dd66-4871-a87c-e0d2c56a7818 0.066s
2024-10-09 19:53:53.686 61972 INFO tempest.lib.common.rest_client [req-aa1e6cec-5515-4219-9d1e-27a5d5802ced req-aa1e6cec-5515-4219-9d1e-27a5d5802ced ] Request (ServerActionsTestOtherA:setUpClass): 200 GET http://10.180.1.21/compute/v2.1/servers/e4a7dc76-99a6-4cc2-97c8-f86d72d00d12 0.070s
2024-10-09 19:53:53.745 62006 INFO tempest.lib.common.rest_client [req-f4f77204-ee9f-4274-9e34-1ecb730870b3 req-f4f77204-ee9f-4274-9e34-1ecb730870b3 ] Request (ServerMetadataTestJSON:setUpClass): 201 POST http://10.180.1.21:9696/networking/v2.0/networks 0.313s
2024-10-09 19:53:53.773 61992 INFO tempest.lib.common.rest_client [req-e84d4fa2-e5a0-464c-93ca-cf6d53236d72 req-e84d4fa2-e5a0-464c-93ca-cf6d53236d72 ] Request (ServerActionsTestJSON:setUpClass): 200 GET http://10.180.1.21/compute/v2.1/servers/c299abc5-7913-4eea-ac0a-02e713c6009c 0.077s
2024-10-09 19:53:53.835 61991 INFO tempest.lib.common.rest_client [req-837eb409-11e5-4bec-9eef-dcf5ebea865c req-837eb409-11e5-4bec-9eef-dcf5ebea865c ] Request (SecurityGroupsTestJSON:test_server_security_groups): 200 GET http://10.180.1.21/compute/v2.1/servers/7a5f1b3f-847d-4f5c-8ac4-59f7c5e0a7ed 0.129s
2024-10-09 19:53:53.844 61964 INFO tempest.lib.common.rest_client [req-e9746b78-d361-405a-85ff-0b0b7b5917e5 req-e9746b78-d361-405a-85ff-0b0b7b5917e5 ] Request (QuotasAdminTestV257:tearDownClass): 200 GET http://10.180.1.21:9696/networking/v2.0/security-groups?tenant_id=c9d824a2637b4d54be9549577d270982&name=default 0.274s
2024-10-09 19:53:53.896 62006 INFO tempest.lib.common.rest_client [req-99316d7b-5866-4518-8b73-c48e6399c4c7 req-99316d7b-5866-4518-8b73-c48e6399c4c7 ] Request (ServerMetadataTestJSON:setUpClass): 201 POST http://10.180.1.21:9696/networking/v2.0/subnets 0.151s
2024-10-09 19:53:53.897 61988 INFO tempest.lib.common.rest_client [req-db9e6355-c7d0-4b89-84d6-a8cf2487abed req-db9e6355-c7d0-4b89-84d6-a8cf2487abed ] Request (ServersTestManualDisk:setUpClass): 200 GET http://10.180.1.21/compute/v2.1/servers/e6922bb7-c2df-468a-aa5b-d03e274b8ecc 0.267s
2024-10-09 19:53:53.901 61996 INFO tempest.lib.common.rest_client [req-15565abb-24ef-4ac0-8607-26cee8db9d51 req-15565abb-24ef-4ac0-8607-26cee8db9d51 ] Request (ImagesOneServerNegativeTestJSON:setUpClass): 200 GET http://10.180.1.21/compute/v2.1/servers/0df161e9-4a66-432e-9366-60f231c53e3d 0.116s
2024-10-09 19:53:53.956 61968 INFO tempest.lib.common.rest_client [req-2913d846-f244-42c0-a4e9-819bd46e0403 req-2913d846-f244-42c0-a4e9-819bd46e0403 ] Request (ServerRescueTestJSON:setUpClass): 200 GET http://10.180.1.21/compute/v2.1/servers/0103eded-5a0b-4b7f-b98f-63d7866d501c 0.151s
2024-10-09 19:53:53.966 61966 INFO tempest.lib.common.rest_client [req-8822b0dd-7836-48c7-a740-0c1a0debffe8 req-8822b0dd-7836-48c7-a740-0c1a0debffe8 ] Request (ServersTestMultiNic:test_verify_duplicate_network_nics): 200 GET http://10.180.1.21/compute/v2.1/servers/6035033d-9e22-49bd-a42c-3faeeb7c5d21 0.099s
2024-10-09 19:53:54.015 62014 INFO tempest.lib.common.rest_client [req-93020a64-d4ed-4476-a8fe-fcfbf8f35c50 req-93020a64-d4ed-4476-a8fe-fcfbf8f35c50 ] Request (ServerPasswordTestJSON:setUpClass): 200 GET http://10.180.1.21/compute/v2.1/servers/aa0833ae-99c7-426d-a972-8183667a48f8 0.099s
2024-10-09 19:53:54.037 61982 INFO tempest.lib.common.rest_client [req-a8e5922c-b73f-4a90-9390-6a67a6caf59f req-a8e5922c-b73f-4a90-9390-6a67a6caf59f ] Request (AttachInterfacesUnderV243Test:test_add_remove_fixed_ip): 200 GET http://10.180.1.21/compute/v2.1/servers/f0be276a-ddad-4ae0-a232-d0fb8463a3bc 0.071s
2024-10-09 19:53:54.069 62020 INFO tempest.lib.common.rest_client [req-3a3239ec-6636-486e-bbe0-e817c4804a04 req-3a3239ec-6636-486e-bbe0-e817c4804a04 ] Request (AttachInterfacesV270Test:test_create_get_list_interfaces): 200 GET http://10.180.1.21/compute/v2.1/servers/4c112f97-ddf5-4481-bbf9-3c7861aa3cb5 0.051s
2024-10-09 19:53:54.096 61998 INFO tempest.lib.common.rest_client [req-cd031ca9-847c-4370-98e1-472e5deee7f8 req-cd031ca9-847c-4370-98e1-472e5deee7f8 ] Request (AttachInterfacesTestJSON:test_create_list_show_delete_interfaces_by_network_port): 200 GET http://10.180.1.21/compute/v2.1/servers/12a543c2-1081-49d7-800b-07f0a2516904 0.077s
2024-10-09 19:53:54.098 61964 INFO tempest.lib.common.rest_client [req-55f7c60e-ddb6-4a07-860f-c3f29729ce0e req-55f7c60e-ddb6-4a07-860f-c3f29729ce0e ] Request (QuotasAdminTestV257:tearDownClass): 204 DELETE http://10.180.1.21:9696/networking/v2.0/security-groups/c28187f1-0b81-488a-9d48-6e9a99ea74d3 0.254s
2024-10-09 19:53:54.121 62018 INFO tempest.lib.common.rest_client [req-ce8b36e3-49a1-408d-8898-34c9126a12d4 req-ce8b36e3-49a1-408d-8898-34c9126a12d4 ] Request (TenantUsagesTestJSON:setUpClass): 200 GET http://10.180.1.21/compute/v2.1/servers/6540f636-fdfd-48aa-a7b8-0bbc231741fe 0.055s
2024-10-09 19:53:54.174 61964 INFO tempest.lib.common.rest_client [req-dd42e54b-f6cc-49df-8158-04ae29068c77 req-dd42e54b-f6cc-49df-8158-04ae29068c77 ] Request (QuotasAdminTestV257:tearDownClass): 204 DELETE http://10.180.1.21/identity/v3/projects/c9d824a2637b4d54be9549577d270982 0.076s
2024-10-09 19:53:54.174 61964 INFO tempest.lib.common.dynamic_creds [-] Deleting project and security group for project: 324f8091739043d3aa9b108cca0c688b
2024-10-09 19:53:54.179 62002 INFO tempest.lib.common.rest_client [req-2c65ca15-7d26-4bfc-82dd-288c6e415ad9 req-2c65ca15-7d26-4bfc-82dd-288c6e415ad9 ] Request (ServerShowV247Test:test_update_rebuild_list_server): 200 GET http://10.180.1.21/compute/v2.1/servers/1eb76ef5-377c-4447-92da-4c61345c0070 0.064s
2024-10-09 19:53:54.236 61980 INFO tempest.lib.common.rest_client [req-461a13ef-56f5-4468-ad2f-d0de0c0c5522 req-461a13ef-56f5-4468-ad2f-d0de0c0c5522 ] Request (ListImageFiltersTestJSON:setUpClass): 200 GET http://10.180.1.21/compute/v2.1/servers/aadc35e7-7aea-4f86-be3a-9b5322f350a5 0.078s
2024-10-09 19:53:54.259 62024 INFO tempest.lib.common.rest_client [req-27920708-d045-4fe7-b2b1-b012973d2328 req-27920708-d045-4fe7-b2b1-b012973d2328 ] Request (ServersV294TestFqdnHostnames:tearDownClass): 204 DELETE http://10.180.1.21:9696/networking/v2.0/routers/a0c9403d-53c9-4f50-860f-e3286d894f6c 0.639s
2024-10-09 19:53:54.262 61986 INFO tempest.lib.common.rest_client [req-92a626fd-e698-499b-87b4-4b84ecf23a71 req-92a626fd-e698-499b-87b4-4b84ecf23a71 ] Request (ServerShowV254Test:test_rebuild_server): 200 GET http://10.180.1.21/compute/v2.1/servers/63704075-5eaf-4f84-a90b-3a0a3e904a9d 0.090s
2024-10-09 19:53:54.300 61962 INFO tempest.lib.common.rest_client [req-0f29fe8c-073e-476e-9917-ba13462c03b4 req-0f29fe8c-073e-476e-9917-ba13462c03b4 ] Request (ServerActionsTestOtherB:setUpClass): 200 GET http://10.180.1.21/compute/v2.1/servers/f6b07607-632d-46d9-a72f-5a524fd20a3b 0.094s
2024-10-09 19:53:54.331 62009 INFO tempest.lib.common.rest_client [req-e79cc656-58ce-45e1-b755-254d45af2371 req-e79cc656-58ce-45e1-b755-254d45af2371 ] Request (ServerMetadataNegativeTestJSON:setUpClass): 200 GET http://10.180.1.21/compute/v2.1/servers/a1b9b618-91b5-429b-8581-9f819e0d81ee 0.053s
2024-10-09 19:53:54.363 61976 INFO tempest.lib.common.rest_client [req-621294f9-158c-4de1-b5a2-ab2252e6d77a req-621294f9-158c-4de1-b5a2-ab2252e6d77a ] Request (MigrationsAdminTest:test_resize_server_revert_deleted_flavor): 200 GET http://10.180.1.21/compute/v2.1/servers/83afb27a-7984-4982-9880-f5b0c6553787 0.076s
2024-10-09 19:53:54.377 61964 INFO tempest.lib.common.rest_client [req-d49ceda8-f703-46f6-8d30-c29396ac5926 req-d49ceda8-f703-46f6-8d30-c29396ac5926 ] Request (QuotasAdminTestV257:tearDownClass): 200 GET http://10.180.1.21:9696/networking/v2.0/security-groups?tenant_id=324f8091739043d3aa9b108cca0c688b&name=default 0.203s
2024-10-09 19:53:54.383 62024 INFO tempest.lib.common.rest_client [req-618c50c0-c062-463b-9b9a-5dd30f0f16da req-618c50c0-c062-463b-9b9a-5dd30f0f16da ] Request (ServersV294TestFqdnHostnames:tearDownClass): 204 DELETE http://10.180.1.21:9696/networking/v2.0/subnets/72afd05a-558c-421e-b43d-91b3425304dc 0.124s
2024-10-09 19:53:54.398 61978 INFO tempest.lib.common.rest_client [req-86572f39-d9c0-4f85-9b05-c83b07b20e3d req-86572f39-d9c0-4f85-9b05-c83b07b20e3d ] Request (DeleteServersAdminTestJSON:test_delete_server_while_in_error_state): 200 GET http://10.180.1.21/compute/v2.1/servers/70e6d944-f978-4d5b-b396-e0e913db0485 0.061s
2024-10-09 19:53:54.430 62000 INFO tempest.lib.common.rest_client [req-28fcc44f-e4e4-453c-9ad4-258f222bcfd1 req-28fcc44f-e4e4-453c-9ad4-258f222bcfd1 ] Request (ServerDiagnosticsNegativeTest:test_get_server_diagnostics_by_non_admin): 200 GET http://10.180.1.21/compute/v2.1/servers/a83f5b0f-508c-4829-a4a6-641baa7b4c95 0.088s
2024-10-09 19:53:54.452 61984 INFO tempest.lib.common.rest_client [req-0c65a206-e965-4716-9fc2-049b1b945c10 req-0c65a206-e965-4716-9fc2-049b1b945c10 ] Request (ServersNegativeTestJSON:setUpClass): 200 GET http://10.180.1.21/compute/v2.1/servers/07d8d6b6-3cc5-48da-9d4d-563a5fe27442 0.064s
2024-10-09 19:53:54.492 62012 INFO tempest.lib.common.rest_client [req-fead00f0-91ef-4459-a37e-5f5d52c61807 req-fead00f0-91ef-4459-a37e-5f5d52c61807 ] Request (ImagesTestJSON:test_create_image_from_suspended_server): 200 GET http://10.180.1.21/compute/v2.1/servers/663fa2fb-1ced-4052-9eba-8a5d0cbe96b5 0.090s
