2024-10-09 19:54:23.540 61962 INFO tempest.lib.common.rest_client [req-71a3a378-1159-431a-9264-01f1ddbe27d5 req-71a3a378-1159-431a-9264-01f1ddbe27d5 ] Request (ServerActionsTestOtherB:setUpClass): 200 GET http://10.180.1.21/compute/v2.1/servers/f6b07607-632d-46d9-a72f-5a524fd20a3b 0.056s
2024-10-09 19:54:23.563 61978 INFO tempest.lib.common.rest_client [req-81ab0fb0-53ea-4ea3-9435-0ab69e64ccaf req-81ab0fb0-53ea-4ea3-9435-0ab69e64ccaf ] Request (HypervisorAdminNegativeTestJSON:setUpClass): 201 POST http://10.180.1.21/identity/v3/auth/tokens 0.056s
2024-10-09 19:54:23.594 61976 INFO tempest.lib.common.rest_client [req-801426a1-7fae-4054-8cef-be28efd23b44 req-801426a1-7fae-4054-8cef-be28efd23b44 ] Request (MigrationsAdminTest:test_resize_server_revert_deleted_flavor): 200 GET http://10.180.1.21/compute/v2.1/servers/83afb27a-7984-4982-9880-f5b0c6553787 0.062s
2024-10-09 19:54:23.601 62012 INFO tempest.lib.common.rest_client [req-22bd8365-cac9-4178-aa81-dc66d46833c3 req-22bd8365-cac9-4178-aa81-dc66d46833c3 ] Request (ImagesTestJSON:test_create_image_from_suspended_server): 200 GET http://10.180.1.21/compute/v2.1/servers/663fa2fb-1ced-4052-9eba-8a5d0cbe96b5 0.063s
2024-10-09 19:54:23.607 61978 INFO tempest.lib.common.rest_client [req-10ce35db-e34e-440e-82fd-d2b1dfd073bd req-10ce35db-e34e-440e-82fd-d2b1dfd073bd ] Request (HypervisorAdminNegativeTestJSON:setUpClass): 201 POST http://10.180.1.21/identity/v3/auth/tokens 0.042s
2024-10-09 19:54:23.628 61978 INFO tempest.lib.common.rest_client [req-adc063cd-258a-4af9-adb5-ca3d2938f5ce req-adc063cd-258a-4af9-adb5-ca3d2938f5ce ] Request (HypervisorAdminNegativeTestJSON:setUpClass): 200 GET http://10.180.1.21/identity/v3/domains?name=Default 0.021s
2024-10-09 19:54:23.646 62004 INFO tempest.lib.common.rest_client [req-b7b11eaa-2a5a-46d9-b954-762b76e67555 req-b7b11eaa-2a5a-46d9-b954-762b76e67555 ] Request (VolumesAdminNegativeTest:test_update_attached_volume_with_nonexistent_volume_in_uri): 200 GET http://10.180.1.21/compute/v2.1/servers/5da49801-148d-4b26-a0a2-816b1d5f7994 0.059s
2024-10-09 19:54:23.660 61978 INFO tempest.lib.common.rest_client [req-d3bbde76-4d25-407e-82d6-436257f92125 req-d3bbde76-4d25-407e-82d6-436257f92125 ] Request (HypervisorAdminNegativeTestJSON:setUpClass): 201 POST http://10.180.1.21/identity/v3/projects 0.031s
2024-10-09 19:54:23.675 62000 INFO tempest.lib.common.rest_client [req-1a98ae96-d9ba-4efb-9a12-def4f85888d9 req-1a98ae96-d9ba-4efb-9a12-def4f85888d9 ] Request (ServerDiagnosticsNegativeTest:test_get_server_diagnostics_by_non_admin): 200 GET http://10.180.1.21/compute/v2.1/servers/a83f5b0f-508c-4829-a4a6-641baa7b4c95 0.054s
2024-10-09 19:54:23.730 61978 INFO tempest.lib.common.rest_client [req-68c0b0fd-1d15-42b9-ac57-3a347cd07416 req-68c0b0fd-1d15-42b9-ac57-3a347cd07416 ] Request (HypervisorAdminNegativeTestJSON:setUpClass): 201 POST http://10.180.1.21/identity/v3/users 0.069s
2024-10-09 19:54:23.734 61974 INFO tempest.lib.common.rest_client [req-2fff89a7-1191-4c0b-8c27-770be48085e9 req-2fff89a7-1191-4c0b-8c27-770be48085e9 ] Request (ListServerFiltersTestJSON:setUpClass): 200 GET http://10.180.1.21/compute/v2.1/servers/496c3799-7350-4258-a456-58bd3ba9b4d0 0.062s
2024-10-09 19:54:23.752 61978 INFO tempest.lib.common.rest_client [req-1b665cc7-950f-4828-af22-a26633e4f1a0 req-1b665cc7-950f-4828-af22-a26633e4f1a0 ] Request (HypervisorAdminNegativeTestJSON:setUpClass): 200 GET http://10.180.1.21/identity/v3/roles 0.021s
2024-10-09 19:54:23.781 61992 INFO tempest.lib.common.rest_client [req-f3b94535-7641-462e-877d-c2fc6b41deb2 req-f3b94535-7641-462e-877d-c2fc6b41deb2 ] Request (ServerActionsTestJSON:setUpClass): 200 GET http://10.180.1.21/compute/v2.1/servers/c299abc5-7913-4eea-ac0a-02e713c6009c 0.057s
2024-10-09 19:54:23.793 61978 INFO tempest.lib.common.rest_client [req-e6d23c20-8984-46bd-8eb7-fbecd5b305e5 req-e6d23c20-8984-46bd-8eb7-fbecd5b305e5 ] Request (HypervisorAdminNegativeTestJSON:setUpClass): 204 PUT http://10.180.1.21/identity/v3/projects/823b89383ecb437ea5386537625330b5/users/959727b29b6548b292152d66ba9742cf/roles/5f80f22af14544cb85b78ec9c1f69e85 0.041s
2024-10-09 19:54:23.794 61978 INFO tempest.lib.common.dynamic_creds [-] Dynamic test user 959727b29b6548b292152d66ba9742cf is created with scope project and roles: ['member']
2024-10-09 19:54:23.794 61978 INFO tempest.lib.common.dynamic_creds [-] Acquired dynamic creds: credentials: Credentials: {'domain_id': 'default', 'domain_name': 'Default', 'username': 'tempest-HypervisorAdminNegativeTestJSON-1836608075-project-member', 'project_domain_id': 'default', 'project_domain_name': 'Default', 'project_id': '823b89383ecb437ea5386537625330b5', 'project_name': 'tempest-HypervisorAdminNegativeTestJSON-1836608075', 'tenant_id': '823b89383ecb437ea5386537625330b5', 'tenant_name': 'tempest-HypervisorAdminNegativeTestJSON-1836608075', 'user_domain_id': 'default', 'user_domain_name': 'Default', 'user_id': '959727b29b6548b292152d66ba9742cf', 'system': None}, Network: None, Subnet: None, Router: None
2024-10-09 19:54:23.794 61978 INFO tempest.lib.common.dynamic_creds [-] Created isolated network resources for: credentials: Credentials: {'domain_id': 'default', 'domain_name': 'Default', 'username': 'tempest-HypervisorAdminNegativeTestJSON-1836608075-project-member', 'project_domain_id': 'default', 'project_domain_name': 'Default', 'project_id': '823b89383ecb437ea5386537625330b5', 'project_name': 'tempest-HypervisorAdminNegativeTestJSON-1836608075', 'tenant_id': '823b89383ecb437ea5386537625330b5', 'tenant_name': 'tempest-HypervisorAdminNegativeTestJSON-1836608075', 'user_domain_id': 'default', 'user_domain_name': 'Default', 'user_id': '959727b29b6548b292152d66ba9742cf', 'system': None}, Network: None, Subnet: None, Router: None
2024-10-09 19:54:23.834 62010 INFO tempest.lib.common.rest_client [req-27bf4f6d-1613-4040-a14c-44824c218af0 req-27bf4f6d-1613-4040-a14c-44824c218af0 ] Request (ServersTestJSON:setUpClass): 200 GET http://10.180.1.21/compute/v2.1/servers/8ba075db-5095-4c38-afbc-85e9d35d6194 0.060s
2024-10-09 19:54:23.860 61978 INFO tempest.lib.common.rest_client [req-1a4c59eb-c015-4204-84b3-265001126623 req-1a4c59eb-c015-4204-84b3-265001126623 ] Request (HypervisorAdminNegativeTestJSON:setUpClass): 201 POST http://10.180.1.21/identity/v3/auth/tokens 0.063s
2024-10-09 19:54:23.880 61991 INFO tempest.lib.common.rest_client [req-ff6e810d-37e2-4db0-b097-608e8098a272 req-ff6e810d-37e2-4db0-b097-608e8098a272 ] Request (SecurityGroupsTestJSON:test_server_security_groups): 200 GET http://10.180.1.21/compute/v2.1/servers/7a5f1b3f-847d-4f5c-8ac4-59f7c5e0a7ed 0.047s
2024-10-09 19:54:23.913 61978 INFO tempest.lib.common.rest_client [req-11b5090a-5611-48ab-a117-a98f4d4f2f3d req-11b5090a-5611-48ab-a117-a98f4d4f2f3d ] Request (HypervisorAdminNegativeTestJSON:setUpClass): 201 POST http://10.180.1.21/identity/v3/projects 0.052s
2024-10-09 19:54:23.936 61970 INFO tempest.lib.common.rest_client [req-9637bff5-c442-4cbc-a67a-b0ad3df1b044 req-9637bff5-c442-4cbc-a67a-b0ad3df1b044 ] Request (ImagesOneServerTestJSON:setUpClass): 200 GET http://10.180.1.21/compute/v2.1/servers/21099fc3-dd66-4871-a87c-e0d2c56a7818 0.055s
2024-10-09 19:54:23.972 61978 INFO tempest.lib.common.rest_client [req-455a71e4-33ef-434c-a258-578a896a521c req-455a71e4-33ef-434c-a258-578a896a521c ] Request (HypervisorAdminNegativeTestJSON:setUpClass): 201 POST http://10.180.1.21/identity/v3/users 0.058s
2024-10-09 19:54:23.992 62006 INFO tempest.lib.common.rest_client [req-ba6a8a2c-7c14-4812-89e8-fccde8fba6d4 req-ba6a8a2c-7c14-4812-89e8-fccde8fba6d4 ] Request (ServerMetadataTestJSON:setUpClass): 200 GET http://10.180.1.21/compute/v2.1/servers/3401be45-c3ab-4780-81a7-a93b05742414 0.057s
2024-10-09 19:54:23.993 61978 INFO tempest.lib.common.rest_client [req-4d2bce3f-4f46-48b3-a010-0f0a33855ad8 req-4d2bce3f-4f46-48b3-a010-0f0a33855ad8 ] Request (HypervisorAdminNegativeTestJSON:setUpClass): 200 GET http://10.180.1.21/identity/v3/roles 0.021s
2024-10-09 19:54:24.020 61978 INFO tempest.lib.common.rest_client [req-9f373be3-c71b-4033-a7d4-e2d8786eb81d req-9f373be3-c71b-4033-a7d4-e2d8786eb81d ] Request (HypervisorAdminNegativeTestJSON:setUpClass): 204 PUT http://10.180.1.21/identity/v3/projects/69dfe466d2604d6f912ab351cdade378/users/3fcd644f918644768afcac1c4cbae75c/roles/299f90a1d6af46ecb49969c22f754d88 0.026s
2024-10-09 19:54:24.049 61988 INFO tempest.lib.common.rest_client [req-c0ca78de-d24a-44cb-9d89-d725ac5852d3 req-c0ca78de-d24a-44cb-9d89-d725ac5852d3 ] Request (ServersTestManualDisk:setUpClass): 200 GET http://10.180.1.21/compute/v2.1/servers/e6922bb7-c2df-468a-aa5b-d03e274b8ecc 0.054s
2024-10-09 19:54:24.073 61978 INFO tempest.lib.common.rest_client [req-40d8accf-f185-4125-8de3-c1e25bd14ba4 req-40d8accf-f185-4125-8de3-c1e25bd14ba4 ] Request (HypervisorAdminNegativeTestJSON:setUpClass): 200 GET http://10.180.1.21/identity/v3/roles 0.052s
2024-10-09 19:54:24.093 61978 INFO tempest.lib.common.rest_client [req-a86e3ec8-7aa9-4012-ba4c-56591736313b req-a86e3ec8-7aa9-4012-ba4c-56591736313b ] Request (HypervisorAdminNegativeTestJSON:setUpClass): 204 PUT http://10.180.1.21/identity/v3/projects/69dfe466d2604d6f912ab351cdade378/users/3fcd644f918644768afcac1c4cbae75c/roles/299f90a1d6af46ecb49969c22f754d88 0.020s
2024-10-09 19:54:24.094 61978 INFO tempest.lib.common.dynamic_creds [-] Dynamic test user 3fcd644f918644768afcac1c4cbae75c is created with scope project and roles: ['admin']
2024-10-09 19:54:24.094 61978 INFO tempest.lib.common.dynamic_creds [-] Acquired dynamic creds: credentials: Credentials: {'domain_id': 'default', 'domain_name': 'Default', 'username': 'tempest-HypervisorAdminNegativeTestJSON-461886177-project-admin', 'project_domain_id': 'default', 'project_domain_name': 'Default', 'project_id': '69dfe466d2604d6f912ab351cdade378', 'project_name': 'tempest-HypervisorAdminNegativeTestJSON-461886177', 'tenant_id': '69dfe466d2604d6f912ab351cdade378', 'tenant_name': 'tempest-HypervisorAdminNegativeTestJSON-461886177', 'user_domain_id': 'default', 'user_domain_name': 'Default', 'user_id': '3fcd644f918644768afcac1c4cbae75c', 'system': None}, Network: None, Subnet: None, Router: None
2024-10-09 19:54:24.094 61978 INFO tempest.lib.common.dynamic_creds [-] Created isolated network resources for: credentials: Credentials: {'domain_id': 'default', 'domain_name': 'Default', 'username': 'tempest-HypervisorAdminNegativeTestJSON-461886177-project-admin', 'project_domain_id': 'default', 'project_domain_name': 'Default', 'project_id': '69dfe466d2604d6f912ab351cdade378', 'project_name': 'tempest-HypervisorAdminNegativeTestJSON-461886177', 'tenant_id': '69dfe466d2604d6f912ab351cdade378', 'tenant_name': 'tempest-HypervisorAdminNegativeTestJSON-461886177', 'user_domain_id': 'default', 'user_domain_name': 'Default', 'user_id': '3fcd644f918644768afcac1c4cbae75c', 'system': None}, Network: None, Subnet: None, Router: None
2024-10-09 19:54:24.096 61996 INFO tempest.lib.common.rest_client [req-cf29bf1f-3a0f-4d7c-97ba-4bade811843d req-cf29bf1f-3a0f-4d7c-97ba-4bade811843d ] Request (ImagesOneServerNegativeTestJSON:setUpClass): 200 GET http://10.180.1.21/compute/v2.1/servers/0df161e9-4a66-432e-9366-60f231c53e3d 0.050s
2024-10-09 19:54:24.142 61966 INFO tempest.lib.common.rest_client [req-9d64c791-70a3-4af3-97c1-23d087dae6b7 req-9d64c791-70a3-4af3-97c1-23d087dae6b7 ] Request (ServersTestMultiNic:test_verify_duplicate_network_nics): 200 GET http://10.180.1.21/compute/v2.1/servers/6035033d-9e22-49bd-a42c-3faeeb7c5d21 0.046s
2024-10-09 19:54:24.162 61978 INFO tempest.lib.common.rest_client [req-44ae755d-80e1-4df7-9597-159792e38573 req-44ae755d-80e1-4df7-9597-159792e38573 ] Request (HypervisorAdminNegativeTestJSON:setUpClass): 201 POST http://10.180.1.21/identity/v3/auth/tokens 0.064s
2024-10-09 19:54:24.200 62020 INFO tempest.lib.common.rest_client [req-c208e301-aa8d-4d70-94af-50ee2360bf9c req-c208e301-aa8d-4d70-94af-50ee2360bf9c ] Request (AttachInterfacesV270Test:test_create_get_list_interfaces): 200 GET http://10.180.1.21/compute/v2.1/servers/4c112f97-ddf5-4481-bbf9-3c7861aa3cb5 0.050s
2024-10-09 19:54:24.248 61982 INFO tempest.lib.common.rest_client [req-07a4d002-0217-4b21-9cd6-8684814880e1 req-07a4d002-0217-4b21-9cd6-8684814880e1 ] Request (AttachInterfacesUnderV243Test:test_add_remove_fixed_ip): 200 GET http://10.180.1.21/compute/v2.1/servers/f0be276a-ddad-4ae0-a232-d0fb8463a3bc 0.046s
2024-10-09 19:54:24.260 61978 INFO tempest.lib.common.rest_client [req-42cb33c1-164f-4fdc-a01b-c205dd8034b8 req-42cb33c1-164f-4fdc-a01b-c205dd8034b8 ] Request (HypervisorAdminNegativeTestJSON:test_get_hypervisor_list_details_with_non_admin_user): 403 GET http://10.180.1.21/compute/v2.1/os-hypervisors/detail 0.097s
2024-10-09 19:54:24.298 62014 INFO tempest.lib.common.rest_client [req-661adace-20ae-4150-a084-60a9a2be12c2 req-661adace-20ae-4150-a084-60a9a2be12c2 ] Request (ServerPasswordTestJSON:setUpClass): 200 GET http://10.180.1.21/compute/v2.1/servers/aa0833ae-99c7-426d-a972-8183667a48f8 0.080s
2024-10-09 19:54:24.303 61978 INFO tempest.lib.common.rest_client [req-d2027a5f-c664-4c14-b031-b0782f6c3a7a req-d2027a5f-c664-4c14-b031-b0782f6c3a7a ] Request (HypervisorAdminNegativeTestJSON:test_get_hypervisor_list_with_non_admin_user): 403 GET http://10.180.1.21/compute/v2.1/os-hypervisors 0.042s
2024-10-09 19:54:24.321 62018 INFO tempest.lib.common.rest_client [req-b4d8f4ba-6017-45ef-a6e0-6c7f67b6eb55 req-b4d8f4ba-6017-45ef-a6e0-6c7f67b6eb55 ] Request (TenantUsagesTestJSON:setUpClass): 200 GET http://10.180.1.21/compute/v2.1/servers/6540f636-fdfd-48aa-a7b8-0bbc231741fe 0.063s
2024-10-09 19:54:24.326 61978 INFO tempest.lib.common.rest_client [req-711d96c3-a7b4-4a82-9859-9a3265f608bd req-711d96c3-a7b4-4a82-9859-9a3265f608bd ] Request (HypervisorAdminNegativeTestJSON:test_get_hypervisor_stats_with_non_admin_user): 403 GET http://10.180.1.21/compute/v2.1/os-hypervisors/statistics 0.021s
2024-10-09 19:54:24.355 61998 INFO tempest.lib.common.rest_client [req-03138c3d-444b-459a-896a-168d6a3444e9 req-03138c3d-444b-459a-896a-168d6a3444e9 ] Request (AttachInterfacesTestJSON:test_create_list_show_delete_interfaces_by_network_port): 200 GET http://10.180.1.21/compute/v2.1/servers/12a543c2-1081-49d7-800b-07f0a2516904 0.083s
2024-10-09 19:54:24.378 61994 INFO tempest.lib.common.rest_client [req-e054ed4b-cceb-46de-96de-db2c6059c6f8 req-e054ed4b-cceb-46de-96de-db2c6059c6f8 ] Request (ServerDiskConfigTestJSON:test_rebuild_server_with_manual_disk_config): 200 GET http://10.180.1.21/compute/v2.1/servers/efbde802-8cb0-4563-a776-3722a3889afe 0.058s
2024-10-09 19:54:24.392 61978 INFO tempest.lib.common.rest_client [req-18c2e355-c7f2-42a7-8787-1eb9a95e8336 req-18c2e355-c7f2-42a7-8787-1eb9a95e8336 ] Request (HypervisorAdminNegativeTestJSON:test_get_hypervisor_uptime_with_non_admin_user): 200 GET http://10.180.1.21/compute/v2.1/os-hypervisors 0.065s
2024-10-09 19:54:24.425 62002 INFO tempest.lib.common.rest_client [req-9e96e11e-be8f-436f-98f2-7ebc96c33dae req-9e96e11e-be8f-436f-98f2-7ebc96c33dae ] Request (ServerShowV247Test:test_update_rebuild_list_server): 200 GET http://10.180.1.21/compute/v2.1/servers/1eb76ef5-377c-4447-92da-4c61345c0070 0.091s
2024-10-09 19:54:24.443 61968 INFO tempest.lib.common.rest_client [req-99e9d82c-9fac-49b0-af30-2abc67ec1993 req-99e9d82c-9fac-49b0-af30-2abc67ec1993 ] Request (ServerTagsTestJSON:setUpClass): 200 GET http://10.180.1.21/compute/v2.1/servers/7ef50ee4-64e6-49c2-bb41-0bdce316f8d3 0.070s
2024-10-09 19:54:24.448 61978 INFO tempest.lib.common.rest_client [req-664936c1-de43-400f-8bd8-e2e55ff261ec req-664936c1-de43-400f-8bd8-e2e55ff261ec ] Request (HypervisorAdminNegativeTestJSON:test_get_hypervisor_uptime_with_non_admin_user): 403 GET http://10.180.1.21/compute/v2.1/os-hypervisors/1/uptime 0.054s
2024-10-09 19:54:24.469 62024 INFO tempest.lib.common.rest_client [req-485338ad-d91a-41d0-82a1-8c716943d884 req-485338ad-d91a-41d0-82a1-8c716943d884 ] Request (InstanceActionsTestJSON:setUpClass): 200 GET http://10.180.1.21/compute/v2.1/servers/91d56a8c-0664-4b3c-bf28-e2c668ac65fa 0.087s
2024-10-09 19:54:24.492 61986 INFO tempest.lib.common.rest_client [req-f2ef187d-fd80-4ff8-a355-874b918a61da req-f2ef187d-fd80-4ff8-a355-874b918a61da ] Request (ServerShowV254Test:test_rebuild_server): 200 GET http://10.180.1.21/compute/v2.1/servers/63704075-5eaf-4f84-a90b-3a0a3e904a9d 0.059s
2024-10-09 19:54:24.497 61978 INFO tempest.lib.common.rest_client [req-01d3d21e-956a-40e6-b860-7bc8b843f981 req-01d3d21e-956a-40e6-b860-7bc8b843f981 ] Request (HypervisorAdminNegativeTestJSON:test_get_nonexistent_hypervisor_uptime): 404 GET http://10.180.1.21/compute/v2.1/os-hypervisors/e7438114-438a-4dc6-a383-384ac954db8a/uptime 0.048s
2024-10-09 19:54:24.511 61984 INFO tempest.lib.common.rest_client [req-413ea8e6-782a-479a-97aa-5aae660b3f3d req-413ea8e6-782a-479a-97aa-5aae660b3f3d ] Request (ServersNegativeTestJSON:setUpClass): 200 GET http://10.180.1.21/compute/v2.1/servers/07d8d6b6-3cc5-48da-9d4d-563a5fe27442 0.067s
2024-10-09 19:54:24.527 61978 INFO tempest.lib.common.rest_client [req-57f6aca2-e8a3-4f0f-b2cb-e534eb330512 req-57f6aca2-e8a3-4f0f-b2cb-e534eb330512 ] Request (HypervisorAdminNegativeTestJSON:test_show_hypervisor_with_non_admin_user): 200 GET http://10.180.1.21/compute/v2.1/os-hypervisors 0.029s
2024-10-09 19:54:24.536 61978 INFO tempest.lib.common.rest_client [req-911d81d7-4b52-47dd-8abb-862c1abc9851 req-911d81d7-4b52-47dd-8abb-862c1abc9851 ] Request (HypervisorAdminNegativeTestJSON:test_show_hypervisor_with_non_admin_user): 403 GET http://10.180.1.21/compute/v2.1/os-hypervisors/1 0.007s
2024-10-09 19:54:24.542 61980 INFO tempest.lib.common.rest_client [req-066f2fee-30ef-45dc-b74a-ea956a0fd736 req-066f2fee-30ef-45dc-b74a-ea956a0fd736 ] Request (ListImageFiltersTestJSON:setUpClass): 200 GET http://10.180.1.21/compute/v2.1/servers/aadc35e7-7aea-4f86-be3a-9b5322f350a5 0.064s
2024-10-09 19:54:24.545 61978 INFO tempest.lib.common.rest_client [req-97d930f1-da95-4ded-afe2-7fb8d00ad639 req-97d930f1-da95-4ded-afe2-7fb8d00ad639 ] Request (HypervisorAdminNegativeTestJSON:test_show_nonexistent_hypervisor): 404 GET http://10.180.1.21/compute/v2.1/os-hypervisors/2d795e3f-848b-4aa4-918d-5bb04b6484b2 0.008s
2024-10-09 19:54:24.602 61962 INFO tempest.lib.common.rest_client [req-3234f987-2f2c-4e45-aa47-ca507266f0e4 req-3234f987-2f2c-4e45-aa47-ca507266f0e4 ] Request (ServerActionsTestOtherB:setUpClass): 200 GET http://10.180.1.21/compute/v2.1/servers/f6b07607-632d-46d9-a72f-5a524fd20a3b 0.054s
2024-10-09 19:54:24.645 61978 INFO tempest.lib.common.rest_client [req-59653dfb-7f29-45f8-baca-bf258f44a4c5 req-59653dfb-7f29-45f8-baca-bf258f44a4c5 ] Request (HypervisorAdminNegativeTestJSON:tearDownClass): 204 DELETE http://10.180.1.21/identity/v3/users/959727b29b6548b292152d66ba9742cf 0.098s
2024-10-09 19:54:24.660 61976 INFO tempest.lib.common.rest_client [req-385afa44-a357-4378-8e99-5c4b8e1d4ebe req-385afa44-a357-4378-8e99-5c4b8e1d4ebe ] Request (MigrationsAdminTest:test_resize_server_revert_deleted_flavor): 200 GET http://10.180.1.21/compute/v2.1/servers/83afb27a-7984-4982-9880-f5b0c6553787 0.056s
2024-10-09 19:54:24.662 62012 INFO tempest.lib.common.rest_client [req-be62bbf0-3a1e-422f-b90b-6fd2d68e9d30 req-be62bbf0-3a1e-422f-b90b-6fd2d68e9d30 ] Request (ImagesTestJSON:test_create_image_from_suspended_server): 200 GET http://10.180.1.21/compute/v2.1/servers/663fa2fb-1ced-4052-9eba-8a5d0cbe96b5 0.052s
2024-10-09 19:54:24.711 62004 INFO tempest.lib.common.rest_client [req-feaabf4d-96fb-4a45-b630-4e80f20a27e3 req-feaabf4d-96fb-4a45-b630-4e80f20a27e3 ] Request (VolumesAdminNegativeTest:test_update_attached_volume_with_nonexistent_volume_in_uri): 200 GET http://10.180.1.21/compute/v2.1/servers/5da49801-148d-4b26-a0a2-816b1d5f7994 0.056s
2024-10-09 19:54:24.734 61978 INFO tempest.lib.common.rest_client [req-c78ac5cf-6e99-442d-ae7e-025ac983dff6 req-c78ac5cf-6e99-442d-ae7e-025ac983dff6 ] Request (HypervisorAdminNegativeTestJSON:tearDownClass): 204 DELETE http://10.180.1.21/identity/v3/users/3fcd644f918644768afcac1c4cbae75c 0.089s
2024-10-09 19:54:24.734 61978 INFO tempest.lib.common.dynamic_creds [-] Deleting project and security group for project: 69dfe466d2604d6f912ab351cdade378
2024-10-09 19:54:24.738 62000 INFO tempest.lib.common.rest_client [req-b2162f39-7d1d-4f3c-b0eb-f1abaa8c1054 req-b2162f39-7d1d-4f3c-b0eb-f1abaa8c1054 ] Request (ServerDiagnosticsNegativeTest:test_get_server_diagnostics_by_non_admin): 200 GET http://10.180.1.21/compute/v2.1/servers/a83f5b0f-508c-4829-a4a6-641baa7b4c95 0.057s
2024-10-09 19:54:24.789 61978 INFO tempest.lib.common.rest_client [req-73eb69b4-e635-44c7-b2bd-617ed78480db req-73eb69b4-e635-44c7-b2bd-617ed78480db ] Request (HypervisorAdminNegativeTestJSON:tearDownClass): 201 POST http://10.180.1.21/identity/v3/auth/tokens 0.054s
2024-10-09 19:54:24.842 61992 INFO tempest.lib.common.rest_client [req-f31f95e4-316c-41ab-bac3-379a7482f864 req-f31f95e4-316c-41ab-bac3-379a7482f864 ] Request (ServerActionsTestJSON:setUpClass): 200 GET http://10.180.1.21/compute/v2.1/servers/c299abc5-7913-4eea-ac0a-02e713c6009c 0.050s
2024-10-09 19:54:24.910 62010 INFO tempest.lib.common.rest_client [req-fd8b6e4f-9096-4d4c-8739-c6b00d999d69 req-fd8b6e4f-9096-4d4c-8739-c6b00d999d69 ] Request (ServersTestJSON:setUpClass): 200 GET http://10.180.1.21/compute/v2.1/servers/8ba075db-5095-4c38-afbc-85e9d35d6194 0.069s
2024-10-09 19:54:24.955 61978 INFO tempest.lib.common.rest_client [req-8e22269e-b57e-47f3-8cf9-ab5d49197834 req-8e22269e-b57e-47f3-8cf9-ab5d49197834 ] Request (HypervisorAdminNegativeTestJSON:tearDownClass): 200 GET http://10.180.1.21:9696/networking/v2.0/security-groups?tenant_id=69dfe466d2604d6f912ab351cdade378&name=default 0.166s
2024-10-09 19:54:24.966 61991 INFO tempest.lib.common.rest_client [req-4a073c9d-ee7a-4358-928b-87bed695daa7 req-4a073c9d-ee7a-4358-928b-87bed695daa7 ] Request (SecurityGroupsTestJSON:test_server_security_groups): 200 GET http://10.180.1.21/compute/v2.1/servers/7a5f1b3f-847d-4f5c-8ac4-59f7c5e0a7ed 0.079s
2024-10-09 19:54:24.979 61974 INFO tempest.lib.common.rest_client [req-92cfc2a4-ee59-4899-983d-1b749eb3b34b req-92cfc2a4-ee59-4899-983d-1b749eb3b34b ] Request (ListServerFiltersTestJSON:setUpClass): 200 GET http://10.180.1.21/compute/v2.1/servers/496c3799-7350-4258-a456-58bd3ba9b4d0 0.238s
2024-10-09 19:54:25.034 61970 INFO tempest.lib.common.rest_client [req-de7008b9-047d-4c1c-bae3-bc562a01c048 req-de7008b9-047d-4c1c-bae3-bc562a01c048 ] Request (ImagesOneServerTestJSON:setUpClass): 200 GET http://10.180.1.21/compute/v2.1/servers/21099fc3-dd66-4871-a87c-e0d2c56a7818 0.092s
2024-10-09 19:54:25.047 62006 INFO tempest.lib.common.rest_client [req-3196f995-791f-4df7-b52d-d214befbcd84 req-3196f995-791f-4df7-b52d-d214befbcd84 ] Request (ServerMetadataTestJSON:setUpClass): 200 GET http://10.180.1.21/compute/v2.1/servers/3401be45-c3ab-4780-81a7-a93b05742414 0.047s
2024-10-09 19:54:25.055 61978 INFO tempest.lib.common.rest_client [req-6d2c630c-6c98-42f2-9770-1e679a34eebd req-6d2c630c-6c98-42f2-9770-1e679a34eebd ] Request (HypervisorAdminNegativeTestJSON:tearDownClass): 204 DELETE http://10.180.1.21:9696/networking/v2.0/security-groups/9ae8f297-5b0c-4e67-81ec-f0f6aed47330 0.100s
2024-10-09 19:54:25.104 61988 INFO tempest.lib.common.rest_client [req-bc1f2748-cae2-4dae-8b05-5d7fea770dc7 req-bc1f2748-cae2-4dae-8b05-5d7fea770dc7 ] Request (ServersTestManualDisk:setUpClass): 200 GET http://10.180.1.21/compute/v2.1/servers/e6922bb7-c2df-468a-aa5b-d03e274b8ecc 0.047s
2024-10-09 19:54:25.111 61978 INFO tempest.lib.common.rest_client [req-d38b251f-909d-458f-a4ba-4002497d3ba2 req-d38b251f-909d-458f-a4ba-4002497d3ba2 ] Request (HypervisorAdminNegativeTestJSON:tearDownClass): 204 DELETE http://10.180.1.21/identity/v3/projects/69dfe466d2604d6f912ab351cdade378 0.055s
2024-10-09 19:54:25.111 61978 INFO tempest.lib.common.dynamic_creds [-] Deleting project and security group for project: 823b89383ecb437ea5386537625330b5
2024-10-09 19:54:25.155 61996 INFO tempest.lib.common.rest_client [req-f891533d-3324-4476-b75b-95e052913495 req-f891533d-3324-4476-b75b-95e052913495 ] Request (ImagesOneServerNegativeTestJSON:setUpClass): 200 GET http://10.180.1.21/compute/v2.1/servers/0df161e9-4a66-432e-9366-60f231c53e3d 0.052s
2024-10-09 19:54:25.200 61966 INFO tempest.lib.common.rest_client [req-36ccf5b9-511e-43a2-bd36-c75f502c270b req-36ccf5b9-511e-43a2-bd36-c75f502c270b ] Request (ServersTestMultiNic:test_verify_duplicate_network_nics): 200 GET http://10.180.1.21/compute/v2.1/servers/6035033d-9e22-49bd-a42c-3faeeb7c5d21 0.052s
2024-10-09 19:54:25.209 61978 INFO tempest.lib.common.rest_client [req-bf22e1b4-c119-4c00-80a2-a7a9ca11f144 req-bf22e1b4-c119-4c00-80a2-a7a9ca11f144 ] Request (HypervisorAdminNegativeTestJSON:tearDownClass): 200 GET http://10.180.1.21:9696/networking/v2.0/security-groups?tenant_id=823b89383ecb437ea5386537625330b5&name=default 0.098s
2024-10-09 19:54:25.256 62020 INFO tempest.lib.common.rest_client [req-70a3a0b0-c6d2-4016-a193-26ada68aa1bf req-70a3a0b0-c6d2-4016-a193-26ada68aa1bf ] Request (AttachInterfacesV270Test:test_create_get_list_interfaces): 200 GET http://10.180.1.21/compute/v2.1/servers/4c112f97-ddf5-4481-bbf9-3c7861aa3cb5 0.048s
2024-10-09 19:54:25.284 61978 INFO tempest.lib.common.rest_client [req-0f65d00c-bfb2-4b78-a04a-ed2933a47940 req-0f65d00c-bfb2-4b78-a04a-ed2933a47940 ] Request (HypervisorAdminNegativeTestJSON:tearDownClass): 204 DELETE http://10.180.1.21:9696/networking/v2.0/security-groups/29c0be9d-3bed-4634-9593-325e9b7e6304 0.074s
2024-10-09 19:54:25.303 61982 INFO tempest.lib.common.rest_client [req-51425e2c-1f81-4e33-9583-253f7f5839c4 req-51425e2c-1f81-4e33-9583-253f7f5839c4 ] Request (AttachInterfacesUnderV243Test:test_add_remove_fixed_ip): 200 GET http://10.180.1.21/compute/v2.1/servers/f0be276a-ddad-4ae0-a232-d0fb8463a3bc 0.046s
2024-10-09 19:54:25.349 62014 INFO tempest.lib.common.rest_client [req-85a233a8-af3d-44d7-86ed-87a6c414b708 req-85a233a8-af3d-44d7-86ed-87a6c414b708 ] Request (ServerPasswordTestJSON:setUpClass): 200 GET http://10.180.1.21/compute/v2.1/servers/aa0833ae-99c7-426d-a972-8183667a48f8 0.044s
2024-10-09 19:54:25.358 61978 INFO tempest.lib.common.rest_client [req-8e6b614a-4475-4e96-9744-a3d7df098304 req-8e6b614a-4475-4e96-9744-a3d7df098304 ] Request (HypervisorAdminNegativeTestJSON:tearDownClass): 204 DELETE http://10.180.1.21/identity/v3/projects/823b89383ecb437ea5386537625330b5 0.074s
2024-10-09 19:54:25.374 62018 INFO tempest.lib.common.rest_client [req-fc5c1ed7-60fd-41e8-8127-4d40a060d0eb req-fc5c1ed7-60fd-41e8-8127-4d40a060d0eb ] Request (TenantUsagesTestJSON:setUpClass): 200 GET http://10.180.1.21/compute/v2.1/servers/6540f636-fdfd-48aa-a7b8-0bbc231741fe 0.046s
2024-10-09 19:54:25.414 61978 INFO tempest.lib.common.rest_client [req-8a03d302-3d92-42be-bc5e-6993def0d1cd req-8a03d302-3d92-42be-bc5e-6993def0d1cd ] Request (ListImageFiltersNegativeTestJSON:setUpClass): 201 POST http://10.180.1.21/identity/v3/auth/tokens 0.054s
2024-10-09 19:54:25.417 61998 INFO tempest.lib.common.rest_client [req-e6af8cf4-e4f2-4b6e-bdb1-f5000c3ae965 req-e6af8cf4-e4f2-4b6e-bdb1-f5000c3ae965 ] Request (AttachInterfacesTestJSON:test_create_list_show_delete_interfaces_by_network_port): 200 GET http://10.180.1.21/compute/v2.1/servers/12a543c2-1081-49d7-800b-07f0a2516904 0.052s
2024-10-09 19:54:25.431 61994 INFO tempest.lib.common.rest_client [req-7d8e69e3-cf3d-4fe0-8cc0-4e9f0f939f70 req-7d8e69e3-cf3d-4fe0-8cc0-4e9f0f939f70 ] Request (ServerDiskConfigTestJSON:test_rebuild_server_with_manual_disk_config): 200 GET http://10.180.1.21/compute/v2.1/servers/efbde802-8cb0-4563-a776-3722a3889afe 0.046s
2024-10-09 19:54:25.441 61978 INFO tempest.lib.common.rest_client [req-2af5ae65-2cfd-46bf-900c-5b7afd48f54d req-2af5ae65-2cfd-46bf-900c-5b7afd48f54d ] Request (ListImageFiltersNegativeTestJSON:setUpClass): 201 POST http://10.180.1.21/identity/v3/auth/tokens 0.025s
2024-10-09 19:54:25.460 61978 INFO tempest.lib.common.rest_client [req-292e754c-a3a8-4dda-b1c4-b360409ba14a req-292e754c-a3a8-4dda-b1c4-b360409ba14a ] Request (ListImageFiltersNegativeTestJSON:setUpClass): 200 GET http://10.180.1.21/identity/v3/domains?name=Default 0.019s
2024-10-09 19:54:25.482 62002 INFO tempest.lib.common.rest_client [req-ce61dd19-ca4e-426e-bc50-c030bac9f17b req-ce61dd19-ca4e-426e-bc50-c030bac9f17b ] Request (ServerShowV247Test:test_update_rebuild_list_server): 200 GET http://10.180.1.21/compute/v2.1/servers/1eb76ef5-377c-4447-92da-4c61345c0070 0.050s
2024-10-09 19:54:25.488 61978 INFO tempest.lib.common.rest_client [req-9c6feb07-cc83-4dd9-b748-78a6950637c9 req-9c6feb07-cc83-4dd9-b748-78a6950637c9 ] Request (ListImageFiltersNegativeTestJSON:setUpClass): 201 POST http://10.180.1.21/identity/v3/projects 0.027s
2024-10-09 19:54:25.502 61968 INFO tempest.lib.common.rest_client [req-9f5cc7e6-74bc-4f8a-ae32-020cab0d0e5a req-9f5cc7e6-74bc-4f8a-ae32-020cab0d0e5a ] Request (ServerTagsTestJSON:setUpClass): 200 GET http://10.180.1.21/compute/v2.1/servers/7ef50ee4-64e6-49c2-bb41-0bdce316f8d3 0.050s
2024-10-09 19:54:25.523 62024 INFO tempest.lib.common.rest_client [req-82eb2d76-8603-406e-97f0-1ee1797a1b48 req-82eb2d76-8603-406e-97f0-1ee1797a1b48 ] Request (InstanceActionsTestJSON:setUpClass): 200 GET http://10.180.1.21/compute/v2.1/servers/91d56a8c-0664-4b3c-bf28-e2c668ac65fa 0.048s
2024-10-09 19:54:25.538 61978 INFO tempest.lib.common.rest_client [req-6dc5ca1e-6b6f-4458-848c-4defa1d4a8c8 req-6dc5ca1e-6b6f-4458-848c-4defa1d4a8c8 ] Request (ListImageFiltersNegativeTestJSON:setUpClass): 201 POST http://10.180.1.21/identity/v3/users 0.050s
2024-10-09 19:54:25.551 61986 INFO tempest.lib.common.rest_client [req-5eab2639-7ec7-4b5a-9f44-45b67feff533 req-5eab2639-7ec7-4b5a-9f44-45b67feff533 ] Request (ServerShowV254Test:test_rebuild_server): 200 GET http://10.180.1.21/compute/v2.1/servers/63704075-5eaf-4f84-a90b-3a0a3e904a9d 0.052s
2024-10-09 19:54:25.554 61978 INFO tempest.lib.common.rest_client [req-c72b2544-1732-4ef0-8781-15df30a6cb15 req-c72b2544-1732-4ef0-8781-15df30a6cb15 ] Request (ListImageFiltersNegativeTestJSON:setUpClass): 200 GET http://10.180.1.21/identity/v3/roles 0.015s
2024-10-09 19:54:25.569 61984 INFO tempest.lib.common.rest_client [req-63df6b99-a5c3-42b8-bbe6-f22535002763 req-63df6b99-a5c3-42b8-bbe6-f22535002763 ] Request (ServersNegativeTestJSON:setUpClass): 200 GET http://10.180.1.21/compute/v2.1/servers/07d8d6b6-3cc5-48da-9d4d-563a5fe27442 0.049s
2024-10-09 19:54:25.587 61978 INFO tempest.lib.common.rest_client [req-ca0d8f86-1865-4d06-87c8-659250f02eca req-ca0d8f86-1865-4d06-87c8-659250f02eca ] Request (ListImageFiltersNegativeTestJSON:setUpClass): 204 PUT http://10.180.1.21/identity/v3/projects/974df91ea9454948b79e00f703ee69a8/users/3cb8c9c11fb54318a125a1e3d289e8f3/roles/5f80f22af14544cb85b78ec9c1f69e85 0.032s
2024-10-09 19:54:25.587 61978 INFO tempest.lib.common.dynamic_creds [-] Dynamic test user 3cb8c9c11fb54318a125a1e3d289e8f3 is created with scope project and roles: ['member']
2024-10-09 19:54:25.587 61978 INFO tempest.lib.common.dynamic_creds [-] Acquired dynamic creds: credentials: Credentials: {'domain_id': 'default', 'domain_name': 'Default', 'username': 'tempest-ListImageFiltersNegativeTestJSON-1173950857-project-member', 'project_domain_id': 'default', 'project_domain_name': 'Default', 'project_id': '974df91ea9454948b79e00f703ee69a8', 'project_name': 'tempest-ListImageFiltersNegativeTestJSON-1173950857', 'tenant_id': '974df91ea9454948b79e00f703ee69a8', 'tenant_name': 'tempest-ListImageFiltersNegativeTestJSON-1173950857', 'user_domain_id': 'default', 'user_domain_name': 'Default', 'user_id': '3cb8c9c11fb54318a125a1e3d289e8f3', 'system': None}, Network: None, Subnet: None, Router: None
2024-10-09 19:54:25.587 61978 INFO tempest.lib.common.dynamic_creds [-] Created isolated network resources for: credentials: Credentials: {'domain_id': 'default', 'domain_name': 'Default', 'username': 'tempest-ListImageFiltersNegativeTestJSON-1173950857-project-member', 'project_domain_id': 'default', 'project_domain_name': 'Default', 'project_id': '974df91ea9454948b79e00f703ee69a8', 'project_name': 'tempest-ListImageFiltersNegativeTestJSON-1173950857', 'tenant_id': '974df91ea9454948b79e00f703ee69a8', 'tenant_name': 'tempest-ListImageFiltersNegativeTestJSON-1173950857', 'user_domain_id': 'default', 'user_domain_name': 'Default', 'user_id': '3cb8c9c11fb54318a125a1e3d289e8f3', 'system': None}, Network: None, Subnet: None, Router: None
2024-10-09 19:54:25.600 61980 INFO tempest.lib.common.rest_client [req-ea0db67e-7354-4f04-a708-be055c650a1d req-ea0db67e-7354-4f04-a708-be055c650a1d ] Request (ListImageFiltersTestJSON:setUpClass): 200 GET http://10.180.1.21/compute/v2.1/servers/aadc35e7-7aea-4f86-be3a-9b5322f350a5 0.049s
2024-10-09 19:54:25.648 61978 INFO tempest.lib.common.rest_client [req-5b0fa863-58ba-4f6c-a216-001c08b68478 req-5b0fa863-58ba-4f6c-a216-001c08b68478 ] Request (ListImageFiltersNegativeTestJSON:setUpClass): 201 POST http://10.180.1.21/identity/v3/auth/tokens 0.058s
2024-10-09 19:54:25.653 61962 INFO tempest.lib.common.rest_client [req-f440be40-51d6-459a-bd35-212a194181c0 req-f440be40-51d6-459a-bd35-212a194181c0 ] Request (ServerActionsTestOtherB:setUpClass): 200 GET http://10.180.1.21/compute/v2.1/servers/f6b07607-632d-46d9-a72f-5a524fd20a3b 0.044s
2024-10-09 19:54:25.711 61976 INFO tempest.lib.common.rest_client [req-3906bf60-b234-4a06-986c-323db6e8a8e5 req-3906bf60-b234-4a06-986c-323db6e8a8e5 ] Request (MigrationsAdminTest:test_resize_server_revert_deleted_flavor): 200 GET http://10.180.1.21/compute/v2.1/servers/83afb27a-7984-4982-9880-f5b0c6553787 0.044s
2024-10-09 19:54:25.726 61978 INFO tempest.lib.common.rest_client [req-72304040-2159-4276-b5ea-dae8a5bc036a req-72304040-2159-4276-b5ea-dae8a5bc036a ] Request (ListImageFiltersNegativeTestJSON:test_get_nonexistent_image): 404 GET http://10.180.1.21/compute/v2.1/images/9dc65b81-5806-4e57-8e14-728242f3bcfa 0.076s
2024-10-09 19:54:25.765 62012 INFO tempest.lib.common.rest_client [req-321e01ee-aca1-4357-8a79-8ccd16e1aed3 req-321e01ee-aca1-4357-8a79-8ccd16e1aed3 ] Request (ImagesTestJSON:test_create_image_from_suspended_server): 200 GET http://10.180.1.21/compute/v2.1/servers/663fa2fb-1ced-4052-9eba-8a5d0cbe96b5 0.096s
2024-10-09 19:54:25.772 62004 INFO tempest.lib.common.rest_client [req-ce74efa0-0279-4676-8679-bf560c8457d9 req-ce74efa0-0279-4676-8679-bf560c8457d9 ] Request (VolumesAdminNegativeTest:test_update_attached_volume_with_nonexistent_volume_in_uri): 200 GET http://10.180.1.21/compute/v2.1/servers/5da49801-148d-4b26-a0a2-816b1d5f7994 0.052s
2024-10-09 19:54:25.811 62000 INFO tempest.lib.common.rest_client [req-6ff9d73b-8495-45b6-a282-7aed5121fac1 req-6ff9d73b-8495-45b6-a282-7aed5121fac1 ] Request (ServerDiagnosticsNegativeTest:test_get_server_diagnostics_by_non_admin): 200 GET http://10.180.1.21/compute/v2.1/servers/a83f5b0f-508c-4829-a4a6-641baa7b4c95 0.066s
2024-10-09 19:54:25.825 61978 INFO tempest.lib.common.rest_client [req-df63b75d-cf76-491e-bf5c-3ed9a7fa39a9 req-df63b75d-cf76-491e-bf5c-3ed9a7fa39a9 ] Request (ListImageFiltersNegativeTestJSON:tearDownClass): 204 DELETE http://10.180.1.21/identity/v3/users/3cb8c9c11fb54318a125a1e3d289e8f3 0.097s
2024-10-09 19:54:25.825 61978 INFO tempest.lib.common.dynamic_creds [-] Deleting project and security group for project: 974df91ea9454948b79e00f703ee69a8
2024-10-09 19:54:25.875 61978 INFO tempest.lib.common.rest_client [req-92f9417b-597a-4a74-928d-ca86dba55f3a req-92f9417b-597a-4a74-928d-ca86dba55f3a ] Request (ListImageFiltersNegativeTestJSON:tearDownClass): 201 POST http://10.180.1.21/identity/v3/auth/tokens 0.049s
2024-10-09 19:54:25.899 61992 INFO tempest.lib.common.rest_client [req-272eabd7-dbe3-4d57-aac5-e72081cc5e73 req-272eabd7-dbe3-4d57-aac5-e72081cc5e73 ] Request (ServerActionsTestJSON:setUpClass): 200 GET http://10.180.1.21/compute/v2.1/servers/c299abc5-7913-4eea-ac0a-02e713c6009c 0.050s
2024-10-09 19:54:25.972 62010 INFO tempest.lib.common.rest_client [req-91a9cecc-cbd0-4bd4-8017-048623efe48b req-91a9cecc-cbd0-4bd4-8017-048623efe48b ] Request (ServersTestJSON:setUpClass): 200 GET http://10.180.1.21/compute/v2.1/servers/8ba075db-5095-4c38-afbc-85e9d35d6194 0.056s
2024-10-09 19:54:26.035 61991 INFO tempest.lib.common.rest_client [req-1eac0667-c05c-4064-af0c-3f83aa52d29e req-1eac0667-c05c-4064-af0c-3f83aa52d29e ] Request (SecurityGroupsTestJSON:test_server_security_groups): 200 GET http://10.180.1.21/compute/v2.1/servers/7a5f1b3f-847d-4f5c-8ac4-59f7c5e0a7ed 0.059s
2024-10-09 19:54:26.036 61974 INFO tempest.lib.common.rest_client [req-de7528fa-92fe-47e0-ab56-2aa572d7c9cb req-de7528fa-92fe-47e0-ab56-2aa572d7c9cb ] Request (ListServerFiltersTestJSON:setUpClass): 200 GET http://10.180.1.21/compute/v2.1/servers/496c3799-7350-4258-a456-58bd3ba9b4d0 0.048s
2024-10-09 19:54:26.053 61978 INFO tempest.lib.common.rest_client [req-f0a8e277-50e8-4359-bc3a-55df4fc87d22 req-f0a8e277-50e8-4359-bc3a-55df4fc87d22 ] Request (ListImageFiltersNegativeTestJSON:tearDownClass): 200 GET http://10.180.1.21:9696/networking/v2.0/security-groups?tenant_id=974df91ea9454948b79e00f703ee69a8&name=default 0.178s
2024-10-09 19:54:26.099 61970 INFO tempest.lib.common.rest_client [req-b270eae1-ab7b-47dd-8a88-9ac4ad278080 req-b270eae1-ab7b-47dd-8a88-9ac4ad278080 ] Request (ImagesOneServerTestJSON:setUpClass): 200 GET http://10.180.1.21/compute/v2.1/servers/21099fc3-dd66-4871-a87c-e0d2c56a7818 0.058s
2024-10-09 19:54:26.110 62006 INFO tempest.lib.common.rest_client [req-8cf55d82-d434-4da7-b7a1-712e186e85a5 req-8cf55d82-d434-4da7-b7a1-712e186e85a5 ] Request (ServerMetadataTestJSON:setUpClass): 200 GET http://10.180.1.21/compute/v2.1/servers/3401be45-c3ab-4780-81a7-a93b05742414 0.053s
2024-10-09 19:54:26.177 61988 INFO tempest.lib.common.rest_client [req-bf650f3f-2a7a-4149-9680-5a845bc19a9c req-bf650f3f-2a7a-4149-9680-5a845bc19a9c ] Request (ServersTestManualDisk:setUpClass): 200 GET http://10.180.1.21/compute/v2.1/servers/e6922bb7-c2df-468a-aa5b-d03e274b8ecc 0.065s
2024-10-09 19:54:26.182 61988 INFO tempest.common.waiters [-] State transition "BUILD/None" ==> "BUILD/networking" after 83 second wait
2024-10-09 19:54:26.190 61978 INFO tempest.lib.common.rest_client [req-e25398a7-3596-48c6-8170-642c05934f84 req-e25398a7-3596-48c6-8170-642c05934f84 ] Request (ListImageFiltersNegativeTestJSON:tearDownClass): 204 DELETE http://10.180.1.21:9696/networking/v2.0/security-groups/f52a463a-4715-4ee6-9bd4-642611a1f6d7 0.137s
2024-10-09 19:54:26.222 61996 INFO tempest.lib.common.rest_client [req-ca494c1e-d366-4778-ae05-0aa8523b4d64 req-ca494c1e-d366-4778-ae05-0aa8523b4d64 ] Request (ImagesOneServerNegativeTestJSON:setUpClass): 200 GET http://10.180.1.21/compute/v2.1/servers/0df161e9-4a66-432e-9366-60f231c53e3d 0.060s
2024-10-09 19:54:26.267 61966 INFO tempest.lib.common.rest_client [req-ba543f93-2b1a-4fd4-b320-7414df9f25c3 req-ba543f93-2b1a-4fd4-b320-7414df9f25c3 ] Request (ServersTestMultiNic:test_verify_duplicate_network_nics): 200 GET http://10.180.1.21/compute/v2.1/servers/6035033d-9e22-49bd-a42c-3faeeb7c5d21 0.059s
2024-10-09 19:54:26.272 61978 INFO tempest.lib.common.rest_client [req-a51441be-efe6-46a2-8a00-1a833d3d1983 req-a51441be-efe6-46a2-8a00-1a833d3d1983 ] Request (ListImageFiltersNegativeTestJSON:tearDownClass): 204 DELETE http://10.180.1.21/identity/v3/projects/974df91ea9454948b79e00f703ee69a8 0.081s
2024-10-09 19:54:26.324 62020 INFO tempest.lib.common.rest_client [req-fdc040ec-9587-4c17-81aa-8337b0b74896 req-fdc040ec-9587-4c17-81aa-8337b0b74896 ] Request (AttachInterfacesV270Test:test_create_get_list_interfaces): 200 GET http://10.180.1.21/compute/v2.1/servers/4c112f97-ddf5-4481-bbf9-3c7861aa3cb5 0.057s
2024-10-09 19:54:26.347 61978 INFO tempest.lib.common.rest_client [req-9c9a5203-286b-4dea-a155-58101a15c689 req-9c9a5203-286b-4dea-a155-58101a15c689 ] Request (MultipleCreateTestJSON:setUpClass): 201 POST http://10.180.1.21/identity/v3/auth/tokens 0.073s
2024-10-09 19:54:26.373 61982 INFO tempest.lib.common.rest_client [req-ab335d89-706a-4f4d-bafd-5226150b35a5 req-ab335d89-706a-4f4d-bafd-5226150b35a5 ] Request (AttachInterfacesUnderV243Test:test_add_remove_fixed_ip): 200 GET http://10.180.1.21/compute/v2.1/servers/f0be276a-ddad-4ae0-a232-d0fb8463a3bc 0.063s
2024-10-09 19:54:26.380 61982 INFO tempest.common.waiters [-] State transition "BUILD/spawning" ==> "ERROR/None" after 90 second wait
2024-10-09 19:54:26.381 61978 INFO tempest.lib.common.rest_client [req-0ffd3fa7-2e50-4a57-9b3b-c12338f7f933 req-0ffd3fa7-2e50-4a57-9b3b-c12338f7f933 ] Request (MultipleCreateTestJSON:setUpClass): 201 POST http://10.180.1.21/identity/v3/auth/tokens 0.031s
2024-10-09 19:54:26.404 61978 INFO tempest.lib.common.rest_client [req-7e8ef928-6b32-4791-9399-e92bb67fa60f req-7e8ef928-6b32-4791-9399-e92bb67fa60f ] Request (MultipleCreateTestJSON:setUpClass): 200 GET http://10.180.1.21/identity/v3/domains?name=Default 0.023s
2024-10-09 19:54:26.412 62014 INFO tempest.lib.common.rest_client [req-5161df24-1c86-49ed-92d0-9b12baa6cb45 req-5161df24-1c86-49ed-92d0-9b12baa6cb45 ] Request (ServerPasswordTestJSON:setUpClass): 200 GET http://10.180.1.21/compute/v2.1/servers/aa0833ae-99c7-426d-a972-8183667a48f8 0.057s
2024-10-09 19:54:26.435 61978 INFO tempest.lib.common.rest_client [req-8f3eca85-76b2-47c8-a2a4-a3f482902e7e req-8f3eca85-76b2-47c8-a2a4-a3f482902e7e ] Request (MultipleCreateTestJSON:setUpClass): 201 POST http://10.180.1.21/identity/v3/projects 0.030s
2024-10-09 19:54:26.463 62018 INFO tempest.lib.common.rest_client [req-fbf1ba85-e44a-43e8-8aa2-be7d58def558 req-fbf1ba85-e44a-43e8-8aa2-be7d58def558 ] Request (TenantUsagesTestJSON:setUpClass): 200 GET http://10.180.1.21/compute/v2.1/servers/6540f636-fdfd-48aa-a7b8-0bbc231741fe 0.081s
2024-10-09 19:54:26.494 61978 INFO tempest.lib.common.rest_client [req-df4c4346-5d62-4817-bfdd-12664a6c7650 req-df4c4346-5d62-4817-bfdd-12664a6c7650 ] Request (MultipleCreateTestJSON:setUpClass): 201 POST http://10.180.1.21/identity/v3/users 0.058s
2024-10-09 19:54:26.511 61978 INFO tempest.lib.common.rest_client [req-58e6281a-297f-4f80-aef2-727d5d535edc req-58e6281a-297f-4f80-aef2-727d5d535edc ] Request (MultipleCreateTestJSON:setUpClass): 200 GET http://10.180.1.21/identity/v3/roles 0.016s
2024-10-09 19:54:26.512 61998 INFO tempest.lib.common.rest_client [req-c8554c4b-18bf-4727-87b4-c87b5082df66 req-c8554c4b-18bf-4727-87b4-c87b5082df66 ] Request (AttachInterfacesTestJSON:test_create_list_show_delete_interfaces_by_network_port): 200 GET http://10.180.1.21/compute/v2.1/servers/12a543c2-1081-49d7-800b-07f0a2516904 0.087s
2024-10-09 19:54:26.540 61978 INFO tempest.lib.common.rest_client [req-2dbf68cf-23ce-4953-8203-e2bae235f8d6 req-2dbf68cf-23ce-4953-8203-e2bae235f8d6 ] Request (MultipleCreateTestJSON:setUpClass): 204 PUT http://10.180.1.21/identity/v3/projects/54b7f349107b4f56960cae84edbea9e0/users/1600e5a4cc4e44cb8f6d384d6fa1028a/roles/5f80f22af14544cb85b78ec9c1f69e85 0.029s
2024-10-09 19:54:26.541 61978 INFO tempest.lib.common.dynamic_creds [-] Dynamic test user 1600e5a4cc4e44cb8f6d384d6fa1028a is created with scope project and roles: ['member']
2024-10-09 19:54:26.541 61978 INFO tempest.lib.common.dynamic_creds [-] Acquired dynamic creds: credentials: Credentials: {'domain_id': 'default', 'domain_name': 'Default', 'username': 'tempest-MultipleCreateTestJSON-1611722169-project-member', 'project_domain_id': 'default', 'project_domain_name': 'Default', 'project_id': '54b7f349107b4f56960cae84edbea9e0', 'project_name': 'tempest-MultipleCreateTestJSON-1611722169', 'tenant_id': '54b7f349107b4f56960cae84edbea9e0', 'tenant_name': 'tempest-MultipleCreateTestJSON-1611722169', 'user_domain_id': 'default', 'user_domain_name': 'Default', 'user_id': '1600e5a4cc4e44cb8f6d384d6fa1028a', 'system': None}, Network: None, Subnet: None, Router: None
2024-10-09 19:54:26.547 61982 INFO tempest.lib.common.rest_client [req-dfb79c69-b6dd-4f07-94ef-e8cc02bac2b6 req-dfb79c69-b6dd-4f07-94ef-e8cc02bac2b6 ] Request (AttachInterfacesUnderV243Test:test_add_remove_fixed_ip): 204 DELETE http://10.180.1.21/compute/v2.1/servers/f0be276a-ddad-4ae0-a232-d0fb8463a3bc 0.167s
2024-10-09 19:54:26.564 61994 INFO tempest.lib.common.rest_client [req-1486a9ee-c8d7-4cc1-8db6-4767b410e9e3 req-1486a9ee-c8d7-4cc1-8db6-4767b410e9e3 ] Request (ServerDiskConfigTestJSON:test_rebuild_server_with_manual_disk_config): 200 GET http://10.180.1.21/compute/v2.1/servers/efbde802-8cb0-4563-a776-3722a3889afe 0.126s
2024-10-09 19:54:26.599 62002 INFO tempest.lib.common.rest_client [req-8b7cf4fc-6e16-41eb-8db6-607a272ab20c req-8b7cf4fc-6e16-41eb-8db6-607a272ab20c ] Request (ServerShowV247Test:test_update_rebuild_list_server): 200 GET http://10.180.1.21/compute/v2.1/servers/1eb76ef5-377c-4447-92da-4c61345c0070 0.109s
2024-10-09 19:54:26.605 61978 INFO tempest.lib.common.rest_client [req-c005d052-a5a3-4794-b77e-042a580f6aca req-c005d052-a5a3-4794-b77e-042a580f6aca ] Request (MultipleCreateTestJSON:setUpClass): 201 POST http://10.180.1.21/identity/v3/auth/tokens 0.063s
2024-10-09 19:54:26.619 61968 INFO tempest.lib.common.rest_client [req-32878c7b-be37-4e14-a9ad-b932d7eaadb6 req-32878c7b-be37-4e14-a9ad-b932d7eaadb6 ] Request (ServerTagsTestJSON:setUpClass): 200 GET http://10.180.1.21/compute/v2.1/servers/7ef50ee4-64e6-49c2-bb41-0bdce316f8d3 0.109s
2024-10-09 19:54:26.639 61982 INFO tempest.lib.common.rest_client [req-4d530a2e-bc0b-4489-a911-e74152436abd req-4d530a2e-bc0b-4489-a911-e74152436abd ] Request (AttachInterfacesUnderV243Test:test_add_remove_fixed_ip): 404 GET http://10.180.1.21/compute/v2.1/servers/f0be276a-ddad-4ae0-a232-d0fb8463a3bc 0.092s
2024-10-09 19:54:26.643 62024 INFO tempest.lib.common.rest_client [req-6174a2de-5807-4ea3-9d50-e083b412f262 req-6174a2de-5807-4ea3-9d50-e083b412f262 ] Request (InstanceActionsTestJSON:setUpClass): 200 GET http://10.180.1.21/compute/v2.1/servers/91d56a8c-0664-4b3c-bf28-e2c668ac65fa 0.112s
2024-10-09 19:54:26.690 61984 INFO tempest.lib.common.rest_client [req-27b23122-0952-4faa-bc77-6ebf9d80cb6f req-27b23122-0952-4faa-bc77-6ebf9d80cb6f ] Request (ServersNegativeTestJSON:setUpClass): 200 GET http://10.180.1.21/compute/v2.1/servers/07d8d6b6-3cc5-48da-9d4d-563a5fe27442 0.113s
2024-10-09 19:54:26.698 61986 INFO tempest.lib.common.rest_client [req-dde5126b-6421-4c2e-874c-b32e4cbd1c6b req-dde5126b-6421-4c2e-874c-b32e4cbd1c6b ] Request (ServerShowV254Test:test_rebuild_server): 200 GET http://10.180.1.21/compute/v2.1/servers/63704075-5eaf-4f84-a90b-3a0a3e904a9d 0.135s
2024-10-09 19:54:26.713 61982 INFO tempest.lib.common.rest_client [req-28925692-336b-4db6-8507-9a05e6f40d9b req-28925692-336b-4db6-8507-9a05e6f40d9b ] Request (AttachInterfacesUnderV243Test:_run_cleanups): 202 DELETE http://10.180.1.21/compute/v2.1/os-keypairs/tempest-keypair-230241475 0.072s
2024-10-09 19:54:26.753 61980 INFO tempest.lib.common.rest_client [req-6f7d52ed-b370-46cb-9783-6642f65e0927 req-6f7d52ed-b370-46cb-9783-6642f65e0927 ] Request (ListImageFiltersTestJSON:setUpClass): 200 GET http://10.180.1.21/compute/v2.1/servers/aadc35e7-7aea-4f86-be3a-9b5322f350a5 0.147s
2024-10-09 19:54:26.767 61962 INFO tempest.lib.common.rest_client [req-c3792928-ea00-43a2-8863-33b3ed0069cf req-c3792928-ea00-43a2-8863-33b3ed0069cf ] Request (ServerActionsTestOtherB:setUpClass): 200 GET http://10.180.1.21/compute/v2.1/servers/f6b07607-632d-46d9-a72f-5a524fd20a3b 0.107s
2024-10-09 19:54:26.823 61976 INFO tempest.lib.common.rest_client [req-c7799187-52e3-4b13-a880-1b72c1cf135a req-c7799187-52e3-4b13-a880-1b72c1cf135a ] Request (MigrationsAdminTest:test_resize_server_revert_deleted_flavor): 200 GET http://10.180.1.21/compute/v2.1/servers/83afb27a-7984-4982-9880-f5b0c6553787 0.105s
2024-10-09 19:54:26.832 62012 INFO tempest.lib.common.rest_client [req-7a600bd0-6841-4ce0-b88e-dc9b26922bcd req-7a600bd0-6841-4ce0-b88e-dc9b26922bcd ] Request (ImagesTestJSON:test_create_image_from_suspended_server): 200 GET http://10.180.1.21/compute/v2.1/servers/663fa2fb-1ced-4052-9eba-8a5d0cbe96b5 0.061s
2024-10-09 19:54:26.879 62004 INFO tempest.lib.common.rest_client [req-ab9ae1cb-27f0-4cb3-ade2-c1390a55e2f9 req-ab9ae1cb-27f0-4cb3-ade2-c1390a55e2f9 ] Request (VolumesAdminNegativeTest:test_update_attached_volume_with_nonexistent_volume_in_uri): 200 GET http://10.180.1.21/compute/v2.1/servers/5da49801-148d-4b26-a0a2-816b1d5f7994 0.101s
2024-10-09 19:54:26.880 62000 INFO tempest.lib.common.rest_client [req-bbe90727-4653-4e44-94a8-3f4b84087a8e req-bbe90727-4653-4e44-94a8-3f4b84087a8e ] Request (ServerDiagnosticsNegativeTest:test_get_server_diagnostics_by_non_admin): 200 GET http://10.180.1.21/compute/v2.1/servers/a83f5b0f-508c-4829-a4a6-641baa7b4c95 0.061s
2024-10-09 19:54:26.909 61982 INFO tempest.lib.common.rest_client [req-7f8914c6-6d15-4b9d-8479-7d9cb29de493 req-7f8914c6-6d15-4b9d-8479-7d9cb29de493 ] Request (AttachInterfacesUnderV243Test:_run_cleanups): 204 DELETE http://10.180.1.21:9696/networking/v2.0/security-groups/192149d7-24ad-465f-a131-1bb7ed5f12de 0.195s
2024-10-09 19:54:26.922 61982 INFO tempest.lib.common.rest_client [req-60779e98-d416-4a7d-9ab6-c0cff770656d req-60779e98-d416-4a7d-9ab6-c0cff770656d ] Request (AttachInterfacesUnderV243Test:_run_cleanups): 404 GET http://10.180.1.21:9696/networking/v2.0/security-groups/192149d7-24ad-465f-a131-1bb7ed5f12de 0.012s
2024-10-09 19:54:26.969 61992 INFO tempest.lib.common.rest_client [req-3ffd7822-4a36-4c32-866f-3a73ec9a70cd req-3ffd7822-4a36-4c32-866f-3a73ec9a70cd ] Request (ServerActionsTestJSON:setUpClass): 200 GET http://10.180.1.21/compute/v2.1/servers/c299abc5-7913-4eea-ac0a-02e713c6009c 0.063s
2024-10-09 19:54:26.986 61978 INFO tempest.lib.common.rest_client [req-53f15f59-26f6-41a9-aede-d54240292e4b req-53f15f59-26f6-41a9-aede-d54240292e4b ] Request (MultipleCreateTestJSON:setUpClass): 201 POST http://10.180.1.21:9696/networking/v2.0/networks 0.381s
2024-10-09 19:54:27.037 62010 INFO tempest.lib.common.rest_client [req-4926071f-f0b8-44a9-9c85-d36d77ab00c4 req-4926071f-f0b8-44a9-9c85-d36d77ab00c4 ] Request (ServersTestJSON:setUpClass): 200 GET http://10.180.1.21/compute/v2.1/servers/8ba075db-5095-4c38-afbc-85e9d35d6194 0.056s
