2024-10-09 19:52:28.488 62016 INFO tempest.lib.common.rest_client [req-e9638860-b5bb-4fc1-b34b-3a700347ae1e req-e9638860-b5bb-4fc1-b34b-3a700347ae1e ] Request (HostsAdminNegativeTestJSON:test_shutdown_host_with_non_admin_user): 403 GET http://10.180.1.21/compute/v2.1/os-hosts/devstack/shutdown 1.625s
2024-10-09 19:52:28.514 61962 INFO tempest.lib.common.rest_client [req-c6832922-9285-4032-943f-6040f6cfd1f5 req-c6832922-9285-4032-943f-6040f6cfd1f5 ] Request (ServerExternalEventsTest:setUpClass): 204 PUT http://10.180.1.21/identity/v3/projects/fb27bbcedcc84971a54fd7e2a0177604/users/483cadaacd0e40218c2e50848dfa2feb/roles/299f90a1d6af46ecb49969c22f754d88 0.031s
2024-10-09 19:52:28.520 62012 INFO tempest.lib.common.rest_client [req-a383b6d4-003d-4820-9567-0f047fbbdac1 req-a383b6d4-003d-4820-9567-0f047fbbdac1 ] Request (HypervisorAdminNegativeUnderV252Test:tearDownClass): 200 GET http://10.180.1.21:9696/networking/v2.0/security-groups?tenant_id=7de7a4986164476ea8c25a877464f8ee&name=default 0.213s
2024-10-09 19:52:28.533 62009 INFO tempest.lib.common.rest_client [req-77a38296-a1e7-48a8-8ade-c1392c3d2a78 req-77a38296-a1e7-48a8-8ade-c1392c3d2a78 ] Request (KeyPairsNegativeTestJSON:test_create_keypair_with_duplicate_name): 200 POST http://10.180.1.21/compute/v2.1/os-keypairs 1.632s
2024-10-09 19:52:28.552 62020 INFO tempest.lib.common.rest_client [req-8ffc6929-fa3d-4c59-b500-61a80ce51c98 req-8ffc6929-fa3d-4c59-b500-61a80ce51c98 ] Request (FlavorsV261TestJSON:_run_cleanups): 200 GET http://10.180.1.21/compute/v2.1/flavors/detail 1.630s
2024-10-09 19:52:28.575 61962 INFO tempest.lib.common.rest_client [req-342c6d08-2e38-498a-b1d6-62e98ecce5ee req-342c6d08-2e38-498a-b1d6-62e98ecce5ee ] Request (ServerExternalEventsTest:setUpClass): 200 GET http://10.180.1.21/identity/v3/roles 0.061s
2024-10-09 19:52:28.595 61962 INFO tempest.lib.common.rest_client [req-1074b979-a8ba-49da-b882-a9375ebee8b7 req-1074b979-a8ba-49da-b882-a9375ebee8b7 ] Request (ServerExternalEventsTest:setUpClass): 204 PUT http://10.180.1.21/identity/v3/projects/fb27bbcedcc84971a54fd7e2a0177604/users/483cadaacd0e40218c2e50848dfa2feb/roles/299f90a1d6af46ecb49969c22f754d88 0.018s
2024-10-09 19:52:28.596 61962 INFO tempest.lib.common.dynamic_creds [-] Dynamic test user 483cadaacd0e40218c2e50848dfa2feb is created with scope project and roles: ['admin']
2024-10-09 19:52:28.596 61962 INFO tempest.lib.common.dynamic_creds [-] Acquired dynamic creds: credentials: Credentials: {'domain_id': 'default', 'domain_name': 'Default', 'username': 'tempest-ServerExternalEventsTest-1950680118-project-admin', 'project_domain_id': 'default', 'project_domain_name': 'Default', 'project_id': 'fb27bbcedcc84971a54fd7e2a0177604', 'project_name': 'tempest-ServerExternalEventsTest-1950680118', 'tenant_id': 'fb27bbcedcc84971a54fd7e2a0177604', 'tenant_name': 'tempest-ServerExternalEventsTest-1950680118', 'user_domain_id': 'default', 'user_domain_name': 'Default', 'user_id': '483cadaacd0e40218c2e50848dfa2feb', 'system': None}, Network: None, Subnet: None, Router: None
2024-10-09 19:52:28.596 61962 INFO tempest.lib.common.dynamic_creds [-] Created isolated network resources for: credentials: Credentials: {'domain_id': 'default', 'domain_name': 'Default', 'username': 'tempest-ServerExternalEventsTest-1950680118-project-admin', 'project_domain_id': 'default', 'project_domain_name': 'Default', 'project_id': 'fb27bbcedcc84971a54fd7e2a0177604', 'project_name': 'tempest-ServerExternalEventsTest-1950680118', 'tenant_id': 'fb27bbcedcc84971a54fd7e2a0177604', 'tenant_name': 'tempest-ServerExternalEventsTest-1950680118', 'user_domain_id': 'default', 'user_domain_name': 'Default', 'user_id': '483cadaacd0e40218c2e50848dfa2feb', 'system': None}, Network: None, Subnet: None, Router: None
2024-10-09 19:52:28.689 61962 INFO tempest.lib.common.rest_client [req-c0378c9b-f243-48a0-8764-0f0a1cd134fb req-c0378c9b-f243-48a0-8764-0f0a1cd134fb ] Request (ServerExternalEventsTest:setUpClass): 201 POST http://10.180.1.21/identity/v3/auth/tokens 0.089s
2024-10-09 19:52:28.762 61962 INFO tempest.lib.common.rest_client [req-5f1ed067-04eb-4076-8ca5-659a20b6df84 req-5f1ed067-04eb-4076-8ca5-659a20b6df84 ] Request (ServerExternalEventsTest:setUpClass): 201 POST http://10.180.1.21/identity/v3/projects 0.072s
2024-10-09 19:52:28.822 61996 INFO tempest.lib.common.rest_client [req-0fb1f143-3be8-4792-9a0c-b8c56b7936cd req-0fb1f143-3be8-4792-9a0c-b8c56b7936cd ] Request (ServersAdmin275Test:test_rebuild_update_server_275): 202 POST http://10.180.1.21/compute/v2.1/servers 1.897s
2024-10-09 19:52:28.835 62020 INFO tempest.lib.common.rest_client [req-6845a9b6-5986-42d9-8252-c9807b959d0e req-6845a9b6-5986-42d9-8252-c9807b959d0e ] Request (FlavorsV261TestJSON:tearDownClass): 204 DELETE http://10.180.1.21/identity/v3/users/12aa38684dc9436999ec0ecb529f6d61 0.227s
2024-10-09 19:52:28.865 61968 INFO tempest.lib.common.rest_client [req-853c3acf-dcfa-4b7c-8771-4ae73dd9dbdb req-853c3acf-dcfa-4b7c-8771-4ae73dd9dbdb ] Request (KeyPairsV22TestJSON:test_keypairs_create_list_delete): 201 POST http://10.180.1.21/compute/v2.1/os-keypairs 1.933s
2024-10-09 19:52:28.878 61998 INFO tempest.lib.common.rest_client [req-5186c0e4-fe4d-44ed-8bc0-b7e0348ace6b req-5186c0e4-fe4d-44ed-8bc0-b7e0348ace6b ] Request (AttachInterfacesTestJSON:setUpClass): 200 PUT http://10.180.1.21:9696/networking/v2.0/routers/4ca53202-d5c9-4207-b353-d82f0b56d13c/add_router_interface 1.706s
2024-10-09 19:52:28.878 61998 INFO tempest.lib.common.dynamic_creds [-] Created isolated network resources for: credentials: Credentials: {'domain_id': 'default', 'domain_name': 'Default', 'username': 'tempest-AttachInterfacesTestJSON-1318544374-project-member', 'project_domain_id': 'default', 'project_domain_name': 'Default', 'project_id': '2f3e8b04445948a6a8a737ad89a5c002', 'project_name': 'tempest-AttachInterfacesTestJSON-1318544374', 'tenant_id': '2f3e8b04445948a6a8a737ad89a5c002', 'tenant_name': 'tempest-AttachInterfacesTestJSON-1318544374', 'user_domain_id': 'default', 'user_domain_name': 'Default', 'user_id': 'bc14f7d2d2724726890c1101a784e07f', 'system': None}, Network: {'id': '2fbe88f9-1bca-4347-914d-a62dc6bebde8', 'name': 'tempest-AttachInterfacesTestJSON-1722742721-network', 'tenant_id': '2f3e8b04445948a6a8a737ad89a5c002', 'admin_state_up': True, 'mtu': 8950, 'status': 'ACTIVE', 'subnets': [], 'shared': False, 'project_id': '2f3e8b04445948a6a8a737ad89a5c002', 'port_security_enabled': True, 'router:external': False, 'provider:network_type': 'vlan', 'provider:physical_network': 'default', 'provider:segmentation_id': 18, 'is_default': False, 'availability_zone_hints': [], 'availability_zones': [], 'ipv4_address_scope': None, 'ipv6_address_scope': None, 'description': '', 'tags': [], 'created_at': '2024-10-09T19:52:25Z', 'updated_at': '2024-10-09T19:52:25Z', 'revision_number': 1}, Subnet: {'id': 'b427c5ca-3e35-46a3-b395-f849a773a22c', 'name': 'tempest-AttachInterfacesTestJSON-1722742721-subnet', 'tenant_id': '2f3e8b04445948a6a8a737ad89a5c002', 'network_id': '2fbe88f9-1bca-4347-914d-a62dc6bebde8', 'ip_version': 4, 'subnetpool_id': None, 'enable_dhcp': True, 'ipv6_ra_mode': None, 'ipv6_address_mode': None, 'gateway_ip': '192.168.128.1', 'cidr': '192.168.128.0/28', 'allocation_pools': [{'start': '192.168.128.2', 'end': '192.168.128.14'}], 'host_routes': [], 'dns_nameservers': [], 'description': '', 'router:external': False, 'service_types': [], 'tags': [], 'created_at': '2024-10-09T19:52:25Z', 'updated_at': '2024-10-09T19:52:25Z', 'revision_number': 0, 'project_id': '2f3e8b04445948a6a8a737ad89a5c002'}, Router: {'id': '4ca53202-d5c9-4207-b353-d82f0b56d13c', 'name': 'tempest-AttachInterfacesTestJSON-1722742721-router', 'tenant_id': '2f3e8b04445948a6a8a737ad89a5c002', 'admin_state_up': True, 'status': 'ACTIVE', 'external_gateway_info': {'network_id': 'dbad42ef-741a-4ea0-8457-bed8afee6a90', 'external_fixed_ips': [{'subnet_id': '0f03b97b-8827-4e7c-adf6-66f9088bc924', 'ip_address': '10.180.180.196'}], 'enable_snat': True}, 'description': '', 'availability_zones': [], 'distributed': False, 'ha': False, 'availability_zone_hints': [], 'routes': [], 'flavor_id': None, 'tags': [], 'created_at': '2024-10-09T19:52:26Z', 'updated_at': '2024-10-09T19:52:26Z', 'revision_number': 2, 'project_id': '2f3e8b04445948a6a8a737ad89a5c002'}
2024-10-09 19:52:28.891 61962 INFO tempest.lib.common.rest_client [req-798d3b62-2738-4293-938c-aeb4275f83ae req-798d3b62-2738-4293-938c-aeb4275f83ae ] Request (ServerExternalEventsTest:setUpClass): 201 POST http://10.180.1.21/identity/v3/users 0.128s
2024-10-09 19:52:28.953 62020 INFO tempest.lib.common.rest_client [req-b9601732-505b-44d3-a37d-d271b7747540 req-b9601732-505b-44d3-a37d-d271b7747540 ] Request (FlavorsV261TestJSON:tearDownClass): 204 DELETE http://10.180.1.21/identity/v3/users/4c078d1665fb4cec87eb038b8c945123 0.117s
2024-10-09 19:52:28.953 62020 INFO tempest.lib.common.dynamic_creds [-] Deleting project and security group for project: 2302b1db815148b39fb37c355423e60c
2024-10-09 19:52:28.955 62012 INFO tempest.lib.common.rest_client [req-3192a001-fa34-4d05-836a-4ab20dd40097 req-3192a001-fa34-4d05-836a-4ab20dd40097 ] Request (HypervisorAdminNegativeUnderV252Test:tearDownClass): 204 DELETE http://10.180.1.21:9696/networking/v2.0/security-groups/ebf0a238-bfd1-4d9c-95cc-37c91df92fa2 0.434s
2024-10-09 19:52:28.965 61998 INFO tempest.lib.common.rest_client [req-ca9fd8da-fcfe-4c41-aa94-dc2af2b0bc13 req-ca9fd8da-fcfe-4c41-aa94-dc2af2b0bc13 ] Request (AttachInterfacesTestJSON:setUpClass): 201 POST http://10.180.1.21/identity/v3/auth/tokens 0.085s
2024-10-09 19:52:28.994 62020 INFO tempest.lib.common.rest_client [req-2aff0a8c-72a1-47d0-b76f-b8a6573e1f2d req-2aff0a8c-72a1-47d0-b76f-b8a6573e1f2d ] Request (FlavorsV261TestJSON:tearDownClass): 201 POST http://10.180.1.21/identity/v3/auth/tokens 0.040s
2024-10-09 19:52:29.006 61962 INFO tempest.lib.common.rest_client [req-9b993ba4-d7fa-4e71-b4f8-402a93b53e2c req-9b993ba4-d7fa-4e71-b4f8-402a93b53e2c ] Request (ServerExternalEventsTest:setUpClass): 200 GET http://10.180.1.21/identity/v3/roles 0.114s
2024-10-09 19:52:29.038 61972 INFO tempest.lib.common.rest_client [req-69ec86f5-3e46-4a18-9a42-351b202c2f01 req-69ec86f5-3e46-4a18-9a42-351b202c2f01 ] Request (QuotaClassesAdminTestJSON:test_update_default_quotas): 200 PUT http://10.180.1.21/compute/v2.1/os-quota-class-sets/default 1.992s
2024-10-09 19:52:29.056 62012 INFO tempest.lib.common.rest_client [req-8aa08a7a-cce3-4015-818c-b70c76dfcfb6 req-8aa08a7a-cce3-4015-818c-b70c76dfcfb6 ] Request (HypervisorAdminNegativeUnderV252Test:tearDownClass): 204 DELETE http://10.180.1.21/identity/v3/projects/7de7a4986164476ea8c25a877464f8ee 0.100s
2024-10-09 19:52:29.121 61962 INFO tempest.lib.common.rest_client [req-5beec8b8-2251-4b06-bd93-a010c1a21725 req-5beec8b8-2251-4b06-bd93-a010c1a21725 ] Request (ServerExternalEventsTest:setUpClass): 204 PUT http://10.180.1.21/identity/v3/projects/0808496ca3734680ab2e593d921b4d59/users/f020c4e2fdf84f259e5b0ea333435e98/roles/c7c2d123f35443ffa1818a1d58ed4ae6 0.114s
2024-10-09 19:52:29.180 62012 INFO tempest.lib.common.rest_client [req-f88fa2b3-9730-4a31-902d-2c7dce73a14b req-f88fa2b3-9730-4a31-902d-2c7dce73a14b ] Request (ImagesTestJSON:setUpClass): 201 POST http://10.180.1.21/identity/v3/auth/tokens 0.123s
2024-10-09 19:52:29.193 61962 INFO tempest.lib.common.rest_client [req-384ec345-7f21-49a3-ac5c-9d341bdae397 req-384ec345-7f21-49a3-ac5c-9d341bdae397 ] Request (ServerExternalEventsTest:setUpClass): 200 GET http://10.180.1.21/identity/v3/roles 0.072s
2024-10-09 19:52:29.216 62012 INFO tempest.lib.common.rest_client [req-102d6fc8-91c4-4a0f-9495-57f0c962c767 req-102d6fc8-91c4-4a0f-9495-57f0c962c767 ] Request (ImagesTestJSON:setUpClass): 201 POST http://10.180.1.21/identity/v3/auth/tokens 0.033s
2024-10-09 19:52:29.235 61962 INFO tempest.lib.common.rest_client [req-5a9365f8-be18-4f5b-8cfc-d873a81015a5 req-5a9365f8-be18-4f5b-8cfc-d873a81015a5 ] Request (ServerExternalEventsTest:setUpClass): 204 PUT http://10.180.1.21/identity/v3/projects/0808496ca3734680ab2e593d921b4d59/users/f020c4e2fdf84f259e5b0ea333435e98/roles/299f90a1d6af46ecb49969c22f754d88 0.041s
2024-10-09 19:52:29.236 61962 INFO tempest.lib.common.dynamic_creds [-] Dynamic test user f020c4e2fdf84f259e5b0ea333435e98 is created with scope project and roles: ['service', 'admin']
2024-10-09 19:52:29.236 61962 INFO tempest.lib.common.dynamic_creds [-] Acquired dynamic creds: credentials: Credentials: {'domain_id': 'default', 'domain_name': 'Default', 'username': 'tempest-ServerExternalEventsTest-1369325934-project', 'project_domain_id': 'default', 'project_domain_name': 'Default', 'project_id': '0808496ca3734680ab2e593d921b4d59', 'project_name': 'tempest-ServerExternalEventsTest-1369325934', 'tenant_id': '0808496ca3734680ab2e593d921b4d59', 'tenant_name': 'tempest-ServerExternalEventsTest-1369325934', 'user_domain_id': 'default', 'user_domain_name': 'Default', 'user_id': 'f020c4e2fdf84f259e5b0ea333435e98', 'system': None}, Network: None, Subnet: None, Router: None
2024-10-09 19:52:29.236 61962 INFO tempest.lib.common.dynamic_creds [-] Created isolated network resources for: credentials: Credentials: {'domain_id': 'default', 'domain_name': 'Default', 'username': 'tempest-ServerExternalEventsTest-1369325934-project', 'project_domain_id': 'default', 'project_domain_name': 'Default', 'project_id': '0808496ca3734680ab2e593d921b4d59', 'project_name': 'tempest-ServerExternalEventsTest-1369325934', 'tenant_id': '0808496ca3734680ab2e593d921b4d59', 'tenant_name': 'tempest-ServerExternalEventsTest-1369325934', 'user_domain_id': 'default', 'user_domain_name': 'Default', 'user_id': 'f020c4e2fdf84f259e5b0ea333435e98', 'system': None}, Network: None, Subnet: None, Router: None
2024-10-09 19:52:29.243 62012 INFO tempest.lib.common.rest_client [req-59bd110f-7a64-4b87-b615-31344b8550fe req-59bd110f-7a64-4b87-b615-31344b8550fe ] Request (ImagesTestJSON:setUpClass): 200 GET http://10.180.1.21/identity/v3/domains?name=Default 0.026s
2024-10-09 19:52:29.246 61984 INFO tempest.lib.common.rest_client [req-7d00cb73-006f-406d-8f48-8883fc790bcb req-7d00cb73-006f-406d-8f48-8883fc790bcb ] Request (ServicesAdminNegativeV253TestJSON:test_disable_log_reason_with_invalid_service_id): 404 PUT http://10.180.1.21/compute/v2.1/os-services/190b36c1-3b98-48a4-ba33-e963982459f1 2.104s
2024-10-09 19:52:29.250 61994 INFO tempest.lib.common.rest_client [req-2b52ffd2-227d-4a2c-a0f0-1247c13c1e11 req-2b52ffd2-227d-4a2c-a0f0-1247c13c1e11 ] Request (FloatingIPsTestJSON:test_delete_floating_ip): 200 POST http://10.180.1.21/compute/v2.1/os-floating-ips 2.963s
2024-10-09 19:52:29.259 62020 INFO tempest.lib.common.rest_client [req-58ad7ddd-f4e4-4586-9c86-9af376d1a3c2 req-58ad7ddd-f4e4-4586-9c86-9af376d1a3c2 ] Request (FlavorsV261TestJSON:tearDownClass): 200 GET http://10.180.1.21:9696/networking/v2.0/security-groups?tenant_id=2302b1db815148b39fb37c355423e60c&name=default 0.265s
2024-10-09 19:52:29.263 61970 INFO tempest.lib.common.rest_client [req-69f68579-e547-4627-91f5-d3834f4e5cf2 req-69f68579-e547-4627-91f5-d3834f4e5cf2 ] Request (FlavorsExtraSpecsNegativeTestJSON:test_flavor_unset_nonexistent_key): 404 DELETE http://10.180.1.21/compute/v2.1/flavors/1043880496/os-extra_specs/hw:cpu_thread_policy 1.904s
2024-10-09 19:52:29.267 61982 INFO tempest.lib.common.rest_client [req-49ca9fc7-e114-447d-ba9b-3cc21b7ea167 req-49ca9fc7-e114-447d-ba9b-3cc21b7ea167 ] Request (FlavorsExtraSpecsTestJSON:test_flavor_set_get_update_show_unset_keys): 200 GET http://10.180.1.21/compute/v2.1/flavors/1023603055/os-extra_specs 1.887s
2024-10-09 19:52:29.301 62018 INFO tempest.lib.common.rest_client [req-5b040513-6a9c-4034-a4fa-6d045c845cc1 req-5b040513-6a9c-4034-a4fa-6d045c845cc1 ] Request (FlavorsAdminTestJSON:test_create_flavor_with_int_id): 200 POST http://10.180.1.21/compute/v2.1/flavors 1.865s
2024-10-09 19:52:29.340 62014 INFO tempest.lib.common.rest_client [req-6c973e20-cc47-4445-9cc3-2b483b3e0ccf req-6c973e20-cc47-4445-9cc3-2b483b3e0ccf ] Request (AggregatesAdminNegativeTestJSON:test_aggregate_add_host_as_user): 200 POST http://10.180.1.21/compute/v2.1/os-aggregates 1.863s
2024-10-09 19:52:29.345 61988 INFO tempest.lib.common.rest_client [req-5d54f055-dc82-4411-8608-5ea86c07db10 req-5d54f055-dc82-4411-8608-5ea86c07db10 ] Request (ServerDiagnosticsTest:test_get_server_diagnostics): 200 GET http://10.180.1.21/compute/v2.1/servers/1efe0c6f-38e1-4131-9adc-995cbf33fa0c 1.918s
2024-10-09 19:52:29.374 61980 INFO tempest.lib.common.rest_client [req-ce439fff-6acb-4ed6-bb50-f6222c7efa90 req-ce439fff-6acb-4ed6-bb50-f6222c7efa90 ] Request (FlavorsAccessTestJSON:test_flavor_access_list_with_private_flavor): 200 POST http://10.180.1.21/compute/v2.1/flavors 1.878s
2024-10-09 19:52:29.376 62012 INFO tempest.lib.common.rest_client [req-dd9241a0-97ba-46e5-8994-39fe407e43cf req-dd9241a0-97ba-46e5-8994-39fe407e43cf ] Request (ImagesTestJSON:setUpClass): 201 POST http://10.180.1.21/identity/v3/projects 0.132s
2024-10-09 19:52:29.401 61964 INFO tempest.lib.common.rest_client [req-b0428893-9270-4df0-9b10-938a194bab07 req-b0428893-9270-4df0-9b10-938a194bab07 ] Request (ServersWithSpecificFlavorTestJSON:test_verify_created_server_ephemeral_disk): 200 POST http://10.180.1.21/compute/v2.1/flavors/1665369329/os-extra_specs 1.786s
2024-10-09 19:52:29.403 61962 INFO tempest.lib.common.rest_client [req-dfb391e8-82a2-4299-b8b2-47bd76c6b226 req-dfb391e8-82a2-4299-b8b2-47bd76c6b226 ] Request (ServerExternalEventsTest:setUpClass): 201 POST http://10.180.1.21/identity/v3/auth/tokens 0.163s
2024-10-09 19:52:29.429 62006 INFO tempest.lib.common.rest_client [req-5c9dce92-9bac-4abd-b48a-cde592d3411a req-5c9dce92-9bac-4abd-b48a-cde592d3411a ] Request (ListImagesTestJSON:test_list_images): 200 GET http://10.180.1.21/compute/v2.1/images 1.825s
2024-10-09 19:52:29.474 62012 INFO tempest.lib.common.rest_client [req-db293089-64dc-4b7f-83d3-1a2e126c1787 req-db293089-64dc-4b7f-83d3-1a2e126c1787 ] Request (ImagesTestJSON:setUpClass): 201 POST http://10.180.1.21/identity/v3/users 0.097s
2024-10-09 19:52:29.479 62020 INFO tempest.lib.common.rest_client [req-9c66d403-2879-4412-922d-9db99a934221 req-9c66d403-2879-4412-922d-9db99a934221 ] Request (FlavorsV261TestJSON:tearDownClass): 204 DELETE http://10.180.1.21:9696/networking/v2.0/security-groups/33c6ebc8-3dca-4f36-a7ee-c1e78302c747 0.219s
2024-10-09 19:52:29.496 62012 INFO tempest.lib.common.rest_client [req-9159ff68-b2d5-4912-8413-404ade76b1f0 req-9159ff68-b2d5-4912-8413-404ade76b1f0 ] Request (ImagesTestJSON:setUpClass): 200 GET http://10.180.1.21/identity/v3/roles 0.021s
2024-10-09 19:52:29.514 61976 INFO tempest.lib.common.rest_client [req-6334eafd-fac0-477c-a664-df72b37b3784 req-6334eafd-fac0-477c-a664-df72b37b3784 ] Request (MigrationsAdminTest:test_list_migrations_in_flavor_resize_situation): 200 GET http://10.180.1.21/compute/v2.1/servers/438d040b-c86f-47ab-8d22-e0e86c41ac43 1.729s
2024-10-09 19:52:29.524 61962 INFO tempest.lib.common.rest_client [req-de186b82-f879-4b3d-8bc1-c7edd4b85007 req-de186b82-f879-4b3d-8bc1-c7edd4b85007 ] Request (ServerExternalEventsTest:test_create_server_external_events): 201 POST http://10.180.1.21/identity/v3/auth/tokens 0.116s
2024-10-09 19:52:29.525 61962 INFO tempest.lib.common.fixed_network [-] (ServerExternalEventsTest:test_create_server_external_events) Found network None available for tenant
2024-10-09 19:52:29.541 62002 INFO tempest.lib.common.rest_client [req-d78b24be-b498-4bc0-858f-21cf56590b62 req-d78b24be-b498-4bc0-858f-21cf56590b62 ] Request (FlavorsAccessNegativeTestJSON:test_flavor_access_list_with_public_flavor): 200 POST http://10.180.1.21/compute/v2.1/flavors 1.745s
2024-10-09 19:52:29.580 62012 INFO tempest.lib.common.rest_client [req-d9a0ad21-c940-4698-9ce3-6bd3c9c9b63d req-d9a0ad21-c940-4698-9ce3-6bd3c9c9b63d ] Request (ImagesTestJSON:setUpClass): 204 PUT http://10.180.1.21/identity/v3/projects/180da0bcd5954eb2bc89a20cf8f42bb5/users/f7f7389d526c4ce9bc8ecf062b9921e6/roles/5f80f22af14544cb85b78ec9c1f69e85 0.084s
2024-10-09 19:52:29.581 62020 INFO tempest.lib.common.rest_client [req-225b14cd-59b1-4b20-a4be-a6b07d5df5b1 req-225b14cd-59b1-4b20-a4be-a6b07d5df5b1 ] Request (FlavorsV261TestJSON:tearDownClass): 204 DELETE http://10.180.1.21/identity/v3/projects/2302b1db815148b39fb37c355423e60c 0.101s
2024-10-09 19:52:29.581 62012 INFO tempest.lib.common.dynamic_creds [-] Dynamic test user f7f7389d526c4ce9bc8ecf062b9921e6 is created with scope project and roles: ['member']
2024-10-09 19:52:29.581 62020 INFO tempest.lib.common.dynamic_creds [-] Deleting project and security group for project: ba38a5023c914af9bd3576f70288bd64
2024-10-09 19:52:29.581 62012 INFO tempest.lib.common.dynamic_creds [-] Acquired dynamic creds: credentials: Credentials: {'domain_id': 'default', 'domain_name': 'Default', 'username': 'tempest-ImagesTestJSON-841190651-project-member', 'project_domain_id': 'default', 'project_domain_name': 'Default', 'project_id': '180da0bcd5954eb2bc89a20cf8f42bb5', 'project_name': 'tempest-ImagesTestJSON-841190651', 'tenant_id': '180da0bcd5954eb2bc89a20cf8f42bb5', 'tenant_name': 'tempest-ImagesTestJSON-841190651', 'user_domain_id': 'default', 'user_domain_name': 'Default', 'user_id': 'f7f7389d526c4ce9bc8ecf062b9921e6', 'system': None}, Network: None, Subnet: None, Router: None
2024-10-09 19:52:29.617 62000 INFO tempest.lib.common.rest_client [req-997aef41-8fa5-402b-aefc-fe512faeed7f req-997aef41-8fa5-402b-aefc-fe512faeed7f ] Request (ServerDiagnosticsV248Test:test_get_server_diagnostics): 200 GET http://10.180.1.21/compute/v2.1/servers/ca465e62-c190-4d67-9dec-87ea1aa8f194 1.757s
2024-10-09 19:52:29.626 62000 INFO tempest.common.waiters [-] State transition "BUILD/None" ==> "BUILD/spawning" after 8 second wait
2024-10-09 19:52:29.649 62012 INFO tempest.lib.common.rest_client [req-9340617b-481a-4570-97d0-1d11f25c586e req-9340617b-481a-4570-97d0-1d11f25c586e ] Request (ImagesTestJSON:setUpClass): 201 POST http://10.180.1.21/identity/v3/auth/tokens 0.068s
2024-10-09 19:52:29.731 61978 INFO tempest.lib.common.rest_client [req-d466e3bb-7beb-481a-b1c6-fc5dba02efa0 req-d466e3bb-7beb-481a-b1c6-fc5dba02efa0 ] Request (DeleteServersAdminTestJSON:test_admin_delete_servers_of_others): 200 GET http://10.180.1.21/compute/v2.1/servers/df682d97-53c1-4a18-8800-b23f3fc66018 2.034s
2024-10-09 19:52:29.812 62020 INFO tempest.lib.common.rest_client [req-27ae75e6-aa5a-4c8d-a51c-7f355c85b52d req-27ae75e6-aa5a-4c8d-a51c-7f355c85b52d ] Request (FlavorsV261TestJSON:tearDownClass): 200 GET http://10.180.1.21:9696/networking/v2.0/security-groups?tenant_id=ba38a5023c914af9bd3576f70288bd64&name=default 0.231s
2024-10-09 19:52:29.822 61966 INFO tempest.lib.common.rest_client [req-8c025d22-2c4f-4ff4-9fec-cf57aeef772b req-8c025d22-2c4f-4ff4-9fec-cf57aeef772b ] Request (ServersAdminNegativeTestJSON:setUpClass): 200 GET http://10.180.1.21/compute/v2.1/servers/0b1de80e-6342-4443-a700-3d50f28270b6 1.920s
2024-10-09 19:52:29.890 61992 INFO tempest.lib.common.rest_client [req-a22709a2-7d65-4d47-a052-b7d3b8cc8a03 req-a22709a2-7d65-4d47-a052-b7d3b8cc8a03 ] Request (FloatingIPsAssociationTestJSON:setUpClass): 200 GET http://10.180.1.21/compute/v2.1/servers/0188dbb6-ae91-4601-83a3-3e3bf55fc753 1.781s
2024-10-09 19:52:29.908 62022 INFO tempest.lib.common.rest_client [req-d25f6107-12fe-4619-8350-53bd665d3431 req-d25f6107-12fe-4619-8350-53bd665d3431 ] Request (VolumesAssistedSnapshotsTest:test_volume_assisted_snapshot_create_delete): 201 POST http://10.180.1.21:9696/networking/v2.0/floatingips 1.527s
2024-10-09 19:52:29.926 62024 INFO tempest.lib.common.rest_client [req-300e4d21-6cac-4813-85a0-9f0428f68bff req-300e4d21-6cac-4813-85a0-9f0428f68bff ] Request (QuotasAdminNegativeTest:test_create_server_when_memory_quota_is_full): 403 POST http://10.180.1.21/compute/v2.1/servers 2.059s
2024-10-09 19:52:29.994 62022 INFO tempest.lib.common.rest_client [req-7ebff2dc-d38d-4e9a-aa63-1527a771bcf0 req-7ebff2dc-d38d-4e9a-aa63-1527a771bcf0 ] Request (VolumesAssistedSnapshotsTest:test_volume_assisted_snapshot_create_delete): 201 POST http://10.180.1.21/identity/v3/auth/tokens 0.080s
2024-10-09 19:52:29.994 62022 INFO tempest.lib.common.fixed_network [-] (VolumesAssistedSnapshotsTest:test_volume_assisted_snapshot_create_delete) Found network {'id': '0838faa7-dee5-4d72-8742-2e14bebf9493', 'name': 'tempest-VolumesAssistedSnapshotsTest-2033071237-network', 'tenant_id': '2a88af825b494ea2993466ee197a4efd', 'admin_state_up': True, 'mtu': 8950, 'status': 'ACTIVE', 'subnets': [], 'shared': False, 'project_id': '2a88af825b494ea2993466ee197a4efd', 'port_security_enabled': True, 'router:external': False, 'provider:network_type': 'vlan', 'provider:physical_network': 'default', 'provider:segmentation_id': 968, 'is_default': False, 'availability_zone_hints': [], 'availability_zones': [], 'ipv4_address_scope': None, 'ipv6_address_scope': None, 'description': '', 'tags': [], 'created_at': '2024-10-09T19:52:09Z', 'updated_at': '2024-10-09T19:52:09Z', 'revision_number': 1} available for tenant
2024-10-09 19:52:29.996 62004 INFO tempest.lib.common.rest_client [req-cae4e6c5-8233-4a31-9736-fe3cd2281d70 req-cae4e6c5-8233-4a31-9736-fe3cd2281d70 ] Request (VolumesAdminNegativeTest:test_update_attached_volume_with_nonexistent_volume_in_body): 200 GET http://10.180.1.21/compute/v2.1/servers/c3b90a4d-e885-453c-9f8e-799adb2400a0 1.509s
2024-10-09 19:52:30.006 62016 INFO tempest.lib.common.rest_client [req-16a5152c-0c99-4b64-b43e-e6d8d7500b4e req-16a5152c-0c99-4b64-b43e-e6d8d7500b4e ] Request (HostsAdminNegativeTestJSON:test_shutdown_nonexistent_host): 404 GET http://10.180.1.21/compute/v2.1/os-hosts/nonexistent_hostname/shutdown 1.517s
2024-10-09 19:52:30.032 61974 INFO tempest.lib.common.rest_client [req-b471c851-c130-4bb2-8734-c627593b04d2 req-b471c851-c130-4bb2-8734-c627593b04d2 ] Request (FlavorsV2TestJSON:test_get_flavor): 200 GET http://10.180.1.21/compute/v2.1/flavors/42 1.560s
2024-10-09 19:52:30.049 62020 INFO tempest.lib.common.rest_client [req-eba5ad0e-22f3-421c-9561-eccded5af962 req-eba5ad0e-22f3-421c-9561-eccded5af962 ] Request (FlavorsV261TestJSON:tearDownClass): 204 DELETE http://10.180.1.21:9696/networking/v2.0/security-groups/cb972d9e-c8c2-47c7-8932-2609a9334a7b 0.236s
2024-10-09 19:52:30.049 62009 INFO tempest.lib.common.rest_client [req-b121dbda-72ba-4cc4-bd13-ece2520719a4 req-b121dbda-72ba-4cc4-bd13-ece2520719a4 ] Request (KeyPairsNegativeTestJSON:test_create_keypair_with_duplicate_name): 409 POST http://10.180.1.21/compute/v2.1/os-keypairs 1.514s
2024-10-09 19:52:30.079 62012 INFO tempest.lib.common.rest_client [req-ceb6b371-ca74-415a-97d8-24945f82095f req-ceb6b371-ca74-415a-97d8-24945f82095f ] Request (ImagesTestJSON:setUpClass): 201 POST http://10.180.1.21:9696/networking/v2.0/networks 0.429s
2024-10-09 19:52:30.083 61968 INFO tempest.lib.common.rest_client [req-3b520236-a7e5-40a7-aaa9-25fb40ec4655 req-3b520236-a7e5-40a7-aaa9-25fb40ec4655 ] Request (KeyPairsV22TestJSON:test_keypairs_create_list_delete): 201 POST http://10.180.1.21/compute/v2.1/os-keypairs 1.216s
2024-10-09 19:52:30.180 62020 INFO tempest.lib.common.rest_client [req-205c36ea-c7f1-4fc5-abc3-78be0fcb930e req-205c36ea-c7f1-4fc5-abc3-78be0fcb930e ] Request (FlavorsV261TestJSON:tearDownClass): 204 DELETE http://10.180.1.21/identity/v3/projects/ba38a5023c914af9bd3576f70288bd64 0.130s
2024-10-09 19:52:30.181 61996 INFO tempest.lib.common.rest_client [req-7a03fbe5-f70d-4e5d-a845-0220d859f973 req-7a03fbe5-f70d-4e5d-a845-0220d859f973 ] Request (ServersAdmin275Test:test_rebuild_update_server_275): 200 PUT http://10.180.1.21/compute/v2.1/servers/0408fe1e-e4fa-4649-83dc-afdd335ee30d 1.353s
2024-10-09 19:52:30.203 61972 INFO tempest.lib.common.rest_client [req-3854f974-16a0-4519-be58-4c0cec8e0ed8 req-3854f974-16a0-4519-be58-4c0cec8e0ed8 ] Request (QuotaClassesAdminTestJSON:test_update_default_quotas): 200 GET http://10.180.1.21/compute/v2.1/os-quota-class-sets/default 1.162s
2024-10-09 19:52:30.203 61998 INFO tempest.lib.common.rest_client [req-bdaca5b5-8ce5-4410-963a-bebb9910e63d req-bdaca5b5-8ce5-4410-963a-bebb9910e63d ] Request (ValidationResourcesFixture:setUp): 200 POST http://10.180.1.21/compute/v2.1/os-keypairs 1.236s
2024-10-09 19:52:30.222 61984 INFO tempest.lib.common.rest_client [req-924d3819-f0a9-4f78-a216-a6d98b161083 req-924d3819-f0a9-4f78-a216-a6d98b161083 ] Request (ServicesAdminNegativeV253TestJSON:test_disable_service_with_invalid_service_id): 404 PUT http://10.180.1.21/compute/v2.1/os-services/190b36c1-3b98-48a4-ba33-e963982459f1 0.974s
2024-10-09 19:52:30.236 61970 INFO tempest.lib.common.rest_client [req-a709f8fa-cf69-4c61-94d5-fd784ab330d9 req-a709f8fa-cf69-4c61-94d5-fd784ab330d9 ] Request (FlavorsExtraSpecsNegativeTestJSON:test_flavor_update_mismatch_key): 400 PUT http://10.180.1.21/compute/v2.1/flavors/1043880496/os-extra_specs/hw:numa_nodes 0.971s
2024-10-09 19:52:30.248 62020 INFO tempest.lib.common.rest_client [req-6a886584-faa6-4302-8566-3a9268d8234d req-6a886584-faa6-4302-8566-3a9268d8234d ] Request (HostsAdminTestJSON:setUpClass): 201 POST http://10.180.1.21/identity/v3/auth/tokens 0.066s
2024-10-09 19:52:30.264 61982 INFO tempest.lib.common.rest_client [req-3dd3c67d-c455-4a49-8779-96021ff13b2f req-3dd3c67d-c455-4a49-8779-96021ff13b2f ] Request (FlavorsExtraSpecsTestJSON:test_flavor_set_get_update_show_unset_keys): 200 PUT http://10.180.1.21/compute/v2.1/flavors/1023603055/os-extra_specs/hw:numa_nodes 0.995s
2024-10-09 19:52:30.273 62012 INFO tempest.lib.common.rest_client [req-832d1a0d-533b-4ef0-acc2-0d5123574f83 req-832d1a0d-533b-4ef0-acc2-0d5123574f83 ] Request (ImagesTestJSON:setUpClass): 201 POST http://10.180.1.21:9696/networking/v2.0/subnets 0.193s
2024-10-09 19:52:30.284 62018 INFO tempest.lib.common.rest_client [req-7590cbd5-4f76-4cf0-b073-0a65af97a3c2 req-7590cbd5-4f76-4cf0-b073-0a65af97a3c2 ] Request (FlavorsAdminTestJSON:_run_cleanups): 202 DELETE http://10.180.1.21/compute/v2.1/flavors/964414986 0.979s
2024-10-09 19:52:30.286 62020 INFO tempest.lib.common.rest_client [req-cf229ab0-50f1-4acd-998b-c833dc75b178 req-cf229ab0-50f1-4acd-998b-c833dc75b178 ] Request (HostsAdminTestJSON:setUpClass): 201 POST http://10.180.1.21/identity/v3/auth/tokens 0.034s
2024-10-09 19:52:30.310 62020 INFO tempest.lib.common.rest_client [req-633cdca5-7d92-4f92-9f61-d297a4608b7f req-633cdca5-7d92-4f92-9f61-d297a4608b7f ] Request (HostsAdminTestJSON:setUpClass): 200 GET http://10.180.1.21/identity/v3/domains?name=Default 0.024s
2024-10-09 19:52:30.342 62020 INFO tempest.lib.common.rest_client [req-74ee54d1-c137-48e4-99f6-801b569352ff req-74ee54d1-c137-48e4-99f6-801b569352ff ] Request (HostsAdminTestJSON:setUpClass): 201 POST http://10.180.1.21/identity/v3/projects 0.031s
2024-10-09 19:52:30.382 61991 INFO tempest.lib.common.rest_client [req-0e5c4f11-5d8e-4ceb-b198-f695b15eb377 req-0e5c4f11-5d8e-4ceb-b198-f695b15eb377 ] Request (SecurityGroupsTestJSON:setUpClass): 200 PUT http://10.180.1.21:9696/networking/v2.0/routers/64475e3c-62ff-4f9e-af5d-9e9cade35586/add_router_interface 2.689s
2024-10-09 19:52:30.383 61991 INFO tempest.lib.common.dynamic_creds [-] Created isolated network resources for: credentials: Credentials: {'domain_id': 'default', 'domain_name': 'Default', 'username': 'tempest-SecurityGroupsTestJSON-1379887877-project-member', 'project_domain_id': 'default', 'project_domain_name': 'Default', 'project_id': '76967cef64d8478ab599e0f336d67535', 'project_name': 'tempest-SecurityGroupsTestJSON-1379887877', 'tenant_id': '76967cef64d8478ab599e0f336d67535', 'tenant_name': 'tempest-SecurityGroupsTestJSON-1379887877', 'user_domain_id': 'default', 'user_domain_name': 'Default', 'user_id': 'a2eb3cbf61bc4bdbaaaf29cdf78e4853', 'system': None}, Network: {'id': '638c557a-bdca-4fa0-a3bb-ee6a1a5c4298', 'name': 'tempest-SecurityGroupsTestJSON-1345341842-network', 'tenant_id': '76967cef64d8478ab599e0f336d67535', 'admin_state_up': True, 'mtu': 8950, 'status': 'ACTIVE', 'subnets': [], 'shared': False, 'project_id': '76967cef64d8478ab599e0f336d67535', 'port_security_enabled': True, 'router:external': False, 'provider:network_type': 'vlan', 'provider:physical_network': 'default', 'provider:segmentation_id': 777, 'is_default': False, 'availability_zone_hints': [], 'availability_zones': [], 'ipv4_address_scope': None, 'ipv6_address_scope': None, 'description': '', 'tags': [], 'created_at': '2024-10-09T19:52:24Z', 'updated_at': '2024-10-09T19:52:24Z', 'revision_number': 1}, Subnet: {'id': '3777c4b5-1134-4076-b893-c4a004130725', 'name': 'tempest-SecurityGroupsTestJSON-1345341842-subnet', 'tenant_id': '76967cef64d8478ab599e0f336d67535', 'network_id': '638c557a-bdca-4fa0-a3bb-ee6a1a5c4298', 'ip_version': 4, 'subnetpool_id': None, 'enable_dhcp': True, 'ipv6_ra_mode': None, 'ipv6_address_mode': None, 'gateway_ip': '192.168.128.1', 'cidr': '192.168.128.0/28', 'allocation_pools': [{'start': '192.168.128.2', 'end': '192.168.128.14'}], 'host_routes': [], 'dns_nameservers': [], 'description': '', 'router:external': False, 'service_types': [], 'tags': [], 'created_at': '2024-10-09T19:52:24Z', 'updated_at': '2024-10-09T19:52:24Z', 'revision_number': 0, 'project_id': '76967cef64d8478ab599e0f336d67535'}, Router: {'id': '64475e3c-62ff-4f9e-af5d-9e9cade35586', 'name': 'tempest-SecurityGroupsTestJSON-1345341842-router', 'tenant_id': '76967cef64d8478ab599e0f336d67535', 'admin_state_up': True, 'status': 'ACTIVE', 'external_gateway_info': {'network_id': 'dbad42ef-741a-4ea0-8457-bed8afee6a90', 'external_fixed_ips': [{'subnet_id': '0f03b97b-8827-4e7c-adf6-66f9088bc924', 'ip_address': '10.180.180.222'}], 'enable_snat': True}, 'description': '', 'availability_zones': [], 'distributed': False, 'ha': False, 'availability_zone_hints': [], 'routes': [], 'flavor_id': None, 'tags': [], 'created_at': '2024-10-09T19:52:25Z', 'updated_at': '2024-10-09T19:52:26Z', 'revision_number': 2, 'project_id': '76967cef64d8478ab599e0f336d67535'}
2024-10-09 19:52:30.405 62020 INFO tempest.lib.common.rest_client [req-be161db5-f390-450c-86be-82dd5f55e542 req-be161db5-f390-450c-86be-82dd5f55e542 ] Request (HostsAdminTestJSON:setUpClass): 201 POST http://10.180.1.21/identity/v3/users 0.062s
2024-10-09 19:52:30.444 62014 INFO tempest.lib.common.rest_client [req-ada28712-f56f-4b9a-b0e6-c4259c41e2d0 req-ada28712-f56f-4b9a-b0e6-c4259c41e2d0 ] Request (AggregatesAdminNegativeTestJSON:test_aggregate_add_host_as_user): 403 POST http://10.180.1.21/compute/v2.1/os-aggregates/2/action 1.101s
2024-10-09 19:52:30.455 62020 INFO tempest.lib.common.rest_client [req-baac0f55-0b8f-461c-bf35-88c52560529c req-baac0f55-0b8f-461c-bf35-88c52560529c ] Request (HostsAdminTestJSON:setUpClass): 200 GET http://10.180.1.21/identity/v3/roles 0.049s
2024-10-09 19:52:30.490 61991 INFO tempest.lib.common.rest_client [req-31034501-0728-43ee-925a-25b77d396b4b req-31034501-0728-43ee-925a-25b77d396b4b ] Request (SecurityGroupsTestJSON:setUpClass): 201 POST http://10.180.1.21/identity/v3/auth/tokens 0.101s
2024-10-09 19:52:30.497 62020 INFO tempest.lib.common.rest_client [req-fbd53983-df6d-4c9e-84cf-8daa66071445 req-fbd53983-df6d-4c9e-84cf-8daa66071445 ] Request (HostsAdminTestJSON:setUpClass): 204 PUT http://10.180.1.21/identity/v3/projects/b1a482c640ec4b7a80046b40f3d0d281/users/a31496e102d64153b924ca48a3f1a187/roles/5f80f22af14544cb85b78ec9c1f69e85 0.041s
2024-10-09 19:52:30.497 62020 INFO tempest.lib.common.dynamic_creds [-] Dynamic test user a31496e102d64153b924ca48a3f1a187 is created with scope project and roles: ['member']
2024-10-09 19:52:30.497 62020 INFO tempest.lib.common.dynamic_creds [-] Acquired dynamic creds: credentials: Credentials: {'domain_id': 'default', 'domain_name': 'Default', 'username': 'tempest-HostsAdminTestJSON-861740660-project-member', 'project_domain_id': 'default', 'project_domain_name': 'Default', 'project_id': 'b1a482c640ec4b7a80046b40f3d0d281', 'project_name': 'tempest-HostsAdminTestJSON-861740660', 'tenant_id': 'b1a482c640ec4b7a80046b40f3d0d281', 'tenant_name': 'tempest-HostsAdminTestJSON-861740660', 'user_domain_id': 'default', 'user_domain_name': 'Default', 'user_id': 'a31496e102d64153b924ca48a3f1a187', 'system': None}, Network: None, Subnet: None, Router: None
2024-10-09 19:52:30.497 62020 INFO tempest.lib.common.dynamic_creds [-] Created isolated network resources for: credentials: Credentials: {'domain_id': 'default', 'domain_name': 'Default', 'username': 'tempest-HostsAdminTestJSON-861740660-project-member', 'project_domain_id': 'default', 'project_domain_name': 'Default', 'project_id': 'b1a482c640ec4b7a80046b40f3d0d281', 'project_name': 'tempest-HostsAdminTestJSON-861740660', 'tenant_id': 'b1a482c640ec4b7a80046b40f3d0d281', 'tenant_name': 'tempest-HostsAdminTestJSON-861740660', 'user_domain_id': 'default', 'user_domain_name': 'Default', 'user_id': 'a31496e102d64153b924ca48a3f1a187', 'system': None}, Network: None, Subnet: None, Router: None
2024-10-09 19:52:30.499 61980 INFO tempest.lib.common.rest_client [req-37b9ec96-bb6b-4d2f-8c0a-ddf1f271aa11 req-37b9ec96-bb6b-4d2f-8c0a-ddf1f271aa11 ] Request (FlavorsAccessTestJSON:test_flavor_access_list_with_private_flavor): 200 GET http://10.180.1.21/compute/v2.1/flavors/32968779/os-flavor-access 1.118s
2024-10-09 19:52:30.520 61964 INFO tempest.lib.common.rest_client [req-b0d43842-84a8-44bd-86cf-d5f1baeaded1 req-b0d43842-84a8-44bd-86cf-d5f1baeaded1 ] Request (ServersWithSpecificFlavorTestJSON:test_verify_created_server_ephemeral_disk): 200 POST http://10.180.1.21/compute/v2.1/flavors 1.116s
2024-10-09 19:52:30.557 62006 INFO tempest.lib.common.rest_client [req-0080cca3-baf5-4221-aaa9-bf498b9d8d0d req-0080cca3-baf5-4221-aaa9-bf498b9d8d0d ] Request (ListImagesTestJSON:test_list_images_with_detail): 200 GET http://10.180.1.21/compute/v2.1/images/detail 1.126s
2024-10-09 19:52:30.576 62020 INFO tempest.lib.common.rest_client [req-dae2a660-e6f3-4f72-9d11-be1e8a4aa0d2 req-dae2a660-e6f3-4f72-9d11-be1e8a4aa0d2 ] Request (HostsAdminTestJSON:setUpClass): 201 POST http://10.180.1.21/identity/v3/auth/tokens 0.076s
2024-10-09 19:52:30.619 61998 INFO tempest.lib.common.rest_client [req-837c9e55-d604-4fe3-848e-1a1f04c600ea req-837c9e55-d604-4fe3-848e-1a1f04c600ea ] Request (ValidationResourcesFixture:setUp): 201 POST http://10.180.1.21:9696/networking/v2.0/security-groups 0.413s
2024-10-09 19:52:30.683 62020 INFO tempest.lib.common.rest_client [req-6e33ee50-7e39-45ef-8a14-5ae40aca2244 req-6e33ee50-7e39-45ef-8a14-5ae40aca2244 ] Request (HostsAdminTestJSON:setUpClass): 201 POST http://10.180.1.21/identity/v3/projects 0.107s
2024-10-09 19:52:30.704 62006 INFO tempest.lib.common.rest_client [req-df594efc-ccb9-429e-92fe-801e8ad345f5 req-df594efc-ccb9-429e-92fe-801e8ad345f5 ] Request (ListImagesTestJSON:tearDownClass): 204 DELETE http://10.180.1.21/identity/v3/users/182170a20a8c4d19a235f1f0c78517d7 0.140s
2024-10-09 19:52:30.704 62006 INFO tempest.lib.common.dynamic_creds [-] Deleting project and security group for project: 6538ec03bf814607a0b2e539a49f6144
2024-10-09 19:52:30.762 62006 INFO tempest.lib.common.rest_client [req-6691ca3d-000c-4d1b-8b5d-f70b6dac9499 req-6691ca3d-000c-4d1b-8b5d-f70b6dac9499 ] Request (ListImagesTestJSON:tearDownClass): 201 POST http://10.180.1.21/identity/v3/auth/tokens 0.058s
2024-10-09 19:52:30.777 62020 INFO tempest.lib.common.rest_client [req-75262883-b151-4648-b7aa-18d859774671 req-75262883-b151-4648-b7aa-18d859774671 ] Request (HostsAdminTestJSON:setUpClass): 201 POST http://10.180.1.21/identity/v3/users 0.093s
2024-10-09 19:52:30.801 62020 INFO tempest.lib.common.rest_client [req-dd2419cc-ebba-411b-b575-48d4b5703116 req-dd2419cc-ebba-411b-b575-48d4b5703116 ] Request (HostsAdminTestJSON:setUpClass): 200 GET http://10.180.1.21/identity/v3/roles 0.024s
2024-10-09 19:52:30.826 62020 INFO tempest.lib.common.rest_client [req-05a8c0e9-0749-409a-a128-eac335452b0f req-05a8c0e9-0749-409a-a128-eac335452b0f ] Request (HostsAdminTestJSON:setUpClass): 204 PUT http://10.180.1.21/identity/v3/projects/b64b5c76db9c4566a849442f1c62ab4a/users/7ff17b3cdd0247d8ac4ec1d049dd18b5/roles/299f90a1d6af46ecb49969c22f754d88 0.024s
2024-10-09 19:52:30.850 61998 INFO tempest.lib.common.rest_client [req-4d441524-3fe4-456c-991c-344e02863443 req-4d441524-3fe4-456c-991c-344e02863443 ] Request (ValidationResourcesFixture:setUp): 201 POST http://10.180.1.21:9696/networking/v2.0/security-group-rules 0.230s
2024-10-09 19:52:30.870 62020 INFO tempest.lib.common.rest_client [req-5b0c2a7e-af6f-417c-a2fd-b840e4a79608 req-5b0c2a7e-af6f-417c-a2fd-b840e4a79608 ] Request (HostsAdminTestJSON:setUpClass): 200 GET http://10.180.1.21/identity/v3/roles 0.044s
2024-10-09 19:52:30.895 62020 INFO tempest.lib.common.rest_client [req-d60a9f70-8af3-4f80-9c0d-1b150bbc4aa4 req-d60a9f70-8af3-4f80-9c0d-1b150bbc4aa4 ] Request (HostsAdminTestJSON:setUpClass): 204 PUT http://10.180.1.21/identity/v3/projects/b64b5c76db9c4566a849442f1c62ab4a/users/7ff17b3cdd0247d8ac4ec1d049dd18b5/roles/299f90a1d6af46ecb49969c22f754d88 0.024s
2024-10-09 19:52:30.895 62020 INFO tempest.lib.common.dynamic_creds [-] Dynamic test user 7ff17b3cdd0247d8ac4ec1d049dd18b5 is created with scope project and roles: ['admin']
2024-10-09 19:52:30.896 62020 INFO tempest.lib.common.dynamic_creds [-] Acquired dynamic creds: credentials: Credentials: {'domain_id': 'default', 'domain_name': 'Default', 'username': 'tempest-HostsAdminTestJSON-1940707513-project-admin', 'project_domain_id': 'default', 'project_domain_name': 'Default', 'project_id': 'b64b5c76db9c4566a849442f1c62ab4a', 'project_name': 'tempest-HostsAdminTestJSON-1940707513', 'tenant_id': 'b64b5c76db9c4566a849442f1c62ab4a', 'tenant_name': 'tempest-HostsAdminTestJSON-1940707513', 'user_domain_id': 'default', 'user_domain_name': 'Default', 'user_id': '7ff17b3cdd0247d8ac4ec1d049dd18b5', 'system': None}, Network: None, Subnet: None, Router: None
2024-10-09 19:52:30.896 62020 INFO tempest.lib.common.dynamic_creds [-] Created isolated network resources for: credentials: Credentials: {'domain_id': 'default', 'domain_name': 'Default', 'username': 'tempest-HostsAdminTestJSON-1940707513-project-admin', 'project_domain_id': 'default', 'project_domain_name': 'Default', 'project_id': 'b64b5c76db9c4566a849442f1c62ab4a', 'project_name': 'tempest-HostsAdminTestJSON-1940707513', 'tenant_id': 'b64b5c76db9c4566a849442f1c62ab4a', 'tenant_name': 'tempest-HostsAdminTestJSON-1940707513', 'user_domain_id': 'default', 'user_domain_name': 'Default', 'user_id': '7ff17b3cdd0247d8ac4ec1d049dd18b5', 'system': None}, Network: None, Subnet: None, Router: None
2024-10-09 19:52:30.947 61962 INFO tempest.lib.common.rest_client [req-b0db6d3b-8dbc-4b04-8e2d-b6a37edb4856 req-b0db6d3b-8dbc-4b04-8e2d-b6a37edb4856 ] Request (ServerExternalEventsTest:test_create_server_external_events): 202 POST http://10.180.1.21/compute/v2.1/servers 1.422s
2024-10-09 19:52:30.964 62002 INFO tempest.lib.common.rest_client [req-5e324136-3290-49b6-a1e5-10d98227c7a6 req-5e324136-3290-49b6-a1e5-10d98227c7a6 ] Request (FlavorsAccessNegativeTestJSON:test_flavor_access_list_with_public_flavor): 404 GET http://10.180.1.21/compute/v2.1/flavors/68824943/os-flavor-access 1.416s
2024-10-09 19:52:30.980 62020 INFO tempest.lib.common.rest_client [req-23ee064e-8cb0-456a-ac26-bf429e97b742 req-23ee064e-8cb0-456a-ac26-bf429e97b742 ] Request (HostsAdminTestJSON:setUpClass): 201 POST http://10.180.1.21/identity/v3/auth/tokens 0.078s
2024-10-09 19:52:30.993 61994 INFO tempest.lib.common.rest_client [req-8b39e799-7507-4eda-9b7f-d3f81b7b287e req-8b39e799-7507-4eda-9b7f-d3f81b7b287e ] Request (FloatingIPsTestJSON:test_delete_floating_ip): 202 DELETE http://10.180.1.21/compute/v2.1/os-floating-ips/de75cce0-0cde-4913-9e5e-d5601ef0fe65 1.739s
2024-10-09 19:52:31.034 62012 INFO tempest.lib.common.rest_client [req-9103077e-5b75-4600-a98e-5029c4e6eaba req-9103077e-5b75-4600-a98e-5029c4e6eaba ] Request (ImagesTestJSON:setUpClass): 201 POST http://10.180.1.21:9696/networking/v2.0/routers 0.760s
2024-10-09 19:52:31.120 62006 INFO tempest.lib.common.rest_client [req-8273c419-ee89-4106-9253-ab7902a5ba5e req-8273c419-ee89-4106-9253-ab7902a5ba5e ] Request (ListImagesTestJSON:tearDownClass): 200 GET http://10.180.1.21:9696/networking/v2.0/security-groups?tenant_id=6538ec03bf814607a0b2e539a49f6144&name=default 0.357s
2024-10-09 19:52:31.131 62024 INFO tempest.lib.common.rest_client [req-3ee4520c-b0c5-4419-b238-f5e741e6d512 req-3ee4520c-b0c5-4419-b238-f5e741e6d512 ] Request (QuotasAdminNegativeTest:_run_cleanups): 200 PUT http://10.180.1.21/compute/v2.1/os-quota-sets/2cecd66ab1d74e799757d61a298267b7 1.205s
2024-10-09 19:52:31.137 62016 INFO tempest.lib.common.rest_client [req-1747b04e-5a00-45f9-9ae9-02f56d25a843 req-1747b04e-5a00-45f9-9ae9-02f56d25a843 ] Request (HostsAdminNegativeTestJSON:test_startup_host_with_non_admin_user): 403 GET http://10.180.1.21/compute/v2.1/os-hosts/devstack/startup 1.130s
2024-10-09 19:52:31.153 61974 INFO tempest.lib.common.rest_client [req-507f41ea-3564-4c28-9255-b1195ef9e3a8 req-507f41ea-3564-4c28-9255-b1195ef9e3a8 ] Request (FlavorsV2TestJSON:test_list_flavors): 200 GET http://10.180.1.21/compute/v2.1/flavors 1.118s
2024-10-09 19:52:31.171 62009 INFO tempest.lib.common.rest_client [req-8be93ce4-bc28-44c5-b2c4-002bcdc03e4a req-8be93ce4-bc28-44c5-b2c4-002bcdc03e4a ] Request (KeyPairsNegativeTestJSON:test_create_keypair_with_duplicate_name): 202 DELETE http://10.180.1.21/compute/v2.1/os-keypairs/tempest-keypair-850500729 1.120s
2024-10-09 19:52:31.182 61968 INFO tempest.lib.common.rest_client [req-e973706e-aeaa-4969-be50-e616315ef8d1 req-e973706e-aeaa-4969-be50-e616315ef8d1 ] Request (KeyPairsV22TestJSON:test_keypairs_create_list_delete): 200 GET http://10.180.1.21/compute/v2.1/os-keypairs 1.094s
2024-10-09 19:52:31.189 61998 INFO tempest.lib.common.rest_client [req-a130e963-89f6-473d-8f87-3e1ea2ffab14 req-a130e963-89f6-473d-8f87-3e1ea2ffab14 ] Request (ValidationResourcesFixture:setUp): 201 POST http://10.180.1.21:9696/networking/v2.0/security-group-rules 0.338s
2024-10-09 19:52:31.283 61996 INFO tempest.lib.common.rest_client [req-6976d016-55ab-47fb-b409-e88c6550b415 req-6976d016-55ab-47fb-b409-e88c6550b415 ] Request (ServersAdmin275Test:test_rebuild_update_server_275): 200 GET http://10.180.1.21/compute/v2.1/servers/0408fe1e-e4fa-4649-83dc-afdd335ee30d 1.088s
2024-10-09 19:52:31.333 62006 INFO tempest.lib.common.rest_client [req-25b4e586-741b-4a0d-b16b-ab4ddacab0c0 req-25b4e586-741b-4a0d-b16b-ab4ddacab0c0 ] Request (ListImagesTestJSON:tearDownClass): 204 DELETE http://10.180.1.21:9696/networking/v2.0/security-groups/58c71caa-90ea-443c-9e20-b4aaa6be4d0b 0.213s
2024-10-09 19:52:31.341 61972 INFO tempest.lib.common.rest_client [req-5f763970-2ec0-416a-9838-2e262c8596ce req-5f763970-2ec0-416a-9838-2e262c8596ce ] Request (QuotaClassesAdminTestJSON:_run_cleanups): 200 PUT http://10.180.1.21/compute/v2.1/os-quota-class-sets/default 1.137s
2024-10-09 19:52:31.357 61984 INFO tempest.lib.common.rest_client [req-790c7a7a-9df8-4c1e-ab1b-cf3108169649 req-790c7a7a-9df8-4c1e-ab1b-cf3108169649 ] Request (ServicesAdminNegativeV253TestJSON:test_enable_service_with_invalid_service_id): 404 PUT http://10.180.1.21/compute/v2.1/os-services/190b36c1-3b98-48a4-ba33-e963982459f1 1.133s
2024-10-09 19:52:31.363 61970 INFO tempest.lib.common.rest_client [req-627fa200-d374-4b54-8209-cf46a56c3bbe req-627fa200-d374-4b54-8209-cf46a56c3bbe ] Request (FlavorsExtraSpecsNegativeTestJSON:test_flavor_update_more_key): 400 PUT http://10.180.1.21/compute/v2.1/flavors/1043880496/os-extra_specs/hw:numa_nodes 1.126s
2024-10-09 19:52:31.373 61982 INFO tempest.lib.common.rest_client [req-5c232ec9-b771-4cd5-81f4-61fa2b7070be req-5c232ec9-b771-4cd5-81f4-61fa2b7070be ] Request (FlavorsExtraSpecsTestJSON:test_flavor_set_get_update_show_unset_keys): 200 GET http://10.180.1.21/compute/v2.1/flavors/1023603055/os-extra_specs 1.108s
2024-10-09 19:52:31.389 62018 INFO tempest.lib.common.rest_client [req-a05550ea-7e79-45b7-aaea-cb95476e018a req-a05550ea-7e79-45b7-aaea-cb95476e018a ] Request (FlavorsAdminTestJSON:_run_cleanups): 200 GET http://10.180.1.21/compute/v2.1/flavors/detail 1.104s
2024-10-09 19:52:31.441 62006 INFO tempest.lib.common.rest_client [req-d8e1b9a3-6d99-4db6-b348-0ab2ad9f2018 req-d8e1b9a3-6d99-4db6-b348-0ab2ad9f2018 ] Request (ListImagesTestJSON:tearDownClass): 204 DELETE http://10.180.1.21/identity/v3/projects/6538ec03bf814607a0b2e539a49f6144 0.107s
2024-10-09 19:52:31.541 61972 INFO tempest.lib.common.rest_client [req-96e1d52a-5865-457b-900d-f6566b0a353f req-96e1d52a-5865-457b-900d-f6566b0a353f ] Request (QuotaClassesAdminTestJSON:tearDownClass): 204 DELETE http://10.180.1.21/identity/v3/users/d4a4c5f132c1438a9112a18b77cea308 0.196s
2024-10-09 19:52:31.552 61988 INFO tempest.lib.common.rest_client [req-f5f130d3-bfa4-49cd-be0d-997591a1a445 req-f5f130d3-bfa4-49cd-be0d-997591a1a445 ] Request (ServerDiagnosticsTest:test_get_server_diagnostics): 200 GET http://10.180.1.21/compute/v2.1/servers/1efe0c6f-38e1-4131-9adc-995cbf33fa0c 1.193s
2024-10-09 19:52:31.582 62014 INFO tempest.lib.common.rest_client [req-d4b87f41-e6d4-4376-800c-0e2e5dc5d961 req-d4b87f41-e6d4-4376-800c-0e2e5dc5d961 ] Request (AggregatesAdminNegativeTestJSON:_run_cleanups): 200 DELETE http://10.180.1.21/compute/v2.1/os-aggregates/2 1.137s
2024-10-09 19:52:31.594 61986 INFO tempest.lib.common.rest_client [req-a3aa090e-d080-4812-a990-f02f822b9490 req-a3aa090e-d080-4812-a990-f02f822b9490 ] Request (QuotasAdminTestJSON:test_delete_quota): 200 GET http://10.180.1.21/identity/v3/domains?name=Default 0.224s
2024-10-09 19:52:31.612 62006 INFO tempest.lib.common.rest_client [req-dc1bf4a4-ff94-479d-9be9-00d6f7490d9c req-dc1bf4a4-ff94-479d-9be9-00d6f7490d9c ] Request (ServersTestFqdnHostnames:setUpClass): 201 POST http://10.180.1.21/identity/v3/auth/tokens 0.169s
2024-10-09 19:52:31.733 61972 INFO tempest.lib.common.rest_client [req-34bfda3f-11fc-4721-b8fc-0ba088f031b6 req-34bfda3f-11fc-4721-b8fc-0ba088f031b6 ] Request (QuotaClassesAdminTestJSON:tearDownClass): 204 DELETE http://10.180.1.21/identity/v3/users/d6e2e270249c4dd680571feff18f401c 0.191s
