2024-10-09 19:52:44.290 61968 INFO tempest.lib.common.rest_client [req-bbfe51ac-6e1a-479d-9f74-52b4c0a0ab45 req-bbfe51ac-6e1a-479d-9f74-52b4c0a0ab45 ] Request (ServerRescueTestJSON:setUpClass): 201 POST http://10.180.1.21:9696/networking/v2.0/subnets 0.416s
2024-10-09 19:52:44.297 62018 INFO tempest.lib.common.rest_client [req-ed0574c9-d350-4304-acfb-097a7756099c req-ed0574c9-d350-4304-acfb-097a7756099c ] Request (FlavorsAdminTestJSON:_run_cleanups): 202 DELETE http://10.180.1.21/compute/v2.1/flavors/2134250924 0.444s
2024-10-09 19:52:44.330 62010 INFO tempest.lib.common.rest_client [req-b739b4db-435a-4b75-bfb9-a5ce8b25370e req-b739b4db-435a-4b75-bfb9-a5ce8b25370e ] Request (QuotasSecurityGroupAdminNegativeTest:tearDownClass): 204 DELETE http://10.180.1.21/identity/v3/users/49186faee02c47f9adc86c1c0163274e 0.182s
2024-10-09 19:52:44.374 61964 INFO tempest.lib.common.rest_client [req-d9aab06f-6991-496f-b414-cbf63a4c6fc8 req-d9aab06f-6991-496f-b414-cbf63a4c6fc8 ] Request (ServersWithSpecificFlavorTestJSON:test_verify_created_server_ephemeral_disk): 200 GET http://10.180.1.21/compute/v2.1/servers/ca31b2ec-0bfb-47d9-9f35-c54659fa7799 0.517s
2024-10-09 19:52:44.390 61970 INFO tempest.lib.common.rest_client [req-287f5ac1-df27-4417-b6cf-72107a010bd0 req-287f5ac1-df27-4417-b6cf-72107a010bd0 ] Request (FlavorsV255TestJSON:_run_cleanups): 200 GET http://10.180.1.21/compute/v2.1/flavors/detail 0.522s
2024-10-09 19:52:44.394 61966 INFO tempest.lib.common.rest_client [req-8e359b86-a867-4f85-bf31-fa9d70047b30 req-8e359b86-a867-4f85-bf31-fa9d70047b30 ] Request (ServersAdminNegativeTestJSON:tearDownClass): 200 GET http://10.180.1.21:9696/networking/v2.0/security-groups?tenant_id=eb057afca4584ab0999513db44cef87e&name=default 0.232s
2024-10-09 19:52:44.444 62010 INFO tempest.lib.common.rest_client [req-2e76edbf-7df0-4414-947d-aaaf8f70abe5 req-2e76edbf-7df0-4414-947d-aaaf8f70abe5 ] Request (QuotasSecurityGroupAdminNegativeTest:tearDownClass): 204 DELETE http://10.180.1.21/identity/v3/users/73facf573db44e539b374cce6c307bc5 0.113s
2024-10-09 19:52:44.444 62010 INFO tempest.lib.common.dynamic_creds [-] Deleting project and security group for project: 0b0dd6c2778442239c1f9af6cfb08bb8
2024-10-09 19:52:44.481 61976 INFO tempest.lib.common.rest_client [req-b0a4ee68-473c-4986-9995-f670ef864393 req-b0a4ee68-473c-4986-9995-f670ef864393 ] Request (MigrationsAdminTest:test_list_migrations_in_flavor_resize_situation): 200 GET http://10.180.1.21/compute/v2.1/servers/438d040b-c86f-47ab-8d22-e0e86c41ac43 0.540s
2024-10-09 19:52:44.512 61970 INFO tempest.lib.common.rest_client [req-2c0f8c0a-1b2a-4b94-9c0f-f2346bcbb9b3 req-2c0f8c0a-1b2a-4b94-9c0f-f2346bcbb9b3 ] Request (FlavorsV255TestJSON:tearDownClass): 204 DELETE http://10.180.1.21/identity/v3/users/403fe44d0035425db4351cbdbc34dd74 0.115s
2024-10-09 19:52:44.518 61974 INFO tempest.lib.common.rest_client [req-64f46c80-f608-4b71-b0c9-8bcd8025b1a2 req-64f46c80-f608-4b71-b0c9-8bcd8025b1a2 ] Request (FlavorsV2TestJSON:test_list_flavors_using_marker): 200 GET http://10.180.1.21/compute/v2.1/flavors?marker=42 0.571s
2024-10-09 19:52:44.557 62020 INFO tempest.lib.common.rest_client [req-7e999142-21da-4a85-aa41-465072276339 req-7e999142-21da-4a85-aa41-465072276339 ] Request (KeyPairsV2TestJSON:test_keypair_create_delete): 200 POST http://10.180.1.21/compute/v2.1/os-keypairs 0.601s
2024-10-09 19:52:44.564 62014 INFO tempest.lib.common.rest_client [req-e1697a23-8c3f-4ac8-9c11-2f4b1d75e328 req-e1697a23-8c3f-4ac8-9c11-2f4b1d75e328 ] Request (AggregatesAdminNegativeTestJSON:test_aggregate_get_details_as_user): 403 GET http://10.180.1.21/compute/v2.1/os-aggregates/6 0.586s
2024-10-09 19:52:44.573 62010 INFO tempest.lib.common.rest_client [req-2d38472c-26c4-4622-a05b-c384f67eddfd req-2d38472c-26c4-4622-a05b-c384f67eddfd ] Request (QuotasSecurityGroupAdminNegativeTest:tearDownClass): 201 POST http://10.180.1.21/identity/v3/auth/tokens 0.128s
2024-10-09 19:52:44.589 61980 INFO tempest.lib.common.rest_client [req-12ba35b2-5f7f-4b5d-8fe6-3844f08b80ed req-12ba35b2-5f7f-4b5d-8fe6-3844f08b80ed ] Request (ListImageFiltersTestJSON:setUpClass): 204 PUT http://10.180.1.21/image/v2/images/9aa14426-db6a-4ed2-933c-9053dd219700/file 1.078s
2024-10-09 19:52:44.629 61970 INFO tempest.lib.common.rest_client [req-d8fa058e-6194-41d6-b7b7-63f2bea5ebee req-d8fa058e-6194-41d6-b7b7-63f2bea5ebee ] Request (FlavorsV255TestJSON:tearDownClass): 204 DELETE http://10.180.1.21/identity/v3/users/f499786200af440c9d7d5bade0067758 0.117s
2024-10-09 19:52:44.629 61970 INFO tempest.lib.common.dynamic_creds [-] Deleting project and security group for project: 105701d6ee9d44408a5330e04dac2b1b
2024-10-09 19:52:44.711 61966 INFO tempest.lib.common.rest_client [req-e0dd4d31-b5b9-45a5-bde4-53f0b07e9ea6 req-e0dd4d31-b5b9-45a5-bde4-53f0b07e9ea6 ] Request (ServersAdminNegativeTestJSON:tearDownClass): 204 DELETE http://10.180.1.21:9696/networking/v2.0/security-groups/32af8d44-f56f-4888-b1dd-92ab8266f75a 0.316s
2024-10-09 19:52:44.739 61988 INFO tempest.lib.common.rest_client [req-bd080622-7c3f-4ca1-841c-73facf2b8ce3 req-bd080622-7c3f-4ca1-841c-73facf2b8ce3 ] Request (TenantUsagesNegativeTestJSON:test_get_usage_tenant_with_empty_tenant_id): 404 GET http://10.180.1.21/compute/v2.1/os-simple-tenant-usage/?start=2024-10-08T19%3A52%3A44.020259&end=2024-10-10T19%3A52%3A44.020259 0.718s
2024-10-09 19:52:44.741 61988 WARNING tempest.lib.common.rest_client [-] Deprecated: "tenant_id" property is deprecated for removal, use "project_id" instead
2024-10-09 19:52:44.755 61970 INFO tempest.lib.common.rest_client [req-5f46fee2-beb4-4852-bd63-fcaf9c5a167c req-5f46fee2-beb4-4852-bd63-fcaf9c5a167c ] Request (FlavorsV255TestJSON:tearDownClass): 201 POST http://10.180.1.21/identity/v3/auth/tokens 0.126s
2024-10-09 19:52:44.828 61962 INFO tempest.lib.common.rest_client [req-f3505628-e54a-4af4-ae64-7324bcc2cf28 req-f3505628-e54a-4af4-ae64-7324bcc2cf28 ] Request (ServerExternalEventsTest:test_create_server_external_events): 200 GET http://10.180.1.21/compute/v2.1/servers/7d0e752f-9b39-4d01-bedc-5315927deea8 0.794s
2024-10-09 19:52:44.838 61962 INFO tempest.common.waiters [-] State transition "BUILD/networking" ==> "BUILD/spawning" after 12 second wait
2024-10-09 19:52:44.848 61966 INFO tempest.lib.common.rest_client [req-0cee4c41-535f-4757-a300-d6038b325e41 req-0cee4c41-535f-4757-a300-d6038b325e41 ] Request (ServersAdminNegativeTestJSON:tearDownClass): 204 DELETE http://10.180.1.21/identity/v3/projects/eb057afca4584ab0999513db44cef87e 0.136s
2024-10-09 19:52:44.901 61972 INFO tempest.lib.common.rest_client [req-67512aac-e679-48a7-9487-50da5b1e4bce req-67512aac-e679-48a7-9487-50da5b1e4bce ] Request (ServerActionsTestOtherA:setUpClass): 200 PUT http://10.180.1.21:9696/networking/v2.0/routers/c066c059-9cfc-448b-babf-0c7581a179f8/add_router_interface 3.450s
2024-10-09 19:52:44.901 61972 INFO tempest.lib.common.dynamic_creds [-] Created isolated network resources for: credentials: Credentials: {'domain_id': 'default', 'domain_name': 'Default', 'username': 'tempest-ServerActionsTestOtherA-1398658537-project-member', 'project_domain_id': 'default', 'project_domain_name': 'Default', 'project_id': 'ccb1589efa094bd8a121fd5817828417', 'project_name': 'tempest-ServerActionsTestOtherA-1398658537', 'tenant_id': 'ccb1589efa094bd8a121fd5817828417', 'tenant_name': 'tempest-ServerActionsTestOtherA-1398658537', 'user_domain_id': 'default', 'user_domain_name': 'Default', 'user_id': 'fe89eba3bb3141ba9935081bbd49e77a', 'system': None}, Network: {'id': '7aa93623-a149-41a8-b466-5dbd7af4d458', 'name': 'tempest-ServerActionsTestOtherA-1122295776-network', 'tenant_id': 'ccb1589efa094bd8a121fd5817828417', 'admin_state_up': True, 'mtu': 8950, 'status': 'ACTIVE', 'subnets': [], 'shared': False, 'project_id': 'ccb1589efa094bd8a121fd5817828417', 'port_security_enabled': True, 'router:external': False, 'provider:network_type': 'vlan', 'provider:physical_network': 'default', 'provider:segmentation_id': 105, 'is_default': False, 'availability_zone_hints': [], 'availability_zones': [], 'ipv4_address_scope': None, 'ipv6_address_scope': None, 'description': '', 'tags': [], 'created_at': '2024-10-09T19:52:39Z', 'updated_at': '2024-10-09T19:52:39Z', 'revision_number': 1}, Subnet: {'id': '6ac71b54-3ebc-4216-a0db-5b6b7fa10532', 'name': 'tempest-ServerActionsTestOtherA-1122295776-subnet', 'tenant_id': 'ccb1589efa094bd8a121fd5817828417', 'network_id': '7aa93623-a149-41a8-b466-5dbd7af4d458', 'ip_version': 4, 'subnetpool_id': None, 'enable_dhcp': True, 'ipv6_ra_mode': None, 'ipv6_address_mode': None, 'gateway_ip': '192.168.128.1', 'cidr': '192.168.128.0/28', 'allocation_pools': [{'start': '192.168.128.2', 'end': '192.168.128.14'}], 'host_routes': [], 'dns_nameservers': [], 'description': '', 'router:external': False, 'service_types': [], 'tags': [], 'created_at': '2024-10-09T19:52:39Z', 'updated_at': '2024-10-09T19:52:39Z', 'revision_number': 0, 'project_id': 'ccb1589efa094bd8a121fd5817828417'}, Router: {'id': 'c066c059-9cfc-448b-babf-0c7581a179f8', 'name': 'tempest-ServerActionsTestOtherA-1122295776-router', 'tenant_id': 'ccb1589efa094bd8a121fd5817828417', 'admin_state_up': True, 'status': 'ACTIVE', 'external_gateway_info': {'network_id': 'dbad42ef-741a-4ea0-8457-bed8afee6a90', 'external_fixed_ips': [{'subnet_id': '0f03b97b-8827-4e7c-adf6-66f9088bc924', 'ip_address': '10.180.180.161'}], 'enable_snat': True}, 'description': '', 'availability_zones': [], 'distributed': False, 'ha': False, 'availability_zone_hints': [], 'routes': [], 'flavor_id': None, 'tags': [], 'created_at': '2024-10-09T19:52:39Z', 'updated_at': '2024-10-09T19:52:40Z', 'revision_number': 2, 'project_id': 'ccb1589efa094bd8a121fd5817828417'}
2024-10-09 19:52:44.924 61966 INFO tempest.lib.common.rest_client [req-6a568750-e907-4ddd-b5e8-d1c79ec4740d req-6a568750-e907-4ddd-b5e8-d1c79ec4740d ] Request (ServicesAdminNegativeTestJSON:setUpClass): 201 POST http://10.180.1.21/identity/v3/auth/tokens 0.069s
2024-10-09 19:52:44.961 61966 INFO tempest.lib.common.rest_client [req-ce033ac8-fb53-41e8-8c72-e82fff94aa88 req-ce033ac8-fb53-41e8-8c72-e82fff94aa88 ] Request (ServicesAdminNegativeTestJSON:setUpClass): 201 POST http://10.180.1.21/identity/v3/auth/tokens 0.032s
2024-10-09 19:52:44.962 62024 INFO tempest.lib.common.rest_client [req-c430cc04-442c-4050-a9ee-0e1d36a26ef0 req-c430cc04-442c-4050-a9ee-0e1d36a26ef0 ] Request (ServersV294TestFqdnHostnames:setUpClass): 202 POST http://10.180.1.21/compute/v2.1/servers 2.651s
2024-10-09 19:52:44.984 61966 INFO tempest.lib.common.rest_client [req-c2adde6a-e71b-4edc-bc48-5289816c45d2 req-c2adde6a-e71b-4edc-bc48-5289816c45d2 ] Request (ServicesAdminNegativeTestJSON:setUpClass): 200 GET http://10.180.1.21/identity/v3/domains?name=Default 0.022s
2024-10-09 19:52:45.006 61972 INFO tempest.lib.common.rest_client [req-60845618-9121-4179-b927-4dbca33a31cf req-60845618-9121-4179-b927-4dbca33a31cf ] Request (ServerActionsTestOtherA:setUpClass): 201 POST http://10.180.1.21/identity/v3/auth/tokens 0.098s
2024-10-09 19:52:45.019 61966 INFO tempest.lib.common.rest_client [req-59a4a784-d741-4013-b161-1c5f34a9fc62 req-59a4a784-d741-4013-b161-1c5f34a9fc62 ] Request (ServicesAdminNegativeTestJSON:setUpClass): 201 POST http://10.180.1.21/identity/v3/projects 0.035s
2024-10-09 19:52:45.042 61978 INFO tempest.lib.common.rest_client [req-a443ceec-2760-4b32-b89c-46dd7b27644d req-a443ceec-2760-4b32-b89c-46dd7b27644d ] Request (DeleteServersAdminTestJSON:test_admin_delete_servers_of_others): 200 GET http://10.180.1.21/compute/v2.1/servers/df682d97-53c1-4a18-8800-b23f3fc66018 0.979s
2024-10-09 19:52:45.080 61982 INFO tempest.lib.common.rest_client [req-b08ce1a0-6f30-4141-9ccb-2e391517a082 req-b08ce1a0-6f30-4141-9ccb-2e391517a082 ] Request (AttachInterfacesUnderV243Test:setUpClass): 201 POST http://10.180.1.21:9696/networking/v2.0/routers 2.887s
2024-10-09 19:52:45.092 61966 INFO tempest.lib.common.rest_client [req-4676e95e-f643-48d3-a160-2dac722678bb req-4676e95e-f643-48d3-a160-2dac722678bb ] Request (ServicesAdminNegativeTestJSON:setUpClass): 201 POST http://10.180.1.21/identity/v3/users 0.072s
2024-10-09 19:52:45.117 61966 INFO tempest.lib.common.rest_client [req-693839c9-8dd6-4ae7-aaa3-e67a792dcfc3 req-693839c9-8dd6-4ae7-aaa3-e67a792dcfc3 ] Request (ServicesAdminNegativeTestJSON:setUpClass): 200 GET http://10.180.1.21/identity/v3/roles 0.024s
2024-10-09 19:52:45.145 61966 INFO tempest.lib.common.rest_client [req-40766b2b-0a1e-4022-849c-9084eaaee6c9 req-40766b2b-0a1e-4022-849c-9084eaaee6c9 ] Request (ServicesAdminNegativeTestJSON:setUpClass): 204 PUT http://10.180.1.21/identity/v3/projects/08d3653b9e9c4362a1f451116cd2cdca/users/8889162a96d545fb93a8a33bf33979d7/roles/5f80f22af14544cb85b78ec9c1f69e85 0.028s
2024-10-09 19:52:45.146 61966 INFO tempest.lib.common.dynamic_creds [-] Dynamic test user 8889162a96d545fb93a8a33bf33979d7 is created with scope project and roles: ['member']
2024-10-09 19:52:45.146 61966 INFO tempest.lib.common.dynamic_creds [-] Acquired dynamic creds: credentials: Credentials: {'domain_id': 'default', 'domain_name': 'Default', 'username': 'tempest-ServicesAdminNegativeTestJSON-1312277898-project-member', 'project_domain_id': 'default', 'project_domain_name': 'Default', 'project_id': '08d3653b9e9c4362a1f451116cd2cdca', 'project_name': 'tempest-ServicesAdminNegativeTestJSON-1312277898', 'tenant_id': '08d3653b9e9c4362a1f451116cd2cdca', 'tenant_name': 'tempest-ServicesAdminNegativeTestJSON-1312277898', 'user_domain_id': 'default', 'user_domain_name': 'Default', 'user_id': '8889162a96d545fb93a8a33bf33979d7', 'system': None}, Network: None, Subnet: None, Router: None
2024-10-09 19:52:45.146 61966 INFO tempest.lib.common.dynamic_creds [-] Created isolated network resources for: credentials: Credentials: {'domain_id': 'default', 'domain_name': 'Default', 'username': 'tempest-ServicesAdminNegativeTestJSON-1312277898-project-member', 'project_domain_id': 'default', 'project_domain_name': 'Default', 'project_id': '08d3653b9e9c4362a1f451116cd2cdca', 'project_name': 'tempest-ServicesAdminNegativeTestJSON-1312277898', 'tenant_id': '08d3653b9e9c4362a1f451116cd2cdca', 'tenant_name': 'tempest-ServicesAdminNegativeTestJSON-1312277898', 'user_domain_id': 'default', 'user_domain_name': 'Default', 'user_id': '8889162a96d545fb93a8a33bf33979d7', 'system': None}, Network: None, Subnet: None, Router: None
2024-10-09 19:52:45.161 61992 INFO tempest.lib.common.rest_client [req-19be8964-d166-4ba1-bf6c-471116472d89 req-19be8964-d166-4ba1-bf6c-471116472d89 ] Request (FloatingIPsAssociationTestJSON:setUpClass): 200 GET http://10.180.1.21/compute/v2.1/servers/0188dbb6-ae91-4601-83a3-3e3bf55fc753 1.042s
2024-10-09 19:52:45.237 61966 INFO tempest.lib.common.rest_client [req-ce05b95d-ef32-4634-80a9-f1d77f501287 req-ce05b95d-ef32-4634-80a9-f1d77f501287 ] Request (ServicesAdminNegativeTestJSON:setUpClass): 201 POST http://10.180.1.21/identity/v3/auth/tokens 0.086s
2024-10-09 19:52:45.249 61986 INFO tempest.lib.common.rest_client [req-be0dcb08-6fbc-48d1-85ab-a65076eb75e0 req-be0dcb08-6fbc-48d1-85ab-a65076eb75e0 ] Request (QuotasAdminTestJSON:test_get_updated_quotas): 200 PUT http://10.180.1.21/compute/v2.1/os-quota-sets/84fe01a69a1d46ffb0ea5613a613567b?user_id=5ad4440b6021494aa22914b3d3a895c9 1.184s
2024-10-09 19:52:45.259 61998 INFO tempest.lib.common.rest_client [req-5c52ff57-2cea-4c36-b833-0bbe4609fb2b req-5c52ff57-2cea-4c36-b833-0bbe4609fb2b ] Request (AttachInterfacesTestJSON:test_create_list_show_delete_interfaces_by_fixed_ip): 200 GET http://10.180.1.21/compute/v2.1/servers/417480ad-61d9-447d-a84d-0cf5df94f4bc 1.059s
2024-10-09 19:52:45.280 62010 INFO tempest.lib.common.rest_client [req-c1909133-9a5a-4c79-84c1-e379d6d0abb9 req-c1909133-9a5a-4c79-84c1-e379d6d0abb9 ] Request (QuotasSecurityGroupAdminNegativeTest:tearDownClass): 200 GET http://10.180.1.21:9696/networking/v2.0/security-groups?tenant_id=0b0dd6c2778442239c1f9af6cfb08bb8&name=default 0.707s
2024-10-09 19:52:45.287 62002 INFO tempest.lib.common.rest_client [req-017200fc-3770-4779-98fe-12431f4f9404 req-017200fc-3770-4779-98fe-12431f4f9404 ] Request (FlavorsAccessNegativeTestJSON:_run_cleanups): 202 DELETE http://10.180.1.21/compute/v2.1/flavors/687301457 1.013s
2024-10-09 19:52:45.305 62018 INFO tempest.lib.common.rest_client [req-06d00738-379c-43d8-b0cb-22c685c84500 req-06d00738-379c-43d8-b0cb-22c685c84500 ] Request (FlavorsAdminTestJSON:_run_cleanups): 200 GET http://10.180.1.21/compute/v2.1/flavors/detail 1.007s
2024-10-09 19:52:45.334 61966 INFO tempest.lib.common.rest_client [req-75ee0abb-caee-464d-bbcf-f5430072dff4 req-75ee0abb-caee-464d-bbcf-f5430072dff4 ] Request (ServicesAdminNegativeTestJSON:setUpClass): 201 POST http://10.180.1.21/identity/v3/projects 0.097s
2024-10-09 19:52:45.346 62004 INFO tempest.lib.common.rest_client [req-e8df1afd-433f-4dce-a7cb-27c5336326e7 req-e8df1afd-433f-4dce-a7cb-27c5336326e7 ] Request (VolumesAdminNegativeTest:test_update_attached_volume_with_nonexistent_volume_in_body): 200 GET http://10.180.1.21/compute/v2.1/servers/c3b90a4d-e885-453c-9f8e-799adb2400a0 1.142s
2024-10-09 19:52:45.423 62022 INFO tempest.lib.common.rest_client [req-75e124d9-7904-4ce6-ae1b-30982f604a6a req-75e124d9-7904-4ce6-ae1b-30982f604a6a ] Request (VolumesAssistedSnapshotsTest:test_volume_assisted_snapshot_create_delete): 200 GET http://10.180.1.21/compute/v2.1/servers/1b694ac3-385b-4083-a35c-542853354202 1.123s
2024-10-09 19:52:45.423 61966 INFO tempest.lib.common.rest_client [req-fff5cb24-d05e-4907-9325-e20cbfcca47b req-fff5cb24-d05e-4907-9325-e20cbfcca47b ] Request (ServicesAdminNegativeTestJSON:setUpClass): 201 POST http://10.180.1.21/identity/v3/users 0.088s
2024-10-09 19:52:45.429 61970 INFO tempest.lib.common.rest_client [req-34727005-ed5b-4d75-81cb-40bf1edd5c27 req-34727005-ed5b-4d75-81cb-40bf1edd5c27 ] Request (FlavorsV255TestJSON:tearDownClass): 200 GET http://10.180.1.21:9696/networking/v2.0/security-groups?tenant_id=105701d6ee9d44408a5330e04dac2b1b&name=default 0.673s
2024-10-09 19:52:45.441 61974 INFO tempest.lib.common.rest_client [req-3516fa48-de8f-4124-8185-969b0945a64c req-3516fa48-de8f-4124-8185-969b0945a64c ] Request (FlavorsV2TestJSON:test_list_flavors_with_detail): 200 GET http://10.180.1.21/compute/v2.1/flavors/detail 0.919s
2024-10-09 19:52:45.447 61996 INFO tempest.lib.common.rest_client [req-ecac3c24-1251-4301-bcb7-b9ee3137155d req-ecac3c24-1251-4301-bcb7-b9ee3137155d ] Request (ServersAdmin275Test:test_rebuild_update_server_275): 200 GET http://10.180.1.21/compute/v2.1/servers/0408fe1e-e4fa-4649-83dc-afdd335ee30d 1.135s
2024-10-09 19:52:45.449 61966 INFO tempest.lib.common.rest_client [req-af00de53-0c70-4a04-94b4-4459672e852c req-af00de53-0c70-4a04-94b4-4459672e852c ] Request (ServicesAdminNegativeTestJSON:setUpClass): 200 GET http://10.180.1.21/identity/v3/roles 0.025s
2024-10-09 19:52:45.461 62020 INFO tempest.lib.common.rest_client [req-f83cd17e-6ce0-4baa-83db-7c3be609a8e2 req-f83cd17e-6ce0-4baa-83db-7c3be609a8e2 ] Request (KeyPairsV2TestJSON:_run_cleanups): 202 DELETE http://10.180.1.21/compute/v2.1/os-keypairs/tempest-keypair-983068118 0.902s
2024-10-09 19:52:45.485 61966 INFO tempest.lib.common.rest_client [req-775641b7-2d29-48cf-86ab-8d9eea08540a req-775641b7-2d29-48cf-86ab-8d9eea08540a ] Request (ServicesAdminNegativeTestJSON:setUpClass): 204 PUT http://10.180.1.21/identity/v3/projects/a0af40f7dd7b4bc69c6f1fbc062c2cfd/users/ffa424018159484badaec951a8745f3b/roles/299f90a1d6af46ecb49969c22f754d88 0.036s
2024-10-09 19:52:45.487 62014 INFO tempest.lib.common.rest_client [req-1c9c549b-4018-4041-9015-f2683a3ba5bd req-1c9c549b-4018-4041-9015-f2683a3ba5bd ] Request (AggregatesAdminNegativeTestJSON:_run_cleanups): 200 DELETE http://10.180.1.21/compute/v2.1/os-aggregates/6 0.922s
2024-10-09 19:52:45.510 61980 INFO tempest.lib.common.rest_client [req-a82758ef-82ee-49ce-a517-2eac74a607f5 req-a82758ef-82ee-49ce-a517-2eac74a607f5 ] Request (ListImageFiltersTestJSON:setUpClass): 200 GET http://10.180.1.21/compute/v2.1/images/9aa14426-db6a-4ed2-933c-9053dd219700 0.921s
2024-10-09 19:52:45.521 61988 INFO tempest.lib.common.rest_client [req-9fbc2e27-f9b7-4eb1-92da-15d2e66d5e14 req-9fbc2e27-f9b7-4eb1-92da-15d2e66d5e14 ] Request (TenantUsagesNegativeTestJSON:test_get_usage_tenant_with_invalid_date): 400 GET http://10.180.1.21/compute/v2.1/os-simple-tenant-usage/ea27c0c9d5fd49069ae31ede05b328a1?start=2024-10-10T19%3A52%3A44.020259&end=2024-10-08T19%3A52%3A44.020259 0.780s
2024-10-09 19:52:45.555 61966 INFO tempest.lib.common.rest_client [req-48f0d09a-30a4-465b-9d5c-7d06467ccd65 req-48f0d09a-30a4-465b-9d5c-7d06467ccd65 ] Request (ServicesAdminNegativeTestJSON:setUpClass): 200 GET http://10.180.1.21/identity/v3/roles 0.069s
2024-10-09 19:52:45.583 61966 INFO tempest.lib.common.rest_client [req-4a3679fe-5293-4757-9dbb-d9c40980a007 req-4a3679fe-5293-4757-9dbb-d9c40980a007 ] Request (ServicesAdminNegativeTestJSON:setUpClass): 204 PUT http://10.180.1.21/identity/v3/projects/a0af40f7dd7b4bc69c6f1fbc062c2cfd/users/ffa424018159484badaec951a8745f3b/roles/299f90a1d6af46ecb49969c22f754d88 0.028s
2024-10-09 19:52:45.583 61966 INFO tempest.lib.common.dynamic_creds [-] Dynamic test user ffa424018159484badaec951a8745f3b is created with scope project and roles: ['admin']
2024-10-09 19:52:45.584 61966 INFO tempest.lib.common.dynamic_creds [-] Acquired dynamic creds: credentials: Credentials: {'domain_id': 'default', 'domain_name': 'Default', 'username': 'tempest-ServicesAdminNegativeTestJSON-1923618163-project-admin', 'project_domain_id': 'default', 'project_domain_name': 'Default', 'project_id': 'a0af40f7dd7b4bc69c6f1fbc062c2cfd', 'project_name': 'tempest-ServicesAdminNegativeTestJSON-1923618163', 'tenant_id': 'a0af40f7dd7b4bc69c6f1fbc062c2cfd', 'tenant_name': 'tempest-ServicesAdminNegativeTestJSON-1923618163', 'user_domain_id': 'default', 'user_domain_name': 'Default', 'user_id': 'ffa424018159484badaec951a8745f3b', 'system': None}, Network: None, Subnet: None, Router: None
2024-10-09 19:52:45.584 61966 INFO tempest.lib.common.dynamic_creds [-] Created isolated network resources for: credentials: Credentials: {'domain_id': 'default', 'domain_name': 'Default', 'username': 'tempest-ServicesAdminNegativeTestJSON-1923618163-project-admin', 'project_domain_id': 'default', 'project_domain_name': 'Default', 'project_id': 'a0af40f7dd7b4bc69c6f1fbc062c2cfd', 'project_name': 'tempest-ServicesAdminNegativeTestJSON-1923618163', 'tenant_id': 'a0af40f7dd7b4bc69c6f1fbc062c2cfd', 'tenant_name': 'tempest-ServicesAdminNegativeTestJSON-1923618163', 'user_domain_id': 'default', 'user_domain_name': 'Default', 'user_id': 'ffa424018159484badaec951a8745f3b', 'system': None}, Network: None, Subnet: None, Router: None
2024-10-09 19:52:45.626 62010 INFO tempest.lib.common.rest_client [req-1ebd5a6d-52af-4579-b2cd-0a37d42d1dd6 req-1ebd5a6d-52af-4579-b2cd-0a37d42d1dd6 ] Request (QuotasSecurityGroupAdminNegativeTest:tearDownClass): 204 DELETE http://10.180.1.21:9696/networking/v2.0/security-groups/e2f36ba0-afb5-484e-a3e8-841930c36bfb 0.345s
2024-10-09 19:52:45.652 62006 INFO tempest.lib.common.rest_client [req-384248ec-87d5-48ce-82e0-93053559a1a7 req-384248ec-87d5-48ce-82e0-93053559a1a7 ] Request (ServersTestFqdnHostnames:test_create_server_with_fqdn_name): 200 GET http://10.180.1.21/compute/v2.1/servers/7eae5f08-213d-40a1-9d7a-1c4e2b6c3ce7 0.808s
2024-10-09 19:52:45.663 61991 INFO tempest.lib.common.rest_client [req-bb71775e-3cd7-4186-b550-66e820fd1082 req-bb71775e-3cd7-4186-b550-66e820fd1082 ] Request (SecurityGroupsTestJSON:test_list_security_groups_by_server): 200 GET http://10.180.1.21/compute/v2.1/servers/eb8203da-3427-48a8-9ec0-a9d12d8c44d2 0.944s
2024-10-09 19:52:45.740 61966 INFO tempest.lib.common.rest_client [req-eba95314-0309-40bc-94de-df1a5a7121cf req-eba95314-0309-40bc-94de-df1a5a7121cf ] Request (ServicesAdminNegativeTestJSON:setUpClass): 201 POST http://10.180.1.21/identity/v3/auth/tokens 0.151s
2024-10-09 19:52:45.744 62012 INFO tempest.lib.common.rest_client [req-ad89eff9-bac5-48f4-9f29-baf8fc66ce0e req-ad89eff9-bac5-48f4-9f29-baf8fc66ce0e ] Request (ImagesTestJSON:test_create_image_from_stopped_server): 200 GET http://10.180.1.21/compute/v2.1/servers/7bc2075c-2cb2-41c2-9681-780689c1d080 0.807s
2024-10-09 19:52:45.774 62024 INFO tempest.lib.common.rest_client [req-12258830-0f49-46a4-9052-e2b201535dc0 req-12258830-0f49-46a4-9052-e2b201535dc0 ] Request (ServersV294TestFqdnHostnames:setUpClass): 200 GET http://10.180.1.21/compute/v2.1/servers/1331a447-7be8-42b8-9d59-6b97742e49d1 0.810s
2024-10-09 19:52:45.867 62010 INFO tempest.lib.common.rest_client [req-b00b1be4-c5a8-4bea-8b04-b9601366cdd1 req-b00b1be4-c5a8-4bea-8b04-b9601366cdd1 ] Request (QuotasSecurityGroupAdminNegativeTest:tearDownClass): 204 DELETE http://10.180.1.21/identity/v3/projects/0b0dd6c2778442239c1f9af6cfb08bb8 0.240s
2024-10-09 19:52:45.867 62010 INFO tempest.lib.common.dynamic_creds [-] Deleting project and security group for project: 30e1c4cebf46420aaa61d09dca2d9481
2024-10-09 19:52:45.899 61972 INFO tempest.lib.common.rest_client [req-cc39972d-8fe5-43c3-8329-0d74077dbaab req-cc39972d-8fe5-43c3-8329-0d74077dbaab ] Request (ServerActionsTestOtherA:setUpClass): 200 POST http://10.180.1.21/compute/v2.1/os-keypairs 0.891s
2024-10-09 19:52:45.921 62002 INFO tempest.lib.common.rest_client [req-038dbf6a-dd85-4036-a8b8-48ddfd6a32fc req-038dbf6a-dd85-4036-a8b8-48ddfd6a32fc ] Request (FlavorsAccessNegativeTestJSON:_run_cleanups): 200 GET http://10.180.1.21/compute/v2.1/flavors/detail 0.634s
2024-10-09 19:52:45.956 62018 INFO tempest.lib.common.rest_client [req-965e6e54-b3c8-4f4f-9c88-4710e5727c83 req-965e6e54-b3c8-4f4f-9c88-4710e5727c83 ] Request (FlavorsAdminTestJSON:test_is_public_string_variations): 200 POST http://10.180.1.21/compute/v2.1/flavors 0.639s
2024-10-09 19:52:46.008 61986 INFO tempest.lib.common.rest_client [req-8fec8e4b-7e05-497a-93df-ab2170e44c2c req-8fec8e4b-7e05-497a-93df-ab2170e44c2c ] Request (QuotasAdminTestJSON:test_get_updated_quotas): 200 GET http://10.180.1.21/compute/v2.1/os-quota-sets/84fe01a69a1d46ffb0ea5613a613567b?user_id=5ad4440b6021494aa22914b3d3a895c9 0.757s
2024-10-09 19:52:46.024 61974 INFO tempest.lib.common.rest_client [req-7d57febf-4914-4fb0-b6d0-792b892a66d4 req-7d57febf-4914-4fb0-b6d0-792b892a66d4 ] Request (FlavorsV2TestJSON:test_list_flavors_with_detail): 200 GET http://10.180.1.21/compute/v2.1/flavors/42 0.575s
2024-10-09 19:52:46.036 61970 INFO tempest.lib.common.rest_client [req-08a5bedf-a4e3-484a-9ad9-a200fee85214 req-08a5bedf-a4e3-484a-9ad9-a200fee85214 ] Request (FlavorsV255TestJSON:tearDownClass): 204 DELETE http://10.180.1.21:9696/networking/v2.0/security-groups/450a787e-0b88-40c1-98db-2a1c619be2d4 0.606s
2024-10-09 19:52:46.060 62020 INFO tempest.lib.common.rest_client [req-e4e22ed3-45d8-44a4-b2ea-dd3f28178ab1 req-e4e22ed3-45d8-44a4-b2ea-dd3f28178ab1 ] Request (KeyPairsV2TestJSON:test_keypair_create_with_pub_key): 200 POST http://10.180.1.21/compute/v2.1/os-keypairs 0.598s
2024-10-09 19:52:46.070 62002 INFO tempest.lib.common.rest_client [req-05492593-e7fd-4f46-b912-b87ef770ba36 req-05492593-e7fd-4f46-b912-b87ef770ba36 ] Request (FlavorsAccessNegativeTestJSON:tearDownClass): 204 DELETE http://10.180.1.21/identity/v3/users/a83737dfb1854485b5b74620c80b0342 0.141s
2024-10-09 19:52:46.073 61964 INFO tempest.lib.common.rest_client [req-c1625d1f-2b4e-42c5-b163-81b848ae19fa req-c1625d1f-2b4e-42c5-b163-81b848ae19fa ] Request (ServersWithSpecificFlavorTestJSON:test_verify_created_server_ephemeral_disk): 200 GET http://10.180.1.21/compute/v2.1/servers/ca31b2ec-0bfb-47d9-9f35-c54659fa7799 0.688s
2024-10-09 19:52:46.078 62014 INFO tempest.lib.common.rest_client [req-40e86071-0dfe-4ab6-aff7-cbbda6cd2132 req-40e86071-0dfe-4ab6-aff7-cbbda6cd2132 ] Request (AggregatesAdminNegativeTestJSON:test_aggregate_get_details_with_invalid_id): 404 GET http://10.180.1.21/compute/v2.1/os-aggregates/-1 0.590s
2024-10-09 19:52:46.123 61980 INFO tempest.lib.common.rest_client [req-85e6caca-dd42-42ae-aa6b-a0443a92fb8c req-85e6caca-dd42-42ae-aa6b-a0443a92fb8c ] Request (ListImageFiltersTestJSON:setUpClass): 200 GET http://10.180.1.21/compute/v2.1/images/9aa14426-db6a-4ed2-933c-9053dd219700 0.606s
2024-10-09 19:52:46.176 62009 INFO tempest.lib.common.rest_client [req-653420d0-8a34-4619-af58-904f20bd09c4 req-653420d0-8a34-4619-af58-904f20bd09c4 ] Request (ServerMetadataNegativeTestJSON:setUpClass): 200 PUT http://10.180.1.21:9696/networking/v2.0/routers/aaaef073-37d9-43bb-9c92-d7e42edc8226/add_router_interface 2.615s
2024-10-09 19:52:46.176 62009 INFO tempest.lib.common.dynamic_creds [-] Created isolated network resources for: credentials: Credentials: {'domain_id': 'default', 'domain_name': 'Default', 'username': 'tempest-ServerMetadataNegativeTestJSON-148337351-project-member', 'project_domain_id': 'default', 'project_domain_name': 'Default', 'project_id': '5e793b264e244c988a96ab7b27b7c967', 'project_name': 'tempest-ServerMetadataNegativeTestJSON-148337351', 'tenant_id': '5e793b264e244c988a96ab7b27b7c967', 'tenant_name': 'tempest-ServerMetadataNegativeTestJSON-148337351', 'user_domain_id': 'default', 'user_domain_name': 'Default', 'user_id': '8a50259d0cd5468298a107ee352d4c21', 'system': None}, Network: {'id': '112753a9-93e9-43f1-8e72-6ab0c305aecb', 'name': 'tempest-ServerMetadataNegativeTestJSON-1942153309-network', 'tenant_id': '5e793b264e244c988a96ab7b27b7c967', 'admin_state_up': True, 'mtu': 8950, 'status': 'ACTIVE', 'subnets': [], 'shared': False, 'project_id': '5e793b264e244c988a96ab7b27b7c967', 'port_security_enabled': True, 'router:external': False, 'provider:network_type': 'vlan', 'provider:physical_network': 'default', 'provider:segmentation_id': 796, 'is_default': False, 'availability_zone_hints': [], 'availability_zones': [], 'ipv4_address_scope': None, 'ipv6_address_scope': None, 'description': '', 'tags': [], 'created_at': '2024-10-09T19:52:40Z', 'updated_at': '2024-10-09T19:52:40Z', 'revision_number': 1}, Subnet: {'id': '31bcc009-341d-40fb-bf60-5b8e230f5aa6', 'name': 'tempest-ServerMetadataNegativeTestJSON-1942153309-subnet', 'tenant_id': '5e793b264e244c988a96ab7b27b7c967', 'network_id': '112753a9-93e9-43f1-8e72-6ab0c305aecb', 'ip_version': 4, 'subnetpool_id': None, 'enable_dhcp': True, 'ipv6_ra_mode': None, 'ipv6_address_mode': None, 'gateway_ip': '192.168.128.1', 'cidr': '192.168.128.0/28', 'allocation_pools': [{'start': '192.168.128.2', 'end': '192.168.128.14'}], 'host_routes': [], 'dns_nameservers': [], 'description': '', 'router:external': False, 'service_types': [], 'tags': [], 'created_at': '2024-10-09T19:52:40Z', 'updated_at': '2024-10-09T19:52:40Z', 'revision_number': 0, 'project_id': '5e793b264e244c988a96ab7b27b7c967'}, Router: {'id': 'aaaef073-37d9-43bb-9c92-d7e42edc8226', 'name': 'tempest-ServerMetadataNegativeTestJSON-1942153309-router', 'tenant_id': '5e793b264e244c988a96ab7b27b7c967', 'admin_state_up': True, 'status': 'ACTIVE', 'external_gateway_info': {'network_id': 'dbad42ef-741a-4ea0-8457-bed8afee6a90', 'external_fixed_ips': [{'subnet_id': '0f03b97b-8827-4e7c-adf6-66f9088bc924', 'ip_address': '10.180.180.138'}], 'enable_snat': True}, 'description': '', 'availability_zones': [], 'distributed': False, 'ha': False, 'availability_zone_hints': [], 'routes': [], 'flavor_id': None, 'tags': [], 'created_at': '2024-10-09T19:52:41Z', 'updated_at': '2024-10-09T19:52:42Z', 'revision_number': 2, 'project_id': '5e793b264e244c988a96ab7b27b7c967'}
2024-10-09 19:52:46.191 61976 INFO tempest.lib.common.rest_client [req-a22b0e9f-8c63-422d-bf29-9445c5ea7f99 req-a22b0e9f-8c63-422d-bf29-9445c5ea7f99 ] Request (MigrationsAdminTest:test_list_migrations_in_flavor_resize_situation): 200 GET http://10.180.1.21/compute/v2.1/servers/438d040b-c86f-47ab-8d22-e0e86c41ac43 0.700s
2024-10-09 19:52:46.192 61986 INFO tempest.lib.common.rest_client [req-e47de1d1-d348-477f-b402-671c272cf8ab req-e47de1d1-d348-477f-b402-671c272cf8ab ] Request (QuotasAdminTestJSON:_run_cleanups): 204 DELETE http://10.180.1.21/identity/v3/users/5ad4440b6021494aa22914b3d3a895c9 0.182s
2024-10-09 19:52:46.192 61974 INFO tempest.lib.common.rest_client [req-bd0ea298-4413-4721-b8da-7052b0cecf7b req-bd0ea298-4413-4721-b8da-7052b0cecf7b ] Request (FlavorsV2TestJSON:tearDownClass): 204 DELETE http://10.180.1.21/identity/v3/users/8995293f81a04ac7890a958184485aa4 0.165s
2024-10-09 19:52:46.192 61974 INFO tempest.lib.common.dynamic_creds [-] Deleting project and security group for project: a2b038065cb9498b91ce6fe7ea7465ce
2024-10-09 19:52:46.284 62002 INFO tempest.lib.common.rest_client [req-ee683d80-5183-4640-b5fa-2909b782b639 req-ee683d80-5183-4640-b5fa-2909b782b639 ] Request (FlavorsAccessNegativeTestJSON:tearDownClass): 204 DELETE http://10.180.1.21/identity/v3/users/e2cbc97cd368409b822e7d90c366f6f9 0.213s
2024-10-09 19:52:46.300 61970 INFO tempest.lib.common.rest_client [req-f5dbe92f-ee3c-440d-92b9-88845e9327b9 req-f5dbe92f-ee3c-440d-92b9-88845e9327b9 ] Request (FlavorsV255TestJSON:tearDownClass): 204 DELETE http://10.180.1.21/identity/v3/projects/105701d6ee9d44408a5330e04dac2b1b 0.264s
2024-10-09 19:52:46.301 61970 INFO tempest.lib.common.dynamic_creds [-] Deleting project and security group for project: ba44401dfde44d66bd655660afb42589
2024-10-09 19:52:46.309 62010 INFO tempest.lib.common.rest_client [req-d944c03a-9049-491a-88eb-fad6316ced8b req-d944c03a-9049-491a-88eb-fad6316ced8b ] Request (QuotasSecurityGroupAdminNegativeTest:tearDownClass): 200 GET http://10.180.1.21:9696/networking/v2.0/security-groups?tenant_id=30e1c4cebf46420aaa61d09dca2d9481&name=default 0.442s
2024-10-09 19:52:46.341 61972 INFO tempest.lib.common.rest_client [req-ab693606-3b10-4a97-92e1-9492b43b09b1 req-ab693606-3b10-4a97-92e1-9492b43b09b1 ] Request (ServerActionsTestOtherA:setUpClass): 201 POST http://10.180.1.21:9696/networking/v2.0/security-groups 0.440s
2024-10-09 19:52:46.380 61988 INFO tempest.lib.common.rest_client [req-6eeeda4c-2a40-498d-8ebf-e7f423a7ab77 req-6eeeda4c-2a40-498d-8ebf-e7f423a7ab77 ] Request (TenantUsagesNegativeTestJSON:test_list_usage_all_tenants_with_non_admin_user): 403 GET http://10.180.1.21/compute/v2.1/os-simple-tenant-usage?start=2024-10-08T19%3A52%3A44.020259&end=2024-10-10T19%3A52%3A44.020259&detailed=1 0.858s
2024-10-09 19:52:46.435 62009 INFO tempest.lib.common.rest_client [req-2c4a0a60-6625-4f6f-8878-23bd847c68c7 req-2c4a0a60-6625-4f6f-8878-23bd847c68c7 ] Request (ServerMetadataNegativeTestJSON:setUpClass): 201 POST http://10.180.1.21/identity/v3/auth/tokens 0.252s
2024-10-09 19:52:46.436 62009 WARNING tempest.lib.common.rest_client [-] Deprecated: "tenant_id" property is deprecated for removal, use "project_id" instead
2024-10-09 19:52:46.454 61986 INFO tempest.lib.common.rest_client [req-f83de4b3-b69c-482b-97d3-152ff48e6cd5 req-f83de4b3-b69c-482b-97d3-152ff48e6cd5 ] Request (QuotasAdminTestJSON:_run_cleanups): 204 DELETE http://10.180.1.21/identity/v3/projects/84fe01a69a1d46ffb0ea5613a613567b 0.262s
2024-10-09 19:52:46.515 61974 INFO tempest.lib.common.rest_client [req-fbab5987-0fea-4f9c-9996-7b21546f41bd req-fbab5987-0fea-4f9c-9996-7b21546f41bd ] Request (FlavorsV2TestJSON:tearDownClass): 201 POST http://10.180.1.21/identity/v3/auth/tokens 0.323s
2024-10-09 19:52:46.600 62002 INFO tempest.lib.common.rest_client [req-69f6faf2-f7ed-48c9-853a-7c98582498e5 req-69f6faf2-f7ed-48c9-853a-7c98582498e5 ] Request (FlavorsAccessNegativeTestJSON:tearDownClass): 204 DELETE http://10.180.1.21/identity/v3/users/c3922a8a702444fa8326d127e98c88fd 0.316s
2024-10-09 19:52:46.601 62002 INFO tempest.lib.common.dynamic_creds [-] Deleting project and security group for project: 71dc38e4681241798538ed3841c6028d
2024-10-09 19:52:46.604 61970 INFO tempest.lib.common.rest_client [req-6aba5f14-4031-4e09-8275-bd8d95522cab req-6aba5f14-4031-4e09-8275-bd8d95522cab ] Request (FlavorsV255TestJSON:tearDownClass): 200 GET http://10.180.1.21:9696/networking/v2.0/security-groups?tenant_id=ba44401dfde44d66bd655660afb42589&name=default 0.303s
2024-10-09 19:52:46.607 61972 INFO tempest.lib.common.rest_client [req-71ba3e23-171a-4c4a-b04b-55df571962d8 req-71ba3e23-171a-4c4a-b04b-55df571962d8 ] Request (ServerActionsTestOtherA:setUpClass): 201 POST http://10.180.1.21:9696/networking/v2.0/security-group-rules 0.264s
2024-10-09 19:52:46.614 61966 INFO tempest.lib.common.rest_client [req-500773cc-cd03-4956-9313-47db4ce00c85 req-500773cc-cd03-4956-9313-47db4ce00c85 ] Request (ServicesAdminNegativeTestJSON:test_get_service_by_invalid_params): 200 GET http://10.180.1.21/compute/v2.1/os-services 0.872s
2024-10-09 19:52:46.651 62018 INFO tempest.lib.common.rest_client [req-5275e2bd-8da4-4eac-b118-d9db17198767 req-5275e2bd-8da4-4eac-b118-d9db17198767 ] Request (FlavorsAdminTestJSON:test_is_public_string_variations): 200 POST http://10.180.1.21/compute/v2.1/flavors 0.693s
2024-10-09 19:52:46.745 61988 INFO tempest.lib.common.rest_client [req-0932e3b9-481e-45b5-8444-928959f14948 req-0932e3b9-481e-45b5-8444-928959f14948 ] Request (TenantUsagesNegativeTestJSON:tearDownClass): 204 DELETE http://10.180.1.21/identity/v3/users/5fb2956b69b04a4faa217dfe18527094 0.362s
2024-10-09 19:52:46.752 62009 INFO tempest.lib.common.rest_client [req-8ddef567-4058-4b33-9aed-8360f0416320 req-8ddef567-4058-4b33-9aed-8360f0416320 ] Request (ServerMetadataNegativeTestJSON:setUpClass): 201 POST http://10.180.1.21/identity/v3/auth/tokens 0.312s
2024-10-09 19:52:46.753 62009 INFO tempest.lib.common.fixed_network [-] (ServerMetadataNegativeTestJSON:setUpClass) Found network {'id': '112753a9-93e9-43f1-8e72-6ab0c305aecb', 'name': 'tempest-ServerMetadataNegativeTestJSON-1942153309-network', 'tenant_id': '5e793b264e244c988a96ab7b27b7c967', 'admin_state_up': True, 'mtu': 8950, 'status': 'ACTIVE', 'subnets': [], 'shared': False, 'project_id': '5e793b264e244c988a96ab7b27b7c967', 'port_security_enabled': True, 'router:external': False, 'provider:network_type': 'vlan', 'provider:physical_network': 'default', 'provider:segmentation_id': 796, 'is_default': False, 'availability_zone_hints': [], 'availability_zones': [], 'ipv4_address_scope': None, 'ipv6_address_scope': None, 'description': '', 'tags': [], 'created_at': '2024-10-09T19:52:40Z', 'updated_at': '2024-10-09T19:52:40Z', 'revision_number': 1} available for tenant
2024-10-09 19:52:46.782 61978 INFO tempest.lib.common.rest_client [req-63c2674c-2847-4082-9066-cc763b32808e req-63c2674c-2847-4082-9066-cc763b32808e ] Request (DeleteServersAdminTestJSON:test_admin_delete_servers_of_others): 200 GET http://10.180.1.21/compute/v2.1/servers/df682d97-53c1-4a18-8800-b23f3fc66018 0.730s
2024-10-09 19:52:46.809 62020 INFO tempest.lib.common.rest_client [req-316319ab-c7b1-4ffa-8f57-fb282e2bd683 req-316319ab-c7b1-4ffa-8f57-fb282e2bd683 ] Request (KeyPairsV2TestJSON:_run_cleanups): 202 DELETE http://10.180.1.21/compute/v2.1/os-keypairs/tempest-keypair-488302693 0.747s
2024-10-09 19:52:46.815 62014 INFO tempest.lib.common.rest_client [req-9d79088f-9acd-4816-afad-35cba2ea3791 req-9d79088f-9acd-4816-afad-35cba2ea3791 ] Request (AggregatesAdminNegativeTestJSON:test_aggregate_list_as_user): 403 GET http://10.180.1.21/compute/v2.1/os-aggregates 0.733s
2024-10-09 19:52:46.833 62002 INFO tempest.lib.common.rest_client [req-d4398239-b2f4-482b-830a-0ea09f4900a6 req-d4398239-b2f4-482b-830a-0ea09f4900a6 ] Request (FlavorsAccessNegativeTestJSON:tearDownClass): 201 POST http://10.180.1.21/identity/v3/auth/tokens 0.231s
2024-10-09 19:52:46.860 62010 INFO tempest.lib.common.rest_client [req-2cc7dd5f-f14f-41b1-8025-cf6a108a9078 req-2cc7dd5f-f14f-41b1-8025-cf6a108a9078 ] Request (QuotasSecurityGroupAdminNegativeTest:tearDownClass): 204 DELETE http://10.180.1.21:9696/networking/v2.0/security-groups/2fc79a59-de1e-4334-b94f-d92ff7948d70 0.551s
2024-10-09 19:52:46.890 61992 INFO tempest.lib.common.rest_client [req-457e5656-9d70-45f3-99ac-02dd45ca259e req-457e5656-9d70-45f3-99ac-02dd45ca259e ] Request (FloatingIPsAssociationTestJSON:setUpClass): 200 GET http://10.180.1.21/compute/v2.1/servers/0188dbb6-ae91-4601-83a3-3e3bf55fc753 0.714s
2024-10-09 19:52:46.898 61962 INFO tempest.lib.common.rest_client [req-0f621050-f4a7-4e0d-a630-4589ce7f99d4 req-0f621050-f4a7-4e0d-a630-4589ce7f99d4 ] Request (ServerExternalEventsTest:test_create_server_external_events): 200 GET http://10.180.1.21/compute/v2.1/servers/7d0e752f-9b39-4d01-bedc-5315927deea8 1.059s
2024-10-09 19:52:46.980 61998 INFO tempest.lib.common.rest_client [req-4f900aa8-c363-4e63-a108-6aa52072e033 req-4f900aa8-c363-4e63-a108-6aa52072e033 ] Request (AttachInterfacesTestJSON:test_create_list_show_delete_interfaces_by_fixed_ip): 200 GET http://10.180.1.21/compute/v2.1/servers/417480ad-61d9-447d-a84d-0cf5df94f4bc 0.713s
2024-10-09 19:52:46.981 61988 INFO tempest.lib.common.rest_client [req-54dd6d00-f8aa-4e5b-8f34-5f94569967c5 req-54dd6d00-f8aa-4e5b-8f34-5f94569967c5 ] Request (TenantUsagesNegativeTestJSON:tearDownClass): 204 DELETE http://10.180.1.21/identity/v3/users/b7b750ce06204188b5b58a6b82548727 0.236s
2024-10-09 19:52:46.981 61988 INFO tempest.lib.common.dynamic_creds [-] Deleting project and security group for project: 034a488e3f8247ddb4f7b0d472b4742a
2024-10-09 19:52:47.007 62004 INFO tempest.lib.common.rest_client [req-4b6c186d-9e02-4a79-8b28-46acdd6b5a12 req-4b6c186d-9e02-4a79-8b28-46acdd6b5a12 ] Request (VolumesAdminNegativeTest:test_update_attached_volume_with_nonexistent_volume_in_body): 200 GET http://10.180.1.21/compute/v2.1/servers/c3b90a4d-e885-453c-9f8e-799adb2400a0 0.653s
2024-10-09 19:52:47.014 61972 INFO tempest.lib.common.rest_client [req-7fe9b567-5f4a-4f06-9356-a9273e9a3d0e req-7fe9b567-5f4a-4f06-9356-a9273e9a3d0e ] Request (ServerActionsTestOtherA:setUpClass): 201 POST http://10.180.1.21:9696/networking/v2.0/security-group-rules 0.406s
2024-10-09 19:52:47.060 61970 INFO tempest.lib.common.rest_client [req-e18e3c9a-84c1-42da-9b29-ef017b5ad9e1 req-e18e3c9a-84c1-42da-9b29-ef017b5ad9e1 ] Request (FlavorsV255TestJSON:tearDownClass): 204 DELETE http://10.180.1.21:9696/networking/v2.0/security-groups/c704af08-8e6c-48f3-b91d-d9cfe9f8becf 0.455s
2024-10-09 19:52:47.065 62010 INFO tempest.lib.common.rest_client [req-0a22924d-f1b0-41be-8738-2caa0cefb55e req-0a22924d-f1b0-41be-8738-2caa0cefb55e ] Request (QuotasSecurityGroupAdminNegativeTest:tearDownClass): 204 DELETE http://10.180.1.21/identity/v3/projects/30e1c4cebf46420aaa61d09dca2d9481 0.201s
2024-10-09 19:52:47.074 62022 INFO tempest.lib.common.rest_client [req-5259053b-3c96-4fd4-af59-213855311040 req-5259053b-3c96-4fd4-af59-213855311040 ] Request (VolumesAssistedSnapshotsTest:test_volume_assisted_snapshot_create_delete): 200 GET http://10.180.1.21/compute/v2.1/servers/1b694ac3-385b-4083-a35c-542853354202 0.633s
2024-10-09 19:52:47.127 61980 INFO tempest.lib.common.rest_client [req-40527353-8152-4537-9f07-410059ae756c req-40527353-8152-4537-9f07-410059ae756c ] Request (ListImageFiltersTestJSON:setUpClass): 201 POST http://10.180.1.21/image/v2/images 1.000s
2024-10-09 19:52:47.131 61988 INFO tempest.lib.common.rest_client [req-c6eff0a0-3a41-4acc-9f8e-54056259c312 req-c6eff0a0-3a41-4acc-9f8e-54056259c312 ] Request (TenantUsagesNegativeTestJSON:tearDownClass): 201 POST http://10.180.1.21/identity/v3/auth/tokens 0.149s
2024-10-09 19:52:47.158 62010 INFO tempest.lib.common.rest_client [req-e08888b7-03f4-4a88-ae70-a9f4e6af6204 req-e08888b7-03f4-4a88-ae70-a9f4e6af6204 ] Request (ServersTestJSON:setUpClass): 201 POST http://10.180.1.21/identity/v3/auth/tokens 0.091s
2024-10-09 19:52:47.167 61996 INFO tempest.lib.common.rest_client [req-25f084c6-8073-4878-84af-3974672ef785 req-25f084c6-8073-4878-84af-3974672ef785 ] Request (ServersAdmin275Test:test_rebuild_update_server_275): 200 GET http://10.180.1.21/compute/v2.1/servers/0408fe1e-e4fa-4649-83dc-afdd335ee30d 0.706s
2024-10-09 19:52:47.191 61966 INFO tempest.lib.common.rest_client [req-4bcc36a6-6d27-4544-9212-191e95969408 req-4bcc36a6-6d27-4544-9212-191e95969408 ] Request (ServicesAdminNegativeTestJSON:test_get_service_by_invalid_params): 200 GET http://10.180.1.21/compute/v2.1/os-services?xxx=nova-compute 0.575s
2024-10-09 19:52:47.213 62018 INFO tempest.lib.common.rest_client [req-53e2b676-fc8e-424c-bab3-5a98de507792 req-53e2b676-fc8e-424c-bab3-5a98de507792 ] Request (FlavorsAdminTestJSON:test_is_public_string_variations): 200 GET http://10.180.1.21/compute/v2.1/flavors/detail?is_public=f 0.558s
2024-10-09 19:52:47.217 61970 INFO tempest.lib.common.rest_client [req-dda07b38-1f3a-4148-937d-bb0ff66c7a2d req-dda07b38-1f3a-4148-937d-bb0ff66c7a2d ] Request (FlavorsV255TestJSON:tearDownClass): 204 DELETE http://10.180.1.21/identity/v3/projects/ba44401dfde44d66bd655660afb42589 0.156s
2024-10-09 19:52:47.226 61968 INFO tempest.lib.common.rest_client [req-7c55e2aa-7f22-420f-a555-2560d123c3a2 req-7c55e2aa-7f22-420f-a555-2560d123c3a2 ] Request (ServerRescueTestJSON:setUpClass): 201 POST http://10.180.1.21:9696/networking/v2.0/routers 2.935s
2024-10-09 19:52:47.279 61974 INFO tempest.lib.common.rest_client [req-4a0eef5d-2952-41d9-9a08-a591e703b6ee req-4a0eef5d-2952-41d9-9a08-a591e703b6ee ] Request (FlavorsV2TestJSON:tearDownClass): 200 GET http://10.180.1.21:9696/networking/v2.0/security-groups?tenant_id=a2b038065cb9498b91ce6fe7ea7465ce&name=default 0.762s
2024-10-09 19:52:47.308 62002 INFO tempest.lib.common.rest_client [req-547f948f-b3af-4ec6-93ec-931f4f9776f9 req-547f948f-b3af-4ec6-93ec-931f4f9776f9 ] Request (FlavorsAccessNegativeTestJSON:tearDownClass): 200 GET http://10.180.1.21:9696/networking/v2.0/security-groups?tenant_id=71dc38e4681241798538ed3841c6028d&name=default 0.474s
2024-10-09 19:52:47.311 61986 INFO tempest.lib.common.rest_client [req-cf0ccc21-b94b-40f4-9347-4ca7c588e744 req-cf0ccc21-b94b-40f4-9347-4ca7c588e744 ] Request (QuotasAdminTestJSON:test_update_all_quota_resources_for_tenant): 200 GET http://10.180.1.21/compute/v2.1/os-quota-sets/bf6dc683768b4ce2b59ec04eb5331d60/defaults 0.855s
2024-10-09 19:52:47.311 62006 INFO tempest.lib.common.rest_client [req-418ea760-ade5-4318-b5fb-2e17802d39d6 req-418ea760-ade5-4318-b5fb-2e17802d39d6 ] Request (ServersTestFqdnHostnames:test_create_server_with_fqdn_name): 200 GET http://10.180.1.21/compute/v2.1/servers/7eae5f08-213d-40a1-9d7a-1c4e2b6c3ce7 0.644s
2024-10-09 19:52:47.329 62010 INFO tempest.lib.common.rest_client [req-a14700f8-b92a-4a74-89bf-eef30f7ff174 req-a14700f8-b92a-4a74-89bf-eef30f7ff174 ] Request (ServersTestJSON:setUpClass): 201 POST http://10.180.1.21/identity/v3/auth/tokens 0.168s
2024-10-09 19:52:47.347 61970 INFO tempest.lib.common.rest_client [req-50cc81d3-6fcd-4aec-91bb-ce13aa9d1941 req-50cc81d3-6fcd-4aec-91bb-ce13aa9d1941 ] Request (ImagesOneServerTestJSON:setUpClass): 201 POST http://10.180.1.21/identity/v3/auth/tokens 0.128s
2024-10-09 19:52:47.365 62010 INFO tempest.lib.common.rest_client [req-2cce57e1-8e86-48c4-b517-7185396d95eb req-2cce57e1-8e86-48c4-b517-7185396d95eb ] Request (ServersTestJSON:setUpClass): 200 GET http://10.180.1.21/identity/v3/domains?name=Default 0.036s
2024-10-09 19:52:47.388 61970 INFO tempest.lib.common.rest_client [req-d3dc5cb1-9216-44d9-8e21-a3f8cb3fd459 req-d3dc5cb1-9216-44d9-8e21-a3f8cb3fd459 ] Request (ImagesOneServerTestJSON:setUpClass): 201 POST http://10.180.1.21/identity/v3/auth/tokens 0.039s
2024-10-09 19:52:47.406 61991 INFO tempest.lib.common.rest_client [req-b34f260f-da62-4412-9672-caee2642e861 req-b34f260f-da62-4412-9672-caee2642e861 ] Request (SecurityGroupsTestJSON:test_list_security_groups_by_server): 200 GET http://10.180.1.21/compute/v2.1/servers/eb8203da-3427-48a8-9ec0-a9d12d8c44d2 0.730s
2024-10-09 19:52:47.413 62010 INFO tempest.lib.common.rest_client [req-9596eefc-33c4-4488-8e0c-8bc5b2321ce4 req-9596eefc-33c4-4488-8e0c-8bc5b2321ce4 ] Request (ServersTestJSON:setUpClass): 201 POST http://10.180.1.21/identity/v3/projects 0.048s
2024-10-09 19:52:47.459 61970 INFO tempest.lib.common.rest_client [req-3fd13134-8dd9-4a3d-8c8c-ff30c0fbc4c7 req-3fd13134-8dd9-4a3d-8c8c-ff30c0fbc4c7 ] Request (ImagesOneServerTestJSON:setUpClass): 200 GET http://10.180.1.21/identity/v3/domains?name=Default 0.070s
2024-10-09 19:52:47.467 62010 INFO tempest.lib.common.rest_client [req-e2b6fc4e-9eff-4585-aefa-5830bc6c30d0 req-e2b6fc4e-9eff-4585-aefa-5830bc6c30d0 ] Request (ServersTestJSON:setUpClass): 201 POST http://10.180.1.21/identity/v3/users 0.053s
2024-10-09 19:52:47.492 61994 INFO tempest.lib.common.rest_client [req-f8a6a2e2-a62e-47f0-9873-c561c0469438 req-f8a6a2e2-a62e-47f0-9873-c561c0469438 ] Request (ServerDiskConfigTestJSON:setUpClass): 200 PUT http://10.180.1.21:9696/networking/v2.0/routers/ae842b39-2610-45ed-92ac-670820a610f8/add_router_interface 3.965s
