2024-10-09 19:52:31.733 61972 INFO tempest.lib.common.dynamic_creds [-] Deleting project and security group for project: ae7bcc4d02734f6eaef2f1065d15a196
2024-10-09 19:52:31.800 62006 INFO tempest.lib.common.rest_client [req-d4c1a8c2-9950-4a6c-9504-19d1fe27612c req-d4c1a8c2-9950-4a6c-9504-19d1fe27612c ] Request (ServersTestFqdnHostnames:setUpClass): 201 POST http://10.180.1.21/identity/v3/auth/tokens 0.186s
2024-10-09 19:52:31.829 61986 INFO tempest.lib.common.rest_client [req-a9bfbc96-d3fb-43d1-bcf7-ce54c63508bb req-a9bfbc96-d3fb-43d1-bcf7-ce54c63508bb ] Request (QuotasAdminTestJSON:test_delete_quota): 201 POST http://10.180.1.21/identity/v3/projects 0.235s
2024-10-09 19:52:31.885 61972 INFO tempest.lib.common.rest_client [req-b2855731-78a1-4fe8-a663-fbd19dc7ebf0 req-b2855731-78a1-4fe8-a663-fbd19dc7ebf0 ] Request (QuotaClassesAdminTestJSON:tearDownClass): 201 POST http://10.180.1.21/identity/v3/auth/tokens 0.151s
2024-10-09 19:52:31.903 62006 INFO tempest.lib.common.rest_client [req-00aa7923-a46f-4a82-b898-99c3ea0bfff7 req-00aa7923-a46f-4a82-b898-99c3ea0bfff7 ] Request (ServersTestFqdnHostnames:setUpClass): 200 GET http://10.180.1.21/identity/v3/domains?name=Default 0.102s
2024-10-09 19:52:31.961 62006 INFO tempest.lib.common.rest_client [req-7bdac90c-1549-4314-8b87-081a14ccc696 req-7bdac90c-1549-4314-8b87-081a14ccc696 ] Request (ServersTestFqdnHostnames:setUpClass): 201 POST http://10.180.1.21/identity/v3/projects 0.057s
2024-10-09 19:52:31.964 61986 INFO tempest.lib.common.rest_client [req-d100534b-a415-486f-8852-1e73abf3c5b5 req-d100534b-a415-486f-8852-1e73abf3c5b5 ] Request (QuotasAdminTestJSON:test_delete_quota): 200 GET http://10.180.1.21/identity/v3/domains?name=Default 0.134s
2024-10-09 19:52:31.971 61991 INFO tempest.lib.common.rest_client [req-7b0e104c-a9bb-4912-bbb1-3d6ae9ea145f req-7b0e104c-a9bb-4912-bbb1-3d6ae9ea145f ] Request (SecurityGroupsTestJSON:test_list_security_groups_by_server): 200 POST http://10.180.1.21/compute/v2.1/os-security-groups 1.480s
2024-10-09 19:52:31.990 61980 INFO tempest.lib.common.rest_client [req-8878256f-d3f4-46d5-aa34-7aedaef18ca1 req-8878256f-d3f4-46d5-aa34-7aedaef18ca1 ] Request (FlavorsAccessTestJSON:_run_cleanups): 202 DELETE http://10.180.1.21/compute/v2.1/flavors/32968779 1.487s
2024-10-09 19:52:32.001 61964 INFO tempest.lib.common.rest_client [req-41198c3e-6e81-4779-abb6-e8d2cdef1839 req-41198c3e-6e81-4779-abb6-e8d2cdef1839 ] Request (ServersWithSpecificFlavorTestJSON:test_verify_created_server_ephemeral_disk): 200 GET http://10.180.1.21/compute/v2.1/flavors/42/os-extra_specs 1.479s
2024-10-09 19:52:32.017 62006 INFO tempest.lib.common.rest_client [req-fc8a6fd1-846c-46f3-b6c8-4a9f50702b36 req-fc8a6fd1-846c-46f3-b6c8-4a9f50702b36 ] Request (ServersTestFqdnHostnames:setUpClass): 201 POST http://10.180.1.21/identity/v3/users 0.055s
2024-10-09 19:52:32.042 62006 INFO tempest.lib.common.rest_client [req-21417b84-1166-4bed-bb11-b179116b7391 req-21417b84-1166-4bed-bb11-b179116b7391 ] Request (ServersTestFqdnHostnames:setUpClass): 200 GET http://10.180.1.21/identity/v3/roles 0.024s
2024-10-09 19:52:32.085 62006 INFO tempest.lib.common.rest_client [req-271e2d87-82cc-48da-a761-54fc96331032 req-271e2d87-82cc-48da-a761-54fc96331032 ] Request (ServersTestFqdnHostnames:setUpClass): 204 PUT http://10.180.1.21/identity/v3/projects/382b18a493614de296d4b0c93bb6c1ae/users/66184aa9863c4403bdfb8846c344f89e/roles/5f80f22af14544cb85b78ec9c1f69e85 0.043s
2024-10-09 19:52:32.085 62006 INFO tempest.lib.common.dynamic_creds [-] Dynamic test user 66184aa9863c4403bdfb8846c344f89e is created with scope project and roles: ['member']
2024-10-09 19:52:32.085 62006 INFO tempest.lib.common.dynamic_creds [-] Acquired dynamic creds: credentials: Credentials: {'domain_id': 'default', 'domain_name': 'Default', 'username': 'tempest-ServersTestFqdnHostnames-1738409658-project-member', 'project_domain_id': 'default', 'project_domain_name': 'Default', 'project_id': '382b18a493614de296d4b0c93bb6c1ae', 'project_name': 'tempest-ServersTestFqdnHostnames-1738409658', 'tenant_id': '382b18a493614de296d4b0c93bb6c1ae', 'tenant_name': 'tempest-ServersTestFqdnHostnames-1738409658', 'user_domain_id': 'default', 'user_domain_name': 'Default', 'user_id': '66184aa9863c4403bdfb8846c344f89e', 'system': None}, Network: None, Subnet: None, Router: None
2024-10-09 19:52:32.095 61998 INFO tempest.lib.common.rest_client [req-aeccdb8c-6ebe-468c-9821-9df40fb091e3 req-aeccdb8c-6ebe-468c-9821-9df40fb091e3 ] Request (ValidationResourcesFixture:setUp): 201 POST http://10.180.1.21:9696/networking/v2.0/floatingips 0.905s
2024-10-09 19:52:32.136 61972 INFO tempest.lib.common.rest_client [req-38e5767e-dbdb-4580-93cb-167110d0212d req-38e5767e-dbdb-4580-93cb-167110d0212d ] Request (QuotaClassesAdminTestJSON:tearDownClass): 200 GET http://10.180.1.21:9696/networking/v2.0/security-groups?tenant_id=ae7bcc4d02734f6eaef2f1065d15a196&name=default 0.251s
2024-10-09 19:52:32.139 62022 INFO tempest.lib.common.rest_client [req-6ccfada1-4065-4a67-8a5a-282df9135d65 req-6ccfada1-4065-4a67-8a5a-282df9135d65 ] Request (VolumesAssistedSnapshotsTest:test_volume_assisted_snapshot_create_delete): 202 POST http://10.180.1.21/compute/v2.1/servers 2.144s
2024-10-09 19:52:32.186 61998 INFO tempest.lib.common.rest_client [req-e2e40291-30f6-4dbb-bd9a-9b5d09eb555d req-e2e40291-30f6-4dbb-bd9a-9b5d09eb555d ] Request (AttachInterfacesTestJSON:test_create_list_show_delete_interfaces_by_fixed_ip): 201 POST http://10.180.1.21/identity/v3/auth/tokens 0.087s
2024-10-09 19:52:32.186 61998 INFO tempest.lib.common.fixed_network [-] (AttachInterfacesTestJSON:test_create_list_show_delete_interfaces_by_fixed_ip) Found network {'id': '2fbe88f9-1bca-4347-914d-a62dc6bebde8', 'name': 'tempest-AttachInterfacesTestJSON-1722742721-network', 'tenant_id': '2f3e8b04445948a6a8a737ad89a5c002', 'admin_state_up': True, 'mtu': 8950, 'status': 'ACTIVE', 'subnets': [], 'shared': False, 'project_id': '2f3e8b04445948a6a8a737ad89a5c002', 'port_security_enabled': True, 'router:external': False, 'provider:network_type': 'vlan', 'provider:physical_network': 'default', 'provider:segmentation_id': 18, 'is_default': False, 'availability_zone_hints': [], 'availability_zones': [], 'ipv4_address_scope': None, 'ipv6_address_scope': None, 'description': '', 'tags': [], 'created_at': '2024-10-09T19:52:25Z', 'updated_at': '2024-10-09T19:52:25Z', 'revision_number': 1} available for tenant
2024-10-09 19:52:32.194 62006 INFO tempest.lib.common.rest_client [req-992a69cb-eee5-470f-bf47-70cdc6c3708c req-992a69cb-eee5-470f-bf47-70cdc6c3708c ] Request (ServersTestFqdnHostnames:setUpClass): 201 POST http://10.180.1.21/identity/v3/auth/tokens 0.108s
2024-10-09 19:52:32.235 62000 INFO tempest.lib.common.rest_client [req-6de89a42-836f-4494-9126-9ee457c8e13c req-6de89a42-836f-4494-9126-9ee457c8e13c ] Request (ServerDiagnosticsV248Test:test_get_server_diagnostics): 200 GET http://10.180.1.21/compute/v2.1/servers/ca465e62-c190-4d67-9dec-87ea1aa8f194 1.607s
2024-10-09 19:52:32.251 61976 INFO tempest.lib.common.rest_client [req-4e1a98fc-1010-4928-a060-c0a456401883 req-4e1a98fc-1010-4928-a060-c0a456401883 ] Request (MigrationsAdminTest:test_list_migrations_in_flavor_resize_situation): 200 GET http://10.180.1.21/compute/v2.1/servers/438d040b-c86f-47ab-8d22-e0e86c41ac43 1.722s
2024-10-09 19:52:32.262 61976 INFO tempest.common.waiters [-] State transition "BUILD/None" ==> "BUILD/spawning" after 11 second wait
2024-10-09 19:52:32.332 61978 INFO tempest.lib.common.rest_client [req-023935f8-eb94-4c8b-b343-271856be8157 req-023935f8-eb94-4c8b-b343-271856be8157 ] Request (DeleteServersAdminTestJSON:test_admin_delete_servers_of_others): 200 GET http://10.180.1.21/compute/v2.1/servers/df682d97-53c1-4a18-8800-b23f3fc66018 1.590s
2024-10-09 19:52:32.337 61966 INFO tempest.lib.common.rest_client [req-04778ff9-a988-411e-9b6c-964c7eb62c47 req-04778ff9-a988-411e-9b6c-964c7eb62c47 ] Request (ServersAdminNegativeTestJSON:setUpClass): 200 GET http://10.180.1.21/compute/v2.1/servers/0b1de80e-6342-4443-a700-3d50f28270b6 1.506s
2024-10-09 19:52:32.357 61972 INFO tempest.lib.common.rest_client [req-87585e48-9095-4e35-82e5-bb75e069e2d2 req-87585e48-9095-4e35-82e5-bb75e069e2d2 ] Request (QuotaClassesAdminTestJSON:tearDownClass): 204 DELETE http://10.180.1.21:9696/networking/v2.0/security-groups/0953f8ae-7e7c-4c66-b102-8228c9d5afa8 0.221s
2024-10-09 19:52:32.408 61992 INFO tempest.lib.common.rest_client [req-ab4a8aef-db6e-4202-83d4-5b81b9f9bad5 req-ab4a8aef-db6e-4202-83d4-5b81b9f9bad5 ] Request (FloatingIPsAssociationTestJSON:setUpClass): 200 GET http://10.180.1.21/compute/v2.1/servers/0188dbb6-ae91-4601-83a3-3e3bf55fc753 1.508s
2024-10-09 19:52:32.416 61992 INFO tempest.common.waiters [-] State transition "BUILD/None" ==> "BUILD/networking" after 5 second wait
2024-10-09 19:52:32.427 62002 INFO tempest.lib.common.rest_client [req-f33fe5a3-0279-47a8-8174-d7950e63b93f req-f33fe5a3-0279-47a8-8174-d7950e63b93f ] Request (FlavorsAccessNegativeTestJSON:_run_cleanups): 202 DELETE http://10.180.1.21/compute/v2.1/flavors/68824943 1.463s
2024-10-09 19:52:32.436 61972 INFO tempest.lib.common.rest_client [req-7a4b56ca-5914-47fe-868d-014788332838 req-7a4b56ca-5914-47fe-868d-014788332838 ] Request (QuotaClassesAdminTestJSON:tearDownClass): 204 DELETE http://10.180.1.21/identity/v3/projects/ae7bcc4d02734f6eaef2f1065d15a196 0.078s
2024-10-09 19:52:32.437 61972 INFO tempest.lib.common.dynamic_creds [-] Deleting project and security group for project: 015d75928ddc4b8a80b46e1f89f18d1f
2024-10-09 19:52:32.445 61962 INFO tempest.lib.common.rest_client [req-9a66701e-755c-4dde-9f10-a2ec0e9977b1 req-9a66701e-755c-4dde-9f10-a2ec0e9977b1 ] Request (ServerExternalEventsTest:test_create_server_external_events): 200 GET http://10.180.1.21/compute/v2.1/servers/7d0e752f-9b39-4d01-bedc-5315927deea8 1.496s
2024-10-09 19:52:32.481 61994 INFO tempest.lib.common.rest_client [req-710208ab-5609-465e-91af-c91c9c83a681 req-710208ab-5609-465e-91af-c91c9c83a681 ] Request (FloatingIPsTestJSON:test_delete_floating_ip): 404 GET http://10.180.1.21/compute/v2.1/os-floating-ips/de75cce0-0cde-4913-9e5e-d5601ef0fe65 1.487s
2024-10-09 19:52:32.557 62004 INFO tempest.lib.common.rest_client [req-c55eb292-8e9e-4006-acdc-800477347dc4 req-c55eb292-8e9e-4006-acdc-800477347dc4 ] Request (VolumesAdminNegativeTest:test_update_attached_volume_with_nonexistent_volume_in_body): 200 GET http://10.180.1.21/compute/v2.1/servers/c3b90a4d-e885-453c-9f8e-799adb2400a0 1.549s
2024-10-09 19:52:32.567 62024 INFO tempest.lib.common.rest_client [req-187e8ae8-8e16-4dcd-9f1e-111bc30e515f req-187e8ae8-8e16-4dcd-9f1e-111bc30e515f ] Request (QuotasAdminNegativeTest:test_update_quota_normal_user): 403 PUT http://10.180.1.21/compute/v2.1/os-quota-sets/2cecd66ab1d74e799757d61a298267b7 1.433s
2024-10-09 19:52:32.577 62016 INFO tempest.lib.common.rest_client [req-543b6f0f-c2b8-4b36-a0c5-715aa7bcb034 req-543b6f0f-c2b8-4b36-a0c5-715aa7bcb034 ] Request (HostsAdminNegativeTestJSON:test_startup_nonexistent_host): 404 GET http://10.180.1.21/compute/v2.1/os-hosts/nonexistent_hostname/startup 1.438s
2024-10-09 19:52:32.589 61974 INFO tempest.lib.common.rest_client [req-12a354aa-2471-4b74-b4ba-648e391e4656 req-12a354aa-2471-4b74-b4ba-648e391e4656 ] Request (FlavorsV2TestJSON:test_list_flavors): 200 GET http://10.180.1.21/compute/v2.1/flavors/42 1.429s
2024-10-09 19:52:32.598 62009 INFO tempest.lib.common.rest_client [req-721ea4dc-c7bb-459e-90fe-a671d3481152 req-721ea4dc-c7bb-459e-90fe-a671d3481152 ] Request (KeyPairsNegativeTestJSON:test_create_keypair_with_empty_name_string): 400 POST http://10.180.1.21/compute/v2.1/os-keypairs 1.425s
2024-10-09 19:52:32.618 61968 INFO tempest.lib.common.rest_client [req-c3f14c15-f013-44f9-850c-4e20e87a9383 req-c3f14c15-f013-44f9-850c-4e20e87a9383 ] Request (KeyPairsV22TestJSON:_run_cleanups): 204 DELETE http://10.180.1.21/compute/v2.1/os-keypairs/tempest-KeyPairsV22TestJSON-keypair-111683219 1.434s
2024-10-09 19:52:32.646 62006 INFO tempest.lib.common.rest_client [req-d671ca79-7525-4664-981f-10f96d9758e2 req-d671ca79-7525-4664-981f-10f96d9758e2 ] Request (ServersTestFqdnHostnames:setUpClass): 201 POST http://10.180.1.21:9696/networking/v2.0/networks 0.452s
2024-10-09 19:52:32.651 61984 INFO tempest.lib.common.rest_client [req-2f126698-9e82-4cbe-9b33-0c9c3ff5fc91 req-2f126698-9e82-4cbe-9b33-0c9c3ff5fc91 ] Request (ServicesAdminNegativeV253TestJSON:test_get_service_by_invalid_params): 200 GET http://10.180.1.21/compute/v2.1/os-services 1.293s
2024-10-09 19:52:32.672 62020 INFO tempest.lib.common.rest_client [req-b12589a3-a7da-48a9-b513-b2c585a49c50 req-b12589a3-a7da-48a9-b513-b2c585a49c50 ] Request (HostsAdminTestJSON:test_list_hosts): 200 GET http://10.180.1.21/compute/v2.1/os-hosts 1.691s
2024-10-09 19:52:32.681 61970 INFO tempest.lib.common.rest_client [req-3be6f4f8-3edf-4e12-980c-8b0960d1b8af req-3be6f4f8-3edf-4e12-980c-8b0960d1b8af ] Request (FlavorsExtraSpecsNegativeTestJSON:tearDownClass): 202 DELETE http://10.180.1.21/compute/v2.1/flavors/1043880496 1.316s
2024-10-09 19:52:32.694 61972 INFO tempest.lib.common.rest_client [req-02065da3-0621-4657-8064-33fe25899d25 req-02065da3-0621-4657-8064-33fe25899d25 ] Request (QuotaClassesAdminTestJSON:tearDownClass): 200 GET http://10.180.1.21:9696/networking/v2.0/security-groups?tenant_id=015d75928ddc4b8a80b46e1f89f18d1f&name=default 0.257s
2024-10-09 19:52:32.713 61982 INFO tempest.lib.common.rest_client [req-8acde737-4db7-4770-b8b7-f99b7800877a req-8acde737-4db7-4770-b8b7-f99b7800877a ] Request (FlavorsExtraSpecsTestJSON:test_flavor_set_get_update_show_unset_keys): 200 DELETE http://10.180.1.21/compute/v2.1/flavors/1023603055/os-extra_specs/hw:numa_nodes 1.339s
2024-10-09 19:52:32.709 62018 INFO tempest.lib.common.rest_client [req-3e4dff58-f3b9-496d-9094-92079c8c6827 req-3e4dff58-f3b9-496d-9094-92079c8c6827 ] Request (FlavorsAdminTestJSON:test_create_flavor_with_none_id): 200 POST http://10.180.1.21/compute/v2.1/flavors 1.312s
2024-10-09 19:52:32.749 62014 INFO tempest.lib.common.rest_client [req-027056de-6ba0-4cf5-b3b7-4b2a58347bf8 req-027056de-6ba0-4cf5-b3b7-4b2a58347bf8 ] Request (AggregatesAdminNegativeTestJSON:test_aggregate_add_non_exist_host): 200 POST http://10.180.1.21/compute/v2.1/os-aggregates 1.167s
2024-10-09 19:52:32.815 62024 INFO tempest.lib.common.rest_client [req-72bbc03e-5b39-40ab-99a5-93cf9b5a4f06 req-72bbc03e-5b39-40ab-99a5-93cf9b5a4f06 ] Request (QuotasAdminNegativeTest:tearDownClass): 204 DELETE http://10.180.1.21/identity/v3/users/b2fe9a0af92c474aa66c763dc6ecba1c 0.242s
2024-10-09 19:52:32.920 62024 INFO tempest.lib.common.rest_client [req-7043d737-0631-4b65-a7ae-80daeff75fa2 req-7043d737-0631-4b65-a7ae-80daeff75fa2 ] Request (QuotasAdminNegativeTest:tearDownClass): 204 DELETE http://10.180.1.21/identity/v3/users/94d35a1fd1cb425390f4dd634bcba475 0.104s
2024-10-09 19:52:32.920 62024 INFO tempest.lib.common.dynamic_creds [-] Deleting project and security group for project: 2cecd66ab1d74e799757d61a298267b7
2024-10-09 19:52:32.974 62024 INFO tempest.lib.common.rest_client [req-aec07782-ac62-4963-981e-9faa22dd7b88 req-aec07782-ac62-4963-981e-9faa22dd7b88 ] Request (QuotasAdminNegativeTest:tearDownClass): 201 POST http://10.180.1.21/identity/v3/auth/tokens 0.054s
2024-10-09 19:52:32.980 61986 INFO tempest.lib.common.rest_client [req-875ea755-7eda-42ca-a28b-25dcaca03dd1 req-875ea755-7eda-42ca-a28b-25dcaca03dd1 ] Request (QuotasAdminTestJSON:test_delete_quota): 200 GET http://10.180.1.21/compute/v2.1/os-quota-sets/891392a371d248f8ae47df402fb29c9a 1.016s
2024-10-09 19:52:32.999 61980 INFO tempest.lib.common.rest_client [req-0b2538fc-021a-45fc-9258-f788f11ad395 req-0b2538fc-021a-45fc-9258-f788f11ad395 ] Request (FlavorsAccessTestJSON:_run_cleanups): 200 GET http://10.180.1.21/compute/v2.1/flavors/detail 1.008s
2024-10-09 19:52:33.019 61964 INFO tempest.lib.common.rest_client [req-d7ab2165-06cc-4706-a9b4-2da3430aacb9 req-d7ab2165-06cc-4706-a9b4-2da3430aacb9 ] Request (ServersWithSpecificFlavorTestJSON:test_verify_created_server_ephemeral_disk): 200 POST http://10.180.1.21/compute/v2.1/flavors/876563391/os-extra_specs 1.015s
2024-10-09 19:52:33.040 61972 INFO tempest.lib.common.rest_client [req-08047b07-31e7-477c-b738-9a02a7d0402b req-08047b07-31e7-477c-b738-9a02a7d0402b ] Request (QuotaClassesAdminTestJSON:tearDownClass): 204 DELETE http://10.180.1.21:9696/networking/v2.0/security-groups/8f272e01-40e3-4209-86da-38b43382f4d7 0.345s
2024-10-09 19:52:33.056 62012 INFO tempest.lib.common.rest_client [req-3569e7f1-e42f-4710-9519-5ebd3d00e327 req-3569e7f1-e42f-4710-9519-5ebd3d00e327 ] Request (ImagesTestJSON:setUpClass): 200 PUT http://10.180.1.21:9696/networking/v2.0/routers/3c992c3c-acec-49db-8457-313dae0be8e3/add_router_interface 2.021s
2024-10-09 19:52:33.056 62012 INFO tempest.lib.common.dynamic_creds [-] Created isolated network resources for: credentials: Credentials: {'domain_id': 'default', 'domain_name': 'Default', 'username': 'tempest-ImagesTestJSON-841190651-project-member', 'project_domain_id': 'default', 'project_domain_name': 'Default', 'project_id': '180da0bcd5954eb2bc89a20cf8f42bb5', 'project_name': 'tempest-ImagesTestJSON-841190651', 'tenant_id': '180da0bcd5954eb2bc89a20cf8f42bb5', 'tenant_name': 'tempest-ImagesTestJSON-841190651', 'user_domain_id': 'default', 'user_domain_name': 'Default', 'user_id': 'f7f7389d526c4ce9bc8ecf062b9921e6', 'system': None}, Network: {'id': 'a10562ef-ef71-4e5a-8f89-4a47495e029f', 'name': 'tempest-ImagesTestJSON-1047223830-network', 'tenant_id': '180da0bcd5954eb2bc89a20cf8f42bb5', 'admin_state_up': True, 'mtu': 8950, 'status': 'ACTIVE', 'subnets': [], 'shared': False, 'project_id': '180da0bcd5954eb2bc89a20cf8f42bb5', 'port_security_enabled': True, 'router:external': False, 'provider:network_type': 'vlan', 'provider:physical_network': 'default', 'provider:segmentation_id': 644, 'is_default': False, 'availability_zone_hints': [], 'availability_zones': [], 'ipv4_address_scope': None, 'ipv6_address_scope': None, 'description': '', 'tags': [], 'created_at': '2024-10-09T19:52:29Z', 'updated_at': '2024-10-09T19:52:29Z', 'revision_number': 1}, Subnet: {'id': 'fc8e08d9-8c73-42fb-8b80-12c630f7ca21', 'name': 'tempest-ImagesTestJSON-1047223830-subnet', 'tenant_id': '180da0bcd5954eb2bc89a20cf8f42bb5', 'network_id': 'a10562ef-ef71-4e5a-8f89-4a47495e029f', 'ip_version': 4, 'subnetpool_id': None, 'enable_dhcp': True, 'ipv6_ra_mode': None, 'ipv6_address_mode': None, 'gateway_ip': '192.168.128.1', 'cidr': '192.168.128.0/28', 'allocation_pools': [{'start': '192.168.128.2', 'end': '192.168.128.14'}], 'host_routes': [], 'dns_nameservers': [], 'description': '', 'router:external': False, 'service_types': [], 'tags': [], 'created_at': '2024-10-09T19:52:30Z', 'updated_at': '2024-10-09T19:52:30Z', 'revision_number': 0, 'project_id': '180da0bcd5954eb2bc89a20cf8f42bb5'}, Router: {'id': '3c992c3c-acec-49db-8457-313dae0be8e3', 'name': 'tempest-ImagesTestJSON-1047223830-router', 'tenant_id': '180da0bcd5954eb2bc89a20cf8f42bb5', 'admin_state_up': True, 'status': 'ACTIVE', 'external_gateway_info': {'network_id': 'dbad42ef-741a-4ea0-8457-bed8afee6a90', 'external_fixed_ips': [{'subnet_id': '0f03b97b-8827-4e7c-adf6-66f9088bc924', 'ip_address': '10.180.180.210'}], 'enable_snat': True}, 'description': '', 'availability_zones': [], 'distributed': False, 'ha': False, 'availability_zone_hints': [], 'routes': [], 'flavor_id': None, 'tags': [], 'created_at': '2024-10-09T19:52:30Z', 'updated_at': '2024-10-09T19:52:30Z', 'revision_number': 2, 'project_id': '180da0bcd5954eb2bc89a20cf8f42bb5'}
2024-10-09 19:52:33.069 61991 INFO tempest.lib.common.rest_client [req-3fd72a60-353b-48fa-b32c-3931a281be38 req-3fd72a60-353b-48fa-b32c-3931a281be38 ] Request (SecurityGroupsTestJSON:test_list_security_groups_by_server): 200 POST http://10.180.1.21/compute/v2.1/os-security-groups 1.095s
2024-10-09 19:52:33.072 61980 INFO tempest.lib.common.rest_client [req-33fd688d-9c71-4436-ac8b-4695e1d91556 req-33fd688d-9c71-4436-ac8b-4695e1d91556 ] Request (FlavorsAccessTestJSON:tearDownClass): 204 DELETE http://10.180.1.21/identity/v3/users/8e18ba2c76b14893b533cf4b55620a25 0.067s
2024-10-09 19:52:33.094 62022 INFO tempest.lib.common.rest_client [req-b1c39ad9-29d2-414a-9e16-55d9301b3a6b req-b1c39ad9-29d2-414a-9e16-55d9301b3a6b ] Request (VolumesAssistedSnapshotsTest:test_volume_assisted_snapshot_create_delete): 200 GET http://10.180.1.21/compute/v2.1/servers/1b694ac3-385b-4083-a35c-542853354202 0.954s
2024-10-09 19:52:33.136 62006 INFO tempest.lib.common.rest_client [req-13d6126a-6f71-4b6b-a7e5-33e5255d40a7 req-13d6126a-6f71-4b6b-a7e5-33e5255d40a7 ] Request (ServersTestFqdnHostnames:setUpClass): 201 POST http://10.180.1.21:9696/networking/v2.0/subnets 0.489s
2024-10-09 19:52:33.144 62012 INFO tempest.lib.common.rest_client [req-9ed1b99a-4758-4cb2-904e-8eabd2b76ac4 req-9ed1b99a-4758-4cb2-904e-8eabd2b76ac4 ] Request (ImagesTestJSON:setUpClass): 201 POST http://10.180.1.21/identity/v3/auth/tokens 0.083s
2024-10-09 19:52:33.159 61972 INFO tempest.lib.common.rest_client [req-ce9fc423-0046-4163-8888-9136013416f7 req-ce9fc423-0046-4163-8888-9136013416f7 ] Request (QuotaClassesAdminTestJSON:tearDownClass): 204 DELETE http://10.180.1.21/identity/v3/projects/015d75928ddc4b8a80b46e1f89f18d1f 0.118s
2024-10-09 19:52:33.211 61991 INFO tempest.lib.common.rest_client [req-119e5d10-bf47-4766-b568-eb577b1ba6ba req-119e5d10-bf47-4766-b568-eb577b1ba6ba ] Request (SecurityGroupsTestJSON:test_list_security_groups_by_server): 201 POST http://10.180.1.21/identity/v3/auth/tokens 0.135s
2024-10-09 19:52:33.212 61991 INFO tempest.lib.common.fixed_network [-] (SecurityGroupsTestJSON:test_list_security_groups_by_server) Found network {'id': '638c557a-bdca-4fa0-a3bb-ee6a1a5c4298', 'name': 'tempest-SecurityGroupsTestJSON-1345341842-network', 'tenant_id': '76967cef64d8478ab599e0f336d67535', 'admin_state_up': True, 'mtu': 8950, 'status': 'ACTIVE', 'subnets': [], 'shared': False, 'project_id': '76967cef64d8478ab599e0f336d67535', 'port_security_enabled': True, 'router:external': False, 'provider:network_type': 'vlan', 'provider:physical_network': 'default', 'provider:segmentation_id': 777, 'is_default': False, 'availability_zone_hints': [], 'availability_zones': [], 'ipv4_address_scope': None, 'ipv6_address_scope': None, 'description': '', 'tags': [], 'created_at': '2024-10-09T19:52:24Z', 'updated_at': '2024-10-09T19:52:24Z', 'revision_number': 1} available for tenant
2024-10-09 19:52:33.217 61996 INFO tempest.lib.common.rest_client [req-58ab3104-fef8-4a49-8ee2-9deed93f76fb req-58ab3104-fef8-4a49-8ee2-9deed93f76fb ] Request (ServersAdmin275Test:test_rebuild_update_server_275): 200 GET http://10.180.1.21/compute/v2.1/servers/0408fe1e-e4fa-4649-83dc-afdd335ee30d 0.920s
2024-10-09 19:52:33.231 62002 INFO tempest.lib.common.rest_client [req-42e6dd25-b80d-46a8-bedc-7bbfca022a37 req-42e6dd25-b80d-46a8-bedc-7bbfca022a37 ] Request (FlavorsAccessNegativeTestJSON:_run_cleanups): 200 GET http://10.180.1.21/compute/v2.1/flavors/detail 0.803s
2024-10-09 19:52:33.262 62024 INFO tempest.lib.common.rest_client [req-59341542-5cfc-4f85-88ff-8deeae444de8 req-59341542-5cfc-4f85-88ff-8deeae444de8 ] Request (QuotasAdminNegativeTest:tearDownClass): 200 GET http://10.180.1.21:9696/networking/v2.0/security-groups?tenant_id=2cecd66ab1d74e799757d61a298267b7&name=default 0.287s
2024-10-09 19:52:33.272 61994 INFO tempest.lib.common.rest_client [req-282b4e44-0a9a-4b93-b121-67570be2f12d req-282b4e44-0a9a-4b93-b121-67570be2f12d ] Request (FloatingIPsTestJSON:_run_cleanups): 404 DELETE http://10.180.1.21/compute/v2.1/os-floating-ips/de75cce0-0cde-4913-9e5e-d5601ef0fe65 0.791s
2024-10-09 19:52:33.285 62012 INFO tempest.lib.common.rest_client [req-0494b77f-9fc3-4261-953e-61269d582580 req-0494b77f-9fc3-4261-953e-61269d582580 ] Request (ImagesTestJSON:test_create_image_from_stopped_server): 201 POST http://10.180.1.21/identity/v3/auth/tokens 0.136s
2024-10-09 19:52:33.285 62012 INFO tempest.lib.common.fixed_network [-] (ImagesTestJSON:test_create_image_from_stopped_server) Found network {'id': 'a10562ef-ef71-4e5a-8f89-4a47495e029f', 'name': 'tempest-ImagesTestJSON-1047223830-network', 'tenant_id': '180da0bcd5954eb2bc89a20cf8f42bb5', 'admin_state_up': True, 'mtu': 8950, 'status': 'ACTIVE', 'subnets': [], 'shared': False, 'project_id': '180da0bcd5954eb2bc89a20cf8f42bb5', 'port_security_enabled': True, 'router:external': False, 'provider:network_type': 'vlan', 'provider:physical_network': 'default', 'provider:segmentation_id': 644, 'is_default': False, 'availability_zone_hints': [], 'availability_zones': [], 'ipv4_address_scope': None, 'ipv6_address_scope': None, 'description': '', 'tags': [], 'created_at': '2024-10-09T19:52:29Z', 'updated_at': '2024-10-09T19:52:29Z', 'revision_number': 1} available for tenant
2024-10-09 19:52:33.289 61980 INFO tempest.lib.common.rest_client [req-c6fb86d0-a576-425f-8e66-9235e813cf96 req-c6fb86d0-a576-425f-8e66-9235e813cf96 ] Request (FlavorsAccessTestJSON:tearDownClass): 204 DELETE http://10.180.1.21/identity/v3/users/71364c19f629468baef94bb164278dd1 0.217s
2024-10-09 19:52:33.289 61980 INFO tempest.lib.common.dynamic_creds [-] Deleting project and security group for project: 76a2744db060457aa7cd58f61ead291c
2024-10-09 19:52:33.345 61988 INFO tempest.lib.common.rest_client [req-4561e6b1-1a92-479a-a15d-981423dc8263 req-4561e6b1-1a92-479a-a15d-981423dc8263 ] Request (ServerDiagnosticsTest:test_get_server_diagnostics): 200 GET http://10.180.1.21/compute/v2.1/servers/1efe0c6f-38e1-4131-9adc-995cbf33fa0c 0.777s
2024-10-09 19:52:33.348 61980 INFO tempest.lib.common.rest_client [req-7b868afd-51c0-4973-b29f-56dd1c281932 req-7b868afd-51c0-4973-b29f-56dd1c281932 ] Request (FlavorsAccessTestJSON:tearDownClass): 201 POST http://10.180.1.21/identity/v3/auth/tokens 0.059s
2024-10-09 19:52:33.350 62016 INFO tempest.lib.common.rest_client [req-1c71f932-edb4-45e6-82c1-220e83559ff3 req-1c71f932-edb4-45e6-82c1-220e83559ff3 ] Request (HostsAdminNegativeTestJSON:test_update_host_with_invalid_maintenance_mode): 400 PUT http://10.180.1.21/compute/v2.1/os-hosts/devstack 0.772s
2024-10-09 19:52:33.350 61972 INFO tempest.lib.common.rest_client [req-9c07422d-9dd0-4c01-84b6-763387b769dc req-9c07422d-9dd0-4c01-84b6-763387b769dc ] Request (AZV2TestJSON:setUpClass): 201 POST http://10.180.1.21/identity/v3/auth/tokens 0.190s
2024-10-09 19:52:33.364 61974 INFO tempest.lib.common.rest_client [req-3d4fe163-f076-470e-9bcd-3e3988e3f5f3 req-3d4fe163-f076-470e-9bcd-3e3988e3f5f3 ] Request (FlavorsV2TestJSON:test_list_flavors_detailed_filter_by_min_disk): 200 GET http://10.180.1.21/compute/v2.1/flavors/42 0.773s
2024-10-09 19:52:33.388 61972 INFO tempest.lib.common.rest_client [req-f3d33fc5-b553-4467-bc6d-c6c5ba8a1957 req-f3d33fc5-b553-4467-bc6d-c6c5ba8a1957 ] Request (AZV2TestJSON:setUpClass): 201 POST http://10.180.1.21/identity/v3/auth/tokens 0.032s
2024-10-09 19:52:33.401 62009 INFO tempest.lib.common.rest_client [req-0dc12f3e-a2a2-4c62-89bf-e51f2911ccbe req-0dc12f3e-a2a2-4c62-89bf-e51f2911ccbe ] Request (KeyPairsNegativeTestJSON:test_create_keypair_with_empty_public_key): 400 POST http://10.180.1.21/compute/v2.1/os-keypairs 0.800s
2024-10-09 19:52:33.411 61972 INFO tempest.lib.common.rest_client [req-1d3590b3-9e90-45b6-9e85-6df14e61ec2a req-1d3590b3-9e90-45b6-9e85-6df14e61ec2a ] Request (AZV2TestJSON:setUpClass): 200 GET http://10.180.1.21/identity/v3/domains?name=Default 0.022s
2024-10-09 19:52:33.420 61968 INFO tempest.lib.common.rest_client [req-cbf89806-7324-49b9-bafc-022112a7de86 req-cbf89806-7324-49b9-bafc-022112a7de86 ] Request (KeyPairsV22TestJSON:_run_cleanups): 204 DELETE http://10.180.1.21/compute/v2.1/os-keypairs/tempest-KeyPairsV22TestJSON-keypair-1156297427 0.801s
2024-10-09 19:52:33.441 61972 INFO tempest.lib.common.rest_client [req-6fe5c9cd-e425-481c-b04c-a0ce2e4f4423 req-6fe5c9cd-e425-481c-b04c-a0ce2e4f4423 ] Request (AZV2TestJSON:setUpClass): 201 POST http://10.180.1.21/identity/v3/projects 0.029s
2024-10-09 19:52:33.444 61984 INFO tempest.lib.common.rest_client [req-3ae4c313-2f80-4efe-8af6-9148ecf811d2 req-3ae4c313-2f80-4efe-8af6-9148ecf811d2 ] Request (ServicesAdminNegativeV253TestJSON:test_get_service_by_invalid_params): 200 GET http://10.180.1.21/compute/v2.1/os-services?xxx=nova-compute 0.791s
2024-10-09 19:52:33.462 62020 INFO tempest.lib.common.rest_client [req-c5904a99-7fae-45d6-af6a-c25021686cda req-c5904a99-7fae-45d6-af6a-c25021686cda ] Request (HostsAdminTestJSON:test_list_hosts_with_a_blank_zone): 200 GET http://10.180.1.21/compute/v2.1/os-hosts?zone= 0.787s
2024-10-09 19:52:33.477 62024 INFO tempest.lib.common.rest_client [req-c5b2f474-c65f-4d22-990d-4033e3593cc5 req-c5b2f474-c65f-4d22-990d-4033e3593cc5 ] Request (QuotasAdminNegativeTest:tearDownClass): 204 DELETE http://10.180.1.21:9696/networking/v2.0/security-groups/37ea7832-b645-454a-9e73-8704223032e8 0.214s
2024-10-09 19:52:33.477 61970 INFO tempest.lib.common.rest_client [req-00919141-7b74-4d90-a4cc-755b4c04a0c9 req-00919141-7b74-4d90-a4cc-755b4c04a0c9 ] Request (FlavorsExtraSpecsNegativeTestJSON:tearDownClass): 200 GET http://10.180.1.21/compute/v2.1/flavors/detail 0.796s
2024-10-09 19:52:33.496 61982 INFO tempest.lib.common.rest_client [req-33adb8ed-3ad8-47c6-949f-71ac0ff36de6 req-33adb8ed-3ad8-47c6-949f-71ac0ff36de6 ] Request (FlavorsExtraSpecsTestJSON:test_flavor_set_get_update_show_unset_keys): 200 DELETE http://10.180.1.21/compute/v2.1/flavors/1023603055/os-extra_specs/hw:cpu_policy 0.782s
2024-10-09 19:52:33.514 62018 INFO tempest.lib.common.rest_client [req-50a6a0be-0c00-47d0-ab19-5ead18941737 req-50a6a0be-0c00-47d0-ab19-5ead18941737 ] Request (FlavorsAdminTestJSON:_run_cleanups): 202 DELETE http://10.180.1.21/compute/v2.1/flavors/5f754e29-1f62-46c1-84be-a65c803f2f85 0.797s
2024-10-09 19:52:33.514 61972 INFO tempest.lib.common.rest_client [req-274e81e2-eed0-4f41-8cab-71ee9c77eb00 req-274e81e2-eed0-4f41-8cab-71ee9c77eb00 ] Request (AZV2TestJSON:setUpClass): 201 POST http://10.180.1.21/identity/v3/users 0.072s
2024-10-09 19:52:33.541 62014 INFO tempest.lib.common.rest_client [req-d34dd72b-ee77-4ec2-bf9f-1b3ee73bc3b6 req-d34dd72b-ee77-4ec2-bf9f-1b3ee73bc3b6 ] Request (AggregatesAdminNegativeTestJSON:test_aggregate_add_non_exist_host): 404 POST http://10.180.1.21/compute/v2.1/os-aggregates/3/action 0.789s
2024-10-09 19:52:33.581 61970 INFO tempest.lib.common.rest_client [req-7b359667-d4ce-4255-9eb6-853a756a636f req-7b359667-d4ce-4255-9eb6-853a756a636f ] Request (FlavorsExtraSpecsNegativeTestJSON:tearDownClass): 204 DELETE http://10.180.1.21/identity/v3/users/f491c02ae7cf47f0bce0fd128af7b6c6 0.096s
2024-10-09 19:52:33.592 62024 INFO tempest.lib.common.rest_client [req-e2ecb41f-9be0-41d3-addf-3ea258be49c3 req-e2ecb41f-9be0-41d3-addf-3ea258be49c3 ] Request (QuotasAdminNegativeTest:tearDownClass): 204 DELETE http://10.180.1.21/identity/v3/projects/2cecd66ab1d74e799757d61a298267b7 0.115s
2024-10-09 19:52:33.593 62024 INFO tempest.lib.common.dynamic_creds [-] Deleting project and security group for project: a8608047617642bab4cb32bcf6d98e7c
2024-10-09 19:52:33.634 61972 INFO tempest.lib.common.rest_client [req-e2940b3e-5808-47a4-b19e-a02ba4a46929 req-e2940b3e-5808-47a4-b19e-a02ba4a46929 ] Request (AZV2TestJSON:setUpClass): 200 GET http://10.180.1.21/identity/v3/roles 0.119s
2024-10-09 19:52:33.716 61970 INFO tempest.lib.common.rest_client [req-a34b6f30-1761-45a5-b2ab-54d1432b61ec req-a34b6f30-1761-45a5-b2ab-54d1432b61ec ] Request (FlavorsExtraSpecsNegativeTestJSON:tearDownClass): 204 DELETE http://10.180.1.21/identity/v3/users/af9a161dfedf436cac230e18b70ab5ce 0.135s
2024-10-09 19:52:33.716 61970 INFO tempest.lib.common.dynamic_creds [-] Deleting project and security group for project: c7c3523eef594d71b8846e0a07c8f6cc
2024-10-09 19:52:33.786 61972 INFO tempest.lib.common.rest_client [req-1c87f5dd-9d15-4575-bd06-4197a89aacf3 req-1c87f5dd-9d15-4575-bd06-4197a89aacf3 ] Request (AZV2TestJSON:setUpClass): 204 PUT http://10.180.1.21/identity/v3/projects/a1736ecc220244d9a8d4b368dd24d5ca/users/d8d7f6833cc149eaa987a7cf87471519/roles/5f80f22af14544cb85b78ec9c1f69e85 0.152s
2024-10-09 19:52:33.786 61972 INFO tempest.lib.common.dynamic_creds [-] Dynamic test user d8d7f6833cc149eaa987a7cf87471519 is created with scope project and roles: ['member']
2024-10-09 19:52:33.787 61972 INFO tempest.lib.common.dynamic_creds [-] Acquired dynamic creds: credentials: Credentials: {'domain_id': 'default', 'domain_name': 'Default', 'username': 'tempest-AZV2TestJSON-2084417762-project-member', 'project_domain_id': 'default', 'project_domain_name': 'Default', 'project_id': 'a1736ecc220244d9a8d4b368dd24d5ca', 'project_name': 'tempest-AZV2TestJSON-2084417762', 'tenant_id': 'a1736ecc220244d9a8d4b368dd24d5ca', 'tenant_name': 'tempest-AZV2TestJSON-2084417762', 'user_domain_id': 'default', 'user_domain_name': 'Default', 'user_id': 'd8d7f6833cc149eaa987a7cf87471519', 'system': None}, Network: None, Subnet: None, Router: None
2024-10-09 19:52:33.787 61972 INFO tempest.lib.common.dynamic_creds [-] Created isolated network resources for: credentials: Credentials: {'domain_id': 'default', 'domain_name': 'Default', 'username': 'tempest-AZV2TestJSON-2084417762-project-member', 'project_domain_id': 'default', 'project_domain_name': 'Default', 'project_id': 'a1736ecc220244d9a8d4b368dd24d5ca', 'project_name': 'tempest-AZV2TestJSON-2084417762', 'tenant_id': 'a1736ecc220244d9a8d4b368dd24d5ca', 'tenant_name': 'tempest-AZV2TestJSON-2084417762', 'user_domain_id': 'default', 'user_domain_name': 'Default', 'user_id': 'd8d7f6833cc149eaa987a7cf87471519', 'system': None}, Network: None, Subnet: None, Router: None
2024-10-09 19:52:33.790 61970 INFO tempest.lib.common.rest_client [req-8cbe3ec7-e950-4e85-aad5-38f8d199b21c req-8cbe3ec7-e950-4e85-aad5-38f8d199b21c ] Request (FlavorsExtraSpecsNegativeTestJSON:tearDownClass): 201 POST http://10.180.1.21/identity/v3/auth/tokens 0.073s
2024-10-09 19:52:33.810 61986 INFO tempest.lib.common.rest_client [req-32c25f98-6d99-4e88-a3a4-e0735e9600bc req-32c25f98-6d99-4e88-a3a4-e0735e9600bc ] Request (QuotasAdminTestJSON:test_delete_quota): 200 PUT http://10.180.1.21/compute/v2.1/os-quota-sets/891392a371d248f8ae47df402fb29c9a 0.827s
2024-10-09 19:52:33.817 61980 INFO tempest.lib.common.rest_client [req-ffea3f61-305d-45b3-8457-5370d277a467 req-ffea3f61-305d-45b3-8457-5370d277a467 ] Request (FlavorsAccessTestJSON:tearDownClass): 200 GET http://10.180.1.21:9696/networking/v2.0/security-groups?tenant_id=76a2744db060457aa7cd58f61ead291c&name=default 0.468s
2024-10-09 19:52:33.842 61964 INFO tempest.lib.common.rest_client [req-b16fd183-00e7-4e42-9efc-717cd62a3f12 req-b16fd183-00e7-4e42-9efc-717cd62a3f12 ] Request (ValidationResourcesFixture:setUp): 200 POST http://10.180.1.21/compute/v2.1/os-keypairs 0.821s
2024-10-09 19:52:33.866 61972 INFO tempest.lib.common.rest_client [req-5a5ddac6-c0c8-411a-8b65-0e1aec7fc3fc req-5a5ddac6-c0c8-411a-8b65-0e1aec7fc3fc ] Request (AZV2TestJSON:setUpClass): 201 POST http://10.180.1.21/identity/v3/auth/tokens 0.075s
2024-10-09 19:52:34.061 61998 INFO tempest.lib.common.rest_client [req-119c344b-16fc-4070-8253-5f4f27050b31 req-119c344b-16fc-4070-8253-5f4f27050b31 ] Request (AttachInterfacesTestJSON:test_create_list_show_delete_interfaces_by_fixed_ip): 202 POST http://10.180.1.21/compute/v2.1/servers 1.874s
2024-10-09 19:52:34.081 62002 INFO tempest.lib.common.rest_client [req-607cd9b7-2185-49ba-8b22-25acfa75bab2 req-607cd9b7-2185-49ba-8b22-25acfa75bab2 ] Request (FlavorsAccessNegativeTestJSON:test_flavor_non_admin_add): 200 POST http://10.180.1.21/compute/v2.1/flavors 0.844s
2024-10-09 19:52:34.096 62024 INFO tempest.lib.common.rest_client [req-f22b6b70-b1f5-4f2b-89ed-1ad2ddb4b78c req-f22b6b70-b1f5-4f2b-89ed-1ad2ddb4b78c ] Request (QuotasAdminNegativeTest:tearDownClass): 200 GET http://10.180.1.21:9696/networking/v2.0/security-groups?tenant_id=a8608047617642bab4cb32bcf6d98e7c&name=default 0.502s
2024-10-09 19:52:34.102 61980 INFO tempest.lib.common.rest_client [req-10715079-8cc0-414c-b859-cdd2fc768778 req-10715079-8cc0-414c-b859-cdd2fc768778 ] Request (FlavorsAccessTestJSON:tearDownClass): 204 DELETE http://10.180.1.21:9696/networking/v2.0/security-groups/049787e9-cb9f-48b1-a9ed-d866c4c2ebcc 0.284s
2024-10-09 19:52:34.195 62000 INFO tempest.lib.common.rest_client [req-ca9440d1-f609-40a9-ba46-b2ccb3713dc7 req-ca9440d1-f609-40a9-ba46-b2ccb3713dc7 ] Request (ServerDiagnosticsV248Test:test_get_server_diagnostics): 200 GET http://10.180.1.21/compute/v2.1/servers/ca465e62-c190-4d67-9dec-87ea1aa8f194 0.933s
2024-10-09 19:52:34.211 61980 INFO tempest.lib.common.rest_client [req-15b27fb6-d643-4dd0-a5f2-229c4d988644 req-15b27fb6-d643-4dd0-a5f2-229c4d988644 ] Request (FlavorsAccessTestJSON:tearDownClass): 204 DELETE http://10.180.1.21/identity/v3/projects/76a2744db060457aa7cd58f61ead291c 0.108s
2024-10-09 19:52:34.211 61980 INFO tempest.lib.common.dynamic_creds [-] Deleting project and security group for project: a6f2d77815bf40d0a28249c113730383
2024-10-09 19:52:34.283 61976 INFO tempest.lib.common.rest_client [req-acdee7cf-4bfb-4c5a-b42d-c5fcd09d7c4b req-acdee7cf-4bfb-4c5a-b42d-c5fcd09d7c4b ] Request (MigrationsAdminTest:test_list_migrations_in_flavor_resize_situation): 200 GET http://10.180.1.21/compute/v2.1/servers/438d040b-c86f-47ab-8d22-e0e86c41ac43 1.019s
2024-10-09 19:52:34.339 61964 INFO tempest.lib.common.rest_client [req-1841fa7a-380d-49e1-9b4e-f16184ae328d req-1841fa7a-380d-49e1-9b4e-f16184ae328d ] Request (ValidationResourcesFixture:setUp): 201 POST http://10.180.1.21:9696/networking/v2.0/security-groups 0.494s
2024-10-09 19:52:34.383 61970 INFO tempest.lib.common.rest_client [req-a7631ab8-5eae-4099-a2e2-254d75d672cb req-a7631ab8-5eae-4099-a2e2-254d75d672cb ] Request (FlavorsExtraSpecsNegativeTestJSON:tearDownClass): 200 GET http://10.180.1.21:9696/networking/v2.0/security-groups?tenant_id=c7c3523eef594d71b8846e0a07c8f6cc&name=default 0.593s
2024-10-09 19:52:34.585 61980 INFO tempest.lib.common.rest_client [req-4941583c-0efe-401d-b4fd-d7ecf3531b44 req-4941583c-0efe-401d-b4fd-d7ecf3531b44 ] Request (FlavorsAccessTestJSON:tearDownClass): 200 GET http://10.180.1.21:9696/networking/v2.0/security-groups?tenant_id=a6f2d77815bf40d0a28249c113730383&name=default 0.374s
2024-10-09 19:52:34.597 62024 INFO tempest.lib.common.rest_client [req-d3d4f57d-b2d1-49c0-9629-6424b981927a req-d3d4f57d-b2d1-49c0-9629-6424b981927a ] Request (QuotasAdminNegativeTest:tearDownClass): 204 DELETE http://10.180.1.21:9696/networking/v2.0/security-groups/b5e6b8f8-4559-4b9e-8097-62670cfba046 0.500s
2024-10-09 19:52:34.643 61991 INFO tempest.lib.common.rest_client [req-5923db3b-7431-4f80-9c3a-6ef8833497d4 req-5923db3b-7431-4f80-9c3a-6ef8833497d4 ] Request (SecurityGroupsTestJSON:test_list_security_groups_by_server): 202 POST http://10.180.1.21/compute/v2.1/servers 1.431s
2024-10-09 19:52:34.711 61964 INFO tempest.lib.common.rest_client [req-cf811a2e-5931-4dbf-a503-9ae03b06ac11 req-cf811a2e-5931-4dbf-a503-9ae03b06ac11 ] Request (ValidationResourcesFixture:setUp): 201 POST http://10.180.1.21:9696/networking/v2.0/security-group-rules 0.372s
2024-10-09 19:52:34.719 61978 INFO tempest.lib.common.rest_client [req-99a65cad-591e-4f99-8228-1ceef1acd443 req-99a65cad-591e-4f99-8228-1ceef1acd443 ] Request (DeleteServersAdminTestJSON:test_admin_delete_servers_of_others): 200 GET http://10.180.1.21/compute/v2.1/servers/df682d97-53c1-4a18-8800-b23f3fc66018 1.372s
2024-10-09 19:52:34.722 62016 INFO tempest.lib.common.rest_client [req-6c566ab2-63ed-4643-9eae-bf222f327851 req-6c566ab2-63ed-4643-9eae-bf222f327851 ] Request (HostsAdminNegativeTestJSON:test_update_host_with_invalid_status): 400 PUT http://10.180.1.21/compute/v2.1/os-hosts/devstack 1.370s
2024-10-09 19:52:34.744 61970 INFO tempest.lib.common.rest_client [req-f03d022a-6078-4e90-a921-3a801c70de2f req-f03d022a-6078-4e90-a921-3a801c70de2f ] Request (FlavorsExtraSpecsNegativeTestJSON:tearDownClass): 204 DELETE http://10.180.1.21:9696/networking/v2.0/security-groups/c2f35d31-8671-4448-ae07-80423291a16b 0.361s
2024-10-09 19:52:34.744 62024 INFO tempest.lib.common.rest_client [req-fc281f2e-99da-4739-abcc-109e99f15278 req-fc281f2e-99da-4739-abcc-109e99f15278 ] Request (QuotasAdminNegativeTest:tearDownClass): 204 DELETE http://10.180.1.21/identity/v3/projects/a8608047617642bab4cb32bcf6d98e7c 0.147s
2024-10-09 19:52:34.817 61966 INFO tempest.lib.common.rest_client [req-efe8c6e1-5550-47eb-b3ac-13e828425384 req-efe8c6e1-5550-47eb-b3ac-13e828425384 ] Request (ServersAdminNegativeTestJSON:setUpClass): 200 GET http://10.180.1.21/compute/v2.1/servers/0b1de80e-6342-4443-a700-3d50f28270b6 1.465s
2024-10-09 19:52:34.823 62024 INFO tempest.lib.common.rest_client [req-de06b346-a50e-45b3-8689-d7b9ca7f113c req-de06b346-a50e-45b3-8689-d7b9ca7f113c ] Request (ServersV294TestFqdnHostnames:setUpClass): 201 POST http://10.180.1.21/identity/v3/auth/tokens 0.075s
2024-10-09 19:52:34.841 61974 INFO tempest.lib.common.rest_client [req-187b071c-cdda-45f9-9318-9dadeb27f0e2 req-187b071c-cdda-45f9-9318-9dadeb27f0e2 ] Request (FlavorsV2TestJSON:test_list_flavors_detailed_filter_by_min_disk): 200 GET http://10.180.1.21/compute/v2.1/flavors/detail?minDisk=2 1.474s
2024-10-09 19:52:34.848 62009 INFO tempest.lib.common.rest_client [req-6011c8c6-178f-4065-81b6-52224d74030d req-6011c8c6-178f-4065-81b6-52224d74030d ] Request (KeyPairsNegativeTestJSON:test_create_keypair_with_long_keynames): 400 POST http://10.180.1.21/compute/v2.1/os-keypairs 1.443s
2024-10-09 19:52:34.857 62024 INFO tempest.lib.common.rest_client [req-3b9170d7-45e3-4b49-ac4a-2068f80f8a78 req-3b9170d7-45e3-4b49-ac4a-2068f80f8a78 ] Request (ServersV294TestFqdnHostnames:setUpClass): 201 POST http://10.180.1.21/identity/v3/auth/tokens 0.032s
2024-10-09 19:52:34.867 61980 INFO tempest.lib.common.rest_client [req-5f2312a4-0638-4905-a5e4-58bf3df49166 req-5f2312a4-0638-4905-a5e4-58bf3df49166 ] Request (FlavorsAccessTestJSON:tearDownClass): 204 DELETE http://10.180.1.21:9696/networking/v2.0/security-groups/48bdf018-da23-417c-8def-f3bbe1a8ea75 0.281s
2024-10-09 19:52:34.889 61970 INFO tempest.lib.common.rest_client [req-e4b171ce-6576-47e4-8cae-b94520311e89 req-e4b171ce-6576-47e4-8cae-b94520311e89 ] Request (FlavorsExtraSpecsNegativeTestJSON:tearDownClass): 204 DELETE http://10.180.1.21/identity/v3/projects/c7c3523eef594d71b8846e0a07c8f6cc 0.144s
2024-10-09 19:52:34.889 61970 INFO tempest.lib.common.dynamic_creds [-] Deleting project and security group for project: deeccf3c26c14c8998b7af6d31a89510
2024-10-09 19:52:34.915 62024 INFO tempest.lib.common.rest_client [req-6eff3ae6-b968-433c-990e-b0177da9a80a req-6eff3ae6-b968-433c-990e-b0177da9a80a ] Request (ServersV294TestFqdnHostnames:setUpClass): 200 GET http://10.180.1.21/identity/v3/domains?name=Default 0.058s
2024-10-09 19:52:34.957 62024 INFO tempest.lib.common.rest_client [req-529bf0d0-ad88-4fd9-85b6-0ec489c27d36 req-529bf0d0-ad88-4fd9-85b6-0ec489c27d36 ] Request (ServersV294TestFqdnHostnames:setUpClass): 201 POST http://10.180.1.21/identity/v3/projects 0.041s
2024-10-09 19:52:34.996 61980 INFO tempest.lib.common.rest_client [req-5f7836b6-ef66-4caa-90b0-98e5c811c2be req-5f7836b6-ef66-4caa-90b0-98e5c811c2be ] Request (FlavorsAccessTestJSON:tearDownClass): 204 DELETE http://10.180.1.21/identity/v3/projects/a6f2d77815bf40d0a28249c113730383 0.128s
2024-10-09 19:52:34.997 61980 INFO tempest.test [-] raised in UnshelveToHostMultiNodesTest.setUpClass. Invoking tearDownClass.
2024-10-09 19:52:35.020 61964 INFO tempest.lib.common.rest_client [req-6935b3a3-955f-4e4c-b3c9-3baf3900175f req-6935b3a3-955f-4e4c-b3c9-3baf3900175f ] Request (ValidationResourcesFixture:setUp): 201 POST http://10.180.1.21:9696/networking/v2.0/security-group-rules 0.307s
2024-10-09 19:52:35.026 62012 INFO tempest.lib.common.rest_client [req-2b1eaaa2-2897-44c2-859f-4a857a63f6be req-2b1eaaa2-2897-44c2-859f-4a857a63f6be ] Request (ImagesTestJSON:test_create_image_from_stopped_server): 202 POST http://10.180.1.21/compute/v2.1/servers 1.740s
2024-10-09 19:52:35.039 62006 INFO tempest.lib.common.rest_client [req-b6948266-5ea4-4853-ac20-ae3a47bbe9c5 req-b6948266-5ea4-4853-ac20-ae3a47bbe9c5 ] Request (ServersTestFqdnHostnames:setUpClass): 201 POST http://10.180.1.21:9696/networking/v2.0/routers 1.902s
2024-10-09 19:52:35.049 61968 INFO tempest.lib.common.rest_client [req-32ca5f25-fead-456b-836d-33de14a69be2 req-32ca5f25-fead-456b-836d-33de14a69be2 ] Request (KeyPairsV22TestJSON:_run_cleanups): 204 DELETE http://10.180.1.21/compute/v2.1/os-keypairs/tempest-KeyPairsV22TestJSON-keypair-1563635052 1.629s
2024-10-09 19:52:35.054 62024 INFO tempest.lib.common.rest_client [req-0a4e4ece-4597-484a-a865-717f97bb6549 req-0a4e4ece-4597-484a-a865-717f97bb6549 ] Request (ServersV294TestFqdnHostnames:setUpClass): 201 POST http://10.180.1.21/identity/v3/users 0.097s
2024-10-09 19:52:35.063 61980 INFO tempest.lib.common.rest_client [req-b3a07694-7d13-423e-afa4-bf4757b92a4e req-b3a07694-7d13-423e-afa4-bf4757b92a4e ] Request (ListImageFiltersTestJSON:setUpClass): 201 POST http://10.180.1.21/identity/v3/auth/tokens 0.065s
2024-10-09 19:52:35.082 61970 INFO tempest.lib.common.rest_client [req-8b736e98-83ae-4b75-9f61-f034516d6904 req-8b736e98-83ae-4b75-9f61-f034516d6904 ] Request (FlavorsExtraSpecsNegativeTestJSON:tearDownClass): 200 GET http://10.180.1.21:9696/networking/v2.0/security-groups?tenant_id=deeccf3c26c14c8998b7af6d31a89510&name=default 0.192s
2024-10-09 19:52:35.084 61984 INFO tempest.lib.common.rest_client [req-3fe77f92-009f-48d1-a1c4-e978e5cd5ef2 req-3fe77f92-009f-48d1-a1c4-e978e5cd5ef2 ] Request (ServicesAdminNegativeV253TestJSON:test_get_service_by_invalid_service_and_valid_host): 200 GET http://10.180.1.21/compute/v2.1/os-services 1.636s
2024-10-09 19:52:35.100 62024 INFO tempest.lib.common.rest_client [req-4ac34e89-118a-420d-80c3-1aa8bee541cb req-4ac34e89-118a-420d-80c3-1aa8bee541cb ] Request (ServersV294TestFqdnHostnames:setUpClass): 200 GET http://10.180.1.21/identity/v3/roles 0.045s
2024-10-09 19:52:35.101 61980 INFO tempest.lib.common.rest_client [req-4d2f5ff0-0068-4c54-a68f-c3d86747494f req-4d2f5ff0-0068-4c54-a68f-c3d86747494f ] Request (ListImageFiltersTestJSON:setUpClass): 201 POST http://10.180.1.21/identity/v3/auth/tokens 0.035s
2024-10-09 19:52:35.129 61980 INFO tempest.lib.common.rest_client [req-a5516456-5e0e-424a-867b-6b999367b9ef req-a5516456-5e0e-424a-867b-6b999367b9ef ] Request (ListImageFiltersTestJSON:setUpClass): 200 GET http://10.180.1.21/identity/v3/domains?name=Default 0.028s
2024-10-09 19:52:35.133 62024 INFO tempest.lib.common.rest_client [req-cad7b6fb-4e7c-462d-975d-bb77979e07b4 req-cad7b6fb-4e7c-462d-975d-bb77979e07b4 ] Request (ServersV294TestFqdnHostnames:setUpClass): 204 PUT http://10.180.1.21/identity/v3/projects/084f2788b08b4b278bc639bf2ad5875c/users/66030cd94de04a74827a972e2b7c2e2e/roles/5f80f22af14544cb85b78ec9c1f69e85 0.033s
2024-10-09 19:52:35.133 62024 INFO tempest.lib.common.dynamic_creds [-] Dynamic test user 66030cd94de04a74827a972e2b7c2e2e is created with scope project and roles: ['member']
2024-10-09 19:52:35.134 62024 INFO tempest.lib.common.dynamic_creds [-] Acquired dynamic creds: credentials: Credentials: {'domain_id': 'default', 'domain_name': 'Default', 'username': 'tempest-ServersV294TestFqdnHostnames-1887362643-project-member', 'project_domain_id': 'default', 'project_domain_name': 'Default', 'project_id': '084f2788b08b4b278bc639bf2ad5875c', 'project_name': 'tempest-ServersV294TestFqdnHostnames-1887362643', 'tenant_id': '084f2788b08b4b278bc639bf2ad5875c', 'tenant_name': 'tempest-ServersV294TestFqdnHostnames-1887362643', 'user_domain_id': 'default', 'user_domain_name': 'Default', 'user_id': '66030cd94de04a74827a972e2b7c2e2e', 'system': None}, Network: None, Subnet: None, Router: None
2024-10-09 19:52:35.157 61962 INFO tempest.lib.common.rest_client [req-f6188bc5-090b-4667-9582-205be93dec15 req-f6188bc5-090b-4667-9582-205be93dec15 ] Request (ServerExternalEventsTest:test_create_server_external_events): 200 GET http://10.180.1.21/compute/v2.1/servers/7d0e752f-9b39-4d01-bedc-5315927deea8 1.704s
2024-10-09 19:52:35.183 62020 INFO tempest.lib.common.rest_client [req-91335003-5e44-4ac9-b848-12c7caf782e7 req-91335003-5e44-4ac9-b848-12c7caf782e7 ] Request (HostsAdminTestJSON:test_list_hosts_with_nonexistent_zone): 200 GET http://10.180.1.21/compute/v2.1/os-hosts?zone=xxx 1.718s
2024-10-09 19:52:35.194 62024 INFO tempest.lib.common.rest_client [req-28f6b4f5-3f08-4a51-8f31-0f1ecfc8c979 req-28f6b4f5-3f08-4a51-8f31-0f1ecfc8c979 ] Request (ServersV294TestFqdnHostnames:setUpClass): 201 POST http://10.180.1.21/identity/v3/auth/tokens 0.060s
2024-10-09 19:52:35.198 61982 INFO tempest.lib.common.rest_client [req-f827c84c-0f7a-4d45-8b2f-01a49c4145b8 req-f827c84c-0f7a-4d45-8b2f-01a49c4145b8 ] Request (FlavorsExtraSpecsTestJSON:test_flavor_set_get_update_show_unset_keys): 200 GET http://10.180.1.21/compute/v2.1/flavors/1023603055/os-extra_specs 1.701s
2024-10-09 19:52:35.202 61980 INFO tempest.lib.common.rest_client [req-9f08da9e-9d74-4896-9ec5-e6515e4234cb req-9f08da9e-9d74-4896-9ec5-e6515e4234cb ] Request (ListImageFiltersTestJSON:setUpClass): 201 POST http://10.180.1.21/identity/v3/projects 0.072s
2024-10-09 19:52:35.221 62018 INFO tempest.lib.common.rest_client [req-afd43a4f-3d49-4911-9634-4ef34610b522 req-afd43a4f-3d49-4911-9634-4ef34610b522 ] Request (FlavorsAdminTestJSON:_run_cleanups): 200 GET http://10.180.1.21/compute/v2.1/flavors/detail 1.706s
2024-10-09 19:52:35.245 62014 INFO tempest.lib.common.rest_client [req-6c20881b-2b76-4f26-b7cd-fc11bd752d2b req-6c20881b-2b76-4f26-b7cd-fc11bd752d2b ] Request (AggregatesAdminNegativeTestJSON:_run_cleanups): 200 DELETE http://10.180.1.21/compute/v2.1/os-aggregates/3 1.704s
2024-10-09 19:52:35.254 61992 INFO tempest.lib.common.rest_client [req-ea167937-0318-4deb-b645-e3c030938c2e req-ea167937-0318-4deb-b645-e3c030938c2e ] Request (FloatingIPsAssociationTestJSON:setUpClass): 200 GET http://10.180.1.21/compute/v2.1/servers/0188dbb6-ae91-4601-83a3-3e3bf55fc753 1.836s
