2024-10-03 09:23:16.391 62295 INFO tempest.lib.common.rest_client [req-80e7dfc9-34bc-44e4-bc90-2300194065c9 req-80e7dfc9-34bc-44e4-bc90-2300194065c9 ] Request (FlavorsV2NegativeTest:setUpClass): 200 GET http://10.180.1.21/identity/v3/domains?name=Default 0.173s
2024-10-03 09:23:16.403 62271 INFO tempest.lib.common.rest_client [req-e3c2a4f3-1f0c-46a5-b001-eada922180b0 req-e3c2a4f3-1f0c-46a5-b001-eada922180b0 ] Request (DeleteServersAdminTestJSON:setUpClass): 200 GET http://10.180.1.21/identity/v3/roles 0.144s
2024-10-03 09:23:16.416 62289 INFO tempest.lib.common.rest_client [req-cf38f38e-42ed-4b72-8bea-a9e3cecc5363 req-cf38f38e-42ed-4b72-8bea-a9e3cecc5363 ] Request (FloatingIPDetailsNegativeTestJSON:tearDownClass): 204 DELETE http://10.180.1.21:9696/networking/v2.0/security-groups/382f54fe-066d-496f-a301-bf2ca6b6188d 0.321s
2024-10-03 09:23:16.425 62313 INFO tempest.lib.common.rest_client [req-fc21eb40-ef0b-479c-82bd-74fd1aa1cd9c req-fc21eb40-ef0b-479c-82bd-74fd1aa1cd9c ] Request (ImagesNegativeTestJSON:setUpClass): 201 POST http://10.180.1.21/identity/v3/auth/tokens 0.085s
2024-10-03 09:23:16.494 62275 INFO tempest.lib.common.rest_client [req-c8a2292a-721b-4ddf-9b12-1971cc26b28a req-c8a2292a-721b-4ddf-9b12-1971cc26b28a ] Request (FlavorsExtraSpecsNegativeTestJSON:test_flavor_non_admin_set_keys): 403 POST http://10.180.1.21/compute/v2.1/flavors/468556033/os-extra_specs 2.950s
2024-10-03 09:23:16.517 62281 INFO tempest.lib.common.rest_client [req-e5ba5bf7-eaab-4e60-99e5-026c4d955fe3 req-e5ba5bf7-eaab-4e60-99e5-026c4d955fe3 ] Request (HostsAdminNegativeTestJSON:setUpClass): 204 PUT http://10.180.1.21/identity/v3/projects/9846196561944ebe9c2178185d2b96ab/users/a18bedab554a46b6ad00d0d62fe4135a/roles/a8e296223bf346318a39f261fad86c36 0.137s
2024-10-03 09:23:16.534 62323 INFO tempest.lib.common.rest_client [req-dea8fcfb-a3c7-40b8-b85e-f8fb4a4b1aea req-dea8fcfb-a3c7-40b8-b85e-f8fb4a4b1aea ] Request (FlavorsAccessNegativeTestJSON:test_add_flavor_access_duplicate): 200 POST http://10.180.1.21/compute/v2.1/flavors/20689366/action 3.496s
2024-10-03 09:23:16.537 62295 INFO tempest.lib.common.rest_client [req-bcd1ee61-1327-4d54-b7a0-63d72a813e52 req-bcd1ee61-1327-4d54-b7a0-63d72a813e52 ] Request (FlavorsV2NegativeTest:setUpClass): 201 POST http://10.180.1.21/identity/v3/projects 0.145s
2024-10-03 09:23:16.539 62291 INFO tempest.lib.common.rest_client [req-2aad4d93-be3a-40a6-88b6-f3cf2827316c req-2aad4d93-be3a-40a6-88b6-f3cf2827316c ] Request (NetworksTest:test_list_all_networks): 200 GET http://10.180.1.21/compute/v2.1/os-networks 3.323s
2024-10-03 09:23:16.556 62307 INFO tempest.lib.common.rest_client [req-4d826c15-6dd5-475d-a2ab-039f98fd4212 req-4d826c15-6dd5-475d-a2ab-039f98fd4212 ] Request (FlavorsAdminTestJSON:_run_cleanups): 200 GET http://10.180.1.21/compute/v2.1/flavors/detail 2.383s
2024-10-03 09:23:16.593 62271 INFO tempest.lib.common.rest_client [req-c74a539e-2cd6-4102-8110-bcb7fe5de121 req-c74a539e-2cd6-4102-8110-bcb7fe5de121 ] Request (DeleteServersAdminTestJSON:setUpClass): 204 PUT http://10.180.1.21/identity/v3/projects/f5a4abc9d61e4caaa78b4f00675e0fc1/users/e1cc13dd20da40c6a7e6f2dc64e49bb8/roles/a8e296223bf346318a39f261fad86c36 0.190s
2024-10-03 09:23:16.593 62271 INFO tempest.lib.common.dynamic_creds [-] Dynamic test user e1cc13dd20da40c6a7e6f2dc64e49bb8 is created with scope project and roles: ['admin']
2024-10-03 09:23:16.593 62271 INFO tempest.lib.common.dynamic_creds [-] Acquired dynamic creds: credentials: Credentials: {'domain_id': 'default', 'domain_name': 'Default', 'username': 'tempest-DeleteServersAdminTestJSON-1281199493-project-admin', 'project_domain_id': 'default', 'project_domain_name': 'Default', 'project_id': 'f5a4abc9d61e4caaa78b4f00675e0fc1', 'project_name': 'tempest-DeleteServersAdminTestJSON-1281199493', 'tenant_id': 'f5a4abc9d61e4caaa78b4f00675e0fc1', 'tenant_name': 'tempest-DeleteServersAdminTestJSON-1281199493', 'user_domain_id': 'default', 'user_domain_name': 'Default', 'user_id': 'e1cc13dd20da40c6a7e6f2dc64e49bb8', 'system': None}, Network: None, Subnet: None, Router: None
2024-10-03 09:23:16.593 62271 INFO tempest.lib.common.dynamic_creds [-] Created isolated network resources for: credentials: Credentials: {'domain_id': 'default', 'domain_name': 'Default', 'username': 'tempest-DeleteServersAdminTestJSON-1281199493-project-admin', 'project_domain_id': 'default', 'project_domain_name': 'Default', 'project_id': 'f5a4abc9d61e4caaa78b4f00675e0fc1', 'project_name': 'tempest-DeleteServersAdminTestJSON-1281199493', 'tenant_id': 'f5a4abc9d61e4caaa78b4f00675e0fc1', 'tenant_name': 'tempest-DeleteServersAdminTestJSON-1281199493', 'user_domain_id': 'default', 'user_domain_name': 'Default', 'user_id': 'e1cc13dd20da40c6a7e6f2dc64e49bb8', 'system': None}, Network: None, Subnet: None, Router: None
2024-10-03 09:23:16.601 62321 INFO tempest.lib.common.rest_client [req-ae121425-75e4-4654-98ff-342cefea1f96 req-ae121425-75e4-4654-98ff-342cefea1f96 ] Request (ServerExternalEventsTest:test_create_server_external_events): 200 GET http://10.180.1.21/compute/v2.1/servers/7221a720-8ab9-44fd-abe2-8f8fc19b6433 2.449s
2024-10-03 09:23:16.644 62313 INFO tempest.lib.common.rest_client [req-9e552991-4de8-4c6e-b9e7-adde267fce70 req-9e552991-4de8-4c6e-b9e7-adde267fce70 ] Request (ImagesNegativeTestJSON:setUpClass): 200 GET http://10.180.1.21/identity/v3/domains?name=Default 0.219s
2024-10-03 09:23:16.700 62289 INFO tempest.lib.common.rest_client [req-d1dc1db9-bb1c-4089-a5e4-4d4f2065bef1 req-d1dc1db9-bb1c-4089-a5e4-4d4f2065bef1 ] Request (FloatingIPDetailsNegativeTestJSON:tearDownClass): 204 DELETE http://10.180.1.21/identity/v3/projects/ac5e5cf000244a9aa677bb66bb7ebcaf 0.284s
2024-10-03 09:23:16.752 62281 INFO tempest.lib.common.rest_client [req-e423172e-3d88-42ed-a065-1f0c55373f0d req-e423172e-3d88-42ed-a065-1f0c55373f0d ] Request (HostsAdminNegativeTestJSON:setUpClass): 200 GET http://10.180.1.21/identity/v3/roles 0.234s
2024-10-03 09:23:16.783 62295 INFO tempest.lib.common.rest_client [req-e8697576-5fa6-49a1-bba0-54596b398e4e req-e8697576-5fa6-49a1-bba0-54596b398e4e ] Request (FlavorsV2NegativeTest:setUpClass): 201 POST http://10.180.1.21/identity/v3/users 0.245s
2024-10-03 09:23:16.812 62329 INFO tempest.lib.common.rest_client [req-a64dfe78-6f1c-4241-ae62-428fd3b92bb2 req-a64dfe78-6f1c-4241-ae62-428fd3b92bb2 ] Request (InstanceUsageAuditLogTestJSON:tearDownClass): 200 GET http://10.180.1.21:9696/networking/v2.0/security-groups?tenant_id=36d07452bb1b454499de59310034cc82&name=default 0.713s
2024-10-03 09:23:16.820 62291 INFO tempest.lib.common.rest_client [req-71ee95d7-21a0-4d9b-8b60-bc01b4847c78 req-71ee95d7-21a0-4d9b-8b60-bc01b4847c78 ] Request (NetworksTest:tearDownClass): 204 DELETE http://10.180.1.21/identity/v3/users/a83c9d31d4c54b14b9e3948c0d554f88 0.278s
2024-10-03 09:23:16.891 62271 INFO tempest.lib.common.rest_client [req-237f6d8c-2d18-49ad-9a5c-f04412e19bc9 req-237f6d8c-2d18-49ad-9a5c-f04412e19bc9 ] Request (DeleteServersAdminTestJSON:setUpClass): 201 POST http://10.180.1.21/identity/v3/auth/tokens 0.290s
2024-10-03 09:23:16.916 62327 INFO tempest.lib.common.rest_client [req-5806b619-ce1c-42bd-95ee-3e58f040da79 req-5806b619-ce1c-42bd-95ee-3e58f040da79 ] Request (FlavorsExtraSpecsTestJSON:test_flavor_non_admin_get_all_keys): 200 GET http://10.180.1.21/compute/v2.1/flavors/1868980943/os-extra_specs 2.721s
2024-10-03 09:23:16.970 62313 INFO tempest.lib.common.rest_client [req-fcea1dc6-6430-4dd0-b611-7106cd1a2a03 req-fcea1dc6-6430-4dd0-b611-7106cd1a2a03 ] Request (ImagesNegativeTestJSON:setUpClass): 201 POST http://10.180.1.21/identity/v3/projects 0.325s
2024-10-03 09:23:17.025 62329 INFO tempest.lib.common.rest_client [req-10430ec2-8464-4955-a787-1ade7dd7a575 req-10430ec2-8464-4955-a787-1ade7dd7a575 ] Request (InstanceUsageAuditLogTestJSON:tearDownClass): 204 DELETE http://10.180.1.21:9696/networking/v2.0/security-groups/eccf18e1-535d-4b12-9e52-137f465bb266 0.212s
2024-10-03 09:23:17.037 62281 INFO tempest.lib.common.rest_client [req-969d017a-198b-442a-b7b4-0aa74f364df5 req-969d017a-198b-442a-b7b4-0aa74f364df5 ] Request (HostsAdminNegativeTestJSON:setUpClass): 204 PUT http://10.180.1.21/identity/v3/projects/9846196561944ebe9c2178185d2b96ab/users/a18bedab554a46b6ad00d0d62fe4135a/roles/a8e296223bf346318a39f261fad86c36 0.285s
2024-10-03 09:23:17.038 62281 INFO tempest.lib.common.dynamic_creds [-] Dynamic test user a18bedab554a46b6ad00d0d62fe4135a is created with scope project and roles: ['admin']
2024-10-03 09:23:17.038 62281 INFO tempest.lib.common.dynamic_creds [-] Acquired dynamic creds: credentials: Credentials: {'domain_id': 'default', 'domain_name': 'Default', 'username': 'tempest-HostsAdminNegativeTestJSON-1525631886-project-admin', 'project_domain_id': 'default', 'project_domain_name': 'Default', 'project_id': '9846196561944ebe9c2178185d2b96ab', 'project_name': 'tempest-HostsAdminNegativeTestJSON-1525631886', 'tenant_id': '9846196561944ebe9c2178185d2b96ab', 'tenant_name': 'tempest-HostsAdminNegativeTestJSON-1525631886', 'user_domain_id': 'default', 'user_domain_name': 'Default', 'user_id': 'a18bedab554a46b6ad00d0d62fe4135a', 'system': None}, Network: None, Subnet: None, Router: None
2024-10-03 09:23:17.038 62281 INFO tempest.lib.common.dynamic_creds [-] Created isolated network resources for: credentials: Credentials: {'domain_id': 'default', 'domain_name': 'Default', 'username': 'tempest-HostsAdminNegativeTestJSON-1525631886-project-admin', 'project_domain_id': 'default', 'project_domain_name': 'Default', 'project_id': '9846196561944ebe9c2178185d2b96ab', 'project_name': 'tempest-HostsAdminNegativeTestJSON-1525631886', 'tenant_id': '9846196561944ebe9c2178185d2b96ab', 'tenant_name': 'tempest-HostsAdminNegativeTestJSON-1525631886', 'user_domain_id': 'default', 'user_domain_name': 'Default', 'user_id': 'a18bedab554a46b6ad00d0d62fe4135a', 'system': None}, Network: None, Subnet: None, Router: None
2024-10-03 09:23:17.039 62289 INFO tempest.lib.common.rest_client [req-90edd86b-c4d4-4c24-b022-0cd88a950a7e req-90edd86b-c4d4-4c24-b022-0cd88a950a7e ] Request (KeyPairsV2TestJSON:setUpClass): 201 POST http://10.180.1.21/identity/v3/auth/tokens 0.337s
2024-10-03 09:23:17.064 62301 INFO tempest.lib.common.rest_client [req-296b2ca1-609f-4865-ad2c-cedd4754a3b0 req-296b2ca1-609f-4865-ad2c-cedd4754a3b0 ] Request (ServersV294TestFqdnHostnames:setUpClass): 200 GET http://10.180.1.21/compute/v2.1/servers/87462fbe-d62d-4b40-880c-a1785c9ed5d4 2.753s
2024-10-03 09:23:17.075 62309 INFO tempest.lib.common.rest_client [req-186da455-8b73-45b4-a013-7e468f6b2294 req-186da455-8b73-45b4-a013-7e468f6b2294 ] Request (HypervisorAdminNegativeTestJSON:test_get_hypervisor_stats_with_non_admin_user): 403 GET http://10.180.1.21/compute/v2.1/os-hypervisors/statistics 2.750s
2024-10-03 09:23:17.089 62303 INFO tempest.lib.common.rest_client [req-a0ffd85a-229a-431f-98b9-e5da451e1820 req-a0ffd85a-229a-431f-98b9-e5da451e1820 ] Request (VolumesAssistedSnapshotsTest:setUpClass): 201 POST http://10.180.1.21:9696/networking/v2.0/routers 1.777s
2024-10-03 09:23:17.098 62317 INFO tempest.lib.common.rest_client [req-1f6786e7-c21d-44d8-bc54-3e78e8c97686 req-1f6786e7-c21d-44d8-bc54-3e78e8c97686 ] Request (FlavorsV261TestJSON:test_crud_flavor): 200 PUT http://10.180.1.21/compute/v2.1/flavors/234872394 2.352s
2024-10-03 09:23:17.119 62295 INFO tempest.lib.common.rest_client [req-abc81a1a-6596-4ddd-8133-e2a066948b37 req-abc81a1a-6596-4ddd-8133-e2a066948b37 ] Request (FlavorsV2NegativeTest:setUpClass): 200 GET http://10.180.1.21/identity/v3/roles 0.336s
2024-10-03 09:23:17.147 62291 INFO tempest.lib.common.rest_client [req-15c931ed-7bb7-4458-898c-68ef63e67dc2 req-15c931ed-7bb7-4458-898c-68ef63e67dc2 ] Request (NetworksTest:tearDownClass): 204 DELETE http://10.180.1.21/identity/v3/users/4c43d90d69234546ad21e99e0ca11c48 0.326s
2024-10-03 09:23:17.147 62291 INFO tempest.lib.common.dynamic_creds [-] Deleting project and security group for project: 555cd39abdc8446fa15f800045a9ac00
2024-10-03 09:23:17.188 62271 INFO tempest.lib.common.rest_client [req-18c6400f-4893-4715-ab0f-c25107aa5f91 req-18c6400f-4893-4715-ab0f-c25107aa5f91 ] Request (DeleteServersAdminTestJSON:test_admin_delete_servers_of_others): 201 POST http://10.180.1.21/identity/v3/auth/tokens 0.291s
2024-10-03 09:23:17.189 62271 INFO tempest.lib.common.fixed_network [-] (DeleteServersAdminTestJSON:test_admin_delete_servers_of_others) Found network None available for tenant
2024-10-03 09:23:17.203 62313 INFO tempest.lib.common.rest_client [req-fda7c99a-c3d9-437c-812d-ce1dc2badc8d req-fda7c99a-c3d9-437c-812d-ce1dc2badc8d ] Request (ImagesNegativeTestJSON:setUpClass): 201 POST http://10.180.1.21/identity/v3/users 0.233s
2024-10-03 09:23:17.239 62329 INFO tempest.lib.common.rest_client [req-322908fc-1153-4a4b-b2fb-ea57962c42a3 req-322908fc-1153-4a4b-b2fb-ea57962c42a3 ] Request (InstanceUsageAuditLogTestJSON:tearDownClass): 204 DELETE http://10.180.1.21/identity/v3/projects/36d07452bb1b454499de59310034cc82 0.213s
2024-10-03 09:23:17.239 62329 INFO tempest.lib.common.dynamic_creds [-] Deleting project and security group for project: 0044602bd43e420fb3c07181e3d97357
2024-10-03 09:23:17.260 62289 INFO tempest.lib.common.rest_client [req-c07d3946-b839-45c3-aed2-a9696ea023fc req-c07d3946-b839-45c3-aed2-a9696ea023fc ] Request (KeyPairsV2TestJSON:setUpClass): 201 POST http://10.180.1.21/identity/v3/auth/tokens 0.217s
2024-10-03 09:23:17.302 62295 INFO tempest.lib.common.rest_client [req-360cb914-0199-434d-9ad5-21899d7a1f85 req-360cb914-0199-434d-9ad5-21899d7a1f85 ] Request (FlavorsV2NegativeTest:setUpClass): 204 PUT http://10.180.1.21/identity/v3/projects/6671df2a14d54361b30b87b20f634567/users/4f8ddd81a59a43ad96c7557e38559b36/roles/3b3635e27c3c4ec8b08c40624c6e6c15 0.182s
2024-10-03 09:23:17.302 62295 INFO tempest.lib.common.dynamic_creds [-] Dynamic test user 4f8ddd81a59a43ad96c7557e38559b36 is created with scope project and roles: ['member']
2024-10-03 09:23:17.302 62295 INFO tempest.lib.common.dynamic_creds [-] Acquired dynamic creds: credentials: Credentials: {'domain_id': 'default', 'domain_name': 'Default', 'username': 'tempest-FlavorsV2NegativeTest-1779540551-project-member', 'project_domain_id': 'default', 'project_domain_name': 'Default', 'project_id': '6671df2a14d54361b30b87b20f634567', 'project_name': 'tempest-FlavorsV2NegativeTest-1779540551', 'tenant_id': '6671df2a14d54361b30b87b20f634567', 'tenant_name': 'tempest-FlavorsV2NegativeTest-1779540551', 'user_domain_id': 'default', 'user_domain_name': 'Default', 'user_id': '4f8ddd81a59a43ad96c7557e38559b36', 'system': None}, Network: None, Subnet: None, Router: None
2024-10-03 09:23:17.302 62295 INFO tempest.lib.common.dynamic_creds [-] Created isolated network resources for: credentials: Credentials: {'domain_id': 'default', 'domain_name': 'Default', 'username': 'tempest-FlavorsV2NegativeTest-1779540551-project-member', 'project_domain_id': 'default', 'project_domain_name': 'Default', 'project_id': '6671df2a14d54361b30b87b20f634567', 'project_name': 'tempest-FlavorsV2NegativeTest-1779540551', 'tenant_id': '6671df2a14d54361b30b87b20f634567', 'tenant_name': 'tempest-FlavorsV2NegativeTest-1779540551', 'user_domain_id': 'default', 'user_domain_name': 'Default', 'user_id': '4f8ddd81a59a43ad96c7557e38559b36', 'system': None}, Network: None, Subnet: None, Router: None
2024-10-03 09:23:17.315 62281 INFO tempest.lib.common.rest_client [req-fb7a6dfe-db27-4c0a-a3f2-5fb26e31a871 req-fb7a6dfe-db27-4c0a-a3f2-5fb26e31a871 ] Request (HostsAdminNegativeTestJSON:setUpClass): 201 POST http://10.180.1.21/identity/v3/auth/tokens 0.271s
2024-10-03 09:23:17.363 62291 INFO tempest.lib.common.rest_client [req-3e59e99d-a34b-4904-a260-738498377315 req-3e59e99d-a34b-4904-a260-738498377315 ] Request (NetworksTest:tearDownClass): 201 POST http://10.180.1.21/identity/v3/auth/tokens 0.215s
2024-10-03 09:23:17.379 62313 INFO tempest.lib.common.rest_client [req-bc7a8139-2156-4ec2-bd5c-e27389bc5e29 req-bc7a8139-2156-4ec2-bd5c-e27389bc5e29 ] Request (ImagesNegativeTestJSON:setUpClass): 200 GET http://10.180.1.21/identity/v3/roles 0.176s
2024-10-03 09:23:17.395 62289 INFO tempest.lib.common.rest_client [req-ea8f8403-51d9-460e-9219-96bc6fa13b29 req-ea8f8403-51d9-460e-9219-96bc6fa13b29 ] Request (KeyPairsV2TestJSON:setUpClass): 200 GET http://10.180.1.21/identity/v3/domains?name=Default 0.135s
2024-10-03 09:23:17.427 62316 INFO tempest.lib.common.rest_client [req-eb65f22e-3aa2-42da-a8d3-5233218be878 req-eb65f22e-3aa2-42da-a8d3-5233218be878 ] Request (SecurityGroupRulesNegativeTestJSON:setUpClass): 201 POST http://10.180.1.21:9696/networking/v2.0/routers 1.300s
2024-10-03 09:23:17.428 62311 INFO tempest.lib.common.rest_client [req-26488158-5329-4c5b-9a82-fbfcc788dbaa req-26488158-5329-4c5b-9a82-fbfcc788dbaa ] Request (ImagesTestJSON:test_create_image_from_stopped_server): 202 POST http://10.180.1.21/compute/v2.1/servers 3.218s
2024-10-03 09:23:17.452 62295 INFO tempest.lib.common.rest_client [req-fa42f920-e0b3-456b-84f2-4b159306a1bb req-fa42f920-e0b3-456b-84f2-4b159306a1bb ] Request (FlavorsV2NegativeTest:setUpClass): 201 POST http://10.180.1.21/identity/v3/auth/tokens 0.145s
2024-10-03 09:23:17.481 62313 INFO tempest.lib.common.rest_client [req-58b1ba64-1de4-4bcd-b2e1-30af7a4999cf req-58b1ba64-1de4-4bcd-b2e1-30af7a4999cf ] Request (ImagesNegativeTestJSON:setUpClass): 204 PUT http://10.180.1.21/identity/v3/projects/69a43a164f7d4e0185975eee42f33f1d/users/0c0ebc949c7740cab600b83fc99240a5/roles/3b3635e27c3c4ec8b08c40624c6e6c15 0.101s
2024-10-03 09:23:17.481 62313 INFO tempest.lib.common.dynamic_creds [-] Dynamic test user 0c0ebc949c7740cab600b83fc99240a5 is created with scope project and roles: ['member']
2024-10-03 09:23:17.481 62313 INFO tempest.lib.common.dynamic_creds [-] Acquired dynamic creds: credentials: Credentials: {'domain_id': 'default', 'domain_name': 'Default', 'username': 'tempest-ImagesNegativeTestJSON-1253036663-project-member', 'project_domain_id': 'default', 'project_domain_name': 'Default', 'project_id': '69a43a164f7d4e0185975eee42f33f1d', 'project_name': 'tempest-ImagesNegativeTestJSON-1253036663', 'tenant_id': '69a43a164f7d4e0185975eee42f33f1d', 'tenant_name': 'tempest-ImagesNegativeTestJSON-1253036663', 'user_domain_id': 'default', 'user_domain_name': 'Default', 'user_id': '0c0ebc949c7740cab600b83fc99240a5', 'system': None}, Network: None, Subnet: None, Router: None
2024-10-03 09:23:17.483 62289 INFO tempest.lib.common.rest_client [req-4dad49e3-34bf-4731-80af-d293539bac37 req-4dad49e3-34bf-4731-80af-d293539bac37 ] Request (KeyPairsV2TestJSON:setUpClass): 201 POST http://10.180.1.21/identity/v3/projects 0.088s
2024-10-03 09:23:17.537 62313 INFO tempest.lib.common.rest_client [req-6b010317-650a-40b5-b89e-0b524e13128b req-6b010317-650a-40b5-b89e-0b524e13128b ] Request (ImagesNegativeTestJSON:setUpClass): 201 POST http://10.180.1.21/identity/v3/auth/tokens 0.055s
2024-10-03 09:23:17.556 62289 INFO tempest.lib.common.rest_client [req-b56cf3eb-abbc-4ca7-a71a-faf8ea7ba43b req-b56cf3eb-abbc-4ca7-a71a-faf8ea7ba43b ] Request (KeyPairsV2TestJSON:setUpClass): 201 POST http://10.180.1.21/identity/v3/users 0.072s
2024-10-03 09:23:17.601 62289 INFO tempest.lib.common.rest_client [req-5c11c7b6-4d89-49e8-b685-6a74f4d1e1b7 req-5c11c7b6-4d89-49e8-b685-6a74f4d1e1b7 ] Request (KeyPairsV2TestJSON:setUpClass): 200 GET http://10.180.1.21/identity/v3/roles 0.045s
2024-10-03 09:23:17.621 62326 INFO tempest.lib.common.rest_client [req-fe975772-3f20-4584-8986-cfb158e027be req-fe975772-3f20-4584-8986-cfb158e027be ] Request (FlavorsAccessTestJSON:test_flavor_access_add_remove): 200 GET http://10.180.1.21/compute/v2.1/flavors/detail 2.418s
2024-10-03 09:23:17.638 62289 INFO tempest.lib.common.rest_client [req-416de827-227a-4b5e-8bcb-87c46de6d75c req-416de827-227a-4b5e-8bcb-87c46de6d75c ] Request (KeyPairsV2TestJSON:setUpClass): 204 PUT http://10.180.1.21/identity/v3/projects/370b06411a3842e0bf26658e9be08c05/users/b92aa4dcd3c24dc99a2acb5f27714130/roles/3b3635e27c3c4ec8b08c40624c6e6c15 0.036s
2024-10-03 09:23:17.639 62289 INFO tempest.lib.common.dynamic_creds [-] Dynamic test user b92aa4dcd3c24dc99a2acb5f27714130 is created with scope project and roles: ['member']
2024-10-03 09:23:17.639 62289 INFO tempest.lib.common.dynamic_creds [-] Acquired dynamic creds: credentials: Credentials: {'domain_id': 'default', 'domain_name': 'Default', 'username': 'tempest-KeyPairsV2TestJSON-1259592504-project-member', 'project_domain_id': 'default', 'project_domain_name': 'Default', 'project_id': '370b06411a3842e0bf26658e9be08c05', 'project_name': 'tempest-KeyPairsV2TestJSON-1259592504', 'tenant_id': '370b06411a3842e0bf26658e9be08c05', 'tenant_name': 'tempest-KeyPairsV2TestJSON-1259592504', 'user_domain_id': 'default', 'user_domain_name': 'Default', 'user_id': 'b92aa4dcd3c24dc99a2acb5f27714130', 'system': None}, Network: None, Subnet: None, Router: None
2024-10-03 09:23:17.639 62289 INFO tempest.lib.common.dynamic_creds [-] Created isolated network resources for: credentials: Credentials: {'domain_id': 'default', 'domain_name': 'Default', 'username': 'tempest-KeyPairsV2TestJSON-1259592504-project-member', 'project_domain_id': 'default', 'project_domain_name': 'Default', 'project_id': '370b06411a3842e0bf26658e9be08c05', 'project_name': 'tempest-KeyPairsV2TestJSON-1259592504', 'tenant_id': '370b06411a3842e0bf26658e9be08c05', 'tenant_name': 'tempest-KeyPairsV2TestJSON-1259592504', 'user_domain_id': 'default', 'user_domain_name': 'Default', 'user_id': 'b92aa4dcd3c24dc99a2acb5f27714130', 'system': None}, Network: None, Subnet: None, Router: None
2024-10-03 09:23:17.736 62283 INFO tempest.lib.common.rest_client [req-28423edc-6c26-4e95-b00f-f9398b9fe4c8 req-28423edc-6c26-4e95-b00f-f9398b9fe4c8 ] Request (MigrationsAdminTest:test_list_migrations_in_flavor_resize_situation): 200 GET http://10.180.1.21/compute/v2.1/servers/deee86eb-365b-4104-8687-72abdbf3807f 2.528s
2024-10-03 09:23:17.763 62269 INFO tempest.lib.common.rest_client [req-0d3cbf41-20ca-4b6f-8a1d-df0bcc2d11b7 req-0d3cbf41-20ca-4b6f-8a1d-df0bcc2d11b7 ] Request (HypervisorAdminUnderV252Test:test_search_hypervisor): 200 GET http://10.180.1.21/compute/v2.1/os-hypervisors/domain-c8.fc996f14-c53b-4953-92e3-bdfa48f5cc28/search 2.497s
2024-10-03 09:23:17.804 62285 INFO tempest.lib.common.rest_client [req-29f9f893-5d58-468d-8cd3-be1f9513b45e req-29f9f893-5d58-468d-8cd3-be1f9513b45e ] Request (FlavorsV255TestJSON:_run_cleanups): 202 DELETE http://10.180.1.21/compute/v2.1/flavors/119513068 2.501s
2024-10-03 09:23:17.828 62289 INFO tempest.lib.common.rest_client [req-56cd394f-ba8b-4620-ad15-16fdabaa79a5 req-56cd394f-ba8b-4620-ad15-16fdabaa79a5 ] Request (KeyPairsV2TestJSON:setUpClass): 201 POST http://10.180.1.21/identity/v3/auth/tokens 0.140s
2024-10-03 09:23:17.829 62299 INFO tempest.lib.common.rest_client [req-866c717f-4839-4a2d-a418-9624d354bfc4 req-866c717f-4839-4a2d-a418-9624d354bfc4 ] Request (FlavorMetadataValidation:_run_cleanups): 200 GET http://10.180.1.21/compute/v2.1/flavors/detail 2.498s
2024-10-03 09:23:17.831 62291 INFO tempest.lib.common.rest_client [req-62cc6f82-d8a4-47ad-8e80-acd112894cf3 req-62cc6f82-d8a4-47ad-8e80-acd112894cf3 ] Request (NetworksTest:tearDownClass): 200 GET http://10.180.1.21:9696/networking/v2.0/security-groups?tenant_id=555cd39abdc8446fa15f800045a9ac00&name=default 0.466s
2024-10-03 09:23:17.847 62277 INFO tempest.lib.common.rest_client [req-bffeb48b-4938-49e7-83ae-c26330b45449 req-bffeb48b-4938-49e7-83ae-c26330b45449 ] Request (QuotasAdminTestJSON:test_delete_quota): 202 DELETE http://10.180.1.21/compute/v2.1/os-quota-sets/ec5c2883b05046b4ab96ac24dba3d969 2.028s
2024-10-03 09:23:17.853 62329 INFO tempest.lib.common.rest_client [req-2e67352c-71ff-437c-8a9f-3def3785458c req-2e67352c-71ff-437c-8a9f-3def3785458c ] Request (InstanceUsageAuditLogTestJSON:tearDownClass): 200 GET http://10.180.1.21:9696/networking/v2.0/security-groups?tenant_id=0044602bd43e420fb3c07181e3d97357&name=default 0.613s
2024-10-03 09:23:17.889 62305 INFO tempest.lib.common.rest_client [req-7e45ef37-0eaf-4204-810a-23377fd327e9 req-7e45ef37-0eaf-4204-810a-23377fd327e9 ] Request (ServersAdminTestJSON:setUpClass): 201 POST http://10.180.1.21:9696/networking/v2.0/routers 1.941s
2024-10-03 09:23:17.907 62269 INFO tempest.lib.common.rest_client [req-4ec95414-5639-476b-aaa1-40883beaffa1 req-4ec95414-5639-476b-aaa1-40883beaffa1 ] Request (HypervisorAdminUnderV252Test:tearDownClass): 204 DELETE http://10.180.1.21/identity/v3/users/7a8df53d90594348b7d131f45183c361 0.141s
2024-10-03 09:23:18.058 62267 INFO tempest.lib.common.rest_client [req-fccfa2f4-ae53-47ac-b830-d20e4e088547 req-fccfa2f4-ae53-47ac-b830-d20e4e088547 ] Request (ServersWithSpecificFlavorTestJSON:test_verify_created_server_ephemeral_disk): 200 GET http://10.180.1.21/compute/v2.1/flavors/42 2.219s
2024-10-03 09:23:18.062 62299 INFO tempest.lib.common.rest_client [req-c4ff90d0-7b21-4b30-b174-37f6f573dc26 req-c4ff90d0-7b21-4b30-b174-37f6f573dc26 ] Request (FlavorMetadataValidation:tearDownClass): 204 DELETE http://10.180.1.21/identity/v3/users/7e6d8f257c484b01bdac52a6b974e015 0.172s
2024-10-03 09:23:18.112 62294 INFO tempest.lib.common.rest_client [req-27346ffc-8405-4e21-89d6-bad5b72e72ab req-27346ffc-8405-4e21-89d6-bad5b72e72ab ] Request (AggregatesAdminNegativeTestJSON:test_aggregate_add_existent_host): 409 POST http://10.180.1.21/compute/v2.1/os-aggregates/1/action 1.788s
2024-10-03 09:23:18.155 62275 INFO tempest.lib.common.rest_client [req-955b81fc-f88e-4031-a534-5b167c83d31f req-955b81fc-f88e-4031-a534-5b167c83d31f ] Request (FlavorsExtraSpecsNegativeTestJSON:test_flavor_non_admin_unset_keys): 200 POST http://10.180.1.21/compute/v2.1/flavors/468556033/os-extra_specs 1.657s
2024-10-03 09:23:18.196 62313 INFO tempest.lib.common.rest_client [req-5d76ca78-a49d-4a01-bbc5-5c8d7fca806a req-5d76ca78-a49d-4a01-bbc5-5c8d7fca806a ] Request (ImagesNegativeTestJSON:setUpClass): 201 POST http://10.180.1.21:9696/networking/v2.0/networks 0.658s
2024-10-03 09:23:18.210 62269 INFO tempest.lib.common.rest_client [req-d2c9db84-f7bd-47c4-a7bd-8f8c7000a6ee req-d2c9db84-f7bd-47c4-a7bd-8f8c7000a6ee ] Request (HypervisorAdminUnderV252Test:tearDownClass): 204 DELETE http://10.180.1.21/identity/v3/users/c68dfbba3f7f44a48250678e49c41b37 0.303s
2024-10-03 09:23:18.211 62269 INFO tempest.lib.common.dynamic_creds [-] Deleting project and security group for project: 52720c4b1de94d43ad0d1ab148fffec7
2024-10-03 09:23:18.224 62291 INFO tempest.lib.common.rest_client [req-99f96ce5-14de-4bae-83ad-77100cb4a904 req-99f96ce5-14de-4bae-83ad-77100cb4a904 ] Request (NetworksTest:tearDownClass): 204 DELETE http://10.180.1.21:9696/networking/v2.0/security-groups/177c2313-f599-4728-8c02-2bc511ef2e08 0.393s
2024-10-03 09:23:18.313 62299 INFO tempest.lib.common.rest_client [req-80c41ac8-b92e-4254-baf5-25fff939313b req-80c41ac8-b92e-4254-baf5-25fff939313b ] Request (FlavorMetadataValidation:tearDownClass): 204 DELETE http://10.180.1.21/identity/v3/users/793d0bf944e44e549f89787dffe0376b 0.250s
2024-10-03 09:23:18.313 62299 INFO tempest.lib.common.dynamic_creds [-] Deleting project and security group for project: 5db88497103c4d4ebda3b2184a781860
2024-10-03 09:23:18.353 62323 INFO tempest.lib.common.rest_client [req-69693bad-321b-4491-818f-f0b02971860b req-69693bad-321b-4491-818f-f0b02971860b ] Request (FlavorsAccessNegativeTestJSON:test_add_flavor_access_duplicate): 409 POST http://10.180.1.21/compute/v2.1/flavors/20689366/action 1.818s
2024-10-03 09:23:18.368 62269 INFO tempest.lib.common.rest_client [req-65130765-b4ec-46d5-bc5e-f7e9883c8344 req-65130765-b4ec-46d5-bc5e-f7e9883c8344 ] Request (HypervisorAdminUnderV252Test:tearDownClass): 201 POST http://10.180.1.21/identity/v3/auth/tokens 0.157s
2024-10-03 09:23:18.370 62307 INFO tempest.lib.common.rest_client [req-aa6b13bc-6aaf-421e-bdee-cb4904d35a6f req-aa6b13bc-6aaf-421e-bdee-cb4904d35a6f ] Request (FlavorsAdminTestJSON:test_create_flavor_verify_entry_in_list_details): 200 POST http://10.180.1.21/compute/v2.1/flavors 1.757s
2024-10-03 09:23:18.392 62299 INFO tempest.lib.common.rest_client [req-4ee00ef2-f68f-436a-a89c-e3ad4887fffd req-4ee00ef2-f68f-436a-a89c-e3ad4887fffd ] Request (FlavorMetadataValidation:tearDownClass): 201 POST http://10.180.1.21/identity/v3/auth/tokens 0.079s
2024-10-03 09:23:18.449 62291 INFO tempest.lib.common.rest_client [req-704fd6d2-d941-485b-b2e3-4f8a8041be51 req-704fd6d2-d941-485b-b2e3-4f8a8041be51 ] Request (NetworksTest:tearDownClass): 204 DELETE http://10.180.1.21/identity/v3/projects/555cd39abdc8446fa15f800045a9ac00 0.224s
2024-10-03 09:23:18.449 62291 INFO tempest.lib.common.dynamic_creds [-] Deleting project and security group for project: 4da036ebc3234a0a9b72cf91356d66e6
2024-10-03 09:23:18.459 62279 INFO tempest.lib.common.rest_client [req-78254deb-5449-4e97-a943-1e43d2a7a945 req-78254deb-5449-4e97-a943-1e43d2a7a945 ] Request (ServerDiagnosticsV248Test:test_get_server_diagnostics): 200 GET http://10.180.1.21/compute/v2.1/servers/283e7488-1240-475f-a74d-809251950774 1.487s
2024-10-03 09:23:18.485 62327 INFO tempest.lib.common.rest_client [req-13e7a46f-24ff-42b9-9f43-206268a6fe72 req-13e7a46f-24ff-42b9-9f43-206268a6fe72 ] Request (FlavorsExtraSpecsTestJSON:test_flavor_non_admin_get_specific_key): 200 POST http://10.180.1.21/compute/v2.1/flavors/1868980943/os-extra_specs 1.508s
2024-10-03 09:23:18.491 62329 INFO tempest.lib.common.rest_client [req-cb8a1ffe-f6cb-42a1-97a4-6f75180edcb3 req-cb8a1ffe-f6cb-42a1-97a4-6f75180edcb3 ] Request (InstanceUsageAuditLogTestJSON:tearDownClass): 204 DELETE http://10.180.1.21:9696/networking/v2.0/security-groups/be5be4ea-57d4-412a-9cd3-7d02a46564b4 0.637s
2024-10-03 09:23:18.599 62319 INFO tempest.lib.common.rest_client [req-e375be83-77df-4817-8661-3151cdf18f15 req-e375be83-77df-4817-8661-3151cdf18f15 ] Request (AttachInterfacesTestJSON:test_create_list_show_delete_interfaces_by_fixed_ip): 202 POST http://10.180.1.21/compute/v2.1/servers 3.775s
2024-10-03 09:23:18.602 62329 INFO tempest.lib.common.rest_client [req-52efa050-7b5f-4a8a-92e9-76bd8b0d803a req-52efa050-7b5f-4a8a-92e9-76bd8b0d803a ] Request (InstanceUsageAuditLogTestJSON:tearDownClass): 204 DELETE http://10.180.1.21/identity/v3/projects/0044602bd43e420fb3c07181e3d97357 0.111s
2024-10-03 09:23:18.640 62309 INFO tempest.lib.common.rest_client [req-fd45b87d-8a68-4ce0-95b8-b7f6309d34d2 req-fd45b87d-8a68-4ce0-95b8-b7f6309d34d2 ] Request (HypervisorAdminNegativeTestJSON:test_get_hypervisor_uptime_with_non_admin_user): 200 GET http://10.180.1.21/compute/v2.1/os-hypervisors 1.563s
2024-10-03 09:23:18.650 62313 INFO tempest.lib.common.rest_client [req-39654971-0325-416e-b9d1-4c4d89fea7ed req-39654971-0325-416e-b9d1-4c4d89fea7ed ] Request (ImagesNegativeTestJSON:setUpClass): 201 POST http://10.180.1.21:9696/networking/v2.0/subnets 0.454s
2024-10-03 09:23:18.664 62317 INFO tempest.lib.common.rest_client [req-41631c7f-635a-448a-84bb-70801f765c13 req-41631c7f-635a-448a-84bb-70801f765c13 ] Request (FlavorsV261TestJSON:test_crud_flavor): 200 GET http://10.180.1.21/compute/v2.1/flavors/detail 1.563s
2024-10-03 09:23:18.688 62329 INFO tempest.lib.common.rest_client [req-1bedcdbf-51cb-41e8-8036-2cc44e6bf3fb req-1bedcdbf-51cb-41e8-8036-2cc44e6bf3fb ] Request (QuotaClassesAdmin257Test:setUpClass): 201 POST http://10.180.1.21/identity/v3/auth/tokens 0.084s
2024-10-03 09:23:18.721 62329 INFO tempest.lib.common.rest_client [req-90abffa5-9ee3-4766-a3f8-40a9f6be1d22 req-90abffa5-9ee3-4766-a3f8-40a9f6be1d22 ] Request (QuotaClassesAdmin257Test:setUpClass): 201 POST http://10.180.1.21/identity/v3/auth/tokens 0.030s
2024-10-03 09:23:18.746 62329 INFO tempest.lib.common.rest_client [req-9458da0d-c539-4322-9fdb-bbff86228a4e req-9458da0d-c539-4322-9fdb-bbff86228a4e ] Request (QuotaClassesAdmin257Test:setUpClass): 200 GET http://10.180.1.21/identity/v3/domains?name=Default 0.024s
2024-10-03 09:23:18.785 62329 INFO tempest.lib.common.rest_client [req-dbf4e8b6-e21a-4a78-b7f0-919075d9253d req-dbf4e8b6-e21a-4a78-b7f0-919075d9253d ] Request (QuotaClassesAdmin257Test:setUpClass): 201 POST http://10.180.1.21/identity/v3/projects 0.038s
2024-10-03 09:23:18.889 62329 INFO tempest.lib.common.rest_client [req-84ee8b68-a64b-4307-9fa2-f6103a239417 req-84ee8b68-a64b-4307-9fa2-f6103a239417 ] Request (QuotaClassesAdmin257Test:setUpClass): 201 POST http://10.180.1.21/identity/v3/users 0.101s
2024-10-03 09:23:18.909 62329 INFO tempest.lib.common.rest_client [req-dd85c4de-978f-4b94-b906-9eec619a690c req-dd85c4de-978f-4b94-b906-9eec619a690c ] Request (QuotaClassesAdmin257Test:setUpClass): 200 GET http://10.180.1.21/identity/v3/roles 0.020s
2024-10-03 09:23:18.921 62291 INFO tempest.lib.common.rest_client [req-efe5d765-fe8d-4044-9bb2-08ace3de3bef req-efe5d765-fe8d-4044-9bb2-08ace3de3bef ] Request (NetworksTest:tearDownClass): 200 GET http://10.180.1.21:9696/networking/v2.0/security-groups?tenant_id=4da036ebc3234a0a9b72cf91356d66e6&name=default 0.471s
2024-10-03 09:23:18.925 62287 INFO tempest.lib.common.rest_client [req-c3aac6e6-e89e-481e-9cce-b832e4531cfd req-c3aac6e6-e89e-481e-9cce-b832e4531cfd ] Request (ServersAdminNegativeTestJSON:setUpClass): 200 GET http://10.180.1.21/compute/v2.1/servers/9688a493-7046-49e1-b5ab-0db9cfbf37aa 1.834s
2024-10-03 09:23:18.935 62287 INFO tempest.common.waiters [-] State transition "BUILD/None" ==> "BUILD/spawning" after 2 second wait
2024-10-03 09:23:18.951 62329 INFO tempest.lib.common.rest_client [req-0d4fcd70-7b9a-4ceb-89f3-2111b9d02247 req-0d4fcd70-7b9a-4ceb-89f3-2111b9d02247 ] Request (QuotaClassesAdmin257Test:setUpClass): 204 PUT http://10.180.1.21/identity/v3/projects/c2f211ccf07e4ba1b34f0b9437f493b3/users/3ca84e0925d74ff0b71a29b5148aaf35/roles/3b3635e27c3c4ec8b08c40624c6e6c15 0.041s
2024-10-03 09:23:18.951 62329 INFO tempest.lib.common.dynamic_creds [-] Dynamic test user 3ca84e0925d74ff0b71a29b5148aaf35 is created with scope project and roles: ['member']
2024-10-03 09:23:18.952 62329 INFO tempest.lib.common.dynamic_creds [-] Acquired dynamic creds: credentials: Credentials: {'domain_id': 'default', 'domain_name': 'Default', 'username': 'tempest-QuotaClassesAdmin257Test-1624509900-project-member', 'project_domain_id': 'default', 'project_domain_name': 'Default', 'project_id': 'c2f211ccf07e4ba1b34f0b9437f493b3', 'project_name': 'tempest-QuotaClassesAdmin257Test-1624509900', 'tenant_id': 'c2f211ccf07e4ba1b34f0b9437f493b3', 'tenant_name': 'tempest-QuotaClassesAdmin257Test-1624509900', 'user_domain_id': 'default', 'user_domain_name': 'Default', 'user_id': '3ca84e0925d74ff0b71a29b5148aaf35', 'system': None}, Network: None, Subnet: None, Router: None
2024-10-03 09:23:18.952 62329 INFO tempest.lib.common.dynamic_creds [-] Created isolated network resources for: credentials: Credentials: {'domain_id': 'default', 'domain_name': 'Default', 'username': 'tempest-QuotaClassesAdmin257Test-1624509900-project-member', 'project_domain_id': 'default', 'project_domain_name': 'Default', 'project_id': 'c2f211ccf07e4ba1b34f0b9437f493b3', 'project_name': 'tempest-QuotaClassesAdmin257Test-1624509900', 'tenant_id': 'c2f211ccf07e4ba1b34f0b9437f493b3', 'tenant_name': 'tempest-QuotaClassesAdmin257Test-1624509900', 'user_domain_id': 'default', 'user_domain_name': 'Default', 'user_id': '3ca84e0925d74ff0b71a29b5148aaf35', 'system': None}, Network: None, Subnet: None, Router: None
2024-10-03 09:23:19.039 62269 INFO tempest.lib.common.rest_client [req-c3e200fb-02fc-48bd-a81e-103eee628a48 req-c3e200fb-02fc-48bd-a81e-103eee628a48 ] Request (HypervisorAdminUnderV252Test:tearDownClass): 200 GET http://10.180.1.21:9696/networking/v2.0/security-groups?tenant_id=52720c4b1de94d43ad0d1ab148fffec7&name=default 0.671s
2024-10-03 09:23:19.051 62329 INFO tempest.lib.common.rest_client [req-683f5d40-e162-45cd-86e0-be6628d0abe5 req-683f5d40-e162-45cd-86e0-be6628d0abe5 ] Request (QuotaClassesAdmin257Test:setUpClass): 201 POST http://10.180.1.21/identity/v3/auth/tokens 0.096s
2024-10-03 09:23:19.051 62281 INFO tempest.lib.common.rest_client [req-4dc5d485-0487-43d7-94a3-59ae8d23d674 req-4dc5d485-0487-43d7-94a3-59ae8d23d674 ] Request (HostsAdminNegativeTestJSON:setUpClass): 200 GET http://10.180.1.21/compute/v2.1/os-hosts 1.734s
2024-10-03 09:23:19.101 62299 INFO tempest.lib.common.rest_client [req-26dfb222-c41d-4185-87a9-cdfd84fed501 req-26dfb222-c41d-4185-87a9-cdfd84fed501 ] Request (FlavorMetadataValidation:tearDownClass): 200 GET http://10.180.1.21:9696/networking/v2.0/security-groups?tenant_id=5db88497103c4d4ebda3b2184a781860&name=default 0.708s
2024-10-03 09:23:19.123 62329 INFO tempest.lib.common.rest_client [req-de198bd7-9be7-41dc-b7a3-46992cb41993 req-de198bd7-9be7-41dc-b7a3-46992cb41993 ] Request (QuotaClassesAdmin257Test:setUpClass): 201 POST http://10.180.1.21/identity/v3/projects 0.071s
2024-10-03 09:23:19.156 62311 INFO tempest.lib.common.rest_client [req-3b6ca01b-9455-4393-841c-d06394d7f117 req-3b6ca01b-9455-4393-841c-d06394d7f117 ] Request (ImagesTestJSON:test_create_image_from_stopped_server): 200 GET http://10.180.1.21/compute/v2.1/servers/9b95dfcb-718e-478d-85bc-7479be9b67de 1.726s
2024-10-03 09:23:19.231 62329 INFO tempest.lib.common.rest_client [req-65aa75da-3123-4674-8b95-29ab37240a87 req-65aa75da-3123-4674-8b95-29ab37240a87 ] Request (QuotaClassesAdmin257Test:setUpClass): 201 POST http://10.180.1.21/identity/v3/users 0.108s
2024-10-03 09:23:19.235 62271 INFO tempest.lib.common.rest_client [req-ef89e838-db76-4acf-b7ea-6f620e71b226 req-ef89e838-db76-4acf-b7ea-6f620e71b226 ] Request (DeleteServersAdminTestJSON:test_admin_delete_servers_of_others): 202 POST http://10.180.1.21/compute/v2.1/servers 2.046s
2024-10-03 09:23:19.254 62329 INFO tempest.lib.common.rest_client [req-10005e5c-a7d8-4ddc-9de7-696a7d0cc0ea req-10005e5c-a7d8-4ddc-9de7-696a7d0cc0ea ] Request (QuotaClassesAdmin257Test:setUpClass): 200 GET http://10.180.1.21/identity/v3/roles 0.022s
2024-10-03 09:23:19.265 62295 INFO tempest.lib.common.rest_client [req-a0907ec0-de0b-4721-8068-8c7408bb0f9a req-a0907ec0-de0b-4721-8068-8c7408bb0f9a ] Request (FlavorsV2NegativeTest:test_boot_with_low_ram): 200 GET http://10.180.1.21/compute/v2.1/flavors/42 1.812s
2024-10-03 09:23:19.309 62329 INFO tempest.lib.common.rest_client [req-8abacd40-d1d6-4881-bdb4-6f21c9c5e6fe req-8abacd40-d1d6-4881-bdb4-6f21c9c5e6fe ] Request (QuotaClassesAdmin257Test:setUpClass): 204 PUT http://10.180.1.21/identity/v3/projects/bf3fcf8b287743c3b580e5bf20215534/users/417c68ee534842ec97dce6d43c0cf4ed/roles/a8e296223bf346318a39f261fad86c36 0.054s
2024-10-03 09:23:19.318 62321 INFO tempest.lib.common.rest_client [req-8f904aa5-e030-4622-b29a-5e0679e3546c req-8f904aa5-e030-4622-b29a-5e0679e3546c ] Request (ServerExternalEventsTest:test_create_server_external_events): 200 GET http://10.180.1.21/compute/v2.1/servers/7221a720-8ab9-44fd-abe2-8f8fc19b6433 1.705s
2024-10-03 09:23:19.330 62321 INFO tempest.common.waiters [-] State transition "BUILD/None" ==> "BUILD/networking" after 3 second wait
2024-10-03 09:23:19.342 62285 INFO tempest.lib.common.rest_client [req-76cfe8e5-4c4e-4639-9042-52f5876e1ac8 req-76cfe8e5-4c4e-4639-9042-52f5876e1ac8 ] Request (FlavorsV255TestJSON:_run_cleanups): 200 GET http://10.180.1.21/compute/v2.1/flavors/detail 1.537s
2024-10-03 09:23:19.380 62291 INFO tempest.lib.common.rest_client [req-70ec983f-8a3e-4015-bcb6-e8dad865d858 req-70ec983f-8a3e-4015-bcb6-e8dad865d858 ] Request (NetworksTest:tearDownClass): 204 DELETE http://10.180.1.21:9696/networking/v2.0/security-groups/75df004d-f0ec-4169-b38d-5c2ff5070a77 0.459s
2024-10-03 09:23:19.402 62329 INFO tempest.lib.common.rest_client [req-4b7461b0-ee54-4386-8767-a5442e1ea0a9 req-4b7461b0-ee54-4386-8767-a5442e1ea0a9 ] Request (QuotaClassesAdmin257Test:setUpClass): 200 GET http://10.180.1.21/identity/v3/roles 0.093s
2024-10-03 09:23:19.470 62326 INFO tempest.lib.common.rest_client [req-0d38601d-a9a3-4bcc-bb23-bb822504b48e req-0d38601d-a9a3-4bcc-bb23-bb822504b48e ] Request (FlavorsAccessTestJSON:test_flavor_access_add_remove): 200 POST http://10.180.1.21/compute/v2.1/flavors/403677835/action 1.844s
2024-10-03 09:23:19.545 62291 INFO tempest.lib.common.rest_client [req-83cd28ab-a0b8-493e-828e-41710ee3d6c3 req-83cd28ab-a0b8-493e-828e-41710ee3d6c3 ] Request (NetworksTest:tearDownClass): 204 DELETE http://10.180.1.21/identity/v3/projects/4da036ebc3234a0a9b72cf91356d66e6 0.165s
2024-10-03 09:23:19.595 62289 INFO tempest.lib.common.rest_client [req-0b406e4b-1132-4e81-9243-83eb19ebbc74 req-0b406e4b-1132-4e81-9243-83eb19ebbc74 ] Request (KeyPairsV2TestJSON:test_get_keypair_detail): 200 POST http://10.180.1.21/compute/v2.1/os-keypairs 1.765s
2024-10-03 09:23:19.598 62329 INFO tempest.lib.common.rest_client [req-38f1854d-2049-4c2f-9b9c-7ea9e6d703f3 req-38f1854d-2049-4c2f-9b9c-7ea9e6d703f3 ] Request (QuotaClassesAdmin257Test:setUpClass): 204 PUT http://10.180.1.21/identity/v3/projects/bf3fcf8b287743c3b580e5bf20215534/users/417c68ee534842ec97dce6d43c0cf4ed/roles/a8e296223bf346318a39f261fad86c36 0.195s
2024-10-03 09:23:19.598 62329 INFO tempest.lib.common.dynamic_creds [-] Dynamic test user 417c68ee534842ec97dce6d43c0cf4ed is created with scope project and roles: ['admin']
2024-10-03 09:23:19.598 62329 INFO tempest.lib.common.dynamic_creds [-] Acquired dynamic creds: credentials: Credentials: {'domain_id': 'default', 'domain_name': 'Default', 'username': 'tempest-QuotaClassesAdmin257Test-1252942941-project-admin', 'project_domain_id': 'default', 'project_domain_name': 'Default', 'project_id': 'bf3fcf8b287743c3b580e5bf20215534', 'project_name': 'tempest-QuotaClassesAdmin257Test-1252942941', 'tenant_id': 'bf3fcf8b287743c3b580e5bf20215534', 'tenant_name': 'tempest-QuotaClassesAdmin257Test-1252942941', 'user_domain_id': 'default', 'user_domain_name': 'Default', 'user_id': '417c68ee534842ec97dce6d43c0cf4ed', 'system': None}, Network: None, Subnet: None, Router: None
2024-10-03 09:23:19.598 62329 INFO tempest.lib.common.dynamic_creds [-] Created isolated network resources for: credentials: Credentials: {'domain_id': 'default', 'domain_name': 'Default', 'username': 'tempest-QuotaClassesAdmin257Test-1252942941-project-admin', 'project_domain_id': 'default', 'project_domain_name': 'Default', 'project_id': 'bf3fcf8b287743c3b580e5bf20215534', 'project_name': 'tempest-QuotaClassesAdmin257Test-1252942941', 'tenant_id': 'bf3fcf8b287743c3b580e5bf20215534', 'tenant_name': 'tempest-QuotaClassesAdmin257Test-1252942941', 'user_domain_id': 'default', 'user_domain_name': 'Default', 'user_id': '417c68ee534842ec97dce6d43c0cf4ed', 'system': None}, Network: None, Subnet: None, Router: None
2024-10-03 09:23:19.712 62285 INFO tempest.lib.common.rest_client [req-70e8d3cb-fba0-4b13-9ac4-8920d684cfc5 req-70e8d3cb-fba0-4b13-9ac4-8920d684cfc5 ] Request (FlavorsV255TestJSON:tearDownClass): 204 DELETE http://10.180.1.21/identity/v3/users/31f8534ad0d24f5fa39df3751cae6150 0.306s
2024-10-03 09:23:19.742 62269 INFO tempest.lib.common.rest_client [req-05d340fe-5964-48ff-9622-2be51e51265e req-05d340fe-5964-48ff-9622-2be51e51265e ] Request (HypervisorAdminUnderV252Test:tearDownClass): 204 DELETE http://10.180.1.21:9696/networking/v2.0/security-groups/ce9f9942-f598-409e-8bb7-699e465391f5 0.702s
2024-10-03 09:23:19.751 62299 INFO tempest.lib.common.rest_client [req-7a8c9297-e222-4f5e-80f1-5b8d3001dae2 req-7a8c9297-e222-4f5e-80f1-5b8d3001dae2 ] Request (FlavorMetadataValidation:tearDownClass): 204 DELETE http://10.180.1.21:9696/networking/v2.0/security-groups/cddadf6b-a805-4148-bd35-dfc859096191 0.649s
2024-10-03 09:23:19.751 62291 INFO tempest.lib.common.rest_client [req-551622e5-c635-42a5-b043-8072cd80eb63 req-551622e5-c635-42a5-b043-8072cd80eb63 ] Request (InstanceActionsNegativeTestJSON:setUpClass): 201 POST http://10.180.1.21/identity/v3/auth/tokens 0.204s
2024-10-03 09:23:19.822 62329 INFO tempest.lib.common.rest_client [req-a45c5914-459a-4e64-913d-e740f7ad5bb8 req-a45c5914-459a-4e64-913d-e740f7ad5bb8 ] Request (QuotaClassesAdmin257Test:setUpClass): 201 POST http://10.180.1.21/identity/v3/auth/tokens 0.220s
2024-10-03 09:23:19.841 62267 INFO tempest.lib.common.rest_client [req-244c8007-7cbc-47d8-812b-ea2168e7fe70 req-244c8007-7cbc-47d8-812b-ea2168e7fe70 ] Request (ServersWithSpecificFlavorTestJSON:test_verify_created_server_ephemeral_disk): 200 POST http://10.180.1.21/compute/v2.1/flavors 1.778s
2024-10-03 09:23:19.900 62277 INFO tempest.lib.common.rest_client [req-f66eaa1a-2307-4487-a7ff-55d008297bca req-f66eaa1a-2307-4487-a7ff-55d008297bca ] Request (QuotasAdminTestJSON:test_delete_quota): 200 GET http://10.180.1.21/compute/v2.1/os-quota-sets/ec5c2883b05046b4ab96ac24dba3d969 2.052s
2024-10-03 09:23:19.960 62301 INFO tempest.lib.common.rest_client [req-43b5e3e9-c21f-4732-8177-9caeb9f6a422 req-43b5e3e9-c21f-4732-8177-9caeb9f6a422 ] Request (ServersV294TestFqdnHostnames:setUpClass): 200 GET http://10.180.1.21/compute/v2.1/servers/87462fbe-d62d-4b40-880c-a1785c9ed5d4 1.874s
2024-10-03 09:23:19.965 62275 INFO tempest.lib.common.rest_client [req-d8b66001-c202-4c63-bf84-294abc0ec604 req-d8b66001-c202-4c63-bf84-294abc0ec604 ] Request (FlavorsExtraSpecsNegativeTestJSON:test_flavor_non_admin_unset_keys): 403 DELETE http://10.180.1.21/compute/v2.1/flavors/468556033/os-extra_specs/hw:numa_nodes 1.808s
2024-10-03 09:23:20.006 62285 INFO tempest.lib.common.rest_client [req-66272b74-8995-4df7-900b-0235178b8e59 req-66272b74-8995-4df7-900b-0235178b8e59 ] Request (FlavorsV255TestJSON:tearDownClass): 204 DELETE http://10.180.1.21/identity/v3/users/a6f9033687f442369f4554b0b43528a8 0.294s
2024-10-03 09:23:20.006 62285 INFO tempest.lib.common.dynamic_creds [-] Deleting project and security group for project: 518c3c7150d84003ae5b5f348d2bd7d1
2024-10-03 09:23:20.024 62269 INFO tempest.lib.common.rest_client [req-54083928-e8b1-47c1-b761-eedacab90e13 req-54083928-e8b1-47c1-b761-eedacab90e13 ] Request (HypervisorAdminUnderV252Test:tearDownClass): 204 DELETE http://10.180.1.21/identity/v3/projects/52720c4b1de94d43ad0d1ab148fffec7 0.281s
2024-10-03 09:23:20.024 62269 INFO tempest.lib.common.dynamic_creds [-] Deleting project and security group for project: cab1836272e941419b7f4e6b33c286e7
2024-10-03 09:23:20.101 62291 INFO tempest.lib.common.rest_client [req-e159ec1a-69d1-4845-a1b2-8869c44b09d5 req-e159ec1a-69d1-4845-a1b2-8869c44b09d5 ] Request (InstanceActionsNegativeTestJSON:setUpClass): 201 POST http://10.180.1.21/identity/v3/auth/tokens 0.347s
2024-10-03 09:23:20.126 62299 INFO tempest.lib.common.rest_client [req-39189f4c-d2c1-4cbe-b312-2ad32eeb70b6 req-39189f4c-d2c1-4cbe-b312-2ad32eeb70b6 ] Request (FlavorMetadataValidation:tearDownClass): 204 DELETE http://10.180.1.21/identity/v3/projects/5db88497103c4d4ebda3b2184a781860 0.375s
2024-10-03 09:23:20.126 62299 INFO tempest.lib.common.dynamic_creds [-] Deleting project and security group for project: 14777e6fa8994fdb84d1d4b19902b2b5
2024-10-03 09:23:20.172 62316 INFO tempest.lib.common.rest_client [req-dc1ba839-e7e8-49d5-af3e-c2374518cc64 req-dc1ba839-e7e8-49d5-af3e-c2374518cc64 ] Request (SecurityGroupRulesNegativeTestJSON:setUpClass): 200 PUT http://10.180.1.21:9696/networking/v2.0/routers/152f372d-0570-4fad-8c9d-74e48db23f9c/add_router_interface 2.745s
2024-10-03 09:23:20.173 62316 INFO tempest.lib.common.dynamic_creds [-] Created isolated network resources for: credentials: Credentials: {'domain_id': 'default', 'domain_name': 'Default', 'username': 'tempest-SecurityGroupRulesNegativeTestJSON-770267966-project-member', 'project_domain_id': 'default', 'project_domain_name': 'Default', 'project_id': 'c0b865a13ec74c5ca9cf18cd996e6a50', 'project_name': 'tempest-SecurityGroupRulesNegativeTestJSON-770267966', 'tenant_id': 'c0b865a13ec74c5ca9cf18cd996e6a50', 'tenant_name': 'tempest-SecurityGroupRulesNegativeTestJSON-770267966', 'user_domain_id': 'default', 'user_domain_name': 'Default', 'user_id': 'db30cab6da344db8946bcb3ebbf57785', 'system': None}, Network: {'id': 'd5c0d054-ffdb-4e32-8f4f-abaf4816871b', 'name': 'tempest-SecurityGroupRulesNegativeTestJSON-1479011142-network', 'tenant_id': 'c0b865a13ec74c5ca9cf18cd996e6a50', 'admin_state_up': True, 'mtu': 8950, 'status': 'ACTIVE', 'subnets': [], 'shared': False, 'project_id': 'c0b865a13ec74c5ca9cf18cd996e6a50', 'port_security_enabled': True, 'router:external': False, 'provider:network_type': 'vlan', 'provider:physical_network': 'default', 'provider:segmentation_id': 857, 'is_default': False, 'availability_zone_hints': [], 'availability_zones': [], 'ipv4_address_scope': None, 'ipv6_address_scope': None, 'description': '', 'tags': [], 'created_at': '2024-10-03T09:23:15Z', 'updated_at': '2024-10-03T09:23:15Z', 'revision_number': 1}, Subnet: {'id': 'de4de2a9-7c75-4527-8538-841502d32fcb', 'name': 'tempest-SecurityGroupRulesNegativeTestJSON-1479011142-subnet', 'tenant_id': 'c0b865a13ec74c5ca9cf18cd996e6a50', 'network_id': 'd5c0d054-ffdb-4e32-8f4f-abaf4816871b', 'ip_version': 4, 'subnetpool_id': None, 'enable_dhcp': True, 'ipv6_ra_mode': None, 'ipv6_address_mode': None, 'gateway_ip': '192.168.128.1', 'cidr': '192.168.128.0/28', 'allocation_pools': [{'start': '192.168.128.2', 'end': '192.168.128.14'}], 'host_routes': [], 'dns_nameservers': [], 'description': '', 'router:external': False, 'service_types': [], 'tags': [], 'created_at': '2024-10-03T09:23:15Z', 'updated_at': '2024-10-03T09:23:15Z', 'revision_number': 0, 'project_id': 'c0b865a13ec74c5ca9cf18cd996e6a50'}, Router: {'id': '152f372d-0570-4fad-8c9d-74e48db23f9c', 'name': 'tempest-SecurityGroupRulesNegativeTestJSON-1479011142-router', 'tenant_id': 'c0b865a13ec74c5ca9cf18cd996e6a50', 'admin_state_up': True, 'status': 'ACTIVE', 'external_gateway_info': {'network_id': 'f5d8f6fe-4cf7-4859-8f7d-d22fa2b5887a', 'external_fixed_ips': [{'subnet_id': 'c7758276-5340-4f9c-bb21-aaaa13497e0f', 'ip_address': '10.180.180.209'}], 'enable_snat': True}, 'description': '', 'availability_zones': [], 'distributed': False, 'ha': False, 'availability_zone_hints': [], 'routes': [], 'flavor_id': None, 'tags': [], 'created_at': '2024-10-03T09:23:16Z', 'updated_at': '2024-10-03T09:23:16Z', 'revision_number': 2, 'project_id': 'c0b865a13ec74c5ca9cf18cd996e6a50'}
