2024-10-03 09:24:15.827 62285 INFO tempest.lib.common.rest_client [req-2c73624f-9669-4ded-8f84-c0d965f6859e req-2c73624f-9669-4ded-8f84-c0d965f6859e ] Request (ServerDiagnosticsTest:test_get_server_diagnostics): 200 GET http://10.180.1.21/compute/v2.1/servers/317f20e9-6ba1-4b41-b298-5dd844f323ac 0.104s
2024-10-03 09:24:15.828 62313 INFO tempest.lib.common.rest_client [req-779f7af5-04ed-4a39-8f1d-adb355d1323b req-779f7af5-04ed-4a39-8f1d-adb355d1323b ] Request (ImagesNegativeTestJSON:test_create_image_from_deleted_server): 200 GET http://10.180.1.21/compute/v2.1/servers/88251634-8add-4216-b789-dfee77a1ae09 0.132s
2024-10-03 09:24:15.889 62301 INFO tempest.lib.common.rest_client [req-9e20b3ed-0683-4348-8315-d3c17c65bbee req-9e20b3ed-0683-4348-8315-d3c17c65bbee ] Request (ServerActionsTestJSON:setUpClass): 200 GET http://10.180.1.21/compute/v2.1/servers/71aead12-a182-40a7-b5a9-91c01271b800 0.125s
2024-10-03 09:24:15.907 62287 INFO tempest.lib.common.rest_client [req-405367b0-d0b4-4b74-b0d2-c50a182449eb req-405367b0-d0b4-4b74-b0d2-c50a182449eb ] Request (FloatingIPsAssociationNegativeTestJSON:setUpClass): 200 GET http://10.180.1.21/compute/v2.1/servers/73cb4a44-a4d9-4c8c-8472-f99b5d449cec 0.115s
2024-10-03 09:24:15.942 62323 INFO tempest.lib.common.rest_client [req-63635e73-da3f-452e-acb4-0be9d47dde13 req-63635e73-da3f-452e-acb4-0be9d47dde13 ] Request (FloatingIPsAssociationTestJSON:setUpClass): 200 GET http://10.180.1.21/compute/v2.1/servers/2c1dfa78-d300-4505-9f87-8e11a4973af3 0.119s
2024-10-03 09:24:15.992 62295 INFO tempest.lib.common.rest_client [req-559b67cd-0ebe-4be3-a39c-8fad500ff69b req-559b67cd-0ebe-4be3-a39c-8fad500ff69b ] Request (ServersTestMultiNic:test_verify_duplicate_network_nics): 200 GET http://10.180.1.21/compute/v2.1/servers/95edf3d1-a987-4768-93be-1e045d7bfa99 0.136s
2024-10-03 09:24:16.010 62281 INFO tempest.lib.common.rest_client [req-faa12bf8-fd95-4640-bdc1-c2df6ff08e0f req-faa12bf8-fd95-4640-bdc1-c2df6ff08e0f ] Request (ServerActionsTestOtherB:setUpClass): 200 GET http://10.180.1.21/compute/v2.1/servers/a5b98f92-d287-4d40-8a21-d2de64026970 0.130s
2024-10-03 09:24:16.028 62279 INFO tempest.lib.common.rest_client [req-48e5ec7d-4d88-4d23-9783-44974a24c036 req-48e5ec7d-4d88-4d23-9783-44974a24c036 ] Request (ServerActionsTestOtherA:setUpClass): 200 PUT http://10.180.1.21:9696/networking/v2.0/routers/8f703f66-16c8-4cb9-bbb0-c4b3560d457f/add_router_interface 2.063s
2024-10-03 09:24:16.028 62279 INFO tempest.lib.common.dynamic_creds [-] Created isolated network resources for: credentials: Credentials: {'domain_id': 'default', 'domain_name': 'Default', 'username': 'tempest-ServerActionsTestOtherA-1868654732-project-member', 'project_domain_id': 'default', 'project_domain_name': 'Default', 'project_id': 'c91e5eeeeb1742f499b2edaf76a93a3b', 'project_name': 'tempest-ServerActionsTestOtherA-1868654732', 'tenant_id': 'c91e5eeeeb1742f499b2edaf76a93a3b', 'tenant_name': 'tempest-ServerActionsTestOtherA-1868654732', 'user_domain_id': 'default', 'user_domain_name': 'Default', 'user_id': '0aa820b3e16d4d6fbc6bda0b232025fc', 'system': None}, Network: {'id': '0d81bd04-b549-4e1f-97a2-0a0b9391dd3f', 'name': 'tempest-ServerActionsTestOtherA-108214409-network', 'tenant_id': 'c91e5eeeeb1742f499b2edaf76a93a3b', 'admin_state_up': True, 'mtu': 8950, 'status': 'ACTIVE', 'subnets': [], 'shared': False, 'project_id': 'c91e5eeeeb1742f499b2edaf76a93a3b', 'port_security_enabled': True, 'router:external': False, 'provider:network_type': 'vlan', 'provider:physical_network': 'default', 'provider:segmentation_id': 556, 'is_default': False, 'availability_zone_hints': [], 'availability_zones': [], 'ipv4_address_scope': None, 'ipv6_address_scope': None, 'description': '', 'tags': [], 'created_at': '2024-10-03T09:24:12Z', 'updated_at': '2024-10-03T09:24:12Z', 'revision_number': 1}, Subnet: {'id': '1e97ff7c-a0eb-4a7e-8844-9c6d39e20fd3', 'name': 'tempest-ServerActionsTestOtherA-108214409-subnet', 'tenant_id': 'c91e5eeeeb1742f499b2edaf76a93a3b', 'network_id': '0d81bd04-b549-4e1f-97a2-0a0b9391dd3f', 'ip_version': 4, 'subnetpool_id': None, 'enable_dhcp': True, 'ipv6_ra_mode': None, 'ipv6_address_mode': None, 'gateway_ip': '192.168.128.1', 'cidr': '192.168.128.0/28', 'allocation_pools': [{'start': '192.168.128.2', 'end': '192.168.128.14'}], 'host_routes': [], 'dns_nameservers': [], 'description': '', 'router:external': False, 'service_types': [], 'tags': [], 'created_at': '2024-10-03T09:24:12Z', 'updated_at': '2024-10-03T09:24:12Z', 'revision_number': 0, 'project_id': 'c91e5eeeeb1742f499b2edaf76a93a3b'}, Router: {'id': '8f703f66-16c8-4cb9-bbb0-c4b3560d457f', 'name': 'tempest-ServerActionsTestOtherA-108214409-router', 'tenant_id': 'c91e5eeeeb1742f499b2edaf76a93a3b', 'admin_state_up': True, 'status': 'ACTIVE', 'external_gateway_info': {'network_id': 'f5d8f6fe-4cf7-4859-8f7d-d22fa2b5887a', 'external_fixed_ips': [{'subnet_id': 'c7758276-5340-4f9c-bb21-aaaa13497e0f', 'ip_address': '10.180.180.160'}], 'enable_snat': True}, 'description': '', 'availability_zones': [], 'distributed': False, 'ha': False, 'availability_zone_hints': [], 'routes': [], 'flavor_id': None, 'tags': [], 'created_at': '2024-10-03T09:24:12Z', 'updated_at': '2024-10-03T09:24:13Z', 'revision_number': 2, 'project_id': 'c91e5eeeeb1742f499b2edaf76a93a3b'}
2024-10-03 09:24:16.062 62319 INFO tempest.lib.common.rest_client [req-2164368e-a839-4fa7-bc9e-73c931127c5a req-2164368e-a839-4fa7-bc9e-73c931127c5a ] Request (AttachInterfacesTestJSON:test_create_list_show_delete_interfaces_by_network_port): 200 GET http://10.180.1.21/compute/v2.1/servers/0ac963b1-120a-464b-8228-3393135dd182 0.104s
2024-10-03 09:24:16.068 62329 INFO tempest.lib.common.rest_client [req-8db045bd-66a9-435d-89d1-95b1e1f56d83 req-8db045bd-66a9-435d-89d1-95b1e1f56d83 ] Request (ImagesOneServerNegativeTestJSON:setUpClass): 200 GET http://10.180.1.21/compute/v2.1/servers/d8478b63-3a62-4afa-950b-edf9774e8ea8 0.119s
2024-10-03 09:24:16.071 62305 INFO tempest.lib.common.rest_client [req-b89e93b3-74d0-4141-803b-ba339c0e18ae req-b89e93b3-74d0-4141-803b-ba339c0e18ae ] Request (ServersAdminTestJSON:tearDownClass): 204 DELETE http://10.180.1.21:9696/networking/v2.0/routers/dc450a09-d359-48ba-8e1d-d48a3be96535 0.749s
2024-10-03 09:24:16.108 62294 INFO tempest.lib.common.rest_client [req-f77e8fff-7a0f-4d0c-9324-3eadda6bd2f3 req-f77e8fff-7a0f-4d0c-9324-3eadda6bd2f3 ] Request (MultipleCreateNegativeTestJSON:tearDownClass): 204 DELETE http://10.180.1.21:9696/networking/v2.0/security-groups/2b290fe3-86c9-43c3-be58-bc745500ec6f 0.299s
2024-10-03 09:24:16.160 62279 INFO tempest.lib.common.rest_client [req-238eed6a-6f5d-4e31-b2df-dc226ec7c2f7 req-238eed6a-6f5d-4e31-b2df-dc226ec7c2f7 ] Request (ServerActionsTestOtherA:setUpClass): 201 POST http://10.180.1.21/identity/v3/auth/tokens 0.124s
2024-10-03 09:24:16.165 62326 INFO tempest.lib.common.rest_client [req-155a89de-1968-494a-a7c3-01cc0d92de32 req-155a89de-1968-494a-a7c3-01cc0d92de32 ] Request (VolumesAdminNegativeTest:test_update_attached_volume_with_nonexistent_volume_in_body): 200 GET http://10.180.1.21/compute/v2.1/servers/b0134b0f-23b4-4d34-b144-71ccdd9fba72 0.139s
2024-10-03 09:24:16.166 62283 INFO tempest.lib.common.rest_client [req-92fc0993-2afb-4011-9424-7602c65bd085 req-92fc0993-2afb-4011-9424-7602c65bd085 ] Request (MigrationsAdminTest:test_resize_server_revert_deleted_flavor): 200 GET http://10.180.1.21/compute/v2.1/servers/d148d561-3211-4f1f-965a-f2b14cd60b11 0.139s
2024-10-03 09:24:16.203 62294 INFO tempest.lib.common.rest_client [req-cf22343c-c5cc-475a-a67b-98ed443ed5ed req-cf22343c-c5cc-475a-a67b-98ed443ed5ed ] Request (MultipleCreateNegativeTestJSON:tearDownClass): 204 DELETE http://10.180.1.21/identity/v3/projects/b3ae6a323d46445688bb3c6a5fd104cd 0.095s
2024-10-03 09:24:16.228 62327 INFO tempest.lib.common.rest_client [req-ff81ed86-399d-4036-9b48-44999b80eb94 req-ff81ed86-399d-4036-9b48-44999b80eb94 ] Request (InstanceActionsTestJSON:setUpClass): 200 GET http://10.180.1.21/compute/v2.1/servers/adccca24-ed77-410b-8b69-19137cadafbd 0.124s
2024-10-03 09:24:16.228 62309 INFO tempest.lib.common.rest_client [req-cb2b1fa1-fa5c-4ecd-bf55-5ad80da69331 req-cb2b1fa1-fa5c-4ecd-bf55-5ad80da69331 ] Request (ServersTestJSON:setUpClass): 200 GET http://10.180.1.21/compute/v2.1/servers/3ee4e051-f51d-4840-a918-fdedad020557 0.114s
2024-10-03 09:24:16.264 62294 INFO tempest.lib.common.rest_client [req-1d73eff9-67a8-4899-bf71-4ce634b66265 req-1d73eff9-67a8-4899-bf71-4ce634b66265 ] Request (ServerRescueTestJSON:setUpClass): 201 POST http://10.180.1.21/identity/v3/auth/tokens 0.059s
2024-10-03 09:24:16.280 62317 INFO tempest.lib.common.rest_client [req-2ba48cf0-94f9-4bda-bb48-1cadee9b7fcd req-2ba48cf0-94f9-4bda-bb48-1cadee9b7fcd ] Request (DeleteServersTestJSON:test_delete_active_server): 200 GET http://10.180.1.21/compute/v2.1/servers/73ab65b7-32e7-4206-8f31-466085319c71 0.059s
2024-10-03 09:24:16.303 62294 INFO tempest.lib.common.rest_client [req-6cc96a29-925f-47f2-a417-fe128b485773 req-6cc96a29-925f-47f2-a417-fe128b485773 ] Request (ServerRescueTestJSON:setUpClass): 201 POST http://10.180.1.21/identity/v3/auth/tokens 0.037s
2024-10-03 09:24:16.311 62305 INFO tempest.lib.common.rest_client [req-0ed01f1a-22eb-4ebf-879b-3faea51d258d req-0ed01f1a-22eb-4ebf-879b-3faea51d258d ] Request (ServersAdminTestJSON:tearDownClass): 204 DELETE http://10.180.1.21:9696/networking/v2.0/subnets/611ad966-7e92-47ac-a912-92553c43813d 0.240s
2024-10-03 09:24:16.330 62294 INFO tempest.lib.common.rest_client [req-667c61cf-1825-498b-a028-8ccb83b7381f req-667c61cf-1825-498b-a028-8ccb83b7381f ] Request (ServerRescueTestJSON:setUpClass): 200 GET http://10.180.1.21/identity/v3/domains?name=Default 0.027s
2024-10-03 09:24:16.336 62307 INFO tempest.lib.common.rest_client [req-b77b83a7-b26c-4574-92ac-c5cd0367ce8f req-b77b83a7-b26c-4574-92ac-c5cd0367ce8f ] Request (ServersTestManualDisk:setUpClass): 200 GET http://10.180.1.21/compute/v2.1/servers/d0914f90-200c-4715-aaab-54beacf339b9 0.106s
2024-10-03 09:24:16.359 62294 INFO tempest.lib.common.rest_client [req-89b09a99-bec4-4d05-8d0b-2b5cbe8fae09 req-89b09a99-bec4-4d05-8d0b-2b5cbe8fae09 ] Request (ServerRescueTestJSON:setUpClass): 201 POST http://10.180.1.21/identity/v3/projects 0.028s
2024-10-03 09:24:16.370 62279 INFO tempest.lib.common.rest_client [req-1e2906fd-7160-49af-9d93-5cc3ea461034 req-1e2906fd-7160-49af-9d93-5cc3ea461034 ] Request (ServerActionsTestOtherA:setUpClass): 200 POST http://10.180.1.21/compute/v2.1/os-keypairs 0.207s
2024-10-03 09:24:16.427 62294 INFO tempest.lib.common.rest_client [req-9dcace1e-1755-4c2c-9154-a2105cb035dd req-9dcace1e-1755-4c2c-9154-a2105cb035dd ] Request (ServerRescueTestJSON:setUpClass): 201 POST http://10.180.1.21/identity/v3/users 0.067s
2024-10-03 09:24:16.450 62294 INFO tempest.lib.common.rest_client [req-0cd8a148-c4b4-47e4-91b3-ae23b2bca5fe req-0cd8a148-c4b4-47e4-91b3-ae23b2bca5fe ] Request (ServerRescueTestJSON:setUpClass): 200 GET http://10.180.1.21/identity/v3/roles 0.023s
2024-10-03 09:24:16.482 62294 INFO tempest.lib.common.rest_client [req-a0f4e812-f107-4f62-8ed1-f52fa58d30c3 req-a0f4e812-f107-4f62-8ed1-f52fa58d30c3 ] Request (ServerRescueTestJSON:setUpClass): 204 PUT http://10.180.1.21/identity/v3/projects/2ecbd5f22c024de8a6b1c45096cb79a7/users/b47f99a84e374b8497de25413344f035/roles/3b3635e27c3c4ec8b08c40624c6e6c15 0.031s
2024-10-03 09:24:16.482 62294 INFO tempest.lib.common.dynamic_creds [-] Dynamic test user b47f99a84e374b8497de25413344f035 is created with scope project and roles: ['member']
2024-10-03 09:24:16.482 62294 INFO tempest.lib.common.dynamic_creds [-] Acquired dynamic creds: credentials: Credentials: {'domain_id': 'default', 'domain_name': 'Default', 'username': 'tempest-ServerRescueTestJSON-626358069-project-member', 'project_domain_id': 'default', 'project_domain_name': 'Default', 'project_id': '2ecbd5f22c024de8a6b1c45096cb79a7', 'project_name': 'tempest-ServerRescueTestJSON-626358069', 'tenant_id': '2ecbd5f22c024de8a6b1c45096cb79a7', 'tenant_name': 'tempest-ServerRescueTestJSON-626358069', 'user_domain_id': 'default', 'user_domain_name': 'Default', 'user_id': 'b47f99a84e374b8497de25413344f035', 'system': None}, Network: None, Subnet: None, Router: None
2024-10-03 09:24:16.527 62311 INFO tempest.lib.common.rest_client [req-9ce8fc46-62a8-43c4-893e-4e3c8baa93f5 req-9ce8fc46-62a8-43c4-893e-4e3c8baa93f5 ] Request (ImagesTestJSON:test_create_image_from_suspended_server): 200 GET http://10.180.1.21/compute/v2.1/servers/5da19104-b163-44cd-bb1f-68c4eb316ac1 0.067s
2024-10-03 09:24:16.561 62294 INFO tempest.lib.common.rest_client [req-17960b3a-f47e-402c-8e86-6821028e1ade req-17960b3a-f47e-402c-8e86-6821028e1ade ] Request (ServerRescueTestJSON:setUpClass): 201 POST http://10.180.1.21/identity/v3/auth/tokens 0.078s
2024-10-03 09:24:16.607 62289 INFO tempest.lib.common.rest_client [req-a19a1539-fd3a-403e-aa59-6ca7a82aeaff req-a19a1539-fd3a-403e-aa59-6ca7a82aeaff ] Request (AttachInterfacesV270Test:test_create_get_list_interfaces): 200 GET http://10.180.1.21/compute/v2.1/servers/ad0dd218-5e45-4d22-9d94-5c25ba8b22ec 0.064s
2024-10-03 09:24:16.615 62267 INFO tempest.lib.common.rest_client [req-73d17587-52f9-4601-8778-ecd543bc0a73 req-73d17587-52f9-4601-8778-ecd543bc0a73 ] Request (ServersWithSpecificFlavorTestJSON:test_verify_created_server_ephemeral_disk): 200 GET http://10.180.1.21/compute/v2.1/servers/7d8d4cdc-2b25-46f3-8bc0-1de22fdd005a 0.118s
2024-10-03 09:24:16.665 62303 INFO tempest.lib.common.rest_client [req-7a050a1e-0750-4f01-9f20-145834000411 req-7a050a1e-0750-4f01-9f20-145834000411 ] Request (VolumesAssistedSnapshotsTest:test_volume_assisted_snapshot_create_delete): 200 GET http://10.180.1.21/compute/v2.1/servers/d7a90be3-d3d6-4626-944b-b907cf7fb64d 0.102s
2024-10-03 09:24:16.723 62297 INFO tempest.lib.common.rest_client [req-a20dc595-bcaa-495f-86eb-07f9db29875c req-a20dc595-bcaa-495f-86eb-07f9db29875c ] Request (ImagesOneServerTestJSON:setUpClass): 200 GET http://10.180.1.21/compute/v2.1/servers/d41f73e0-a188-4cc4-8391-938178aad496 0.094s
2024-10-03 09:24:16.792 62271 INFO tempest.lib.common.rest_client [req-742643fb-e828-4e70-b30d-7f9ae2db419c req-742643fb-e828-4e70-b30d-7f9ae2db419c ] Request (DeleteServersAdminTestJSON:test_delete_server_while_in_error_state): 200 GET http://10.180.1.21/compute/v2.1/servers/a71c58e7-89db-4ad2-92e0-5379b04b751c 0.097s
2024-10-03 09:24:16.819 62321 INFO tempest.lib.common.rest_client [req-968d5e1a-e593-4e69-9322-b8885683d8f5 req-968d5e1a-e593-4e69-9322-b8885683d8f5 ] Request (ServerTagsTestJSON:setUpClass): 201 POST http://10.180.1.21:9696/networking/v2.0/routers 1.509s
2024-10-03 09:24:16.837 62279 INFO tempest.lib.common.rest_client [req-9af18da9-8bf8-4990-8970-0ad4fdf2559b req-9af18da9-8bf8-4990-8970-0ad4fdf2559b ] Request (ServerActionsTestOtherA:setUpClass): 201 POST http://10.180.1.21:9696/networking/v2.0/security-groups 0.465s
2024-10-03 09:24:16.879 62277 INFO tempest.lib.common.rest_client [req-3060be0b-9576-4027-b973-7d19d50a7760 req-3060be0b-9576-4027-b973-7d19d50a7760 ] Request (InstanceActionsV221TestJSON:test_get_list_deleted_instance_actions): 200 GET http://10.180.1.21/compute/v2.1/servers/9ec1b7a6-5ade-49a3-ba47-912bb328adb6 0.179s
2024-10-03 09:24:16.950 62316 INFO tempest.lib.common.rest_client [req-3b432579-5c19-45ea-ac9e-2c6da6eeb04d req-3b432579-5c19-45ea-ac9e-2c6da6eeb04d ] Request (ServerDiskConfigTestJSON:test_rebuild_server_with_auto_disk_config): 200 GET http://10.180.1.21/compute/v2.1/servers/efa18997-b502-4e2e-933a-a185ab9074d5 0.176s
2024-10-03 09:24:16.973 62273 INFO tempest.lib.common.rest_client [req-57374e4f-b58a-4af1-a80c-07b0b806cda7 req-57374e4f-b58a-4af1-a80c-07b0b806cda7 ] Request (TenantUsagesTestJSON:setUpClass): 200 GET http://10.180.1.21/compute/v2.1/servers/2226072d-16f2-4ea1-a56c-d866554c7379 0.354s
2024-10-03 09:24:16.980 62273 INFO tempest.common.waiters [-] State transition "BUILD/block_device_mapping" ==> "BUILD/spawning" after 44 second wait
2024-10-03 09:24:17.031 62291 INFO tempest.lib.common.rest_client [req-06fb2bff-1aca-4b57-aa49-623658b8f22f req-06fb2bff-1aca-4b57-aa49-623658b8f22f ] Request (InstanceActionsNegativeTestJSON:setUpClass): 200 GET http://10.180.1.21/compute/v2.1/servers/495a15b2-20bd-44d2-8020-816031e89832 0.256s
2024-10-03 09:24:17.034 62285 INFO tempest.lib.common.rest_client [req-7f3593f5-31d4-4429-b5da-08ccb40f8b70 req-7f3593f5-31d4-4429-b5da-08ccb40f8b70 ] Request (ServerDiagnosticsTest:test_get_server_diagnostics): 200 GET http://10.180.1.21/compute/v2.1/servers/317f20e9-6ba1-4b41-b298-5dd844f323ac 0.198s
2024-10-03 09:24:17.042 62305 INFO tempest.lib.common.rest_client [req-aee72f00-3b5e-4f1d-b6c4-503a6de67e54 req-aee72f00-3b5e-4f1d-b6c4-503a6de67e54 ] Request (ServersAdminTestJSON:tearDownClass): 204 DELETE http://10.180.1.21:9696/networking/v2.0/networks/859ff4d2-2de3-44f6-b119-4b41d26698b4 0.730s
2024-10-03 09:24:17.097 62279 INFO tempest.lib.common.rest_client [req-ac152a27-7705-4ae9-b8b7-0cc5b18c0d3d req-ac152a27-7705-4ae9-b8b7-0cc5b18c0d3d ] Request (ServerActionsTestOtherA:setUpClass): 201 POST http://10.180.1.21:9696/networking/v2.0/security-group-rules 0.259s
2024-10-03 09:24:17.107 62313 INFO tempest.lib.common.rest_client [req-34ab601d-1955-4385-80f5-23327049abc6 req-34ab601d-1955-4385-80f5-23327049abc6 ] Request (ImagesNegativeTestJSON:test_create_image_from_deleted_server): 200 GET http://10.180.1.21/compute/v2.1/servers/88251634-8add-4216-b789-dfee77a1ae09 0.266s
2024-10-03 09:24:17.122 62301 INFO tempest.lib.common.rest_client [req-50eb09e9-4fe0-4cbb-8159-413d8512644b req-50eb09e9-4fe0-4cbb-8159-413d8512644b ] Request (ServerActionsTestJSON:setUpClass): 200 GET http://10.180.1.21/compute/v2.1/servers/71aead12-a182-40a7-b5a9-91c01271b800 0.224s
2024-10-03 09:24:17.188 62323 INFO tempest.lib.common.rest_client [req-9d8ff6c5-fc32-4c5b-b242-be28857555eb req-9d8ff6c5-fc32-4c5b-b242-be28857555eb ] Request (FloatingIPsAssociationTestJSON:setUpClass): 200 GET http://10.180.1.21/compute/v2.1/servers/2c1dfa78-d300-4505-9f87-8e11a4973af3 0.232s
2024-10-03 09:24:17.206 62294 INFO tempest.lib.common.rest_client [req-4b66566b-c1ee-464d-99da-eaecca575bc2 req-4b66566b-c1ee-464d-99da-eaecca575bc2 ] Request (ServerRescueTestJSON:setUpClass): 201 POST http://10.180.1.21:9696/networking/v2.0/networks 0.645s
2024-10-03 09:24:17.220 62287 INFO tempest.lib.common.rest_client [req-2f8ec783-2fd6-4c43-bde7-65f7f6df2900 req-2f8ec783-2fd6-4c43-bde7-65f7f6df2900 ] Request (FloatingIPsAssociationNegativeTestJSON:setUpClass): 200 GET http://10.180.1.21/compute/v2.1/servers/73cb4a44-a4d9-4c8c-8472-f99b5d449cec 0.304s
2024-10-03 09:24:17.253 62295 INFO tempest.lib.common.rest_client [req-2a525c57-6276-431e-80e7-e7d1a7adef61 req-2a525c57-6276-431e-80e7-e7d1a7adef61 ] Request (ServersTestMultiNic:test_verify_duplicate_network_nics): 200 GET http://10.180.1.21/compute/v2.1/servers/95edf3d1-a987-4768-93be-1e045d7bfa99 0.254s
2024-10-03 09:24:17.291 62281 INFO tempest.lib.common.rest_client [req-ddda1ce1-1e4d-463d-ab21-3803a2b7095f req-ddda1ce1-1e4d-463d-ab21-3803a2b7095f ] Request (ServerActionsTestOtherB:setUpClass): 200 GET http://10.180.1.21/compute/v2.1/servers/a5b98f92-d287-4d40-8a21-d2de64026970 0.274s
2024-10-03 09:24:17.323 62319 INFO tempest.lib.common.rest_client [req-1207a938-e8c4-4fd7-b749-5d94a9ac908e req-1207a938-e8c4-4fd7-b749-5d94a9ac908e ] Request (AttachInterfacesTestJSON:test_create_list_show_delete_interfaces_by_network_port): 200 GET http://10.180.1.21/compute/v2.1/servers/0ac963b1-120a-464b-8228-3393135dd182 0.253s
2024-10-03 09:24:17.375 62329 INFO tempest.lib.common.rest_client [req-389e19b5-9691-42f0-b4e8-2c41b06c492c req-389e19b5-9691-42f0-b4e8-2c41b06c492c ] Request (ImagesOneServerNegativeTestJSON:setUpClass): 200 GET http://10.180.1.21/compute/v2.1/servers/d8478b63-3a62-4afa-950b-edf9774e8ea8 0.293s
2024-10-03 09:24:17.386 62326 INFO tempest.lib.common.rest_client [req-a5fb29c2-c8bc-461d-a328-c5875ff40e04 req-a5fb29c2-c8bc-461d-a328-c5875ff40e04 ] Request (VolumesAdminNegativeTest:test_update_attached_volume_with_nonexistent_volume_in_body): 200 GET http://10.180.1.21/compute/v2.1/servers/b0134b0f-23b4-4d34-b144-71ccdd9fba72 0.212s
2024-10-03 09:24:17.413 62279 INFO tempest.lib.common.rest_client [req-9ace94b1-fa44-4ff6-bdf2-0d5152b0c184 req-9ace94b1-fa44-4ff6-bdf2-0d5152b0c184 ] Request (ServerActionsTestOtherA:setUpClass): 201 POST http://10.180.1.21:9696/networking/v2.0/security-group-rules 0.315s
2024-10-03 09:24:17.441 62283 INFO tempest.lib.common.rest_client [req-b782888d-42b1-457b-81f2-811cfd6c8a5a req-b782888d-42b1-457b-81f2-811cfd6c8a5a ] Request (MigrationsAdminTest:test_resize_server_revert_deleted_flavor): 200 GET http://10.180.1.21/compute/v2.1/servers/d148d561-3211-4f1f-965a-f2b14cd60b11 0.261s
2024-10-03 09:24:17.452 62327 INFO tempest.lib.common.rest_client [req-9a00120a-8486-4bda-9d34-5ca853835b58 req-9a00120a-8486-4bda-9d34-5ca853835b58 ] Request (InstanceActionsTestJSON:setUpClass): 200 GET http://10.180.1.21/compute/v2.1/servers/adccca24-ed77-410b-8b69-19137cadafbd 0.215s
2024-10-03 09:24:17.499 62309 INFO tempest.lib.common.rest_client [req-a4f16f44-865a-43e8-bd57-e6ef1866e3a7 req-a4f16f44-865a-43e8-bd57-e6ef1866e3a7 ] Request (ServersTestJSON:setUpClass): 200 GET http://10.180.1.21/compute/v2.1/servers/3ee4e051-f51d-4840-a918-fdedad020557 0.261s
2024-10-03 09:24:17.524 62317 INFO tempest.lib.common.rest_client [req-ea151b5a-8229-433f-85a0-255d32da98df req-ea151b5a-8229-433f-85a0-255d32da98df ] Request (DeleteServersTestJSON:test_delete_active_server): 200 GET http://10.180.1.21/compute/v2.1/servers/73ab65b7-32e7-4206-8f31-466085319c71 0.235s
2024-10-03 09:24:17.574 62307 INFO tempest.lib.common.rest_client [req-ce5e6e67-7384-444e-805a-5fcdbd98ea08 req-ce5e6e67-7384-444e-805a-5fcdbd98ea08 ] Request (ServersTestManualDisk:setUpClass): 200 GET http://10.180.1.21/compute/v2.1/servers/d0914f90-200c-4715-aaab-54beacf339b9 0.228s
2024-10-03 09:24:17.610 62311 INFO tempest.lib.common.rest_client [req-9af20adf-399a-427b-880d-9023b3c7fa8d req-9af20adf-399a-427b-880d-9023b3c7fa8d ] Request (ImagesTestJSON:test_create_image_from_suspended_server): 200 GET http://10.180.1.21/compute/v2.1/servers/5da19104-b163-44cd-bb1f-68c4eb316ac1 0.076s
2024-10-03 09:24:17.695 62289 INFO tempest.lib.common.rest_client [req-638e2856-ed8f-4f8a-bda5-f53133540e3c req-638e2856-ed8f-4f8a-bda5-f53133540e3c ] Request (AttachInterfacesV270Test:test_create_get_list_interfaces): 200 GET http://10.180.1.21/compute/v2.1/servers/ad0dd218-5e45-4d22-9d94-5c25ba8b22ec 0.072s
2024-10-03 09:24:17.698 62267 INFO tempest.lib.common.rest_client [req-50753ea0-612c-44c4-806d-bf42902ccdea req-50753ea0-612c-44c4-806d-bf42902ccdea ] Request (ServersWithSpecificFlavorTestJSON:test_verify_created_server_ephemeral_disk): 200 GET http://10.180.1.21/compute/v2.1/servers/7d8d4cdc-2b25-46f3-8bc0-1de22fdd005a 0.071s
2024-10-03 09:24:17.707 62294 INFO tempest.lib.common.rest_client [req-a60d140a-c9de-4975-b93a-ef5dcb707609 req-a60d140a-c9de-4975-b93a-ef5dcb707609 ] Request (ServerRescueTestJSON:setUpClass): 201 POST http://10.180.1.21:9696/networking/v2.0/subnets 0.501s
2024-10-03 09:24:17.743 62303 INFO tempest.lib.common.rest_client [req-32997164-14c7-44d6-80ed-ee989d7b088d req-32997164-14c7-44d6-80ed-ee989d7b088d ] Request (VolumesAssistedSnapshotsTest:test_volume_assisted_snapshot_create_delete): 200 GET http://10.180.1.21/compute/v2.1/servers/d7a90be3-d3d6-4626-944b-b907cf7fb64d 0.071s
2024-10-03 09:24:17.798 62297 INFO tempest.lib.common.rest_client [req-040e0f6e-2e1f-45e0-a788-0fffef17ce32 req-040e0f6e-2e1f-45e0-a788-0fffef17ce32 ] Request (ImagesOneServerTestJSON:setUpClass): 200 GET http://10.180.1.21/compute/v2.1/servers/d41f73e0-a188-4cc4-8391-938178aad496 0.062s
2024-10-03 09:24:17.860 62271 INFO tempest.lib.common.rest_client [req-be88e373-8764-47c0-a916-2d69740523dd req-be88e373-8764-47c0-a916-2d69740523dd ] Request (DeleteServersAdminTestJSON:test_delete_server_while_in_error_state): 200 GET http://10.180.1.21/compute/v2.1/servers/a71c58e7-89db-4ad2-92e0-5379b04b751c 0.053s
2024-10-03 09:24:17.963 62277 INFO tempest.lib.common.rest_client [req-5ff356d3-36c7-43ee-90ac-5ad75b0529a4 req-5ff356d3-36c7-43ee-90ac-5ad75b0529a4 ] Request (InstanceActionsV221TestJSON:test_get_list_deleted_instance_actions): 200 GET http://10.180.1.21/compute/v2.1/servers/9ec1b7a6-5ade-49a3-ba47-912bb328adb6 0.072s
2024-10-03 09:24:18.021 62316 INFO tempest.lib.common.rest_client [req-1050f12d-164a-4dc8-89c4-f2af3d67e9b8 req-1050f12d-164a-4dc8-89c4-f2af3d67e9b8 ] Request (ServerDiskConfigTestJSON:test_rebuild_server_with_auto_disk_config): 200 GET http://10.180.1.21/compute/v2.1/servers/efa18997-b502-4e2e-933a-a185ab9074d5 0.060s
2024-10-03 09:24:18.045 62273 INFO tempest.lib.common.rest_client [req-a060bf8d-2d29-4c21-93a5-eba5a361a723 req-a060bf8d-2d29-4c21-93a5-eba5a361a723 ] Request (TenantUsagesTestJSON:setUpClass): 200 GET http://10.180.1.21/compute/v2.1/servers/2226072d-16f2-4ea1-a56c-d866554c7379 0.063s
2024-10-03 09:24:18.126 62291 INFO tempest.lib.common.rest_client [req-e165dbb0-ba4f-4b43-a2ea-d4e0e600b0fc req-e165dbb0-ba4f-4b43-a2ea-d4e0e600b0fc ] Request (InstanceActionsNegativeTestJSON:setUpClass): 200 GET http://10.180.1.21/compute/v2.1/servers/495a15b2-20bd-44d2-8020-816031e89832 0.078s
2024-10-03 09:24:18.134 62285 INFO tempest.lib.common.rest_client [req-a8eef2bd-73c8-494d-9380-6bc2cec2ad4f req-a8eef2bd-73c8-494d-9380-6bc2cec2ad4f ] Request (ServerDiagnosticsTest:test_get_server_diagnostics): 200 GET http://10.180.1.21/compute/v2.1/servers/317f20e9-6ba1-4b41-b298-5dd844f323ac 0.087s
2024-10-03 09:24:18.203 62313 INFO tempest.lib.common.rest_client [req-03175e36-7f14-4965-b5cb-1b4406119428 req-03175e36-7f14-4965-b5cb-1b4406119428 ] Request (ImagesNegativeTestJSON:test_create_image_from_deleted_server): 200 GET http://10.180.1.21/compute/v2.1/servers/88251634-8add-4216-b789-dfee77a1ae09 0.089s
2024-10-03 09:24:18.219 62301 INFO tempest.lib.common.rest_client [req-0b7b559b-e7d3-421f-8024-469418d06693 req-0b7b559b-e7d3-421f-8024-469418d06693 ] Request (ServerActionsTestJSON:setUpClass): 200 GET http://10.180.1.21/compute/v2.1/servers/71aead12-a182-40a7-b5a9-91c01271b800 0.085s
2024-10-03 09:24:18.228 62321 INFO tempest.lib.common.rest_client [req-37d87685-620b-4dff-94c5-724991c60bb3 req-37d87685-620b-4dff-94c5-724991c60bb3 ] Request (ServerTagsTestJSON:setUpClass): 200 PUT http://10.180.1.21:9696/networking/v2.0/routers/ac73d91a-4a30-4897-bee2-75228e873908/add_router_interface 1.409s
2024-10-03 09:24:18.228 62321 INFO tempest.lib.common.dynamic_creds [-] Created isolated network resources for: credentials: Credentials: {'domain_id': 'default', 'domain_name': 'Default', 'username': 'tempest-ServerTagsTestJSON-107248279-project-member', 'project_domain_id': 'default', 'project_domain_name': 'Default', 'project_id': '9542e7a0d2af459b9a7bd8ae65de8a8c', 'project_name': 'tempest-ServerTagsTestJSON-107248279', 'tenant_id': '9542e7a0d2af459b9a7bd8ae65de8a8c', 'tenant_name': 'tempest-ServerTagsTestJSON-107248279', 'user_domain_id': 'default', 'user_domain_name': 'Default', 'user_id': '4cc78192fe70440c8b8d29d4aa3eaf2e', 'system': None}, Network: {'id': '66dc409f-aa65-4c01-a676-9721c8490d93', 'name': 'tempest-ServerTagsTestJSON-1492965002-network', 'tenant_id': '9542e7a0d2af459b9a7bd8ae65de8a8c', 'admin_state_up': True, 'mtu': 8950, 'status': 'ACTIVE', 'subnets': [], 'shared': False, 'project_id': '9542e7a0d2af459b9a7bd8ae65de8a8c', 'port_security_enabled': True, 'router:external': False, 'provider:network_type': 'vlan', 'provider:physical_network': 'default', 'provider:segmentation_id': 845, 'is_default': False, 'availability_zone_hints': [], 'availability_zones': [], 'ipv4_address_scope': None, 'ipv6_address_scope': None, 'description': '', 'tags': [], 'created_at': '2024-10-03T09:24:14Z', 'updated_at': '2024-10-03T09:24:14Z', 'revision_number': 1}, Subnet: {'id': '1ea41ace-b203-42b3-9035-22805aedd430', 'name': 'tempest-ServerTagsTestJSON-1492965002-subnet', 'tenant_id': '9542e7a0d2af459b9a7bd8ae65de8a8c', 'network_id': '66dc409f-aa65-4c01-a676-9721c8490d93', 'ip_version': 4, 'subnetpool_id': None, 'enable_dhcp': True, 'ipv6_ra_mode': None, 'ipv6_address_mode': None, 'gateway_ip': '192.168.128.1', 'cidr': '192.168.128.0/28', 'allocation_pools': [{'start': '192.168.128.2', 'end': '192.168.128.14'}], 'host_routes': [], 'dns_nameservers': [], 'description': '', 'router:external': False, 'service_types': [], 'tags': [], 'created_at': '2024-10-03T09:24:15Z', 'updated_at': '2024-10-03T09:24:15Z', 'revision_number': 0, 'project_id': '9542e7a0d2af459b9a7bd8ae65de8a8c'}, Router: {'id': 'ac73d91a-4a30-4897-bee2-75228e873908', 'name': 'tempest-ServerTagsTestJSON-1492965002-router', 'tenant_id': '9542e7a0d2af459b9a7bd8ae65de8a8c', 'admin_state_up': True, 'status': 'ACTIVE', 'external_gateway_info': {'network_id': 'f5d8f6fe-4cf7-4859-8f7d-d22fa2b5887a', 'external_fixed_ips': [{'subnet_id': 'c7758276-5340-4f9c-bb21-aaaa13497e0f', 'ip_address': '10.180.180.220'}], 'enable_snat': True}, 'description': '', 'availability_zones': [], 'distributed': False, 'ha': False, 'availability_zone_hints': [], 'routes': [], 'flavor_id': None, 'tags': [], 'created_at': '2024-10-03T09:24:15Z', 'updated_at': '2024-10-03T09:24:16Z', 'revision_number': 2, 'project_id': '9542e7a0d2af459b9a7bd8ae65de8a8c'}
2024-10-03 09:24:18.267 62323 INFO tempest.lib.common.rest_client [req-2d6e0a1f-f231-45f1-ae5f-a534bcbf9dca req-2d6e0a1f-f231-45f1-ae5f-a534bcbf9dca ] Request (FloatingIPsAssociationTestJSON:setUpClass): 200 GET http://10.180.1.21/compute/v2.1/servers/2c1dfa78-d300-4505-9f87-8e11a4973af3 0.071s
2024-10-03 09:24:18.311 62287 INFO tempest.lib.common.rest_client [req-00337563-9e1f-4809-83cb-184f1be6e5ff req-00337563-9e1f-4809-83cb-184f1be6e5ff ] Request (FloatingIPsAssociationNegativeTestJSON:setUpClass): 200 GET http://10.180.1.21/compute/v2.1/servers/73cb4a44-a4d9-4c8c-8472-f99b5d449cec 0.083s
2024-10-03 09:24:18.330 62295 INFO tempest.lib.common.rest_client [req-e0f06c73-8cbc-421b-8b46-b5f37501c1a1 req-e0f06c73-8cbc-421b-8b46-b5f37501c1a1 ] Request (ServersTestMultiNic:test_verify_duplicate_network_nics): 200 GET http://10.180.1.21/compute/v2.1/servers/95edf3d1-a987-4768-93be-1e045d7bfa99 0.066s
2024-10-03 09:24:18.330 62321 INFO tempest.lib.common.rest_client [req-520b9086-a0e7-431f-b991-d1f31e65b980 req-520b9086-a0e7-431f-b991-d1f31e65b980 ] Request (ServerTagsTestJSON:setUpClass): 201 POST http://10.180.1.21/identity/v3/auth/tokens 0.099s
2024-10-03 09:24:18.384 62321 INFO tempest.lib.common.rest_client [req-676f2c82-5b97-4b81-bcd1-1e454896bbbe req-676f2c82-5b97-4b81-bcd1-1e454896bbbe ] Request (ServerTagsTestJSON:setUpClass): 201 POST http://10.180.1.21/identity/v3/auth/tokens 0.045s
2024-10-03 09:24:18.384 62321 INFO tempest.lib.common.fixed_network [-] (ServerTagsTestJSON:setUpClass) Found network {'id': '66dc409f-aa65-4c01-a676-9721c8490d93', 'name': 'tempest-ServerTagsTestJSON-1492965002-network', 'tenant_id': '9542e7a0d2af459b9a7bd8ae65de8a8c', 'admin_state_up': True, 'mtu': 8950, 'status': 'ACTIVE', 'subnets': [], 'shared': False, 'project_id': '9542e7a0d2af459b9a7bd8ae65de8a8c', 'port_security_enabled': True, 'router:external': False, 'provider:network_type': 'vlan', 'provider:physical_network': 'default', 'provider:segmentation_id': 845, 'is_default': False, 'availability_zone_hints': [], 'availability_zones': [], 'ipv4_address_scope': None, 'ipv6_address_scope': None, 'description': '', 'tags': [], 'created_at': '2024-10-03T09:24:14Z', 'updated_at': '2024-10-03T09:24:14Z', 'revision_number': 1} available for tenant
2024-10-03 09:24:18.397 62319 INFO tempest.lib.common.rest_client [req-7828c628-3352-43a8-970e-f82308690eea req-7828c628-3352-43a8-970e-f82308690eea ] Request (AttachInterfacesTestJSON:test_create_list_show_delete_interfaces_by_network_port): 200 GET http://10.180.1.21/compute/v2.1/servers/0ac963b1-120a-464b-8228-3393135dd182 0.062s
2024-10-03 09:24:18.401 62281 INFO tempest.lib.common.rest_client [req-9031af59-e488-4b54-8e43-7eeea1257c1d req-9031af59-e488-4b54-8e43-7eeea1257c1d ] Request (ServerActionsTestOtherB:setUpClass): 200 GET http://10.180.1.21/compute/v2.1/servers/a5b98f92-d287-4d40-8a21-d2de64026970 0.101s
2024-10-03 09:24:18.460 62329 INFO tempest.lib.common.rest_client [req-51797c0a-c251-4529-a661-7ae0b905bfc8 req-51797c0a-c251-4529-a661-7ae0b905bfc8 ] Request (ImagesOneServerNegativeTestJSON:setUpClass): 200 GET http://10.180.1.21/compute/v2.1/servers/d8478b63-3a62-4afa-950b-edf9774e8ea8 0.075s
2024-10-03 09:24:18.486 62279 INFO tempest.lib.common.rest_client [req-27104777-a4aa-47cc-b5f6-341590573a04 req-27104777-a4aa-47cc-b5f6-341590573a04 ] Request (ServerActionsTestOtherA:setUpClass): 201 POST http://10.180.1.21:9696/networking/v2.0/floatingips 1.072s
2024-10-03 09:24:18.541 62279 INFO tempest.lib.common.rest_client [req-2597100e-43f5-4eed-bbe5-4da6ebb74f52 req-2597100e-43f5-4eed-bbe5-4da6ebb74f52 ] Request (ServerActionsTestOtherA:setUpClass): 201 POST http://10.180.1.21/identity/v3/auth/tokens 0.052s
2024-10-03 09:24:18.541 62279 INFO tempest.lib.common.fixed_network [-] (ServerActionsTestOtherA:setUpClass) Found network {'id': '0d81bd04-b549-4e1f-97a2-0a0b9391dd3f', 'name': 'tempest-ServerActionsTestOtherA-108214409-network', 'tenant_id': 'c91e5eeeeb1742f499b2edaf76a93a3b', 'admin_state_up': True, 'mtu': 8950, 'status': 'ACTIVE', 'subnets': [], 'shared': False, 'project_id': 'c91e5eeeeb1742f499b2edaf76a93a3b', 'port_security_enabled': True, 'router:external': False, 'provider:network_type': 'vlan', 'provider:physical_network': 'default', 'provider:segmentation_id': 556, 'is_default': False, 'availability_zone_hints': [], 'availability_zones': [], 'ipv4_address_scope': None, 'ipv6_address_scope': None, 'description': '', 'tags': [], 'created_at': '2024-10-03T09:24:12Z', 'updated_at': '2024-10-03T09:24:12Z', 'revision_number': 1} available for tenant
2024-10-03 09:24:18.676 62326 INFO tempest.lib.common.rest_client [req-406309e9-d0e4-4bb0-9ed0-c00c3abf001b req-406309e9-d0e4-4bb0-9ed0-c00c3abf001b ] Request (VolumesAdminNegativeTest:test_update_attached_volume_with_nonexistent_volume_in_body): 200 GET http://10.180.1.21/compute/v2.1/servers/b0134b0f-23b4-4d34-b144-71ccdd9fba72 0.279s
2024-10-03 09:24:18.701 62305 INFO tempest.lib.common.rest_client [req-0f386251-bf14-411a-a04b-e710a564ec90 req-0f386251-bf14-411a-a04b-e710a564ec90 ] Request (ServersAdminTestJSON:tearDownClass): 200 PUT http://10.180.1.21:9696/networking/v2.0/routers/c030164c-fe11-4f86-841e-edc09d3ee172/remove_router_interface 1.659s
2024-10-03 09:24:18.742 62283 INFO tempest.lib.common.rest_client [req-df54f3ee-6b79-4a79-ab4c-2e70390939a0 req-df54f3ee-6b79-4a79-ab4c-2e70390939a0 ] Request (MigrationsAdminTest:test_resize_server_revert_deleted_flavor): 200 GET http://10.180.1.21/compute/v2.1/servers/d148d561-3211-4f1f-965a-f2b14cd60b11 0.293s
2024-10-03 09:24:18.797 62321 INFO tempest.lib.common.rest_client [req-22f6b4d0-98d5-439d-a2a8-8f5bb53172a4 req-22f6b4d0-98d5-439d-a2a8-8f5bb53172a4 ] Request (ServerTagsTestJSON:setUpClass): 202 POST http://10.180.1.21/compute/v2.1/servers 0.412s
2024-10-03 09:24:18.805 62327 INFO tempest.lib.common.rest_client [req-21ddaab4-d955-4f58-959a-9166d38af448 req-21ddaab4-d955-4f58-959a-9166d38af448 ] Request (InstanceActionsTestJSON:setUpClass): 200 GET http://10.180.1.21/compute/v2.1/servers/adccca24-ed77-410b-8b69-19137cadafbd 0.344s
2024-10-03 09:24:18.858 62317 INFO tempest.lib.common.rest_client [req-8a06a1bb-518f-4c5e-a095-ddd10cf6c304 req-8a06a1bb-518f-4c5e-a095-ddd10cf6c304 ] Request (DeleteServersTestJSON:test_delete_active_server): 200 GET http://10.180.1.21/compute/v2.1/servers/73ab65b7-32e7-4206-8f31-466085319c71 0.325s
2024-10-03 09:24:19.013 62309 INFO tempest.lib.common.rest_client [req-883cbd56-9fdd-4cd7-a020-4913fa31284a req-883cbd56-9fdd-4cd7-a020-4913fa31284a ] Request (ServersTestJSON:setUpClass): 200 GET http://10.180.1.21/compute/v2.1/servers/3ee4e051-f51d-4840-a918-fdedad020557 0.505s
2024-10-03 09:24:19.086 62307 INFO tempest.lib.common.rest_client [req-6d08d9af-92d8-484f-af90-381cd9667abb req-6d08d9af-92d8-484f-af90-381cd9667abb ] Request (ServersTestManualDisk:setUpClass): 200 GET http://10.180.1.21/compute/v2.1/servers/d0914f90-200c-4715-aaab-54beacf339b9 0.504s
2024-10-03 09:24:19.162 62294 INFO tempest.lib.common.rest_client [req-300ce421-ce87-47fd-9419-18c4cc9941a2 req-300ce421-ce87-47fd-9419-18c4cc9941a2 ] Request (ServerRescueTestJSON:setUpClass): 201 POST http://10.180.1.21:9696/networking/v2.0/routers 1.454s
2024-10-03 09:24:19.164 62311 INFO tempest.lib.common.rest_client [req-28aabfe0-2ee3-488a-9b56-7d64dc85cb90 req-28aabfe0-2ee3-488a-9b56-7d64dc85cb90 ] Request (ImagesTestJSON:test_create_image_from_suspended_server): 200 GET http://10.180.1.21/compute/v2.1/servers/5da19104-b163-44cd-bb1f-68c4eb316ac1 0.545s
2024-10-03 09:24:19.245 62289 INFO tempest.lib.common.rest_client [req-20bbf9dc-b2a5-4b27-9519-d53d4eedfd47 req-20bbf9dc-b2a5-4b27-9519-d53d4eedfd47 ] Request (AttachInterfacesV270Test:test_create_get_list_interfaces): 200 GET http://10.180.1.21/compute/v2.1/servers/ad0dd218-5e45-4d22-9d94-5c25ba8b22ec 0.540s
2024-10-03 09:24:19.322 62279 INFO tempest.lib.common.rest_client [req-9903219f-0926-4eb2-b4c0-4bfda725a93d req-9903219f-0926-4eb2-b4c0-4bfda725a93d ] Request (ServerActionsTestOtherA:setUpClass): 202 POST http://10.180.1.21/compute/v2.1/servers 0.780s
2024-10-03 09:24:19.331 62267 INFO tempest.lib.common.rest_client [req-6ef19a06-2bb6-452e-83fd-6d5c8b2953ad req-6ef19a06-2bb6-452e-83fd-6d5c8b2953ad ] Request (ServersWithSpecificFlavorTestJSON:test_verify_created_server_ephemeral_disk): 200 GET http://10.180.1.21/compute/v2.1/servers/7d8d4cdc-2b25-46f3-8bc0-1de22fdd005a 0.622s
2024-10-03 09:24:19.385 62303 INFO tempest.lib.common.rest_client [req-79db2215-8789-424c-a1c2-23671439c0f1 req-79db2215-8789-424c-a1c2-23671439c0f1 ] Request (VolumesAssistedSnapshotsTest:test_volume_assisted_snapshot_create_delete): 200 GET http://10.180.1.21/compute/v2.1/servers/d7a90be3-d3d6-4626-944b-b907cf7fb64d 0.633s
2024-10-03 09:24:19.408 62321 INFO tempest.lib.common.rest_client [req-46cb208d-2ffc-4a3e-82ce-25a76b068ddb req-46cb208d-2ffc-4a3e-82ce-25a76b068ddb ] Request (ServerTagsTestJSON:setUpClass): 200 GET http://10.180.1.21/compute/v2.1/servers/30d782e4-30c7-41f6-b30d-95a9a59cf83c 0.609s
2024-10-03 09:24:19.455 62297 INFO tempest.lib.common.rest_client [req-497dd6bf-2a47-454e-8b0b-13e1dc0c2005 req-497dd6bf-2a47-454e-8b0b-13e1dc0c2005 ] Request (ImagesOneServerTestJSON:setUpClass): 200 GET http://10.180.1.21/compute/v2.1/servers/d41f73e0-a188-4cc4-8391-938178aad496 0.651s
2024-10-03 09:24:19.495 62271 INFO tempest.lib.common.rest_client [req-e4c28dc7-39ed-472d-b3f1-aad1fd5bfefa req-e4c28dc7-39ed-472d-b3f1-aad1fd5bfefa ] Request (DeleteServersAdminTestJSON:test_delete_server_while_in_error_state): 200 GET http://10.180.1.21/compute/v2.1/servers/a71c58e7-89db-4ad2-92e0-5379b04b751c 0.629s
2024-10-03 09:24:19.518 62277 INFO tempest.lib.common.rest_client [req-476105cb-46c9-4a5b-bb3a-bc282ecdfd13 req-476105cb-46c9-4a5b-bb3a-bc282ecdfd13 ] Request (InstanceActionsV221TestJSON:test_get_list_deleted_instance_actions): 200 GET http://10.180.1.21/compute/v2.1/servers/9ec1b7a6-5ade-49a3-ba47-912bb328adb6 0.547s
2024-10-03 09:24:19.568 62305 INFO tempest.lib.common.rest_client [req-a2b2b5ce-1aa9-4969-bae8-4594003cfd21 req-a2b2b5ce-1aa9-4969-bae8-4594003cfd21 ] Request (ServersAdminTestJSON:tearDownClass): 204 DELETE http://10.180.1.21:9696/networking/v2.0/routers/c030164c-fe11-4f86-841e-edc09d3ee172 0.866s
2024-10-03 09:24:19.586 62316 INFO tempest.lib.common.rest_client [req-2cec4c7e-5f16-4dcb-9caf-9eba1755ca82 req-2cec4c7e-5f16-4dcb-9caf-9eba1755ca82 ] Request (ServerDiskConfigTestJSON:test_rebuild_server_with_auto_disk_config): 200 GET http://10.180.1.21/compute/v2.1/servers/efa18997-b502-4e2e-933a-a185ab9074d5 0.554s
2024-10-03 09:24:19.593 62273 INFO tempest.lib.common.rest_client [req-2e969ccb-79be-49cd-bd41-341b8c96b147 req-2e969ccb-79be-49cd-bd41-341b8c96b147 ] Request (TenantUsagesTestJSON:setUpClass): 200 GET http://10.180.1.21/compute/v2.1/servers/2226072d-16f2-4ea1-a56c-d866554c7379 0.538s
2024-10-03 09:24:19.653 62291 INFO tempest.lib.common.rest_client [req-403ded99-ea60-4e68-a071-9f60509d9f26 req-403ded99-ea60-4e68-a071-9f60509d9f26 ] Request (InstanceActionsNegativeTestJSON:setUpClass): 200 GET http://10.180.1.21/compute/v2.1/servers/495a15b2-20bd-44d2-8020-816031e89832 0.513s
2024-10-03 09:24:19.679 62285 INFO tempest.lib.common.rest_client [req-8d11442f-47d5-4b06-8541-d8c6e71443c1 req-8d11442f-47d5-4b06-8541-d8c6e71443c1 ] Request (ServerDiagnosticsTest:test_get_server_diagnostics): 200 GET http://10.180.1.21/compute/v2.1/servers/317f20e9-6ba1-4b41-b298-5dd844f323ac 0.536s
2024-10-03 09:24:19.686 62285 INFO tempest.common.waiters [-] State transition "BUILD/spawning" ==> "ERROR/None" after 51 second wait
2024-10-03 09:24:19.713 62305 INFO tempest.lib.common.rest_client [req-42eeee62-3b45-4da3-b253-f87ff106c6d2 req-42eeee62-3b45-4da3-b253-f87ff106c6d2 ] Request (ServersAdminTestJSON:tearDownClass): 204 DELETE http://10.180.1.21:9696/networking/v2.0/subnets/53ac0438-65bd-46f0-acb1-2be2434e411c 0.144s
2024-10-03 09:24:19.720 62313 INFO tempest.lib.common.rest_client [req-d210d078-90ae-4c31-aa81-1590343019b2 req-d210d078-90ae-4c31-aa81-1590343019b2 ] Request (ImagesNegativeTestJSON:test_create_image_from_deleted_server): 200 GET http://10.180.1.21/compute/v2.1/servers/88251634-8add-4216-b789-dfee77a1ae09 0.505s
2024-10-03 09:24:19.747 62301 INFO tempest.lib.common.rest_client [req-26ce2c54-7503-4ed7-8c26-3682491d9ce5 req-26ce2c54-7503-4ed7-8c26-3682491d9ce5 ] Request (ServerActionsTestJSON:setUpClass): 200 GET http://10.180.1.21/compute/v2.1/servers/71aead12-a182-40a7-b5a9-91c01271b800 0.520s
2024-10-03 09:24:19.788 62323 INFO tempest.lib.common.rest_client [req-934c63a5-ee60-4d17-911f-ed992cb95981 req-934c63a5-ee60-4d17-911f-ed992cb95981 ] Request (FloatingIPsAssociationTestJSON:setUpClass): 200 GET http://10.180.1.21/compute/v2.1/servers/2c1dfa78-d300-4505-9f87-8e11a4973af3 0.513s
2024-10-03 09:24:19.812 62287 INFO tempest.lib.common.rest_client [req-8bb3d11b-e203-4764-98c1-b2993ae1967b req-8bb3d11b-e203-4764-98c1-b2993ae1967b ] Request (FloatingIPsAssociationNegativeTestJSON:setUpClass): 200 GET http://10.180.1.21/compute/v2.1/servers/73cb4a44-a4d9-4c8c-8472-f99b5d449cec 0.492s
2024-10-03 09:24:19.846 62279 INFO tempest.lib.common.rest_client [req-4568fc06-b874-4d12-a137-14fc2b9cd939 req-4568fc06-b874-4d12-a137-14fc2b9cd939 ] Request (ServerActionsTestOtherA:setUpClass): 200 GET http://10.180.1.21/compute/v2.1/servers/67e99ada-a8e6-4034-b19b-5b2cb883b735 0.522s
2024-10-03 09:24:19.869 62295 INFO tempest.lib.common.rest_client [req-98d7f93b-be34-494b-b505-0f29e9005401 req-98d7f93b-be34-494b-b505-0f29e9005401 ] Request (ServersTestMultiNic:test_verify_duplicate_network_nics): 200 GET http://10.180.1.21/compute/v2.1/servers/95edf3d1-a987-4768-93be-1e045d7bfa99 0.532s
2024-10-03 09:24:19.915 62319 INFO tempest.lib.common.rest_client [req-f68229b2-410d-48d4-b03e-e42b54794e17 req-f68229b2-410d-48d4-b03e-e42b54794e17 ] Request (AttachInterfacesTestJSON:test_create_list_show_delete_interfaces_by_network_port): 200 GET http://10.180.1.21/compute/v2.1/servers/0ac963b1-120a-464b-8228-3393135dd182 0.510s
2024-10-03 09:24:19.934 62281 INFO tempest.lib.common.rest_client [req-189d6cab-c548-455b-b3f7-db396fc037cd req-189d6cab-c548-455b-b3f7-db396fc037cd ] Request (ServerActionsTestOtherB:setUpClass): 200 GET http://10.180.1.21/compute/v2.1/servers/a5b98f92-d287-4d40-8a21-d2de64026970 0.523s
2024-10-03 09:24:20.006 62326 INFO tempest.lib.common.rest_client [req-14efcfd5-401e-4f63-8431-a254618429fe req-14efcfd5-401e-4f63-8431-a254618429fe ] Request (VolumesAdminNegativeTest:test_update_attached_volume_with_nonexistent_volume_in_body): 200 GET http://10.180.1.21/compute/v2.1/servers/b0134b0f-23b4-4d34-b144-71ccdd9fba72 0.319s
2024-10-03 09:24:20.073 62305 INFO tempest.lib.common.rest_client [req-d59b8893-14fa-4843-bc09-701f271fbf99 req-d59b8893-14fa-4843-bc09-701f271fbf99 ] Request (ServersAdminTestJSON:tearDownClass): 204 DELETE http://10.180.1.21:9696/networking/v2.0/networks/d74c00ce-2b25-4552-9142-d7e4c2e0af1c 0.360s
2024-10-03 09:24:20.111 62329 INFO tempest.lib.common.rest_client [req-eb91b2ec-cbff-4708-a37c-7f0d4fbcdc91 req-eb91b2ec-cbff-4708-a37c-7f0d4fbcdc91 ] Request (ImagesOneServerNegativeTestJSON:setUpClass): 200 GET http://10.180.1.21/compute/v2.1/servers/d8478b63-3a62-4afa-950b-edf9774e8ea8 0.637s
2024-10-03 09:24:20.123 62329 INFO tempest.common.waiters [-] State transition "BUILD/None" ==> "BUILD/block_device_mapping" after 46 second wait
2024-10-03 09:24:20.211 62283 INFO tempest.lib.common.rest_client [req-f9ef7ca2-9bf8-4e4d-8265-fc7c34813fb8 req-f9ef7ca2-9bf8-4e4d-8265-fc7c34813fb8 ] Request (MigrationsAdminTest:test_resize_server_revert_deleted_flavor): 200 GET http://10.180.1.21/compute/v2.1/servers/d148d561-3211-4f1f-965a-f2b14cd60b11 0.461s
2024-10-03 09:24:20.218 62305 INFO tempest.lib.common.rest_client [req-86c9dce0-fecd-4f30-8314-c29e08aa41af req-86c9dce0-fecd-4f30-8314-c29e08aa41af ] Request (ServersAdminTestJSON:tearDownClass): 204 DELETE http://10.180.1.21/identity/v3/users/293b5493dba141d6bdf93c1e8d00abf0 0.145s
2024-10-03 09:24:20.276 62285 INFO tempest.lib.common.rest_client [req-a700d8af-cdc6-4b78-a267-66573ca24695 req-a700d8af-cdc6-4b78-a267-66573ca24695 ] Request (ServerDiagnosticsTest:test_get_server_diagnostics): 204 DELETE http://10.180.1.21/compute/v2.1/servers/317f20e9-6ba1-4b41-b298-5dd844f323ac 0.590s
2024-10-03 09:24:20.300 62327 INFO tempest.lib.common.rest_client [req-f9457d65-0bc2-4909-b766-883c4fdae725 req-f9457d65-0bc2-4909-b766-883c4fdae725 ] Request (InstanceActionsTestJSON:setUpClass): 200 GET http://10.180.1.21/compute/v2.1/servers/adccca24-ed77-410b-8b69-19137cadafbd 0.483s
2024-10-03 09:24:20.345 62317 INFO tempest.lib.common.rest_client [req-a9010ddc-7ec9-4719-bd5a-d1dcc6616f1f req-a9010ddc-7ec9-4719-bd5a-d1dcc6616f1f ] Request (DeleteServersTestJSON:test_delete_active_server): 200 GET http://10.180.1.21/compute/v2.1/servers/73ab65b7-32e7-4206-8f31-466085319c71 0.477s
2024-10-03 09:24:20.363 62305 INFO tempest.lib.common.rest_client [req-4406e69f-9629-469b-b024-d20a0c10de4f req-4406e69f-9629-469b-b024-d20a0c10de4f ] Request (ServersAdminTestJSON:tearDownClass): 204 DELETE http://10.180.1.21/identity/v3/users/aa660fedcb88400c8179227f330b3354 0.144s
2024-10-03 09:24:20.363 62305 INFO tempest.lib.common.dynamic_creds [-] Deleting project and security group for project: 1fc015059e894364ae55cc21204693d3
2024-10-03 09:24:20.368 62309 INFO tempest.lib.common.rest_client [req-7c43516f-da4c-447a-9377-3c8c9d8700f9 req-7c43516f-da4c-447a-9377-3c8c9d8700f9 ] Request (ServersTestJSON:setUpClass): 200 GET http://10.180.1.21/compute/v2.1/servers/3ee4e051-f51d-4840-a918-fdedad020557 0.345s
2024-10-03 09:24:20.421 62305 INFO tempest.lib.common.rest_client [req-6402321c-b026-47b8-a92d-9575369c9928 req-6402321c-b026-47b8-a92d-9575369c9928 ] Request (ServersAdminTestJSON:tearDownClass): 200 GET http://10.180.1.21:9696/networking/v2.0/security-groups?tenant_id=1fc015059e894364ae55cc21204693d3&name=default 0.057s
2024-10-03 09:24:20.428 62311 INFO tempest.lib.common.rest_client [req-6258baae-1b0a-4733-b442-5524dce261ea req-6258baae-1b0a-4733-b442-5524dce261ea ] Request (ImagesTestJSON:test_create_image_from_suspended_server): 200 GET http://10.180.1.21/compute/v2.1/servers/5da19104-b163-44cd-bb1f-68c4eb316ac1 0.256s
2024-10-03 09:24:20.432 62307 INFO tempest.lib.common.rest_client [req-70a27ec7-2e66-446e-a012-f81ae8df73ca req-70a27ec7-2e66-446e-a012-f81ae8df73ca ] Request (ServersTestManualDisk:setUpClass): 200 GET http://10.180.1.21/compute/v2.1/servers/d0914f90-200c-4715-aaab-54beacf339b9 0.337s
2024-10-03 09:24:20.450 62285 INFO tempest.lib.common.rest_client [req-6c1d05f7-3b2c-452f-a67f-e16eedfd2c71 req-6c1d05f7-3b2c-452f-a67f-e16eedfd2c71 ] Request (ServerDiagnosticsTest:test_get_server_diagnostics): 404 GET http://10.180.1.21/compute/v2.1/servers/317f20e9-6ba1-4b41-b298-5dd844f323ac 0.173s
2024-10-03 09:24:20.484 62289 INFO tempest.lib.common.rest_client [req-1feec31c-9441-4448-87e8-32a0a51d95b5 req-1feec31c-9441-4448-87e8-32a0a51d95b5 ] Request (AttachInterfacesV270Test:test_create_get_list_interfaces): 200 GET http://10.180.1.21/compute/v2.1/servers/ad0dd218-5e45-4d22-9d94-5c25ba8b22ec 0.225s
2024-10-03 09:24:20.518 62267 INFO tempest.lib.common.rest_client [req-396d2ffc-ee43-4cfb-a4ac-123e87a1f826 req-396d2ffc-ee43-4cfb-a4ac-123e87a1f826 ] Request (ServersWithSpecificFlavorTestJSON:test_verify_created_server_ephemeral_disk): 200 GET http://10.180.1.21/compute/v2.1/servers/7d8d4cdc-2b25-46f3-8bc0-1de22fdd005a 0.170s
2024-10-03 09:24:20.541 62303 INFO tempest.lib.common.rest_client [req-f12098c0-f707-4b7e-840a-86aff4912120 req-f12098c0-f707-4b7e-840a-86aff4912120 ] Request (VolumesAssistedSnapshotsTest:test_volume_assisted_snapshot_create_delete): 200 GET http://10.180.1.21/compute/v2.1/servers/d7a90be3-d3d6-4626-944b-b907cf7fb64d 0.145s
2024-10-03 09:24:20.559 62305 INFO tempest.lib.common.rest_client [req-03a1f4f7-15b8-4f19-af7d-f78b64bebbc7 req-03a1f4f7-15b8-4f19-af7d-f78b64bebbc7 ] Request (ServersAdminTestJSON:tearDownClass): 204 DELETE http://10.180.1.21:9696/networking/v2.0/security-groups/a341b1c5-ecf7-43a8-9cb7-e4aee678800c 0.137s
2024-10-03 09:24:20.570 62285 INFO tempest.lib.common.rest_client [req-bf5958a1-d282-4b50-9aae-4d0f760d687b req-bf5958a1-d282-4b50-9aae-4d0f760d687b ] Request (ServerDiagnosticsTest:tearDownClass): 204 DELETE http://10.180.1.21/identity/v3/users/36884c76620f474c83d9e55c82690c01 0.114s
