2024-10-03 09:25:27.334 62297 INFO tempest.lib.common.rest_client [req-136718dd-5624-4c23-9847-c2554751ce23 req-136718dd-5624-4c23-9847-c2554751ce23 ] Request (ListServerFiltersTestJSON:setUpClass): 201 POST http://10.180.1.21/identity/v3/auth/tokens 0.057s
2024-10-03 09:25:27.372 62303 INFO tempest.lib.common.rest_client [req-4dea6feb-a6e5-4231-a650-adc08abe4415 req-4dea6feb-a6e5-4231-a650-adc08abe4415 ] Request (ListImageFiltersTestJSON:setUpClass): 200 GET http://10.180.1.21/compute/v2.1/servers/242cf24f-f9e0-49ca-9b3e-a2b88b3cdcdc 0.072s
2024-10-03 09:25:27.414 62281 INFO tempest.lib.common.rest_client [req-2f794a12-d6e3-4a35-8e74-7af721342264 req-2f794a12-d6e3-4a35-8e74-7af721342264 ] Request (ServerActionsTestOtherB:setUpClass): 204 DELETE http://10.180.1.21/compute/v2.1/servers/a5b98f92-d287-4d40-8a21-d2de64026970 0.447s
2024-10-03 09:25:27.454 62281 INFO tempest.lib.common.rest_client [req-46d50509-097b-4eeb-a3b4-a441ea88bd1a req-46d50509-097b-4eeb-a3b4-a441ea88bd1a ] Request (ServerActionsTestOtherB:setUpClass): 404 GET http://10.180.1.21/compute/v2.1/servers/a5b98f92-d287-4d40-8a21-d2de64026970 0.039s
2024-10-03 09:25:27.455 62281 INFO tempest.test [-] raised in ServerActionsTestOtherB.setUpClass. Invoking tearDownClass.
2024-10-03 09:25:27.459 62301 INFO tempest.lib.common.rest_client [req-9c2a2029-6e5f-4680-8b51-0380d6ce25a6 req-9c2a2029-6e5f-4680-8b51-0380d6ce25a6 ] Request (ServerActionsTestJSON:setUpClass): 200 GET http://10.180.1.21/compute/v2.1/servers/71aead12-a182-40a7-b5a9-91c01271b800 0.075s
2024-10-03 09:25:27.475 62281 INFO tempest.lib.common.rest_client [req-1ba6081b-996f-4230-adfd-d8f9a69c4202 req-1ba6081b-996f-4230-adfd-d8f9a69c4202 ] Request (ServerActionsTestOtherB:tearDownClass): 202 DELETE http://10.180.1.21/compute/v2.1/os-keypairs/tempest-keypair-1832871246 0.020s
2024-10-03 09:25:27.552 62329 INFO tempest.lib.common.rest_client [req-fb0414d6-1310-4c3b-aa70-86bda2dc9464 req-fb0414d6-1310-4c3b-aa70-86bda2dc9464 ] Request (ServersTestJSON:test_create_server_specify_multibyte_character_name): 200 GET http://10.180.1.21/compute/v2.1/servers/a3c42653-9a4b-42d3-bc38-8d46d95c8f64 0.061s
2024-10-03 09:25:27.616 62277 INFO tempest.lib.common.rest_client [req-5f35294f-c045-4b37-8828-fcb49d30e2a9 req-5f35294f-c045-4b37-8828-fcb49d30e2a9 ] Request (InstanceActionsV221TestJSON:test_get_list_deleted_instance_actions): 200 GET http://10.180.1.21/compute/v2.1/servers/9ec1b7a6-5ade-49a3-ba47-912bb328adb6 0.070s
2024-10-03 09:25:27.631 62313 INFO tempest.lib.common.rest_client [req-9d8b7ec9-6cdf-42b6-96c9-92a250c23d2e req-9d8b7ec9-6cdf-42b6-96c9-92a250c23d2e ] Request (ServerAddressesTestJSON:setUpClass): 200 GET http://10.180.1.21/compute/v2.1/servers/a3fcb849-b015-43aa-8f95-0d4a87e2cecc 0.059s
2024-10-03 09:25:27.645 62281 INFO tempest.lib.common.rest_client [req-1d6c39cb-73dd-4e26-b7d3-8367e0845fcb req-1d6c39cb-73dd-4e26-b7d3-8367e0845fcb ] Request (ServerActionsTestOtherB:tearDownClass): 204 DELETE http://10.180.1.21:9696/networking/v2.0/security-groups/ca8dc4e7-7ef6-45e9-ad1e-9c32e4d81bf8 0.169s
2024-10-03 09:25:27.659 62281 INFO tempest.lib.common.rest_client [req-9171a077-2dfe-4440-9fc5-dcc516b8898d req-9171a077-2dfe-4440-9fc5-dcc516b8898d ] Request (ServerActionsTestOtherB:tearDownClass): 404 GET http://10.180.1.21:9696/networking/v2.0/security-groups/ca8dc4e7-7ef6-45e9-ad1e-9c32e4d81bf8 0.013s
2024-10-03 09:25:27.678 62317 INFO tempest.lib.common.rest_client [req-3c72d42b-0d6d-4234-964b-4c649eebf8c6 req-3c72d42b-0d6d-4234-964b-4c649eebf8c6 ] Request (DeleteServersTestJSON:test_delete_server_while_in_attached_volume): 200 GET http://10.180.1.21/compute/v2.1/servers/13e3576e-4f4c-4541-a637-daa124cbf8dd 0.079s
2024-10-03 09:25:27.686 62285 INFO tempest.lib.common.rest_client [req-90e626f6-e6d8-4803-8b3a-bf1a485d4c3b req-90e626f6-e6d8-4803-8b3a-bf1a485d4c3b ] Request (ServersTestBootFromVolume:setUpClass): 200 GET http://10.180.1.21/compute/v2.1/servers/dd5d90e8-964a-4e1c-a98a-bcba37a1d79e 0.066s
2024-10-03 09:25:27.714 62297 INFO tempest.lib.common.rest_client [req-ffa02869-92d9-4969-97a6-15638543342c req-ffa02869-92d9-4969-97a6-15638543342c ] Request (ListServerFiltersTestJSON:setUpClass): 201 POST http://10.180.1.21:9696/networking/v2.0/networks 0.380s
2024-10-03 09:25:27.731 62295 INFO tempest.lib.common.rest_client [req-70598463-ceaf-469d-a082-bfafa38f48b4 req-70598463-ceaf-469d-a082-bfafa38f48b4 ] Request (ServersTestMultiNic:test_verify_multiple_nics_order): 200 GET http://10.180.1.21/compute/v2.1/servers/1ce155c8-9a10-4eff-b428-31889aa8f638 0.083s
2024-10-03 09:25:27.750 62267 INFO tempest.lib.common.rest_client [req-7615c618-b9b3-4adb-a23b-5e8bd285e4d2 req-7615c618-b9b3-4adb-a23b-5e8bd285e4d2 ] Request (ServerDiagnosticsNegativeTest:test_get_server_diagnostics_by_non_admin): 200 GET http://10.180.1.21/compute/v2.1/servers/42a5c5d8-5c3a-4568-b212-d87f2951a334 0.068s
2024-10-03 09:25:27.788 62291 INFO tempest.lib.common.rest_client [req-ce7e0de5-9bc7-4c47-8d94-e3615b7fdabb req-ce7e0de5-9bc7-4c47-8d94-e3615b7fdabb ] Request (ListServersNegativeTestJSON:setUpClass): 200 GET http://10.180.1.21/compute/v2.1/servers/5a146d8f-6921-4b3e-8696-d2804fb855ba 0.092s
2024-10-03 09:25:27.815 62294 INFO tempest.lib.common.rest_client [req-2c3d6941-e4aa-4243-acd7-b36e5ffafb37 req-2c3d6941-e4aa-4243-acd7-b36e5ffafb37 ] Request (ServerRescueTestJSON:setUpClass): 200 GET http://10.180.1.21/compute/v2.1/servers/963feecc-ff58-4cbb-8d6f-3f9035337087 0.067s
2024-10-03 09:25:27.843 62279 INFO tempest.lib.common.rest_client [req-62645a3a-790a-4ae0-ad2c-be29562a7fc3 req-62645a3a-790a-4ae0-ad2c-be29562a7fc3 ] Request (ServerActionsTestOtherA:setUpClass): 200 GET http://10.180.1.21/compute/v2.1/servers/67e99ada-a8e6-4034-b19b-5b2cb883b735 0.088s
2024-10-03 09:25:27.867 62307 INFO tempest.lib.common.rest_client [req-3e48d5f9-7e8d-48b0-b213-79b7c9c59da9 req-3e48d5f9-7e8d-48b0-b213-79b7c9c59da9 ] Request (ServersTestManualDisk:setUpClass): 200 GET http://10.180.1.21/compute/v2.1/servers/d0914f90-200c-4715-aaab-54beacf339b9 0.068s
2024-10-03 09:25:27.878 62307 INFO tempest.common.waiters [-] State transition "BUILD/scheduling" ==> "BUILD/None" after 74 second wait
2024-10-03 09:25:27.897 62281 INFO tempest.lib.common.rest_client [req-d502f761-3ede-437d-8c64-b4e3364932e8 req-d502f761-3ede-437d-8c64-b4e3364932e8 ] Request (ServerActionsTestOtherB:tearDownClass): 204 DELETE http://10.180.1.21:9696/networking/v2.0/floatingips/3be2f0a2-718c-43ec-9429-3925c8437f24 0.237s
2024-10-03 09:25:27.898 62297 INFO tempest.lib.common.rest_client [req-3a2cfe66-dccc-4874-a882-ccb35696d711 req-3a2cfe66-dccc-4874-a882-ccb35696d711 ] Request (ListServerFiltersTestJSON:setUpClass): 201 POST http://10.180.1.21:9696/networking/v2.0/subnets 0.182s
2024-10-03 09:25:27.898 62297 INFO tempest.lib.common.dynamic_creds [-] Created isolated network resources for: credentials: Credentials: {'domain_id': 'default', 'domain_name': 'Default', 'username': 'tempest-ListServerFiltersTestJSON-1772926812-project-member', 'project_domain_id': 'default', 'project_domain_name': 'Default', 'project_id': '7525c88cd803420094fb2af593ba5d65', 'project_name': 'tempest-ListServerFiltersTestJSON-1772926812', 'tenant_id': '7525c88cd803420094fb2af593ba5d65', 'tenant_name': 'tempest-ListServerFiltersTestJSON-1772926812', 'user_domain_id': 'default', 'user_domain_name': 'Default', 'user_id': '0c0209c9a3c7400990f8f1d27a29e3d0', 'system': None}, Network: {'id': '25f38244-53c8-44e1-a7a9-a8a37ce83ffa', 'name': 'tempest-ListServerFiltersTestJSON-1382757376-network', 'tenant_id': '7525c88cd803420094fb2af593ba5d65', 'admin_state_up': True, 'mtu': 8950, 'status': 'ACTIVE', 'subnets': [], 'shared': False, 'project_id': '7525c88cd803420094fb2af593ba5d65', 'port_security_enabled': True, 'router:external': False, 'provider:network_type': 'vlan', 'provider:physical_network': 'default', 'provider:segmentation_id': 740, 'is_default': False, 'availability_zone_hints': [], 'availability_zones': [], 'ipv4_address_scope': None, 'ipv6_address_scope': None, 'description': '', 'tags': [], 'created_at': '2024-10-03T09:25:27Z', 'updated_at': '2024-10-03T09:25:27Z', 'revision_number': 1}, Subnet: {'id': 'c34db281-fd95-440d-9c12-97cc6c5c86f2', 'name': 'tempest-ListServerFiltersTestJSON-1382757376-subnet', 'tenant_id': '7525c88cd803420094fb2af593ba5d65', 'network_id': '25f38244-53c8-44e1-a7a9-a8a37ce83ffa', 'ip_version': 4, 'subnetpool_id': None, 'enable_dhcp': True, 'ipv6_ra_mode': None, 'ipv6_address_mode': None, 'gateway_ip': '192.168.128.1', 'cidr': '192.168.128.0/28', 'allocation_pools': [{'start': '192.168.128.2', 'end': '192.168.128.14'}], 'host_routes': [], 'dns_nameservers': [], 'description': '', 'router:external': False, 'service_types': [], 'tags': [], 'created_at': '2024-10-03T09:25:27Z', 'updated_at': '2024-10-03T09:25:27Z', 'revision_number': 0, 'project_id': '7525c88cd803420094fb2af593ba5d65'}, Router: None
2024-10-03 09:25:27.918 62326 INFO tempest.lib.common.rest_client [req-78b1e988-0509-4e7d-b719-38764daac7e2 req-78b1e988-0509-4e7d-b719-38764daac7e2 ] Request (VolumesAdminNegativeTest:test_update_attached_volume_with_nonexistent_volume_in_uri): 200 GET http://10.180.1.21/compute/v2.1/servers/b7fdf23e-1e39-4745-ae84-38b7fa89aa5d 0.060s
2024-10-03 09:25:27.959 62319 INFO tempest.lib.common.rest_client [req-85c16feb-b16f-48c9-9342-dc827075accd req-85c16feb-b16f-48c9-9342-dc827075accd ] Request (AttachInterfacesTestJSON:test_create_list_show_delete_interfaces_by_network_port): 200 GET http://10.180.1.21/compute/v2.1/servers/0ac963b1-120a-464b-8228-3393135dd182 0.056s
2024-10-03 09:25:27.988 62297 INFO tempest.lib.common.rest_client [req-c27ed613-7700-4107-b6d3-aa1d556fa6c5 req-c27ed613-7700-4107-b6d3-aa1d556fa6c5 ] Request (ListServerFiltersTestJSON:setUpClass): 201 POST http://10.180.1.21/identity/v3/auth/tokens 0.086s
2024-10-03 09:25:28.003 62323 INFO tempest.lib.common.rest_client [req-c59fe8fd-eaf2-43ee-afac-db338e26d05e req-c59fe8fd-eaf2-43ee-afac-db338e26d05e ] Request (FloatingIPsAssociationTestJSON:setUpClass): 200 GET http://10.180.1.21/compute/v2.1/servers/2c1dfa78-d300-4505-9f87-8e11a4973af3 0.058s
2024-10-03 09:25:28.009 62323 INFO tempest.common.waiters [-] State transition "BUILD/block_device_mapping" ==> "BUILD/spawning" after 87 second wait
2024-10-03 09:25:28.030 62297 INFO tempest.lib.common.rest_client [req-d5130326-7b9b-4b9a-b6fe-cc964a4ff689 req-d5130326-7b9b-4b9a-b6fe-cc964a4ff689 ] Request (ListServerFiltersTestJSON:setUpClass): 201 POST http://10.180.1.21/identity/v3/auth/tokens 0.035s
2024-10-03 09:25:28.031 62297 INFO tempest.lib.common.fixed_network [-] (ListServerFiltersTestJSON:setUpClass) Found network {'id': '25f38244-53c8-44e1-a7a9-a8a37ce83ffa', 'name': 'tempest-ListServerFiltersTestJSON-1382757376-network', 'tenant_id': '7525c88cd803420094fb2af593ba5d65', 'admin_state_up': True, 'mtu': 8950, 'status': 'ACTIVE', 'subnets': [], 'shared': False, 'project_id': '7525c88cd803420094fb2af593ba5d65', 'port_security_enabled': True, 'router:external': False, 'provider:network_type': 'vlan', 'provider:physical_network': 'default', 'provider:segmentation_id': 740, 'is_default': False, 'availability_zone_hints': [], 'availability_zones': [], 'ipv4_address_scope': None, 'ipv6_address_scope': None, 'description': '', 'tags': [], 'created_at': '2024-10-03T09:25:27Z', 'updated_at': '2024-10-03T09:25:27Z', 'revision_number': 1} available for tenant
2024-10-03 09:25:28.067 62297 INFO tempest.lib.common.rest_client [req-58842d89-de27-4cf9-8d58-7fb41a1c0ef9 req-58842d89-de27-4cf9-8d58-7fb41a1c0ef9 ] Request (ListServerFiltersTestJSON:setUpClass): 201 POST http://10.180.1.21/identity/v3/auth/tokens 0.032s
2024-10-03 09:25:28.067 62297 INFO tempest.lib.common.fixed_network [-] (ListServerFiltersTestJSON:setUpClass) Found network {'id': '25f38244-53c8-44e1-a7a9-a8a37ce83ffa', 'name': 'tempest-ListServerFiltersTestJSON-1382757376-network', 'tenant_id': '7525c88cd803420094fb2af593ba5d65', 'admin_state_up': True, 'mtu': 8950, 'status': 'ACTIVE', 'subnets': [], 'shared': False, 'project_id': '7525c88cd803420094fb2af593ba5d65', 'port_security_enabled': True, 'router:external': False, 'provider:network_type': 'vlan', 'provider:physical_network': 'default', 'provider:segmentation_id': 740, 'is_default': False, 'availability_zone_hints': [], 'availability_zones': [], 'ipv4_address_scope': None, 'ipv6_address_scope': None, 'description': '', 'tags': [], 'created_at': '2024-10-03T09:25:27Z', 'updated_at': '2024-10-03T09:25:27Z', 'revision_number': 1} available for tenant
2024-10-03 09:25:28.069 62283 INFO tempest.lib.common.rest_client [req-0c1aeb54-c989-48c7-82eb-da83811ec61c req-0c1aeb54-c989-48c7-82eb-da83811ec61c ] Request (MigrationsAdminTest:test_resize_server_revert_deleted_flavor): 200 GET http://10.180.1.21/compute/v2.1/servers/d148d561-3211-4f1f-965a-f2b14cd60b11 0.062s
2024-10-03 09:25:28.086 62327 INFO tempest.lib.common.rest_client [req-125f6243-191c-4ea5-b74b-c075d684816b req-125f6243-191c-4ea5-b74b-c075d684816b ] Request (InstanceActionsTestJSON:setUpClass): 200 GET http://10.180.1.21/compute/v2.1/servers/adccca24-ed77-410b-8b69-19137cadafbd 0.065s
2024-10-03 09:25:28.150 62305 INFO tempest.lib.common.rest_client [req-b07b3727-dd8b-4695-bd25-3162518343b2 req-b07b3727-dd8b-4695-bd25-3162518343b2 ] Request (MultipleCreateTestJSON:test_multiple_create): 200 GET http://10.180.1.21/compute/v2.1/servers/076aed5b-4b08-4f3b-a940-d9cd95c32e57 0.093s
2024-10-03 09:25:28.222 62311 INFO tempest.lib.common.rest_client [req-bafbd1aa-5aa3-49fc-8060-b48998ff59be req-bafbd1aa-5aa3-49fc-8060-b48998ff59be ] Request (ImagesTestJSON:test_create_image_from_suspended_server): 200 GET http://10.180.1.21/compute/v2.1/servers/5da19104-b163-44cd-bb1f-68c4eb316ac1 0.147s
2024-10-03 09:25:28.280 62287 INFO tempest.lib.common.rest_client [req-e521ccd6-c05a-442e-824b-34e18c2e122f req-e521ccd6-c05a-442e-824b-34e18c2e122f ] Request (ServerMetadataNegativeTestJSON:setUpClass): 200 GET http://10.180.1.21/compute/v2.1/servers/20e7a993-b1fb-4359-ab35-8b0f06ca0121 0.166s
2024-10-03 09:25:28.335 62321 INFO tempest.lib.common.rest_client [req-03be93f2-035a-4c7f-b925-12cd1fcf0fc8 req-03be93f2-035a-4c7f-b925-12cd1fcf0fc8 ] Request (ServerTagsTestJSON:setUpClass): 200 GET http://10.180.1.21/compute/v2.1/servers/30d782e4-30c7-41f6-b30d-95a9a59cf83c 0.195s
2024-10-03 09:25:28.387 62271 INFO tempest.lib.common.rest_client [req-4a920e94-99a0-4782-9763-44a844ae5051 req-4a920e94-99a0-4782-9763-44a844ae5051 ] Request (DeleteServersAdminTestJSON:test_delete_server_while_in_error_state): 200 GET http://10.180.1.21/compute/v2.1/servers/a71c58e7-89db-4ad2-92e0-5379b04b751c 0.198s
2024-10-03 09:25:28.449 62289 INFO tempest.lib.common.rest_client [req-3e59fab6-e0da-4b99-b995-8642dc5a8306 req-3e59fab6-e0da-4b99-b995-8642dc5a8306 ] Request (ServersTestFqdnHostnames:test_create_server_with_fqdn_name): 200 GET http://10.180.1.21/compute/v2.1/servers/748c94c7-1233-44f4-a71a-176b26518399 0.206s
2024-10-03 09:25:28.460 62297 INFO tempest.lib.common.rest_client [req-9f976259-6d6a-4631-9026-5216a519ae6c req-9f976259-6d6a-4631-9026-5216a519ae6c ] Request (ListServerFiltersTestJSON:setUpClass): 202 POST http://10.180.1.21/compute/v2.1/servers 0.392s
2024-10-03 09:25:28.501 62297 INFO tempest.lib.common.rest_client [req-8e4d3172-ad65-44b3-86d8-a7eca4d56f13 req-8e4d3172-ad65-44b3-86d8-a7eca4d56f13 ] Request (ListServerFiltersTestJSON:setUpClass): 201 POST http://10.180.1.21/identity/v3/auth/tokens 0.036s
2024-10-03 09:25:28.501 62297 INFO tempest.lib.common.fixed_network [-] (ListServerFiltersTestJSON:setUpClass) Found network {'id': '25f38244-53c8-44e1-a7a9-a8a37ce83ffa', 'name': 'tempest-ListServerFiltersTestJSON-1382757376-network', 'tenant_id': '7525c88cd803420094fb2af593ba5d65', 'admin_state_up': True, 'mtu': 8950, 'status': 'ACTIVE', 'subnets': [], 'shared': False, 'project_id': '7525c88cd803420094fb2af593ba5d65', 'port_security_enabled': True, 'router:external': False, 'provider:network_type': 'vlan', 'provider:physical_network': 'default', 'provider:segmentation_id': 740, 'is_default': False, 'availability_zone_hints': [], 'availability_zones': [], 'ipv4_address_scope': None, 'ipv6_address_scope': None, 'description': '', 'tags': [], 'created_at': '2024-10-03T09:25:27Z', 'updated_at': '2024-10-03T09:25:27Z', 'revision_number': 1} available for tenant
2024-10-03 09:25:28.504 62316 INFO tempest.lib.common.rest_client [req-91101cd7-9f2a-4c91-abdb-0d57d17eb9ff req-91101cd7-9f2a-4c91-abdb-0d57d17eb9ff ] Request (ServerDiskConfigTestJSON:test_rebuild_server_with_auto_disk_config): 200 GET http://10.180.1.21/compute/v2.1/servers/efa18997-b502-4e2e-933a-a185ab9074d5 0.177s
2024-10-03 09:25:28.521 62303 INFO tempest.lib.common.rest_client [req-830a930b-87c9-4c53-86a3-4447d0369656 req-830a930b-87c9-4c53-86a3-4447d0369656 ] Request (ListImageFiltersTestJSON:setUpClass): 200 GET http://10.180.1.21/compute/v2.1/servers/242cf24f-f9e0-49ca-9b3e-a2b88b3cdcdc 0.140s
2024-10-03 09:25:28.568 62301 INFO tempest.lib.common.rest_client [req-b1f9008f-1133-4d8c-bdd1-384891e87bbe req-b1f9008f-1133-4d8c-bdd1-384891e87bbe ] Request (ServerActionsTestJSON:setUpClass): 200 GET http://10.180.1.21/compute/v2.1/servers/71aead12-a182-40a7-b5a9-91c01271b800 0.094s
2024-10-03 09:25:28.613 62329 INFO tempest.lib.common.rest_client [req-e403b304-b5ff-4747-b268-8d2136d7463c req-e403b304-b5ff-4747-b268-8d2136d7463c ] Request (ServersTestJSON:test_create_server_specify_multibyte_character_name): 200 GET http://10.180.1.21/compute/v2.1/servers/a3c42653-9a4b-42d3-bc38-8d46d95c8f64 0.055s
2024-10-03 09:25:28.681 62277 INFO tempest.lib.common.rest_client [req-e43be3c1-986e-42ba-a2e7-57fc264bf3e2 req-e43be3c1-986e-42ba-a2e7-57fc264bf3e2 ] Request (InstanceActionsV221TestJSON:test_get_list_deleted_instance_actions): 200 GET http://10.180.1.21/compute/v2.1/servers/9ec1b7a6-5ade-49a3-ba47-912bb328adb6 0.053s
2024-10-03 09:25:28.746 62313 INFO tempest.lib.common.rest_client [req-38f98a06-6086-4835-835c-3ed2a9530e31 req-38f98a06-6086-4835-835c-3ed2a9530e31 ] Request (ServerAddressesTestJSON:setUpClass): 200 GET http://10.180.1.21/compute/v2.1/servers/a3fcb849-b015-43aa-8f95-0d4a87e2cecc 0.108s
2024-10-03 09:25:28.773 62297 INFO tempest.lib.common.rest_client [req-2de264e4-258a-4ba0-b64b-88da6d460fb5 req-2de264e4-258a-4ba0-b64b-88da6d460fb5 ] Request (ListServerFiltersTestJSON:setUpClass): 202 POST http://10.180.1.21/compute/v2.1/servers 0.271s
2024-10-03 09:25:28.799 62317 INFO tempest.lib.common.rest_client [req-9fce9aa0-42aa-4443-81df-7054f294be05 req-9fce9aa0-42aa-4443-81df-7054f294be05 ] Request (DeleteServersTestJSON:test_delete_server_while_in_attached_volume): 200 GET http://10.180.1.21/compute/v2.1/servers/13e3576e-4f4c-4541-a637-daa124cbf8dd 0.113s
2024-10-03 09:25:28.812 62297 INFO tempest.lib.common.rest_client [req-8411004c-5b95-4e33-bada-669129c2d1d6 req-8411004c-5b95-4e33-bada-669129c2d1d6 ] Request (ListServerFiltersTestJSON:setUpClass): 201 POST http://10.180.1.21/identity/v3/auth/tokens 0.031s
2024-10-03 09:25:28.812 62297 INFO tempest.lib.common.fixed_network [-] (ListServerFiltersTestJSON:setUpClass) Found network {'id': '25f38244-53c8-44e1-a7a9-a8a37ce83ffa', 'name': 'tempest-ListServerFiltersTestJSON-1382757376-network', 'tenant_id': '7525c88cd803420094fb2af593ba5d65', 'admin_state_up': True, 'mtu': 8950, 'status': 'ACTIVE', 'subnets': [], 'shared': False, 'project_id': '7525c88cd803420094fb2af593ba5d65', 'port_security_enabled': True, 'router:external': False, 'provider:network_type': 'vlan', 'provider:physical_network': 'default', 'provider:segmentation_id': 740, 'is_default': False, 'availability_zone_hints': [], 'availability_zones': [], 'ipv4_address_scope': None, 'ipv6_address_scope': None, 'description': '', 'tags': [], 'created_at': '2024-10-03T09:25:27Z', 'updated_at': '2024-10-03T09:25:27Z', 'revision_number': 1} available for tenant
2024-10-03 09:25:28.823 62285 INFO tempest.lib.common.rest_client [req-1508b87b-81f0-4634-a000-6291536a5856 req-1508b87b-81f0-4634-a000-6291536a5856 ] Request (ServersTestBootFromVolume:setUpClass): 200 GET http://10.180.1.21/compute/v2.1/servers/dd5d90e8-964a-4e1c-a98a-bcba37a1d79e 0.128s
2024-10-03 09:25:28.827 62281 INFO tempest.lib.common.rest_client [req-de7c94d5-2b8f-42d6-86a9-180dcf1d6259 req-de7c94d5-2b8f-42d6-86a9-180dcf1d6259 ] Request (ServerActionsTestOtherB:tearDownClass): 200 PUT http://10.180.1.21:9696/networking/v2.0/routers/246ad090-6df8-4c95-a435-c475e5693ddf/remove_router_interface 0.930s
2024-10-03 09:25:28.845 62295 INFO tempest.lib.common.rest_client [req-27b446b7-98b5-4de9-ae3c-9ec7707f535d req-27b446b7-98b5-4de9-ae3c-9ec7707f535d ] Request (ServersTestMultiNic:test_verify_multiple_nics_order): 200 GET http://10.180.1.21/compute/v2.1/servers/1ce155c8-9a10-4eff-b428-31889aa8f638 0.106s
2024-10-03 09:25:28.888 62267 INFO tempest.lib.common.rest_client [req-b28bf410-3796-49fa-bbe2-f5476af0ba86 req-b28bf410-3796-49fa-bbe2-f5476af0ba86 ] Request (ServerDiagnosticsNegativeTest:test_get_server_diagnostics_by_non_admin): 200 GET http://10.180.1.21/compute/v2.1/servers/42a5c5d8-5c3a-4568-b212-d87f2951a334 0.131s
2024-10-03 09:25:28.891 62291 INFO tempest.lib.common.rest_client [req-4175004b-c9c6-46c9-b934-e2fd8cd66d58 req-4175004b-c9c6-46c9-b934-e2fd8cd66d58 ] Request (ListServersNegativeTestJSON:setUpClass): 200 GET http://10.180.1.21/compute/v2.1/servers/5a146d8f-6921-4b3e-8696-d2804fb855ba 0.095s
2024-10-03 09:25:28.935 62294 INFO tempest.lib.common.rest_client [req-3553312a-62e2-4d0a-929e-12e8c975af91 req-3553312a-62e2-4d0a-929e-12e8c975af91 ] Request (ServerRescueTestJSON:setUpClass): 200 GET http://10.180.1.21/compute/v2.1/servers/963feecc-ff58-4cbb-8d6f-3f9035337087 0.109s
2024-10-03 09:25:28.977 62279 INFO tempest.lib.common.rest_client [req-50168460-8dc8-4531-9ceb-4edadfd8f659 req-50168460-8dc8-4531-9ceb-4edadfd8f659 ] Request (ServerActionsTestOtherA:setUpClass): 200 GET http://10.180.1.21/compute/v2.1/servers/67e99ada-a8e6-4034-b19b-5b2cb883b735 0.128s
2024-10-03 09:25:29.028 62307 INFO tempest.lib.common.rest_client [req-10b4375d-ea2c-45c2-b5b4-a34f5f1ec567 req-10b4375d-ea2c-45c2-b5b4-a34f5f1ec567 ] Request (ServersTestManualDisk:setUpClass): 200 GET http://10.180.1.21/compute/v2.1/servers/d0914f90-200c-4715-aaab-54beacf339b9 0.148s
2024-10-03 09:25:29.077 62326 INFO tempest.lib.common.rest_client [req-5c2d542e-a1f0-4551-a48e-237f82a86aec req-5c2d542e-a1f0-4551-a48e-237f82a86aec ] Request (VolumesAdminNegativeTest:test_update_attached_volume_with_nonexistent_volume_in_uri): 200 GET http://10.180.1.21/compute/v2.1/servers/b7fdf23e-1e39-4745-ae84-38b7fa89aa5d 0.152s
2024-10-03 09:25:29.132 62319 INFO tempest.lib.common.rest_client [req-d3a7f20f-6cac-4b89-9b3b-139b1dd32b49 req-d3a7f20f-6cac-4b89-9b3b-139b1dd32b49 ] Request (AttachInterfacesTestJSON:test_create_list_show_delete_interfaces_by_network_port): 200 GET http://10.180.1.21/compute/v2.1/servers/0ac963b1-120a-464b-8228-3393135dd182 0.166s
2024-10-03 09:25:29.198 62323 INFO tempest.lib.common.rest_client [req-ee144598-aa69-4b24-9045-95513e9a7bb1 req-ee144598-aa69-4b24-9045-95513e9a7bb1 ] Request (FloatingIPsAssociationTestJSON:setUpClass): 200 GET http://10.180.1.21/compute/v2.1/servers/2c1dfa78-d300-4505-9f87-8e11a4973af3 0.188s
2024-10-03 09:25:29.223 62297 INFO tempest.lib.common.rest_client [req-6578fefe-a6f2-433c-911f-0627322a57aa req-6578fefe-a6f2-433c-911f-0627322a57aa ] Request (ListServerFiltersTestJSON:setUpClass): 202 POST http://10.180.1.21/compute/v2.1/servers 0.410s
2024-10-03 09:25:29.246 62283 INFO tempest.lib.common.rest_client [req-e34246e8-02db-40ba-8eb7-c706643fccfc req-e34246e8-02db-40ba-8eb7-c706643fccfc ] Request (MigrationsAdminTest:test_resize_server_revert_deleted_flavor): 200 GET http://10.180.1.21/compute/v2.1/servers/d148d561-3211-4f1f-965a-f2b14cd60b11 0.170s
2024-10-03 09:25:29.295 62305 INFO tempest.lib.common.rest_client [req-0ba91fae-8c8e-47e8-ac6a-99138ee7d960 req-0ba91fae-8c8e-47e8-ac6a-99138ee7d960 ] Request (MultipleCreateTestJSON:test_multiple_create): 200 GET http://10.180.1.21/compute/v2.1/servers/076aed5b-4b08-4f3b-a940-d9cd95c32e57 0.133s
2024-10-03 09:25:29.306 62327 INFO tempest.lib.common.rest_client [req-3d6aebb2-6b1e-4f2f-83aa-5459041c7987 req-3d6aebb2-6b1e-4f2f-83aa-5459041c7987 ] Request (InstanceActionsTestJSON:setUpClass): 200 GET http://10.180.1.21/compute/v2.1/servers/adccca24-ed77-410b-8b69-19137cadafbd 0.213s
2024-10-03 09:25:29.334 62297 INFO tempest.lib.common.rest_client [req-13a49df2-6e83-4ee8-b451-76a6c20da701 req-13a49df2-6e83-4ee8-b451-76a6c20da701 ] Request (ListServerFiltersTestJSON:setUpClass): 200 GET http://10.180.1.21/compute/v2.1/servers/f75ed36e-16c8-4a6b-bd39-eb4057ef0691 0.110s
2024-10-03 09:25:29.340 62281 INFO tempest.lib.common.rest_client [req-e0c67ab0-e168-417e-bb89-2e4fd690cc6d req-e0c67ab0-e168-417e-bb89-2e4fd690cc6d ] Request (ServerActionsTestOtherB:tearDownClass): 204 DELETE http://10.180.1.21:9696/networking/v2.0/routers/246ad090-6df8-4c95-a435-c475e5693ddf 0.512s
2024-10-03 09:25:29.389 62287 INFO tempest.lib.common.rest_client [req-a4424062-458a-4216-9d1a-6b0f00762e9d req-a4424062-458a-4216-9d1a-6b0f00762e9d ] Request (ServerMetadataNegativeTestJSON:setUpClass): 200 GET http://10.180.1.21/compute/v2.1/servers/20e7a993-b1fb-4359-ab35-8b0f06ca0121 0.097s
2024-10-03 09:25:29.397 62311 INFO tempest.lib.common.rest_client [req-6b438a44-3daa-48af-b85a-f3de6b12025b req-6b438a44-3daa-48af-b85a-f3de6b12025b ] Request (ImagesTestJSON:test_create_image_from_suspended_server): 200 GET http://10.180.1.21/compute/v2.1/servers/5da19104-b163-44cd-bb1f-68c4eb316ac1 0.166s
2024-10-03 09:25:29.443 62321 INFO tempest.lib.common.rest_client [req-0db3a7b0-ea32-4cb7-ad5b-8ab2bb146af6 req-0db3a7b0-ea32-4cb7-ad5b-8ab2bb146af6 ] Request (ServerTagsTestJSON:setUpClass): 200 GET http://10.180.1.21/compute/v2.1/servers/30d782e4-30c7-41f6-b30d-95a9a59cf83c 0.100s
2024-10-03 09:25:29.463 62271 INFO tempest.lib.common.rest_client [req-a06438c1-659e-42e6-9754-46306bb616f5 req-a06438c1-659e-42e6-9754-46306bb616f5 ] Request (DeleteServersAdminTestJSON:test_delete_server_while_in_error_state): 200 GET http://10.180.1.21/compute/v2.1/servers/a71c58e7-89db-4ad2-92e0-5379b04b751c 0.063s
2024-10-03 09:25:29.510 62281 INFO tempest.lib.common.rest_client [req-5f4a1929-61ff-4ef5-a581-d38983b4f91d req-5f4a1929-61ff-4ef5-a581-d38983b4f91d ] Request (ServerActionsTestOtherB:tearDownClass): 204 DELETE http://10.180.1.21:9696/networking/v2.0/subnets/8e579d6e-f87c-4a9d-894e-6f34ac95d33e 0.169s
2024-10-03 09:25:29.510 62289 INFO tempest.lib.common.rest_client [req-fbe67b72-cacb-4707-91e8-2754f16a09f1 req-fbe67b72-cacb-4707-91e8-2754f16a09f1 ] Request (ServersTestFqdnHostnames:test_create_server_with_fqdn_name): 200 GET http://10.180.1.21/compute/v2.1/servers/748c94c7-1233-44f4-a71a-176b26518399 0.052s
2024-10-03 09:25:29.571 62316 INFO tempest.lib.common.rest_client [req-908a6c8d-b1f8-48fa-9226-3034f873ab6e req-908a6c8d-b1f8-48fa-9226-3034f873ab6e ] Request (ServerDiskConfigTestJSON:test_rebuild_server_with_auto_disk_config): 200 GET http://10.180.1.21/compute/v2.1/servers/efa18997-b502-4e2e-933a-a185ab9074d5 0.059s
2024-10-03 09:25:29.582 62303 INFO tempest.lib.common.rest_client [req-ca04adba-7719-4524-8284-84a9544edf7a req-ca04adba-7719-4524-8284-84a9544edf7a ] Request (ListImageFiltersTestJSON:setUpClass): 200 GET http://10.180.1.21/compute/v2.1/servers/242cf24f-f9e0-49ca-9b3e-a2b88b3cdcdc 0.053s
2024-10-03 09:25:29.624 62301 INFO tempest.lib.common.rest_client [req-9d411595-4b45-4a19-9532-f187c073be82 req-9d411595-4b45-4a19-9532-f187c073be82 ] Request (ServerActionsTestJSON:setUpClass): 200 GET http://10.180.1.21/compute/v2.1/servers/71aead12-a182-40a7-b5a9-91c01271b800 0.048s
2024-10-03 09:25:29.668 62329 INFO tempest.lib.common.rest_client [req-a717b5e5-e2cf-4467-b2d3-971adaea6d91 req-a717b5e5-e2cf-4467-b2d3-971adaea6d91 ] Request (ServersTestJSON:test_create_server_specify_multibyte_character_name): 200 GET http://10.180.1.21/compute/v2.1/servers/a3c42653-9a4b-42d3-bc38-8d46d95c8f64 0.047s
2024-10-03 09:25:29.748 62277 INFO tempest.lib.common.rest_client [req-da21a552-528e-4fd9-8f23-d76f8994c5a3 req-da21a552-528e-4fd9-8f23-d76f8994c5a3 ] Request (InstanceActionsV221TestJSON:test_get_list_deleted_instance_actions): 200 GET http://10.180.1.21/compute/v2.1/servers/9ec1b7a6-5ade-49a3-ba47-912bb328adb6 0.056s
2024-10-03 09:25:29.758 62281 INFO tempest.lib.common.rest_client [req-dfeea376-441e-4a97-9543-44691856e7f3 req-dfeea376-441e-4a97-9543-44691856e7f3 ] Request (ServerActionsTestOtherB:tearDownClass): 204 DELETE http://10.180.1.21:9696/networking/v2.0/networks/5df22d67-aa5b-432c-80ca-bd0d079a8a94 0.248s
2024-10-03 09:25:29.805 62313 INFO tempest.lib.common.rest_client [req-18bb3309-3985-49c5-ba8f-5733bcbd3efa req-18bb3309-3985-49c5-ba8f-5733bcbd3efa ] Request (ServerAddressesTestJSON:setUpClass): 200 GET http://10.180.1.21/compute/v2.1/servers/a3fcb849-b015-43aa-8f95-0d4a87e2cecc 0.052s
2024-10-03 09:25:29.826 62281 INFO tempest.lib.common.rest_client [req-21cb5ae3-57d7-4ea8-8660-780116f741f3 req-21cb5ae3-57d7-4ea8-8660-780116f741f3 ] Request (ServerActionsTestOtherB:tearDownClass): 204 DELETE http://10.180.1.21/identity/v3/users/4467ecd75565460483b0462360c0fff9 0.067s
2024-10-03 09:25:29.826 62281 INFO tempest.lib.common.dynamic_creds [-] Deleting project and security group for project: d3169557e2614d4ca57474ab24b59294
2024-10-03 09:25:29.857 62317 INFO tempest.lib.common.rest_client [req-0ca73099-fea9-40fb-a370-43c2cffc653f req-0ca73099-fea9-40fb-a370-43c2cffc653f ] Request (DeleteServersTestJSON:test_delete_server_while_in_attached_volume): 200 GET http://10.180.1.21/compute/v2.1/servers/13e3576e-4f4c-4541-a637-daa124cbf8dd 0.051s
2024-10-03 09:25:29.876 62281 INFO tempest.lib.common.rest_client [req-b4ba72c6-cd33-4309-96ef-05b338a5a885 req-b4ba72c6-cd33-4309-96ef-05b338a5a885 ] Request (ServerActionsTestOtherB:tearDownClass): 200 GET http://10.180.1.21:9696/networking/v2.0/security-groups?tenant_id=d3169557e2614d4ca57474ab24b59294&name=default 0.050s
2024-10-03 09:25:29.880 62285 INFO tempest.lib.common.rest_client [req-989a5e29-225f-4c0f-a9b1-b4ad20508f52 req-989a5e29-225f-4c0f-a9b1-b4ad20508f52 ] Request (ServersTestBootFromVolume:setUpClass): 200 GET http://10.180.1.21/compute/v2.1/servers/dd5d90e8-964a-4e1c-a98a-bcba37a1d79e 0.049s
2024-10-03 09:25:29.905 62295 INFO tempest.lib.common.rest_client [req-989dc093-890f-449b-a2fd-445252a8ce1b req-989dc093-890f-449b-a2fd-445252a8ce1b ] Request (ServersTestMultiNic:test_verify_multiple_nics_order): 200 GET http://10.180.1.21/compute/v2.1/servers/1ce155c8-9a10-4eff-b428-31889aa8f638 0.052s
2024-10-03 09:25:29.951 62291 INFO tempest.lib.common.rest_client [req-7456aae8-c1a9-4f6e-9793-e0728b53809b req-7456aae8-c1a9-4f6e-9793-e0728b53809b ] Request (ListServersNegativeTestJSON:setUpClass): 200 GET http://10.180.1.21/compute/v2.1/servers/5a146d8f-6921-4b3e-8696-d2804fb855ba 0.053s
2024-10-03 09:25:29.953 62267 INFO tempest.lib.common.rest_client [req-62ef5873-4b0d-4964-90c6-9329cd415300 req-62ef5873-4b0d-4964-90c6-9329cd415300 ] Request (ServerDiagnosticsNegativeTest:test_get_server_diagnostics_by_non_admin): 200 GET http://10.180.1.21/compute/v2.1/servers/42a5c5d8-5c3a-4568-b212-d87f2951a334 0.058s
2024-10-03 09:25:29.982 62281 INFO tempest.lib.common.rest_client [req-a21abe58-c96c-4e41-b0e1-94ad9a2926b4 req-a21abe58-c96c-4e41-b0e1-94ad9a2926b4 ] Request (ServerActionsTestOtherB:tearDownClass): 204 DELETE http://10.180.1.21:9696/networking/v2.0/security-groups/6f112276-43c7-4aa0-b45f-e4d0bd0cb445 0.105s
2024-10-03 09:25:30.007 62294 INFO tempest.lib.common.rest_client [req-d50da088-5262-4e33-b962-0c1cb16f38a1 req-d50da088-5262-4e33-b962-0c1cb16f38a1 ] Request (ServerRescueTestJSON:setUpClass): 200 GET http://10.180.1.21/compute/v2.1/servers/963feecc-ff58-4cbb-8d6f-3f9035337087 0.064s
2024-10-03 09:25:30.039 62279 INFO tempest.lib.common.rest_client [req-a1d4b657-b0b5-4563-8f29-babdd145db27 req-a1d4b657-b0b5-4563-8f29-babdd145db27 ] Request (ServerActionsTestOtherA:setUpClass): 200 GET http://10.180.1.21/compute/v2.1/servers/67e99ada-a8e6-4034-b19b-5b2cb883b735 0.054s
2024-10-03 09:25:30.083 62281 INFO tempest.lib.common.rest_client [req-5ed17ba4-bbaf-421c-aea0-e5f4afca9d42 req-5ed17ba4-bbaf-421c-aea0-e5f4afca9d42 ] Request (ServerActionsTestOtherB:tearDownClass): 204 DELETE http://10.180.1.21/identity/v3/projects/d3169557e2614d4ca57474ab24b59294 0.100s
2024-10-03 09:25:30.096 62307 INFO tempest.lib.common.rest_client [req-97b875e3-93e2-4e5e-9463-79d5ab61706d req-97b875e3-93e2-4e5e-9463-79d5ab61706d ] Request (ServersTestManualDisk:setUpClass): 200 GET http://10.180.1.21/compute/v2.1/servers/d0914f90-200c-4715-aaab-54beacf339b9 0.060s
2024-10-03 09:25:30.152 62326 INFO tempest.lib.common.rest_client [req-08fc9b53-066e-451c-a036-8df1db9dd2e4 req-08fc9b53-066e-451c-a036-8df1db9dd2e4 ] Request (VolumesAdminNegativeTest:test_update_attached_volume_with_nonexistent_volume_in_uri): 200 GET http://10.180.1.21/compute/v2.1/servers/b7fdf23e-1e39-4745-ae84-38b7fa89aa5d 0.065s
2024-10-03 09:25:30.214 62319 INFO tempest.lib.common.rest_client [req-f7bdf901-cf7b-44ec-a155-4a21178cc668 req-f7bdf901-cf7b-44ec-a155-4a21178cc668 ] Request (AttachInterfacesTestJSON:test_create_list_show_delete_interfaces_by_network_port): 200 GET http://10.180.1.21/compute/v2.1/servers/0ac963b1-120a-464b-8228-3393135dd182 0.072s
2024-10-03 09:25:30.264 62323 INFO tempest.lib.common.rest_client [req-41b31bb7-f87d-4782-b5a7-9738dda3d98e req-41b31bb7-f87d-4782-b5a7-9738dda3d98e ] Request (FloatingIPsAssociationTestJSON:setUpClass): 200 GET http://10.180.1.21/compute/v2.1/servers/2c1dfa78-d300-4505-9f87-8e11a4973af3 0.059s
2024-10-03 09:25:30.304 62283 INFO tempest.lib.common.rest_client [req-745d0066-1dc8-46ec-9b72-954e150e22a9 req-745d0066-1dc8-46ec-9b72-954e150e22a9 ] Request (MigrationsAdminTest:test_resize_server_revert_deleted_flavor): 200 GET http://10.180.1.21/compute/v2.1/servers/d148d561-3211-4f1f-965a-f2b14cd60b11 0.049s
2024-10-03 09:25:30.355 62305 INFO tempest.lib.common.rest_client [req-ccad03a9-d353-484e-9795-928f5795ad24 req-ccad03a9-d353-484e-9795-928f5795ad24 ] Request (MultipleCreateTestJSON:test_multiple_create): 200 GET http://10.180.1.21/compute/v2.1/servers/076aed5b-4b08-4f3b-a940-d9cd95c32e57 0.052s
2024-10-03 09:25:30.372 62327 INFO tempest.lib.common.rest_client [req-b96c4fed-ea5c-4d60-95ef-7924149f81c8 req-b96c4fed-ea5c-4d60-95ef-7924149f81c8 ] Request (InstanceActionsTestJSON:setUpClass): 200 GET http://10.180.1.21/compute/v2.1/servers/adccca24-ed77-410b-8b69-19137cadafbd 0.054s
2024-10-03 09:25:30.380 62327 INFO tempest.common.waiters [-] State transition "BUILD/spawning" ==> "BUILD/scheduling" after 92 second wait
2024-10-03 09:25:30.411 62297 INFO tempest.lib.common.rest_client [req-a57255a9-f009-4999-a59a-2039e9bfd55d req-a57255a9-f009-4999-a59a-2039e9bfd55d ] Request (ListServerFiltersTestJSON:setUpClass): 200 GET http://10.180.1.21/compute/v2.1/servers/f75ed36e-16c8-4a6b-bd39-eb4057ef0691 0.070s
2024-10-03 09:25:30.454 62287 INFO tempest.lib.common.rest_client [req-414381cb-9575-41f0-b097-d3f49ee6bb62 req-414381cb-9575-41f0-b097-d3f49ee6bb62 ] Request (ServerMetadataNegativeTestJSON:setUpClass): 200 GET http://10.180.1.21/compute/v2.1/servers/20e7a993-b1fb-4359-ab35-8b0f06ca0121 0.055s
2024-10-03 09:25:30.459 62311 INFO tempest.lib.common.rest_client [req-0c64467d-93ea-4664-a49b-0ae885fe95f9 req-0c64467d-93ea-4664-a49b-0ae885fe95f9 ] Request (ImagesTestJSON:test_create_image_from_suspended_server): 200 GET http://10.180.1.21/compute/v2.1/servers/5da19104-b163-44cd-bb1f-68c4eb316ac1 0.054s
2024-10-03 09:25:30.504 62321 INFO tempest.lib.common.rest_client [req-6b462686-2cc0-432d-85dd-c709e638609a req-6b462686-2cc0-432d-85dd-c709e638609a ] Request (ServerTagsTestJSON:setUpClass): 200 GET http://10.180.1.21/compute/v2.1/servers/30d782e4-30c7-41f6-b30d-95a9a59cf83c 0.052s
2024-10-03 09:25:30.519 62271 INFO tempest.lib.common.rest_client [req-7ae5a65b-8ae4-41a9-aa90-ddedcfcc274e req-7ae5a65b-8ae4-41a9-aa90-ddedcfcc274e ] Request (DeleteServersAdminTestJSON:test_delete_server_while_in_error_state): 200 GET http://10.180.1.21/compute/v2.1/servers/a71c58e7-89db-4ad2-92e0-5379b04b751c 0.048s
2024-10-03 09:25:30.563 62289 INFO tempest.lib.common.rest_client [req-22822086-f92f-4cea-a56f-83bb732051f2 req-22822086-f92f-4cea-a56f-83bb732051f2 ] Request (ServersTestFqdnHostnames:test_create_server_with_fqdn_name): 200 GET http://10.180.1.21/compute/v2.1/servers/748c94c7-1233-44f4-a71a-176b26518399 0.043s
2024-10-03 09:25:30.621 62316 INFO tempest.lib.common.rest_client [req-771a08da-284c-431c-802b-5defe1fe4d84 req-771a08da-284c-431c-802b-5defe1fe4d84 ] Request (ServerDiskConfigTestJSON:test_rebuild_server_with_auto_disk_config): 200 GET http://10.180.1.21/compute/v2.1/servers/efa18997-b502-4e2e-933a-a185ab9074d5 0.044s
2024-10-03 09:25:30.633 62303 INFO tempest.lib.common.rest_client [req-82692dcb-bcd2-4159-8a93-b08a0fed7a36 req-82692dcb-bcd2-4159-8a93-b08a0fed7a36 ] Request (ListImageFiltersTestJSON:setUpClass): 200 GET http://10.180.1.21/compute/v2.1/servers/242cf24f-f9e0-49ca-9b3e-a2b88b3cdcdc 0.043s
2024-10-03 09:25:30.670 62301 INFO tempest.lib.common.rest_client [req-f3930c68-5aaa-462b-ad6f-4a0d7449e518 req-f3930c68-5aaa-462b-ad6f-4a0d7449e518 ] Request (ServerActionsTestJSON:setUpClass): 200 GET http://10.180.1.21/compute/v2.1/servers/71aead12-a182-40a7-b5a9-91c01271b800 0.041s
2024-10-03 09:25:30.722 62329 INFO tempest.lib.common.rest_client [req-4cb9b265-48cf-46a3-b579-4ff2bf7b9048 req-4cb9b265-48cf-46a3-b579-4ff2bf7b9048 ] Request (ServersTestJSON:test_create_server_specify_multibyte_character_name): 200 GET http://10.180.1.21/compute/v2.1/servers/a3c42653-9a4b-42d3-bc38-8d46d95c8f64 0.044s
2024-10-03 09:25:30.807 62277 INFO tempest.lib.common.rest_client [req-e89a665e-e54b-47c9-a719-a459fc386add req-e89a665e-e54b-47c9-a719-a459fc386add ] Request (InstanceActionsV221TestJSON:test_get_list_deleted_instance_actions): 200 GET http://10.180.1.21/compute/v2.1/servers/9ec1b7a6-5ade-49a3-ba47-912bb328adb6 0.051s
2024-10-03 09:25:30.858 62313 INFO tempest.lib.common.rest_client [req-22767e86-3b1a-4809-8ed3-f250a0f32cf0 req-22767e86-3b1a-4809-8ed3-f250a0f32cf0 ] Request (ServerAddressesTestJSON:setUpClass): 200 GET http://10.180.1.21/compute/v2.1/servers/a3fcb849-b015-43aa-8f95-0d4a87e2cecc 0.046s
2024-10-03 09:25:30.912 62317 INFO tempest.lib.common.rest_client [req-c0025038-939a-4193-b664-c23f43d90c02 req-c0025038-939a-4193-b664-c23f43d90c02 ] Request (DeleteServersTestJSON:test_delete_server_while_in_attached_volume): 200 GET http://10.180.1.21/compute/v2.1/servers/13e3576e-4f4c-4541-a637-daa124cbf8dd 0.045s
2024-10-03 09:25:30.931 62285 INFO tempest.lib.common.rest_client [req-3ee075ea-a625-4146-ac00-9c059c66d2d8 req-3ee075ea-a625-4146-ac00-9c059c66d2d8 ] Request (ServersTestBootFromVolume:setUpClass): 200 GET http://10.180.1.21/compute/v2.1/servers/dd5d90e8-964a-4e1c-a98a-bcba37a1d79e 0.044s
2024-10-03 09:25:30.959 62295 INFO tempest.lib.common.rest_client [req-b7d48a49-f541-4823-9057-820835e2db69 req-b7d48a49-f541-4823-9057-820835e2db69 ] Request (ServersTestMultiNic:test_verify_multiple_nics_order): 200 GET http://10.180.1.21/compute/v2.1/servers/1ce155c8-9a10-4eff-b428-31889aa8f638 0.043s
2024-10-03 09:25:31.003 62291 INFO tempest.lib.common.rest_client [req-cb999ed5-eac7-42e5-a1e8-83d0feba5043 req-cb999ed5-eac7-42e5-a1e8-83d0feba5043 ] Request (ListServersNegativeTestJSON:setUpClass): 200 GET http://10.180.1.21/compute/v2.1/servers/5a146d8f-6921-4b3e-8696-d2804fb855ba 0.045s
2024-10-03 09:25:31.003 62267 INFO tempest.lib.common.rest_client [req-d2f055f6-2322-4c9c-b82b-d783a2095cc4 req-d2f055f6-2322-4c9c-b82b-d783a2095cc4 ] Request (ServerDiagnosticsNegativeTest:test_get_server_diagnostics_by_non_admin): 200 GET http://10.180.1.21/compute/v2.1/servers/42a5c5d8-5c3a-4568-b212-d87f2951a334 0.041s
2024-10-03 09:25:31.064 62294 INFO tempest.lib.common.rest_client [req-15afb29b-7b08-416f-aaea-752fcd3de77a req-15afb29b-7b08-416f-aaea-752fcd3de77a ] Request (ServerRescueTestJSON:setUpClass): 200 GET http://10.180.1.21/compute/v2.1/servers/963feecc-ff58-4cbb-8d6f-3f9035337087 0.046s
2024-10-03 09:25:31.097 62279 INFO tempest.lib.common.rest_client [req-c6d2024b-f34f-4f80-a1ed-fa03a74b0a3f req-c6d2024b-f34f-4f80-a1ed-fa03a74b0a3f ] Request (ServerActionsTestOtherA:setUpClass): 200 GET http://10.180.1.21/compute/v2.1/servers/67e99ada-a8e6-4034-b19b-5b2cb883b735 0.050s
2024-10-03 09:25:31.152 62307 INFO tempest.lib.common.rest_client [req-b64c67db-351f-4164-991a-4703cc79f412 req-b64c67db-351f-4164-991a-4703cc79f412 ] Request (ServersTestManualDisk:setUpClass): 200 GET http://10.180.1.21/compute/v2.1/servers/d0914f90-200c-4715-aaab-54beacf339b9 0.048s
2024-10-03 09:25:31.206 62326 INFO tempest.lib.common.rest_client [req-34367b83-8b89-41c9-bb9b-7687c4e47e69 req-34367b83-8b89-41c9-bb9b-7687c4e47e69 ] Request (VolumesAdminNegativeTest:test_update_attached_volume_with_nonexistent_volume_in_uri): 200 GET http://10.180.1.21/compute/v2.1/servers/b7fdf23e-1e39-4745-ae84-38b7fa89aa5d 0.046s
2024-10-03 09:25:31.265 62319 INFO tempest.lib.common.rest_client [req-26d1ad70-7c50-49f5-b1b1-09ac1394212b req-26d1ad70-7c50-49f5-b1b1-09ac1394212b ] Request (AttachInterfacesTestJSON:test_create_list_show_delete_interfaces_by_network_port): 200 GET http://10.180.1.21/compute/v2.1/servers/0ac963b1-120a-464b-8228-3393135dd182 0.044s
2024-10-03 09:25:31.314 62323 INFO tempest.lib.common.rest_client [req-a08f7726-7b92-4e14-90f9-e76be232e6ba req-a08f7726-7b92-4e14-90f9-e76be232e6ba ] Request (FloatingIPsAssociationTestJSON:setUpClass): 200 GET http://10.180.1.21/compute/v2.1/servers/2c1dfa78-d300-4505-9f87-8e11a4973af3 0.043s
2024-10-03 09:25:31.353 62283 INFO tempest.lib.common.rest_client [req-5258751f-f725-453d-80fb-28537d2d82a3 req-5258751f-f725-453d-80fb-28537d2d82a3 ] Request (MigrationsAdminTest:test_resize_server_revert_deleted_flavor): 200 GET http://10.180.1.21/compute/v2.1/servers/d148d561-3211-4f1f-965a-f2b14cd60b11 0.042s
2024-10-03 09:25:31.411 62305 INFO tempest.lib.common.rest_client [req-29c2e7cb-9169-4a07-bbd4-7f288eb746e5 req-29c2e7cb-9169-4a07-bbd4-7f288eb746e5 ] Request (MultipleCreateTestJSON:test_multiple_create): 200 GET http://10.180.1.21/compute/v2.1/servers/076aed5b-4b08-4f3b-a940-d9cd95c32e57 0.044s
2024-10-03 09:25:31.435 62327 INFO tempest.lib.common.rest_client [req-4c3a2ba9-046a-4ae1-b0a5-20d192373061 req-4c3a2ba9-046a-4ae1-b0a5-20d192373061 ] Request (InstanceActionsTestJSON:setUpClass): 200 GET http://10.180.1.21/compute/v2.1/servers/adccca24-ed77-410b-8b69-19137cadafbd 0.051s
2024-10-03 09:25:31.441 62327 INFO tempest.common.waiters [-] State transition "BUILD/scheduling" ==> "ERROR/None" after 93 second wait
2024-10-03 09:25:31.462 62297 INFO tempest.lib.common.rest_client [req-ac437ead-b63b-43ff-a482-eeffab0c4451 req-ac437ead-b63b-43ff-a482-eeffab0c4451 ] Request (ListServerFiltersTestJSON:setUpClass): 200 GET http://10.180.1.21/compute/v2.1/servers/f75ed36e-16c8-4a6b-bd39-eb4057ef0691 0.043s
2024-10-03 09:25:31.503 62287 INFO tempest.lib.common.rest_client [req-92966e1a-9aa1-494a-adf8-ee89bf97a1ab req-92966e1a-9aa1-494a-adf8-ee89bf97a1ab ] Request (ServerMetadataNegativeTestJSON:setUpClass): 200 GET http://10.180.1.21/compute/v2.1/servers/20e7a993-b1fb-4359-ab35-8b0f06ca0121 0.042s
2024-10-03 09:25:31.543 62311 INFO tempest.lib.common.rest_client [req-cb853d71-382a-43a0-af51-45131d420f54 req-cb853d71-382a-43a0-af51-45131d420f54 ] Request (ImagesTestJSON:test_create_image_from_suspended_server): 200 GET http://10.180.1.21/compute/v2.1/servers/5da19104-b163-44cd-bb1f-68c4eb316ac1 0.077s
2024-10-03 09:25:31.588 62321 INFO tempest.lib.common.rest_client [req-e253cfa3-d030-41b3-a1ac-dcc275782ec2 req-e253cfa3-d030-41b3-a1ac-dcc275782ec2 ] Request (ServerTagsTestJSON:setUpClass): 200 GET http://10.180.1.21/compute/v2.1/servers/30d782e4-30c7-41f6-b30d-95a9a59cf83c 0.075s
2024-10-03 09:25:31.598 62327 INFO tempest.lib.common.rest_client [req-c03b7ccc-f183-45df-8123-a4bd2a2fbf5c req-c03b7ccc-f183-45df-8123-a4bd2a2fbf5c ] Request (InstanceActionsTestJSON:setUpClass): 204 DELETE http://10.180.1.21/compute/v2.1/servers/adccca24-ed77-410b-8b69-19137cadafbd 0.156s
2024-10-03 09:25:31.630 62271 INFO tempest.lib.common.rest_client [req-c627657d-a054-461e-8c62-a2a251733745 req-c627657d-a054-461e-8c62-a2a251733745 ] Request (DeleteServersAdminTestJSON:test_delete_server_while_in_error_state): 200 GET http://10.180.1.21/compute/v2.1/servers/a71c58e7-89db-4ad2-92e0-5379b04b751c 0.104s
2024-10-03 09:25:31.639 62289 INFO tempest.lib.common.rest_client [req-80836594-91b4-419f-bc17-970d574eaed1 req-80836594-91b4-419f-bc17-970d574eaed1 ] Request (ServersTestFqdnHostnames:test_create_server_with_fqdn_name): 200 GET http://10.180.1.21/compute/v2.1/servers/748c94c7-1233-44f4-a71a-176b26518399 0.069s
2024-10-03 09:25:31.647 62327 INFO tempest.lib.common.rest_client [req-93b1abdd-2c17-4aee-b0f4-2fea2dc4e8a8 req-93b1abdd-2c17-4aee-b0f4-2fea2dc4e8a8 ] Request (InstanceActionsTestJSON:setUpClass): 404 GET http://10.180.1.21/compute/v2.1/servers/adccca24-ed77-410b-8b69-19137cadafbd 0.049s
2024-10-03 09:25:31.648 62327 INFO tempest.test [-] raised in InstanceActionsTestJSON.setUpClass. Invoking tearDownClass.
2024-10-03 09:25:31.681 62316 INFO tempest.lib.common.rest_client [req-3f3f221e-3868-4c66-96f5-8d8e0a39c771 req-3f3f221e-3868-4c66-96f5-8d8e0a39c771 ] Request (ServerDiskConfigTestJSON:test_rebuild_server_with_auto_disk_config): 200 GET http://10.180.1.21/compute/v2.1/servers/efa18997-b502-4e2e-933a-a185ab9074d5 0.053s
2024-10-03 09:25:31.698 62303 INFO tempest.lib.common.rest_client [req-9d6cabcf-af5a-41ed-b76e-40bd63085159 req-9d6cabcf-af5a-41ed-b76e-40bd63085159 ] Request (ListImageFiltersTestJSON:setUpClass): 200 GET http://10.180.1.21/compute/v2.1/servers/242cf24f-f9e0-49ca-9b3e-a2b88b3cdcdc 0.058s
2024-10-03 09:25:31.728 62301 INFO tempest.lib.common.rest_client [req-981fa12e-01cc-4888-a4e9-113767067c3e req-981fa12e-01cc-4888-a4e9-113767067c3e ] Request (ServerActionsTestJSON:setUpClass): 200 GET http://10.180.1.21/compute/v2.1/servers/71aead12-a182-40a7-b5a9-91c01271b800 0.051s
2024-10-03 09:25:31.777 62329 INFO tempest.lib.common.rest_client [req-9e2586b6-165d-42de-a36c-b3c0c842ca69 req-9e2586b6-165d-42de-a36c-b3c0c842ca69 ] Request (ServersTestJSON:test_create_server_specify_multibyte_character_name): 200 GET http://10.180.1.21/compute/v2.1/servers/a3c42653-9a4b-42d3-bc38-8d46d95c8f64 0.048s
2024-10-03 09:25:31.865 62277 INFO tempest.lib.common.rest_client [req-b7b5b71d-01b2-48dd-8c39-3eb53982c96f req-b7b5b71d-01b2-48dd-8c39-3eb53982c96f ] Request (InstanceActionsV221TestJSON:test_get_list_deleted_instance_actions): 200 GET http://10.180.1.21/compute/v2.1/servers/9ec1b7a6-5ade-49a3-ba47-912bb328adb6 0.049s
2024-10-03 09:25:31.988 62317 INFO tempest.lib.common.rest_client [req-30467427-65c7-4090-94ac-575a5cc71783 req-30467427-65c7-4090-94ac-575a5cc71783 ] Request (DeleteServersTestJSON:test_delete_server_while_in_attached_volume): 200 GET http://10.180.1.21/compute/v2.1/servers/13e3576e-4f4c-4541-a637-daa124cbf8dd 0.068s
2024-10-03 09:25:32.058 62285 INFO tempest.lib.common.rest_client [req-c38ed0e5-ca57-4564-94cb-9161aa7597dd req-c38ed0e5-ca57-4564-94cb-9161aa7597dd ] Request (ServersTestBootFromVolume:setUpClass): 200 GET http://10.180.1.21/compute/v2.1/servers/dd5d90e8-964a-4e1c-a98a-bcba37a1d79e 0.119s
2024-10-03 09:25:32.119 62295 INFO tempest.lib.common.rest_client [req-2a34193f-0490-4907-80ba-f0c056929bc5 req-2a34193f-0490-4907-80ba-f0c056929bc5 ] Request (ServersTestMultiNic:test_verify_multiple_nics_order): 200 GET http://10.180.1.21/compute/v2.1/servers/1ce155c8-9a10-4eff-b428-31889aa8f638 0.153s
2024-10-03 09:25:32.121 62313 INFO tempest.lib.common.rest_client [req-b8c78daf-2ade-4863-9b48-28cab2f6b42c req-b8c78daf-2ade-4863-9b48-28cab2f6b42c ] Request (ServerAddressesTestJSON:setUpClass): 200 GET http://10.180.1.21/compute/v2.1/servers/a3fcb849-b015-43aa-8f95-0d4a87e2cecc 0.256s
2024-10-03 09:25:32.178 62267 INFO tempest.lib.common.rest_client [req-7f078942-67f4-4bdb-80f1-89642493d87f req-7f078942-67f4-4bdb-80f1-89642493d87f ] Request (ServerDiagnosticsNegativeTest:test_get_server_diagnostics_by_non_admin): 200 GET http://10.180.1.21/compute/v2.1/servers/42a5c5d8-5c3a-4568-b212-d87f2951a334 0.167s
2024-10-03 09:25:32.179 62291 INFO tempest.lib.common.rest_client [req-6a49319d-e84c-4a8a-bd5b-710fd74aed3e req-6a49319d-e84c-4a8a-bd5b-710fd74aed3e ] Request (ListServersNegativeTestJSON:setUpClass): 200 GET http://10.180.1.21/compute/v2.1/servers/5a146d8f-6921-4b3e-8696-d2804fb855ba 0.169s
2024-10-03 09:25:32.227 62279 INFO tempest.lib.common.rest_client [req-d7d03221-62da-4447-a763-c3fadcf8051c req-d7d03221-62da-4447-a763-c3fadcf8051c ] Request (ServerActionsTestOtherA:setUpClass): 200 GET http://10.180.1.21/compute/v2.1/servers/67e99ada-a8e6-4034-b19b-5b2cb883b735 0.124s
2024-10-03 09:25:32.244 62294 INFO tempest.lib.common.rest_client [req-7b84dc1f-c16e-44d5-ac6f-4803b0f0ae21 req-7b84dc1f-c16e-44d5-ac6f-4803b0f0ae21 ] Request (ServerRescueTestJSON:setUpClass): 200 GET http://10.180.1.21/compute/v2.1/servers/963feecc-ff58-4cbb-8d6f-3f9035337087 0.173s
2024-10-03 09:25:32.273 62307 INFO tempest.lib.common.rest_client [req-6f19be58-4d5d-429c-ae0e-9a78e70bc307 req-6f19be58-4d5d-429c-ae0e-9a78e70bc307 ] Request (ServersTestManualDisk:setUpClass): 200 GET http://10.180.1.21/compute/v2.1/servers/d0914f90-200c-4715-aaab-54beacf339b9 0.114s
2024-10-03 09:25:32.307 62326 INFO tempest.lib.common.rest_client [req-7752a1cc-16a2-4c77-8e75-e2ded5d3e098 req-7752a1cc-16a2-4c77-8e75-e2ded5d3e098 ] Request (VolumesAdminNegativeTest:test_update_attached_volume_with_nonexistent_volume_in_uri): 200 GET http://10.180.1.21/compute/v2.1/servers/b7fdf23e-1e39-4745-ae84-38b7fa89aa5d 0.092s
