2024-10-03 09:24:06.663 62307 INFO tempest.lib.common.rest_client [req-35a6b432-571f-43c1-a04d-bd9bee3a5319 req-35a6b432-571f-43c1-a04d-bd9bee3a5319 ] Request (InstanceUsageAuditLogNegativeTestJSON:tearDownClass): 200 GET http://10.180.1.21:9696/networking/v2.0/security-groups?tenant_id=0012b4836b7c4fa9aab5476454358d62&name=default 0.230s
2024-10-03 09:24:06.671 62321 INFO tempest.lib.common.rest_client [req-31ed1e44-bb8d-4480-8a3e-8a4f5528e8b9 req-31ed1e44-bb8d-4480-8a3e-8a4f5528e8b9 ] Request (ImagesMetadataTestJSON:setUp): 200 PUT http://10.180.1.21/compute/v2.1/images/d6b9934b-d00b-45f6-8e64-ebeef7a7b8af/metadata 0.541s
2024-10-03 09:24:06.737 62287 INFO tempest.lib.common.rest_client [req-aa337bf5-3439-434c-a860-7af348e537a6 req-aa337bf5-3439-434c-a860-7af348e537a6 ] Request (FloatingIPsAssociationNegativeTestJSON:setUpClass): 200 GET http://10.180.1.21/compute/v2.1/servers/73cb4a44-a4d9-4c8c-8472-f99b5d449cec 0.599s
2024-10-03 09:24:06.789 62295 INFO tempest.lib.common.rest_client [req-8ba21633-41d3-426e-b6d9-df20f159ae7b req-8ba21633-41d3-426e-b6d9-df20f159ae7b ] Request (ServersTestMultiNic:test_verify_duplicate_network_nics): 200 GET http://10.180.1.21/compute/v2.1/servers/95edf3d1-a987-4768-93be-1e045d7bfa99 0.601s
2024-10-03 09:24:06.809 62307 INFO tempest.lib.common.rest_client [req-0dd85e8d-4f35-4b02-a4cb-c37f8f151845 req-0dd85e8d-4f35-4b02-a4cb-c37f8f151845 ] Request (InstanceUsageAuditLogNegativeTestJSON:tearDownClass): 204 DELETE http://10.180.1.21:9696/networking/v2.0/security-groups/75be22d7-5d8d-4412-a8e1-7a59a755e743 0.146s
2024-10-03 09:24:06.838 62323 INFO tempest.lib.common.rest_client [req-b0d9a1ec-c8a3-4523-84da-799d73bb9e8f req-b0d9a1ec-c8a3-4523-84da-799d73bb9e8f ] Request (FloatingIPsAssociationTestJSON:setUpClass): 200 GET http://10.180.1.21/compute/v2.1/servers/2c1dfa78-d300-4505-9f87-8e11a4973af3 0.579s
2024-10-03 09:24:06.839 62294 INFO tempest.lib.common.rest_client [req-7f6899ed-fb1b-4d6a-9885-5389c5b8363d req-7f6899ed-fb1b-4d6a-9885-5389c5b8363d ] Request (FloatingIPDetailsTestJSON:setUpClass): 200 POST http://10.180.1.21/compute/v2.1/os-floating-ips 0.943s
2024-10-03 09:24:06.886 62319 INFO tempest.lib.common.rest_client [req-df0d9f30-64da-4583-80b0-62541c6646df req-df0d9f30-64da-4583-80b0-62541c6646df ] Request (AttachInterfacesTestJSON:test_create_list_show_delete_interfaces_by_network_port): 200 GET http://10.180.1.21/compute/v2.1/servers/0ac963b1-120a-464b-8228-3393135dd182 0.611s
2024-10-03 09:24:06.886 62281 INFO tempest.lib.common.rest_client [req-5f1a294a-5ae7-48f8-941b-e5a9c173b6df req-5f1a294a-5ae7-48f8-941b-e5a9c173b6df ] Request (ServerActionsTestOtherB:setUpClass): 200 GET http://10.180.1.21/compute/v2.1/servers/a5b98f92-d287-4d40-8a21-d2de64026970 0.572s
2024-10-03 09:24:06.889 62307 INFO tempest.lib.common.rest_client [req-4c09106e-b410-4552-9212-a4c53915747c req-4c09106e-b410-4552-9212-a4c53915747c ] Request (InstanceUsageAuditLogNegativeTestJSON:tearDownClass): 204 DELETE http://10.180.1.21/identity/v3/projects/0012b4836b7c4fa9aab5476454358d62 0.079s
2024-10-03 09:24:06.889 62307 INFO tempest.lib.common.dynamic_creds [-] Deleting project and security group for project: 7fc29defea134d90ba40b7cea4d04490
2024-10-03 09:24:06.934 62283 INFO tempest.lib.common.rest_client [req-beb21b4a-4032-4319-8d8f-439ccc7213ea req-beb21b4a-4032-4319-8d8f-439ccc7213ea ] Request (MigrationsAdminTest:test_resize_server_revert_deleted_flavor): 200 GET http://10.180.1.21/compute/v2.1/servers/d148d561-3211-4f1f-965a-f2b14cd60b11 0.612s
2024-10-03 09:24:06.937 62329 INFO tempest.lib.common.rest_client [req-e40dd22b-334c-4ac6-99d2-d9ffdcad5aad req-e40dd22b-334c-4ac6-99d2-d9ffdcad5aad ] Request (ImagesOneServerNegativeTestJSON:setUpClass): 200 GET http://10.180.1.21/compute/v2.1/servers/d8478b63-3a62-4afa-950b-edf9774e8ea8 0.566s
2024-10-03 09:24:06.979 62327 INFO tempest.lib.common.rest_client [req-5cbdb6ea-11c3-4517-8894-9fd9610a0e80 req-5cbdb6ea-11c3-4517-8894-9fd9610a0e80 ] Request (InstanceActionsTestJSON:setUpClass): 200 GET http://10.180.1.21/compute/v2.1/servers/adccca24-ed77-410b-8b69-19137cadafbd 0.568s
2024-10-03 09:24:06.983 62326 INFO tempest.lib.common.rest_client [req-4ba388bc-9e00-4667-939e-b09deb861482 req-4ba388bc-9e00-4667-939e-b09deb861482 ] Request (VolumesAdminNegativeTest:test_update_attached_volume_with_nonexistent_volume_in_body): 200 GET http://10.180.1.21/compute/v2.1/servers/b0134b0f-23b4-4d34-b144-71ccdd9fba72 0.556s
2024-10-03 09:24:07.007 62307 INFO tempest.lib.common.rest_client [req-0f7ead3d-ccf8-4fba-989c-ad4e3244198b req-0f7ead3d-ccf8-4fba-989c-ad4e3244198b ] Request (InstanceUsageAuditLogNegativeTestJSON:tearDownClass): 200 GET http://10.180.1.21:9696/networking/v2.0/security-groups?tenant_id=7fc29defea134d90ba40b7cea4d04490&name=default 0.117s
2024-10-03 09:24:07.024 62309 INFO tempest.lib.common.rest_client [req-98e1b5bb-df04-4db4-9116-ecb5995e9650 req-98e1b5bb-df04-4db4-9116-ecb5995e9650 ] Request (ServersTestJSON:setUpClass): 200 GET http://10.180.1.21/compute/v2.1/servers/3ee4e051-f51d-4840-a918-fdedad020557 0.509s
2024-10-03 09:24:07.032 62305 INFO tempest.lib.common.rest_client [req-207ef94c-80b5-4b96-87c5-708e4e61495d req-207ef94c-80b5-4b96-87c5-708e4e61495d ] Request (ServersAdminTestJSON:setUpClass): 200 GET http://10.180.1.21/compute/v2.1/servers/5936aded-90fc-4f77-8103-8c9e1912379c 0.561s
2024-10-03 09:24:07.081 62317 INFO tempest.lib.common.rest_client [req-88ef2f19-2357-4db7-a613-c39917b000a6 req-88ef2f19-2357-4db7-a613-c39917b000a6 ] Request (DeleteServersTestJSON:test_delete_active_server): 200 GET http://10.180.1.21/compute/v2.1/servers/73ab65b7-32e7-4206-8f31-466085319c71 0.515s
2024-10-03 09:24:07.129 62307 INFO tempest.lib.common.rest_client [req-d7328048-6408-4e7c-beef-88b935e29fd5 req-d7328048-6408-4e7c-beef-88b935e29fd5 ] Request (InstanceUsageAuditLogNegativeTestJSON:tearDownClass): 204 DELETE http://10.180.1.21:9696/networking/v2.0/security-groups/877c45fd-160c-4d74-82b8-b8e4399473d5 0.122s
2024-10-03 09:24:07.133 62267 INFO tempest.lib.common.rest_client [req-eb7cfc2d-f063-47b2-9f11-6046c5f2fba4 req-eb7cfc2d-f063-47b2-9f11-6046c5f2fba4 ] Request (ServersWithSpecificFlavorTestJSON:test_verify_created_server_ephemeral_disk): 200 GET http://10.180.1.21/compute/v2.1/servers/7d8d4cdc-2b25-46f3-8bc0-1de22fdd005a 0.441s
2024-10-03 09:24:07.181 62289 INFO tempest.lib.common.rest_client [req-c8c53c57-8185-4410-b932-7c6f1e461af0 req-c8c53c57-8185-4410-b932-7c6f1e461af0 ] Request (AttachInterfacesV270Test:test_create_get_list_interfaces): 200 GET http://10.180.1.21/compute/v2.1/servers/ad0dd218-5e45-4d22-9d94-5c25ba8b22ec 0.434s
2024-10-03 09:24:07.185 62321 INFO tempest.lib.common.rest_client [req-f3267c18-a9f5-4f22-9cf6-e6bc4727a3ac req-f3267c18-a9f5-4f22-9cf6-e6bc4727a3ac ] Request (ImagesMetadataTestJSON:test_delete_image_metadata_item): 204 DELETE http://10.180.1.21/compute/v2.1/images/d6b9934b-d00b-45f6-8e64-ebeef7a7b8af/metadata/os_version 0.513s
2024-10-03 09:24:07.241 62307 INFO tempest.lib.common.rest_client [req-c574be94-4589-4d00-82ae-6887757419e2 req-c574be94-4589-4d00-82ae-6887757419e2 ] Request (InstanceUsageAuditLogNegativeTestJSON:tearDownClass): 204 DELETE http://10.180.1.21/identity/v3/projects/7fc29defea134d90ba40b7cea4d04490 0.111s
2024-10-03 09:24:07.243 62311 INFO tempest.lib.common.rest_client [req-761ccdff-d1e1-4ea8-85ee-68e4d74cce94 req-761ccdff-d1e1-4ea8-85ee-68e4d74cce94 ] Request (ImagesTestJSON:test_create_image_from_suspended_server): 200 GET http://10.180.1.21/compute/v2.1/servers/5da19104-b163-44cd-bb1f-68c4eb316ac1 0.294s
2024-10-03 09:24:07.290 62303 INFO tempest.lib.common.rest_client [req-28eb7df1-5313-4b60-8aac-83eef2fa76ad req-28eb7df1-5313-4b60-8aac-83eef2fa76ad ] Request (VolumesAssistedSnapshotsTest:test_volume_assisted_snapshot_create_delete): 200 GET http://10.180.1.21/compute/v2.1/servers/d7a90be3-d3d6-4626-944b-b907cf7fb64d 0.297s
2024-10-03 09:24:07.310 62307 INFO tempest.lib.common.rest_client [req-40d53048-27b4-48e1-8721-1afa08f74255 req-40d53048-27b4-48e1-8721-1afa08f74255 ] Request (ServersTestManualDisk:setUpClass): 201 POST http://10.180.1.21/identity/v3/auth/tokens 0.067s
2024-10-03 09:24:07.334 62273 INFO tempest.lib.common.rest_client [req-5a6ea161-c27e-4cf6-9729-588d21d87480 req-5a6ea161-c27e-4cf6-9729-588d21d87480 ] Request (TenantUsagesTestJSON:setUpClass): 200 GET http://10.180.1.21/compute/v2.1/servers/2226072d-16f2-4ea1-a56c-d866554c7379 0.294s
2024-10-03 09:24:07.349 62307 INFO tempest.lib.common.rest_client [req-60259a71-c94b-4b8a-9b69-6d4f7ab92bb3 req-60259a71-c94b-4b8a-9b69-6d4f7ab92bb3 ] Request (ServersTestManualDisk:setUpClass): 201 POST http://10.180.1.21/identity/v3/auth/tokens 0.036s
2024-10-03 09:24:07.373 62307 INFO tempest.lib.common.rest_client [req-6430a525-02b3-4e05-b3de-b27183af5d76 req-6430a525-02b3-4e05-b3de-b27183af5d76 ] Request (ServersTestManualDisk:setUpClass): 200 GET http://10.180.1.21/identity/v3/domains?name=Default 0.024s
2024-10-03 09:24:07.384 62297 INFO tempest.lib.common.rest_client [req-3916eb4b-b55e-4274-b55e-1f95b79f7351 req-3916eb4b-b55e-4274-b55e-1f95b79f7351 ] Request (ImagesOneServerTestJSON:setUpClass): 200 GET http://10.180.1.21/compute/v2.1/servers/d41f73e0-a188-4cc4-8391-938178aad496 0.285s
2024-10-03 09:24:07.400 62307 INFO tempest.lib.common.rest_client [req-d38c549b-a1cb-4288-95e3-e9d665a10007 req-d38c549b-a1cb-4288-95e3-e9d665a10007 ] Request (ServersTestManualDisk:setUpClass): 201 POST http://10.180.1.21/identity/v3/projects 0.026s
2024-10-03 09:24:07.450 62279 INFO tempest.lib.common.rest_client [req-2212abc5-e454-4cac-901d-bcb78f23e14a req-2212abc5-e454-4cac-901d-bcb78f23e14a ] Request (ServerDiagnosticsV248Test:tearDownClass): 200 GET http://10.180.1.21/compute/v2.1/servers/283e7488-1240-475f-a74d-809251950774 0.273s
2024-10-03 09:24:07.459 62307 INFO tempest.lib.common.rest_client [req-90d8d6ab-ef37-4a6e-8874-e252066ae4df req-90d8d6ab-ef37-4a6e-8874-e252066ae4df ] Request (ServersTestManualDisk:setUpClass): 201 POST http://10.180.1.21/identity/v3/users 0.058s
2024-10-03 09:24:07.477 62321 INFO tempest.lib.common.rest_client [req-6c9403d1-efdf-4b1f-988a-fb56956f3af3 req-6c9403d1-efdf-4b1f-988a-fb56956f3af3 ] Request (ImagesMetadataTestJSON:test_delete_image_metadata_item): 200 GET http://10.180.1.21/compute/v2.1/images/d6b9934b-d00b-45f6-8e64-ebeef7a7b8af/metadata 0.292s
2024-10-03 09:24:07.479 62307 INFO tempest.lib.common.rest_client [req-5e0e69ce-dfca-46fb-ba6a-5732dafd1e4a req-5e0e69ce-dfca-46fb-ba6a-5732dafd1e4a ] Request (ServersTestManualDisk:setUpClass): 200 GET http://10.180.1.21/identity/v3/roles 0.020s
2024-10-03 09:24:07.507 62307 INFO tempest.lib.common.rest_client [req-c72664db-8620-4a66-b10d-ae96f58a98b8 req-c72664db-8620-4a66-b10d-ae96f58a98b8 ] Request (ServersTestManualDisk:setUpClass): 204 PUT http://10.180.1.21/identity/v3/projects/49dd924c6f8e4a78bb8d57c805ab40f3/users/d1222ab8ea414849a747026baaa8fd2c/roles/3b3635e27c3c4ec8b08c40624c6e6c15 0.027s
2024-10-03 09:24:07.507 62307 INFO tempest.lib.common.dynamic_creds [-] Dynamic test user d1222ab8ea414849a747026baaa8fd2c is created with scope project and roles: ['member']
2024-10-03 09:24:07.508 62307 INFO tempest.lib.common.dynamic_creds [-] Acquired dynamic creds: credentials: Credentials: {'domain_id': 'default', 'domain_name': 'Default', 'username': 'tempest-ServersTestManualDisk-1129474164-project-member', 'project_domain_id': 'default', 'project_domain_name': 'Default', 'project_id': '49dd924c6f8e4a78bb8d57c805ab40f3', 'project_name': 'tempest-ServersTestManualDisk-1129474164', 'tenant_id': '49dd924c6f8e4a78bb8d57c805ab40f3', 'tenant_name': 'tempest-ServersTestManualDisk-1129474164', 'user_domain_id': 'default', 'user_domain_name': 'Default', 'user_id': 'd1222ab8ea414849a747026baaa8fd2c', 'system': None}, Network: None, Subnet: None, Router: None
2024-10-03 09:24:07.526 62271 INFO tempest.lib.common.rest_client [req-2c97a3d5-a7da-4293-8d8f-ae2401cbb629 req-2c97a3d5-a7da-4293-8d8f-ae2401cbb629 ] Request (DeleteServersAdminTestJSON:test_delete_server_while_in_error_state): 200 GET http://10.180.1.21/compute/v2.1/servers/a71c58e7-89db-4ad2-92e0-5379b04b751c 0.336s
2024-10-03 09:24:07.566 62307 INFO tempest.lib.common.rest_client [req-eccde8c4-8a2f-42dd-9487-57216b09b126 req-eccde8c4-8a2f-42dd-9487-57216b09b126 ] Request (ServersTestManualDisk:setUpClass): 201 POST http://10.180.1.21/identity/v3/auth/tokens 0.058s
2024-10-03 09:24:07.574 62277 INFO tempest.lib.common.rest_client [req-05b6bb70-4e2c-46e3-9572-8422948c71a0 req-05b6bb70-4e2c-46e3-9572-8422948c71a0 ] Request (InstanceActionsV221TestJSON:test_get_list_deleted_instance_actions): 200 GET http://10.180.1.21/compute/v2.1/servers/9ec1b7a6-5ade-49a3-ba47-912bb328adb6 0.351s
2024-10-03 09:24:07.626 62291 INFO tempest.lib.common.rest_client [req-cddc197f-d33c-44d4-893e-37c5c25deecd req-cddc197f-d33c-44d4-893e-37c5c25deecd ] Request (InstanceActionsNegativeTestJSON:setUpClass): 200 GET http://10.180.1.21/compute/v2.1/servers/495a15b2-20bd-44d2-8020-816031e89832 0.383s
2024-10-03 09:24:07.633 62291 INFO tempest.common.waiters [-] State transition "BUILD/None" ==> "BUILD/networking" after 37 second wait
2024-10-03 09:24:07.684 62316 INFO tempest.lib.common.rest_client [req-849fa512-1379-446f-b4aa-3881488cbab1 req-849fa512-1379-446f-b4aa-3881488cbab1 ] Request (ServerDiskConfigTestJSON:test_rebuild_server_with_auto_disk_config): 200 GET http://10.180.1.21/compute/v2.1/servers/efa18997-b502-4e2e-933a-a185ab9074d5 0.387s
2024-10-03 09:24:07.740 62313 INFO tempest.lib.common.rest_client [req-6e1d9294-ec7f-414f-9a1e-24727e5e5220 req-6e1d9294-ec7f-414f-9a1e-24727e5e5220 ] Request (ImagesNegativeTestJSON:test_create_image_from_deleted_server): 200 GET http://10.180.1.21/compute/v2.1/servers/88251634-8add-4216-b789-dfee77a1ae09 0.390s
2024-10-03 09:24:07.793 62285 INFO tempest.lib.common.rest_client [req-0b7bd5e3-332c-4099-b272-f1ed78c78735 req-0b7bd5e3-332c-4099-b272-f1ed78c78735 ] Request (ServerDiagnosticsTest:test_get_server_diagnostics): 200 GET http://10.180.1.21/compute/v2.1/servers/317f20e9-6ba1-4b41-b298-5dd844f323ac 0.394s
2024-10-03 09:24:07.851 62301 INFO tempest.lib.common.rest_client [req-bd33d0c3-2a80-41ab-a54d-2c62053b2e4d req-bd33d0c3-2a80-41ab-a54d-2c62053b2e4d ] Request (ServerActionsTestJSON:setUpClass): 200 GET http://10.180.1.21/compute/v2.1/servers/71aead12-a182-40a7-b5a9-91c01271b800 0.411s
2024-10-03 09:24:07.886 62307 INFO tempest.lib.common.rest_client [req-c402ae1f-b25a-49f2-a027-43b07f83cf43 req-c402ae1f-b25a-49f2-a027-43b07f83cf43 ] Request (ServersTestManualDisk:setUpClass): 201 POST http://10.180.1.21:9696/networking/v2.0/networks 0.319s
2024-10-03 09:24:08.013 62294 INFO tempest.lib.common.rest_client [req-882c9bcb-d91a-4d5a-9ff9-a7bb660dbc65 req-882c9bcb-d91a-4d5a-9ff9-a7bb660dbc65 ] Request (FloatingIPDetailsTestJSON:test_get_floating_ip_details): 200 POST http://10.180.1.21/compute/v2.1/os-floating-ips 1.171s
2024-10-03 09:24:08.032 62307 INFO tempest.lib.common.rest_client [req-ba52f2d2-38b3-4c57-9f3c-2752c00d7a74 req-ba52f2d2-38b3-4c57-9f3c-2752c00d7a74 ] Request (ServersTestManualDisk:setUpClass): 201 POST http://10.180.1.21:9696/networking/v2.0/subnets 0.145s
2024-10-03 09:24:08.071 62321 INFO tempest.lib.common.rest_client [req-3d4a33c0-d89a-48cf-9d86-0fe63b96f425 req-3d4a33c0-d89a-48cf-9d86-0fe63b96f425 ] Request (ImagesMetadataTestJSON:setUp): 200 PUT http://10.180.1.21/compute/v2.1/images/d6b9934b-d00b-45f6-8e64-ebeef7a7b8af/metadata 0.591s
2024-10-03 09:24:08.079 62287 INFO tempest.lib.common.rest_client [req-0c2d0786-fc82-4dc7-b09d-a8f6510013b6 req-0c2d0786-fc82-4dc7-b09d-a8f6510013b6 ] Request (FloatingIPsAssociationNegativeTestJSON:setUpClass): 200 GET http://10.180.1.21/compute/v2.1/servers/73cb4a44-a4d9-4c8c-8472-f99b5d449cec 0.333s
2024-10-03 09:24:08.139 62323 INFO tempest.lib.common.rest_client [req-7605bb38-247a-4a45-92f8-f6d262cac0a4 req-7605bb38-247a-4a45-92f8-f6d262cac0a4 ] Request (FloatingIPsAssociationTestJSON:setUpClass): 200 GET http://10.180.1.21/compute/v2.1/servers/2c1dfa78-d300-4505-9f87-8e11a4973af3 0.294s
2024-10-03 09:24:08.144 62295 INFO tempest.lib.common.rest_client [req-bec771e4-27df-44ed-9a03-a12211cc389d req-bec771e4-27df-44ed-9a03-a12211cc389d ] Request (ServersTestMultiNic:test_verify_duplicate_network_nics): 200 GET http://10.180.1.21/compute/v2.1/servers/95edf3d1-a987-4768-93be-1e045d7bfa99 0.345s
2024-10-03 09:24:08.199 62319 INFO tempest.lib.common.rest_client [req-6d0a15a8-1d63-4990-84a0-f7bf849292da req-6d0a15a8-1d63-4990-84a0-f7bf849292da ] Request (AttachInterfacesTestJSON:test_create_list_show_delete_interfaces_by_network_port): 200 GET http://10.180.1.21/compute/v2.1/servers/0ac963b1-120a-464b-8228-3393135dd182 0.306s
2024-10-03 09:24:08.207 62281 INFO tempest.lib.common.rest_client [req-ea9cbe0d-d3a1-40da-adcf-ebb7324136c3 req-ea9cbe0d-d3a1-40da-adcf-ebb7324136c3 ] Request (ServerActionsTestOtherB:setUpClass): 200 GET http://10.180.1.21/compute/v2.1/servers/a5b98f92-d287-4d40-8a21-d2de64026970 0.312s
2024-10-03 09:24:08.249 62329 INFO tempest.lib.common.rest_client [req-ab43b54a-fb47-4f4c-8ab3-169666a0ec79 req-ab43b54a-fb47-4f4c-8ab3-169666a0ec79 ] Request (ImagesOneServerNegativeTestJSON:setUpClass): 200 GET http://10.180.1.21/compute/v2.1/servers/d8478b63-3a62-4afa-950b-edf9774e8ea8 0.303s
2024-10-03 09:24:08.250 62283 INFO tempest.lib.common.rest_client [req-e4438bd3-8fc4-4713-bd44-91237e7d214d req-e4438bd3-8fc4-4713-bd44-91237e7d214d ] Request (MigrationsAdminTest:test_resize_server_revert_deleted_flavor): 200 GET http://10.180.1.21/compute/v2.1/servers/d148d561-3211-4f1f-965a-f2b14cd60b11 0.306s
2024-10-03 09:24:08.303 62327 INFO tempest.lib.common.rest_client [req-38a07aa9-b949-48f8-b386-149275761b50 req-38a07aa9-b949-48f8-b386-149275761b50 ] Request (InstanceActionsTestJSON:setUpClass): 200 GET http://10.180.1.21/compute/v2.1/servers/adccca24-ed77-410b-8b69-19137cadafbd 0.315s
2024-10-03 09:24:08.308 62326 INFO tempest.lib.common.rest_client [req-27e062c2-6579-4466-b11d-236d971e2d44 req-27e062c2-6579-4466-b11d-236d971e2d44 ] Request (VolumesAdminNegativeTest:test_update_attached_volume_with_nonexistent_volume_in_body): 200 GET http://10.180.1.21/compute/v2.1/servers/b0134b0f-23b4-4d34-b144-71ccdd9fba72 0.317s
2024-10-03 09:24:08.366 62309 INFO tempest.lib.common.rest_client [req-61c6a57d-a784-494c-9136-8ea988a2bc38 req-61c6a57d-a784-494c-9136-8ea988a2bc38 ] Request (ServersTestJSON:setUpClass): 200 GET http://10.180.1.21/compute/v2.1/servers/3ee4e051-f51d-4840-a918-fdedad020557 0.335s
2024-10-03 09:24:08.412 62305 INFO tempest.lib.common.rest_client [req-78b5c37c-ad21-4297-8f2c-ff3f4fb80bda req-78b5c37c-ad21-4297-8f2c-ff3f4fb80bda ] Request (ServersAdminTestJSON:setUpClass): 200 GET http://10.180.1.21/compute/v2.1/servers/5936aded-90fc-4f77-8103-8c9e1912379c 0.371s
2024-10-03 09:24:08.417 62294 INFO tempest.lib.common.rest_client [req-13fe8097-f687-46cc-8d0f-4515c74a6b5e req-13fe8097-f687-46cc-8d0f-4515c74a6b5e ] Request (FloatingIPDetailsTestJSON:test_get_floating_ip_details): 200 GET http://10.180.1.21/compute/v2.1/os-floating-ips/c0ced350-e5c8-43f2-b33b-8ccaa4d9a1d5 0.400s
2024-10-03 09:24:08.442 62321 INFO tempest.lib.common.rest_client [req-38e56b21-fcfa-4e31-be2a-ba7e91259c81 req-38e56b21-fcfa-4e31-be2a-ba7e91259c81 ] Request (ImagesMetadataTestJSON:test_get_image_metadata_item): 200 GET http://10.180.1.21/compute/v2.1/images/d6b9934b-d00b-45f6-8e64-ebeef7a7b8af/metadata/os_distro 0.370s
2024-10-03 09:24:08.466 62317 INFO tempest.lib.common.rest_client [req-3ae8ddd5-b3b0-4103-83ae-aa3870dac92a req-3ae8ddd5-b3b0-4103-83ae-aa3870dac92a ] Request (DeleteServersTestJSON:test_delete_active_server): 200 GET http://10.180.1.21/compute/v2.1/servers/73ab65b7-32e7-4206-8f31-466085319c71 0.375s
2024-10-03 09:24:08.496 62267 INFO tempest.lib.common.rest_client [req-ea4eca39-0765-4ead-b829-2a574d5d732f req-ea4eca39-0765-4ead-b829-2a574d5d732f ] Request (ServersWithSpecificFlavorTestJSON:test_verify_created_server_ephemeral_disk): 200 GET http://10.180.1.21/compute/v2.1/servers/7d8d4cdc-2b25-46f3-8bc0-1de22fdd005a 0.356s
2024-10-03 09:24:08.541 62311 INFO tempest.lib.common.rest_client [req-b5afc477-04d5-452b-a111-87cd004d4ccf req-b5afc477-04d5-452b-a111-87cd004d4ccf ] Request (ImagesTestJSON:test_create_image_from_suspended_server): 200 GET http://10.180.1.21/compute/v2.1/servers/5da19104-b163-44cd-bb1f-68c4eb316ac1 0.291s
2024-10-03 09:24:08.542 62289 INFO tempest.lib.common.rest_client [req-6b13f835-3ec0-4e28-a4c5-cf206877ab8f req-6b13f835-3ec0-4e28-a4c5-cf206877ab8f ] Request (AttachInterfacesV270Test:test_create_get_list_interfaces): 200 GET http://10.180.1.21/compute/v2.1/servers/ad0dd218-5e45-4d22-9d94-5c25ba8b22ec 0.352s
2024-10-03 09:24:08.586 62303 INFO tempest.lib.common.rest_client [req-ccc1fa88-1d27-4e6f-9aa7-a20e876b7ba0 req-ccc1fa88-1d27-4e6f-9aa7-a20e876b7ba0 ] Request (VolumesAssistedSnapshotsTest:test_volume_assisted_snapshot_create_delete): 200 GET http://10.180.1.21/compute/v2.1/servers/d7a90be3-d3d6-4626-944b-b907cf7fb64d 0.289s
2024-10-03 09:24:08.593 62273 INFO tempest.lib.common.rest_client [req-00e53f45-56c2-4a0e-bc15-4e3690321a20 req-00e53f45-56c2-4a0e-bc15-4e3690321a20 ] Request (TenantUsagesTestJSON:setUpClass): 200 GET http://10.180.1.21/compute/v2.1/servers/2226072d-16f2-4ea1-a56c-d866554c7379 0.252s
2024-10-03 09:24:08.635 62297 INFO tempest.lib.common.rest_client [req-864dc5b4-907e-412f-ab13-f9df019587ac req-864dc5b4-907e-412f-ab13-f9df019587ac ] Request (ImagesOneServerTestJSON:setUpClass): 200 GET http://10.180.1.21/compute/v2.1/servers/d41f73e0-a188-4cc4-8391-938178aad496 0.244s
2024-10-03 09:24:08.761 62321 INFO tempest.lib.common.rest_client [req-9f73128b-4e60-44c5-b0b9-a0496f53fdbe req-9f73128b-4e60-44c5-b0b9-a0496f53fdbe ] Request (ImagesMetadataTestJSON:setUp): 200 PUT http://10.180.1.21/compute/v2.1/images/d6b9934b-d00b-45f6-8e64-ebeef7a7b8af/metadata 0.318s
2024-10-03 09:24:08.817 62279 INFO tempest.lib.common.rest_client [req-da3fa902-754d-45cd-ab24-32ac8abfc49d req-da3fa902-754d-45cd-ab24-32ac8abfc49d ] Request (ServerDiagnosticsV248Test:tearDownClass): 200 GET http://10.180.1.21/compute/v2.1/servers/283e7488-1240-475f-a74d-809251950774 0.358s
2024-10-03 09:24:08.866 62271 INFO tempest.lib.common.rest_client [req-6db73074-f937-4e20-962a-7d2bc9cb88dd req-6db73074-f937-4e20-962a-7d2bc9cb88dd ] Request (DeleteServersAdminTestJSON:test_delete_server_while_in_error_state): 200 GET http://10.180.1.21/compute/v2.1/servers/a71c58e7-89db-4ad2-92e0-5379b04b751c 0.332s
2024-10-03 09:24:08.923 62277 INFO tempest.lib.common.rest_client [req-cd2814a5-e1a4-4973-ace5-ed1b22c273d1 req-cd2814a5-e1a4-4973-ace5-ed1b22c273d1 ] Request (InstanceActionsV221TestJSON:test_get_list_deleted_instance_actions): 200 GET http://10.180.1.21/compute/v2.1/servers/9ec1b7a6-5ade-49a3-ba47-912bb328adb6 0.340s
2024-10-03 09:24:09.111 62291 INFO tempest.lib.common.rest_client [req-3ab90634-c897-4765-b866-43ec6c864c52 req-3ab90634-c897-4765-b866-43ec6c864c52 ] Request (InstanceActionsNegativeTestJSON:setUpClass): 200 GET http://10.180.1.21/compute/v2.1/servers/495a15b2-20bd-44d2-8020-816031e89832 0.477s
2024-10-03 09:24:09.123 62291 INFO tempest.common.waiters [-] State transition "BUILD/networking" ==> "BUILD/spawning" after 39 second wait
2024-10-03 09:24:09.182 62316 INFO tempest.lib.common.rest_client [req-048dfe19-c4d8-43e9-aaae-06711d32c00c req-048dfe19-c4d8-43e9-aaae-06711d32c00c ] Request (ServerDiskConfigTestJSON:test_rebuild_server_with_auto_disk_config): 200 GET http://10.180.1.21/compute/v2.1/servers/efa18997-b502-4e2e-933a-a185ab9074d5 0.491s
2024-10-03 09:24:09.186 62307 INFO tempest.lib.common.rest_client [req-0a97ff75-f3cf-4a0b-8de8-3cab5ed5066c req-0a97ff75-f3cf-4a0b-8de8-3cab5ed5066c ] Request (ServersTestManualDisk:setUpClass): 201 POST http://10.180.1.21:9696/networking/v2.0/routers 1.153s
2024-10-03 09:24:09.242 62313 INFO tempest.lib.common.rest_client [req-61179417-d8a3-44d7-b37f-b1f000e83c5d req-61179417-d8a3-44d7-b37f-b1f000e83c5d ] Request (ImagesNegativeTestJSON:test_create_image_from_deleted_server): 200 GET http://10.180.1.21/compute/v2.1/servers/88251634-8add-4216-b789-dfee77a1ae09 0.495s
2024-10-03 09:24:09.277 62321 INFO tempest.lib.common.rest_client [req-06542ece-9460-481f-b1d8-cb9de27a39eb req-06542ece-9460-481f-b1d8-cb9de27a39eb ] Request (ImagesMetadataTestJSON:test_list_image_metadata): 200 GET http://10.180.1.21/compute/v2.1/images/d6b9934b-d00b-45f6-8e64-ebeef7a7b8af/metadata 0.515s
2024-10-03 09:24:09.295 62294 INFO tempest.lib.common.rest_client [req-5014a5d0-20f9-441e-bb89-f647cf80a627 req-5014a5d0-20f9-441e-bb89-f647cf80a627 ] Request (FloatingIPDetailsTestJSON:_run_cleanups): 202 DELETE http://10.180.1.21/compute/v2.1/os-floating-ips/c0ced350-e5c8-43f2-b33b-8ccaa4d9a1d5 0.875s
2024-10-03 09:24:09.326 62285 INFO tempest.lib.common.rest_client [req-4e080053-75e5-4ca0-a09a-98503af455bf req-4e080053-75e5-4ca0-a09a-98503af455bf ] Request (ServerDiagnosticsTest:test_get_server_diagnostics): 200 GET http://10.180.1.21/compute/v2.1/servers/317f20e9-6ba1-4b41-b298-5dd844f323ac 0.524s
2024-10-03 09:24:09.346 62301 INFO tempest.lib.common.rest_client [req-4c5e8dce-3b2c-4ced-b231-9ab5b34bd5dd req-4c5e8dce-3b2c-4ced-b231-9ab5b34bd5dd ] Request (ServerActionsTestJSON:setUpClass): 200 GET http://10.180.1.21/compute/v2.1/servers/71aead12-a182-40a7-b5a9-91c01271b800 0.487s
2024-10-03 09:24:09.389 62287 INFO tempest.lib.common.rest_client [req-ecafe6a7-6389-4e46-a273-afc0c2d366b5 req-ecafe6a7-6389-4e46-a273-afc0c2d366b5 ] Request (FloatingIPsAssociationNegativeTestJSON:setUpClass): 200 GET http://10.180.1.21/compute/v2.1/servers/73cb4a44-a4d9-4c8c-8472-f99b5d449cec 0.301s
2024-10-03 09:24:09.397 62323 INFO tempest.lib.common.rest_client [req-e7d22e74-8dc0-417b-8d87-a97f4a94b0be req-e7d22e74-8dc0-417b-8d87-a97f4a94b0be ] Request (FloatingIPsAssociationTestJSON:setUpClass): 200 GET http://10.180.1.21/compute/v2.1/servers/2c1dfa78-d300-4505-9f87-8e11a4973af3 0.250s
2024-10-03 09:24:09.434 62295 INFO tempest.lib.common.rest_client [req-98ad5440-9ba5-4c3d-be99-fb0d3e689287 req-98ad5440-9ba5-4c3d-be99-fb0d3e689287 ] Request (ServersTestMultiNic:test_verify_duplicate_network_nics): 200 GET http://10.180.1.21/compute/v2.1/servers/95edf3d1-a987-4768-93be-1e045d7bfa99 0.280s
2024-10-03 09:24:09.451 62319 INFO tempest.lib.common.rest_client [req-eb213bfd-6841-4c95-8134-aabef0f426fb req-eb213bfd-6841-4c95-8134-aabef0f426fb ] Request (AttachInterfacesTestJSON:test_create_list_show_delete_interfaces_by_network_port): 200 GET http://10.180.1.21/compute/v2.1/servers/0ac963b1-120a-464b-8228-3393135dd182 0.242s
2024-10-03 09:24:09.480 62281 INFO tempest.lib.common.rest_client [req-f52d05de-13ce-49f9-9287-7567c9560860 req-f52d05de-13ce-49f9-9287-7567c9560860 ] Request (ServerActionsTestOtherB:setUpClass): 200 GET http://10.180.1.21/compute/v2.1/servers/a5b98f92-d287-4d40-8a21-d2de64026970 0.265s
2024-10-03 09:24:09.503 62329 INFO tempest.lib.common.rest_client [req-9da620fb-fb2e-426f-a9b0-fe399b641cd4 req-9da620fb-fb2e-426f-a9b0-fe399b641cd4 ] Request (ImagesOneServerNegativeTestJSON:setUpClass): 200 GET http://10.180.1.21/compute/v2.1/servers/d8478b63-3a62-4afa-950b-edf9774e8ea8 0.246s
2024-10-03 09:24:09.525 62283 INFO tempest.lib.common.rest_client [req-67f2ac1d-1e47-472a-8e96-e743a4652c7f req-67f2ac1d-1e47-472a-8e96-e743a4652c7f ] Request (MigrationsAdminTest:test_resize_server_revert_deleted_flavor): 200 GET http://10.180.1.21/compute/v2.1/servers/d148d561-3211-4f1f-965a-f2b14cd60b11 0.264s
2024-10-03 09:24:09.650 62321 INFO tempest.lib.common.rest_client [req-cce914a9-2752-487e-9746-89720d22e5fe req-cce914a9-2752-487e-9746-89720d22e5fe ] Request (ImagesMetadataTestJSON:setUp): 200 PUT http://10.180.1.21/compute/v2.1/images/d6b9934b-d00b-45f6-8e64-ebeef7a7b8af/metadata 0.371s
2024-10-03 09:24:09.660 62294 INFO tempest.lib.common.rest_client [req-bd4b5aba-db3b-44b4-932b-2bc4abee42f3 req-bd4b5aba-db3b-44b4-932b-2bc4abee42f3 ] Request (FloatingIPDetailsTestJSON:test_list_floating_ips): 200 GET http://10.180.1.21/compute/v2.1/os-floating-ips 0.362s
2024-10-03 09:24:09.704 62327 INFO tempest.lib.common.rest_client [req-e9c29f5e-3f15-48e9-91df-6a7f3019b62f req-e9c29f5e-3f15-48e9-91df-6a7f3019b62f ] Request (InstanceActionsTestJSON:setUpClass): 200 GET http://10.180.1.21/compute/v2.1/servers/adccca24-ed77-410b-8b69-19137cadafbd 0.394s
2024-10-03 09:24:09.709 62326 INFO tempest.lib.common.rest_client [req-e87fa522-7c3e-424a-aa4b-659ccc3e5889 req-e87fa522-7c3e-424a-aa4b-659ccc3e5889 ] Request (VolumesAdminNegativeTest:test_update_attached_volume_with_nonexistent_volume_in_body): 200 GET http://10.180.1.21/compute/v2.1/servers/b0134b0f-23b4-4d34-b144-71ccdd9fba72 0.391s
2024-10-03 09:24:09.761 62309 INFO tempest.lib.common.rest_client [req-da2a74ea-5167-4086-9a42-534493ecaa10 req-da2a74ea-5167-4086-9a42-534493ecaa10 ] Request (ServersTestJSON:setUpClass): 200 GET http://10.180.1.21/compute/v2.1/servers/3ee4e051-f51d-4840-a918-fdedad020557 0.386s
2024-10-03 09:24:09.762 62305 INFO tempest.lib.common.rest_client [req-ec7ad23f-0d0c-49aa-bd30-e3ae37a4be98 req-ec7ad23f-0d0c-49aa-bd30-e3ae37a4be98 ] Request (ServersAdminTestJSON:setUpClass): 200 GET http://10.180.1.21/compute/v2.1/servers/5936aded-90fc-4f77-8103-8c9e1912379c 0.340s
2024-10-03 09:24:09.771 62309 INFO tempest.common.waiters [-] State transition "BUILD/scheduling" ==> "BUILD/None" after 21 second wait
2024-10-03 09:24:09.813 62267 INFO tempest.lib.common.rest_client [req-9b67e7d4-cc35-40a3-9f34-569c1e9e7deb req-9b67e7d4-cc35-40a3-9f34-569c1e9e7deb ] Request (ServersWithSpecificFlavorTestJSON:test_verify_created_server_ephemeral_disk): 200 GET http://10.180.1.21/compute/v2.1/servers/7d8d4cdc-2b25-46f3-8bc0-1de22fdd005a 0.305s
2024-10-03 09:24:09.820 62317 INFO tempest.lib.common.rest_client [req-66048a87-959c-48a4-9aa9-5172375e4ca9 req-66048a87-959c-48a4-9aa9-5172375e4ca9 ] Request (DeleteServersTestJSON:test_delete_active_server): 200 GET http://10.180.1.21/compute/v2.1/servers/73ab65b7-32e7-4206-8f31-466085319c71 0.345s
2024-10-03 09:24:09.860 62311 INFO tempest.lib.common.rest_client [req-447b5be4-d8a9-4996-a0e0-55beadd183f1 req-447b5be4-d8a9-4996-a0e0-55beadd183f1 ] Request (ImagesTestJSON:test_create_image_from_suspended_server): 200 GET http://10.180.1.21/compute/v2.1/servers/5da19104-b163-44cd-bb1f-68c4eb316ac1 0.312s
2024-10-03 09:24:09.876 62289 INFO tempest.lib.common.rest_client [req-22d78b87-6dd2-4ecb-ab16-82c14c1bc3b7 req-22d78b87-6dd2-4ecb-ab16-82c14c1bc3b7 ] Request (AttachInterfacesV270Test:test_create_get_list_interfaces): 200 GET http://10.180.1.21/compute/v2.1/servers/ad0dd218-5e45-4d22-9d94-5c25ba8b22ec 0.324s
2024-10-03 09:24:09.921 62303 INFO tempest.lib.common.rest_client [req-16d661a4-b435-410c-9cc6-27d72867d187 req-16d661a4-b435-410c-9cc6-27d72867d187 ] Request (VolumesAssistedSnapshotsTest:test_volume_assisted_snapshot_create_delete): 200 GET http://10.180.1.21/compute/v2.1/servers/d7a90be3-d3d6-4626-944b-b907cf7fb64d 0.328s
2024-10-03 09:24:09.923 62273 INFO tempest.lib.common.rest_client [req-80db1da1-e833-4a85-b10e-c2986e17eac6 req-80db1da1-e833-4a85-b10e-c2986e17eac6 ] Request (TenantUsagesTestJSON:setUpClass): 200 GET http://10.180.1.21/compute/v2.1/servers/2226072d-16f2-4ea1-a56c-d866554c7379 0.322s
2024-10-03 09:24:09.968 62297 INFO tempest.lib.common.rest_client [req-881ddc49-9fd4-4a7e-aae1-a5373f0022d2 req-881ddc49-9fd4-4a7e-aae1-a5373f0022d2 ] Request (ImagesOneServerTestJSON:setUpClass): 200 GET http://10.180.1.21/compute/v2.1/servers/d41f73e0-a188-4cc4-8391-938178aad496 0.326s
2024-10-03 09:24:10.121 62307 INFO tempest.lib.common.rest_client [req-8505de21-7b4e-45ae-a7e6-6f4ec652035f req-8505de21-7b4e-45ae-a7e6-6f4ec652035f ] Request (ServersTestManualDisk:setUpClass): 200 PUT http://10.180.1.21:9696/networking/v2.0/routers/e706a513-8905-4c08-b9a9-f2cd2ad03bf8/add_router_interface 0.933s
2024-10-03 09:24:10.121 62307 INFO tempest.lib.common.dynamic_creds [-] Created isolated network resources for: credentials: Credentials: {'domain_id': 'default', 'domain_name': 'Default', 'username': 'tempest-ServersTestManualDisk-1129474164-project-member', 'project_domain_id': 'default', 'project_domain_name': 'Default', 'project_id': '49dd924c6f8e4a78bb8d57c805ab40f3', 'project_name': 'tempest-ServersTestManualDisk-1129474164', 'tenant_id': '49dd924c6f8e4a78bb8d57c805ab40f3', 'tenant_name': 'tempest-ServersTestManualDisk-1129474164', 'user_domain_id': 'default', 'user_domain_name': 'Default', 'user_id': 'd1222ab8ea414849a747026baaa8fd2c', 'system': None}, Network: {'id': '0c106f8c-7353-4c61-9675-8e9c2ae5dddf', 'name': 'tempest-ServersTestManualDisk-1747568824-network', 'tenant_id': '49dd924c6f8e4a78bb8d57c805ab40f3', 'admin_state_up': True, 'mtu': 8950, 'status': 'ACTIVE', 'subnets': [], 'shared': False, 'project_id': '49dd924c6f8e4a78bb8d57c805ab40f3', 'port_security_enabled': True, 'router:external': False, 'provider:network_type': 'vlan', 'provider:physical_network': 'default', 'provider:segmentation_id': 538, 'is_default': False, 'availability_zone_hints': [], 'availability_zones': [], 'ipv4_address_scope': None, 'ipv6_address_scope': None, 'description': '', 'tags': [], 'created_at': '2024-10-03T09:24:07Z', 'updated_at': '2024-10-03T09:24:07Z', 'revision_number': 1}, Subnet: {'id': '20ba481f-2dd3-4f11-8f06-dfda49aff7e3', 'name': 'tempest-ServersTestManualDisk-1747568824-subnet', 'tenant_id': '49dd924c6f8e4a78bb8d57c805ab40f3', 'network_id': '0c106f8c-7353-4c61-9675-8e9c2ae5dddf', 'ip_version': 4, 'subnetpool_id': None, 'enable_dhcp': True, 'ipv6_ra_mode': None, 'ipv6_address_mode': None, 'gateway_ip': '192.168.128.1', 'cidr': '192.168.128.0/28', 'allocation_pools': [{'start': '192.168.128.2', 'end': '192.168.128.14'}], 'host_routes': [], 'dns_nameservers': [], 'description': '', 'router:external': False, 'service_types': [], 'tags': [], 'created_at': '2024-10-03T09:24:07Z', 'updated_at': '2024-10-03T09:24:07Z', 'revision_number': 0, 'project_id': '49dd924c6f8e4a78bb8d57c805ab40f3'}, Router: {'id': 'e706a513-8905-4c08-b9a9-f2cd2ad03bf8', 'name': 'tempest-ServersTestManualDisk-1747568824-router', 'tenant_id': '49dd924c6f8e4a78bb8d57c805ab40f3', 'admin_state_up': True, 'status': 'ACTIVE', 'external_gateway_info': {'network_id': 'f5d8f6fe-4cf7-4859-8f7d-d22fa2b5887a', 'external_fixed_ips': [{'subnet_id': 'c7758276-5340-4f9c-bb21-aaaa13497e0f', 'ip_address': '10.180.180.166'}], 'enable_snat': True}, 'description': '', 'availability_zones': [], 'distributed': False, 'ha': False, 'availability_zone_hints': [], 'routes': [], 'flavor_id': None, 'tags': [], 'created_at': '2024-10-03T09:24:08Z', 'updated_at': '2024-10-03T09:24:08Z', 'revision_number': 2, 'project_id': '49dd924c6f8e4a78bb8d57c805ab40f3'}
2024-10-03 09:24:10.128 62321 INFO tempest.lib.common.rest_client [req-897e56e6-53b2-4411-a243-e5bdc0408680 req-897e56e6-53b2-4411-a243-e5bdc0408680 ] Request (ImagesMetadataTestJSON:test_set_image_metadata): 200 PUT http://10.180.1.21/compute/v2.1/images/d6b9934b-d00b-45f6-8e64-ebeef7a7b8af/metadata 0.477s
2024-10-03 09:24:10.155 62279 INFO tempest.lib.common.rest_client [req-480943de-7bd2-42dc-989c-6515772e7f51 req-480943de-7bd2-42dc-989c-6515772e7f51 ] Request (ServerDiagnosticsV248Test:tearDownClass): 404 GET http://10.180.1.21/compute/v2.1/servers/283e7488-1240-475f-a74d-809251950774 0.327s
2024-10-03 09:24:10.215 62307 INFO tempest.lib.common.rest_client [req-fab81007-9086-4042-85d1-168e4f777476 req-fab81007-9086-4042-85d1-168e4f777476 ] Request (ServersTestManualDisk:setUpClass): 201 POST http://10.180.1.21/identity/v3/auth/tokens 0.091s
2024-10-03 09:24:10.216 62271 INFO tempest.lib.common.rest_client [req-353e293d-a58a-4287-b844-ab174eb5a543 req-353e293d-a58a-4287-b844-ab174eb5a543 ] Request (DeleteServersAdminTestJSON:test_delete_server_while_in_error_state): 200 GET http://10.180.1.21/compute/v2.1/servers/a71c58e7-89db-4ad2-92e0-5379b04b751c 0.341s
2024-10-03 09:24:10.227 62279 INFO tempest.lib.common.rest_client [req-b9666296-7069-499b-a866-20a35d42a2b1 req-b9666296-7069-499b-a866-20a35d42a2b1 ] Request (ServerDiagnosticsV248Test:tearDownClass): 204 DELETE http://10.180.1.21/identity/v3/users/b034d85de5d1423a8e401f1431d46a0e 0.071s
2024-10-03 09:24:10.270 62277 INFO tempest.lib.common.rest_client [req-b91840c6-4379-48e3-b9da-04fdf16278a5 req-b91840c6-4379-48e3-b9da-04fdf16278a5 ] Request (InstanceActionsV221TestJSON:test_get_list_deleted_instance_actions): 200 GET http://10.180.1.21/compute/v2.1/servers/9ec1b7a6-5ade-49a3-ba47-912bb328adb6 0.332s
2024-10-03 09:24:10.318 62294 INFO tempest.lib.common.rest_client [req-2489fd0a-c277-4285-bf16-5cbff2b54de8 req-2489fd0a-c277-4285-bf16-5cbff2b54de8 ] Request (FloatingIPDetailsTestJSON:tearDownClass): 202 DELETE http://10.180.1.21/compute/v2.1/os-floating-ips/195aeec5-4a2e-46e4-8471-2d8a9ee493ad 0.653s
2024-10-03 09:24:10.328 62279 INFO tempest.lib.common.rest_client [req-0a5f2a15-20d2-4580-bcc7-8c0128331232 req-0a5f2a15-20d2-4580-bcc7-8c0128331232 ] Request (ServerDiagnosticsV248Test:tearDownClass): 204 DELETE http://10.180.1.21/identity/v3/users/c4d5253cfcc043e6a97977eb8d8cae74 0.101s
2024-10-03 09:24:10.329 62279 INFO tempest.lib.common.dynamic_creds [-] Deleting project and security group for project: b1c2cc0062db4397951189d85cfb5719
2024-10-03 09:24:10.335 62291 INFO tempest.lib.common.rest_client [req-abeb6867-f3a1-4e93-92cc-375791861441 req-abeb6867-f3a1-4e93-92cc-375791861441 ] Request (InstanceActionsNegativeTestJSON:setUpClass): 200 GET http://10.180.1.21/compute/v2.1/servers/495a15b2-20bd-44d2-8020-816031e89832 0.211s
2024-10-03 09:24:10.363 62321 INFO tempest.lib.common.rest_client [req-61f5ab39-b823-4fa6-a779-acbc24e2df44 req-61f5ab39-b823-4fa6-a779-acbc24e2df44 ] Request (ImagesMetadataTestJSON:test_set_image_metadata): 200 GET http://10.180.1.21/compute/v2.1/images/d6b9934b-d00b-45f6-8e64-ebeef7a7b8af/metadata 0.234s
2024-10-03 09:24:10.389 62316 INFO tempest.lib.common.rest_client [req-3054107a-bd29-4b1a-9a6d-3d9372003768 req-3054107a-bd29-4b1a-9a6d-3d9372003768 ] Request (ServerDiskConfigTestJSON:test_rebuild_server_with_auto_disk_config): 200 GET http://10.180.1.21/compute/v2.1/servers/efa18997-b502-4e2e-933a-a185ab9074d5 0.200s
2024-10-03 09:24:10.399 62279 INFO tempest.lib.common.rest_client [req-e35de954-c5a5-450a-8535-c93c4853ab89 req-e35de954-c5a5-450a-8535-c93c4853ab89 ] Request (ServerDiagnosticsV248Test:tearDownClass): 201 POST http://10.180.1.21/identity/v3/auth/tokens 0.070s
2024-10-03 09:24:10.442 62313 INFO tempest.lib.common.rest_client [req-e239d612-b438-49a2-8409-a8dfe026843b req-e239d612-b438-49a2-8409-a8dfe026843b ] Request (ImagesNegativeTestJSON:test_create_image_from_deleted_server): 200 GET http://10.180.1.21/compute/v2.1/servers/88251634-8add-4216-b789-dfee77a1ae09 0.189s
2024-10-03 09:24:10.493 62307 INFO tempest.lib.common.rest_client [req-34ecb957-5db3-4116-9913-25488fd11a54 req-34ecb957-5db3-4116-9913-25488fd11a54 ] Request (ServersTestManualDisk:setUpClass): 200 POST http://10.180.1.21/compute/v2.1/os-keypairs 0.276s
2024-10-03 09:24:10.553 62285 INFO tempest.lib.common.rest_client [req-a262e826-b1f2-4375-85f1-85cb3e1985c9 req-a262e826-b1f2-4375-85f1-85cb3e1985c9 ] Request (ServerDiagnosticsTest:test_get_server_diagnostics): 200 GET http://10.180.1.21/compute/v2.1/servers/317f20e9-6ba1-4b41-b298-5dd844f323ac 0.219s
2024-10-03 09:24:10.606 62301 INFO tempest.lib.common.rest_client [req-e156dfc0-8ed8-4428-95a9-f151dcd7f4c4 req-e156dfc0-8ed8-4428-95a9-f151dcd7f4c4 ] Request (ServerActionsTestJSON:setUpClass): 200 GET http://10.180.1.21/compute/v2.1/servers/71aead12-a182-40a7-b5a9-91c01271b800 0.247s
2024-10-03 09:24:10.665 62279 INFO tempest.lib.common.rest_client [req-38914dce-a224-431c-926b-fcba9a27985a req-38914dce-a224-431c-926b-fcba9a27985a ] Request (ServerDiagnosticsV248Test:tearDownClass): 200 GET http://10.180.1.21:9696/networking/v2.0/security-groups?tenant_id=b1c2cc0062db4397951189d85cfb5719&name=default 0.265s
2024-10-03 09:24:10.667 62307 INFO tempest.lib.common.rest_client [req-b5630e68-0cc4-423d-a5ff-6cae9eaa4def req-b5630e68-0cc4-423d-a5ff-6cae9eaa4def ] Request (ServersTestManualDisk:setUpClass): 201 POST http://10.180.1.21:9696/networking/v2.0/security-groups 0.172s
2024-10-03 09:24:10.761 62307 INFO tempest.lib.common.rest_client [req-5bd797d2-62a9-4e08-abad-46c899920d5e req-5bd797d2-62a9-4e08-abad-46c899920d5e ] Request (ServersTestManualDisk:setUpClass): 201 POST http://10.180.1.21:9696/networking/v2.0/security-group-rules 0.093s
2024-10-03 09:24:10.808 62294 INFO tempest.lib.common.rest_client [req-68f1908f-c20d-4a8b-901e-e62da7f7609b req-68f1908f-c20d-4a8b-901e-e62da7f7609b ] Request (FloatingIPDetailsTestJSON:tearDownClass): 202 DELETE http://10.180.1.21/compute/v2.1/os-floating-ips/63e10169-d2ea-43b0-a4cd-926df32f235e 0.490s
2024-10-03 09:24:10.822 62279 INFO tempest.lib.common.rest_client [req-d67660c9-9894-42de-9159-bc9459b02511 req-d67660c9-9894-42de-9159-bc9459b02511 ] Request (ServerDiagnosticsV248Test:tearDownClass): 204 DELETE http://10.180.1.21:9696/networking/v2.0/security-groups/48b99acd-d782-4c65-8682-5c2e7d48633e 0.157s
2024-10-03 09:24:10.849 62321 INFO tempest.lib.common.rest_client [req-14192a52-1abf-47bf-841a-5c4ffe0ce609 req-14192a52-1abf-47bf-841a-5c4ffe0ce609 ] Request (ImagesMetadataTestJSON:setUp): 200 PUT http://10.180.1.21/compute/v2.1/images/d6b9934b-d00b-45f6-8e64-ebeef7a7b8af/metadata 0.483s
2024-10-03 09:24:10.861 62287 INFO tempest.lib.common.rest_client [req-bbfd9aad-c222-49ff-93cf-b6a1e4126430 req-bbfd9aad-c222-49ff-93cf-b6a1e4126430 ] Request (FloatingIPsAssociationNegativeTestJSON:setUpClass): 200 GET http://10.180.1.21/compute/v2.1/servers/73cb4a44-a4d9-4c8c-8472-f99b5d449cec 0.464s
2024-10-03 09:24:10.874 62307 INFO tempest.lib.common.rest_client [req-317b460c-58d4-49bb-87b4-1bbef1c234b3 req-317b460c-58d4-49bb-87b4-1bbef1c234b3 ] Request (ServersTestManualDisk:setUpClass): 201 POST http://10.180.1.21:9696/networking/v2.0/security-group-rules 0.113s
2024-10-03 09:24:10.900 62279 INFO tempest.lib.common.rest_client [req-4cb52e1f-5345-42c6-b9db-f08eeb83990c req-4cb52e1f-5345-42c6-b9db-f08eeb83990c ] Request (ServerDiagnosticsV248Test:tearDownClass): 204 DELETE http://10.180.1.21/identity/v3/projects/b1c2cc0062db4397951189d85cfb5719 0.078s
2024-10-03 09:24:10.900 62279 INFO tempest.lib.common.dynamic_creds [-] Deleting project and security group for project: 5ef32534b71f4d0f918db463bea2a31f
2024-10-03 09:24:10.912 62323 INFO tempest.lib.common.rest_client [req-072e4bd3-0f18-4c9f-a72d-bed00b23e3a7 req-072e4bd3-0f18-4c9f-a72d-bed00b23e3a7 ] Request (FloatingIPsAssociationTestJSON:setUpClass): 200 GET http://10.180.1.21/compute/v2.1/servers/2c1dfa78-d300-4505-9f87-8e11a4973af3 0.508s
2024-10-03 09:24:10.923 62295 INFO tempest.lib.common.rest_client [req-4dcdcd0e-bb69-4383-a9c2-6ffd507949d3 req-4dcdcd0e-bb69-4383-a9c2-6ffd507949d3 ] Request (ServersTestMultiNic:test_verify_duplicate_network_nics): 200 GET http://10.180.1.21/compute/v2.1/servers/95edf3d1-a987-4768-93be-1e045d7bfa99 0.482s
2024-10-03 09:24:10.980 62281 INFO tempest.lib.common.rest_client [req-0a1cd2df-5395-4749-a524-b4d4faa73ed2 req-0a1cd2df-5395-4749-a524-b4d4faa73ed2 ] Request (ServerActionsTestOtherB:setUpClass): 200 GET http://10.180.1.21/compute/v2.1/servers/a5b98f92-d287-4d40-8a21-d2de64026970 0.493s
2024-10-03 09:24:10.989 62319 INFO tempest.lib.common.rest_client [req-913ca0ac-190d-494d-ab5b-7a2dcb5ae9b1 req-913ca0ac-190d-494d-ab5b-7a2dcb5ae9b1 ] Request (AttachInterfacesTestJSON:test_create_list_show_delete_interfaces_by_network_port): 200 GET http://10.180.1.21/compute/v2.1/servers/0ac963b1-120a-464b-8228-3393135dd182 0.531s
2024-10-03 09:24:11.041 62329 INFO tempest.lib.common.rest_client [req-a6e3985a-40d1-47a4-aaf0-4d2edf43b25d req-a6e3985a-40d1-47a4-aaf0-4d2edf43b25d ] Request (ImagesOneServerNegativeTestJSON:setUpClass): 200 GET http://10.180.1.21/compute/v2.1/servers/d8478b63-3a62-4afa-950b-edf9774e8ea8 0.527s
2024-10-03 09:24:11.054 62283 INFO tempest.lib.common.rest_client [req-b31ede98-f080-43a3-b12a-703a16f87c6c req-b31ede98-f080-43a3-b12a-703a16f87c6c ] Request (MigrationsAdminTest:test_resize_server_revert_deleted_flavor): 200 GET http://10.180.1.21/compute/v2.1/servers/d148d561-3211-4f1f-965a-f2b14cd60b11 0.516s
2024-10-03 09:24:11.097 62327 INFO tempest.lib.common.rest_client [req-c4d4d12b-ef99-4453-9680-ad3dc47fa66a req-c4d4d12b-ef99-4453-9680-ad3dc47fa66a ] Request (InstanceActionsTestJSON:setUpClass): 200 GET http://10.180.1.21/compute/v2.1/servers/adccca24-ed77-410b-8b69-19137cadafbd 0.384s
2024-10-03 09:24:11.133 62326 INFO tempest.lib.common.rest_client [req-ad4bd2a2-e205-49a9-aecb-863d2ee849ae req-ad4bd2a2-e205-49a9-aecb-863d2ee849ae ] Request (VolumesAdminNegativeTest:test_update_attached_volume_with_nonexistent_volume_in_body): 200 GET http://10.180.1.21/compute/v2.1/servers/b0134b0f-23b4-4d34-b144-71ccdd9fba72 0.415s
2024-10-03 09:24:11.151 62305 INFO tempest.lib.common.rest_client [req-2c8f558d-2b04-4084-b0fb-22f57ccd7aef req-2c8f558d-2b04-4084-b0fb-22f57ccd7aef ] Request (ServersAdminTestJSON:setUpClass): 200 GET http://10.180.1.21/compute/v2.1/servers/5936aded-90fc-4f77-8103-8c9e1912379c 0.382s
2024-10-03 09:24:11.199 62309 INFO tempest.lib.common.rest_client [req-83529b56-2bc5-4ce2-a309-2633c0f6e2cf req-83529b56-2bc5-4ce2-a309-2633c0f6e2cf ] Request (ServersTestJSON:setUpClass): 200 GET http://10.180.1.21/compute/v2.1/servers/3ee4e051-f51d-4840-a918-fdedad020557 0.424s
2024-10-03 09:24:11.208 62279 INFO tempest.lib.common.rest_client [req-4718fa21-a1bf-4754-8728-fd91975d8cd9 req-4718fa21-a1bf-4754-8728-fd91975d8cd9 ] Request (ServerDiagnosticsV248Test:tearDownClass): 200 GET http://10.180.1.21:9696/networking/v2.0/security-groups?tenant_id=5ef32534b71f4d0f918db463bea2a31f&name=default 0.307s
2024-10-03 09:24:11.258 62267 INFO tempest.lib.common.rest_client [req-704e7b8e-de82-48eb-91de-1078b038919f req-704e7b8e-de82-48eb-91de-1078b038919f ] Request (ServersWithSpecificFlavorTestJSON:test_verify_created_server_ephemeral_disk): 200 GET http://10.180.1.21/compute/v2.1/servers/7d8d4cdc-2b25-46f3-8bc0-1de22fdd005a 0.438s
2024-10-03 09:24:11.320 62317 INFO tempest.lib.common.rest_client [req-7f2cd4ea-d694-4c39-aace-e31e8fecf668 req-7f2cd4ea-d694-4c39-aace-e31e8fecf668 ] Request (DeleteServersTestJSON:test_delete_active_server): 200 GET http://10.180.1.21/compute/v2.1/servers/73ab65b7-32e7-4206-8f31-466085319c71 0.492s
2024-10-03 09:24:11.383 62279 INFO tempest.lib.common.rest_client [req-7d7e3375-247e-493f-b5f7-b14aaec7639e req-7d7e3375-247e-493f-b5f7-b14aaec7639e ] Request (ServerDiagnosticsV248Test:tearDownClass): 204 DELETE http://10.180.1.21:9696/networking/v2.0/security-groups/1414a0d1-a1b9-4416-a752-3cc50bdf5baf 0.174s
2024-10-03 09:24:11.480 62294 INFO tempest.lib.common.rest_client [req-f7238a47-58f4-4bd6-aad1-48ceadc4cf10 req-f7238a47-58f4-4bd6-aad1-48ceadc4cf10 ] Request (FloatingIPDetailsTestJSON:tearDownClass): 202 DELETE http://10.180.1.21/compute/v2.1/os-floating-ips/a8142ec8-dcfc-4f1a-a2b8-f3a84e601ad6 0.671s
2024-10-03 09:24:11.485 62279 INFO tempest.lib.common.rest_client [req-0155d48d-6eb7-42a2-b4e8-9b6a125accdc req-0155d48d-6eb7-42a2-b4e8-9b6a125accdc ] Request (ServerDiagnosticsV248Test:tearDownClass): 204 DELETE http://10.180.1.21/identity/v3/projects/5ef32534b71f4d0f918db463bea2a31f 0.101s
2024-10-03 09:24:11.486 62279 INFO tempest.test [-] raised in TestMultiAttachVolumeSwap.setUpClass. Invoking tearDownClass.
2024-10-03 09:24:11.539 62321 INFO tempest.lib.common.rest_client [req-d5b1e767-d643-49f2-84a8-bc328d6a771d req-d5b1e767-d643-49f2-84a8-bc328d6a771d ] Request (ImagesMetadataTestJSON:test_set_image_metadata_item): 200 PUT http://10.180.1.21/compute/v2.1/images/d6b9934b-d00b-45f6-8e64-ebeef7a7b8af/metadata/os_version 0.689s
2024-10-03 09:24:11.540 62307 INFO tempest.lib.common.rest_client [req-38d16b17-210e-4770-87e1-8bfe8c428af8 req-38d16b17-210e-4770-87e1-8bfe8c428af8 ] Request (ServersTestManualDisk:setUpClass): 201 POST http://10.180.1.21:9696/networking/v2.0/floatingips 0.666s
2024-10-03 09:24:11.545 62311 INFO tempest.lib.common.rest_client [req-651e0273-1ab4-4da7-bc4b-f31cc1094097 req-651e0273-1ab4-4da7-bc4b-f31cc1094097 ] Request (ImagesTestJSON:test_create_image_from_suspended_server): 200 GET http://10.180.1.21/compute/v2.1/servers/5da19104-b163-44cd-bb1f-68c4eb316ac1 0.674s
2024-10-03 09:24:11.562 62279 INFO tempest.lib.common.rest_client [req-968f27e1-6869-4cbe-a19e-faff429f7490 req-968f27e1-6869-4cbe-a19e-faff429f7490 ] Request (ServerActionsTestOtherA:setUpClass): 201 POST http://10.180.1.21/identity/v3/auth/tokens 0.073s
2024-10-03 09:24:11.592 62279 INFO tempest.lib.common.rest_client [req-2714491c-7c67-4e31-a6a0-19437f337c81 req-2714491c-7c67-4e31-a6a0-19437f337c81 ] Request (ServerActionsTestOtherA:setUpClass): 201 POST http://10.180.1.21/identity/v3/auth/tokens 0.027s
2024-10-03 09:24:11.596 62289 INFO tempest.lib.common.rest_client [req-8c4a9242-bb9b-4b8e-8398-a39156b705f6 req-8c4a9242-bb9b-4b8e-8398-a39156b705f6 ] Request (AttachInterfacesV270Test:test_create_get_list_interfaces): 200 GET http://10.180.1.21/compute/v2.1/servers/ad0dd218-5e45-4d22-9d94-5c25ba8b22ec 0.711s
2024-10-03 09:24:11.603 62273 INFO tempest.lib.common.rest_client [req-7421cfbb-443f-40ae-a709-a83378ddbc06 req-7421cfbb-443f-40ae-a709-a83378ddbc06 ] Request (TenantUsagesTestJSON:setUpClass): 200 GET http://10.180.1.21/compute/v2.1/servers/2226072d-16f2-4ea1-a56c-d866554c7379 0.674s
2024-10-03 09:24:11.613 62307 INFO tempest.lib.common.rest_client [req-8193b252-9c1f-4870-b988-d302c8a7c868 req-8193b252-9c1f-4870-b988-d302c8a7c868 ] Request (ServersTestManualDisk:setUpClass): 201 POST http://10.180.1.21/identity/v3/auth/tokens 0.065s
