2024-10-03 09:23:12.896 62295 INFO tempest.lib.common.rest_client [req-127fdd13-ed12-4a9d-bf48-08dddf4db335 req-127fdd13-ed12-4a9d-bf48-08dddf4db335 ] Request (HypervisorAdminV253TestBase:tearDownClass): 204 DELETE http://10.180.1.21/identity/v3/users/0085f542594b4ed9a115a4906412f2ab 0.247s
2024-10-03 09:23:12.949 62281 INFO tempest.lib.common.rest_client [req-fb6990a3-5819-41e9-a8e1-24d889c7b44e req-fb6990a3-5819-41e9-a8e1-24d889c7b44e ] Request (AZAdminV2TestJSON:tearDownClass): 204 DELETE http://10.180.1.21:9696/networking/v2.0/security-groups/795be381-4a7c-4c1e-b256-ce29212e1ccd 0.387s
2024-10-03 09:23:12.987 62303 INFO tempest.lib.common.rest_client [req-48f3526a-c9e4-4f78-9a4e-888ae20b2eea req-48f3526a-c9e4-4f78-9a4e-888ae20b2eea ] Request (VolumesAssistedSnapshotsTest:setUpClass): 201 POST http://10.180.1.21/identity/v3/projects 0.130s
2024-10-03 09:23:13.036 62323 INFO tempest.lib.common.rest_client [req-5b5d0e72-7572-439b-a6d3-e071a56f493d req-5b5d0e72-7572-439b-a6d3-e071a56f493d ] Request (FlavorsAccessNegativeTestJSON:test_add_flavor_access_duplicate): 200 POST http://10.180.1.21/compute/v2.1/flavors 1.938s
2024-10-03 09:23:13.057 62316 INFO tempest.lib.common.rest_client [req-d7060249-baaf-4b55-8fc6-c5d2ba1d8ec6 req-d7060249-baaf-4b55-8fc6-c5d2ba1d8ec6 ] Request (ListImagesTestJSON:tearDownClass): 200 GET http://10.180.1.21:9696/networking/v2.0/security-groups?tenant_id=ae060c5ebc734aef8401ed1fadd4cb75&name=default 0.510s
2024-10-03 09:23:13.067 62273 INFO tempest.lib.common.rest_client [req-d11e4f5e-1170-43a6-858f-3dccc5aad9bc req-d11e4f5e-1170-43a6-858f-3dccc5aad9bc ] Request (HostsAdminTestJSON:test_list_hosts_with_a_blank_zone): 200 GET http://10.180.1.21/compute/v2.1/os-hosts?zone= 1.921s
2024-10-03 09:23:13.079 62305 INFO tempest.lib.common.rest_client [req-7fb3bbe4-e77c-486f-8538-83d72965e5af req-7fb3bbe4-e77c-486f-8538-83d72965e5af ] Request (ServersAdminTestJSON:setUpClass): 201 POST http://10.180.1.21/identity/v3/auth/tokens 0.191s
2024-10-03 09:23:13.087 62313 INFO tempest.lib.common.rest_client [req-db811229-e12b-4c1f-bef1-b99fc97e0719 req-db811229-e12b-4c1f-bef1-b99fc97e0719 ] Request (HypervisorAdminV228Test:test_get_list_hypervisor_details): 200 GET http://10.180.1.21/compute/v2.1/os-hypervisors/1 1.732s
2024-10-03 09:23:13.157 62271 INFO tempest.lib.common.rest_client [req-357418d7-d463-4ee3-a890-f47c1f6ec71d req-357418d7-d463-4ee3-a890-f47c1f6ec71d ] Request (AZAdminNegativeTestJSON:tearDownClass): 200 GET http://10.180.1.21:9696/networking/v2.0/security-groups?tenant_id=af446134220d443fb4aab0e11898371b&name=default 0.412s
2024-10-03 09:23:13.177 62295 INFO tempest.lib.common.rest_client [req-04a2a696-9581-47fb-acaf-32fc67831293 req-04a2a696-9581-47fb-acaf-32fc67831293 ] Request (HypervisorAdminV253TestBase:tearDownClass): 204 DELETE http://10.180.1.21/identity/v3/users/4e98fb5cebac46df989b140c3971cad9 0.281s
2024-10-03 09:23:13.177 62295 INFO tempest.lib.common.dynamic_creds [-] Deleting project and security group for project: e04b2a5095234aa6989e4983573279d1
2024-10-03 09:23:13.177 62267 INFO tempest.lib.common.rest_client [req-c18c7f83-eb09-419b-98af-6440344bee06 req-c18c7f83-eb09-419b-98af-6440344bee06 ] Request (ServersWithSpecificFlavorTestJSON:setUpClass): 201 POST http://10.180.1.21:9696/networking/v2.0/routers 1.479s
2024-10-03 09:23:13.183 62319 INFO tempest.lib.common.rest_client [req-002cd88a-7454-4564-b519-3879a7c1ed9e req-002cd88a-7454-4564-b519-3879a7c1ed9e ] Request (ValidationResourcesFixture:setUp): 201 POST http://10.180.1.21:9696/networking/v2.0/security-groups 0.401s
2024-10-03 09:23:13.214 62291 INFO tempest.lib.common.rest_client [req-aec421ca-102c-4045-9bf9-1aad51cd8f43 req-aec421ca-102c-4045-9bf9-1aad51cd8f43 ] Request (NetworksTest:test_get_network): 200 GET http://10.180.1.21/compute/v2.1/os-networks/f5d8f6fe-4cf7-4859-8f7d-d22fa2b5887a 1.801s
2024-10-03 09:23:13.237 62281 INFO tempest.lib.common.rest_client [req-d4944c2b-f476-4264-8633-789f4bb0c4d2 req-d4944c2b-f476-4264-8633-789f4bb0c4d2 ] Request (AZAdminV2TestJSON:tearDownClass): 204 DELETE http://10.180.1.21/identity/v3/projects/d2b05cabaef4456eaedc4c1ae7bb31af 0.287s
2024-10-03 09:23:13.237 62281 INFO tempest.lib.common.dynamic_creds [-] Deleting project and security group for project: 39672a8b608f47cf9097ddbc62180c46
2024-10-03 09:23:13.295 62303 INFO tempest.lib.common.rest_client [req-6458a457-7012-4f8a-8dc9-75cada2174e6 req-6458a457-7012-4f8a-8dc9-75cada2174e6 ] Request (VolumesAssistedSnapshotsTest:setUpClass): 201 POST http://10.180.1.21/identity/v3/users 0.308s
2024-10-03 09:23:13.307 62305 INFO tempest.lib.common.rest_client [req-18219373-b077-4208-a602-d79618564651 req-18219373-b077-4208-a602-d79618564651 ] Request (ServersAdminTestJSON:setUpClass): 201 POST http://10.180.1.21/identity/v3/projects 0.227s
2024-10-03 09:23:13.368 62313 INFO tempest.lib.common.rest_client [req-6d7e428f-0096-4302-ba28-dbd3cabea2e5 req-6d7e428f-0096-4302-ba28-dbd3cabea2e5 ] Request (HypervisorAdminV228Test:tearDownClass): 204 DELETE http://10.180.1.21/identity/v3/users/2e7fc1d98763490f8f0657f0133e3454 0.219s
2024-10-03 09:23:13.372 62295 INFO tempest.lib.common.rest_client [req-169b78c8-e6ff-4891-984b-a6290b34b6b1 req-169b78c8-e6ff-4891-984b-a6290b34b6b1 ] Request (HypervisorAdminV253TestBase:tearDownClass): 201 POST http://10.180.1.21/identity/v3/auth/tokens 0.194s
2024-10-03 09:23:13.394 62271 INFO tempest.lib.common.rest_client [req-a33adc04-0b24-4d56-aaa2-75fa6842daca req-a33adc04-0b24-4d56-aaa2-75fa6842daca ] Request (AZAdminNegativeTestJSON:tearDownClass): 204 DELETE http://10.180.1.21:9696/networking/v2.0/security-groups/f2cb8e73-26d2-4c1c-bcb0-8e01b1b604d7 0.237s
2024-10-03 09:23:13.406 62316 INFO tempest.lib.common.rest_client [req-6b7f9053-0a1d-4460-971b-22b5585f6b93 req-6b7f9053-0a1d-4460-971b-22b5585f6b93 ] Request (ListImagesTestJSON:tearDownClass): 204 DELETE http://10.180.1.21:9696/networking/v2.0/security-groups/0e77befd-e21e-4b07-bb08-45905e117b1b 0.348s
2024-10-03 09:23:13.425 62303 INFO tempest.lib.common.rest_client [req-85990448-982e-4c24-8bb0-f6878e78f234 req-85990448-982e-4c24-8bb0-f6878e78f234 ] Request (VolumesAssistedSnapshotsTest:setUpClass): 200 GET http://10.180.1.21/identity/v3/roles 0.130s
2024-10-03 09:23:13.426 62319 INFO tempest.lib.common.rest_client [req-2c2059e2-5ec5-474c-8d68-36e0f36c9bd1 req-2c2059e2-5ec5-474c-8d68-36e0f36c9bd1 ] Request (ValidationResourcesFixture:setUp): 201 POST http://10.180.1.21:9696/networking/v2.0/security-group-rules 0.242s
2024-10-03 09:23:13.452 62305 INFO tempest.lib.common.rest_client [req-d2e74441-4902-4766-a0ae-9be09fcfd1ea req-d2e74441-4902-4766-a0ae-9be09fcfd1ea ] Request (ServersAdminTestJSON:setUpClass): 201 POST http://10.180.1.21/identity/v3/users 0.143s
2024-10-03 09:23:13.457 62281 INFO tempest.lib.common.rest_client [req-0790ed9b-e4f9-4967-83c3-39a73b66412d req-0790ed9b-e4f9-4967-83c3-39a73b66412d ] Request (AZAdminV2TestJSON:tearDownClass): 200 GET http://10.180.1.21:9696/networking/v2.0/security-groups?tenant_id=39672a8b608f47cf9097ddbc62180c46&name=default 0.219s
2024-10-03 09:23:13.489 62275 INFO tempest.lib.common.rest_client [req-5e42035b-b4e7-41a0-94cb-d1447b6ae3d8 req-5e42035b-b4e7-41a0-94cb-d1447b6ae3d8 ] Request (FlavorsExtraSpecsNegativeTestJSON:test_flavor_get_nonexistent_key): 404 GET http://10.180.1.21/compute/v2.1/flavors/468556033/os-extra_specs/hw:cpu_thread_policy 1.998s
2024-10-03 09:23:13.530 62313 INFO tempest.lib.common.rest_client [req-d3e6ae2f-45a7-4e2b-a216-c9fc46c5b59d req-d3e6ae2f-45a7-4e2b-a216-c9fc46c5b59d ] Request (HypervisorAdminV228Test:tearDownClass): 204 DELETE http://10.180.1.21/identity/v3/users/654b0d94099b422289cdb8afbbb3e3ae 0.162s
2024-10-03 09:23:13.531 62313 INFO tempest.lib.common.dynamic_creds [-] Deleting project and security group for project: 2e30e3c308fa48e1a6b03b106fdf06e1
2024-10-03 09:23:13.616 62271 INFO tempest.lib.common.rest_client [req-e87ee3d5-7fbc-4fab-ba5f-95cc3b345550 req-e87ee3d5-7fbc-4fab-ba5f-95cc3b345550 ] Request (AZAdminNegativeTestJSON:tearDownClass): 204 DELETE http://10.180.1.21/identity/v3/projects/af446134220d443fb4aab0e11898371b 0.222s
2024-10-03 09:23:13.642 62316 INFO tempest.lib.common.rest_client [req-a32bbdf0-98e9-445d-aa9c-d366b33d6a0a req-a32bbdf0-98e9-445d-aa9c-d366b33d6a0a ] Request (ListImagesTestJSON:tearDownClass): 204 DELETE http://10.180.1.21/identity/v3/projects/ae060c5ebc734aef8401ed1fadd4cb75 0.236s
2024-10-03 09:23:13.672 62311 INFO tempest.lib.common.rest_client [req-5f6d34d5-1113-4d5e-9d4b-db5991d2da7c req-5f6d34d5-1113-4d5e-9d4b-db5991d2da7c ] Request (ImagesTestJSON:setUpClass): 200 PUT http://10.180.1.21:9696/networking/v2.0/routers/a0f52750-1ba6-44d9-88c6-0ac351f6e3b5/add_router_interface 3.726s
2024-10-03 09:23:13.673 62311 INFO tempest.lib.common.dynamic_creds [-] Created isolated network resources for: credentials: Credentials: {'domain_id': 'default', 'domain_name': 'Default', 'username': 'tempest-ImagesTestJSON-1351627684-project-member', 'project_domain_id': 'default', 'project_domain_name': 'Default', 'project_id': 'eac8e5edc8f14fff89aba7c8cb6cac5d', 'project_name': 'tempest-ImagesTestJSON-1351627684', 'tenant_id': 'eac8e5edc8f14fff89aba7c8cb6cac5d', 'tenant_name': 'tempest-ImagesTestJSON-1351627684', 'user_domain_id': 'default', 'user_domain_name': 'Default', 'user_id': '093d4b68ffd04d4d951f5be91bfc76e8', 'system': None}, Network: {'id': '5f4568f0-c3e8-497f-b7d6-8d92db2f4066', 'name': 'tempest-ImagesTestJSON-24352632-network', 'tenant_id': 'eac8e5edc8f14fff89aba7c8cb6cac5d', 'admin_state_up': True, 'mtu': 8950, 'status': 'ACTIVE', 'subnets': [], 'shared': False, 'project_id': 'eac8e5edc8f14fff89aba7c8cb6cac5d', 'port_security_enabled': True, 'router:external': False, 'provider:network_type': 'vlan', 'provider:physical_network': 'default', 'provider:segmentation_id': 220, 'is_default': False, 'availability_zone_hints': [], 'availability_zones': [], 'ipv4_address_scope': None, 'ipv6_address_scope': None, 'description': '', 'tags': [], 'created_at': '2024-10-03T09:23:07Z', 'updated_at': '2024-10-03T09:23:07Z', 'revision_number': 1}, Subnet: {'id': '0944ec43-fd67-4611-a13d-d03a4b92ec27', 'name': 'tempest-ImagesTestJSON-24352632-subnet', 'tenant_id': 'eac8e5edc8f14fff89aba7c8cb6cac5d', 'network_id': '5f4568f0-c3e8-497f-b7d6-8d92db2f4066', 'ip_version': 4, 'subnetpool_id': None, 'enable_dhcp': True, 'ipv6_ra_mode': None, 'ipv6_address_mode': None, 'gateway_ip': '192.168.128.1', 'cidr': '192.168.128.0/28', 'allocation_pools': [{'start': '192.168.128.2', 'end': '192.168.128.14'}], 'host_routes': [], 'dns_nameservers': [], 'description': '', 'router:external': False, 'service_types': [], 'tags': [], 'created_at': '2024-10-03T09:23:07Z', 'updated_at': '2024-10-03T09:23:07Z', 'revision_number': 0, 'project_id': 'eac8e5edc8f14fff89aba7c8cb6cac5d'}, Router: {'id': 'a0f52750-1ba6-44d9-88c6-0ac351f6e3b5', 'name': 'tempest-ImagesTestJSON-24352632-router', 'tenant_id': 'eac8e5edc8f14fff89aba7c8cb6cac5d', 'admin_state_up': True, 'status': 'ACTIVE', 'external_gateway_info': {'network_id': 'f5d8f6fe-4cf7-4859-8f7d-d22fa2b5887a', 'external_fixed_ips': [{'subnet_id': 'c7758276-5340-4f9c-bb21-aaaa13497e0f', 'ip_address': '10.180.180.218'}], 'enable_snat': True}, 'description': '', 'availability_zones': [], 'distributed': False, 'ha': False, 'availability_zone_hints': [], 'routes': [], 'flavor_id': None, 'tags': [], 'created_at': '2024-10-03T09:23:08Z', 'updated_at': '2024-10-03T09:23:09Z', 'revision_number': 2, 'project_id': 'eac8e5edc8f14fff89aba7c8cb6cac5d'}
2024-10-03 09:23:13.706 62319 INFO tempest.lib.common.rest_client [req-99b9322d-7f86-4d0c-84eb-4357e6eb6bb2 req-99b9322d-7f86-4d0c-84eb-4357e6eb6bb2 ] Request (ValidationResourcesFixture:setUp): 201 POST http://10.180.1.21:9696/networking/v2.0/security-group-rules 0.279s
2024-10-03 09:23:13.707 62289 INFO tempest.lib.common.rest_client [req-b8f2c3c9-d44c-4174-ae03-a99bab3f7fbb req-b8f2c3c9-d44c-4174-ae03-a99bab3f7fbb ] Request (FloatingIPDetailsNegativeTestJSON:tearDownClass): 200 PUT http://10.180.1.21:9696/networking/v2.0/routers/53b904b1-9d85-4629-9f42-9920570ed4c4/remove_router_interface 3.048s
2024-10-03 09:23:13.708 62303 INFO tempest.lib.common.rest_client [req-3fc2c108-e8ad-4ad8-a709-f7964d6120e6 req-3fc2c108-e8ad-4ad8-a709-f7964d6120e6 ] Request (VolumesAssistedSnapshotsTest:setUpClass): 204 PUT http://10.180.1.21/identity/v3/projects/83be35d528084f2ead8045e7cc38b821/users/7e5ab4f3c80b4bc399f2df5da358d4d6/roles/a8e296223bf346318a39f261fad86c36 0.282s
2024-10-03 09:23:13.712 62305 INFO tempest.lib.common.rest_client [req-9aaadf08-1c98-400f-86a2-1f74c8d6b224 req-9aaadf08-1c98-400f-86a2-1f74c8d6b224 ] Request (ServersAdminTestJSON:setUpClass): 200 GET http://10.180.1.21/identity/v3/roles 0.260s
2024-10-03 09:23:13.724 62281 INFO tempest.lib.common.rest_client [req-fdd121a5-af69-4d01-9b45-a8d5885a246f req-fdd121a5-af69-4d01-9b45-a8d5885a246f ] Request (AZAdminV2TestJSON:tearDownClass): 204 DELETE http://10.180.1.21:9696/networking/v2.0/security-groups/cc5e5fb4-b40b-4d33-8a2f-540a98637a9f 0.266s
2024-10-03 09:23:13.810 62313 INFO tempest.lib.common.rest_client [req-89423936-76f6-4f7e-a001-edc5bd98e45e req-89423936-76f6-4f7e-a001-edc5bd98e45e ] Request (HypervisorAdminV228Test:tearDownClass): 201 POST http://10.180.1.21/identity/v3/auth/tokens 0.279s
2024-10-03 09:23:13.825 62271 INFO tempest.lib.common.rest_client [req-5090759b-0dcf-4e21-895e-caf07bfd4ec7 req-5090759b-0dcf-4e21-895e-caf07bfd4ec7 ] Request (DeleteServersAdminTestJSON:setUpClass): 201 POST http://10.180.1.21/identity/v3/auth/tokens 0.207s
2024-10-03 09:23:13.835 62316 INFO tempest.lib.common.rest_client [req-00d5189f-4d1d-4675-a9ec-f1fd2ba311af req-00d5189f-4d1d-4675-a9ec-f1fd2ba311af ] Request (SecurityGroupRulesNegativeTestJSON:setUpClass): 201 POST http://10.180.1.21/identity/v3/auth/tokens 0.190s
2024-10-03 09:23:13.852 62303 INFO tempest.lib.common.rest_client [req-70058616-70c5-4dd8-b0d1-4a909e3e0117 req-70058616-70c5-4dd8-b0d1-4a909e3e0117 ] Request (VolumesAssistedSnapshotsTest:setUpClass): 200 GET http://10.180.1.21/identity/v3/roles 0.143s
2024-10-03 09:23:13.875 62305 INFO tempest.lib.common.rest_client [req-2b89fd95-6739-426e-83c6-b81a2429ad3a req-2b89fd95-6739-426e-83c6-b81a2429ad3a ] Request (ServersAdminTestJSON:setUpClass): 204 PUT http://10.180.1.21/identity/v3/projects/512370ce76de4d85ab298076c968b681/users/aa660fedcb88400c8179227f330b3354/roles/a8e296223bf346318a39f261fad86c36 0.163s
2024-10-03 09:23:13.878 62295 INFO tempest.lib.common.rest_client [req-d115c419-8a1a-46d8-af95-17560eca6f7b req-d115c419-8a1a-46d8-af95-17560eca6f7b ] Request (HypervisorAdminV253TestBase:tearDownClass): 200 GET http://10.180.1.21:9696/networking/v2.0/security-groups?tenant_id=e04b2a5095234aa6989e4983573279d1&name=default 0.504s
2024-10-03 09:23:13.890 62311 INFO tempest.lib.common.rest_client [req-c10f033d-701a-4e10-b579-58f536a1e40d req-c10f033d-701a-4e10-b579-58f536a1e40d ] Request (ImagesTestJSON:setUpClass): 201 POST http://10.180.1.21/identity/v3/auth/tokens 0.212s
2024-10-03 09:23:13.956 62281 INFO tempest.lib.common.rest_client [req-8492ab24-b745-4267-9b29-0eedf5fda428 req-8492ab24-b745-4267-9b29-0eedf5fda428 ] Request (AZAdminV2TestJSON:tearDownClass): 204 DELETE http://10.180.1.21/identity/v3/projects/39672a8b608f47cf9097ddbc62180c46 0.231s
2024-10-03 09:23:14.013 62271 INFO tempest.lib.common.rest_client [req-9ef927f5-059a-48e8-82db-79736e8a5c4d req-9ef927f5-059a-48e8-82db-79736e8a5c4d ] Request (DeleteServersAdminTestJSON:setUpClass): 201 POST http://10.180.1.21/identity/v3/auth/tokens 0.182s
2024-10-03 09:23:14.033 62316 INFO tempest.lib.common.rest_client [req-a9254cae-02d2-46b4-ae10-36ca052e63fa req-a9254cae-02d2-46b4-ae10-36ca052e63fa ] Request (SecurityGroupRulesNegativeTestJSON:setUpClass): 201 POST http://10.180.1.21/identity/v3/auth/tokens 0.196s
2024-10-03 09:23:14.067 62303 INFO tempest.lib.common.rest_client [req-bc26cc77-18da-47dc-82be-d2e2008cb543 req-bc26cc77-18da-47dc-82be-d2e2008cb543 ] Request (VolumesAssistedSnapshotsTest:setUpClass): 204 PUT http://10.180.1.21/identity/v3/projects/83be35d528084f2ead8045e7cc38b821/users/7e5ab4f3c80b4bc399f2df5da358d4d6/roles/a8e296223bf346318a39f261fad86c36 0.215s
2024-10-03 09:23:14.067 62303 INFO tempest.lib.common.dynamic_creds [-] Dynamic test user 7e5ab4f3c80b4bc399f2df5da358d4d6 is created with scope project and roles: ['admin']
2024-10-03 09:23:14.068 62303 INFO tempest.lib.common.dynamic_creds [-] Acquired dynamic creds: credentials: Credentials: {'domain_id': 'default', 'domain_name': 'Default', 'username': 'tempest-VolumesAssistedSnapshotsTest-2003527839-project-admin', 'project_domain_id': 'default', 'project_domain_name': 'Default', 'project_id': '83be35d528084f2ead8045e7cc38b821', 'project_name': 'tempest-VolumesAssistedSnapshotsTest-2003527839', 'tenant_id': '83be35d528084f2ead8045e7cc38b821', 'tenant_name': 'tempest-VolumesAssistedSnapshotsTest-2003527839', 'user_domain_id': 'default', 'user_domain_name': 'Default', 'user_id': '7e5ab4f3c80b4bc399f2df5da358d4d6', 'system': None}, Network: None, Subnet: None, Router: None
2024-10-03 09:23:14.129 62305 INFO tempest.lib.common.rest_client [req-17714e6c-387e-4fbb-a402-719a2d518a97 req-17714e6c-387e-4fbb-a402-719a2d518a97 ] Request (ServersAdminTestJSON:setUpClass): 200 GET http://10.180.1.21/identity/v3/roles 0.253s
2024-10-03 09:23:14.150 62321 INFO tempest.lib.common.rest_client [req-0ad29952-ef64-49f7-9793-5bdd8a8330c4 req-0ad29952-ef64-49f7-9793-5bdd8a8330c4 ] Request (ServerExternalEventsTest:test_create_server_external_events): 202 POST http://10.180.1.21/compute/v2.1/servers 2.626s
2024-10-03 09:23:14.153 62281 INFO tempest.lib.common.rest_client [req-39466a55-3da2-4520-9a0e-c7ba1b3a75cb req-39466a55-3da2-4520-9a0e-c7ba1b3a75cb ] Request (HostsAdminNegativeTestJSON:setUpClass): 201 POST http://10.180.1.21/identity/v3/auth/tokens 0.196s
2024-10-03 09:23:14.160 62295 INFO tempest.lib.common.rest_client [req-810c4008-5271-45a0-87b4-8b8b05af6c0c req-810c4008-5271-45a0-87b4-8b8b05af6c0c ] Request (HypervisorAdminV253TestBase:tearDownClass): 204 DELETE http://10.180.1.21:9696/networking/v2.0/security-groups/275dab3a-a1ab-4304-8ff7-9b72b768e67c 0.281s
2024-10-03 09:23:14.171 62307 INFO tempest.lib.common.rest_client [req-9fd6519e-7427-4bce-8222-109cbcf8243a req-9fd6519e-7427-4bce-8222-109cbcf8243a ] Request (FlavorsAdminTestJSON:_run_cleanups): 202 DELETE http://10.180.1.21/compute/v2.1/flavors/1505746431 2.569s
2024-10-03 09:23:14.183 62271 INFO tempest.lib.common.rest_client [req-2d336e67-c97d-4ae0-ad09-427945fa163c req-2d336e67-c97d-4ae0-ad09-427945fa163c ] Request (DeleteServersAdminTestJSON:setUpClass): 200 GET http://10.180.1.21/identity/v3/domains?name=Default 0.169s
2024-10-03 09:23:14.195 62327 INFO tempest.lib.common.rest_client [req-3cebf4a3-6a22-4e15-94e6-2a494a9cc8d0 req-3cebf4a3-6a22-4e15-94e6-2a494a9cc8d0 ] Request (FlavorsExtraSpecsTestJSON:test_flavor_non_admin_get_all_keys): 200 POST http://10.180.1.21/compute/v2.1/flavors/1868980943/os-extra_specs 2.443s
2024-10-03 09:23:14.205 62316 INFO tempest.lib.common.rest_client [req-f46a3559-1006-47d3-af57-8475da597782 req-f46a3559-1006-47d3-af57-8475da597782 ] Request (SecurityGroupRulesNegativeTestJSON:setUpClass): 200 GET http://10.180.1.21/identity/v3/domains?name=Default 0.171s
2024-10-03 09:23:14.207 62311 INFO tempest.lib.common.rest_client [req-9c2ab851-3169-473c-8c3b-838eb8aedaa7 req-9c2ab851-3169-473c-8c3b-838eb8aedaa7 ] Request (ImagesTestJSON:test_create_image_from_stopped_server): 201 POST http://10.180.1.21/identity/v3/auth/tokens 0.309s
2024-10-03 09:23:14.209 62311 INFO tempest.lib.common.fixed_network [-] (ImagesTestJSON:test_create_image_from_stopped_server) Found network {'id': '5f4568f0-c3e8-497f-b7d6-8d92db2f4066', 'name': 'tempest-ImagesTestJSON-24352632-network', 'tenant_id': 'eac8e5edc8f14fff89aba7c8cb6cac5d', 'admin_state_up': True, 'mtu': 8950, 'status': 'ACTIVE', 'subnets': [], 'shared': False, 'project_id': 'eac8e5edc8f14fff89aba7c8cb6cac5d', 'port_security_enabled': True, 'router:external': False, 'provider:network_type': 'vlan', 'provider:physical_network': 'default', 'provider:segmentation_id': 220, 'is_default': False, 'availability_zone_hints': [], 'availability_zones': [], 'ipv4_address_scope': None, 'ipv6_address_scope': None, 'description': '', 'tags': [], 'created_at': '2024-10-03T09:23:07Z', 'updated_at': '2024-10-03T09:23:07Z', 'revision_number': 1} available for tenant
2024-10-03 09:23:14.224 62305 INFO tempest.lib.common.rest_client [req-18a287d3-eeb1-4777-8c7b-09894691acd6 req-18a287d3-eeb1-4777-8c7b-09894691acd6 ] Request (ServersAdminTestJSON:setUpClass): 204 PUT http://10.180.1.21/identity/v3/projects/512370ce76de4d85ab298076c968b681/users/aa660fedcb88400c8179227f330b3354/roles/a8e296223bf346318a39f261fad86c36 0.094s
2024-10-03 09:23:14.224 62305 INFO tempest.lib.common.dynamic_creds [-] Dynamic test user aa660fedcb88400c8179227f330b3354 is created with scope project and roles: ['admin']
2024-10-03 09:23:14.224 62305 INFO tempest.lib.common.dynamic_creds [-] Acquired dynamic creds: credentials: Credentials: {'domain_id': 'default', 'domain_name': 'Default', 'username': 'tempest-ServersAdminTestJSON-980366515-project-admin', 'project_domain_id': 'default', 'project_domain_name': 'Default', 'project_id': '512370ce76de4d85ab298076c968b681', 'project_name': 'tempest-ServersAdminTestJSON-980366515', 'tenant_id': '512370ce76de4d85ab298076c968b681', 'tenant_name': 'tempest-ServersAdminTestJSON-980366515', 'user_domain_id': 'default', 'user_domain_name': 'Default', 'user_id': 'aa660fedcb88400c8179227f330b3354', 'system': None}, Network: None, Subnet: None, Router: None
2024-10-03 09:23:14.275 62281 INFO tempest.lib.common.rest_client [req-96477046-c067-480f-9564-a1c4c009ae68 req-96477046-c067-480f-9564-a1c4c009ae68 ] Request (HostsAdminNegativeTestJSON:setUpClass): 201 POST http://10.180.1.21/identity/v3/auth/tokens 0.120s
2024-10-03 09:23:14.309 62301 INFO tempest.lib.common.rest_client [req-abc3cfd8-5b88-48b6-95da-0d8d4239d4c5 req-abc3cfd8-5b88-48b6-95da-0d8d4239d4c5 ] Request (ServersV294TestFqdnHostnames:setUpClass): 202 POST http://10.180.1.21/compute/v2.1/servers 3.278s
2024-10-03 09:23:14.324 62309 INFO tempest.lib.common.rest_client [req-2a349ae9-d036-4577-a432-8c1696f00ff6 req-2a349ae9-d036-4577-a432-8c1696f00ff6 ] Request (HypervisorAdminNegativeTestJSON:test_get_hypervisor_list_with_non_admin_user): 403 GET http://10.180.1.21/compute/v2.1/os-hypervisors 2.440s
2024-10-03 09:23:14.337 62271 INFO tempest.lib.common.rest_client [req-dae49cc2-3aaa-46f9-b845-a2597d9bf418 req-dae49cc2-3aaa-46f9-b845-a2597d9bf418 ] Request (DeleteServersAdminTestJSON:setUpClass): 201 POST http://10.180.1.21/identity/v3/projects 0.154s
2024-10-03 09:23:14.384 62295 INFO tempest.lib.common.rest_client [req-fa6a402c-31fd-4e29-8d8b-ac74ff543707 req-fa6a402c-31fd-4e29-8d8b-ac74ff543707 ] Request (HypervisorAdminV253TestBase:tearDownClass): 204 DELETE http://10.180.1.21/identity/v3/projects/e04b2a5095234aa6989e4983573279d1 0.224s
2024-10-03 09:23:14.385 62295 INFO tempest.lib.common.dynamic_creds [-] Deleting project and security group for project: dfaa8fb734a74924a9c074df112f9629
2024-10-03 09:23:14.395 62313 INFO tempest.lib.common.rest_client [req-d57e5b46-2ca5-4390-8b01-2e49d3db76fd req-d57e5b46-2ca5-4390-8b01-2e49d3db76fd ] Request (HypervisorAdminV228Test:tearDownClass): 200 GET http://10.180.1.21:9696/networking/v2.0/security-groups?tenant_id=2e30e3c308fa48e1a6b03b106fdf06e1&name=default 0.584s
2024-10-03 09:23:14.503 62316 INFO tempest.lib.common.rest_client [req-a6feee41-6403-45fa-845a-c9384f167902 req-a6feee41-6403-45fa-845a-c9384f167902 ] Request (SecurityGroupRulesNegativeTestJSON:setUpClass): 201 POST http://10.180.1.21/identity/v3/projects 0.297s
2024-10-03 09:23:14.563 62281 INFO tempest.lib.common.rest_client [req-9c48c38c-fbdc-4d2b-b2ef-e422866b70b4 req-9c48c38c-fbdc-4d2b-b2ef-e422866b70b4 ] Request (HostsAdminNegativeTestJSON:setUpClass): 200 GET http://10.180.1.21/identity/v3/domains?name=Default 0.287s
2024-10-03 09:23:14.647 62303 INFO tempest.lib.common.rest_client [req-48e7c27c-6c93-46df-a196-d524d052a4fa req-48e7c27c-6c93-46df-a196-d524d052a4fa ] Request (VolumesAssistedSnapshotsTest:setUpClass): 201 POST http://10.180.1.21:9696/networking/v2.0/networks 0.578s
2024-10-03 09:23:14.652 62271 INFO tempest.lib.common.rest_client [req-82c8c6c7-c8c3-4ee3-9e8e-f96d7078597d req-82c8c6c7-c8c3-4ee3-9e8e-f96d7078597d ] Request (DeleteServersAdminTestJSON:setUpClass): 201 POST http://10.180.1.21/identity/v3/users 0.313s
2024-10-03 09:23:14.654 62319 INFO tempest.lib.common.rest_client [req-782d1150-2590-4de6-aee7-88696b78179f req-782d1150-2590-4de6-aee7-88696b78179f ] Request (ValidationResourcesFixture:setUp): 201 POST http://10.180.1.21:9696/networking/v2.0/floatingips 0.948s
2024-10-03 09:23:14.674 62295 INFO tempest.lib.common.rest_client [req-8308b2b7-e051-42c9-924b-b20fcf274899 req-8308b2b7-e051-42c9-924b-b20fcf274899 ] Request (HypervisorAdminV253TestBase:tearDownClass): 200 GET http://10.180.1.21:9696/networking/v2.0/security-groups?tenant_id=dfaa8fb734a74924a9c074df112f9629&name=default 0.287s
2024-10-03 09:23:14.679 62289 INFO tempest.lib.common.rest_client [req-4878493e-fd95-4472-8c12-ca14cf2ba2a8 req-4878493e-fd95-4472-8c12-ca14cf2ba2a8 ] Request (FloatingIPDetailsNegativeTestJSON:tearDownClass): 204 DELETE http://10.180.1.21:9696/networking/v2.0/routers/53b904b1-9d85-4629-9f42-9920570ed4c4 0.970s
2024-10-03 09:23:14.695 62316 INFO tempest.lib.common.rest_client [req-a466368c-ec2b-4dbb-b207-70f9efba4311 req-a466368c-ec2b-4dbb-b207-70f9efba4311 ] Request (SecurityGroupRulesNegativeTestJSON:setUpClass): 201 POST http://10.180.1.21/identity/v3/users 0.191s
2024-10-03 09:23:14.721 62281 INFO tempest.lib.common.rest_client [req-fb940840-d781-4d33-8727-b77c49717000 req-fb940840-d781-4d33-8727-b77c49717000 ] Request (HostsAdminNegativeTestJSON:setUpClass): 201 POST http://10.180.1.21/identity/v3/projects 0.158s
2024-10-03 09:23:14.742 62317 INFO tempest.lib.common.rest_client [req-fd67c783-16e0-43bf-93d5-534b3b28f781 req-fd67c783-16e0-43bf-93d5-534b3b28f781 ] Request (FlavorsV261TestJSON:test_crud_flavor): 200 GET http://10.180.1.21/compute/v2.1/flavors/234872394 2.837s
2024-10-03 09:23:14.795 62271 INFO tempest.lib.common.rest_client [req-14a74f8d-0dc6-4794-bf24-5b0b61b9805e req-14a74f8d-0dc6-4794-bf24-5b0b61b9805e ] Request (DeleteServersAdminTestJSON:setUpClass): 200 GET http://10.180.1.21/identity/v3/roles 0.140s
2024-10-03 09:23:14.813 62316 INFO tempest.lib.common.rest_client [req-20470b38-7fd7-4439-b782-f44c0d14cf7a req-20470b38-7fd7-4439-b782-f44c0d14cf7a ] Request (SecurityGroupRulesNegativeTestJSON:setUpClass): 200 GET http://10.180.1.21/identity/v3/roles 0.118s
2024-10-03 09:23:14.819 62319 INFO tempest.lib.common.rest_client [req-dd52785e-7a69-4f8b-b75d-3b9ff0855931 req-dd52785e-7a69-4f8b-b75d-3b9ff0855931 ] Request (AttachInterfacesTestJSON:test_create_list_show_delete_interfaces_by_fixed_ip): 201 POST http://10.180.1.21/identity/v3/auth/tokens 0.162s
2024-10-03 09:23:14.820 62319 INFO tempest.lib.common.fixed_network [-] (AttachInterfacesTestJSON:test_create_list_show_delete_interfaces_by_fixed_ip) Found network {'id': '48dc51c7-cfa4-452e-9d72-2968d9a40dfa', 'name': 'tempest-AttachInterfacesTestJSON-274800531-network', 'tenant_id': '925dff51764c4b56ae7ea05fbde2ecdd', 'admin_state_up': True, 'mtu': 8950, 'status': 'ACTIVE', 'subnets': [], 'shared': False, 'project_id': '925dff51764c4b56ae7ea05fbde2ecdd', 'port_security_enabled': True, 'router:external': False, 'provider:network_type': 'vlan', 'provider:physical_network': 'default', 'provider:segmentation_id': 15, 'is_default': False, 'availability_zone_hints': [], 'availability_zones': [], 'ipv4_address_scope': None, 'ipv6_address_scope': None, 'description': '', 'tags': [], 'created_at': '2024-10-03T09:23:07Z', 'updated_at': '2024-10-03T09:23:07Z', 'revision_number': 1} available for tenant
2024-10-03 09:23:14.844 62281 INFO tempest.lib.common.rest_client [req-fc3f6d81-cb03-4ff0-b560-4e64ce937c2f req-fc3f6d81-cb03-4ff0-b560-4e64ce937c2f ] Request (HostsAdminNegativeTestJSON:setUpClass): 201 POST http://10.180.1.21/identity/v3/users 0.121s
2024-10-03 09:23:14.867 62271 INFO tempest.lib.common.rest_client [req-a52d2d4e-eab4-42c2-95ad-0494d28cfd59 req-a52d2d4e-eab4-42c2-95ad-0494d28cfd59 ] Request (DeleteServersAdminTestJSON:setUpClass): 204 PUT http://10.180.1.21/identity/v3/projects/6915fe8f9a5a407b92aa3f69ce007be1/users/5594d22d582140578bccd3581fd610b6/roles/3b3635e27c3c4ec8b08c40624c6e6c15 0.071s
2024-10-03 09:23:14.867 62271 INFO tempest.lib.common.dynamic_creds [-] Dynamic test user 5594d22d582140578bccd3581fd610b6 is created with scope project and roles: ['member']
2024-10-03 09:23:14.867 62271 INFO tempest.lib.common.dynamic_creds [-] Acquired dynamic creds: credentials: Credentials: {'domain_id': 'default', 'domain_name': 'Default', 'username': 'tempest-DeleteServersAdminTestJSON-428050376-project-member', 'project_domain_id': 'default', 'project_domain_name': 'Default', 'project_id': '6915fe8f9a5a407b92aa3f69ce007be1', 'project_name': 'tempest-DeleteServersAdminTestJSON-428050376', 'tenant_id': '6915fe8f9a5a407b92aa3f69ce007be1', 'tenant_name': 'tempest-DeleteServersAdminTestJSON-428050376', 'user_domain_id': 'default', 'user_domain_name': 'Default', 'user_id': '5594d22d582140578bccd3581fd610b6', 'system': None}, Network: None, Subnet: None, Router: None
2024-10-03 09:23:14.867 62271 INFO tempest.lib.common.dynamic_creds [-] Created isolated network resources for: credentials: Credentials: {'domain_id': 'default', 'domain_name': 'Default', 'username': 'tempest-DeleteServersAdminTestJSON-428050376-project-member', 'project_domain_id': 'default', 'project_domain_name': 'Default', 'project_id': '6915fe8f9a5a407b92aa3f69ce007be1', 'project_name': 'tempest-DeleteServersAdminTestJSON-428050376', 'tenant_id': '6915fe8f9a5a407b92aa3f69ce007be1', 'tenant_name': 'tempest-DeleteServersAdminTestJSON-428050376', 'user_domain_id': 'default', 'user_domain_name': 'Default', 'user_id': '5594d22d582140578bccd3581fd610b6', 'system': None}, Network: None, Subnet: None, Router: None
2024-10-03 09:23:14.899 62316 INFO tempest.lib.common.rest_client [req-479da46a-3354-4e67-957b-03c77dac6f5b req-479da46a-3354-4e67-957b-03c77dac6f5b ] Request (SecurityGroupRulesNegativeTestJSON:setUpClass): 204 PUT http://10.180.1.21/identity/v3/projects/c0b865a13ec74c5ca9cf18cd996e6a50/users/db30cab6da344db8946bcb3ebbf57785/roles/3b3635e27c3c4ec8b08c40624c6e6c15 0.085s
2024-10-03 09:23:14.899 62316 INFO tempest.lib.common.dynamic_creds [-] Dynamic test user db30cab6da344db8946bcb3ebbf57785 is created with scope project and roles: ['member']
2024-10-03 09:23:14.899 62316 INFO tempest.lib.common.dynamic_creds [-] Acquired dynamic creds: credentials: Credentials: {'domain_id': 'default', 'domain_name': 'Default', 'username': 'tempest-SecurityGroupRulesNegativeTestJSON-770267966-project-member', 'project_domain_id': 'default', 'project_domain_name': 'Default', 'project_id': 'c0b865a13ec74c5ca9cf18cd996e6a50', 'project_name': 'tempest-SecurityGroupRulesNegativeTestJSON-770267966', 'tenant_id': 'c0b865a13ec74c5ca9cf18cd996e6a50', 'tenant_name': 'tempest-SecurityGroupRulesNegativeTestJSON-770267966', 'user_domain_id': 'default', 'user_domain_name': 'Default', 'user_id': 'db30cab6da344db8946bcb3ebbf57785', 'system': None}, Network: None, Subnet: None, Router: None
2024-10-03 09:23:14.978 62281 INFO tempest.lib.common.rest_client [req-e4a28f2b-7f6d-4a0f-9c18-f17d1c062267 req-e4a28f2b-7f6d-4a0f-9c18-f17d1c062267 ] Request (HostsAdminNegativeTestJSON:setUpClass): 200 GET http://10.180.1.21/identity/v3/roles 0.133s
2024-10-03 09:23:14.983 62289 INFO tempest.lib.common.rest_client [req-f97ea24c-6e40-407f-8c66-412f212bd6f8 req-f97ea24c-6e40-407f-8c66-412f212bd6f8 ] Request (FloatingIPDetailsNegativeTestJSON:tearDownClass): 204 DELETE http://10.180.1.21:9696/networking/v2.0/subnets/abb2e36c-db3d-4693-97fc-c47bd80ce374 0.304s
2024-10-03 09:23:14.992 62313 INFO tempest.lib.common.rest_client [req-7db635c4-e46b-422f-b221-95dd4249f6b8 req-7db635c4-e46b-422f-b221-95dd4249f6b8 ] Request (HypervisorAdminV228Test:tearDownClass): 204 DELETE http://10.180.1.21:9696/networking/v2.0/security-groups/ec2bd037-4f19-4359-8ebc-f795a892078f 0.597s
2024-10-03 09:23:15.030 62305 INFO tempest.lib.common.rest_client [req-d5413cda-cc81-4c23-b833-51b7aa459632 req-d5413cda-cc81-4c23-b833-51b7aa459632 ] Request (ServersAdminTestJSON:setUpClass): 201 POST http://10.180.1.21:9696/networking/v2.0/networks 0.806s
2024-10-03 09:23:15.111 62316 INFO tempest.lib.common.rest_client [req-9e613a1d-fc80-4d9c-9289-20509e31d94b req-9e613a1d-fc80-4d9c-9289-20509e31d94b ] Request (SecurityGroupRulesNegativeTestJSON:setUpClass): 201 POST http://10.180.1.21/identity/v3/auth/tokens 0.212s
2024-10-03 09:23:15.113 62271 INFO tempest.lib.common.rest_client [req-d73f37c3-e5d2-4fea-8acb-cefae3ce68de req-d73f37c3-e5d2-4fea-8acb-cefae3ce68de ] Request (DeleteServersAdminTestJSON:setUpClass): 201 POST http://10.180.1.21/identity/v3/auth/tokens 0.240s
2024-10-03 09:23:15.201 62326 INFO tempest.lib.common.rest_client [req-19a8732b-b591-4262-b6a8-a7b4c6ecd359 req-19a8732b-b591-4262-b6a8-a7b4c6ecd359 ] Request (FlavorsAccessTestJSON:test_flavor_access_add_remove): 200 POST http://10.180.1.21/compute/v2.1/flavors/403677835/action 3.247s
2024-10-03 09:23:15.205 62283 INFO tempest.lib.common.rest_client [req-cb6fd1fb-d5f4-4d43-abd6-fc98c9bb8564 req-cb6fd1fb-d5f4-4d43-abd6-fc98c9bb8564 ] Request (MigrationsAdminTest:test_list_migrations_in_flavor_resize_situation): 202 POST http://10.180.1.21/compute/v2.1/servers 3.341s
2024-10-03 09:23:15.221 62281 INFO tempest.lib.common.rest_client [req-842243c7-e8ef-495b-965f-64db535a1364 req-842243c7-e8ef-495b-965f-64db535a1364 ] Request (HostsAdminNegativeTestJSON:setUpClass): 204 PUT http://10.180.1.21/identity/v3/projects/c5df3698760841619f51727699652a77/users/ed171ea602f644f18a696de3a7309e20/roles/3b3635e27c3c4ec8b08c40624c6e6c15 0.242s
2024-10-03 09:23:15.225 62281 INFO tempest.lib.common.dynamic_creds [-] Dynamic test user ed171ea602f644f18a696de3a7309e20 is created with scope project and roles: ['member']
2024-10-03 09:23:15.225 62281 INFO tempest.lib.common.dynamic_creds [-] Acquired dynamic creds: credentials: Credentials: {'domain_id': 'default', 'domain_name': 'Default', 'username': 'tempest-HostsAdminNegativeTestJSON-392539241-project-member', 'project_domain_id': 'default', 'project_domain_name': 'Default', 'project_id': 'c5df3698760841619f51727699652a77', 'project_name': 'tempest-HostsAdminNegativeTestJSON-392539241', 'tenant_id': 'c5df3698760841619f51727699652a77', 'tenant_name': 'tempest-HostsAdminNegativeTestJSON-392539241', 'user_domain_id': 'default', 'user_domain_name': 'Default', 'user_id': 'ed171ea602f644f18a696de3a7309e20', 'system': None}, Network: None, Subnet: None, Router: None
2024-10-03 09:23:15.226 62281 INFO tempest.lib.common.dynamic_creds [-] Created isolated network resources for: credentials: Credentials: {'domain_id': 'default', 'domain_name': 'Default', 'username': 'tempest-HostsAdminNegativeTestJSON-392539241-project-member', 'project_domain_id': 'default', 'project_domain_name': 'Default', 'project_id': 'c5df3698760841619f51727699652a77', 'project_name': 'tempest-HostsAdminNegativeTestJSON-392539241', 'tenant_id': 'c5df3698760841619f51727699652a77', 'tenant_name': 'tempest-HostsAdminNegativeTestJSON-392539241', 'user_domain_id': 'default', 'user_domain_name': 'Default', 'user_id': 'ed171ea602f644f18a696de3a7309e20', 'system': None}, Network: None, Subnet: None, Router: None
2024-10-03 09:23:15.224 62329 INFO tempest.lib.common.rest_client [req-3fbc6e66-6214-4dae-a70b-9967dc4e394a req-3fbc6e66-6214-4dae-a70b-9967dc4e394a ] Request (InstanceUsageAuditLogTestJSON:test_list_instance_usage_audit_logs): 200 GET http://10.180.1.21/compute/v2.1/os-instance_usage_audit_log 3.165s
2024-10-03 09:23:15.265 62269 INFO tempest.lib.common.rest_client [req-26da0241-5ea8-4ff8-9d6d-d34e0ae81b9b req-26da0241-5ea8-4ff8-9d6d-d34e0ae81b9b ] Request (HypervisorAdminUnderV252Test:test_search_hypervisor): 200 GET http://10.180.1.21/compute/v2.1/os-hypervisors 2.870s
2024-10-03 09:23:15.294 62285 INFO tempest.lib.common.rest_client [req-df969118-7d06-48c1-90b8-9e62ee4c0b63 req-df969118-7d06-48c1-90b8-9e62ee4c0b63 ] Request (FlavorsV255TestJSON:test_crud_flavor): 200 GET http://10.180.1.21/compute/v2.1/flavors 2.882s
2024-10-03 09:23:15.309 62295 INFO tempest.lib.common.rest_client [req-5dd2731b-83c2-4f98-810d-6463cdd84b06 req-5dd2731b-83c2-4f98-810d-6463cdd84b06 ] Request (HypervisorAdminV253TestBase:tearDownClass): 204 DELETE http://10.180.1.21:9696/networking/v2.0/security-groups/da5e0949-1ce4-43ca-b996-795f4c04f8a2 0.635s
2024-10-03 09:23:15.309 62303 INFO tempest.lib.common.rest_client [req-03f55ef6-57ce-4d31-b098-4386c881f9f5 req-03f55ef6-57ce-4d31-b098-4386c881f9f5 ] Request (VolumesAssistedSnapshotsTest:setUpClass): 201 POST http://10.180.1.21:9696/networking/v2.0/subnets 0.661s
2024-10-03 09:23:15.317 62313 INFO tempest.lib.common.rest_client [req-22dd63cf-da31-41cd-a767-f283933003d4 req-22dd63cf-da31-41cd-a767-f283933003d4 ] Request (HypervisorAdminV228Test:tearDownClass): 204 DELETE http://10.180.1.21/identity/v3/projects/2e30e3c308fa48e1a6b03b106fdf06e1 0.324s
2024-10-03 09:23:15.317 62313 INFO tempest.lib.common.dynamic_creds [-] Deleting project and security group for project: 1cfc0820306b4429a5673d6d02b9334b
2024-10-03 09:23:15.329 62299 INFO tempest.lib.common.rest_client [req-75a30e9d-13be-4cae-88ce-24770f6421cc req-75a30e9d-13be-4cae-88ce-24770f6421cc ] Request (FlavorMetadataValidation:_run_cleanups): 202 DELETE http://10.180.1.21/compute/v2.1/flavors/628391904 2.820s
2024-10-03 09:23:15.342 62271 INFO tempest.lib.common.rest_client [req-6688d9ba-7b6b-462f-93ae-23dbd8362122 req-6688d9ba-7b6b-462f-93ae-23dbd8362122 ] Request (DeleteServersAdminTestJSON:setUpClass): 201 POST http://10.180.1.21/identity/v3/projects 0.227s
2024-10-03 09:23:15.523 62313 INFO tempest.lib.common.rest_client [req-606a97f6-726b-49be-bbdf-a505f1a0432e req-606a97f6-726b-49be-bbdf-a505f1a0432e ] Request (HypervisorAdminV228Test:tearDownClass): 200 GET http://10.180.1.21:9696/networking/v2.0/security-groups?tenant_id=1cfc0820306b4429a5673d6d02b9334b&name=default 0.206s
2024-10-03 09:23:15.528 62329 INFO tempest.lib.common.rest_client [req-107476b0-9b0d-436e-a90a-15b8063fd338 req-107476b0-9b0d-436e-a90a-15b8063fd338 ] Request (InstanceUsageAuditLogTestJSON:tearDownClass): 204 DELETE http://10.180.1.21/identity/v3/users/24e0a7b15eab496cb6f3f5f08450cb27 0.292s
2024-10-03 09:23:15.544 62267 INFO tempest.lib.common.rest_client [req-cab02df0-31b4-4d23-b655-5e7f5a34af85 req-cab02df0-31b4-4d23-b655-5e7f5a34af85 ] Request (ServersWithSpecificFlavorTestJSON:setUpClass): 200 PUT http://10.180.1.21:9696/networking/v2.0/routers/e257ab2a-d2a1-4f70-8372-96b5593838ee/add_router_interface 2.366s
2024-10-03 09:23:15.544 62267 INFO tempest.lib.common.dynamic_creds [-] Created isolated network resources for: credentials: Credentials: {'domain_id': 'default', 'domain_name': 'Default', 'username': 'tempest-ServersWithSpecificFlavorTestJSON-369594046-project-admin', 'project_domain_id': 'default', 'project_domain_name': 'Default', 'project_id': '4af523e164a44d659de0be6a1f39d09a', 'project_name': 'tempest-ServersWithSpecificFlavorTestJSON-369594046', 'tenant_id': '4af523e164a44d659de0be6a1f39d09a', 'tenant_name': 'tempest-ServersWithSpecificFlavorTestJSON-369594046', 'user_domain_id': 'default', 'user_domain_name': 'Default', 'user_id': 'ab9161823197447ba5d4d0a20a4bacbd', 'system': None}, Network: {'id': 'f63b04c3-e6f6-4ba7-8f7f-e452cb580d6b', 'name': 'tempest-ServersWithSpecificFlavorTestJSON-698722158-network', 'tenant_id': '4af523e164a44d659de0be6a1f39d09a', 'admin_state_up': True, 'mtu': 8950, 'status': 'ACTIVE', 'subnets': [], 'shared': False, 'project_id': '4af523e164a44d659de0be6a1f39d09a', 'port_security_enabled': True, 'router:external': False, 'provider:network_type': 'vlan', 'provider:physical_network': 'default', 'provider:segmentation_id': 996, 'is_default': False, 'availability_zone_hints': [], 'availability_zones': [], 'ipv4_address_scope': None, 'ipv6_address_scope': None, 'description': '', 'tags': [], 'created_at': '2024-10-03T09:23:11Z', 'updated_at': '2024-10-03T09:23:11Z', 'revision_number': 1}, Subnet: {'id': 'f98e6431-8f21-48fa-bbbb-b719ab34bb51', 'name': 'tempest-ServersWithSpecificFlavorTestJSON-698722158-subnet', 'tenant_id': '4af523e164a44d659de0be6a1f39d09a', 'network_id': 'f63b04c3-e6f6-4ba7-8f7f-e452cb580d6b', 'ip_version': 4, 'subnetpool_id': None, 'enable_dhcp': True, 'ipv6_ra_mode': None, 'ipv6_address_mode': None, 'gateway_ip': '192.168.128.1', 'cidr': '192.168.128.0/28', 'allocation_pools': [{'start': '192.168.128.2', 'end': '192.168.128.14'}], 'host_routes': [], 'dns_nameservers': [], 'description': '', 'router:external': False, 'service_types': [], 'tags': [], 'created_at': '2024-10-03T09:23:11Z', 'updated_at': '2024-10-03T09:23:11Z', 'revision_number': 0, 'project_id': '4af523e164a44d659de0be6a1f39d09a'}, Router: {'id': 'e257ab2a-d2a1-4f70-8372-96b5593838ee', 'name': 'tempest-ServersWithSpecificFlavorTestJSON-698722158-router', 'tenant_id': '4af523e164a44d659de0be6a1f39d09a', 'admin_state_up': True, 'status': 'ACTIVE', 'external_gateway_info': {'network_id': 'f5d8f6fe-4cf7-4859-8f7d-d22fa2b5887a', 'external_fixed_ips': [{'subnet_id': 'c7758276-5340-4f9c-bb21-aaaa13497e0f', 'ip_address': '10.180.180.252'}], 'enable_snat': True}, 'description': '', 'availability_zones': [], 'distributed': False, 'ha': False, 'availability_zone_hints': [], 'routes': [], 'flavor_id': None, 'tags': [], 'created_at': '2024-10-03T09:23:11Z', 'updated_at': '2024-10-03T09:23:12Z', 'revision_number': 2, 'project_id': '4af523e164a44d659de0be6a1f39d09a'}
2024-10-03 09:23:15.579 62281 INFO tempest.lib.common.rest_client [req-64a89232-7886-48fa-b08d-f015eaf0b3b7 req-64a89232-7886-48fa-b08d-f015eaf0b3b7 ] Request (HostsAdminNegativeTestJSON:setUpClass): 201 POST http://10.180.1.21/identity/v3/auth/tokens 0.345s
2024-10-03 09:23:15.603 62271 INFO tempest.lib.common.rest_client [req-bc5406e2-3a71-4d0f-836e-8ea300b91c46 req-bc5406e2-3a71-4d0f-836e-8ea300b91c46 ] Request (DeleteServersAdminTestJSON:setUpClass): 201 POST http://10.180.1.21/identity/v3/users 0.260s
2024-10-03 09:23:15.617 62295 INFO tempest.lib.common.rest_client [req-331dd3d4-a4ed-4c42-afa1-f0bf1fcbd2c0 req-331dd3d4-a4ed-4c42-afa1-f0bf1fcbd2c0 ] Request (HypervisorAdminV253TestBase:tearDownClass): 204 DELETE http://10.180.1.21/identity/v3/projects/dfaa8fb734a74924a9c074df112f9629 0.308s
2024-10-03 09:23:15.697 62289 INFO tempest.lib.common.rest_client [req-586f78eb-2b28-45ad-be78-feb9ebdfd95c req-586f78eb-2b28-45ad-be78-feb9ebdfd95c ] Request (FloatingIPDetailsNegativeTestJSON:tearDownClass): 204 DELETE http://10.180.1.21:9696/networking/v2.0/networks/f9c1df23-6134-4df9-80df-e204cb054626 0.713s
2024-10-03 09:23:15.702 62313 INFO tempest.lib.common.rest_client [req-d086da77-76c8-4fbb-a5f6-1c428a086123 req-d086da77-76c8-4fbb-a5f6-1c428a086123 ] Request (HypervisorAdminV228Test:tearDownClass): 204 DELETE http://10.180.1.21:9696/networking/v2.0/security-groups/4ad6511b-b3ee-4455-975b-de4554b4051b 0.178s
2024-10-03 09:23:15.790 62329 INFO tempest.lib.common.rest_client [req-e336ae08-2280-4c8c-8474-c178d02bbb6b req-e336ae08-2280-4c8c-8474-c178d02bbb6b ] Request (InstanceUsageAuditLogTestJSON:tearDownClass): 204 DELETE http://10.180.1.21/identity/v3/users/8a8add9e3254479987abf4f3dd61386a 0.261s
2024-10-03 09:23:15.790 62329 INFO tempest.lib.common.dynamic_creds [-] Deleting project and security group for project: 36d07452bb1b454499de59310034cc82
2024-10-03 09:23:15.817 62277 INFO tempest.lib.common.rest_client [req-48f26d62-cfe8-4b3c-acbf-e5b280ef94ba req-48f26d62-cfe8-4b3c-acbf-e5b280ef94ba ] Request (QuotasAdminTestJSON:test_delete_quota): 200 PUT http://10.180.1.21/compute/v2.1/os-quota-sets/ec5c2883b05046b4ab96ac24dba3d969 3.529s
2024-10-03 09:23:15.838 62267 INFO tempest.lib.common.rest_client [req-7ccac3f7-e971-4420-a51f-b9fef83716f8 req-7ccac3f7-e971-4420-a51f-b9fef83716f8 ] Request (ServersWithSpecificFlavorTestJSON:setUpClass): 201 POST http://10.180.1.21/identity/v3/auth/tokens 0.291s
2024-10-03 09:23:15.851 62316 INFO tempest.lib.common.rest_client [req-7cd869a3-6111-4234-98f6-4542c4b66263 req-7cd869a3-6111-4234-98f6-4542c4b66263 ] Request (SecurityGroupRulesNegativeTestJSON:setUpClass): 201 POST http://10.180.1.21:9696/networking/v2.0/networks 0.739s
2024-10-03 09:23:15.856 62281 INFO tempest.lib.common.rest_client [req-d2e43621-3717-4f74-ba67-f5467e8483c6 req-d2e43621-3717-4f74-ba67-f5467e8483c6 ] Request (HostsAdminNegativeTestJSON:setUpClass): 201 POST http://10.180.1.21/identity/v3/projects 0.276s
2024-10-03 09:23:15.940 62295 INFO tempest.lib.common.rest_client [req-5b91202a-f812-4136-a6ae-41cfdc605dd6 req-5b91202a-f812-4136-a6ae-41cfdc605dd6 ] Request (FlavorsV2NegativeTest:setUpClass): 201 POST http://10.180.1.21/identity/v3/auth/tokens 0.319s
2024-10-03 09:23:15.948 62305 INFO tempest.lib.common.rest_client [req-8edfb250-0c79-4444-bcb1-e67b68db8946 req-8edfb250-0c79-4444-bcb1-e67b68db8946 ] Request (ServersAdminTestJSON:setUpClass): 201 POST http://10.180.1.21:9696/networking/v2.0/subnets 0.915s
2024-10-03 09:23:15.952 62279 INFO tempest.lib.common.rest_client [req-32a2e5d6-6afe-425d-895e-c7eaed0aa58c req-32a2e5d6-6afe-425d-895e-c7eaed0aa58c ] Request (ServerDiagnosticsV248Test:test_get_server_diagnostics): 200 GET http://10.180.1.21/compute/v2.1/servers/283e7488-1240-475f-a74d-809251950774 3.307s
2024-10-03 09:23:15.955 62271 INFO tempest.lib.common.rest_client [req-63717d18-3e8d-4791-a533-e3364de79071 req-63717d18-3e8d-4791-a533-e3364de79071 ] Request (DeleteServersAdminTestJSON:setUpClass): 200 GET http://10.180.1.21/identity/v3/roles 0.352s
2024-10-03 09:23:15.963 62279 INFO tempest.common.waiters [-] State transition "BUILD/None" ==> "BUILD/spawning" after 6 second wait
2024-10-03 09:23:16.030 62289 INFO tempest.lib.common.rest_client [req-0fa410af-3bfa-4736-b943-d2d2ebc7ef67 req-0fa410af-3bfa-4736-b943-d2d2ebc7ef67 ] Request (FloatingIPDetailsNegativeTestJSON:tearDownClass): 204 DELETE http://10.180.1.21/identity/v3/users/25a53361c9d54eb495b965a8e5389c14 0.333s
2024-10-03 09:23:16.030 62289 INFO tempest.lib.common.dynamic_creds [-] Deleting project and security group for project: ac5e5cf000244a9aa677bb66bb7ebcaf
2024-10-03 09:23:16.078 62287 INFO tempest.lib.common.rest_client [req-1890a240-97ff-439d-932c-0521a56d42c2 req-1890a240-97ff-439d-932c-0521a56d42c2 ] Request (ServersAdminNegativeTestJSON:setUpClass): 200 GET http://10.180.1.21/compute/v2.1/servers/9688a493-7046-49e1-b5ab-0db9cfbf37aa 3.376s
2024-10-03 09:23:16.094 62289 INFO tempest.lib.common.rest_client [req-5a6b5d88-0bcc-48a0-9cd8-6825be65fe44 req-5a6b5d88-0bcc-48a0-9cd8-6825be65fe44 ] Request (FloatingIPDetailsNegativeTestJSON:tearDownClass): 200 GET http://10.180.1.21:9696/networking/v2.0/security-groups?tenant_id=ac5e5cf000244a9aa677bb66bb7ebcaf&name=default 0.063s
2024-10-03 09:23:16.099 62329 INFO tempest.lib.common.rest_client [req-c0047a31-d4b7-4cdf-847b-1e8ed1f159c0 req-c0047a31-d4b7-4cdf-847b-1e8ed1f159c0 ] Request (InstanceUsageAuditLogTestJSON:tearDownClass): 201 POST http://10.180.1.21/identity/v3/auth/tokens 0.309s
2024-10-03 09:23:16.125 62316 INFO tempest.lib.common.rest_client [req-eabbe89d-5ba3-4c02-ae93-6340e30f0b27 req-eabbe89d-5ba3-4c02-ae93-6340e30f0b27 ] Request (SecurityGroupRulesNegativeTestJSON:setUpClass): 201 POST http://10.180.1.21:9696/networking/v2.0/subnets 0.274s
2024-10-03 09:23:16.138 62313 INFO tempest.lib.common.rest_client [req-bb78f840-daa3-4cca-92a4-73253aed6bb7 req-bb78f840-daa3-4cca-92a4-73253aed6bb7 ] Request (HypervisorAdminV228Test:tearDownClass): 204 DELETE http://10.180.1.21/identity/v3/projects/1cfc0820306b4429a5673d6d02b9334b 0.435s
2024-10-03 09:23:16.163 62281 INFO tempest.lib.common.rest_client [req-3cee217f-132d-4702-8719-9d36b0f1c5e5 req-3cee217f-132d-4702-8719-9d36b0f1c5e5 ] Request (HostsAdminNegativeTestJSON:setUpClass): 201 POST http://10.180.1.21/identity/v3/users 0.307s
2024-10-03 09:23:16.217 62295 INFO tempest.lib.common.rest_client [req-8c8d7452-300f-4435-b5a9-18b2f8848233 req-8c8d7452-300f-4435-b5a9-18b2f8848233 ] Request (FlavorsV2NegativeTest:setUpClass): 201 POST http://10.180.1.21/identity/v3/auth/tokens 0.272s
2024-10-03 09:23:16.258 62271 INFO tempest.lib.common.rest_client [req-074aeb39-7e0a-4e80-969e-03b47135ef24 req-074aeb39-7e0a-4e80-969e-03b47135ef24 ] Request (DeleteServersAdminTestJSON:setUpClass): 204 PUT http://10.180.1.21/identity/v3/projects/f5a4abc9d61e4caaa78b4f00675e0fc1/users/e1cc13dd20da40c6a7e6f2dc64e49bb8/roles/a8e296223bf346318a39f261fad86c36 0.302s
2024-10-03 09:23:16.322 62294 INFO tempest.lib.common.rest_client [req-50faabe2-cc76-4263-ac9a-4d5cb3eb759d req-50faabe2-cc76-4263-ac9a-4d5cb3eb759d ] Request (AggregatesAdminNegativeTestJSON:test_aggregate_add_existent_host): 200 POST http://10.180.1.21/compute/v2.1/os-aggregates/1/action 3.767s
2024-10-03 09:23:16.333 62313 INFO tempest.lib.common.rest_client [req-15136ceb-a391-4684-b613-a7d8902775db req-15136ceb-a391-4684-b613-a7d8902775db ] Request (ImagesNegativeTestJSON:setUpClass): 201 POST http://10.180.1.21/identity/v3/auth/tokens 0.192s
2024-10-03 09:23:16.351 62273 INFO tempest.lib.common.rest_client [req-9a2aa86e-8434-415e-9574-079f3c54a9ac req-9a2aa86e-8434-415e-9574-079f3c54a9ac ] Request (HostsAdminTestJSON:test_list_hosts_with_nonexistent_zone): 200 GET http://10.180.1.21/compute/v2.1/os-hosts?zone=xxx 3.280s
2024-10-03 09:23:16.380 62281 INFO tempest.lib.common.rest_client [req-16c542a4-b5a9-42c8-b6ad-a023de531666 req-16c542a4-b5a9-42c8-b6ad-a023de531666 ] Request (HostsAdminNegativeTestJSON:setUpClass): 200 GET http://10.180.1.21/identity/v3/roles 0.216s
