2024-10-03 09:23:20.237 62277 INFO tempest.lib.common.rest_client [req-30344657-d6ef-433e-8423-55f35346ba55 req-30344657-d6ef-433e-8423-55f35346ba55 ] Request (QuotasAdminTestJSON:_run_cleanups): 204 DELETE http://10.180.1.21/identity/v3/projects/ec5c2883b05046b4ab96ac24dba3d969 0.333s
2024-10-03 09:23:20.301 62285 INFO tempest.lib.common.rest_client [req-4f26068b-3a6d-4dd3-8f2f-59d23d15e016 req-4f26068b-3a6d-4dd3-8f2f-59d23d15e016 ] Request (FlavorsV255TestJSON:tearDownClass): 201 POST http://10.180.1.21/identity/v3/auth/tokens 0.295s
2024-10-03 09:23:20.305 62295 INFO tempest.lib.common.rest_client [req-c6e40fe6-1273-45ec-ac2c-fe59ab7f4333 req-c6e40fe6-1273-45ec-ac2c-fe59ab7f4333 ] Request (FlavorsV2NegativeTest:test_boot_with_low_ram): 201 POST http://10.180.1.21/image/v2/images 1.036s
2024-10-03 09:23:20.329 62291 INFO tempest.lib.common.rest_client [req-e7d9c7e1-16d2-416e-9c67-c6353057cd58 req-e7d9c7e1-16d2-416e-9c67-c6353057cd58 ] Request (InstanceActionsNegativeTestJSON:setUpClass): 200 GET http://10.180.1.21/identity/v3/domains?name=Default 0.227s
2024-10-03 09:23:20.371 62316 INFO tempest.lib.common.rest_client [req-84e4f985-4887-42ef-b7ed-3725cb7c1477 req-84e4f985-4887-42ef-b7ed-3725cb7c1477 ] Request (SecurityGroupRulesNegativeTestJSON:setUpClass): 201 POST http://10.180.1.21/identity/v3/auth/tokens 0.142s
2024-10-03 09:23:20.449 62323 INFO tempest.lib.common.rest_client [req-8e252aaf-5d9e-46aa-834e-17b4dac8af6b req-8e252aaf-5d9e-46aa-834e-17b4dac8af6b ] Request (FlavorsAccessNegativeTestJSON:_run_cleanups): 200 POST http://10.180.1.21/compute/v2.1/flavors/20689366/action 2.094s
2024-10-03 09:23:20.450 62269 INFO tempest.lib.common.rest_client [req-69255042-d9b0-4fcc-afea-6038ba95ba74 req-69255042-d9b0-4fcc-afea-6038ba95ba74 ] Request (HypervisorAdminUnderV252Test:tearDownClass): 200 GET http://10.180.1.21:9696/networking/v2.0/security-groups?tenant_id=cab1836272e941419b7f4e6b33c286e7&name=default 0.425s
2024-10-03 09:23:20.455 62291 INFO tempest.lib.common.rest_client [req-92ebb616-56a4-40b1-b403-851d37e98ce0 req-92ebb616-56a4-40b1-b403-851d37e98ce0 ] Request (InstanceActionsNegativeTestJSON:setUpClass): 201 POST http://10.180.1.21/identity/v3/projects 0.126s
2024-10-03 09:23:20.481 62307 INFO tempest.lib.common.rest_client [req-e04b0447-3bdf-43ee-88b0-ec0ff34ccb54 req-e04b0447-3bdf-43ee-88b0-ec0ff34ccb54 ] Request (FlavorsAdminTestJSON:test_create_flavor_verify_entry_in_list_details): 200 GET http://10.180.1.21/compute/v2.1/flavors/detail 2.108s
2024-10-03 09:23:20.490 62327 INFO tempest.lib.common.rest_client [req-e36852f6-242f-41e7-b713-fac7c6015ce9 req-e36852f6-242f-41e7-b713-fac7c6015ce9 ] Request (FlavorsExtraSpecsTestJSON:test_flavor_non_admin_get_specific_key): 200 GET http://10.180.1.21/compute/v2.1/flavors/1868980943/os-extra_specs/hw:numa_nodes 2.004s
2024-10-03 09:23:20.570 62299 INFO tempest.lib.common.rest_client [req-40982fff-5422-4131-b0f8-74cca3c4dd98 req-40982fff-5422-4131-b0f8-74cca3c4dd98 ] Request (FlavorMetadataValidation:tearDownClass): 200 GET http://10.180.1.21:9696/networking/v2.0/security-groups?tenant_id=14777e6fa8994fdb84d1d4b19902b2b5&name=default 0.444s
2024-10-03 09:23:20.598 62319 INFO tempest.lib.common.rest_client [req-a3baae59-d76e-4931-ad21-36c16d94374b req-a3baae59-d76e-4931-ad21-36c16d94374b ] Request (AttachInterfacesTestJSON:test_create_list_show_delete_interfaces_by_fixed_ip): 200 GET http://10.180.1.21/compute/v2.1/servers/9fd18ad4-7c72-4a13-8c29-da660a060020 1.998s
2024-10-03 09:23:20.606 62309 INFO tempest.lib.common.rest_client [req-9650352d-a5e8-49b0-82fb-d03b05bd2381 req-9650352d-a5e8-49b0-82fb-d03b05bd2381 ] Request (HypervisorAdminNegativeTestJSON:test_get_hypervisor_uptime_with_non_admin_user): 403 GET http://10.180.1.21/compute/v2.1/os-hypervisors/1/uptime 1.960s
2024-10-03 09:23:20.625 62317 INFO tempest.lib.common.rest_client [req-dbe236e9-3d5c-4144-8ce0-7bbf4cd331f2 req-dbe236e9-3d5c-4144-8ce0-7bbf4cd331f2 ] Request (FlavorsV261TestJSON:test_crud_flavor): 200 GET http://10.180.1.21/compute/v2.1/flavors 1.952s
2024-10-03 09:23:20.635 62291 INFO tempest.lib.common.rest_client [req-1f85fc59-14d1-47e0-b466-eec75d2628da req-1f85fc59-14d1-47e0-b466-eec75d2628da ] Request (InstanceActionsNegativeTestJSON:setUpClass): 201 POST http://10.180.1.21/identity/v3/users 0.180s
2024-10-03 09:23:20.652 62291 INFO tempest.lib.common.rest_client [req-926fb597-fe7c-407a-bd15-edc1c56eba75 req-926fb597-fe7c-407a-bd15-edc1c56eba75 ] Request (InstanceActionsNegativeTestJSON:setUpClass): 200 GET http://10.180.1.21/identity/v3/roles 0.017s
2024-10-03 09:23:20.665 62294 INFO tempest.lib.common.rest_client [req-717ef795-a61f-4247-b831-9a95d72c762a req-717ef795-a61f-4247-b831-9a95d72c762a ] Request (AggregatesAdminNegativeTestJSON:_run_cleanups): 200 POST http://10.180.1.21/compute/v2.1/os-aggregates/1/action 2.552s
2024-10-03 09:23:20.679 62291 INFO tempest.lib.common.rest_client [req-b77bd4c0-2c0f-4472-b4ea-7364046446b4 req-b77bd4c0-2c0f-4472-b4ea-7364046446b4 ] Request (InstanceActionsNegativeTestJSON:setUpClass): 204 PUT http://10.180.1.21/identity/v3/projects/a66898a129284f79928288b9e8183532/users/cc41dd50c04646dd8f7b01869db7c2d3/roles/3b3635e27c3c4ec8b08c40624c6e6c15 0.026s
2024-10-03 09:23:20.679 62291 INFO tempest.lib.common.dynamic_creds [-] Dynamic test user cc41dd50c04646dd8f7b01869db7c2d3 is created with scope project and roles: ['member']
2024-10-03 09:23:20.680 62291 INFO tempest.lib.common.dynamic_creds [-] Acquired dynamic creds: credentials: Credentials: {'domain_id': 'default', 'domain_name': 'Default', 'username': 'tempest-InstanceActionsNegativeTestJSON-1068104952-project-member', 'project_domain_id': 'default', 'project_domain_name': 'Default', 'project_id': 'a66898a129284f79928288b9e8183532', 'project_name': 'tempest-InstanceActionsNegativeTestJSON-1068104952', 'tenant_id': 'a66898a129284f79928288b9e8183532', 'tenant_name': 'tempest-InstanceActionsNegativeTestJSON-1068104952', 'user_domain_id': 'default', 'user_domain_name': 'Default', 'user_id': 'cc41dd50c04646dd8f7b01869db7c2d3', 'system': None}, Network: None, Subnet: None, Router: None
2024-10-03 09:23:20.715 62283 INFO tempest.lib.common.rest_client [req-709448fd-89e6-4d65-86ab-ab32966e28c4 req-709448fd-89e6-4d65-86ab-ab32966e28c4 ] Request (MigrationsAdminTest:test_list_migrations_in_flavor_resize_situation): 200 GET http://10.180.1.21/compute/v2.1/servers/deee86eb-365b-4104-8687-72abdbf3807f 1.967s
2024-10-03 09:23:20.750 62291 INFO tempest.lib.common.rest_client [req-78dedecf-0507-46b7-8fc9-348eb7e409a4 req-78dedecf-0507-46b7-8fc9-348eb7e409a4 ] Request (InstanceActionsNegativeTestJSON:setUpClass): 201 POST http://10.180.1.21/identity/v3/auth/tokens 0.070s
2024-10-03 09:23:20.780 62281 INFO tempest.lib.common.rest_client [req-f092756d-ce92-4885-b5b1-a5113d1d5443 req-f092756d-ce92-4885-b5b1-a5113d1d5443 ] Request (HostsAdminNegativeTestJSON:test_list_hosts_with_non_admin_user): 403 GET http://10.180.1.21/compute/v2.1/os-hosts 1.726s
2024-10-03 09:23:20.794 62269 INFO tempest.lib.common.rest_client [req-43bb4d91-157a-4678-b9cb-07e34f2ae17c req-43bb4d91-157a-4678-b9cb-07e34f2ae17c ] Request (HypervisorAdminUnderV252Test:tearDownClass): 204 DELETE http://10.180.1.21:9696/networking/v2.0/security-groups/8cbbbbf9-9657-4eb8-b8dd-de7f0ea09035 0.344s
2024-10-03 09:23:20.809 62271 INFO tempest.lib.common.rest_client [req-98af9c3a-2593-45f0-aba0-30b85ef1a9bf req-98af9c3a-2593-45f0-aba0-30b85ef1a9bf ] Request (DeleteServersAdminTestJSON:test_admin_delete_servers_of_others): 200 GET http://10.180.1.21/compute/v2.1/servers/768b0b5f-7d20-4bc6-87f6-b66adcce42c6 1.572s
2024-10-03 09:23:20.826 62326 INFO tempest.lib.common.rest_client [req-298c96b6-100b-4335-a825-adbf071f2aa3 req-298c96b6-100b-4335-a825-adbf071f2aa3 ] Request (FlavorsAccessTestJSON:test_flavor_access_add_remove): 200 GET http://10.180.1.21/compute/v2.1/flavors/detail 1.355s
2024-10-03 09:23:20.837 62289 INFO tempest.lib.common.rest_client [req-aecda8cc-5d72-439d-a5eb-ad17a4724c6c req-aecda8cc-5d72-439d-a5eb-ad17a4724c6c ] Request (KeyPairsV2TestJSON:test_get_keypair_detail): 200 GET http://10.180.1.21/compute/v2.1/os-keypairs/tempest-keypair-734879373 1.240s
2024-10-03 09:23:20.847 62267 INFO tempest.lib.common.rest_client [req-c426e9c1-f03d-4fdd-8dcd-7bb479aaac8b req-c426e9c1-f03d-4fdd-8dcd-7bb479aaac8b ] Request (ServersWithSpecificFlavorTestJSON:test_verify_created_server_ephemeral_disk): 200 GET http://10.180.1.21/compute/v2.1/flavors/42/os-extra_specs 1.004s
2024-10-03 09:23:20.863 62269 INFO tempest.lib.common.rest_client [req-43b7976f-a248-42a4-9cad-e009a2593991 req-43b7976f-a248-42a4-9cad-e009a2593991 ] Request (HypervisorAdminUnderV252Test:tearDownClass): 204 DELETE http://10.180.1.21/identity/v3/projects/cab1836272e941419b7f4e6b33c286e7 0.068s
2024-10-03 09:23:20.864 62269 INFO tempest.test [-] raised in LiveMigrationTest.setUpClass. Invoking tearDownClass.
2024-10-03 09:23:20.876 62313 INFO tempest.lib.common.rest_client [req-46ec5446-2f7e-44ac-a493-f2a5f536290a req-46ec5446-2f7e-44ac-a493-f2a5f536290a ] Request (ImagesNegativeTestJSON:setUpClass): 201 POST http://10.180.1.21:9696/networking/v2.0/routers 2.225s
2024-10-03 09:23:20.878 62279 INFO tempest.lib.common.rest_client [req-61eb4ec1-8a87-4f5d-a217-c13ae71a9dbf req-61eb4ec1-8a87-4f5d-a217-c13ae71a9dbf ] Request (ServerDiagnosticsV248Test:test_get_server_diagnostics): 200 GET http://10.180.1.21/compute/v2.1/servers/283e7488-1240-475f-a74d-809251950774 1.406s
2024-10-03 09:23:20.907 62275 INFO tempest.lib.common.rest_client [req-af2069c4-ed66-43de-82d1-75771b88963c req-af2069c4-ed66-43de-82d1-75771b88963c ] Request (FlavorsExtraSpecsNegativeTestJSON:test_flavor_non_admin_update_specific_key): 200 POST http://10.180.1.21/compute/v2.1/flavors/468556033/os-extra_specs 0.940s
2024-10-03 09:23:20.929 62269 INFO tempest.lib.common.rest_client [req-922ca36c-c8aa-4ffc-b53e-f1abdd6cb48a req-922ca36c-c8aa-4ffc-b53e-f1abdd6cb48a ] Request (QuotasAdminNegativeTest:setUpClass): 201 POST http://10.180.1.21/identity/v3/auth/tokens 0.064s
2024-10-03 09:23:20.969 62269 INFO tempest.lib.common.rest_client [req-0040bb02-d524-4425-bc8a-909e9b538356 req-0040bb02-d524-4425-bc8a-909e9b538356 ] Request (QuotasAdminNegativeTest:setUpClass): 201 POST http://10.180.1.21/identity/v3/auth/tokens 0.035s
2024-10-03 09:23:20.990 62269 INFO tempest.lib.common.rest_client [req-c73a75f0-c858-4eb2-a4df-4989e263228a req-c73a75f0-c858-4eb2-a4df-4989e263228a ] Request (QuotasAdminNegativeTest:setUpClass): 200 GET http://10.180.1.21/identity/v3/domains?name=Default 0.020s
2024-10-03 09:23:20.998 62311 INFO tempest.lib.common.rest_client [req-53b9f1f1-b432-47b9-a0ba-f99d4e9c0a32 req-53b9f1f1-b432-47b9-a0ba-f99d4e9c0a32 ] Request (ImagesTestJSON:test_create_image_from_stopped_server): 200 GET http://10.180.1.21/compute/v2.1/servers/9b95dfcb-718e-478d-85bc-7479be9b67de 0.830s
2024-10-03 09:23:21.010 62299 INFO tempest.lib.common.rest_client [req-f08e8cbf-5046-4c67-ae0e-4a0477520a22 req-f08e8cbf-5046-4c67-ae0e-4a0477520a22 ] Request (FlavorMetadataValidation:tearDownClass): 204 DELETE http://10.180.1.21:9696/networking/v2.0/security-groups/5091a33e-5142-4e6a-be66-2ea3d4f48d55 0.437s
2024-10-03 09:23:21.028 62269 INFO tempest.lib.common.rest_client [req-137271d9-88f2-44e7-91ee-43783886ed85 req-137271d9-88f2-44e7-91ee-43783886ed85 ] Request (QuotasAdminNegativeTest:setUpClass): 201 POST http://10.180.1.21/identity/v3/projects 0.036s
2024-10-03 09:23:21.039 62285 INFO tempest.lib.common.rest_client [req-ede84bfa-cd12-4b8e-89c4-045ac1021bce req-ede84bfa-cd12-4b8e-89c4-045ac1021bce ] Request (FlavorsV255TestJSON:tearDownClass): 200 GET http://10.180.1.21:9696/networking/v2.0/security-groups?tenant_id=518c3c7150d84003ae5b5f348d2bd7d1&name=default 0.737s
2024-10-03 09:23:21.069 62303 INFO tempest.lib.common.rest_client [req-e2c2b5bb-ed0d-4f5e-8462-29b3d6b8e3be req-e2c2b5bb-ed0d-4f5e-8462-29b3d6b8e3be ] Request (VolumesAssistedSnapshotsTest:setUpClass): 200 PUT http://10.180.1.21:9696/networking/v2.0/routers/9d384cde-4ce6-4a2d-be60-d9c6c7a7debf/add_router_interface 3.979s
2024-10-03 09:23:21.070 62303 INFO tempest.lib.common.dynamic_creds [-] Created isolated network resources for: credentials: Credentials: {'domain_id': 'default', 'domain_name': 'Default', 'username': 'tempest-VolumesAssistedSnapshotsTest-2003527839-project-admin', 'project_domain_id': 'default', 'project_domain_name': 'Default', 'project_id': '83be35d528084f2ead8045e7cc38b821', 'project_name': 'tempest-VolumesAssistedSnapshotsTest-2003527839', 'tenant_id': '83be35d528084f2ead8045e7cc38b821', 'tenant_name': 'tempest-VolumesAssistedSnapshotsTest-2003527839', 'user_domain_id': 'default', 'user_domain_name': 'Default', 'user_id': '7e5ab4f3c80b4bc399f2df5da358d4d6', 'system': None}, Network: {'id': 'f6b1a3cc-531d-419b-8c77-26933d11fe4e', 'name': 'tempest-VolumesAssistedSnapshotsTest-1082243533-network', 'tenant_id': '83be35d528084f2ead8045e7cc38b821', 'admin_state_up': True, 'mtu': 8950, 'status': 'ACTIVE', 'subnets': [], 'shared': False, 'project_id': '83be35d528084f2ead8045e7cc38b821', 'port_security_enabled': True, 'router:external': False, 'provider:network_type': 'vlan', 'provider:physical_network': 'default', 'provider:segmentation_id': 433, 'is_default': False, 'availability_zone_hints': [], 'availability_zones': [], 'ipv4_address_scope': None, 'ipv6_address_scope': None, 'description': '', 'tags': [], 'created_at': '2024-10-03T09:23:14Z', 'updated_at': '2024-10-03T09:23:14Z', 'revision_number': 1}, Subnet: {'id': '57dda306-f8dc-42de-b58b-09dcae568cce', 'name': 'tempest-VolumesAssistedSnapshotsTest-1082243533-subnet', 'tenant_id': '83be35d528084f2ead8045e7cc38b821', 'network_id': 'f6b1a3cc-531d-419b-8c77-26933d11fe4e', 'ip_version': 4, 'subnetpool_id': None, 'enable_dhcp': True, 'ipv6_ra_mode': None, 'ipv6_address_mode': None, 'gateway_ip': '192.168.128.1', 'cidr': '192.168.128.0/28', 'allocation_pools': [{'start': '192.168.128.2', 'end': '192.168.128.14'}], 'host_routes': [], 'dns_nameservers': [], 'description': '', 'router:external': False, 'service_types': [], 'tags': [], 'created_at': '2024-10-03T09:23:14Z', 'updated_at': '2024-10-03T09:23:14Z', 'revision_number': 0, 'project_id': '83be35d528084f2ead8045e7cc38b821'}, Router: {'id': '9d384cde-4ce6-4a2d-be60-d9c6c7a7debf', 'name': 'tempest-VolumesAssistedSnapshotsTest-1082243533-router', 'tenant_id': '83be35d528084f2ead8045e7cc38b821', 'admin_state_up': True, 'status': 'ACTIVE', 'external_gateway_info': {'network_id': 'f5d8f6fe-4cf7-4859-8f7d-d22fa2b5887a', 'external_fixed_ips': [{'subnet_id': 'c7758276-5340-4f9c-bb21-aaaa13497e0f', 'ip_address': '10.180.180.141'}], 'enable_snat': True}, 'description': '', 'availability_zones': [], 'distributed': False, 'ha': False, 'availability_zone_hints': [], 'routes': [], 'flavor_id': None, 'tags': [], 'created_at': '2024-10-03T09:23:15Z', 'updated_at': '2024-10-03T09:23:16Z', 'revision_number': 2, 'project_id': '83be35d528084f2ead8045e7cc38b821'}
2024-10-03 09:23:21.132 62299 INFO tempest.lib.common.rest_client [req-ce93e0d6-5f77-41e3-88db-cd7e8cf13b89 req-ce93e0d6-5f77-41e3-88db-cd7e8cf13b89 ] Request (FlavorMetadataValidation:tearDownClass): 204 DELETE http://10.180.1.21/identity/v3/projects/14777e6fa8994fdb84d1d4b19902b2b5 0.122s
2024-10-03 09:23:21.147 62329 INFO tempest.lib.common.rest_client [req-6c3ef073-bbff-4175-ad8b-b8e4fc588712 req-6c3ef073-bbff-4175-ad8b-b8e4fc588712 ] Request (QuotaClassesAdmin257Test:test_update_default_quotas): 200 GET http://10.180.1.21/compute/v2.1/os-quota-class-sets/default 0.868s
2024-10-03 09:23:21.196 62269 INFO tempest.lib.common.rest_client [req-5f433090-75f2-4898-aca1-923658e0e043 req-5f433090-75f2-4898-aca1-923658e0e043 ] Request (QuotasAdminNegativeTest:setUpClass): 201 POST http://10.180.1.21/identity/v3/users 0.167s
2024-10-03 09:23:21.226 62299 INFO tempest.lib.common.rest_client [req-b9c4183f-7463-44ed-8b62-74e7df474e9a req-b9c4183f-7463-44ed-8b62-74e7df474e9a ] Request (HypervisorAdminTestJSON:setUpClass): 201 POST http://10.180.1.21/identity/v3/auth/tokens 0.093s
2024-10-03 09:23:21.244 62269 INFO tempest.lib.common.rest_client [req-becec48c-9a62-4505-b128-0f4b4c83b90c req-becec48c-9a62-4505-b128-0f4b4c83b90c ] Request (QuotasAdminNegativeTest:setUpClass): 200 GET http://10.180.1.21/identity/v3/roles 0.047s
2024-10-03 09:23:21.250 62287 INFO tempest.lib.common.rest_client [req-0bf58913-25c9-47b2-a966-ac5938b05cc0 req-0bf58913-25c9-47b2-a966-ac5938b05cc0 ] Request (ServersAdminNegativeTestJSON:setUpClass): 200 GET http://10.180.1.21/compute/v2.1/servers/9688a493-7046-49e1-b5ab-0db9cfbf37aa 1.310s
2024-10-03 09:23:21.268 62303 INFO tempest.lib.common.rest_client [req-a2ec82ca-1a62-4980-9e6c-449d6625a048 req-a2ec82ca-1a62-4980-9e6c-449d6625a048 ] Request (VolumesAssistedSnapshotsTest:setUpClass): 201 POST http://10.180.1.21/identity/v3/auth/tokens 0.194s
2024-10-03 09:23:21.295 62299 INFO tempest.lib.common.rest_client [req-5574b1f2-e58c-4c7f-8a2c-62a8fe3038e1 req-5574b1f2-e58c-4c7f-8a2c-62a8fe3038e1 ] Request (HypervisorAdminTestJSON:setUpClass): 201 POST http://10.180.1.21/identity/v3/auth/tokens 0.066s
2024-10-03 09:23:21.308 62305 INFO tempest.lib.common.rest_client [req-252ce156-4072-4689-9cdc-70e67480e8c9 req-252ce156-4072-4689-9cdc-70e67480e8c9 ] Request (ServersAdminTestJSON:setUpClass): 200 PUT http://10.180.1.21:9696/networking/v2.0/routers/c030164c-fe11-4f86-841e-edc09d3ee172/add_router_interface 3.419s
2024-10-03 09:23:21.309 62305 INFO tempest.lib.common.dynamic_creds [-] Created isolated network resources for: credentials: Credentials: {'domain_id': 'default', 'domain_name': 'Default', 'username': 'tempest-ServersAdminTestJSON-980366515-project-admin', 'project_domain_id': 'default', 'project_domain_name': 'Default', 'project_id': '512370ce76de4d85ab298076c968b681', 'project_name': 'tempest-ServersAdminTestJSON-980366515', 'tenant_id': '512370ce76de4d85ab298076c968b681', 'tenant_name': 'tempest-ServersAdminTestJSON-980366515', 'user_domain_id': 'default', 'user_domain_name': 'Default', 'user_id': 'aa660fedcb88400c8179227f330b3354', 'system': None}, Network: {'id': 'd74c00ce-2b25-4552-9142-d7e4c2e0af1c', 'name': 'tempest-ServersAdminTestJSON-757990423-network', 'tenant_id': '512370ce76de4d85ab298076c968b681', 'admin_state_up': True, 'mtu': 8950, 'status': 'ACTIVE', 'subnets': [], 'shared': False, 'project_id': '512370ce76de4d85ab298076c968b681', 'port_security_enabled': True, 'router:external': False, 'provider:network_type': 'vlan', 'provider:physical_network': 'default', 'provider:segmentation_id': 630, 'is_default': False, 'availability_zone_hints': [], 'availability_zones': [], 'ipv4_address_scope': None, 'ipv6_address_scope': None, 'description': '', 'tags': [], 'created_at': '2024-10-03T09:23:14Z', 'updated_at': '2024-10-03T09:23:14Z', 'revision_number': 1}, Subnet: {'id': '53ac0438-65bd-46f0-acb1-2be2434e411c', 'name': 'tempest-ServersAdminTestJSON-757990423-subnet', 'tenant_id': '512370ce76de4d85ab298076c968b681', 'network_id': 'd74c00ce-2b25-4552-9142-d7e4c2e0af1c', 'ip_version': 4, 'subnetpool_id': None, 'enable_dhcp': True, 'ipv6_ra_mode': None, 'ipv6_address_mode': None, 'gateway_ip': '192.168.128.1', 'cidr': '192.168.128.0/28', 'allocation_pools': [{'start': '192.168.128.2', 'end': '192.168.128.14'}], 'host_routes': [], 'dns_nameservers': [], 'description': '', 'router:external': False, 'service_types': [], 'tags': [], 'created_at': '2024-10-03T09:23:15Z', 'updated_at': '2024-10-03T09:23:15Z', 'revision_number': 0, 'project_id': '512370ce76de4d85ab298076c968b681'}, Router: {'id': 'c030164c-fe11-4f86-841e-edc09d3ee172', 'name': 'tempest-ServersAdminTestJSON-757990423-router', 'tenant_id': '512370ce76de4d85ab298076c968b681', 'admin_state_up': True, 'status': 'ACTIVE', 'external_gateway_info': {'network_id': 'f5d8f6fe-4cf7-4859-8f7d-d22fa2b5887a', 'external_fixed_ips': [{'subnet_id': 'c7758276-5340-4f9c-bb21-aaaa13497e0f', 'ip_address': '10.180.180.251'}], 'enable_snat': True}, 'description': '', 'availability_zones': [], 'distributed': False, 'ha': False, 'availability_zone_hints': [], 'routes': [], 'flavor_id': None, 'tags': [], 'created_at': '2024-10-03T09:23:16Z', 'updated_at': '2024-10-03T09:23:16Z', 'revision_number': 2, 'project_id': '512370ce76de4d85ab298076c968b681'}
2024-10-03 09:23:21.330 62269 INFO tempest.lib.common.rest_client [req-d7feaf42-3c10-4a72-a3fc-40a7ccdbf4b8 req-d7feaf42-3c10-4a72-a3fc-40a7ccdbf4b8 ] Request (QuotasAdminNegativeTest:setUpClass): 204 PUT http://10.180.1.21/identity/v3/projects/c46680e2eda345668e90f4dedf811af9/users/d77fcf8d60f948ccaacf9fe5177d6823/roles/3b3635e27c3c4ec8b08c40624c6e6c15 0.084s
2024-10-03 09:23:21.330 62269 INFO tempest.lib.common.dynamic_creds [-] Dynamic test user d77fcf8d60f948ccaacf9fe5177d6823 is created with scope project and roles: ['member']
2024-10-03 09:23:21.331 62285 INFO tempest.lib.common.rest_client [req-6ec82ec0-4760-46c2-bd5a-a5c43f287ea1 req-6ec82ec0-4760-46c2-bd5a-a5c43f287ea1 ] Request (FlavorsV255TestJSON:tearDownClass): 204 DELETE http://10.180.1.21:9696/networking/v2.0/security-groups/677792f9-83a2-4573-848c-9ff05a396a2c 0.291s
2024-10-03 09:23:21.331 62269 INFO tempest.lib.common.dynamic_creds [-] Acquired dynamic creds: credentials: Credentials: {'domain_id': 'default', 'domain_name': 'Default', 'username': 'tempest-QuotasAdminNegativeTest-1900790236-project-member', 'project_domain_id': 'default', 'project_domain_name': 'Default', 'project_id': 'c46680e2eda345668e90f4dedf811af9', 'project_name': 'tempest-QuotasAdminNegativeTest-1900790236', 'tenant_id': 'c46680e2eda345668e90f4dedf811af9', 'tenant_name': 'tempest-QuotasAdminNegativeTest-1900790236', 'user_domain_id': 'default', 'user_domain_name': 'Default', 'user_id': 'd77fcf8d60f948ccaacf9fe5177d6823', 'system': None}, Network: None, Subnet: None, Router: None
2024-10-03 09:23:21.331 62269 INFO tempest.lib.common.dynamic_creds [-] Created isolated network resources for: credentials: Credentials: {'domain_id': 'default', 'domain_name': 'Default', 'username': 'tempest-QuotasAdminNegativeTest-1900790236-project-member', 'project_domain_id': 'default', 'project_domain_name': 'Default', 'project_id': 'c46680e2eda345668e90f4dedf811af9', 'project_name': 'tempest-QuotasAdminNegativeTest-1900790236', 'tenant_id': 'c46680e2eda345668e90f4dedf811af9', 'tenant_name': 'tempest-QuotasAdminNegativeTest-1900790236', 'user_domain_id': 'default', 'user_domain_name': 'Default', 'user_id': 'd77fcf8d60f948ccaacf9fe5177d6823', 'system': None}, Network: None, Subnet: None, Router: None
2024-10-03 09:23:21.364 62321 INFO tempest.lib.common.rest_client [req-249669c6-f3f2-45db-9495-15806aa002c3 req-249669c6-f3f2-45db-9495-15806aa002c3 ] Request (ServerExternalEventsTest:test_create_server_external_events): 200 GET http://10.180.1.21/compute/v2.1/servers/7221a720-8ab9-44fd-abe2-8f8fc19b6433 1.033s
2024-10-03 09:23:21.378 62321 INFO tempest.common.waiters [-] State transition "BUILD/networking" ==> "BUILD/spawning" after 5 second wait
2024-10-03 09:23:21.386 62323 INFO tempest.lib.common.rest_client [req-2b01360e-3036-4ef6-871a-6b56b666f1b1 req-2b01360e-3036-4ef6-871a-6b56b666f1b1 ] Request (FlavorsAccessNegativeTestJSON:_run_cleanups): 202 DELETE http://10.180.1.21/compute/v2.1/flavors/20689366 0.930s
2024-10-03 09:23:21.406 62307 INFO tempest.lib.common.rest_client [req-309ca3b4-6d44-4bbd-807b-e7b1e5bb6d88 req-309ca3b4-6d44-4bbd-807b-e7b1e5bb6d88 ] Request (FlavorsAdminTestJSON:_run_cleanups): 202 DELETE http://10.180.1.21/compute/v2.1/flavors/1321672142 0.913s
2024-10-03 09:23:21.407 62303 INFO tempest.lib.common.rest_client [req-c05a71c0-7e5b-410f-af53-133356b143d4 req-c05a71c0-7e5b-410f-af53-133356b143d4 ] Request (VolumesAssistedSnapshotsTest:setUpClass): 201 POST http://10.180.1.21/identity/v3/projects 0.138s
2024-10-03 09:23:21.423 62327 INFO tempest.lib.common.rest_client [req-5bd80a94-fd02-43c1-a84c-9bf62208e487 req-5bd80a94-fd02-43c1-a84c-9bf62208e487 ] Request (FlavorsExtraSpecsTestJSON:test_flavor_set_get_update_show_unset_keys): 200 POST http://10.180.1.21/compute/v2.1/flavors/1868980943/os-extra_specs 0.928s
2024-10-03 09:23:21.434 62309 INFO tempest.lib.common.rest_client [req-e6c1fa5e-bbae-4556-a2fd-962af170b2bd req-e6c1fa5e-bbae-4556-a2fd-962af170b2bd ] Request (HypervisorAdminNegativeTestJSON:test_get_nonexistent_hypervisor_uptime): 404 GET http://10.180.1.21/compute/v2.1/os-hypervisors/aa95b68e-84e5-4163-a1a8-a62a53653228/uptime 0.824s
2024-10-03 09:23:21.446 62317 INFO tempest.lib.common.rest_client [req-db0cd239-1b5b-4f4d-97ac-b6caa28807af req-db0cd239-1b5b-4f4d-97ac-b6caa28807af ] Request (FlavorsV261TestJSON:_run_cleanups): 202 DELETE http://10.180.1.21/compute/v2.1/flavors/234872394 0.814s
2024-10-03 09:23:21.463 62299 INFO tempest.lib.common.rest_client [req-85f7e8b4-6e17-4820-85f5-4cd3a3f6205f req-85f7e8b4-6e17-4820-85f5-4cd3a3f6205f ] Request (HypervisorAdminTestJSON:setUpClass): 200 GET http://10.180.1.21/identity/v3/domains?name=Default 0.168s
2024-10-03 09:23:21.467 62294 INFO tempest.lib.common.rest_client [req-8d9724b0-0b68-45c9-8e49-199923ef3f62 req-8d9724b0-0b68-45c9-8e49-199923ef3f62 ] Request (AggregatesAdminNegativeTestJSON:_run_cleanups): 200 DELETE http://10.180.1.21/compute/v2.1/os-aggregates/1 0.799s
2024-10-03 09:23:21.472 62281 INFO tempest.lib.common.rest_client [req-c89b4980-07eb-4570-b87e-d4cf5a571c59 req-c89b4980-07eb-4570-b87e-d4cf5a571c59 ] Request (HostsAdminNegativeTestJSON:test_reboot_host_with_non_admin_user): 403 GET http://10.180.1.21/compute/v2.1/os-hosts/devstack/reboot 0.690s
2024-10-03 09:23:21.487 62326 INFO tempest.lib.common.rest_client [req-e2167bcf-d2d0-41c6-b9aa-d11ec82627c2 req-e2167bcf-d2d0-41c6-b9aa-d11ec82627c2 ] Request (FlavorsAccessTestJSON:_run_cleanups): 202 DELETE http://10.180.1.21/compute/v2.1/flavors/403677835 0.656s
2024-10-03 09:23:21.494 62305 INFO tempest.lib.common.rest_client [req-e355ef2a-adaf-4da9-9084-a3f3475b9459 req-e355ef2a-adaf-4da9-9084-a3f3475b9459 ] Request (ServersAdminTestJSON:setUpClass): 201 POST http://10.180.1.21/identity/v3/auth/tokens 0.181s
2024-10-03 09:23:21.503 62289 INFO tempest.lib.common.rest_client [req-fb8a96a2-efd3-44d7-96db-9a87ffbc5663 req-fb8a96a2-efd3-44d7-96db-9a87ffbc5663 ] Request (KeyPairsV2TestJSON:_run_cleanups): 202 DELETE http://10.180.1.21/compute/v2.1/os-keypairs/tempest-keypair-734879373 0.664s
2024-10-03 09:23:21.524 62267 INFO tempest.lib.common.rest_client [req-ebf420b0-c0df-4948-b849-c4ae14a3cada req-ebf420b0-c0df-4948-b849-c4ae14a3cada ] Request (ServersWithSpecificFlavorTestJSON:test_verify_created_server_ephemeral_disk): 200 POST http://10.180.1.21/compute/v2.1/flavors/1569012290/os-extra_specs 0.676s
2024-10-03 09:23:21.531 62275 INFO tempest.lib.common.rest_client [req-8026e9e5-4125-47ba-a97e-97bf6c0ee3e8 req-8026e9e5-4125-47ba-a97e-97bf6c0ee3e8 ] Request (FlavorsExtraSpecsNegativeTestJSON:test_flavor_non_admin_update_specific_key): 403 PUT http://10.180.1.21/compute/v2.1/flavors/468556033/os-extra_specs/hw:numa_nodes 0.623s
2024-10-03 09:23:21.578 62285 INFO tempest.lib.common.rest_client [req-99901eeb-98a3-4eb3-ae97-dfe95fd1a80d req-99901eeb-98a3-4eb3-ae97-dfe95fd1a80d ] Request (FlavorsV255TestJSON:tearDownClass): 204 DELETE http://10.180.1.21/identity/v3/projects/518c3c7150d84003ae5b5f348d2bd7d1 0.247s
2024-10-03 09:23:21.579 62285 INFO tempest.lib.common.dynamic_creds [-] Deleting project and security group for project: f5f5c37b2e5f4b85b02dc7ace4f74527
2024-10-03 09:23:21.581 62291 INFO tempest.lib.common.rest_client [req-9e1bae0d-0d0c-4f98-9fe6-b5398f4b4377 req-9e1bae0d-0d0c-4f98-9fe6-b5398f4b4377 ] Request (InstanceActionsNegativeTestJSON:setUpClass): 201 POST http://10.180.1.21:9696/networking/v2.0/networks 0.831s
2024-10-03 09:23:21.642 62269 INFO tempest.lib.common.rest_client [req-be91f358-30bb-493a-ae1e-23b670cbe253 req-be91f358-30bb-493a-ae1e-23b670cbe253 ] Request (QuotasAdminNegativeTest:setUpClass): 201 POST http://10.180.1.21/identity/v3/auth/tokens 0.306s
2024-10-03 09:23:21.643 62295 INFO tempest.lib.common.rest_client [req-674e9a08-9bd4-42ab-b13c-09027cc9b351 req-674e9a08-9bd4-42ab-b13c-09027cc9b351 ] Request (FlavorsV2NegativeTest:test_boot_with_low_ram): 204 PUT http://10.180.1.21/image/v2/images/59790a0f-c81b-4a0f-a56e-e2b3c4fee78a/file 1.337s
2024-10-03 09:23:21.656 62301 INFO tempest.lib.common.rest_client [req-feb9b9b4-6d1a-4cb1-b9f4-f48f9d7647f7 req-feb9b9b4-6d1a-4cb1-b9f4-f48f9d7647f7 ] Request (ServersV294TestFqdnHostnames:setUpClass): 200 GET http://10.180.1.21/compute/v2.1/servers/87462fbe-d62d-4b40-880c-a1785c9ed5d4 0.685s
2024-10-03 09:23:21.664 62301 INFO tempest.common.waiters [-] State transition "BUILD/None" ==> "BUILD/networking" after 4 second wait
2024-10-03 09:23:21.680 62299 INFO tempest.lib.common.rest_client [req-e2ce040c-c8a2-497f-a848-342ef9c4086a req-e2ce040c-c8a2-497f-a848-342ef9c4086a ] Request (HypervisorAdminTestJSON:setUpClass): 201 POST http://10.180.1.21/identity/v3/projects 0.216s
2024-10-03 09:23:21.682 62303 INFO tempest.lib.common.rest_client [req-1ac74158-d2b0-4949-90e4-9a072c3243e4 req-1ac74158-d2b0-4949-90e4-9a072c3243e4 ] Request (VolumesAssistedSnapshotsTest:setUpClass): 201 POST http://10.180.1.21/identity/v3/users 0.274s
2024-10-03 09:23:21.729 62305 INFO tempest.lib.common.rest_client [req-12b93121-fdfb-44c6-93a7-5f6cad7c265c req-12b93121-fdfb-44c6-93a7-5f6cad7c265c ] Request (ServersAdminTestJSON:setUpClass): 201 POST http://10.180.1.21/identity/v3/auth/tokens 0.166s
2024-10-03 09:23:21.730 62305 INFO tempest.lib.common.fixed_network [-] (ServersAdminTestJSON:setUpClass) Found network {'id': '859ff4d2-2de3-44f6-b119-4b41d26698b4', 'name': 'tempest-ServersAdminTestJSON-482834505-network', 'tenant_id': '1fc015059e894364ae55cc21204693d3', 'admin_state_up': True, 'mtu': 8950, 'status': 'ACTIVE', 'subnets': [], 'shared': False, 'project_id': '1fc015059e894364ae55cc21204693d3', 'port_security_enabled': True, 'router:external': False, 'provider:network_type': 'vlan', 'provider:physical_network': 'default', 'provider:segmentation_id': 437, 'is_default': False, 'availability_zone_hints': [], 'availability_zones': [], 'ipv4_address_scope': None, 'ipv6_address_scope': None, 'description': '', 'tags': [], 'created_at': '2024-10-03T09:23:06Z', 'updated_at': '2024-10-03T09:23:06Z', 'revision_number': 1} available for tenant
2024-10-03 09:23:21.754 62269 INFO tempest.lib.common.rest_client [req-2f62cbdf-5348-4aa5-9610-fbad574d1f8b req-2f62cbdf-5348-4aa5-9610-fbad574d1f8b ] Request (QuotasAdminNegativeTest:setUpClass): 201 POST http://10.180.1.21/identity/v3/projects 0.111s
2024-10-03 09:23:21.757 62329 INFO tempest.lib.common.rest_client [req-71886a4d-1e28-43d1-bbfe-9a0759996911 req-71886a4d-1e28-43d1-bbfe-9a0759996911 ] Request (QuotaClassesAdmin257Test:test_update_default_quotas): 200 PUT http://10.180.1.21/compute/v2.1/os-quota-class-sets/default 0.606s
2024-10-03 09:23:21.776 62323 INFO tempest.lib.common.rest_client [req-f7e9ac3a-a56c-4d84-a52f-b6d265e73e57 req-f7e9ac3a-a56c-4d84-a52f-b6d265e73e57 ] Request (FlavorsAccessNegativeTestJSON:_run_cleanups): 200 GET http://10.180.1.21/compute/v2.1/flavors/detail 0.389s
2024-10-03 09:23:21.785 62295 INFO tempest.lib.common.rest_client [req-dbd76ff7-7a7b-4ec0-bc20-b3659fc087a5 req-dbd76ff7-7a7b-4ec0-bc20-b3659fc087a5 ] Request (FlavorsV2NegativeTest:test_boot_with_low_ram): 201 POST http://10.180.1.21/identity/v3/auth/tokens 0.135s
2024-10-03 09:23:21.786 62295 INFO tempest.lib.common.fixed_network [-] (FlavorsV2NegativeTest:test_boot_with_low_ram) Found network None available for tenant
2024-10-03 09:23:21.792 62307 INFO tempest.lib.common.rest_client [req-c7258bd2-1e30-413d-81a9-82a1f0a54ffc req-c7258bd2-1e30-413d-81a9-82a1f0a54ffc ] Request (FlavorsAdminTestJSON:_run_cleanups): 200 GET http://10.180.1.21/compute/v2.1/flavors/detail 0.386s
2024-10-03 09:23:21.801 62327 INFO tempest.lib.common.rest_client [req-1e400b19-a325-4523-ab8b-c93f8bdc058d req-1e400b19-a325-4523-ab8b-c93f8bdc058d ] Request (FlavorsExtraSpecsTestJSON:test_flavor_set_get_update_show_unset_keys): 200 GET http://10.180.1.21/compute/v2.1/flavors/1868980943/os-extra_specs 0.376s
2024-10-03 09:23:21.804 62303 INFO tempest.lib.common.rest_client [req-6e909cb9-27cb-4e67-9f99-bfa9350bb0b5 req-6e909cb9-27cb-4e67-9f99-bfa9350bb0b5 ] Request (VolumesAssistedSnapshotsTest:setUpClass): 200 GET http://10.180.1.21/identity/v3/roles 0.121s
2024-10-03 09:23:21.813 62299 INFO tempest.lib.common.rest_client [req-ffe78fb8-f4e1-4aae-a9fc-a871281c8b81 req-ffe78fb8-f4e1-4aae-a9fc-a871281c8b81 ] Request (HypervisorAdminTestJSON:setUpClass): 201 POST http://10.180.1.21/identity/v3/users 0.133s
2024-10-03 09:23:21.822 62309 INFO tempest.lib.common.rest_client [req-da27f2fe-0baa-48b7-88eb-1f17f6b878bf req-da27f2fe-0baa-48b7-88eb-1f17f6b878bf ] Request (HypervisorAdminNegativeTestJSON:test_show_hypervisor_with_non_admin_user): 200 GET http://10.180.1.21/compute/v2.1/os-hypervisors 0.386s
2024-10-03 09:23:21.837 62269 INFO tempest.lib.common.rest_client [req-84a23089-a9e9-42e4-aaca-a4b25941a18c req-84a23089-a9e9-42e4-aaca-a4b25941a18c ] Request (QuotasAdminNegativeTest:setUpClass): 201 POST http://10.180.1.21/identity/v3/users 0.082s
2024-10-03 09:23:21.838 62317 INFO tempest.lib.common.rest_client [req-58f04f73-e4c5-4127-bde3-4384d777632c req-58f04f73-e4c5-4127-bde3-4384d777632c ] Request (FlavorsV261TestJSON:_run_cleanups): 200 GET http://10.180.1.21/compute/v2.1/flavors/detail 0.391s
2024-10-03 09:23:21.851 62281 INFO tempest.lib.common.rest_client [req-dc26a0b0-ad02-432a-889b-3ccbf432279e req-dc26a0b0-ad02-432a-889b-3ccbf432279e ] Request (HostsAdminNegativeTestJSON:test_reboot_nonexistent_host): 404 GET http://10.180.1.21/compute/v2.1/os-hosts/nonexistent_hostname/reboot 0.377s
2024-10-03 09:23:21.861 62303 INFO tempest.lib.common.rest_client [req-27dc6489-46b1-4249-8515-3796bc5e5613 req-27dc6489-46b1-4249-8515-3796bc5e5613 ] Request (VolumesAssistedSnapshotsTest:setUpClass): 204 PUT http://10.180.1.21/identity/v3/projects/96fd589717c24518ba7ed9dbf69af65c/users/ca9bb660a8304193a693e7aeb14a03d1/roles/a8e296223bf346318a39f261fad86c36 0.057s
2024-10-03 09:23:21.868 62326 INFO tempest.lib.common.rest_client [req-36756eea-3de0-48b3-92ea-91cf4aa5564d req-36756eea-3de0-48b3-92ea-91cf4aa5564d ] Request (FlavorsAccessTestJSON:_run_cleanups): 200 GET http://10.180.1.21/compute/v2.1/flavors/detail 0.380s
2024-10-03 09:23:21.882 62316 INFO tempest.lib.common.rest_client [req-f75260c2-7b02-443c-834f-7c7d1771ecab req-f75260c2-7b02-443c-834f-7c7d1771ecab ] Request (SecurityGroupRulesNegativeTestJSON:test_create_security_group_rule_duplicate): 200 POST http://10.180.1.21/compute/v2.1/os-security-groups 1.509s
2024-10-03 09:23:21.910 62289 INFO tempest.lib.common.rest_client [req-2af045e1-661e-4ba2-8112-ba8508754afd req-2af045e1-661e-4ba2-8112-ba8508754afd ] Request (KeyPairsV2TestJSON:test_keypair_create_delete): 200 POST http://10.180.1.21/compute/v2.1/os-keypairs 0.402s
2024-10-03 09:23:21.913 62267 INFO tempest.lib.common.rest_client [req-74205e27-939b-4a97-9789-e32d6720d349 req-74205e27-939b-4a97-9789-e32d6720d349 ] Request (ServersWithSpecificFlavorTestJSON:test_verify_created_server_ephemeral_disk): 200 POST http://10.180.1.21/compute/v2.1/flavors 0.387s
2024-10-03 09:23:21.914 62275 INFO tempest.lib.common.rest_client [req-bbf120f6-e82a-4e17-93ca-a22ca990cdfd req-bbf120f6-e82a-4e17-93ca-a22ca990cdfd ] Request (FlavorsExtraSpecsNegativeTestJSON:test_flavor_unset_nonexistent_key): 404 DELETE http://10.180.1.21/compute/v2.1/flavors/468556033/os-extra_specs/hw:cpu_thread_policy 0.382s
2024-10-03 09:23:21.921 62269 INFO tempest.lib.common.rest_client [req-6443770a-21c2-4848-9c7b-4ec7d1bb4cac req-6443770a-21c2-4848-9c7b-4ec7d1bb4cac ] Request (QuotasAdminNegativeTest:setUpClass): 200 GET http://10.180.1.21/identity/v3/roles 0.083s
2024-10-03 09:23:21.936 62303 INFO tempest.lib.common.rest_client [req-929be8e3-0be5-4e2c-88af-a21fbcd7963a req-929be8e3-0be5-4e2c-88af-a21fbcd7963a ] Request (VolumesAssistedSnapshotsTest:setUpClass): 200 GET http://10.180.1.21/identity/v3/roles 0.074s
2024-10-03 09:23:21.937 62273 INFO tempest.lib.common.rest_client [req-7cb45431-0f35-42b6-845f-c272a6ef6269 req-7cb45431-0f35-42b6-845f-c272a6ef6269 ] Request (HostsAdminTestJSON:test_list_hosts_with_zone): 200 GET http://10.180.1.21/compute/v2.1/os-hosts 0.397s
2024-10-03 09:23:21.937 62299 INFO tempest.lib.common.rest_client [req-c496a556-ac2e-40ac-86f8-6cb3173ffe43 req-c496a556-ac2e-40ac-86f8-6cb3173ffe43 ] Request (HypervisorAdminTestJSON:setUpClass): 200 GET http://10.180.1.21/identity/v3/roles 0.123s
2024-10-03 09:23:21.956 62294 INFO tempest.lib.common.rest_client [req-4b13de7a-9485-484a-ac66-e6967d093d67 req-4b13de7a-9485-484a-ac66-e6967d093d67 ] Request (AggregatesAdminNegativeTestJSON:test_aggregate_add_host_as_user): 200 POST http://10.180.1.21/compute/v2.1/os-aggregates 0.419s
2024-10-03 09:23:21.962 62269 INFO tempest.lib.common.rest_client [req-0a56c5aa-ada3-4600-8a29-56154ed38a98 req-0a56c5aa-ada3-4600-8a29-56154ed38a98 ] Request (QuotasAdminNegativeTest:setUpClass): 204 PUT http://10.180.1.21/identity/v3/projects/963c175df2784508ac49be40b505f976/users/06a5e99b6b56442eb7ea34baf3302859/roles/a8e296223bf346318a39f261fad86c36 0.040s
2024-10-03 09:23:22.013 62319 INFO tempest.lib.common.rest_client [req-bc3f6d83-f629-4720-abc8-5c9761980543 req-bc3f6d83-f629-4720-abc8-5c9761980543 ] Request (AttachInterfacesTestJSON:test_create_list_show_delete_interfaces_by_fixed_ip): 200 GET http://10.180.1.21/compute/v2.1/servers/9fd18ad4-7c72-4a13-8c29-da660a060020 0.405s
2024-10-03 09:23:22.027 62317 INFO tempest.lib.common.rest_client [req-df669db9-9344-474f-9d0a-82373fed5f30 req-df669db9-9344-474f-9d0a-82373fed5f30 ] Request (FlavorsV261TestJSON:tearDownClass): 204 DELETE http://10.180.1.21/identity/v3/users/bccf4fe47f3645dfbef1bae25458459f 0.128s
2024-10-03 09:23:22.055 62285 INFO tempest.lib.common.rest_client [req-ba910f05-7070-4ba5-a90a-8410ff0b49ce req-ba910f05-7070-4ba5-a90a-8410ff0b49ce ] Request (FlavorsV255TestJSON:tearDownClass): 200 GET http://10.180.1.21:9696/networking/v2.0/security-groups?tenant_id=f5f5c37b2e5f4b85b02dc7ace4f74527&name=default 0.476s
2024-10-03 09:23:22.060 62283 INFO tempest.lib.common.rest_client [req-9efec1ad-d6ea-47c9-aa03-5f6309016cc3 req-9efec1ad-d6ea-47c9-aa03-5f6309016cc3 ] Request (MigrationsAdminTest:test_list_migrations_in_flavor_resize_situation): 200 GET http://10.180.1.21/compute/v2.1/servers/deee86eb-365b-4104-8687-72abdbf3807f 0.336s
2024-10-03 09:23:22.075 62329 INFO tempest.lib.common.rest_client [req-56cbb80d-0253-432e-af88-665e736a0139 req-56cbb80d-0253-432e-af88-665e736a0139 ] Request (QuotaClassesAdmin257Test:test_update_default_quotas): 200 GET http://10.180.1.21/compute/v2.1/os-quota-class-sets/default 0.315s
2024-10-03 09:23:22.100 62303 INFO tempest.lib.common.rest_client [req-f6bec2ee-715c-45ef-9f50-1a66813685ff req-f6bec2ee-715c-45ef-9f50-1a66813685ff ] Request (VolumesAssistedSnapshotsTest:setUpClass): 204 PUT http://10.180.1.21/identity/v3/projects/96fd589717c24518ba7ed9dbf69af65c/users/ca9bb660a8304193a693e7aeb14a03d1/roles/c239aa3ddee6422abee2146b56c9fd44 0.164s
2024-10-03 09:23:22.100 62303 INFO tempest.lib.common.dynamic_creds [-] Dynamic test user ca9bb660a8304193a693e7aeb14a03d1 is created with scope project and roles: ['admin', 'service']
2024-10-03 09:23:22.100 62303 INFO tempest.lib.common.dynamic_creds [-] Acquired dynamic creds: credentials: Credentials: {'domain_id': 'default', 'domain_name': 'Default', 'username': 'tempest-VolumesAssistedSnapshotsTest-461317796-project', 'project_domain_id': 'default', 'project_domain_name': 'Default', 'project_id': '96fd589717c24518ba7ed9dbf69af65c', 'project_name': 'tempest-VolumesAssistedSnapshotsTest-461317796', 'tenant_id': '96fd589717c24518ba7ed9dbf69af65c', 'tenant_name': 'tempest-VolumesAssistedSnapshotsTest-461317796', 'user_domain_id': 'default', 'user_domain_name': 'Default', 'user_id': 'ca9bb660a8304193a693e7aeb14a03d1', 'system': None}, Network: None, Subnet: None, Router: None
2024-10-03 09:23:22.164 62269 INFO tempest.lib.common.rest_client [req-269f83ad-3b4b-47ff-81a4-0b9ea0a3bc48 req-269f83ad-3b4b-47ff-81a4-0b9ea0a3bc48 ] Request (QuotasAdminNegativeTest:setUpClass): 200 GET http://10.180.1.21/identity/v3/roles 0.201s
2024-10-03 09:23:22.189 62299 INFO tempest.lib.common.rest_client [req-4ba38425-0e1c-447c-8917-88975f1febb9 req-4ba38425-0e1c-447c-8917-88975f1febb9 ] Request (HypervisorAdminTestJSON:setUpClass): 204 PUT http://10.180.1.21/identity/v3/projects/6bf8dfc8d1404b86bb091754dd4c4d53/users/673a00b858dd42b39e3dec7d9383f39a/roles/3b3635e27c3c4ec8b08c40624c6e6c15 0.251s
2024-10-03 09:23:22.189 62299 INFO tempest.lib.common.dynamic_creds [-] Dynamic test user 673a00b858dd42b39e3dec7d9383f39a is created with scope project and roles: ['member']
2024-10-03 09:23:22.189 62299 INFO tempest.lib.common.dynamic_creds [-] Acquired dynamic creds: credentials: Credentials: {'domain_id': 'default', 'domain_name': 'Default', 'username': 'tempest-HypervisorAdminTestJSON-603084595-project-member', 'project_domain_id': 'default', 'project_domain_name': 'Default', 'project_id': '6bf8dfc8d1404b86bb091754dd4c4d53', 'project_name': 'tempest-HypervisorAdminTestJSON-603084595', 'tenant_id': '6bf8dfc8d1404b86bb091754dd4c4d53', 'tenant_name': 'tempest-HypervisorAdminTestJSON-603084595', 'user_domain_id': 'default', 'user_domain_name': 'Default', 'user_id': '673a00b858dd42b39e3dec7d9383f39a', 'system': None}, Network: None, Subnet: None, Router: None
2024-10-03 09:23:22.189 62299 INFO tempest.lib.common.dynamic_creds [-] Created isolated network resources for: credentials: Credentials: {'domain_id': 'default', 'domain_name': 'Default', 'username': 'tempest-HypervisorAdminTestJSON-603084595-project-member', 'project_domain_id': 'default', 'project_domain_name': 'Default', 'project_id': '6bf8dfc8d1404b86bb091754dd4c4d53', 'project_name': 'tempest-HypervisorAdminTestJSON-603084595', 'tenant_id': '6bf8dfc8d1404b86bb091754dd4c4d53', 'tenant_name': 'tempest-HypervisorAdminTestJSON-603084595', 'user_domain_id': 'default', 'user_domain_name': 'Default', 'user_id': '673a00b858dd42b39e3dec7d9383f39a', 'system': None}, Network: None, Subnet: None, Router: None
2024-10-03 09:23:22.214 62285 INFO tempest.lib.common.rest_client [req-66fb541f-be2c-45ca-9715-c07a835bfe0d req-66fb541f-be2c-45ca-9715-c07a835bfe0d ] Request (FlavorsV255TestJSON:tearDownClass): 204 DELETE http://10.180.1.21:9696/networking/v2.0/security-groups/6a701292-353f-4e9e-922f-177e48ffc51c 0.159s
2024-10-03 09:23:22.300 62317 INFO tempest.lib.common.rest_client [req-aca0be99-ef03-450d-afd7-900733299710 req-aca0be99-ef03-450d-afd7-900733299710 ] Request (FlavorsV261TestJSON:tearDownClass): 204 DELETE http://10.180.1.21/identity/v3/users/33847b70018143b5ad143f3dbadb37fc 0.273s
2024-10-03 09:23:22.301 62317 INFO tempest.lib.common.dynamic_creds [-] Deleting project and security group for project: 5a7934dd7c6d4b0c8ac09721f630c7b2
2024-10-03 09:23:22.334 62303 INFO tempest.lib.common.rest_client [req-b455cb4d-c5a5-4a0f-be65-16e2311790df req-b455cb4d-c5a5-4a0f-be65-16e2311790df ] Request (VolumesAssistedSnapshotsTest:setUpClass): 201 POST http://10.180.1.21:9696/networking/v2.0/networks 0.233s
2024-10-03 09:23:22.342 62269 INFO tempest.lib.common.rest_client [req-f1fa01ad-c363-4fe3-881d-434fe3ae47b3 req-f1fa01ad-c363-4fe3-881d-434fe3ae47b3 ] Request (QuotasAdminNegativeTest:setUpClass): 204 PUT http://10.180.1.21/identity/v3/projects/963c175df2784508ac49be40b505f976/users/06a5e99b6b56442eb7ea34baf3302859/roles/a8e296223bf346318a39f261fad86c36 0.176s
2024-10-03 09:23:22.342 62269 INFO tempest.lib.common.dynamic_creds [-] Dynamic test user 06a5e99b6b56442eb7ea34baf3302859 is created with scope project and roles: ['admin']
2024-10-03 09:23:22.342 62269 INFO tempest.lib.common.dynamic_creds [-] Acquired dynamic creds: credentials: Credentials: {'domain_id': 'default', 'domain_name': 'Default', 'username': 'tempest-QuotasAdminNegativeTest-50302746-project-admin', 'project_domain_id': 'default', 'project_domain_name': 'Default', 'project_id': '963c175df2784508ac49be40b505f976', 'project_name': 'tempest-QuotasAdminNegativeTest-50302746', 'tenant_id': '963c175df2784508ac49be40b505f976', 'tenant_name': 'tempest-QuotasAdminNegativeTest-50302746', 'user_domain_id': 'default', 'user_domain_name': 'Default', 'user_id': '06a5e99b6b56442eb7ea34baf3302859', 'system': None}, Network: None, Subnet: None, Router: None
2024-10-03 09:23:22.342 62269 INFO tempest.lib.common.dynamic_creds [-] Created isolated network resources for: credentials: Credentials: {'domain_id': 'default', 'domain_name': 'Default', 'username': 'tempest-QuotasAdminNegativeTest-50302746-project-admin', 'project_domain_id': 'default', 'project_domain_name': 'Default', 'project_id': '963c175df2784508ac49be40b505f976', 'project_name': 'tempest-QuotasAdminNegativeTest-50302746', 'tenant_id': '963c175df2784508ac49be40b505f976', 'tenant_name': 'tempest-QuotasAdminNegativeTest-50302746', 'user_domain_id': 'default', 'user_domain_name': 'Default', 'user_id': '06a5e99b6b56442eb7ea34baf3302859', 'system': None}, Network: None, Subnet: None, Router: None
2024-10-03 09:23:22.373 62291 INFO tempest.lib.common.rest_client [req-8ac3c316-a214-4fb8-9bb9-d67efd7ab000 req-8ac3c316-a214-4fb8-9bb9-d67efd7ab000 ] Request (InstanceActionsNegativeTestJSON:setUpClass): 201 POST http://10.180.1.21:9696/networking/v2.0/subnets 0.791s
2024-10-03 09:23:22.384 62299 INFO tempest.lib.common.rest_client [req-882df81a-7eaa-466c-ad7f-55a05f860115 req-882df81a-7eaa-466c-ad7f-55a05f860115 ] Request (HypervisorAdminTestJSON:setUpClass): 201 POST http://10.180.1.21/identity/v3/auth/tokens 0.189s
2024-10-03 09:23:22.384 62295 INFO tempest.lib.common.rest_client [req-ff71702c-8fd2-40ea-9cde-4170e430e69e req-ff71702c-8fd2-40ea-9cde-4170e430e69e ] Request (FlavorsV2NegativeTest:test_boot_with_low_ram): 400 POST http://10.180.1.21/compute/v2.1/servers 0.598s
2024-10-03 09:23:22.408 62323 INFO tempest.lib.common.rest_client [req-80a68211-8dcd-420c-80a0-cc7d2836a9a0 req-80a68211-8dcd-420c-80a0-cc7d2836a9a0 ] Request (FlavorsAccessNegativeTestJSON:test_flavor_access_list_with_public_flavor): 200 POST http://10.180.1.21/compute/v2.1/flavors 0.615s
2024-10-03 09:23:22.426 62285 INFO tempest.lib.common.rest_client [req-d0186e8f-8981-47bf-b12d-7795ded0008d req-d0186e8f-8981-47bf-b12d-7795ded0008d ] Request (FlavorsV255TestJSON:tearDownClass): 204 DELETE http://10.180.1.21/identity/v3/projects/f5f5c37b2e5f4b85b02dc7ace4f74527 0.212s
2024-10-03 09:23:22.439 62327 INFO tempest.lib.common.rest_client [req-2a7a766f-0750-47d1-b148-5c21cd68b765 req-2a7a766f-0750-47d1-b148-5c21cd68b765 ] Request (FlavorsExtraSpecsTestJSON:test_flavor_set_get_update_show_unset_keys): 200 PUT http://10.180.1.21/compute/v2.1/flavors/1868980943/os-extra_specs/hw:numa_nodes 0.638s
2024-10-03 09:23:22.444 62317 INFO tempest.lib.common.rest_client [req-7fb9c01a-1d89-43ea-8bfc-0f7848fcd384 req-7fb9c01a-1d89-43ea-8bfc-0f7848fcd384 ] Request (FlavorsV261TestJSON:tearDownClass): 201 POST http://10.180.1.21/identity/v3/auth/tokens 0.143s
2024-10-03 09:23:22.461 62307 INFO tempest.lib.common.rest_client [req-98215773-a4ce-446f-b736-bbe6558066c5 req-98215773-a4ce-446f-b736-bbe6558066c5 ] Request (FlavorsAdminTestJSON:test_create_flavor_with_int_id): 200 POST http://10.180.1.21/compute/v2.1/flavors 0.654s
2024-10-03 09:23:22.462 62295 INFO tempest.lib.common.rest_client [req-f233b6db-cedc-44e4-8ac3-ed2d1352858e req-f233b6db-cedc-44e4-8ac3-ed2d1352858e ] Request (FlavorsV2NegativeTest:_run_cleanups): 204 DELETE http://10.180.1.21/image/v2/images/59790a0f-c81b-4a0f-a56e-e2b3c4fee78a 0.077s
2024-10-03 09:23:22.465 62309 INFO tempest.lib.common.rest_client [req-f63f266b-f478-4df6-875d-1125a5607ee1 req-f63f266b-f478-4df6-875d-1125a5607ee1 ] Request (HypervisorAdminNegativeTestJSON:test_show_hypervisor_with_non_admin_user): 403 GET http://10.180.1.21/compute/v2.1/os-hypervisors/1 0.642s
2024-10-03 09:23:22.472 62299 INFO tempest.lib.common.rest_client [req-dfb5cf88-27c8-44b5-91fc-30d49ed75da9 req-dfb5cf88-27c8-44b5-91fc-30d49ed75da9 ] Request (HypervisorAdminTestJSON:setUpClass): 201 POST http://10.180.1.21/identity/v3/projects 0.088s
2024-10-03 09:23:22.526 62285 INFO tempest.lib.common.rest_client [req-ddd33376-5841-4eea-a51e-a545117306de req-ddd33376-5841-4eea-a51e-a545117306de ] Request (ServerDiagnosticsTest:setUpClass): 201 POST http://10.180.1.21/identity/v3/auth/tokens 0.098s
2024-10-03 09:23:22.525 62269 INFO tempest.lib.common.rest_client [req-e66b60c7-d267-4391-a1f0-3ff85796f12e req-e66b60c7-d267-4391-a1f0-3ff85796f12e ] Request (QuotasAdminNegativeTest:setUpClass): 201 POST http://10.180.1.21/identity/v3/auth/tokens 0.178s
2024-10-03 09:23:22.530 62269 WARNING tempest.lib.common.rest_client [-] Deprecated: "tenant_id" property is deprecated for removal, use "project_id" instead
2024-10-03 09:23:22.538 62271 INFO tempest.lib.common.rest_client [req-f41a3343-ab5c-4203-a982-cd3edf434d88 req-f41a3343-ab5c-4203-a982-cd3edf434d88 ] Request (DeleteServersAdminTestJSON:test_admin_delete_servers_of_others): 200 GET http://10.180.1.21/compute/v2.1/servers/768b0b5f-7d20-4bc6-87f6-b66adcce42c6 0.718s
2024-10-03 09:23:22.545 62281 INFO tempest.lib.common.rest_client [req-f9fbdbcd-ee9b-47b0-ad36-3a83201dfd01 req-f9fbdbcd-ee9b-47b0-ad36-3a83201dfd01 ] Request (HostsAdminNegativeTestJSON:test_show_host_detail_with_non_admin_user): 403 GET http://10.180.1.21/compute/v2.1/os-hosts/devstack 0.691s
2024-10-03 09:23:22.587 62295 INFO tempest.lib.common.rest_client [req-1ad7c8b6-248f-4dcc-b4a1-a43484afaf86 req-1ad7c8b6-248f-4dcc-b4a1-a43484afaf86 ] Request (FlavorsV2NegativeTest:tearDownClass): 204 DELETE http://10.180.1.21/identity/v3/users/4f8ddd81a59a43ad96c7557e38559b36 0.121s
2024-10-03 09:23:22.588 62295 INFO tempest.lib.common.dynamic_creds [-] Deleting project and security group for project: 6671df2a14d54361b30b87b20f634567
