2024-10-03 09:24:38.135 62309 INFO tempest.lib.common.rest_client [req-2bf5785b-4a37-4e86-b581-4f03252940c0 req-2bf5785b-4a37-4e86-b581-4f03252940c0 ] Request (ServersTestJSON:setUpClass): 200 GET http://10.180.1.21/compute/v2.1/servers/3ee4e051-f51d-4840-a918-fdedad020557 0.306s
2024-10-03 09:24:38.193 62311 INFO tempest.lib.common.rest_client [req-b38c1648-6938-461c-976a-fe03b087a585 req-b38c1648-6938-461c-976a-fe03b087a585 ] Request (ImagesTestJSON:test_create_image_from_suspended_server): 200 GET http://10.180.1.21/compute/v2.1/servers/5da19104-b163-44cd-bb1f-68c4eb316ac1 0.299s
2024-10-03 09:24:38.208 62285 INFO tempest.lib.common.rest_client [req-62a1fe64-6bd8-401a-8c26-da1b0505bd52 req-62a1fe64-6bd8-401a-8c26-da1b0505bd52 ] Request (ServersTestBootFromVolume:setUpClass): 200 GET http://10.180.1.21/volume/v3/7ded80f14852431187bd5066e4c42d71/volumes/b5d7c242-16d7-4aff-81f3-626f9f878e94 0.034s
2024-10-03 09:24:38.220 62267 INFO tempest.lib.common.rest_client [req-2c92b658-176d-4efb-b731-b071652fe5b0 req-2c92b658-176d-4efb-b731-b071652fe5b0 ] Request (ServersWithSpecificFlavorTestJSON:test_verify_created_server_ephemeral_disk): 200 GET http://10.180.1.21/compute/v2.1/servers/7d8d4cdc-2b25-46f3-8bc0-1de22fdd005a 0.272s
2024-10-03 09:24:38.237 62267 INFO tempest.common.waiters [-] State transition "BUILD/spawning" ==> "BUILD/scheduling" after 67 second wait
2024-10-03 09:24:38.275 62313 INFO tempest.lib.common.rest_client [req-52eee3a3-1c4a-4c52-bc76-b73db523408c req-52eee3a3-1c4a-4c52-bc76-b73db523408c ] Request (SecurityGroupRulesTestJSON:setUpClass): 200 PUT http://10.180.1.21:9696/networking/v2.0/routers/c6140164-076e-4417-a92c-829a41ad3d51/add_router_interface 1.176s
2024-10-03 09:24:38.279 62313 INFO tempest.lib.common.dynamic_creds [-] Created isolated network resources for: credentials: Credentials: {'domain_id': 'default', 'domain_name': 'Default', 'username': 'tempest-SecurityGroupRulesTestJSON-497213166-project-member', 'project_domain_id': 'default', 'project_domain_name': 'Default', 'project_id': '7c405525641e4670b3dc1c3aa525fd71', 'project_name': 'tempest-SecurityGroupRulesTestJSON-497213166', 'tenant_id': '7c405525641e4670b3dc1c3aa525fd71', 'tenant_name': 'tempest-SecurityGroupRulesTestJSON-497213166', 'user_domain_id': 'default', 'user_domain_name': 'Default', 'user_id': '497143a645104b398760b3dcc6e2a256', 'system': None}, Network: {'id': 'ac41cb03-428e-4d51-8801-ed41b4396231', 'name': 'tempest-SecurityGroupRulesTestJSON-2061068138-network', 'tenant_id': '7c405525641e4670b3dc1c3aa525fd71', 'admin_state_up': True, 'mtu': 8950, 'status': 'ACTIVE', 'subnets': [], 'shared': False, 'project_id': '7c405525641e4670b3dc1c3aa525fd71', 'port_security_enabled': True, 'router:external': False, 'provider:network_type': 'vlan', 'provider:physical_network': 'default', 'provider:segmentation_id': 896, 'is_default': False, 'availability_zone_hints': [], 'availability_zones': [], 'ipv4_address_scope': None, 'ipv6_address_scope': None, 'description': '', 'tags': [], 'created_at': '2024-10-03T09:24:34Z', 'updated_at': '2024-10-03T09:24:34Z', 'revision_number': 1}, Subnet: {'id': '8906a36f-d88e-4d0a-a13a-a1460b5c65fb', 'name': 'tempest-SecurityGroupRulesTestJSON-2061068138-subnet', 'tenant_id': '7c405525641e4670b3dc1c3aa525fd71', 'network_id': 'ac41cb03-428e-4d51-8801-ed41b4396231', 'ip_version': 4, 'subnetpool_id': None, 'enable_dhcp': True, 'ipv6_ra_mode': None, 'ipv6_address_mode': None, 'gateway_ip': '192.168.128.1', 'cidr': '192.168.128.0/28', 'allocation_pools': [{'start': '192.168.128.2', 'end': '192.168.128.14'}], 'host_routes': [], 'dns_nameservers': [], 'description': '', 'router:external': False, 'service_types': [], 'tags': [], 'created_at': '2024-10-03T09:24:35Z', 'updated_at': '2024-10-03T09:24:35Z', 'revision_number': 0, 'project_id': '7c405525641e4670b3dc1c3aa525fd71'}, Router: {'id': 'c6140164-076e-4417-a92c-829a41ad3d51', 'name': 'tempest-SecurityGroupRulesTestJSON-2061068138-router', 'tenant_id': '7c405525641e4670b3dc1c3aa525fd71', 'admin_state_up': True, 'status': 'ACTIVE', 'external_gateway_info': {'network_id': 'f5d8f6fe-4cf7-4859-8f7d-d22fa2b5887a', 'external_fixed_ips': [{'subnet_id': 'c7758276-5340-4f9c-bb21-aaaa13497e0f', 'ip_address': '10.180.180.143'}], 'enable_snat': True}, 'description': '', 'availability_zones': [], 'distributed': False, 'ha': False, 'availability_zone_hints': [], 'routes': [], 'flavor_id': None, 'tags': [], 'created_at': '2024-10-03T09:24:35Z', 'updated_at': '2024-10-03T09:24:36Z', 'revision_number': 2, 'project_id': '7c405525641e4670b3dc1c3aa525fd71'}
2024-10-03 09:24:38.294 62297 INFO tempest.lib.common.rest_client [req-285b5d56-362b-4ee9-a74b-069cceacb4a5 req-285b5d56-362b-4ee9-a74b-069cceacb4a5 ] Request (ImagesOneServerTestJSON:setUpClass): 200 GET http://10.180.1.21/compute/v2.1/servers/d41f73e0-a188-4cc4-8391-938178aad496 0.333s
2024-10-03 09:24:38.324 62305 INFO tempest.lib.common.rest_client [req-68d6b167-c8bb-4712-940d-e55eb827e975 req-68d6b167-c8bb-4712-940d-e55eb827e975 ] Request (MultipleCreateTestJSON:test_multiple_create): 200 GET http://10.180.1.21/compute/v2.1/servers/076aed5b-4b08-4f3b-a940-d9cd95c32e57 0.332s
2024-10-03 09:24:38.394 62321 INFO tempest.lib.common.rest_client [req-efb37522-f857-4d02-8dc2-f5016baffc6b req-efb37522-f857-4d02-8dc2-f5016baffc6b ] Request (ServerTagsTestJSON:setUpClass): 200 GET http://10.180.1.21/compute/v2.1/servers/30d782e4-30c7-41f6-b30d-95a9a59cf83c 0.374s
2024-10-03 09:24:38.404 62291 INFO tempest.lib.common.rest_client [req-066f72c6-02e6-4669-a5ea-bb61c68636d6 req-066f72c6-02e6-4669-a5ea-bb61c68636d6 ] Request (ListServersNegativeTestJSON:setUpClass): 201 POST http://10.180.1.21:9696/networking/v2.0/networks 0.563s
2024-10-03 09:24:38.412 62289 INFO tempest.lib.common.rest_client [req-9f58e7d4-1f88-4264-b9a4-e0f15e3257b2 req-9f58e7d4-1f88-4264-b9a4-e0f15e3257b2 ] Request (AttachInterfacesV270Test:test_create_get_list_interfaces): 200 GET http://10.180.1.21/compute/v2.1/servers/ad0dd218-5e45-4d22-9d94-5c25ba8b22ec 0.267s
2024-10-03 09:24:38.414 62313 INFO tempest.lib.common.rest_client [req-818cc1a7-1638-45a5-abf4-c5f5fd008d0f req-818cc1a7-1638-45a5-abf4-c5f5fd008d0f ] Request (SecurityGroupRulesTestJSON:setUpClass): 201 POST http://10.180.1.21/identity/v3/auth/tokens 0.130s
2024-10-03 09:24:38.471 62277 INFO tempest.lib.common.rest_client [req-90821be9-ed33-4660-a57e-243bc3891cf3 req-90821be9-ed33-4660-a57e-243bc3891cf3 ] Request (InstanceActionsV221TestJSON:test_get_list_deleted_instance_actions): 200 GET http://10.180.1.21/compute/v2.1/servers/9ec1b7a6-5ade-49a3-ba47-912bb328adb6 0.192s
2024-10-03 09:24:38.489 62271 INFO tempest.lib.common.rest_client [req-650cdecb-90ad-4af4-aded-4fb2775fffc2 req-650cdecb-90ad-4af4-aded-4fb2775fffc2 ] Request (DeleteServersAdminTestJSON:test_delete_server_while_in_error_state): 200 GET http://10.180.1.21/compute/v2.1/servers/a71c58e7-89db-4ad2-92e0-5379b04b751c 0.256s
2024-10-03 09:24:38.540 62303 INFO tempest.lib.common.rest_client [req-692add52-aff5-42fe-a0da-3fc4cc190f17 req-692add52-aff5-42fe-a0da-3fc4cc190f17 ] Request (VolumesAssistedSnapshotsTest:test_volume_assisted_snapshot_create_delete): 200 GET http://10.180.1.21/compute/v2.1/servers/d7a90be3-d3d6-4626-944b-b907cf7fb64d 0.208s
2024-10-03 09:24:38.552 62316 INFO tempest.lib.common.rest_client [req-d9ec6bfc-d7c3-482a-8032-2f4c3ba12468 req-d9ec6bfc-d7c3-482a-8032-2f4c3ba12468 ] Request (ServerDiskConfigTestJSON:test_rebuild_server_with_auto_disk_config): 200 GET http://10.180.1.21/compute/v2.1/servers/efa18997-b502-4e2e-933a-a185ab9074d5 0.169s
2024-10-03 09:24:38.626 62291 INFO tempest.lib.common.rest_client [req-1f6e0405-390c-4355-b5e1-b07c9d640172 req-1f6e0405-390c-4355-b5e1-b07c9d640172 ] Request (ListServersNegativeTestJSON:setUpClass): 201 POST http://10.180.1.21:9696/networking/v2.0/subnets 0.222s
2024-10-03 09:24:38.634 62317 INFO tempest.lib.common.rest_client [req-41420706-1eba-4a05-a089-fca1d9468ee4 req-41420706-1eba-4a05-a089-fca1d9468ee4 ] Request (DeleteServersTestJSON:test_delete_active_server): 200 GET http://10.180.1.21/compute/v2.1/servers/73ab65b7-32e7-4206-8f31-466085319c71 0.205s
2024-10-03 09:24:38.698 62273 INFO tempest.lib.common.rest_client [req-fcdd41b3-c20b-448e-9d18-a8897b4945e4 req-fcdd41b3-c20b-448e-9d18-a8897b4945e4 ] Request (TenantUsagesTestJSON:setUpClass): 200 GET http://10.180.1.21/compute/v2.1/servers/2226072d-16f2-4ea1-a56c-d866554c7379 0.222s
2024-10-03 09:24:38.773 62301 INFO tempest.lib.common.rest_client [req-547cccd4-450c-41ca-b67f-dda8168b4da7 req-547cccd4-450c-41ca-b67f-dda8168b4da7 ] Request (ServerActionsTestJSON:setUpClass): 200 GET http://10.180.1.21/compute/v2.1/servers/71aead12-a182-40a7-b5a9-91c01271b800 0.251s
2024-10-03 09:24:38.827 62287 INFO tempest.lib.common.rest_client [req-2b389346-9829-4f62-9c9a-6904bb04236c req-2b389346-9829-4f62-9c9a-6904bb04236c ] Request (FloatingIPsAssociationNegativeTestJSON:setUpClass): 200 GET http://10.180.1.21/compute/v2.1/servers/73cb4a44-a4d9-4c8c-8472-f99b5d449cec 0.247s
2024-10-03 09:24:38.853 62313 INFO tempest.lib.common.rest_client [req-50a3f44f-67c9-41fe-ae3d-72d87511e2a8 req-50a3f44f-67c9-41fe-ae3d-72d87511e2a8 ] Request (SecurityGroupRulesTestJSON:test_security_group_rules_create): 200 POST http://10.180.1.21/compute/v2.1/os-security-groups 0.438s
2024-10-03 09:24:38.876 62295 INFO tempest.lib.common.rest_client [req-569c0979-a0b0-4e4a-82c1-b37f400182c5 req-569c0979-a0b0-4e4a-82c1-b37f400182c5 ] Request (ServersTestMultiNic:test_verify_duplicate_network_nics): 200 GET http://10.180.1.21/compute/v2.1/servers/95edf3d1-a987-4768-93be-1e045d7bfa99 0.234s
2024-10-03 09:24:38.916 62294 INFO tempest.lib.common.rest_client [req-1334a00b-941e-4c0f-936b-d41246710a4d req-1334a00b-941e-4c0f-936b-d41246710a4d ] Request (ServerRescueTestJSON:setUpClass): 200 GET http://10.180.1.21/compute/v2.1/servers/963feecc-ff58-4cbb-8d6f-3f9035337087 0.223s
2024-10-03 09:24:38.923 62319 INFO tempest.lib.common.rest_client [req-1b42d18f-885f-4483-b2b1-9e6050158553 req-1b42d18f-885f-4483-b2b1-9e6050158553 ] Request (AttachInterfacesTestJSON:test_create_list_show_delete_interfaces_by_network_port): 200 GET http://10.180.1.21/compute/v2.1/servers/0ac963b1-120a-464b-8228-3393135dd182 0.171s
2024-10-03 09:24:38.973 62279 INFO tempest.lib.common.rest_client [req-bf6bf215-b531-45a9-92a9-fb8a27bb5f81 req-bf6bf215-b531-45a9-92a9-fb8a27bb5f81 ] Request (ServerActionsTestOtherA:setUpClass): 200 GET http://10.180.1.21/compute/v2.1/servers/67e99ada-a8e6-4034-b19b-5b2cb883b735 0.161s
2024-10-03 09:24:39.035 62281 INFO tempest.lib.common.rest_client [req-8200ef82-bf72-4d9a-8645-710d2cf3c1ed req-8200ef82-bf72-4d9a-8645-710d2cf3c1ed ] Request (ServerActionsTestOtherB:setUpClass): 200 GET http://10.180.1.21/compute/v2.1/servers/a5b98f92-d287-4d40-8a21-d2de64026970 0.153s
2024-10-03 09:24:39.081 62313 INFO tempest.lib.common.rest_client [req-5ed21e71-edc1-4896-840f-1e21bf679058 req-5ed21e71-edc1-4896-840f-1e21bf679058 ] Request (SecurityGroupRulesTestJSON:test_security_group_rules_create): 200 POST http://10.180.1.21/compute/v2.1/os-security-group-rules 0.225s
2024-10-03 09:24:39.098 62323 INFO tempest.lib.common.rest_client [req-848be5f7-47f6-4f68-b23b-bd2f78426aae req-848be5f7-47f6-4f68-b23b-bd2f78426aae ] Request (FloatingIPsAssociationTestJSON:setUpClass): 200 GET http://10.180.1.21/compute/v2.1/servers/2c1dfa78-d300-4505-9f87-8e11a4973af3 0.174s
2024-10-03 09:24:39.145 62326 INFO tempest.lib.common.rest_client [req-b4831125-235c-48a9-bfd3-230e1bc6085b req-b4831125-235c-48a9-bfd3-230e1bc6085b ] Request (VolumesAdminNegativeTest:test_update_attached_volume_with_nonexistent_volume_in_body): 200 GET http://10.180.1.21/compute/v2.1/servers/b0134b0f-23b4-4d34-b144-71ccdd9fba72 0.216s
2024-10-03 09:24:39.160 62329 INFO tempest.lib.common.rest_client [req-81cfbf8f-8568-4798-ba33-261bb68b28b5 req-81cfbf8f-8568-4798-ba33-261bb68b28b5 ] Request (ImagesOneServerNegativeTestJSON:setUpClass): 200 GET http://10.180.1.21/compute/v2.1/servers/d8478b63-3a62-4afa-950b-edf9774e8ea8 0.167s
2024-10-03 09:24:39.202 62283 INFO tempest.lib.common.rest_client [req-b4be8ce9-0734-4e44-825b-fe0820b4cbde req-b4be8ce9-0734-4e44-825b-fe0820b4cbde ] Request (MigrationsAdminTest:test_resize_server_revert_deleted_flavor): 200 GET http://10.180.1.21/compute/v2.1/servers/d148d561-3211-4f1f-965a-f2b14cd60b11 0.148s
2024-10-03 09:24:39.220 62327 INFO tempest.lib.common.rest_client [req-215b39fe-44e0-4f1d-999c-c4b4b89c159e req-215b39fe-44e0-4f1d-999c-c4b4b89c159e ] Request (InstanceActionsTestJSON:setUpClass): 200 GET http://10.180.1.21/compute/v2.1/servers/adccca24-ed77-410b-8b69-19137cadafbd 0.161s
2024-10-03 09:24:39.259 62285 INFO tempest.lib.common.rest_client [req-96daab62-168c-437e-a63c-74b9dea8ff97 req-96daab62-168c-437e-a63c-74b9dea8ff97 ] Request (ServersTestBootFromVolume:setUpClass): 200 GET http://10.180.1.21/volume/v3/7ded80f14852431187bd5066e4c42d71/volumes/b5d7c242-16d7-4aff-81f3-626f9f878e94 0.032s
2024-10-03 09:24:39.292 62307 INFO tempest.lib.common.rest_client [req-9e0e2b7b-97f4-4dd3-ab1f-b4cd9f25a65a req-9e0e2b7b-97f4-4dd3-ab1f-b4cd9f25a65a ] Request (ServersTestManualDisk:setUpClass): 200 GET http://10.180.1.21/compute/v2.1/servers/d0914f90-200c-4715-aaab-54beacf339b9 0.170s
2024-10-03 09:24:39.328 62313 INFO tempest.lib.common.rest_client [req-0c626f2e-8235-46af-9cdf-a5bc971f61a0 req-0c626f2e-8235-46af-9cdf-a5bc971f61a0 ] Request (SecurityGroupRulesTestJSON:test_security_group_rules_create_with_optional_cidr): 200 POST http://10.180.1.21/compute/v2.1/os-security-groups 0.243s
2024-10-03 09:24:39.349 62309 INFO tempest.lib.common.rest_client [req-697f7e5a-9b92-4e00-b540-60cc76a74b2a req-697f7e5a-9b92-4e00-b540-60cc76a74b2a ] Request (ServersTestJSON:setUpClass): 200 GET http://10.180.1.21/compute/v2.1/servers/3ee4e051-f51d-4840-a918-fdedad020557 0.205s
2024-10-03 09:24:39.377 62311 INFO tempest.lib.common.rest_client [req-715fafe1-bf7c-48d3-9842-c2e2ba0cfcd1 req-715fafe1-bf7c-48d3-9842-c2e2ba0cfcd1 ] Request (ImagesTestJSON:test_create_image_from_suspended_server): 200 GET http://10.180.1.21/compute/v2.1/servers/5da19104-b163-44cd-bb1f-68c4eb316ac1 0.169s
2024-10-03 09:24:39.416 62267 INFO tempest.lib.common.rest_client [req-61096fa2-71bf-4638-be90-a157807834d9 req-61096fa2-71bf-4638-be90-a157807834d9 ] Request (ServersWithSpecificFlavorTestJSON:test_verify_created_server_ephemeral_disk): 200 GET http://10.180.1.21/compute/v2.1/servers/7d8d4cdc-2b25-46f3-8bc0-1de22fdd005a 0.178s
2024-10-03 09:24:39.423 62267 INFO tempest.common.waiters [-] State transition "BUILD/scheduling" ==> "ERROR/None" after 68 second wait
2024-10-03 09:24:39.431 62297 INFO tempest.lib.common.rest_client [req-7f7c0f16-5e35-4184-bfa8-410207902630 req-7f7c0f16-5e35-4184-bfa8-410207902630 ] Request (ImagesOneServerTestJSON:setUpClass): 200 GET http://10.180.1.21/compute/v2.1/servers/d41f73e0-a188-4cc4-8391-938178aad496 0.127s
2024-10-03 09:24:39.482 62305 INFO tempest.lib.common.rest_client [req-3cf3e23e-b53b-4bad-bb83-34e78627a181 req-3cf3e23e-b53b-4bad-bb83-34e78627a181 ] Request (MultipleCreateTestJSON:test_multiple_create): 200 GET http://10.180.1.21/compute/v2.1/servers/076aed5b-4b08-4f3b-a940-d9cd95c32e57 0.143s
2024-10-03 09:24:39.530 62321 INFO tempest.lib.common.rest_client [req-37a46be4-05ff-4892-8c02-cb89a46bafa3 req-37a46be4-05ff-4892-8c02-cb89a46bafa3 ] Request (ServerTagsTestJSON:setUpClass): 200 GET http://10.180.1.21/compute/v2.1/servers/30d782e4-30c7-41f6-b30d-95a9a59cf83c 0.123s
2024-10-03 09:24:39.617 62291 INFO tempest.lib.common.rest_client [req-ffb53bf3-afa7-41df-87e5-cd33ce2c27ce req-ffb53bf3-afa7-41df-87e5-cd33ce2c27ce ] Request (ListServersNegativeTestJSON:setUpClass): 201 POST http://10.180.1.21:9696/networking/v2.0/routers 0.990s
2024-10-03 09:24:39.623 62313 INFO tempest.lib.common.rest_client [req-b6ccc48e-c804-4382-bdda-daa35426ab5c req-b6ccc48e-c804-4382-bdda-daa35426ab5c ] Request (SecurityGroupRulesTestJSON:test_security_group_rules_create_with_optional_cidr): 200 POST http://10.180.1.21/compute/v2.1/os-security-group-rules 0.293s
2024-10-03 09:24:39.681 62289 INFO tempest.lib.common.rest_client [req-9fda0918-c30f-424c-b822-17bdf6a605e3 req-9fda0918-c30f-424c-b822-17bdf6a605e3 ] Request (AttachInterfacesV270Test:test_create_get_list_interfaces): 200 GET http://10.180.1.21/compute/v2.1/servers/ad0dd218-5e45-4d22-9d94-5c25ba8b22ec 0.255s
2024-10-03 09:24:39.712 62267 INFO tempest.lib.common.rest_client [req-acc34141-2f02-4c17-be12-27794c17e8cb req-acc34141-2f02-4c17-be12-27794c17e8cb ] Request (ServersWithSpecificFlavorTestJSON:test_verify_created_server_ephemeral_disk): 204 DELETE http://10.180.1.21/compute/v2.1/servers/7d8d4cdc-2b25-46f3-8bc0-1de22fdd005a 0.288s
2024-10-03 09:24:39.735 62277 INFO tempest.lib.common.rest_client [req-1ebe04b6-eaa6-4274-9592-7aec51189184 req-1ebe04b6-eaa6-4274-9592-7aec51189184 ] Request (InstanceActionsV221TestJSON:test_get_list_deleted_instance_actions): 200 GET http://10.180.1.21/compute/v2.1/servers/9ec1b7a6-5ade-49a3-ba47-912bb328adb6 0.255s
2024-10-03 09:24:39.762 62271 INFO tempest.lib.common.rest_client [req-2a07de28-7533-4d66-9f38-1b8894af343b req-2a07de28-7533-4d66-9f38-1b8894af343b ] Request (DeleteServersAdminTestJSON:test_delete_server_while_in_error_state): 200 GET http://10.180.1.21/compute/v2.1/servers/a71c58e7-89db-4ad2-92e0-5379b04b751c 0.264s
2024-10-03 09:24:39.793 62303 INFO tempest.lib.common.rest_client [req-9a942f3e-b6dc-49dc-a696-2ffbf2ee2e64 req-9a942f3e-b6dc-49dc-a696-2ffbf2ee2e64 ] Request (VolumesAssistedSnapshotsTest:test_volume_assisted_snapshot_create_delete): 200 GET http://10.180.1.21/compute/v2.1/servers/d7a90be3-d3d6-4626-944b-b907cf7fb64d 0.244s
2024-10-03 09:24:39.812 62316 INFO tempest.lib.common.rest_client [req-b15eb47e-dc9d-470d-b8d5-8a4c6e721236 req-b15eb47e-dc9d-470d-b8d5-8a4c6e721236 ] Request (ServerDiskConfigTestJSON:test_rebuild_server_with_auto_disk_config): 200 GET http://10.180.1.21/compute/v2.1/servers/efa18997-b502-4e2e-933a-a185ab9074d5 0.251s
2024-10-03 09:24:39.859 62317 INFO tempest.lib.common.rest_client [req-71de0e00-9829-4d6c-8b83-6b5eb795826e req-71de0e00-9829-4d6c-8b83-6b5eb795826e ] Request (DeleteServersTestJSON:test_delete_active_server): 200 GET http://10.180.1.21/compute/v2.1/servers/73ab65b7-32e7-4206-8f31-466085319c71 0.216s
2024-10-03 09:24:39.905 62273 INFO tempest.lib.common.rest_client [req-8933d907-8103-495b-85e3-0141c9f7d019 req-8933d907-8103-495b-85e3-0141c9f7d019 ] Request (TenantUsagesTestJSON:setUpClass): 200 GET http://10.180.1.21/compute/v2.1/servers/2226072d-16f2-4ea1-a56c-d866554c7379 0.198s
2024-10-03 09:24:39.909 62313 INFO tempest.lib.common.rest_client [req-58159a8f-9256-4736-833c-d15aaf2fc9af req-58159a8f-9256-4736-833c-d15aaf2fc9af ] Request (SecurityGroupRulesTestJSON:test_security_group_rules_create_with_optional_group_id): 200 POST http://10.180.1.21/compute/v2.1/os-security-groups 0.282s
2024-10-03 09:24:39.915 62273 INFO tempest.common.waiters [-] State transition "BUILD/spawning" ==> "BUILD/scheduling" after 67 second wait
2024-10-03 09:24:39.921 62267 INFO tempest.lib.common.rest_client [req-d670afda-61c5-4a6a-953d-077a660198a5 req-d670afda-61c5-4a6a-953d-077a660198a5 ] Request (ServersWithSpecificFlavorTestJSON:test_verify_created_server_ephemeral_disk): 404 GET http://10.180.1.21/compute/v2.1/servers/7d8d4cdc-2b25-46f3-8bc0-1de22fdd005a 0.209s
2024-10-03 09:24:39.967 62287 INFO tempest.lib.common.rest_client [req-efd75997-95d6-4927-a08a-149655ae981e req-efd75997-95d6-4927-a08a-149655ae981e ] Request (FloatingIPsAssociationNegativeTestJSON:setUpClass): 200 GET http://10.180.1.21/compute/v2.1/servers/73cb4a44-a4d9-4c8c-8472-f99b5d449cec 0.133s
2024-10-03 09:24:39.971 62301 INFO tempest.lib.common.rest_client [req-a83abc00-4cd7-4977-a59a-335e92a8f82c req-a83abc00-4cd7-4977-a59a-335e92a8f82c ] Request (ServerActionsTestJSON:setUpClass): 200 GET http://10.180.1.21/compute/v2.1/servers/71aead12-a182-40a7-b5a9-91c01271b800 0.189s
2024-10-03 09:24:39.974 62287 INFO tempest.common.waiters [-] State transition "BUILD/None" ==> "BUILD/networking" after 45 second wait
2024-10-03 09:24:40.021 62295 INFO tempest.lib.common.rest_client [req-d15fbec8-ecb7-492a-b270-0bc6aed33389 req-d15fbec8-ecb7-492a-b270-0bc6aed33389 ] Request (ServersTestMultiNic:test_verify_duplicate_network_nics): 200 GET http://10.180.1.21/compute/v2.1/servers/95edf3d1-a987-4768-93be-1e045d7bfa99 0.137s
2024-10-03 09:24:40.072 62294 INFO tempest.lib.common.rest_client [req-114a7468-f08c-49ab-8a4e-6dd9c48e7256 req-114a7468-f08c-49ab-8a4e-6dd9c48e7256 ] Request (ServerRescueTestJSON:setUpClass): 200 GET http://10.180.1.21/compute/v2.1/servers/963feecc-ff58-4cbb-8d6f-3f9035337087 0.148s
2024-10-03 09:24:40.083 62313 INFO tempest.lib.common.rest_client [req-cef7b977-71ab-4c08-b10f-3562dcec0609 req-cef7b977-71ab-4c08-b10f-3562dcec0609 ] Request (SecurityGroupRulesTestJSON:test_security_group_rules_create_with_optional_group_id): 200 POST http://10.180.1.21/compute/v2.1/os-security-groups 0.172s
2024-10-03 09:24:40.094 62267 INFO tempest.lib.common.rest_client [req-66108151-1fe2-44a4-8599-2526dbd25843 req-66108151-1fe2-44a4-8599-2526dbd25843 ] Request (ServersWithSpecificFlavorTestJSON:_run_cleanups): 202 DELETE http://10.180.1.21/compute/v2.1/os-keypairs/tempest-keypair-2127623394 0.170s
2024-10-03 09:24:40.153 62279 INFO tempest.lib.common.rest_client [req-fd75cf6a-334e-4738-ac8b-8f20f1e6fbee req-fd75cf6a-334e-4738-ac8b-8f20f1e6fbee ] Request (ServerActionsTestOtherA:setUpClass): 200 GET http://10.180.1.21/compute/v2.1/servers/67e99ada-a8e6-4034-b19b-5b2cb883b735 0.173s
2024-10-03 09:24:40.165 62319 INFO tempest.lib.common.rest_client [req-1614c529-c5c8-43ec-824b-7f4b44cd1e36 req-1614c529-c5c8-43ec-824b-7f4b44cd1e36 ] Request (AttachInterfacesTestJSON:test_create_list_show_delete_interfaces_by_network_port): 200 GET http://10.180.1.21/compute/v2.1/servers/0ac963b1-120a-464b-8228-3393135dd182 0.232s
2024-10-03 09:24:40.216 62281 INFO tempest.lib.common.rest_client [req-f622b055-9725-41b8-81d2-cb841e052ea5 req-f622b055-9725-41b8-81d2-cb841e052ea5 ] Request (ServerActionsTestOtherB:setUpClass): 200 GET http://10.180.1.21/compute/v2.1/servers/a5b98f92-d287-4d40-8a21-d2de64026970 0.173s
2024-10-03 09:24:40.252 62267 INFO tempest.lib.common.rest_client [req-3c718daf-9e23-40ae-ad03-cd882603741b req-3c718daf-9e23-40ae-ad03-cd882603741b ] Request (ServersWithSpecificFlavorTestJSON:_run_cleanups): 204 DELETE http://10.180.1.21:9696/networking/v2.0/security-groups/494dd3c8-4652-431d-89e2-5b6c65b1725e 0.158s
2024-10-03 09:24:40.262 62267 INFO tempest.lib.common.rest_client [req-28cd11d5-011c-44c6-89af-8bf0f52a3027 req-28cd11d5-011c-44c6-89af-8bf0f52a3027 ] Request (ServersWithSpecificFlavorTestJSON:_run_cleanups): 404 GET http://10.180.1.21:9696/networking/v2.0/security-groups/494dd3c8-4652-431d-89e2-5b6c65b1725e 0.010s
2024-10-03 09:24:40.292 62323 INFO tempest.lib.common.rest_client [req-0c3a8b99-2bc6-41a8-bc2c-00d180f79209 req-0c3a8b99-2bc6-41a8-bc2c-00d180f79209 ] Request (FloatingIPsAssociationTestJSON:setUpClass): 200 GET http://10.180.1.21/compute/v2.1/servers/2c1dfa78-d300-4505-9f87-8e11a4973af3 0.186s
2024-10-03 09:24:40.315 62285 INFO tempest.lib.common.rest_client [req-f5a57024-85b2-43e8-b94d-86d5d953e85c req-f5a57024-85b2-43e8-b94d-86d5d953e85c ] Request (ServersTestBootFromVolume:setUpClass): 200 GET http://10.180.1.21/volume/v3/7ded80f14852431187bd5066e4c42d71/volumes/b5d7c242-16d7-4aff-81f3-626f9f878e94 0.049s
2024-10-03 09:24:40.385 62326 INFO tempest.lib.common.rest_client [req-e35a233d-f0ea-4d08-a4dc-4d78cc52e727 req-e35a233d-f0ea-4d08-a4dc-4d78cc52e727 ] Request (VolumesAdminNegativeTest:test_update_attached_volume_with_nonexistent_volume_in_body): 200 GET http://10.180.1.21/compute/v2.1/servers/b0134b0f-23b4-4d34-b144-71ccdd9fba72 0.226s
2024-10-03 09:24:40.448 62329 INFO tempest.lib.common.rest_client [req-f22bfc4b-1125-456f-ba4d-1aec85e61e31 req-f22bfc4b-1125-456f-ba4d-1aec85e61e31 ] Request (ImagesOneServerNegativeTestJSON:setUpClass): 200 GET http://10.180.1.21/compute/v2.1/servers/d8478b63-3a62-4afa-950b-edf9774e8ea8 0.275s
2024-10-03 09:24:40.509 62313 INFO tempest.lib.common.rest_client [req-a16e75b4-edeb-429b-a87a-68c9f61f3d5a req-a16e75b4-edeb-429b-a87a-68c9f61f3d5a ] Request (SecurityGroupRulesTestJSON:test_security_group_rules_create_with_optional_group_id): 200 POST http://10.180.1.21/compute/v2.1/os-security-group-rules 0.423s
2024-10-03 09:24:40.513 62283 INFO tempest.lib.common.rest_client [req-222ecdbc-76db-4630-a827-2c80796890df req-222ecdbc-76db-4630-a827-2c80796890df ] Request (MigrationsAdminTest:test_resize_server_revert_deleted_flavor): 200 GET http://10.180.1.21/compute/v2.1/servers/d148d561-3211-4f1f-965a-f2b14cd60b11 0.299s
2024-10-03 09:24:40.514 62313 WARNING tempest.lib.common.rest_client [-] Deprecated: "tenant_id" property is deprecated for removal, use "project_id" instead
2024-10-03 09:24:40.575 62307 INFO tempest.lib.common.rest_client [req-0e5ac7e2-ddb3-4d93-8258-eda1900451fc req-0e5ac7e2-ddb3-4d93-8258-eda1900451fc ] Request (ServersTestManualDisk:setUpClass): 200 GET http://10.180.1.21/compute/v2.1/servers/d0914f90-200c-4715-aaab-54beacf339b9 0.271s
2024-10-03 09:24:40.578 62267 INFO tempest.lib.common.rest_client [req-f7731bf6-36e0-4291-8145-4f0b136e65ad req-f7731bf6-36e0-4291-8145-4f0b136e65ad ] Request (ServersWithSpecificFlavorTestJSON:_run_cleanups): 204 DELETE http://10.180.1.21:9696/networking/v2.0/floatingips/66c6a250-a714-41e3-93c3-b0857ebc76b3 0.315s
2024-10-03 09:24:40.583 62327 INFO tempest.lib.common.rest_client [req-6c1ab676-bf37-4b58-8f7e-435f351bbf42 req-6c1ab676-bf37-4b58-8f7e-435f351bbf42 ] Request (InstanceActionsTestJSON:setUpClass): 200 GET http://10.180.1.21/compute/v2.1/servers/adccca24-ed77-410b-8b69-19137cadafbd 0.355s
2024-10-03 09:24:40.632 62311 INFO tempest.lib.common.rest_client [req-8b0d398b-d62c-4e5f-8a1a-e6688e5c185c req-8b0d398b-d62c-4e5f-8a1a-e6688e5c185c ] Request (ImagesTestJSON:test_create_image_from_suspended_server): 200 GET http://10.180.1.21/compute/v2.1/servers/5da19104-b163-44cd-bb1f-68c4eb316ac1 0.246s
2024-10-03 09:24:40.642 62309 INFO tempest.lib.common.rest_client [req-e477050c-835c-48f3-b410-6bf473b35910 req-e477050c-835c-48f3-b410-6bf473b35910 ] Request (ServersTestJSON:setUpClass): 200 GET http://10.180.1.21/compute/v2.1/servers/3ee4e051-f51d-4840-a918-fdedad020557 0.286s
2024-10-03 09:24:40.687 62297 INFO tempest.lib.common.rest_client [req-8797cb0d-9b75-4a1a-917a-6f9ccbb0c510 req-8797cb0d-9b75-4a1a-917a-6f9ccbb0c510 ] Request (ImagesOneServerTestJSON:setUpClass): 200 GET http://10.180.1.21/compute/v2.1/servers/d41f73e0-a188-4cc4-8391-938178aad496 0.244s
2024-10-03 09:24:40.696 62297 INFO tempest.common.waiters [-] State transition "BUILD/scheduling" ==> "BUILD/None" after 43 second wait
2024-10-03 09:24:40.708 62305 INFO tempest.lib.common.rest_client [req-69caec3a-b958-4c3d-b1e0-cff929bc1f94 req-69caec3a-b958-4c3d-b1e0-cff929bc1f94 ] Request (MultipleCreateTestJSON:test_multiple_create): 200 GET http://10.180.1.21/compute/v2.1/servers/076aed5b-4b08-4f3b-a940-d9cd95c32e57 0.219s
2024-10-03 09:24:40.777 62321 INFO tempest.lib.common.rest_client [req-23f310a6-06ee-4fdc-81c5-9ddee19fa955 req-23f310a6-06ee-4fdc-81c5-9ddee19fa955 ] Request (ServerTagsTestJSON:setUpClass): 200 GET http://10.180.1.21/compute/v2.1/servers/30d782e4-30c7-41f6-b30d-95a9a59cf83c 0.237s
2024-10-03 09:24:40.792 62267 INFO tempest.lib.common.rest_client [req-c8f3ceee-7a31-43e6-ab7b-2a0e7d7f606c req-c8f3ceee-7a31-43e6-ab7b-2a0e7d7f606c ] Request (ServersWithSpecificFlavorTestJSON:_run_cleanups): 202 DELETE http://10.180.1.21/compute/v2.1/flavors/1234749509 0.213s
2024-10-03 09:24:40.822 62313 INFO tempest.lib.common.rest_client [req-24e64c64-fca7-4a4c-b0f7-51190c06c223 req-24e64c64-fca7-4a4c-b0f7-51190c06c223 ] Request (SecurityGroupRulesTestJSON:test_security_group_rules_delete_when_peer_group_deleted): 200 POST http://10.180.1.21/compute/v2.1/os-security-groups 0.307s
2024-10-03 09:24:40.857 62289 INFO tempest.lib.common.rest_client [req-d4aa77b5-e40c-49fa-a25d-4cfe2b7ac33a req-d4aa77b5-e40c-49fa-a25d-4cfe2b7ac33a ] Request (AttachInterfacesV270Test:test_create_get_list_interfaces): 200 GET http://10.180.1.21/compute/v2.1/servers/ad0dd218-5e45-4d22-9d94-5c25ba8b22ec 0.166s
2024-10-03 09:24:40.879 62277 INFO tempest.lib.common.rest_client [req-7f71eab8-5251-43ea-8841-bc2c7c4e7aea req-7f71eab8-5251-43ea-8841-bc2c7c4e7aea ] Request (InstanceActionsV221TestJSON:test_get_list_deleted_instance_actions): 200 GET http://10.180.1.21/compute/v2.1/servers/9ec1b7a6-5ade-49a3-ba47-912bb328adb6 0.136s
2024-10-03 09:24:40.894 62267 INFO tempest.lib.common.rest_client [req-644f96ec-164c-4539-9bca-4de49c6de570 req-644f96ec-164c-4539-9bca-4de49c6de570 ] Request (ServersWithSpecificFlavorTestJSON:_run_cleanups): 200 GET http://10.180.1.21/compute/v2.1/flavors/detail 0.102s
2024-10-03 09:24:40.918 62271 INFO tempest.lib.common.rest_client [req-094ac926-8baa-4482-a673-36aef39d86e0 req-094ac926-8baa-4482-a673-36aef39d86e0 ] Request (DeleteServersAdminTestJSON:test_delete_server_while_in_error_state): 200 GET http://10.180.1.21/compute/v2.1/servers/a71c58e7-89db-4ad2-92e0-5379b04b751c 0.146s
2024-10-03 09:24:40.941 62291 INFO tempest.lib.common.rest_client [req-7ec8ad61-e977-4f52-a56a-e27975b3f9cb req-7ec8ad61-e977-4f52-a56a-e27975b3f9cb ] Request (ListServersNegativeTestJSON:setUpClass): 200 PUT http://10.180.1.21:9696/networking/v2.0/routers/6dff6fec-ed69-4356-928f-72b33a3c5de0/add_router_interface 1.324s
2024-10-03 09:24:40.941 62291 INFO tempest.lib.common.dynamic_creds [-] Created isolated network resources for: credentials: Credentials: {'domain_id': 'default', 'domain_name': 'Default', 'username': 'tempest-ListServersNegativeTestJSON-74757126-project-member', 'project_domain_id': 'default', 'project_domain_name': 'Default', 'project_id': 'a34c8ff9345b46c6976385bc455f7d5e', 'project_name': 'tempest-ListServersNegativeTestJSON-74757126', 'tenant_id': 'a34c8ff9345b46c6976385bc455f7d5e', 'tenant_name': 'tempest-ListServersNegativeTestJSON-74757126', 'user_domain_id': 'default', 'user_domain_name': 'Default', 'user_id': 'af61f8424f7445e1bb04628a7ce52dd0', 'system': None}, Network: {'id': 'c73b94bb-f960-4081-9afd-eb785d4bcf76', 'name': 'tempest-ListServersNegativeTestJSON-1999445580-network', 'tenant_id': 'a34c8ff9345b46c6976385bc455f7d5e', 'admin_state_up': True, 'mtu': 8950, 'status': 'ACTIVE', 'subnets': [], 'shared': False, 'project_id': 'a34c8ff9345b46c6976385bc455f7d5e', 'port_security_enabled': True, 'router:external': False, 'provider:network_type': 'vlan', 'provider:physical_network': 'default', 'provider:segmentation_id': 74, 'is_default': False, 'availability_zone_hints': [], 'availability_zones': [], 'ipv4_address_scope': None, 'ipv6_address_scope': None, 'description': '', 'tags': [], 'created_at': '2024-10-03T09:24:38Z', 'updated_at': '2024-10-03T09:24:38Z', 'revision_number': 1}, Subnet: {'id': 'ec92ac37-4f65-41c0-9b65-2e6cb1e057fb', 'name': 'tempest-ListServersNegativeTestJSON-1999445580-subnet', 'tenant_id': 'a34c8ff9345b46c6976385bc455f7d5e', 'network_id': 'c73b94bb-f960-4081-9afd-eb785d4bcf76', 'ip_version': 4, 'subnetpool_id': None, 'enable_dhcp': True, 'ipv6_ra_mode': None, 'ipv6_address_mode': None, 'gateway_ip': '192.168.128.1', 'cidr': '192.168.128.0/28', 'allocation_pools': [{'start': '192.168.128.2', 'end': '192.168.128.14'}], 'host_routes': [], 'dns_nameservers': [], 'description': '', 'router:external': False, 'service_types': [], 'tags': [], 'created_at': '2024-10-03T09:24:38Z', 'updated_at': '2024-10-03T09:24:38Z', 'revision_number': 0, 'project_id': 'a34c8ff9345b46c6976385bc455f7d5e'}, Router: {'id': '6dff6fec-ed69-4356-928f-72b33a3c5de0', 'name': 'tempest-ListServersNegativeTestJSON-1999445580-router', 'tenant_id': 'a34c8ff9345b46c6976385bc455f7d5e', 'admin_state_up': True, 'status': 'ACTIVE', 'external_gateway_info': {'network_id': 'f5d8f6fe-4cf7-4859-8f7d-d22fa2b5887a', 'external_fixed_ips': [{'subnet_id': 'c7758276-5340-4f9c-bb21-aaaa13497e0f', 'ip_address': '10.180.180.135'}], 'enable_snat': True}, 'description': '', 'availability_zones': [], 'distributed': False, 'ha': False, 'availability_zone_hints': [], 'routes': [], 'flavor_id': None, 'tags': [], 'created_at': '2024-10-03T09:24:38Z', 'updated_at': '2024-10-03T09:24:39Z', 'revision_number': 2, 'project_id': 'a34c8ff9345b46c6976385bc455f7d5e'}
2024-10-03 09:24:40.944 62303 INFO tempest.lib.common.rest_client [req-b1fe69d2-3e85-4019-83ca-758637715818 req-b1fe69d2-3e85-4019-83ca-758637715818 ] Request (VolumesAssistedSnapshotsTest:test_volume_assisted_snapshot_create_delete): 200 GET http://10.180.1.21/compute/v2.1/servers/d7a90be3-d3d6-4626-944b-b907cf7fb64d 0.142s
2024-10-03 09:24:40.965 62316 INFO tempest.lib.common.rest_client [req-a0710b6e-afd5-46cb-9a12-9c44de27dee5 req-a0710b6e-afd5-46cb-9a12-9c44de27dee5 ] Request (ServerDiskConfigTestJSON:test_rebuild_server_with_auto_disk_config): 200 GET http://10.180.1.21/compute/v2.1/servers/efa18997-b502-4e2e-933a-a185ab9074d5 0.145s
2024-10-03 09:24:41.023 62317 INFO tempest.lib.common.rest_client [req-3a598370-8d0a-4867-aae9-a8a34ebb764b req-3a598370-8d0a-4867-aae9-a8a34ebb764b ] Request (DeleteServersTestJSON:test_delete_active_server): 200 GET http://10.180.1.21/compute/v2.1/servers/73ab65b7-32e7-4206-8f31-466085319c71 0.155s
2024-10-03 09:24:41.049 62267 INFO tempest.lib.common.rest_client [req-94d1a912-1143-4710-8e90-abd5558cfd3b req-94d1a912-1143-4710-8e90-abd5558cfd3b ] Request (ServersWithSpecificFlavorTestJSON:_run_cleanups): 202 DELETE http://10.180.1.21/compute/v2.1/flavors/1569012290 0.150s
2024-10-03 09:24:41.050 62291 INFO tempest.lib.common.rest_client [req-e01ee40f-0b63-4ab0-ae5b-d3a4ff5528d0 req-e01ee40f-0b63-4ab0-ae5b-d3a4ff5528d0 ] Request (ListServersNegativeTestJSON:setUpClass): 201 POST http://10.180.1.21/identity/v3/auth/tokens 0.105s
2024-10-03 09:24:41.078 62313 INFO tempest.lib.common.rest_client [req-94a9d68f-2a44-45e9-95e3-6830e7d94c8d req-94a9d68f-2a44-45e9-95e3-6830e7d94c8d ] Request (SecurityGroupRulesTestJSON:test_security_group_rules_delete_when_peer_group_deleted): 200 POST http://10.180.1.21/compute/v2.1/os-security-groups 0.252s
2024-10-03 09:24:41.089 62291 INFO tempest.lib.common.rest_client [req-9e24aa55-b940-4518-ae7f-d1a89a0f353a req-9e24aa55-b940-4518-ae7f-d1a89a0f353a ] Request (ListServersNegativeTestJSON:setUpClass): 201 POST http://10.180.1.21/identity/v3/auth/tokens 0.033s
2024-10-03 09:24:41.089 62291 INFO tempest.lib.common.fixed_network [-] (ListServersNegativeTestJSON:setUpClass) Found network {'id': 'c73b94bb-f960-4081-9afd-eb785d4bcf76', 'name': 'tempest-ListServersNegativeTestJSON-1999445580-network', 'tenant_id': 'a34c8ff9345b46c6976385bc455f7d5e', 'admin_state_up': True, 'mtu': 8950, 'status': 'ACTIVE', 'subnets': [], 'shared': False, 'project_id': 'a34c8ff9345b46c6976385bc455f7d5e', 'port_security_enabled': True, 'router:external': False, 'provider:network_type': 'vlan', 'provider:physical_network': 'default', 'provider:segmentation_id': 74, 'is_default': False, 'availability_zone_hints': [], 'availability_zones': [], 'ipv4_address_scope': None, 'ipv6_address_scope': None, 'description': '', 'tags': [], 'created_at': '2024-10-03T09:24:38Z', 'updated_at': '2024-10-03T09:24:38Z', 'revision_number': 1} available for tenant
2024-10-03 09:24:41.124 62273 INFO tempest.lib.common.rest_client [req-35f84f41-02ac-4277-8ef2-0278dbbe65d4 req-35f84f41-02ac-4277-8ef2-0278dbbe65d4 ] Request (TenantUsagesTestJSON:setUpClass): 200 GET http://10.180.1.21/compute/v2.1/servers/2226072d-16f2-4ea1-a56c-d866554c7379 0.208s
2024-10-03 09:24:41.135 62273 INFO tempest.common.waiters [-] State transition "BUILD/scheduling" ==> "ERROR/None" after 69 second wait
2024-10-03 09:24:41.188 62301 INFO tempest.lib.common.rest_client [req-035edfdd-1d47-4f6b-ab11-2fb36243e30c req-035edfdd-1d47-4f6b-ab11-2fb36243e30c ] Request (ServerActionsTestJSON:setUpClass): 200 GET http://10.180.1.21/compute/v2.1/servers/71aead12-a182-40a7-b5a9-91c01271b800 0.205s
2024-10-03 09:24:41.253 62287 INFO tempest.lib.common.rest_client [req-72eb9341-0412-4fef-a5db-8b2a0fc5ed15 req-72eb9341-0412-4fef-a5db-8b2a0fc5ed15 ] Request (FloatingIPsAssociationNegativeTestJSON:setUpClass): 200 GET http://10.180.1.21/compute/v2.1/servers/73cb4a44-a4d9-4c8c-8472-f99b5d449cec 0.278s
2024-10-03 09:24:41.259 62287 INFO tempest.common.waiters [-] State transition "BUILD/networking" ==> "BUILD/block_device_mapping" after 47 second wait
2024-10-03 09:24:41.264 62267 INFO tempest.lib.common.rest_client [req-adb0f5be-cf5c-483a-885d-811bfc48841d req-adb0f5be-cf5c-483a-885d-811bfc48841d ] Request (ServersWithSpecificFlavorTestJSON:_run_cleanups): 200 GET http://10.180.1.21/compute/v2.1/flavors/detail 0.215s
2024-10-03 09:24:41.264 62295 INFO tempest.lib.common.rest_client [req-96318df3-fbc5-4a2c-b414-dd8b9653d72d req-96318df3-fbc5-4a2c-b414-dd8b9653d72d ] Request (ServersTestMultiNic:test_verify_duplicate_network_nics): 200 GET http://10.180.1.21/compute/v2.1/servers/95edf3d1-a987-4768-93be-1e045d7bfa99 0.232s
2024-10-03 09:24:41.327 62294 INFO tempest.lib.common.rest_client [req-f939ee00-75bc-44c0-9fb5-2c667bfa38f1 req-f939ee00-75bc-44c0-9fb5-2c667bfa38f1 ] Request (ServerRescueTestJSON:setUpClass): 200 GET http://10.180.1.21/compute/v2.1/servers/963feecc-ff58-4cbb-8d6f-3f9035337087 0.242s
2024-10-03 09:24:41.368 62285 INFO tempest.lib.common.rest_client [req-25267eff-84f8-4a70-8a0c-e1804d799e83 req-25267eff-84f8-4a70-8a0c-e1804d799e83 ] Request (ServersTestBootFromVolume:setUpClass): 200 GET http://10.180.1.21/volume/v3/7ded80f14852431187bd5066e4c42d71/volumes/b5d7c242-16d7-4aff-81f3-626f9f878e94 0.041s
2024-10-03 09:24:41.593 62313 INFO tempest.lib.common.rest_client [req-3f3c8228-74a4-4ed5-92e6-14d2d7207e04 req-3f3c8228-74a4-4ed5-92e6-14d2d7207e04 ] Request (SecurityGroupRulesTestJSON:test_security_group_rules_delete_when_peer_group_deleted): 200 POST http://10.180.1.21/compute/v2.1/os-security-group-rules 0.512s
2024-10-03 09:24:41.805 62273 INFO tempest.lib.common.rest_client [req-4d973d51-f446-437a-bbd3-a446e529a10f req-4d973d51-f446-437a-bbd3-a446e529a10f ] Request (TenantUsagesTestJSON:setUpClass): 204 DELETE http://10.180.1.21/compute/v2.1/servers/2226072d-16f2-4ea1-a56c-d866554c7379 0.669s
2024-10-03 09:24:41.876 62279 INFO tempest.lib.common.rest_client [req-9a48b927-2a66-4d95-a022-f597e3e20289 req-9a48b927-2a66-4d95-a022-f597e3e20289 ] Request (ServerActionsTestOtherA:setUpClass): 200 GET http://10.180.1.21/compute/v2.1/servers/67e99ada-a8e6-4034-b19b-5b2cb883b735 0.712s
2024-10-03 09:24:41.878 62291 INFO tempest.lib.common.rest_client [req-6e6f7554-d128-4ba4-b8f9-499cd17315ad req-6e6f7554-d128-4ba4-b8f9-499cd17315ad ] Request (ListServersNegativeTestJSON:setUpClass): 202 POST http://10.180.1.21/compute/v2.1/servers 0.788s
2024-10-03 09:24:41.935 62281 INFO tempest.lib.common.rest_client [req-7b537cb9-c4b5-43cb-9267-606ef2260614 req-7b537cb9-c4b5-43cb-9267-606ef2260614 ] Request (ServerActionsTestOtherB:setUpClass): 200 GET http://10.180.1.21/compute/v2.1/servers/a5b98f92-d287-4d40-8a21-d2de64026970 0.710s
2024-10-03 09:24:41.937 62319 INFO tempest.lib.common.rest_client [req-3e20c261-c428-4c24-9293-e6207f450221 req-3e20c261-c428-4c24-9293-e6207f450221 ] Request (AttachInterfacesTestJSON:test_create_list_show_delete_interfaces_by_network_port): 200 GET http://10.180.1.21/compute/v2.1/servers/0ac963b1-120a-464b-8228-3393135dd182 0.759s
2024-10-03 09:24:41.944 62281 INFO tempest.common.waiters [-] State transition "BUILD/scheduling" ==> "BUILD/None" after 44 second wait
2024-10-03 09:24:41.996 62323 INFO tempest.lib.common.rest_client [req-efebee72-e898-490a-be82-5535b65ce707 req-efebee72-e898-490a-be82-5535b65ce707 ] Request (FloatingIPsAssociationTestJSON:setUpClass): 200 GET http://10.180.1.21/compute/v2.1/servers/2c1dfa78-d300-4505-9f87-8e11a4973af3 0.694s
2024-10-03 09:24:41.998 62326 INFO tempest.lib.common.rest_client [req-ad5c21be-53b4-4a03-89bf-c48aa888648a req-ad5c21be-53b4-4a03-89bf-c48aa888648a ] Request (VolumesAdminNegativeTest:test_update_attached_volume_with_nonexistent_volume_in_body): 200 GET http://10.180.1.21/compute/v2.1/servers/b0134b0f-23b4-4d34-b144-71ccdd9fba72 0.604s
2024-10-03 09:24:42.051 62329 INFO tempest.lib.common.rest_client [req-90fe42f3-9623-4594-bc88-8f92d11a80d3 req-90fe42f3-9623-4594-bc88-8f92d11a80d3 ] Request (ImagesOneServerNegativeTestJSON:setUpClass): 200 GET http://10.180.1.21/compute/v2.1/servers/d8478b63-3a62-4afa-950b-edf9774e8ea8 0.596s
2024-10-03 09:24:42.119 62307 INFO tempest.lib.common.rest_client [req-ec5c613a-a764-4420-9dbf-ab4e8aca3ffd req-ec5c613a-a764-4420-9dbf-ab4e8aca3ffd ] Request (ServersTestManualDisk:setUpClass): 200 GET http://10.180.1.21/compute/v2.1/servers/d0914f90-200c-4715-aaab-54beacf339b9 0.533s
2024-10-03 09:24:42.213 62283 INFO tempest.lib.common.rest_client [req-8c4d3e19-8c45-4197-b833-27114f6d47f4 req-8c4d3e19-8c45-4197-b833-27114f6d47f4 ] Request (MigrationsAdminTest:test_resize_server_revert_deleted_flavor): 200 GET http://10.180.1.21/compute/v2.1/servers/d148d561-3211-4f1f-965a-f2b14cd60b11 0.689s
2024-10-03 09:24:42.333 62327 INFO tempest.lib.common.rest_client [req-0aae117a-7464-40a2-b754-33e8f7e78215 req-0aae117a-7464-40a2-b754-33e8f7e78215 ] Request (InstanceActionsTestJSON:setUpClass): 200 GET http://10.180.1.21/compute/v2.1/servers/adccca24-ed77-410b-8b69-19137cadafbd 0.738s
2024-10-03 09:24:42.357 62267 INFO tempest.lib.common.rest_client [req-48c5c958-52d8-4531-b959-7f0847e6c7fe req-48c5c958-52d8-4531-b959-7f0847e6c7fe ] Request (ServersWithSpecificFlavorTestJSON:tearDownClass): 200 PUT http://10.180.1.21:9696/networking/v2.0/routers/85a7ec2e-0a82-4145-b9ad-fad969bab2ed/remove_router_interface 1.082s
2024-10-03 09:24:42.408 62311 INFO tempest.lib.common.rest_client [req-1324dbd6-b161-46a5-97d7-af445405bfd8 req-1324dbd6-b161-46a5-97d7-af445405bfd8 ] Request (ImagesTestJSON:test_create_image_from_suspended_server): 200 GET http://10.180.1.21/compute/v2.1/servers/5da19104-b163-44cd-bb1f-68c4eb316ac1 0.765s
2024-10-03 09:24:42.436 62285 INFO tempest.lib.common.rest_client [req-84e5a1f5-07e8-43aa-89a2-bdc7488135d3 req-84e5a1f5-07e8-43aa-89a2-bdc7488135d3 ] Request (ServersTestBootFromVolume:setUpClass): 200 GET http://10.180.1.21/volume/v3/7ded80f14852431187bd5066e4c42d71/volumes/b5d7c242-16d7-4aff-81f3-626f9f878e94 0.057s
2024-10-03 09:24:42.473 62309 INFO tempest.lib.common.rest_client [req-b183983e-9410-45ab-ab8a-a74a2cbe1b95 req-b183983e-9410-45ab-ab8a-a74a2cbe1b95 ] Request (ServersTestJSON:setUpClass): 200 GET http://10.180.1.21/compute/v2.1/servers/3ee4e051-f51d-4840-a918-fdedad020557 0.820s
2024-10-03 09:24:42.508 62313 INFO tempest.lib.common.rest_client [req-8646c4cd-37a6-4c2f-aa79-7ea8f47a56e1 req-8646c4cd-37a6-4c2f-aa79-7ea8f47a56e1 ] Request (SecurityGroupRulesTestJSON:test_security_group_rules_delete_when_peer_group_deleted): 202 DELETE http://10.180.1.21/compute/v2.1/os-security-groups/5173e533-9a3c-4ba8-bf7e-b1886ad416ec 0.913s
2024-10-03 09:24:42.532 62297 INFO tempest.lib.common.rest_client [req-76e89599-57f2-44e6-a564-293ee7981f77 req-76e89599-57f2-44e6-a564-293ee7981f77 ] Request (ImagesOneServerTestJSON:setUpClass): 200 GET http://10.180.1.21/compute/v2.1/servers/d41f73e0-a188-4cc4-8391-938178aad496 0.835s
2024-10-03 09:24:42.577 62305 INFO tempest.lib.common.rest_client [req-ac2c2170-5ad2-423c-b5f4-85e7ff1d4729 req-ac2c2170-5ad2-423c-b5f4-85e7ff1d4729 ] Request (MultipleCreateTestJSON:test_multiple_create): 200 GET http://10.180.1.21/compute/v2.1/servers/076aed5b-4b08-4f3b-a940-d9cd95c32e57 0.861s
2024-10-03 09:24:42.597 62321 INFO tempest.lib.common.rest_client [req-b4e37609-ec20-4aaf-b76c-b75402e537e5 req-b4e37609-ec20-4aaf-b76c-b75402e537e5 ] Request (ServerTagsTestJSON:setUpClass): 200 GET http://10.180.1.21/compute/v2.1/servers/30d782e4-30c7-41f6-b30d-95a9a59cf83c 0.808s
2024-10-03 09:24:42.603 62273 INFO tempest.lib.common.rest_client [req-9654b53d-8fba-41f2-b2ed-2d57c17462a1 req-9654b53d-8fba-41f2-b2ed-2d57c17462a1 ] Request (TenantUsagesTestJSON:setUpClass): 404 GET http://10.180.1.21/compute/v2.1/servers/2226072d-16f2-4ea1-a56c-d866554c7379 0.798s
2024-10-03 09:24:42.604 62273 INFO tempest.test [-] raised in TenantUsagesTestJSON.setUpClass. Invoking tearDownClass.
2024-10-03 09:24:42.657 62289 INFO tempest.lib.common.rest_client [req-fa64ac4d-9a65-4ddc-86ce-553ac766cc9e req-fa64ac4d-9a65-4ddc-86ce-553ac766cc9e ] Request (AttachInterfacesV270Test:test_create_get_list_interfaces): 200 GET http://10.180.1.21/compute/v2.1/servers/ad0dd218-5e45-4d22-9d94-5c25ba8b22ec 0.791s
2024-10-03 09:24:42.699 62273 INFO tempest.lib.common.rest_client [req-416697d4-8243-4bef-886e-7e15d06aad52 req-416697d4-8243-4bef-886e-7e15d06aad52 ] Request (TenantUsagesTestJSON:tearDownClass): 204 DELETE http://10.180.1.21/identity/v3/users/ffbbe338605046f78981f1f9b43a224c 0.095s
2024-10-03 09:24:42.702 62291 INFO tempest.lib.common.rest_client [req-2776c83c-7196-43b2-b75f-99050158d289 req-2776c83c-7196-43b2-b75f-99050158d289 ] Request (ListServersNegativeTestJSON:setUpClass): 200 GET http://10.180.1.21/compute/v2.1/servers 0.822s
2024-10-03 09:24:42.714 62277 INFO tempest.lib.common.rest_client [req-2e6153ce-5919-4d48-b93a-8281247ae0a2 req-2e6153ce-5919-4d48-b93a-8281247ae0a2 ] Request (InstanceActionsV221TestJSON:test_get_list_deleted_instance_actions): 200 GET http://10.180.1.21/compute/v2.1/servers/9ec1b7a6-5ade-49a3-ba47-912bb328adb6 0.822s
2024-10-03 09:24:42.756 62271 INFO tempest.lib.common.rest_client [req-7b8d92c9-eb75-481e-bd07-91d102345b47 req-7b8d92c9-eb75-481e-bd07-91d102345b47 ] Request (DeleteServersAdminTestJSON:test_delete_server_while_in_error_state): 200 GET http://10.180.1.21/compute/v2.1/servers/a71c58e7-89db-4ad2-92e0-5379b04b751c 0.827s
2024-10-03 09:24:42.766 62303 INFO tempest.lib.common.rest_client [req-6a003123-f1e5-4dc4-9287-dd92647f527b req-6a003123-f1e5-4dc4-9287-dd92647f527b ] Request (VolumesAssistedSnapshotsTest:test_volume_assisted_snapshot_create_delete): 200 GET http://10.180.1.21/compute/v2.1/servers/d7a90be3-d3d6-4626-944b-b907cf7fb64d 0.811s
2024-10-03 09:24:42.809 62273 INFO tempest.lib.common.rest_client [req-98394578-1f4b-4aa6-a411-f6f9a4f0ba80 req-98394578-1f4b-4aa6-a411-f6f9a4f0ba80 ] Request (TenantUsagesTestJSON:tearDownClass): 204 DELETE http://10.180.1.21/identity/v3/users/574a000b4ed440f19c32e327fc88767b 0.109s
2024-10-03 09:24:42.809 62273 INFO tempest.lib.common.dynamic_creds [-] Deleting project and security group for project: 9921d4c9304f4c95bfe37ee53ee362ea
2024-10-03 09:24:42.812 62316 INFO tempest.lib.common.rest_client [req-b6fab0dd-85d2-4483-a3f3-fc61d357c308 req-b6fab0dd-85d2-4483-a3f3-fc61d357c308 ] Request (ServerDiskConfigTestJSON:test_rebuild_server_with_auto_disk_config): 200 GET http://10.180.1.21/compute/v2.1/servers/efa18997-b502-4e2e-933a-a185ab9074d5 0.840s
2024-10-03 09:24:42.834 62317 INFO tempest.lib.common.rest_client [req-aa5bc933-b8a7-47cc-b48d-49e9fe3f1712 req-aa5bc933-b8a7-47cc-b48d-49e9fe3f1712 ] Request (DeleteServersTestJSON:test_delete_active_server): 200 GET http://10.180.1.21/compute/v2.1/servers/73ab65b7-32e7-4206-8f31-466085319c71 0.802s
2024-10-03 09:24:42.847 62267 INFO tempest.lib.common.rest_client [req-4d16fc71-5e39-4e22-88f8-0d32d24d2279 req-4d16fc71-5e39-4e22-88f8-0d32d24d2279 ] Request (ServersWithSpecificFlavorTestJSON:tearDownClass): 204 DELETE http://10.180.1.21:9696/networking/v2.0/routers/85a7ec2e-0a82-4145-b9ad-fad969bab2ed 0.490s
2024-10-03 09:24:42.867 62301 INFO tempest.lib.common.rest_client [req-8a3df902-eee1-40fe-8476-9b170d7d3d25 req-8a3df902-eee1-40fe-8476-9b170d7d3d25 ] Request (ServerActionsTestJSON:setUpClass): 200 GET http://10.180.1.21/compute/v2.1/servers/71aead12-a182-40a7-b5a9-91c01271b800 0.672s
2024-10-03 09:24:42.884 62273 INFO tempest.lib.common.rest_client [req-f097a1d1-49bd-47ef-bb6e-c2509156d146 req-f097a1d1-49bd-47ef-bb6e-c2509156d146 ] Request (TenantUsagesTestJSON:tearDownClass): 201 POST http://10.180.1.21/identity/v3/auth/tokens 0.075s
2024-10-03 09:24:42.903 62287 INFO tempest.lib.common.rest_client [req-128ffb7e-344f-4ee7-90d4-c8ac8c89587b req-128ffb7e-344f-4ee7-90d4-c8ac8c89587b ] Request (FloatingIPsAssociationNegativeTestJSON:setUpClass): 200 GET http://10.180.1.21/compute/v2.1/servers/73cb4a44-a4d9-4c8c-8472-f99b5d449cec 0.642s
2024-10-03 09:24:42.909 62287 INFO tempest.common.waiters [-] State transition "BUILD/block_device_mapping" ==> "BUILD/spawning" after 48 second wait
2024-10-03 09:24:42.920 62295 INFO tempest.lib.common.rest_client [req-7c25ba69-ba1f-47c5-bf4b-70fa114d4116 req-7c25ba69-ba1f-47c5-bf4b-70fa114d4116 ] Request (ServersTestMultiNic:test_verify_duplicate_network_nics): 200 GET http://10.180.1.21/compute/v2.1/servers/95edf3d1-a987-4768-93be-1e045d7bfa99 0.649s
2024-10-03 09:24:42.961 62294 INFO tempest.lib.common.rest_client [req-89b3d7a1-5536-46a3-a3f1-1b179533743e req-89b3d7a1-5536-46a3-a3f1-1b179533743e ] Request (ServerRescueTestJSON:setUpClass): 200 GET http://10.180.1.21/compute/v2.1/servers/963feecc-ff58-4cbb-8d6f-3f9035337087 0.624s
2024-10-03 09:24:42.990 62313 INFO tempest.lib.common.rest_client [req-02a864dd-e0b9-4150-a6f3-a2dc76034aa4 req-02a864dd-e0b9-4150-a6f3-a2dc76034aa4 ] Request (SecurityGroupRulesTestJSON:test_security_group_rules_delete_when_peer_group_deleted): 200 GET http://10.180.1.21/compute/v2.1/os-security-groups/bc32808d-f575-4338-ae11-2814ae6cf6b6 0.482s
2024-10-03 09:24:43.026 62291 INFO tempest.lib.common.rest_client [req-3c7e4497-e5b5-4e55-a15c-9abf81852daa req-3c7e4497-e5b5-4e55-a15c-9abf81852daa ] Request (ListServersNegativeTestJSON:setUpClass): 200 GET http://10.180.1.21/compute/v2.1/servers/5a146d8f-6921-4b3e-8696-d2804fb855ba 0.322s
