2024-10-03 08:16:58.801 63755 INFO tempest.lib.common.dynamic_creds [-] Acquired dynamic creds: credentials: Credentials: {'domain_id': 'default', 'domain_name': 'Default', 'username': 'tempest-ServersNegativeTestMultiTenantJSON-1986047619-project-member', 'project_domain_id': 'default', 'project_domain_name': 'Default', 'project_id': '04dd6481a64845c4ac5baecb3ccb5867', 'project_name': 'tempest-ServersNegativeTestMultiTenantJSON-1986047619', 'tenant_id': '04dd6481a64845c4ac5baecb3ccb5867', 'tenant_name': 'tempest-ServersNegativeTestMultiTenantJSON-1986047619', 'user_domain_id': 'default', 'user_domain_name': 'Default', 'user_id': '84dc3cae70194c3fb0c6a93ca5735697', 'system': None}, Network: None, Subnet: None, Router: None
2024-10-03 08:16:58.827 63733 INFO tempest.lib.common.rest_client [req-9814d426-8b95-4173-b4da-c3f75f493686 req-9814d426-8b95-4173-b4da-c3f75f493686 ] Request (ServicesAdminNegativeV253TestJSON:setUpClass): 201 POST http://10.180.1.21/identity/v3/auth/tokens 0.149s
2024-10-03 08:16:58.852 63725 INFO tempest.lib.common.rest_client [req-d68373eb-23ce-4a8a-92b6-9be1e7ad3c30 req-d68373eb-23ce-4a8a-92b6-9be1e7ad3c30 ] Request (FloatingIPsTestJSON:setUpClass): 201 POST http://10.180.1.21/identity/v3/auth/tokens 0.111s
2024-10-03 08:16:58.863 63743 INFO tempest.lib.common.rest_client [req-05de3d6b-b259-4571-ab12-49e7a83e26f8 req-05de3d6b-b259-4571-ab12-49e7a83e26f8 ] Request (DeleteServersAdminTestJSON:test_delete_server_while_in_error_state): 200 GET http://10.180.1.21/compute/v2.1/servers/316c12f7-bc05-4f70-98b4-579d4a7b69d0 0.671s
2024-10-03 08:16:58.872 63779 INFO tempest.lib.common.rest_client [req-b3d98629-cb70-4987-b31f-2cd361141b09 req-b3d98629-cb70-4987-b31f-2cd361141b09 ] Request (ImagesTestJSON:test_create_image_from_stopped_server): 200 GET http://10.180.1.21/compute/v2.1/servers/6e963227-64f7-414d-88ec-cee5d5770bba 0.663s
2024-10-03 08:16:58.875 63733 INFO tempest.lib.common.rest_client [req-e583fc8a-f195-47d2-89b5-cff2987f14ae req-e583fc8a-f195-47d2-89b5-cff2987f14ae ] Request (ServicesAdminNegativeV253TestJSON:setUpClass): 201 POST http://10.180.1.21/identity/v3/projects 0.046s
2024-10-03 08:16:58.886 63779 INFO tempest.common.waiters [-] State transition "BUILD/scheduling" ==> "ERROR/None" after 33 second wait
2024-10-03 08:16:58.899 63777 INFO tempest.lib.common.rest_client [req-99010168-edb7-4d1f-b1ba-2b512492ddb5 req-99010168-edb7-4d1f-b1ba-2b512492ddb5 ] Request (ServerShowV263Test:setUpClass): 201 POST http://10.180.1.21/identity/v3/projects 0.154s
2024-10-03 08:16:58.917 63765 INFO tempest.lib.common.rest_client [req-8e6a8f86-3e6a-4885-84ca-cb680842123f req-8e6a8f86-3e6a-4885-84ca-cb680842123f ] Request (SecurityGroupsTestAdminJSON:tearDownClass): 204 DELETE http://10.180.1.21:9696/networking/v2.0/security-groups/ed4e14c8-e280-4155-9f01-744af3089b8c 0.450s
2024-10-03 08:16:58.924 63751 INFO tempest.lib.common.rest_client [req-4ca287b6-f653-49b2-a547-81de8804c82a req-4ca287b6-f653-49b2-a547-81de8804c82a ] Request (ServerDiagnosticsTest:test_get_server_diagnostics): 200 GET http://10.180.1.21/compute/v2.1/servers/fe881dbe-6d44-4e31-a537-4aa9dfe44ff4 0.630s
2024-10-03 08:16:58.969 63753 INFO tempest.lib.common.rest_client [req-eb976d27-9798-41d7-87b9-890ed0a2422b req-eb976d27-9798-41d7-87b9-890ed0a2422b ] Request (ServersV294TestFqdnHostnames:setUpClass): 200 GET http://10.180.1.21/compute/v2.1/servers/d941a593-7047-436a-b95d-bcb4850829f5 0.655s
2024-10-03 08:16:59.001 63777 INFO tempest.lib.common.rest_client [req-8bbfefab-dcb3-4651-b171-67e993200aae req-8bbfefab-dcb3-4651-b171-67e993200aae ] Request (ServerShowV263Test:setUpClass): 201 POST http://10.180.1.21/identity/v3/users 0.102s
2024-10-03 08:16:59.008 63733 INFO tempest.lib.common.rest_client [req-d7baa9f2-6f2e-4bea-ae18-589d00b5dd15 req-d7baa9f2-6f2e-4bea-ae18-589d00b5dd15 ] Request (ServicesAdminNegativeV253TestJSON:setUpClass): 201 POST http://10.180.1.21/identity/v3/users 0.132s
2024-10-03 08:16:59.036 63777 INFO tempest.lib.common.rest_client [req-8724813f-831f-4825-97a8-4a61f774c9dd req-8724813f-831f-4825-97a8-4a61f774c9dd ] Request (ServerShowV263Test:setUpClass): 200 GET http://10.180.1.21/identity/v3/roles 0.033s
2024-10-03 08:16:59.038 63769 INFO tempest.lib.common.rest_client [req-4fd0863b-4c60-4fa6-a989-7666db38d289 req-4fd0863b-4c60-4fa6-a989-7666db38d289 ] Request (ServersAdmin275Test:_run_cleanups): 200 GET http://10.180.1.21/compute/v2.1/servers/4410b013-868a-41e7-9dfb-584fb2d9d142 0.624s
2024-10-03 08:16:59.052 63759 INFO tempest.lib.common.rest_client [req-052a54f6-5324-48e8-81d9-d4d4fa0075f9 req-052a54f6-5324-48e8-81d9-d4d4fa0075f9 ] Request (FlavorsAdminTestJSON:test_list_non_public_flavor): 200 POST http://10.180.1.21/compute/v2.1/flavors 0.606s
2024-10-03 08:16:59.067 63765 INFO tempest.lib.common.rest_client [req-a8dc6589-c1e8-4de7-8f8e-539bcf76ec1a req-a8dc6589-c1e8-4de7-8f8e-539bcf76ec1a ] Request (SecurityGroupsTestAdminJSON:tearDownClass): 204 DELETE http://10.180.1.21/identity/v3/projects/74196e1b930342adbf87be9e3fdc75c5 0.149s
2024-10-03 08:16:59.067 63765 INFO tempest.lib.common.dynamic_creds [-] Deleting project and security group for project: a96e8003f0a24ef59d9b7943a21a6f4f
2024-10-03 08:16:59.086 63733 INFO tempest.lib.common.rest_client [req-f8e6bd8a-6855-4b9c-a142-c7fbe70edeb0 req-f8e6bd8a-6855-4b9c-a142-c7fbe70edeb0 ] Request (ServicesAdminNegativeV253TestJSON:setUpClass): 200 GET http://10.180.1.21/identity/v3/roles 0.078s
2024-10-03 08:16:59.113 63777 INFO tempest.lib.common.rest_client [req-4486fbc3-785d-4caa-a6bd-8e529df111bf req-4486fbc3-785d-4caa-a6bd-8e529df111bf ] Request (ServerShowV263Test:setUpClass): 204 PUT http://10.180.1.21/identity/v3/projects/22dcc4ebb9514fc3844230076e335702/users/aeee7663f0b44183a1f9a88cccb06238/roles/b76fb9c3e9cd4d7089fa0f6fad441fe5 0.077s
2024-10-03 08:16:59.113 63777 INFO tempest.lib.common.dynamic_creds [-] Dynamic test user aeee7663f0b44183a1f9a88cccb06238 is created with scope project and roles: ['member']
2024-10-03 08:16:59.113 63777 INFO tempest.lib.common.dynamic_creds [-] Acquired dynamic creds: credentials: Credentials: {'domain_id': 'default', 'domain_name': 'Default', 'username': 'tempest-ServerShowV263Test-305710022-project-member', 'project_domain_id': 'default', 'project_domain_name': 'Default', 'project_id': '22dcc4ebb9514fc3844230076e335702', 'project_name': 'tempest-ServerShowV263Test-305710022', 'tenant_id': '22dcc4ebb9514fc3844230076e335702', 'tenant_name': 'tempest-ServerShowV263Test-305710022', 'user_domain_id': 'default', 'user_domain_name': 'Default', 'user_id': 'aeee7663f0b44183a1f9a88cccb06238', 'system': None}, Network: None, Subnet: None, Router: None
2024-10-03 08:16:59.113 63777 INFO tempest.lib.common.dynamic_creds [-] Created isolated network resources for: credentials: Credentials: {'domain_id': 'default', 'domain_name': 'Default', 'username': 'tempest-ServerShowV263Test-305710022-project-member', 'project_domain_id': 'default', 'project_domain_name': 'Default', 'project_id': '22dcc4ebb9514fc3844230076e335702', 'project_name': 'tempest-ServerShowV263Test-305710022', 'tenant_id': '22dcc4ebb9514fc3844230076e335702', 'tenant_name': 'tempest-ServerShowV263Test-305710022', 'user_domain_id': 'default', 'user_domain_name': 'Default', 'user_id': 'aeee7663f0b44183a1f9a88cccb06238', 'system': None}, Network: None, Subnet: None, Router: None
2024-10-03 08:16:59.163 63763 INFO tempest.lib.common.rest_client [req-89fe156c-4471-4e00-a689-d4d40ea16c3a req-89fe156c-4471-4e00-a689-d4d40ea16c3a ] Request (FloatingIPsAssociationNegativeTestJSON:setUpClass): 201 POST http://10.180.1.21:9696/networking/v2.0/subnets 0.669s
2024-10-03 08:16:59.169 63765 INFO tempest.lib.common.rest_client [req-2a9f1ee2-2f0f-4a3a-a85a-1c017117cc3c req-2a9f1ee2-2f0f-4a3a-a85a-1c017117cc3c ] Request (SecurityGroupsTestAdminJSON:tearDownClass): 200 GET http://10.180.1.21:9696/networking/v2.0/security-groups?tenant_id=a96e8003f0a24ef59d9b7943a21a6f4f&name=default 0.102s
2024-10-03 08:16:59.195 63747 INFO tempest.lib.common.rest_client [req-0151de3d-21b0-4ee8-a6ec-4a7f2a46a4be req-0151de3d-21b0-4ee8-a6ec-4a7f2a46a4be ] Request (FlavorsAccessNegativeTestJSON:test_remove_flavor_access_not_found): 404 POST http://10.180.1.21/compute/v2.1/flavors/1404640636/action 0.777s
2024-10-03 08:16:59.240 63739 INFO tempest.lib.common.rest_client [req-e4b13927-e8e4-4870-9707-915439d07ce6 req-e4b13927-e8e4-4870-9707-915439d07ce6 ] Request (SecurityGroupRulesNegativeTestJSON:test_create_security_group_rule_with_non_existent_id): 404 POST http://10.180.1.21/compute/v2.1/os-security-group-rules 0.552s
2024-10-03 08:16:59.241 63733 INFO tempest.lib.common.rest_client [req-fbbeda4a-2a80-49a9-8431-4903e89e82a2 req-fbbeda4a-2a80-49a9-8431-4903e89e82a2 ] Request (ServicesAdminNegativeV253TestJSON:setUpClass): 204 PUT http://10.180.1.21/identity/v3/projects/01623f8032bc4e08b905969326b54ea4/users/92898605fe024aae8976b80da6bc2887/roles/ef5fb0829dca47608848127d02f0b52f 0.154s
2024-10-03 08:16:59.258 63777 INFO tempest.lib.common.rest_client [req-12e3fb2f-452b-45cf-bd77-79f451496a6b req-12e3fb2f-452b-45cf-bd77-79f451496a6b ] Request (ServerShowV263Test:setUpClass): 201 POST http://10.180.1.21/identity/v3/auth/tokens 0.141s
2024-10-03 08:16:59.287 63733 INFO tempest.lib.common.rest_client [req-de496ef9-68b7-4c71-ad0d-793802203713 req-de496ef9-68b7-4c71-ad0d-793802203713 ] Request (ServicesAdminNegativeV253TestJSON:setUpClass): 200 GET http://10.180.1.21/identity/v3/roles 0.046s
2024-10-03 08:16:59.305 63777 INFO tempest.lib.common.rest_client [req-7135b745-1878-4389-9e7b-07b22fa05963 req-7135b745-1878-4389-9e7b-07b22fa05963 ] Request (ServerShowV263Test:setUpClass): 200 GET http://10.180.1.21/identity/v3/projects/22dcc4ebb9514fc3844230076e335702 0.047s
2024-10-03 08:16:59.305 63777 INFO tempest.lib.common.dynamic_creds [-] Using the existing project 22dcc4ebb9514fc3844230076e335702 for scope project and roles: ['reader']
2024-10-03 08:16:59.307 63733 INFO tempest.lib.common.rest_client [req-8eac9ded-677e-45b9-b4b0-b52c2b25caed req-8eac9ded-677e-45b9-b4b0-b52c2b25caed ] Request (ServicesAdminNegativeV253TestJSON:setUpClass): 204 PUT http://10.180.1.21/identity/v3/projects/01623f8032bc4e08b905969326b54ea4/users/92898605fe024aae8976b80da6bc2887/roles/ef5fb0829dca47608848127d02f0b52f 0.019s
2024-10-03 08:16:59.307 63733 INFO tempest.lib.common.dynamic_creds [-] Dynamic test user 92898605fe024aae8976b80da6bc2887 is created with scope project and roles: ['admin']
2024-10-03 08:16:59.307 63733 INFO tempest.lib.common.dynamic_creds [-] Acquired dynamic creds: credentials: Credentials: {'domain_id': 'default', 'domain_name': 'Default', 'username': 'tempest-ServicesAdminNegativeV253TestJSON-608069648-project-admin', 'project_domain_id': 'default', 'project_domain_name': 'Default', 'project_id': '01623f8032bc4e08b905969326b54ea4', 'project_name': 'tempest-ServicesAdminNegativeV253TestJSON-608069648', 'tenant_id': '01623f8032bc4e08b905969326b54ea4', 'tenant_name': 'tempest-ServicesAdminNegativeV253TestJSON-608069648', 'user_domain_id': 'default', 'user_domain_name': 'Default', 'user_id': '92898605fe024aae8976b80da6bc2887', 'system': None}, Network: None, Subnet: None, Router: None
2024-10-03 08:16:59.307 63733 INFO tempest.lib.common.dynamic_creds [-] Created isolated network resources for: credentials: Credentials: {'domain_id': 'default', 'domain_name': 'Default', 'username': 'tempest-ServicesAdminNegativeV253TestJSON-608069648-project-admin', 'project_domain_id': 'default', 'project_domain_name': 'Default', 'project_id': '01623f8032bc4e08b905969326b54ea4', 'project_name': 'tempest-ServicesAdminNegativeV253TestJSON-608069648', 'tenant_id': '01623f8032bc4e08b905969326b54ea4', 'tenant_name': 'tempest-ServicesAdminNegativeV253TestJSON-608069648', 'user_domain_id': 'default', 'user_domain_name': 'Default', 'user_id': '92898605fe024aae8976b80da6bc2887', 'system': None}, Network: None, Subnet: None, Router: None
2024-10-03 08:16:59.321 63755 INFO tempest.lib.common.rest_client [req-675e3800-9c7c-4d73-b0fc-ffaf955027af req-675e3800-9c7c-4d73-b0fc-ffaf955027af ] Request (ServersNegativeTestMultiTenantJSON:setUpClass): 201 POST http://10.180.1.21:9696/networking/v2.0/networks 0.520s
2024-10-03 08:16:59.338 63785 INFO tempest.lib.common.rest_client [req-769a11e3-1564-41b0-b795-494961e93285 req-769a11e3-1564-41b0-b795-494961e93285 ] Request (FloatingIPsAssociationTestJSON:setUpClass): 200 GET http://10.180.1.21/compute/v2.1/servers/046304ef-b46f-473f-aa5b-5932b5078c54 0.540s
2024-10-03 08:16:59.361 63777 INFO tempest.lib.common.rest_client [req-27897ac6-a6c5-4153-ad38-baacdea981a1 req-27897ac6-a6c5-4153-ad38-baacdea981a1 ] Request (ServerShowV263Test:setUpClass): 201 POST http://10.180.1.21/identity/v3/users 0.055s
2024-10-03 08:16:59.375 63777 INFO tempest.lib.common.rest_client [req-3fba103f-0cbe-474d-b557-4562c18b4d5a req-3fba103f-0cbe-474d-b557-4562c18b4d5a ] Request (ServerShowV263Test:setUpClass): 200 GET http://10.180.1.21/identity/v3/roles 0.014s
2024-10-03 08:16:59.385 63733 INFO tempest.lib.common.rest_client [req-6e00ccd4-fcb7-48ab-b50f-afaf0776b536 req-6e00ccd4-fcb7-48ab-b50f-afaf0776b536 ] Request (ServicesAdminNegativeV253TestJSON:setUpClass): 201 POST http://10.180.1.21/identity/v3/auth/tokens 0.072s
2024-10-03 08:16:59.401 63777 INFO tempest.lib.common.rest_client [req-0fe58815-ca02-43cd-917c-47a3d1c5161c req-0fe58815-ca02-43cd-917c-47a3d1c5161c ] Request (ServerShowV263Test:setUpClass): 204 PUT http://10.180.1.21/identity/v3/projects/22dcc4ebb9514fc3844230076e335702/users/5131f36cbdf5405bbb27c026127e01dc/roles/f2f27c304f254d04b1fcb13ced2b0735 0.025s
2024-10-03 08:16:59.401 63777 INFO tempest.lib.common.dynamic_creds [-] Dynamic test user 5131f36cbdf5405bbb27c026127e01dc is created with scope project and roles: ['reader']
2024-10-03 08:16:59.401 63777 INFO tempest.lib.common.dynamic_creds [-] Acquired dynamic creds: credentials: Credentials: {'domain_id': 'default', 'domain_name': 'Default', 'username': 'tempest-ServerShowV263Test-305710022-project-reader', 'project_domain_id': 'default', 'project_domain_name': 'Default', 'project_id': '22dcc4ebb9514fc3844230076e335702', 'project_name': 'tempest-ServerShowV263Test-305710022', 'tenant_id': '22dcc4ebb9514fc3844230076e335702', 'tenant_name': 'tempest-ServerShowV263Test-305710022', 'user_domain_id': 'default', 'user_domain_name': 'Default', 'user_id': '5131f36cbdf5405bbb27c026127e01dc', 'system': None}, Network: None, Subnet: None, Router: None
2024-10-03 08:16:59.401 63777 INFO tempest.lib.common.dynamic_creds [-] Network resources are not created for requested scope: project and credentials: Credentials: {'domain_id': 'default', 'domain_name': 'Default', 'username': 'tempest-ServerShowV263Test-305710022-project-reader', 'project_domain_id': 'default', 'project_domain_name': 'Default', 'project_id': '22dcc4ebb9514fc3844230076e335702', 'project_name': 'tempest-ServerShowV263Test-305710022', 'tenant_id': '22dcc4ebb9514fc3844230076e335702', 'tenant_name': 'tempest-ServerShowV263Test-305710022', 'user_domain_id': 'default', 'user_domain_name': 'Default', 'user_id': '5131f36cbdf5405bbb27c026127e01dc', 'system': None}, Network: None, Subnet: None, Router: None
2024-10-03 08:16:59.481 63765 INFO tempest.lib.common.rest_client [req-573fa080-e6c5-4f80-8c7d-d573e9f6996a req-573fa080-e6c5-4f80-8c7d-d573e9f6996a ] Request (SecurityGroupsTestAdminJSON:tearDownClass): 204 DELETE http://10.180.1.21:9696/networking/v2.0/security-groups/6c6a3eec-bacd-4837-9d7c-cbac8455dcb5 0.312s
2024-10-03 08:16:59.487 63777 INFO tempest.lib.common.rest_client [req-bef5122d-6d26-418e-ae13-59e3a19854bd req-bef5122d-6d26-418e-ae13-59e3a19854bd ] Request (ServerShowV263Test:setUpClass): 201 POST http://10.180.1.21/identity/v3/auth/tokens 0.083s
2024-10-03 08:16:59.526 63725 INFO tempest.lib.common.rest_client [req-e7f17c12-b5e3-4cea-8cc0-a7c5f74e004c req-e7f17c12-b5e3-4cea-8cc0-a7c5f74e004c ] Request (FloatingIPsTestJSON:setUpClass): 201 POST http://10.180.1.21:9696/networking/v2.0/networks 0.673s
2024-10-03 08:16:59.593 63779 INFO tempest.lib.common.rest_client [req-a8954748-e27e-4dad-bc8f-9d43d6df7fe3 req-a8954748-e27e-4dad-bc8f-9d43d6df7fe3 ] Request (ImagesTestJSON:test_create_image_from_stopped_server): 204 DELETE http://10.180.1.21/compute/v2.1/servers/6e963227-64f7-414d-88ec-cee5d5770bba 0.707s
2024-10-03 08:16:59.612 63765 INFO tempest.lib.common.rest_client [req-9634d26c-82b1-4cc0-a688-f8c3706500aa req-9634d26c-82b1-4cc0-a688-f8c3706500aa ] Request (SecurityGroupsTestAdminJSON:tearDownClass): 204 DELETE http://10.180.1.21/identity/v3/projects/a96e8003f0a24ef59d9b7943a21a6f4f 0.130s
2024-10-03 08:16:59.617 63777 INFO tempest.lib.common.rest_client [req-3d6184a6-5be2-4061-a7b3-d6ec02121bd7 req-3d6184a6-5be2-4061-a7b3-d6ec02121bd7 ] Request (ServerShowV263Test:tearDownClass): 204 DELETE http://10.180.1.21/identity/v3/users/aeee7663f0b44183a1f9a88cccb06238 0.122s
2024-10-03 08:16:59.656 63737 INFO tempest.lib.common.rest_client [req-86024dc8-1a3d-4322-8df2-210dc24e18dd req-86024dc8-1a3d-4322-8df2-210dc24e18dd ] Request (FloatingIPDetailsTestJSON:setUpClass): 201 POST http://10.180.1.21:9696/networking/v2.0/routers 1.822s
2024-10-03 08:16:59.674 63765 INFO tempest.lib.common.rest_client [req-1c053cb6-b888-40dc-a48f-6d9692ea2b50 req-1c053cb6-b888-40dc-a48f-6d9692ea2b50 ] Request (ServersAdminTestJSON:setUpClass): 201 POST http://10.180.1.21/identity/v3/auth/tokens 0.060s
2024-10-03 08:16:59.681 63775 INFO tempest.lib.common.rest_client [req-09f80b34-99ac-4bc6-8ca3-7c54d35ca741 req-09f80b34-99ac-4bc6-8ca3-7c54d35ca741 ] Request (ImagesOneServerNegativeTestJSON:setUpClass): 200 GET http://10.180.1.21/compute/v2.1/servers/35e9c404-bad4-4f8d-8c79-fb7250abb363 0.770s
2024-10-03 08:16:59.691 63775 INFO tempest.common.waiters [-] State transition "BUILD/spawning" ==> "ERROR/None" after 34 second wait
2024-10-03 08:16:59.739 63777 INFO tempest.lib.common.rest_client [req-017e262b-8e25-451e-b514-8ec24154cc88 req-017e262b-8e25-451e-b514-8ec24154cc88 ] Request (ServerShowV263Test:tearDownClass): 204 DELETE http://10.180.1.21/identity/v3/users/5131f36cbdf5405bbb27c026127e01dc 0.122s
2024-10-03 08:16:59.740 63777 INFO tempest.lib.common.dynamic_creds [-] Deleting project and security group for project: 22dcc4ebb9514fc3844230076e335702
2024-10-03 08:16:59.748 63755 INFO tempest.lib.common.rest_client [req-e304eb91-cf06-4f24-b5e7-fe6b33d92598 req-e304eb91-cf06-4f24-b5e7-fe6b33d92598 ] Request (ServersNegativeTestMultiTenantJSON:setUpClass): 201 POST http://10.180.1.21:9696/networking/v2.0/subnets 0.426s
2024-10-03 08:16:59.767 63761 INFO tempest.lib.common.rest_client [req-3fdf967b-17ac-416c-9971-2973c37b7dc5 req-3fdf967b-17ac-416c-9971-2973c37b7dc5 ] Request (SecurityGroupsTestJSON:setUpClass): 201 POST http://10.180.1.21:9696/networking/v2.0/routers 2.238s
2024-10-03 08:16:59.777 63749 INFO tempest.lib.common.rest_client [req-4ee9a3eb-8537-4ad8-98dc-ee9d218de417 req-4ee9a3eb-8537-4ad8-98dc-ee9d218de417 ] Request (ImagesNegativeTestJSON:test_create_image_from_deleted_server): 200 GET http://10.180.1.21/compute/v2.1/servers/3c513284-4860-46b2-8ba1-e185efe0db86 0.791s
2024-10-03 08:16:59.790 63765 INFO tempest.lib.common.rest_client [req-0bb23138-8d7e-4827-9a1e-b18db373ee7b req-0bb23138-8d7e-4827-9a1e-b18db373ee7b ] Request (ServersAdminTestJSON:setUpClass): 201 POST http://10.180.1.21/identity/v3/auth/tokens 0.114s
2024-10-03 08:16:59.803 63771 INFO tempest.lib.common.rest_client [req-649573ed-d516-4285-90ff-2c9b6d632854 req-649573ed-d516-4285-90ff-2c9b6d632854 ] Request (ServersTestBootFromVolume:setUpClass): 200 GET http://10.180.1.21/volume/v3/9c883e8ba760434483611afaa16c0132/volumes/54e7daec-bc20-49c7-a68d-4347bcbb73af 0.052s
2024-10-03 08:16:59.804 63777 INFO tempest.lib.common.rest_client [req-98c4b105-ae8f-4ac5-a92d-c97d0e039d48 req-98c4b105-ae8f-4ac5-a92d-c97d0e039d48 ] Request (ServerShowV263Test:tearDownClass): 201 POST http://10.180.1.21/identity/v3/auth/tokens 0.064s
2024-10-03 08:16:59.809 63765 INFO tempest.lib.common.rest_client [req-ae163527-a8d4-4f88-8f5b-b0be5437863c req-ae163527-a8d4-4f88-8f5b-b0be5437863c ] Request (ServersAdminTestJSON:setUpClass): 200 GET http://10.180.1.21/identity/v3/domains?name=Default 0.019s
2024-10-03 08:16:59.809 63759 INFO tempest.lib.common.rest_client [req-01257d86-2b2e-44d3-9472-b4248774db0d req-01257d86-2b2e-44d3-9472-b4248774db0d ] Request (FlavorsAdminTestJSON:test_list_non_public_flavor): 200 GET http://10.180.1.21/compute/v2.1/flavors/detail 0.752s
2024-10-03 08:16:59.853 63765 INFO tempest.lib.common.rest_client [req-f42cfeb8-365a-4321-9d4d-2131d326b363 req-f42cfeb8-365a-4321-9d4d-2131d326b363 ] Request (ServersAdminTestJSON:setUpClass): 201 POST http://10.180.1.21/identity/v3/projects 0.043s
2024-10-03 08:16:59.934 63765 INFO tempest.lib.common.rest_client [req-cab26348-52ca-4279-b40c-f4430e264a7f req-cab26348-52ca-4279-b40c-f4430e264a7f ] Request (ServersAdminTestJSON:setUpClass): 201 POST http://10.180.1.21/identity/v3/users 0.081s
2024-10-03 08:16:59.951 63765 INFO tempest.lib.common.rest_client [req-e5681fb5-e181-4831-b335-ace82d88e0da req-e5681fb5-e181-4831-b335-ace82d88e0da ] Request (ServersAdminTestJSON:setUpClass): 200 GET http://10.180.1.21/identity/v3/roles 0.017s
2024-10-03 08:16:59.955 63781 INFO tempest.lib.common.rest_client [req-bc0307cd-7445-4401-9ccb-08040d867049 req-bc0307cd-7445-4401-9ccb-08040d867049 ] Request (ServersTestManualDisk:setUpClass): 200 GET http://10.180.1.21/compute/v2.1/servers/e1e72ba0-fc50-4776-991f-738c2d9c4ff3 0.880s
2024-10-03 08:16:59.995 63765 INFO tempest.lib.common.rest_client [req-9ff2f523-8bb9-4987-9c3a-930af6ea6fb9 req-9ff2f523-8bb9-4987-9c3a-930af6ea6fb9 ] Request (ServersAdminTestJSON:setUpClass): 204 PUT http://10.180.1.21/identity/v3/projects/68629161ef134625aa029648f57223f9/users/7e9564f4338a42ec8a39aeb679d0e275/roles/b76fb9c3e9cd4d7089fa0f6fad441fe5 0.043s
2024-10-03 08:16:59.995 63765 INFO tempest.lib.common.dynamic_creds [-] Dynamic test user 7e9564f4338a42ec8a39aeb679d0e275 is created with scope project and roles: ['member']
2024-10-03 08:16:59.996 63765 INFO tempest.lib.common.dynamic_creds [-] Acquired dynamic creds: credentials: Credentials: {'domain_id': 'default', 'domain_name': 'Default', 'username': 'tempest-ServersAdminTestJSON-195653164-project-member', 'project_domain_id': 'default', 'project_domain_name': 'Default', 'project_id': '68629161ef134625aa029648f57223f9', 'project_name': 'tempest-ServersAdminTestJSON-195653164', 'tenant_id': '68629161ef134625aa029648f57223f9', 'tenant_name': 'tempest-ServersAdminTestJSON-195653164', 'user_domain_id': 'default', 'user_domain_name': 'Default', 'user_id': '7e9564f4338a42ec8a39aeb679d0e275', 'system': None}, Network: None, Subnet: None, Router: None
2024-10-03 08:17:00.069 63765 INFO tempest.lib.common.rest_client [req-48ec6c30-b2a7-4ff4-ba03-b7d2965edaea req-48ec6c30-b2a7-4ff4-ba03-b7d2965edaea ] Request (ServersAdminTestJSON:setUpClass): 201 POST http://10.180.1.21/identity/v3/auth/tokens 0.072s
2024-10-03 08:17:00.073 63767 INFO tempest.lib.common.rest_client [req-51985997-54be-462a-bb0d-8d01e83a4686 req-51985997-54be-462a-bb0d-8d01e83a4686 ] Request (ImagesOneServerTestJSON:setUpClass): 200 GET http://10.180.1.21/compute/v2.1/servers/5287b3ed-12ec-47fb-93a2-94038cb2e7b1 0.915s
2024-10-03 08:17:00.093 63747 INFO tempest.lib.common.rest_client [req-ca1d40d1-d2cb-4ed4-bc7d-fb1e09411626 req-ca1d40d1-d2cb-4ed4-bc7d-fb1e09411626 ] Request (FlavorsAccessNegativeTestJSON:_run_cleanups): 202 DELETE http://10.180.1.21/compute/v2.1/flavors/1404640636 0.897s
2024-10-03 08:17:00.170 63731 INFO tempest.lib.common.rest_client [req-80b631d5-bff1-4515-acb6-f53c66a1f735 req-80b631d5-bff1-4515-acb6-f53c66a1f735 ] Request (InstanceActionsTestJSON:setUpClass): 202 POST http://10.180.1.21/compute/v2.1/servers 1.610s
2024-10-03 08:17:00.172 63783 INFO tempest.lib.common.rest_client [req-240b743a-72c5-4881-b58e-e491c856963b req-240b743a-72c5-4881-b58e-e491c856963b ] Request (ServersWithSpecificFlavorTestJSON:test_verify_created_server_ephemeral_disk): 200 GET http://10.180.1.21/compute/v2.1/servers/01a1b3e0-4ad9-4350-b59e-499f1b3412a5 0.936s
2024-10-03 08:17:00.210 63739 INFO tempest.lib.common.rest_client [req-f51fe19a-b828-48d8-9c4f-f4a84015e536 req-f51fe19a-b828-48d8-9c4f-f4a84015e536 ] Request (SecurityGroupRulesNegativeTestJSON:test_delete_security_group_rule_with_non_existent_id): 404 DELETE http://10.180.1.21/compute/v2.1/os-security-group-rules/45fb6f27-2617-4caa-95c3-58b6f1a61fb4 0.969s
2024-10-03 08:17:00.250 63787 INFO tempest.lib.common.rest_client [req-5e9b6ad8-6b29-4fbb-aafd-51cbf100adc2 req-5e9b6ad8-6b29-4fbb-aafd-51cbf100adc2 ] Request (VolumesAssistedSnapshotsTest:test_volume_assisted_snapshot_create_delete): 200 GET http://10.180.1.21/compute/v2.1/servers/8ac0012a-0855-4b73-a1e4-0a68a1336404 0.926s
2024-10-03 08:17:00.335 63733 INFO tempest.lib.common.rest_client [req-ce8f84ae-3bcf-4c93-a5a0-a9e79bcf621d req-ce8f84ae-3bcf-4c93-a5a0-a9e79bcf621d ] Request (ServicesAdminNegativeV253TestJSON:test_disable_log_reason_with_invalid_service_id): 404 PUT http://10.180.1.21/compute/v2.1/os-services/3f4eaec1-1119-4d0e-8e8a-e288c1722bc6 0.948s
2024-10-03 08:17:00.344 63725 INFO tempest.lib.common.rest_client [req-23bbd33a-55f2-49ba-95c5-92e317c63ab6 req-23bbd33a-55f2-49ba-95c5-92e317c63ab6 ] Request (FloatingIPsTestJSON:setUpClass): 201 POST http://10.180.1.21:9696/networking/v2.0/subnets 0.817s
2024-10-03 08:17:00.369 63735 INFO tempest.lib.common.rest_client [req-5feeaf82-069b-485a-ab5d-9468c20fa056 req-5feeaf82-069b-485a-ab5d-9468c20fa056 ] Request (VolumesAdminNegativeTest:test_update_attached_volume_with_nonexistent_volume_in_body): 200 GET http://10.180.1.21/compute/v2.1/servers/9fa373b3-8e15-4d26-82be-7dda51bc6cf6 0.961s
2024-10-03 08:17:00.370 63779 INFO tempest.lib.common.rest_client [req-09fe9722-b0dc-482a-a851-528b0a7cee98 req-09fe9722-b0dc-482a-a851-528b0a7cee98 ] Request (ImagesTestJSON:test_create_image_from_stopped_server): 404 GET http://10.180.1.21/compute/v2.1/servers/6e963227-64f7-414d-88ec-cee5d5770bba 0.777s
2024-10-03 08:17:00.428 63777 INFO tempest.lib.common.rest_client [req-4ea3b299-69e9-43df-a92a-92a88781e06b req-4ea3b299-69e9-43df-a92a-92a88781e06b ] Request (ServerShowV263Test:tearDownClass): 200 GET http://10.180.1.21:9696/networking/v2.0/security-groups?tenant_id=22dcc4ebb9514fc3844230076e335702&name=default 0.621s
2024-10-03 08:17:00.441 63745 INFO tempest.lib.common.rest_client [req-ed8b6f4e-9812-4cb7-8af2-9d71009e8bbc req-ed8b6f4e-9812-4cb7-8af2-9d71009e8bbc ] Request (AttachVolumeShelveTestJSON:setUpClass): 201 POST http://10.180.1.21:9696/networking/v2.0/routers 2.151s
2024-10-03 08:17:00.470 63757 INFO tempest.lib.common.rest_client [req-188589fc-3b68-460e-89d8-8b823e416a52 req-188589fc-3b68-460e-89d8-8b823e416a52 ] Request (ListServerFiltersTestJSON:setUpClass): 200 GET http://10.180.1.21/compute/v2.1/servers/56872ede-96f0-48ca-b289-86784f37527d 0.776s
2024-10-03 08:17:00.488 63779 INFO tempest.lib.common.rest_client [req-cb80fe5f-2a1e-4009-8a6e-39f7c04a7f59 req-cb80fe5f-2a1e-4009-8a6e-39f7c04a7f59 ] Request (ImagesTestJSON:test_create_image_from_suspended_server): 201 POST http://10.180.1.21/identity/v3/auth/tokens 0.061s
2024-10-03 08:17:00.488 63779 INFO tempest.lib.common.fixed_network [-] (ImagesTestJSON:test_create_image_from_suspended_server) Found network {'id': '887fff70-ea19-458d-a945-e4f3ed6dc185', 'name': 'tempest-ImagesTestJSON-2099566288-network', 'tenant_id': '04a4c814245346a9b73253a25a822fef', 'admin_state_up': True, 'mtu': 8950, 'status': 'ACTIVE', 'subnets': [], 'shared': False, 'project_id': '04a4c814245346a9b73253a25a822fef', 'port_security_enabled': True, 'router:external': False, 'provider:network_type': 'vlan', 'provider:physical_network': 'default', 'provider:segmentation_id': 565, 'is_default': False, 'availability_zone_hints': [], 'availability_zones': [], 'ipv4_address_scope': None, 'ipv6_address_scope': None, 'description': '', 'tags': [], 'created_at': '2024-10-03T08:16:14Z', 'updated_at': '2024-10-03T08:16:14Z', 'revision_number': 1} available for tenant
2024-10-03 08:17:00.620 63775 INFO tempest.lib.common.rest_client [req-c8c361d7-037a-4e99-945b-109f83f70e00 req-c8c361d7-037a-4e99-945b-109f83f70e00 ] Request (ImagesOneServerNegativeTestJSON:setUpClass): 204 DELETE http://10.180.1.21/compute/v2.1/servers/35e9c404-bad4-4f8d-8c79-fb7250abb363 0.928s
2024-10-03 08:17:00.786 63777 INFO tempest.lib.common.rest_client [req-3e9d2f19-9292-4b7f-8046-4c6b295a3ada req-3e9d2f19-9292-4b7f-8046-4c6b295a3ada ] Request (ServerShowV263Test:tearDownClass): 204 DELETE http://10.180.1.21:9696/networking/v2.0/security-groups/b7cc43c9-50e3-43cb-9432-f4632f827e0f 0.357s
2024-10-03 08:17:00.849 63771 INFO tempest.lib.common.rest_client [req-ac1f0d1f-9105-44ff-b9aa-a62019a02583 req-ac1f0d1f-9105-44ff-b9aa-a62019a02583 ] Request (ServersTestBootFromVolume:setUpClass): 200 GET http://10.180.1.21/volume/v3/9c883e8ba760434483611afaa16c0132/volumes/54e7daec-bc20-49c7-a68d-4347bcbb73af 0.036s
2024-10-03 08:17:00.871 63774 INFO tempest.lib.common.rest_client [req-bdba958e-d3de-4d1e-900b-d0a98f57a6a0 req-bdba958e-d3de-4d1e-900b-d0a98f57a6a0 ] Request (ServerExternalEventsTest:test_create_server_external_events): 200 GET http://10.180.1.21/compute/v2.1/servers/2ae517ae-a159-4dc6-8100-457a4cea1aeb 1.089s
2024-10-03 08:17:00.882 63777 INFO tempest.lib.common.rest_client [req-71d86813-ec82-471d-b728-cc47876cb4ad req-71d86813-ec82-471d-b728-cc47876cb4ad ] Request (ServerShowV263Test:tearDownClass): 204 DELETE http://10.180.1.21/identity/v3/projects/22dcc4ebb9514fc3844230076e335702 0.094s
2024-10-03 08:17:00.904 63765 INFO tempest.lib.common.rest_client [req-f6ccbd49-cd16-40cb-b404-0b653a90d29f req-f6ccbd49-cd16-40cb-b404-0b653a90d29f ] Request (ServersAdminTestJSON:setUpClass): 201 POST http://10.180.1.21:9696/networking/v2.0/networks 0.835s
2024-10-03 08:17:00.964 63729 INFO tempest.lib.common.rest_client [req-7093da9a-ea42-4cba-bc59-5aa0bfea9b62 req-7093da9a-ea42-4cba-bc59-5aa0bfea9b62 ] Request (MigrationsAdminTest:test_list_migrations_in_flavor_resize_situation): 200 GET http://10.180.1.21/compute/v2.1/servers/6a380967-bca6-47d2-b052-988e6c1004ee 1.183s
2024-10-03 08:17:00.982 63759 INFO tempest.lib.common.rest_client [req-178c33a3-7ccc-4b44-b317-265996eefb97 req-178c33a3-7ccc-4b44-b317-265996eefb97 ] Request (FlavorsAdminTestJSON:test_list_non_public_flavor): 200 GET http://10.180.1.21/compute/v2.1/flavors/detail 1.158s
2024-10-03 08:17:01.004 63727 INFO tempest.lib.common.rest_client [req-fe82ffe7-25fb-4e88-9cc8-215aba4f1342 req-fe82ffe7-25fb-4e88-9cc8-215aba4f1342 ] Request (ServerDiagnosticsV248Test:test_get_server_diagnostics): 200 GET http://10.180.1.21/compute/v2.1/servers/5b86b63a-f6c1-4983-a3cc-3cde7a10d17b/diagnostics 1.299s
2024-10-03 08:17:01.077 63743 INFO tempest.lib.common.rest_client [req-af95af73-267e-4c73-aa3e-1f4399e18421 req-af95af73-267e-4c73-aa3e-1f4399e18421 ] Request (DeleteServersAdminTestJSON:test_delete_server_while_in_error_state): 200 GET http://10.180.1.21/compute/v2.1/servers/316c12f7-bc05-4f70-98b4-579d4a7b69d0 1.200s
2024-10-03 08:17:01.088 63751 INFO tempest.lib.common.rest_client [req-b17d3403-67b4-49cf-95a6-b96770055eba req-b17d3403-67b4-49cf-95a6-b96770055eba ] Request (ServerDiagnosticsTest:test_get_server_diagnostics): 200 GET http://10.180.1.21/compute/v2.1/servers/fe881dbe-6d44-4e31-a537-4aa9dfe44ff4 1.154s
2024-10-03 08:17:01.097 63751 INFO tempest.common.waiters [-] State transition "BUILD/scheduling" ==> "BUILD/None" after 17 second wait
2024-10-03 08:17:01.197 63769 INFO tempest.lib.common.rest_client [req-93fe5ed1-beb5-420c-8ca9-6b341534c777 req-93fe5ed1-beb5-420c-8ca9-6b341534c777 ] Request (ServersAdmin275Test:_run_cleanups): 200 GET http://10.180.1.21/compute/v2.1/servers/4410b013-868a-41e7-9dfb-584fb2d9d142 1.149s
2024-10-03 08:17:01.210 63753 INFO tempest.lib.common.rest_client [req-5afe108a-8e4c-445e-8177-117ef9124814 req-5afe108a-8e4c-445e-8177-117ef9124814 ] Request (ServersV294TestFqdnHostnames:setUpClass): 200 GET http://10.180.1.21/compute/v2.1/servers/d941a593-7047-436a-b95d-bcb4850829f5 1.227s
2024-10-03 08:17:01.209 63769 INFO tempest.common.waiters [-] State transition "REBUILD/rebuilding" ==> "REBUILD/rebuild_block_device_mapping" after 2 second wait
2024-10-03 08:17:01.222 63747 INFO tempest.lib.common.rest_client [req-10316c28-6dc4-42c2-801b-50585baf87cf req-10316c28-6dc4-42c2-801b-50585baf87cf ] Request (FlavorsAccessNegativeTestJSON:_run_cleanups): 200 GET http://10.180.1.21/compute/v2.1/flavors/detail 1.128s
2024-10-03 08:17:01.339 63731 INFO tempest.lib.common.rest_client [req-b31617ea-e0a3-4cc1-b047-f7836b7908ab req-b31617ea-e0a3-4cc1-b047-f7836b7908ab ] Request (InstanceActionsTestJSON:setUpClass): 200 GET http://10.180.1.21/compute/v2.1/servers/180526ef-0e57-4834-bc35-1e8e086e7323 1.167s
2024-10-03 08:17:01.360 63733 INFO tempest.lib.common.rest_client [req-6513e988-d69a-4f6f-b9ce-aa2144d81558 req-6513e988-d69a-4f6f-b9ce-aa2144d81558 ] Request (ServicesAdminNegativeV253TestJSON:test_disable_service_with_invalid_service_id): 404 PUT http://10.180.1.21/compute/v2.1/os-services/3f4eaec1-1119-4d0e-8e8a-e288c1722bc6 1.024s
2024-10-03 08:17:01.409 63747 INFO tempest.lib.common.rest_client [req-1c9ebc14-47ca-4730-a23d-f174aa21687b req-1c9ebc14-47ca-4730-a23d-f174aa21687b ] Request (FlavorsAccessNegativeTestJSON:tearDownClass): 204 DELETE http://10.180.1.21/identity/v3/users/3090dc19d1ec4ed482c7685149fd2cdd 0.179s
2024-10-03 08:17:01.445 63785 INFO tempest.lib.common.rest_client [req-aec00814-8763-4ce0-ac52-fd82b8a6d4f8 req-aec00814-8763-4ce0-ac52-fd82b8a6d4f8 ] Request (FloatingIPsAssociationTestJSON:setUpClass): 200 GET http://10.180.1.21/compute/v2.1/servers/046304ef-b46f-473f-aa5b-5932b5078c54 1.097s
2024-10-03 08:17:01.506 63765 INFO tempest.lib.common.rest_client [req-bac23391-e059-4571-8870-b3fb7d7fa19b req-bac23391-e059-4571-8870-b3fb7d7fa19b ] Request (ServersAdminTestJSON:setUpClass): 201 POST http://10.180.1.21:9696/networking/v2.0/subnets 0.600s
2024-10-03 08:17:01.524 63747 INFO tempest.lib.common.rest_client [req-86e57624-d50c-4292-877e-42c111614bac req-86e57624-d50c-4292-877e-42c111614bac ] Request (FlavorsAccessNegativeTestJSON:tearDownClass): 204 DELETE http://10.180.1.21/identity/v3/users/2fcd6909f71441a1bfafbd498a67956d 0.114s
2024-10-03 08:17:01.693 63747 INFO tempest.lib.common.rest_client [req-aa542e2c-e3b4-49ed-9ac4-6bb5fbc4e9cb req-aa542e2c-e3b4-49ed-9ac4-6bb5fbc4e9cb ] Request (FlavorsAccessNegativeTestJSON:tearDownClass): 204 DELETE http://10.180.1.21/identity/v3/users/51a76b02bee249d3b928193357dfab34 0.169s
2024-10-03 08:17:01.693 63747 INFO tempest.lib.common.dynamic_creds [-] Deleting project and security group for project: ecf202aafc6744b398aa8bb4c959f176
2024-10-03 08:17:01.715 63739 INFO tempest.lib.common.rest_client [req-d8cb961e-ba16-4c3c-b242-2efe6638aa7f req-d8cb961e-ba16-4c3c-b242-2efe6638aa7f ] Request (SecurityGroupRulesNegativeTestJSON:tearDownClass): 202 DELETE http://10.180.1.21/compute/v2.1/os-security-groups/c2631871-53af-4aa2-887d-0413b4f2f0c0 1.503s
2024-10-03 08:17:01.747 63775 INFO tempest.lib.common.rest_client [req-6bcd995a-a921-4d1d-a0f9-93e3dd939a91 req-6bcd995a-a921-4d1d-a0f9-93e3dd939a91 ] Request (ImagesOneServerNegativeTestJSON:setUpClass): 404 GET http://10.180.1.21/compute/v2.1/servers/35e9c404-bad4-4f8d-8c79-fb7250abb363 1.126s
2024-10-03 08:17:01.748 63775 INFO tempest.test [-] raised in ImagesOneServerNegativeTestJSON.setUpClass. Invoking tearDownClass.
2024-10-03 08:17:01.781 63747 INFO tempest.lib.common.rest_client [req-b8161ada-cdf0-4dea-bcc7-1dfad4954b52 req-b8161ada-cdf0-4dea-bcc7-1dfad4954b52 ] Request (FlavorsAccessNegativeTestJSON:tearDownClass): 201 POST http://10.180.1.21/identity/v3/auth/tokens 0.087s
2024-10-03 08:17:01.859 63763 INFO tempest.lib.common.rest_client [req-8dcda780-e563-4e0e-96a5-cad130a4308e req-8dcda780-e563-4e0e-96a5-cad130a4308e ] Request (FloatingIPsAssociationNegativeTestJSON:setUpClass): 201 POST http://10.180.1.21:9696/networking/v2.0/routers 2.695s
2024-10-03 08:17:01.880 63749 INFO tempest.lib.common.rest_client [req-52434f63-8d24-4d66-977f-f5d861906fbb req-52434f63-8d24-4d66-977f-f5d861906fbb ] Request (ImagesNegativeTestJSON:test_create_image_from_deleted_server): 200 GET http://10.180.1.21/compute/v2.1/servers/3c513284-4860-46b2-8ba1-e185efe0db86 1.086s
2024-10-03 08:17:01.899 63771 INFO tempest.lib.common.rest_client [req-81337259-e70e-4771-90ef-68b8872ebdb2 req-81337259-e70e-4771-90ef-68b8872ebdb2 ] Request (ServersTestBootFromVolume:setUpClass): 200 GET http://10.180.1.21/volume/v3/9c883e8ba760434483611afaa16c0132/volumes/54e7daec-bc20-49c7-a68d-4347bcbb73af 0.038s
2024-10-03 08:17:01.905 63771 INFO tempest.common.waiters [-] volume 54e7daec-bc20-49c7-a68d-4347bcbb73af reached available after waiting for 21.905667 seconds
2024-10-03 08:17:02.020 63781 INFO tempest.lib.common.rest_client [req-25f42170-8a52-4dd5-afa0-76a6069f18a1 req-25f42170-8a52-4dd5-afa0-76a6069f18a1 ] Request (ServersTestManualDisk:setUpClass): 200 GET http://10.180.1.21/compute/v2.1/servers/e1e72ba0-fc50-4776-991f-738c2d9c4ff3 1.056s
2024-10-03 08:17:02.042 63759 INFO tempest.lib.common.rest_client [req-d6faa7a3-d50b-4ced-989d-5fb5ae9e0324 req-d6faa7a3-d50b-4ced-989d-5fb5ae9e0324 ] Request (FlavorsAdminTestJSON:_run_cleanups): 202 DELETE http://10.180.1.21/compute/v2.1/flavors/563179483 1.052s
2024-10-03 08:17:02.085 63755 INFO tempest.lib.common.rest_client [req-2e6c6815-937b-4a43-9305-b2fa71e10cc9 req-2e6c6815-937b-4a43-9305-b2fa71e10cc9 ] Request (ServersNegativeTestMultiTenantJSON:setUpClass): 201 POST http://10.180.1.21:9696/networking/v2.0/routers 2.336s
2024-10-03 08:17:02.156 63727 INFO tempest.lib.common.rest_client [req-a8d3fe75-9fbe-4167-b227-285d91eb9660 req-a8d3fe75-9fbe-4167-b227-285d91eb9660 ] Request (ServerDiagnosticsV248Test:tearDownClass): 204 DELETE http://10.180.1.21/compute/v2.1/servers/5b86b63a-f6c1-4983-a3cc-3cde7a10d17b 1.141s
2024-10-03 08:17:02.280 63767 INFO tempest.lib.common.rest_client [req-16ab6c8b-40a8-4369-91e0-40baf0d9f282 req-16ab6c8b-40a8-4369-91e0-40baf0d9f282 ] Request (ImagesOneServerTestJSON:setUpClass): 200 GET http://10.180.1.21/compute/v2.1/servers/5287b3ed-12ec-47fb-93a2-94038cb2e7b1 1.193s
2024-10-03 08:17:02.289 63767 INFO tempest.common.waiters [-] State transition "BUILD/spawning" ==> "ERROR/None" after 36 second wait
2024-10-03 08:17:02.388 63783 INFO tempest.lib.common.rest_client [req-5490c23f-cabb-4bef-966e-d36aa0f88d46 req-5490c23f-cabb-4bef-966e-d36aa0f88d46 ] Request (ServersWithSpecificFlavorTestJSON:test_verify_created_server_ephemeral_disk): 200 GET http://10.180.1.21/compute/v2.1/servers/01a1b3e0-4ad9-4350-b59e-499f1b3412a5 1.207s
2024-10-03 08:17:02.473 63725 INFO tempest.lib.common.rest_client [req-171a22c0-d5ea-4b4a-ada6-3db7909ca31a req-171a22c0-d5ea-4b4a-ada6-3db7909ca31a ] Request (FloatingIPsTestJSON:setUpClass): 201 POST http://10.180.1.21:9696/networking/v2.0/routers 2.129s
2024-10-03 08:17:02.670 63787 INFO tempest.lib.common.rest_client [req-13692267-e4c3-48b9-9fb3-53563eb19356 req-13692267-e4c3-48b9-9fb3-53563eb19356 ] Request (VolumesAssistedSnapshotsTest:test_volume_assisted_snapshot_create_delete): 200 GET http://10.180.1.21/compute/v2.1/servers/8ac0012a-0855-4b73-a1e4-0a68a1336404 1.412s
2024-10-03 08:17:02.685 63733 INFO tempest.lib.common.rest_client [req-4bd96704-b1dd-41a8-80f8-52d9c6291195 req-4bd96704-b1dd-41a8-80f8-52d9c6291195 ] Request (ServicesAdminNegativeV253TestJSON:test_enable_service_with_invalid_service_id): 404 PUT http://10.180.1.21/compute/v2.1/os-services/3f4eaec1-1119-4d0e-8e8a-e288c1722bc6 1.323s
2024-10-03 08:17:02.741 63747 INFO tempest.lib.common.rest_client [req-6bacc562-2021-4c42-9b9d-68655f6b3acd req-6bacc562-2021-4c42-9b9d-68655f6b3acd ] Request (FlavorsAccessNegativeTestJSON:tearDownClass): 200 GET http://10.180.1.21:9696/networking/v2.0/security-groups?tenant_id=ecf202aafc6744b398aa8bb4c959f176&name=default 0.960s
2024-10-03 08:17:02.784 63735 INFO tempest.lib.common.rest_client [req-57e34ba1-cb82-483f-86fd-52204a396ad8 req-57e34ba1-cb82-483f-86fd-52204a396ad8 ] Request (VolumesAdminNegativeTest:test_update_attached_volume_with_nonexistent_volume_in_body): 200 GET http://10.180.1.21/compute/v2.1/servers/9fa373b3-8e15-4d26-82be-7dda51bc6cf6 1.405s
2024-10-03 08:17:02.799 63779 INFO tempest.lib.common.rest_client [req-a0c50a0b-db0e-4150-a52e-9c417f5df35c req-a0c50a0b-db0e-4150-a52e-9c417f5df35c ] Request (ImagesTestJSON:test_create_image_from_suspended_server): 202 POST http://10.180.1.21/compute/v2.1/servers 2.310s
2024-10-03 08:17:02.897 63757 INFO tempest.lib.common.rest_client [req-69bbf703-1d71-41cb-8458-533d0d570b1e req-69bbf703-1d71-41cb-8458-533d0d570b1e ] Request (ListServerFiltersTestJSON:setUpClass): 200 GET http://10.180.1.21/compute/v2.1/servers/56872ede-96f0-48ca-b289-86784f37527d 1.419s
2024-10-03 08:17:02.917 63761 INFO tempest.lib.common.rest_client [req-0dfcf86b-c2c6-46ed-a3d7-5626ad88661f req-0dfcf86b-c2c6-46ed-a3d7-5626ad88661f ] Request (SecurityGroupsTestJSON:setUpClass): 200 PUT http://10.180.1.21:9696/networking/v2.0/routers/49f28f83-f075-4820-a099-e6f2d8156f75/add_router_interface 3.149s
2024-10-03 08:17:02.917 63761 INFO tempest.lib.common.dynamic_creds [-] Created isolated network resources for: credentials: Credentials: {'domain_id': 'default', 'domain_name': 'Default', 'username': 'tempest-SecurityGroupsTestJSON-300897749-project-member', 'project_domain_id': 'default', 'project_domain_name': 'Default', 'project_id': 'a0e384d6cf184a98aa3602eca6b3f410', 'project_name': 'tempest-SecurityGroupsTestJSON-300897749', 'tenant_id': 'a0e384d6cf184a98aa3602eca6b3f410', 'tenant_name': 'tempest-SecurityGroupsTestJSON-300897749', 'user_domain_id': 'default', 'user_domain_name': 'Default', 'user_id': '268494bb8db84ede854304a23497d130', 'system': None}, Network: {'id': '067f0236-aa59-4a63-a33c-455dc28e0c1a', 'name': 'tempest-SecurityGroupsTestJSON-54491452-network', 'tenant_id': 'a0e384d6cf184a98aa3602eca6b3f410', 'admin_state_up': True, 'mtu': 8950, 'status': 'ACTIVE', 'subnets': [], 'shared': False, 'project_id': 'a0e384d6cf184a98aa3602eca6b3f410', 'port_security_enabled': True, 'router:external': False, 'provider:network_type': 'vlan', 'provider:physical_network': 'default', 'provider:segmentation_id': 422, 'is_default': False, 'availability_zone_hints': [], 'availability_zones': [], 'ipv4_address_scope': None, 'ipv6_address_scope': None, 'description': '', 'tags': [], 'created_at': '2024-10-03T08:16:56Z', 'updated_at': '2024-10-03T08:16:56Z', 'revision_number': 1}, Subnet: {'id': '275a4c7e-76fc-4a83-bed3-48b2f688858e', 'name': 'tempest-SecurityGroupsTestJSON-54491452-subnet', 'tenant_id': 'a0e384d6cf184a98aa3602eca6b3f410', 'network_id': '067f0236-aa59-4a63-a33c-455dc28e0c1a', 'ip_version': 4, 'subnetpool_id': None, 'enable_dhcp': True, 'ipv6_ra_mode': None, 'ipv6_address_mode': None, 'gateway_ip': '192.168.128.1', 'cidr': '192.168.128.0/28', 'allocation_pools': [{'start': '192.168.128.2', 'end': '192.168.128.14'}], 'host_routes': [], 'dns_nameservers': [], 'description': '', 'router:external': False, 'service_types': [], 'tags': [], 'created_at': '2024-10-03T08:16:57Z', 'updated_at': '2024-10-03T08:16:57Z', 'revision_number': 0, 'project_id': 'a0e384d6cf184a98aa3602eca6b3f410'}, Router: {'id': '49f28f83-f075-4820-a099-e6f2d8156f75', 'name': 'tempest-SecurityGroupsTestJSON-54491452-router', 'tenant_id': 'a0e384d6cf184a98aa3602eca6b3f410', 'admin_state_up': True, 'status': 'ACTIVE', 'external_gateway_info': {'network_id': '412d35c0-15f1-4179-aa1f-99df55a6da8e', 'external_fixed_ips': [{'subnet_id': '494d5aa0-d1ff-4872-9fc9-0d2727aff001', 'ip_address': '10.180.180.193'}], 'enable_snat': True}, 'description': '', 'availability_zones': [], 'distributed': False, 'ha': False, 'availability_zone_hints': [], 'routes': [], 'flavor_id': None, 'tags': [], 'created_at': '2024-10-03T08:16:57Z', 'updated_at': '2024-10-03T08:16:58Z', 'revision_number': 2, 'project_id': 'a0e384d6cf184a98aa3602eca6b3f410'}
2024-10-03 08:17:03.022 63774 INFO tempest.lib.common.rest_client [req-b864b78e-9aed-474d-b3b1-7b97173ea34f req-b864b78e-9aed-474d-b3b1-7b97173ea34f ] Request (ServerExternalEventsTest:test_create_server_external_events): 200 GET http://10.180.1.21/compute/v2.1/servers/2ae517ae-a159-4dc6-8100-457a4cea1aeb 1.137s
2024-10-03 08:17:03.028 63761 INFO tempest.lib.common.rest_client [req-b49967af-a166-4ab4-a05e-4ddaef314c6d req-b49967af-a166-4ab4-a05e-4ddaef314c6d ] Request (SecurityGroupsTestJSON:setUpClass): 201 POST http://10.180.1.21/identity/v3/auth/tokens 0.105s
2024-10-03 08:17:03.164 63747 INFO tempest.lib.common.rest_client [req-3c6edadb-f79c-433c-b419-916868a9012f req-3c6edadb-f79c-433c-b419-916868a9012f ] Request (FlavorsAccessNegativeTestJSON:tearDownClass): 204 DELETE http://10.180.1.21:9696/networking/v2.0/security-groups/d17b2345-59a8-45ba-bad5-425e0a279f2c 0.422s
2024-10-03 08:17:03.249 63747 INFO tempest.lib.common.rest_client [req-bcfb3e29-41a4-48b3-892f-6d95780caa51 req-bcfb3e29-41a4-48b3-892f-6d95780caa51 ] Request (FlavorsAccessNegativeTestJSON:tearDownClass): 204 DELETE http://10.180.1.21/identity/v3/projects/ecf202aafc6744b398aa8bb4c959f176 0.085s
2024-10-03 08:17:03.249 63747 INFO tempest.lib.common.dynamic_creds [-] Deleting project and security group for project: 0bf74baf9330489cbca9acac68b9ff71
2024-10-03 08:17:03.348 63739 INFO tempest.lib.common.rest_client [req-2f2f3452-7368-4c7f-a831-1e57dca33cde req-2f2f3452-7368-4c7f-a831-1e57dca33cde ] Request (SecurityGroupRulesNegativeTestJSON:tearDownClass): 202 DELETE http://10.180.1.21/compute/v2.1/os-security-groups/be1e3b92-da89-4a5e-bde7-5828f5956f87 1.632s
2024-10-03 08:17:03.447 63729 INFO tempest.lib.common.rest_client [req-e02906fd-5346-468a-b4ac-eb372a4ead5e req-e02906fd-5346-468a-b4ac-eb372a4ead5e ] Request (MigrationsAdminTest:test_list_migrations_in_flavor_resize_situation): 200 GET http://10.180.1.21/compute/v2.1/servers/6a380967-bca6-47d2-b052-988e6c1004ee 1.476s
2024-10-03 08:17:03.467 63759 INFO tempest.lib.common.rest_client [req-c6c16503-cdcd-40aa-82e9-6a96dec1ae38 req-c6c16503-cdcd-40aa-82e9-6a96dec1ae38 ] Request (FlavorsAdminTestJSON:_run_cleanups): 200 GET http://10.180.1.21/compute/v2.1/flavors/detail 1.425s
2024-10-03 08:17:03.579 63743 INFO tempest.lib.common.rest_client [req-3229c425-757d-45fb-b9b8-2f7202eb9e52 req-3229c425-757d-45fb-b9b8-2f7202eb9e52 ] Request (DeleteServersAdminTestJSON:test_delete_server_while_in_error_state): 200 GET http://10.180.1.21/compute/v2.1/servers/316c12f7-bc05-4f70-98b4-579d4a7b69d0 1.490s
2024-10-03 08:17:03.668 63751 INFO tempest.lib.common.rest_client [req-db270ff4-e67e-4450-8ca0-670a3c03a813 req-db270ff4-e67e-4450-8ca0-670a3c03a813 ] Request (ServerDiagnosticsTest:test_get_server_diagnostics): 200 GET http://10.180.1.21/compute/v2.1/servers/fe881dbe-6d44-4e31-a537-4aa9dfe44ff4 1.570s
2024-10-03 08:17:03.758 63727 INFO tempest.lib.common.rest_client [req-0ae2b3e7-cad9-40c5-8573-5dcba60a2c85 req-0ae2b3e7-cad9-40c5-8573-5dcba60a2c85 ] Request (ServerDiagnosticsV248Test:tearDownClass): 200 GET http://10.180.1.21/compute/v2.1/servers/5b86b63a-f6c1-4983-a3cc-3cde7a10d17b 1.602s
2024-10-03 08:17:03.798 63747 INFO tempest.lib.common.rest_client [req-5f23f85b-9b5a-4ba7-9ba3-3eb345814aa2 req-5f23f85b-9b5a-4ba7-9ba3-3eb345814aa2 ] Request (FlavorsAccessNegativeTestJSON:tearDownClass): 200 GET http://10.180.1.21:9696/networking/v2.0/security-groups?tenant_id=0bf74baf9330489cbca9acac68b9ff71&name=default 0.549s
2024-10-03 08:17:03.875 63765 INFO tempest.lib.common.rest_client [req-22ee33c5-6715-4685-8e2f-b13ffd6c05f1 req-22ee33c5-6715-4685-8e2f-b13ffd6c05f1 ] Request (ServersAdminTestJSON:setUpClass): 201 POST http://10.180.1.21:9696/networking/v2.0/routers 2.369s
2024-10-03 08:17:03.883 63769 INFO tempest.lib.common.rest_client [req-2326dbe6-6a6e-44f5-b88a-e9d0af5dd3e9 req-2326dbe6-6a6e-44f5-b88a-e9d0af5dd3e9 ] Request (ServersAdmin275Test:_run_cleanups): 200 GET http://10.180.1.21/compute/v2.1/servers/4410b013-868a-41e7-9dfb-584fb2d9d142 1.668s
2024-10-03 08:17:03.901 63769 INFO tempest.common.waiters [-] State transition "REBUILD/rebuild_block_device_mapping" ==> "REBUILD/rebuild_spawning" after 4 second wait
2024-10-03 08:17:03.990 63753 INFO tempest.lib.common.rest_client [req-e05e8cb0-d069-4872-8334-b88b4ca7fa00 req-e05e8cb0-d069-4872-8334-b88b4ca7fa00 ] Request (ServersV294TestFqdnHostnames:setUpClass): 200 GET http://10.180.1.21/compute/v2.1/servers/d941a593-7047-436a-b95d-bcb4850829f5 1.766s
2024-10-03 08:17:04.044 63737 INFO tempest.lib.common.rest_client [req-466dce95-f113-4925-b98e-764845208125 req-466dce95-f113-4925-b98e-764845208125 ] Request (FloatingIPDetailsTestJSON:setUpClass): 200 PUT http://10.180.1.21:9696/networking/v2.0/routers/24276e99-a29d-479d-93b8-0e44fff1d6d2/add_router_interface 4.387s
