2024-10-03 08:16:51.923 63731 INFO tempest.lib.common.rest_client [req-ea4367c7-fda4-42e1-aa9d-88d94eb558eb req-ea4367c7-fda4-42e1-aa9d-88d94eb558eb ] Request (ServersTestJSON:tearDownClass): 204 DELETE http://10.180.1.21:9696/networking/v2.0/security-groups/0414e72b-63e6-47d7-a3f5-805601108779 0.148s
2024-10-03 08:16:51.943 63755 INFO tempest.lib.common.rest_client [req-3c927937-05e0-4241-a4ac-49d80a377a3e req-3c927937-05e0-4241-a4ac-49d80a377a3e ] Request (ServersNegativeTestMultiTenantJSON:setUpClass): 201 POST http://10.180.1.21/identity/v3/auth/tokens 0.031s
2024-10-03 08:16:51.949 63737 INFO tempest.lib.common.rest_client [req-d39f909e-abfa-4424-bdf3-8c86c986b6c8 req-d39f909e-abfa-4424-bdf3-8c86c986b6c8 ] Request (TenantUsagesTestJSON:setUpClass): 204 DELETE http://10.180.1.21/compute/v2.1/servers/baa18517-333c-4ebc-8de6-e2fc9576b9fd 2.098s
2024-10-03 08:16:51.965 63745 INFO tempest.lib.common.rest_client [req-04f77969-0535-4710-b1d8-43a12ece3c8d req-04f77969-0535-4710-b1d8-43a12ece3c8d ] Request (ServerGroup264TestJSON:tearDownClass): 404 DELETE http://10.180.1.21/compute/v2.1/os-server-groups/a4fcc13c-60e1-4b6c-a12f-ba921344e532 1.240s
2024-10-03 08:16:51.981 63741 INFO tempest.lib.common.rest_client [req-98ee53db-3390-4dc8-8d74-25b2b00dad2f req-98ee53db-3390-4dc8-8d74-25b2b00dad2f ] Request (TenantUsagesNegativeTestJSON:test_list_usage_all_tenants_with_non_admin_user): 403 GET http://10.180.1.21/compute/v2.1/os-simple-tenant-usage?start=2024-10-02T08%3A16%3A47.247820&end=2024-10-04T08%3A16%3A47.247820&detailed=1 1.404s
2024-10-03 08:16:51.990 63761 INFO tempest.lib.common.rest_client [req-9e5cc78b-b193-4d38-aacd-3d15e975513c req-9e5cc78b-b193-4d38-aacd-3d15e975513c ] Request (FlavorsV2TestJSON:test_list_flavors_with_detail): 200 GET http://10.180.1.21/compute/v2.1/flavors/detail 1.233s
2024-10-03 08:16:51.993 63755 INFO tempest.lib.common.rest_client [req-fee706af-6702-4820-b70e-7938f9eeb537 req-fee706af-6702-4820-b70e-7938f9eeb537 ] Request (ServersNegativeTestMultiTenantJSON:setUpClass): 200 GET http://10.180.1.21/identity/v3/domains?name=Default 0.049s
2024-10-03 08:16:52.010 63731 INFO tempest.lib.common.rest_client [req-6d914d48-d69f-4544-8ec6-953498554a54 req-6d914d48-d69f-4544-8ec6-953498554a54 ] Request (ServersTestJSON:tearDownClass): 204 DELETE http://10.180.1.21/identity/v3/projects/5a89eba35b18445094e11b0e23a1244f 0.086s
2024-10-03 08:16:52.044 63783 INFO tempest.lib.common.rest_client [req-0a8831c0-7992-412b-99fd-0ea137f76fdc req-0a8831c0-7992-412b-99fd-0ea137f76fdc ] Request (ServersWithSpecificFlavorTestJSON:test_verify_created_server_ephemeral_disk): 200 GET http://10.180.1.21/compute/v2.1/servers/01a1b3e0-4ad9-4350-b59e-499f1b3412a5 1.273s
2024-10-03 08:16:52.066 63747 INFO tempest.lib.common.rest_client [req-084c0e81-8f4d-4b05-baf1-f03164c97618 req-084c0e81-8f4d-4b05-baf1-f03164c97618 ] Request (FlavorsAccessNegativeTestJSON:_run_cleanups): 200 GET http://10.180.1.21/compute/v2.1/flavors/detail 1.147s
2024-10-03 08:16:52.088 63733 INFO tempest.lib.common.rest_client [req-36ac0cfb-beb1-4053-96b6-1d188ac232eb req-36ac0cfb-beb1-4053-96b6-1d188ac232eb ] Request (AggregatesAdminNegativeTestJSON:_run_cleanups): 200 DELETE http://10.180.1.21/compute/v2.1/os-aggregates/7 1.037s
2024-10-03 08:16:52.090 63741 INFO tempest.lib.common.rest_client [req-e54669e4-769a-405d-adac-b8f5a60ce911 req-e54669e4-769a-405d-adac-b8f5a60ce911 ] Request (TenantUsagesNegativeTestJSON:tearDownClass): 204 DELETE http://10.180.1.21/identity/v3/users/1bc2044a83ce45d897fc5b3009a13518 0.101s
2024-10-03 08:16:52.132 63731 INFO tempest.lib.common.rest_client [req-d200056a-993b-4b16-af34-1d85f0c46f24 req-d200056a-993b-4b16-af34-1d85f0c46f24 ] Request (InstanceActionsTestJSON:setUpClass): 201 POST http://10.180.1.21/identity/v3/auth/tokens 0.062s
2024-10-03 08:16:52.145 63787 INFO tempest.lib.common.rest_client [req-5fbe3bb2-a578-4c42-b238-fca97740041e req-5fbe3bb2-a578-4c42-b238-fca97740041e ] Request (VolumesAssistedSnapshotsTest:test_volume_assisted_snapshot_create_delete): 200 GET http://10.180.1.21/compute/v2.1/servers/8ac0012a-0855-4b73-a1e4-0a68a1336404 1.084s
2024-10-03 08:16:52.150 63755 INFO tempest.lib.common.rest_client [req-2fcf7ef0-c857-4dc1-a587-7fba9cf040dc req-2fcf7ef0-c857-4dc1-a587-7fba9cf040dc ] Request (ServersNegativeTestMultiTenantJSON:setUpClass): 201 POST http://10.180.1.21/identity/v3/projects 0.156s
2024-10-03 08:16:52.161 63759 INFO tempest.lib.common.rest_client [req-512cd666-58bd-4954-b687-16a9e64eccc8 req-512cd666-58bd-4954-b687-16a9e64eccc8 ] Request (FlavorsAdminTestJSON:test_is_public_string_variations): 200 GET http://10.180.1.21/compute/v2.1/flavors/detail?is_public=t 1.095s
2024-10-03 08:16:52.185 63741 INFO tempest.lib.common.rest_client [req-e52a7788-e85f-4d0f-8a5d-7c673e509ef2 req-e52a7788-e85f-4d0f-8a5d-7c673e509ef2 ] Request (TenantUsagesNegativeTestJSON:tearDownClass): 204 DELETE http://10.180.1.21/identity/v3/users/87e85dd4068149859b437484564e670c 0.094s
2024-10-03 08:16:52.185 63741 INFO tempest.lib.common.dynamic_creds [-] Deleting project and security group for project: 657137bd82bc40d8bcf4bac95653c2a4
2024-10-03 08:16:52.203 63731 INFO tempest.lib.common.rest_client [req-1603d668-0127-4397-a4a5-54090572f4a2 req-1603d668-0127-4397-a4a5-54090572f4a2 ] Request (InstanceActionsTestJSON:setUpClass): 201 POST http://10.180.1.21/identity/v3/auth/tokens 0.068s
2024-10-03 08:16:52.243 63755 INFO tempest.lib.common.rest_client [req-8323dea2-5bbf-47e0-8fec-7b60ee644844 req-8323dea2-5bbf-47e0-8fec-7b60ee644844 ] Request (ServersNegativeTestMultiTenantJSON:setUpClass): 201 POST http://10.180.1.21/identity/v3/users 0.092s
2024-10-03 08:16:52.269 63741 INFO tempest.lib.common.rest_client [req-8946802c-74a6-47ed-97a4-20afdb259682 req-8946802c-74a6-47ed-97a4-20afdb259682 ] Request (TenantUsagesNegativeTestJSON:tearDownClass): 201 POST http://10.180.1.21/identity/v3/auth/tokens 0.083s
2024-10-03 08:16:52.290 63731 INFO tempest.lib.common.rest_client [req-641183af-ba4d-4975-9bb4-6fd6677d7cec req-641183af-ba4d-4975-9bb4-6fd6677d7cec ] Request (InstanceActionsTestJSON:setUpClass): 200 GET http://10.180.1.21/identity/v3/domains?name=Default 0.086s
2024-10-03 08:16:52.305 63755 INFO tempest.lib.common.rest_client [req-08f8b26f-26a1-4e2a-b8c0-bfbf4b845c0e req-08f8b26f-26a1-4e2a-b8c0-bfbf4b845c0e ] Request (ServersNegativeTestMultiTenantJSON:setUpClass): 200 GET http://10.180.1.21/identity/v3/roles 0.062s
2024-10-03 08:16:52.329 63763 INFO tempest.lib.common.rest_client [req-165553fe-c177-4187-b5d8-d4a76a201961 req-165553fe-c177-4187-b5d8-d4a76a201961 ] Request (FlavorsV2NegativeTest:test_boot_with_low_ram): 200 GET http://10.180.1.21/compute/v2.1/flavors/42 1.156s
2024-10-03 08:16:52.345 63731 INFO tempest.lib.common.rest_client [req-6e82b452-117a-4ad2-a07a-fc16c8ea235e req-6e82b452-117a-4ad2-a07a-fc16c8ea235e ] Request (InstanceActionsTestJSON:setUpClass): 201 POST http://10.180.1.21/identity/v3/projects 0.055s
2024-10-03 08:16:52.420 63771 INFO tempest.lib.common.rest_client [req-08131e89-32f3-490b-bd2d-474023b2d3a8 req-08131e89-32f3-490b-bd2d-474023b2d3a8 ] Request (ServersTestBootFromVolume:setUpClass): 200 GET http://10.180.1.21/volume/v3/9c883e8ba760434483611afaa16c0132/volumes/54e7daec-bc20-49c7-a68d-4347bcbb73af 0.036s
2024-10-03 08:16:52.432 63755 INFO tempest.lib.common.rest_client [req-dc961498-ea77-48ff-806b-4bcf3467a420 req-dc961498-ea77-48ff-806b-4bcf3467a420 ] Request (ServersNegativeTestMultiTenantJSON:setUpClass): 204 PUT http://10.180.1.21/identity/v3/projects/a9a802cef77b49c1945fb1a3c05ee3a8/users/e9d80dd581b8420b8ebf4c74a4728220/roles/b76fb9c3e9cd4d7089fa0f6fad441fe5 0.126s
2024-10-03 08:16:52.434 63755 INFO tempest.lib.common.dynamic_creds [-] Dynamic test user e9d80dd581b8420b8ebf4c74a4728220 is created with scope project and roles: ['member']
2024-10-03 08:16:52.434 63755 INFO tempest.lib.common.dynamic_creds [-] Acquired dynamic creds: credentials: Credentials: {'domain_id': 'default', 'domain_name': 'Default', 'username': 'tempest-ServersNegativeTestMultiTenantJSON-1239999004-project-member', 'project_domain_id': 'default', 'project_domain_name': 'Default', 'project_id': 'a9a802cef77b49c1945fb1a3c05ee3a8', 'project_name': 'tempest-ServersNegativeTestMultiTenantJSON-1239999004', 'tenant_id': 'a9a802cef77b49c1945fb1a3c05ee3a8', 'tenant_name': 'tempest-ServersNegativeTestMultiTenantJSON-1239999004', 'user_domain_id': 'default', 'user_domain_name': 'Default', 'user_id': 'e9d80dd581b8420b8ebf4c74a4728220', 'system': None}, Network: None, Subnet: None, Router: None
2024-10-03 08:16:52.434 63731 INFO tempest.lib.common.rest_client [req-aa498150-4a39-4d65-aad3-5ce70efd4328 req-aa498150-4a39-4d65-aad3-5ce70efd4328 ] Request (InstanceActionsTestJSON:setUpClass): 201 POST http://10.180.1.21/identity/v3/users 0.088s
2024-10-03 08:16:52.503 63755 INFO tempest.lib.common.rest_client [req-7837dbfd-6731-465d-80c9-2fb0a055bb24 req-7837dbfd-6731-465d-80c9-2fb0a055bb24 ] Request (ServersNegativeTestMultiTenantJSON:setUpClass): 201 POST http://10.180.1.21/identity/v3/auth/tokens 0.068s
2024-10-03 08:16:52.517 63731 INFO tempest.lib.common.rest_client [req-41ac4659-3d19-4c78-b5af-99aa153bdcdc req-41ac4659-3d19-4c78-b5af-99aa153bdcdc ] Request (InstanceActionsTestJSON:setUpClass): 200 GET http://10.180.1.21/identity/v3/roles 0.082s
2024-10-03 08:16:52.560 63731 INFO tempest.lib.common.rest_client [req-38e51ebb-51c4-41db-904c-e75d89995769 req-38e51ebb-51c4-41db-904c-e75d89995769 ] Request (InstanceActionsTestJSON:setUpClass): 204 PUT http://10.180.1.21/identity/v3/projects/123284e4b81d4f6e815a242aa9807566/users/a1734ce74e794662aa483a9d22264dd0/roles/b76fb9c3e9cd4d7089fa0f6fad441fe5 0.042s
2024-10-03 08:16:52.560 63731 INFO tempest.lib.common.dynamic_creds [-] Dynamic test user a1734ce74e794662aa483a9d22264dd0 is created with scope project and roles: ['member']
2024-10-03 08:16:52.560 63731 INFO tempest.lib.common.dynamic_creds [-] Acquired dynamic creds: credentials: Credentials: {'domain_id': 'default', 'domain_name': 'Default', 'username': 'tempest-InstanceActionsTestJSON-761731010-project-member', 'project_domain_id': 'default', 'project_domain_name': 'Default', 'project_id': '123284e4b81d4f6e815a242aa9807566', 'project_name': 'tempest-InstanceActionsTestJSON-761731010', 'tenant_id': '123284e4b81d4f6e815a242aa9807566', 'tenant_name': 'tempest-InstanceActionsTestJSON-761731010', 'user_domain_id': 'default', 'user_domain_name': 'Default', 'user_id': 'a1734ce74e794662aa483a9d22264dd0', 'system': None}, Network: None, Subnet: None, Router: None
2024-10-03 08:16:52.563 63741 INFO tempest.lib.common.rest_client [req-868caa0b-a3d7-4557-a82d-b87d3f3cd582 req-868caa0b-a3d7-4557-a82d-b87d3f3cd582 ] Request (TenantUsagesNegativeTestJSON:tearDownClass): 200 GET http://10.180.1.21:9696/networking/v2.0/security-groups?tenant_id=657137bd82bc40d8bcf4bac95653c2a4&name=default 0.293s
2024-10-03 08:16:52.649 63785 INFO tempest.lib.common.rest_client [req-d8859582-e392-4743-9245-63fe495e967b req-d8859582-e392-4743-9245-63fe495e967b ] Request (FloatingIPsAssociationTestJSON:setUpClass): 202 POST http://10.180.1.21/compute/v2.1/servers 1.825s
2024-10-03 08:16:52.661 63731 INFO tempest.lib.common.rest_client [req-38fa15fc-38b3-47dd-a3e2-4ebc47b53b45 req-38fa15fc-38b3-47dd-a3e2-4ebc47b53b45 ] Request (InstanceActionsTestJSON:setUpClass): 201 POST http://10.180.1.21/identity/v3/auth/tokens 0.100s
2024-10-03 08:16:52.739 63735 INFO tempest.lib.common.rest_client [req-8a28b06a-c6d4-48ae-b79f-27283db5c92c req-8a28b06a-c6d4-48ae-b79f-27283db5c92c ] Request (VolumesAdminNegativeTest:test_update_attached_volume_with_nonexistent_volume_in_body): 200 GET http://10.180.1.21/compute/v2.1/servers/9fa373b3-8e15-4d26-82be-7dda51bc6cf6 1.366s
2024-10-03 08:16:52.768 63741 INFO tempest.lib.common.rest_client [req-79b45082-3d0e-4f4a-8ecc-3db5c5ee2234 req-79b45082-3d0e-4f4a-8ecc-3db5c5ee2234 ] Request (TenantUsagesNegativeTestJSON:tearDownClass): 204 DELETE http://10.180.1.21:9696/networking/v2.0/security-groups/5ed8ea78-d81f-4093-ba45-db7f4e86a76d 0.204s
2024-10-03 08:16:52.830 63763 INFO tempest.lib.common.rest_client [req-d4f3acb3-33e2-4014-9181-4a30f50d1b09 req-d4f3acb3-33e2-4014-9181-4a30f50d1b09 ] Request (FlavorsV2NegativeTest:test_boot_with_low_ram): 201 POST http://10.180.1.21/image/v2/images 0.492s
2024-10-03 08:16:52.864 63741 INFO tempest.lib.common.rest_client [req-baf2e89d-5ed5-4d31-a273-826dabc6daf0 req-baf2e89d-5ed5-4d31-a273-826dabc6daf0 ] Request (TenantUsagesNegativeTestJSON:tearDownClass): 204 DELETE http://10.180.1.21/identity/v3/projects/657137bd82bc40d8bcf4bac95653c2a4 0.096s
2024-10-03 08:16:52.864 63741 INFO tempest.lib.common.dynamic_creds [-] Deleting project and security group for project: 15660f9ae273467aa848bcd1159723a9
2024-10-03 08:16:52.956 63777 INFO tempest.lib.common.rest_client [req-fcade94b-ba1e-49d4-bf03-fa1ddb8cec1e req-fcade94b-ba1e-49d4-bf03-fa1ddb8cec1e ] Request (QuotasAdminTestV236:test_get_updated_quotas): 200 GET http://10.180.1.21/compute/v2.1/os-quota-sets/9f9ad45f9da14e74bdcc455e575c17ce/detail 1.527s
2024-10-03 08:16:52.988 63777 INFO tempest.lib.common.rest_client [req-4feea999-b2e4-4d9d-9aaa-9efb74c53669 req-4feea999-b2e4-4d9d-9aaa-9efb74c53669 ] Request (QuotasAdminTestV236:test_get_updated_quotas): 200 GET http://10.180.1.21/identity/v3/domains?name=Default 0.025s
2024-10-03 08:16:53.020 63781 INFO tempest.lib.common.rest_client [req-5792fb0c-6299-4528-8372-e8d6cc70729b req-5792fb0c-6299-4528-8372-e8d6cc70729b ] Request (ServersTestManualDisk:setUpClass): 202 POST http://10.180.1.21/compute/v2.1/servers 1.783s
2024-10-03 08:16:53.022 63777 INFO tempest.lib.common.rest_client [req-8d97fa01-a15b-4171-87fa-51356d330ee5 req-8d97fa01-a15b-4171-87fa-51356d330ee5 ] Request (QuotasAdminTestV236:test_get_updated_quotas): 201 POST http://10.180.1.21/identity/v3/users 0.033s
2024-10-03 08:16:53.027 63757 INFO tempest.lib.common.rest_client [req-3e92ef72-a02f-4eab-b97e-682502dae3b0 req-3e92ef72-a02f-4eab-b97e-682502dae3b0 ] Request (ListServerFiltersTestJSON:setUpClass): 200 GET http://10.180.1.21/compute/v2.1/servers/56872ede-96f0-48ca-b289-86784f37527d 1.595s
2024-10-03 08:16:53.045 63777 INFO tempest.lib.common.rest_client [req-382d818f-c06a-4229-b645-8edfe8405744 req-382d818f-c06a-4229-b645-8edfe8405744 ] Request (QuotasAdminTestV236:test_get_updated_quotas): 200 GET http://10.180.1.21/identity/v3/domains?name=Default 0.022s
2024-10-03 08:16:53.164 63755 INFO tempest.lib.common.rest_client [req-d7453407-968a-4e50-9719-cb84125df368 req-d7453407-968a-4e50-9719-cb84125df368 ] Request (ServersNegativeTestMultiTenantJSON:setUpClass): 201 POST http://10.180.1.21:9696/networking/v2.0/networks 0.660s
2024-10-03 08:16:53.184 63741 INFO tempest.lib.common.rest_client [req-7f395d6d-e3b8-4bdb-87c4-d2125f75dedf req-7f395d6d-e3b8-4bdb-87c4-d2125f75dedf ] Request (TenantUsagesNegativeTestJSON:tearDownClass): 200 GET http://10.180.1.21:9696/networking/v2.0/security-groups?tenant_id=15660f9ae273467aa848bcd1159723a9&name=default 0.319s
2024-10-03 08:16:53.185 63731 INFO tempest.lib.common.rest_client [req-ac301103-734e-4ffd-a6a6-4c6964d8f90e req-ac301103-734e-4ffd-a6a6-4c6964d8f90e ] Request (InstanceActionsTestJSON:setUpClass): 201 POST http://10.180.1.21:9696/networking/v2.0/networks 0.523s
2024-10-03 08:16:53.225 63743 INFO tempest.lib.common.rest_client [req-e2d9acbf-7901-4c05-8a9b-334facaf4766 req-e2d9acbf-7901-4c05-8a9b-334facaf4766 ] Request (DeleteServersAdminTestJSON:test_admin_delete_servers_of_others): 200 GET http://10.180.1.21/compute/v2.1/servers/d1636eb1-b862-47c9-8729-7a9d475ace01 1.718s
2024-10-03 08:16:53.232 63743 INFO tempest.common.waiters [-] State transition "BUILD/spawning" ==> "ERROR/None" after 32 second wait
2024-10-03 08:16:53.236 63725 INFO tempest.lib.common.rest_client [req-ae392c74-395c-47e2-b5c8-2c9f637d793b req-ae392c74-395c-47e2-b5c8-2c9f637d793b ] Request (ServersAdminNegativeTestJSON:setUpClass): 200 GET http://10.180.1.21/compute/v2.1/servers/c552e749-33ec-4093-be8c-ed3784bdc2b5 1.660s
2024-10-03 08:16:53.243 63725 INFO tempest.common.waiters [-] State transition "BUILD/spawning" ==> "ERROR/None" after 32 second wait
2024-10-03 08:16:53.289 63729 INFO tempest.lib.common.rest_client [req-67b4a631-da93-44d5-812b-2c74d9a5a8d1 req-67b4a631-da93-44d5-812b-2c74d9a5a8d1 ] Request (MigrationsAdminTest:test_list_migrations_in_flavor_resize_situation): 200 GET http://10.180.1.21/compute/v2.1/servers/6a380967-bca6-47d2-b052-988e6c1004ee 1.640s
2024-10-03 08:16:53.371 63745 INFO tempest.lib.common.rest_client [req-bae49647-c821-4f2b-bf2b-56a30a17ea20 req-bae49647-c821-4f2b-bf2b-56a30a17ea20 ] Request (ServerGroup264TestJSON:tearDownClass): 200 PUT http://10.180.1.21:9696/networking/v2.0/routers/79a4d393-0d3d-4c79-a93a-ee01b2c3fbaa/remove_router_interface 1.405s
2024-10-03 08:16:53.470 63771 INFO tempest.lib.common.rest_client [req-338b7444-4a91-402f-85a3-134dead9f78c req-338b7444-4a91-402f-85a3-134dead9f78c ] Request (ServersTestBootFromVolume:setUpClass): 200 GET http://10.180.1.21/volume/v3/9c883e8ba760434483611afaa16c0132/volumes/54e7daec-bc20-49c7-a68d-4347bcbb73af 0.040s
2024-10-03 08:16:53.490 63765 INFO tempest.lib.common.rest_client [req-d9a0ffb0-9e27-4dc3-ac69-faa042f56693 req-d9a0ffb0-9e27-4dc3-ac69-faa042f56693 ] Request (SecurityGroupsTestAdminJSON:test_list_security_groups_list_all_tenants_filter): 200 GET http://10.180.1.21/compute/v2.1/os-security-groups?all_tenants=true 1.804s
2024-10-03 08:16:53.512 63774 INFO tempest.lib.common.rest_client [req-f4370411-0d19-4eb7-988f-6a16d4b3d482 req-f4370411-0d19-4eb7-988f-6a16d4b3d482 ] Request (ServerExternalEventsTest:test_create_server_external_events): 200 GET http://10.180.1.21/compute/v2.1/servers/2ae517ae-a159-4dc6-8100-457a4cea1aeb 1.808s
2024-10-03 08:16:53.523 63774 INFO tempest.common.waiters [-] State transition "BUILD/None" ==> "BUILD/spawning" after 20 second wait
2024-10-03 08:16:53.538 63737 INFO tempest.lib.common.rest_client [req-ee54b4ee-3572-496c-9ed6-8bc7c2e94105 req-ee54b4ee-3572-496c-9ed6-8bc7c2e94105 ] Request (TenantUsagesTestJSON:setUpClass): 404 GET http://10.180.1.21/compute/v2.1/servers/baa18517-333c-4ebc-8de6-e2fc9576b9fd 1.588s
2024-10-03 08:16:53.539 63737 INFO tempest.test [-] raised in TenantUsagesTestJSON.setUpClass. Invoking tearDownClass.
2024-10-03 08:16:53.551 63761 INFO tempest.lib.common.rest_client [req-3b8c5dee-51f4-4928-9492-237ec55ea053 req-3b8c5dee-51f4-4928-9492-237ec55ea053 ] Request (FlavorsV2TestJSON:test_list_flavors_with_detail): 200 GET http://10.180.1.21/compute/v2.1/flavors/42 1.552s
2024-10-03 08:16:53.564 63763 INFO tempest.lib.common.rest_client [req-37dec470-d7e6-41ce-8ebf-1448ba3fbd68 req-37dec470-d7e6-41ce-8ebf-1448ba3fbd68 ] Request (FlavorsV2NegativeTest:test_boot_with_low_ram): 204 PUT http://10.180.1.21/image/v2/images/f9194e5b-814e-4284-8d3f-7a7fbb58b420/file 0.734s
2024-10-03 08:16:53.570 63747 INFO tempest.lib.common.rest_client [req-fd20ac57-7369-463e-a12f-cce5d38a0f0b req-fd20ac57-7369-463e-a12f-cce5d38a0f0b ] Request (FlavorsAccessNegativeTestJSON:test_flavor_non_admin_remove): 200 POST http://10.180.1.21/compute/v2.1/flavors 1.495s
2024-10-03 08:16:53.602 63733 INFO tempest.lib.common.rest_client [req-23c17e34-c299-4e0d-b6f7-4ef6ac20a26b req-23c17e34-c299-4e0d-b6f7-4ef6ac20a26b ] Request (AggregatesAdminNegativeTestJSON:test_aggregate_remove_nonexistent_host): 200 POST http://10.180.1.21/compute/v2.1/os-aggregates 1.512s
2024-10-03 08:16:53.624 63759 INFO tempest.lib.common.rest_client [req-607cf378-4236-459e-83c3-b359edce66ba req-607cf378-4236-459e-83c3-b359edce66ba ] Request (FlavorsAdminTestJSON:test_is_public_string_variations): 200 GET http://10.180.1.21/compute/v2.1/flavors/detail?is_public=true 1.457s
2024-10-03 08:16:53.665 63741 INFO tempest.lib.common.rest_client [req-0dffae4e-ebff-4903-95c2-cb10194db201 req-0dffae4e-ebff-4903-95c2-cb10194db201 ] Request (TenantUsagesNegativeTestJSON:tearDownClass): 204 DELETE http://10.180.1.21:9696/networking/v2.0/security-groups/13a1e437-e7da-4435-bb92-bc80baffdd08 0.481s
2024-10-03 08:16:53.671 63739 INFO tempest.lib.common.rest_client [req-ccc1da0f-7933-4033-b67c-a926fdba1457 req-ccc1da0f-7933-4033-b67c-a926fdba1457 ] Request (SecurityGroupRulesNegativeTestJSON:test_create_security_group_rule_with_invalid_ip_protocol): 200 POST http://10.180.1.21/compute/v2.1/os-security-groups 1.833s
2024-10-03 08:16:53.699 63769 INFO tempest.lib.common.rest_client [req-f24d1df3-756f-42b6-9687-bb3c7cdb4f67 req-f24d1df3-756f-42b6-9687-bb3c7cdb4f67 ] Request (ServersAdmin275Test:test_rebuild_update_server_275): 200 GET http://10.180.1.21/compute/v2.1/servers/4410b013-868a-41e7-9dfb-584fb2d9d142 1.529s
2024-10-03 08:16:53.707 63761 INFO tempest.lib.common.rest_client [req-40891f4b-c276-44df-9a86-44922caf8d4e req-40891f4b-c276-44df-9a86-44922caf8d4e ] Request (FlavorsV2TestJSON:tearDownClass): 204 DELETE http://10.180.1.21/identity/v3/users/8a2b661be39540e4933b87893edd7352 0.149s
2024-10-03 08:16:53.707 63761 INFO tempest.lib.common.dynamic_creds [-] Deleting project and security group for project: c0a307891a1a45beadf01fa2b9405f54
2024-10-03 08:16:53.720 63737 INFO tempest.lib.common.rest_client [req-3919b97f-b5d3-4a01-bff7-84486d41df03 req-3919b97f-b5d3-4a01-bff7-84486d41df03 ] Request (TenantUsagesTestJSON:tearDownClass): 204 DELETE http://10.180.1.21/identity/v3/users/be263a91428e409784ae751574f1186d 0.180s
2024-10-03 08:16:53.752 63779 INFO tempest.lib.common.rest_client [req-60df60d1-7908-4b18-a368-2732172793c5 req-60df60d1-7908-4b18-a368-2732172793c5 ] Request (ImagesTestJSON:test_create_image_from_stopped_server): 200 GET http://10.180.1.21/compute/v2.1/servers/6e963227-64f7-414d-88ec-cee5d5770bba 1.511s
2024-10-03 08:16:53.773 63753 INFO tempest.lib.common.rest_client [req-cbf433be-5ab8-46ea-86b9-d08303dca22d req-cbf433be-5ab8-46ea-86b9-d08303dca22d ] Request (ServersV294TestFqdnHostnames:setUpClass): 200 GET http://10.180.1.21/compute/v2.1/servers/d941a593-7047-436a-b95d-bcb4850829f5 1.249s
2024-10-03 08:16:53.787 63763 INFO tempest.lib.common.rest_client [req-cb55a423-28d6-405a-95da-ef0b023a4ab4 req-cb55a423-28d6-405a-95da-ef0b023a4ab4 ] Request (FlavorsV2NegativeTest:test_boot_with_low_ram): 201 POST http://10.180.1.21/identity/v3/auth/tokens 0.217s
2024-10-03 08:16:53.788 63763 INFO tempest.lib.common.fixed_network [-] (FlavorsV2NegativeTest:test_boot_with_low_ram) Found network None available for tenant
2024-10-03 08:16:53.808 63751 INFO tempest.lib.common.rest_client [req-5455c3f0-7af4-4c20-bfa4-b1c30329737b req-5455c3f0-7af4-4c20-bfa4-b1c30329737b ] Request (ServerDiagnosticsTest:test_get_server_diagnostics): 200 GET http://10.180.1.21/compute/v2.1/servers/fe881dbe-6d44-4e31-a537-4aa9dfe44ff4 1.205s
2024-10-03 08:16:53.817 63741 INFO tempest.lib.common.rest_client [req-77ea7938-7d9e-4919-ba38-9b4816779c90 req-77ea7938-7d9e-4919-ba38-9b4816779c90 ] Request (TenantUsagesNegativeTestJSON:tearDownClass): 204 DELETE http://10.180.1.21/identity/v3/projects/15660f9ae273467aa848bcd1159723a9 0.151s
2024-10-03 08:16:53.823 63785 INFO tempest.lib.common.rest_client [req-2c9a9859-5dfd-48d3-a76b-e233ab796c33 req-2c9a9859-5dfd-48d3-a76b-e233ab796c33 ] Request (FloatingIPsAssociationTestJSON:setUpClass): 200 GET http://10.180.1.21/compute/v2.1/servers/046304ef-b46f-473f-aa5b-5932b5078c54 1.172s
2024-10-03 08:16:53.845 63761 INFO tempest.lib.common.rest_client [req-dc7b633e-8058-4824-980f-85cb1f574d2e req-dc7b633e-8058-4824-980f-85cb1f574d2e ] Request (FlavorsV2TestJSON:tearDownClass): 201 POST http://10.180.1.21/identity/v3/auth/tokens 0.137s
2024-10-03 08:16:53.862 63775 INFO tempest.lib.common.rest_client [req-f7b7cabf-5ab7-4328-bc05-63d919d82eae req-f7b7cabf-5ab7-4328-bc05-63d919d82eae ] Request (ImagesOneServerNegativeTestJSON:setUpClass): 200 GET http://10.180.1.21/compute/v2.1/servers/35e9c404-bad4-4f8d-8c79-fb7250abb363 1.184s
2024-10-03 08:16:53.870 63755 INFO tempest.lib.common.rest_client [req-df66b51c-bbeb-45ee-b70c-94429d8bb1c4 req-df66b51c-bbeb-45ee-b70c-94429d8bb1c4 ] Request (ServersNegativeTestMultiTenantJSON:setUpClass): 201 POST http://10.180.1.21:9696/networking/v2.0/subnets 0.705s
2024-10-03 08:16:53.872 63749 INFO tempest.lib.common.rest_client [req-f1817d54-7ad2-4c91-bd1a-8c726898d896 req-f1817d54-7ad2-4c91-bd1a-8c726898d896 ] Request (ImagesNegativeTestJSON:test_create_image_from_deleted_server): 200 GET http://10.180.1.21/compute/v2.1/servers/3c513284-4860-46b2-8ba1-e185efe0db86 1.104s
2024-10-03 08:16:53.885 63731 INFO tempest.lib.common.rest_client [req-5813b2f0-ab5f-4d2c-8433-539b9d074c19 req-5813b2f0-ab5f-4d2c-8433-539b9d074c19 ] Request (InstanceActionsTestJSON:setUpClass): 201 POST http://10.180.1.21:9696/networking/v2.0/subnets 0.699s
2024-10-03 08:16:53.919 63737 INFO tempest.lib.common.rest_client [req-811cbc9c-1b91-419f-a225-427d90ada601 req-811cbc9c-1b91-419f-a225-427d90ada601 ] Request (TenantUsagesTestJSON:tearDownClass): 204 DELETE http://10.180.1.21/identity/v3/users/82c5d61f38534e06ba3b2813aa588bfd 0.197s
2024-10-03 08:16:53.919 63737 INFO tempest.lib.common.dynamic_creds [-] Deleting project and security group for project: 3dda52b9a27c4d378c56f6876674e53a
2024-10-03 08:16:53.960 63781 INFO tempest.lib.common.rest_client [req-e5a77b32-9e1b-4e27-89f2-7d88c6e2d702 req-e5a77b32-9e1b-4e27-89f2-7d88c6e2d702 ] Request (ServersTestManualDisk:setUpClass): 200 GET http://10.180.1.21/compute/v2.1/servers/e1e72ba0-fc50-4776-991f-738c2d9c4ff3 0.937s
2024-10-03 08:16:53.962 63767 INFO tempest.lib.common.rest_client [req-7c76f05c-d5c3-4bc4-a83b-13b7ccbaaf75 req-7c76f05c-d5c3-4bc4-a83b-13b7ccbaaf75 ] Request (ImagesOneServerTestJSON:setUpClass): 200 GET http://10.180.1.21/compute/v2.1/servers/5287b3ed-12ec-47fb-93a2-94038cb2e7b1 1.121s
2024-10-03 08:16:53.978 63737 INFO tempest.lib.common.rest_client [req-8344526b-693c-45b1-b888-b0a0d78bd18b req-8344526b-693c-45b1-b888-b0a0d78bd18b ] Request (TenantUsagesTestJSON:tearDownClass): 201 POST http://10.180.1.21/identity/v3/auth/tokens 0.058s
2024-10-03 08:16:54.037 63783 INFO tempest.lib.common.rest_client [req-55c3a12e-2250-4428-b8fc-f1881c6b5e36 req-55c3a12e-2250-4428-b8fc-f1881c6b5e36 ] Request (ServersWithSpecificFlavorTestJSON:test_verify_created_server_ephemeral_disk): 200 GET http://10.180.1.21/compute/v2.1/servers/01a1b3e0-4ad9-4350-b59e-499f1b3412a5 0.985s
2024-10-03 08:16:54.045 63783 INFO tempest.common.waiters [-] State transition "BUILD/scheduling" ==> "BUILD/None" after 11 second wait
2024-10-03 08:16:54.091 63787 INFO tempest.lib.common.rest_client [req-4bc68625-5ba1-4d9d-a05c-8bbf3d72879e req-4bc68625-5ba1-4d9d-a05c-8bbf3d72879e ] Request (VolumesAssistedSnapshotsTest:test_volume_assisted_snapshot_create_delete): 200 GET http://10.180.1.21/compute/v2.1/servers/8ac0012a-0855-4b73-a1e4-0a68a1336404 0.938s
2024-10-03 08:16:54.099 63787 INFO tempest.common.waiters [-] State transition "BUILD/scheduling" ==> "BUILD/None" after 11 second wait
2024-10-03 08:16:54.127 63737 INFO tempest.lib.common.rest_client [req-df95ea58-98d0-4e03-bd7f-bcf2dd41f5a2 req-df95ea58-98d0-4e03-bd7f-bcf2dd41f5a2 ] Request (TenantUsagesTestJSON:tearDownClass): 200 GET http://10.180.1.21:9696/networking/v2.0/security-groups?tenant_id=3dda52b9a27c4d378c56f6876674e53a&name=default 0.148s
2024-10-03 08:16:54.147 63777 INFO tempest.lib.common.rest_client [req-6efcde62-7477-46d7-975b-a897631c778e req-6efcde62-7477-46d7-975b-a897631c778e ] Request (QuotasAdminTestV236:test_get_updated_quotas): 200 PUT http://10.180.1.21/compute/v2.1/os-quota-sets/9f9ad45f9da14e74bdcc455e575c17ce?user_id=b18e733cebfa462e930a4aca0fc983c4 1.101s
2024-10-03 08:16:54.309 63737 INFO tempest.lib.common.rest_client [req-0c9cc750-90ef-4772-9c38-717062352880 req-0c9cc750-90ef-4772-9c38-717062352880 ] Request (TenantUsagesTestJSON:tearDownClass): 204 DELETE http://10.180.1.21:9696/networking/v2.0/security-groups/82e24d15-4c08-4306-b35b-cc7e526b51b4 0.182s
2024-10-03 08:16:54.329 63743 INFO tempest.lib.common.rest_client [req-2f4ae4e0-aa23-425e-9ca6-fab9e35d5601 req-2f4ae4e0-aa23-425e-9ca6-fab9e35d5601 ] Request (DeleteServersAdminTestJSON:test_admin_delete_servers_of_others): 204 DELETE http://10.180.1.21/compute/v2.1/servers/d1636eb1-b862-47c9-8729-7a9d475ace01 1.096s
2024-10-03 08:16:54.397 63761 INFO tempest.lib.common.rest_client [req-895ed6f4-03f5-4aa9-a038-91df0b2521e5 req-895ed6f4-03f5-4aa9-a038-91df0b2521e5 ] Request (FlavorsV2TestJSON:tearDownClass): 200 GET http://10.180.1.21:9696/networking/v2.0/security-groups?tenant_id=c0a307891a1a45beadf01fa2b9405f54&name=default 0.552s
2024-10-03 08:16:54.397 63725 INFO tempest.lib.common.rest_client [req-bb573e07-0326-42fc-8eef-cc6c5dec86bc req-bb573e07-0326-42fc-8eef-cc6c5dec86bc ] Request (ServersAdminNegativeTestJSON:setUpClass): 204 DELETE http://10.180.1.21/compute/v2.1/servers/c552e749-33ec-4093-be8c-ed3784bdc2b5 1.154s
2024-10-03 08:16:54.399 63737 INFO tempest.lib.common.rest_client [req-d5205068-94ba-4981-97d9-7d61336c6183 req-d5205068-94ba-4981-97d9-7d61336c6183 ] Request (TenantUsagesTestJSON:tearDownClass): 204 DELETE http://10.180.1.21/identity/v3/projects/3dda52b9a27c4d378c56f6876674e53a 0.090s
2024-10-03 08:16:54.400 63737 INFO tempest.lib.common.dynamic_creds [-] Deleting project and security group for project: a26dc79b95cc4ca6a26cd63bceaa15a0
2024-10-03 08:16:54.515 63771 INFO tempest.lib.common.rest_client [req-4cee9bf6-e5a1-4ad9-8c81-0d35c7c2055e req-4cee9bf6-e5a1-4ad9-8c81-0d35c7c2055e ] Request (ServersTestBootFromVolume:setUpClass): 200 GET http://10.180.1.21/volume/v3/9c883e8ba760434483611afaa16c0132/volumes/54e7daec-bc20-49c7-a68d-4347bcbb73af 0.037s
2024-10-03 08:16:54.549 63747 INFO tempest.lib.common.rest_client [req-813fa2f1-c624-41c1-b3ca-35111ceb86c1 req-813fa2f1-c624-41c1-b3ca-35111ceb86c1 ] Request (FlavorsAccessNegativeTestJSON:test_flavor_non_admin_remove): 200 POST http://10.180.1.21/compute/v2.1/flavors/1202333319/action 0.975s
2024-10-03 08:16:54.572 63745 INFO tempest.lib.common.rest_client [req-c3d5eb64-82c6-43d1-bf2c-84f293f5e71a req-c3d5eb64-82c6-43d1-bf2c-84f293f5e71a ] Request (ServerGroup264TestJSON:tearDownClass): 204 DELETE http://10.180.1.21:9696/networking/v2.0/routers/79a4d393-0d3d-4c79-a93a-ee01b2c3fbaa 1.200s
2024-10-03 08:16:54.575 63733 INFO tempest.lib.common.rest_client [req-7fe88a78-b3db-4c61-9f1c-381b038ef3fd req-7fe88a78-b3db-4c61-9f1c-381b038ef3fd ] Request (AggregatesAdminNegativeTestJSON:test_aggregate_remove_nonexistent_host): 404 POST http://10.180.1.21/compute/v2.1/os-aggregates/8/action 0.967s
2024-10-03 08:16:54.590 63765 INFO tempest.lib.common.rest_client [req-a5a82c1b-c2e6-4cd1-a822-c1d855f8763b req-a5a82c1b-c2e6-4cd1-a822-c1d855f8763b ] Request (SecurityGroupsTestAdminJSON:_run_cleanups): 202 DELETE http://10.180.1.21/compute/v2.1/os-security-groups/49b2571b-e5ee-4f91-a2df-dac44f26c28c 1.095s
2024-10-03 08:16:54.601 63759 INFO tempest.lib.common.rest_client [req-351f0926-f460-4cad-9a36-bd6b916d1155 req-351f0926-f460-4cad-9a36-bd6b916d1155 ] Request (FlavorsAdminTestJSON:test_is_public_string_variations): 200 GET http://10.180.1.21/compute/v2.1/flavors/detail?is_public=yes 0.968s
2024-10-03 08:16:54.676 63761 INFO tempest.lib.common.rest_client [req-fbcdb25f-3bd0-42ee-9ff4-fd4cee8cbeec req-fbcdb25f-3bd0-42ee-9ff4-fd4cee8cbeec ] Request (FlavorsV2TestJSON:tearDownClass): 204 DELETE http://10.180.1.21:9696/networking/v2.0/security-groups/e5ca35d7-800b-4187-98e5-14206595c244 0.278s
2024-10-03 08:16:54.683 63735 INFO tempest.lib.common.rest_client [req-13046dc6-d4ea-4456-9cfe-30995090b46f req-13046dc6-d4ea-4456-9cfe-30995090b46f ] Request (VolumesAdminNegativeTest:test_update_attached_volume_with_nonexistent_volume_in_body): 200 GET http://10.180.1.21/compute/v2.1/servers/9fa373b3-8e15-4d26-82be-7dda51bc6cf6 0.934s
2024-10-03 08:16:54.712 63739 INFO tempest.lib.common.rest_client [req-6b934976-b06d-4d91-8033-6d07c31f169c req-6b934976-b06d-4d91-8033-6d07c31f169c ] Request (SecurityGroupRulesNegativeTestJSON:test_create_security_group_rule_with_invalid_ip_protocol): 400 POST http://10.180.1.21/compute/v2.1/os-security-group-rules 1.037s
2024-10-03 08:16:54.741 63737 INFO tempest.lib.common.rest_client [req-382aac47-769f-4314-b260-429f7f5cc3c9 req-382aac47-769f-4314-b260-429f7f5cc3c9 ] Request (TenantUsagesTestJSON:tearDownClass): 200 GET http://10.180.1.21:9696/networking/v2.0/security-groups?tenant_id=a26dc79b95cc4ca6a26cd63bceaa15a0&name=default 0.341s
2024-10-03 08:16:54.810 63761 INFO tempest.lib.common.rest_client [req-184e9250-76d1-4c40-8265-62649ad4c7ab req-184e9250-76d1-4c40-8265-62649ad4c7ab ] Request (FlavorsV2TestJSON:tearDownClass): 204 DELETE http://10.180.1.21/identity/v3/projects/c0a307891a1a45beadf01fa2b9405f54 0.133s
2024-10-03 08:16:54.813 63757 INFO tempest.lib.common.rest_client [req-481b724d-e6da-4ec1-91ef-a057a999842c req-481b724d-e6da-4ec1-91ef-a057a999842c ] Request (ListServerFiltersTestJSON:setUpClass): 200 GET http://10.180.1.21/compute/v2.1/servers/56872ede-96f0-48ca-b289-86784f37527d 0.776s
2024-10-03 08:16:54.833 63745 INFO tempest.lib.common.rest_client [req-26fc5b80-1f5a-4373-bb77-c4c0b3eb7b25 req-26fc5b80-1f5a-4373-bb77-c4c0b3eb7b25 ] Request (ServerGroup264TestJSON:tearDownClass): 204 DELETE http://10.180.1.21:9696/networking/v2.0/subnets/d04801dc-9904-4df0-8693-6023a20e2805 0.261s
2024-10-03 08:16:54.877 63761 INFO tempest.lib.common.rest_client [req-66b6bcb8-5ed4-40bf-96a1-c49ec3809c69 req-66b6bcb8-5ed4-40bf-96a1-c49ec3809c69 ] Request (SecurityGroupsTestJSON:setUpClass): 201 POST http://10.180.1.21/identity/v3/auth/tokens 0.065s
2024-10-03 08:16:54.912 63761 INFO tempest.lib.common.rest_client [req-0eafbf35-37c7-478f-bac4-d850597417c6 req-0eafbf35-37c7-478f-bac4-d850597417c6 ] Request (SecurityGroupsTestJSON:setUpClass): 201 POST http://10.180.1.21/identity/v3/auth/tokens 0.030s
2024-10-03 08:16:54.933 63761 INFO tempest.lib.common.rest_client [req-b47465ad-5f53-452b-876f-51fefaed66fe req-b47465ad-5f53-452b-876f-51fefaed66fe ] Request (SecurityGroupsTestJSON:setUpClass): 200 GET http://10.180.1.21/identity/v3/domains?name=Default 0.020s
2024-10-03 08:16:54.942 63777 INFO tempest.lib.common.rest_client [req-8684b6e9-f254-4758-b311-7a17d733c43c req-8684b6e9-f254-4758-b311-7a17d733c43c ] Request (QuotasAdminTestV236:test_get_updated_quotas): 200 GET http://10.180.1.21/compute/v2.1/os-quota-sets/9f9ad45f9da14e74bdcc455e575c17ce?user_id=b18e733cebfa462e930a4aca0fc983c4 0.791s
2024-10-03 08:16:54.960 63763 INFO tempest.lib.common.rest_client [req-3ef3e713-4f58-44e7-b077-f062e11f9744 req-3ef3e713-4f58-44e7-b077-f062e11f9744 ] Request (FlavorsV2NegativeTest:test_boot_with_low_ram): 400 POST http://10.180.1.21/compute/v2.1/servers 1.171s
2024-10-03 08:16:54.969 63761 INFO tempest.lib.common.rest_client [req-b7cf02fa-8c0d-4ac1-a47e-8f666bd47000 req-b7cf02fa-8c0d-4ac1-a47e-8f666bd47000 ] Request (SecurityGroupsTestJSON:setUpClass): 201 POST http://10.180.1.21/identity/v3/projects 0.036s
2024-10-03 08:16:54.982 63743 INFO tempest.lib.common.rest_client [req-d852a042-ed37-4a5e-bc6b-9416fc84f5a8 req-d852a042-ed37-4a5e-bc6b-9416fc84f5a8 ] Request (DeleteServersAdminTestJSON:test_admin_delete_servers_of_others): 404 GET http://10.180.1.21/compute/v2.1/servers/d1636eb1-b862-47c9-8729-7a9d475ace01 0.651s
2024-10-03 08:16:55.007 63725 INFO tempest.lib.common.rest_client [req-37b5efec-e344-41a6-b82d-03cb159908c6 req-37b5efec-e344-41a6-b82d-03cb159908c6 ] Request (ServersAdminNegativeTestJSON:setUpClass): 404 GET http://10.180.1.21/compute/v2.1/servers/c552e749-33ec-4093-be8c-ed3784bdc2b5 0.609s
2024-10-03 08:16:55.008 63725 INFO tempest.test [-] raised in ServersAdminNegativeTestJSON.setUpClass. Invoking tearDownClass.
2024-10-03 08:16:55.031 63729 INFO tempest.lib.common.rest_client [req-1d2cf16b-ee26-43fa-8cf4-02e7be1c9d7b req-1d2cf16b-ee26-43fa-8cf4-02e7be1c9d7b ] Request (MigrationsAdminTest:test_list_migrations_in_flavor_resize_situation): 200 GET http://10.180.1.21/compute/v2.1/servers/6a380967-bca6-47d2-b052-988e6c1004ee 0.736s
2024-10-03 08:16:55.035 63777 INFO tempest.lib.common.rest_client [req-0929db73-0152-43fd-88ee-7fb2068c0094 req-0929db73-0152-43fd-88ee-7fb2068c0094 ] Request (QuotasAdminTestV236:_run_cleanups): 204 DELETE http://10.180.1.21/identity/v3/users/b18e733cebfa462e930a4aca0fc983c4 0.087s
2024-10-03 08:16:55.038 63747 INFO tempest.lib.common.rest_client [req-979456f0-a6dd-44a1-befd-f649df114287 req-979456f0-a6dd-44a1-befd-f649df114287 ] Request (FlavorsAccessNegativeTestJSON:test_flavor_non_admin_remove): 403 POST http://10.180.1.21/compute/v2.1/flavors/1202333319/action 0.488s
2024-10-03 08:16:55.041 63763 INFO tempest.lib.common.rest_client [req-24ea2c3a-9348-4079-a66d-44ea40eaa063 req-24ea2c3a-9348-4079-a66d-44ea40eaa063 ] Request (FlavorsV2NegativeTest:_run_cleanups): 204 DELETE http://10.180.1.21/image/v2/images/f9194e5b-814e-4284-8d3f-7a7fbb58b420 0.079s
2024-10-03 08:16:55.055 63733 INFO tempest.lib.common.rest_client [req-9e11e3d9-4057-4877-915d-7cdc8eb0a10a req-9e11e3d9-4057-4877-915d-7cdc8eb0a10a ] Request (AggregatesAdminNegativeTestJSON:_run_cleanups): 200 DELETE http://10.180.1.21/compute/v2.1/os-aggregates/8 0.479s
2024-10-03 08:16:55.073 63761 INFO tempest.lib.common.rest_client [req-e30f02b0-d091-4dee-9e9d-946f2b40589a req-e30f02b0-d091-4dee-9e9d-946f2b40589a ] Request (SecurityGroupsTestJSON:setUpClass): 201 POST http://10.180.1.21/identity/v3/users 0.103s
2024-10-03 08:16:55.083 63743 INFO tempest.lib.common.rest_client [req-a93e6106-55a6-4697-83bd-bb9ef8733199 req-a93e6106-55a6-4697-83bd-bb9ef8733199 ] Request (DeleteServersAdminTestJSON:test_delete_server_while_in_error_state): 201 POST http://10.180.1.21/identity/v3/auth/tokens 0.092s
2024-10-03 08:16:55.083 63743 INFO tempest.lib.common.fixed_network [-] (DeleteServersAdminTestJSON:test_delete_server_while_in_error_state) Found network None available for tenant
2024-10-03 08:16:55.141 63737 INFO tempest.lib.common.rest_client [req-c72194d7-c5c3-427b-b819-449b797716bf req-c72194d7-c5c3-427b-b819-449b797716bf ] Request (TenantUsagesTestJSON:tearDownClass): 204 DELETE http://10.180.1.21:9696/networking/v2.0/security-groups/c3eebd38-eef4-43f2-8622-70778b00c9f4 0.399s
2024-10-03 08:16:55.165 63777 INFO tempest.lib.common.rest_client [req-c6fb472c-aef9-497b-81e1-5b93ecf24cac req-c6fb472c-aef9-497b-81e1-5b93ecf24cac ] Request (QuotasAdminTestV236:_run_cleanups): 204 DELETE http://10.180.1.21/identity/v3/projects/9f9ad45f9da14e74bdcc455e575c17ce 0.130s
2024-10-03 08:16:55.168 63725 INFO tempest.lib.common.rest_client [req-c0caa926-98d2-49d4-b1bf-5755e74a7f69 req-c0caa926-98d2-49d4-b1bf-5755e74a7f69 ] Request (ServersAdminNegativeTestJSON:tearDownClass): 204 DELETE http://10.180.1.21/identity/v3/users/10d88f6115314f80b94bbb46ea5a3094 0.159s
2024-10-03 08:16:55.262 63745 INFO tempest.lib.common.rest_client [req-5d723df1-1dbf-4727-96c2-52dba9ba1830 req-5d723df1-1dbf-4727-96c2-52dba9ba1830 ] Request (ServerGroup264TestJSON:tearDownClass): 204 DELETE http://10.180.1.21:9696/networking/v2.0/networks/acf9ba42-3f55-4196-a411-c629a15c3d1f 0.426s
2024-10-03 08:16:55.263 63763 INFO tempest.lib.common.rest_client [req-4f41fe3e-c29f-4c49-82c1-5958e610aa75 req-4f41fe3e-c29f-4c49-82c1-5958e610aa75 ] Request (FlavorsV2NegativeTest:tearDownClass): 204 DELETE http://10.180.1.21/identity/v3/users/38981b239969401c878fb4885d1fe0c9 0.221s
2024-10-03 08:16:55.263 63763 INFO tempest.lib.common.dynamic_creds [-] Deleting project and security group for project: 3aedef62868044f0b0900e00ef457029
2024-10-03 08:16:55.265 63733 INFO tempest.lib.common.rest_client [req-9ec55ecc-20ac-423a-be73-c78e80bf3524 req-9ec55ecc-20ac-423a-be73-c78e80bf3524 ] Request (AggregatesAdminNegativeTestJSON:tearDownClass): 204 DELETE http://10.180.1.21/identity/v3/users/698b308a4a2b4a74a5dbf03506a71778 0.209s
2024-10-03 08:16:55.274 63774 INFO tempest.lib.common.rest_client [req-3e778284-065a-45e1-8bbd-89995da9af4e req-3e778284-065a-45e1-8bbd-89995da9af4e ] Request (ServerExternalEventsTest:test_create_server_external_events): 200 GET http://10.180.1.21/compute/v2.1/servers/2ae517ae-a159-4dc6-8100-457a4cea1aeb 0.750s
2024-10-03 08:16:55.297 63759 INFO tempest.lib.common.rest_client [req-e8a91c6f-d395-427c-9ecc-7e71913dac64 req-e8a91c6f-d395-427c-9ecc-7e71913dac64 ] Request (FlavorsAdminTestJSON:test_is_public_string_variations): 200 GET http://10.180.1.21/compute/v2.1/flavors/detail?is_public=1 0.691s
2024-10-03 08:16:55.326 63761 INFO tempest.lib.common.rest_client [req-44dd2ef8-e9e2-48a8-a828-9ed00413bfdb req-44dd2ef8-e9e2-48a8-a828-9ed00413bfdb ] Request (SecurityGroupsTestJSON:setUpClass): 200 GET http://10.180.1.21/identity/v3/roles 0.252s
2024-10-03 08:16:55.335 63731 INFO tempest.lib.common.rest_client [req-b15d7776-1bb6-4294-8766-25401607b508 req-b15d7776-1bb6-4294-8766-25401607b508 ] Request (InstanceActionsTestJSON:setUpClass): 201 POST http://10.180.1.21:9696/networking/v2.0/routers 1.450s
2024-10-03 08:16:55.369 63737 INFO tempest.lib.common.rest_client [req-6faff5a4-7485-44fe-983d-bce48f1e0586 req-6faff5a4-7485-44fe-983d-bce48f1e0586 ] Request (TenantUsagesTestJSON:tearDownClass): 204 DELETE http://10.180.1.21/identity/v3/projects/a26dc79b95cc4ca6a26cd63bceaa15a0 0.228s
2024-10-03 08:16:55.371 63765 INFO tempest.lib.common.rest_client [req-18b52091-a4e1-4112-b635-20a47e611b70 req-18b52091-a4e1-4112-b635-20a47e611b70 ] Request (SecurityGroupsTestAdminJSON:_run_cleanups): 202 DELETE http://10.180.1.21/compute/v2.1/os-security-groups/e07647c1-32a9-4f83-adbe-a39236ee1888 0.780s
2024-10-03 08:16:55.384 63755 INFO tempest.lib.common.rest_client [req-fb177081-5cf8-4f21-ba45-0fc8cdaca563 req-fb177081-5cf8-4f21-ba45-0fc8cdaca563 ] Request (ServersNegativeTestMultiTenantJSON:setUpClass): 201 POST http://10.180.1.21:9696/networking/v2.0/routers 1.514s
2024-10-03 08:16:55.389 63725 INFO tempest.lib.common.rest_client [req-63fe2982-2072-4a70-afec-5c08f203f2d0 req-63fe2982-2072-4a70-afec-5c08f203f2d0 ] Request (ServersAdminNegativeTestJSON:tearDownClass): 204 DELETE http://10.180.1.21/identity/v3/users/e97339be9f9344cdac6abd87fae7d4cc 0.221s
2024-10-03 08:16:55.389 63725 INFO tempest.lib.common.dynamic_creds [-] Deleting project and security group for project: c7256862b3384feebdb1a4ed8b99c688
2024-10-03 08:16:55.402 63769 INFO tempest.lib.common.rest_client [req-ed444c1e-c1b1-4c18-acf6-5e6be6bcf9d2 req-ed444c1e-c1b1-4c18-acf6-5e6be6bcf9d2 ] Request (ServersAdmin275Test:test_rebuild_update_server_275): 200 GET http://10.180.1.21/compute/v2.1/servers/4410b013-868a-41e7-9dfb-584fb2d9d142 0.692s
2024-10-03 08:16:55.472 63779 INFO tempest.lib.common.rest_client [req-281038b1-2ba8-4f37-876c-8758b4774551 req-281038b1-2ba8-4f37-876c-8758b4774551 ] Request (ImagesTestJSON:test_create_image_from_stopped_server): 200 GET http://10.180.1.21/compute/v2.1/servers/6e963227-64f7-414d-88ec-cee5d5770bba 0.712s
2024-10-03 08:16:55.503 63745 INFO tempest.lib.common.rest_client [req-b54e29d1-4234-4b0a-8caf-239da92ee129 req-b54e29d1-4234-4b0a-8caf-239da92ee129 ] Request (ServerGroup264TestJSON:tearDownClass): 204 DELETE http://10.180.1.21/identity/v3/users/671e3ed2ca93485fabfd590811e0a5a3 0.240s
2024-10-03 08:16:55.503 63745 INFO tempest.lib.common.dynamic_creds [-] Deleting project and security group for project: ea425bdf90dc484cad602d49b47ba1fc
2024-10-03 08:16:55.511 63777 INFO tempest.lib.common.rest_client [req-2d1de813-8c83-4de1-989c-d2ee63390fb0 req-2d1de813-8c83-4de1-989c-d2ee63390fb0 ] Request (QuotasAdminTestV236:tearDownClass): 204 DELETE http://10.180.1.21/identity/v3/users/a058c281170d45a7bbf612e2bbde794e 0.342s
2024-10-03 08:16:55.572 63771 INFO tempest.lib.common.rest_client [req-aebf7b52-22b2-4e32-b916-690a8604377f req-aebf7b52-22b2-4e32-b916-690a8604377f ] Request (ServersTestBootFromVolume:setUpClass): 200 GET http://10.180.1.21/volume/v3/9c883e8ba760434483611afaa16c0132/volumes/54e7daec-bc20-49c7-a68d-4347bcbb73af 0.048s
2024-10-03 08:16:55.583 63763 INFO tempest.lib.common.rest_client [req-997a290f-865c-47dc-b26c-50d98fb51475 req-997a290f-865c-47dc-b26c-50d98fb51475 ] Request (FlavorsV2NegativeTest:tearDownClass): 201 POST http://10.180.1.21/identity/v3/auth/tokens 0.319s
2024-10-03 08:16:55.642 63753 INFO tempest.lib.common.rest_client [req-6895564f-c159-4109-9a57-11f56922dd3b req-6895564f-c159-4109-9a57-11f56922dd3b ] Request (ServersV294TestFqdnHostnames:setUpClass): 200 GET http://10.180.1.21/compute/v2.1/servers/d941a593-7047-436a-b95d-bcb4850829f5 0.854s
2024-10-03 08:16:55.649 63761 INFO tempest.lib.common.rest_client [req-f9ec7e9a-e324-47db-bc64-f305e1ab829e req-f9ec7e9a-e324-47db-bc64-f305e1ab829e ] Request (SecurityGroupsTestJSON:setUpClass): 204 PUT http://10.180.1.21/identity/v3/projects/a0e384d6cf184a98aa3602eca6b3f410/users/268494bb8db84ede854304a23497d130/roles/b76fb9c3e9cd4d7089fa0f6fad441fe5 0.323s
2024-10-03 08:16:55.649 63761 INFO tempest.lib.common.dynamic_creds [-] Dynamic test user 268494bb8db84ede854304a23497d130 is created with scope project and roles: ['member']
2024-10-03 08:16:55.649 63761 INFO tempest.lib.common.dynamic_creds [-] Acquired dynamic creds: credentials: Credentials: {'domain_id': 'default', 'domain_name': 'Default', 'username': 'tempest-SecurityGroupsTestJSON-300897749-project-member', 'project_domain_id': 'default', 'project_domain_name': 'Default', 'project_id': 'a0e384d6cf184a98aa3602eca6b3f410', 'project_name': 'tempest-SecurityGroupsTestJSON-300897749', 'tenant_id': 'a0e384d6cf184a98aa3602eca6b3f410', 'tenant_name': 'tempest-SecurityGroupsTestJSON-300897749', 'user_domain_id': 'default', 'user_domain_name': 'Default', 'user_id': '268494bb8db84ede854304a23497d130', 'system': None}, Network: None, Subnet: None, Router: None
2024-10-03 08:16:55.712 63733 INFO tempest.lib.common.rest_client [req-fe64d90f-e7a7-419c-a9d7-62b95d3e211e req-fe64d90f-e7a7-419c-a9d7-62b95d3e211e ] Request (AggregatesAdminNegativeTestJSON:tearDownClass): 204 DELETE http://10.180.1.21/identity/v3/users/68e6ce8e185f448da3f89e4244033fb6 0.447s
2024-10-03 08:16:55.713 63733 INFO tempest.lib.common.dynamic_creds [-] Deleting project and security group for project: 38f6e74e2c9f45b0b968e61a3f60df59
2024-10-03 08:16:55.719 63737 INFO tempest.lib.common.rest_client [req-ed59bc53-288e-44a6-86ec-577f7a874669 req-ed59bc53-288e-44a6-86ec-577f7a874669 ] Request (FloatingIPDetailsTestJSON:setUpClass): 201 POST http://10.180.1.21/identity/v3/auth/tokens 0.339s
2024-10-03 08:16:55.725 63745 INFO tempest.lib.common.rest_client [req-2761dc46-dd90-4a17-90c9-e977e1812728 req-2761dc46-dd90-4a17-90c9-e977e1812728 ] Request (ServerGroup264TestJSON:tearDownClass): 200 GET http://10.180.1.21:9696/networking/v2.0/security-groups?tenant_id=ea425bdf90dc484cad602d49b47ba1fc&name=default 0.222s
2024-10-03 08:16:55.736 63751 INFO tempest.lib.common.rest_client [req-03777a91-e18a-42c6-ac29-09c021b2efd4 req-03777a91-e18a-42c6-ac29-09c021b2efd4 ] Request (ServerDiagnosticsTest:test_get_server_diagnostics): 200 GET http://10.180.1.21/compute/v2.1/servers/fe881dbe-6d44-4e31-a537-4aa9dfe44ff4 0.921s
2024-10-03 08:16:55.764 63725 INFO tempest.lib.common.rest_client [req-8a435ec9-3bba-47f2-8c0b-03918d597a10 req-8a435ec9-3bba-47f2-8c0b-03918d597a10 ] Request (ServersAdminNegativeTestJSON:tearDownClass): 201 POST http://10.180.1.21/identity/v3/auth/tokens 0.374s
2024-10-03 08:16:55.782 63739 INFO tempest.lib.common.rest_client [req-ac7e3f5e-646d-45bb-8e3d-636e244937c5 req-ac7e3f5e-646d-45bb-8e3d-636e244937c5 ] Request (SecurityGroupRulesNegativeTestJSON:test_create_security_group_rule_with_invalid_port_range): 200 POST http://10.180.1.21/compute/v2.1/os-security-groups 1.068s
2024-10-03 08:16:55.831 63785 INFO tempest.lib.common.rest_client [req-eb32aa80-dc83-448a-9540-407e68479ebd req-eb32aa80-dc83-448a-9540-407e68479ebd ] Request (FloatingIPsAssociationTestJSON:setUpClass): 200 GET http://10.180.1.21/compute/v2.1/servers/046304ef-b46f-473f-aa5b-5932b5078c54 0.997s
2024-10-03 08:16:55.843 63777 INFO tempest.lib.common.rest_client [req-5d2df5df-e86e-4c6e-9dc7-74e38efa9d96 req-5d2df5df-e86e-4c6e-9dc7-74e38efa9d96 ] Request (QuotasAdminTestV236:tearDownClass): 204 DELETE http://10.180.1.21/identity/v3/users/0b079e8d48aa44db833bf025c62cc818 0.332s
2024-10-03 08:16:55.843 63777 INFO tempest.lib.common.dynamic_creds [-] Deleting project and security group for project: 06fe11e810024097b51cc4903edb5023
2024-10-03 08:16:55.856 63775 INFO tempest.lib.common.rest_client [req-52634a32-c099-407d-b72c-70c576e5510c req-52634a32-c099-407d-b72c-70c576e5510c ] Request (ImagesOneServerNegativeTestJSON:setUpClass): 200 GET http://10.180.1.21/compute/v2.1/servers/35e9c404-bad4-4f8d-8c79-fb7250abb363 0.982s
2024-10-03 08:16:55.904 63761 INFO tempest.lib.common.rest_client [req-dc7db0f1-9e07-4b57-b674-248b61ef5863 req-dc7db0f1-9e07-4b57-b674-248b61ef5863 ] Request (SecurityGroupsTestJSON:setUpClass): 201 POST http://10.180.1.21/identity/v3/auth/tokens 0.255s
2024-10-03 08:16:55.921 63733 INFO tempest.lib.common.rest_client [req-543fcdb3-2dab-4134-826c-3f22419808c3 req-543fcdb3-2dab-4134-826c-3f22419808c3 ] Request (AggregatesAdminNegativeTestJSON:tearDownClass): 201 POST http://10.180.1.21/identity/v3/auth/tokens 0.208s
2024-10-03 08:16:55.929 63737 INFO tempest.lib.common.rest_client [req-7229a088-f62f-4f4e-842b-3720a010622c req-7229a088-f62f-4f4e-842b-3720a010622c ] Request (FloatingIPDetailsTestJSON:setUpClass): 201 POST http://10.180.1.21/identity/v3/auth/tokens 0.206s
2024-10-03 08:16:55.994 63777 INFO tempest.lib.common.rest_client [req-6cdee640-b4cd-4c4d-8b2d-07642e2e95ae req-6cdee640-b4cd-4c4d-8b2d-07642e2e95ae ] Request (QuotasAdminTestV236:tearDownClass): 201 POST http://10.180.1.21/identity/v3/auth/tokens 0.151s
2024-10-03 08:16:56.033 63737 INFO tempest.lib.common.rest_client [req-2a5abb17-17e2-4aca-bb2c-d2299b2fde68 req-2a5abb17-17e2-4aca-bb2c-d2299b2fde68 ] Request (FloatingIPDetailsTestJSON:setUpClass): 200 GET http://10.180.1.21/identity/v3/domains?name=Default 0.103s
