2024-10-03 08:16:47.171 63785 INFO tempest.lib.common.rest_client [req-9d8f5b6a-9c6f-47c2-8748-286bf17ecad6 req-9d8f5b6a-9c6f-47c2-8748-286bf17ecad6 ] Request (FloatingIPsAssociationTestJSON:setUpClass): 204 PUT http://10.180.1.21/identity/v3/projects/77f5f9a8168847a9adc931bd6bf3051e/users/3ab0a7a9f21d4a43a97a730963a3d648/roles/b76fb9c3e9cd4d7089fa0f6fad441fe5 0.042s
2024-10-03 08:16:47.171 63785 INFO tempest.lib.common.dynamic_creds [-] Dynamic test user 3ab0a7a9f21d4a43a97a730963a3d648 is created with scope project and roles: ['member']
2024-10-03 08:16:47.172 63785 INFO tempest.lib.common.dynamic_creds [-] Acquired dynamic creds: credentials: Credentials: {'domain_id': 'default', 'domain_name': 'Default', 'username': 'tempest-FloatingIPsAssociationTestJSON-527631555-project-member', 'project_domain_id': 'default', 'project_domain_name': 'Default', 'project_id': '77f5f9a8168847a9adc931bd6bf3051e', 'project_name': 'tempest-FloatingIPsAssociationTestJSON-527631555', 'tenant_id': '77f5f9a8168847a9adc931bd6bf3051e', 'tenant_name': 'tempest-FloatingIPsAssociationTestJSON-527631555', 'user_domain_id': 'default', 'user_domain_name': 'Default', 'user_id': '3ab0a7a9f21d4a43a97a730963a3d648', 'system': None}, Network: None, Subnet: None, Router: None
2024-10-03 08:16:47.175 63757 INFO tempest.lib.common.rest_client [req-993daf60-f438-469c-a748-7356c56a4604 req-993daf60-f438-469c-a748-7356c56a4604 ] Request (ListServerFiltersTestJSON:setUpClass): 200 GET http://10.180.1.21/compute/v2.1/servers/56872ede-96f0-48ca-b289-86784f37527d 0.858s
2024-10-03 08:16:47.237 63785 INFO tempest.lib.common.rest_client [req-4926cc1b-4c54-4dec-a2c4-653092fffa01 req-4926cc1b-4c54-4dec-a2c4-653092fffa01 ] Request (FloatingIPsAssociationTestJSON:setUpClass): 201 POST http://10.180.1.21/identity/v3/auth/tokens 0.065s
2024-10-03 08:16:47.242 63743 INFO tempest.lib.common.rest_client [req-90a132d0-de80-4caa-9cbd-5bbda06a0b3f req-90a132d0-de80-4caa-9cbd-5bbda06a0b3f ] Request (DeleteServersAdminTestJSON:test_admin_delete_servers_of_others): 200 GET http://10.180.1.21/compute/v2.1/servers/d1636eb1-b862-47c9-8729-7a9d475ace01 0.856s
2024-10-03 08:16:47.247 63741 INFO tempest.lib.common.rest_client [req-ff081a9a-10f4-4be8-9fd4-dad9ebc55682 req-ff081a9a-10f4-4be8-9fd4-dad9ebc55682 ] Request (TenantUsagesNegativeTestJSON:setUpClass): 201 POST http://10.180.1.21/identity/v3/auth/tokens 0.085s
2024-10-03 08:16:47.341 63725 INFO tempest.lib.common.rest_client [req-e0b5ac5e-024e-4fe4-9ed4-0d9aee52fb85 req-e0b5ac5e-024e-4fe4-9ed4-0d9aee52fb85 ] Request (ServersAdminNegativeTestJSON:setUpClass): 200 GET http://10.180.1.21/compute/v2.1/servers/c552e749-33ec-4093-be8c-ed3784bdc2b5 0.880s
2024-10-03 08:16:47.364 63745 INFO tempest.lib.common.rest_client [req-1bce9e83-f01a-4b68-9f10-57ae4717144a req-1bce9e83-f01a-4b68-9f10-57ae4717144a ] Request (ServerGroup264TestJSON:test_create_get_server_group): 200 GET http://10.180.1.21/compute/v2.1/os-server-groups 0.894s
2024-10-03 08:16:47.383 63761 INFO tempest.lib.common.rest_client [req-b4d28915-63d9-451a-a339-6d36cb415246 req-b4d28915-63d9-451a-a339-6d36cb415246 ] Request (FlavorsV2TestJSON:test_list_flavors_limit_results): 200 GET http://10.180.1.21/compute/v2.1/flavors?limit=1 0.879s
2024-10-03 08:16:47.456 63729 INFO tempest.lib.common.rest_client [req-7f3ca434-e03a-463d-b983-a241b707e396 req-7f3ca434-e03a-463d-b983-a241b707e396 ] Request (MigrationsAdminTest:test_list_migrations_in_flavor_resize_situation): 200 GET http://10.180.1.21/compute/v2.1/servers/6a380967-bca6-47d2-b052-988e6c1004ee 0.907s
2024-10-03 08:16:47.463 63729 INFO tempest.common.waiters [-] State transition "BUILD/block_device_mapping" ==> "BUILD/spawning" after 18 second wait
2024-10-03 08:16:47.480 63755 INFO tempest.lib.common.rest_client [req-834af9b7-5837-455d-a1f7-89b068c8e547 req-834af9b7-5837-455d-a1f7-89b068c8e547 ] Request (ImagesDeleteNegativeTestJSON:test_delete_non_existent_image): 404 DELETE http://10.180.1.21/compute/v2.1/images/18cdadd5-c66f-4e30-b3d1-ead833308381 0.860s
2024-10-03 08:16:47.516 63747 INFO tempest.lib.common.rest_client [req-9d60a835-6695-40eb-ac4f-9b66bb678bc9 req-9d60a835-6695-40eb-ac4f-9b66bb678bc9 ] Request (FlavorsAccessNegativeTestJSON:test_flavor_non_admin_add): 200 POST http://10.180.1.21/compute/v2.1/flavors 0.872s
2024-10-03 08:16:47.563 63755 INFO tempest.lib.common.rest_client [req-b8bcb3ca-ac6b-4294-bd26-614266b6b918 req-b8bcb3ca-ac6b-4294-bd26-614266b6b918 ] Request (ImagesDeleteNegativeTestJSON:tearDownClass): 204 DELETE http://10.180.1.21/identity/v3/users/d08a681c840e47508b3074dea4a738bf 0.081s
2024-10-03 08:16:47.563 63755 INFO tempest.lib.common.dynamic_creds [-] Deleting project and security group for project: 469c12316b744c40bc90168e9c06b94c
2024-10-03 08:16:47.612 63774 INFO tempest.lib.common.rest_client [req-3c8a257a-d5c9-4580-a46b-cbbf6885f0e7 req-3c8a257a-d5c9-4580-a46b-cbbf6885f0e7 ] Request (ServerExternalEventsTest:test_create_server_external_events): 200 GET http://10.180.1.21/compute/v2.1/servers/2ae517ae-a159-4dc6-8100-457a4cea1aeb 0.889s
2024-10-03 08:16:47.628 63763 INFO tempest.lib.common.rest_client [req-f34cc3d8-f01b-4787-a7af-0653258c811f req-f34cc3d8-f01b-4787-a7af-0653258c811f ] Request (QuotaClassesAdminTestJSON:test_update_default_quotas): 200 GET http://10.180.1.21/compute/v2.1/os-quota-class-sets/default 0.878s
2024-10-03 08:16:47.648 63755 INFO tempest.lib.common.rest_client [req-28efa6ed-315b-43ea-940a-81246fbf92c2 req-28efa6ed-315b-43ea-940a-81246fbf92c2 ] Request (ImagesDeleteNegativeTestJSON:tearDownClass): 201 POST http://10.180.1.21/identity/v3/auth/tokens 0.085s
2024-10-03 08:16:47.734 63733 INFO tempest.lib.common.rest_client [req-112fbd48-400f-416c-b766-d24033f4a679 req-112fbd48-400f-416c-b766-d24033f4a679 ] Request (AggregatesAdminNegativeTestJSON:test_aggregate_remove_host_as_user): 200 POST http://10.180.1.21/compute/v2.1/os-aggregates/7/action 0.966s
2024-10-03 08:16:47.750 63759 INFO tempest.lib.common.rest_client [req-01b6f172-ea65-49cb-9bca-e967855b8d30 req-01b6f172-ea65-49cb-9bca-e967855b8d30 ] Request (FlavorsAdminTestJSON:test_is_public_string_variations): 200 GET http://10.180.1.21/compute/v2.1/flavors/detail?is_public=false 0.963s
2024-10-03 08:16:47.846 63727 INFO tempest.lib.common.rest_client [req-b3264296-d0cc-4040-ac19-c378aade5b60 req-b3264296-d0cc-4040-ac19-c378aade5b60 ] Request (ServerDiagnosticsV248Test:test_get_server_diagnostics): 200 GET http://10.180.1.21/compute/v2.1/servers/5b86b63a-f6c1-4983-a3cc-3cde7a10d17b 1.018s
2024-10-03 08:16:47.855 63727 INFO tempest.common.waiters [-] State transition "BUILD/spawning" ==> "ACTIVE/None" after 20 second wait
2024-10-03 08:16:47.863 63785 INFO tempest.lib.common.rest_client [req-ece1bfeb-2b9e-4ba4-b43f-07603bfd2dde req-ece1bfeb-2b9e-4ba4-b43f-07603bfd2dde ] Request (FloatingIPsAssociationTestJSON:setUpClass): 201 POST http://10.180.1.21:9696/networking/v2.0/networks 0.625s
2024-10-03 08:16:47.929 63781 INFO tempest.lib.common.rest_client [req-42e331b1-2042-4f49-950b-3e52c18ae274 req-42e331b1-2042-4f49-950b-3e52c18ae274 ] Request (ServersTestManualDisk:setUpClass): 200 PUT http://10.180.1.21:9696/networking/v2.0/routers/f6bb686b-a229-4537-bf76-642f394c9608/add_router_interface 2.003s
2024-10-03 08:16:47.929 63781 INFO tempest.lib.common.dynamic_creds [-] Created isolated network resources for: credentials: Credentials: {'domain_id': 'default', 'domain_name': 'Default', 'username': 'tempest-ServersTestManualDisk-23868332-project-member', 'project_domain_id': 'default', 'project_domain_name': 'Default', 'project_id': 'e91751496e084b83a489969825df9711', 'project_name': 'tempest-ServersTestManualDisk-23868332', 'tenant_id': 'e91751496e084b83a489969825df9711', 'tenant_name': 'tempest-ServersTestManualDisk-23868332', 'user_domain_id': 'default', 'user_domain_name': 'Default', 'user_id': '191861b327214987bffa08e13e505179', 'system': None}, Network: {'id': '9302c213-6c18-44bf-a1bb-0e5089a7085c', 'name': 'tempest-ServersTestManualDisk-699386431-network', 'tenant_id': 'e91751496e084b83a489969825df9711', 'admin_state_up': True, 'mtu': 8950, 'status': 'ACTIVE', 'subnets': [], 'shared': False, 'project_id': 'e91751496e084b83a489969825df9711', 'port_security_enabled': True, 'router:external': False, 'provider:network_type': 'vlan', 'provider:physical_network': 'default', 'provider:segmentation_id': 929, 'is_default': False, 'availability_zone_hints': [], 'availability_zones': [], 'ipv4_address_scope': None, 'ipv6_address_scope': None, 'description': '', 'tags': [], 'created_at': '2024-10-03T08:16:44Z', 'updated_at': '2024-10-03T08:16:44Z', 'revision_number': 1}, Subnet: {'id': '2a0ade3e-5e7d-47df-9003-f71a8048f397', 'name': 'tempest-ServersTestManualDisk-699386431-subnet', 'tenant_id': 'e91751496e084b83a489969825df9711', 'network_id': '9302c213-6c18-44bf-a1bb-0e5089a7085c', 'ip_version': 4, 'subnetpool_id': None, 'enable_dhcp': True, 'ipv6_ra_mode': None, 'ipv6_address_mode': None, 'gateway_ip': '192.168.128.1', 'cidr': '192.168.128.0/28', 'allocation_pools': [{'start': '192.168.128.2', 'end': '192.168.128.14'}], 'host_routes': [], 'dns_nameservers': [], 'description': '', 'router:external': False, 'service_types': [], 'tags': [], 'created_at': '2024-10-03T08:16:44Z', 'updated_at': '2024-10-03T08:16:44Z', 'revision_number': 0, 'project_id': 'e91751496e084b83a489969825df9711'}, Router: {'id': 'f6bb686b-a229-4537-bf76-642f394c9608', 'name': 'tempest-ServersTestManualDisk-699386431-router', 'tenant_id': 'e91751496e084b83a489969825df9711', 'admin_state_up': True, 'status': 'ACTIVE', 'external_gateway_info': {'network_id': '412d35c0-15f1-4179-aa1f-99df55a6da8e', 'external_fixed_ips': [{'subnet_id': '494d5aa0-d1ff-4872-9fc9-0d2727aff001', 'ip_address': '10.180.180.161'}], 'enable_snat': True}, 'description': '', 'availability_zones': [], 'distributed': False, 'ha': False, 'availability_zone_hints': [], 'routes': [], 'flavor_id': None, 'tags': [], 'created_at': '2024-10-03T08:16:44Z', 'updated_at': '2024-10-03T08:16:45Z', 'revision_number': 2, 'project_id': 'e91751496e084b83a489969825df9711'}
2024-10-03 08:16:48.024 63755 INFO tempest.lib.common.rest_client [req-87b51e3a-814b-4eaa-a506-6d88123ccf07 req-87b51e3a-814b-4eaa-a506-6d88123ccf07 ] Request (ImagesDeleteNegativeTestJSON:tearDownClass): 200 GET http://10.180.1.21:9696/networking/v2.0/security-groups?tenant_id=469c12316b744c40bc90168e9c06b94c&name=default 0.376s
2024-10-03 08:16:48.036 63781 INFO tempest.lib.common.rest_client [req-8d174e3d-d8e6-49db-8543-2956366feb88 req-8d174e3d-d8e6-49db-8543-2956366feb88 ] Request (ServersTestManualDisk:setUpClass): 201 POST http://10.180.1.21/identity/v3/auth/tokens 0.103s
2024-10-03 08:16:48.074 63785 INFO tempest.lib.common.rest_client [req-367d64fb-2d19-41be-b418-0024e3a9bbfb req-367d64fb-2d19-41be-b418-0024e3a9bbfb ] Request (FloatingIPsAssociationTestJSON:setUpClass): 201 POST http://10.180.1.21:9696/networking/v2.0/subnets 0.210s
2024-10-03 08:16:48.092 63739 INFO tempest.lib.common.rest_client [req-a2a5a95c-99ad-4175-8b39-8038833a3f2e req-a2a5a95c-99ad-4175-8b39-8038833a3f2e ] Request (SecurityGroupRulesNegativeTestJSON:test_create_security_group_rule_with_invalid_from_port): 200 POST http://10.180.1.21/compute/v2.1/os-security-groups 1.225s
2024-10-03 08:16:48.155 63769 INFO tempest.lib.common.rest_client [req-3cf860d7-ecff-420f-8cfc-b1fed518298f req-3cf860d7-ecff-420f-8cfc-b1fed518298f ] Request (ServersAdmin275Test:test_rebuild_update_server_275): 200 GET http://10.180.1.21/compute/v2.1/servers/4410b013-868a-41e7-9dfb-584fb2d9d142 1.248s
2024-10-03 08:16:48.177 63731 INFO tempest.lib.common.rest_client [req-875eb096-95d5-4d91-8483-34779abb32a0 req-875eb096-95d5-4d91-8483-34779abb32a0 ] Request (ServersTestJSON:tearDownClass): 202 DELETE http://10.180.1.21/compute/v2.1/os-keypairs/tempest-keypair-1131250684 1.128s
2024-10-03 08:16:48.201 63755 INFO tempest.lib.common.rest_client [req-cfe0bb84-4191-47c0-a857-c48bb8b3a389 req-cfe0bb84-4191-47c0-a857-c48bb8b3a389 ] Request (ImagesDeleteNegativeTestJSON:tearDownClass): 204 DELETE http://10.180.1.21:9696/networking/v2.0/security-groups/aee4d09c-a69f-4f8a-b8f6-a55b1b67d496 0.174s
2024-10-03 08:16:48.205 63771 INFO tempest.lib.common.rest_client [req-10acfe4c-92dd-41dc-8016-9ccfea2099a9 req-10acfe4c-92dd-41dc-8016-9ccfea2099a9 ] Request (ServersTestBootFromVolume:setUpClass): 200 GET http://10.180.1.21/volume/v3/9c883e8ba760434483611afaa16c0132/volumes/54e7daec-bc20-49c7-a68d-4347bcbb73af 0.040s
2024-10-03 08:16:48.235 63779 INFO tempest.lib.common.rest_client [req-95219bde-8f0e-46f6-bcfb-7a4be38f3b87 req-95219bde-8f0e-46f6-bcfb-7a4be38f3b87 ] Request (ImagesTestJSON:test_create_image_from_stopped_server): 200 GET http://10.180.1.21/compute/v2.1/servers/6e963227-64f7-414d-88ec-cee5d5770bba 1.042s
2024-10-03 08:16:48.284 63755 INFO tempest.lib.common.rest_client [req-4b1d404f-5ff6-4f5b-b3a5-5250c4a82796 req-4b1d404f-5ff6-4f5b-b3a5-5250c4a82796 ] Request (ImagesDeleteNegativeTestJSON:tearDownClass): 204 DELETE http://10.180.1.21/identity/v3/projects/469c12316b744c40bc90168e9c06b94c 0.082s
2024-10-03 08:16:48.346 63755 INFO tempest.lib.common.rest_client [req-bb61ff4f-cc42-4018-b08c-a33e1ea7dc9f req-bb61ff4f-cc42-4018-b08c-a33e1ea7dc9f ] Request (AZV2TestJSON:setUpClass): 201 POST http://10.180.1.21/identity/v3/auth/tokens 0.060s
2024-10-03 08:16:48.386 63755 INFO tempest.lib.common.rest_client [req-c4fcb11e-5e8d-4f17-92eb-8da6930ee349 req-c4fcb11e-5e8d-4f17-92eb-8da6930ee349 ] Request (AZV2TestJSON:setUpClass): 201 POST http://10.180.1.21/identity/v3/auth/tokens 0.037s
2024-10-03 08:16:48.395 63741 INFO tempest.lib.common.rest_client [req-18017a02-ecfa-4338-91a7-43ecf790345e req-18017a02-ecfa-4338-91a7-43ecf790345e ] Request (TenantUsagesNegativeTestJSON:test_get_usage_tenant_with_empty_tenant_id): 404 GET http://10.180.1.21/compute/v2.1/os-simple-tenant-usage/?start=2024-10-02T08%3A16%3A47.247820&end=2024-10-04T08%3A16%3A47.247820 1.147s
2024-10-03 08:16:48.399 63741 WARNING tempest.lib.common.rest_client [-] Deprecated: "tenant_id" property is deprecated for removal, use "project_id" instead
2024-10-03 08:16:48.429 63731 INFO tempest.lib.common.rest_client [req-174cd2bd-5ade-487c-a47d-afd762b0bf38 req-174cd2bd-5ade-487c-a47d-afd762b0bf38 ] Request (ServersTestJSON:tearDownClass): 204 DELETE http://10.180.1.21:9696/networking/v2.0/security-groups/7aaeb129-e76b-4ab7-ab70-65b3ff375403 0.251s
2024-10-03 08:16:48.432 63755 INFO tempest.lib.common.rest_client [req-51ed22fd-b8b1-44fe-9ddf-7f2f5fd648b8 req-51ed22fd-b8b1-44fe-9ddf-7f2f5fd648b8 ] Request (AZV2TestJSON:setUpClass): 200 GET http://10.180.1.21/identity/v3/domains?name=Default 0.045s
2024-10-03 08:16:48.450 63731 INFO tempest.lib.common.rest_client [req-25c09427-c6f5-4d80-a2a9-3f0faa5223bb req-25c09427-c6f5-4d80-a2a9-3f0faa5223bb ] Request (ServersTestJSON:tearDownClass): 404 GET http://10.180.1.21:9696/networking/v2.0/security-groups/7aaeb129-e76b-4ab7-ab70-65b3ff375403 0.020s
2024-10-03 08:16:48.481 63755 INFO tempest.lib.common.rest_client [req-39b78f83-7e67-4909-9803-555a6a52026e req-39b78f83-7e67-4909-9803-555a6a52026e ] Request (AZV2TestJSON:setUpClass): 201 POST http://10.180.1.21/identity/v3/projects 0.049s
2024-10-03 08:16:48.502 63753 INFO tempest.lib.common.rest_client [req-a5b91485-59c2-49e7-a5c6-b4d7031166a8 req-a5b91485-59c2-49e7-a5c6-b4d7031166a8 ] Request (ServersV294TestFqdnHostnames:setUpClass): 200 GET http://10.180.1.21/compute/v2.1/servers/d941a593-7047-436a-b95d-bcb4850829f5 1.236s
2024-10-03 08:16:48.521 63753 INFO tempest.common.waiters [-] State transition "BUILD/scheduling" ==> "BUILD/None" after 7 second wait
2024-10-03 08:16:48.547 63755 INFO tempest.lib.common.rest_client [req-a6d05c55-c50e-47ec-a095-8e938dd611f2 req-a6d05c55-c50e-47ec-a095-8e938dd611f2 ] Request (AZV2TestJSON:setUpClass): 201 POST http://10.180.1.21/identity/v3/users 0.065s
2024-10-03 08:16:48.569 63755 INFO tempest.lib.common.rest_client [req-80ec533b-62b1-4941-a362-8e1664a1c441 req-80ec533b-62b1-4941-a362-8e1664a1c441 ] Request (AZV2TestJSON:setUpClass): 200 GET http://10.180.1.21/identity/v3/roles 0.021s
2024-10-03 08:16:48.602 63751 INFO tempest.lib.common.rest_client [req-26f2c85f-62ad-42e7-9f45-a37aeadd75e0 req-26f2c85f-62ad-42e7-9f45-a37aeadd75e0 ] Request (ServerDiagnosticsTest:test_get_server_diagnostics): 200 GET http://10.180.1.21/compute/v2.1/servers/fe881dbe-6d44-4e31-a537-4aa9dfe44ff4 1.289s
2024-10-03 08:16:48.604 63755 INFO tempest.lib.common.rest_client [req-530e96d1-f026-4923-b537-72d070fd58fb req-530e96d1-f026-4923-b537-72d070fd58fb ] Request (AZV2TestJSON:setUpClass): 204 PUT http://10.180.1.21/identity/v3/projects/659a1418c9ce4578891fc68634a786cb/users/1ec38a78c1014ec09bb29ae650452962/roles/b76fb9c3e9cd4d7089fa0f6fad441fe5 0.035s
2024-10-03 08:16:48.604 63755 INFO tempest.lib.common.dynamic_creds [-] Dynamic test user 1ec38a78c1014ec09bb29ae650452962 is created with scope project and roles: ['member']
2024-10-03 08:16:48.604 63755 INFO tempest.lib.common.dynamic_creds [-] Acquired dynamic creds: credentials: Credentials: {'domain_id': 'default', 'domain_name': 'Default', 'username': 'tempest-AZV2TestJSON-769519538-project-member', 'project_domain_id': 'default', 'project_domain_name': 'Default', 'project_id': '659a1418c9ce4578891fc68634a786cb', 'project_name': 'tempest-AZV2TestJSON-769519538', 'tenant_id': '659a1418c9ce4578891fc68634a786cb', 'tenant_name': 'tempest-AZV2TestJSON-769519538', 'user_domain_id': 'default', 'user_domain_name': 'Default', 'user_id': '1ec38a78c1014ec09bb29ae650452962', 'system': None}, Network: None, Subnet: None, Router: None
2024-10-03 08:16:48.604 63755 INFO tempest.lib.common.dynamic_creds [-] Created isolated network resources for: credentials: Credentials: {'domain_id': 'default', 'domain_name': 'Default', 'username': 'tempest-AZV2TestJSON-769519538-project-member', 'project_domain_id': 'default', 'project_domain_name': 'Default', 'project_id': '659a1418c9ce4578891fc68634a786cb', 'project_name': 'tempest-AZV2TestJSON-769519538', 'tenant_id': '659a1418c9ce4578891fc68634a786cb', 'tenant_name': 'tempest-AZV2TestJSON-769519538', 'user_domain_id': 'default', 'user_domain_name': 'Default', 'user_id': '1ec38a78c1014ec09bb29ae650452962', 'system': None}, Network: None, Subnet: None, Router: None
2024-10-03 08:16:48.623 63745 INFO tempest.lib.common.rest_client [req-ff07c84d-dbc8-4bf7-95b5-5edca42abafe req-ff07c84d-dbc8-4bf7-95b5-5edca42abafe ] Request (ServerGroup264TestJSON:test_create_get_server_group): 200 GET http://10.180.1.21/compute/v2.1/os-server-groups/a4fcc13c-60e1-4b6c-a12f-ba921344e532 1.257s
2024-10-03 08:16:48.637 63761 INFO tempest.lib.common.rest_client [req-13540033-01d1-42b7-9ea1-24858a9bf2f7 req-13540033-01d1-42b7-9ea1-24858a9bf2f7 ] Request (FlavorsV2TestJSON:test_list_flavors_using_marker): 200 GET http://10.180.1.21/compute/v2.1/flavors/42 1.252s
2024-10-03 08:16:48.703 63755 INFO tempest.lib.common.rest_client [req-c6e7cfc1-a2a2-460c-8718-7e151b55273b req-c6e7cfc1-a2a2-460c-8718-7e151b55273b ] Request (AZV2TestJSON:setUpClass): 201 POST http://10.180.1.21/identity/v3/auth/tokens 0.093s
2024-10-03 08:16:48.714 63775 INFO tempest.lib.common.rest_client [req-fe552ab9-24ab-4759-ac7c-06f55762d4cb req-fe552ab9-24ab-4759-ac7c-06f55762d4cb ] Request (ImagesOneServerNegativeTestJSON:setUpClass): 200 GET http://10.180.1.21/compute/v2.1/servers/35e9c404-bad4-4f8d-8c79-fb7250abb363 1.321s
2024-10-03 08:16:48.770 63749 INFO tempest.lib.common.rest_client [req-822ea693-b25d-43ac-9bcc-6f1d28e1d5ec req-822ea693-b25d-43ac-9bcc-6f1d28e1d5ec ] Request (ImagesNegativeTestJSON:test_create_image_from_deleted_server): 200 GET http://10.180.1.21/compute/v2.1/servers/3c513284-4860-46b2-8ba1-e185efe0db86 1.303s
2024-10-03 08:16:48.881 63747 INFO tempest.lib.common.rest_client [req-90221512-b494-47b4-8f73-82dc450b21db req-90221512-b494-47b4-8f73-82dc450b21db ] Request (FlavorsAccessNegativeTestJSON:test_flavor_non_admin_add): 403 POST http://10.180.1.21/compute/v2.1/flavors/912284222/action 1.362s
2024-10-03 08:16:48.928 63731 INFO tempest.lib.common.rest_client [req-aa0fe704-699a-412a-8bac-337231691dc3 req-aa0fe704-699a-412a-8bac-337231691dc3 ] Request (ServersTestJSON:tearDownClass): 204 DELETE http://10.180.1.21:9696/networking/v2.0/floatingips/61747eb2-3a87-4121-9fc5-abb3001e1882 0.477s
2024-10-03 08:16:48.947 63767 INFO tempest.lib.common.rest_client [req-d99e0a53-9c0f-4c36-9519-967bfe6c6919 req-d99e0a53-9c0f-4c36-9519-967bfe6c6919 ] Request (ImagesOneServerTestJSON:setUpClass): 200 GET http://10.180.1.21/compute/v2.1/servers/5287b3ed-12ec-47fb-93a2-94038cb2e7b1 1.345s
2024-10-03 08:16:49.034 63763 INFO tempest.lib.common.rest_client [req-1b6df261-69c9-44dc-a84b-0be9f443ebbd req-1b6df261-69c9-44dc-a84b-0be9f443ebbd ] Request (QuotaClassesAdminTestJSON:_run_cleanups): 200 PUT http://10.180.1.21/compute/v2.1/os-quota-class-sets/default 1.403s
2024-10-03 08:16:49.039 63733 INFO tempest.lib.common.rest_client [req-c597abe1-1e93-4535-ae21-50b0a3040d8a req-c597abe1-1e93-4535-ae21-50b0a3040d8a ] Request (AggregatesAdminNegativeTestJSON:test_aggregate_remove_host_as_user): 403 POST http://10.180.1.21/compute/v2.1/os-aggregates/7/action 1.303s
2024-10-03 08:16:49.050 63759 INFO tempest.lib.common.rest_client [req-20c618b8-f392-4bed-8cde-143bca2ed6ad req-20c618b8-f392-4bed-8cde-143bca2ed6ad ] Request (FlavorsAdminTestJSON:test_is_public_string_variations): 200 GET http://10.180.1.21/compute/v2.1/flavors/detail?is_public=no 1.296s
2024-10-03 08:16:49.198 63777 INFO tempest.lib.common.rest_client [req-05ac7e97-31e5-4289-80dc-485e00a334d0 req-05ac7e97-31e5-4289-80dc-485e00a334d0 ] Request (QuotasAdminTestV236:test_get_updated_quotas): 200 GET http://10.180.1.21/identity/v3/domains?name=Default 0.073s
2024-10-03 08:16:49.216 63785 INFO tempest.lib.common.rest_client [req-adab865d-324b-4f49-b1a9-993fa53787f1 req-adab865d-324b-4f49-b1a9-993fa53787f1 ] Request (FloatingIPsAssociationTestJSON:setUpClass): 201 POST http://10.180.1.21:9696/networking/v2.0/routers 1.141s
2024-10-03 08:16:49.248 63763 INFO tempest.lib.common.rest_client [req-8c769e56-29fc-408f-a3fd-2d5d8ec7b86d req-8c769e56-29fc-408f-a3fd-2d5d8ec7b86d ] Request (QuotaClassesAdminTestJSON:tearDownClass): 204 DELETE http://10.180.1.21/identity/v3/users/657a4223256f4157b9fc05d8c16a4809 0.156s
2024-10-03 08:16:49.267 63771 INFO tempest.lib.common.rest_client [req-7fe71150-4a2b-48dd-947e-a625ddc2733b req-7fe71150-4a2b-48dd-947e-a625ddc2733b ] Request (ServersTestBootFromVolume:setUpClass): 200 GET http://10.180.1.21/volume/v3/9c883e8ba760434483611afaa16c0132/volumes/54e7daec-bc20-49c7-a68d-4347bcbb73af 0.055s
2024-10-03 08:16:49.286 63777 INFO tempest.lib.common.rest_client [req-c80921e7-ea73-4692-9ab7-72b786df17bc req-c80921e7-ea73-4692-9ab7-72b786df17bc ] Request (QuotasAdminTestV236:test_get_updated_quotas): 201 POST http://10.180.1.21/identity/v3/projects 0.088s
2024-10-03 08:16:49.341 63777 INFO tempest.lib.common.rest_client [req-93254f2a-c7c1-46e5-b103-cec6fe6e94e6 req-93254f2a-c7c1-46e5-b103-cec6fe6e94e6 ] Request (QuotasAdminTestV236:test_get_updated_quotas): 200 GET http://10.180.1.21/identity/v3/domains?name=Default 0.054s
2024-10-03 08:16:49.413 63763 INFO tempest.lib.common.rest_client [req-5cedc4ee-15f5-4d7f-a458-923a0fd59866 req-5cedc4ee-15f5-4d7f-a458-923a0fd59866 ] Request (QuotaClassesAdminTestJSON:tearDownClass): 204 DELETE http://10.180.1.21/identity/v3/users/c049484e985a409e8144a39ca224c793 0.164s
2024-10-03 08:16:49.414 63763 INFO tempest.lib.common.dynamic_creds [-] Deleting project and security group for project: 192b677f5cca4d1fa540dd7bb376e5a4
2024-10-03 08:16:49.487 63763 INFO tempest.lib.common.rest_client [req-84b16feb-6897-403e-969e-63d049a65d26 req-84b16feb-6897-403e-969e-63d049a65d26 ] Request (QuotaClassesAdminTestJSON:tearDownClass): 201 POST http://10.180.1.21/identity/v3/auth/tokens 0.073s
2024-10-03 08:16:49.684 63727 INFO tempest.lib.common.rest_client [req-5b2a3183-dcec-47d6-96f7-1e07ec509ffc req-5b2a3183-dcec-47d6-96f7-1e07ec509ffc ] Request (ServerDiagnosticsV248Test:test_get_server_diagnostics): 200 GET http://10.180.1.21/compute/v2.1/servers/5b86b63a-f6c1-4983-a3cc-3cde7a10d17b/diagnostics 1.828s
2024-10-03 08:16:49.764 63783 INFO tempest.lib.common.rest_client [req-ffd1cf2a-1855-4b6e-9701-6359f47e9726 req-ffd1cf2a-1855-4b6e-9701-6359f47e9726 ] Request (ServersWithSpecificFlavorTestJSON:test_verify_created_server_ephemeral_disk): 200 GET http://10.180.1.21/compute/v2.1/servers/01a1b3e0-4ad9-4350-b59e-499f1b3412a5 1.900s
2024-10-03 08:16:49.836 63763 INFO tempest.lib.common.rest_client [req-058fa684-85e3-42ab-a5ce-cb4ce8f578bc req-058fa684-85e3-42ab-a5ce-cb4ce8f578bc ] Request (QuotaClassesAdminTestJSON:tearDownClass): 200 GET http://10.180.1.21:9696/networking/v2.0/security-groups?tenant_id=192b677f5cca4d1fa540dd7bb376e5a4&name=default 0.348s
2024-10-03 08:16:49.844 63737 INFO tempest.lib.common.rest_client [req-ec47e786-05bb-4ae2-9a19-9e074f071ab2 req-ec47e786-05bb-4ae2-9a19-9e074f071ab2 ] Request (TenantUsagesTestJSON:setUpClass): 200 GET http://10.180.1.21/compute/v2.1/servers/baa18517-333c-4ebc-8de6-e2fc9576b9fd 1.886s
2024-10-03 08:16:49.851 63737 INFO tempest.common.waiters [-] State transition "BUILD/spawning" ==> "ERROR/None" after 28 second wait
2024-10-03 08:16:49.985 63781 INFO tempest.lib.common.rest_client [req-ce286054-a9eb-415a-83e5-047aaf800085 req-ce286054-a9eb-415a-83e5-047aaf800085 ] Request (ServersTestManualDisk:setUpClass): 200 POST http://10.180.1.21/compute/v2.1/os-keypairs 1.946s
2024-10-03 08:16:50.025 63763 INFO tempest.lib.common.rest_client [req-d5e82f6e-33a3-4625-af4f-b0713623f410 req-d5e82f6e-33a3-4625-af4f-b0713623f410 ] Request (QuotaClassesAdminTestJSON:tearDownClass): 204 DELETE http://10.180.1.21:9696/networking/v2.0/security-groups/248f5271-676d-427f-ba61-9f3ce8e4a3f5 0.188s
2024-10-03 08:16:50.054 63787 INFO tempest.lib.common.rest_client [req-0a752a32-236e-45c9-aab5-6421ce294cba req-0a752a32-236e-45c9-aab5-6421ce294cba ] Request (VolumesAssistedSnapshotsTest:test_volume_assisted_snapshot_create_delete): 200 GET http://10.180.1.21/compute/v2.1/servers/8ac0012a-0855-4b73-a1e4-0a68a1336404 2.011s
2024-10-03 08:16:50.085 63763 INFO tempest.lib.common.rest_client [req-721c58ad-10c7-452e-9045-89d6853bc180 req-721c58ad-10c7-452e-9045-89d6853bc180 ] Request (QuotaClassesAdminTestJSON:tearDownClass): 204 DELETE http://10.180.1.21/identity/v3/projects/192b677f5cca4d1fa540dd7bb376e5a4 0.060s
2024-10-03 08:16:50.086 63763 INFO tempest.lib.common.dynamic_creds [-] Deleting project and security group for project: 287031b20ddf43fdb07e043a1227e27e
2024-10-03 08:16:50.176 63781 INFO tempest.lib.common.rest_client [req-26e5b9f3-54b4-4a54-9265-2d6c7b9a47e9 req-26e5b9f3-54b4-4a54-9265-2d6c7b9a47e9 ] Request (ServersTestManualDisk:setUpClass): 201 POST http://10.180.1.21:9696/networking/v2.0/security-groups 0.188s
2024-10-03 08:16:50.283 63739 INFO tempest.lib.common.rest_client [req-1c3396ea-0d65-442c-ac3a-e182ca1184dc req-1c3396ea-0d65-442c-ac3a-e182ca1184dc ] Request (SecurityGroupRulesNegativeTestJSON:test_create_security_group_rule_with_invalid_from_port): 400 POST http://10.180.1.21/compute/v2.1/os-security-group-rules 2.188s
2024-10-03 08:16:50.309 63731 INFO tempest.lib.common.rest_client [req-a1237412-5308-4090-9ed3-7d6994692f94 req-a1237412-5308-4090-9ed3-7d6994692f94 ] Request (ServersTestJSON:tearDownClass): 200 PUT http://10.180.1.21:9696/networking/v2.0/routers/b4563391-7cc8-4616-b8cf-e7a2a0edc14e/remove_router_interface 1.381s
2024-10-03 08:16:50.327 63771 INFO tempest.lib.common.rest_client [req-b6d6618f-030b-4cf7-933d-6be5454cd236 req-b6d6618f-030b-4cf7-933d-6be5454cd236 ] Request (ServersTestBootFromVolume:setUpClass): 200 GET http://10.180.1.21/volume/v3/9c883e8ba760434483611afaa16c0132/volumes/54e7daec-bc20-49c7-a68d-4347bcbb73af 0.047s
2024-10-03 08:16:50.349 63763 INFO tempest.lib.common.rest_client [req-cea4528e-5686-4a87-b8ff-d643e53f07ce req-cea4528e-5686-4a87-b8ff-d643e53f07ce ] Request (QuotaClassesAdminTestJSON:tearDownClass): 200 GET http://10.180.1.21:9696/networking/v2.0/security-groups?tenant_id=287031b20ddf43fdb07e043a1227e27e&name=default 0.263s
2024-10-03 08:16:50.364 63735 INFO tempest.lib.common.rest_client [req-bb826fd7-796e-42e2-bfcd-bf83a7d4a7ce req-bb826fd7-796e-42e2-bfcd-bf83a7d4a7ce ] Request (VolumesAdminNegativeTest:test_update_attached_volume_with_nonexistent_volume_in_body): 200 GET http://10.180.1.21/compute/v2.1/servers/9fa373b3-8e15-4d26-82be-7dda51bc6cf6 2.244s
2024-10-03 08:16:50.425 63757 INFO tempest.lib.common.rest_client [req-7ffdb708-90ef-4954-a108-fead53de2be1 req-7ffdb708-90ef-4954-a108-fead53de2be1 ] Request (ListServerFiltersTestJSON:setUpClass): 200 GET http://10.180.1.21/compute/v2.1/servers/56872ede-96f0-48ca-b289-86784f37527d 2.240s
2024-10-03 08:16:50.443 63781 INFO tempest.lib.common.rest_client [req-c1cbae67-bad6-4621-9680-a211924b4745 req-c1cbae67-bad6-4621-9680-a211924b4745 ] Request (ServersTestManualDisk:setUpClass): 201 POST http://10.180.1.21:9696/networking/v2.0/security-group-rules 0.267s
2024-10-03 08:16:50.499 63743 INFO tempest.lib.common.rest_client [req-9d4a8221-ed52-4dc2-83c0-31d5f040136f req-9d4a8221-ed52-4dc2-83c0-31d5f040136f ] Request (DeleteServersAdminTestJSON:test_admin_delete_servers_of_others): 200 GET http://10.180.1.21/compute/v2.1/servers/d1636eb1-b862-47c9-8729-7a9d475ace01 2.243s
2024-10-03 08:16:50.566 63725 INFO tempest.lib.common.rest_client [req-589c531a-268e-49c2-9a22-7e480be8bbae req-589c531a-268e-49c2-9a22-7e480be8bbae ] Request (ServersAdminNegativeTestJSON:setUpClass): 200 GET http://10.180.1.21/compute/v2.1/servers/c552e749-33ec-4093-be8c-ed3784bdc2b5 2.215s
2024-10-03 08:16:50.575 63741 INFO tempest.lib.common.rest_client [req-5acf95bd-b2ea-4946-8a48-31b263cdb181 req-5acf95bd-b2ea-4946-8a48-31b263cdb181 ] Request (TenantUsagesNegativeTestJSON:test_get_usage_tenant_with_invalid_date): 400 GET http://10.180.1.21/compute/v2.1/os-simple-tenant-usage/657137bd82bc40d8bcf4bac95653c2a4?start=2024-10-04T08%3A16%3A47.247820&end=2024-10-02T08%3A16%3A47.247820 2.175s
2024-10-03 08:16:50.615 63763 INFO tempest.lib.common.rest_client [req-54424523-265e-41e6-827c-3598fb546d68 req-54424523-265e-41e6-827c-3598fb546d68 ] Request (QuotaClassesAdminTestJSON:tearDownClass): 204 DELETE http://10.180.1.21:9696/networking/v2.0/security-groups/40fdf64a-b6ae-4191-96b2-6271846e68a6 0.265s
2024-10-03 08:16:50.636 63729 INFO tempest.lib.common.rest_client [req-d4898a24-b6d7-4f70-9337-83c26c875a79 req-d4898a24-b6d7-4f70-9337-83c26c875a79 ] Request (MigrationsAdminTest:test_list_migrations_in_flavor_resize_situation): 200 GET http://10.180.1.21/compute/v2.1/servers/6a380967-bca6-47d2-b052-988e6c1004ee 2.170s
2024-10-03 08:16:50.670 63781 INFO tempest.lib.common.rest_client [req-6ce70186-b854-4e39-86a2-760832cb0472 req-6ce70186-b854-4e39-86a2-760832cb0472 ] Request (ServersTestManualDisk:setUpClass): 201 POST http://10.180.1.21:9696/networking/v2.0/security-group-rules 0.226s
2024-10-03 08:16:50.686 63785 INFO tempest.lib.common.rest_client [req-56fddd0a-15af-4f95-9626-c81d4e0f716c req-56fddd0a-15af-4f95-9626-c81d4e0f716c ] Request (FloatingIPsAssociationTestJSON:setUpClass): 200 PUT http://10.180.1.21:9696/networking/v2.0/routers/05369042-fc74-405d-95d3-7b9912ac70f2/add_router_interface 1.470s
2024-10-03 08:16:50.686 63785 INFO tempest.lib.common.dynamic_creds [-] Created isolated network resources for: credentials: Credentials: {'domain_id': 'default', 'domain_name': 'Default', 'username': 'tempest-FloatingIPsAssociationTestJSON-527631555-project-member', 'project_domain_id': 'default', 'project_domain_name': 'Default', 'project_id': '77f5f9a8168847a9adc931bd6bf3051e', 'project_name': 'tempest-FloatingIPsAssociationTestJSON-527631555', 'tenant_id': '77f5f9a8168847a9adc931bd6bf3051e', 'tenant_name': 'tempest-FloatingIPsAssociationTestJSON-527631555', 'user_domain_id': 'default', 'user_domain_name': 'Default', 'user_id': '3ab0a7a9f21d4a43a97a730963a3d648', 'system': None}, Network: {'id': '5915eaae-2a4f-4106-94a5-969ce45d97c4', 'name': 'tempest-FloatingIPsAssociationTestJSON-381189699-network', 'tenant_id': '77f5f9a8168847a9adc931bd6bf3051e', 'admin_state_up': True, 'mtu': 8950, 'status': 'ACTIVE', 'subnets': [], 'shared': False, 'project_id': '77f5f9a8168847a9adc931bd6bf3051e', 'port_security_enabled': True, 'router:external': False, 'provider:network_type': 'vlan', 'provider:physical_network': 'default', 'provider:segmentation_id': 406, 'is_default': False, 'availability_zone_hints': [], 'availability_zones': [], 'ipv4_address_scope': None, 'ipv6_address_scope': None, 'description': '', 'tags': [], 'created_at': '2024-10-03T08:16:47Z', 'updated_at': '2024-10-03T08:16:47Z', 'revision_number': 1}, Subnet: {'id': '152c25c2-f946-4bd6-9697-c8af6e56ee73', 'name': 'tempest-FloatingIPsAssociationTestJSON-381189699-subnet', 'tenant_id': '77f5f9a8168847a9adc931bd6bf3051e', 'network_id': '5915eaae-2a4f-4106-94a5-969ce45d97c4', 'ip_version': 4, 'subnetpool_id': None, 'enable_dhcp': True, 'ipv6_ra_mode': None, 'ipv6_address_mode': None, 'gateway_ip': '192.168.128.1', 'cidr': '192.168.128.0/28', 'allocation_pools': [{'start': '192.168.128.2', 'end': '192.168.128.14'}], 'host_routes': [], 'dns_nameservers': [], 'description': '', 'router:external': False, 'service_types': [], 'tags': [], 'created_at': '2024-10-03T08:16:47Z', 'updated_at': '2024-10-03T08:16:47Z', 'revision_number': 0, 'project_id': '77f5f9a8168847a9adc931bd6bf3051e'}, Router: {'id': '05369042-fc74-405d-95d3-7b9912ac70f2', 'name': 'tempest-FloatingIPsAssociationTestJSON-381189699-router', 'tenant_id': '77f5f9a8168847a9adc931bd6bf3051e', 'admin_state_up': True, 'status': 'ACTIVE', 'external_gateway_info': {'network_id': '412d35c0-15f1-4179-aa1f-99df55a6da8e', 'external_fixed_ips': [{'subnet_id': '494d5aa0-d1ff-4872-9fc9-0d2727aff001', 'ip_address': '10.180.180.163'}], 'enable_snat': True}, 'description': '', 'availability_zones': [], 'distributed': False, 'ha': False, 'availability_zone_hints': [], 'routes': [], 'flavor_id': None, 'tags': [], 'created_at': '2024-10-03T08:16:48Z', 'updated_at': '2024-10-03T08:16:48Z', 'revision_number': 2, 'project_id': '77f5f9a8168847a9adc931bd6bf3051e'}
2024-10-03 08:16:50.692 63774 INFO tempest.lib.common.rest_client [req-cc29946a-2a34-4c2f-be4c-caed6c46bbc6 req-cc29946a-2a34-4c2f-be4c-caed6c46bbc6 ] Request (ServerExternalEventsTest:test_create_server_external_events): 200 GET http://10.180.1.21/compute/v2.1/servers/2ae517ae-a159-4dc6-8100-457a4cea1aeb 2.071s
2024-10-03 08:16:50.724 63745 INFO tempest.lib.common.rest_client [req-06ec6b4b-5db7-4471-8120-5fe73c4d954a req-06ec6b4b-5db7-4471-8120-5fe73c4d954a ] Request (ServerGroup264TestJSON:_run_cleanups): 204 DELETE http://10.180.1.21/compute/v2.1/os-server-groups/a4fcc13c-60e1-4b6c-a12f-ba921344e532 2.099s
2024-10-03 08:16:50.732 63763 INFO tempest.lib.common.rest_client [req-38c8f156-d319-4ce2-8cd8-163b1c62bbdd req-38c8f156-d319-4ce2-8cd8-163b1c62bbdd ] Request (QuotaClassesAdminTestJSON:tearDownClass): 204 DELETE http://10.180.1.21/identity/v3/projects/287031b20ddf43fdb07e043a1227e27e 0.117s
2024-10-03 08:16:50.753 63761 INFO tempest.lib.common.rest_client [req-13446a3b-5500-46fb-9f45-78ce93e82722 req-13446a3b-5500-46fb-9f45-78ce93e82722 ] Request (FlavorsV2TestJSON:test_list_flavors_using_marker): 200 GET http://10.180.1.21/compute/v2.1/flavors?marker=42 2.113s
2024-10-03 08:16:50.781 63785 INFO tempest.lib.common.rest_client [req-c9844a38-e408-445d-abcd-c9f40040d7a5 req-c9844a38-e408-445d-abcd-c9f40040d7a5 ] Request (FloatingIPsAssociationTestJSON:setUpClass): 201 POST http://10.180.1.21/identity/v3/auth/tokens 0.092s
2024-10-03 08:16:50.792 63763 INFO tempest.lib.common.rest_client [req-9a29cb1a-d1ae-4dd2-8855-eacef9a5fd52 req-9a29cb1a-d1ae-4dd2-8855-eacef9a5fd52 ] Request (FlavorsV2NegativeTest:setUpClass): 201 POST http://10.180.1.21/identity/v3/auth/tokens 0.058s
2024-10-03 08:16:50.822 63785 INFO tempest.lib.common.rest_client [req-091fc53c-be7d-4319-85b2-7ea1901c0ba8 req-091fc53c-be7d-4319-85b2-7ea1901c0ba8 ] Request (FloatingIPsAssociationTestJSON:setUpClass): 201 POST http://10.180.1.21/identity/v3/auth/tokens 0.034s
2024-10-03 08:16:50.823 63785 INFO tempest.lib.common.fixed_network [-] (FloatingIPsAssociationTestJSON:setUpClass) Found network {'id': '5915eaae-2a4f-4106-94a5-969ce45d97c4', 'name': 'tempest-FloatingIPsAssociationTestJSON-381189699-network', 'tenant_id': '77f5f9a8168847a9adc931bd6bf3051e', 'admin_state_up': True, 'mtu': 8950, 'status': 'ACTIVE', 'subnets': [], 'shared': False, 'project_id': '77f5f9a8168847a9adc931bd6bf3051e', 'port_security_enabled': True, 'router:external': False, 'provider:network_type': 'vlan', 'provider:physical_network': 'default', 'provider:segmentation_id': 406, 'is_default': False, 'availability_zone_hints': [], 'availability_zones': [], 'ipv4_address_scope': None, 'ipv6_address_scope': None, 'description': '', 'tags': [], 'created_at': '2024-10-03T08:16:47Z', 'updated_at': '2024-10-03T08:16:47Z', 'revision_number': 1} available for tenant
2024-10-03 08:16:50.848 63763 INFO tempest.lib.common.rest_client [req-a37e4b3b-c23f-4be2-8165-60422d6236c5 req-a37e4b3b-c23f-4be2-8165-60422d6236c5 ] Request (FlavorsV2NegativeTest:setUpClass): 201 POST http://10.180.1.21/identity/v3/auth/tokens 0.054s
2024-10-03 08:16:50.867 63763 INFO tempest.lib.common.rest_client [req-34a55a6e-a23e-42ce-90b6-c159030b4d6a req-34a55a6e-a23e-42ce-90b6-c159030b4d6a ] Request (FlavorsV2NegativeTest:setUpClass): 200 GET http://10.180.1.21/identity/v3/domains?name=Default 0.018s
2024-10-03 08:16:50.896 63763 INFO tempest.lib.common.rest_client [req-97299fb8-754d-498d-8af7-49290982b915 req-97299fb8-754d-498d-8af7-49290982b915 ] Request (FlavorsV2NegativeTest:setUpClass): 201 POST http://10.180.1.21/identity/v3/projects 0.028s
2024-10-03 08:16:50.901 63755 INFO tempest.lib.common.rest_client [req-9542462b-c788-4e20-8ddb-4aa2712d92d2 req-9542462b-c788-4e20-8ddb-4aa2712d92d2 ] Request (AZV2TestJSON:test_get_availability_zone_list_with_non_admin_user): 200 GET http://10.180.1.21/compute/v2.1/os-availability-zone 2.197s
2024-10-03 08:16:50.919 63747 INFO tempest.lib.common.rest_client [req-ede8d0d9-3477-4eac-bd32-a085309ff8a0 req-ede8d0d9-3477-4eac-bd32-a085309ff8a0 ] Request (FlavorsAccessNegativeTestJSON:_run_cleanups): 202 DELETE http://10.180.1.21/compute/v2.1/flavors/912284222 2.037s
2024-10-03 08:16:50.925 63731 INFO tempest.lib.common.rest_client [req-510700c3-ee30-4e42-bb0b-2af2f9116ec6 req-510700c3-ee30-4e42-bb0b-2af2f9116ec6 ] Request (ServersTestJSON:tearDownClass): 204 DELETE http://10.180.1.21:9696/networking/v2.0/routers/b4563391-7cc8-4616-b8cf-e7a2a0edc14e 0.615s
2024-10-03 08:16:50.963 63763 INFO tempest.lib.common.rest_client [req-43aa65ab-b672-4628-8265-eb9a9b08a0ae req-43aa65ab-b672-4628-8265-eb9a9b08a0ae ] Request (FlavorsV2NegativeTest:setUpClass): 201 POST http://10.180.1.21/identity/v3/users 0.066s
2024-10-03 08:16:50.993 63763 INFO tempest.lib.common.rest_client [req-eee6c233-e1a8-457d-9474-69737b4b028e req-eee6c233-e1a8-457d-9474-69737b4b028e ] Request (FlavorsV2NegativeTest:setUpClass): 200 GET http://10.180.1.21/identity/v3/roles 0.027s
2024-10-03 08:16:51.016 63755 INFO tempest.lib.common.rest_client [req-83eb98a6-86d1-49a0-a616-049e4a01cbf7 req-83eb98a6-86d1-49a0-a616-049e4a01cbf7 ] Request (AZV2TestJSON:tearDownClass): 204 DELETE http://10.180.1.21/identity/v3/users/1ec38a78c1014ec09bb29ae650452962 0.111s
2024-10-03 08:16:51.017 63755 INFO tempest.lib.common.dynamic_creds [-] Deleting project and security group for project: 659a1418c9ce4578891fc68634a786cb
2024-10-03 08:16:51.048 63733 INFO tempest.lib.common.rest_client [req-a881b0c7-f941-4abc-b079-ecf8906b4751 req-a881b0c7-f941-4abc-b079-ecf8906b4751 ] Request (AggregatesAdminNegativeTestJSON:_run_cleanups): 200 POST http://10.180.1.21/compute/v2.1/os-aggregates/7/action 2.007s
2024-10-03 08:16:51.061 63759 INFO tempest.lib.common.rest_client [req-cf3a228f-27f0-4d32-b229-42e35d6270cd req-cf3a228f-27f0-4d32-b229-42e35d6270cd ] Request (FlavorsAdminTestJSON:test_is_public_string_variations): 200 GET http://10.180.1.21/compute/v2.1/flavors/detail?is_public=0 2.004s
2024-10-03 08:16:51.078 63763 INFO tempest.lib.common.rest_client [req-9f2bddb7-fe40-4508-a255-c7f2c4723682 req-9f2bddb7-fe40-4508-a255-c7f2c4723682 ] Request (FlavorsV2NegativeTest:setUpClass): 204 PUT http://10.180.1.21/identity/v3/projects/3aedef62868044f0b0900e00ef457029/users/38981b239969401c878fb4885d1fe0c9/roles/b76fb9c3e9cd4d7089fa0f6fad441fe5 0.084s
2024-10-03 08:16:51.078 63763 INFO tempest.lib.common.dynamic_creds [-] Dynamic test user 38981b239969401c878fb4885d1fe0c9 is created with scope project and roles: ['member']
2024-10-03 08:16:51.078 63763 INFO tempest.lib.common.dynamic_creds [-] Acquired dynamic creds: credentials: Credentials: {'domain_id': 'default', 'domain_name': 'Default', 'username': 'tempest-FlavorsV2NegativeTest-1691754066-project-member', 'project_domain_id': 'default', 'project_domain_name': 'Default', 'project_id': '3aedef62868044f0b0900e00ef457029', 'project_name': 'tempest-FlavorsV2NegativeTest-1691754066', 'tenant_id': '3aedef62868044f0b0900e00ef457029', 'tenant_name': 'tempest-FlavorsV2NegativeTest-1691754066', 'user_domain_id': 'default', 'user_domain_name': 'Default', 'user_id': '38981b239969401c878fb4885d1fe0c9', 'system': None}, Network: None, Subnet: None, Router: None
2024-10-03 08:16:51.078 63763 INFO tempest.lib.common.dynamic_creds [-] Created isolated network resources for: credentials: Credentials: {'domain_id': 'default', 'domain_name': 'Default', 'username': 'tempest-FlavorsV2NegativeTest-1691754066-project-member', 'project_domain_id': 'default', 'project_domain_name': 'Default', 'project_id': '3aedef62868044f0b0900e00ef457029', 'project_name': 'tempest-FlavorsV2NegativeTest-1691754066', 'tenant_id': '3aedef62868044f0b0900e00ef457029', 'tenant_name': 'tempest-FlavorsV2NegativeTest-1691754066', 'user_domain_id': 'default', 'user_domain_name': 'Default', 'user_id': '38981b239969401c878fb4885d1fe0c9', 'system': None}, Network: None, Subnet: None, Router: None
2024-10-03 08:16:51.111 63755 INFO tempest.lib.common.rest_client [req-23ba9f84-2087-4e62-a2d0-6fb6b1ff5c44 req-23ba9f84-2087-4e62-a2d0-6fb6b1ff5c44 ] Request (AZV2TestJSON:tearDownClass): 201 POST http://10.180.1.21/identity/v3/auth/tokens 0.093s
2024-10-03 08:16:51.129 63781 INFO tempest.lib.common.rest_client [req-6fa4e79f-c449-480d-a111-fa753bd02e8a req-6fa4e79f-c449-480d-a111-fa753bd02e8a ] Request (ServersTestManualDisk:setUpClass): 201 POST http://10.180.1.21:9696/networking/v2.0/floatingips 0.458s
2024-10-03 08:16:51.157 63769 INFO tempest.lib.common.rest_client [req-38297c86-ff9e-427e-ab2d-2ba4d7c3ab6d req-38297c86-ff9e-427e-ab2d-2ba4d7c3ab6d ] Request (ServersAdmin275Test:test_rebuild_update_server_275): 200 GET http://10.180.1.21/compute/v2.1/servers/4410b013-868a-41e7-9dfb-584fb2d9d142 1.992s
2024-10-03 08:16:51.170 63763 INFO tempest.lib.common.rest_client [req-81a4d693-c946-4442-98e1-72c94ca0b0a6 req-81a4d693-c946-4442-98e1-72c94ca0b0a6 ] Request (FlavorsV2NegativeTest:setUpClass): 201 POST http://10.180.1.21/identity/v3/auth/tokens 0.088s
2024-10-03 08:16:51.216 63731 INFO tempest.lib.common.rest_client [req-e8fd1437-9e25-457a-8db2-fcef1988c75c req-e8fd1437-9e25-457a-8db2-fcef1988c75c ] Request (ServersTestJSON:tearDownClass): 204 DELETE http://10.180.1.21:9696/networking/v2.0/subnets/da0b184c-4cb1-428d-9f9e-190bd846bee6 0.291s
2024-10-03 08:16:51.233 63779 INFO tempest.lib.common.rest_client [req-b119dc9e-6b8b-425e-b49b-59206aafeaee req-b119dc9e-6b8b-425e-b49b-59206aafeaee ] Request (ImagesTestJSON:test_create_image_from_stopped_server): 200 GET http://10.180.1.21/compute/v2.1/servers/6e963227-64f7-414d-88ec-cee5d5770bba 1.991s
2024-10-03 08:16:51.235 63781 INFO tempest.lib.common.rest_client [req-10b7a4ba-c489-46c5-8af7-813c32d1d10d req-10b7a4ba-c489-46c5-8af7-813c32d1d10d ] Request (ServersTestManualDisk:setUpClass): 201 POST http://10.180.1.21/identity/v3/auth/tokens 0.102s
2024-10-03 08:16:51.235 63781 INFO tempest.lib.common.fixed_network [-] (ServersTestManualDisk:setUpClass) Found network {'id': '9302c213-6c18-44bf-a1bb-0e5089a7085c', 'name': 'tempest-ServersTestManualDisk-699386431-network', 'tenant_id': 'e91751496e084b83a489969825df9711', 'admin_state_up': True, 'mtu': 8950, 'status': 'ACTIVE', 'subnets': [], 'shared': False, 'project_id': 'e91751496e084b83a489969825df9711', 'port_security_enabled': True, 'router:external': False, 'provider:network_type': 'vlan', 'provider:physical_network': 'default', 'provider:segmentation_id': 929, 'is_default': False, 'availability_zone_hints': [], 'availability_zones': [], 'ipv4_address_scope': None, 'ipv6_address_scope': None, 'description': '', 'tags': [], 'created_at': '2024-10-03T08:16:44Z', 'updated_at': '2024-10-03T08:16:44Z', 'revision_number': 1} available for tenant
2024-10-03 08:16:51.375 63771 INFO tempest.lib.common.rest_client [req-0a991229-281c-49f7-b008-ee44a041c464 req-0a991229-281c-49f7-b008-ee44a041c464 ] Request (ServersTestBootFromVolume:setUpClass): 200 GET http://10.180.1.21/volume/v3/9c883e8ba760434483611afaa16c0132/volumes/54e7daec-bc20-49c7-a68d-4347bcbb73af 0.037s
2024-10-03 08:16:51.427 63777 INFO tempest.lib.common.rest_client [req-86cdc1e5-3c78-492f-9390-e83d0a29bc2b req-86cdc1e5-3c78-492f-9390-e83d0a29bc2b ] Request (QuotasAdminTestV236:test_get_updated_quotas): 200 PUT http://10.180.1.21/compute/v2.1/os-quota-sets/9f9ad45f9da14e74bdcc455e575c17ce 2.086s
2024-10-03 08:16:51.443 63755 INFO tempest.lib.common.rest_client [req-595f5ed2-2b20-473c-a2b9-c46007c60860 req-595f5ed2-2b20-473c-a2b9-c46007c60860 ] Request (AZV2TestJSON:tearDownClass): 200 GET http://10.180.1.21:9696/networking/v2.0/security-groups?tenant_id=659a1418c9ce4578891fc68634a786cb&name=default 0.332s
2024-10-03 08:16:51.513 63753 INFO tempest.lib.common.rest_client [req-19520797-56dd-47d8-8484-f7125df52889 req-19520797-56dd-47d8-8484-f7125df52889 ] Request (ServersV294TestFqdnHostnames:setUpClass): 200 GET http://10.180.1.21/compute/v2.1/servers/d941a593-7047-436a-b95d-bcb4850829f5 1.990s
2024-10-03 08:16:51.592 63751 INFO tempest.lib.common.rest_client [req-9ce7e2c6-8d36-4755-a2ee-3e4c897bfbea req-9ce7e2c6-8d36-4755-a2ee-3e4c897bfbea ] Request (ServerDiagnosticsTest:test_get_server_diagnostics): 200 GET http://10.180.1.21/compute/v2.1/servers/fe881dbe-6d44-4e31-a537-4aa9dfe44ff4 1.983s
2024-10-03 08:16:51.597 63731 INFO tempest.lib.common.rest_client [req-2eae63a7-7d07-4135-9d9a-5b72258888a0 req-2eae63a7-7d07-4135-9d9a-5b72258888a0 ] Request (ServersTestJSON:tearDownClass): 204 DELETE http://10.180.1.21:9696/networking/v2.0/networks/c50d52b8-1687-4d9c-801f-dd6f12d117bd 0.380s
2024-10-03 08:16:51.671 63775 INFO tempest.lib.common.rest_client [req-ed0ed470-859c-4bfe-828e-b53f7430e540 req-ed0ed470-859c-4bfe-828e-b53f7430e540 ] Request (ImagesOneServerNegativeTestJSON:setUpClass): 200 GET http://10.180.1.21/compute/v2.1/servers/35e9c404-bad4-4f8d-8c79-fb7250abb363 1.949s
2024-10-03 08:16:51.673 63765 INFO tempest.lib.common.rest_client [req-cb64fa52-404d-4513-ae8f-f32e2c92df58 req-cb64fa52-404d-4513-ae8f-f32e2c92df58 ] Request (SecurityGroupsTestAdminJSON:test_list_security_groups_list_all_tenants_filter): 200 GET http://10.180.1.21/compute/v2.1/os-security-groups?all_tenants=true 5.565s
2024-10-03 08:16:51.705 63755 INFO tempest.lib.common.rest_client [req-30dc2329-bf2b-4c3c-904a-07dc8f5b22f9 req-30dc2329-bf2b-4c3c-904a-07dc8f5b22f9 ] Request (AZV2TestJSON:tearDownClass): 204 DELETE http://10.180.1.21:9696/networking/v2.0/security-groups/0c2579c8-598e-4dbe-819d-9398ae7c997a 0.261s
2024-10-03 08:16:51.711 63731 INFO tempest.lib.common.rest_client [req-0c3fce3d-64ca-4669-8e4e-e1e36a622a50 req-0c3fce3d-64ca-4669-8e4e-e1e36a622a50 ] Request (ServersTestJSON:tearDownClass): 204 DELETE http://10.180.1.21/identity/v3/users/14bfc9c406c646a99b47e333a4f0eb2b 0.114s
2024-10-03 08:16:51.711 63731 INFO tempest.lib.common.dynamic_creds [-] Deleting project and security group for project: 5a89eba35b18445094e11b0e23a1244f
2024-10-03 08:16:51.753 63749 INFO tempest.lib.common.rest_client [req-0410bd45-b8ef-4529-9d2a-48b0ca513e50 req-0410bd45-b8ef-4529-9d2a-48b0ca513e50 ] Request (ImagesNegativeTestJSON:test_create_image_from_deleted_server): 200 GET http://10.180.1.21/compute/v2.1/servers/3c513284-4860-46b2-8ba1-e185efe0db86 1.972s
2024-10-03 08:16:51.774 63731 INFO tempest.lib.common.rest_client [req-5431624f-5547-40f9-8294-81177f56296c req-5431624f-5547-40f9-8294-81177f56296c ] Request (ServersTestJSON:tearDownClass): 200 GET http://10.180.1.21:9696/networking/v2.0/security-groups?tenant_id=5a89eba35b18445094e11b0e23a1244f&name=default 0.062s
2024-10-03 08:16:51.830 63767 INFO tempest.lib.common.rest_client [req-30a36c8e-21a9-41bb-a520-be2461e8ec04 req-30a36c8e-21a9-41bb-a520-be2461e8ec04 ] Request (ImagesOneServerTestJSON:setUpClass): 200 GET http://10.180.1.21/compute/v2.1/servers/5287b3ed-12ec-47fb-93a2-94038cb2e7b1 1.873s
2024-10-03 08:16:51.837 63739 INFO tempest.lib.common.rest_client [req-fecc09ab-47b9-4b33-a6fb-e4f96e86ee37 req-fecc09ab-47b9-4b33-a6fb-e4f96e86ee37 ] Request (SecurityGroupRulesNegativeTestJSON:test_create_security_group_rule_with_invalid_id): 400 POST http://10.180.1.21/compute/v2.1/os-security-group-rules 1.552s
2024-10-03 08:16:51.844 63755 INFO tempest.lib.common.rest_client [req-ded6ddd1-faa9-4a1f-9dff-c73c9d91b96b req-ded6ddd1-faa9-4a1f-9dff-c73c9d91b96b ] Request (AZV2TestJSON:tearDownClass): 204 DELETE http://10.180.1.21/identity/v3/projects/659a1418c9ce4578891fc68634a786cb 0.138s
2024-10-03 08:16:51.910 63755 INFO tempest.lib.common.rest_client [req-f64f3d3f-a40a-493f-b98d-697a63272c30 req-f64f3d3f-a40a-493f-b98d-697a63272c30 ] Request (ServersNegativeTestMultiTenantJSON:setUpClass): 201 POST http://10.180.1.21/identity/v3/auth/tokens 0.065s
