2024-10-15 18:09:10.093 62058 INFO tempest.lib.common.rest_client [req-34652a02-31ba-437f-ae07-1f49e0b65ddf req-34652a02-31ba-437f-ae07-1f49e0b65ddf ] Request (ServerRescueTestJSON:setUpClass): 200 GET http://10.180.1.21/compute/v2.1/servers/c61df5d3-7f43-48d4-a2c0-a8972372c0ba 0.245s
2024-10-15 18:09:10.114 62080 INFO tempest.lib.common.rest_client [req-5df67ba9-6365-48b3-9d1f-11bbe72c9370 req-5df67ba9-6365-48b3-9d1f-11bbe72c9370 ] Request (ServersTestManualDisk:tearDownClass): 204 DELETE http://10.180.1.21:9696/networking/v2.0/floatingips/90272df4-21f3-4d50-9ee0-51884378b3c9 0.222s
2024-10-15 18:09:10.151 62086 INFO tempest.lib.common.rest_client [req-94639691-6bf0-4fb5-afc3-24f48056efd4 req-94639691-6bf0-4fb5-afc3-24f48056efd4 ] Request (VolumesAdminNegativeTest:test_update_attached_volume_with_nonexistent_volume_in_body): 200 GET http://10.180.1.21/compute/v2.1/servers/b7d55e87-95db-4c45-9417-bbece4fbb98d 0.186s
2024-10-15 18:09:10.217 62074 INFO tempest.lib.common.rest_client [req-21916fc5-f9c2-4612-babb-a5be6004827e req-21916fc5-f9c2-4612-babb-a5be6004827e ] Request (ServersTestBootFromVolume:setUpClass): 200 GET http://10.180.1.21/compute/v2.1/servers/56d26d08-3c6d-45e8-b238-6dbca6024561 0.216s
2024-10-15 18:09:10.277 62088 INFO tempest.lib.common.rest_client [req-b10f5e2c-bfcd-48ff-933b-841923605868 req-b10f5e2c-bfcd-48ff-933b-841923605868 ] Request (InstanceActionsTestJSON:setUpClass): 200 GET http://10.180.1.21/compute/v2.1/servers/2681766c-0468-4170-8c51-03389e2bd1ab 0.263s
2024-10-15 18:09:10.293 62048 INFO tempest.lib.common.rest_client [req-fe158576-4234-4a6b-b48d-5ca8bb977c40 req-fe158576-4234-4a6b-b48d-5ca8bb977c40 ] Request (ServerShowV254Test:test_rebuild_server): 202 POST http://10.180.1.21/compute/v2.1/servers/8016bafc-b287-4df1-bd4b-a00210177a86/action 0.397s
2024-10-15 18:09:10.325 62054 INFO tempest.lib.common.rest_client [req-a4e7a0eb-7f0a-4495-8526-49e3e28e6463 req-a4e7a0eb-7f0a-4495-8526-49e3e28e6463 ] Request (ListServersNegativeTestJSON:setUpClass): 200 GET http://10.180.1.21/compute/v2.1/servers/198dc1a4-050d-47b2-8bc4-30af5534a789 0.233s
2024-10-15 18:09:10.339 62062 INFO tempest.lib.common.rest_client [req-436ff848-5bcc-4543-8d30-306ceb59f4e3 req-436ff848-5bcc-4543-8d30-306ceb59f4e3 ] Request (ServerExternalEventsTest:test_create_server_external_events): 200 GET http://10.180.1.21/compute/v2.1/servers/d5434dd2-206f-4a1e-b97b-bd6f691b6ddf 0.151s
2024-10-15 18:09:10.374 62078 INFO tempest.lib.common.rest_client [req-a487bc32-04e3-4fd3-a316-232ba62aedf6 req-a487bc32-04e3-4fd3-a316-232ba62aedf6 ] Request (ImagesOneServerTestJSON:setUpClass): 200 GET http://10.180.1.21/compute/v2.1/servers/294f0a37-7589-405d-a324-13099c80f458 0.167s
2024-10-15 18:09:10.382 62084 INFO tempest.lib.common.rest_client [req-0ac7e04f-820a-4f4c-b149-eb9f3ee0b449 req-0ac7e04f-820a-4f4c-b149-eb9f3ee0b449 ] Request (ServersTestJSON:setUpClass): 200 GET http://10.180.1.21/compute/v2.1/servers/eca2e3da-b38c-482e-b9b6-4ad75d83caa1 0.131s
2024-10-15 18:09:10.422 62068 INFO tempest.lib.common.rest_client [req-a9ac3a8b-e13c-452f-986b-5e94e200a64f req-a9ac3a8b-e13c-452f-986b-5e94e200a64f ] Request (ServersAdmin275Test:test_rebuild_update_server_275): 200 GET http://10.180.1.21/compute/v2.1/servers/9db80c3c-e2c3-4034-a79a-d7be924c4ff6 0.169s
2024-10-15 18:09:10.423 62061 INFO tempest.lib.common.rest_client [req-479ae950-8b14-4f31-a049-89807bad3a45 req-479ae950-8b14-4f31-a049-89807bad3a45 ] Request (ImagesTestJSON:test_create_server_from_snapshot): 200 GET http://10.180.1.21/compute/v2.1/servers/e0ef0a35-82a5-495b-9d5c-5805e8306390 0.131s
2024-10-15 18:09:10.434 62068 INFO tempest.common.waiters [-] State transition "BUILD/None" ==> "BUILD/networking" after 87 second wait
2024-10-15 18:09:10.468 62048 INFO tempest.lib.common.rest_client [req-b8e4768a-9532-448f-bfc4-50d81d8b72a6 req-b8e4768a-9532-448f-bfc4-50d81d8b72a6 ] Request (ServerShowV254Test:test_rebuild_server): 200 GET http://10.180.1.21/compute/v2.1/servers/8016bafc-b287-4df1-bd4b-a00210177a86 0.169s
2024-10-15 18:09:10.482 62042 INFO tempest.lib.common.rest_client [req-f9931924-3bb8-4dba-87c8-2b68700efa04 req-f9931924-3bb8-4dba-87c8-2b68700efa04 ] Request (ServersV294TestFqdnHostnames:setUpClass): 200 GET http://10.180.1.21/compute/v2.1/servers/c25ddf7c-d0cc-4b73-96da-1dcd6012f072 0.187s
2024-10-15 18:09:10.517 62050 INFO tempest.lib.common.rest_client [req-70733911-f60a-4ed7-bd01-a4d342f9d1f2 req-70733911-f60a-4ed7-bd01-a4d342f9d1f2 ] Request (ServerPasswordTestJSON:setUpClass): 200 GET http://10.180.1.21/compute/v2.1/servers/0d757385-ff1c-49c9-825f-f9d542ae074f 0.182s
2024-10-15 18:09:10.535 62094 INFO tempest.lib.common.rest_client [req-b44e8aef-e5f2-4aa3-a1c6-36786f52a812 req-b44e8aef-e5f2-4aa3-a1c6-36786f52a812 ] Request (ServerRescueNegativeTestJSON:setUpClass): 200 GET http://10.180.1.21/compute/v2.1/servers/7ea919b6-12f7-4f4e-a123-413044bbbffc 0.187s
2024-10-15 18:09:10.563 62073 INFO tempest.lib.common.rest_client [req-24ec35ab-b409-43f2-8639-6d9e55dde16c req-24ec35ab-b409-43f2-8639-6d9e55dde16c ] Request (ImagesOneServerNegativeTestJSON:setUpClass): 200 GET http://10.180.1.21/compute/v2.1/servers/8d0cdc81-56ed-4a7a-8221-30bb906e16b2 0.142s
2024-10-15 18:09:10.569 62073 INFO tempest.common.waiters [-] State transition "BUILD/scheduling" ==> "BUILD/None" after 84 second wait
2024-10-15 18:09:10.593 62046 INFO tempest.lib.common.rest_client [req-8f280fe5-ac6f-4c32-8793-8b7c051607e4 req-8f280fe5-ac6f-4c32-8793-8b7c051607e4 ] Request (TenantUsagesTestJSON:setUpClass): 200 GET http://10.180.1.21/compute/v2.1/servers/949c1050-5003-4519-b24c-8904de21a676 0.055s
2024-10-15 18:09:10.638 62044 INFO tempest.lib.common.rest_client [req-27a33759-94da-46ba-97e4-305b88fcb7b1 req-27a33759-94da-46ba-97e4-305b88fcb7b1 ] Request (MigrationsAdminTest:test_resize_server_revert_deleted_flavor): 200 GET http://10.180.1.21/compute/v2.1/servers/e66c921c-320e-4347-96c9-27aa80ba7f41 0.056s
2024-10-15 18:09:10.677 62098 INFO tempest.lib.common.rest_client [req-1816d2ac-7673-41cd-969c-29509f89f354 req-1816d2ac-7673-41cd-969c-29509f89f354 ] Request (ServersTestFqdnHostnames:test_create_server_with_fqdn_name): 200 GET http://10.180.1.21/compute/v2.1/servers/46c34ed0-9bac-4803-8d5c-3a3346a64117 0.052s
2024-10-15 18:09:10.712 62052 INFO tempest.lib.common.rest_client [req-30cbb7f8-0c33-4953-8315-7ab653401774 req-30cbb7f8-0c33-4953-8315-7ab653401774 ] Request (MultipleCreateTestJSON:test_multiple_create): 200 GET http://10.180.1.21/compute/v2.1/servers/5b22c2fc-525c-481b-b84e-e0a7f68f633e 0.046s
2024-10-15 18:09:10.765 62064 INFO tempest.lib.common.rest_client [req-638ef962-da65-47de-b8f9-5441d3c2c2c1 req-638ef962-da65-47de-b8f9-5441d3c2c2c1 ] Request (FloatingIPsAssociationTestJSON:setUpClass): 200 GET http://10.180.1.21/compute/v2.1/servers/88cb0961-ad34-4ffc-8fb2-6034f08ee740 0.058s
2024-10-15 18:09:10.774 62096 INFO tempest.lib.common.rest_client [req-7c1e9723-bec2-46f1-a967-6a893c2461ec req-7c1e9723-bec2-46f1-a967-6a893c2461ec ] Request (SecurityGroupsTestJSON:test_list_security_groups_by_server): 200 GET http://10.180.1.21/compute/v2.1/servers/294adb58-f23e-4510-a25a-de6b909e3189 0.054s
2024-10-15 18:09:10.818 62066 INFO tempest.lib.common.rest_client [req-833bbcce-1d76-4d37-b5ce-af52110c2eee req-833bbcce-1d76-4d37-b5ce-af52110c2eee ] Request (ServerActionsTestOtherA:setUpClass): 200 GET http://10.180.1.21/compute/v2.1/servers/15476ac0-289a-4e04-aa9d-4244c658e962 0.055s
2024-10-15 18:09:10.828 62082 INFO tempest.lib.common.rest_client [req-9d85e805-0801-41d3-8f7b-70a725086bfc req-9d85e805-0801-41d3-8f7b-70a725086bfc ] Request (ServersTestMultiNic:test_verify_multiple_nics_order): 200 GET http://10.180.1.21/compute/v2.1/servers/24c83131-1451-429f-84fe-dcd070898d65 0.079s
2024-10-15 18:09:10.861 62100 INFO tempest.lib.common.rest_client [req-9ceeb655-10a0-4242-b615-8e6de07c2630 req-9ceeb655-10a0-4242-b615-8e6de07c2630 ] Request (FloatingIPsAssociationNegativeTestJSON:setUpClass): 200 GET http://10.180.1.21/compute/v2.1/servers/37c07b8d-e2a0-4aa6-b7ba-194feed837e5 0.063s
2024-10-15 18:09:10.892 62080 INFO tempest.lib.common.rest_client [req-046befb1-1afe-4e1f-8409-15f2d2c569da req-046befb1-1afe-4e1f-8409-15f2d2c569da ] Request (ServersTestManualDisk:tearDownClass): 200 PUT http://10.180.1.21:9696/networking/v2.0/routers/57f638bc-487f-4de6-9f84-b439e5d96edf/remove_router_interface 0.778s
2024-10-15 18:09:10.928 62056 INFO tempest.lib.common.rest_client [req-8599768d-8337-4af8-aaac-6408cbc375d1 req-8599768d-8337-4af8-aaac-6408cbc375d1 ] Request (AttachInterfacesTestJSON:test_create_list_show_delete_interfaces_by_fixed_ip): 200 GET http://10.180.1.21/compute/v2.1/servers/b8249dc5-5561-454a-aa01-477f9f1fc0e1 0.063s
2024-10-15 18:09:10.934 62056 INFO tempest.common.waiters [-] State transition "BUILD/spawning" ==> "ERROR/None" after 95 second wait
2024-10-15 18:09:11.097 62056 INFO tempest.lib.common.rest_client [req-0f62727a-5f10-416c-80e0-924f74792352 req-0f62727a-5f10-416c-80e0-924f74792352 ] Request (AttachInterfacesTestJSON:test_create_list_show_delete_interfaces_by_fixed_ip): 204 DELETE http://10.180.1.21/compute/v2.1/servers/b8249dc5-5561-454a-aa01-477f9f1fc0e1 0.162s
2024-10-15 18:09:11.129 62056 INFO tempest.lib.common.rest_client [req-469f7557-189d-4bf6-a31b-66e230759ddc req-469f7557-189d-4bf6-a31b-66e230759ddc ] Request (AttachInterfacesTestJSON:test_create_list_show_delete_interfaces_by_fixed_ip): 404 GET http://10.180.1.21/compute/v2.1/servers/b8249dc5-5561-454a-aa01-477f9f1fc0e1 0.032s
2024-10-15 18:09:11.158 62056 INFO tempest.lib.common.rest_client [req-7c8f5ecb-2a60-4e85-b084-3d800ec8a42c req-7c8f5ecb-2a60-4e85-b084-3d800ec8a42c ] Request (AttachInterfacesTestJSON:_run_cleanups): 202 DELETE http://10.180.1.21/compute/v2.1/os-keypairs/tempest-keypair-84242240 0.027s
2024-10-15 18:09:11.169 62058 INFO tempest.lib.common.rest_client [req-19d92f75-9b90-4112-922a-500fdd128aca req-19d92f75-9b90-4112-922a-500fdd128aca ] Request (ServerRescueTestJSON:setUpClass): 200 GET http://10.180.1.21/compute/v2.1/servers/c61df5d3-7f43-48d4-a2c0-a8972372c0ba 0.062s
2024-10-15 18:09:11.220 62086 INFO tempest.lib.common.rest_client [req-2b76024f-9ccf-4a5e-bb59-7cdff3dcca51 req-2b76024f-9ccf-4a5e-bb59-7cdff3dcca51 ] Request (VolumesAdminNegativeTest:test_update_attached_volume_with_nonexistent_volume_in_body): 200 GET http://10.180.1.21/compute/v2.1/servers/b7d55e87-95db-4c45-9417-bbece4fbb98d 0.060s
2024-10-15 18:09:11.226 62086 INFO tempest.common.waiters [-] State transition "BUILD/scheduling" ==> "BUILD/None" after 84 second wait
2024-10-15 18:09:11.244 62080 INFO tempest.lib.common.rest_client [req-3ccf59c7-f5c2-4af0-a5d3-fafef59cd0c2 req-3ccf59c7-f5c2-4af0-a5d3-fafef59cd0c2 ] Request (ServersTestManualDisk:tearDownClass): 204 DELETE http://10.180.1.21:9696/networking/v2.0/routers/57f638bc-487f-4de6-9f84-b439e5d96edf 0.351s
2024-10-15 18:09:11.273 62056 INFO tempest.lib.common.rest_client [req-14185854-4e07-475d-ad86-401d443c09d0 req-14185854-4e07-475d-ad86-401d443c09d0 ] Request (AttachInterfacesTestJSON:_run_cleanups): 204 DELETE http://10.180.1.21:9696/networking/v2.0/security-groups/30e8338a-5819-4c6e-88b9-51d3a7e22b71 0.114s
2024-10-15 18:09:11.283 62056 INFO tempest.lib.common.rest_client [req-b110002e-b0e8-4406-a37c-61ebf494dd0a req-b110002e-b0e8-4406-a37c-61ebf494dd0a ] Request (AttachInterfacesTestJSON:_run_cleanups): 404 GET http://10.180.1.21:9696/networking/v2.0/security-groups/30e8338a-5819-4c6e-88b9-51d3a7e22b71 0.010s
2024-10-15 18:09:11.296 62074 INFO tempest.lib.common.rest_client [req-5a7689b9-6b02-4b5b-a07d-28353b958ef5 req-5a7689b9-6b02-4b5b-a07d-28353b958ef5 ] Request (ServersTestBootFromVolume:setUpClass): 200 GET http://10.180.1.21/compute/v2.1/servers/56d26d08-3c6d-45e8-b238-6dbca6024561 0.071s
2024-10-15 18:09:11.345 62088 INFO tempest.lib.common.rest_client [req-ec3c329f-5036-4dd6-b39b-d5b5674ef040 req-ec3c329f-5036-4dd6-b39b-d5b5674ef040 ] Request (InstanceActionsTestJSON:setUpClass): 200 GET http://10.180.1.21/compute/v2.1/servers/2681766c-0468-4170-8c51-03389e2bd1ab 0.057s
2024-10-15 18:09:11.393 62054 INFO tempest.lib.common.rest_client [req-9dcbec8e-4e00-4a43-9e2e-f9a1e09284af req-9dcbec8e-4e00-4a43-9e2e-f9a1e09284af ] Request (ListServersNegativeTestJSON:setUpClass): 200 GET http://10.180.1.21/compute/v2.1/servers/198dc1a4-050d-47b2-8bc4-30af5534a789 0.061s
2024-10-15 18:09:11.411 62062 INFO tempest.lib.common.rest_client [req-2bf52b68-7f4a-4275-892a-2c4d9428f8a1 req-2bf52b68-7f4a-4275-892a-2c4d9428f8a1 ] Request (ServerExternalEventsTest:test_create_server_external_events): 200 GET http://10.180.1.21/compute/v2.1/servers/d5434dd2-206f-4a1e-b97b-bd6f691b6ddf 0.064s
2024-10-15 18:09:11.421 62080 INFO tempest.lib.common.rest_client [req-f6f84267-616f-492e-9e4c-f0d9264dfb7a req-f6f84267-616f-492e-9e4c-f0d9264dfb7a ] Request (ServersTestManualDisk:tearDownClass): 204 DELETE http://10.180.1.21:9696/networking/v2.0/subnets/c533f56c-4690-45f8-a700-46d79da80ced 0.177s
2024-10-15 18:09:11.451 62078 INFO tempest.lib.common.rest_client [req-3b778e1b-25c4-4969-baf9-e834618ce5cd req-3b778e1b-25c4-4969-baf9-e834618ce5cd ] Request (ImagesOneServerTestJSON:setUpClass): 200 GET http://10.180.1.21/compute/v2.1/servers/294f0a37-7589-405d-a324-13099c80f458 0.069s
2024-10-15 18:09:11.465 62084 INFO tempest.lib.common.rest_client [req-93e71eb8-0fd3-409e-918d-aabd1f9924f2 req-93e71eb8-0fd3-409e-918d-aabd1f9924f2 ] Request (ServersTestJSON:setUpClass): 200 GET http://10.180.1.21/compute/v2.1/servers/eca2e3da-b38c-482e-b9b6-4ad75d83caa1 0.076s
2024-10-15 18:09:11.505 62061 INFO tempest.lib.common.rest_client [req-cd96e508-e749-40c8-ab77-4e35083700ca req-cd96e508-e749-40c8-ab77-4e35083700ca ] Request (ImagesTestJSON:test_create_server_from_snapshot): 200 GET http://10.180.1.21/compute/v2.1/servers/e0ef0a35-82a5-495b-9d5c-5805e8306390 0.074s
2024-10-15 18:09:11.529 62068 INFO tempest.lib.common.rest_client [req-688166d5-2960-45f6-ae66-27c6c3a80754 req-688166d5-2960-45f6-ae66-27c6c3a80754 ] Request (ServersAdmin275Test:test_rebuild_update_server_275): 200 GET http://10.180.1.21/compute/v2.1/servers/9db80c3c-e2c3-4034-a79a-d7be924c4ff6 0.094s
2024-10-15 18:09:11.537 62068 INFO tempest.common.waiters [-] State transition "BUILD/networking" ==> "BUILD/block_device_mapping" after 88 second wait
2024-10-15 18:09:11.541 62056 INFO tempest.lib.common.rest_client [req-a10f83ea-e5e1-4353-ae22-018968ecd38e req-a10f83ea-e5e1-4353-ae22-018968ecd38e ] Request (AttachInterfacesTestJSON:_run_cleanups): 204 DELETE http://10.180.1.21:9696/networking/v2.0/floatingips/f1dc58ce-f0b6-43b5-979a-b1994f1d364a 0.257s
2024-10-15 18:09:11.571 62048 INFO tempest.lib.common.rest_client [req-522d5b23-ef96-4e0f-aa06-36e844a81dfb req-522d5b23-ef96-4e0f-aa06-36e844a81dfb ] Request (ServerShowV254Test:test_rebuild_server): 200 GET http://10.180.1.21/compute/v2.1/servers/8016bafc-b287-4df1-bd4b-a00210177a86 0.095s
2024-10-15 18:09:11.594 62042 INFO tempest.lib.common.rest_client [req-a20169e6-0789-4fb2-9302-504d4e4f912e req-a20169e6-0789-4fb2-9302-504d4e4f912e ] Request (ServersV294TestFqdnHostnames:setUpClass): 200 GET http://10.180.1.21/compute/v2.1/servers/c25ddf7c-d0cc-4b73-96da-1dcd6012f072 0.099s
2024-10-15 18:09:11.628 62056 INFO tempest.lib.common.rest_client [req-b5cad3f5-63d7-4aa0-aca5-02b1a012cbc0 req-b5cad3f5-63d7-4aa0-aca5-02b1a012cbc0 ] Request (ValidationResourcesFixture:setUp): 200 POST http://10.180.1.21/compute/v2.1/os-keypairs 0.084s
2024-10-15 18:09:11.632 62050 INFO tempest.lib.common.rest_client [req-6dc399d9-db45-4d7a-8e3c-dcdb150c57e8 req-6dc399d9-db45-4d7a-8e3c-dcdb150c57e8 ] Request (ServerPasswordTestJSON:setUpClass): 200 GET http://10.180.1.21/compute/v2.1/servers/0d757385-ff1c-49c9-825f-f9d542ae074f 0.106s
2024-10-15 18:09:11.683 62094 INFO tempest.lib.common.rest_client [req-565b1a52-6a31-4d97-b9ca-e9ed0fada9cb req-565b1a52-6a31-4d97-b9ca-e9ed0fada9cb ] Request (ServerRescueNegativeTestJSON:setUpClass): 200 GET http://10.180.1.21/compute/v2.1/servers/7ea919b6-12f7-4f4e-a123-413044bbbffc 0.137s
2024-10-15 18:09:11.693 62073 INFO tempest.lib.common.rest_client [req-114b1256-da03-4f72-b4b1-69a99a2e9829 req-114b1256-da03-4f72-b4b1-69a99a2e9829 ] Request (ImagesOneServerNegativeTestJSON:setUpClass): 200 GET http://10.180.1.21/compute/v2.1/servers/8d0cdc81-56ed-4a7a-8221-30bb906e16b2 0.122s
2024-10-15 18:09:11.737 62080 INFO tempest.lib.common.rest_client [req-6e3a84d7-96d8-4300-810e-a34d4d4b1dfb req-6e3a84d7-96d8-4300-810e-a34d4d4b1dfb ] Request (ServersTestManualDisk:tearDownClass): 204 DELETE http://10.180.1.21:9696/networking/v2.0/networks/3e955ffb-50bf-4742-a144-da6d4a80dad4 0.315s
2024-10-15 18:09:11.744 62046 INFO tempest.lib.common.rest_client [req-01e58908-8d88-418c-9894-285f153fbfc5 req-01e58908-8d88-418c-9894-285f153fbfc5 ] Request (TenantUsagesTestJSON:setUpClass): 200 GET http://10.180.1.21/compute/v2.1/servers/949c1050-5003-4519-b24c-8904de21a676 0.145s
2024-10-15 18:09:11.749 62044 INFO tempest.lib.common.rest_client [req-9916a55d-4a3e-4eba-ae81-4dd28ba7c3d2 req-9916a55d-4a3e-4eba-ae81-4dd28ba7c3d2 ] Request (MigrationsAdminTest:test_resize_server_revert_deleted_flavor): 200 GET http://10.180.1.21/compute/v2.1/servers/e66c921c-320e-4347-96c9-27aa80ba7f41 0.100s
2024-10-15 18:09:11.760 62056 INFO tempest.lib.common.rest_client [req-953ac1b6-0db6-4baa-9b28-15156dd68ce9 req-953ac1b6-0db6-4baa-9b28-15156dd68ce9 ] Request (ValidationResourcesFixture:setUp): 201 POST http://10.180.1.21:9696/networking/v2.0/security-groups 0.130s
2024-10-15 18:09:11.808 62052 INFO tempest.lib.common.rest_client [req-462fe55e-e8fe-4e11-a553-b3437f7d3984 req-462fe55e-e8fe-4e11-a553-b3437f7d3984 ] Request (MultipleCreateTestJSON:test_multiple_create): 200 GET http://10.180.1.21/compute/v2.1/servers/5b22c2fc-525c-481b-b84e-e0a7f68f633e 0.087s
2024-10-15 18:09:11.831 62098 INFO tempest.lib.common.rest_client [req-f0b7cb06-f4ef-4a4c-a1d5-8daddf9ff3e0 req-f0b7cb06-f4ef-4a4c-a1d5-8daddf9ff3e0 ] Request (ServersTestFqdnHostnames:test_create_server_with_fqdn_name): 200 GET http://10.180.1.21/compute/v2.1/servers/46c34ed0-9bac-4803-8d5c-3a3346a64117 0.146s
2024-10-15 18:09:11.901 62064 INFO tempest.lib.common.rest_client [req-3d559335-146d-45a6-82e9-7d3cd340b5a3 req-3d559335-146d-45a6-82e9-7d3cd340b5a3 ] Request (FloatingIPsAssociationTestJSON:setUpClass): 200 GET http://10.180.1.21/compute/v2.1/servers/88cb0961-ad34-4ffc-8fb2-6034f08ee740 0.128s
2024-10-15 18:09:11.920 62096 INFO tempest.lib.common.rest_client [req-58064b2f-f95a-4d74-b469-bf660e5f1ac7 req-58064b2f-f95a-4d74-b469-bf660e5f1ac7 ] Request (SecurityGroupsTestJSON:test_list_security_groups_by_server): 200 GET http://10.180.1.21/compute/v2.1/servers/294adb58-f23e-4510-a25a-de6b909e3189 0.139s
2024-10-15 18:09:11.922 62056 INFO tempest.lib.common.rest_client [req-a7a877bb-e225-4b39-ad34-bb054b96c1e3 req-a7a877bb-e225-4b39-ad34-bb054b96c1e3 ] Request (ValidationResourcesFixture:setUp): 201 POST http://10.180.1.21:9696/networking/v2.0/security-group-rules 0.161s
2024-10-15 18:09:11.936 62080 INFO tempest.lib.common.rest_client [req-8d7a69cd-eda5-4096-8996-f4a94279c103 req-8d7a69cd-eda5-4096-8996-f4a94279c103 ] Request (ServersTestManualDisk:tearDownClass): 204 DELETE http://10.180.1.21/identity/v3/users/e9e547b235174e96bef199b9f7687218 0.198s
2024-10-15 18:09:11.936 62080 INFO tempest.lib.common.dynamic_creds [-] Deleting project and security group for project: 87612ab1f8ef4b4e806133c1d407e783
2024-10-15 18:09:11.953 62066 INFO tempest.lib.common.rest_client [req-868bf59d-857c-4ad0-9621-d79ba0c14c8b req-868bf59d-857c-4ad0-9621-d79ba0c14c8b ] Request (ServerActionsTestOtherA:setUpClass): 200 GET http://10.180.1.21/compute/v2.1/servers/15476ac0-289a-4e04-aa9d-4244c658e962 0.128s
2024-10-15 18:09:11.971 62080 INFO tempest.lib.common.rest_client [req-7dc59ff5-a396-4f9d-9511-598169ee0cad req-7dc59ff5-a396-4f9d-9511-598169ee0cad ] Request (ServersTestManualDisk:tearDownClass): 200 GET http://10.180.1.21:9696/networking/v2.0/security-groups?tenant_id=87612ab1f8ef4b4e806133c1d407e783&name=default 0.034s
2024-10-15 18:09:11.980 62082 INFO tempest.lib.common.rest_client [req-f9f6a869-69a9-40c9-aa82-35feb877b1b4 req-f9f6a869-69a9-40c9-aa82-35feb877b1b4 ] Request (ServersTestMultiNic:test_verify_multiple_nics_order): 200 GET http://10.180.1.21/compute/v2.1/servers/24c83131-1451-429f-84fe-dcd070898d65 0.141s
2024-10-15 18:09:12.004 62100 INFO tempest.lib.common.rest_client [req-3713ec4d-b118-42a6-83aa-5272d5a86e75 req-3713ec4d-b118-42a6-83aa-5272d5a86e75 ] Request (FloatingIPsAssociationNegativeTestJSON:setUpClass): 200 GET http://10.180.1.21/compute/v2.1/servers/37c07b8d-e2a0-4aa6-b7ba-194feed837e5 0.122s
2024-10-15 18:09:12.028 62056 INFO tempest.lib.common.rest_client [req-26ae34e6-8f99-4e43-8ba8-99fbb027cee7 req-26ae34e6-8f99-4e43-8ba8-99fbb027cee7 ] Request (ValidationResourcesFixture:setUp): 201 POST http://10.180.1.21:9696/networking/v2.0/security-group-rules 0.105s
2024-10-15 18:09:12.034 62080 INFO tempest.lib.common.rest_client [req-e06c5184-db63-4caa-8480-7b17eccfa316 req-e06c5184-db63-4caa-8480-7b17eccfa316 ] Request (ServersTestManualDisk:tearDownClass): 204 DELETE http://10.180.1.21:9696/networking/v2.0/security-groups/f526be90-bfec-43a1-b664-cfd2b9191ac6 0.063s
2024-10-15 18:09:12.115 62080 INFO tempest.lib.common.rest_client [req-cefe7057-60da-4228-8cc4-3288c60c5e97 req-cefe7057-60da-4228-8cc4-3288c60c5e97 ] Request (ServersTestManualDisk:tearDownClass): 204 DELETE http://10.180.1.21/identity/v3/projects/87612ab1f8ef4b4e806133c1d407e783 0.080s
2024-10-15 18:09:12.179 62080 INFO tempest.lib.common.rest_client [req-79d81b81-7a47-4f09-861d-cb062a7c7d73 req-79d81b81-7a47-4f09-861d-cb062a7c7d73 ] Request (ServerMetadataTestJSON:setUpClass): 201 POST http://10.180.1.21/identity/v3/auth/tokens 0.060s
2024-10-15 18:09:12.210 62080 INFO tempest.lib.common.rest_client [req-96c3d821-c8a9-4d4c-99cc-4f94eab0ab8d req-96c3d821-c8a9-4d4c-99cc-4f94eab0ab8d ] Request (ServerMetadataTestJSON:setUpClass): 201 POST http://10.180.1.21/identity/v3/auth/tokens 0.027s
2024-10-15 18:09:12.236 62080 INFO tempest.lib.common.rest_client [req-5f742d04-ba25-4801-b81a-19717516e1fa req-5f742d04-ba25-4801-b81a-19717516e1fa ] Request (ServerMetadataTestJSON:setUpClass): 200 GET http://10.180.1.21/identity/v3/domains?name=Default 0.025s
2024-10-15 18:09:12.238 62058 INFO tempest.lib.common.rest_client [req-d70c6c33-ae86-43dc-bc7d-a9b251d7d0a5 req-d70c6c33-ae86-43dc-bc7d-a9b251d7d0a5 ] Request (ServerRescueTestJSON:setUpClass): 200 GET http://10.180.1.21/compute/v2.1/servers/c61df5d3-7f43-48d4-a2c0-a8972372c0ba 0.062s
2024-10-15 18:09:12.272 62080 INFO tempest.lib.common.rest_client [req-bf5e3a40-bb8a-4b6b-9341-525ae383cfa6 req-bf5e3a40-bb8a-4b6b-9341-525ae383cfa6 ] Request (ServerMetadataTestJSON:setUpClass): 201 POST http://10.180.1.21/identity/v3/projects 0.035s
2024-10-15 18:09:12.287 62086 INFO tempest.lib.common.rest_client [req-26964f4b-af0d-439f-9485-ed3a4f724fcf req-26964f4b-af0d-439f-9485-ed3a4f724fcf ] Request (VolumesAdminNegativeTest:test_update_attached_volume_with_nonexistent_volume_in_body): 200 GET http://10.180.1.21/compute/v2.1/servers/b7d55e87-95db-4c45-9417-bbece4fbb98d 0.060s
2024-10-15 18:09:12.329 62080 INFO tempest.lib.common.rest_client [req-12ab67e8-1d2b-42cd-be90-a107da815a65 req-12ab67e8-1d2b-42cd-be90-a107da815a65 ] Request (ServerMetadataTestJSON:setUpClass): 201 POST http://10.180.1.21/identity/v3/users 0.057s
2024-10-15 18:09:12.349 62080 INFO tempest.lib.common.rest_client [req-3c9486d2-b9c9-4b29-91fe-520485c6873c req-3c9486d2-b9c9-4b29-91fe-520485c6873c ] Request (ServerMetadataTestJSON:setUpClass): 200 GET http://10.180.1.21/identity/v3/roles 0.020s
2024-10-15 18:09:12.354 62074 INFO tempest.lib.common.rest_client [req-113911a3-a70c-48f0-9c7b-29ac5dcb0ab2 req-113911a3-a70c-48f0-9c7b-29ac5dcb0ab2 ] Request (ServersTestBootFromVolume:setUpClass): 200 GET http://10.180.1.21/compute/v2.1/servers/56d26d08-3c6d-45e8-b238-6dbca6024561 0.050s
2024-10-15 18:09:12.381 62080 INFO tempest.lib.common.rest_client [req-870ee87d-75f5-461c-a7e2-013c4638b5be req-870ee87d-75f5-461c-a7e2-013c4638b5be ] Request (ServerMetadataTestJSON:setUpClass): 204 PUT http://10.180.1.21/identity/v3/projects/0dd7568d384e47b791d785730e401649/users/de6e82a6e7964f50a82a6911361d3f50/roles/51f3fbbc404246d793ed016c4e9fa765 0.031s
2024-10-15 18:09:12.381 62080 INFO tempest.lib.common.dynamic_creds [-] Dynamic test user de6e82a6e7964f50a82a6911361d3f50 is created with scope project and roles: ['member']
2024-10-15 18:09:12.381 62080 INFO tempest.lib.common.dynamic_creds [-] Acquired dynamic creds: credentials: Credentials: {'domain_id': 'default', 'domain_name': 'Default', 'username': 'tempest-ServerMetadataTestJSON-316746592-project-member', 'project_domain_id': 'default', 'project_domain_name': 'Default', 'project_id': '0dd7568d384e47b791d785730e401649', 'project_name': 'tempest-ServerMetadataTestJSON-316746592', 'tenant_id': '0dd7568d384e47b791d785730e401649', 'tenant_name': 'tempest-ServerMetadataTestJSON-316746592', 'user_domain_id': 'default', 'user_domain_name': 'Default', 'user_id': 'de6e82a6e7964f50a82a6911361d3f50', 'system': None}, Network: None, Subnet: None, Router: None
2024-10-15 18:09:12.418 62088 INFO tempest.lib.common.rest_client [req-4c57910d-930a-40eb-96a1-39ffa5e01aad req-4c57910d-930a-40eb-96a1-39ffa5e01aad ] Request (InstanceActionsTestJSON:setUpClass): 200 GET http://10.180.1.21/compute/v2.1/servers/2681766c-0468-4170-8c51-03389e2bd1ab 0.063s
2024-10-15 18:09:12.450 62056 INFO tempest.lib.common.rest_client [req-21d2e080-3874-4602-957d-17c28d1b27fe req-21d2e080-3874-4602-957d-17c28d1b27fe ] Request (ValidationResourcesFixture:setUp): 201 POST http://10.180.1.21:9696/networking/v2.0/floatingips 0.421s
2024-10-15 18:09:12.457 62080 INFO tempest.lib.common.rest_client [req-191c59b4-2b44-40a9-b424-8b9232125bfb req-191c59b4-2b44-40a9-b424-8b9232125bfb ] Request (ServerMetadataTestJSON:setUpClass): 201 POST http://10.180.1.21/identity/v3/auth/tokens 0.075s
2024-10-15 18:09:12.460 62054 INFO tempest.lib.common.rest_client [req-372d87aa-611a-4cf4-8c1d-de93b4c4400c req-372d87aa-611a-4cf4-8c1d-de93b4c4400c ] Request (ListServersNegativeTestJSON:setUpClass): 200 GET http://10.180.1.21/compute/v2.1/servers/198dc1a4-050d-47b2-8bc4-30af5534a789 0.058s
2024-10-15 18:09:12.489 62062 INFO tempest.lib.common.rest_client [req-0dc28f6a-dade-4920-83dd-9b8cef941aeb req-0dc28f6a-dade-4920-83dd-9b8cef941aeb ] Request (ServerExternalEventsTest:test_create_server_external_events): 200 GET http://10.180.1.21/compute/v2.1/servers/d5434dd2-206f-4a1e-b97b-bd6f691b6ddf 0.064s
2024-10-15 18:09:12.506 62056 INFO tempest.lib.common.rest_client [req-15d285e3-554a-40d2-af14-1900ac002591 req-15d285e3-554a-40d2-af14-1900ac002591 ] Request (AttachInterfacesTestJSON:test_create_list_show_delete_interfaces_by_network_port): 201 POST http://10.180.1.21/identity/v3/auth/tokens 0.053s
2024-10-15 18:09:12.507 62056 INFO tempest.lib.common.fixed_network [-] (AttachInterfacesTestJSON:test_create_list_show_delete_interfaces_by_network_port) Found network {'id': 'a7ffda72-e57c-41fa-a7ed-d7b12084bc9d', 'name': 'tempest-AttachInterfacesTestJSON-62794865-network', 'tenant_id': '6e391e1267014fafbb8f5a3211299819', 'admin_state_up': True, 'mtu': 8950, 'status': 'ACTIVE', 'subnets': [], 'shared': False, 'project_id': '6e391e1267014fafbb8f5a3211299819', 'port_security_enabled': True, 'router:external': False, 'provider:network_type': 'vlan', 'provider:physical_network': 'default', 'provider:segmentation_id': 119, 'is_default': False, 'availability_zone_hints': [], 'availability_zones': [], 'ipv4_address_scope': None, 'ipv6_address_scope': None, 'description': '', 'tags': [], 'created_at': '2024-10-15T18:07:23Z', 'updated_at': '2024-10-15T18:07:24Z', 'revision_number': 1} available for tenant
2024-10-15 18:09:12.507 62078 INFO tempest.lib.common.rest_client [req-19372ca4-a7cc-461e-828f-aaeeec19e862 req-19372ca4-a7cc-461e-828f-aaeeec19e862 ] Request (ImagesOneServerTestJSON:setUpClass): 200 GET http://10.180.1.21/compute/v2.1/servers/294f0a37-7589-405d-a324-13099c80f458 0.050s
2024-10-15 18:09:12.539 62084 INFO tempest.lib.common.rest_client [req-f714a949-5244-4859-874a-7b1e07540c2a req-f714a949-5244-4859-874a-7b1e07540c2a ] Request (ServersTestJSON:setUpClass): 200 GET http://10.180.1.21/compute/v2.1/servers/eca2e3da-b38c-482e-b9b6-4ad75d83caa1 0.065s
2024-10-15 18:09:12.546 62084 INFO tempest.common.waiters [-] State transition "BUILD/scheduling" ==> "BUILD/None" after 83 second wait
2024-10-15 18:09:12.595 62061 INFO tempest.lib.common.rest_client [req-dc628604-46de-4118-b0b3-da35ecd9192c req-dc628604-46de-4118-b0b3-da35ecd9192c ] Request (ImagesTestJSON:test_create_server_from_snapshot): 200 GET http://10.180.1.21/compute/v2.1/servers/e0ef0a35-82a5-495b-9d5c-5805e8306390 0.079s
2024-10-15 18:09:12.657 62068 INFO tempest.lib.common.rest_client [req-5743ee13-3d22-4bf5-b781-7c621c405210 req-5743ee13-3d22-4bf5-b781-7c621c405210 ] Request (ServersAdmin275Test:test_rebuild_update_server_275): 200 GET http://10.180.1.21/compute/v2.1/servers/9db80c3c-e2c3-4034-a79a-d7be924c4ff6 0.119s
2024-10-15 18:09:12.665 62068 INFO tempest.common.waiters [-] State transition "BUILD/block_device_mapping" ==> "BUILD/spawning" after 89 second wait
2024-10-15 18:09:12.706 62048 INFO tempest.lib.common.rest_client [req-ef16e190-731a-4d3d-ae26-151b34f90bd0 req-ef16e190-731a-4d3d-ae26-151b34f90bd0 ] Request (ServerShowV254Test:test_rebuild_server): 200 GET http://10.180.1.21/compute/v2.1/servers/8016bafc-b287-4df1-bd4b-a00210177a86 0.124s
2024-10-15 18:09:12.715 62048 INFO tempest.common.waiters [-] State transition "REBUILD/rebuilding" ==> "REBUILD/rebuild_block_device_mapping" after 2 second wait
2024-10-15 18:09:12.725 62080 INFO tempest.lib.common.rest_client [req-833fcd04-2c0d-47fc-858c-5eec35246877 req-833fcd04-2c0d-47fc-858c-5eec35246877 ] Request (ServerMetadataTestJSON:setUpClass): 201 POST http://10.180.1.21:9696/networking/v2.0/networks 0.267s
2024-10-15 18:09:12.756 62042 INFO tempest.lib.common.rest_client [req-517c8135-90c0-42c2-bf82-9d515520e584 req-517c8135-90c0-42c2-bf82-9d515520e584 ] Request (ServersV294TestFqdnHostnames:setUpClass): 200 GET http://10.180.1.21/compute/v2.1/servers/c25ddf7c-d0cc-4b73-96da-1dcd6012f072 0.149s
2024-10-15 18:09:12.802 62050 INFO tempest.lib.common.rest_client [req-44cfde22-2044-484c-86ed-95e44941d7a6 req-44cfde22-2044-484c-86ed-95e44941d7a6 ] Request (ServerPasswordTestJSON:setUpClass): 200 GET http://10.180.1.21/compute/v2.1/servers/0d757385-ff1c-49c9-825f-f9d542ae074f 0.162s
2024-10-15 18:09:12.831 62056 INFO tempest.lib.common.rest_client [req-0b87073d-3de3-486a-876d-8ca5794993c1 req-0b87073d-3de3-486a-876d-8ca5794993c1 ] Request (AttachInterfacesTestJSON:test_create_list_show_delete_interfaces_by_network_port): 202 POST http://10.180.1.21/compute/v2.1/servers 0.323s
2024-10-15 18:09:12.856 62073 INFO tempest.lib.common.rest_client [req-8c3bf03a-b5e1-4e48-ae86-821c67bc58f5 req-8c3bf03a-b5e1-4e48-ae86-821c67bc58f5 ] Request (ImagesOneServerNegativeTestJSON:setUpClass): 200 GET http://10.180.1.21/compute/v2.1/servers/8d0cdc81-56ed-4a7a-8221-30bb906e16b2 0.154s
2024-10-15 18:09:12.877 62094 INFO tempest.lib.common.rest_client [req-2d6d5b2d-aaca-4c60-983f-c93ebb336c86 req-2d6d5b2d-aaca-4c60-983f-c93ebb336c86 ] Request (ServerRescueNegativeTestJSON:setUpClass): 200 GET http://10.180.1.21/compute/v2.1/servers/7ea919b6-12f7-4f4e-a123-413044bbbffc 0.179s
2024-10-15 18:09:12.909 62080 INFO tempest.lib.common.rest_client [req-cbc3723b-ca3e-4d08-9e3d-944a5b57fb4b req-cbc3723b-ca3e-4d08-9e3d-944a5b57fb4b ] Request (ServerMetadataTestJSON:setUpClass): 201 POST http://10.180.1.21:9696/networking/v2.0/subnets 0.184s
2024-10-15 18:09:12.912 62046 INFO tempest.lib.common.rest_client [req-91a931a8-72cb-4bef-854c-9034b7ac967a req-91a931a8-72cb-4bef-854c-9034b7ac967a ] Request (TenantUsagesTestJSON:setUpClass): 200 GET http://10.180.1.21/compute/v2.1/servers/949c1050-5003-4519-b24c-8904de21a676 0.160s
2024-10-15 18:09:12.924 62044 INFO tempest.lib.common.rest_client [req-17b26cb3-97e2-42b5-bfd7-9625566b459b req-17b26cb3-97e2-42b5-bfd7-9625566b459b ] Request (MigrationsAdminTest:test_resize_server_revert_deleted_flavor): 200 GET http://10.180.1.21/compute/v2.1/servers/e66c921c-320e-4347-96c9-27aa80ba7f41 0.165s
2024-10-15 18:09:12.957 62056 INFO tempest.lib.common.rest_client [req-ed886f18-ffed-40f4-90c5-c688ba281f48 req-ed886f18-ffed-40f4-90c5-c688ba281f48 ] Request (AttachInterfacesTestJSON:test_create_list_show_delete_interfaces_by_network_port): 200 GET http://10.180.1.21/compute/v2.1/servers/2a3f81e3-b84f-4370-a598-2f6a607c3d47 0.125s
2024-10-15 18:09:12.959 62052 INFO tempest.lib.common.rest_client [req-50acba40-2032-4996-886b-02237b3acffd req-50acba40-2032-4996-886b-02237b3acffd ] Request (MultipleCreateTestJSON:test_multiple_create): 200 GET http://10.180.1.21/compute/v2.1/servers/5b22c2fc-525c-481b-b84e-e0a7f68f633e 0.139s
2024-10-15 18:09:13.000 62098 INFO tempest.lib.common.rest_client [req-2c29e36f-f25c-4b3a-9a12-c38e578b1473 req-2c29e36f-f25c-4b3a-9a12-c38e578b1473 ] Request (ServersTestFqdnHostnames:test_create_server_with_fqdn_name): 200 GET http://10.180.1.21/compute/v2.1/servers/46c34ed0-9bac-4803-8d5c-3a3346a64117 0.160s
2024-10-15 18:09:13.017 62064 INFO tempest.lib.common.rest_client [req-e9bb7b06-d700-4e4d-b605-e350ac5925fe req-e9bb7b06-d700-4e4d-b605-e350ac5925fe ] Request (FloatingIPsAssociationTestJSON:setUpClass): 200 GET http://10.180.1.21/compute/v2.1/servers/88cb0961-ad34-4ffc-8fb2-6034f08ee740 0.110s
2024-10-15 18:09:13.044 62096 INFO tempest.lib.common.rest_client [req-f2714218-0386-4176-bc90-9fe345f28f0d req-f2714218-0386-4176-bc90-9fe345f28f0d ] Request (SecurityGroupsTestJSON:test_list_security_groups_by_server): 200 GET http://10.180.1.21/compute/v2.1/servers/294adb58-f23e-4510-a25a-de6b909e3189 0.116s
2024-10-15 18:09:13.064 62066 INFO tempest.lib.common.rest_client [req-d11d8898-6d43-4781-aac5-9afe539b99c7 req-d11d8898-6d43-4781-aac5-9afe539b99c7 ] Request (ServerActionsTestOtherA:setUpClass): 200 GET http://10.180.1.21/compute/v2.1/servers/15476ac0-289a-4e04-aa9d-4244c658e962 0.104s
2024-10-15 18:09:13.089 62082 INFO tempest.lib.common.rest_client [req-3adec74b-1b82-430e-9b5b-3c5856745458 req-3adec74b-1b82-430e-9b5b-3c5856745458 ] Request (ServersTestMultiNic:test_verify_multiple_nics_order): 200 GET http://10.180.1.21/compute/v2.1/servers/24c83131-1451-429f-84fe-dcd070898d65 0.102s
2024-10-15 18:09:13.116 62100 INFO tempest.lib.common.rest_client [req-db40ce26-6890-44d5-a423-277faa37970e req-db40ce26-6890-44d5-a423-277faa37970e ] Request (FloatingIPsAssociationNegativeTestJSON:setUpClass): 200 GET http://10.180.1.21/compute/v2.1/servers/37c07b8d-e2a0-4aa6-b7ba-194feed837e5 0.103s
2024-10-15 18:09:13.325 62058 INFO tempest.lib.common.rest_client [req-9dc7b2a8-d209-44a6-8147-25ba158a4652 req-9dc7b2a8-d209-44a6-8147-25ba158a4652 ] Request (ServerRescueTestJSON:setUpClass): 200 GET http://10.180.1.21/compute/v2.1/servers/c61df5d3-7f43-48d4-a2c0-a8972372c0ba 0.079s
2024-10-15 18:09:13.352 62086 INFO tempest.lib.common.rest_client [req-7af6f3dd-d463-4dbe-979c-1701b6668dea req-7af6f3dd-d463-4dbe-979c-1701b6668dea ] Request (VolumesAdminNegativeTest:test_update_attached_volume_with_nonexistent_volume_in_body): 200 GET http://10.180.1.21/compute/v2.1/servers/b7d55e87-95db-4c45-9417-bbece4fbb98d 0.054s
2024-10-15 18:09:13.425 62074 INFO tempest.lib.common.rest_client [req-f2dafcaf-da22-4e75-bc1d-1ac5d0c8254b req-f2dafcaf-da22-4e75-bc1d-1ac5d0c8254b ] Request (ServersTestBootFromVolume:setUpClass): 200 GET http://10.180.1.21/compute/v2.1/servers/56d26d08-3c6d-45e8-b238-6dbca6024561 0.061s
2024-10-15 18:09:13.479 62088 INFO tempest.lib.common.rest_client [req-3adc5948-9842-4ce8-85b2-08be94acc028 req-3adc5948-9842-4ce8-85b2-08be94acc028 ] Request (InstanceActionsTestJSON:setUpClass): 200 GET http://10.180.1.21/compute/v2.1/servers/2681766c-0468-4170-8c51-03389e2bd1ab 0.055s
2024-10-15 18:09:13.540 62054 INFO tempest.lib.common.rest_client [req-d6eaee9d-251c-4bdf-b03a-b3f2f124802a req-d6eaee9d-251c-4bdf-b03a-b3f2f124802a ] Request (ListServersNegativeTestJSON:setUpClass): 200 GET http://10.180.1.21/compute/v2.1/servers/198dc1a4-050d-47b2-8bc4-30af5534a789 0.068s
2024-10-15 18:09:13.605 62078 INFO tempest.lib.common.rest_client [req-564b7951-eea9-4e20-91b2-b554e764cf15 req-564b7951-eea9-4e20-91b2-b554e764cf15 ] Request (ImagesOneServerTestJSON:setUpClass): 200 GET http://10.180.1.21/compute/v2.1/servers/294f0a37-7589-405d-a324-13099c80f458 0.089s
2024-10-15 18:09:13.651 62084 INFO tempest.lib.common.rest_client [req-992a1c8f-82d6-4fec-b623-6308a99e93fe req-992a1c8f-82d6-4fec-b623-6308a99e93fe ] Request (ServersTestJSON:setUpClass): 200 GET http://10.180.1.21/compute/v2.1/servers/eca2e3da-b38c-482e-b9b6-4ad75d83caa1 0.104s
2024-10-15 18:09:13.680 62080 INFO tempest.lib.common.rest_client [req-75a3faba-256c-47ea-8ee9-6f1cca9a41d9 req-75a3faba-256c-47ea-8ee9-6f1cca9a41d9 ] Request (ServerMetadataTestJSON:setUpClass): 201 POST http://10.180.1.21:9696/networking/v2.0/routers 0.770s
2024-10-15 18:09:13.683 62062 INFO tempest.lib.common.rest_client [req-64cd7f99-25e9-4f86-9833-6b4528aab6e0 req-64cd7f99-25e9-4f86-9833-6b4528aab6e0 ] Request (ServerExternalEventsTest:test_create_server_external_events): 200 GET http://10.180.1.21/compute/v2.1/servers/d5434dd2-206f-4a1e-b97b-bd6f691b6ddf 0.188s
2024-10-15 18:09:13.689 62062 INFO tempest.common.waiters [-] State transition "BUILD/None" ==> "BUILD/networking" after 90 second wait
2024-10-15 18:09:13.709 62061 INFO tempest.lib.common.rest_client [req-c7b8f141-659c-431e-9daf-30554a437daf req-c7b8f141-659c-431e-9daf-30554a437daf ] Request (ImagesTestJSON:test_create_server_from_snapshot): 200 GET http://10.180.1.21/compute/v2.1/servers/e0ef0a35-82a5-495b-9d5c-5805e8306390 0.107s
2024-10-15 18:09:13.739 62068 INFO tempest.lib.common.rest_client [req-753c3eb0-df0f-4632-a522-0d22835b58fd req-753c3eb0-df0f-4632-a522-0d22835b58fd ] Request (ServersAdmin275Test:test_rebuild_update_server_275): 200 GET http://10.180.1.21/compute/v2.1/servers/9db80c3c-e2c3-4034-a79a-d7be924c4ff6 0.073s
2024-10-15 18:09:13.781 62048 INFO tempest.lib.common.rest_client [req-5fec53b6-f55d-4ad6-b9f0-fada819b5b42 req-5fec53b6-f55d-4ad6-b9f0-fada819b5b42 ] Request (ServerShowV254Test:test_rebuild_server): 200 GET http://10.180.1.21/compute/v2.1/servers/8016bafc-b287-4df1-bd4b-a00210177a86 0.064s
2024-10-15 18:09:13.789 62048 INFO tempest.common.waiters [-] State transition "REBUILD/rebuild_block_device_mapping" ==> "REBUILD/rebuild_spawning" after 3 second wait
2024-10-15 18:09:13.824 62042 INFO tempest.lib.common.rest_client [req-88bbab14-dad3-4e98-b1eb-eef3bd6cfa27 req-88bbab14-dad3-4e98-b1eb-eef3bd6cfa27 ] Request (ServersV294TestFqdnHostnames:setUpClass): 200 GET http://10.180.1.21/compute/v2.1/servers/c25ddf7c-d0cc-4b73-96da-1dcd6012f072 0.059s
2024-10-15 18:09:13.883 62050 INFO tempest.lib.common.rest_client [req-1f4dbdb1-3b94-46bb-9366-7deb3c561f89 req-1f4dbdb1-3b94-46bb-9366-7deb3c561f89 ] Request (ServerPasswordTestJSON:setUpClass): 200 GET http://10.180.1.21/compute/v2.1/servers/0d757385-ff1c-49c9-825f-f9d542ae074f 0.069s
2024-10-15 18:09:13.919 62073 INFO tempest.lib.common.rest_client [req-9e7a55b9-42aa-4255-bb54-d93aaf831ca7 req-9e7a55b9-42aa-4255-bb54-d93aaf831ca7 ] Request (ImagesOneServerNegativeTestJSON:setUpClass): 200 GET http://10.180.1.21/compute/v2.1/servers/8d0cdc81-56ed-4a7a-8221-30bb906e16b2 0.053s
2024-10-15 18:09:13.944 62094 INFO tempest.lib.common.rest_client [req-91725873-cef2-4a69-a264-2fd99a358c6d req-91725873-cef2-4a69-a264-2fd99a358c6d ] Request (ServerRescueNegativeTestJSON:setUpClass): 200 GET http://10.180.1.21/compute/v2.1/servers/7ea919b6-12f7-4f4e-a123-413044bbbffc 0.057s
2024-10-15 18:09:13.974 62046 INFO tempest.lib.common.rest_client [req-c1737b8c-523c-4df9-a600-a52983d46783 req-c1737b8c-523c-4df9-a600-a52983d46783 ] Request (TenantUsagesTestJSON:setUpClass): 200 GET http://10.180.1.21/compute/v2.1/servers/949c1050-5003-4519-b24c-8904de21a676 0.052s
2024-10-15 18:09:14.002 62044 INFO tempest.lib.common.rest_client [req-56e9c8a4-8734-45b0-b243-22bd1081397f req-56e9c8a4-8734-45b0-b243-22bd1081397f ] Request (MigrationsAdminTest:test_resize_server_revert_deleted_flavor): 200 GET http://10.180.1.21/compute/v2.1/servers/e66c921c-320e-4347-96c9-27aa80ba7f41 0.070s
2024-10-15 18:09:14.029 62056 INFO tempest.lib.common.rest_client [req-3307eba8-22c2-403b-8548-0220850153be req-3307eba8-22c2-403b-8548-0220850153be ] Request (AttachInterfacesTestJSON:test_create_list_show_delete_interfaces_by_network_port): 200 GET http://10.180.1.21/compute/v2.1/servers/2a3f81e3-b84f-4370-a598-2f6a607c3d47 0.065s
2024-10-15 18:09:14.063 62052 INFO tempest.lib.common.rest_client [req-499f4a9a-56f5-4e37-8ca6-67857125fe56 req-499f4a9a-56f5-4e37-8ca6-67857125fe56 ] Request (MultipleCreateTestJSON:test_multiple_create): 200 GET http://10.180.1.21/compute/v2.1/servers/5b22c2fc-525c-481b-b84e-e0a7f68f633e 0.095s
2024-10-15 18:09:14.086 62098 INFO tempest.lib.common.rest_client [req-810ff64d-c901-46fb-bf55-6a01207c1a86 req-810ff64d-c901-46fb-bf55-6a01207c1a86 ] Request (ServersTestFqdnHostnames:test_create_server_with_fqdn_name): 200 GET http://10.180.1.21/compute/v2.1/servers/46c34ed0-9bac-4803-8d5c-3a3346a64117 0.078s
2024-10-15 18:09:14.119 62064 INFO tempest.lib.common.rest_client [req-94f0d5d2-9d48-4b9d-b11a-f7f48560bbd9 req-94f0d5d2-9d48-4b9d-b11a-f7f48560bbd9 ] Request (FloatingIPsAssociationTestJSON:setUpClass): 200 GET http://10.180.1.21/compute/v2.1/servers/88cb0961-ad34-4ffc-8fb2-6034f08ee740 0.095s
2024-10-15 18:09:14.146 62096 INFO tempest.lib.common.rest_client [req-e7b02783-28dd-4eca-b6ba-3dcdbb843ff2 req-e7b02783-28dd-4eca-b6ba-3dcdbb843ff2 ] Request (SecurityGroupsTestJSON:test_list_security_groups_by_server): 200 GET http://10.180.1.21/compute/v2.1/servers/294adb58-f23e-4510-a25a-de6b909e3189 0.092s
2024-10-15 18:09:14.185 62066 INFO tempest.lib.common.rest_client [req-c94c804c-0af1-4437-99cd-3deb7ca5a271 req-c94c804c-0af1-4437-99cd-3deb7ca5a271 ] Request (ServerActionsTestOtherA:setUpClass): 200 GET http://10.180.1.21/compute/v2.1/servers/15476ac0-289a-4e04-aa9d-4244c658e962 0.110s
2024-10-15 18:09:14.211 62082 INFO tempest.lib.common.rest_client [req-55f98f27-4f8c-4059-9424-660765a5b033 req-55f98f27-4f8c-4059-9424-660765a5b033 ] Request (ServersTestMultiNic:test_verify_multiple_nics_order): 200 GET http://10.180.1.21/compute/v2.1/servers/24c83131-1451-429f-84fe-dcd070898d65 0.114s
2024-10-15 18:09:14.246 62100 INFO tempest.lib.common.rest_client [req-12a2af9e-9924-4854-a9ab-24fa9dde4c70 req-12a2af9e-9924-4854-a9ab-24fa9dde4c70 ] Request (FloatingIPsAssociationNegativeTestJSON:setUpClass): 200 GET http://10.180.1.21/compute/v2.1/servers/37c07b8d-e2a0-4aa6-b7ba-194feed837e5 0.124s
2024-10-15 18:09:14.404 62058 INFO tempest.lib.common.rest_client [req-9c75f537-c57b-4314-9985-651bf040a455 req-9c75f537-c57b-4314-9985-651bf040a455 ] Request (ServerRescueTestJSON:setUpClass): 200 GET http://10.180.1.21/compute/v2.1/servers/c61df5d3-7f43-48d4-a2c0-a8972372c0ba 0.071s
2024-10-15 18:09:14.434 62086 INFO tempest.lib.common.rest_client [req-6d9ec0b3-4bb8-4cc7-9cfa-f6f958c8f680 req-6d9ec0b3-4bb8-4cc7-9cfa-f6f958c8f680 ] Request (VolumesAdminNegativeTest:test_update_attached_volume_with_nonexistent_volume_in_body): 200 GET http://10.180.1.21/compute/v2.1/servers/b7d55e87-95db-4c45-9417-bbece4fbb98d 0.067s
2024-10-15 18:09:14.499 62074 INFO tempest.lib.common.rest_client [req-3718bc48-7239-488e-b5c9-18198de39b8d req-3718bc48-7239-488e-b5c9-18198de39b8d ] Request (ServersTestBootFromVolume:setUpClass): 200 GET http://10.180.1.21/compute/v2.1/servers/56d26d08-3c6d-45e8-b238-6dbca6024561 0.066s
2024-10-15 18:09:14.550 62088 INFO tempest.lib.common.rest_client [req-a86863ee-21bd-4c8f-9caf-398b3c22710b req-a86863ee-21bd-4c8f-9caf-398b3c22710b ] Request (InstanceActionsTestJSON:setUpClass): 200 GET http://10.180.1.21/compute/v2.1/servers/2681766c-0468-4170-8c51-03389e2bd1ab 0.063s
2024-10-15 18:09:14.597 62080 INFO tempest.lib.common.rest_client [req-4d6c0ce7-70e9-479f-bb34-c348aa219cef req-4d6c0ce7-70e9-479f-bb34-c348aa219cef ] Request (ServerMetadataTestJSON:setUpClass): 200 PUT http://10.180.1.21:9696/networking/v2.0/routers/34187249-59f3-49e9-ae20-5a4fc47c32a3/add_router_interface 0.917s
2024-10-15 18:09:14.598 62080 INFO tempest.lib.common.dynamic_creds [-] Created isolated network resources for: credentials: Credentials: {'domain_id': 'default', 'domain_name': 'Default', 'username': 'tempest-ServerMetadataTestJSON-316746592-project-member', 'project_domain_id': 'default', 'project_domain_name': 'Default', 'project_id': '0dd7568d384e47b791d785730e401649', 'project_name': 'tempest-ServerMetadataTestJSON-316746592', 'tenant_id': '0dd7568d384e47b791d785730e401649', 'tenant_name': 'tempest-ServerMetadataTestJSON-316746592', 'user_domain_id': 'default', 'user_domain_name': 'Default', 'user_id': 'de6e82a6e7964f50a82a6911361d3f50', 'system': None}, Network: {'id': 'b567f10e-651f-4599-b465-0258697c1537', 'name': 'tempest-ServerMetadataTestJSON-1727546333-network', 'tenant_id': '0dd7568d384e47b791d785730e401649', 'admin_state_up': True, 'mtu': 8950, 'status': 'ACTIVE', 'subnets': [], 'shared': False, 'project_id': '0dd7568d384e47b791d785730e401649', 'port_security_enabled': True, 'router:external': False, 'provider:network_type': 'vlan', 'provider:physical_network': 'default', 'provider:segmentation_id': 112, 'is_default': False, 'availability_zone_hints': [], 'availability_zones': [], 'ipv4_address_scope': None, 'ipv6_address_scope': None, 'description': '', 'tags': [], 'created_at': '2024-10-15T18:09:12Z', 'updated_at': '2024-10-15T18:09:12Z', 'revision_number': 1}, Subnet: {'id': '3092ad8d-f098-4bc0-a2bb-e6c05b368b51', 'name': 'tempest-ServerMetadataTestJSON-1727546333-subnet', 'tenant_id': '0dd7568d384e47b791d785730e401649', 'network_id': 'b567f10e-651f-4599-b465-0258697c1537', 'ip_version': 4, 'subnetpool_id': None, 'enable_dhcp': True, 'ipv6_ra_mode': None, 'ipv6_address_mode': None, 'gateway_ip': '192.168.128.1', 'cidr': '192.168.128.0/28', 'allocation_pools': [{'start': '192.168.128.2', 'end': '192.168.128.14'}], 'host_routes': [], 'dns_nameservers': [], 'description': '', 'router:external': False, 'service_types': [], 'tags': [], 'created_at': '2024-10-15T18:09:12Z', 'updated_at': '2024-10-15T18:09:12Z', 'revision_number': 0, 'project_id': '0dd7568d384e47b791d785730e401649'}, Router: {'id': '34187249-59f3-49e9-ae20-5a4fc47c32a3', 'name': 'tempest-ServerMetadataTestJSON-1727546333-router', 'tenant_id': '0dd7568d384e47b791d785730e401649', 'admin_state_up': True, 'status': 'ACTIVE', 'external_gateway_info': {'network_id': '6bca443d-9504-4d58-b7d3-663a80e0b42d', 'external_fixed_ips': [{'subnet_id': '9db42702-6126-4011-9914-9e8939809c8b', 'ip_address': '10.180.180.140'}], 'enable_snat': True}, 'description': '', 'availability_zones': [], 'distributed': False, 'ha': False, 'availability_zone_hints': [], 'routes': [], 'flavor_id': None, 'tags': [], 'created_at': '2024-10-15T18:09:12Z', 'updated_at': '2024-10-15T18:09:13Z', 'revision_number': 2, 'project_id': '0dd7568d384e47b791d785730e401649'}
2024-10-15 18:09:14.604 62054 INFO tempest.lib.common.rest_client [req-7a232203-5b32-4611-8e69-d4a1d822c630 req-7a232203-5b32-4611-8e69-d4a1d822c630 ] Request (ListServersNegativeTestJSON:setUpClass): 200 GET http://10.180.1.21/compute/v2.1/servers/198dc1a4-050d-47b2-8bc4-30af5534a789 0.055s
2024-10-15 18:09:14.675 62078 INFO tempest.lib.common.rest_client [req-cd7fe34b-1407-431e-aa2b-d8bc4049adad req-cd7fe34b-1407-431e-aa2b-d8bc4049adad ] Request (ImagesOneServerTestJSON:setUpClass): 200 GET http://10.180.1.21/compute/v2.1/servers/294f0a37-7589-405d-a324-13099c80f458 0.064s
2024-10-15 18:09:14.692 62080 INFO tempest.lib.common.rest_client [req-078e7da6-8a30-4452-a29d-1a0b2ad01e07 req-078e7da6-8a30-4452-a29d-1a0b2ad01e07 ] Request (ServerMetadataTestJSON:setUpClass): 201 POST http://10.180.1.21/identity/v3/auth/tokens 0.090s
2024-10-15 18:09:14.717 62084 INFO tempest.lib.common.rest_client [req-094fc98d-3246-4593-8e9c-49a6b3b8de80 req-094fc98d-3246-4593-8e9c-49a6b3b8de80 ] Request (ServersTestJSON:setUpClass): 200 GET http://10.180.1.21/compute/v2.1/servers/eca2e3da-b38c-482e-b9b6-4ad75d83caa1 0.056s
2024-10-15 18:09:14.735 62080 INFO tempest.lib.common.rest_client [req-bfac9bbc-2ae6-475d-816f-aa423678e155 req-bfac9bbc-2ae6-475d-816f-aa423678e155 ] Request (ServerMetadataTestJSON:setUpClass): 201 POST http://10.180.1.21/identity/v3/auth/tokens 0.038s
2024-10-15 18:09:14.735 62080 INFO tempest.lib.common.fixed_network [-] (ServerMetadataTestJSON:setUpClass) Found network {'id': 'b567f10e-651f-4599-b465-0258697c1537', 'name': 'tempest-ServerMetadataTestJSON-1727546333-network', 'tenant_id': '0dd7568d384e47b791d785730e401649', 'admin_state_up': True, 'mtu': 8950, 'status': 'ACTIVE', 'subnets': [], 'shared': False, 'project_id': '0dd7568d384e47b791d785730e401649', 'port_security_enabled': True, 'router:external': False, 'provider:network_type': 'vlan', 'provider:physical_network': 'default', 'provider:segmentation_id': 112, 'is_default': False, 'availability_zone_hints': [], 'availability_zones': [], 'ipv4_address_scope': None, 'ipv6_address_scope': None, 'description': '', 'tags': [], 'created_at': '2024-10-15T18:09:12Z', 'updated_at': '2024-10-15T18:09:12Z', 'revision_number': 1} available for tenant
2024-10-15 18:09:14.756 62062 INFO tempest.lib.common.rest_client [req-2068f1ac-045a-4aae-a478-14f965a3f3cf req-2068f1ac-045a-4aae-a478-14f965a3f3cf ] Request (ServerExternalEventsTest:test_create_server_external_events): 200 GET http://10.180.1.21/compute/v2.1/servers/d5434dd2-206f-4a1e-b97b-bd6f691b6ddf 0.066s
2024-10-15 18:09:14.765 62062 INFO tempest.common.waiters [-] State transition "BUILD/networking" ==> "BUILD/spawning" after 91 second wait
