2024-10-15 18:07:07.392 62096 INFO tempest.lib.common.rest_client [req-9cbfb36e-d55e-4bb0-ae13-11f24c9167ba req-9cbfb36e-d55e-4bb0-ae13-11f24c9167ba ] Request (FloatingIPsNegativeTestJSON:tearDownClass): 204 DELETE http://10.180.1.21:9696/networking/v2.0/routers/3a2ea55f-456d-4bbb-9dbc-df15b876d242 1.301s
2024-10-15 18:07:07.407 62082 INFO tempest.lib.common.rest_client [req-15efd277-9d20-42f4-8aaf-dfe12cff81a4 req-15efd277-9d20-42f4-8aaf-dfe12cff81a4 ] Request (HypervisorAdminNegativeUnderV252Test:tearDownClass): 200 GET http://10.180.1.21:9696/networking/v2.0/security-groups?tenant_id=8fed8b4575514586b0674006d3b7c252&name=default 0.358s
2024-10-15 18:07:07.446 62074 INFO tempest.lib.common.rest_client [req-31ef9980-1ee3-4625-9f64-96bbafae87ed req-31ef9980-1ee3-4625-9f64-96bbafae87ed ] Request (TenantUsagesNegativeTestJSON:test_list_usage_all_tenants_with_non_admin_user): 403 GET http://10.180.1.21/compute/v2.1/os-simple-tenant-usage?start=2024-10-14T18%3A07%3A01.251425&end=2024-10-16T18%3A07%3A01.251425&detailed=1 3.180s
2024-10-15 18:07:07.493 62054 INFO tempest.lib.common.rest_client [req-f65a6dea-a797-4981-9e98-bd3ed1fa084f req-f65a6dea-a797-4981-9e98-bd3ed1fa084f ] Request (ListImageFiltersTestJSON:setUpClass): 200 GET http://10.180.1.21/compute/v2.1/images/e9d5228a-98bb-4765-9e1c-b05e94468fa0 3.113s
2024-10-15 18:07:07.520 62104 INFO tempest.lib.common.rest_client [req-32eaf5eb-ef3d-4ad8-b8ec-2b52391810f5 req-32eaf5eb-ef3d-4ad8-b8ec-2b52391810f5 ] Request (ServicesAdminNegativeTestJSON:test_get_service_with_valid_service_and_invalid_host): 200 GET http://10.180.1.21/compute/v2.1/os-services?host=xxx&binary=nova-scheduler 3.123s
2024-10-15 18:07:07.585 62074 INFO tempest.lib.common.rest_client [req-d690c744-a981-4546-b066-3addf3336aea req-d690c744-a981-4546-b066-3addf3336aea ] Request (TenantUsagesNegativeTestJSON:tearDownClass): 204 DELETE http://10.180.1.21/identity/v3/users/1daf93e46dbf4edf893a3c6824aea9a4 0.135s
2024-10-15 18:07:07.631 62098 INFO tempest.lib.common.rest_client [req-a6a2164e-0853-4147-af45-7f4d6040ba93 req-a6a2164e-0853-4147-af45-7f4d6040ba93 ] Request (AttachInterfacesUnderV243Test:test_add_remove_fixed_ip): 200 GET http://10.180.1.21/compute/v2.1/servers/df2576da-dc49-4ced-9462-fa71710e2e2a 2.679s
2024-10-15 18:07:07.646 62096 INFO tempest.lib.common.rest_client [req-23bb16d5-13a2-4695-b4f2-2a7b8c3b23a1 req-23bb16d5-13a2-4695-b4f2-2a7b8c3b23a1 ] Request (FloatingIPsNegativeTestJSON:tearDownClass): 204 DELETE http://10.180.1.21:9696/networking/v2.0/subnets/6a1e1bcb-4abf-4edd-8a9f-dc9aecda8165 0.254s
2024-10-15 18:07:07.706 62074 INFO tempest.lib.common.rest_client [req-01327dd7-79c6-48c6-8203-ce9b9be4b22d req-01327dd7-79c6-48c6-8203-ce9b9be4b22d ] Request (TenantUsagesNegativeTestJSON:tearDownClass): 204 DELETE http://10.180.1.21/identity/v3/users/a5a2c7e44e5f4f8d9634684d5bc776e5 0.121s
2024-10-15 18:07:07.707 62074 INFO tempest.lib.common.dynamic_creds [-] Deleting project and security group for project: 3be1839ea9d44f71a227123c030f4918
2024-10-15 18:07:07.727 62082 INFO tempest.lib.common.rest_client [req-fa5b6d52-8c06-4f69-840d-d26f0d08ca6d req-fa5b6d52-8c06-4f69-840d-d26f0d08ca6d ] Request (HypervisorAdminNegativeUnderV252Test:tearDownClass): 204 DELETE http://10.180.1.21:9696/networking/v2.0/security-groups/1a3f29b8-6224-46af-8cbc-42e7dac6f7e9 0.319s
2024-10-15 18:07:07.728 62094 INFO tempest.lib.common.rest_client [req-0b8e678f-ad0e-4c51-8364-c8386e685378 req-0b8e678f-ad0e-4c51-8364-c8386e685378 ] Request (InstanceActionsNegativeTestJSON:setUpClass): 200 GET http://10.180.1.21/compute/v2.1/servers/a1aca638-e9c4-4e3b-9855-f92e7bd67204 2.453s
2024-10-15 18:07:07.776 62074 INFO tempest.lib.common.rest_client [req-a76b4cb2-744a-4cf6-b283-ee61cf7f30dc req-a76b4cb2-744a-4cf6-b283-ee61cf7f30dc ] Request (TenantUsagesNegativeTestJSON:tearDownClass): 201 POST http://10.180.1.21/identity/v3/auth/tokens 0.069s
2024-10-15 18:07:07.817 62076 INFO tempest.lib.common.rest_client [req-08d40891-1e3a-4d05-830e-eb052055cc88 req-08d40891-1e3a-4d05-830e-eb052055cc88 ] Request (ServerDiagnosticsNegativeTest:test_get_server_diagnostics_by_non_admin): 200 GET http://10.180.1.21/compute/v2.1/servers/e397a02e-26c6-4eb5-a242-5aa2b29fa29d 2.470s
2024-10-15 18:07:07.867 62082 INFO tempest.lib.common.rest_client [req-caaa75c4-11aa-4b5a-8b85-85a9f1a64ba4 req-caaa75c4-11aa-4b5a-8b85-85a9f1a64ba4 ] Request (HypervisorAdminNegativeUnderV252Test:tearDownClass): 204 DELETE http://10.180.1.21/identity/v3/projects/8fed8b4575514586b0674006d3b7c252 0.139s
2024-10-15 18:07:07.867 62082 INFO tempest.lib.common.dynamic_creds [-] Deleting project and security group for project: 91a83c284a334a3c85d2c66bbd224ecf
2024-10-15 18:07:07.972 62042 INFO tempest.lib.common.rest_client [req-63a0f6df-f587-4219-8f03-4bb1968b2a3c req-63a0f6df-f587-4219-8f03-4bb1968b2a3c ] Request (FlavorsExtraSpecsNegativeTestJSON:setUpClass): 200 POST http://10.180.1.21/compute/v2.1/flavors 2.476s
2024-10-15 18:07:08.083 62054 INFO tempest.lib.common.rest_client [req-82b8ad55-cf30-4a02-b2b7-711d44700e52 req-82b8ad55-cf30-4a02-b2b7-711d44700e52 ] Request (ListImageFiltersTestJSON:setUpClass): 201 POST http://10.180.1.21/image/v2/images 0.585s
2024-10-15 18:07:08.095 62096 INFO tempest.lib.common.rest_client [req-18a1fff8-a429-44eb-a0b5-924d92e4e95d req-18a1fff8-a429-44eb-a0b5-924d92e4e95d ] Request (FloatingIPsNegativeTestJSON:tearDownClass): 204 DELETE http://10.180.1.21:9696/networking/v2.0/networks/e1b56b17-382a-4f56-bba0-9966ff5f6986 0.448s
2024-10-15 18:07:08.129 62058 INFO tempest.lib.common.rest_client [req-ac26fea8-64da-4cd5-9397-273b6d67bf61 req-ac26fea8-64da-4cd5-9397-273b6d67bf61 ] Request (VolumesAssistedSnapshotsTest:setUpClass): 201 POST http://10.180.1.21:9696/networking/v2.0/routers 1.859s
2024-10-15 18:07:08.211 62096 INFO tempest.lib.common.rest_client [req-faeee943-e289-4fc9-8f10-b6917b13176b req-faeee943-e289-4fc9-8f10-b6917b13176b ] Request (FloatingIPsNegativeTestJSON:tearDownClass): 204 DELETE http://10.180.1.21/identity/v3/users/3e3277c2395d4485b02038dcac81fe5d 0.115s
2024-10-15 18:07:08.212 62096 INFO tempest.lib.common.dynamic_creds [-] Deleting project and security group for project: 3dd6d2cec1b1467597006468c5147226
2024-10-15 18:07:08.296 62096 INFO tempest.lib.common.rest_client [req-ba2ef48b-0f04-4e49-b452-c1064ed25649 req-ba2ef48b-0f04-4e49-b452-c1064ed25649 ] Request (FloatingIPsNegativeTestJSON:tearDownClass): 200 GET http://10.180.1.21:9696/networking/v2.0/security-groups?tenant_id=3dd6d2cec1b1467597006468c5147226&name=default 0.084s
2024-10-15 18:07:08.312 62074 INFO tempest.lib.common.rest_client [req-563173f4-9a75-44f1-9155-b36cb2da2ca9 req-563173f4-9a75-44f1-9155-b36cb2da2ca9 ] Request (TenantUsagesNegativeTestJSON:tearDownClass): 200 GET http://10.180.1.21:9696/networking/v2.0/security-groups?tenant_id=3be1839ea9d44f71a227123c030f4918&name=default 0.535s
2024-10-15 18:07:08.344 62056 INFO tempest.lib.common.rest_client [req-071f28c0-176d-469f-b2cb-739b24696ca4 req-071f28c0-176d-469f-b2cb-739b24696ca4 ] Request (QuotasAdminNegativeTest:test_create_server_when_instances_quota_is_full): 403 POST http://10.180.1.21/compute/v2.1/servers 2.815s
2024-10-15 18:07:08.349 62082 INFO tempest.lib.common.rest_client [req-7c1c1ade-3f55-4409-8301-44973d599dc3 req-7c1c1ade-3f55-4409-8301-44973d599dc3 ] Request (HypervisorAdminNegativeUnderV252Test:tearDownClass): 200 GET http://10.180.1.21:9696/networking/v2.0/security-groups?tenant_id=91a83c284a334a3c85d2c66bbd224ecf&name=default 0.481s
2024-10-15 18:07:08.380 62046 INFO tempest.lib.common.rest_client [req-d4594835-2676-472a-a2cb-a820cb43b17f req-d4594835-2676-472a-a2cb-a820cb43b17f ] Request (ServersWithSpecificFlavorTestJSON:test_verify_created_server_ephemeral_disk): 200 POST http://10.180.1.21/compute/v2.1/flavors/1802613862/os-extra_specs 2.560s
2024-10-15 18:07:08.520 62102 INFO tempest.lib.common.rest_client [req-d49b79a1-0cc9-4047-8c7a-f492091912c3 req-d49b79a1-0cc9-4047-8c7a-f492091912c3 ] Request (QuotasAdminTestV236:test_get_updated_quotas): 200 GET http://10.180.1.21/compute/v2.1/os-quota-sets/ca12a7c197a245788c861998da03c547/detail 2.434s
2024-10-15 18:07:08.548 62102 INFO tempest.lib.common.rest_client [req-3945f365-dfb5-44c4-8846-a7caf1d71c14 req-3945f365-dfb5-44c4-8846-a7caf1d71c14 ] Request (QuotasAdminTestV236:test_get_updated_quotas): 200 GET http://10.180.1.21/identity/v3/domains?name=Default 0.022s
2024-10-15 18:07:08.552 62074 INFO tempest.lib.common.rest_client [req-6563f6d1-4124-45e1-ba75-ba1a4e95a0e4 req-6563f6d1-4124-45e1-ba75-ba1a4e95a0e4 ] Request (TenantUsagesNegativeTestJSON:tearDownClass): 204 DELETE http://10.180.1.21:9696/networking/v2.0/security-groups/04c32382-47df-4b3b-a9a5-dfe0c6d5afcc 0.239s
2024-10-15 18:07:08.559 62096 INFO tempest.lib.common.rest_client [req-6bb27a29-9481-4aac-99fd-061620e6c58f req-6bb27a29-9481-4aac-99fd-061620e6c58f ] Request (FloatingIPsNegativeTestJSON:tearDownClass): 204 DELETE http://10.180.1.21:9696/networking/v2.0/security-groups/6c5672ba-2598-4953-af01-c0c520f88045 0.263s
2024-10-15 18:07:08.581 62102 INFO tempest.lib.common.rest_client [req-c8d16432-8bd9-4262-910b-7a88886de8ac req-c8d16432-8bd9-4262-910b-7a88886de8ac ] Request (QuotasAdminTestV236:test_get_updated_quotas): 201 POST http://10.180.1.21/identity/v3/users 0.033s
2024-10-15 18:07:08.583 62082 INFO tempest.lib.common.rest_client [req-c77bda35-a1c2-46e8-a809-acbdff8f16af req-c77bda35-a1c2-46e8-a809-acbdff8f16af ] Request (HypervisorAdminNegativeUnderV252Test:tearDownClass): 204 DELETE http://10.180.1.21:9696/networking/v2.0/security-groups/d37186b2-d23f-49c5-b35c-ebaebb201c06 0.234s
2024-10-15 18:07:08.600 62048 INFO tempest.lib.common.rest_client [req-e85ec9df-2c6b-400b-ab5f-6ff139fde4e7 req-e85ec9df-2c6b-400b-ab5f-6ff139fde4e7 ] Request (SecurityGroupsTestAdminJSON:test_list_security_groups_list_all_tenants_filter): 200 GET http://10.180.1.21/compute/v2.1/os-security-groups?all_tenants=true 5.151s
2024-10-15 18:07:08.642 62070 INFO tempest.lib.common.rest_client [req-02334ac3-050c-4b91-99a5-5e32205c58e8 req-02334ac3-050c-4b91-99a5-5e32205c58e8 ] Request (ServersAdminTestJSON:setUpClass): 201 POST http://10.180.1.21:9696/networking/v2.0/routers 2.638s
2024-10-15 18:07:08.655 62074 INFO tempest.lib.common.rest_client [req-6994ca2c-1491-4755-887c-7263a749f804 req-6994ca2c-1491-4755-887c-7263a749f804 ] Request (TenantUsagesNegativeTestJSON:tearDownClass): 204 DELETE http://10.180.1.21/identity/v3/projects/3be1839ea9d44f71a227123c030f4918 0.102s
2024-10-15 18:07:08.655 62074 INFO tempest.lib.common.dynamic_creds [-] Deleting project and security group for project: 4b7e44fd67b749f5881a9518a3465d9e
2024-10-15 18:07:08.680 62096 INFO tempest.lib.common.rest_client [req-c5ec2f0f-2606-494c-8084-e4273593bb24 req-c5ec2f0f-2606-494c-8084-e4273593bb24 ] Request (FloatingIPsNegativeTestJSON:tearDownClass): 204 DELETE http://10.180.1.21/identity/v3/projects/3dd6d2cec1b1467597006468c5147226 0.120s
2024-10-15 18:07:08.737 62102 INFO tempest.lib.common.rest_client [req-0a823727-343b-48ec-bd5a-b0f987b45300 req-0a823727-343b-48ec-bd5a-b0f987b45300 ] Request (QuotasAdminTestV236:test_get_updated_quotas): 200 GET http://10.180.1.21/identity/v3/domains?name=Default 0.155s
2024-10-15 18:07:08.771 62082 INFO tempest.lib.common.rest_client [req-d75850d2-2cf7-4674-8fc7-9b22a750667c req-d75850d2-2cf7-4674-8fc7-9b22a750667c ] Request (HypervisorAdminNegativeUnderV252Test:tearDownClass): 204 DELETE http://10.180.1.21/identity/v3/projects/91a83c284a334a3c85d2c66bbd224ecf 0.188s
2024-10-15 18:07:08.791 62096 INFO tempest.lib.common.rest_client [req-4f269654-f48d-46e5-aeb2-fb9043c56ede req-4f269654-f48d-46e5-aeb2-fb9043c56ede ] Request (KeyPairsNegativeTestJSON:setUpClass): 201 POST http://10.180.1.21/identity/v3/auth/tokens 0.110s
2024-10-15 18:07:08.804 62082 INFO tempest.lib.common.rest_client [req-6b861386-42c2-4380-af3d-cf6db9ab91e5 req-6b861386-42c2-4380-af3d-cf6db9ab91e5 ] Request (AbsoluteLimitsNegativeTestJSON:setUpClass): 201 POST http://10.180.1.21/identity/v3/auth/tokens 0.030s
2024-10-15 18:07:08.821 62096 INFO tempest.lib.common.rest_client [req-b6ef437d-2f0e-4386-8158-1facaf8987c5 req-b6ef437d-2f0e-4386-8158-1facaf8987c5 ] Request (KeyPairsNegativeTestJSON:setUpClass): 201 POST http://10.180.1.21/identity/v3/auth/tokens 0.025s
2024-10-15 18:07:08.833 62082 INFO tempest.lib.common.rest_client [req-99451147-c563-472c-b864-1bae9ef376a7 req-99451147-c563-472c-b864-1bae9ef376a7 ] Request (AbsoluteLimitsNegativeTestJSON:setUpClass): 201 POST http://10.180.1.21/identity/v3/auth/tokens 0.027s
2024-10-15 18:07:08.846 62096 INFO tempest.lib.common.rest_client [req-e123559c-2f35-4e5c-be81-938c44342c07 req-e123559c-2f35-4e5c-be81-938c44342c07 ] Request (KeyPairsNegativeTestJSON:setUpClass): 200 GET http://10.180.1.21/identity/v3/domains?name=Default 0.023s
2024-10-15 18:07:08.855 62082 INFO tempest.lib.common.rest_client [req-e9faaaec-c43d-495d-bb0f-191163666a48 req-e9faaaec-c43d-495d-bb0f-191163666a48 ] Request (AbsoluteLimitsNegativeTestJSON:setUpClass): 200 GET http://10.180.1.21/identity/v3/domains?name=Default 0.021s
2024-10-15 18:07:08.888 62082 INFO tempest.lib.common.rest_client [req-60f47da6-8277-4796-aea5-19220cd3545d req-60f47da6-8277-4796-aea5-19220cd3545d ] Request (AbsoluteLimitsNegativeTestJSON:setUpClass): 201 POST http://10.180.1.21/identity/v3/projects 0.033s
2024-10-15 18:07:08.956 62052 INFO tempest.lib.common.rest_client [req-7d4ae408-54ff-4248-838b-a36cbf45b0c5 req-7d4ae408-54ff-4248-838b-a36cbf45b0c5 ] Request (ListServerFiltersTestJSON:setUpClass): 202 POST http://10.180.1.21/compute/v2.1/servers 2.226s
2024-10-15 18:07:08.961 62082 INFO tempest.lib.common.rest_client [req-3738be4d-bd0a-40a6-8530-3b96cc00c842 req-3738be4d-bd0a-40a6-8530-3b96cc00c842 ] Request (AbsoluteLimitsNegativeTestJSON:setUpClass): 201 POST http://10.180.1.21/identity/v3/users 0.072s
2024-10-15 18:07:08.972 62096 INFO tempest.lib.common.rest_client [req-c683beaa-773f-4b0d-bf1f-3dd81feb92d2 req-c683beaa-773f-4b0d-bf1f-3dd81feb92d2 ] Request (KeyPairsNegativeTestJSON:setUpClass): 201 POST http://10.180.1.21/identity/v3/projects 0.125s
2024-10-15 18:07:08.988 62082 INFO tempest.lib.common.rest_client [req-63e6d428-0fe5-454f-91c5-1619bcfedfa4 req-63e6d428-0fe5-454f-91c5-1619bcfedfa4 ] Request (AbsoluteLimitsNegativeTestJSON:setUpClass): 200 GET http://10.180.1.21/identity/v3/roles 0.026s
2024-10-15 18:07:09.053 62052 INFO tempest.lib.common.rest_client [req-75a7d530-5349-451b-bf69-ba780e946a9a req-75a7d530-5349-451b-bf69-ba780e946a9a ] Request (ListServerFiltersTestJSON:setUpClass): 201 POST http://10.180.1.21/identity/v3/auth/tokens 0.090s
2024-10-15 18:07:09.053 62052 INFO tempest.lib.common.fixed_network [-] (ListServerFiltersTestJSON:setUpClass) Found network {'id': 'c171af0b-eb3c-4c8d-9f1d-6d75f9f5053e', 'name': 'tempest-ListServerFiltersTestJSON-1203888426-network', 'tenant_id': '8e08874243144f6d871ac98314e24d3c', 'admin_state_up': True, 'mtu': 8950, 'status': 'ACTIVE', 'subnets': [], 'shared': False, 'project_id': '8e08874243144f6d871ac98314e24d3c', 'port_security_enabled': True, 'router:external': False, 'provider:network_type': 'vlan', 'provider:physical_network': 'default', 'provider:segmentation_id': 971, 'is_default': False, 'availability_zone_hints': [], 'availability_zones': [], 'ipv4_address_scope': None, 'ipv6_address_scope': None, 'description': '', 'tags': [], 'created_at': '2024-10-15T18:07:03Z', 'updated_at': '2024-10-15T18:07:03Z', 'revision_number': 1} available for tenant
2024-10-15 18:07:09.057 62096 INFO tempest.lib.common.rest_client [req-67fa2fb5-9aeb-4c23-b86c-bc811024b8dc req-67fa2fb5-9aeb-4c23-b86c-bc811024b8dc ] Request (KeyPairsNegativeTestJSON:setUpClass): 201 POST http://10.180.1.21/identity/v3/users 0.084s
2024-10-15 18:07:09.076 62061 INFO tempest.lib.common.rest_client [req-72b54963-457e-46a1-be94-92cff20cf2fd req-72b54963-457e-46a1-be94-92cff20cf2fd ] Request (ImagesTestJSON:test_create_image_from_stopped_server): 200 GET http://10.180.1.21/compute/v2.1/servers/81538b78-9943-475d-aad3-f31607f2e493 2.264s
2024-10-15 18:07:09.087 62061 INFO tempest.common.waiters [-] State transition "BUILD/block_device_mapping" ==> "BUILD/spawning" after 7 second wait
2024-10-15 18:07:09.089 62082 INFO tempest.lib.common.rest_client [req-da1a3340-d9c3-481f-8d85-929709d06e4a req-da1a3340-d9c3-481f-8d85-929709d06e4a ] Request (AbsoluteLimitsNegativeTestJSON:setUpClass): 204 PUT http://10.180.1.21/identity/v3/projects/788ee208636e48028af5f5d2270301e9/users/55db3dbc73c74d3aae9de99cbe259dd5/roles/51f3fbbc404246d793ed016c4e9fa765 0.100s
2024-10-15 18:07:09.089 62082 INFO tempest.lib.common.dynamic_creds [-] Dynamic test user 55db3dbc73c74d3aae9de99cbe259dd5 is created with scope project and roles: ['member']
2024-10-15 18:07:09.089 62082 INFO tempest.lib.common.dynamic_creds [-] Acquired dynamic creds: credentials: Credentials: {'domain_id': 'default', 'domain_name': 'Default', 'username': 'tempest-AbsoluteLimitsNegativeTestJSON-348855269-project-member', 'project_domain_id': 'default', 'project_domain_name': 'Default', 'project_id': '788ee208636e48028af5f5d2270301e9', 'project_name': 'tempest-AbsoluteLimitsNegativeTestJSON-348855269', 'tenant_id': '788ee208636e48028af5f5d2270301e9', 'tenant_name': 'tempest-AbsoluteLimitsNegativeTestJSON-348855269', 'user_domain_id': 'default', 'user_domain_name': 'Default', 'user_id': '55db3dbc73c74d3aae9de99cbe259dd5', 'system': None}, Network: None, Subnet: None, Router: None
2024-10-15 18:07:09.089 62096 INFO tempest.lib.common.rest_client [req-51a34b7d-b726-4de6-a151-e35707c0ad68 req-51a34b7d-b726-4de6-a151-e35707c0ad68 ] Request (KeyPairsNegativeTestJSON:setUpClass): 200 GET http://10.180.1.21/identity/v3/roles 0.032s
2024-10-15 18:07:09.090 62082 INFO tempest.lib.common.dynamic_creds [-] Created isolated network resources for: credentials: Credentials: {'domain_id': 'default', 'domain_name': 'Default', 'username': 'tempest-AbsoluteLimitsNegativeTestJSON-348855269-project-member', 'project_domain_id': 'default', 'project_domain_name': 'Default', 'project_id': '788ee208636e48028af5f5d2270301e9', 'project_name': 'tempest-AbsoluteLimitsNegativeTestJSON-348855269', 'tenant_id': '788ee208636e48028af5f5d2270301e9', 'tenant_name': 'tempest-AbsoluteLimitsNegativeTestJSON-348855269', 'user_domain_id': 'default', 'user_domain_name': 'Default', 'user_id': '55db3dbc73c74d3aae9de99cbe259dd5', 'system': None}, Network: None, Subnet: None, Router: None
2024-10-15 18:07:09.100 62074 INFO tempest.lib.common.rest_client [req-0c191c49-3e7f-48eb-92fc-9603c7b2f939 req-0c191c49-3e7f-48eb-92fc-9603c7b2f939 ] Request (TenantUsagesNegativeTestJSON:tearDownClass): 200 GET http://10.180.1.21:9696/networking/v2.0/security-groups?tenant_id=4b7e44fd67b749f5881a9518a3465d9e&name=default 0.444s
2024-10-15 18:07:09.200 62096 INFO tempest.lib.common.rest_client [req-2e19a921-2ad9-4960-9dda-680216104ce1 req-2e19a921-2ad9-4960-9dda-680216104ce1 ] Request (KeyPairsNegativeTestJSON:setUpClass): 204 PUT http://10.180.1.21/identity/v3/projects/5e6b44ff493444fda26b443205d915f6/users/8b7f1fb5787f4ae99341f6b33985e2bb/roles/51f3fbbc404246d793ed016c4e9fa765 0.110s
2024-10-15 18:07:09.200 62096 INFO tempest.lib.common.dynamic_creds [-] Dynamic test user 8b7f1fb5787f4ae99341f6b33985e2bb is created with scope project and roles: ['member']
2024-10-15 18:07:09.200 62096 INFO tempest.lib.common.dynamic_creds [-] Acquired dynamic creds: credentials: Credentials: {'domain_id': 'default', 'domain_name': 'Default', 'username': 'tempest-KeyPairsNegativeTestJSON-2043411501-project-member', 'project_domain_id': 'default', 'project_domain_name': 'Default', 'project_id': '5e6b44ff493444fda26b443205d915f6', 'project_name': 'tempest-KeyPairsNegativeTestJSON-2043411501', 'tenant_id': '5e6b44ff493444fda26b443205d915f6', 'tenant_name': 'tempest-KeyPairsNegativeTestJSON-2043411501', 'user_domain_id': 'default', 'user_domain_name': 'Default', 'user_id': '8b7f1fb5787f4ae99341f6b33985e2bb', 'system': None}, Network: None, Subnet: None, Router: None
2024-10-15 18:07:09.200 62096 INFO tempest.lib.common.dynamic_creds [-] Created isolated network resources for: credentials: Credentials: {'domain_id': 'default', 'domain_name': 'Default', 'username': 'tempest-KeyPairsNegativeTestJSON-2043411501-project-member', 'project_domain_id': 'default', 'project_domain_name': 'Default', 'project_id': '5e6b44ff493444fda26b443205d915f6', 'project_name': 'tempest-KeyPairsNegativeTestJSON-2043411501', 'tenant_id': '5e6b44ff493444fda26b443205d915f6', 'tenant_name': 'tempest-KeyPairsNegativeTestJSON-2043411501', 'user_domain_id': 'default', 'user_domain_name': 'Default', 'user_id': '8b7f1fb5787f4ae99341f6b33985e2bb', 'system': None}, Network: None, Subnet: None, Router: None
2024-10-15 18:07:09.211 62082 INFO tempest.lib.common.rest_client [req-c79f7071-de4c-4751-903f-eba784cc08e4 req-c79f7071-de4c-4751-903f-eba784cc08e4 ] Request (AbsoluteLimitsNegativeTestJSON:setUpClass): 201 POST http://10.180.1.21/identity/v3/auth/tokens 0.117s
2024-10-15 18:07:09.297 62096 INFO tempest.lib.common.rest_client [req-593a6735-5d68-4765-bdb5-62eb5ec1935f req-593a6735-5d68-4765-bdb5-62eb5ec1935f ] Request (KeyPairsNegativeTestJSON:setUpClass): 201 POST http://10.180.1.21/identity/v3/auth/tokens 0.092s
2024-10-15 18:07:09.476 62073 INFO tempest.lib.common.rest_client [req-7def1134-f50d-4456-ad84-9f2cdc16b8f6 req-7def1134-f50d-4456-ad84-9f2cdc16b8f6 ] Request (ImagesNegativeTestJSON:test_create_image_from_deleted_server): 200 GET http://10.180.1.21/compute/v2.1/servers/71380a36-8926-45d3-a70e-a7112bd1d06f 2.580s
2024-10-15 18:07:09.484 62073 INFO tempest.common.waiters [-] State transition "BUILD/None" ==> "BUILD/spawning" after 7 second wait
2024-10-15 18:07:09.493 62050 INFO tempest.lib.common.rest_client [req-fe100179-7bf6-426d-a82c-828ad76d5891 req-fe100179-7bf6-426d-a82c-828ad76d5891 ] Request (FlavorsExtraSpecsTestJSON:test_flavor_set_get_update_show_unset_keys): 200 GET http://10.180.1.21/compute/v2.1/flavors/708542757/os-extra_specs 2.392s
2024-10-15 18:07:09.515 62064 INFO tempest.lib.common.rest_client [req-9398f03c-a1e8-4211-ba6f-5979b2443651 req-9398f03c-a1e8-4211-ba6f-5979b2443651 ] Request (FlavorsV261TestJSON:_run_cleanups): 200 GET http://10.180.1.21/compute/v2.1/flavors/detail 2.397s
2024-10-15 18:07:09.533 62062 INFO tempest.lib.common.rest_client [req-9000408d-d264-49d3-9b81-451500797ced req-9000408d-d264-49d3-9b81-451500797ced ] Request (FlavorsAccessNegativeTestJSON:_run_cleanups): 200 GET http://10.180.1.21/compute/v2.1/flavors/detail 2.356s
2024-10-15 18:07:09.553 62078 INFO tempest.lib.common.rest_client [req-098d610f-01bf-4ce9-a466-9b98483870d6 req-098d610f-01bf-4ce9-a466-9b98483870d6 ] Request (FlavorsAdminTestJSON:_run_cleanups): 200 GET http://10.180.1.21/compute/v2.1/flavors/detail 2.359s
2024-10-15 18:07:09.580 62074 INFO tempest.lib.common.rest_client [req-19d6811b-fd8a-4be6-b135-7e7810d1cfdd req-19d6811b-fd8a-4be6-b135-7e7810d1cfdd ] Request (TenantUsagesNegativeTestJSON:tearDownClass): 204 DELETE http://10.180.1.21:9696/networking/v2.0/security-groups/99ed91e2-1096-4f26-ad95-954f86ebf587 0.479s
2024-10-15 18:07:09.580 62084 INFO tempest.lib.common.rest_client [req-46f01223-cd2c-403d-8310-bf374a89330c req-46f01223-cd2c-403d-8310-bf374a89330c ] Request (AggregatesAdminNegativeTestJSON:test_aggregate_add_host_as_user): 200 POST http://10.180.1.21/compute/v2.1/os-aggregates 2.364s
2024-10-15 18:07:09.601 62092 INFO tempest.lib.common.rest_client [req-10f0e1e5-adb2-4263-b3e0-a24ce807dc16 req-10f0e1e5-adb2-4263-b3e0-a24ce807dc16 ] Request (FlavorsV255TestJSON:_run_cleanups): 200 GET http://10.180.1.21/compute/v2.1/flavors/detail 2.378s
2024-10-15 18:07:09.617 62086 INFO tempest.lib.common.rest_client [req-e5011ff3-8d33-43af-9027-28a72d97e098 req-e5011ff3-8d33-43af-9027-28a72d97e098 ] Request (FlavorsAccessTestJSON:_run_cleanups): 200 GET http://10.180.1.21/compute/v2.1/flavors/detail 2.375s
2024-10-15 18:07:09.637 62090 INFO tempest.lib.common.rest_client [req-bb8572ed-a3ab-4bb8-a8eb-e313251d71c6 req-bb8572ed-a3ab-4bb8-a8eb-e313251d71c6 ] Request (KeyPairsV210TestJSON:_run_cleanups): 204 DELETE http://10.180.1.21/compute/v2.1/os-keypairs/tempest-keypair-486079916?user_id=0a9b4f9271af4a288000f65729c67ecb 2.374s
2024-10-15 18:07:09.698 62074 INFO tempest.lib.common.rest_client [req-4def391b-969f-4075-9817-f5596fcf34c9 req-4def391b-969f-4075-9817-f5596fcf34c9 ] Request (TenantUsagesNegativeTestJSON:tearDownClass): 204 DELETE http://10.180.1.21/identity/v3/projects/4b7e44fd67b749f5881a9518a3465d9e 0.118s
2024-10-15 18:07:09.735 62064 INFO tempest.lib.common.rest_client [req-72a59708-8a3d-47a0-9487-b8ac59d5ca4f req-72a59708-8a3d-47a0-9487-b8ac59d5ca4f ] Request (FlavorsV261TestJSON:tearDownClass): 204 DELETE http://10.180.1.21/identity/v3/users/9bbb467b0f1c409ca622fcf0edf0e99d 0.145s
2024-10-15 18:07:09.829 62104 INFO tempest.lib.common.rest_client [req-257467ca-cc66-41ca-bf87-d05beb1f53da req-257467ca-cc66-41ca-bf87-d05beb1f53da ] Request (ServicesAdminNegativeTestJSON:test_list_services_with_non_admin_user): 403 GET http://10.180.1.21/compute/v2.1/os-services 2.304s
2024-10-15 18:07:09.888 62074 INFO tempest.lib.common.rest_client [req-2c7205ab-d9cf-4333-bbe1-1a1814813c18 req-2c7205ab-d9cf-4333-bbe1-1a1814813c18 ] Request (ServersTestBootFromVolume:setUpClass): 201 POST http://10.180.1.21/identity/v3/auth/tokens 0.188s
2024-10-15 18:07:09.928 62044 INFO tempest.lib.common.rest_client [req-860e213e-01b8-4455-9e52-56bad3198202 req-860e213e-01b8-4455-9e52-56bad3198202 ] Request (MigrationsAdminTest:test_list_migrations_in_flavor_resize_situation): 200 GET http://10.180.1.21/compute/v2.1/servers/52b19347-a08f-44a7-8aad-22a3af5e291d 2.165s
2024-10-15 18:07:09.929 62092 INFO tempest.lib.common.rest_client [req-14a45fc8-c188-4c5f-9732-c0642b513ce0 req-14a45fc8-c188-4c5f-9732-c0642b513ce0 ] Request (FlavorsV255TestJSON:tearDownClass): 204 DELETE http://10.180.1.21/identity/v3/users/725bcf684b674d9ca779fada16991640 0.268s
2024-10-15 18:07:09.997 62064 INFO tempest.lib.common.rest_client [req-9076df5f-07bb-4cd3-aafb-e1aaf39bc665 req-9076df5f-07bb-4cd3-aafb-e1aaf39bc665 ] Request (FlavorsV261TestJSON:tearDownClass): 204 DELETE http://10.180.1.21/identity/v3/users/5e0bdb10e71341b3858a34ddc30cc1b6 0.262s
2024-10-15 18:07:09.997 62064 INFO tempest.lib.common.dynamic_creds [-] Deleting project and security group for project: 4fbecc23525047e3831ef8ddaaeb4ff6
2024-10-15 18:07:10.073 62074 INFO tempest.lib.common.rest_client [req-2c151a0b-473e-4385-abd0-2d76562dc7f9 req-2c151a0b-473e-4385-abd0-2d76562dc7f9 ] Request (ServersTestBootFromVolume:setUpClass): 201 POST http://10.180.1.21/identity/v3/auth/tokens 0.181s
2024-10-15 18:07:10.136 62104 INFO tempest.lib.common.rest_client [req-b2b22ebf-b1b0-458f-9b9d-2d780cb6689b req-b2b22ebf-b1b0-458f-9b9d-2d780cb6689b ] Request (ServicesAdminNegativeTestJSON:tearDownClass): 204 DELETE http://10.180.1.21/identity/v3/users/dafded7977ce49668997e88df2a5e9cb 0.306s
2024-10-15 18:07:10.148 62092 INFO tempest.lib.common.rest_client [req-a0336e69-ab10-4a8a-ad1a-0d887685acb4 req-a0336e69-ab10-4a8a-ad1a-0d887685acb4 ] Request (FlavorsV255TestJSON:tearDownClass): 204 DELETE http://10.180.1.21/identity/v3/users/83abf776e3ca4769a074e1c0ad57d101 0.219s
2024-10-15 18:07:10.149 62092 INFO tempest.lib.common.dynamic_creds [-] Deleting project and security group for project: 8df22bcf76ff4895a6e776541764bec6
2024-10-15 18:07:10.193 62080 INFO tempest.lib.common.rest_client [req-dbed50dd-9751-4be0-b3c6-bf7b68845a6c req-dbed50dd-9751-4be0-b3c6-bf7b68845a6c ] Request (FloatingIPsTestJSON:_run_cleanups): 202 DELETE http://10.180.1.21/compute/v2.1/os-floating-ips/951ded0c-bedd-4248-959c-b94fbbdcdc35 3.116s
2024-10-15 18:07:10.196 62066 INFO tempest.lib.common.rest_client [req-692222e3-0489-4b2c-a187-cd5ad932dc23 req-692222e3-0489-4b2c-a187-cd5ad932dc23 ] Request (InstanceActionsV221TestJSON:setUpClass): 200 PUT http://10.180.1.21:9696/networking/v2.0/routers/33ac2555-ca61-4574-95a8-4070d9cfc48b/add_router_interface 3.471s
2024-10-15 18:07:10.196 62066 INFO tempest.lib.common.dynamic_creds [-] Created isolated network resources for: credentials: Credentials: {'domain_id': 'default', 'domain_name': 'Default', 'username': 'tempest-InstanceActionsV221TestJSON-379107765-project-member', 'project_domain_id': 'default', 'project_domain_name': 'Default', 'project_id': 'd676693c21bd4d888177fa2c28fe1bcc', 'project_name': 'tempest-InstanceActionsV221TestJSON-379107765', 'tenant_id': 'd676693c21bd4d888177fa2c28fe1bcc', 'tenant_name': 'tempest-InstanceActionsV221TestJSON-379107765', 'user_domain_id': 'default', 'user_domain_name': 'Default', 'user_id': '201df270706c47dab68637483ce4a3e4', 'system': None}, Network: {'id': '56649371-c74e-4c49-8269-5dedaa06ea09', 'name': 'tempest-InstanceActionsV221TestJSON-668161936-network', 'tenant_id': 'd676693c21bd4d888177fa2c28fe1bcc', 'admin_state_up': True, 'mtu': 8950, 'status': 'ACTIVE', 'subnets': [], 'shared': False, 'project_id': 'd676693c21bd4d888177fa2c28fe1bcc', 'port_security_enabled': True, 'router:external': False, 'provider:network_type': 'vlan', 'provider:physical_network': 'default', 'provider:segmentation_id': 428, 'is_default': False, 'availability_zone_hints': [], 'availability_zones': [], 'ipv4_address_scope': None, 'ipv6_address_scope': None, 'description': '', 'tags': [], 'created_at': '2024-10-15T18:07:04Z', 'updated_at': '2024-10-15T18:07:04Z', 'revision_number': 1}, Subnet: {'id': '6e790c02-6ad1-43ad-8ddd-cd151bc2b20c', 'name': 'tempest-InstanceActionsV221TestJSON-668161936-subnet', 'tenant_id': 'd676693c21bd4d888177fa2c28fe1bcc', 'network_id': '56649371-c74e-4c49-8269-5dedaa06ea09', 'ip_version': 4, 'subnetpool_id': None, 'enable_dhcp': True, 'ipv6_ra_mode': None, 'ipv6_address_mode': None, 'gateway_ip': '192.168.128.1', 'cidr': '192.168.128.0/28', 'allocation_pools': [{'start': '192.168.128.2', 'end': '192.168.128.14'}], 'host_routes': [], 'dns_nameservers': [], 'description': '', 'router:external': False, 'service_types': [], 'tags': [], 'created_at': '2024-10-15T18:07:04Z', 'updated_at': '2024-10-15T18:07:04Z', 'revision_number': 0, 'project_id': 'd676693c21bd4d888177fa2c28fe1bcc'}, Router: {'id': '33ac2555-ca61-4574-95a8-4070d9cfc48b', 'name': 'tempest-InstanceActionsV221TestJSON-668161936-router', 'tenant_id': 'd676693c21bd4d888177fa2c28fe1bcc', 'admin_state_up': True, 'status': 'ACTIVE', 'external_gateway_info': {'network_id': '6bca443d-9504-4d58-b7d3-663a80e0b42d', 'external_fixed_ips': [{'subnet_id': '9db42702-6126-4011-9914-9e8939809c8b', 'ip_address': '10.180.180.198'}], 'enable_snat': True}, 'description': '', 'availability_zones': [], 'distributed': False, 'ha': False, 'availability_zone_hints': [], 'routes': [], 'flavor_id': None, 'tags': [], 'created_at': '2024-10-15T18:07:05Z', 'updated_at': '2024-10-15T18:07:06Z', 'revision_number': 2, 'project_id': 'd676693c21bd4d888177fa2c28fe1bcc'}
2024-10-15 18:07:10.209 62064 INFO tempest.lib.common.rest_client [req-932c3255-072c-4e8d-a535-eeb1f39719b8 req-932c3255-072c-4e8d-a535-eeb1f39719b8 ] Request (FlavorsV261TestJSON:tearDownClass): 201 POST http://10.180.1.21/identity/v3/auth/tokens 0.211s
2024-10-15 18:07:10.290 62100 INFO tempest.lib.common.rest_client [req-8ce6a96a-4125-4501-891c-0e54225191c5 req-8ce6a96a-4125-4501-891c-0e54225191c5 ] Request (DeleteServersAdminTestJSON:test_admin_delete_servers_of_others): 200 GET http://10.180.1.21/compute/v2.1/servers/22ce5e12-6c69-4316-b5f2-eed57a609369 1.952s
2024-10-15 18:07:10.336 62074 INFO tempest.lib.common.rest_client [req-4b3b263c-ab87-45fc-86d0-ba2aecef65d4 req-4b3b263c-ab87-45fc-86d0-ba2aecef65d4 ] Request (ServersTestBootFromVolume:setUpClass): 200 GET http://10.180.1.21/identity/v3/domains?name=Default 0.262s
2024-10-15 18:07:10.361 62042 INFO tempest.lib.common.rest_client [req-6443644e-8061-4802-9d4c-30dc24e57e86 req-6443644e-8061-4802-9d4c-30dc24e57e86 ] Request (FlavorsExtraSpecsNegativeTestJSON:test_flavor_get_nonexistent_key): 404 GET http://10.180.1.21/compute/v2.1/flavors/1074611246/os-extra_specs/hw:cpu_thread_policy 2.386s
2024-10-15 18:07:10.364 62070 INFO tempest.lib.common.rest_client [req-a1519f98-20f0-408d-a4ba-37c6fea615df req-a1519f98-20f0-408d-a4ba-37c6fea615df ] Request (ServersAdminTestJSON:setUpClass): 200 PUT http://10.180.1.21:9696/networking/v2.0/routers/99da282b-33ac-4af9-bfe3-1e20ad089120/add_router_interface 1.721s
2024-10-15 18:07:10.364 62070 INFO tempest.lib.common.dynamic_creds [-] Created isolated network resources for: credentials: Credentials: {'domain_id': 'default', 'domain_name': 'Default', 'username': 'tempest-ServersAdminTestJSON-2061045401-project-admin', 'project_domain_id': 'default', 'project_domain_name': 'Default', 'project_id': '37639bd43a5c480799d79c7d86d9cb35', 'project_name': 'tempest-ServersAdminTestJSON-2061045401', 'tenant_id': '37639bd43a5c480799d79c7d86d9cb35', 'tenant_name': 'tempest-ServersAdminTestJSON-2061045401', 'user_domain_id': 'default', 'user_domain_name': 'Default', 'user_id': 'f07a31ec0d3244419e910fb403abd60f', 'system': None}, Network: {'id': '2ee0a413-ff65-49ed-8899-7e4b91a08133', 'name': 'tempest-ServersAdminTestJSON-1225766033-network', 'tenant_id': '37639bd43a5c480799d79c7d86d9cb35', 'admin_state_up': True, 'mtu': 8950, 'status': 'ACTIVE', 'subnets': [], 'shared': False, 'project_id': '37639bd43a5c480799d79c7d86d9cb35', 'port_security_enabled': True, 'router:external': False, 'provider:network_type': 'vlan', 'provider:physical_network': 'default', 'provider:segmentation_id': 212, 'is_default': False, 'availability_zone_hints': [], 'availability_zones': [], 'ipv4_address_scope': None, 'ipv6_address_scope': None, 'description': '', 'tags': [], 'created_at': '2024-10-15T18:07:05Z', 'updated_at': '2024-10-15T18:07:05Z', 'revision_number': 1}, Subnet: {'id': 'c14e15e7-e02a-4630-894e-471cb7515c59', 'name': 'tempest-ServersAdminTestJSON-1225766033-subnet', 'tenant_id': '37639bd43a5c480799d79c7d86d9cb35', 'network_id': '2ee0a413-ff65-49ed-8899-7e4b91a08133', 'ip_version': 4, 'subnetpool_id': None, 'enable_dhcp': True, 'ipv6_ra_mode': None, 'ipv6_address_mode': None, 'gateway_ip': '192.168.128.1', 'cidr': '192.168.128.0/28', 'allocation_pools': [{'start': '192.168.128.2', 'end': '192.168.128.14'}], 'host_routes': [], 'dns_nameservers': [], 'description': '', 'router:external': False, 'service_types': [], 'tags': [], 'created_at': '2024-10-15T18:07:05Z', 'updated_at': '2024-10-15T18:07:05Z', 'revision_number': 0, 'project_id': '37639bd43a5c480799d79c7d86d9cb35'}, Router: {'id': '99da282b-33ac-4af9-bfe3-1e20ad089120', 'name': 'tempest-ServersAdminTestJSON-1225766033-router', 'tenant_id': '37639bd43a5c480799d79c7d86d9cb35', 'admin_state_up': True, 'status': 'ACTIVE', 'external_gateway_info': {'network_id': '6bca443d-9504-4d58-b7d3-663a80e0b42d', 'external_fixed_ips': [{'subnet_id': '9db42702-6126-4011-9914-9e8939809c8b', 'ip_address': '10.180.180.154'}], 'enable_snat': True}, 'description': '', 'availability_zones': [], 'distributed': False, 'ha': False, 'availability_zone_hints': [], 'routes': [], 'flavor_id': None, 'tags': [], 'created_at': '2024-10-15T18:07:06Z', 'updated_at': '2024-10-15T18:07:07Z', 'revision_number': 2, 'project_id': '37639bd43a5c480799d79c7d86d9cb35'}
2024-10-15 18:07:10.372 62054 INFO tempest.lib.common.rest_client [req-4ddfb906-5798-4d60-9268-c36d32c8abc0 req-4ddfb906-5798-4d60-9268-c36d32c8abc0 ] Request (ListImageFiltersTestJSON:setUpClass): 204 PUT http://10.180.1.21/image/v2/images/36c715ae-2bde-4a5b-93dd-c7e189ecf033/file 1.286s
2024-10-15 18:07:10.374 62092 INFO tempest.lib.common.rest_client [req-c856dbb3-6c42-4729-9e08-240a54b44480 req-c856dbb3-6c42-4729-9e08-240a54b44480 ] Request (FlavorsV255TestJSON:tearDownClass): 201 POST http://10.180.1.21/identity/v3/auth/tokens 0.225s
2024-10-15 18:07:10.391 62046 INFO tempest.lib.common.rest_client [req-4a1f3ac0-9da1-4124-9a14-172c6193675b req-4a1f3ac0-9da1-4124-9a14-172c6193675b ] Request (ServersWithSpecificFlavorTestJSON:test_verify_created_server_ephemeral_disk): 200 POST http://10.180.1.21/compute/v2.1/flavors 2.009s
2024-10-15 18:07:10.431 62104 INFO tempest.lib.common.rest_client [req-b0026833-839e-4669-a2f9-7f889cd6f356 req-b0026833-839e-4669-a2f9-7f889cd6f356 ] Request (ServicesAdminNegativeTestJSON:tearDownClass): 204 DELETE http://10.180.1.21/identity/v3/users/3c57e84fe53e4a98b34d925c7d59f1d4 0.295s
2024-10-15 18:07:10.431 62104 INFO tempest.lib.common.dynamic_creds [-] Deleting project and security group for project: 25319d6d3cd34a7480d1171e4478f6e3
2024-10-15 18:07:10.454 62066 INFO tempest.lib.common.rest_client [req-f667dfa3-0f2c-4b58-b6d3-36d189ad5dcd req-f667dfa3-0f2c-4b58-b6d3-36d189ad5dcd ] Request (InstanceActionsV221TestJSON:setUpClass): 201 POST http://10.180.1.21/identity/v3/auth/tokens 0.255s
2024-10-15 18:07:10.517 62048 INFO tempest.lib.common.rest_client [req-97d99c17-9dc0-4742-97d2-aede1a5090f9 req-97d99c17-9dc0-4742-97d2-aede1a5090f9 ] Request (SecurityGroupsTestAdminJSON:test_list_security_groups_list_all_tenants_filter): 200 GET http://10.180.1.21/compute/v2.1/os-security-groups?all_tenants=true 1.904s
2024-10-15 18:07:10.524 62074 INFO tempest.lib.common.rest_client [req-2199c2d1-b644-49c5-a957-6e5aad9a4b89 req-2199c2d1-b644-49c5-a957-6e5aad9a4b89 ] Request (ServersTestBootFromVolume:setUpClass): 201 POST http://10.180.1.21/identity/v3/projects 0.187s
2024-10-15 18:07:10.572 62070 INFO tempest.lib.common.rest_client [req-d033e5f4-906e-4fac-b458-3ace8b65db50 req-d033e5f4-906e-4fac-b458-3ace8b65db50 ] Request (ServersAdminTestJSON:setUpClass): 201 POST http://10.180.1.21/identity/v3/auth/tokens 0.202s
2024-10-15 18:07:10.576 62098 INFO tempest.lib.common.rest_client [req-12ba2800-7835-4250-8b1f-00622dce4bb8 req-12ba2800-7835-4250-8b1f-00622dce4bb8 ] Request (AttachInterfacesUnderV243Test:test_add_remove_fixed_ip): 200 GET http://10.180.1.21/compute/v2.1/servers/df2576da-dc49-4ced-9462-fa71710e2e2a 1.932s
2024-10-15 18:07:10.597 62104 INFO tempest.lib.common.rest_client [req-566face7-587b-4bf0-a4ec-c09b8dcba744 req-566face7-587b-4bf0-a4ec-c09b8dcba744 ] Request (ServicesAdminNegativeTestJSON:tearDownClass): 201 POST http://10.180.1.21/identity/v3/auth/tokens 0.165s
2024-10-15 18:07:10.646 62066 INFO tempest.lib.common.rest_client [req-c2eaf8ee-f2d2-4720-9523-7ceae54ac539 req-c2eaf8ee-f2d2-4720-9523-7ceae54ac539 ] Request (InstanceActionsV221TestJSON:test_get_list_deleted_instance_actions): 201 POST http://10.180.1.21/identity/v3/auth/tokens 0.186s
2024-10-15 18:07:10.647 62066 INFO tempest.lib.common.fixed_network [-] (InstanceActionsV221TestJSON:test_get_list_deleted_instance_actions) Found network {'id': '56649371-c74e-4c49-8269-5dedaa06ea09', 'name': 'tempest-InstanceActionsV221TestJSON-668161936-network', 'tenant_id': 'd676693c21bd4d888177fa2c28fe1bcc', 'admin_state_up': True, 'mtu': 8950, 'status': 'ACTIVE', 'subnets': [], 'shared': False, 'project_id': 'd676693c21bd4d888177fa2c28fe1bcc', 'port_security_enabled': True, 'router:external': False, 'provider:network_type': 'vlan', 'provider:physical_network': 'default', 'provider:segmentation_id': 428, 'is_default': False, 'availability_zone_hints': [], 'availability_zones': [], 'ipv4_address_scope': None, 'ipv6_address_scope': None, 'description': '', 'tags': [], 'created_at': '2024-10-15T18:07:04Z', 'updated_at': '2024-10-15T18:07:04Z', 'revision_number': 1} available for tenant
2024-10-15 18:07:10.668 62074 INFO tempest.lib.common.rest_client [req-ca4daf87-9039-4900-9549-e8d6914d158b req-ca4daf87-9039-4900-9549-e8d6914d158b ] Request (ServersTestBootFromVolume:setUpClass): 201 POST http://10.180.1.21/identity/v3/users 0.143s
2024-10-15 18:07:10.713 62064 INFO tempest.lib.common.rest_client [req-5e15f08c-19f6-4b69-96e0-87448cdd91e7 req-5e15f08c-19f6-4b69-96e0-87448cdd91e7 ] Request (FlavorsV261TestJSON:tearDownClass): 200 GET http://10.180.1.21:9696/networking/v2.0/security-groups?tenant_id=4fbecc23525047e3831ef8ddaaeb4ff6&name=default 0.502s
2024-10-15 18:07:10.726 62074 INFO tempest.lib.common.rest_client [req-01bd77f4-0a9d-4b83-a35c-e105f7777186 req-01bd77f4-0a9d-4b83-a35c-e105f7777186 ] Request (ServersTestBootFromVolume:setUpClass): 200 GET http://10.180.1.21/identity/v3/roles 0.057s
2024-10-15 18:07:10.733 62070 INFO tempest.lib.common.rest_client [req-cbc0be50-5372-4223-b0d0-1fc7152dc507 req-cbc0be50-5372-4223-b0d0-1fc7152dc507 ] Request (ServersAdminTestJSON:setUpClass): 201 POST http://10.180.1.21/identity/v3/auth/tokens 0.156s
2024-10-15 18:07:10.734 62070 INFO tempest.lib.common.fixed_network [-] (ServersAdminTestJSON:setUpClass) Found network {'id': '007c248e-dc6b-41b9-a996-b6694de6ec00', 'name': 'tempest-ServersAdminTestJSON-774569906-network', 'tenant_id': '738e028f263e4026ba95a5d491905d22', 'admin_state_up': True, 'mtu': 8950, 'status': 'ACTIVE', 'subnets': [], 'shared': False, 'project_id': '738e028f263e4026ba95a5d491905d22', 'port_security_enabled': True, 'router:external': False, 'provider:network_type': 'vlan', 'provider:physical_network': 'default', 'provider:segmentation_id': 95, 'is_default': False, 'availability_zone_hints': [], 'availability_zones': [], 'ipv4_address_scope': None, 'ipv6_address_scope': None, 'description': '', 'tags': [], 'created_at': '2024-10-15T18:06:58Z', 'updated_at': '2024-10-15T18:06:58Z', 'revision_number': 1} available for tenant
2024-10-15 18:07:10.736 62056 INFO tempest.lib.common.rest_client [req-97c279b8-4142-4085-bc66-c2b40963eb22 req-97c279b8-4142-4085-bc66-c2b40963eb22 ] Request (QuotasAdminNegativeTest:_run_cleanups): 200 PUT http://10.180.1.21/compute/v2.1/os-quota-sets/f1d20d07c45d47189901fa1f74b45a9d 2.391s
2024-10-15 18:07:10.763 62074 INFO tempest.lib.common.rest_client [req-dbaf72da-e12d-4493-9e9a-4c532e008f4a req-dbaf72da-e12d-4493-9e9a-4c532e008f4a ] Request (ServersTestBootFromVolume:setUpClass): 204 PUT http://10.180.1.21/identity/v3/projects/c479e0ae3b2845faa8000b9be6a35334/users/de484b686b994982b209128b2f798690/roles/51f3fbbc404246d793ed016c4e9fa765 0.036s
2024-10-15 18:07:10.763 62074 INFO tempest.lib.common.dynamic_creds [-] Dynamic test user de484b686b994982b209128b2f798690 is created with scope project and roles: ['member']
2024-10-15 18:07:10.764 62074 INFO tempest.lib.common.dynamic_creds [-] Acquired dynamic creds: credentials: Credentials: {'domain_id': 'default', 'domain_name': 'Default', 'username': 'tempest-ServersTestBootFromVolume-1815739798-project-member', 'project_domain_id': 'default', 'project_domain_name': 'Default', 'project_id': 'c479e0ae3b2845faa8000b9be6a35334', 'project_name': 'tempest-ServersTestBootFromVolume-1815739798', 'tenant_id': 'c479e0ae3b2845faa8000b9be6a35334', 'tenant_name': 'tempest-ServersTestBootFromVolume-1815739798', 'user_domain_id': 'default', 'user_domain_name': 'Default', 'user_id': 'de484b686b994982b209128b2f798690', 'system': None}, Network: None, Subnet: None, Router: None
2024-10-15 18:07:10.837 62094 INFO tempest.lib.common.rest_client [req-654d2f17-5419-44df-a5bc-f6c1284ab781 req-654d2f17-5419-44df-a5bc-f6c1284ab781 ] Request (InstanceActionsNegativeTestJSON:setUpClass): 200 GET http://10.180.1.21/compute/v2.1/servers/a1aca638-e9c4-4e3b-9855-f92e7bd67204 2.096s
2024-10-15 18:07:10.843 62074 INFO tempest.lib.common.rest_client [req-e7e540a1-ecfe-452d-855c-45cd81738966 req-e7e540a1-ecfe-452d-855c-45cd81738966 ] Request (ServersTestBootFromVolume:setUpClass): 201 POST http://10.180.1.21/identity/v3/auth/tokens 0.079s
2024-10-15 18:07:10.856 62104 INFO tempest.lib.common.rest_client [req-cce2b064-6e33-44d8-8b0d-9515e875accc req-cce2b064-6e33-44d8-8b0d-9515e875accc ] Request (ServicesAdminNegativeTestJSON:tearDownClass): 200 GET http://10.180.1.21:9696/networking/v2.0/security-groups?tenant_id=25319d6d3cd34a7480d1171e4478f6e3&name=default 0.259s
2024-10-15 18:07:10.866 62058 INFO tempest.lib.common.rest_client [req-6e6e314b-eca0-437d-8b36-fd08b33ea3b2 req-6e6e314b-eca0-437d-8b36-fd08b33ea3b2 ] Request (VolumesAssistedSnapshotsTest:setUpClass): 200 PUT http://10.180.1.21:9696/networking/v2.0/routers/a6426494-715e-4d6e-8247-5b26d1bed90c/add_router_interface 2.737s
2024-10-15 18:07:10.866 62058 INFO tempest.lib.common.dynamic_creds [-] Created isolated network resources for: credentials: Credentials: {'domain_id': 'default', 'domain_name': 'Default', 'username': 'tempest-VolumesAssistedSnapshotsTest-952262889-project', 'project_domain_id': 'default', 'project_domain_name': 'Default', 'project_id': 'a992744d901e408fb0be83fd6ee90150', 'project_name': 'tempest-VolumesAssistedSnapshotsTest-952262889', 'tenant_id': 'a992744d901e408fb0be83fd6ee90150', 'tenant_name': 'tempest-VolumesAssistedSnapshotsTest-952262889', 'user_domain_id': 'default', 'user_domain_name': 'Default', 'user_id': '46a13d6095534f6b93644f9e2d2cc7e2', 'system': None}, Network: {'id': '9020e145-c7e0-45a7-a8be-533fb5476c1b', 'name': 'tempest-VolumesAssistedSnapshotsTest-1413912305-network', 'tenant_id': 'a992744d901e408fb0be83fd6ee90150', 'admin_state_up': True, 'mtu': 8950, 'status': 'ACTIVE', 'subnets': [], 'shared': False, 'project_id': 'a992744d901e408fb0be83fd6ee90150', 'port_security_enabled': True, 'router:external': False, 'provider:network_type': 'vlan', 'provider:physical_network': 'default', 'provider:segmentation_id': 82, 'is_default': False, 'availability_zone_hints': [], 'availability_zones': [], 'ipv4_address_scope': None, 'ipv6_address_scope': None, 'description': '', 'tags': [], 'created_at': '2024-10-15T18:07:05Z', 'updated_at': '2024-10-15T18:07:05Z', 'revision_number': 1}, Subnet: {'id': '480f8dc8-fc6d-4fc0-8444-f7786098b14d', 'name': 'tempest-VolumesAssistedSnapshotsTest-1413912305-subnet', 'tenant_id': 'a992744d901e408fb0be83fd6ee90150', 'network_id': '9020e145-c7e0-45a7-a8be-533fb5476c1b', 'ip_version': 4, 'subnetpool_id': None, 'enable_dhcp': True, 'ipv6_ra_mode': None, 'ipv6_address_mode': None, 'gateway_ip': '192.168.128.1', 'cidr': '192.168.128.0/28', 'allocation_pools': [{'start': '192.168.128.2', 'end': '192.168.128.14'}], 'host_routes': [], 'dns_nameservers': [], 'description': '', 'router:external': False, 'service_types': [], 'tags': [], 'created_at': '2024-10-15T18:07:05Z', 'updated_at': '2024-10-15T18:07:05Z', 'revision_number': 0, 'project_id': 'a992744d901e408fb0be83fd6ee90150'}, Router: {'id': 'a6426494-715e-4d6e-8247-5b26d1bed90c', 'name': 'tempest-VolumesAssistedSnapshotsTest-1413912305-router', 'tenant_id': 'a992744d901e408fb0be83fd6ee90150', 'admin_state_up': True, 'status': 'ACTIVE', 'external_gateway_info': {'network_id': '6bca443d-9504-4d58-b7d3-663a80e0b42d', 'external_fixed_ips': [{'subnet_id': '9db42702-6126-4011-9914-9e8939809c8b', 'ip_address': '10.180.180.229'}], 'enable_snat': True}, 'description': '', 'availability_zones': [], 'distributed': False, 'ha': False, 'availability_zone_hints': [], 'routes': [], 'flavor_id': None, 'tags': [], 'created_at': '2024-10-15T18:07:06Z', 'updated_at': '2024-10-15T18:07:07Z', 'revision_number': 2, 'project_id': 'a992744d901e408fb0be83fd6ee90150'}
2024-10-15 18:07:10.872 62092 INFO tempest.lib.common.rest_client [req-7402fabc-7075-49b1-8518-643789bc1c90 req-7402fabc-7075-49b1-8518-643789bc1c90 ] Request (FlavorsV255TestJSON:tearDownClass): 200 GET http://10.180.1.21:9696/networking/v2.0/security-groups?tenant_id=8df22bcf76ff4895a6e776541764bec6&name=default 0.498s
2024-10-15 18:07:10.906 62102 INFO tempest.lib.common.rest_client [req-f6421136-7f32-4b07-88dd-4cb7840e6ad0 req-f6421136-7f32-4b07-88dd-4cb7840e6ad0 ] Request (QuotasAdminTestV236:test_get_updated_quotas): 200 PUT http://10.180.1.21/compute/v2.1/os-quota-sets/ca12a7c197a245788c861998da03c547?user_id=d8564181e9b14bbfaad7d915a69fe0e3 2.168s
2024-10-15 18:07:10.939 62076 INFO tempest.lib.common.rest_client [req-52bf8e18-b7af-48b8-9522-a2a2ae734cb4 req-52bf8e18-b7af-48b8-9522-a2a2ae734cb4 ] Request (ServerDiagnosticsNegativeTest:test_get_server_diagnostics_by_non_admin): 200 GET http://10.180.1.21/compute/v2.1/servers/e397a02e-26c6-4eb5-a242-5aa2b29fa29d 2.115s
2024-10-15 18:07:10.991 62064 INFO tempest.lib.common.rest_client [req-70f55561-3f52-40e1-837b-0f477bdbf0fd req-70f55561-3f52-40e1-837b-0f477bdbf0fd ] Request (FlavorsV261TestJSON:tearDownClass): 204 DELETE http://10.180.1.21:9696/networking/v2.0/security-groups/06607fe5-fb0b-462e-b7d3-61a79f54a08c 0.277s
2024-10-15 18:07:11.011 62058 INFO tempest.lib.common.rest_client [req-69c854c2-c5bd-4ba8-a6e5-01a13af13631 req-69c854c2-c5bd-4ba8-a6e5-01a13af13631 ] Request (VolumesAssistedSnapshotsTest:setUpClass): 201 POST http://10.180.1.21/identity/v3/auth/tokens 0.096s
2024-10-15 18:07:11.068 62064 INFO tempest.lib.common.rest_client [req-d18ae3ef-3c86-4866-a2c4-e405cdbd3361 req-d18ae3ef-3c86-4866-a2c4-e405cdbd3361 ] Request (FlavorsV261TestJSON:tearDownClass): 204 DELETE http://10.180.1.21/identity/v3/projects/4fbecc23525047e3831ef8ddaaeb4ff6 0.077s
2024-10-15 18:07:11.069 62064 INFO tempest.lib.common.dynamic_creds [-] Deleting project and security group for project: 36512d7fcec24a2a9d5215700a61c50f
2024-10-15 18:07:11.069 62092 INFO tempest.lib.common.rest_client [req-dec36666-dc40-43ce-a1c9-13b1e47a6ce6 req-dec36666-dc40-43ce-a1c9-13b1e47a6ce6 ] Request (FlavorsV255TestJSON:tearDownClass): 204 DELETE http://10.180.1.21:9696/networking/v2.0/security-groups/d1651263-8c0d-414e-b5d0-b67deaa41d93 0.196s
2024-10-15 18:07:11.077 62104 INFO tempest.lib.common.rest_client [req-8c3d104d-ce99-4110-8b92-2618c80b01f0 req-8c3d104d-ce99-4110-8b92-2618c80b01f0 ] Request (ServicesAdminNegativeTestJSON:tearDownClass): 204 DELETE http://10.180.1.21:9696/networking/v2.0/security-groups/28124328-6990-4e09-9293-31fc1d07ef32 0.220s
2024-10-15 18:07:11.176 62096 INFO tempest.lib.common.rest_client [req-bb0e8f8e-e76f-47c2-b634-745d4b6af562 req-bb0e8f8e-e76f-47c2-b634-745d4b6af562 ] Request (KeyPairsNegativeTestJSON:test_create_keypair_invalid_name): 400 POST http://10.180.1.21/compute/v2.1/os-keypairs 1.878s
