2024-10-15 18:07:52.720 62046 INFO tempest.lib.common.rest_client [req-432c6a6e-d716-4a0a-a0af-b9457a42a5b7 req-432c6a6e-d716-4a0a-a0af-b9457a42a5b7 ] Request (ServersWithSpecificFlavorTestJSON:test_verify_created_server_ephemeral_disk): 200 GET http://10.180.1.21/compute/v2.1/servers/b68b509e-96dc-489d-9cf1-93ba91095af1 0.128s
2024-10-15 18:07:52.747 62074 INFO tempest.lib.common.rest_client [req-9432a167-e5f8-4991-8462-0449c48f19dc req-9432a167-e5f8-4991-8462-0449c48f19dc ] Request (ServersTestBootFromVolume:setUpClass): 200 GET http://10.180.1.21/compute/v2.1/servers/56d26d08-3c6d-45e8-b238-6dbca6024561 0.090s
2024-10-15 18:07:52.764 62096 INFO tempest.lib.common.rest_client [req-c1d33c53-2ce9-4cf1-af60-523114f20480 req-c1d33c53-2ce9-4cf1-af60-523114f20480 ] Request (SecurityGroupsTestJSON:setUpClass): 201 POST http://10.180.1.21:9696/networking/v2.0/networks 0.398s
2024-10-15 18:07:52.782 62054 INFO tempest.lib.common.rest_client [req-04957efc-7904-4b49-9974-c8a9c59786be req-04957efc-7904-4b49-9974-c8a9c59786be ] Request (ListImageFiltersTestJSON:setUpClass): 200 GET http://10.180.1.21/compute/v2.1/servers/53d3e2f2-f63d-45c7-a5d1-1fa9a9f0ac0f 0.104s
2024-10-15 18:07:52.842 62078 INFO tempest.lib.common.rest_client [req-9eca967c-d613-4755-b28a-20fa4a30d7f5 req-9eca967c-d613-4755-b28a-20fa4a30d7f5 ] Request (ImagesOneServerTestJSON:setUpClass): 200 GET http://10.180.1.21/compute/v2.1/servers/294f0a37-7589-405d-a324-13099c80f458 0.125s
2024-10-15 18:07:52.888 62050 INFO tempest.lib.common.rest_client [req-aecbfc22-4325-4604-8619-e499e02a1349 req-aecbfc22-4325-4604-8619-e499e02a1349 ] Request (ServerPasswordTestJSON:setUpClass): 200 GET http://10.180.1.21/compute/v2.1/servers/0d757385-ff1c-49c9-825f-f9d542ae074f 0.123s
2024-10-15 18:07:52.942 62086 INFO tempest.lib.common.rest_client [req-61f2ad75-10cc-42bb-985e-ad3a5298c54e req-61f2ad75-10cc-42bb-985e-ad3a5298c54e ] Request (VolumesAdminNegativeTest:test_update_attached_volume_with_nonexistent_volume_in_body): 200 GET http://10.180.1.21/compute/v2.1/servers/b7d55e87-95db-4c45-9417-bbece4fbb98d 0.174s
2024-10-15 18:07:52.966 62088 INFO tempest.lib.common.rest_client [req-638b71ec-e5f3-417d-9937-37b9e7d80328 req-638b71ec-e5f3-417d-9937-37b9e7d80328 ] Request (InstanceActionsTestJSON:setUpClass): 200 GET http://10.180.1.21/compute/v2.1/servers/2681766c-0468-4170-8c51-03389e2bd1ab 0.262s
2024-10-15 18:07:52.996 62094 INFO tempest.lib.common.rest_client [req-8db45a7a-cb17-4475-99ca-61e2da7cc24d req-8db45a7a-cb17-4475-99ca-61e2da7cc24d ] Request (InstanceActionsNegativeTestJSON:setUpClass): 200 GET http://10.180.1.21/compute/v2.1/servers/a1aca638-e9c4-4e3b-9855-f92e7bd67204 0.178s
2024-10-15 18:07:53.002 62094 INFO tempest.common.waiters [-] State transition "BUILD/spawning" ==> "BUILD/scheduling" after 46 second wait
2024-10-15 18:07:53.024 62042 INFO tempest.lib.common.rest_client [req-ea99b095-e2de-4949-a79d-6185bc737678 req-ea99b095-e2de-4949-a79d-6185bc737678 ] Request (ServerDiagnosticsTest:test_get_server_diagnostics): 200 GET http://10.180.1.21/compute/v2.1/servers/79fc9ea2-c427-47ce-acdb-1002ee5d78c9 0.198s
2024-10-15 18:07:53.045 62082 INFO tempest.lib.common.rest_client [req-3d7f8dd6-b7e0-4597-bed0-9b09a7362600 req-3d7f8dd6-b7e0-4597-bed0-9b09a7362600 ] Request (ServersTestMultiNic:test_verify_duplicate_network_nics): 200 GET http://10.180.1.21/compute/v2.1/servers/c2d1c9f6-f458-4843-982c-afdb2a90edae 0.176s
2024-10-15 18:07:53.097 62070 INFO tempest.lib.common.rest_client [req-d36717af-db23-4a73-99c4-f9c38cc8127e req-d36717af-db23-4a73-99c4-f9c38cc8127e ] Request (ServersAdminTestJSON:setUpClass): 200 GET http://10.180.1.21/compute/v2.1/servers/8905f20f-28a6-49f4-88bf-e52177c6a4b6 0.215s
2024-10-15 18:07:53.100 62092 INFO tempest.lib.common.rest_client [req-68216435-f775-47c2-95b3-8da4433878f2 req-68216435-f775-47c2-95b3-8da4433878f2 ] Request (ServersAdminNegativeTestJSON:setUpClass): 200 GET http://10.180.1.21/compute/v2.1/servers/89ce0fd8-6a22-4b1c-bdff-d1584abd538a 0.182s
2024-10-15 18:07:53.153 62096 INFO tempest.lib.common.rest_client [req-c6c426bf-1eb0-4a13-a2e0-56b780550559 req-c6c426bf-1eb0-4a13-a2e0-56b780550559 ] Request (SecurityGroupsTestJSON:setUpClass): 201 POST http://10.180.1.21:9696/networking/v2.0/subnets 0.388s
2024-10-15 18:07:53.157 62062 INFO tempest.lib.common.rest_client [req-9b5927a1-6fa8-44e4-802c-ba5ea0624b64 req-9b5927a1-6fa8-44e4-802c-ba5ea0624b64 ] Request (ServerExternalEventsTest:test_create_server_external_events): 200 GET http://10.180.1.21/compute/v2.1/servers/d5434dd2-206f-4a1e-b97b-bd6f691b6ddf 0.223s
2024-10-15 18:07:53.158 62044 INFO tempest.lib.common.rest_client [req-4603306b-d201-453a-bb7f-109cb7d33999 req-4603306b-d201-453a-bb7f-109cb7d33999 ] Request (MigrationsAdminTest:test_resize_server_revert_deleted_flavor): 200 GET http://10.180.1.21/compute/v2.1/servers/e66c921c-320e-4347-96c9-27aa80ba7f41 0.152s
2024-10-15 18:07:53.208 62084 INFO tempest.lib.common.rest_client [req-0302a265-353d-487c-9f20-c172f8740798 req-0302a265-353d-487c-9f20-c172f8740798 ] Request (ServersTestJSON:setUpClass): 200 GET http://10.180.1.21/compute/v2.1/servers/eca2e3da-b38c-482e-b9b6-4ad75d83caa1 0.120s
2024-10-15 18:07:53.217 62066 INFO tempest.lib.common.rest_client [req-9a28acf0-7076-4546-ae0d-2f4842634b3f req-9a28acf0-7076-4546-ae0d-2f4842634b3f ] Request (InstanceActionsV221TestJSON:test_get_list_deleted_instance_actions): 200 GET http://10.180.1.21/compute/v2.1/servers/123f15be-3b56-4999-8010-40d2e86a6813 0.056s
2024-10-15 18:07:53.292 62058 INFO tempest.lib.common.rest_client [req-926a4cc3-3d70-4556-a799-312a496c5a53 req-926a4cc3-3d70-4556-a799-312a496c5a53 ] Request (VolumesAssistedSnapshotsTest:test_volume_assisted_snapshot_create_delete): 200 GET http://10.180.1.21/compute/v2.1/servers/76722306-a9ad-4ef9-b579-d958c36cf6bc 0.052s
2024-10-15 18:07:53.364 62073 INFO tempest.lib.common.rest_client [req-179e11c0-17a8-4bb0-986f-92419810b36f req-179e11c0-17a8-4bb0-986f-92419810b36f ] Request (ImagesOneServerNegativeTestJSON:setUpClass): 200 GET http://10.180.1.21/compute/v2.1/servers/8d0cdc81-56ed-4a7a-8221-30bb906e16b2 0.060s
2024-10-15 18:07:53.436 62061 INFO tempest.lib.common.rest_client [req-781ab92d-91eb-491e-acb0-573af25796e2 req-781ab92d-91eb-491e-acb0-573af25796e2 ] Request (ImagesTestJSON:test_create_image_from_suspended_server): 200 GET http://10.180.1.21/compute/v2.1/servers/65f3b2f3-6d25-44f0-95cb-f9a7e75f8e82 0.058s
2024-10-15 18:07:53.522 62080 INFO tempest.lib.common.rest_client [req-eb5a48bd-dead-47af-a4b7-e14a0c1421bc req-eb5a48bd-dead-47af-a4b7-e14a0c1421bc ] Request (ServersTestManualDisk:setUpClass): 200 GET http://10.180.1.21/compute/v2.1/servers/38a79453-939d-4649-9419-a2799636180d 0.081s
2024-10-15 18:07:53.567 62056 INFO tempest.lib.common.rest_client [req-828bcd4f-f4af-45b3-b786-f18b768813c2 req-828bcd4f-f4af-45b3-b786-f18b768813c2 ] Request (AttachInterfacesTestJSON:test_create_list_show_delete_interfaces_by_fixed_ip): 200 GET http://10.180.1.21/compute/v2.1/servers/b8249dc5-5561-454a-aa01-477f9f1fc0e1 0.052s
2024-10-15 18:07:53.610 62100 INFO tempest.lib.common.rest_client [req-0955fadb-7bf7-4b59-a07a-6fe5c5973da4 req-0955fadb-7bf7-4b59-a07a-6fe5c5973da4 ] Request (DeleteServersAdminTestJSON:test_delete_server_while_in_error_state): 200 GET http://10.180.1.21/compute/v2.1/servers/ddc801a0-0782-4c6d-bd72-95d0afd01339 0.056s
2024-10-15 18:07:53.629 62064 INFO tempest.lib.common.rest_client [req-dfa7ba98-7ec3-4f9a-9653-627910326229 req-dfa7ba98-7ec3-4f9a-9653-627910326229 ] Request (FloatingIPsAssociationTestJSON:setUpClass): 200 GET http://10.180.1.21/compute/v2.1/servers/88cb0961-ad34-4ffc-8fb2-6034f08ee740 0.057s
2024-10-15 18:07:53.668 62098 INFO tempest.lib.common.rest_client [req-102ca79e-2a59-4d43-bb67-7ba5bcc552e6 req-102ca79e-2a59-4d43-bb67-7ba5bcc552e6 ] Request (ServersTestFqdnHostnames:test_create_server_with_fqdn_name): 200 GET http://10.180.1.21/compute/v2.1/servers/46c34ed0-9bac-4803-8d5c-3a3346a64117 0.054s
2024-10-15 18:07:53.694 62068 INFO tempest.lib.common.rest_client [req-20705139-21cc-40be-9426-e9279fea0833 req-20705139-21cc-40be-9426-e9279fea0833 ] Request (ServersAdmin275Test:test_rebuild_update_server_275): 200 GET http://10.180.1.21/compute/v2.1/servers/9db80c3c-e2c3-4034-a79a-d7be924c4ff6 0.074s
2024-10-15 18:07:53.730 62048 INFO tempest.lib.common.rest_client [req-d4ec2951-6868-4fbe-a231-cb7d8194262f req-d4ec2951-6868-4fbe-a231-cb7d8194262f ] Request (ServerShowV254Test:test_rebuild_server): 200 GET http://10.180.1.21/compute/v2.1/servers/8016bafc-b287-4df1-bd4b-a00210177a86 0.054s
2024-10-15 18:07:53.744 62052 INFO tempest.lib.common.rest_client [req-8d710c39-f1e4-4ad2-b929-aa907af6a641 req-8d710c39-f1e4-4ad2-b929-aa907af6a641 ] Request (ListServerFiltersTestJSON:setUpClass): 200 GET http://10.180.1.21/compute/v2.1/servers/7fcee323-8ea6-4f69-9f1e-f2105af0fe96 0.062s
2024-10-15 18:07:53.781 62046 INFO tempest.lib.common.rest_client [req-cf2da5ef-663f-4067-8427-8c63abe874e6 req-cf2da5ef-663f-4067-8427-8c63abe874e6 ] Request (ServersWithSpecificFlavorTestJSON:test_verify_created_server_ephemeral_disk): 200 GET http://10.180.1.21/compute/v2.1/servers/b68b509e-96dc-489d-9cf1-93ba91095af1 0.048s
2024-10-15 18:07:53.806 62074 INFO tempest.lib.common.rest_client [req-835df3b4-64d6-4a54-892f-54baa5b87359 req-835df3b4-64d6-4a54-892f-54baa5b87359 ] Request (ServersTestBootFromVolume:setUpClass): 200 GET http://10.180.1.21/compute/v2.1/servers/56d26d08-3c6d-45e8-b238-6dbca6024561 0.051s
2024-10-15 18:07:53.833 62054 INFO tempest.lib.common.rest_client [req-8f05791f-9adb-45cd-9f1e-5b41f385403c req-8f05791f-9adb-45cd-9f1e-5b41f385403c ] Request (ListImageFiltersTestJSON:setUpClass): 200 GET http://10.180.1.21/compute/v2.1/servers/53d3e2f2-f63d-45c7-a5d1-1fa9a9f0ac0f 0.044s
2024-10-15 18:07:53.906 62078 INFO tempest.lib.common.rest_client [req-9695d749-7b97-42c7-aaa8-568b2604a2e3 req-9695d749-7b97-42c7-aaa8-568b2604a2e3 ] Request (ImagesOneServerTestJSON:setUpClass): 200 GET http://10.180.1.21/compute/v2.1/servers/294f0a37-7589-405d-a324-13099c80f458 0.056s
2024-10-15 18:07:53.927 62096 INFO tempest.lib.common.rest_client [req-bdd2f5b2-a8e8-4ba8-9280-46c3b085298f req-bdd2f5b2-a8e8-4ba8-9280-46c3b085298f ] Request (SecurityGroupsTestJSON:setUpClass): 201 POST http://10.180.1.21:9696/networking/v2.0/routers 0.773s
2024-10-15 18:07:53.954 62050 INFO tempest.lib.common.rest_client [req-a9671bb5-8184-4d04-920c-02d4d42675e2 req-a9671bb5-8184-4d04-920c-02d4d42675e2 ] Request (ServerPasswordTestJSON:setUpClass): 200 GET http://10.180.1.21/compute/v2.1/servers/0d757385-ff1c-49c9-825f-f9d542ae074f 0.056s
2024-10-15 18:07:54.010 62086 INFO tempest.lib.common.rest_client [req-ca7e6eab-a86e-4b32-98f0-7c0dae492678 req-ca7e6eab-a86e-4b32-98f0-7c0dae492678 ] Request (VolumesAdminNegativeTest:test_update_attached_volume_with_nonexistent_volume_in_body): 200 GET http://10.180.1.21/compute/v2.1/servers/b7d55e87-95db-4c45-9417-bbece4fbb98d 0.060s
2024-10-15 18:07:54.042 62088 INFO tempest.lib.common.rest_client [req-f30b05a2-5acd-417b-96d8-2fa00cbb7e56 req-f30b05a2-5acd-417b-96d8-2fa00cbb7e56 ] Request (InstanceActionsTestJSON:setUpClass): 200 GET http://10.180.1.21/compute/v2.1/servers/2681766c-0468-4170-8c51-03389e2bd1ab 0.068s
2024-10-15 18:07:54.068 62094 INFO tempest.lib.common.rest_client [req-d3ea65b9-a5d0-4d9f-88d1-2f0f78560cfb req-d3ea65b9-a5d0-4d9f-88d1-2f0f78560cfb ] Request (InstanceActionsNegativeTestJSON:setUpClass): 200 GET http://10.180.1.21/compute/v2.1/servers/a1aca638-e9c4-4e3b-9855-f92e7bd67204 0.065s
2024-10-15 18:07:54.077 62094 INFO tempest.common.waiters [-] State transition "BUILD/scheduling" ==> "ERROR/None" after 47 second wait
2024-10-15 18:07:54.093 62042 INFO tempest.lib.common.rest_client [req-77f6331f-b937-47df-8f62-84375d1afcbb req-77f6331f-b937-47df-8f62-84375d1afcbb ] Request (ServerDiagnosticsTest:test_get_server_diagnostics): 200 GET http://10.180.1.21/compute/v2.1/servers/79fc9ea2-c427-47ce-acdb-1002ee5d78c9 0.061s
2024-10-15 18:07:54.125 62082 INFO tempest.lib.common.rest_client [req-160c9a12-477f-43cf-9793-6ff4fd99b6e2 req-160c9a12-477f-43cf-9793-6ff4fd99b6e2 ] Request (ServersTestMultiNic:test_verify_duplicate_network_nics): 200 GET http://10.180.1.21/compute/v2.1/servers/c2d1c9f6-f458-4843-982c-afdb2a90edae 0.071s
2024-10-15 18:07:54.177 62092 INFO tempest.lib.common.rest_client [req-f719389b-dd7c-45d2-ac57-22abd68e16a9 req-f719389b-dd7c-45d2-ac57-22abd68e16a9 ] Request (ServersAdminNegativeTestJSON:setUpClass): 200 GET http://10.180.1.21/compute/v2.1/servers/89ce0fd8-6a22-4b1c-bdff-d1584abd538a 0.068s
2024-10-15 18:07:54.227 62070 INFO tempest.lib.common.rest_client [req-4c4b6810-928c-4df1-a64f-ccf86bd11755 req-4c4b6810-928c-4df1-a64f-ccf86bd11755 ] Request (ServersAdminTestJSON:setUpClass): 200 GET http://10.180.1.21/compute/v2.1/servers/8905f20f-28a6-49f4-88bf-e52177c6a4b6 0.114s
2024-10-15 18:07:54.279 62062 INFO tempest.lib.common.rest_client [req-b7fa0098-5f13-471f-b09b-501585589aab req-b7fa0098-5f13-471f-b09b-501585589aab ] Request (ServerExternalEventsTest:test_create_server_external_events): 200 GET http://10.180.1.21/compute/v2.1/servers/d5434dd2-206f-4a1e-b97b-bd6f691b6ddf 0.114s
2024-10-15 18:07:54.302 62094 INFO tempest.lib.common.rest_client [req-63a51a9d-6b7d-4a5b-b2d9-9967a552259e req-63a51a9d-6b7d-4a5b-b2d9-9967a552259e ] Request (InstanceActionsNegativeTestJSON:setUpClass): 204 DELETE http://10.180.1.21/compute/v2.1/servers/a1aca638-e9c4-4e3b-9855-f92e7bd67204 0.225s
2024-10-15 18:07:54.342 62044 INFO tempest.lib.common.rest_client [req-7b6fc36a-1884-4441-8bd4-81f5c2c8fa1f req-7b6fc36a-1884-4441-8bd4-81f5c2c8fa1f ] Request (MigrationsAdminTest:test_resize_server_revert_deleted_flavor): 200 GET http://10.180.1.21/compute/v2.1/servers/e66c921c-320e-4347-96c9-27aa80ba7f41 0.173s
2024-10-15 18:07:54.366 62084 INFO tempest.lib.common.rest_client [req-119fee16-f0d3-4f60-98e7-a6167e9ec61f req-119fee16-f0d3-4f60-98e7-a6167e9ec61f ] Request (ServersTestJSON:setUpClass): 200 GET http://10.180.1.21/compute/v2.1/servers/eca2e3da-b38c-482e-b9b6-4ad75d83caa1 0.150s
2024-10-15 18:07:54.403 62066 INFO tempest.lib.common.rest_client [req-d585735d-b47b-4f8c-8505-77b233df087d req-d585735d-b47b-4f8c-8505-77b233df087d ] Request (InstanceActionsV221TestJSON:test_get_list_deleted_instance_actions): 200 GET http://10.180.1.21/compute/v2.1/servers/123f15be-3b56-4999-8010-40d2e86a6813 0.177s
2024-10-15 18:07:54.415 62058 INFO tempest.lib.common.rest_client [req-11ae6906-f28e-4613-931d-4a227e311233 req-11ae6906-f28e-4613-931d-4a227e311233 ] Request (VolumesAssistedSnapshotsTest:test_volume_assisted_snapshot_create_delete): 200 GET http://10.180.1.21/compute/v2.1/servers/76722306-a9ad-4ef9-b579-d958c36cf6bc 0.115s
2024-10-15 18:07:54.419 62094 INFO tempest.lib.common.rest_client [req-1791476f-8699-45ef-a106-208ab29af52e req-1791476f-8699-45ef-a106-208ab29af52e ] Request (InstanceActionsNegativeTestJSON:setUpClass): 404 GET http://10.180.1.21/compute/v2.1/servers/a1aca638-e9c4-4e3b-9855-f92e7bd67204 0.117s
2024-10-15 18:07:54.420 62094 INFO tempest.test [-] raised in InstanceActionsNegativeTestJSON.setUpClass. Invoking tearDownClass.
2024-10-15 18:07:54.475 62073 INFO tempest.lib.common.rest_client [req-4dc5d537-3fb5-4be1-9122-1f260bfceeb9 req-4dc5d537-3fb5-4be1-9122-1f260bfceeb9 ] Request (ImagesOneServerNegativeTestJSON:setUpClass): 200 GET http://10.180.1.21/compute/v2.1/servers/8d0cdc81-56ed-4a7a-8221-30bb906e16b2 0.105s
2024-10-15 18:07:54.495 62061 INFO tempest.lib.common.rest_client [req-e618316c-c9f9-4393-8028-6729350efebe req-e618316c-c9f9-4393-8028-6729350efebe ] Request (ImagesTestJSON:test_create_image_from_suspended_server): 200 GET http://10.180.1.21/compute/v2.1/servers/65f3b2f3-6d25-44f0-95cb-f9a7e75f8e82 0.052s
2024-10-15 18:07:54.586 62080 INFO tempest.lib.common.rest_client [req-f397e459-fe69-4de2-a5ac-6bf125acd69a req-f397e459-fe69-4de2-a5ac-6bf125acd69a ] Request (ServersTestManualDisk:setUpClass): 200 GET http://10.180.1.21/compute/v2.1/servers/38a79453-939d-4649-9419-a2799636180d 0.057s
2024-10-15 18:07:54.632 62056 INFO tempest.lib.common.rest_client [req-244ffc25-e79c-41a9-957d-c7e03b3e7c01 req-244ffc25-e79c-41a9-957d-c7e03b3e7c01 ] Request (AttachInterfacesTestJSON:test_create_list_show_delete_interfaces_by_fixed_ip): 200 GET http://10.180.1.21/compute/v2.1/servers/b8249dc5-5561-454a-aa01-477f9f1fc0e1 0.058s
2024-10-15 18:07:54.694 62064 INFO tempest.lib.common.rest_client [req-b17035d3-12c6-4522-b3d3-4431ff36c026 req-b17035d3-12c6-4522-b3d3-4431ff36c026 ] Request (FloatingIPsAssociationTestJSON:setUpClass): 200 GET http://10.180.1.21/compute/v2.1/servers/88cb0961-ad34-4ffc-8fb2-6034f08ee740 0.051s
2024-10-15 18:07:54.749 62098 INFO tempest.lib.common.rest_client [req-6fecbca5-1642-49e1-9ecb-54b1a5184d97 req-6fecbca5-1642-49e1-9ecb-54b1a5184d97 ] Request (ServersTestFqdnHostnames:test_create_server_with_fqdn_name): 200 GET http://10.180.1.21/compute/v2.1/servers/46c34ed0-9bac-4803-8d5c-3a3346a64117 0.066s
2024-10-15 18:07:54.805 62100 INFO tempest.lib.common.rest_client [req-690f3c40-600e-46c6-9fca-deff417916d6 req-690f3c40-600e-46c6-9fca-deff417916d6 ] Request (DeleteServersAdminTestJSON:test_delete_server_while_in_error_state): 200 GET http://10.180.1.21/compute/v2.1/servers/ddc801a0-0782-4c6d-bd72-95d0afd01339 0.187s
2024-10-15 18:07:54.822 62068 INFO tempest.lib.common.rest_client [req-7419e922-b6a5-4643-ad01-f7e01e1e5d3a req-7419e922-b6a5-4643-ad01-f7e01e1e5d3a ] Request (ServersAdmin275Test:test_rebuild_update_server_275): 200 GET http://10.180.1.21/compute/v2.1/servers/9db80c3c-e2c3-4034-a79a-d7be924c4ff6 0.119s
2024-10-15 18:07:54.865 62048 INFO tempest.lib.common.rest_client [req-de3e430e-fe70-43af-8e33-8af6f581c312 req-de3e430e-fe70-43af-8e33-8af6f581c312 ] Request (ServerShowV254Test:test_rebuild_server): 200 GET http://10.180.1.21/compute/v2.1/servers/8016bafc-b287-4df1-bd4b-a00210177a86 0.125s
2024-10-15 18:07:54.885 62052 INFO tempest.lib.common.rest_client [req-9d39a2a4-b3dd-4b40-bd76-e429fc32938d req-9d39a2a4-b3dd-4b40-bd76-e429fc32938d ] Request (ListServerFiltersTestJSON:setUpClass): 200 GET http://10.180.1.21/compute/v2.1/servers/7fcee323-8ea6-4f69-9f1e-f2105af0fe96 0.131s
2024-10-15 18:07:54.926 62046 INFO tempest.lib.common.rest_client [req-e7689898-41d1-4b10-98bf-942bfec8d0c3 req-e7689898-41d1-4b10-98bf-942bfec8d0c3 ] Request (ServersWithSpecificFlavorTestJSON:test_verify_created_server_ephemeral_disk): 200 GET http://10.180.1.21/compute/v2.1/servers/b68b509e-96dc-489d-9cf1-93ba91095af1 0.139s
2024-10-15 18:07:54.941 62074 INFO tempest.lib.common.rest_client [req-38b90e07-2b72-4ca4-80c8-52e0af6c1494 req-38b90e07-2b72-4ca4-80c8-52e0af6c1494 ] Request (ServersTestBootFromVolume:setUpClass): 200 GET http://10.180.1.21/compute/v2.1/servers/56d26d08-3c6d-45e8-b238-6dbca6024561 0.129s
2024-10-15 18:07:54.954 62096 INFO tempest.lib.common.rest_client [req-5aa0bee6-3f4c-45a6-9a37-3ae5e767a2c4 req-5aa0bee6-3f4c-45a6-9a37-3ae5e767a2c4 ] Request (SecurityGroupsTestJSON:setUpClass): 200 PUT http://10.180.1.21:9696/networking/v2.0/routers/ecd62b83-08f3-4dd2-8486-6c69c984f1cd/add_router_interface 1.027s
2024-10-15 18:07:54.955 62096 INFO tempest.lib.common.dynamic_creds [-] Created isolated network resources for: credentials: Credentials: {'domain_id': 'default', 'domain_name': 'Default', 'username': 'tempest-SecurityGroupsTestJSON-1213485581-project-member', 'project_domain_id': 'default', 'project_domain_name': 'Default', 'project_id': 'cfce93add38d40d79f294017f52e13d5', 'project_name': 'tempest-SecurityGroupsTestJSON-1213485581', 'tenant_id': 'cfce93add38d40d79f294017f52e13d5', 'tenant_name': 'tempest-SecurityGroupsTestJSON-1213485581', 'user_domain_id': 'default', 'user_domain_name': 'Default', 'user_id': 'e32051e5482847ce85b4f9fa6e89f9e1', 'system': None}, Network: {'id': 'dfb52c93-e553-40d9-acb5-768cc6b67c89', 'name': 'tempest-SecurityGroupsTestJSON-1006891343-network', 'tenant_id': 'cfce93add38d40d79f294017f52e13d5', 'admin_state_up': True, 'mtu': 8950, 'status': 'ACTIVE', 'subnets': [], 'shared': False, 'project_id': 'cfce93add38d40d79f294017f52e13d5', 'port_security_enabled': True, 'router:external': False, 'provider:network_type': 'vlan', 'provider:physical_network': 'default', 'provider:segmentation_id': 871, 'is_default': False, 'availability_zone_hints': [], 'availability_zones': [], 'ipv4_address_scope': None, 'ipv6_address_scope': None, 'description': '', 'tags': [], 'created_at': '2024-10-15T18:07:52Z', 'updated_at': '2024-10-15T18:07:52Z', 'revision_number': 1}, Subnet: {'id': '335a1941-6bdc-432f-a655-3799def42f95', 'name': 'tempest-SecurityGroupsTestJSON-1006891343-subnet', 'tenant_id': 'cfce93add38d40d79f294017f52e13d5', 'network_id': 'dfb52c93-e553-40d9-acb5-768cc6b67c89', 'ip_version': 4, 'subnetpool_id': None, 'enable_dhcp': True, 'ipv6_ra_mode': None, 'ipv6_address_mode': None, 'gateway_ip': '192.168.128.1', 'cidr': '192.168.128.0/28', 'allocation_pools': [{'start': '192.168.128.2', 'end': '192.168.128.14'}], 'host_routes': [], 'dns_nameservers': [], 'description': '', 'router:external': False, 'service_types': [], 'tags': [], 'created_at': '2024-10-15T18:07:52Z', 'updated_at': '2024-10-15T18:07:52Z', 'revision_number': 0, 'project_id': 'cfce93add38d40d79f294017f52e13d5'}, Router: {'id': 'ecd62b83-08f3-4dd2-8486-6c69c984f1cd', 'name': 'tempest-SecurityGroupsTestJSON-1006891343-router', 'tenant_id': 'cfce93add38d40d79f294017f52e13d5', 'admin_state_up': True, 'status': 'ACTIVE', 'external_gateway_info': {'network_id': '6bca443d-9504-4d58-b7d3-663a80e0b42d', 'external_fixed_ips': [{'subnet_id': '9db42702-6126-4011-9914-9e8939809c8b', 'ip_address': '10.180.180.224'}], 'enable_snat': True}, 'description': '', 'availability_zones': [], 'distributed': False, 'ha': False, 'availability_zone_hints': [], 'routes': [], 'flavor_id': None, 'tags': [], 'created_at': '2024-10-15T18:07:53Z', 'updated_at': '2024-10-15T18:07:53Z', 'revision_number': 2, 'project_id': 'cfce93add38d40d79f294017f52e13d5'}
2024-10-15 18:07:54.980 62054 INFO tempest.lib.common.rest_client [req-d6cf340b-80b3-4e09-9207-3c24cc29f5ae req-d6cf340b-80b3-4e09-9207-3c24cc29f5ae ] Request (ListImageFiltersTestJSON:setUpClass): 200 GET http://10.180.1.21/compute/v2.1/servers/53d3e2f2-f63d-45c7-a5d1-1fa9a9f0ac0f 0.140s
2024-10-15 18:07:54.994 62078 INFO tempest.lib.common.rest_client [req-fbfb4c09-d1b4-4a8d-b335-6be0450b634b req-fbfb4c09-d1b4-4a8d-b335-6be0450b634b ] Request (ImagesOneServerTestJSON:setUpClass): 200 GET http://10.180.1.21/compute/v2.1/servers/294f0a37-7589-405d-a324-13099c80f458 0.081s
2024-10-15 18:07:55.035 62050 INFO tempest.lib.common.rest_client [req-42453b38-79d3-479c-95d4-df489e16c758 req-42453b38-79d3-479c-95d4-df489e16c758 ] Request (ServerPasswordTestJSON:setUpClass): 200 GET http://10.180.1.21/compute/v2.1/servers/0d757385-ff1c-49c9-825f-f9d542ae074f 0.073s
2024-10-15 18:07:55.047 62096 INFO tempest.lib.common.rest_client [req-c9b98801-fa14-4b82-9dbf-377638410c69 req-c9b98801-fa14-4b82-9dbf-377638410c69 ] Request (SecurityGroupsTestJSON:setUpClass): 201 POST http://10.180.1.21/identity/v3/auth/tokens 0.089s
2024-10-15 18:07:55.081 62086 INFO tempest.lib.common.rest_client [req-f0967204-7d87-45df-9add-492ae412b366 req-f0967204-7d87-45df-9add-492ae412b366 ] Request (VolumesAdminNegativeTest:test_update_attached_volume_with_nonexistent_volume_in_body): 200 GET http://10.180.1.21/compute/v2.1/servers/b7d55e87-95db-4c45-9417-bbece4fbb98d 0.060s
2024-10-15 18:07:55.132 62088 INFO tempest.lib.common.rest_client [req-a88452d8-0543-4e21-941a-0edf1137653c req-a88452d8-0543-4e21-941a-0edf1137653c ] Request (InstanceActionsTestJSON:setUpClass): 200 GET http://10.180.1.21/compute/v2.1/servers/2681766c-0468-4170-8c51-03389e2bd1ab 0.080s
2024-10-15 18:07:55.188 62042 INFO tempest.lib.common.rest_client [req-03850c58-0a9c-462d-a23d-460ee4bd0659 req-03850c58-0a9c-462d-a23d-460ee4bd0659 ] Request (ServerDiagnosticsTest:test_get_server_diagnostics): 200 GET http://10.180.1.21/compute/v2.1/servers/79fc9ea2-c427-47ce-acdb-1002ee5d78c9 0.086s
2024-10-15 18:07:55.240 62082 INFO tempest.lib.common.rest_client [req-8b9eb040-6069-403c-b793-ee2b1c4affd4 req-8b9eb040-6069-403c-b793-ee2b1c4affd4 ] Request (ServersTestMultiNic:test_verify_duplicate_network_nics): 200 GET http://10.180.1.21/compute/v2.1/servers/c2d1c9f6-f458-4843-982c-afdb2a90edae 0.108s
2024-10-15 18:07:55.289 62092 INFO tempest.lib.common.rest_client [req-477a2ca0-1ca5-4e82-9b43-b0fb9fc5f01f req-477a2ca0-1ca5-4e82-9b43-b0fb9fc5f01f ] Request (ServersAdminNegativeTestJSON:setUpClass): 200 GET http://10.180.1.21/compute/v2.1/servers/89ce0fd8-6a22-4b1c-bdff-d1584abd538a 0.102s
2024-10-15 18:07:55.315 62096 INFO tempest.lib.common.rest_client [req-501695da-339d-4979-9604-20a8c9c4ea78 req-501695da-339d-4979-9604-20a8c9c4ea78 ] Request (SecurityGroupsTestJSON:test_list_security_groups_by_server): 200 POST http://10.180.1.21/compute/v2.1/os-security-groups 0.267s
2024-10-15 18:07:55.338 62070 INFO tempest.lib.common.rest_client [req-ccf8e18c-04bb-4379-bedc-235ddcb94e93 req-ccf8e18c-04bb-4379-bedc-235ddcb94e93 ] Request (ServersAdminTestJSON:setUpClass): 200 GET http://10.180.1.21/compute/v2.1/servers/8905f20f-28a6-49f4-88bf-e52177c6a4b6 0.103s
2024-10-15 18:07:55.387 62062 INFO tempest.lib.common.rest_client [req-09216be7-31f7-43a7-9968-5dec7a42bb3a req-09216be7-31f7-43a7-9968-5dec7a42bb3a ] Request (ServerExternalEventsTest:test_create_server_external_events): 200 GET http://10.180.1.21/compute/v2.1/servers/d5434dd2-206f-4a1e-b97b-bd6f691b6ddf 0.101s
2024-10-15 18:07:55.401 62094 INFO tempest.lib.common.rest_client [req-9c001552-29ef-49f3-8766-37fd1a15355d req-9c001552-29ef-49f3-8766-37fd1a15355d ] Request (InstanceActionsNegativeTestJSON:tearDownClass): 200 PUT http://10.180.1.21:9696/networking/v2.0/routers/0d7c7920-f226-4db9-b3ae-e8ec09b0d32b/remove_router_interface 0.981s
2024-10-15 18:07:55.441 62044 INFO tempest.lib.common.rest_client [req-bab5ac94-cc0d-4fcd-8649-9df32e3cd23e req-bab5ac94-cc0d-4fcd-8649-9df32e3cd23e ] Request (MigrationsAdminTest:test_resize_server_revert_deleted_flavor): 200 GET http://10.180.1.21/compute/v2.1/servers/e66c921c-320e-4347-96c9-27aa80ba7f41 0.092s
2024-10-15 18:07:55.496 62084 INFO tempest.lib.common.rest_client [req-da9d3464-976d-4a6a-84a9-7208ef1a56e2 req-da9d3464-976d-4a6a-84a9-7208ef1a56e2 ] Request (ServersTestJSON:setUpClass): 200 GET http://10.180.1.21/compute/v2.1/servers/eca2e3da-b38c-482e-b9b6-4ad75d83caa1 0.121s
2024-10-15 18:07:55.507 62096 INFO tempest.lib.common.rest_client [req-0c38a053-4ed7-4f64-beaa-aebe30ddfcf7 req-0c38a053-4ed7-4f64-beaa-aebe30ddfcf7 ] Request (SecurityGroupsTestJSON:test_list_security_groups_by_server): 200 POST http://10.180.1.21/compute/v2.1/os-security-groups 0.188s
2024-10-15 18:07:55.559 62096 INFO tempest.lib.common.rest_client [req-9aba9ab7-8d7a-42b0-a6eb-3de22e52d0ae req-9aba9ab7-8d7a-42b0-a6eb-3de22e52d0ae ] Request (SecurityGroupsTestJSON:test_list_security_groups_by_server): 201 POST http://10.180.1.21/identity/v3/auth/tokens 0.044s
2024-10-15 18:07:55.559 62096 INFO tempest.lib.common.fixed_network [-] (SecurityGroupsTestJSON:test_list_security_groups_by_server) Found network {'id': 'dfb52c93-e553-40d9-acb5-768cc6b67c89', 'name': 'tempest-SecurityGroupsTestJSON-1006891343-network', 'tenant_id': 'cfce93add38d40d79f294017f52e13d5', 'admin_state_up': True, 'mtu': 8950, 'status': 'ACTIVE', 'subnets': [], 'shared': False, 'project_id': 'cfce93add38d40d79f294017f52e13d5', 'port_security_enabled': True, 'router:external': False, 'provider:network_type': 'vlan', 'provider:physical_network': 'default', 'provider:segmentation_id': 871, 'is_default': False, 'availability_zone_hints': [], 'availability_zones': [], 'ipv4_address_scope': None, 'ipv6_address_scope': None, 'description': '', 'tags': [], 'created_at': '2024-10-15T18:07:52Z', 'updated_at': '2024-10-15T18:07:52Z', 'revision_number': 1} available for tenant
2024-10-15 18:07:55.572 62066 INFO tempest.lib.common.rest_client [req-942ee7bb-d359-468c-a41a-79abc68cddce req-942ee7bb-d359-468c-a41a-79abc68cddce ] Request (InstanceActionsV221TestJSON:test_get_list_deleted_instance_actions): 200 GET http://10.180.1.21/compute/v2.1/servers/123f15be-3b56-4999-8010-40d2e86a6813 0.160s
2024-10-15 18:07:55.573 62058 INFO tempest.lib.common.rest_client [req-dbc213d5-4fad-4bf5-b1a7-e5e8ff0cd768 req-dbc213d5-4fad-4bf5-b1a7-e5e8ff0cd768 ] Request (VolumesAssistedSnapshotsTest:test_volume_assisted_snapshot_create_delete): 200 GET http://10.180.1.21/compute/v2.1/servers/76722306-a9ad-4ef9-b579-d958c36cf6bc 0.149s
2024-10-15 18:07:55.628 62073 INFO tempest.lib.common.rest_client [req-33c8e934-4e01-4bca-bffa-c67f0a46f5e6 req-33c8e934-4e01-4bca-bffa-c67f0a46f5e6 ] Request (ImagesOneServerNegativeTestJSON:setUpClass): 200 GET http://10.180.1.21/compute/v2.1/servers/8d0cdc81-56ed-4a7a-8221-30bb906e16b2 0.145s
2024-10-15 18:07:55.630 62061 INFO tempest.lib.common.rest_client [req-051c4646-86f0-4320-9f72-09f68822f9ee req-051c4646-86f0-4320-9f72-09f68822f9ee ] Request (ImagesTestJSON:test_create_image_from_suspended_server): 200 GET http://10.180.1.21/compute/v2.1/servers/65f3b2f3-6d25-44f0-95cb-f9a7e75f8e82 0.126s
2024-10-15 18:07:55.695 62080 INFO tempest.lib.common.rest_client [req-9816a13e-8e4c-4297-b4e7-f1a5ab6faf57 req-9816a13e-8e4c-4297-b4e7-f1a5ab6faf57 ] Request (ServersTestManualDisk:setUpClass): 200 GET http://10.180.1.21/compute/v2.1/servers/38a79453-939d-4649-9419-a2799636180d 0.101s
2024-10-15 18:07:55.754 62056 INFO tempest.lib.common.rest_client [req-3736e86e-7a42-448c-84cf-e25e846baa5f req-3736e86e-7a42-448c-84cf-e25e846baa5f ] Request (AttachInterfacesTestJSON:test_create_list_show_delete_interfaces_by_fixed_ip): 200 GET http://10.180.1.21/compute/v2.1/servers/b8249dc5-5561-454a-aa01-477f9f1fc0e1 0.111s
2024-10-15 18:07:55.811 62064 INFO tempest.lib.common.rest_client [req-ecd20b37-39ea-4032-bf25-65b438adc1c6 req-ecd20b37-39ea-4032-bf25-65b438adc1c6 ] Request (FloatingIPsAssociationTestJSON:setUpClass): 200 GET http://10.180.1.21/compute/v2.1/servers/88cb0961-ad34-4ffc-8fb2-6034f08ee740 0.110s
2024-10-15 18:07:55.873 62098 INFO tempest.lib.common.rest_client [req-4f82cf41-60cc-4039-a516-55af5d94e718 req-4f82cf41-60cc-4039-a516-55af5d94e718 ] Request (ServersTestFqdnHostnames:test_create_server_with_fqdn_name): 200 GET http://10.180.1.21/compute/v2.1/servers/46c34ed0-9bac-4803-8d5c-3a3346a64117 0.113s
2024-10-15 18:07:55.934 62100 INFO tempest.lib.common.rest_client [req-7ee4a9e5-2293-45f4-b93f-7b4036d09137 req-7ee4a9e5-2293-45f4-b93f-7b4036d09137 ] Request (DeleteServersAdminTestJSON:test_delete_server_while_in_error_state): 200 GET http://10.180.1.21/compute/v2.1/servers/ddc801a0-0782-4c6d-bd72-95d0afd01339 0.114s
2024-10-15 18:07:55.944 62094 INFO tempest.lib.common.rest_client [req-c772572b-f1a8-4112-aeab-e692b9a90995 req-c772572b-f1a8-4112-aeab-e692b9a90995 ] Request (InstanceActionsNegativeTestJSON:tearDownClass): 204 DELETE http://10.180.1.21:9696/networking/v2.0/routers/0d7c7920-f226-4db9-b3ae-e8ec09b0d32b 0.543s
2024-10-15 18:07:55.978 62096 INFO tempest.lib.common.rest_client [req-05ef4399-8310-428c-ba55-af11abf4e445 req-05ef4399-8310-428c-ba55-af11abf4e445 ] Request (SecurityGroupsTestJSON:test_list_security_groups_by_server): 202 POST http://10.180.1.21/compute/v2.1/servers 0.417s
2024-10-15 18:07:56.010 62068 INFO tempest.lib.common.rest_client [req-688b5cbb-382d-4e39-89fc-15db443dd7b2 req-688b5cbb-382d-4e39-89fc-15db443dd7b2 ] Request (ServersAdmin275Test:test_rebuild_update_server_275): 200 GET http://10.180.1.21/compute/v2.1/servers/9db80c3c-e2c3-4034-a79a-d7be924c4ff6 0.175s
2024-10-15 18:07:56.028 62048 INFO tempest.lib.common.rest_client [req-7f131640-36b1-45c6-8664-7b7b10022c99 req-7f131640-36b1-45c6-8664-7b7b10022c99 ] Request (ServerShowV254Test:test_rebuild_server): 200 GET http://10.180.1.21/compute/v2.1/servers/8016bafc-b287-4df1-bd4b-a00210177a86 0.145s
2024-10-15 18:07:56.077 62046 INFO tempest.lib.common.rest_client [req-dde0a568-4679-4a89-bb1f-552a9f2b4f11 req-dde0a568-4679-4a89-bb1f-552a9f2b4f11 ] Request (ServersWithSpecificFlavorTestJSON:test_verify_created_server_ephemeral_disk): 200 GET http://10.180.1.21/compute/v2.1/servers/b68b509e-96dc-489d-9cf1-93ba91095af1 0.142s
2024-10-15 18:07:56.134 62074 INFO tempest.lib.common.rest_client [req-9888daee-67b8-40f6-978f-4c201cee9e2d req-9888daee-67b8-40f6-978f-4c201cee9e2d ] Request (ServersTestBootFromVolume:setUpClass): 200 GET http://10.180.1.21/compute/v2.1/servers/56d26d08-3c6d-45e8-b238-6dbca6024561 0.181s
2024-10-15 18:07:56.170 62096 INFO tempest.lib.common.rest_client [req-313073d3-b918-4d44-ace9-fc19599f6d76 req-313073d3-b918-4d44-ace9-fc19599f6d76 ] Request (SecurityGroupsTestJSON:test_list_security_groups_by_server): 200 GET http://10.180.1.21/compute/v2.1/servers/294adb58-f23e-4510-a25a-de6b909e3189 0.191s
2024-10-15 18:07:56.202 62052 INFO tempest.lib.common.rest_client [req-b8083032-2321-4334-a1b1-ca7817e95539 req-b8083032-2321-4334-a1b1-ca7817e95539 ] Request (ListServerFiltersTestJSON:setUpClass): 200 GET http://10.180.1.21/compute/v2.1/servers/7fcee323-8ea6-4f69-9f1e-f2105af0fe96 0.308s
2024-10-15 18:07:56.225 62054 INFO tempest.lib.common.rest_client [req-59d9f923-de3a-43e0-b366-c81195cb08ee req-59d9f923-de3a-43e0-b366-c81195cb08ee ] Request (ListImageFiltersTestJSON:setUpClass): 200 GET http://10.180.1.21/compute/v2.1/servers/53d3e2f2-f63d-45c7-a5d1-1fa9a9f0ac0f 0.238s
2024-10-15 18:07:56.269 62078 INFO tempest.lib.common.rest_client [req-80136bee-8074-45ca-8003-29507b07482d req-80136bee-8074-45ca-8003-29507b07482d ] Request (ImagesOneServerTestJSON:setUpClass): 200 GET http://10.180.1.21/compute/v2.1/servers/294f0a37-7589-405d-a324-13099c80f458 0.264s
2024-10-15 18:07:56.277 62094 INFO tempest.lib.common.rest_client [req-025003b0-0f6b-4ac0-94f2-92b63fa7786f req-025003b0-0f6b-4ac0-94f2-92b63fa7786f ] Request (InstanceActionsNegativeTestJSON:tearDownClass): 204 DELETE http://10.180.1.21:9696/networking/v2.0/subnets/527f5762-e046-473e-8489-583384276cf1 0.329s
2024-10-15 18:07:56.280 62050 INFO tempest.lib.common.rest_client [req-d0e1b643-d9a2-4d31-90ca-f7153a8ad6e9 req-d0e1b643-d9a2-4d31-90ca-f7153a8ad6e9 ] Request (ServerPasswordTestJSON:setUpClass): 200 GET http://10.180.1.21/compute/v2.1/servers/0d757385-ff1c-49c9-825f-f9d542ae074f 0.237s
2024-10-15 18:07:56.316 62086 INFO tempest.lib.common.rest_client [req-6ccba443-b587-4d41-a90a-00733d977242 req-6ccba443-b587-4d41-a90a-00733d977242 ] Request (VolumesAdminNegativeTest:test_update_attached_volume_with_nonexistent_volume_in_body): 200 GET http://10.180.1.21/compute/v2.1/servers/b7d55e87-95db-4c45-9417-bbece4fbb98d 0.222s
2024-10-15 18:07:56.328 62088 INFO tempest.lib.common.rest_client [req-c9fd715c-a2e6-44ad-8079-b03a623e130e req-c9fd715c-a2e6-44ad-8079-b03a623e130e ] Request (InstanceActionsTestJSON:setUpClass): 200 GET http://10.180.1.21/compute/v2.1/servers/2681766c-0468-4170-8c51-03389e2bd1ab 0.185s
2024-10-15 18:07:56.364 62042 INFO tempest.lib.common.rest_client [req-6a3f89c2-4b88-44e1-8e0d-c533de71a8be req-6a3f89c2-4b88-44e1-8e0d-c533de71a8be ] Request (ServerDiagnosticsTest:test_get_server_diagnostics): 200 GET http://10.180.1.21/compute/v2.1/servers/79fc9ea2-c427-47ce-acdb-1002ee5d78c9 0.169s
2024-10-15 18:07:56.378 62082 INFO tempest.lib.common.rest_client [req-e565ce33-7b38-45b8-97c6-8b318ec7f0d7 req-e565ce33-7b38-45b8-97c6-8b318ec7f0d7 ] Request (ServersTestMultiNic:test_verify_duplicate_network_nics): 200 GET http://10.180.1.21/compute/v2.1/servers/c2d1c9f6-f458-4843-982c-afdb2a90edae 0.127s
2024-10-15 18:07:56.413 62092 INFO tempest.lib.common.rest_client [req-5754899d-2693-436a-b86b-154be16de983 req-5754899d-2693-436a-b86b-154be16de983 ] Request (ServersAdminNegativeTestJSON:setUpClass): 200 GET http://10.180.1.21/compute/v2.1/servers/89ce0fd8-6a22-4b1c-bdff-d1584abd538a 0.111s
2024-10-15 18:07:56.431 62070 INFO tempest.lib.common.rest_client [req-3322390f-4316-49dd-b9da-6e79041144d3 req-3322390f-4316-49dd-b9da-6e79041144d3 ] Request (ServersAdminTestJSON:setUpClass): 200 GET http://10.180.1.21/compute/v2.1/servers/8905f20f-28a6-49f4-88bf-e52177c6a4b6 0.082s
2024-10-15 18:07:56.461 62062 INFO tempest.lib.common.rest_client [req-7b64556a-8cfd-45a6-a99a-80291efa2ebf req-7b64556a-8cfd-45a6-a99a-80291efa2ebf ] Request (ServerExternalEventsTest:test_create_server_external_events): 200 GET http://10.180.1.21/compute/v2.1/servers/d5434dd2-206f-4a1e-b97b-bd6f691b6ddf 0.065s
2024-10-15 18:07:56.502 62044 INFO tempest.lib.common.rest_client [req-690ad598-7066-4e3c-bf5c-914815c4c150 req-690ad598-7066-4e3c-bf5c-914815c4c150 ] Request (MigrationsAdminTest:test_resize_server_revert_deleted_flavor): 200 GET http://10.180.1.21/compute/v2.1/servers/e66c921c-320e-4347-96c9-27aa80ba7f41 0.051s
2024-10-15 18:07:56.555 62094 INFO tempest.lib.common.rest_client [req-5770896a-203a-4557-bf11-7a64e58ba248 req-5770896a-203a-4557-bf11-7a64e58ba248 ] Request (InstanceActionsNegativeTestJSON:tearDownClass): 204 DELETE http://10.180.1.21:9696/networking/v2.0/networks/54c759f2-55fe-4fb5-8fac-13ae76e11f5e 0.278s
2024-10-15 18:07:56.563 62084 INFO tempest.lib.common.rest_client [req-1f74f464-0aa8-427d-8ec0-ad881c53a6f1 req-1f74f464-0aa8-427d-8ec0-ad881c53a6f1 ] Request (ServersTestJSON:setUpClass): 200 GET http://10.180.1.21/compute/v2.1/servers/eca2e3da-b38c-482e-b9b6-4ad75d83caa1 0.059s
2024-10-15 18:07:56.636 62094 INFO tempest.lib.common.rest_client [req-9c322b2c-1dfe-4010-97d8-14192d85cc99 req-9c322b2c-1dfe-4010-97d8-14192d85cc99 ] Request (InstanceActionsNegativeTestJSON:tearDownClass): 204 DELETE http://10.180.1.21/identity/v3/users/16d82fc5a2024983a812d058a58fe0a1 0.080s
2024-10-15 18:07:56.636 62094 INFO tempest.lib.common.dynamic_creds [-] Deleting project and security group for project: d7d5c8f62f5d4b7e8315da2e6f8ba8fc
2024-10-15 18:07:56.640 62058 INFO tempest.lib.common.rest_client [req-2bc14259-1d8b-4cf8-b206-5ed5e3db89c9 req-2bc14259-1d8b-4cf8-b206-5ed5e3db89c9 ] Request (VolumesAssistedSnapshotsTest:test_volume_assisted_snapshot_create_delete): 200 GET http://10.180.1.21/compute/v2.1/servers/76722306-a9ad-4ef9-b579-d958c36cf6bc 0.056s
2024-10-15 18:07:56.649 62066 INFO tempest.lib.common.rest_client [req-b0dc5c11-9b5c-454d-9f98-66971c13cdd7 req-b0dc5c11-9b5c-454d-9f98-66971c13cdd7 ] Request (InstanceActionsV221TestJSON:test_get_list_deleted_instance_actions): 200 GET http://10.180.1.21/compute/v2.1/servers/123f15be-3b56-4999-8010-40d2e86a6813 0.065s
2024-10-15 18:07:56.667 62094 INFO tempest.lib.common.rest_client [req-8c321570-8e68-4a55-a7d0-d41a0725d447 req-8c321570-8e68-4a55-a7d0-d41a0725d447 ] Request (InstanceActionsNegativeTestJSON:tearDownClass): 200 GET http://10.180.1.21:9696/networking/v2.0/security-groups?tenant_id=d7d5c8f62f5d4b7e8315da2e6f8ba8fc&name=default 0.031s
2024-10-15 18:07:56.694 62073 INFO tempest.lib.common.rest_client [req-ac7494cc-5206-4f41-a45f-9eca2e8a7bcb req-ac7494cc-5206-4f41-a45f-9eca2e8a7bcb ] Request (ImagesOneServerNegativeTestJSON:setUpClass): 200 GET http://10.180.1.21/compute/v2.1/servers/8d0cdc81-56ed-4a7a-8221-30bb906e16b2 0.059s
2024-10-15 18:07:56.698 62061 INFO tempest.lib.common.rest_client [req-7763c85f-41ae-4dd3-9c1b-79341a25c244 req-7763c85f-41ae-4dd3-9c1b-79341a25c244 ] Request (ImagesTestJSON:test_create_image_from_suspended_server): 200 GET http://10.180.1.21/compute/v2.1/servers/65f3b2f3-6d25-44f0-95cb-f9a7e75f8e82 0.054s
2024-10-15 18:07:56.756 62080 INFO tempest.lib.common.rest_client [req-8d9e9cee-48fa-4c70-8425-035728d4e48d req-8d9e9cee-48fa-4c70-8425-035728d4e48d ] Request (ServersTestManualDisk:setUpClass): 200 GET http://10.180.1.21/compute/v2.1/servers/38a79453-939d-4649-9419-a2799636180d 0.050s
2024-10-15 18:07:56.773 62094 INFO tempest.lib.common.rest_client [req-20f43f4a-e19b-4c8f-a6ce-c47ca7283535 req-20f43f4a-e19b-4c8f-a6ce-c47ca7283535 ] Request (InstanceActionsNegativeTestJSON:tearDownClass): 204 DELETE http://10.180.1.21:9696/networking/v2.0/security-groups/4bfd3f03-95c3-42d9-86a5-b8a1b07d52ef 0.105s
2024-10-15 18:07:56.817 62056 INFO tempest.lib.common.rest_client [req-8b0081ec-42c9-481b-9468-305f9a710adc req-8b0081ec-42c9-481b-9468-305f9a710adc ] Request (AttachInterfacesTestJSON:test_create_list_show_delete_interfaces_by_fixed_ip): 200 GET http://10.180.1.21/compute/v2.1/servers/b8249dc5-5561-454a-aa01-477f9f1fc0e1 0.054s
2024-10-15 18:07:56.871 62094 INFO tempest.lib.common.rest_client [req-99e350e9-cab9-4f4d-ba41-8a7d83b35156 req-99e350e9-cab9-4f4d-ba41-8a7d83b35156 ] Request (InstanceActionsNegativeTestJSON:tearDownClass): 204 DELETE http://10.180.1.21/identity/v3/projects/d7d5c8f62f5d4b7e8315da2e6f8ba8fc 0.097s
2024-10-15 18:07:56.874 62094 INFO tempest.test [-] raised in ServerStableDeviceRescueTest.setUpClass. Invoking tearDownClass.
2024-10-15 18:07:56.874 62064 INFO tempest.lib.common.rest_client [req-1cef7bad-85ec-4bea-8d0f-d1475c9544a1 req-1cef7bad-85ec-4bea-8d0f-d1475c9544a1 ] Request (FloatingIPsAssociationTestJSON:setUpClass): 200 GET http://10.180.1.21/compute/v2.1/servers/88cb0961-ad34-4ffc-8fb2-6034f08ee740 0.050s
2024-10-15 18:07:56.928 62094 INFO tempest.lib.common.rest_client [req-398ab4a0-dd5b-4c96-b7ad-8e272db0d1a3 req-398ab4a0-dd5b-4c96-b7ad-8e272db0d1a3 ] Request (ServerRescueNegativeTestJSON:setUpClass): 201 POST http://10.180.1.21/identity/v3/auth/tokens 0.052s
2024-10-15 18:07:56.928 62098 INFO tempest.lib.common.rest_client [req-777a952e-589f-4f82-a21e-c30fafb69404 req-777a952e-589f-4f82-a21e-c30fafb69404 ] Request (ServersTestFqdnHostnames:test_create_server_with_fqdn_name): 200 GET http://10.180.1.21/compute/v2.1/servers/46c34ed0-9bac-4803-8d5c-3a3346a64117 0.046s
2024-10-15 18:07:56.956 62094 INFO tempest.lib.common.rest_client [req-d13a94e1-89d1-46bd-876a-04d14f56f668 req-d13a94e1-89d1-46bd-876a-04d14f56f668 ] Request (ServerRescueNegativeTestJSON:setUpClass): 201 POST http://10.180.1.21/identity/v3/auth/tokens 0.025s
2024-10-15 18:07:56.974 62094 INFO tempest.lib.common.rest_client [req-050bde21-8498-4374-8073-ec9e18568cfd req-050bde21-8498-4374-8073-ec9e18568cfd ] Request (ServerRescueNegativeTestJSON:setUpClass): 200 GET http://10.180.1.21/identity/v3/domains?name=Default 0.018s
2024-10-15 18:07:56.987 62100 INFO tempest.lib.common.rest_client [req-c8c6e71a-7c32-4c34-a251-3b8662c6cfd9 req-c8c6e71a-7c32-4c34-a251-3b8662c6cfd9 ] Request (DeleteServersAdminTestJSON:test_delete_server_while_in_error_state): 200 GET http://10.180.1.21/compute/v2.1/servers/ddc801a0-0782-4c6d-bd72-95d0afd01339 0.045s
2024-10-15 18:07:56.997 62094 INFO tempest.lib.common.rest_client [req-646ebe1d-4796-4e64-8b15-ec0d0628fd34 req-646ebe1d-4796-4e64-8b15-ec0d0628fd34 ] Request (ServerRescueNegativeTestJSON:setUpClass): 201 POST http://10.180.1.21/identity/v3/projects 0.023s
2024-10-15 18:07:57.043 62094 INFO tempest.lib.common.rest_client [req-0ba1b60c-146e-4e56-8fd7-b0e98409edbd req-0ba1b60c-146e-4e56-8fd7-b0e98409edbd ] Request (ServerRescueNegativeTestJSON:setUpClass): 201 POST http://10.180.1.21/identity/v3/users 0.046s
2024-10-15 18:07:57.060 62094 INFO tempest.lib.common.rest_client [req-5ef563a4-be26-4a89-a62b-e2cb2c6d3e04 req-5ef563a4-be26-4a89-a62b-e2cb2c6d3e04 ] Request (ServerRescueNegativeTestJSON:setUpClass): 200 GET http://10.180.1.21/identity/v3/roles 0.016s
2024-10-15 18:07:57.077 62068 INFO tempest.lib.common.rest_client [req-ff5effa2-5877-4629-a503-c96861a143d2 req-ff5effa2-5877-4629-a503-c96861a143d2 ] Request (ServersAdmin275Test:test_rebuild_update_server_275): 200 GET http://10.180.1.21/compute/v2.1/servers/9db80c3c-e2c3-4034-a79a-d7be924c4ff6 0.053s
2024-10-15 18:07:57.087 62048 INFO tempest.lib.common.rest_client [req-fbc380bb-0320-43ab-8030-e31bce16203c req-fbc380bb-0320-43ab-8030-e31bce16203c ] Request (ServerShowV254Test:test_rebuild_server): 200 GET http://10.180.1.21/compute/v2.1/servers/8016bafc-b287-4df1-bd4b-a00210177a86 0.051s
2024-10-15 18:07:57.099 62094 INFO tempest.lib.common.rest_client [req-151de302-db55-4d16-b034-b3ba717c2b1b req-151de302-db55-4d16-b034-b3ba717c2b1b ] Request (ServerRescueNegativeTestJSON:setUpClass): 204 PUT http://10.180.1.21/identity/v3/projects/596c39abc1c8448882be50c8f7cf5e9a/users/5925347d6d584c1e8d7de04a84857859/roles/51f3fbbc404246d793ed016c4e9fa765 0.038s
2024-10-15 18:07:57.099 62094 INFO tempest.lib.common.dynamic_creds [-] Dynamic test user 5925347d6d584c1e8d7de04a84857859 is created with scope project and roles: ['member']
2024-10-15 18:07:57.099 62094 INFO tempest.lib.common.dynamic_creds [-] Acquired dynamic creds: credentials: Credentials: {'domain_id': 'default', 'domain_name': 'Default', 'username': 'tempest-ServerRescueNegativeTestJSON-1483258717-project-member', 'project_domain_id': 'default', 'project_domain_name': 'Default', 'project_id': '596c39abc1c8448882be50c8f7cf5e9a', 'project_name': 'tempest-ServerRescueNegativeTestJSON-1483258717', 'tenant_id': '596c39abc1c8448882be50c8f7cf5e9a', 'tenant_name': 'tempest-ServerRescueNegativeTestJSON-1483258717', 'user_domain_id': 'default', 'user_domain_name': 'Default', 'user_id': '5925347d6d584c1e8d7de04a84857859', 'system': None}, Network: None, Subnet: None, Router: None
2024-10-15 18:07:57.143 62046 INFO tempest.lib.common.rest_client [req-344383bc-0be0-4597-aa22-726a58aa39a7 req-344383bc-0be0-4597-aa22-726a58aa39a7 ] Request (ServersWithSpecificFlavorTestJSON:test_verify_created_server_ephemeral_disk): 200 GET http://10.180.1.21/compute/v2.1/servers/b68b509e-96dc-489d-9cf1-93ba91095af1 0.056s
2024-10-15 18:07:57.159 62094 INFO tempest.lib.common.rest_client [req-8b17d796-2954-4554-a520-a9cbe8a6d279 req-8b17d796-2954-4554-a520-a9cbe8a6d279 ] Request (ServerRescueNegativeTestJSON:setUpClass): 201 POST http://10.180.1.21/identity/v3/auth/tokens 0.060s
2024-10-15 18:07:57.196 62074 INFO tempest.lib.common.rest_client [req-f2ada0e0-e572-4172-a16d-3b5cdcef82b5 req-f2ada0e0-e572-4172-a16d-3b5cdcef82b5 ] Request (ServersTestBootFromVolume:setUpClass): 200 GET http://10.180.1.21/compute/v2.1/servers/56d26d08-3c6d-45e8-b238-6dbca6024561 0.052s
2024-10-15 18:07:57.227 62096 INFO tempest.lib.common.rest_client [req-651cd27f-4f97-4c5c-b3af-b6260591a6a9 req-651cd27f-4f97-4c5c-b3af-b6260591a6a9 ] Request (SecurityGroupsTestJSON:test_list_security_groups_by_server): 200 GET http://10.180.1.21/compute/v2.1/servers/294adb58-f23e-4510-a25a-de6b909e3189 0.049s
2024-10-15 18:07:57.259 62052 INFO tempest.lib.common.rest_client [req-07ec7226-c4e1-4a57-ba1d-173d07171de7 req-07ec7226-c4e1-4a57-ba1d-173d07171de7 ] Request (ListServerFiltersTestJSON:setUpClass): 200 GET http://10.180.1.21/compute/v2.1/servers/7fcee323-8ea6-4f69-9f1e-f2105af0fe96 0.051s
2024-10-15 18:07:57.278 62054 INFO tempest.lib.common.rest_client [req-dd4f5d88-7c44-4c64-a75d-ea4e6013137c req-dd4f5d88-7c44-4c64-a75d-ea4e6013137c ] Request (ListImageFiltersTestJSON:setUpClass): 200 GET http://10.180.1.21/compute/v2.1/servers/53d3e2f2-f63d-45c7-a5d1-1fa9a9f0ac0f 0.046s
2024-10-15 18:07:57.284 62054 INFO tempest.common.waiters [-] State transition "BUILD/scheduling" ==> "BUILD/None" after 35 second wait
2024-10-15 18:07:57.332 62078 INFO tempest.lib.common.rest_client [req-5429b29d-c37a-4f1c-b79d-8351b9e3af86 req-5429b29d-c37a-4f1c-b79d-8351b9e3af86 ] Request (ImagesOneServerTestJSON:setUpClass): 200 GET http://10.180.1.21/compute/v2.1/servers/294f0a37-7589-405d-a324-13099c80f458 0.056s
2024-10-15 18:07:57.349 62050 INFO tempest.lib.common.rest_client [req-3f36860d-9710-4feb-8133-60ab23aa292e req-3f36860d-9710-4feb-8133-60ab23aa292e ] Request (ServerPasswordTestJSON:setUpClass): 200 GET http://10.180.1.21/compute/v2.1/servers/0d757385-ff1c-49c9-825f-f9d542ae074f 0.061s
2024-10-15 18:07:57.381 62086 INFO tempest.lib.common.rest_client [req-50b1711f-5186-4a53-a499-af2b944a575e req-50b1711f-5186-4a53-a499-af2b944a575e ] Request (VolumesAdminNegativeTest:test_update_attached_volume_with_nonexistent_volume_in_body): 200 GET http://10.180.1.21/compute/v2.1/servers/b7d55e87-95db-4c45-9417-bbece4fbb98d 0.057s
2024-10-15 18:07:57.405 62088 INFO tempest.lib.common.rest_client [req-6bfcf028-6a51-4d70-80af-b3791a890856 req-6bfcf028-6a51-4d70-80af-b3791a890856 ] Request (InstanceActionsTestJSON:setUpClass): 200 GET http://10.180.1.21/compute/v2.1/servers/2681766c-0468-4170-8c51-03389e2bd1ab 0.069s
2024-10-15 18:07:57.428 62094 INFO tempest.lib.common.rest_client [req-470221e3-5468-43d5-94d1-fd81a733496f req-470221e3-5468-43d5-94d1-fd81a733496f ] Request (ServerRescueNegativeTestJSON:setUpClass): 201 POST http://10.180.1.21:9696/networking/v2.0/networks 0.269s
2024-10-15 18:07:57.431 62042 INFO tempest.lib.common.rest_client [req-7c0017db-d78b-433b-8c81-8a2780ee061f req-7c0017db-d78b-433b-8c81-8a2780ee061f ] Request (ServerDiagnosticsTest:test_get_server_diagnostics): 200 GET http://10.180.1.21/compute/v2.1/servers/79fc9ea2-c427-47ce-acdb-1002ee5d78c9 0.059s
2024-10-15 18:07:57.470 62082 INFO tempest.lib.common.rest_client [req-1cb79e2a-bcc1-4dca-900e-e3710160f747 req-1cb79e2a-bcc1-4dca-900e-e3710160f747 ] Request (ServersTestMultiNic:test_verify_duplicate_network_nics): 200 GET http://10.180.1.21/compute/v2.1/servers/c2d1c9f6-f458-4843-982c-afdb2a90edae 0.081s
2024-10-15 18:07:57.486 62092 INFO tempest.lib.common.rest_client [req-ec842029-711e-4789-b552-c0b1a7cee069 req-ec842029-711e-4789-b552-c0b1a7cee069 ] Request (ServersAdminNegativeTestJSON:setUpClass): 200 GET http://10.180.1.21/compute/v2.1/servers/89ce0fd8-6a22-4b1c-bdff-d1584abd538a 0.066s
2024-10-15 18:07:57.524 62070 INFO tempest.lib.common.rest_client [req-7c61236d-526e-415e-9cd2-634b59f88345 req-7c61236d-526e-415e-9cd2-634b59f88345 ] Request (ServersAdminTestJSON:setUpClass): 200 GET http://10.180.1.21/compute/v2.1/servers/8905f20f-28a6-49f4-88bf-e52177c6a4b6 0.084s
2024-10-15 18:07:57.530 62070 INFO tempest.common.waiters [-] State transition "BUILD/None" ==> "BUILD/networking" after 41 second wait
