2024-10-15 18:07:22.407 62088 INFO tempest.lib.common.rest_client [req-9bf602ff-4d1f-4965-bcd1-65f78d2e729b req-9bf602ff-4d1f-4965-bcd1-65f78d2e729b ] Request (QuotasAdminTestJSON:test_get_updated_quotas): 201 POST http://10.180.1.21/identity/v3/users 0.043s
2024-10-15 18:07:22.423 62096 INFO tempest.lib.common.rest_client [req-702e9a00-97d9-4dde-9802-cea2af178d27 req-702e9a00-97d9-4dde-9802-cea2af178d27 ] Request (KeyPairsNegativeTestJSON:test_keypair_create_with_invalid_pub_key): 400 POST http://10.180.1.21/compute/v2.1/os-keypairs 1.105s
2024-10-15 18:07:22.443 62048 INFO tempest.lib.common.rest_client [req-8318fbde-490c-4f6a-b5f4-2c6915a334aa req-8318fbde-490c-4f6a-b5f4-2c6915a334aa ] Request (KeyPairsV22TestJSON:test_get_keypair_detail): 200 GET http://10.180.1.21/compute/v2.1/os-keypairs/tempest-keypair-799138293 0.978s
2024-10-15 18:07:22.443 62080 INFO tempest.lib.common.rest_client [req-604bb883-96e0-44b5-9297-a21ec311278c req-604bb883-96e0-44b5-9297-a21ec311278c ] Request (ServersTestManualDisk:setUpClass): 201 POST http://10.180.1.21/identity/v3/projects 0.053s
2024-10-15 18:07:22.449 62064 INFO tempest.lib.common.rest_client [req-aea11957-65ce-4993-a3f3-b4dc43f8fb53 req-aea11957-65ce-4993-a3f3-b4dc43f8fb53 ] Request (HypervisorAdminTestJSON:tearDownClass): 204 DELETE http://10.180.1.21:9696/networking/v2.0/security-groups/62e67fb8-1e3d-43a8-b0a7-908deea02ac2 0.520s
2024-10-15 18:07:22.454 62056 INFO tempest.lib.common.rest_client [req-1410ffe4-f85e-489c-95be-a436dba738a5 req-1410ffe4-f85e-489c-95be-a436dba738a5 ] Request (QuotasAdminNegativeTest:tearDownClass): 200 GET http://10.180.1.21:9696/networking/v2.0/security-groups?tenant_id=2ddc1507d83c4f2b9ce0212d8e9bc315&name=default 0.523s
2024-10-15 18:07:22.463 62100 INFO tempest.lib.common.rest_client [req-fd04a7ff-2c5a-4b4d-8631-77211fb18b63 req-fd04a7ff-2c5a-4b4d-8631-77211fb18b63 ] Request (DeleteServersAdminTestJSON:test_delete_server_while_in_error_state): 201 POST http://10.180.1.21/identity/v3/auth/tokens 0.094s
2024-10-15 18:07:22.464 62100 INFO tempest.lib.common.fixed_network [-] (DeleteServersAdminTestJSON:test_delete_server_while_in_error_state) Found network None available for tenant
2024-10-15 18:07:22.471 62078 INFO tempest.lib.common.rest_client [req-945bacd3-baf3-4e00-be1c-1981e8a262d3 req-945bacd3-baf3-4e00-be1c-1981e8a262d3 ] Request (FlavorsAdminTestJSON:_run_cleanups): 200 GET http://10.180.1.21/compute/v2.1/flavors/detail 0.976s
2024-10-15 18:07:22.502 62088 INFO tempest.lib.common.rest_client [req-c4d804ed-dbd3-4d47-b667-9ad9982594ed req-c4d804ed-dbd3-4d47-b667-9ad9982594ed ] Request (QuotasAdminTestJSON:test_get_updated_quotas): 200 GET http://10.180.1.21/identity/v3/domains?name=Default 0.094s
2024-10-15 18:07:22.502 62062 INFO tempest.lib.common.rest_client [req-9ae8b9f0-f623-4a43-862f-bc31b1146b2e req-9ae8b9f0-f623-4a43-862f-bc31b1146b2e ] Request (FlavorsAccessNegativeTestJSON:test_flavor_non_admin_remove): 200 POST http://10.180.1.21/compute/v2.1/flavors 0.982s
2024-10-15 18:07:22.529 62084 INFO tempest.lib.common.rest_client [req-69189463-167a-4056-963f-830edcb6dd46 req-69189463-167a-4056-963f-830edcb6dd46 ] Request (AggregatesAdminNegativeTestJSON:test_aggregate_create_with_existent_aggregate_name): 200 POST http://10.180.1.21/compute/v2.1/os-aggregates 1.003s
2024-10-15 18:07:22.541 62042 INFO tempest.lib.common.rest_client [req-79186871-d3ad-4208-97bc-5946cdfc177d req-79186871-d3ad-4208-97bc-5946cdfc177d ] Request (FlavorsExtraSpecsNegativeTestJSON:tearDownClass): 202 DELETE http://10.180.1.21/compute/v2.1/flavors/1074611246 1.009s
2024-10-15 18:07:22.551 62080 INFO tempest.lib.common.rest_client [req-36566498-c835-4174-8e9e-289183627a98 req-36566498-c835-4174-8e9e-289183627a98 ] Request (ServersTestManualDisk:setUpClass): 201 POST http://10.180.1.21/identity/v3/users 0.107s
2024-10-15 18:07:22.567 62080 INFO tempest.lib.common.rest_client [req-b3548438-1960-47e2-94cf-45179be3ab6f req-b3548438-1960-47e2-94cf-45179be3ab6f ] Request (ServersTestManualDisk:setUpClass): 200 GET http://10.180.1.21/identity/v3/roles 0.015s
2024-10-15 18:07:22.598 62052 INFO tempest.lib.common.rest_client [req-68342168-0ca6-42b1-a4da-7fff4494d2fa req-68342168-0ca6-42b1-a4da-7fff4494d2fa ] Request (ListServerFiltersTestJSON:setUpClass): 200 GET http://10.180.1.21/compute/v2.1/servers/7fcee323-8ea6-4f69-9f1e-f2105af0fe96 1.062s
2024-10-15 18:07:22.606 62056 INFO tempest.lib.common.rest_client [req-0f201d91-a0cf-4cda-b407-bc5497746a73 req-0f201d91-a0cf-4cda-b407-bc5497746a73 ] Request (QuotasAdminNegativeTest:tearDownClass): 204 DELETE http://10.180.1.21:9696/networking/v2.0/security-groups/d8d3c1fb-619c-44dc-bfd8-f6eaca77c450 0.151s
2024-10-15 18:07:22.616 62064 INFO tempest.lib.common.rest_client [req-07e486a3-dd77-4ff3-ab46-d32f91ff456d req-07e486a3-dd77-4ff3-ab46-d32f91ff456d ] Request (HypervisorAdminTestJSON:tearDownClass): 204 DELETE http://10.180.1.21/identity/v3/projects/00be36c7366d46958ecaa599cc37aa01 0.166s
2024-10-15 18:07:22.616 62064 INFO tempest.lib.common.dynamic_creds [-] Deleting project and security group for project: e8e86342974543368f8265b4adc1f4d3
2024-10-15 18:07:22.634 62046 INFO tempest.lib.common.rest_client [req-f299cfd6-d695-45a8-b8e6-d93c4588bcfd req-f299cfd6-d695-45a8-b8e6-d93c4588bcfd ] Request (ServersWithSpecificFlavorTestJSON:test_verify_created_server_ephemeral_disk): 200 GET http://10.180.1.21/compute/v2.1/servers/b68b509e-96dc-489d-9cf1-93ba91095af1 1.229s
2024-10-15 18:07:22.637 62074 INFO tempest.lib.common.rest_client [req-a2658fd5-2b93-4915-882f-743647878b59 req-a2658fd5-2b93-4915-882f-743647878b59 ] Request (ServersTestBootFromVolume:setUpClass): 200 GET http://10.180.1.21/volume/v3/volumes/53e62409-4921-4079-adbb-d45cb5a680ff 0.030s
2024-10-15 18:07:22.647 62076 INFO tempest.lib.common.rest_client [req-235b1476-06c0-4612-a2c4-7710e65630d2 req-235b1476-06c0-4612-a2c4-7710e65630d2 ] Request (KeyPairsV2TestJSON:_run_cleanups): 202 DELETE http://10.180.1.21/compute/v2.1/os-keypairs/tempest-keypair-1848049302 0.806s
2024-10-15 18:07:22.660 62080 INFO tempest.lib.common.rest_client [req-60a45228-8497-4c3d-b248-a3bfb1e4ffed req-60a45228-8497-4c3d-b248-a3bfb1e4ffed ] Request (ServersTestManualDisk:setUpClass): 204 PUT http://10.180.1.21/identity/v3/projects/87612ab1f8ef4b4e806133c1d407e783/users/e9e547b235174e96bef199b9f7687218/roles/51f3fbbc404246d793ed016c4e9fa765 0.091s
2024-10-15 18:07:22.660 62080 INFO tempest.lib.common.dynamic_creds [-] Dynamic test user e9e547b235174e96bef199b9f7687218 is created with scope project and roles: ['member']
2024-10-15 18:07:22.661 62080 INFO tempest.lib.common.dynamic_creds [-] Acquired dynamic creds: credentials: Credentials: {'domain_id': 'default', 'domain_name': 'Default', 'username': 'tempest-ServersTestManualDisk-151630353-project-member', 'project_domain_id': 'default', 'project_domain_name': 'Default', 'project_id': '87612ab1f8ef4b4e806133c1d407e783', 'project_name': 'tempest-ServersTestManualDisk-151630353', 'tenant_id': '87612ab1f8ef4b4e806133c1d407e783', 'tenant_name': 'tempest-ServersTestManualDisk-151630353', 'user_domain_id': 'default', 'user_domain_name': 'Default', 'user_id': 'e9e547b235174e96bef199b9f7687218', 'system': None}, Network: None, Subnet: None, Router: None
2024-10-15 18:07:22.719 62054 INFO tempest.lib.common.rest_client [req-adae1da0-65cd-4940-8cd5-9f8894012096 req-adae1da0-65cd-4940-8cd5-9f8894012096 ] Request (ListImageFiltersTestJSON:setUpClass): 200 GET http://10.180.1.21/compute/v2.1/servers/53d3e2f2-f63d-45c7-a5d1-1fa9a9f0ac0f 0.537s
2024-10-15 18:07:22.739 62102 INFO tempest.lib.common.rest_client [req-8f46ac96-0fee-468b-8df4-eb49ae88f51e req-8f46ac96-0fee-468b-8df4-eb49ae88f51e ] Request (FlavorsV2TestJSON:test_list_flavors_detailed_filter_by_min_ram): 200 GET http://10.180.1.21/compute/v2.1/flavors/42 0.354s
2024-10-15 18:07:22.751 62096 INFO tempest.lib.common.rest_client [req-84ffac0b-ba2a-4aa8-93c8-e46865d05e24 req-84ffac0b-ba2a-4aa8-93c8-e46865d05e24 ] Request (KeyPairsNegativeTestJSON:test_keypair_delete_nonexistent_key): 404 DELETE http://10.180.1.21/compute/v2.1/os-keypairs/tempest-keypair-non-existent-1554658341 0.325s
2024-10-15 18:07:22.762 62050 INFO tempest.lib.common.rest_client [req-7e905384-fa61-441d-a993-b4fc532941f0 req-7e905384-fa61-441d-a993-b4fc532941f0 ] Request (ImagesMetadataNegativeTestJSON:test_delete_nonexistent_image_metadata_item): 404 DELETE http://10.180.1.21/compute/v2.1/images/7a797667-fb36-4bec-9c64-9e1a940119f7/metadata/os_distro 1.012s
2024-10-15 18:07:22.765 62048 INFO tempest.lib.common.rest_client [req-cd8c65bc-8870-44aa-a5e5-42b44aca96c4 req-cd8c65bc-8870-44aa-a5e5-42b44aca96c4 ] Request (KeyPairsV22TestJSON:_run_cleanups): 204 DELETE http://10.180.1.21/compute/v2.1/os-keypairs/tempest-keypair-799138293 0.318s
2024-10-15 18:07:22.774 62056 INFO tempest.lib.common.rest_client [req-5862b1ce-8cfe-4651-a903-7a2e4cc08a7c req-5862b1ce-8cfe-4651-a903-7a2e4cc08a7c ] Request (QuotasAdminNegativeTest:tearDownClass): 204 DELETE http://10.180.1.21/identity/v3/projects/2ddc1507d83c4f2b9ce0212d8e9bc315 0.167s
2024-10-15 18:07:22.779 62064 INFO tempest.lib.common.rest_client [req-e555a7d2-eebc-4f42-bbfb-b79a070449fa req-e555a7d2-eebc-4f42-bbfb-b79a070449fa ] Request (HypervisorAdminTestJSON:tearDownClass): 200 GET http://10.180.1.21:9696/networking/v2.0/security-groups?tenant_id=e8e86342974543368f8265b4adc1f4d3&name=default 0.163s
2024-10-15 18:07:22.784 62078 INFO tempest.lib.common.rest_client [req-157dcf01-ba35-4f00-bb2c-c3887ff51ef7 req-157dcf01-ba35-4f00-bb2c-c3887ff51ef7 ] Request (FlavorsAdminTestJSON:test_create_list_flavor_without_extra_data): 200 POST http://10.180.1.21/compute/v2.1/flavors 0.302s
2024-10-15 18:07:22.804 62080 INFO tempest.lib.common.rest_client [req-0ef69622-dc23-4f9c-b88c-789b4f5aee37 req-0ef69622-dc23-4f9c-b88c-789b4f5aee37 ] Request (ServersTestManualDisk:setUpClass): 201 POST http://10.180.1.21/identity/v3/auth/tokens 0.143s
2024-10-15 18:07:22.835 62056 INFO tempest.lib.common.rest_client [req-ae5c0697-177d-4332-9a2d-a698e69acfb7 req-ae5c0697-177d-4332-9a2d-a698e69acfb7 ] Request (AttachInterfacesTestJSON:setUpClass): 201 POST http://10.180.1.21/identity/v3/auth/tokens 0.057s
2024-10-15 18:07:22.879 62096 INFO tempest.lib.common.rest_client [req-72e83f38-5fb4-4f3e-9223-a6deb0ad6107 req-72e83f38-5fb4-4f3e-9223-a6deb0ad6107 ] Request (KeyPairsNegativeTestJSON:tearDownClass): 204 DELETE http://10.180.1.21/identity/v3/users/8b7f1fb5787f4ae99341f6b33985e2bb 0.127s
2024-10-15 18:07:22.880 62096 INFO tempest.lib.common.dynamic_creds [-] Deleting project and security group for project: 5e6b44ff493444fda26b443205d915f6
2024-10-15 18:07:22.940 62056 INFO tempest.lib.common.rest_client [req-37d1f3a5-497a-47ec-84c8-2bdf5372d2db req-37d1f3a5-497a-47ec-84c8-2bdf5372d2db ] Request (AttachInterfacesTestJSON:setUpClass): 201 POST http://10.180.1.21/identity/v3/auth/tokens 0.103s
2024-10-15 18:07:22.941 62064 INFO tempest.lib.common.rest_client [req-ac0ab3c7-693c-4206-9bcd-3a64d1d25fe2 req-ac0ab3c7-693c-4206-9bcd-3a64d1d25fe2 ] Request (HypervisorAdminTestJSON:tearDownClass): 204 DELETE http://10.180.1.21:9696/networking/v2.0/security-groups/0a671c1c-052b-4193-8534-eff945d4319e 0.161s
2024-10-15 18:07:22.967 62096 INFO tempest.lib.common.rest_client [req-7135d4d8-794f-48ce-ad98-f816dd7abc78 req-7135d4d8-794f-48ce-ad98-f816dd7abc78 ] Request (KeyPairsNegativeTestJSON:tearDownClass): 201 POST http://10.180.1.21/identity/v3/auth/tokens 0.087s
2024-10-15 18:07:22.983 62056 INFO tempest.lib.common.rest_client [req-5dc13a01-8278-43f9-9ffc-370d167d3262 req-5dc13a01-8278-43f9-9ffc-370d167d3262 ] Request (AttachInterfacesTestJSON:setUpClass): 200 GET http://10.180.1.21/identity/v3/domains?name=Default 0.042s
2024-10-15 18:07:23.048 62100 INFO tempest.lib.common.rest_client [req-11b5d1a0-518c-42d9-940e-4bf652a6d358 req-11b5d1a0-518c-42d9-940e-4bf652a6d358 ] Request (DeleteServersAdminTestJSON:test_delete_server_while_in_error_state): 202 POST http://10.180.1.21/compute/v2.1/servers 0.583s
2024-10-15 18:07:23.058 62064 INFO tempest.lib.common.rest_client [req-b657049e-52c8-41ff-b741-3bdd4e3c2e3e req-b657049e-52c8-41ff-b741-3bdd4e3c2e3e ] Request (HypervisorAdminTestJSON:tearDownClass): 204 DELETE http://10.180.1.21/identity/v3/projects/e8e86342974543368f8265b4adc1f4d3 0.117s
2024-10-15 18:07:23.177 62056 INFO tempest.lib.common.rest_client [req-1d7c842b-986b-4af1-ac7d-3734a4a6936b req-1d7c842b-986b-4af1-ac7d-3734a4a6936b ] Request (AttachInterfacesTestJSON:setUpClass): 201 POST http://10.180.1.21/identity/v3/projects 0.193s
2024-10-15 18:07:23.195 62088 INFO tempest.lib.common.rest_client [req-78e718f7-ee51-4e35-8dc0-5b44d55b0dc6 req-78e718f7-ee51-4e35-8dc0-5b44d55b0dc6 ] Request (QuotasAdminTestJSON:test_get_updated_quotas): 200 PUT http://10.180.1.21/compute/v2.1/os-quota-sets/4b89f0dbed624f848c27b937af5d6668?user_id=833cb03aadcb439398d561965ac0710c 0.692s
2024-10-15 18:07:23.214 62084 INFO tempest.lib.common.rest_client [req-c5300dcd-63c3-4f09-bcda-cd97e9798da1 req-c5300dcd-63c3-4f09-bcda-cd97e9798da1 ] Request (AggregatesAdminNegativeTestJSON:test_aggregate_create_with_existent_aggregate_name): 409 POST http://10.180.1.21/compute/v2.1/os-aggregates 0.683s
2024-10-15 18:07:23.232 62042 INFO tempest.lib.common.rest_client [req-478a2acf-6898-4aaa-87a0-0d5bf6046d0b req-478a2acf-6898-4aaa-87a0-0d5bf6046d0b ] Request (FlavorsExtraSpecsNegativeTestJSON:tearDownClass): 200 GET http://10.180.1.21/compute/v2.1/flavors/detail 0.690s
2024-10-15 18:07:23.259 62090 INFO tempest.lib.common.rest_client [req-3afeb111-c04b-4231-83ee-f2477123684c req-3afeb111-c04b-4231-83ee-f2477123684c ] Request (FloatingIPDetailsNegativeTestJSON:tearDownClass): 200 PUT http://10.180.1.21:9696/networking/v2.0/routers/055ce753-dc16-4bbb-befb-ecc4e9132737/remove_router_interface 1.728s
2024-10-15 18:07:23.265 62064 INFO tempest.lib.common.rest_client [req-055b7baa-4b63-44b0-bddd-2cb53a0984bc req-055b7baa-4b63-44b0-bddd-2cb53a0984bc ] Request (ServicesAdminTestJSON:setUpClass): 201 POST http://10.180.1.21/identity/v3/auth/tokens 0.205s
2024-10-15 18:07:23.297 62076 INFO tempest.lib.common.rest_client [req-9d535723-3266-4726-b181-89f1a23c1ac3 req-9d535723-3266-4726-b181-89f1a23c1ac3 ] Request (KeyPairsV2TestJSON:test_keypair_create_delete): 200 POST http://10.180.1.21/compute/v2.1/os-keypairs 0.648s
2024-10-15 18:07:23.300 62056 INFO tempest.lib.common.rest_client [req-8d0b0bcb-30ff-4398-91fb-a0391d7b623f req-8d0b0bcb-30ff-4398-91fb-a0391d7b623f ] Request (AttachInterfacesTestJSON:setUpClass): 201 POST http://10.180.1.21/identity/v3/users 0.123s
2024-10-15 18:07:23.348 62064 INFO tempest.lib.common.rest_client [req-18dce8c0-9789-4619-bfc5-0401045d684c req-18dce8c0-9789-4619-bfc5-0401045d684c ] Request (ServicesAdminTestJSON:setUpClass): 201 POST http://10.180.1.21/identity/v3/auth/tokens 0.079s
2024-10-15 18:07:23.350 62062 INFO tempest.lib.common.rest_client [req-e3673cee-3321-4089-b3bb-9530c8d47c16 req-e3673cee-3321-4089-b3bb-9530c8d47c16 ] Request (FlavorsAccessNegativeTestJSON:test_flavor_non_admin_remove): 200 POST http://10.180.1.21/compute/v2.1/flavors/306424999/action 0.841s
2024-10-15 18:07:23.362 62056 INFO tempest.lib.common.rest_client [req-5c54e89b-0878-48be-9373-10aabf359c50 req-5c54e89b-0878-48be-9373-10aabf359c50 ] Request (AttachInterfacesTestJSON:setUpClass): 200 GET http://10.180.1.21/identity/v3/roles 0.062s
2024-10-15 18:07:23.395 62098 INFO tempest.lib.common.rest_client [req-e7132fc9-bda1-443a-96ed-45f67887661d req-e7132fc9-bda1-443a-96ed-45f67887661d ] Request (AttachInterfacesUnderV243Test:test_add_remove_fixed_ip): 200 GET http://10.180.1.21/compute/v2.1/servers/df2576da-dc49-4ced-9462-fa71710e2e2a 0.730s
2024-10-15 18:07:23.400 62042 INFO tempest.lib.common.rest_client [req-23187cbc-e936-4865-823d-060c85a94cc9 req-23187cbc-e936-4865-823d-060c85a94cc9 ] Request (FlavorsExtraSpecsNegativeTestJSON:tearDownClass): 204 DELETE http://10.180.1.21/identity/v3/users/f8b281e4a80546f18652b14e3b1fdfa3 0.159s
2024-10-15 18:07:23.414 62064 INFO tempest.lib.common.rest_client [req-cbd02981-ae32-45f4-8220-0d367109683a req-cbd02981-ae32-45f4-8220-0d367109683a ] Request (ServicesAdminTestJSON:setUpClass): 200 GET http://10.180.1.21/identity/v3/domains?name=Default 0.065s
2024-10-15 18:07:23.423 62094 INFO tempest.lib.common.rest_client [req-2a7a43a6-9122-4859-b684-7128ee5317f4 req-2a7a43a6-9122-4859-b684-7128ee5317f4 ] Request (InstanceActionsNegativeTestJSON:setUpClass): 200 GET http://10.180.1.21/compute/v2.1/servers/a1aca638-e9c4-4e3b-9855-f92e7bd67204 0.745s
2024-10-15 18:07:23.424 62102 INFO tempest.lib.common.rest_client [req-442aa910-352b-453a-97e5-da598e5e0309 req-442aa910-352b-453a-97e5-da598e5e0309 ] Request (FlavorsV2TestJSON:test_list_flavors_detailed_filter_by_min_ram): 200 GET http://10.180.1.21/compute/v2.1/flavors/detail?minRam=193 0.680s
2024-10-15 18:07:23.444 62096 INFO tempest.lib.common.rest_client [req-db1785bd-b7af-4248-823c-9f1a32da4bed req-db1785bd-b7af-4248-823c-9f1a32da4bed ] Request (KeyPairsNegativeTestJSON:tearDownClass): 200 GET http://10.180.1.21:9696/networking/v2.0/security-groups?tenant_id=5e6b44ff493444fda26b443205d915f6&name=default 0.476s
2024-10-15 18:07:23.444 62050 INFO tempest.lib.common.rest_client [req-999004a0-eb61-459c-9ead-1115129ddcd3 req-999004a0-eb61-459c-9ead-1115129ddcd3 ] Request (ImagesMetadataNegativeTestJSON:test_get_nonexistent_image_metadata_item): 404 GET http://10.180.1.21/compute/v2.1/images/579150ea-12db-446a-a027-6d581a869c4e/metadata/os_version 0.681s
2024-10-15 18:07:23.468 62080 INFO tempest.lib.common.rest_client [req-3e61c09b-778a-4415-9c02-c821a18def4c req-3e61c09b-778a-4415-9c02-c821a18def4c ] Request (ServersTestManualDisk:setUpClass): 201 POST http://10.180.1.21:9696/networking/v2.0/networks 0.663s
2024-10-15 18:07:23.469 62056 INFO tempest.lib.common.rest_client [req-8151a2ab-1e76-4d0a-ad51-ae7eda5b857b req-8151a2ab-1e76-4d0a-ad51-ae7eda5b857b ] Request (AttachInterfacesTestJSON:setUpClass): 204 PUT http://10.180.1.21/identity/v3/projects/6e391e1267014fafbb8f5a3211299819/users/b1eac9072ccb4b3bbd23f240e941a76e/roles/51f3fbbc404246d793ed016c4e9fa765 0.106s
2024-10-15 18:07:23.469 62056 INFO tempest.lib.common.dynamic_creds [-] Dynamic test user b1eac9072ccb4b3bbd23f240e941a76e is created with scope project and roles: ['member']
2024-10-15 18:07:23.469 62056 INFO tempest.lib.common.dynamic_creds [-] Acquired dynamic creds: credentials: Credentials: {'domain_id': 'default', 'domain_name': 'Default', 'username': 'tempest-AttachInterfacesTestJSON-1989978232-project-member', 'project_domain_id': 'default', 'project_domain_name': 'Default', 'project_id': '6e391e1267014fafbb8f5a3211299819', 'project_name': 'tempest-AttachInterfacesTestJSON-1989978232', 'tenant_id': '6e391e1267014fafbb8f5a3211299819', 'tenant_name': 'tempest-AttachInterfacesTestJSON-1989978232', 'user_domain_id': 'default', 'user_domain_name': 'Default', 'user_id': 'b1eac9072ccb4b3bbd23f240e941a76e', 'system': None}, Network: None, Subnet: None, Router: None
2024-10-15 18:07:23.470 62048 INFO tempest.lib.common.rest_client [req-d51f3833-78bd-494c-9d03-2d3f5092b624 req-d51f3833-78bd-494c-9d03-2d3f5092b624 ] Request (KeyPairsV22TestJSON:test_keypair_create_delete): 201 POST http://10.180.1.21/compute/v2.1/os-keypairs 0.704s
2024-10-15 18:07:23.489 62078 INFO tempest.lib.common.rest_client [req-e11c3089-2950-4c6a-9b50-a6996675939c req-e11c3089-2950-4c6a-9b50-a6996675939c ] Request (FlavorsAdminTestJSON:test_create_list_flavor_without_extra_data): 200 GET http://10.180.1.21/compute/v2.1/flavors/1294113993 0.703s
2024-10-15 18:07:23.512 62042 INFO tempest.lib.common.rest_client [req-375d19b3-1a54-470f-bb42-ca57f7a65fc4 req-375d19b3-1a54-470f-bb42-ca57f7a65fc4 ] Request (FlavorsExtraSpecsNegativeTestJSON:tearDownClass): 204 DELETE http://10.180.1.21/identity/v3/users/bae1e6c44ee84ee7bbfebf61752df316 0.111s
2024-10-15 18:07:23.513 62042 INFO tempest.lib.common.dynamic_creds [-] Deleting project and security group for project: c55b4539c4c84501998ce166f219fbab
2024-10-15 18:07:23.531 62061 INFO tempest.lib.common.rest_client [req-69e28b93-8848-48fb-bea4-5eebc0940df5 req-69e28b93-8848-48fb-bea4-5eebc0940df5 ] Request (ImagesTestJSON:test_create_image_from_stopped_server): 200 GET http://10.180.1.21/compute/v2.1/servers/81538b78-9943-475d-aad3-f31607f2e493 0.762s
2024-10-15 18:07:23.565 62056 INFO tempest.lib.common.rest_client [req-cde51d00-d43c-4ea9-bec8-119d3b114c1f req-cde51d00-d43c-4ea9-bec8-119d3b114c1f ] Request (AttachInterfacesTestJSON:setUpClass): 201 POST http://10.180.1.21/identity/v3/auth/tokens 0.096s
2024-10-15 18:07:23.595 62042 INFO tempest.lib.common.rest_client [req-69ee2b55-eca7-414f-84a1-70036bdfc07a req-69ee2b55-eca7-414f-84a1-70036bdfc07a ] Request (FlavorsExtraSpecsNegativeTestJSON:tearDownClass): 201 POST http://10.180.1.21/identity/v3/auth/tokens 0.082s
2024-10-15 18:07:23.600 62073 INFO tempest.lib.common.rest_client [req-5ec95148-897d-4a3b-a381-6a22dcd487b7 req-5ec95148-897d-4a3b-a381-6a22dcd487b7 ] Request (ImagesNegativeTestJSON:test_create_image_from_deleted_server): 200 GET http://10.180.1.21/compute/v2.1/servers/71380a36-8926-45d3-a70e-a7112bd1d06f 0.765s
2024-10-15 18:07:23.605 62064 INFO tempest.lib.common.rest_client [req-7752f428-50cc-4c50-9c09-8fd71ae7b019 req-7752f428-50cc-4c50-9c09-8fd71ae7b019 ] Request (ServicesAdminTestJSON:setUpClass): 201 POST http://10.180.1.21/identity/v3/projects 0.190s
2024-10-15 18:07:23.633 62070 INFO tempest.lib.common.rest_client [req-6ecffe72-b1e9-402d-aaa8-4e6fefea0819 req-6ecffe72-b1e9-402d-aaa8-4e6fefea0819 ] Request (ServersAdminTestJSON:setUpClass): 200 GET http://10.180.1.21/compute/v2.1/servers/8905f20f-28a6-49f4-88bf-e52177c6a4b6 0.721s
2024-10-15 18:07:23.656 62096 INFO tempest.lib.common.rest_client [req-b99341e2-0f2c-4052-9e38-cdcc6246e5eb req-b99341e2-0f2c-4052-9e38-cdcc6246e5eb ] Request (KeyPairsNegativeTestJSON:tearDownClass): 204 DELETE http://10.180.1.21:9696/networking/v2.0/security-groups/ba0fe083-6efb-4557-81da-6091c9096caa 0.212s
2024-10-15 18:07:23.677 62074 INFO tempest.lib.common.rest_client [req-67b91031-9a9c-46d6-95c1-84abeea1e553 req-67b91031-9a9c-46d6-95c1-84abeea1e553 ] Request (ServersTestBootFromVolume:setUpClass): 200 GET http://10.180.1.21/volume/v3/volumes/53e62409-4921-4079-adbb-d45cb5a680ff 0.031s
2024-10-15 18:07:23.685 62066 INFO tempest.lib.common.rest_client [req-d4ccf1bb-63d8-4b75-9584-6dc700a2c656 req-d4ccf1bb-63d8-4b75-9584-6dc700a2c656 ] Request (InstanceActionsV221TestJSON:test_get_list_deleted_instance_actions): 200 GET http://10.180.1.21/compute/v2.1/servers/123f15be-3b56-4999-8010-40d2e86a6813 0.705s
2024-10-15 18:07:23.698 62100 INFO tempest.lib.common.rest_client [req-6b6297a8-8fc3-47b4-9b69-4e6bdde31c02 req-6b6297a8-8fc3-47b4-9b69-4e6bdde31c02 ] Request (DeleteServersAdminTestJSON:test_delete_server_while_in_error_state): 200 GET http://10.180.1.21/compute/v2.1/servers/ddc801a0-0782-4c6d-bd72-95d0afd01339 0.647s
2024-10-15 18:07:23.755 62092 INFO tempest.lib.common.rest_client [req-8fe0eaaa-6439-4398-ba97-1925e5be07f6 req-8fe0eaaa-6439-4398-ba97-1925e5be07f6 ] Request (ServersAdminNegativeTestJSON:setUpClass): 200 GET http://10.180.1.21/compute/v2.1/servers/89ce0fd8-6a22-4b1c-bdff-d1584abd538a 0.682s
2024-10-15 18:07:23.754 62064 INFO tempest.lib.common.rest_client [req-4e4d3ca4-5cab-4893-aa60-b3da82234504 req-4e4d3ca4-5cab-4893-aa60-b3da82234504 ] Request (ServicesAdminTestJSON:setUpClass): 201 POST http://10.180.1.21/identity/v3/users 0.148s
2024-10-15 18:07:23.758 62058 INFO tempest.lib.common.rest_client [req-53dee238-af3a-4a44-b23a-a094ae537439 req-53dee238-af3a-4a44-b23a-a094ae537439 ] Request (VolumesAssistedSnapshotsTest:test_volume_assisted_snapshot_create_delete): 200 GET http://10.180.1.21/compute/v2.1/servers/76722306-a9ad-4ef9-b579-d958c36cf6bc 0.594s
2024-10-15 18:07:23.782 62084 INFO tempest.lib.common.rest_client [req-d7c44468-98d8-41b6-8dd6-e73acc4d9249 req-d7c44468-98d8-41b6-8dd6-e73acc4d9249 ] Request (AggregatesAdminNegativeTestJSON:_run_cleanups): 200 DELETE http://10.180.1.21/compute/v2.1/os-aggregates/4 0.567s
2024-10-15 18:07:23.787 62064 INFO tempest.lib.common.rest_client [req-9235f8c7-0ddf-410d-a231-6241310d7850 req-9235f8c7-0ddf-410d-a231-6241310d7850 ] Request (ServicesAdminTestJSON:setUpClass): 200 GET http://10.180.1.21/identity/v3/roles 0.031s
2024-10-15 18:07:23.803 62076 INFO tempest.lib.common.rest_client [req-94c5635f-0afd-4313-8e38-86cb1e45c9a8 req-94c5635f-0afd-4313-8e38-86cb1e45c9a8 ] Request (KeyPairsV2TestJSON:_run_cleanups): 202 DELETE http://10.180.1.21/compute/v2.1/os-keypairs/tempest-keypair-1794997473 0.505s
2024-10-15 18:07:23.806 62096 INFO tempest.lib.common.rest_client [req-47508833-8c6e-41af-b577-6cfc19a517e3 req-47508833-8c6e-41af-b577-6cfc19a517e3 ] Request (KeyPairsNegativeTestJSON:tearDownClass): 204 DELETE http://10.180.1.21/identity/v3/projects/5e6b44ff493444fda26b443205d915f6 0.149s
2024-10-15 18:07:23.807 62062 INFO tempest.lib.common.rest_client [req-d55bf251-5edb-4923-a531-e2892905c9d6 req-d55bf251-5edb-4923-a531-e2892905c9d6 ] Request (FlavorsAccessNegativeTestJSON:test_flavor_non_admin_remove): 403 POST http://10.180.1.21/compute/v2.1/flavors/306424999/action 0.455s
2024-10-15 18:07:23.862 62064 INFO tempest.lib.common.rest_client [req-ba46297e-70b9-4567-b81e-77be8b8d1624 req-ba46297e-70b9-4567-b81e-77be8b8d1624 ] Request (ServicesAdminTestJSON:setUpClass): 204 PUT http://10.180.1.21/identity/v3/projects/9fa6e3c0e6c44883a51d1054a78454fb/users/2929c6d865c64b0fb6afe76bd60288bc/roles/51f3fbbc404246d793ed016c4e9fa765 0.074s
2024-10-15 18:07:23.862 62064 INFO tempest.lib.common.dynamic_creds [-] Dynamic test user 2929c6d865c64b0fb6afe76bd60288bc is created with scope project and roles: ['member']
2024-10-15 18:07:23.862 62064 INFO tempest.lib.common.dynamic_creds [-] Acquired dynamic creds: credentials: Credentials: {'domain_id': 'default', 'domain_name': 'Default', 'username': 'tempest-ServicesAdminTestJSON-332401608-project-member', 'project_domain_id': 'default', 'project_domain_name': 'Default', 'project_id': '9fa6e3c0e6c44883a51d1054a78454fb', 'project_name': 'tempest-ServicesAdminTestJSON-332401608', 'tenant_id': '9fa6e3c0e6c44883a51d1054a78454fb', 'tenant_name': 'tempest-ServicesAdminTestJSON-332401608', 'user_domain_id': 'default', 'user_domain_name': 'Default', 'user_id': '2929c6d865c64b0fb6afe76bd60288bc', 'system': None}, Network: None, Subnet: None, Router: None
2024-10-15 18:07:23.862 62064 INFO tempest.lib.common.dynamic_creds [-] Created isolated network resources for: credentials: Credentials: {'domain_id': 'default', 'domain_name': 'Default', 'username': 'tempest-ServicesAdminTestJSON-332401608-project-member', 'project_domain_id': 'default', 'project_domain_name': 'Default', 'project_id': '9fa6e3c0e6c44883a51d1054a78454fb', 'project_name': 'tempest-ServicesAdminTestJSON-332401608', 'tenant_id': '9fa6e3c0e6c44883a51d1054a78454fb', 'tenant_name': 'tempest-ServicesAdminTestJSON-332401608', 'user_domain_id': 'default', 'user_domain_name': 'Default', 'user_id': '2929c6d865c64b0fb6afe76bd60288bc', 'system': None}, Network: None, Subnet: None, Router: None
2024-10-15 18:07:23.891 62044 INFO tempest.lib.common.rest_client [req-c6c1fe88-496e-4ee1-9e4e-ac0162d0afb8 req-c6c1fe88-496e-4ee1-9e4e-ac0162d0afb8 ] Request (MigrationsAdminTest:test_list_migrations_in_flavor_resize_situation): 200 GET http://10.180.1.21/compute/v2.1/servers/52b19347-a08f-44a7-8aad-22a3af5e291d 0.504s
2024-10-15 18:07:23.905 62102 INFO tempest.lib.common.rest_client [req-1a31ded3-5c8c-4903-ab62-69d8b5350e56 req-1a31ded3-5c8c-4903-ab62-69d8b5350e56 ] Request (FlavorsV2TestJSON:test_list_flavors_detailed_limit_results): 200 GET http://10.180.1.21/compute/v2.1/flavors/detail?limit=1 0.472s
2024-10-15 18:07:23.924 62096 INFO tempest.lib.common.rest_client [req-7261a993-779f-49df-bcc7-7059f17eed55 req-7261a993-779f-49df-bcc7-7059f17eed55 ] Request (SecurityGroupRulesTestJSON:setUpClass): 201 POST http://10.180.1.21/identity/v3/auth/tokens 0.117s
2024-10-15 18:07:23.928 62050 INFO tempest.lib.common.rest_client [req-6e437221-5f65-40e9-84a8-f59fb77bc03a req-6e437221-5f65-40e9-84a8-f59fb77bc03a ] Request (ImagesMetadataNegativeTestJSON:test_list_nonexistent_image_metadata): 404 GET http://10.180.1.21/compute/v2.1/images/e2bb9337-4fbe-437a-acea-8a681c6cd802/metadata 0.483s
2024-10-15 18:07:23.942 62048 INFO tempest.lib.common.rest_client [req-1ad06fdc-02c1-41ee-bd33-5e051446ec94 req-1ad06fdc-02c1-41ee-bd33-5e051446ec94 ] Request (KeyPairsV22TestJSON:_run_cleanups): 204 DELETE http://10.180.1.21/compute/v2.1/os-keypairs/tempest-keypair-779284883 0.470s
2024-10-15 18:07:23.968 62088 INFO tempest.lib.common.rest_client [req-8dcdfe63-4df3-4bb9-b78c-a877d600cf37 req-8dcdfe63-4df3-4bb9-b78c-a877d600cf37 ] Request (QuotasAdminTestJSON:test_get_updated_quotas): 200 GET http://10.180.1.21/compute/v2.1/os-quota-sets/4b89f0dbed624f848c27b937af5d6668?user_id=833cb03aadcb439398d561965ac0710c 0.771s
2024-10-15 18:07:23.977 62096 INFO tempest.lib.common.rest_client [req-c0f0c629-ed14-428e-9f42-36be0dfa5065 req-c0f0c629-ed14-428e-9f42-36be0dfa5065 ] Request (SecurityGroupRulesTestJSON:setUpClass): 201 POST http://10.180.1.21/identity/v3/auth/tokens 0.050s
2024-10-15 18:07:23.991 62064 INFO tempest.lib.common.rest_client [req-9d925f4f-ea01-4be6-9990-1ae9e1d45f4b req-9d925f4f-ea01-4be6-9990-1ae9e1d45f4b ] Request (ServicesAdminTestJSON:setUpClass): 201 POST http://10.180.1.21/identity/v3/auth/tokens 0.125s
2024-10-15 18:07:24.004 62080 INFO tempest.lib.common.rest_client [req-cc50b3bc-baae-4b8b-95bd-f8cce332d944 req-cc50b3bc-baae-4b8b-95bd-f8cce332d944 ] Request (ServersTestManualDisk:setUpClass): 201 POST http://10.180.1.21:9696/networking/v2.0/subnets 0.535s
2024-10-15 18:07:24.043 62042 INFO tempest.lib.common.rest_client [req-6848c4ae-0281-4dc9-be97-33a077eb028f req-6848c4ae-0281-4dc9-be97-33a077eb028f ] Request (FlavorsExtraSpecsNegativeTestJSON:tearDownClass): 200 GET http://10.180.1.21:9696/networking/v2.0/security-groups?tenant_id=c55b4539c4c84501998ce166f219fbab&name=default 0.448s
2024-10-15 18:07:24.048 62090 INFO tempest.lib.common.rest_client [req-3f8b8b46-a9fa-41c3-b009-c94f47a3987f req-3f8b8b46-a9fa-41c3-b009-c94f47a3987f ] Request (FloatingIPDetailsNegativeTestJSON:tearDownClass): 204 DELETE http://10.180.1.21:9696/networking/v2.0/routers/055ce753-dc16-4bbb-befb-ecc4e9132737 0.788s
2024-10-15 18:07:24.049 62052 INFO tempest.lib.common.rest_client [req-2ba7d81f-fc8e-40f3-89b6-c6c08d566b7b req-2ba7d81f-fc8e-40f3-89b6-c6c08d566b7b ] Request (ListServerFiltersTestJSON:setUpClass): 200 GET http://10.180.1.21/compute/v2.1/servers/7fcee323-8ea6-4f69-9f1e-f2105af0fe96 0.442s
2024-10-15 18:07:24.077 62088 INFO tempest.lib.common.rest_client [req-3d0a3732-6db2-4adb-805c-a165484d9e8e req-3d0a3732-6db2-4adb-805c-a165484d9e8e ] Request (QuotasAdminTestJSON:_run_cleanups): 204 DELETE http://10.180.1.21/identity/v3/users/833cb03aadcb439398d561965ac0710c 0.106s
2024-10-15 18:07:24.117 62082 INFO tempest.lib.common.rest_client [req-da2ed363-5fb1-4401-9ca2-797bf3be626a req-da2ed363-5fb1-4401-9ca2-797bf3be626a ] Request (ServersTestMultiNic:setUpClass): 200 PUT http://10.180.1.21:9696/networking/v2.0/routers/553cb5b0-00ca-4aad-a6f9-78ea9aa96839/add_router_interface 2.165s
2024-10-15 18:07:24.118 62082 INFO tempest.lib.common.dynamic_creds [-] Created isolated network resources for: credentials: Credentials: {'domain_id': 'default', 'domain_name': 'Default', 'username': 'tempest-ServersTestMultiNic-1480543082-project-member', 'project_domain_id': 'default', 'project_domain_name': 'Default', 'project_id': '4abf9a81bb9649db910a44e5562dd342', 'project_name': 'tempest-ServersTestMultiNic-1480543082', 'tenant_id': '4abf9a81bb9649db910a44e5562dd342', 'tenant_name': 'tempest-ServersTestMultiNic-1480543082', 'user_domain_id': 'default', 'user_domain_name': 'Default', 'user_id': '2e72eab1cc5c4fbba3e2d7dbfa0035ec', 'system': None}, Network: {'id': '16d9ccdd-b724-4616-8493-812c79bb8364', 'name': 'tempest-ServersTestMultiNic-1964611720-network', 'tenant_id': '4abf9a81bb9649db910a44e5562dd342', 'admin_state_up': True, 'mtu': 8950, 'status': 'ACTIVE', 'subnets': [], 'shared': False, 'project_id': '4abf9a81bb9649db910a44e5562dd342', 'port_security_enabled': True, 'router:external': False, 'provider:network_type': 'vlan', 'provider:physical_network': 'default', 'provider:segmentation_id': 407, 'is_default': False, 'availability_zone_hints': [], 'availability_zones': [], 'ipv4_address_scope': None, 'ipv6_address_scope': None, 'description': '', 'tags': [], 'created_at': '2024-10-15T18:07:19Z', 'updated_at': '2024-10-15T18:07:20Z', 'revision_number': 1}, Subnet: {'id': 'e7fd0442-d8c3-4074-9ab5-92e632c44ff2', 'name': 'tempest-ServersTestMultiNic-1964611720-subnet', 'tenant_id': '4abf9a81bb9649db910a44e5562dd342', 'network_id': '16d9ccdd-b724-4616-8493-812c79bb8364', 'ip_version': 4, 'subnetpool_id': None, 'enable_dhcp': True, 'ipv6_ra_mode': None, 'ipv6_address_mode': None, 'gateway_ip': '192.168.128.1', 'cidr': '192.168.128.0/28', 'allocation_pools': [{'start': '192.168.128.2', 'end': '192.168.128.14'}], 'host_routes': [], 'dns_nameservers': [], 'description': '', 'router:external': False, 'service_types': [], 'tags': [], 'created_at': '2024-10-15T18:07:20Z', 'updated_at': '2024-10-15T18:07:20Z', 'revision_number': 0, 'project_id': '4abf9a81bb9649db910a44e5562dd342'}, Router: {'id': '553cb5b0-00ca-4aad-a6f9-78ea9aa96839', 'name': 'tempest-ServersTestMultiNic-1964611720-router', 'tenant_id': '4abf9a81bb9649db910a44e5562dd342', 'admin_state_up': True, 'status': 'ACTIVE', 'external_gateway_info': {'network_id': '6bca443d-9504-4d58-b7d3-663a80e0b42d', 'external_fixed_ips': [{'subnet_id': '9db42702-6126-4011-9914-9e8939809c8b', 'ip_address': '10.180.180.192'}], 'enable_snat': True}, 'description': '', 'availability_zones': [], 'distributed': False, 'ha': False, 'availability_zone_hints': [], 'routes': [], 'flavor_id': None, 'tags': [], 'created_at': '2024-10-15T18:07:20Z', 'updated_at': '2024-10-15T18:07:21Z', 'revision_number': 2, 'project_id': '4abf9a81bb9649db910a44e5562dd342'}
2024-10-15 18:07:24.147 62046 INFO tempest.lib.common.rest_client [req-21d8b3af-a9ca-4b73-b628-775b97c7518c req-21d8b3af-a9ca-4b73-b628-775b97c7518c ] Request (ServersWithSpecificFlavorTestJSON:test_verify_created_server_ephemeral_disk): 200 GET http://10.180.1.21/compute/v2.1/servers/b68b509e-96dc-489d-9cf1-93ba91095af1 0.503s
2024-10-15 18:07:24.165 62078 INFO tempest.lib.common.rest_client [req-34a97416-9199-43d2-84c5-5ec2f211fb85 req-34a97416-9199-43d2-84c5-5ec2f211fb85 ] Request (FlavorsAdminTestJSON:test_create_list_flavor_without_extra_data): 200 GET http://10.180.1.21/compute/v2.1/flavors/detail 0.674s
2024-10-15 18:07:24.168 62096 INFO tempest.lib.common.rest_client [req-9b92c41c-b270-4483-b53a-569f67f2a9a9 req-9b92c41c-b270-4483-b53a-569f67f2a9a9 ] Request (SecurityGroupRulesTestJSON:setUpClass): 200 GET http://10.180.1.21/identity/v3/domains?name=Default 0.190s
2024-10-15 18:07:24.202 62084 INFO tempest.lib.common.rest_client [req-450ad672-b28b-41ba-9a72-9c4bac4539b8 req-450ad672-b28b-41ba-9a72-9c4bac4539b8 ] Request (AggregatesAdminNegativeTestJSON:test_aggregate_delete_as_user): 200 POST http://10.180.1.21/compute/v2.1/os-aggregates 0.419s
2024-10-15 18:07:24.204 62064 INFO tempest.lib.common.rest_client [req-1b19f777-a792-47f7-bb47-b54b906add98 req-1b19f777-a792-47f7-bb47-b54b906add98 ] Request (ServicesAdminTestJSON:setUpClass): 201 POST http://10.180.1.21/identity/v3/projects 0.213s
2024-10-15 18:07:24.244 62042 INFO tempest.lib.common.rest_client [req-8387d67d-1e7f-4e54-8a7c-cad67d227f3a req-8387d67d-1e7f-4e54-8a7c-cad67d227f3a ] Request (FlavorsExtraSpecsNegativeTestJSON:tearDownClass): 204 DELETE http://10.180.1.21:9696/networking/v2.0/security-groups/363988cf-6a21-4f1c-95f8-8f70beaa688a 0.200s
2024-10-15 18:07:24.256 62054 INFO tempest.lib.common.rest_client [req-b6de0036-f330-4a4c-b551-20040a7b3fab req-b6de0036-f330-4a4c-b551-20040a7b3fab ] Request (ListImageFiltersTestJSON:setUpClass): 200 GET http://10.180.1.21/compute/v2.1/servers/53d3e2f2-f63d-45c7-a5d1-1fa9a9f0ac0f 0.518s
2024-10-15 18:07:24.261 62076 INFO tempest.lib.common.rest_client [req-2a40e7ca-6dc4-4bb5-9dc4-067e17d25a9a req-2a40e7ca-6dc4-4bb5-9dc4-067e17d25a9a ] Request (KeyPairsV2TestJSON:test_keypair_create_with_pub_key): 200 POST http://10.180.1.21/compute/v2.1/os-keypairs 0.456s
2024-10-15 18:07:24.279 62102 INFO tempest.lib.common.rest_client [req-71d6af1a-e7f7-4896-abd6-50577be8fad5 req-71d6af1a-e7f7-4896-abd6-50577be8fad5 ] Request (FlavorsV2TestJSON:test_list_flavors_detailed_using_marker): 200 GET http://10.180.1.21/compute/v2.1/flavors/42 0.370s
2024-10-15 18:07:24.283 62082 INFO tempest.lib.common.rest_client [req-147a3fb7-11ae-44f1-8a26-1cc3d635860e req-147a3fb7-11ae-44f1-8a26-1cc3d635860e ] Request (ServersTestMultiNic:setUpClass): 201 POST http://10.180.1.21/identity/v3/auth/tokens 0.161s
2024-10-15 18:07:24.288 62056 INFO tempest.lib.common.rest_client [req-334e9339-9869-4971-939d-fdf778c30ab4 req-334e9339-9869-4971-939d-fdf778c30ab4 ] Request (AttachInterfacesTestJSON:setUpClass): 201 POST http://10.180.1.21:9696/networking/v2.0/networks 0.723s
2024-10-15 18:07:24.304 62050 INFO tempest.lib.common.rest_client [req-5a5486de-8be0-41e9-869f-e94427ae8ed9 req-5a5486de-8be0-41e9-869f-e94427ae8ed9 ] Request (ImagesMetadataNegativeTestJSON:test_set_nonexistent_image_metadata): 404 PUT http://10.180.1.21/compute/v2.1/images/d173870f-679f-4df3-8b7c-52b78d2ce001/metadata 0.374s
2024-10-15 18:07:24.353 62048 INFO tempest.lib.common.rest_client [req-6f40dace-de89-4bbd-8bf4-ac218be888e6 req-6f40dace-de89-4bbd-8bf4-ac218be888e6 ] Request (KeyPairsV22TestJSON:test_keypair_create_with_pub_key): 201 POST http://10.180.1.21/compute/v2.1/os-keypairs 0.409s
2024-10-15 18:07:24.365 62090 INFO tempest.lib.common.rest_client [req-e21a91d2-44f8-4188-8cf0-f527589fe312 req-e21a91d2-44f8-4188-8cf0-f527589fe312 ] Request (FloatingIPDetailsNegativeTestJSON:tearDownClass): 204 DELETE http://10.180.1.21:9696/networking/v2.0/subnets/9ad23626-d824-43d8-8572-d397696da23b 0.316s
2024-10-15 18:07:24.377 62078 INFO tempest.lib.common.rest_client [req-f7c18c89-5614-4e33-99b6-439a19c77650 req-f7c18c89-5614-4e33-99b6-439a19c77650 ] Request (FlavorsAdminTestJSON:_run_cleanups): 202 DELETE http://10.180.1.21/compute/v2.1/flavors/1294113993 0.202s
2024-10-15 18:07:24.379 62084 INFO tempest.lib.common.rest_client [req-ba7772e9-fbac-4353-9912-eb33320ba6b5 req-ba7772e9-fbac-4353-9912-eb33320ba6b5 ] Request (AggregatesAdminNegativeTestJSON:test_aggregate_delete_as_user): 403 DELETE http://10.180.1.21/compute/v2.1/os-aggregates/5 0.171s
2024-10-15 18:07:24.382 62096 INFO tempest.lib.common.rest_client [req-54fcadf7-217c-41f9-bade-0e20cd19e951 req-54fcadf7-217c-41f9-bade-0e20cd19e951 ] Request (SecurityGroupRulesTestJSON:setUpClass): 201 POST http://10.180.1.21/identity/v3/projects 0.214s
2024-10-15 18:07:24.397 62076 INFO tempest.lib.common.rest_client [req-3306b0a9-5d61-4bf1-a52b-3cff5497f093 req-3306b0a9-5d61-4bf1-a52b-3cff5497f093 ] Request (KeyPairsV2TestJSON:_run_cleanups): 202 DELETE http://10.180.1.21/compute/v2.1/os-keypairs/tempest-keypair-1037497838 0.133s
2024-10-15 18:07:24.430 62102 INFO tempest.lib.common.rest_client [req-fc75659f-005a-47c1-9fec-6b774fd2c6e6 req-fc75659f-005a-47c1-9fec-6b774fd2c6e6 ] Request (FlavorsV2TestJSON:test_list_flavors_detailed_using_marker): 200 GET http://10.180.1.21/compute/v2.1/flavors/detail?marker=42 0.146s
2024-10-15 18:07:24.452 62050 INFO tempest.lib.common.rest_client [req-f97cd1e4-a2eb-40ff-954f-981da9c9866c req-f97cd1e4-a2eb-40ff-954f-981da9c9866c ] Request (ImagesMetadataNegativeTestJSON:test_set_nonexistent_image_metadata_item): 404 PUT http://10.180.1.21/compute/v2.1/images/215a4286-fcda-49de-a6ac-e088941aa337/metadata/os_distro 0.145s
2024-10-15 18:07:24.453 62088 INFO tempest.lib.common.rest_client [req-b110fe5c-5535-46a4-8ecf-10ff4769ef2f req-b110fe5c-5535-46a4-8ecf-10ff4769ef2f ] Request (QuotasAdminTestJSON:_run_cleanups): 204 DELETE http://10.180.1.21/identity/v3/projects/4b89f0dbed624f848c27b937af5d6668 0.375s
2024-10-15 18:07:24.469 62064 INFO tempest.lib.common.rest_client [req-dbc5bfe0-d596-4403-9f38-bac464529df8 req-dbc5bfe0-d596-4403-9f38-bac464529df8 ] Request (ServicesAdminTestJSON:setUpClass): 201 POST http://10.180.1.21/identity/v3/users 0.264s
2024-10-15 18:07:24.475 62048 INFO tempest.lib.common.rest_client [req-75760789-fa46-4b51-b209-54dcb8f945f8 req-75760789-fa46-4b51-b209-54dcb8f945f8 ] Request (KeyPairsV22TestJSON:_run_cleanups): 204 DELETE http://10.180.1.21/compute/v2.1/os-keypairs/tempest-keypair-2064367215 0.120s
2024-10-15 18:07:24.497 62078 INFO tempest.lib.common.rest_client [req-a4afc9f4-d920-48a8-a949-ab1b1c66bd82 req-a4afc9f4-d920-48a8-a949-ab1b1c66bd82 ] Request (FlavorsAdminTestJSON:_run_cleanups): 200 GET http://10.180.1.21/compute/v2.1/flavors/detail 0.120s
2024-10-15 18:07:24.523 62084 INFO tempest.lib.common.rest_client [req-966dd68e-5eb4-4270-bf33-66fd8caa7a53 req-966dd68e-5eb4-4270-bf33-66fd8caa7a53 ] Request (AggregatesAdminNegativeTestJSON:_run_cleanups): 200 DELETE http://10.180.1.21/compute/v2.1/os-aggregates/5 0.143s
2024-10-15 18:07:24.561 62076 INFO tempest.lib.common.rest_client [req-3c851f2e-ff04-467a-8e67-8f1467ca9ea9 req-3c851f2e-ff04-467a-8e67-8f1467ca9ea9 ] Request (KeyPairsV2TestJSON:test_keypairs_create_list_delete): 200 POST http://10.180.1.21/compute/v2.1/os-keypairs 0.162s
2024-10-15 18:07:24.588 62042 INFO tempest.lib.common.rest_client [req-8b29c722-c17c-4d28-9e0f-bde4d9764290 req-8b29c722-c17c-4d28-9e0f-bde4d9764290 ] Request (FlavorsExtraSpecsNegativeTestJSON:tearDownClass): 204 DELETE http://10.180.1.21/identity/v3/projects/c55b4539c4c84501998ce166f219fbab 0.344s
2024-10-15 18:07:24.589 62042 INFO tempest.lib.common.dynamic_creds [-] Deleting project and security group for project: cf845d24f328428fb28148d4e639e89c
2024-10-15 18:07:24.627 62098 INFO tempest.lib.common.rest_client [req-78d56d73-e02b-41b0-8513-e89926d55f0b req-78d56d73-e02b-41b0-8513-e89926d55f0b ] Request (AttachInterfacesUnderV243Test:test_add_remove_fixed_ip): 200 GET http://10.180.1.21/compute/v2.1/servers/df2576da-dc49-4ced-9462-fa71710e2e2a 0.217s
2024-10-15 18:07:24.655 62064 INFO tempest.lib.common.rest_client [req-a6069585-f4c5-4dff-8284-aca7f00f64d2 req-a6069585-f4c5-4dff-8284-aca7f00f64d2 ] Request (ServicesAdminTestJSON:setUpClass): 200 GET http://10.180.1.21/identity/v3/roles 0.185s
2024-10-15 18:07:24.659 62102 INFO tempest.lib.common.rest_client [req-f8c78ee8-f0ef-4845-815c-6f5b24e5af42 req-f8c78ee8-f0ef-4845-815c-6f5b24e5af42 ] Request (FlavorsV2TestJSON:test_list_flavors_filter_by_min_disk): 200 GET http://10.180.1.21/compute/v2.1/flavors/42 0.224s
2024-10-15 18:07:24.668 62096 INFO tempest.lib.common.rest_client [req-d0d13da9-8fab-4166-9b22-52e00732d35a req-d0d13da9-8fab-4166-9b22-52e00732d35a ] Request (SecurityGroupRulesTestJSON:setUpClass): 201 POST http://10.180.1.21/identity/v3/users 0.283s
2024-10-15 18:07:24.706 62064 INFO tempest.lib.common.rest_client [req-e26e5b18-5e30-402c-aac1-09ccbf934a37 req-e26e5b18-5e30-402c-aac1-09ccbf934a37 ] Request (ServicesAdminTestJSON:setUpClass): 204 PUT http://10.180.1.21/identity/v3/projects/7195d640e73b4b7486edd3171746fa19/users/124da36fb96e4951833b6278e7e42e49/roles/4406486d2ed6410c8bd667fab3972acb 0.050s
2024-10-15 18:07:24.716 62094 INFO tempest.lib.common.rest_client [req-566f1ffa-f3fa-4547-9a18-6b5f23678726 req-566f1ffa-f3fa-4547-9a18-6b5f23678726 ] Request (InstanceActionsNegativeTestJSON:setUpClass): 200 GET http://10.180.1.21/compute/v2.1/servers/a1aca638-e9c4-4e3b-9855-f92e7bd67204 0.279s
2024-10-15 18:07:24.726 62074 INFO tempest.lib.common.rest_client [req-ac836554-5bf9-4e7c-90f7-8b92b93573c2 req-ac836554-5bf9-4e7c-90f7-8b92b93573c2 ] Request (ServersTestBootFromVolume:setUpClass): 200 GET http://10.180.1.21/volume/v3/volumes/53e62409-4921-4079-adbb-d45cb5a680ff 0.038s
2024-10-15 18:07:24.739 62050 INFO tempest.lib.common.rest_client [req-63651e18-d3bd-4f82-86da-f0bdfceae755 req-63651e18-d3bd-4f82-86da-f0bdfceae755 ] Request (ImagesMetadataNegativeTestJSON:test_update_nonexistent_image_metadata): 404 POST http://10.180.1.21/compute/v2.1/images/4ff32ac4-1041-4c47-a3d0-d2ec710bed8b/metadata 0.285s
2024-10-15 18:07:24.754 62096 INFO tempest.lib.common.rest_client [req-8b9ddab6-16fc-4c98-ad53-220572131381 req-8b9ddab6-16fc-4c98-ad53-220572131381 ] Request (SecurityGroupRulesTestJSON:setUpClass): 200 GET http://10.180.1.21/identity/v3/roles 0.085s
2024-10-15 18:07:24.767 62064 INFO tempest.lib.common.rest_client [req-22daa0a4-c24e-416a-b606-316fab69d93b req-22daa0a4-c24e-416a-b606-316fab69d93b ] Request (ServicesAdminTestJSON:setUpClass): 200 GET http://10.180.1.21/identity/v3/roles 0.061s
2024-10-15 18:07:24.785 62090 INFO tempest.lib.common.rest_client [req-9189a0c8-1c2c-4b9b-a8bd-b9bff6938a4a req-9189a0c8-1c2c-4b9b-a8bd-b9bff6938a4a ] Request (FloatingIPDetailsNegativeTestJSON:tearDownClass): 204 DELETE http://10.180.1.21:9696/networking/v2.0/networks/9d398f4d-df76-4ed3-ab57-b1c459afdeb5 0.419s
2024-10-15 18:07:24.827 62062 INFO tempest.lib.common.rest_client [req-55f114fd-c14b-4c5e-b449-897647fb55b7 req-55f114fd-c14b-4c5e-b449-897647fb55b7 ] Request (FlavorsAccessNegativeTestJSON:_run_cleanups): 200 POST http://10.180.1.21/compute/v2.1/flavors/306424999/action 1.018s
2024-10-15 18:07:24.828 62056 INFO tempest.lib.common.rest_client [req-24e398ee-dd68-4cff-908c-f249b086c429 req-24e398ee-dd68-4cff-908c-f249b086c429 ] Request (AttachInterfacesTestJSON:setUpClass): 201 POST http://10.180.1.21:9696/networking/v2.0/subnets 0.539s
2024-10-15 18:07:24.848 62050 INFO tempest.lib.common.rest_client [req-9b61191a-89a0-4082-839e-77d06eaaa96b req-9b61191a-89a0-4082-839e-77d06eaaa96b ] Request (ImagesMetadataNegativeTestJSON:tearDownClass): 204 DELETE http://10.180.1.21/identity/v3/users/b87ac54c0dd744f7a68817e2f4803302 0.105s
2024-10-15 18:07:24.849 62050 INFO tempest.lib.common.dynamic_creds [-] Deleting project and security group for project: af2332099a9449e2ac721389181e926f
2024-10-15 18:07:24.877 62048 INFO tempest.lib.common.rest_client [req-3448358c-109b-4ce0-848f-1aca8983efee req-3448358c-109b-4ce0-848f-1aca8983efee ] Request (KeyPairsV22TestJSON:test_keypairs_create_list_delete): 201 POST http://10.180.1.21/compute/v2.1/os-keypairs 0.398s
2024-10-15 18:07:24.891 62078 INFO tempest.lib.common.rest_client [req-141f2fd0-dc8f-442d-b07a-7e480f0f8177 req-141f2fd0-dc8f-442d-b07a-7e480f0f8177 ] Request (FlavorsAdminTestJSON:test_create_server_with_non_public_flavor): 200 POST http://10.180.1.21/compute/v2.1/flavors 0.386s
2024-10-15 18:07:24.908 62084 INFO tempest.lib.common.rest_client [req-7b1f4df6-01e9-4002-b537-23e27957c3a8 req-7b1f4df6-01e9-4002-b537-23e27957c3a8 ] Request (AggregatesAdminNegativeTestJSON:test_aggregate_delete_with_invalid_id): 404 DELETE http://10.180.1.21/compute/v2.1/os-aggregates/-1 0.385s
2024-10-15 18:07:24.929 62064 INFO tempest.lib.common.rest_client [req-4c9e391e-6aa1-4758-b251-843e617fb881 req-4c9e391e-6aa1-4758-b251-843e617fb881 ] Request (ServicesAdminTestJSON:setUpClass): 204 PUT http://10.180.1.21/identity/v3/projects/7195d640e73b4b7486edd3171746fa19/users/124da36fb96e4951833b6278e7e42e49/roles/4406486d2ed6410c8bd667fab3972acb 0.160s
2024-10-15 18:07:24.930 62064 INFO tempest.lib.common.dynamic_creds [-] Dynamic test user 124da36fb96e4951833b6278e7e42e49 is created with scope project and roles: ['admin']
2024-10-15 18:07:24.930 62064 INFO tempest.lib.common.dynamic_creds [-] Acquired dynamic creds: credentials: Credentials: {'domain_id': 'default', 'domain_name': 'Default', 'username': 'tempest-ServicesAdminTestJSON-1765096603-project-admin', 'project_domain_id': 'default', 'project_domain_name': 'Default', 'project_id': '7195d640e73b4b7486edd3171746fa19', 'project_name': 'tempest-ServicesAdminTestJSON-1765096603', 'tenant_id': '7195d640e73b4b7486edd3171746fa19', 'tenant_name': 'tempest-ServicesAdminTestJSON-1765096603', 'user_domain_id': 'default', 'user_domain_name': 'Default', 'user_id': '124da36fb96e4951833b6278e7e42e49', 'system': None}, Network: None, Subnet: None, Router: None
2024-10-15 18:07:24.931 62064 INFO tempest.lib.common.dynamic_creds [-] Created isolated network resources for: credentials: Credentials: {'domain_id': 'default', 'domain_name': 'Default', 'username': 'tempest-ServicesAdminTestJSON-1765096603-project-admin', 'project_domain_id': 'default', 'project_domain_name': 'Default', 'project_id': '7195d640e73b4b7486edd3171746fa19', 'project_name': 'tempest-ServicesAdminTestJSON-1765096603', 'tenant_id': '7195d640e73b4b7486edd3171746fa19', 'tenant_name': 'tempest-ServicesAdminTestJSON-1765096603', 'user_domain_id': 'default', 'user_domain_name': 'Default', 'user_id': '124da36fb96e4951833b6278e7e42e49', 'system': None}, Network: None, Subnet: None, Router: None
2024-10-15 18:07:24.940 62096 INFO tempest.lib.common.rest_client [req-f991fcab-69b7-4dbb-9663-c3836618e2e1 req-f991fcab-69b7-4dbb-9663-c3836618e2e1 ] Request (SecurityGroupRulesTestJSON:setUpClass): 204 PUT http://10.180.1.21/identity/v3/projects/ec19265afd2848a4bd965319d720ac04/users/80e4fe5cdf5943f7ae77a347d596223e/roles/51f3fbbc404246d793ed016c4e9fa765 0.186s
2024-10-15 18:07:24.941 62096 INFO tempest.lib.common.dynamic_creds [-] Dynamic test user 80e4fe5cdf5943f7ae77a347d596223e is created with scope project and roles: ['member']
