2024-10-03 10:09:32.952 62563 INFO tempest.lib.common.rest_client [req-8b96be1f-b443-4649-a8a6-ad184f65e049 req-8b96be1f-b443-4649-a8a6-ad184f65e049 ] Request (ImagesOneServerTestJSON:setUpClass): 201 POST http://10.180.1.21/identity/v3/auth/tokens 0.040s
2024-10-03 10:09:32.953 62563 INFO tempest.lib.common.fixed_network [-] (ImagesOneServerTestJSON:setUpClass) Found network {'id': '5477c6a9-9365-4596-ab21-f873b931e50d', 'name': 'tempest-ImagesOneServerTestJSON-1528733563-network', 'tenant_id': 'ef66702db60646c0a9f9f89d53865fe0', 'admin_state_up': True, 'mtu': 8950, 'status': 'ACTIVE', 'subnets': [], 'shared': False, 'project_id': 'ef66702db60646c0a9f9f89d53865fe0', 'port_security_enabled': True, 'router:external': False, 'provider:network_type': 'vlan', 'provider:physical_network': 'default', 'provider:segmentation_id': 312, 'is_default': False, 'availability_zone_hints': [], 'availability_zones': [], 'ipv4_address_scope': None, 'ipv6_address_scope': None, 'description': '', 'tags': [], 'created_at': '2024-10-03T10:09:25Z', 'updated_at': '2024-10-03T10:09:25Z', 'revision_number': 1} available for tenant
2024-10-03 10:09:32.963 62585 INFO tempest.lib.common.rest_client [req-0c12c68a-af2b-4dbf-84c2-701fb2dd2878 req-0c12c68a-af2b-4dbf-84c2-701fb2dd2878 ] Request (ImagesMetadataTestJSON:test_get_image_metadata_item): 200 GET http://10.180.1.21/compute/v2.1/images/c1985981-9712-4b46-8e0b-3a75e19b441d/metadata/os_distro 1.582s
2024-10-03 10:09:32.979 62595 INFO tempest.lib.common.rest_client [req-f86cc0ec-9be5-4590-95bd-706b141ae473 req-f86cc0ec-9be5-4590-95bd-706b141ae473 ] Request (FlavorsAdminTestJSON:_run_cleanups): 200 GET http://10.180.1.21/compute/v2.1/flavors/detail 1.582s
2024-10-03 10:09:33.143 62575 INFO tempest.lib.common.rest_client [req-56acbd9c-6c9e-4560-8b2f-7696e61af06a req-56acbd9c-6c9e-4560-8b2f-7696e61af06a ] Request (ServerActionsTestOtherB:setUpClass): 201 POST http://10.180.1.21:9696/networking/v2.0/security-group-rules 0.364s
2024-10-03 10:09:33.277 62565 INFO tempest.lib.common.rest_client [req-6ff8823c-71c2-49a4-aea8-5536e3bc73e8 req-6ff8823c-71c2-49a4-aea8-5536e3bc73e8 ] Request (HypervisorAdminNegativeUnderV252Test:tearDownClass): 204 DELETE http://10.180.1.21:9696/networking/v2.0/security-groups/fb580f32-ad1f-4448-a9b4-7f72bbf7bd3f 0.380s
2024-10-03 10:09:33.323 62573 INFO tempest.lib.common.rest_client [req-31f87eb0-38fa-47c7-80a4-0b5b22db1204 req-31f87eb0-38fa-47c7-80a4-0b5b22db1204 ] Request (ServersV294TestFqdnHostnames:setUpClass): 201 POST http://10.180.1.21:9696/networking/v2.0/security-group-rules 0.391s
2024-10-03 10:09:33.393 62565 INFO tempest.lib.common.rest_client [req-84dea215-bd07-4aa6-aedd-2a02728e0489 req-84dea215-bd07-4aa6-aedd-2a02728e0489 ] Request (HypervisorAdminNegativeUnderV252Test:tearDownClass): 204 DELETE http://10.180.1.21/identity/v3/projects/23ef715e5c214d858f9e509d50051fce 0.116s
2024-10-03 10:09:33.393 62565 INFO tempest.lib.common.dynamic_creds [-] Deleting project and security group for project: e99eb7d743c241ac9c20194cfb52e77f
2024-10-03 10:09:33.406 62617 INFO tempest.lib.common.rest_client [req-ec3be956-d036-48b4-8bb6-24e615771a87 req-ec3be956-d036-48b4-8bb6-24e615771a87 ] Request (FloatingIPsTestJSON:setUpClass): 200 PUT http://10.180.1.21:9696/networking/v2.0/routers/7a833d41-9cf1-401a-8d05-c82d44cf8dae/add_router_interface 3.411s
2024-10-03 10:09:33.407 62617 INFO tempest.lib.common.dynamic_creds [-] Created isolated network resources for: credentials: Credentials: {'domain_id': 'default', 'domain_name': 'Default', 'username': 'tempest-FloatingIPsTestJSON-292103600-project-member', 'project_domain_id': 'default', 'project_domain_name': 'Default', 'project_id': '5bb74e18ce704703b234bbb99dacae31', 'project_name': 'tempest-FloatingIPsTestJSON-292103600', 'tenant_id': '5bb74e18ce704703b234bbb99dacae31', 'tenant_name': 'tempest-FloatingIPsTestJSON-292103600', 'user_domain_id': 'default', 'user_domain_name': 'Default', 'user_id': '96dc9928d5f644e9ab9336b7fdd30c55', 'system': None}, Network: {'id': '9b5c4d25-822c-460b-982e-5caaaf910186', 'name': 'tempest-FloatingIPsTestJSON-1864775283-network', 'tenant_id': '5bb74e18ce704703b234bbb99dacae31', 'admin_state_up': True, 'mtu': 8950, 'status': 'ACTIVE', 'subnets': [], 'shared': False, 'project_id': '5bb74e18ce704703b234bbb99dacae31', 'port_security_enabled': True, 'router:external': False, 'provider:network_type': 'vlan', 'provider:physical_network': 'default', 'provider:segmentation_id': 194, 'is_default': False, 'availability_zone_hints': [], 'availability_zones': [], 'ipv4_address_scope': None, 'ipv6_address_scope': None, 'description': '', 'tags': [], 'created_at': '2024-10-03T10:09:26Z', 'updated_at': '2024-10-03T10:09:26Z', 'revision_number': 1}, Subnet: {'id': '18618fe2-4672-4332-8536-be5d1d0a9b0c', 'name': 'tempest-FloatingIPsTestJSON-1864775283-subnet', 'tenant_id': '5bb74e18ce704703b234bbb99dacae31', 'network_id': '9b5c4d25-822c-460b-982e-5caaaf910186', 'ip_version': 4, 'subnetpool_id': None, 'enable_dhcp': True, 'ipv6_ra_mode': None, 'ipv6_address_mode': None, 'gateway_ip': '192.168.128.1', 'cidr': '192.168.128.0/28', 'allocation_pools': [{'start': '192.168.128.2', 'end': '192.168.128.14'}], 'host_routes': [], 'dns_nameservers': [], 'description': '', 'router:external': False, 'service_types': [], 'tags': [], 'created_at': '2024-10-03T10:09:26Z', 'updated_at': '2024-10-03T10:09:26Z', 'revision_number': 0, 'project_id': '5bb74e18ce704703b234bbb99dacae31'}, Router: {'id': '7a833d41-9cf1-401a-8d05-c82d44cf8dae', 'name': 'tempest-FloatingIPsTestJSON-1864775283-router', 'tenant_id': '5bb74e18ce704703b234bbb99dacae31', 'admin_state_up': True, 'status': 'ACTIVE', 'external_gateway_info': {'network_id': 'eac1a32a-8b08-46ce-ba54-bcbd142145ef', 'external_fixed_ips': [{'subnet_id': '43d0b61d-2883-48d0-b282-754d1f982e0a', 'ip_address': '10.180.180.135'}], 'enable_snat': True}, 'description': '', 'availability_zones': [], 'distributed': False, 'ha': False, 'availability_zone_hints': [], 'routes': [], 'flavor_id': None, 'tags': [], 'created_at': '2024-10-03T10:09:27Z', 'updated_at': '2024-10-03T10:09:28Z', 'revision_number': 2, 'project_id': '5bb74e18ce704703b234bbb99dacae31'}
2024-10-03 10:09:33.434 62575 INFO tempest.lib.common.rest_client [req-45604282-075e-4c88-ae73-65b64e27e56a req-45604282-075e-4c88-ae73-65b64e27e56a ] Request (ServerActionsTestOtherB:setUpClass): 201 POST http://10.180.1.21:9696/networking/v2.0/security-group-rules 0.290s
2024-10-03 10:09:33.456 62571 INFO tempest.lib.common.rest_client [req-e6999c4f-78ae-44ff-8b11-a8bd04d41b0a req-e6999c4f-78ae-44ff-8b11-a8bd04d41b0a ] Request (ImagesNegativeTestJSON:test_create_image_from_deleted_server): 202 POST http://10.180.1.21/compute/v2.1/servers 2.870s
2024-10-03 10:09:33.474 62584 INFO tempest.lib.common.rest_client [req-15ca5cf0-dd6f-40d5-a3e9-3471152dd47a req-15ca5cf0-dd6f-40d5-a3e9-3471152dd47a ] Request (FlavorsAccessNegativeTestJSON:_run_cleanups): 202 DELETE http://10.180.1.21/compute/v2.1/flavors/113222915 1.827s
2024-10-03 10:09:33.483 62589 INFO tempest.lib.common.rest_client [req-4a92ffbd-ad33-4894-86b6-1b19d8b1452a req-4a92ffbd-ad33-4894-86b6-1b19d8b1452a ] Request (KeyPairsNegativeTestJSON:test_create_keypair_with_empty_name_string): 400 POST http://10.180.1.21/compute/v2.1/os-keypairs 1.810s
2024-10-03 10:09:33.516 62617 INFO tempest.lib.common.rest_client [req-2536eef4-d18d-4167-b290-503050823d7c req-2536eef4-d18d-4167-b290-503050823d7c ] Request (FloatingIPsTestJSON:setUpClass): 201 POST http://10.180.1.21/identity/v3/auth/tokens 0.104s
2024-10-03 10:09:33.520 62561 INFO tempest.lib.common.rest_client [req-d0435e0f-15e0-4a8c-bcea-77308a9fc73c req-d0435e0f-15e0-4a8c-bcea-77308a9fc73c ] Request (FlavorsV2TestJSON:test_list_flavors_detailed_filter_by_min_ram): 200 GET http://10.180.1.21/compute/v2.1/flavors/detail?minRam=193 1.830s
2024-10-03 10:09:33.614 62623 INFO tempest.lib.common.rest_client [req-26b1154d-4777-4d29-b957-185c5b5495dc req-26b1154d-4777-4d29-b957-185c5b5495dc ] Request (ServersAaction247Test:test_create_backup): 200 GET http://10.180.1.21/compute/v2.1/servers/f5dba684-8531-43f4-a0e0-0b4af8f321e5 1.647s
2024-10-03 10:09:33.696 62573 INFO tempest.lib.common.rest_client [req-e08f759a-ead2-43c0-a803-93149f80acb9 req-e08f759a-ead2-43c0-a803-93149f80acb9 ] Request (ServersV294TestFqdnHostnames:setUpClass): 201 POST http://10.180.1.21:9696/networking/v2.0/security-group-rules 0.373s
2024-10-03 10:09:33.717 62581 INFO tempest.lib.common.rest_client [req-15c275a3-5caa-4f2c-b4d5-3546226f4858 req-15c275a3-5caa-4f2c-b4d5-3546226f4858 ] Request (MigrationsAdminTest:test_list_migrations_in_flavor_resize_situation): 200 GET http://10.180.1.21/compute/v2.1/servers/e0d7889a-b6c3-4f46-a0bb-3360f77cbe4c 1.686s
2024-10-03 10:09:33.796 62609 INFO tempest.lib.common.rest_client [req-385c216c-c416-4cc9-9e76-b2a153c6d1a3 req-385c216c-c416-4cc9-9e76-b2a153c6d1a3 ] Request (TenantUsagesTestJSON:setUpClass): 200 GET http://10.180.1.21/compute/v2.1/servers/384bb44a-f36e-4609-b4ea-e9868ea7142d 1.691s
2024-10-03 10:09:33.807 62621 INFO tempest.lib.common.rest_client [req-e291c357-d2dd-4f6e-9e75-80b1865e1701 req-e291c357-d2dd-4f6e-9e75-80b1865e1701 ] Request (AttachVolumeNegativeTest:setUpClass): 200 PUT http://10.180.1.21:9696/networking/v2.0/routers/763d8f98-7681-43d0-8585-cfb76107b4e3/add_router_interface 3.160s
2024-10-03 10:09:33.807 62621 INFO tempest.lib.common.dynamic_creds [-] Created isolated network resources for: credentials: Credentials: {'domain_id': 'default', 'domain_name': 'Default', 'username': 'tempest-AttachVolumeNegativeTest-1075186545-project-member', 'project_domain_id': 'default', 'project_domain_name': 'Default', 'project_id': '40983161b9fa4b7b82189fc9b090aa56', 'project_name': 'tempest-AttachVolumeNegativeTest-1075186545', 'tenant_id': '40983161b9fa4b7b82189fc9b090aa56', 'tenant_name': 'tempest-AttachVolumeNegativeTest-1075186545', 'user_domain_id': 'default', 'user_domain_name': 'Default', 'user_id': 'f0bcbf7b64c64f2aa56b0b3c4387700c', 'system': None}, Network: {'id': '563fe8e5-f99f-46c3-802f-93ee649e30dd', 'name': 'tempest-AttachVolumeNegativeTest-749252164-network', 'tenant_id': '40983161b9fa4b7b82189fc9b090aa56', 'admin_state_up': True, 'mtu': 8950, 'status': 'ACTIVE', 'subnets': [], 'shared': False, 'project_id': '40983161b9fa4b7b82189fc9b090aa56', 'port_security_enabled': True, 'router:external': False, 'provider:network_type': 'vlan', 'provider:physical_network': 'default', 'provider:segmentation_id': 408, 'is_default': False, 'availability_zone_hints': [], 'availability_zones': [], 'ipv4_address_scope': None, 'ipv6_address_scope': None, 'description': '', 'tags': [], 'created_at': '2024-10-03T10:09:26Z', 'updated_at': '2024-10-03T10:09:27Z', 'revision_number': 1}, Subnet: {'id': '614656bf-a84b-432d-8ae7-fc278bf76131', 'name': 'tempest-AttachVolumeNegativeTest-749252164-subnet', 'tenant_id': '40983161b9fa4b7b82189fc9b090aa56', 'network_id': '563fe8e5-f99f-46c3-802f-93ee649e30dd', 'ip_version': 4, 'subnetpool_id': None, 'enable_dhcp': True, 'ipv6_ra_mode': None, 'ipv6_address_mode': None, 'gateway_ip': '192.168.128.1', 'cidr': '192.168.128.0/28', 'allocation_pools': [{'start': '192.168.128.2', 'end': '192.168.128.14'}], 'host_routes': [], 'dns_nameservers': [], 'description': '', 'router:external': False, 'service_types': [], 'tags': [], 'created_at': '2024-10-03T10:09:27Z', 'updated_at': '2024-10-03T10:09:27Z', 'revision_number': 0, 'project_id': '40983161b9fa4b7b82189fc9b090aa56'}, Router: {'id': '763d8f98-7681-43d0-8585-cfb76107b4e3', 'name': 'tempest-AttachVolumeNegativeTest-749252164-router', 'tenant_id': '40983161b9fa4b7b82189fc9b090aa56', 'admin_state_up': True, 'status': 'ACTIVE', 'external_gateway_info': {'network_id': 'eac1a32a-8b08-46ce-ba54-bcbd142145ef', 'external_fixed_ips': [{'subnet_id': '43d0b61d-2883-48d0-b282-754d1f982e0a', 'ip_address': '10.180.180.156'}], 'enable_snat': True}, 'description': '', 'availability_zones': [], 'distributed': False, 'ha': False, 'availability_zone_hints': [], 'routes': [], 'flavor_id': None, 'tags': [], 'created_at': '2024-10-03T10:09:28Z', 'updated_at': '2024-10-03T10:09:29Z', 'revision_number': 2, 'project_id': '40983161b9fa4b7b82189fc9b090aa56'}
2024-10-03 10:09:33.825 62565 INFO tempest.lib.common.rest_client [req-5bbd8bca-e298-4a83-8ff7-f2ca71a7621d req-5bbd8bca-e298-4a83-8ff7-f2ca71a7621d ] Request (HypervisorAdminNegativeUnderV252Test:tearDownClass): 200 GET http://10.180.1.21:9696/networking/v2.0/security-groups?tenant_id=e99eb7d743c241ac9c20194cfb52e77f&name=default 0.431s
2024-10-03 10:09:33.870 62592 INFO tempest.lib.common.rest_client [req-4c280fcb-fd96-4ca1-917b-0bb066aab389 req-4c280fcb-fd96-4ca1-917b-0bb066aab389 ] Request (ServerDiagnosticsNegativeTest:test_get_server_diagnostics_by_non_admin): 200 GET http://10.180.1.21/compute/v2.1/servers/1964424d-ea7b-4e12-b681-52a99ebd089d 1.698s
2024-10-03 10:09:33.913 62621 INFO tempest.lib.common.rest_client [req-0e302626-538b-4e07-92af-bb968dc205a0 req-0e302626-538b-4e07-92af-bb968dc205a0 ] Request (AttachVolumeNegativeTest:setUpClass): 201 POST http://10.180.1.21/identity/v3/auth/tokens 0.102s
2024-10-03 10:09:34.047 62593 INFO tempest.lib.common.rest_client [req-3aa95a48-3959-4982-97ae-1cfab68bb9b9 req-3aa95a48-3959-4982-97ae-1cfab68bb9b9 ] Request (QuotasAdminTestJSON:test_get_updated_quotas): 200 PUT http://10.180.1.21/compute/v2.1/os-quota-sets/471ee2636dd74d55bf5179044e50486a 1.584s
2024-10-03 10:09:34.104 62567 INFO tempest.lib.common.rest_client [req-22e8e219-e67c-4b06-9a1c-8351aaaa364a req-22e8e219-e67c-4b06-9a1c-8351aaaa364a ] Request (SecurityGroupsTestJSON:test_list_security_groups_by_server): 200 GET http://10.180.1.21/compute/v2.1/servers/1518be67-f08f-4719-a0a2-0cf92cb98a00 1.398s
2024-10-03 10:09:34.123 62575 INFO tempest.lib.common.rest_client [req-0a33b345-ecce-408b-92bd-2ea3e3656d6c req-0a33b345-ecce-408b-92bd-2ea3e3656d6c ] Request (ServerActionsTestOtherB:setUpClass): 201 POST http://10.180.1.21:9696/networking/v2.0/floatingips 0.689s
2024-10-03 10:09:34.159 62619 INFO tempest.lib.common.rest_client [req-062a2a6b-f528-4e70-aff0-71d9f49ecda1 req-062a2a6b-f528-4e70-aff0-71d9f49ecda1 ] Request (ServerExternalEventsTest:test_create_server_external_events): 200 GET http://10.180.1.21/compute/v2.1/servers/1f366c48-5c7a-43a7-addb-84245363e673 1.389s
2024-10-03 10:09:34.170 62565 INFO tempest.lib.common.rest_client [req-553a7c8f-084b-43b2-812c-e9f7a169480c req-553a7c8f-084b-43b2-812c-e9f7a169480c ] Request (HypervisorAdminNegativeUnderV252Test:tearDownClass): 204 DELETE http://10.180.1.21:9696/networking/v2.0/security-groups/78cc2598-50ac-44b5-b2ae-2c0d73817f67 0.345s
2024-10-03 10:09:34.180 62569 INFO tempest.lib.common.rest_client [req-eb7e0d9b-a53b-4c9c-ba57-2d37270d7ee9 req-eb7e0d9b-a53b-4c9c-ba57-2d37270d7ee9 ] Request (AggregatesAdminNegativeTestJSON:_run_cleanups): 200 DELETE http://10.180.1.21/compute/v2.1/os-aggregates/6 1.401s
2024-10-03 10:09:34.192 62575 INFO tempest.lib.common.rest_client [req-04c25889-7b38-4d73-b34f-7ba92155309f req-04c25889-7b38-4d73-b34f-7ba92155309f ] Request (ServerActionsTestOtherB:setUpClass): 201 POST http://10.180.1.21/identity/v3/auth/tokens 0.062s
2024-10-03 10:09:34.192 62575 INFO tempest.lib.common.fixed_network [-] (ServerActionsTestOtherB:setUpClass) Found network {'id': '1431971a-f42f-49c5-b745-4c4bf35dae71', 'name': 'tempest-ServerActionsTestOtherB-1073893732-network', 'tenant_id': '502e769b153c40f78517520ed81c93f7', 'admin_state_up': True, 'mtu': 8950, 'status': 'ACTIVE', 'subnets': [], 'shared': False, 'project_id': '502e769b153c40f78517520ed81c93f7', 'port_security_enabled': True, 'router:external': False, 'provider:network_type': 'vlan', 'provider:physical_network': 'default', 'provider:segmentation_id': 785, 'is_default': False, 'availability_zone_hints': [], 'availability_zones': [], 'ipv4_address_scope': None, 'ipv6_address_scope': None, 'description': '', 'tags': [], 'created_at': '2024-10-03T10:09:23Z', 'updated_at': '2024-10-03T10:09:23Z', 'revision_number': 1} available for tenant
2024-10-03 10:09:34.236 62599 INFO tempest.lib.common.rest_client [req-357421ef-129a-4037-acbe-baf721289314 req-357421ef-129a-4037-acbe-baf721289314 ] Request (ServersAdmin275Test:test_rebuild_update_server_275): 200 GET http://10.180.1.21/compute/v2.1/servers/9f63b654-ffbd-4752-82fd-edd1f4a09b49 1.391s
2024-10-03 10:09:34.272 62565 INFO tempest.lib.common.rest_client [req-e4c69dd2-4400-4258-8a7c-b69b44aaaa00 req-e4c69dd2-4400-4258-8a7c-b69b44aaaa00 ] Request (HypervisorAdminNegativeUnderV252Test:tearDownClass): 204 DELETE http://10.180.1.21/identity/v3/projects/e99eb7d743c241ac9c20194cfb52e77f 0.101s
2024-10-03 10:09:34.339 62565 INFO tempest.lib.common.rest_client [req-20583433-ce7d-4769-8f43-adb6d89a7633 req-20583433-ce7d-4769-8f43-adb6d89a7633 ] Request (ServersAdminTestJSON:setUpClass): 201 POST http://10.180.1.21/identity/v3/auth/tokens 0.066s
2024-10-03 10:09:34.375 62565 INFO tempest.lib.common.rest_client [req-0a2dde10-e762-47ad-8cb7-9905178cb0ab req-0a2dde10-e762-47ad-8cb7-9905178cb0ab ] Request (ServersAdminTestJSON:setUpClass): 201 POST http://10.180.1.21/identity/v3/auth/tokens 0.033s
2024-10-03 10:09:34.383 62601 INFO tempest.lib.common.rest_client [req-16aecd2c-47ef-45df-944d-8f4e8db8d27f req-16aecd2c-47ef-45df-944d-8f4e8db8d27f ] Request (ServersAdminNegativeTestJSON:setUpClass): 200 GET http://10.180.1.21/compute/v2.1/servers/b6ff2607-f5c3-4e85-a8a6-035e30948952 1.450s
2024-10-03 10:09:34.394 62601 INFO tempest.common.waiters [-] State transition "BUILD/networking" ==> "BUILD/spawning" after 19 second wait
2024-10-03 10:09:34.402 62565 INFO tempest.lib.common.rest_client [req-9a501d01-ff90-4483-90f4-78c8f3d7bb05 req-9a501d01-ff90-4483-90f4-78c8f3d7bb05 ] Request (ServersAdminTestJSON:setUpClass): 200 GET http://10.180.1.21/identity/v3/domains?name=Default 0.027s
2024-10-03 10:09:34.437 62565 INFO tempest.lib.common.rest_client [req-2c0dcd78-9fd4-4897-99f6-408640ca83a3 req-2c0dcd78-9fd4-4897-99f6-408640ca83a3 ] Request (ServersAdminTestJSON:setUpClass): 201 POST http://10.180.1.21/identity/v3/projects 0.033s
2024-10-03 10:09:34.521 62565 INFO tempest.lib.common.rest_client [req-37057f54-f0ce-49fa-9785-66e04b501dec req-37057f54-f0ce-49fa-9785-66e04b501dec ] Request (ServersAdminTestJSON:setUpClass): 201 POST http://10.180.1.21/identity/v3/users 0.083s
2024-10-03 10:09:34.541 62565 INFO tempest.lib.common.rest_client [req-b706118e-38de-455a-b188-3f934132905a req-b706118e-38de-455a-b188-3f934132905a ] Request (ServersAdminTestJSON:setUpClass): 200 GET http://10.180.1.21/identity/v3/roles 0.020s
2024-10-03 10:09:34.573 62565 INFO tempest.lib.common.rest_client [req-43050db6-9232-4f31-8268-04bf5dd8e2df req-43050db6-9232-4f31-8268-04bf5dd8e2df ] Request (ServersAdminTestJSON:setUpClass): 204 PUT http://10.180.1.21/identity/v3/projects/7bcaa0fed5694814903c2996e021c969/users/1617a8155051493ca4cb6758221e4670/roles/381e3637f61b4cdbaaa7e15b10361a43 0.032s
2024-10-03 10:09:34.574 62565 INFO tempest.lib.common.dynamic_creds [-] Dynamic test user 1617a8155051493ca4cb6758221e4670 is created with scope project and roles: ['member']
2024-10-03 10:09:34.574 62565 INFO tempest.lib.common.dynamic_creds [-] Acquired dynamic creds: credentials: Credentials: {'domain_id': 'default', 'domain_name': 'Default', 'username': 'tempest-ServersAdminTestJSON-886267559-project-member', 'project_domain_id': 'default', 'project_domain_name': 'Default', 'project_id': '7bcaa0fed5694814903c2996e021c969', 'project_name': 'tempest-ServersAdminTestJSON-886267559', 'tenant_id': '7bcaa0fed5694814903c2996e021c969', 'tenant_name': 'tempest-ServersAdminTestJSON-886267559', 'user_domain_id': 'default', 'user_domain_name': 'Default', 'user_id': '1617a8155051493ca4cb6758221e4670', 'system': None}, Network: None, Subnet: None, Router: None
2024-10-03 10:09:34.581 62605 INFO tempest.lib.common.rest_client [req-b23d66f7-64d7-4d0d-808b-cbf1c0cf215a req-b23d66f7-64d7-4d0d-808b-cbf1c0cf215a ] Request (FloatingIPDetailsTestJSON:test_get_floating_ip_details): 200 POST http://10.180.1.21/compute/v2.1/os-floating-ips 2.980s
2024-10-03 10:09:34.641 62565 INFO tempest.lib.common.rest_client [req-9c0402c9-4262-4bc8-8761-aeacc19c085f req-9c0402c9-4262-4bc8-8761-aeacc19c085f ] Request (ServersAdminTestJSON:setUpClass): 201 POST http://10.180.1.21/identity/v3/auth/tokens 0.067s
2024-10-03 10:09:34.709 62585 INFO tempest.lib.common.rest_client [req-74bfa46c-2d5b-43c1-a8be-9c39be5d4b28 req-74bfa46c-2d5b-43c1-a8be-9c39be5d4b28 ] Request (ImagesMetadataTestJSON:setUp): 200 PUT http://10.180.1.21/compute/v2.1/images/c1985981-9712-4b46-8e0b-3a75e19b441d/metadata 1.742s
2024-10-03 10:09:34.722 62573 INFO tempest.lib.common.rest_client [req-b0adfa8f-6969-4bcc-9988-ecabb697fb53 req-b0adfa8f-6969-4bcc-9988-ecabb697fb53 ] Request (ServersV294TestFqdnHostnames:setUpClass): 201 POST http://10.180.1.21:9696/networking/v2.0/floatingips 1.025s
2024-10-03 10:09:34.724 62595 INFO tempest.lib.common.rest_client [req-b53ac3ab-e115-44b8-a020-e6d64a272a14 req-b53ac3ab-e115-44b8-a020-e6d64a272a14 ] Request (FlavorsAdminTestJSON:test_is_public_string_variations): 200 POST http://10.180.1.21/compute/v2.1/flavors 1.736s
2024-10-03 10:09:34.784 62571 INFO tempest.lib.common.rest_client [req-e23e4353-4fab-4cbd-8142-763150fe7e9a req-e23e4353-4fab-4cbd-8142-763150fe7e9a ] Request (ImagesNegativeTestJSON:test_create_image_from_deleted_server): 200 GET http://10.180.1.21/compute/v2.1/servers/1e7bfa88-1a80-4599-bf13-0645941dae26 1.324s
2024-10-03 10:09:34.800 62573 INFO tempest.lib.common.rest_client [req-5ef3c3d8-eafe-4678-ac9b-e0166aa32948 req-5ef3c3d8-eafe-4678-ac9b-e0166aa32948 ] Request (ServersV294TestFqdnHostnames:setUpClass): 201 POST http://10.180.1.21/identity/v3/auth/tokens 0.073s
2024-10-03 10:09:34.801 62573 INFO tempest.lib.common.fixed_network [-] (ServersV294TestFqdnHostnames:setUpClass) Found network {'id': 'bcc567dd-0ea9-4e1c-b9c3-cda828141448', 'name': 'tempest-ServersV294TestFqdnHostnames-2105626655-network', 'tenant_id': 'c81f50817bcc4357a45dcdf0b962f0a7', 'admin_state_up': True, 'mtu': 8950, 'status': 'ACTIVE', 'subnets': [], 'shared': False, 'project_id': 'c81f50817bcc4357a45dcdf0b962f0a7', 'port_security_enabled': True, 'router:external': False, 'provider:network_type': 'vlan', 'provider:physical_network': 'default', 'provider:segmentation_id': 376, 'is_default': False, 'availability_zone_hints': [], 'availability_zones': [], 'ipv4_address_scope': None, 'ipv6_address_scope': None, 'description': '', 'tags': [], 'created_at': '2024-10-03T10:09:22Z', 'updated_at': '2024-10-03T10:09:22Z', 'revision_number': 1} available for tenant
2024-10-03 10:09:34.838 62615 INFO tempest.lib.common.rest_client [req-94aace94-5a7e-446a-94cc-a0e6f417f122 req-94aace94-5a7e-446a-94cc-a0e6f417f122 ] Request (VolumesAssistedSnapshotsTest:test_volume_assisted_snapshot_create_delete): 200 GET http://10.180.1.21/compute/v2.1/servers/9487cc4d-2998-4c71-b8ca-5d69deb592ed 1.373s
2024-10-03 10:09:34.858 62584 INFO tempest.lib.common.rest_client [req-5af658e2-0f70-4f61-ae16-df432702e3d5 req-5af658e2-0f70-4f61-ae16-df432702e3d5 ] Request (FlavorsAccessNegativeTestJSON:_run_cleanups): 200 GET http://10.180.1.21/compute/v2.1/flavors/detail 1.383s
2024-10-03 10:09:34.903 62589 INFO tempest.lib.common.rest_client [req-bf6622f1-8d84-4075-ac26-cb52b17ed83c req-bf6622f1-8d84-4075-ac26-cb52b17ed83c ] Request (KeyPairsNegativeTestJSON:test_create_keypair_with_empty_public_key): 400 POST http://10.180.1.21/compute/v2.1/os-keypairs 1.417s
2024-10-03 10:09:34.963 62584 INFO tempest.lib.common.rest_client [req-5e70f639-d859-4d5c-a100-d0d3edff9222 req-5e70f639-d859-4d5c-a100-d0d3edff9222 ] Request (FlavorsAccessNegativeTestJSON:tearDownClass): 204 DELETE http://10.180.1.21/identity/v3/users/d87d42e325554b06979a20f69ee4c8e4 0.096s
2024-10-03 10:09:35.103 62563 INFO tempest.lib.common.rest_client [req-d546f5ec-f595-44f4-8bda-92ef4ea96361 req-d546f5ec-f595-44f4-8bda-92ef4ea96361 ] Request (ImagesOneServerTestJSON:setUpClass): 202 POST http://10.180.1.21/compute/v2.1/servers 2.149s
2024-10-03 10:09:35.115 62561 INFO tempest.lib.common.rest_client [req-677adc48-6760-4b08-99c8-8e55c6ca1597 req-677adc48-6760-4b08-99c8-8e55c6ca1597 ] Request (FlavorsV2TestJSON:test_list_flavors_detailed_limit_results): 200 GET http://10.180.1.21/compute/v2.1/flavors/detail?limit=1 1.587s
2024-10-03 10:09:35.117 62565 INFO tempest.lib.common.rest_client [req-7aa6721d-62a0-42ac-b38b-8df2de056fd2 req-7aa6721d-62a0-42ac-b38b-8df2de056fd2 ] Request (ServersAdminTestJSON:setUpClass): 201 POST http://10.180.1.21:9696/networking/v2.0/networks 0.475s
2024-10-03 10:09:35.119 62584 INFO tempest.lib.common.rest_client [req-c9ff2d0b-1766-486e-ade0-18eda279e952 req-c9ff2d0b-1766-486e-ade0-18eda279e952 ] Request (FlavorsAccessNegativeTestJSON:tearDownClass): 204 DELETE http://10.180.1.21/identity/v3/users/e5dd4bef11254b8bb2798a46ecf3fd1c 0.156s
2024-10-03 10:09:35.194 62611 INFO tempest.lib.common.rest_client [req-2f26c1e2-e50e-4593-9c07-afabf79ce0dc req-2f26c1e2-e50e-4593-9c07-afabf79ce0dc ] Request (AttachInterfacesTestJSON:test_create_list_show_delete_interfaces_by_fixed_ip): 200 GET http://10.180.1.21/compute/v2.1/servers/63c61346-83f5-4560-ad53-ab8a173434f9 1.642s
2024-10-03 10:09:35.267 62587 INFO tempest.lib.common.rest_client [req-46423ddb-da74-4d88-b0de-5f6dcae9c8d7 req-46423ddb-da74-4d88-b0de-5f6dcae9c8d7 ] Request (ServerShowV254Test:test_rebuild_server): 200 GET http://10.180.1.21/compute/v2.1/servers/13e13f90-6236-470e-87b7-137197b8c64f 1.606s
2024-10-03 10:09:35.277 62587 INFO tempest.common.waiters [-] State transition "REBUILD/rebuilding" ==> "REBUILD/rebuild_spawning" after 3 second wait
2024-10-03 10:09:35.280 62584 INFO tempest.lib.common.rest_client [req-a87da39f-416e-41c0-be74-70a903ffb167 req-a87da39f-416e-41c0-be74-70a903ffb167 ] Request (FlavorsAccessNegativeTestJSON:tearDownClass): 204 DELETE http://10.180.1.21/identity/v3/users/618d8da947f041dd8917eaad70fa6edf 0.160s
2024-10-03 10:09:35.280 62584 INFO tempest.lib.common.dynamic_creds [-] Deleting project and security group for project: 79edd105f23f475d94dd1be7b5675827
2024-10-03 10:09:35.329 62597 INFO tempest.lib.common.rest_client [req-dd7952fb-29ac-46b0-9703-0718101263cc req-dd7952fb-29ac-46b0-9703-0718101263cc ] Request (ServerDiagnosticsTest:test_get_server_diagnostics): 200 GET http://10.180.1.21/compute/v2.1/servers/82a94a65-80f8-4f18-8d25-289889290802 1.603s
2024-10-03 10:09:35.338 62565 INFO tempest.lib.common.rest_client [req-0cd9d6db-d6f1-4881-a421-a657d9a38363 req-0cd9d6db-d6f1-4881-a421-a657d9a38363 ] Request (ServersAdminTestJSON:setUpClass): 201 POST http://10.180.1.21:9696/networking/v2.0/subnets 0.220s
2024-10-03 10:09:35.348 62584 INFO tempest.lib.common.rest_client [req-04569f44-adf8-42b8-b722-d8c401aa8ea7 req-04569f44-adf8-42b8-b722-d8c401aa8ea7 ] Request (FlavorsAccessNegativeTestJSON:tearDownClass): 201 POST http://10.180.1.21/identity/v3/auth/tokens 0.068s
2024-10-03 10:09:35.379 62603 INFO tempest.lib.common.rest_client [req-2b6151ca-0bfb-4132-8ac3-9f2b96f6e056 req-2b6151ca-0bfb-4132-8ac3-9f2b96f6e056 ] Request (FloatingIPsAssociationNegativeTestJSON:setUpClass): 200 GET http://10.180.1.21/compute/v2.1/servers/11359e0d-2297-4d82-9f66-e06ef6a551c1 1.602s
2024-10-03 10:09:35.442 62613 INFO tempest.lib.common.rest_client [req-232b2c8b-497c-403b-86aa-2cd5cb55f913 req-232b2c8b-497c-403b-86aa-2cd5cb55f913 ] Request (ServerDiagnosticsV248Test:test_get_server_diagnostics): 200 GET http://10.180.1.21/compute/v2.1/servers/338dd353-0433-4d92-b7d7-14fe0dfc3869 1.587s
2024-10-03 10:09:35.601 62621 INFO tempest.lib.common.rest_client [req-311e25ac-5bd1-46e9-8bfd-d3418e630f84 req-311e25ac-5bd1-46e9-8bfd-d3418e630f84 ] Request (ValidationResourcesFixture:setUp): 200 POST http://10.180.1.21/compute/v2.1/os-keypairs 1.685s
2024-10-03 10:09:35.672 62607 INFO tempest.lib.common.rest_client [req-f26c9ea2-acd8-4366-9437-309429da1d0f req-f26c9ea2-acd8-4366-9437-309429da1d0f ] Request (DeleteServersAdminTestJSON:test_admin_delete_servers_of_others): 200 GET http://10.180.1.21/compute/v2.1/servers/768b3b0d-2468-4651-858c-3438d9b1f13f 1.738s
2024-10-03 10:09:35.684 62584 INFO tempest.lib.common.rest_client [req-e48105c1-0442-433b-a9c2-3c9fe5971fc7 req-e48105c1-0442-433b-a9c2-3c9fe5971fc7 ] Request (FlavorsAccessNegativeTestJSON:tearDownClass): 200 GET http://10.180.1.21:9696/networking/v2.0/security-groups?tenant_id=79edd105f23f475d94dd1be7b5675827&name=default 0.335s
2024-10-03 10:09:35.736 62617 INFO tempest.lib.common.rest_client [req-fc0566a7-9b55-4da0-b3f4-5a435d9b85a8 req-fc0566a7-9b55-4da0-b3f4-5a435d9b85a8 ] Request (FloatingIPsTestJSON:test_allocate_floating_ip): 200 POST http://10.180.1.21/compute/v2.1/os-floating-ips 2.219s
2024-10-03 10:09:35.748 62569 INFO tempest.lib.common.rest_client [req-8ac86604-4cc7-4556-bf21-63ca87bba76c req-8ac86604-4cc7-4556-bf21-63ca87bba76c ] Request (AggregatesAdminNegativeTestJSON:test_aggregate_get_details_with_invalid_id): 404 GET http://10.180.1.21/compute/v2.1/os-aggregates/-1 1.566s
2024-10-03 10:09:35.795 62593 INFO tempest.lib.common.rest_client [req-1ec4ff6f-780a-415f-93fe-b093ee914799 req-1ec4ff6f-780a-415f-93fe-b093ee914799 ] Request (QuotasAdminTestJSON:test_get_updated_quotas): 200 GET http://10.180.1.21/compute/v2.1/os-quota-sets/471ee2636dd74d55bf5179044e50486a/detail 1.746s
2024-10-03 10:09:35.820 62593 INFO tempest.lib.common.rest_client [req-52fb6f82-c945-4b34-885e-622ccb797eb1 req-52fb6f82-c945-4b34-885e-622ccb797eb1 ] Request (QuotasAdminTestJSON:test_get_updated_quotas): 200 GET http://10.180.1.21/identity/v3/domains?name=Default 0.019s
2024-10-03 10:09:35.846 62593 INFO tempest.lib.common.rest_client [req-53aa4686-ae1a-4779-ba2f-49c32fd40e2a req-53aa4686-ae1a-4779-ba2f-49c32fd40e2a ] Request (QuotasAdminTestJSON:test_get_updated_quotas): 201 POST http://10.180.1.21/identity/v3/users 0.026s
2024-10-03 10:09:35.853 62621 INFO tempest.lib.common.rest_client [req-1ba866c9-1329-4184-835a-9cece72da3c2 req-1ba866c9-1329-4184-835a-9cece72da3c2 ] Request (ValidationResourcesFixture:setUp): 201 POST http://10.180.1.21:9696/networking/v2.0/security-groups 0.250s
2024-10-03 10:09:35.866 62593 INFO tempest.lib.common.rest_client [req-eb99797c-e377-46e1-8903-3fc159aaf987 req-eb99797c-e377-46e1-8903-3fc159aaf987 ] Request (QuotasAdminTestJSON:test_get_updated_quotas): 200 GET http://10.180.1.21/identity/v3/domains?name=Default 0.019s
2024-10-03 10:09:35.946 62584 INFO tempest.lib.common.rest_client [req-069a1c8e-aa2e-40d7-8928-a7bad1bd8bbc req-069a1c8e-aa2e-40d7-8928-a7bad1bd8bbc ] Request (FlavorsAccessNegativeTestJSON:tearDownClass): 204 DELETE http://10.180.1.21:9696/networking/v2.0/security-groups/a61daea4-65b6-44ed-a7ba-419bd4f9eefc 0.262s
2024-10-03 10:09:35.954 62605 INFO tempest.lib.common.rest_client [req-622dc4cd-98ef-41e1-8fe0-9c3bc9b0b1f5 req-622dc4cd-98ef-41e1-8fe0-9c3bc9b0b1f5 ] Request (FloatingIPDetailsTestJSON:test_get_floating_ip_details): 200 GET http://10.180.1.21/compute/v2.1/os-floating-ips/4800dbcf-b1a9-49a2-ad7f-e654120c9364 1.371s
2024-10-03 10:09:36.008 62621 INFO tempest.lib.common.rest_client [req-20025bcb-da36-4d21-9376-e56888ac16b3 req-20025bcb-da36-4d21-9376-e56888ac16b3 ] Request (ValidationResourcesFixture:setUp): 201 POST http://10.180.1.21:9696/networking/v2.0/security-group-rules 0.155s
2024-10-03 10:09:36.016 62623 INFO tempest.lib.common.rest_client [req-353b2afa-fa5b-4d4b-a100-ed8714e5d976 req-353b2afa-fa5b-4d4b-a100-ed8714e5d976 ] Request (ServersAaction247Test:test_create_backup): 200 GET http://10.180.1.21/compute/v2.1/servers/f5dba684-8531-43f4-a0e0-0b4af8f321e5 1.392s
2024-10-03 10:09:36.028 62584 INFO tempest.lib.common.rest_client [req-b080181e-14b9-4739-98a0-e10acdfae409 req-b080181e-14b9-4739-98a0-e10acdfae409 ] Request (FlavorsAccessNegativeTestJSON:tearDownClass): 204 DELETE http://10.180.1.21/identity/v3/projects/79edd105f23f475d94dd1be7b5675827 0.081s
2024-10-03 10:09:36.028 62584 INFO tempest.lib.common.dynamic_creds [-] Deleting project and security group for project: 00541f482fcd4c668cf6eec557a2e063
2024-10-03 10:09:36.071 62585 INFO tempest.lib.common.rest_client [req-c2012039-a4c2-423f-adc4-1da0874c94af req-c2012039-a4c2-423f-adc4-1da0874c94af ] Request (ImagesMetadataTestJSON:test_list_image_metadata): 200 GET http://10.180.1.21/compute/v2.1/images/c1985981-9712-4b46-8e0b-3a75e19b441d/metadata 1.361s
2024-10-03 10:09:36.118 62595 INFO tempest.lib.common.rest_client [req-7c93a96e-bc04-486a-bc63-ba95c8392bad req-7c93a96e-bc04-486a-bc63-ba95c8392bad ] Request (FlavorsAdminTestJSON:test_is_public_string_variations): 200 POST http://10.180.1.21/compute/v2.1/flavors 1.391s
2024-10-03 10:09:36.163 62621 INFO tempest.lib.common.rest_client [req-3924b26d-599e-4f87-bb56-694f3b6d31d1 req-3924b26d-599e-4f87-bb56-694f3b6d31d1 ] Request (ValidationResourcesFixture:setUp): 201 POST http://10.180.1.21:9696/networking/v2.0/security-group-rules 0.154s
2024-10-03 10:09:36.181 62581 INFO tempest.lib.common.rest_client [req-0223a1e5-75c7-4c62-9b48-92b2530ff8cd req-0223a1e5-75c7-4c62-9b48-92b2530ff8cd ] Request (MigrationsAdminTest:test_list_migrations_in_flavor_resize_situation): 200 GET http://10.180.1.21/compute/v2.1/servers/e0d7889a-b6c3-4f46-a0bb-3360f77cbe4c 1.452s
2024-10-03 10:09:36.223 62584 INFO tempest.lib.common.rest_client [req-3f2edd96-3d6b-4059-afb1-005d4f84d837 req-3f2edd96-3d6b-4059-afb1-005d4f84d837 ] Request (FlavorsAccessNegativeTestJSON:tearDownClass): 200 GET http://10.180.1.21:9696/networking/v2.0/security-groups?tenant_id=00541f482fcd4c668cf6eec557a2e063&name=default 0.195s
2024-10-03 10:09:36.239 62575 INFO tempest.lib.common.rest_client [req-05b0968b-c27e-4b72-9540-ea3254a00f6a req-05b0968b-c27e-4b72-9540-ea3254a00f6a ] Request (ServerActionsTestOtherB:setUpClass): 202 POST http://10.180.1.21/compute/v2.1/servers 2.046s
2024-10-03 10:09:36.304 62609 INFO tempest.lib.common.rest_client [req-d002b258-0544-471f-8d54-bea162a9d7ad req-d002b258-0544-471f-8d54-bea162a9d7ad ] Request (TenantUsagesTestJSON:setUpClass): 200 GET http://10.180.1.21/compute/v2.1/servers/384bb44a-f36e-4609-b4ea-e9868ea7142d 1.494s
2024-10-03 10:09:36.351 62592 INFO tempest.lib.common.rest_client [req-5e4599a8-0ceb-48f9-b6a3-0246bbacb1e7 req-5e4599a8-0ceb-48f9-b6a3-0246bbacb1e7 ] Request (ServerDiagnosticsNegativeTest:test_get_server_diagnostics_by_non_admin): 200 GET http://10.180.1.21/compute/v2.1/servers/1964424d-ea7b-4e12-b681-52a99ebd089d 1.471s
2024-10-03 10:09:36.357 62589 INFO tempest.lib.common.rest_client [req-8d09ac15-5a14-4da3-841b-ceb8f819a742 req-8d09ac15-5a14-4da3-841b-ceb8f819a742 ] Request (KeyPairsNegativeTestJSON:test_create_keypair_with_long_keynames): 400 POST http://10.180.1.21/compute/v2.1/os-keypairs 1.452s
2024-10-03 10:09:36.443 62563 INFO tempest.lib.common.rest_client [req-4308f55d-0129-422e-87df-9f435d84f086 req-4308f55d-0129-422e-87df-9f435d84f086 ] Request (ImagesOneServerTestJSON:setUpClass): 200 GET http://10.180.1.21/compute/v2.1/servers/db2b4ae1-5883-4684-b265-7e2892c4ca98 1.339s
2024-10-03 10:09:36.455 62584 INFO tempest.lib.common.rest_client [req-e521c8ac-bd6e-4909-b8c3-45f20e74d723 req-e521c8ac-bd6e-4909-b8c3-45f20e74d723 ] Request (FlavorsAccessNegativeTestJSON:tearDownClass): 204 DELETE http://10.180.1.21:9696/networking/v2.0/security-groups/eadd6372-6f09-4d55-9979-81e54fd5fb52 0.229s
2024-10-03 10:09:36.501 62565 INFO tempest.lib.common.rest_client [req-ade9058f-2263-4679-b668-27aa5c2590c6 req-ade9058f-2263-4679-b668-27aa5c2590c6 ] Request (ServersAdminTestJSON:setUpClass): 201 POST http://10.180.1.21:9696/networking/v2.0/routers 1.163s
2024-10-03 10:09:36.525 62567 INFO tempest.lib.common.rest_client [req-ab2fe514-1899-436a-bf0c-a5bc8ecc122e req-ab2fe514-1899-436a-bf0c-a5bc8ecc122e ] Request (SecurityGroupsTestJSON:test_list_security_groups_by_server): 200 GET http://10.180.1.21/compute/v2.1/servers/1518be67-f08f-4719-a0a2-0cf92cb98a00 1.407s
2024-10-03 10:09:36.543 62561 INFO tempest.lib.common.rest_client [req-e0eac25f-b5da-4751-b016-f820a60ba7bd req-e0eac25f-b5da-4751-b016-f820a60ba7bd ] Request (FlavorsV2TestJSON:test_list_flavors_detailed_using_marker): 200 GET http://10.180.1.21/compute/v2.1/flavors/42 1.422s
2024-10-03 10:09:36.606 62584 INFO tempest.lib.common.rest_client [req-6f4d2f85-775c-4e2c-8c9c-f55410e9f7dd req-6f4d2f85-775c-4e2c-8c9c-f55410e9f7dd ] Request (FlavorsAccessNegativeTestJSON:tearDownClass): 204 DELETE http://10.180.1.21/identity/v3/projects/00541f482fcd4c668cf6eec557a2e063 0.149s
2024-10-03 10:09:36.606 62584 INFO tempest.lib.common.dynamic_creds [-] Deleting project and security group for project: 0d41aef76eab4ce783308e9261ffb797
2024-10-03 10:09:36.622 62619 INFO tempest.lib.common.rest_client [req-af5eb64c-ed50-4872-bdc6-7faffe2f3150 req-af5eb64c-ed50-4872-bdc6-7faffe2f3150 ] Request (ServerExternalEventsTest:test_create_server_external_events): 200 GET http://10.180.1.21/compute/v2.1/servers/1f366c48-5c7a-43a7-addb-84245363e673 1.454s
2024-10-03 10:09:36.675 62621 INFO tempest.lib.common.rest_client [req-1289bf83-7055-44a5-b069-bd892db8a324 req-1289bf83-7055-44a5-b069-bd892db8a324 ] Request (ValidationResourcesFixture:setUp): 201 POST http://10.180.1.21:9696/networking/v2.0/floatingips 0.512s
2024-10-03 10:09:36.689 62599 INFO tempest.lib.common.rest_client [req-75f37429-211a-4467-bd5d-0f9ceb47986f req-75f37429-211a-4467-bd5d-0f9ceb47986f ] Request (ServersAdmin275Test:test_rebuild_update_server_275): 200 GET http://10.180.1.21/compute/v2.1/servers/9f63b654-ffbd-4752-82fd-edd1f4a09b49 1.441s
2024-10-03 10:09:36.741 62601 INFO tempest.lib.common.rest_client [req-b9fd847e-20c2-42c7-a000-a41e6110ea07 req-b9fd847e-20c2-42c7-a000-a41e6110ea07 ] Request (ServersAdminNegativeTestJSON:setUpClass): 200 GET http://10.180.1.21/compute/v2.1/servers/b6ff2607-f5c3-4e85-a8a6-035e30948952 1.346s
2024-10-03 10:09:36.752 62621 INFO tempest.lib.common.rest_client [req-10788c61-5aad-4654-9025-b53819cd376b req-10788c61-5aad-4654-9025-b53819cd376b ] Request (AttachVolumeNegativeTest:test_attach_attached_volume_to_different_server): 201 POST http://10.180.1.21/identity/v3/auth/tokens 0.074s
2024-10-03 10:09:36.752 62621 INFO tempest.lib.common.fixed_network [-] (AttachVolumeNegativeTest:test_attach_attached_volume_to_different_server) Found network {'id': '563fe8e5-f99f-46c3-802f-93ee649e30dd', 'name': 'tempest-AttachVolumeNegativeTest-749252164-network', 'tenant_id': '40983161b9fa4b7b82189fc9b090aa56', 'admin_state_up': True, 'mtu': 8950, 'status': 'ACTIVE', 'subnets': [], 'shared': False, 'project_id': '40983161b9fa4b7b82189fc9b090aa56', 'port_security_enabled': True, 'router:external': False, 'provider:network_type': 'vlan', 'provider:physical_network': 'default', 'provider:segmentation_id': 408, 'is_default': False, 'availability_zone_hints': [], 'availability_zones': [], 'ipv4_address_scope': None, 'ipv6_address_scope': None, 'description': '', 'tags': [], 'created_at': '2024-10-03T10:09:26Z', 'updated_at': '2024-10-03T10:09:27Z', 'revision_number': 1} available for tenant
2024-10-03 10:09:36.837 62573 INFO tempest.lib.common.rest_client [req-571dc570-85d5-4225-a593-6e557730382d req-571dc570-85d5-4225-a593-6e557730382d ] Request (ServersV294TestFqdnHostnames:setUpClass): 202 POST http://10.180.1.21/compute/v2.1/servers 2.035s
2024-10-03 10:09:36.841 62617 INFO tempest.lib.common.rest_client [req-ac2793a7-f72d-417f-8dc3-954a9c7249fa req-ac2793a7-f72d-417f-8dc3-954a9c7249fa ] Request (FloatingIPsTestJSON:test_allocate_floating_ip): 200 GET http://10.180.1.21/compute/v2.1/os-floating-ips/b4e719e8-e00c-44ca-8bd9-15abd2fa304d 1.103s
2024-10-03 10:09:36.845 62584 INFO tempest.lib.common.rest_client [req-f9f47867-701d-4997-81e4-8567b6c35465 req-f9f47867-701d-4997-81e4-8567b6c35465 ] Request (FlavorsAccessNegativeTestJSON:tearDownClass): 200 GET http://10.180.1.21:9696/networking/v2.0/security-groups?tenant_id=0d41aef76eab4ce783308e9261ffb797&name=default 0.239s
2024-10-03 10:09:36.846 62569 INFO tempest.lib.common.rest_client [req-52d404d9-3fc4-4ce4-9e97-44880f304043 req-52d404d9-3fc4-4ce4-9e97-44880f304043 ] Request (AggregatesAdminNegativeTestJSON:test_aggregate_list_as_user): 403 GET http://10.180.1.21/compute/v2.1/os-aggregates 1.097s
2024-10-03 10:09:36.929 62571 INFO tempest.lib.common.rest_client [req-a7b79a0e-1e32-49d4-afce-b07d5a631389 req-a7b79a0e-1e32-49d4-afce-b07d5a631389 ] Request (ImagesNegativeTestJSON:test_create_image_from_deleted_server): 200 GET http://10.180.1.21/compute/v2.1/servers/1e7bfa88-1a80-4599-bf13-0645941dae26 1.133s
2024-10-03 10:09:36.941 62615 INFO tempest.lib.common.rest_client [req-227a2626-8018-4fa8-a8ba-2a15b8671be5 req-227a2626-8018-4fa8-a8ba-2a15b8671be5 ] Request (VolumesAssistedSnapshotsTest:test_volume_assisted_snapshot_create_delete): 200 GET http://10.180.1.21/compute/v2.1/servers/9487cc4d-2998-4c71-b8ca-5d69deb592ed 1.092s
2024-10-03 10:09:37.108 62593 INFO tempest.lib.common.rest_client [req-6cbc4122-9c3e-4a0c-8154-61e4e172b648 req-6cbc4122-9c3e-4a0c-8154-61e4e172b648 ] Request (QuotasAdminTestJSON:test_get_updated_quotas): 200 PUT http://10.180.1.21/compute/v2.1/os-quota-sets/471ee2636dd74d55bf5179044e50486a?user_id=bf9e639e72ac43e59fab30f4c5e89602 1.241s
2024-10-03 10:09:37.220 62584 INFO tempest.lib.common.rest_client [req-0d0a0a53-72b2-469b-89cf-75d454a73acd req-0d0a0a53-72b2-469b-89cf-75d454a73acd ] Request (FlavorsAccessNegativeTestJSON:tearDownClass): 204 DELETE http://10.180.1.21:9696/networking/v2.0/security-groups/4528d97d-a3d4-49fa-a7cd-f89e293aaefa 0.374s
2024-10-03 10:09:37.273 62585 INFO tempest.lib.common.rest_client [req-1eeb7313-bfd9-411c-9b4f-37c4f5b096b2 req-1eeb7313-bfd9-411c-9b4f-37c4f5b096b2 ] Request (ImagesMetadataTestJSON:setUp): 200 PUT http://10.180.1.21/compute/v2.1/images/c1985981-9712-4b46-8e0b-3a75e19b441d/metadata 1.200s
2024-10-03 10:09:37.290 62595 INFO tempest.lib.common.rest_client [req-d938a4a4-f828-4f98-b1fb-f4b004cf6994 req-d938a4a4-f828-4f98-b1fb-f4b004cf6994 ] Request (FlavorsAdminTestJSON:test_is_public_string_variations): 200 GET http://10.180.1.21/compute/v2.1/flavors/detail?is_public=f 1.170s
2024-10-03 10:09:37.325 62584 INFO tempest.lib.common.rest_client [req-1457ab7e-77d0-44f9-9dab-e5f197d0b4e4 req-1457ab7e-77d0-44f9-9dab-e5f197d0b4e4 ] Request (FlavorsAccessNegativeTestJSON:tearDownClass): 204 DELETE http://10.180.1.21/identity/v3/projects/0d41aef76eab4ce783308e9261ffb797 0.105s
2024-10-03 10:09:37.339 62611 INFO tempest.lib.common.rest_client [req-66e80ea8-57a6-48ee-8cc8-4575384c6b16 req-66e80ea8-57a6-48ee-8cc8-4575384c6b16 ] Request (AttachInterfacesTestJSON:test_create_list_show_delete_interfaces_by_fixed_ip): 200 GET http://10.180.1.21/compute/v2.1/servers/63c61346-83f5-4560-ad53-ab8a173434f9 1.135s
2024-10-03 10:09:37.395 62584 INFO tempest.lib.common.rest_client [req-b4b7bc0f-0e26-453c-83c2-5ad4fd977901 req-b4b7bc0f-0e26-453c-83c2-5ad4fd977901 ] Request (HypervisorAdminV253TestBase:setUpClass): 201 POST http://10.180.1.21/identity/v3/auth/tokens 0.069s
2024-10-03 10:09:37.400 62575 INFO tempest.lib.common.rest_client [req-371c4d51-6773-4d26-9fb0-47f811dbc3c8 req-371c4d51-6773-4d26-9fb0-47f811dbc3c8 ] Request (ServerActionsTestOtherB:setUpClass): 200 GET http://10.180.1.21/compute/v2.1/servers/354f24fb-382e-446f-bf96-8f93455d4ad7 1.159s
2024-10-03 10:09:37.436 62584 INFO tempest.lib.common.rest_client [req-28bbcfe4-cc6d-416f-aa0f-815ada20d37c req-28bbcfe4-cc6d-416f-aa0f-815ada20d37c ] Request (HypervisorAdminV253TestBase:setUpClass): 201 POST http://10.180.1.21/identity/v3/auth/tokens 0.038s
2024-10-03 10:09:37.466 62587 INFO tempest.lib.common.rest_client [req-fc55e38e-5ec8-4152-963e-11e19cfe1d4a req-fc55e38e-5ec8-4152-963e-11e19cfe1d4a ] Request (ServerShowV254Test:test_rebuild_server): 200 GET http://10.180.1.21/compute/v2.1/servers/13e13f90-6236-470e-87b7-137197b8c64f 1.188s
2024-10-03 10:09:37.479 62605 INFO tempest.lib.common.rest_client [req-1acc1364-8c24-4c87-8bfd-fd27228f9aea req-1acc1364-8c24-4c87-8bfd-fd27228f9aea ] Request (FloatingIPDetailsTestJSON:_run_cleanups): 202 DELETE http://10.180.1.21/compute/v2.1/os-floating-ips/4800dbcf-b1a9-49a2-ad7f-e654120c9364 1.523s
2024-10-03 10:09:37.485 62584 INFO tempest.lib.common.rest_client [req-8542d2ea-8533-4b16-aedb-2bde67920898 req-8542d2ea-8533-4b16-aedb-2bde67920898 ] Request (HypervisorAdminV253TestBase:setUpClass): 200 GET http://10.180.1.21/identity/v3/domains?name=Default 0.049s
2024-10-03 10:09:37.546 62589 INFO tempest.lib.common.rest_client [req-1abfb36b-8391-434a-952c-06f10b0eb63b req-1abfb36b-8391-434a-952c-06f10b0eb63b ] Request (KeyPairsNegativeTestJSON:test_keypair_create_with_invalid_pub_key): 400 POST http://10.180.1.21/compute/v2.1/os-keypairs 1.188s
2024-10-03 10:09:37.557 62584 INFO tempest.lib.common.rest_client [req-3187d6b2-48d7-45a6-b113-924b16b242ec req-3187d6b2-48d7-45a6-b113-924b16b242ec ] Request (HypervisorAdminV253TestBase:setUpClass): 201 POST http://10.180.1.21/identity/v3/projects 0.071s
2024-10-03 10:09:37.568 62597 INFO tempest.lib.common.rest_client [req-cdeb86cb-9caa-41bf-ae6f-bb7b03da97d7 req-cdeb86cb-9caa-41bf-ae6f-bb7b03da97d7 ] Request (ServerDiagnosticsTest:test_get_server_diagnostics): 200 GET http://10.180.1.21/compute/v2.1/servers/82a94a65-80f8-4f18-8d25-289889290802 1.230s
2024-10-03 10:09:37.579 62597 INFO tempest.common.waiters [-] State transition "BUILD/spawning" ==> "ERROR/None" after 30 second wait
2024-10-03 10:09:37.643 62584 INFO tempest.lib.common.rest_client [req-dc97dd0f-d03a-4a3b-b72f-49f638f723b2 req-dc97dd0f-d03a-4a3b-b72f-49f638f723b2 ] Request (HypervisorAdminV253TestBase:setUpClass): 201 POST http://10.180.1.21/identity/v3/users 0.086s
2024-10-03 10:09:37.645 62603 INFO tempest.lib.common.rest_client [req-78f44cc5-3fed-49b7-ae77-969cd5416819 req-78f44cc5-3fed-49b7-ae77-969cd5416819 ] Request (FloatingIPsAssociationNegativeTestJSON:setUpClass): 200 GET http://10.180.1.21/compute/v2.1/servers/11359e0d-2297-4d82-9f66-e06ef6a551c1 1.257s
2024-10-03 10:09:37.649 62613 INFO tempest.lib.common.rest_client [req-fe6903a5-227a-4857-91d7-e108cfeacd12 req-fe6903a5-227a-4857-91d7-e108cfeacd12 ] Request (ServerDiagnosticsV248Test:test_get_server_diagnostics): 200 GET http://10.180.1.21/compute/v2.1/servers/338dd353-0433-4d92-b7d7-14fe0dfc3869 1.197s
2024-10-03 10:09:37.665 62584 INFO tempest.lib.common.rest_client [req-84f1b181-9336-4a04-8d7f-46d9902d1e27 req-84f1b181-9336-4a04-8d7f-46d9902d1e27 ] Request (HypervisorAdminV253TestBase:setUpClass): 200 GET http://10.180.1.21/identity/v3/roles 0.021s
2024-10-03 10:09:37.684 62561 INFO tempest.lib.common.rest_client [req-11150782-b85d-44df-8e1f-febbda07bdbe req-11150782-b85d-44df-8e1f-febbda07bdbe ] Request (FlavorsV2TestJSON:test_list_flavors_detailed_using_marker): 200 GET http://10.180.1.21/compute/v2.1/flavors/detail?marker=42 1.137s
2024-10-03 10:09:37.696 62584 INFO tempest.lib.common.rest_client [req-0c095277-47b6-4a75-8d0d-7fe316cf49d5 req-0c095277-47b6-4a75-8d0d-7fe316cf49d5 ] Request (HypervisorAdminV253TestBase:setUpClass): 204 PUT http://10.180.1.21/identity/v3/projects/77318a3d26cc4d5a8d48d2c19defd212/users/57ec58cbb4104a419e6550d6617d7758/roles/381e3637f61b4cdbaaa7e15b10361a43 0.029s
2024-10-03 10:09:37.696 62584 INFO tempest.lib.common.dynamic_creds [-] Dynamic test user 57ec58cbb4104a419e6550d6617d7758 is created with scope project and roles: ['member']
2024-10-03 10:09:37.696 62584 INFO tempest.lib.common.dynamic_creds [-] Acquired dynamic creds: credentials: Credentials: {'domain_id': 'default', 'domain_name': 'Default', 'username': 'tempest-HypervisorAdminV253TestBase-2125212542-project-member', 'project_domain_id': 'default', 'project_domain_name': 'Default', 'project_id': '77318a3d26cc4d5a8d48d2c19defd212', 'project_name': 'tempest-HypervisorAdminV253TestBase-2125212542', 'tenant_id': '77318a3d26cc4d5a8d48d2c19defd212', 'tenant_name': 'tempest-HypervisorAdminV253TestBase-2125212542', 'user_domain_id': 'default', 'user_domain_name': 'Default', 'user_id': '57ec58cbb4104a419e6550d6617d7758', 'system': None}, Network: None, Subnet: None, Router: None
2024-10-03 10:09:37.696 62584 INFO tempest.lib.common.dynamic_creds [-] Created isolated network resources for: credentials: Credentials: {'domain_id': 'default', 'domain_name': 'Default', 'username': 'tempest-HypervisorAdminV253TestBase-2125212542-project-member', 'project_domain_id': 'default', 'project_domain_name': 'Default', 'project_id': '77318a3d26cc4d5a8d48d2c19defd212', 'project_name': 'tempest-HypervisorAdminV253TestBase-2125212542', 'tenant_id': '77318a3d26cc4d5a8d48d2c19defd212', 'tenant_name': 'tempest-HypervisorAdminV253TestBase-2125212542', 'user_domain_id': 'default', 'user_domain_name': 'Default', 'user_id': '57ec58cbb4104a419e6550d6617d7758', 'system': None}, Network: None, Subnet: None, Router: None
2024-10-03 10:09:37.713 62607 INFO tempest.lib.common.rest_client [req-2e3ff6c4-4ea8-4453-ac3d-a014afe9cba0 req-2e3ff6c4-4ea8-4453-ac3d-a014afe9cba0 ] Request (DeleteServersAdminTestJSON:test_admin_delete_servers_of_others): 200 GET http://10.180.1.21/compute/v2.1/servers/768b3b0d-2468-4651-858c-3438d9b1f13f 1.031s
2024-10-03 10:09:37.774 62573 INFO tempest.lib.common.rest_client [req-ad7fa228-d6eb-41e0-a88f-31c9fe6aa480 req-ad7fa228-d6eb-41e0-a88f-31c9fe6aa480 ] Request (ServersV294TestFqdnHostnames:setUpClass): 200 GET http://10.180.1.21/compute/v2.1/servers/94338c83-065a-44ba-abe2-800c29662945 0.936s
2024-10-03 10:09:37.782 62584 INFO tempest.lib.common.rest_client [req-3f334fbe-38e2-4493-87a5-9661c20ad40b req-3f334fbe-38e2-4493-87a5-9661c20ad40b ] Request (HypervisorAdminV253TestBase:setUpClass): 201 POST http://10.180.1.21/identity/v3/auth/tokens 0.081s
2024-10-03 10:09:37.873 62584 INFO tempest.lib.common.rest_client [req-dbec54a0-9d21-4d04-9a41-2450b3618d62 req-dbec54a0-9d21-4d04-9a41-2450b3618d62 ] Request (HypervisorAdminV253TestBase:setUpClass): 201 POST http://10.180.1.21/identity/v3/projects 0.090s
