2024-10-03 10:10:24.277 62577 INFO tempest.lib.common.rest_client [req-f101af27-cd27-4fe7-a65b-f03332b60d2a req-f101af27-cd27-4fe7-a65b-f03332b60d2a ] Request (ServersNegativeTestJSON:setUpClass): 200 GET http://10.180.1.21/compute/v2.1/servers/eeea886e-e6a2-4863-86de-30d5c8d38fcf 0.048s
2024-10-03 10:10:24.304 62605 INFO tempest.lib.common.rest_client [req-36dc0c75-9acd-4957-b9d9-7e33561105d6 req-36dc0c75-9acd-4957-b9d9-7e33561105d6 ] Request (AttachInterfacesV270Test:test_create_get_list_interfaces): 200 GET http://10.180.1.21/compute/v2.1/servers/716a7ca5-5f41-4e8d-b7b1-27564dbf2268 0.054s
2024-10-03 10:10:24.347 62609 INFO tempest.lib.common.rest_client [req-41a0e4f4-7dd3-48b4-af12-a76920a53586 req-41a0e4f4-7dd3-48b4-af12-a76920a53586 ] Request (TenantUsagesTestJSON:setUpClass): 200 GET http://10.180.1.21/compute/v2.1/servers/384bb44a-f36e-4609-b4ea-e9868ea7142d 0.053s
2024-10-03 10:10:24.365 62581 INFO tempest.lib.common.rest_client [req-0610a629-db4e-4439-8fc4-30bb72ff542b req-0610a629-db4e-4439-8fc4-30bb72ff542b ] Request (MigrationsAdminTest:test_resize_server_revert_deleted_flavor): 200 GET http://10.180.1.21/compute/v2.1/servers/daebc964-c1b0-46f5-9c72-3437c70803a5 0.055s
2024-10-03 10:10:24.398 62589 INFO tempest.lib.common.rest_client [req-f5b2d7c8-b746-4135-9bbf-094e1b6014f6 req-f5b2d7c8-b746-4135-9bbf-094e1b6014f6 ] Request (ServersTestMultiNic:test_verify_duplicate_network_nics): 200 GET http://10.180.1.21/compute/v2.1/servers/4a46e102-088c-4329-a419-5d8e0a48580f 0.062s
2024-10-03 10:10:24.421 62607 INFO tempest.lib.common.rest_client [req-c4a740cf-a51e-4d66-8313-ea703964fd81 req-c4a740cf-a51e-4d66-8313-ea703964fd81 ] Request (DeleteServersAdminTestJSON:test_delete_server_while_in_error_state): 200 GET http://10.180.1.21/compute/v2.1/servers/6c6b1c51-2a6d-498d-80e0-f9138a7068d8 0.055s
2024-10-03 10:10:24.508 62599 INFO tempest.lib.common.rest_client [req-a8146690-3abb-403d-87bd-ec1ad767e732 req-a8146690-3abb-403d-87bd-ec1ad767e732 ] Request (ServersAdmin275Test:tearDownClass): 200 GET http://10.180.1.21/compute/v2.1/servers/9f63b654-ffbd-4752-82fd-edd1f4a09b49 0.072s
2024-10-03 10:10:24.511 62592 INFO tempest.lib.common.rest_client [req-28d41c86-cece-40e4-a652-4165542b4490 req-28d41c86-cece-40e4-a652-4165542b4490 ] Request (ServerDiagnosticsNegativeTest:test_get_server_diagnostics_by_non_admin): 200 GET http://10.180.1.21/compute/v2.1/servers/1964424d-ea7b-4e12-b681-52a99ebd089d 0.050s
2024-10-03 10:10:24.639 62567 INFO tempest.lib.common.rest_client [req-a134bd70-23ee-4e36-9bc9-5b078e0f1569 req-a134bd70-23ee-4e36-9bc9-5b078e0f1569 ] Request (SecurityGroupsTestJSON:test_server_security_groups): 200 GET http://10.180.1.21/compute/v2.1/servers/86782132-302f-4121-8bdf-643abc2e2de1 0.052s
2024-10-03 10:10:24.686 62573 INFO tempest.lib.common.rest_client [req-29e59da7-84dc-47e7-999f-7caee6682a1c req-29e59da7-84dc-47e7-999f-7caee6682a1c ] Request (ServersV294TestFqdnHostnames:setUpClass): 200 GET http://10.180.1.21/compute/v2.1/servers/94338c83-065a-44ba-abe2-800c29662945 0.057s
2024-10-03 10:10:24.696 62601 INFO tempest.lib.common.rest_client [req-ef8578ac-a42e-4432-bcbc-6e31e4866c8c req-ef8578ac-a42e-4432-bcbc-6e31e4866c8c ] Request (InstanceActionsNegativeTestJSON:setUpClass): 200 GET http://10.180.1.21/compute/v2.1/servers/b89bb422-9ee0-4180-b994-8335be5167da 0.050s
2024-10-03 10:10:24.729 62569 INFO tempest.lib.common.rest_client [req-bece21ca-1c81-4594-8f4b-59fdbc2f92af req-bece21ca-1c81-4594-8f4b-59fdbc2f92af ] Request (ServersWithSpecificFlavorTestJSON:test_verify_created_server_ephemeral_disk): 200 GET http://10.180.1.21/compute/v2.1/servers/88ae0237-27c7-4ac0-85ed-9fc411383a91 0.051s
2024-10-03 10:10:24.743 62561 INFO tempest.lib.common.rest_client [req-2310dfda-808d-4e47-bd18-f348a06438bf req-2310dfda-808d-4e47-bd18-f348a06438bf ] Request (ServerActionsTestOtherA:setUpClass): 200 GET http://10.180.1.21/compute/v2.1/servers/aa7409ff-ae29-4559-a9ed-41605d319416 0.047s
2024-10-03 10:10:24.791 62563 INFO tempest.lib.common.rest_client [req-a5c983ad-0c53-4aad-8313-119cbe9e33ee req-a5c983ad-0c53-4aad-8313-119cbe9e33ee ] Request (ImagesOneServerTestJSON:setUpClass): 200 GET http://10.180.1.21/compute/v2.1/servers/db2b4ae1-5883-4684-b265-7e2892c4ca98 0.047s
2024-10-03 10:10:24.801 62603 INFO tempest.lib.common.rest_client [req-abf6f9ba-6767-47c0-ace3-29038d8ecb78 req-abf6f9ba-6767-47c0-ace3-29038d8ecb78 ] Request (ListServerFiltersTestJSON:setUpClass): 200 GET http://10.180.1.21/compute/v2.1/servers/71aaa773-64a6-4e4a-ba99-8e9aa10efd23 0.051s
2024-10-03 10:10:24.845 62584 INFO tempest.lib.common.rest_client [req-dbe97b7c-cc6d-4f3a-90eb-e8930ebc7254 req-dbe97b7c-cc6d-4f3a-90eb-e8930ebc7254 ] Request (ServerDiskConfigTestJSON:test_rebuild_server_with_auto_disk_config): 200 GET http://10.180.1.21/compute/v2.1/servers/899286a5-fcef-4716-9a28-23189cb8a3e0 0.046s
2024-10-03 10:10:24.891 62623 INFO tempest.lib.common.rest_client [req-620d28b3-331a-49d8-822b-8f162f5dc225 req-620d28b3-331a-49d8-822b-8f162f5dc225 ] Request (ServersAaction247Test:tearDownClass): 200 GET http://10.180.1.21/compute/v2.1/servers/f5dba684-8531-43f4-a0e0-0b4af8f321e5 0.060s
2024-10-03 10:10:24.901 62565 INFO tempest.lib.common.rest_client [req-23780ff7-da58-4137-8e5b-d226a3b54c19 req-23780ff7-da58-4137-8e5b-d226a3b54c19 ] Request (ServersAdminTestJSON:setUpClass): 200 GET http://10.180.1.21/compute/v2.1/servers/35915fbe-50f8-493f-ac64-7bca19008a65 0.045s
2024-10-03 10:10:24.985 62613 INFO tempest.lib.common.rest_client [req-c27be0b2-cc01-441b-9039-28ca9553278c req-c27be0b2-cc01-441b-9039-28ca9553278c ] Request (ServerDiagnosticsV248Test:tearDownClass): 200 GET http://10.180.1.21/compute/v2.1/servers/338dd353-0433-4d92-b7d7-14fe0dfc3869 0.053s
2024-10-03 10:10:25.021 62611 INFO tempest.lib.common.rest_client [req-f25799ac-df2c-4423-b39c-c80941fef803 req-f25799ac-df2c-4423-b39c-c80941fef803 ] Request (AttachInterfacesTestJSON:test_create_list_show_delete_interfaces_by_network_port): 200 GET http://10.180.1.21/compute/v2.1/servers/29fac854-59b2-4dcf-9df6-272ad3cbb3dc 0.045s
2024-10-03 10:10:25.067 62619 INFO tempest.lib.common.rest_client [req-574f781d-033e-4941-be4b-6300bc90198c req-574f781d-033e-4941-be4b-6300bc90198c ] Request (AttachInterfacesUnderV243Test:test_add_remove_fixed_ip): 200 GET http://10.180.1.21/compute/v2.1/servers/e35888dd-297c-4697-b58c-626983a4ad17 0.047s
2024-10-03 10:10:25.100 62621 INFO tempest.lib.common.rest_client [req-9a7d7b6c-8aac-4b1e-9a61-defd1d4c8191 req-9a7d7b6c-8aac-4b1e-9a61-defd1d4c8191 ] Request (AttachVolumeNegativeTest:test_attach_attached_volume_to_different_server): 200 GET http://10.180.1.21/compute/v2.1/servers/f0030d68-1006-48e3-9105-3230633db82e 0.047s
2024-10-03 10:10:25.106 62621 INFO tempest.common.waiters [-] State transition "BUILD/networking" ==> "BUILD/spawning" after 46 second wait
2024-10-03 10:10:25.127 62571 INFO tempest.lib.common.rest_client [req-16decbb1-d3ca-47e5-94ec-4437fd94bc99 req-16decbb1-d3ca-47e5-94ec-4437fd94bc99 ] Request (ImagesNegativeTestJSON:test_create_image_from_deleted_server): 200 GET http://10.180.1.21/compute/v2.1/servers/1e7bfa88-1a80-4599-bf13-0645941dae26 0.046s
2024-10-03 10:10:25.140 62593 INFO tempest.lib.common.rest_client [req-2b09784e-bdf7-4f41-ad07-8882db161e66 req-2b09784e-bdf7-4f41-ad07-8882db161e66 ] Request (FloatingIPsAssociationTestJSON:setUpClass): 200 GET http://10.180.1.21/compute/v2.1/servers/e251348a-2f5c-4454-a029-6c9080c0a22f 0.049s
2024-10-03 10:10:25.179 62615 INFO tempest.lib.common.rest_client [req-008d845e-0347-4616-9dcd-9a51dca2f317 req-008d845e-0347-4616-9dcd-9a51dca2f317 ] Request (VolumesAssistedSnapshotsTest:test_volume_assisted_snapshot_create_delete): 200 GET http://10.180.1.21/compute/v2.1/servers/9487cc4d-2998-4c71-b8ca-5d69deb592ed 0.043s
2024-10-03 10:10:25.232 62575 INFO tempest.lib.common.rest_client [req-deccad41-f053-4517-9418-f88c99d546ba req-deccad41-f053-4517-9418-f88c99d546ba ] Request (ServerActionsTestOtherB:setUpClass): 200 GET http://10.180.1.21/compute/v2.1/servers/354f24fb-382e-446f-bf96-8f93455d4ad7 0.045s
2024-10-03 10:10:25.235 62585 INFO tempest.lib.common.rest_client [req-c3a7dd18-b798-48d0-8574-74a43f2f8132 req-c3a7dd18-b798-48d0-8574-74a43f2f8132 ] Request (DeleteServersTestJSON:test_delete_active_server): 200 GET http://10.180.1.21/compute/v2.1/servers/b35a2f4a-eae6-4cc7-b79e-405dcac54702 0.042s
2024-10-03 10:10:25.333 62577 INFO tempest.lib.common.rest_client [req-48d6c41f-45a4-49a5-83dc-7bef315c8107 req-48d6c41f-45a4-49a5-83dc-7bef315c8107 ] Request (ServersNegativeTestJSON:setUpClass): 200 GET http://10.180.1.21/compute/v2.1/servers/eeea886e-e6a2-4863-86de-30d5c8d38fcf 0.045s
2024-10-03 10:10:25.367 62605 INFO tempest.lib.common.rest_client [req-b999c894-3f83-4746-9f9f-28891d53e187 req-b999c894-3f83-4746-9f9f-28891d53e187 ] Request (AttachInterfacesV270Test:test_create_get_list_interfaces): 200 GET http://10.180.1.21/compute/v2.1/servers/716a7ca5-5f41-4e8d-b7b1-27564dbf2268 0.049s
2024-10-03 10:10:25.400 62609 INFO tempest.lib.common.rest_client [req-5e4e1d1a-d277-438f-a2fa-1aa6d1e8c20a req-5e4e1d1a-d277-438f-a2fa-1aa6d1e8c20a ] Request (TenantUsagesTestJSON:setUpClass): 200 GET http://10.180.1.21/compute/v2.1/servers/384bb44a-f36e-4609-b4ea-e9868ea7142d 0.043s
2024-10-03 10:10:25.416 62581 INFO tempest.lib.common.rest_client [req-1ea4b7ec-dcc8-4de4-9864-9a037b1f5ec6 req-1ea4b7ec-dcc8-4de4-9864-9a037b1f5ec6 ] Request (MigrationsAdminTest:test_resize_server_revert_deleted_flavor): 200 GET http://10.180.1.21/compute/v2.1/servers/daebc964-c1b0-46f5-9c72-3437c70803a5 0.043s
2024-10-03 10:10:25.451 62589 INFO tempest.lib.common.rest_client [req-2d8239c5-4305-4def-bd7a-186dbeda0a9a req-2d8239c5-4305-4def-bd7a-186dbeda0a9a ] Request (ServersTestMultiNic:test_verify_duplicate_network_nics): 200 GET http://10.180.1.21/compute/v2.1/servers/4a46e102-088c-4329-a419-5d8e0a48580f 0.043s
2024-10-03 10:10:25.470 62607 INFO tempest.lib.common.rest_client [req-4e3fc91d-a419-4241-8901-26b09b25f022 req-4e3fc91d-a419-4241-8901-26b09b25f022 ] Request (DeleteServersAdminTestJSON:test_delete_server_while_in_error_state): 200 GET http://10.180.1.21/compute/v2.1/servers/6c6b1c51-2a6d-498d-80e0-f9138a7068d8 0.042s
2024-10-03 10:10:25.563 62592 INFO tempest.lib.common.rest_client [req-ec015213-853a-41ae-bd36-541c5bcebd58 req-ec015213-853a-41ae-bd36-541c5bcebd58 ] Request (ServerDiagnosticsNegativeTest:test_get_server_diagnostics_by_non_admin): 200 GET http://10.180.1.21/compute/v2.1/servers/1964424d-ea7b-4e12-b681-52a99ebd089d 0.045s
2024-10-03 10:10:25.579 62599 INFO tempest.lib.common.rest_client [req-373bd7b5-d175-4403-8694-77718b766490 req-373bd7b5-d175-4403-8694-77718b766490 ] Request (ServersAdmin275Test:tearDownClass): 200 GET http://10.180.1.21/compute/v2.1/servers/9f63b654-ffbd-4752-82fd-edd1f4a09b49 0.056s
2024-10-03 10:10:25.708 62567 INFO tempest.lib.common.rest_client [req-d84a2165-d377-4ff3-90ac-7f7c253778d6 req-d84a2165-d377-4ff3-90ac-7f7c253778d6 ] Request (SecurityGroupsTestJSON:test_server_security_groups): 200 GET http://10.180.1.21/compute/v2.1/servers/86782132-302f-4121-8bdf-643abc2e2de1 0.062s
2024-10-03 10:10:25.752 62601 INFO tempest.lib.common.rest_client [req-9e1e78ce-024a-4d26-a094-90a78eb91bec req-9e1e78ce-024a-4d26-a094-90a78eb91bec ] Request (InstanceActionsNegativeTestJSON:setUpClass): 200 GET http://10.180.1.21/compute/v2.1/servers/b89bb422-9ee0-4180-b994-8335be5167da 0.044s
2024-10-03 10:10:25.766 62573 INFO tempest.lib.common.rest_client [req-70ebd7ec-4f92-4205-b6d6-2c9034d76642 req-70ebd7ec-4f92-4205-b6d6-2c9034d76642 ] Request (ServersV294TestFqdnHostnames:setUpClass): 200 GET http://10.180.1.21/compute/v2.1/servers/94338c83-065a-44ba-abe2-800c29662945 0.069s
2024-10-03 10:10:25.795 62569 INFO tempest.lib.common.rest_client [req-e7c3c46b-a80d-4213-8fd2-13d397a758a1 req-e7c3c46b-a80d-4213-8fd2-13d397a758a1 ] Request (ServersWithSpecificFlavorTestJSON:test_verify_created_server_ephemeral_disk): 200 GET http://10.180.1.21/compute/v2.1/servers/88ae0237-27c7-4ac0-85ed-9fc411383a91 0.059s
2024-10-03 10:10:25.810 62561 INFO tempest.lib.common.rest_client [req-c3409db9-d89d-47ae-a892-317c385c5fe7 req-c3409db9-d89d-47ae-a892-317c385c5fe7 ] Request (ServerActionsTestOtherA:setUpClass): 200 GET http://10.180.1.21/compute/v2.1/servers/aa7409ff-ae29-4559-a9ed-41605d319416 0.061s
2024-10-03 10:10:25.842 62563 INFO tempest.lib.common.rest_client [req-7e59c72e-f115-4ab9-bd37-4e8d8ab0de6e req-7e59c72e-f115-4ab9-bd37-4e8d8ab0de6e ] Request (ImagesOneServerTestJSON:setUpClass): 200 GET http://10.180.1.21/compute/v2.1/servers/db2b4ae1-5883-4684-b265-7e2892c4ca98 0.043s
2024-10-03 10:10:25.852 62603 INFO tempest.lib.common.rest_client [req-8c6234d8-0cca-4248-8247-8e844bbf4547 req-8c6234d8-0cca-4248-8247-8e844bbf4547 ] Request (ListServerFiltersTestJSON:setUpClass): 200 GET http://10.180.1.21/compute/v2.1/servers/71aaa773-64a6-4e4a-ba99-8e9aa10efd23 0.044s
2024-10-03 10:10:25.893 62584 INFO tempest.lib.common.rest_client [req-f62a2e3c-bb04-41a0-bee3-5a70101a119f req-f62a2e3c-bb04-41a0-bee3-5a70101a119f ] Request (ServerDiskConfigTestJSON:test_rebuild_server_with_auto_disk_config): 200 GET http://10.180.1.21/compute/v2.1/servers/899286a5-fcef-4716-9a28-23189cb8a3e0 0.042s
2024-10-03 10:10:25.950 62565 INFO tempest.lib.common.rest_client [req-4353ab74-b6df-489b-9077-8b2c46964a82 req-4353ab74-b6df-489b-9077-8b2c46964a82 ] Request (ServersAdminTestJSON:setUpClass): 200 GET http://10.180.1.21/compute/v2.1/servers/35915fbe-50f8-493f-ac64-7bca19008a65 0.041s
2024-10-03 10:10:25.951 62623 INFO tempest.lib.common.rest_client [req-2158efb1-20f3-46aa-a2ac-c9ea246093bb req-2158efb1-20f3-46aa-a2ac-c9ea246093bb ] Request (ServersAaction247Test:tearDownClass): 200 GET http://10.180.1.21/compute/v2.1/servers/f5dba684-8531-43f4-a0e0-0b4af8f321e5 0.052s
2024-10-03 10:10:26.049 62613 INFO tempest.lib.common.rest_client [req-9f0bba97-5caa-4c61-b90f-dbbaa58b7135 req-9f0bba97-5caa-4c61-b90f-dbbaa58b7135 ] Request (ServerDiagnosticsV248Test:tearDownClass): 200 GET http://10.180.1.21/compute/v2.1/servers/338dd353-0433-4d92-b7d7-14fe0dfc3869 0.056s
2024-10-03 10:10:26.080 62611 INFO tempest.lib.common.rest_client [req-1bfca2d2-5e17-43e3-b7d1-5f6218876845 req-1bfca2d2-5e17-43e3-b7d1-5f6218876845 ] Request (AttachInterfacesTestJSON:test_create_list_show_delete_interfaces_by_network_port): 200 GET http://10.180.1.21/compute/v2.1/servers/29fac854-59b2-4dcf-9df6-272ad3cbb3dc 0.051s
2024-10-03 10:10:26.119 62619 INFO tempest.lib.common.rest_client [req-e4250edd-50cc-451f-a450-23713f071bae req-e4250edd-50cc-451f-a450-23713f071bae ] Request (AttachInterfacesUnderV243Test:test_add_remove_fixed_ip): 200 GET http://10.180.1.21/compute/v2.1/servers/e35888dd-297c-4697-b58c-626983a4ad17 0.045s
2024-10-03 10:10:26.153 62621 INFO tempest.lib.common.rest_client [req-8ff840af-c2ef-41c4-84ef-9777682d28f7 req-8ff840af-c2ef-41c4-84ef-9777682d28f7 ] Request (AttachVolumeNegativeTest:test_attach_attached_volume_to_different_server): 200 GET http://10.180.1.21/compute/v2.1/servers/f0030d68-1006-48e3-9105-3230633db82e 0.045s
2024-10-03 10:10:26.182 62571 INFO tempest.lib.common.rest_client [req-6b01a737-6f6f-4ff2-9800-8e39212db001 req-6b01a737-6f6f-4ff2-9800-8e39212db001 ] Request (ImagesNegativeTestJSON:test_create_image_from_deleted_server): 200 GET http://10.180.1.21/compute/v2.1/servers/1e7bfa88-1a80-4599-bf13-0645941dae26 0.048s
2024-10-03 10:10:26.196 62593 INFO tempest.lib.common.rest_client [req-65e20774-3753-4a7a-8865-fe37ef49274e req-65e20774-3753-4a7a-8865-fe37ef49274e ] Request (FloatingIPsAssociationTestJSON:setUpClass): 200 GET http://10.180.1.21/compute/v2.1/servers/e251348a-2f5c-4454-a029-6c9080c0a22f 0.049s
2024-10-03 10:10:26.236 62615 INFO tempest.lib.common.rest_client [req-4565c19d-6ffb-43c9-8a57-d3c30570dfaa req-4565c19d-6ffb-43c9-8a57-d3c30570dfaa ] Request (VolumesAssistedSnapshotsTest:test_volume_assisted_snapshot_create_delete): 200 GET http://10.180.1.21/compute/v2.1/servers/9487cc4d-2998-4c71-b8ca-5d69deb592ed 0.051s
2024-10-03 10:10:26.288 62585 INFO tempest.lib.common.rest_client [req-a3287f2d-6610-481e-a395-bb2e3c7c9365 req-a3287f2d-6610-481e-a395-bb2e3c7c9365 ] Request (DeleteServersTestJSON:test_delete_active_server): 200 GET http://10.180.1.21/compute/v2.1/servers/b35a2f4a-eae6-4cc7-b79e-405dcac54702 0.046s
2024-10-03 10:10:26.295 62575 INFO tempest.lib.common.rest_client [req-b380ffba-0c3f-4059-9a5a-046cd491f924 req-b380ffba-0c3f-4059-9a5a-046cd491f924 ] Request (ServerActionsTestOtherB:setUpClass): 200 GET http://10.180.1.21/compute/v2.1/servers/354f24fb-382e-446f-bf96-8f93455d4ad7 0.056s
2024-10-03 10:10:26.390 62577 INFO tempest.lib.common.rest_client [req-e7bc41fd-22d4-46a3-8825-2fa7ae06802c req-e7bc41fd-22d4-46a3-8825-2fa7ae06802c ] Request (ServersNegativeTestJSON:setUpClass): 200 GET http://10.180.1.21/compute/v2.1/servers/eeea886e-e6a2-4863-86de-30d5c8d38fcf 0.049s
2024-10-03 10:10:26.428 62605 INFO tempest.lib.common.rest_client [req-b2dd9fc8-0efd-4677-9595-21ab250c8009 req-b2dd9fc8-0efd-4677-9595-21ab250c8009 ] Request (AttachInterfacesV270Test:test_create_get_list_interfaces): 200 GET http://10.180.1.21/compute/v2.1/servers/716a7ca5-5f41-4e8d-b7b1-27564dbf2268 0.053s
2024-10-03 10:10:26.453 62609 INFO tempest.lib.common.rest_client [req-bbba6d33-5117-4463-94d5-67cbe9771d08 req-bbba6d33-5117-4463-94d5-67cbe9771d08 ] Request (TenantUsagesTestJSON:setUpClass): 200 GET http://10.180.1.21/compute/v2.1/servers/384bb44a-f36e-4609-b4ea-e9868ea7142d 0.046s
2024-10-03 10:10:26.470 62581 INFO tempest.lib.common.rest_client [req-1128a85f-31dd-429e-a0db-9efd18d4d073 req-1128a85f-31dd-429e-a0db-9efd18d4d073 ] Request (MigrationsAdminTest:test_resize_server_revert_deleted_flavor): 200 GET http://10.180.1.21/compute/v2.1/servers/daebc964-c1b0-46f5-9c72-3437c70803a5 0.048s
2024-10-03 10:10:26.501 62589 INFO tempest.lib.common.rest_client [req-db695ccb-db87-43f3-8ef9-6a8c449b2698 req-db695ccb-db87-43f3-8ef9-6a8c449b2698 ] Request (ServersTestMultiNic:test_verify_duplicate_network_nics): 200 GET http://10.180.1.21/compute/v2.1/servers/4a46e102-088c-4329-a419-5d8e0a48580f 0.043s
2024-10-03 10:10:26.529 62607 INFO tempest.lib.common.rest_client [req-97b2f023-711b-4373-a637-789936de05fa req-97b2f023-711b-4373-a637-789936de05fa ] Request (DeleteServersAdminTestJSON:test_delete_server_while_in_error_state): 200 GET http://10.180.1.21/compute/v2.1/servers/6c6b1c51-2a6d-498d-80e0-f9138a7068d8 0.052s
2024-10-03 10:10:26.622 62592 INFO tempest.lib.common.rest_client [req-8caeca6e-3038-4adf-952e-bc974b3d62f4 req-8caeca6e-3038-4adf-952e-bc974b3d62f4 ] Request (ServerDiagnosticsNegativeTest:test_get_server_diagnostics_by_non_admin): 200 GET http://10.180.1.21/compute/v2.1/servers/1964424d-ea7b-4e12-b681-52a99ebd089d 0.053s
2024-10-03 10:10:26.647 62599 INFO tempest.lib.common.rest_client [req-ec5d2421-3558-4d71-9fdb-0547aeef064f req-ec5d2421-3558-4d71-9fdb-0547aeef064f ] Request (ServersAdmin275Test:tearDownClass): 200 GET http://10.180.1.21/compute/v2.1/servers/9f63b654-ffbd-4752-82fd-edd1f4a09b49 0.059s
2024-10-03 10:10:26.779 62567 INFO tempest.lib.common.rest_client [req-126d1c28-150b-4449-8966-8a3456968487 req-126d1c28-150b-4449-8966-8a3456968487 ] Request (SecurityGroupsTestJSON:test_server_security_groups): 200 GET http://10.180.1.21/compute/v2.1/servers/86782132-302f-4121-8bdf-643abc2e2de1 0.064s
2024-10-03 10:10:26.816 62601 INFO tempest.lib.common.rest_client [req-b01cdce4-4b65-4211-8d79-b5ad1332e74c req-b01cdce4-4b65-4211-8d79-b5ad1332e74c ] Request (InstanceActionsNegativeTestJSON:setUpClass): 200 GET http://10.180.1.21/compute/v2.1/servers/b89bb422-9ee0-4180-b994-8335be5167da 0.055s
2024-10-03 10:10:26.842 62573 INFO tempest.lib.common.rest_client [req-4ac75d2a-7e42-407c-9a19-6370d22a111c req-4ac75d2a-7e42-407c-9a19-6370d22a111c ] Request (ServersV294TestFqdnHostnames:setUpClass): 200 GET http://10.180.1.21/compute/v2.1/servers/94338c83-065a-44ba-abe2-800c29662945 0.067s
2024-10-03 10:10:26.881 62569 INFO tempest.lib.common.rest_client [req-4f60744a-8739-49d7-9dc4-2f61d3d9c894 req-4f60744a-8739-49d7-9dc4-2f61d3d9c894 ] Request (ServersWithSpecificFlavorTestJSON:test_verify_created_server_ephemeral_disk): 200 GET http://10.180.1.21/compute/v2.1/servers/88ae0237-27c7-4ac0-85ed-9fc411383a91 0.079s
2024-10-03 10:10:26.888 62561 INFO tempest.lib.common.rest_client [req-b768f782-2bab-4dc2-927e-f8a012ac903b req-b768f782-2bab-4dc2-927e-f8a012ac903b ] Request (ServerActionsTestOtherA:setUpClass): 200 GET http://10.180.1.21/compute/v2.1/servers/aa7409ff-ae29-4559-a9ed-41605d319416 0.070s
2024-10-03 10:10:26.931 62563 INFO tempest.lib.common.rest_client [req-4c1e18af-c7eb-4115-bc68-7a8a87e692e2 req-4c1e18af-c7eb-4115-bc68-7a8a87e692e2 ] Request (ImagesOneServerTestJSON:setUpClass): 200 GET http://10.180.1.21/compute/v2.1/servers/db2b4ae1-5883-4684-b265-7e2892c4ca98 0.082s
2024-10-03 10:10:26.932 62603 INFO tempest.lib.common.rest_client [req-1be0abe3-f74e-439f-a407-8aadfd6e7b47 req-1be0abe3-f74e-439f-a407-8aadfd6e7b47 ] Request (ListServerFiltersTestJSON:setUpClass): 200 GET http://10.180.1.21/compute/v2.1/servers/71aaa773-64a6-4e4a-ba99-8e9aa10efd23 0.074s
2024-10-03 10:10:26.981 62584 INFO tempest.lib.common.rest_client [req-293f4309-b7e7-4ead-83c7-d5e93f4c19b6 req-293f4309-b7e7-4ead-83c7-d5e93f4c19b6 ] Request (ServerDiskConfigTestJSON:test_rebuild_server_with_auto_disk_config): 200 GET http://10.180.1.21/compute/v2.1/servers/899286a5-fcef-4716-9a28-23189cb8a3e0 0.080s
2024-10-03 10:10:27.020 62565 INFO tempest.lib.common.rest_client [req-a47096e3-89e4-45fb-b53c-49b0b1324dd9 req-a47096e3-89e4-45fb-b53c-49b0b1324dd9 ] Request (ServersAdminTestJSON:setUpClass): 200 GET http://10.180.1.21/compute/v2.1/servers/35915fbe-50f8-493f-ac64-7bca19008a65 0.063s
2024-10-03 10:10:27.048 62623 INFO tempest.lib.common.rest_client [req-83ecfaf2-e188-4188-95d5-5bffb68db0f1 req-83ecfaf2-e188-4188-95d5-5bffb68db0f1 ] Request (ServersAaction247Test:tearDownClass): 200 GET http://10.180.1.21/compute/v2.1/servers/f5dba684-8531-43f4-a0e0-0b4af8f321e5 0.089s
2024-10-03 10:10:27.125 62613 INFO tempest.lib.common.rest_client [req-954d4c6f-07a6-46ac-a468-3d74292f8e1e req-954d4c6f-07a6-46ac-a468-3d74292f8e1e ] Request (ServerDiagnosticsV248Test:tearDownClass): 200 GET http://10.180.1.21/compute/v2.1/servers/338dd353-0433-4d92-b7d7-14fe0dfc3869 0.067s
2024-10-03 10:10:27.141 62611 INFO tempest.lib.common.rest_client [req-91a00f9b-09bd-47c6-b2f9-f1605e69c672 req-91a00f9b-09bd-47c6-b2f9-f1605e69c672 ] Request (AttachInterfacesTestJSON:test_create_list_show_delete_interfaces_by_network_port): 200 GET http://10.180.1.21/compute/v2.1/servers/29fac854-59b2-4dcf-9df6-272ad3cbb3dc 0.055s
2024-10-03 10:10:27.188 62619 INFO tempest.lib.common.rest_client [req-82386b62-45af-417a-b6aa-34c8ba9491af req-82386b62-45af-417a-b6aa-34c8ba9491af ] Request (AttachInterfacesUnderV243Test:test_add_remove_fixed_ip): 200 GET http://10.180.1.21/compute/v2.1/servers/e35888dd-297c-4697-b58c-626983a4ad17 0.060s
2024-10-03 10:10:27.212 62621 INFO tempest.lib.common.rest_client [req-594e1b99-4f05-4799-bde9-40017334d5eb req-594e1b99-4f05-4799-bde9-40017334d5eb ] Request (AttachVolumeNegativeTest:test_attach_attached_volume_to_different_server): 200 GET http://10.180.1.21/compute/v2.1/servers/f0030d68-1006-48e3-9105-3230633db82e 0.052s
2024-10-03 10:10:27.240 62571 INFO tempest.lib.common.rest_client [req-8c1f6b8c-0213-4b46-9ad9-c1ad8aa5a37d req-8c1f6b8c-0213-4b46-9ad9-c1ad8aa5a37d ] Request (ImagesNegativeTestJSON:test_create_image_from_deleted_server): 200 GET http://10.180.1.21/compute/v2.1/servers/1e7bfa88-1a80-4599-bf13-0645941dae26 0.052s
2024-10-03 10:10:27.270 62593 INFO tempest.lib.common.rest_client [req-b5debf84-89c5-4cf7-9287-8b34fd96f44f req-b5debf84-89c5-4cf7-9287-8b34fd96f44f ] Request (FloatingIPsAssociationTestJSON:setUpClass): 200 GET http://10.180.1.21/compute/v2.1/servers/e251348a-2f5c-4454-a029-6c9080c0a22f 0.067s
2024-10-03 10:10:27.296 62615 INFO tempest.lib.common.rest_client [req-98a6e3a5-e626-4135-9c99-9da6c6c5dd6b req-98a6e3a5-e626-4135-9c99-9da6c6c5dd6b ] Request (VolumesAssistedSnapshotsTest:test_volume_assisted_snapshot_create_delete): 200 GET http://10.180.1.21/compute/v2.1/servers/9487cc4d-2998-4c71-b8ca-5d69deb592ed 0.051s
2024-10-03 10:10:27.349 62575 INFO tempest.lib.common.rest_client [req-54c7223d-705c-444c-9df1-d1ec37495678 req-54c7223d-705c-444c-9df1-d1ec37495678 ] Request (ServerActionsTestOtherB:setUpClass): 200 GET http://10.180.1.21/compute/v2.1/servers/354f24fb-382e-446f-bf96-8f93455d4ad7 0.047s
2024-10-03 10:10:27.353 62585 INFO tempest.lib.common.rest_client [req-566acd37-a314-4a6c-9877-37072e8c8f2e req-566acd37-a314-4a6c-9877-37072e8c8f2e ] Request (DeleteServersTestJSON:test_delete_active_server): 200 GET http://10.180.1.21/compute/v2.1/servers/b35a2f4a-eae6-4cc7-b79e-405dcac54702 0.057s
2024-10-03 10:10:27.443 62577 INFO tempest.lib.common.rest_client [req-8093e5f2-ca01-4287-b97e-037af7622c38 req-8093e5f2-ca01-4287-b97e-037af7622c38 ] Request (ServersNegativeTestJSON:setUpClass): 200 GET http://10.180.1.21/compute/v2.1/servers/eeea886e-e6a2-4863-86de-30d5c8d38fcf 0.047s
2024-10-03 10:10:27.503 62605 INFO tempest.lib.common.rest_client [req-f237b7fd-7754-4b0f-9cf8-f3a6435bf3ce req-f237b7fd-7754-4b0f-9cf8-f3a6435bf3ce ] Request (AttachInterfacesV270Test:test_create_get_list_interfaces): 200 GET http://10.180.1.21/compute/v2.1/servers/716a7ca5-5f41-4e8d-b7b1-27564dbf2268 0.066s
2024-10-03 10:10:27.549 62609 INFO tempest.lib.common.rest_client [req-2be1ba7d-0d04-4ac6-b8f7-48694c7cd645 req-2be1ba7d-0d04-4ac6-b8f7-48694c7cd645 ] Request (TenantUsagesTestJSON:setUpClass): 200 GET http://10.180.1.21/compute/v2.1/servers/384bb44a-f36e-4609-b4ea-e9868ea7142d 0.089s
2024-10-03 10:10:27.569 62581 INFO tempest.lib.common.rest_client [req-be3b4566-0762-4675-b60c-609134993c00 req-be3b4566-0762-4675-b60c-609134993c00 ] Request (MigrationsAdminTest:test_resize_server_revert_deleted_flavor): 200 GET http://10.180.1.21/compute/v2.1/servers/daebc964-c1b0-46f5-9c72-3437c70803a5 0.091s
2024-10-03 10:10:27.614 62589 INFO tempest.lib.common.rest_client [req-35141576-b9d8-421a-86ba-05d8c847aa22 req-35141576-b9d8-421a-86ba-05d8c847aa22 ] Request (ServersTestMultiNic:test_verify_duplicate_network_nics): 200 GET http://10.180.1.21/compute/v2.1/servers/4a46e102-088c-4329-a419-5d8e0a48580f 0.099s
2024-10-03 10:10:27.625 62607 INFO tempest.lib.common.rest_client [req-c0e290ae-3ad6-400c-8423-2535744dba32 req-c0e290ae-3ad6-400c-8423-2535744dba32 ] Request (DeleteServersAdminTestJSON:test_delete_server_while_in_error_state): 200 GET http://10.180.1.21/compute/v2.1/servers/6c6b1c51-2a6d-498d-80e0-f9138a7068d8 0.086s
2024-10-03 10:10:27.732 62592 INFO tempest.lib.common.rest_client [req-b1196f13-1e2f-4a1c-a25d-be5cecc50e15 req-b1196f13-1e2f-4a1c-a25d-be5cecc50e15 ] Request (ServerDiagnosticsNegativeTest:test_get_server_diagnostics_by_non_admin): 200 GET http://10.180.1.21/compute/v2.1/servers/1964424d-ea7b-4e12-b681-52a99ebd089d 0.102s
2024-10-03 10:10:27.734 62599 INFO tempest.lib.common.rest_client [req-e999fcd2-a2ce-4d0d-b24e-d17d98bb0d64 req-e999fcd2-a2ce-4d0d-b24e-d17d98bb0d64 ] Request (ServersAdmin275Test:tearDownClass): 200 GET http://10.180.1.21/compute/v2.1/servers/9f63b654-ffbd-4752-82fd-edd1f4a09b49 0.078s
2024-10-03 10:10:27.839 62567 INFO tempest.lib.common.rest_client [req-6a51f2bb-fbfa-43d6-8daa-d209e470c125 req-6a51f2bb-fbfa-43d6-8daa-d209e470c125 ] Request (SecurityGroupsTestJSON:test_server_security_groups): 200 GET http://10.180.1.21/compute/v2.1/servers/86782132-302f-4121-8bdf-643abc2e2de1 0.054s
2024-10-03 10:10:27.878 62601 INFO tempest.lib.common.rest_client [req-a2095e2f-d791-46f5-aa4e-8046210f8cfb req-a2095e2f-d791-46f5-aa4e-8046210f8cfb ] Request (InstanceActionsNegativeTestJSON:setUpClass): 200 GET http://10.180.1.21/compute/v2.1/servers/b89bb422-9ee0-4180-b994-8335be5167da 0.050s
2024-10-03 10:10:27.907 62573 INFO tempest.lib.common.rest_client [req-bf912784-6f98-4358-8476-4c1450e170c4 req-bf912784-6f98-4358-8476-4c1450e170c4 ] Request (ServersV294TestFqdnHostnames:setUpClass): 200 GET http://10.180.1.21/compute/v2.1/servers/94338c83-065a-44ba-abe2-800c29662945 0.054s
2024-10-03 10:10:27.950 62569 INFO tempest.lib.common.rest_client [req-41350a4d-7a82-430a-a0e5-e9969bccdcaa req-41350a4d-7a82-430a-a0e5-e9969bccdcaa ] Request (ServersWithSpecificFlavorTestJSON:test_verify_created_server_ephemeral_disk): 200 GET http://10.180.1.21/compute/v2.1/servers/88ae0237-27c7-4ac0-85ed-9fc411383a91 0.062s
2024-10-03 10:10:27.965 62561 INFO tempest.lib.common.rest_client [req-38302d16-6665-4aad-b5d5-dbbb53b0a594 req-38302d16-6665-4aad-b5d5-dbbb53b0a594 ] Request (ServerActionsTestOtherA:setUpClass): 200 GET http://10.180.1.21/compute/v2.1/servers/aa7409ff-ae29-4559-a9ed-41605d319416 0.069s
2024-10-03 10:10:28.002 62563 INFO tempest.lib.common.rest_client [req-17159ec0-1511-4eac-9a14-e9aa76a6d5c6 req-17159ec0-1511-4eac-9a14-e9aa76a6d5c6 ] Request (ImagesOneServerTestJSON:setUpClass): 200 GET http://10.180.1.21/compute/v2.1/servers/db2b4ae1-5883-4684-b265-7e2892c4ca98 0.063s
2024-10-03 10:10:28.016 62603 INFO tempest.lib.common.rest_client [req-0b700a2b-a901-4891-a2b9-f5359bd35366 req-0b700a2b-a901-4891-a2b9-f5359bd35366 ] Request (ListServerFiltersTestJSON:setUpClass): 200 GET http://10.180.1.21/compute/v2.1/servers/71aaa773-64a6-4e4a-ba99-8e9aa10efd23 0.076s
2024-10-03 10:10:28.047 62584 INFO tempest.lib.common.rest_client [req-ece7a9de-1beb-4bb7-8f85-3d3bf55bc9e1 req-ece7a9de-1beb-4bb7-8f85-3d3bf55bc9e1 ] Request (ServerDiskConfigTestJSON:test_rebuild_server_with_auto_disk_config): 200 GET http://10.180.1.21/compute/v2.1/servers/899286a5-fcef-4716-9a28-23189cb8a3e0 0.058s
2024-10-03 10:10:28.079 62565 INFO tempest.lib.common.rest_client [req-56d00e12-ac59-4b9e-a6f2-2aec2bd56029 req-56d00e12-ac59-4b9e-a6f2-2aec2bd56029 ] Request (ServersAdminTestJSON:setUpClass): 200 GET http://10.180.1.21/compute/v2.1/servers/35915fbe-50f8-493f-ac64-7bca19008a65 0.050s
2024-10-03 10:10:28.112 62623 INFO tempest.lib.common.rest_client [req-224b56bf-74f7-4a65-9258-37640859aad6 req-224b56bf-74f7-4a65-9258-37640859aad6 ] Request (ServersAaction247Test:tearDownClass): 200 GET http://10.180.1.21/compute/v2.1/servers/f5dba684-8531-43f4-a0e0-0b4af8f321e5 0.056s
2024-10-03 10:10:28.156 62613 INFO tempest.lib.common.rest_client [req-0b764bee-7cef-483d-b622-2ada659a3fcb req-0b764bee-7cef-483d-b622-2ada659a3fcb ] Request (ServerDiagnosticsV248Test:tearDownClass): 404 GET http://10.180.1.21/compute/v2.1/servers/338dd353-0433-4d92-b7d7-14fe0dfc3869 0.021s
2024-10-03 10:10:28.197 62611 INFO tempest.lib.common.rest_client [req-68e17bc0-33ba-44bf-9b29-8fda35c75723 req-68e17bc0-33ba-44bf-9b29-8fda35c75723 ] Request (AttachInterfacesTestJSON:test_create_list_show_delete_interfaces_by_network_port): 200 GET http://10.180.1.21/compute/v2.1/servers/29fac854-59b2-4dcf-9df6-272ad3cbb3dc 0.048s
2024-10-03 10:10:28.246 62619 INFO tempest.lib.common.rest_client [req-70dea44e-f5d1-448c-9d36-e88a43284640 req-70dea44e-f5d1-448c-9d36-e88a43284640 ] Request (AttachInterfacesUnderV243Test:test_add_remove_fixed_ip): 200 GET http://10.180.1.21/compute/v2.1/servers/e35888dd-297c-4697-b58c-626983a4ad17 0.051s
2024-10-03 10:10:28.271 62621 INFO tempest.lib.common.rest_client [req-583c40bc-0a73-4541-bf24-746e6521ac2d req-583c40bc-0a73-4541-bf24-746e6521ac2d ] Request (AttachVolumeNegativeTest:test_attach_attached_volume_to_different_server): 200 GET http://10.180.1.21/compute/v2.1/servers/f0030d68-1006-48e3-9105-3230633db82e 0.048s
2024-10-03 10:10:28.295 62571 INFO tempest.lib.common.rest_client [req-bccbe9b6-12dc-4efc-96ed-5701b3dbdacc req-bccbe9b6-12dc-4efc-96ed-5701b3dbdacc ] Request (ImagesNegativeTestJSON:test_create_image_from_deleted_server): 200 GET http://10.180.1.21/compute/v2.1/servers/1e7bfa88-1a80-4599-bf13-0645941dae26 0.046s
2024-10-03 10:10:28.342 62593 INFO tempest.lib.common.rest_client [req-c9695993-2147-4fc1-bf2a-61e3402ee9dd req-c9695993-2147-4fc1-bf2a-61e3402ee9dd ] Request (FloatingIPsAssociationTestJSON:setUpClass): 200 GET http://10.180.1.21/compute/v2.1/servers/e251348a-2f5c-4454-a029-6c9080c0a22f 0.061s
2024-10-03 10:10:28.351 62615 INFO tempest.lib.common.rest_client [req-2c065d29-775d-4768-a695-7b3b3e66aa0f req-2c065d29-775d-4768-a695-7b3b3e66aa0f ] Request (VolumesAssistedSnapshotsTest:test_volume_assisted_snapshot_create_delete): 200 GET http://10.180.1.21/compute/v2.1/servers/9487cc4d-2998-4c71-b8ca-5d69deb592ed 0.049s
2024-10-03 10:10:28.352 62613 INFO tempest.lib.common.rest_client [req-19f89794-3db0-4197-ae14-0779fd3075e6 req-19f89794-3db0-4197-ae14-0779fd3075e6 ] Request (ServerDiagnosticsV248Test:tearDownClass): 204 DELETE http://10.180.1.21/identity/v3/users/5493574a8cd14df89d7f234f5138e11e 0.195s
2024-10-03 10:10:28.410 62575 INFO tempest.lib.common.rest_client [req-be243ddb-ab3c-413e-a272-564498caf992 req-be243ddb-ab3c-413e-a272-564498caf992 ] Request (ServerActionsTestOtherB:setUpClass): 200 GET http://10.180.1.21/compute/v2.1/servers/354f24fb-382e-446f-bf96-8f93455d4ad7 0.055s
2024-10-03 10:10:28.411 62585 INFO tempest.lib.common.rest_client [req-4c381fe1-2b60-4513-abbd-8d2f4116a37f req-4c381fe1-2b60-4513-abbd-8d2f4116a37f ] Request (DeleteServersTestJSON:test_delete_active_server): 200 GET http://10.180.1.21/compute/v2.1/servers/b35a2f4a-eae6-4cc7-b79e-405dcac54702 0.051s
2024-10-03 10:10:28.448 62613 INFO tempest.lib.common.rest_client [req-0ad7b0a8-a401-482b-8f4e-8e0fb4f60731 req-0ad7b0a8-a401-482b-8f4e-8e0fb4f60731 ] Request (ServerDiagnosticsV248Test:tearDownClass): 204 DELETE http://10.180.1.21/identity/v3/users/c5a5a89d874945c58b40d7c90fdae580 0.096s
2024-10-03 10:10:28.448 62613 INFO tempest.lib.common.dynamic_creds [-] Deleting project and security group for project: bebfad09f437447d87a291f2f88fe783
2024-10-03 10:10:28.498 62613 INFO tempest.lib.common.rest_client [req-aafbc63c-8da2-4a40-8122-97f289f5880e req-aafbc63c-8da2-4a40-8122-97f289f5880e ] Request (ServerDiagnosticsV248Test:tearDownClass): 201 POST http://10.180.1.21/identity/v3/auth/tokens 0.049s
2024-10-03 10:10:28.498 62577 INFO tempest.lib.common.rest_client [req-ccdb1d2e-6e4a-43fa-af90-7235a6fddacf req-ccdb1d2e-6e4a-43fa-af90-7235a6fddacf ] Request (ServersNegativeTestJSON:setUpClass): 200 GET http://10.180.1.21/compute/v2.1/servers/eeea886e-e6a2-4863-86de-30d5c8d38fcf 0.048s
2024-10-03 10:10:28.578 62605 INFO tempest.lib.common.rest_client [req-83e0c4b7-0ab6-4a65-a8c3-02cda4918b29 req-83e0c4b7-0ab6-4a65-a8c3-02cda4918b29 ] Request (AttachInterfacesV270Test:test_create_get_list_interfaces): 200 GET http://10.180.1.21/compute/v2.1/servers/716a7ca5-5f41-4e8d-b7b1-27564dbf2268 0.061s
2024-10-03 10:10:28.619 62609 INFO tempest.lib.common.rest_client [req-40d4ac9b-434d-4bcf-8896-a4f233ea0268 req-40d4ac9b-434d-4bcf-8896-a4f233ea0268 ] Request (TenantUsagesTestJSON:setUpClass): 200 GET http://10.180.1.21/compute/v2.1/servers/384bb44a-f36e-4609-b4ea-e9868ea7142d 0.055s
2024-10-03 10:10:28.633 62581 INFO tempest.lib.common.rest_client [req-70d74806-4de1-4dbc-9392-3180461f681a req-70d74806-4de1-4dbc-9392-3180461f681a ] Request (MigrationsAdminTest:test_resize_server_revert_deleted_flavor): 200 GET http://10.180.1.21/compute/v2.1/servers/daebc964-c1b0-46f5-9c72-3437c70803a5 0.054s
2024-10-03 10:10:28.678 62589 INFO tempest.lib.common.rest_client [req-02b99862-0285-4a89-85f1-aed76b428c64 req-02b99862-0285-4a89-85f1-aed76b428c64 ] Request (ServersTestMultiNic:test_verify_duplicate_network_nics): 200 GET http://10.180.1.21/compute/v2.1/servers/4a46e102-088c-4329-a419-5d8e0a48580f 0.054s
2024-10-03 10:10:28.681 62607 INFO tempest.lib.common.rest_client [req-3e4c67ae-11b9-4114-b109-f027724a4f73 req-3e4c67ae-11b9-4114-b109-f027724a4f73 ] Request (DeleteServersAdminTestJSON:test_delete_server_while_in_error_state): 200 GET http://10.180.1.21/compute/v2.1/servers/6c6b1c51-2a6d-498d-80e0-f9138a7068d8 0.048s
2024-10-03 10:10:28.711 62613 INFO tempest.lib.common.rest_client [req-7c51033b-b0c2-4592-a3be-3e37846f7214 req-7c51033b-b0c2-4592-a3be-3e37846f7214 ] Request (ServerDiagnosticsV248Test:tearDownClass): 200 GET http://10.180.1.21:9696/networking/v2.0/security-groups?tenant_id=bebfad09f437447d87a291f2f88fe783&name=default 0.213s
2024-10-03 10:10:28.816 62592 INFO tempest.lib.common.rest_client [req-05bec2f4-d4b1-41a9-a3da-4fe3e71d3406 req-05bec2f4-d4b1-41a9-a3da-4fe3e71d3406 ] Request (ServerDiagnosticsNegativeTest:test_get_server_diagnostics_by_non_admin): 200 GET http://10.180.1.21/compute/v2.1/servers/1964424d-ea7b-4e12-b681-52a99ebd089d 0.076s
2024-10-03 10:10:28.853 62599 INFO tempest.lib.common.rest_client [req-ded44692-8ab8-499a-94c8-03a6fe785b7f req-ded44692-8ab8-499a-94c8-03a6fe785b7f ] Request (ServersAdmin275Test:tearDownClass): 200 GET http://10.180.1.21/compute/v2.1/servers/9f63b654-ffbd-4752-82fd-edd1f4a09b49 0.109s
2024-10-03 10:10:28.941 62613 INFO tempest.lib.common.rest_client [req-0bbd682a-f007-4126-901d-609cdb389b4f req-0bbd682a-f007-4126-901d-609cdb389b4f ] Request (ServerDiagnosticsV248Test:tearDownClass): 204 DELETE http://10.180.1.21:9696/networking/v2.0/security-groups/599f9846-4a73-442c-a202-986f5ed80c38 0.229s
2024-10-03 10:10:28.941 62567 INFO tempest.lib.common.rest_client [req-4b0e7719-f53d-4e41-9624-618dfdc76f4e req-4b0e7719-f53d-4e41-9624-618dfdc76f4e ] Request (SecurityGroupsTestJSON:test_server_security_groups): 200 GET http://10.180.1.21/compute/v2.1/servers/86782132-302f-4121-8bdf-643abc2e2de1 0.093s
2024-10-03 10:10:28.958 62601 INFO tempest.lib.common.rest_client [req-a16a0867-062e-467b-9fbd-02ac0c6c378b req-a16a0867-062e-467b-9fbd-02ac0c6c378b ] Request (InstanceActionsNegativeTestJSON:setUpClass): 200 GET http://10.180.1.21/compute/v2.1/servers/b89bb422-9ee0-4180-b994-8335be5167da 0.072s
2024-10-03 10:10:29.011 62569 INFO tempest.lib.common.rest_client [req-557d99eb-1eea-4afa-9f36-089acc5735d6 req-557d99eb-1eea-4afa-9f36-089acc5735d6 ] Request (ServersWithSpecificFlavorTestJSON:test_verify_created_server_ephemeral_disk): 200 GET http://10.180.1.21/compute/v2.1/servers/88ae0237-27c7-4ac0-85ed-9fc411383a91 0.050s
2024-10-03 10:10:29.057 62561 INFO tempest.lib.common.rest_client [req-7573e570-69d7-4b88-bf29-6a333106b809 req-7573e570-69d7-4b88-bf29-6a333106b809 ] Request (ServerActionsTestOtherA:setUpClass): 200 GET http://10.180.1.21/compute/v2.1/servers/aa7409ff-ae29-4559-a9ed-41605d319416 0.086s
2024-10-03 10:10:29.068 62573 INFO tempest.lib.common.rest_client [req-1f0994ea-e563-4a53-9d6b-282c4f62dc8a req-1f0994ea-e563-4a53-9d6b-282c4f62dc8a ] Request (ServersV294TestFqdnHostnames:setUpClass): 200 GET http://10.180.1.21/compute/v2.1/servers/94338c83-065a-44ba-abe2-800c29662945 0.153s
2024-10-03 10:10:29.096 62613 INFO tempest.lib.common.rest_client [req-d6633cc3-fda5-49f0-8227-c7a04697047e req-d6633cc3-fda5-49f0-8227-c7a04697047e ] Request (ServerDiagnosticsV248Test:tearDownClass): 204 DELETE http://10.180.1.21/identity/v3/projects/bebfad09f437447d87a291f2f88fe783 0.155s
2024-10-03 10:10:29.098 62613 INFO tempest.lib.common.dynamic_creds [-] Deleting project and security group for project: e44dcab6403544248de170047d81e192
2024-10-03 10:10:29.109 62563 INFO tempest.lib.common.rest_client [req-c49055da-a432-4fc0-b7f8-6db1ebcc02be req-c49055da-a432-4fc0-b7f8-6db1ebcc02be ] Request (ImagesOneServerTestJSON:setUpClass): 200 GET http://10.180.1.21/compute/v2.1/servers/db2b4ae1-5883-4684-b265-7e2892c4ca98 0.101s
2024-10-03 10:10:29.139 62603 INFO tempest.lib.common.rest_client [req-1a61c933-ecd4-410a-9d99-8d65e224801a req-1a61c933-ecd4-410a-9d99-8d65e224801a ] Request (ListServerFiltersTestJSON:setUpClass): 200 GET http://10.180.1.21/compute/v2.1/servers/71aaa773-64a6-4e4a-ba99-8e9aa10efd23 0.116s
2024-10-03 10:10:29.156 62584 INFO tempest.lib.common.rest_client [req-0c0fd2d5-296b-49b4-a2b4-ab02b188a970 req-0c0fd2d5-296b-49b4-a2b4-ab02b188a970 ] Request (ServerDiskConfigTestJSON:test_rebuild_server_with_auto_disk_config): 200 GET http://10.180.1.21/compute/v2.1/servers/899286a5-fcef-4716-9a28-23189cb8a3e0 0.102s
2024-10-03 10:10:29.205 62565 INFO tempest.lib.common.rest_client [req-80e4a00f-4c4f-4c5f-878b-ba6b43e3d5d5 req-80e4a00f-4c4f-4c5f-878b-ba6b43e3d5d5 ] Request (ServersAdminTestJSON:setUpClass): 200 GET http://10.180.1.21/compute/v2.1/servers/35915fbe-50f8-493f-ac64-7bca19008a65 0.119s
2024-10-03 10:10:29.211 62623 INFO tempest.lib.common.rest_client [req-387b12a8-cd0b-48ee-8110-3574736266d2 req-387b12a8-cd0b-48ee-8110-3574736266d2 ] Request (ServersAaction247Test:tearDownClass): 200 GET http://10.180.1.21/compute/v2.1/servers/f5dba684-8531-43f4-a0e0-0b4af8f321e5 0.089s
2024-10-03 10:10:29.260 62613 INFO tempest.lib.common.rest_client [req-b2ab18bb-d369-4927-bc99-ab4b34f7ea70 req-b2ab18bb-d369-4927-bc99-ab4b34f7ea70 ] Request (ServerDiagnosticsV248Test:tearDownClass): 200 GET http://10.180.1.21:9696/networking/v2.0/security-groups?tenant_id=e44dcab6403544248de170047d81e192&name=default 0.161s
2024-10-03 10:10:29.268 62611 INFO tempest.lib.common.rest_client [req-4ea51b1f-b8ce-40ef-9048-3008b7d485fa req-4ea51b1f-b8ce-40ef-9048-3008b7d485fa ] Request (AttachInterfacesTestJSON:test_create_list_show_delete_interfaces_by_network_port): 200 GET http://10.180.1.21/compute/v2.1/servers/29fac854-59b2-4dcf-9df6-272ad3cbb3dc 0.064s
2024-10-03 10:10:29.305 62619 INFO tempest.lib.common.rest_client [req-05806298-dcaa-4ae5-ba96-d129431fc656 req-05806298-dcaa-4ae5-ba96-d129431fc656 ] Request (AttachInterfacesUnderV243Test:test_add_remove_fixed_ip): 200 GET http://10.180.1.21/compute/v2.1/servers/e35888dd-297c-4697-b58c-626983a4ad17 0.051s
2024-10-03 10:10:29.327 62621 INFO tempest.lib.common.rest_client [req-fb2f4b64-bdd9-41f8-939d-52f57eb145e8 req-fb2f4b64-bdd9-41f8-939d-52f57eb145e8 ] Request (AttachVolumeNegativeTest:test_attach_attached_volume_to_different_server): 200 GET http://10.180.1.21/compute/v2.1/servers/f0030d68-1006-48e3-9105-3230633db82e 0.049s
2024-10-03 10:10:29.363 62571 INFO tempest.lib.common.rest_client [req-9048881a-3b06-460c-bcce-70965166614e req-9048881a-3b06-460c-bcce-70965166614e ] Request (ImagesNegativeTestJSON:test_create_image_from_deleted_server): 200 GET http://10.180.1.21/compute/v2.1/servers/1e7bfa88-1a80-4599-bf13-0645941dae26 0.061s
2024-10-03 10:10:29.367 62613 INFO tempest.lib.common.rest_client [req-93c404c2-da96-4fd0-9fa9-20503c034948 req-93c404c2-da96-4fd0-9fa9-20503c034948 ] Request (ServerDiagnosticsV248Test:tearDownClass): 204 DELETE http://10.180.1.21:9696/networking/v2.0/security-groups/2b2396be-f01b-4273-a845-f9eb5b6a5ab7 0.107s
2024-10-03 10:10:29.399 62593 INFO tempest.lib.common.rest_client [req-8b92e903-4d31-49c5-9b8e-5f40da0f9289 req-8b92e903-4d31-49c5-9b8e-5f40da0f9289 ] Request (FloatingIPsAssociationTestJSON:setUpClass): 200 GET http://10.180.1.21/compute/v2.1/servers/e251348a-2f5c-4454-a029-6c9080c0a22f 0.048s
2024-10-03 10:10:29.409 62615 INFO tempest.lib.common.rest_client [req-415ad1eb-5ad9-4e34-a6e8-8efb1787144d req-415ad1eb-5ad9-4e34-a6e8-8efb1787144d ] Request (VolumesAssistedSnapshotsTest:test_volume_assisted_snapshot_create_delete): 200 GET http://10.180.1.21/compute/v2.1/servers/9487cc4d-2998-4c71-b8ca-5d69deb592ed 0.050s
2024-10-03 10:10:29.465 62585 INFO tempest.lib.common.rest_client [req-c53abf54-10cf-4398-964a-223465a5d3ed req-c53abf54-10cf-4398-964a-223465a5d3ed ] Request (DeleteServersTestJSON:test_delete_active_server): 200 GET http://10.180.1.21/compute/v2.1/servers/b35a2f4a-eae6-4cc7-b79e-405dcac54702 0.046s
2024-10-03 10:10:29.466 62575 INFO tempest.lib.common.rest_client [req-35823732-48cd-4ba4-a15f-aba24ab79f2a req-35823732-48cd-4ba4-a15f-aba24ab79f2a ] Request (ServerActionsTestOtherB:setUpClass): 200 GET http://10.180.1.21/compute/v2.1/servers/354f24fb-382e-446f-bf96-8f93455d4ad7 0.049s
2024-10-03 10:10:29.475 62613 INFO tempest.lib.common.rest_client [req-ba340dd6-5b86-4c4e-8ca7-044d6656b891 req-ba340dd6-5b86-4c4e-8ca7-044d6656b891 ] Request (ServerDiagnosticsV248Test:tearDownClass): 204 DELETE http://10.180.1.21/identity/v3/projects/e44dcab6403544248de170047d81e192 0.107s
2024-10-03 10:10:29.533 62613 INFO tempest.lib.common.rest_client [req-858d8dee-ad9e-47c9-b727-50f11b89ef7f req-858d8dee-ad9e-47c9-b727-50f11b89ef7f ] Request (ImagesTestJSON:setUpClass): 201 POST http://10.180.1.21/identity/v3/auth/tokens 0.056s
2024-10-03 10:10:29.552 62577 INFO tempest.lib.common.rest_client [req-6282489b-49c9-4bad-93ba-1246699a4b9e req-6282489b-49c9-4bad-93ba-1246699a4b9e ] Request (ServersNegativeTestJSON:setUpClass): 200 GET http://10.180.1.21/compute/v2.1/servers/eeea886e-e6a2-4863-86de-30d5c8d38fcf 0.047s
2024-10-03 10:10:29.559 62613 INFO tempest.lib.common.rest_client [req-e989a20a-b7a6-4809-a6a5-08ca3a98e146 req-e989a20a-b7a6-4809-a6a5-08ca3a98e146 ] Request (ImagesTestJSON:setUpClass): 201 POST http://10.180.1.21/identity/v3/auth/tokens 0.024s
2024-10-03 10:10:29.579 62613 INFO tempest.lib.common.rest_client [req-95ace9aa-a805-48fa-8631-52afa935c93e req-95ace9aa-a805-48fa-8631-52afa935c93e ] Request (ImagesTestJSON:setUpClass): 200 GET http://10.180.1.21/identity/v3/domains?name=Default 0.020s
2024-10-03 10:10:29.605 62613 INFO tempest.lib.common.rest_client [req-511af54d-6428-4075-a25c-86842bb8eec2 req-511af54d-6428-4075-a25c-86842bb8eec2 ] Request (ImagesTestJSON:setUpClass): 201 POST http://10.180.1.21/identity/v3/projects 0.025s
2024-10-03 10:10:29.666 62605 INFO tempest.lib.common.rest_client [req-fe1a480b-c29c-4611-a66a-0cd1b8571c3e req-fe1a480b-c29c-4611-a66a-0cd1b8571c3e ] Request (AttachInterfacesV270Test:test_create_get_list_interfaces): 200 GET http://10.180.1.21/compute/v2.1/servers/716a7ca5-5f41-4e8d-b7b1-27564dbf2268 0.078s
2024-10-03 10:10:29.669 62613 INFO tempest.lib.common.rest_client [req-debda1bb-5aba-46bb-8453-51e11bf9a4a4 req-debda1bb-5aba-46bb-8453-51e11bf9a4a4 ] Request (ImagesTestJSON:setUpClass): 201 POST http://10.180.1.21/identity/v3/users 0.063s
2024-10-03 10:10:29.685 62609 INFO tempest.lib.common.rest_client [req-91211740-d7ca-4c98-9708-d482bcaf3427 req-91211740-d7ca-4c98-9708-d482bcaf3427 ] Request (TenantUsagesTestJSON:setUpClass): 200 GET http://10.180.1.21/compute/v2.1/servers/384bb44a-f36e-4609-b4ea-e9868ea7142d 0.059s
2024-10-03 10:10:29.689 62613 INFO tempest.lib.common.rest_client [req-259d770d-dea0-4ba4-b970-642f3f1ab28e req-259d770d-dea0-4ba4-b970-642f3f1ab28e ] Request (ImagesTestJSON:setUpClass): 200 GET http://10.180.1.21/identity/v3/roles 0.020s
2024-10-03 10:10:29.712 62581 INFO tempest.lib.common.rest_client [req-e62a76d1-aa42-4f14-a389-4fa96a06611b req-e62a76d1-aa42-4f14-a389-4fa96a06611b ] Request (MigrationsAdminTest:test_resize_server_revert_deleted_flavor): 200 GET http://10.180.1.21/compute/v2.1/servers/daebc964-c1b0-46f5-9c72-3437c70803a5 0.071s
2024-10-03 10:10:29.719 62613 INFO tempest.lib.common.rest_client [req-bf14af4f-1eb9-49a9-a35a-236cdb04ab46 req-bf14af4f-1eb9-49a9-a35a-236cdb04ab46 ] Request (ImagesTestJSON:setUpClass): 204 PUT http://10.180.1.21/identity/v3/projects/a83baccd896749e3a9e6fe1b6454515e/users/14fe411ce5844734ace9e0a19f1401af/roles/381e3637f61b4cdbaaa7e15b10361a43 0.029s
2024-10-03 10:10:29.719 62613 INFO tempest.lib.common.dynamic_creds [-] Dynamic test user 14fe411ce5844734ace9e0a19f1401af is created with scope project and roles: ['member']
2024-10-03 10:10:29.720 62613 INFO tempest.lib.common.dynamic_creds [-] Acquired dynamic creds: credentials: Credentials: {'domain_id': 'default', 'domain_name': 'Default', 'username': 'tempest-ImagesTestJSON-757615461-project-member', 'project_domain_id': 'default', 'project_domain_name': 'Default', 'project_id': 'a83baccd896749e3a9e6fe1b6454515e', 'project_name': 'tempest-ImagesTestJSON-757615461', 'tenant_id': 'a83baccd896749e3a9e6fe1b6454515e', 'tenant_name': 'tempest-ImagesTestJSON-757615461', 'user_domain_id': 'default', 'user_domain_name': 'Default', 'user_id': '14fe411ce5844734ace9e0a19f1401af', 'system': None}, Network: None, Subnet: None, Router: None
2024-10-03 10:10:29.731 62589 INFO tempest.lib.common.rest_client [req-2bdc5124-0aea-41e4-a321-c155d62da9ef req-2bdc5124-0aea-41e4-a321-c155d62da9ef ] Request (ServersTestMultiNic:test_verify_duplicate_network_nics): 200 GET http://10.180.1.21/compute/v2.1/servers/4a46e102-088c-4329-a419-5d8e0a48580f 0.045s
2024-10-03 10:10:29.758 62607 INFO tempest.lib.common.rest_client [req-ebdeeba5-a42f-451b-b899-b697133a01ea req-ebdeeba5-a42f-451b-b899-b697133a01ea ] Request (DeleteServersAdminTestJSON:test_delete_server_while_in_error_state): 200 GET http://10.180.1.21/compute/v2.1/servers/6c6b1c51-2a6d-498d-80e0-f9138a7068d8 0.069s
2024-10-03 10:10:29.770 62613 INFO tempest.lib.common.rest_client [req-7440772a-e22c-48dd-a7b9-8f68256b6e6a req-7440772a-e22c-48dd-a7b9-8f68256b6e6a ] Request (ImagesTestJSON:setUpClass): 201 POST http://10.180.1.21/identity/v3/auth/tokens 0.050s
2024-10-03 10:10:29.875 62592 INFO tempest.lib.common.rest_client [req-c5bf87ba-f569-409c-8f75-5274672852e8 req-c5bf87ba-f569-409c-8f75-5274672852e8 ] Request (ServerDiagnosticsNegativeTest:test_get_server_diagnostics_by_non_admin): 200 GET http://10.180.1.21/compute/v2.1/servers/1964424d-ea7b-4e12-b681-52a99ebd089d 0.052s
2024-10-03 10:10:29.928 62599 INFO tempest.lib.common.rest_client [req-8e40f853-6e1a-4e3a-840c-45aff9907da8 req-8e40f853-6e1a-4e3a-840c-45aff9907da8 ] Request (ServersAdmin275Test:tearDownClass): 200 GET http://10.180.1.21/compute/v2.1/servers/9f63b654-ffbd-4752-82fd-edd1f4a09b49 0.065s
2024-10-03 10:10:30.003 62567 INFO tempest.lib.common.rest_client [req-eec71efd-d711-4e71-9e7b-d327f0693623 req-eec71efd-d711-4e71-9e7b-d327f0693623 ] Request (SecurityGroupsTestJSON:test_server_security_groups): 200 GET http://10.180.1.21/compute/v2.1/servers/86782132-302f-4121-8bdf-643abc2e2de1 0.050s
2024-10-03 10:10:30.015 62601 INFO tempest.lib.common.rest_client [req-4cf90f22-96e4-4c3a-a6e0-1145400bba48 req-4cf90f22-96e4-4c3a-a6e0-1145400bba48 ] Request (InstanceActionsNegativeTestJSON:setUpClass): 200 GET http://10.180.1.21/compute/v2.1/servers/b89bb422-9ee0-4180-b994-8335be5167da 0.047s
