2024-10-03 10:09:05.112 62585 INFO tempest.lib.common.rest_client [req-1357dc72-01be-4426-9b98-e9678c614ae3 req-1357dc72-01be-4426-9b98-e9678c614ae3 ] Request (SecurityGroupsTestAdminJSON:test_list_security_groups_list_all_tenants_filter): 200 POST http://10.180.1.21/compute/v2.1/os-security-groups 2.337s
2024-10-03 10:09:05.118 62621 INFO tempest.lib.common.rest_client [req-1399eb08-0814-4c2d-bd50-d5c5a84d257c req-1399eb08-0814-4c2d-bd50-d5c5a84d257c ] Request (MultipleCreateNegativeTestJSON:test_max_count_non_integer): 400 POST http://10.180.1.21/compute/v2.1/servers 1.680s
2024-10-03 10:09:05.128 62619 INFO tempest.lib.common.rest_client [req-eedb5480-4e54-4299-a966-45e54683ddba req-eedb5480-4e54-4299-a966-45e54683ddba ] Request (ServerExternalEventsTest:setUpClass): 201 POST http://10.180.1.21/identity/v3/auth/tokens 0.133s
2024-10-03 10:09:05.131 62587 INFO tempest.lib.common.rest_client [req-3f08779e-b0cc-46f5-b4d4-933f4204585a req-3f08779e-b0cc-46f5-b4d4-933f4204585a ] Request (ServerShowV254Test:setUpClass): 201 POST http://10.180.1.21/identity/v3/auth/tokens 0.122s
2024-10-03 10:09:05.141 62573 INFO tempest.lib.common.rest_client [req-eefb4b6c-4e77-49d0-8ec2-b7ef9e43e783 req-eefb4b6c-4e77-49d0-8ec2-b7ef9e43e783 ] Request (HostsAdminTestJSON:test_list_hosts_with_a_blank_zone): 200 GET http://10.180.1.21/compute/v2.1/os-hosts?zone= 1.485s
2024-10-03 10:09:05.143 62571 INFO tempest.lib.common.rest_client [req-7f37af49-6027-467f-ad24-af2f6386b5d4 req-7f37af49-6027-467f-ad24-af2f6386b5d4 ] Request (HypervisorAdminNegativeTestJSON:setUpClass): 200 GET http://10.180.1.21/identity/v3/roles 0.079s
2024-10-03 10:09:05.176 62581 INFO tempest.lib.common.rest_client [req-08678624-59e5-40d1-b422-e81a1ee1e06c req-08678624-59e5-40d1-b422-e81a1ee1e06c ] Request (MigrationsAdminTest:test_list_migrations_in_flavor_resize_situation): 201 POST http://10.180.1.21/identity/v3/auth/tokens 0.074s
2024-10-03 10:09:05.177 62581 INFO tempest.lib.common.fixed_network [-] (MigrationsAdminTest:test_list_migrations_in_flavor_resize_situation) Found network None available for tenant
2024-10-03 10:09:05.188 62621 INFO tempest.lib.common.rest_client [req-3af9a22b-d7ae-4373-b729-dcb7e1099d70 req-3af9a22b-d7ae-4373-b729-dcb7e1099d70 ] Request (MultipleCreateNegativeTestJSON:test_min_count_less_than_one): 201 POST http://10.180.1.21/identity/v3/auth/tokens 0.065s
2024-10-03 10:09:05.188 62621 INFO tempest.lib.common.fixed_network [-] (MultipleCreateNegativeTestJSON:test_min_count_less_than_one) Found network None available for tenant
2024-10-03 10:09:05.207 62587 INFO tempest.lib.common.rest_client [req-c315b112-b721-4328-bd42-8640e56c1b73 req-c315b112-b721-4328-bd42-8640e56c1b73 ] Request (ServerShowV254Test:test_rebuild_server): 201 POST http://10.180.1.21/identity/v3/auth/tokens 0.072s
2024-10-03 10:09:05.208 62587 INFO tempest.lib.common.fixed_network [-] (ServerShowV254Test:test_rebuild_server) Found network None available for tenant
2024-10-03 10:09:05.221 62619 INFO tempest.lib.common.rest_client [req-3b3a4768-5942-4517-9181-12444db2e73b req-3b3a4768-5942-4517-9181-12444db2e73b ] Request (ServerExternalEventsTest:test_create_server_external_events): 201 POST http://10.180.1.21/identity/v3/auth/tokens 0.089s
2024-10-03 10:09:05.221 62619 INFO tempest.lib.common.fixed_network [-] (ServerExternalEventsTest:test_create_server_external_events) Found network None available for tenant
2024-10-03 10:09:05.224 62615 INFO tempest.lib.common.rest_client [req-0dda3622-ce92-4f8d-bb46-c039b89e49f8 req-0dda3622-ce92-4f8d-bb46-c039b89e49f8 ] Request (VolumesAssistedSnapshotsTest:setUpClass): 201 POST http://10.180.1.21:9696/networking/v2.0/subnets 0.281s
2024-10-03 10:09:05.242 62571 INFO tempest.lib.common.rest_client [req-6ce4a8b7-8fc2-49c4-a577-1a115484b390 req-6ce4a8b7-8fc2-49c4-a577-1a115484b390 ] Request (HypervisorAdminNegativeTestJSON:setUpClass): 204 PUT http://10.180.1.21/identity/v3/projects/095e16e981f1496297312203b7914ff0/users/ac70c84391b64f79a2aa4375da3c5012/roles/381e3637f61b4cdbaaa7e15b10361a43 0.098s
2024-10-03 10:09:05.242 62571 INFO tempest.lib.common.dynamic_creds [-] Dynamic test user ac70c84391b64f79a2aa4375da3c5012 is created with scope project and roles: ['member']
2024-10-03 10:09:05.242 62571 INFO tempest.lib.common.dynamic_creds [-] Acquired dynamic creds: credentials: Credentials: {'domain_id': 'default', 'domain_name': 'Default', 'username': 'tempest-HypervisorAdminNegativeTestJSON-530790286-project-member', 'project_domain_id': 'default', 'project_domain_name': 'Default', 'project_id': '095e16e981f1496297312203b7914ff0', 'project_name': 'tempest-HypervisorAdminNegativeTestJSON-530790286', 'tenant_id': '095e16e981f1496297312203b7914ff0', 'tenant_name': 'tempest-HypervisorAdminNegativeTestJSON-530790286', 'user_domain_id': 'default', 'user_domain_name': 'Default', 'user_id': 'ac70c84391b64f79a2aa4375da3c5012', 'system': None}, Network: None, Subnet: None, Router: None
2024-10-03 10:09:05.242 62571 INFO tempest.lib.common.dynamic_creds [-] Created isolated network resources for: credentials: Credentials: {'domain_id': 'default', 'domain_name': 'Default', 'username': 'tempest-HypervisorAdminNegativeTestJSON-530790286-project-member', 'project_domain_id': 'default', 'project_domain_name': 'Default', 'project_id': '095e16e981f1496297312203b7914ff0', 'project_name': 'tempest-HypervisorAdminNegativeTestJSON-530790286', 'tenant_id': '095e16e981f1496297312203b7914ff0', 'tenant_name': 'tempest-HypervisorAdminNegativeTestJSON-530790286', 'user_domain_id': 'default', 'user_domain_name': 'Default', 'user_id': 'ac70c84391b64f79a2aa4375da3c5012', 'system': None}, Network: None, Subnet: None, Router: None
2024-10-03 10:09:05.317 62571 INFO tempest.lib.common.rest_client [req-8c1ab433-2e04-41f7-b1a9-b82589196535 req-8c1ab433-2e04-41f7-b1a9-b82589196535 ] Request (HypervisorAdminNegativeTestJSON:setUpClass): 201 POST http://10.180.1.21/identity/v3/auth/tokens 0.070s
2024-10-03 10:09:05.374 62571 INFO tempest.lib.common.rest_client [req-86bf6b0d-1863-4c3a-b95e-5d31e715b738 req-86bf6b0d-1863-4c3a-b95e-5d31e715b738 ] Request (HypervisorAdminNegativeTestJSON:setUpClass): 201 POST http://10.180.1.21/identity/v3/projects 0.056s
2024-10-03 10:09:05.432 62571 INFO tempest.lib.common.rest_client [req-581acc51-1235-4692-a0de-9d0fc47178f0 req-581acc51-1235-4692-a0de-9d0fc47178f0 ] Request (HypervisorAdminNegativeTestJSON:setUpClass): 201 POST http://10.180.1.21/identity/v3/users 0.057s
2024-10-03 10:09:05.452 62571 INFO tempest.lib.common.rest_client [req-1a2eabb4-546a-48fc-b29c-c2068b0e74b3 req-1a2eabb4-546a-48fc-b29c-c2068b0e74b3 ] Request (HypervisorAdminNegativeTestJSON:setUpClass): 200 GET http://10.180.1.21/identity/v3/roles 0.020s
2024-10-03 10:09:05.487 62571 INFO tempest.lib.common.rest_client [req-c95becfe-cba8-46b1-9575-e2592f4f6af4 req-c95becfe-cba8-46b1-9575-e2592f4f6af4 ] Request (HypervisorAdminNegativeTestJSON:setUpClass): 204 PUT http://10.180.1.21/identity/v3/projects/13f15127d2df4959a3572ab56b980dc9/users/27245f9a0bb24515b5adbbfb98dcde1e/roles/ae52ac16cfea439eb2e30902ddcb605c 0.031s
2024-10-03 10:09:05.538 62571 INFO tempest.lib.common.rest_client [req-8f74d2ee-63fe-45df-ae97-9e220141789f req-8f74d2ee-63fe-45df-ae97-9e220141789f ] Request (HypervisorAdminNegativeTestJSON:setUpClass): 200 GET http://10.180.1.21/identity/v3/roles 0.050s
2024-10-03 10:09:05.541 62567 INFO tempest.lib.common.rest_client [req-9f46eda9-d832-4be6-932a-ea4210851fff req-9f46eda9-d832-4be6-932a-ea4210851fff ] Request (SecurityGroupsTestJSON:test_list_security_groups_by_server): 200 POST http://10.180.1.21/compute/v2.1/os-security-groups 2.131s
2024-10-03 10:09:05.556 62571 INFO tempest.lib.common.rest_client [req-de254a2f-16ad-4955-aac9-5382503df03d req-de254a2f-16ad-4955-aac9-5382503df03d ] Request (HypervisorAdminNegativeTestJSON:setUpClass): 204 PUT http://10.180.1.21/identity/v3/projects/13f15127d2df4959a3572ab56b980dc9/users/27245f9a0bb24515b5adbbfb98dcde1e/roles/ae52ac16cfea439eb2e30902ddcb605c 0.018s
2024-10-03 10:09:05.556 62571 INFO tempest.lib.common.dynamic_creds [-] Dynamic test user 27245f9a0bb24515b5adbbfb98dcde1e is created with scope project and roles: ['admin']
2024-10-03 10:09:05.556 62571 INFO tempest.lib.common.dynamic_creds [-] Acquired dynamic creds: credentials: Credentials: {'domain_id': 'default', 'domain_name': 'Default', 'username': 'tempest-HypervisorAdminNegativeTestJSON-816616882-project-admin', 'project_domain_id': 'default', 'project_domain_name': 'Default', 'project_id': '13f15127d2df4959a3572ab56b980dc9', 'project_name': 'tempest-HypervisorAdminNegativeTestJSON-816616882', 'tenant_id': '13f15127d2df4959a3572ab56b980dc9', 'tenant_name': 'tempest-HypervisorAdminNegativeTestJSON-816616882', 'user_domain_id': 'default', 'user_domain_name': 'Default', 'user_id': '27245f9a0bb24515b5adbbfb98dcde1e', 'system': None}, Network: None, Subnet: None, Router: None
2024-10-03 10:09:05.556 62571 INFO tempest.lib.common.dynamic_creds [-] Created isolated network resources for: credentials: Credentials: {'domain_id': 'default', 'domain_name': 'Default', 'username': 'tempest-HypervisorAdminNegativeTestJSON-816616882-project-admin', 'project_domain_id': 'default', 'project_domain_name': 'Default', 'project_id': '13f15127d2df4959a3572ab56b980dc9', 'project_name': 'tempest-HypervisorAdminNegativeTestJSON-816616882', 'tenant_id': '13f15127d2df4959a3572ab56b980dc9', 'tenant_name': 'tempest-HypervisorAdminNegativeTestJSON-816616882', 'user_domain_id': 'default', 'user_domain_name': 'Default', 'user_id': '27245f9a0bb24515b5adbbfb98dcde1e', 'system': None}, Network: None, Subnet: None, Router: None
2024-10-03 10:09:05.578 62611 INFO tempest.lib.common.rest_client [req-6d399dd4-a4ff-44e7-b6fb-20364f094bc5 req-6d399dd4-a4ff-44e7-b6fb-20364f094bc5 ] Request (ValidationResourcesFixture:setUp): 201 POST http://10.180.1.21:9696/networking/v2.0/floatingips 0.497s
2024-10-03 10:09:05.606 62567 INFO tempest.lib.common.rest_client [req-4bb6266f-96ac-4006-863b-f16287bac3b6 req-4bb6266f-96ac-4006-863b-f16287bac3b6 ] Request (SecurityGroupsTestJSON:test_list_security_groups_by_server): 201 POST http://10.180.1.21/identity/v3/auth/tokens 0.060s
2024-10-03 10:09:05.607 62567 INFO tempest.lib.common.fixed_network [-] (SecurityGroupsTestJSON:test_list_security_groups_by_server) Found network {'id': '8b0c02ac-a46d-4b9e-9d31-d4a878f0d90b', 'name': 'tempest-SecurityGroupsTestJSON-187863697-network', 'tenant_id': '3d0e39020f494eb4a0d9054ee06b6975', 'admin_state_up': True, 'mtu': 8950, 'status': 'ACTIVE', 'subnets': [], 'shared': False, 'project_id': '3d0e39020f494eb4a0d9054ee06b6975', 'port_security_enabled': True, 'router:external': False, 'provider:network_type': 'vlan', 'provider:physical_network': 'default', 'provider:segmentation_id': 787, 'is_default': False, 'availability_zone_hints': [], 'availability_zones': [], 'ipv4_address_scope': None, 'ipv6_address_scope': None, 'description': '', 'tags': [], 'created_at': '2024-10-03T10:08:57Z', 'updated_at': '2024-10-03T10:08:57Z', 'revision_number': 1} available for tenant
2024-10-03 10:09:05.684 62563 INFO tempest.lib.common.rest_client [req-9b4bd801-ad5e-4c0c-a23a-3d06dc258028 req-9b4bd801-ad5e-4c0c-a23a-3d06dc258028 ] Request (FlavorMetadataValidation:test_flavor_update_with_custom_namespace): 200 POST http://10.180.1.21/compute/v2.1/flavors 1.945s
2024-10-03 10:09:05.683 62571 INFO tempest.lib.common.rest_client [req-469e1716-b1a3-4172-b8bf-6dfadf9fc58d req-469e1716-b1a3-4172-b8bf-6dfadf9fc58d ] Request (HypervisorAdminNegativeTestJSON:setUpClass): 201 POST http://10.180.1.21/identity/v3/auth/tokens 0.122s
2024-10-03 10:09:05.689 62597 INFO tempest.lib.common.rest_client [req-3cf61a79-6fd1-425b-aa7e-2e9ed4b1842b req-3cf61a79-6fd1-425b-aa7e-2e9ed4b1842b ] Request (ServerDiagnosticsTest:test_get_server_diagnostics): 202 POST http://10.180.1.21/compute/v2.1/servers 1.967s
2024-10-03 10:09:05.717 62611 INFO tempest.lib.common.rest_client [req-3b92817b-634b-4f66-8354-33d81b948c37 req-3b92817b-634b-4f66-8354-33d81b948c37 ] Request (AttachInterfacesTestJSON:test_create_list_show_delete_interfaces_by_fixed_ip): 201 POST http://10.180.1.21/identity/v3/auth/tokens 0.136s
2024-10-03 10:09:05.718 62611 INFO tempest.lib.common.fixed_network [-] (AttachInterfacesTestJSON:test_create_list_show_delete_interfaces_by_fixed_ip) Found network {'id': 'd1335ebe-e3f7-4600-ab4f-d9076d154bb9', 'name': 'tempest-AttachInterfacesTestJSON-1429523023-network', 'tenant_id': '13c23e0974ed4b7480cbabedbe9f998c', 'admin_state_up': True, 'mtu': 8950, 'status': 'ACTIVE', 'subnets': [], 'shared': False, 'project_id': '13c23e0974ed4b7480cbabedbe9f998c', 'port_security_enabled': True, 'router:external': False, 'provider:network_type': 'vlan', 'provider:physical_network': 'default', 'provider:segmentation_id': 156, 'is_default': False, 'availability_zone_hints': [], 'availability_zones': [], 'ipv4_address_scope': None, 'ipv6_address_scope': None, 'description': '', 'tags': [], 'created_at': '2024-10-03T10:08:59Z', 'updated_at': '2024-10-03T10:08:59Z', 'revision_number': 1} available for tenant
2024-10-03 10:09:05.757 62592 INFO tempest.lib.common.rest_client [req-2fdbbfa5-77c1-4902-a52e-cc52f1f069a6 req-2fdbbfa5-77c1-4902-a52e-cc52f1f069a6 ] Request (QuotaClassesAdmin257Test:test_update_default_quotas): 200 GET http://10.180.1.21/compute/v2.1/os-quota-class-sets/default 1.970s
2024-10-03 10:09:05.782 62613 INFO tempest.lib.common.rest_client [req-f231b381-44de-44f0-b9ef-509ee135614e req-f231b381-44de-44f0-b9ef-509ee135614e ] Request (AZAdminNegativeTestJSON:test_get_availability_zone_list_detail_with_non_admin_user): 403 GET http://10.180.1.21/compute/v2.1/os-availability-zone/detail 1.977s
2024-10-03 10:09:05.844 62569 INFO tempest.lib.common.rest_client [req-41927fe1-dc14-43eb-b35a-f22d319c19a4 req-41927fe1-dc14-43eb-b35a-f22d319c19a4 ] Request (AggregatesAdminNegativeTestJSON:setUpClass): 200 GET http://10.180.1.21/compute/v2.1/os-services?binary=nova-compute 1.980s
2024-10-03 10:09:05.913 62613 INFO tempest.lib.common.rest_client [req-379bb0ee-19c6-4e2e-ad3c-21541bdbf8e4 req-379bb0ee-19c6-4e2e-ad3c-21541bdbf8e4 ] Request (AZAdminNegativeTestJSON:tearDownClass): 204 DELETE http://10.180.1.21/identity/v3/users/a5712007e11a49d282e5b03c9e599566 0.123s
2024-10-03 10:09:05.921 62561 INFO tempest.lib.common.rest_client [req-46570ee7-2b98-4413-8755-c925c9193c9d req-46570ee7-2b98-4413-8755-c925c9193c9d ] Request (FlavorsAccessTestJSON:test_flavor_access_add_remove): 200 POST http://10.180.1.21/compute/v2.1/flavors 1.962s
2024-10-03 10:09:06.001 62613 INFO tempest.lib.common.rest_client [req-ba120698-5c18-4790-bfcc-791b1039d8ff req-ba120698-5c18-4790-bfcc-791b1039d8ff ] Request (AZAdminNegativeTestJSON:tearDownClass): 204 DELETE http://10.180.1.21/identity/v3/users/2b52f09dfa8b4ea0b9322b8c7319fbd5 0.088s
2024-10-03 10:09:06.001 62613 INFO tempest.lib.common.dynamic_creds [-] Deleting project and security group for project: ee36caf6a89841909649d5d33cde0bf6
2024-10-03 10:09:06.037 62623 INFO tempest.lib.common.rest_client [req-dad5f986-98d9-4c2a-8d1c-4f08220a4842 req-dad5f986-98d9-4c2a-8d1c-4f08220a4842 ] Request (HypervisorAdminTestJSON:test_get_hypervisor_list): 200 GET http://10.180.1.21/compute/v2.1/os-hypervisors 1.985s
2024-10-03 10:09:06.042 62577 INFO tempest.lib.common.rest_client [req-c747f002-63b2-43b1-bba0-ab7fa6733a59 req-c747f002-63b2-43b1-bba0-ab7fa6733a59 ] Request (FlavorsExtraSpecsNegativeTestJSON:test_flavor_non_admin_set_keys): 403 POST http://10.180.1.21/compute/v2.1/flavors/2127454330/os-extra_specs 1.943s
2024-10-03 10:09:06.066 62613 INFO tempest.lib.common.rest_client [req-68121d58-7806-4b72-a27e-c017294273c5 req-68121d58-7806-4b72-a27e-c017294273c5 ] Request (AZAdminNegativeTestJSON:tearDownClass): 201 POST http://10.180.1.21/identity/v3/auth/tokens 0.064s
2024-10-03 10:09:06.129 62615 INFO tempest.lib.common.rest_client [req-2e77438c-9ee5-40f4-99f6-6a14f55d6612 req-2e77438c-9ee5-40f4-99f6-6a14f55d6612 ] Request (VolumesAssistedSnapshotsTest:setUpClass): 201 POST http://10.180.1.21:9696/networking/v2.0/routers 0.905s
2024-10-03 10:09:06.326 62613 INFO tempest.lib.common.rest_client [req-ead5d078-55ff-4972-9204-0d9b815cec0f req-ead5d078-55ff-4972-9204-0d9b815cec0f ] Request (AZAdminNegativeTestJSON:tearDownClass): 200 GET http://10.180.1.21:9696/networking/v2.0/security-groups?tenant_id=ee36caf6a89841909649d5d33cde0bf6&name=default 0.259s
2024-10-03 10:09:06.353 62603 INFO tempest.lib.common.rest_client [req-7f67d191-3292-46c4-8263-94a1c33a7175 req-7f67d191-3292-46c4-8263-94a1c33a7175 ] Request (FloatingIPsAssociationNegativeTestJSON:setUpClass): 202 POST http://10.180.1.21/compute/v2.1/servers 2.464s
2024-10-03 10:09:06.414 62607 INFO tempest.lib.common.rest_client [req-0b1e8a20-fbf7-4d19-9a91-bdd81e203a8b req-0b1e8a20-fbf7-4d19-9a91-bdd81e203a8b ] Request (DeleteServersAdminTestJSON:test_admin_delete_servers_of_others): 202 POST http://10.180.1.21/compute/v2.1/servers 2.249s
2024-10-03 10:09:06.434 62613 INFO tempest.lib.common.rest_client [req-b407388e-b1bf-4168-a936-3762997d198f req-b407388e-b1bf-4168-a936-3762997d198f ] Request (AZAdminNegativeTestJSON:tearDownClass): 204 DELETE http://10.180.1.21:9696/networking/v2.0/security-groups/9fe7fbc3-2cc4-440a-a3f7-3aa0fe5669ad 0.108s
2024-10-03 10:09:06.493 62579 INFO tempest.lib.common.rest_client [req-95deb0cd-b97d-4fa4-b9e1-b25081bb939d req-95deb0cd-b97d-4fa4-b9e1-b25081bb939d ] Request (HypervisorAdminV228Test:test_get_list_hypervisor_details): 200 GET http://10.180.1.21/compute/v2.1/os-hypervisors 2.284s
2024-10-03 10:09:06.523 62565 INFO tempest.lib.common.rest_client [req-b052a639-cd3c-4e7b-86f2-a2de2ae14c5f req-b052a639-cd3c-4e7b-86f2-a2de2ae14c5f ] Request (FlavorsExtraSpecsTestJSON:test_flavor_non_admin_get_specific_key): 200 POST http://10.180.1.21/compute/v2.1/flavors/498336102/os-extra_specs 2.171s
2024-10-03 10:09:06.539 62613 INFO tempest.lib.common.rest_client [req-e7140e89-c07a-4faf-82e5-c694859c0795 req-e7140e89-c07a-4faf-82e5-c694859c0795 ] Request (AZAdminNegativeTestJSON:tearDownClass): 204 DELETE http://10.180.1.21/identity/v3/projects/ee36caf6a89841909649d5d33cde0bf6 0.104s
2024-10-03 10:09:06.539 62613 INFO tempest.lib.common.dynamic_creds [-] Deleting project and security group for project: f2d9cd0fc0444a69ad3c9f295ad2e1a1
2024-10-03 10:09:06.645 62605 INFO tempest.lib.common.rest_client [req-a5d05380-b031-4998-8244-691ce2471f26 req-a5d05380-b031-4998-8244-691ce2471f26 ] Request (FlavorsV261TestJSON:test_crud_flavor): 200 GET http://10.180.1.21/compute/v2.1/flavors/1270013650 2.239s
2024-10-03 10:09:06.646 62617 INFO tempest.lib.common.rest_client [req-0108ad6b-2854-4dc4-b6ad-86d381cb4dc5 req-0108ad6b-2854-4dc4-b6ad-86d381cb4dc5 ] Request (QuotasAdminNegativeTest:test_create_server_when_cpu_quota_is_full): 200 GET http://10.180.1.21/compute/v2.1/os-quota-sets/4a970159ddbe4964becbc86489642b66 2.358s
2024-10-03 10:09:06.668 62599 INFO tempest.lib.common.rest_client [req-ccc0eb3e-3464-4691-b88c-dd0cd5f31acd req-ccc0eb3e-3464-4691-b88c-dd0cd5f31acd ] Request (HypervisorAdminUnderV252Test:test_search_hypervisor): 200 GET http://10.180.1.21/compute/v2.1/os-hypervisors 2.114s
2024-10-03 10:09:06.685 62595 INFO tempest.lib.common.rest_client [req-ec15979f-59f4-4e03-b493-074ea85a6a35 req-ec15979f-59f4-4e03-b493-074ea85a6a35 ] Request (FlavorsAdminTestJSON:_run_cleanups): 202 DELETE http://10.180.1.21/compute/v2.1/flavors/2091745621 1.969s
2024-10-03 10:09:06.702 62589 INFO tempest.lib.common.rest_client [req-74b27c28-8869-4e9e-8bdf-c60a4c8b2a7f req-74b27c28-8869-4e9e-8bdf-c60a4c8b2a7f ] Request (InstanceUsageAuditLogNegativeTestJSON:test_instance_usage_audit_logs_with_nonadmin_user): 403 GET http://10.180.1.21/compute/v2.1/os-instance_usage_audit_log 2.208s
2024-10-03 10:09:06.722 62575 INFO tempest.lib.common.rest_client [req-db4ea5b9-1299-4bb7-a820-2fc59bc79bd4 req-db4ea5b9-1299-4bb7-a820-2fc59bc79bd4 ] Request (ServicesAdminTestJSON:test_list_services): 200 GET http://10.180.1.21/compute/v2.1/os-services 1.890s
2024-10-03 10:09:06.723 62613 INFO tempest.lib.common.rest_client [req-f2b81755-9840-4fb8-a64b-7fb6b4666405 req-f2b81755-9840-4fb8-a64b-7fb6b4666405 ] Request (AZAdminNegativeTestJSON:tearDownClass): 200 GET http://10.180.1.21:9696/networking/v2.0/security-groups?tenant_id=f2d9cd0fc0444a69ad3c9f295ad2e1a1&name=default 0.184s
2024-10-03 10:09:06.739 62601 INFO tempest.lib.common.rest_client [req-7cf7e0b5-feb7-45ff-815c-4befd8aef48f req-7cf7e0b5-feb7-45ff-815c-4befd8aef48f ] Request (InstanceUsageAuditLogTestJSON:test_list_instance_usage_audit_logs): 200 GET http://10.180.1.21/compute/v2.1/os-instance_usage_audit_log 1.822s
2024-10-03 10:09:06.755 62584 INFO tempest.lib.common.rest_client [req-717ba34e-b8a0-47ec-b5f8-2fe61e7a8171 req-717ba34e-b8a0-47ec-b5f8-2fe61e7a8171 ] Request (FlavorsAccessNegativeTestJSON:test_add_flavor_access_duplicate): 200 POST http://10.180.1.21/compute/v2.1/flavors 1.941s
2024-10-03 10:09:06.775 62573 INFO tempest.lib.common.rest_client [req-6957861e-ac54-416d-ac78-5279474e7892 req-6957861e-ac54-416d-ac78-5279474e7892 ] Request (HostsAdminTestJSON:test_list_hosts_with_nonexistent_zone): 200 GET http://10.180.1.21/compute/v2.1/os-hosts?zone=xxx 1.632s
2024-10-03 10:09:06.823 62613 INFO tempest.lib.common.rest_client [req-a5921b26-ac33-4072-b0d3-6f4a5a87c2e6 req-a5921b26-ac33-4072-b0d3-6f4a5a87c2e6 ] Request (AZAdminNegativeTestJSON:tearDownClass): 204 DELETE http://10.180.1.21:9696/networking/v2.0/security-groups/ae5dbfc4-89d1-4add-8db0-25efd1774739 0.099s
2024-10-03 10:09:06.823 62601 INFO tempest.lib.common.rest_client [req-45117868-070d-44e1-9a59-380ad84af507 req-45117868-070d-44e1-9a59-380ad84af507 ] Request (InstanceUsageAuditLogTestJSON:tearDownClass): 204 DELETE http://10.180.1.21/identity/v3/users/c0c10a3eef1740a388dcff1d444cfa25 0.079s
2024-10-03 10:09:06.831 62575 INFO tempest.lib.common.rest_client [req-dae9019b-fa83-4e65-8743-15087ea84566 req-dae9019b-fa83-4e65-8743-15087ea84566 ] Request (ServicesAdminTestJSON:tearDownClass): 204 DELETE http://10.180.1.21/identity/v3/users/5f94d14bea6a4e4f8b44be475594e809 0.106s
2024-10-03 10:09:06.895 62585 INFO tempest.lib.common.rest_client [req-0eff40d4-12fe-476a-8573-b3e98fbd2e0e req-0eff40d4-12fe-476a-8573-b3e98fbd2e0e ] Request (SecurityGroupsTestAdminJSON:test_list_security_groups_list_all_tenants_filter): 200 POST http://10.180.1.21/compute/v2.1/os-security-groups 1.780s
2024-10-03 10:09:06.903 62621 INFO tempest.lib.common.rest_client [req-46130d54-84eb-404c-a883-2721b0717b96 req-46130d54-84eb-404c-a883-2721b0717b96 ] Request (MultipleCreateNegativeTestJSON:test_min_count_less_than_one): 400 POST http://10.180.1.21/compute/v2.1/servers 1.714s
2024-10-03 10:09:06.919 62613 INFO tempest.lib.common.rest_client [req-d47a3f9b-2f55-4ec3-b754-11c4519510c7 req-d47a3f9b-2f55-4ec3-b754-11c4519510c7 ] Request (AZAdminNegativeTestJSON:tearDownClass): 204 DELETE http://10.180.1.21/identity/v3/projects/f2d9cd0fc0444a69ad3c9f295ad2e1a1 0.096s
2024-10-03 10:09:07.021 62601 INFO tempest.lib.common.rest_client [req-a2b29b6e-c263-4699-9df5-b81fd11ec7b5 req-a2b29b6e-c263-4699-9df5-b81fd11ec7b5 ] Request (InstanceUsageAuditLogTestJSON:tearDownClass): 204 DELETE http://10.180.1.21/identity/v3/users/a7dd4bb696154d9e918dbb97d552b109 0.197s
2024-10-03 10:09:07.021 62601 INFO tempest.lib.common.dynamic_creds [-] Deleting project and security group for project: 11f7d87c543b4d0c8e9c174849bd7662
2024-10-03 10:09:07.073 62575 INFO tempest.lib.common.rest_client [req-0c51134a-00d9-4a82-87b5-174067257b18 req-0c51134a-00d9-4a82-87b5-174067257b18 ] Request (ServicesAdminTestJSON:tearDownClass): 204 DELETE http://10.180.1.21/identity/v3/users/95c581d3a3374a4f81dd824ce2faa09d 0.241s
2024-10-03 10:09:07.073 62575 INFO tempest.lib.common.dynamic_creds [-] Deleting project and security group for project: c44925a5fac8431bbc2f331798b5285b
2024-10-03 10:09:07.166 62621 INFO tempest.lib.common.rest_client [req-1aceadee-b9fa-44d6-96f6-2947f76d8ba8 req-1aceadee-b9fa-44d6-96f6-2947f76d8ba8 ] Request (MultipleCreateNegativeTestJSON:test_min_count_non_integer): 201 POST http://10.180.1.21/identity/v3/auth/tokens 0.258s
2024-10-03 10:09:07.166 62621 INFO tempest.lib.common.fixed_network [-] (MultipleCreateNegativeTestJSON:test_min_count_non_integer) Found network None available for tenant
2024-10-03 10:09:07.190 62581 INFO tempest.lib.common.rest_client [req-ab27c492-a51a-4726-839b-6fb1c3602235 req-ab27c492-a51a-4726-839b-6fb1c3602235 ] Request (MigrationsAdminTest:test_list_migrations_in_flavor_resize_situation): 202 POST http://10.180.1.21/compute/v2.1/servers 2.013s
2024-10-03 10:09:07.193 62613 INFO tempest.lib.common.rest_client [req-545d4490-ba49-4241-9d89-d74661466ba5 req-545d4490-ba49-4241-9d89-d74661466ba5 ] Request (ServerDiagnosticsV248Test:setUpClass): 201 POST http://10.180.1.21/identity/v3/auth/tokens 0.272s
2024-10-03 10:09:07.196 62601 INFO tempest.lib.common.rest_client [req-1cc7cc57-d144-4576-b4c3-a6746138b178 req-1cc7cc57-d144-4576-b4c3-a6746138b178 ] Request (InstanceUsageAuditLogTestJSON:tearDownClass): 201 POST http://10.180.1.21/identity/v3/auth/tokens 0.174s
2024-10-03 10:09:07.213 62575 INFO tempest.lib.common.rest_client [req-aad67ca7-cbb2-49d1-8077-4adac6644439 req-aad67ca7-cbb2-49d1-8077-4adac6644439 ] Request (ServicesAdminTestJSON:tearDownClass): 201 POST http://10.180.1.21/identity/v3/auth/tokens 0.140s
2024-10-03 10:09:07.248 62615 INFO tempest.lib.common.rest_client [req-b032a16e-ffe8-4715-85c4-847fce0ddf1c req-b032a16e-ffe8-4715-85c4-847fce0ddf1c ] Request (VolumesAssistedSnapshotsTest:setUpClass): 200 PUT http://10.180.1.21:9696/networking/v2.0/routers/4d57282d-c46d-4ced-9cc9-81c848f3855d/add_router_interface 1.119s
2024-10-03 10:09:07.249 62615 INFO tempest.lib.common.dynamic_creds [-] Created isolated network resources for: credentials: Credentials: {'domain_id': 'default', 'domain_name': 'Default', 'username': 'tempest-VolumesAssistedSnapshotsTest-1074271289-project-admin', 'project_domain_id': 'default', 'project_domain_name': 'Default', 'project_id': '94c2b41836244f1f892d97ab08dc1c38', 'project_name': 'tempest-VolumesAssistedSnapshotsTest-1074271289', 'tenant_id': '94c2b41836244f1f892d97ab08dc1c38', 'tenant_name': 'tempest-VolumesAssistedSnapshotsTest-1074271289', 'user_domain_id': 'default', 'user_domain_name': 'Default', 'user_id': 'ca1d6a8504d947b2b050bebccdd339e3', 'system': None}, Network: {'id': '60b46d02-fcf7-481b-91b4-ca65d5a58a80', 'name': 'tempest-VolumesAssistedSnapshotsTest-1926361165-network', 'tenant_id': '94c2b41836244f1f892d97ab08dc1c38', 'admin_state_up': True, 'mtu': 8950, 'status': 'ACTIVE', 'subnets': [], 'shared': False, 'project_id': '94c2b41836244f1f892d97ab08dc1c38', 'port_security_enabled': True, 'router:external': False, 'provider:network_type': 'vlan', 'provider:physical_network': 'default', 'provider:segmentation_id': 940, 'is_default': False, 'availability_zone_hints': [], 'availability_zones': [], 'ipv4_address_scope': None, 'ipv6_address_scope': None, 'description': '', 'tags': [], 'created_at': '2024-10-03T10:09:04Z', 'updated_at': '2024-10-03T10:09:04Z', 'revision_number': 1}, Subnet: {'id': '2ce57e90-3236-45e7-825d-f8e419468f28', 'name': 'tempest-VolumesAssistedSnapshotsTest-1926361165-subnet', 'tenant_id': '94c2b41836244f1f892d97ab08dc1c38', 'network_id': '60b46d02-fcf7-481b-91b4-ca65d5a58a80', 'ip_version': 4, 'subnetpool_id': None, 'enable_dhcp': True, 'ipv6_ra_mode': None, 'ipv6_address_mode': None, 'gateway_ip': '192.168.128.1', 'cidr': '192.168.128.0/28', 'allocation_pools': [{'start': '192.168.128.2', 'end': '192.168.128.14'}], 'host_routes': [], 'dns_nameservers': [], 'description': '', 'router:external': False, 'service_types': [], 'tags': [], 'created_at': '2024-10-03T10:09:05Z', 'updated_at': '2024-10-03T10:09:05Z', 'revision_number': 0, 'project_id': '94c2b41836244f1f892d97ab08dc1c38'}, Router: {'id': '4d57282d-c46d-4ced-9cc9-81c848f3855d', 'name': 'tempest-VolumesAssistedSnapshotsTest-1926361165-router', 'tenant_id': '94c2b41836244f1f892d97ab08dc1c38', 'admin_state_up': True, 'status': 'ACTIVE', 'external_gateway_info': {'network_id': 'eac1a32a-8b08-46ce-ba54-bcbd142145ef', 'external_fixed_ips': [{'subnet_id': '43d0b61d-2883-48d0-b282-754d1f982e0a', 'ip_address': '10.180.180.179'}], 'enable_snat': True}, 'description': '', 'availability_zones': [], 'distributed': False, 'ha': False, 'availability_zone_hints': [], 'routes': [], 'flavor_id': None, 'tags': [], 'created_at': '2024-10-03T10:09:05Z', 'updated_at': '2024-10-03T10:09:05Z', 'revision_number': 2, 'project_id': '94c2b41836244f1f892d97ab08dc1c38'}
2024-10-03 10:09:07.275 62587 INFO tempest.lib.common.rest_client [req-b1a093cc-1d6c-4918-bdf3-605f3037b809 req-b1a093cc-1d6c-4918-bdf3-605f3037b809 ] Request (ServerShowV254Test:test_rebuild_server): 202 POST http://10.180.1.21/compute/v2.1/servers 2.066s
2024-10-03 10:09:07.329 62613 INFO tempest.lib.common.rest_client [req-fcb553a9-20aa-4610-b162-c7022335e9c7 req-fcb553a9-20aa-4610-b162-c7022335e9c7 ] Request (ServerDiagnosticsV248Test:setUpClass): 201 POST http://10.180.1.21/identity/v3/auth/tokens 0.091s
2024-10-03 10:09:07.351 62613 INFO tempest.lib.common.rest_client [req-42627dc4-7c88-4393-a5cb-97fb8a8dc2c6 req-42627dc4-7c88-4393-a5cb-97fb8a8dc2c6 ] Request (ServerDiagnosticsV248Test:setUpClass): 200 GET http://10.180.1.21/identity/v3/domains?name=Default 0.022s
2024-10-03 10:09:07.381 62613 INFO tempest.lib.common.rest_client [req-852a135d-f682-4756-936a-738948662622 req-852a135d-f682-4756-936a-738948662622 ] Request (ServerDiagnosticsV248Test:setUpClass): 201 POST http://10.180.1.21/identity/v3/projects 0.029s
2024-10-03 10:09:07.422 62615 INFO tempest.lib.common.rest_client [req-8bcc7842-8966-4def-8a33-498a1d2102f0 req-8bcc7842-8966-4def-8a33-498a1d2102f0 ] Request (VolumesAssistedSnapshotsTest:setUpClass): 201 POST http://10.180.1.21/identity/v3/auth/tokens 0.167s
2024-10-03 10:09:07.438 62613 INFO tempest.lib.common.rest_client [req-27d2a62e-133f-4950-94ac-095c54fb9a65 req-27d2a62e-133f-4950-94ac-095c54fb9a65 ] Request (ServerDiagnosticsV248Test:setUpClass): 201 POST http://10.180.1.21/identity/v3/users 0.057s
2024-10-03 10:09:07.463 62613 INFO tempest.lib.common.rest_client [req-2b3f87bd-e567-4be1-970c-fe7bdc2eea5b req-2b3f87bd-e567-4be1-970c-fe7bdc2eea5b ] Request (ServerDiagnosticsV248Test:setUpClass): 200 GET http://10.180.1.21/identity/v3/roles 0.025s
2024-10-03 10:09:07.464 62615 INFO tempest.lib.common.rest_client [req-382b2e33-769c-42b8-b364-d3a1b63bbe4a req-382b2e33-769c-42b8-b364-d3a1b63bbe4a ] Request (VolumesAssistedSnapshotsTest:setUpClass): 201 POST http://10.180.1.21/identity/v3/projects 0.041s
2024-10-03 10:09:07.499 62601 INFO tempest.lib.common.rest_client [req-c5de4bbc-fc23-4d6f-a8b8-4ee2c9622d16 req-c5de4bbc-fc23-4d6f-a8b8-4ee2c9622d16 ] Request (InstanceUsageAuditLogTestJSON:tearDownClass): 200 GET http://10.180.1.21:9696/networking/v2.0/security-groups?tenant_id=11f7d87c543b4d0c8e9c174849bd7662&name=default 0.303s
2024-10-03 10:09:07.528 62615 INFO tempest.lib.common.rest_client [req-7ad522fc-7aeb-4b2b-ac3e-4eae4e39bcff req-7ad522fc-7aeb-4b2b-ac3e-4eae4e39bcff ] Request (VolumesAssistedSnapshotsTest:setUpClass): 201 POST http://10.180.1.21/identity/v3/users 0.063s
2024-10-03 10:09:07.528 62613 INFO tempest.lib.common.rest_client [req-0f0a431d-5e80-4d91-815a-02e338c6c964 req-0f0a431d-5e80-4d91-815a-02e338c6c964 ] Request (ServerDiagnosticsV248Test:setUpClass): 204 PUT http://10.180.1.21/identity/v3/projects/e44dcab6403544248de170047d81e192/users/5493574a8cd14df89d7f234f5138e11e/roles/381e3637f61b4cdbaaa7e15b10361a43 0.064s
2024-10-03 10:09:07.528 62613 INFO tempest.lib.common.dynamic_creds [-] Dynamic test user 5493574a8cd14df89d7f234f5138e11e is created with scope project and roles: ['member']
2024-10-03 10:09:07.528 62613 INFO tempest.lib.common.dynamic_creds [-] Acquired dynamic creds: credentials: Credentials: {'domain_id': 'default', 'domain_name': 'Default', 'username': 'tempest-ServerDiagnosticsV248Test-273229495-project-member', 'project_domain_id': 'default', 'project_domain_name': 'Default', 'project_id': 'e44dcab6403544248de170047d81e192', 'project_name': 'tempest-ServerDiagnosticsV248Test-273229495', 'tenant_id': 'e44dcab6403544248de170047d81e192', 'tenant_name': 'tempest-ServerDiagnosticsV248Test-273229495', 'user_domain_id': 'default', 'user_domain_name': 'Default', 'user_id': '5493574a8cd14df89d7f234f5138e11e', 'system': None}, Network: None, Subnet: None, Router: None
2024-10-03 10:09:07.528 62613 INFO tempest.lib.common.dynamic_creds [-] Created isolated network resources for: credentials: Credentials: {'domain_id': 'default', 'domain_name': 'Default', 'username': 'tempest-ServerDiagnosticsV248Test-273229495-project-member', 'project_domain_id': 'default', 'project_domain_name': 'Default', 'project_id': 'e44dcab6403544248de170047d81e192', 'project_name': 'tempest-ServerDiagnosticsV248Test-273229495', 'tenant_id': 'e44dcab6403544248de170047d81e192', 'tenant_name': 'tempest-ServerDiagnosticsV248Test-273229495', 'user_domain_id': 'default', 'user_domain_name': 'Default', 'user_id': '5493574a8cd14df89d7f234f5138e11e', 'system': None}, Network: None, Subnet: None, Router: None
2024-10-03 10:09:07.557 62575 INFO tempest.lib.common.rest_client [req-1c18cb75-7305-4d34-aba5-9ca4edadab41 req-1c18cb75-7305-4d34-aba5-9ca4edadab41 ] Request (ServicesAdminTestJSON:tearDownClass): 200 GET http://10.180.1.21:9696/networking/v2.0/security-groups?tenant_id=c44925a5fac8431bbc2f331798b5285b&name=default 0.343s
2024-10-03 10:09:07.578 62615 INFO tempest.lib.common.rest_client [req-d2e08390-b157-4d60-9ec3-518da01a5b2c req-d2e08390-b157-4d60-9ec3-518da01a5b2c ] Request (VolumesAssistedSnapshotsTest:setUpClass): 200 GET http://10.180.1.21/identity/v3/roles 0.049s
2024-10-03 10:09:07.603 62613 INFO tempest.lib.common.rest_client [req-842ee23d-c214-440b-8cf2-a1a43863ac25 req-842ee23d-c214-440b-8cf2-a1a43863ac25 ] Request (ServerDiagnosticsV248Test:setUpClass): 201 POST http://10.180.1.21/identity/v3/auth/tokens 0.071s
2024-10-03 10:09:07.608 62615 INFO tempest.lib.common.rest_client [req-113be93c-edf7-4882-b670-8702bf7616b1 req-113be93c-edf7-4882-b670-8702bf7616b1 ] Request (VolumesAssistedSnapshotsTest:setUpClass): 204 PUT http://10.180.1.21/identity/v3/projects/76433c3266bc4edca2bc9f4450ceeb4d/users/48969fd57f134548a7de6fd12b39e295/roles/7c6bf65db06a481299f637e88adeabac 0.030s
2024-10-03 10:09:07.669 62613 INFO tempest.lib.common.rest_client [req-a042b468-0da4-4b4c-b57b-c09b119e47fd req-a042b468-0da4-4b4c-b57b-c09b119e47fd ] Request (ServerDiagnosticsV248Test:setUpClass): 201 POST http://10.180.1.21/identity/v3/projects 0.061s
2024-10-03 10:09:07.675 62619 INFO tempest.lib.common.rest_client [req-04754ed0-1fe4-4881-ab80-6be51392589f req-04754ed0-1fe4-4881-ab80-6be51392589f ] Request (ServerExternalEventsTest:test_create_server_external_events): 202 POST http://10.180.1.21/compute/v2.1/servers 2.453s
2024-10-03 10:09:07.682 62567 INFO tempest.lib.common.rest_client [req-19f7274e-a79b-494b-8c19-e062186c1bda req-19f7274e-a79b-494b-8c19-e062186c1bda ] Request (SecurityGroupsTestJSON:test_list_security_groups_by_server): 202 POST http://10.180.1.21/compute/v2.1/servers 2.074s
2024-10-03 10:09:07.683 62615 INFO tempest.lib.common.rest_client [req-c2ee65a1-b900-4d00-a864-3e50a5b27009 req-c2ee65a1-b900-4d00-a864-3e50a5b27009 ] Request (VolumesAssistedSnapshotsTest:setUpClass): 200 GET http://10.180.1.21/identity/v3/roles 0.074s
2024-10-03 10:09:07.691 62601 INFO tempest.lib.common.rest_client [req-bb1f46f5-946f-46da-97e4-e0723ab937f7 req-bb1f46f5-946f-46da-97e4-e0723ab937f7 ] Request (InstanceUsageAuditLogTestJSON:tearDownClass): 204 DELETE http://10.180.1.21:9696/networking/v2.0/security-groups/6b5a8120-71b3-4896-92bf-85b5ccb3ffda 0.189s
2024-10-03 10:09:07.699 62575 INFO tempest.lib.common.rest_client [req-57f9cc57-c089-486e-8343-91f13ce1d9c7 req-57f9cc57-c089-486e-8343-91f13ce1d9c7 ] Request (ServicesAdminTestJSON:tearDownClass): 204 DELETE http://10.180.1.21:9696/networking/v2.0/security-groups/19ce657f-a625-4a9d-b532-ca101147e2af 0.141s
2024-10-03 10:09:07.735 62613 INFO tempest.lib.common.rest_client [req-b23b7c29-3ff8-4d2f-9226-a23c8be24728 req-b23b7c29-3ff8-4d2f-9226-a23c8be24728 ] Request (ServerDiagnosticsV248Test:setUpClass): 201 POST http://10.180.1.21/identity/v3/users 0.066s
2024-10-03 10:09:07.747 62615 INFO tempest.lib.common.rest_client [req-303d0840-fc24-4e82-b30e-3a46362e14d3 req-303d0840-fc24-4e82-b30e-3a46362e14d3 ] Request (VolumesAssistedSnapshotsTest:setUpClass): 204 PUT http://10.180.1.21/identity/v3/projects/76433c3266bc4edca2bc9f4450ceeb4d/users/48969fd57f134548a7de6fd12b39e295/roles/ae52ac16cfea439eb2e30902ddcb605c 0.064s
2024-10-03 10:09:07.748 62615 INFO tempest.lib.common.dynamic_creds [-] Dynamic test user 48969fd57f134548a7de6fd12b39e295 is created with scope project and roles: ['service', 'admin']
2024-10-03 10:09:07.748 62615 INFO tempest.lib.common.dynamic_creds [-] Acquired dynamic creds: credentials: Credentials: {'domain_id': 'default', 'domain_name': 'Default', 'username': 'tempest-VolumesAssistedSnapshotsTest-482838213-project', 'project_domain_id': 'default', 'project_domain_name': 'Default', 'project_id': '76433c3266bc4edca2bc9f4450ceeb4d', 'project_name': 'tempest-VolumesAssistedSnapshotsTest-482838213', 'tenant_id': '76433c3266bc4edca2bc9f4450ceeb4d', 'tenant_name': 'tempest-VolumesAssistedSnapshotsTest-482838213', 'user_domain_id': 'default', 'user_domain_name': 'Default', 'user_id': '48969fd57f134548a7de6fd12b39e295', 'system': None}, Network: None, Subnet: None, Router: None
2024-10-03 10:09:07.825 62597 INFO tempest.lib.common.rest_client [req-09db45f2-b3e9-4433-8ab1-74278768696d req-09db45f2-b3e9-4433-8ab1-74278768696d ] Request (ServerDiagnosticsTest:test_get_server_diagnostics): 200 GET http://10.180.1.21/compute/v2.1/servers/82a94a65-80f8-4f18-8d25-289889290802 2.134s
2024-10-03 10:09:07.847 62571 INFO tempest.lib.common.rest_client [req-44f5ce44-7c74-488b-9ac3-826cf62bc084 req-44f5ce44-7c74-488b-9ac3-826cf62bc084 ] Request (HypervisorAdminNegativeTestJSON:test_get_hypervisor_list_details_with_non_admin_user): 403 GET http://10.180.1.21/compute/v2.1/os-hypervisors/detail 2.160s
2024-10-03 10:09:07.888 62601 INFO tempest.lib.common.rest_client [req-532c1e66-71fb-4748-9f68-226d7a3d3916 req-532c1e66-71fb-4748-9f68-226d7a3d3916 ] Request (InstanceUsageAuditLogTestJSON:tearDownClass): 204 DELETE http://10.180.1.21/identity/v3/projects/11f7d87c543b4d0c8e9c174849bd7662 0.196s
2024-10-03 10:09:07.888 62601 INFO tempest.lib.common.dynamic_creds [-] Deleting project and security group for project: 5401f487a61b498f829f0d33bbd3b2f9
2024-10-03 10:09:07.927 62563 INFO tempest.lib.common.rest_client [req-8deb2ab8-8c69-4da6-9492-f158481c4f14 req-8deb2ab8-8c69-4da6-9492-f158481c4f14 ] Request (FlavorMetadataValidation:test_flavor_update_with_custom_namespace): 200 POST http://10.180.1.21/compute/v2.1/flavors/2134893636/os-extra_specs 2.237s
2024-10-03 10:09:07.965 62575 INFO tempest.lib.common.rest_client [req-5406c5b4-1875-45d3-8157-bd699cc7e960 req-5406c5b4-1875-45d3-8157-bd699cc7e960 ] Request (ServicesAdminTestJSON:tearDownClass): 204 DELETE http://10.180.1.21/identity/v3/projects/c44925a5fac8431bbc2f331798b5285b 0.266s
2024-10-03 10:09:07.965 62575 INFO tempest.lib.common.dynamic_creds [-] Deleting project and security group for project: 64455ccd968a4f30a3ceca11783ad238
2024-10-03 10:09:08.000 62613 INFO tempest.lib.common.rest_client [req-0e3156e6-58c1-4bbe-b4bf-46482b0d607f req-0e3156e6-58c1-4bbe-b4bf-46482b0d607f ] Request (ServerDiagnosticsV248Test:setUpClass): 200 GET http://10.180.1.21/identity/v3/roles 0.264s
2024-10-03 10:09:08.033 62592 INFO tempest.lib.common.rest_client [req-d2bb1ed2-8cb2-4a03-ab75-6a0d101e82db req-d2bb1ed2-8cb2-4a03-ab75-6a0d101e82db ] Request (QuotaClassesAdmin257Test:test_update_default_quotas): 200 PUT http://10.180.1.21/compute/v2.1/os-quota-class-sets/default 2.274s
2024-10-03 10:09:08.048 62613 INFO tempest.lib.common.rest_client [req-f0762a9a-b538-44f1-9638-e3d1b53e1ebf req-f0762a9a-b538-44f1-9638-e3d1b53e1ebf ] Request (ServerDiagnosticsV248Test:setUpClass): 204 PUT http://10.180.1.21/identity/v3/projects/bebfad09f437447d87a291f2f88fe783/users/c5a5a89d874945c58b40d7c90fdae580/roles/ae52ac16cfea439eb2e30902ddcb605c 0.048s
2024-10-03 10:09:08.052 62615 INFO tempest.lib.common.rest_client [req-bc8f2eba-293f-4627-a31d-a847418031ab req-bc8f2eba-293f-4627-a31d-a847418031ab ] Request (VolumesAssistedSnapshotsTest:setUpClass): 201 POST http://10.180.1.21:9696/networking/v2.0/networks 0.304s
2024-10-03 10:09:08.069 62569 INFO tempest.lib.common.rest_client [req-43ec40da-c2bc-4f53-91a5-cf08aa0bed4b req-43ec40da-c2bc-4f53-91a5-cf08aa0bed4b ] Request (AggregatesAdminNegativeTestJSON:test_aggregate_add_existent_host): 200 POST http://10.180.1.21/compute/v2.1/os-aggregates 2.221s
2024-10-03 10:09:08.101 62613 INFO tempest.lib.common.rest_client [req-cdcb9ac6-ef5a-4e8c-a924-586a0a631c68 req-cdcb9ac6-ef5a-4e8c-a924-586a0a631c68 ] Request (ServerDiagnosticsV248Test:setUpClass): 200 GET http://10.180.1.21/identity/v3/roles 0.052s
2024-10-03 10:09:08.116 62613 INFO tempest.lib.common.rest_client [req-8d7e013a-b485-46b3-8eec-668072349804 req-8d7e013a-b485-46b3-8eec-668072349804 ] Request (ServerDiagnosticsV248Test:setUpClass): 204 PUT http://10.180.1.21/identity/v3/projects/bebfad09f437447d87a291f2f88fe783/users/c5a5a89d874945c58b40d7c90fdae580/roles/ae52ac16cfea439eb2e30902ddcb605c 0.014s
2024-10-03 10:09:08.116 62613 INFO tempest.lib.common.dynamic_creds [-] Dynamic test user c5a5a89d874945c58b40d7c90fdae580 is created with scope project and roles: ['admin']
2024-10-03 10:09:08.117 62613 INFO tempest.lib.common.dynamic_creds [-] Acquired dynamic creds: credentials: Credentials: {'domain_id': 'default', 'domain_name': 'Default', 'username': 'tempest-ServerDiagnosticsV248Test-92878315-project-admin', 'project_domain_id': 'default', 'project_domain_name': 'Default', 'project_id': 'bebfad09f437447d87a291f2f88fe783', 'project_name': 'tempest-ServerDiagnosticsV248Test-92878315', 'tenant_id': 'bebfad09f437447d87a291f2f88fe783', 'tenant_name': 'tempest-ServerDiagnosticsV248Test-92878315', 'user_domain_id': 'default', 'user_domain_name': 'Default', 'user_id': 'c5a5a89d874945c58b40d7c90fdae580', 'system': None}, Network: None, Subnet: None, Router: None
2024-10-03 10:09:08.117 62613 INFO tempest.lib.common.dynamic_creds [-] Created isolated network resources for: credentials: Credentials: {'domain_id': 'default', 'domain_name': 'Default', 'username': 'tempest-ServerDiagnosticsV248Test-92878315-project-admin', 'project_domain_id': 'default', 'project_domain_name': 'Default', 'project_id': 'bebfad09f437447d87a291f2f88fe783', 'project_name': 'tempest-ServerDiagnosticsV248Test-92878315', 'tenant_id': 'bebfad09f437447d87a291f2f88fe783', 'tenant_name': 'tempest-ServerDiagnosticsV248Test-92878315', 'user_domain_id': 'default', 'user_domain_name': 'Default', 'user_id': 'c5a5a89d874945c58b40d7c90fdae580', 'system': None}, Network: None, Subnet: None, Router: None
2024-10-03 10:09:08.141 62601 INFO tempest.lib.common.rest_client [req-faa3cae4-26df-4843-ba32-2b76df8e14ba req-faa3cae4-26df-4843-ba32-2b76df8e14ba ] Request (InstanceUsageAuditLogTestJSON:tearDownClass): 200 GET http://10.180.1.21:9696/networking/v2.0/security-groups?tenant_id=5401f487a61b498f829f0d33bbd3b2f9&name=default 0.253s
2024-10-03 10:09:08.190 62613 INFO tempest.lib.common.rest_client [req-c7211ed4-d10f-43b4-8fc5-ae4ebb02b711 req-c7211ed4-d10f-43b4-8fc5-ae4ebb02b711 ] Request (ServerDiagnosticsV248Test:setUpClass): 201 POST http://10.180.1.21/identity/v3/auth/tokens 0.069s
2024-10-03 10:09:08.240 62561 INFO tempest.lib.common.rest_client [req-cf460b2b-a912-4646-a74a-a71f93f27558 req-cf460b2b-a912-4646-a74a-a71f93f27558 ] Request (FlavorsAccessTestJSON:test_flavor_access_add_remove): 200 POST http://10.180.1.21/compute/v2.1/flavors/744868253/action 2.316s
2024-10-03 10:09:08.246 62613 INFO tempest.lib.common.rest_client [req-980eff7c-a7bb-4f9e-b29b-e63b2ec433bf req-980eff7c-a7bb-4f9e-b29b-e63b2ec433bf ] Request (ServerDiagnosticsV248Test:test_get_server_diagnostics): 201 POST http://10.180.1.21/identity/v3/auth/tokens 0.048s
2024-10-03 10:09:08.246 62613 INFO tempest.lib.common.fixed_network [-] (ServerDiagnosticsV248Test:test_get_server_diagnostics) Found network None available for tenant
2024-10-03 10:09:08.263 62577 INFO tempest.lib.common.rest_client [req-adf3aeb6-e15b-4615-8b4e-2fdaf281abff req-adf3aeb6-e15b-4615-8b4e-2fdaf281abff ] Request (FlavorsExtraSpecsNegativeTestJSON:test_flavor_non_admin_unset_keys): 200 POST http://10.180.1.21/compute/v2.1/flavors/2127454330/os-extra_specs 2.219s
2024-10-03 10:09:08.272 62615 INFO tempest.lib.common.rest_client [req-e7eda2e3-59be-4af0-82cf-8a499bb00aaf req-e7eda2e3-59be-4af0-82cf-8a499bb00aaf ] Request (VolumesAssistedSnapshotsTest:setUpClass): 201 POST http://10.180.1.21:9696/networking/v2.0/subnets 0.219s
2024-10-03 10:09:08.286 62623 INFO tempest.lib.common.rest_client [req-589ae89f-b40d-4170-8c5e-a6d6d926d542 req-589ae89f-b40d-4170-8c5e-a6d6d926d542 ] Request (HypervisorAdminTestJSON:test_get_hypervisor_list_details): 200 GET http://10.180.1.21/compute/v2.1/os-hypervisors/detail 2.241s
2024-10-03 10:09:08.294 62601 INFO tempest.lib.common.rest_client [req-bb0c6b73-0209-43c9-9a78-ea5513928903 req-bb0c6b73-0209-43c9-9a78-ea5513928903 ] Request (InstanceUsageAuditLogTestJSON:tearDownClass): 204 DELETE http://10.180.1.21:9696/networking/v2.0/security-groups/065822e0-d206-41fe-a821-91d764c1d5fb 0.152s
2024-10-03 10:09:08.304 62575 INFO tempest.lib.common.rest_client [req-51b955d1-e7a4-48ba-97bc-17de4dd48307 req-51b955d1-e7a4-48ba-97bc-17de4dd48307 ] Request (ServicesAdminTestJSON:tearDownClass): 200 GET http://10.180.1.21:9696/networking/v2.0/security-groups?tenant_id=64455ccd968a4f30a3ceca11783ad238&name=default 0.339s
2024-10-03 10:09:08.351 62603 INFO tempest.lib.common.rest_client [req-a807978e-b006-4c14-bbcc-036a30f78edc req-a807978e-b006-4c14-bbcc-036a30f78edc ] Request (FloatingIPsAssociationNegativeTestJSON:setUpClass): 200 GET http://10.180.1.21/compute/v2.1/servers/11359e0d-2297-4d82-9f66-e06ef6a551c1 1.996s
2024-10-03 10:09:08.421 62607 INFO tempest.lib.common.rest_client [req-e0c89c66-b8b3-45ff-81cd-91a025ef95c7 req-e0c89c66-b8b3-45ff-81cd-91a025ef95c7 ] Request (DeleteServersAdminTestJSON:test_admin_delete_servers_of_others): 200 GET http://10.180.1.21/compute/v2.1/servers/768b3b0d-2468-4651-858c-3438d9b1f13f 2.005s
2024-10-03 10:09:08.425 62601 INFO tempest.lib.common.rest_client [req-db990312-7c76-450f-943f-2f29938ae906 req-db990312-7c76-450f-943f-2f29938ae906 ] Request (InstanceUsageAuditLogTestJSON:tearDownClass): 204 DELETE http://10.180.1.21/identity/v3/projects/5401f487a61b498f829f0d33bbd3b2f9 0.130s
2024-10-03 10:09:08.443 62579 INFO tempest.lib.common.rest_client [req-051a85f5-0e46-4a90-bea3-1fd6e488a04e req-051a85f5-0e46-4a90-bea3-1fd6e488a04e ] Request (HypervisorAdminV228Test:test_get_list_hypervisor_details): 200 GET http://10.180.1.21/compute/v2.1/os-hypervisors/1 1.948s
2024-10-03 10:09:08.457 62565 INFO tempest.lib.common.rest_client [req-0bfd441f-7735-4f38-938e-de3df108e537 req-0bfd441f-7735-4f38-938e-de3df108e537 ] Request (FlavorsExtraSpecsTestJSON:test_flavor_non_admin_get_specific_key): 200 GET http://10.180.1.21/compute/v2.1/flavors/498336102/os-extra_specs/hw:numa_nodes 1.933s
2024-10-03 10:09:08.496 62605 INFO tempest.lib.common.rest_client [req-b63631a8-9887-43da-874f-4df10d8e435d req-b63631a8-9887-43da-874f-4df10d8e435d ] Request (FlavorsV261TestJSON:test_crud_flavor): 200 PUT http://10.180.1.21/compute/v2.1/flavors/1270013650 1.848s
2024-10-03 10:09:08.501 62601 INFO tempest.lib.common.rest_client [req-58dc8866-462a-4e43-99a5-45a85c4c0fce req-58dc8866-462a-4e43-99a5-45a85c4c0fce ] Request (ServersAdminNegativeTestJSON:setUpClass): 201 POST http://10.180.1.21/identity/v3/auth/tokens 0.074s
2024-10-03 10:09:08.509 62575 INFO tempest.lib.common.rest_client [req-e6de2e25-f6f5-4200-b655-1236792fac83 req-e6de2e25-f6f5-4200-b655-1236792fac83 ] Request (ServicesAdminTestJSON:tearDownClass): 204 DELETE http://10.180.1.21:9696/networking/v2.0/security-groups/64750d39-d2e3-41cf-a06d-e96b1c01d8fd 0.203s
2024-10-03 10:09:08.586 62579 INFO tempest.lib.common.rest_client [req-3750ba19-8130-491e-bb81-c6627cbc12f9 req-3750ba19-8130-491e-bb81-c6627cbc12f9 ] Request (HypervisorAdminV228Test:tearDownClass): 204 DELETE http://10.180.1.21/identity/v3/users/3f3a4c56467842cdb97a23cf17d7c9e2 0.082s
2024-10-03 10:09:08.640 62601 INFO tempest.lib.common.rest_client [req-75546523-0c0c-48fe-bb33-b10f04b90a41 req-75546523-0c0c-48fe-bb33-b10f04b90a41 ] Request (ServersAdminNegativeTestJSON:setUpClass): 201 POST http://10.180.1.21/identity/v3/auth/tokens 0.134s
2024-10-03 10:09:08.674 62617 INFO tempest.lib.common.rest_client [req-fc340188-575b-4a9e-a426-7557c2879e9f req-fc340188-575b-4a9e-a426-7557c2879e9f ] Request (QuotasAdminNegativeTest:test_create_server_when_cpu_quota_is_full): 200 PUT http://10.180.1.21/compute/v2.1/os-quota-sets/4a970159ddbe4964becbc86489642b66 2.026s
2024-10-03 10:09:08.694 62579 INFO tempest.lib.common.rest_client [req-c21e4c1d-4741-4d34-a5be-44a93f83b8ff req-c21e4c1d-4741-4d34-a5be-44a93f83b8ff ] Request (HypervisorAdminV228Test:tearDownClass): 204 DELETE http://10.180.1.21/identity/v3/users/3df7b9ffd3a744bc811f4ef8b348112d 0.108s
2024-10-03 10:09:08.695 62611 INFO tempest.lib.common.rest_client [req-029f9a00-98bf-4d91-8131-1ae192ede37f req-029f9a00-98bf-4d91-8131-1ae192ede37f ] Request (AttachInterfacesTestJSON:test_create_list_show_delete_interfaces_by_fixed_ip): 202 POST http://10.180.1.21/compute/v2.1/servers 2.976s
2024-10-03 10:09:08.695 62579 INFO tempest.lib.common.dynamic_creds [-] Deleting project and security group for project: 39c866f4d62c415d81e544abd90ac44e
