2025-03-19 13:55:16.340 70046 INFO tempest.lib.common.rest_client [req-0dd54840-76c1-4f71-a7ad-1dda32f405ea req-0dd54840-76c1-4f71-a7ad-1dda32f405ea ] Request (ServersListShow2100Test:test_list_show_rebuild_update_server_2100): 200 GET http://10.180.1.21/compute/v2.1/servers/1a168001-abf2-4fc9-b93c-2eea7bd3bb21 0.134s
2025-03-19 13:55:16.364 70058 INFO tempest.lib.common.rest_client [req-ed6586e1-e798-4269-b3e9-da29bccfe537 req-ed6586e1-e798-4269-b3e9-da29bccfe537 ] Request (ValidationResourcesFixture:setUp): 201 POST http://10.180.1.21:9696/networking/v2.0/security-group-rules 0.092s
2025-03-19 13:55:16.374 70065 INFO tempest.lib.common.rest_client [req-61ae7c10-928c-4f1a-9139-79ed650f0d02 req-61ae7c10-928c-4f1a-9139-79ed650f0d02 ] Request (ListServersNegativeTestJSON:setUpClass): 200 GET http://10.180.1.21/compute/v2.1/servers/1f9cfce3-1616-4167-8a02-1ca3b58dc115 0.149s
2025-03-19 13:55:16.396 70056 INFO tempest.lib.common.rest_client [req-582b8053-2573-4005-b2e5-84062a6a05d9 req-582b8053-2573-4005-b2e5-84062a6a05d9 ] Request (ServersTestMultiNic:_run_cleanups): 200 GET http://10.180.1.21/compute/v2.1/servers/15c8d71d-2065-4bd4-91c3-d6c5140fff83 0.115s
2025-03-19 13:55:16.435 70024 INFO tempest.lib.common.rest_client [req-4a4a8f53-3fce-4fa1-8073-fc296e56fe15 req-4a4a8f53-3fce-4fa1-8073-fc296e56fe15 ] Request (TenantUsagesTestJSON:tearDownClass): 200 GET http://10.180.1.21/compute/v2.1/servers/86f7bb58-2b6a-4d7e-8a07-e8ce6f303051 0.135s
2025-03-19 13:55:16.458 70062 INFO tempest.lib.common.rest_client [req-edc79821-aa59-4d49-968e-0e4bf72497ef req-edc79821-aa59-4d49-968e-0e4bf72497ef ] Request (MigrationsAdminTest:test_resize_server_revert_deleted_flavor): 200 GET http://10.180.1.21/compute/v2.1/servers/cc9ac051-3e6f-408f-ae7e-ba0bb1fcdb06 0.095s
2025-03-19 13:55:16.502 70020 INFO tempest.lib.common.rest_client [req-bf6a36ba-1e7b-4dcc-af06-18087fc89680 req-bf6a36ba-1e7b-4dcc-af06-18087fc89680 ] Request (ServerAddressesNegativeTestJSON:setUpClass): 200 GET http://10.180.1.21/compute/v2.1/servers/835db1b6-3b4b-452e-ba88-8dbd6ba4fbd1 0.060s
2025-03-19 13:55:16.611 70030 INFO tempest.lib.common.rest_client [req-8f295447-8137-4f29-aa19-85ebc8fa01cb req-8f295447-8137-4f29-aa19-85ebc8fa01cb ] Request (ServersAdminNegativeTestJSON:tearDownClass): 200 GET http://10.180.1.21/compute/v2.1/servers/d2cc073a-aef3-46a2-9963-3163981b7e55 0.074s
2025-03-19 13:55:16.670 70068 INFO tempest.lib.common.rest_client [req-6a2429b6-6b91-4383-99e4-b17eea18065c req-6a2429b6-6b91-4383-99e4-b17eea18065c ] Request (ImagesOneServerTestJSON:setUpClass): 200 GET http://10.180.1.21/compute/v2.1/servers/4cbf057b-da38-415c-b0aa-641e21e44333 0.097s
2025-03-19 13:55:16.677 70068 INFO tempest.common.waiters [-] State transition "BUILD/block_device_mapping" ==> "BUILD/spawning" after 69 second wait
2025-03-19 13:55:16.765 70058 INFO tempest.lib.common.rest_client [req-f82e9771-345f-4e3b-ad18-24c401f02a34 req-f82e9771-345f-4e3b-ad18-24c401f02a34 ] Request (ValidationResourcesFixture:setUp): 201 POST http://10.180.1.21:9696/networking/v2.0/floatingips 0.400s
2025-03-19 13:55:16.811 70054 INFO tempest.lib.common.rest_client [req-13104d17-c30a-484d-9807-21e03e173a79 req-13104d17-c30a-484d-9807-21e03e173a79 ] Request (InstanceActionsTestJSON:tearDownClass): 200 GET http://10.180.1.21/compute/v2.1/servers/a671c9c9-8655-4b57-8011-24e849eac2cb 0.063s
2025-03-19 13:55:16.813 70058 INFO tempest.lib.common.rest_client [req-22690cfc-16fe-424c-946a-9a88124c0077 req-22690cfc-16fe-424c-946a-9a88124c0077 ] Request (AttachInterfacesUnderV243Test:test_add_remove_fixed_ip): 201 POST http://10.180.1.21/identity/v3/auth/tokens 0.043s
2025-03-19 13:55:16.814 70058 INFO tempest.lib.common.fixed_network [-] (AttachInterfacesUnderV243Test:test_add_remove_fixed_ip) Found network {'id': '35b7e981-b999-4e3f-89e6-38e19ddeffea', 'name': 'tempest-AttachInterfacesUnderV243Test-1368634736-network', 'tenant_id': '0ce8508b8c3b49d49d2dde1b8ae072b0', 'admin_state_up': True, 'mtu': 8950, 'status': 'ACTIVE', 'subnets': [], 'shared': False, 'project_id': '0ce8508b8c3b49d49d2dde1b8ae072b0', 'port_security_enabled': True, 'router:external': False, 'provider:network_type': 'vlan', 'provider:physical_network': 'default', 'provider:segmentation_id': 353, 'availability_zone_hints': [], 'availability_zones': [], 'ipv4_address_scope': None, 'ipv6_address_scope': None, 'description': '', 'tags': [], 'created_at': '2025-03-19T13:55:13Z', 'updated_at': '2025-03-19T13:55:13Z', 'revision_number': 1} available for tenant
2025-03-19 13:55:16.870 70078 INFO tempest.lib.common.rest_client [req-4a6341ad-43b0-4458-a6d8-6eb29273b454 req-4a6341ad-43b0-4458-a6d8-6eb29273b454 ] Request (ServersAdminTestJSON:test_create_server_with_scheduling_hint): 200 GET http://10.180.1.21/compute/v2.1/servers/5f4e9527-e9fb-40b6-87a1-4471431b38b3 0.128s
2025-03-19 13:55:16.877 70078 INFO tempest.common.waiters [-] State transition "BUILD/spawning" ==> "ACTIVE/None" after 72 second wait
2025-03-19 13:55:16.938 70066 INFO tempest.lib.common.rest_client [req-3bf97a7a-f6f4-4b9d-9f19-d3fda016b7af req-3bf97a7a-f6f4-4b9d-9f19-d3fda016b7af ] Request (ServerTagsTestJSON:tearDownClass): 200 GET http://10.180.1.21/compute/v2.1/servers/58f8e93d-252b-4b10-acbb-992512434c5c 0.104s
2025-03-19 13:55:16.944 70078 INFO tempest.lib.common.rest_client [req-61eb6715-8fe8-4da6-ac8b-8be07978c0ca req-61eb6715-8fe8-4da6-ac8b-8be07978c0ca ] Request (ServersAdminTestJSON:test_inject_network_info): 201 POST http://10.180.1.21/identity/v3/auth/tokens 0.059s
2025-03-19 13:55:16.944 70078 INFO tempest.lib.common.fixed_network [-] (ServersAdminTestJSON:test_inject_network_info) Found network {'id': '7436effc-9a1d-42d2-89ad-5993833a4729', 'name': 'tempest-ServersAdminTestJSON-399888406-network', 'tenant_id': '516b3865bb84467bb9da706cce6d42f2', 'admin_state_up': True, 'mtu': 8950, 'status': 'ACTIVE', 'subnets': [], 'shared': False, 'project_id': '516b3865bb84467bb9da706cce6d42f2', 'port_security_enabled': True, 'router:external': False, 'provider:network_type': 'vlan', 'provider:physical_network': 'default', 'provider:segmentation_id': 471, 'availability_zone_hints': [], 'availability_zones': [], 'ipv4_address_scope': None, 'ipv6_address_scope': None, 'description': '', 'tags': [], 'created_at': '2025-03-19T13:53:00Z', 'updated_at': '2025-03-19T13:53:00Z', 'revision_number': 1} available for tenant
2025-03-19 13:55:16.998 70026 INFO tempest.lib.common.rest_client [req-a6b7eab4-7237-4212-8cf4-7a24b0187228 req-a6b7eab4-7237-4212-8cf4-7a24b0187228 ] Request (DeleteServersAdminTestJSON:test_delete_server_while_in_error_state): 200 GET http://10.180.1.21/compute/v2.1/servers/8a28ee81-c65d-4ccf-b8ea-d759a3375ed5 0.160s
2025-03-19 13:55:17.061 70038 INFO tempest.lib.common.rest_client [req-44fa764b-fdbd-494a-9bf8-294737972b0f req-44fa764b-fdbd-494a-9bf8-294737972b0f ] Request (ServersAaction247Test:test_create_backup): 200 GET http://10.180.1.21/compute/v2.1/servers/538bd1ff-c4a9-449e-812e-90f0ef6f7a98 0.158s
2025-03-19 13:55:17.103 70070 WARNING tempest.lib.common.ssh [-] Failed to establish authenticated ssh connection to cirros@10.180.180.214 ([Errno None] Unable to connect to port 22 on 10.180.180.214). Number attempts: 8. Retry after 9 seconds.: paramiko.ssh_exception.NoValidConnectionsError: [Errno None] Unable to connect to port 22 on 10.180.180.214
2025-03-19 13:55:17.130 70060 INFO tempest.lib.common.rest_client [req-fd2363d6-83d8-4461-8af5-112f97dbbf9b req-fd2363d6-83d8-4461-8af5-112f97dbbf9b ] Request (ServersAdmin275Test:test_rebuild_update_server_275): 200 GET http://10.180.1.21/compute/v2.1/servers/f208df38-eba6-4969-9639-176cddc5d1ff 0.221s
2025-03-19 13:55:17.215 70058 INFO tempest.lib.common.rest_client [req-4fbc1614-6059-4eff-9ea2-b3ba673bfd64 req-4fbc1614-6059-4eff-9ea2-b3ba673bfd64 ] Request (AttachInterfacesUnderV243Test:test_add_remove_fixed_ip): 202 POST http://10.180.1.21/compute/v2.1/servers 0.400s
2025-03-19 13:55:17.273 70032 INFO tempest.lib.common.rest_client [req-05c48814-4d00-48d4-9fba-ef44e332e19d req-05c48814-4d00-48d4-9fba-ef44e332e19d ] Request (ListImageFiltersTestJSON:setUpClass): 200 GET http://10.180.1.21/compute/v2.1/servers/f9d366bc-9336-446d-ae8e-f7052af72e8c 0.313s
2025-03-19 13:55:17.335 70042 INFO tempest.lib.common.rest_client [req-361b4056-dacf-4eb4-9213-c47f4f81b529 req-361b4056-dacf-4eb4-9213-c47f4f81b529 ] Request (ServerMetadataTestJSON:setUpClass): 200 GET http://10.180.1.21/compute/v2.1/servers/45f34208-c4a3-45b6-a7fa-81c116f7450a 0.363s
2025-03-19 13:55:17.400 70036 INFO tempest.lib.common.rest_client [req-e503e787-ba3f-4fb0-8eef-47a27cc7e5be req-e503e787-ba3f-4fb0-8eef-47a27cc7e5be ] Request (ServerAddressesTestJSON:setUpClass): 200 GET http://10.180.1.21/compute/v2.1/servers/ae628692-35b2-4fa7-8aee-d77483405fe9 0.363s
2025-03-19 13:55:17.472 70080 INFO tempest.lib.common.rest_client [req-e423d9b5-061e-461e-87f8-baa5d5c97e46 req-e423d9b5-061e-461e-87f8-baa5d5c97e46 ] Request (SecurityGroupsTestJSON:test_server_security_groups): 200 GET http://10.180.1.21/compute/v2.1/servers/67b31c61-8436-48f7-9bc4-af90ecd843b1 0.387s
2025-03-19 13:55:17.533 70072 INFO tempest.lib.common.rest_client [req-7e183064-ba4d-4e9b-b593-f2618a569b51 req-7e183064-ba4d-4e9b-b593-f2618a569b51 ] Request (ServersTestJSON:test_create_server_with_ipv6_addr_only): 200 GET http://10.180.1.21/compute/v2.1/servers/131b9632-347e-4203-b770-c6449683c6d6 0.389s
2025-03-19 13:55:17.560 70022 INFO tempest.lib.common.rest_client [req-53ade5d8-46cd-48ea-96e8-d2beed3e2271 req-53ade5d8-46cd-48ea-96e8-d2beed3e2271 ] Request (AttachInterfacesV270Test:tearDownClass): 404 GET http://10.180.1.21/compute/v2.1/servers/2d38379b-473f-4bd8-9bd9-91f91a2f35b7 0.410s
2025-03-19 13:55:17.561 70078 INFO tempest.lib.common.rest_client [req-3af510f7-90ab-4aa0-a20a-42293516d084 req-3af510f7-90ab-4aa0-a20a-42293516d084 ] Request (ServersAdminTestJSON:test_inject_network_info): 202 POST http://10.180.1.21/compute/v2.1/servers 0.616s
2025-03-19 13:55:17.623 70050 INFO tempest.lib.common.rest_client [req-5635c38e-c62d-4f74-a4dc-bcf51b0c4163 req-5635c38e-c62d-4f74-a4dc-bcf51b0c4163 ] Request (MultipleCreateTestJSON:test_multiple_create_with_reservation_return): 200 GET http://10.180.1.21/compute/v2.1/servers/11beea4b-b6e1-45ff-8640-396448ac8871 0.427s
2025-03-19 13:55:17.646 70044 INFO tempest.lib.common.rest_client [req-0ea4a52f-df24-4860-a4c9-04db258849a7 req-0ea4a52f-df24-4860-a4c9-04db258849a7 ] Request (InstanceActionsV221TestJSON:test_get_list_deleted_instance_actions): 200 GET http://10.180.1.21/compute/v2.1/servers/8756b2f1-7fdd-4d29-aedd-bca7dbf5dd3d 0.442s
2025-03-19 13:55:17.676 70058 INFO tempest.lib.common.rest_client [req-7f093d21-d290-46ca-b62d-8e2e78d148c7 req-7f093d21-d290-46ca-b62d-8e2e78d148c7 ] Request (AttachInterfacesUnderV243Test:test_add_remove_fixed_ip): 200 GET http://10.180.1.21/compute/v2.1/servers/d36e24b4-b199-4032-a564-77378b08369b 0.459s
2025-03-19 13:55:17.727 70048 INFO tempest.lib.common.rest_client [req-2be4e31a-3c07-4452-8b6d-c200f103b10c req-2be4e31a-3c07-4452-8b6d-c200f103b10c ] Request (FloatingIPsAssociationTestJSON:tearDownClass): 200 GET http://10.180.1.21/compute/v2.1/servers/abe0995d-a681-4263-9a69-6d4254c07de2 0.453s
2025-03-19 13:55:17.749 70028 INFO tempest.lib.common.rest_client [req-27c2a303-c62a-4bc7-8285-3740cabe194e req-27c2a303-c62a-4bc7-8285-3740cabe194e ] Request (ImagesOneServerNegativeTestJSON:_run_cleanups): 200 GET http://10.180.1.21/compute/v2.1/servers/ad77e2a6-0461-49b1-bfd8-8039e7a23ac5 0.473s
2025-03-19 13:55:17.789 70076 INFO tempest.lib.common.rest_client [req-4e20169f-b47c-4c5c-8b51-a123e286855d req-4e20169f-b47c-4c5c-8b51-a123e286855d ] Request (AttachInterfacesTestJSON:test_create_list_show_delete_interfaces_by_fixed_ip): 200 GET http://10.180.1.21/compute/v2.1/servers/dd87b231-075a-46c6-ae8f-3152bfb685b7 0.462s
2025-03-19 13:55:17.835 70046 INFO tempest.lib.common.rest_client [req-67124088-0316-41fe-be3c-c988c3cbacdd req-67124088-0316-41fe-be3c-c988c3cbacdd ] Request (ServersListShow2100Test:test_list_show_rebuild_update_server_2100): 200 GET http://10.180.1.21/compute/v2.1/servers/1a168001-abf2-4fc9-b93c-2eea7bd3bb21 0.476s
2025-03-19 13:55:17.855 70065 INFO tempest.lib.common.rest_client [req-ee737b03-e7b1-4425-bb45-703d9a7a3cf8 req-ee737b03-e7b1-4425-bb45-703d9a7a3cf8 ] Request (ListServersNegativeTestJSON:setUpClass): 200 GET http://10.180.1.21/compute/v2.1/servers/1f9cfce3-1616-4167-8a02-1ca3b58dc115 0.471s
2025-03-19 13:55:17.911 70056 INFO tempest.lib.common.rest_client [req-98c7202a-5ac4-4af7-968c-6e908f7a522e req-98c7202a-5ac4-4af7-968c-6e908f7a522e ] Request (ServersTestMultiNic:_run_cleanups): 200 GET http://10.180.1.21/compute/v2.1/servers/15c8d71d-2065-4bd4-91c3-d6c5140fff83 0.503s
2025-03-19 13:55:17.927 70024 INFO tempest.lib.common.rest_client [req-114f76be-2d3d-47f6-bc82-785a05b19b2d req-114f76be-2d3d-47f6-bc82-785a05b19b2d ] Request (TenantUsagesTestJSON:tearDownClass): 200 GET http://10.180.1.21/compute/v2.1/servers/86f7bb58-2b6a-4d7e-8a07-e8ce6f303051 0.481s
2025-03-19 13:55:17.965 70062 INFO tempest.lib.common.rest_client [req-7eb1202c-f1cf-4d58-802e-f75baf36370b req-7eb1202c-f1cf-4d58-802e-f75baf36370b ] Request (MigrationsAdminTest:test_resize_server_revert_deleted_flavor): 200 GET http://10.180.1.21/compute/v2.1/servers/cc9ac051-3e6f-408f-ae7e-ba0bb1fcdb06 0.497s
2025-03-19 13:55:17.981 70020 INFO tempest.lib.common.rest_client [req-67815cbc-8f62-498b-8b0f-2862e8531ad0 req-67815cbc-8f62-498b-8b0f-2862e8531ad0 ] Request (ServerAddressesNegativeTestJSON:setUpClass): 200 GET http://10.180.1.21/compute/v2.1/servers/835db1b6-3b4b-452e-ba88-8dbd6ba4fbd1 0.465s
2025-03-19 13:55:18.005 70078 INFO tempest.lib.common.rest_client [req-f066367d-2ee2-4f14-9181-11700bf4b452 req-f066367d-2ee2-4f14-9181-11700bf4b452 ] Request (ServersAdminTestJSON:test_inject_network_info): 200 GET http://10.180.1.21/compute/v2.1/servers/acfbd008-7a97-4593-8c01-51f5a33eaa1c 0.440s
2025-03-19 13:55:18.044 70030 INFO tempest.lib.common.rest_client [req-590a82bf-ab8a-403d-825f-f082a3bce8a0 req-590a82bf-ab8a-403d-825f-f082a3bce8a0 ] Request (ServersAdminNegativeTestJSON:tearDownClass): 200 GET http://10.180.1.21/compute/v2.1/servers/d2cc073a-aef3-46a2-9963-3163981b7e55 0.425s
2025-03-19 13:55:18.108 70054 INFO tempest.lib.common.rest_client [req-068ed661-0d2b-4c67-a1c5-954a231404cb req-068ed661-0d2b-4c67-a1c5-954a231404cb ] Request (InstanceActionsTestJSON:tearDownClass): 200 GET http://10.180.1.21/compute/v2.1/servers/a671c9c9-8655-4b57-8011-24e849eac2cb 0.287s
2025-03-19 13:55:18.116 70054 INFO tempest.common.waiters [-] State transition "ACTIVE/deleting" ==> "DELETED/None" after 5 second wait
2025-03-19 13:55:18.123 70068 INFO tempest.lib.common.rest_client [req-9225533c-65fa-4579-bbdb-acb3cdb23c1f req-9225533c-65fa-4579-bbdb-acb3cdb23c1f ] Request (ImagesOneServerTestJSON:setUpClass): 200 GET http://10.180.1.21/compute/v2.1/servers/4cbf057b-da38-415c-b0aa-641e21e44333 0.443s
2025-03-19 13:55:18.187 70066 INFO tempest.lib.common.rest_client [req-14a0ccda-d910-47e5-be06-7dce33a5d512 req-14a0ccda-d910-47e5-be06-7dce33a5d512 ] Request (ServerTagsTestJSON:tearDownClass): 200 GET http://10.180.1.21/compute/v2.1/servers/58f8e93d-252b-4b10-acbb-992512434c5c 0.235s
2025-03-19 13:55:18.211 70026 INFO tempest.lib.common.rest_client [req-d7c41785-fdfb-4cd4-b18e-52d139d16386 req-d7c41785-fdfb-4cd4-b18e-52d139d16386 ] Request (DeleteServersAdminTestJSON:test_delete_server_while_in_error_state): 200 GET http://10.180.1.21/compute/v2.1/servers/8a28ee81-c65d-4ccf-b8ea-d759a3375ed5 0.205s
2025-03-19 13:55:18.239 70038 INFO tempest.lib.common.rest_client [req-71eab012-2ace-4538-98cc-e8843786e84c req-71eab012-2ace-4538-98cc-e8843786e84c ] Request (ServersAaction247Test:test_create_backup): 200 GET http://10.180.1.21/compute/v2.1/servers/538bd1ff-c4a9-449e-812e-90f0ef6f7a98 0.168s
2025-03-19 13:55:18.268 70060 INFO tempest.lib.common.rest_client [req-7d58d6a7-e127-468a-a1a1-34600981fc07 req-7d58d6a7-e127-468a-a1a1-34600981fc07 ] Request (ServersAdmin275Test:test_rebuild_update_server_275): 200 GET http://10.180.1.21/compute/v2.1/servers/f208df38-eba6-4969-9639-176cddc5d1ff 0.128s
2025-03-19 13:55:18.318 70022 INFO tempest.lib.common.rest_client [req-50c09649-10e5-42e6-915e-7a3efa4319cb req-50c09649-10e5-42e6-915e-7a3efa4319cb ] Request (AttachInterfacesV270Test:tearDownClass): 200 PUT http://10.180.1.21:9696/networking/v2.0/routers/7aa203d5-3588-4ef1-985d-e16b7af45be3/remove_router_interface 0.757s
2025-03-19 13:55:18.349 70032 INFO tempest.lib.common.rest_client [req-15fba791-5707-4c2f-afb3-2d0cc048f2a7 req-15fba791-5707-4c2f-afb3-2d0cc048f2a7 ] Request (ListImageFiltersTestJSON:setUpClass): 200 GET http://10.180.1.21/compute/v2.1/servers/f9d366bc-9336-446d-ae8e-f7052af72e8c 0.065s
2025-03-19 13:55:18.407 70042 INFO tempest.lib.common.rest_client [req-eff754b7-e051-4f99-b75b-50414dac25c2 req-eff754b7-e051-4f99-b75b-50414dac25c2 ] Request (ServerMetadataTestJSON:setUpClass): 200 GET http://10.180.1.21/compute/v2.1/servers/45f34208-c4a3-45b6-a7fa-81c116f7450a 0.062s
2025-03-19 13:55:18.469 70036 INFO tempest.lib.common.rest_client [req-c2cf8199-5b99-451b-9711-ab1006d1848b req-c2cf8199-5b99-451b-9711-ab1006d1848b ] Request (ServerAddressesTestJSON:setUpClass): 200 GET http://10.180.1.21/compute/v2.1/servers/ae628692-35b2-4fa7-8aee-d77483405fe9 0.059s
2025-03-19 13:55:18.548 70080 INFO tempest.lib.common.rest_client [req-4debfbb4-cf85-441b-8dde-b9cb6a083448 req-4debfbb4-cf85-441b-8dde-b9cb6a083448 ] Request (SecurityGroupsTestJSON:test_server_security_groups): 200 GET http://10.180.1.21/compute/v2.1/servers/67b31c61-8436-48f7-9bc4-af90ecd843b1 0.067s
2025-03-19 13:55:18.601 70072 INFO tempest.lib.common.rest_client [req-4eae6b8d-a736-4146-b37d-92e59b88b775 req-4eae6b8d-a736-4146-b37d-92e59b88b775 ] Request (ServersTestJSON:test_create_server_with_ipv6_addr_only): 200 GET http://10.180.1.21/compute/v2.1/servers/131b9632-347e-4203-b770-c6449683c6d6 0.058s
2025-03-19 13:55:18.703 70050 INFO tempest.lib.common.rest_client [req-5a30e16a-af1f-43bd-9346-163388900610 req-5a30e16a-af1f-43bd-9346-163388900610 ] Request (MultipleCreateTestJSON:test_multiple_create_with_reservation_return): 200 GET http://10.180.1.21/compute/v2.1/servers/11beea4b-b6e1-45ff-8640-396448ac8871 0.071s
2025-03-19 13:55:18.727 70044 INFO tempest.lib.common.rest_client [req-4836523b-8bc7-4ce3-b72e-7de567d86767 req-4836523b-8bc7-4ce3-b72e-7de567d86767 ] Request (InstanceActionsV221TestJSON:test_get_list_deleted_instance_actions): 200 GET http://10.180.1.21/compute/v2.1/servers/8756b2f1-7fdd-4d29-aedd-bca7dbf5dd3d 0.068s
2025-03-19 13:55:18.759 70058 INFO tempest.lib.common.rest_client [req-1bbe8929-50b1-40d7-b989-39d100f2a33a req-1bbe8929-50b1-40d7-b989-39d100f2a33a ] Request (AttachInterfacesUnderV243Test:test_add_remove_fixed_ip): 200 GET http://10.180.1.21/compute/v2.1/servers/d36e24b4-b199-4032-a564-77378b08369b 0.072s
2025-03-19 13:55:18.803 70048 INFO tempest.lib.common.rest_client [req-94f47a2a-37ec-4043-b121-841a80f334ed req-94f47a2a-37ec-4043-b121-841a80f334ed ] Request (FloatingIPsAssociationTestJSON:tearDownClass): 200 GET http://10.180.1.21/compute/v2.1/servers/abe0995d-a681-4263-9a69-6d4254c07de2 0.066s
2025-03-19 13:55:18.819 70028 INFO tempest.lib.common.rest_client [req-d2ff0fdf-9c3c-424b-9d64-067e2e8695ce req-d2ff0fdf-9c3c-424b-9d64-067e2e8695ce ] Request (ImagesOneServerNegativeTestJSON:_run_cleanups): 200 GET http://10.180.1.21/compute/v2.1/servers/ad77e2a6-0461-49b1-bfd8-8039e7a23ac5 0.058s
2025-03-19 13:55:18.853 70076 INFO tempest.lib.common.rest_client [req-fc308742-8a58-4c19-9adb-43ec6321a9fe req-fc308742-8a58-4c19-9adb-43ec6321a9fe ] Request (AttachInterfacesTestJSON:test_create_list_show_delete_interfaces_by_fixed_ip): 200 GET http://10.180.1.21/compute/v2.1/servers/dd87b231-075a-46c6-ae8f-3152bfb685b7 0.055s
2025-03-19 13:55:18.871 70022 INFO tempest.lib.common.rest_client [req-7511e8ac-ea20-4559-9ec1-cc58d515838e req-7511e8ac-ea20-4559-9ec1-cc58d515838e ] Request (AttachInterfacesV270Test:tearDownClass): 204 DELETE http://10.180.1.21:9696/networking/v2.0/routers/7aa203d5-3588-4ef1-985d-e16b7af45be3 0.553s
2025-03-19 13:55:18.933 70046 INFO tempest.lib.common.rest_client [req-cf52faa4-7eed-4bcf-be38-d57bc68c9b95 req-cf52faa4-7eed-4bcf-be38-d57bc68c9b95 ] Request (ServersListShow2100Test:test_list_show_rebuild_update_server_2100): 200 GET http://10.180.1.21/compute/v2.1/servers/1a168001-abf2-4fc9-b93c-2eea7bd3bb21 0.081s
2025-03-19 13:55:18.936 70065 INFO tempest.lib.common.rest_client [req-3d5d3c8f-25f6-467d-936c-5e2e81321f3a req-3d5d3c8f-25f6-467d-936c-5e2e81321f3a ] Request (ListServersNegativeTestJSON:setUpClass): 200 GET http://10.180.1.21/compute/v2.1/servers/1f9cfce3-1616-4167-8a02-1ca3b58dc115 0.067s
2025-03-19 13:55:19.005 70056 INFO tempest.lib.common.rest_client [req-51185292-92f0-4fb5-95cf-8b51526c84fe req-51185292-92f0-4fb5-95cf-8b51526c84fe ] Request (ServersTestMultiNic:_run_cleanups): 200 GET http://10.180.1.21/compute/v2.1/servers/15c8d71d-2065-4bd4-91c3-d6c5140fff83 0.082s
2025-03-19 13:55:19.005 70024 INFO tempest.lib.common.rest_client [req-fd6e0958-3b90-4e7c-b759-6e6db71fa9ca req-fd6e0958-3b90-4e7c-b759-6e6db71fa9ca ] Request (TenantUsagesTestJSON:tearDownClass): 200 GET http://10.180.1.21/compute/v2.1/servers/86f7bb58-2b6a-4d7e-8a07-e8ce6f303051 0.070s
2025-03-19 13:55:19.028 70022 INFO tempest.lib.common.rest_client [req-f4f99ad6-4290-43ae-acb8-9c04b7ac582f req-f4f99ad6-4290-43ae-acb8-9c04b7ac582f ] Request (AttachInterfacesV270Test:tearDownClass): 204 DELETE http://10.180.1.21:9696/networking/v2.0/subnets/de8c5cf9-8af8-4d3d-80a7-09ed0c325d05 0.156s
2025-03-19 13:55:19.063 70020 INFO tempest.lib.common.rest_client [req-fa9ed10a-4b6e-4003-bffd-107efc39e6da req-fa9ed10a-4b6e-4003-bffd-107efc39e6da ] Request (ServerAddressesNegativeTestJSON:setUpClass): 200 GET http://10.180.1.21/compute/v2.1/servers/835db1b6-3b4b-452e-ba88-8dbd6ba4fbd1 0.075s
2025-03-19 13:55:19.073 70062 INFO tempest.lib.common.rest_client [req-71314667-b437-4e32-a9cc-60744fd529dc req-71314667-b437-4e32-a9cc-60744fd529dc ] Request (MigrationsAdminTest:test_resize_server_revert_deleted_flavor): 200 GET http://10.180.1.21/compute/v2.1/servers/cc9ac051-3e6f-408f-ae7e-ba0bb1fcdb06 0.099s
2025-03-19 13:55:19.115 70078 INFO tempest.lib.common.rest_client [req-2ece9021-426e-428f-a793-aed92ffdd0bc req-2ece9021-426e-428f-a793-aed92ffdd0bc ] Request (ServersAdminTestJSON:test_inject_network_info): 200 GET http://10.180.1.21/compute/v2.1/servers/acfbd008-7a97-4593-8c01-51f5a33eaa1c 0.103s
2025-03-19 13:55:19.140 70030 INFO tempest.lib.common.rest_client [req-4641f620-fa2f-48e3-8c59-a20adc5042c0 req-4641f620-fa2f-48e3-8c59-a20adc5042c0 ] Request (ServersAdminNegativeTestJSON:tearDownClass): 200 GET http://10.180.1.21/compute/v2.1/servers/d2cc073a-aef3-46a2-9963-3163981b7e55 0.086s
2025-03-19 13:55:19.194 70054 INFO tempest.lib.common.rest_client [req-94b62bfe-a92b-4d00-a35c-517f6c8f910a req-94b62bfe-a92b-4d00-a35c-517f6c8f910a ] Request (InstanceActionsTestJSON:tearDownClass): 200 GET http://10.180.1.21/compute/v2.1/servers/a671c9c9-8655-4b57-8011-24e849eac2cb 0.077s
2025-03-19 13:55:19.261 70066 INFO tempest.lib.common.rest_client [req-f552ec3f-047c-40c9-9307-81ec1e853319 req-f552ec3f-047c-40c9-9307-81ec1e853319 ] Request (ServerTagsTestJSON:tearDownClass): 200 GET http://10.180.1.21/compute/v2.1/servers/58f8e93d-252b-4b10-acbb-992512434c5c 0.064s
2025-03-19 13:55:19.281 70068 INFO tempest.lib.common.rest_client [req-4b4dd740-48f0-4761-84ae-b9407912fecd req-4b4dd740-48f0-4761-84ae-b9407912fecd ] Request (ImagesOneServerTestJSON:setUpClass): 200 GET http://10.180.1.21/compute/v2.1/servers/4cbf057b-da38-415c-b0aa-641e21e44333 0.148s
2025-03-19 13:55:19.338 70026 INFO tempest.lib.common.rest_client [req-2729255d-e2c4-4a45-83c4-9917dd9d0bef req-2729255d-e2c4-4a45-83c4-9917dd9d0bef ] Request (DeleteServersAdminTestJSON:test_delete_server_while_in_error_state): 200 GET http://10.180.1.21/compute/v2.1/servers/8a28ee81-c65d-4ccf-b8ea-d759a3375ed5 0.117s
2025-03-19 13:55:19.340 70038 INFO tempest.lib.common.rest_client [req-f8e8e5c5-9004-4598-83ef-066433814cd0 req-f8e8e5c5-9004-4598-83ef-066433814cd0 ] Request (ServersAaction247Test:test_create_backup): 200 GET http://10.180.1.21/compute/v2.1/servers/538bd1ff-c4a9-449e-812e-90f0ef6f7a98 0.090s
2025-03-19 13:55:19.388 70022 INFO tempest.lib.common.rest_client [req-fdb97267-78fb-4919-ab9a-9b6a8da9d487 req-fdb97267-78fb-4919-ab9a-9b6a8da9d487 ] Request (AttachInterfacesV270Test:tearDownClass): 204 DELETE http://10.180.1.21:9696/networking/v2.0/networks/e0f0da84-5ae2-42dc-8cfb-cbbd7234656a 0.360s
2025-03-19 13:55:19.397 70060 INFO tempest.lib.common.rest_client [req-54a3d636-461c-48c8-aa07-3fc892059276 req-54a3d636-461c-48c8-aa07-3fc892059276 ] Request (ServersAdmin275Test:test_rebuild_update_server_275): 200 GET http://10.180.1.21/compute/v2.1/servers/f208df38-eba6-4969-9639-176cddc5d1ff 0.118s
2025-03-19 13:55:19.418 70032 INFO tempest.lib.common.rest_client [req-fe71b447-808b-45f2-ae99-2da903bbf97b req-fe71b447-808b-45f2-ae99-2da903bbf97b ] Request (ListImageFiltersTestJSON:setUpClass): 200 GET http://10.180.1.21/compute/v2.1/servers/f9d366bc-9336-446d-ae8e-f7052af72e8c 0.057s
2025-03-19 13:55:19.478 70022 INFO tempest.lib.common.rest_client [req-b436b982-c10b-41ff-8189-53bca853b8a0 req-b436b982-c10b-41ff-8189-53bca853b8a0 ] Request (AttachInterfacesV270Test:tearDownClass): 204 DELETE http://10.180.1.21/identity/v3/users/3968ea80ba694cb4bcbea77569fc9f46 0.089s
2025-03-19 13:55:19.478 70022 INFO tempest.lib.common.dynamic_creds [-] Deleting project and security group for project: 1a1fcbe154f34ea9b7b0ca8c1cde6045
2025-03-19 13:55:19.486 70042 INFO tempest.lib.common.rest_client [req-93e76419-f974-47d0-a456-4cf66097b7b5 req-93e76419-f974-47d0-a456-4cf66097b7b5 ] Request (ServerMetadataTestJSON:setUpClass): 200 GET http://10.180.1.21/compute/v2.1/servers/45f34208-c4a3-45b6-a7fa-81c116f7450a 0.066s
2025-03-19 13:55:19.506 70022 INFO tempest.lib.common.rest_client [req-00bd974e-81e1-413f-91e6-6c254f0032ba req-00bd974e-81e1-413f-91e6-6c254f0032ba ] Request (AttachInterfacesV270Test:tearDownClass): 200 GET http://10.180.1.21:9696/networking/v2.0/security-groups?tenant_id=1a1fcbe154f34ea9b7b0ca8c1cde6045&name=default 0.027s
2025-03-19 13:55:19.525 70036 INFO tempest.lib.common.rest_client [req-5380b2e6-453c-4b2d-9cf3-1aceb0c16bbc req-5380b2e6-453c-4b2d-9cf3-1aceb0c16bbc ] Request (ServerAddressesTestJSON:setUpClass): 200 GET http://10.180.1.21/compute/v2.1/servers/ae628692-35b2-4fa7-8aee-d77483405fe9 0.049s
2025-03-19 13:55:19.594 70022 INFO tempest.lib.common.rest_client [req-4693a2ba-91f3-43b7-be88-7a9127b3809f req-4693a2ba-91f3-43b7-be88-7a9127b3809f ] Request (AttachInterfacesV270Test:tearDownClass): 204 DELETE http://10.180.1.21:9696/networking/v2.0/security-groups/150dec60-be83-4585-bdfb-2d834937824d 0.088s
2025-03-19 13:55:19.613 70080 INFO tempest.lib.common.rest_client [req-447e2454-f689-4d8a-a8d4-3fcdb104b8ca req-447e2454-f689-4d8a-a8d4-3fcdb104b8ca ] Request (SecurityGroupsTestJSON:test_server_security_groups): 200 GET http://10.180.1.21/compute/v2.1/servers/67b31c61-8436-48f7-9bc4-af90ecd843b1 0.055s
2025-03-19 13:55:19.620 70080 INFO tempest.common.waiters [-] State transition "BUILD/None" ==> "BUILD/networking" after 65 second wait
2025-03-19 13:55:19.663 70072 INFO tempest.lib.common.rest_client [req-083e7889-7e07-4fc2-990d-93e583c10ccb req-083e7889-7e07-4fc2-990d-93e583c10ccb ] Request (ServersTestJSON:test_create_server_with_ipv6_addr_only): 200 GET http://10.180.1.21/compute/v2.1/servers/131b9632-347e-4203-b770-c6449683c6d6 0.054s
2025-03-19 13:55:19.677 70022 INFO tempest.lib.common.rest_client [req-9a9fa4c9-924b-4de0-81cc-d1b5c08378f3 req-9a9fa4c9-924b-4de0-81cc-d1b5c08378f3 ] Request (AttachInterfacesV270Test:tearDownClass): 204 DELETE http://10.180.1.21/identity/v3/projects/1a1fcbe154f34ea9b7b0ca8c1cde6045 0.082s
2025-03-19 13:55:19.736 70022 INFO tempest.lib.common.rest_client [req-703898b7-5928-4e93-8b94-a468169eeb1b req-703898b7-5928-4e93-8b94-a468169eeb1b ] Request (ServerMetadataNegativeTestJSON:setUpClass): 201 POST http://10.180.1.21/identity/v3/auth/tokens 0.057s
2025-03-19 13:55:19.768 70022 INFO tempest.lib.common.rest_client [req-2b9b44bd-e35b-4bb4-a269-67a045c3ec13 req-2b9b44bd-e35b-4bb4-a269-67a045c3ec13 ] Request (ServerMetadataNegativeTestJSON:setUpClass): 201 POST http://10.180.1.21/identity/v3/auth/tokens 0.030s
2025-03-19 13:55:19.783 70050 INFO tempest.lib.common.rest_client [req-2228d832-a677-4f3c-aded-d662948c47c2 req-2228d832-a677-4f3c-aded-d662948c47c2 ] Request (MultipleCreateTestJSON:test_multiple_create_with_reservation_return): 200 GET http://10.180.1.21/compute/v2.1/servers/11beea4b-b6e1-45ff-8640-396448ac8871 0.071s
2025-03-19 13:55:19.798 70022 INFO tempest.lib.common.rest_client [req-5ec8c4ab-b0d7-46d6-81d3-303d7149660f req-5ec8c4ab-b0d7-46d6-81d3-303d7149660f ] Request (ServerMetadataNegativeTestJSON:setUpClass): 200 GET http://10.180.1.21/identity/v3/domains?name=Default 0.029s
2025-03-19 13:55:19.816 70044 INFO tempest.lib.common.rest_client [req-88c6bc77-261b-4f0c-9d2b-48647c72036f req-88c6bc77-261b-4f0c-9d2b-48647c72036f ] Request (InstanceActionsV221TestJSON:test_get_list_deleted_instance_actions): 200 GET http://10.180.1.21/compute/v2.1/servers/8756b2f1-7fdd-4d29-aedd-bca7dbf5dd3d 0.080s
2025-03-19 13:55:19.829 70022 INFO tempest.lib.common.rest_client [req-c4256022-efcf-4004-8e9b-fb6225227cb6 req-c4256022-efcf-4004-8e9b-fb6225227cb6 ] Request (ServerMetadataNegativeTestJSON:setUpClass): 201 POST http://10.180.1.21/identity/v3/projects 0.030s
2025-03-19 13:55:19.838 70058 INFO tempest.lib.common.rest_client [req-4ad62079-63ce-4cce-a164-54e45d026952 req-4ad62079-63ce-4cce-a164-54e45d026952 ] Request (AttachInterfacesUnderV243Test:test_add_remove_fixed_ip): 200 GET http://10.180.1.21/compute/v2.1/servers/d36e24b4-b199-4032-a564-77378b08369b 0.071s
2025-03-19 13:55:19.884 70022 INFO tempest.lib.common.rest_client [req-78bab93c-1372-4625-844c-2d23867e0ce1 req-78bab93c-1372-4625-844c-2d23867e0ce1 ] Request (ServerMetadataNegativeTestJSON:setUpClass): 201 POST http://10.180.1.21/identity/v3/users 0.055s
2025-03-19 13:55:19.898 70048 INFO tempest.lib.common.rest_client [req-4f86d916-63ca-4cba-ad13-ebffd5ec78e5 req-4f86d916-63ca-4cba-ad13-ebffd5ec78e5 ] Request (FloatingIPsAssociationTestJSON:tearDownClass): 200 GET http://10.180.1.21/compute/v2.1/servers/abe0995d-a681-4263-9a69-6d4254c07de2 0.084s
2025-03-19 13:55:19.904 70028 INFO tempest.lib.common.rest_client [req-571dca72-74fa-4c5e-a089-66a77a2506c0 req-571dca72-74fa-4c5e-a089-66a77a2506c0 ] Request (ImagesOneServerNegativeTestJSON:_run_cleanups): 200 GET http://10.180.1.21/compute/v2.1/servers/ad77e2a6-0461-49b1-bfd8-8039e7a23ac5 0.076s
2025-03-19 13:55:19.913 70022 INFO tempest.lib.common.rest_client [req-2159c092-b3b8-4176-9a1b-d87ede39614a req-2159c092-b3b8-4176-9a1b-d87ede39614a ] Request (ServerMetadataNegativeTestJSON:setUpClass): 200 GET http://10.180.1.21/identity/v3/roles 0.028s
2025-03-19 13:55:19.942 70022 INFO tempest.lib.common.rest_client [req-97021117-68b7-4e6c-befc-fddbb32c69cf req-97021117-68b7-4e6c-befc-fddbb32c69cf ] Request (ServerMetadataNegativeTestJSON:setUpClass): 204 PUT http://10.180.1.21/identity/v3/projects/da4bd96b87354fc5ab5dbd80e496f29d/users/dcd6f14ff451481099283f104b068d50/roles/db2efb7f283948f9b774a3fb281cf9db 0.028s
2025-03-19 13:55:19.943 70022 INFO tempest.lib.common.dynamic_creds [-] Dynamic test user dcd6f14ff451481099283f104b068d50 is created with scope project and roles: ['member']
2025-03-19 13:55:19.943 70022 INFO tempest.lib.common.dynamic_creds [-] Acquired dynamic creds: credentials: Credentials: {'domain_id': 'default', 'domain_name': 'Default', 'username': 'tempest-ServerMetadataNegativeTestJSON-27236917-project-member', 'project_domain_id': 'default', 'project_domain_name': 'Default', 'project_id': 'da4bd96b87354fc5ab5dbd80e496f29d', 'project_name': 'tempest-ServerMetadataNegativeTestJSON-27236917', 'tenant_id': 'da4bd96b87354fc5ab5dbd80e496f29d', 'tenant_name': 'tempest-ServerMetadataNegativeTestJSON-27236917', 'user_domain_id': 'default', 'user_domain_name': 'Default', 'user_id': 'dcd6f14ff451481099283f104b068d50', 'system': None}, Network: None, Subnet: None, Router: None
2025-03-19 13:55:19.969 70076 INFO tempest.lib.common.rest_client [req-463a82cd-8848-46ca-8570-3e52e7715847 req-463a82cd-8848-46ca-8570-3e52e7715847 ] Request (AttachInterfacesTestJSON:test_create_list_show_delete_interfaces_by_fixed_ip): 200 GET http://10.180.1.21/compute/v2.1/servers/dd87b231-075a-46c6-ae8f-3152bfb685b7 0.107s
2025-03-19 13:55:20.011 70022 INFO tempest.lib.common.rest_client [req-c983768d-a9fb-4e9e-a218-7f7bcf83d3f1 req-c983768d-a9fb-4e9e-a218-7f7bcf83d3f1 ] Request (ServerMetadataNegativeTestJSON:setUpClass): 201 POST http://10.180.1.21/identity/v3/auth/tokens 0.068s
2025-03-19 13:55:20.021 70065 INFO tempest.lib.common.rest_client [req-3cd17f56-2339-4ea2-bc2d-d03453b67d2d req-3cd17f56-2339-4ea2-bc2d-d03453b67d2d ] Request (ListServersNegativeTestJSON:setUpClass): 200 GET http://10.180.1.21/compute/v2.1/servers/1f9cfce3-1616-4167-8a02-1ca3b58dc115 0.075s
2025-03-19 13:55:20.048 70046 INFO tempest.lib.common.rest_client [req-ca0e0620-6f32-4254-bcd9-b531a700f18c req-ca0e0620-6f32-4254-bcd9-b531a700f18c ] Request (ServersListShow2100Test:test_list_show_rebuild_update_server_2100): 200 GET http://10.180.1.21/compute/v2.1/servers/1a168001-abf2-4fc9-b93c-2eea7bd3bb21 0.100s
2025-03-19 13:55:20.085 70056 INFO tempest.lib.common.rest_client [req-87187d21-3b5b-4b79-a612-e1fbc346ae5b req-87187d21-3b5b-4b79-a612-e1fbc346ae5b ] Request (ServersTestMultiNic:_run_cleanups): 200 GET http://10.180.1.21/compute/v2.1/servers/15c8d71d-2065-4bd4-91c3-d6c5140fff83 0.071s
2025-03-19 13:55:20.127 70024 INFO tempest.lib.common.rest_client [req-b1d2f1a3-0d72-422c-a147-ff36959fedd7 req-b1d2f1a3-0d72-422c-a147-ff36959fedd7 ] Request (TenantUsagesTestJSON:tearDownClass): 200 GET http://10.180.1.21/compute/v2.1/servers/86f7bb58-2b6a-4d7e-8a07-e8ce6f303051 0.111s
2025-03-19 13:55:20.156 70020 INFO tempest.lib.common.rest_client [req-997edf1d-fff7-4d7d-9741-cb4577a26e79 req-997edf1d-fff7-4d7d-9741-cb4577a26e79 ] Request (ServerAddressesNegativeTestJSON:setUpClass): 200 GET http://10.180.1.21/compute/v2.1/servers/835db1b6-3b4b-452e-ba88-8dbd6ba4fbd1 0.085s
2025-03-19 13:55:20.184 70062 INFO tempest.lib.common.rest_client [req-96c5fdec-5484-480f-bf2f-645f3d720795 req-96c5fdec-5484-480f-bf2f-645f3d720795 ] Request (MigrationsAdminTest:test_resize_server_revert_deleted_flavor): 200 GET http://10.180.1.21/compute/v2.1/servers/cc9ac051-3e6f-408f-ae7e-ba0bb1fcdb06 0.104s
2025-03-19 13:55:20.217 70078 INFO tempest.lib.common.rest_client [req-8aa140f9-232d-4e23-987f-de4cb9748adf req-8aa140f9-232d-4e23-987f-de4cb9748adf ] Request (ServersAdminTestJSON:test_inject_network_info): 200 GET http://10.180.1.21/compute/v2.1/servers/acfbd008-7a97-4593-8c01-51f5a33eaa1c 0.091s
2025-03-19 13:55:20.244 70030 INFO tempest.lib.common.rest_client [req-0ef509a2-6363-4214-a5fb-57a5955dac3d req-0ef509a2-6363-4214-a5fb-57a5955dac3d ] Request (ServersAdminNegativeTestJSON:tearDownClass): 200 GET http://10.180.1.21/compute/v2.1/servers/d2cc073a-aef3-46a2-9963-3163981b7e55 0.095s
2025-03-19 13:55:20.258 70022 INFO tempest.lib.common.rest_client [req-a1676e12-2368-4548-82f1-b90368d5433b req-a1676e12-2368-4548-82f1-b90368d5433b ] Request (ServerMetadataNegativeTestJSON:setUpClass): 201 POST http://10.180.1.21:9696/networking/v2.0/networks 0.247s
2025-03-19 13:55:20.282 70054 INFO tempest.lib.common.rest_client [req-96863038-46a5-447a-b30a-a854e972938e req-96863038-46a5-447a-b30a-a854e972938e ] Request (InstanceActionsTestJSON:tearDownClass): 200 GET http://10.180.1.21/compute/v2.1/servers/a671c9c9-8655-4b57-8011-24e849eac2cb 0.079s
2025-03-19 13:55:20.356 70066 INFO tempest.lib.common.rest_client [req-c5b67bd4-24ca-4b79-8e2b-88d3f1cc5ab3 req-c5b67bd4-24ca-4b79-8e2b-88d3f1cc5ab3 ] Request (ServerTagsTestJSON:tearDownClass): 200 GET http://10.180.1.21/compute/v2.1/servers/58f8e93d-252b-4b10-acbb-992512434c5c 0.083s
2025-03-19 13:55:20.423 70026 INFO tempest.lib.common.rest_client [req-798c1db4-361a-4b03-88a4-1c1e4aeb2f34 req-798c1db4-361a-4b03-88a4-1c1e4aeb2f34 ] Request (DeleteServersAdminTestJSON:test_delete_server_while_in_error_state): 200 GET http://10.180.1.21/compute/v2.1/servers/8a28ee81-c65d-4ccf-b8ea-d759a3375ed5 0.075s
2025-03-19 13:55:20.427 70022 INFO tempest.lib.common.rest_client [req-d5c327e2-e6ef-4a54-8a8d-7b61a887b074 req-d5c327e2-e6ef-4a54-8a8d-7b61a887b074 ] Request (ServerMetadataNegativeTestJSON:setUpClass): 201 POST http://10.180.1.21:9696/networking/v2.0/subnets 0.168s
2025-03-19 13:55:20.429 70068 INFO tempest.lib.common.rest_client [req-86c04f4a-32f7-4efd-8d0f-c9430dc05326 req-86c04f4a-32f7-4efd-8d0f-c9430dc05326 ] Request (ImagesOneServerTestJSON:setUpClass): 200 GET http://10.180.1.21/compute/v2.1/servers/4cbf057b-da38-415c-b0aa-641e21e44333 0.140s
2025-03-19 13:55:20.514 70038 INFO tempest.lib.common.rest_client [req-c7174575-f4c7-4050-b010-1c2e1d4bc2df req-c7174575-f4c7-4050-b010-1c2e1d4bc2df ] Request (ServersAaction247Test:test_create_backup): 200 GET http://10.180.1.21/compute/v2.1/servers/538bd1ff-c4a9-449e-812e-90f0ef6f7a98 0.161s
2025-03-19 13:55:20.520 70060 INFO tempest.lib.common.rest_client [req-b498a762-6368-4806-8a86-bb8678a3b45f req-b498a762-6368-4806-8a86-bb8678a3b45f ] Request (ServersAdmin275Test:test_rebuild_update_server_275): 200 GET http://10.180.1.21/compute/v2.1/servers/f208df38-eba6-4969-9639-176cddc5d1ff 0.112s
2025-03-19 13:55:20.535 70082 WARNING tempest.lib.common.ssh [-] Failed to establish authenticated ssh connection to cirros@10.180.180.178 ([Errno None] Unable to connect to port 22 on 10.180.180.178). Number attempts: 9. Retry after 10 seconds.: paramiko.ssh_exception.NoValidConnectionsError: [Errno None] Unable to connect to port 22 on 10.180.180.178
2025-03-19 13:55:20.584 70042 INFO tempest.lib.common.rest_client [req-3d5acb0c-1715-4315-a070-da662372161b req-3d5acb0c-1715-4315-a070-da662372161b ] Request (ServerMetadataTestJSON:setUpClass): 200 GET http://10.180.1.21/compute/v2.1/servers/45f34208-c4a3-45b6-a7fa-81c116f7450a 0.088s
2025-03-19 13:55:20.602 70032 INFO tempest.lib.common.rest_client [req-06200052-460d-40f0-b347-4e9154a29419 req-06200052-460d-40f0-b347-4e9154a29419 ] Request (ListImageFiltersTestJSON:setUpClass): 200 GET http://10.180.1.21/compute/v2.1/servers/f9d366bc-9336-446d-ae8e-f7052af72e8c 0.174s
2025-03-19 13:55:20.660 70036 INFO tempest.lib.common.rest_client [req-c5024941-4bf8-4c0c-b01e-a18ee6bb31d8 req-c5024941-4bf8-4c0c-b01e-a18ee6bb31d8 ] Request (ServerAddressesTestJSON:setUpClass): 200 GET http://10.180.1.21/compute/v2.1/servers/ae628692-35b2-4fa7-8aee-d77483405fe9 0.127s
2025-03-19 13:55:20.973 70072 INFO tempest.lib.common.rest_client [req-cc49fce7-c93c-4ac5-a92a-8de3453876ea req-cc49fce7-c93c-4ac5-a92a-8de3453876ea ] Request (ServersTestJSON:test_create_server_with_ipv6_addr_only): 200 GET http://10.180.1.21/compute/v2.1/servers/131b9632-347e-4203-b770-c6449683c6d6 0.301s
2025-03-19 13:55:21.020 70080 INFO tempest.lib.common.rest_client [req-f601c11f-d36a-4dc4-98ce-b55b6a12fc69 req-f601c11f-d36a-4dc4-98ce-b55b6a12fc69 ] Request (SecurityGroupsTestJSON:test_server_security_groups): 200 GET http://10.180.1.21/compute/v2.1/servers/67b31c61-8436-48f7-9bc4-af90ecd843b1 0.398s
2025-03-19 13:55:21.026 70080 INFO tempest.common.waiters [-] State transition "BUILD/networking" ==> "BUILD/block_device_mapping" after 67 second wait
2025-03-19 13:55:21.036 70050 INFO tempest.lib.common.rest_client [req-bbe619b3-f6e8-4e40-9f27-18b4d2ff2fd4 req-bbe619b3-f6e8-4e40-9f27-18b4d2ff2fd4 ] Request (MultipleCreateTestJSON:test_multiple_create_with_reservation_return): 200 GET http://10.180.1.21/compute/v2.1/servers/11beea4b-b6e1-45ff-8640-396448ac8871 0.244s
2025-03-19 13:55:21.102 70058 INFO tempest.lib.common.rest_client [req-87207b0a-9138-48fe-b2ae-9e576b31319e req-87207b0a-9138-48fe-b2ae-9e576b31319e ] Request (AttachInterfacesUnderV243Test:test_add_remove_fixed_ip): 200 GET http://10.180.1.21/compute/v2.1/servers/d36e24b4-b199-4032-a564-77378b08369b 0.252s
2025-03-19 13:55:21.110 70044 INFO tempest.lib.common.rest_client [req-82ed44eb-89e9-451d-a629-6e4ee3f4a6d2 req-82ed44eb-89e9-451d-a629-6e4ee3f4a6d2 ] Request (InstanceActionsV221TestJSON:test_get_list_deleted_instance_actions): 200 GET http://10.180.1.21/compute/v2.1/servers/8756b2f1-7fdd-4d29-aedd-bca7dbf5dd3d 0.282s
2025-03-19 13:55:21.178 70028 INFO tempest.lib.common.rest_client [req-fcd86c0f-66b0-4eff-8f68-60915c14418e req-fcd86c0f-66b0-4eff-8f68-60915c14418e ] Request (ImagesOneServerNegativeTestJSON:_run_cleanups): 200 GET http://10.180.1.21/compute/v2.1/servers/ad77e2a6-0461-49b1-bfd8-8039e7a23ac5 0.264s
2025-03-19 13:55:21.193 70048 INFO tempest.lib.common.rest_client [req-e14d3d97-d884-4eac-bc7d-c254c0dc62a3 req-e14d3d97-d884-4eac-bc7d-c254c0dc62a3 ] Request (FloatingIPsAssociationTestJSON:tearDownClass): 200 GET http://10.180.1.21/compute/v2.1/servers/abe0995d-a681-4263-9a69-6d4254c07de2 0.285s
2025-03-19 13:55:21.253 70076 INFO tempest.lib.common.rest_client [req-b8bf6592-c66f-49bf-a9cc-99ec66149f2b req-b8bf6592-c66f-49bf-a9cc-99ec66149f2b ] Request (AttachInterfacesTestJSON:test_create_list_show_delete_interfaces_by_fixed_ip): 200 GET http://10.180.1.21/compute/v2.1/servers/dd87b231-075a-46c6-ae8f-3152bfb685b7 0.275s
2025-03-19 13:55:21.267 70065 INFO tempest.lib.common.rest_client [req-5b65ebb1-3a6e-4f54-a54a-a6b59fbcd1b8 req-5b65ebb1-3a6e-4f54-a54a-a6b59fbcd1b8 ] Request (ListServersNegativeTestJSON:setUpClass): 200 GET http://10.180.1.21/compute/v2.1/servers/1f9cfce3-1616-4167-8a02-1ca3b58dc115 0.233s
2025-03-19 13:55:21.348 70056 INFO tempest.lib.common.rest_client [req-84bc5ef8-7103-47a4-80c6-62374dee5bbf req-84bc5ef8-7103-47a4-80c6-62374dee5bbf ] Request (ServersTestMultiNic:_run_cleanups): 200 GET http://10.180.1.21/compute/v2.1/servers/15c8d71d-2065-4bd4-91c3-d6c5140fff83 0.252s
2025-03-19 13:55:21.355 70046 INFO tempest.lib.common.rest_client [req-83f2f6f1-9d28-4eda-91ea-25b471043926 req-83f2f6f1-9d28-4eda-91ea-25b471043926 ] Request (ServersListShow2100Test:test_list_show_rebuild_update_server_2100): 200 GET http://10.180.1.21/compute/v2.1/servers/1a168001-abf2-4fc9-b93c-2eea7bd3bb21 0.282s
2025-03-19 13:55:21.368 70046 INFO tempest.common.waiters [-] State transition "REBUILD/rebuild_spawning" ==> "ACTIVE/None" after 10 second wait
2025-03-19 13:55:21.426 70020 INFO tempest.lib.common.rest_client [req-65e91fa8-757f-4880-a8a6-be70ec28bda7 req-65e91fa8-757f-4880-a8a6-be70ec28bda7 ] Request (ServerAddressesNegativeTestJSON:setUpClass): 200 GET http://10.180.1.21/compute/v2.1/servers/835db1b6-3b4b-452e-ba88-8dbd6ba4fbd1 0.261s
2025-03-19 13:55:21.427 70024 INFO tempest.lib.common.rest_client [req-b09f3942-e6d2-4110-b7da-2584c96929e5 req-b09f3942-e6d2-4110-b7da-2584c96929e5 ] Request (TenantUsagesTestJSON:tearDownClass): 200 GET http://10.180.1.21/compute/v2.1/servers/86f7bb58-2b6a-4d7e-8a07-e8ce6f303051 0.292s
2025-03-19 13:55:21.488 70062 INFO tempest.lib.common.rest_client [req-9a912f58-d6f5-46ad-b497-842ffb0eb24d req-9a912f58-d6f5-46ad-b497-842ffb0eb24d ] Request (MigrationsAdminTest:test_resize_server_revert_deleted_flavor): 200 GET http://10.180.1.21/compute/v2.1/servers/cc9ac051-3e6f-408f-ae7e-ba0bb1fcdb06 0.295s
2025-03-19 13:55:21.491 70078 INFO tempest.lib.common.rest_client [req-92e46415-f08c-4028-abf0-9d43c1c93f83 req-92e46415-f08c-4028-abf0-9d43c1c93f83 ] Request (ServersAdminTestJSON:test_inject_network_info): 200 GET http://10.180.1.21/compute/v2.1/servers/acfbd008-7a97-4593-8c01-51f5a33eaa1c 0.267s
2025-03-19 13:55:21.554 70030 INFO tempest.lib.common.rest_client [req-afafcb48-23e1-4526-acf9-bcb1879d3f7e req-afafcb48-23e1-4526-acf9-bcb1879d3f7e ] Request (ServersAdminNegativeTestJSON:tearDownClass): 200 GET http://10.180.1.21/compute/v2.1/servers/d2cc073a-aef3-46a2-9963-3163981b7e55 0.302s
2025-03-19 13:55:21.556 70054 INFO tempest.lib.common.rest_client [req-f2156450-4e1a-45c0-a2b7-9a83332e2fed req-f2156450-4e1a-45c0-a2b7-9a83332e2fed ] Request (InstanceActionsTestJSON:tearDownClass): 200 GET http://10.180.1.21/compute/v2.1/servers/a671c9c9-8655-4b57-8011-24e849eac2cb 0.261s
2025-03-19 13:55:21.618 70066 INFO tempest.lib.common.rest_client [req-ce531ba9-8fc7-445d-a643-4656553faced req-ce531ba9-8fc7-445d-a643-4656553faced ] Request (ServerTagsTestJSON:tearDownClass): 200 GET http://10.180.1.21/compute/v2.1/servers/58f8e93d-252b-4b10-acbb-992512434c5c 0.249s
2025-03-19 13:55:21.628 70046 INFO tempest.lib.common.rest_client [req-8cf4f9bb-c111-48f2-9ce1-f84fe7cf182e req-8cf4f9bb-c111-48f2-9ce1-f84fe7cf182e ] Request (ServersListShow2100Test:tearDownClass): 204 DELETE http://10.180.1.21/compute/v2.1/servers/1a168001-abf2-4fc9-b93c-2eea7bd3bb21 0.255s
2025-03-19 13:55:21.687 70026 INFO tempest.lib.common.rest_client [req-b6e16f0d-87b3-42c4-a0d4-989bd8aab695 req-b6e16f0d-87b3-42c4-a0d4-989bd8aab695 ] Request (DeleteServersAdminTestJSON:test_delete_server_while_in_error_state): 200 GET http://10.180.1.21/compute/v2.1/servers/8a28ee81-c65d-4ccf-b8ea-d759a3375ed5 0.254s
2025-03-19 13:55:21.740 70038 INFO tempest.lib.common.rest_client [req-0b90fd9d-c0f5-4877-84df-ffa93079e2ea req-0b90fd9d-c0f5-4877-84df-ffa93079e2ea ] Request (ServersAaction247Test:test_create_backup): 200 GET http://10.180.1.21/compute/v2.1/servers/538bd1ff-c4a9-449e-812e-90f0ef6f7a98 0.217s
2025-03-19 13:55:21.800 70060 INFO tempest.lib.common.rest_client [req-f654ecff-8790-4f4c-8a85-1b12c6b32abb req-f654ecff-8790-4f4c-8a85-1b12c6b32abb ] Request (ServersAdmin275Test:test_rebuild_update_server_275): 200 GET http://10.180.1.21/compute/v2.1/servers/f208df38-eba6-4969-9639-176cddc5d1ff 0.270s
2025-03-19 13:55:21.813 70068 INFO tempest.lib.common.rest_client [req-3a512bc3-69b9-4c56-9013-a2f36d4d1d3b req-3a512bc3-69b9-4c56-9013-a2f36d4d1d3b ] Request (ImagesOneServerTestJSON:setUpClass): 200 GET http://10.180.1.21/compute/v2.1/servers/4cbf057b-da38-415c-b0aa-641e21e44333 0.367s
2025-03-19 13:55:21.830 70022 INFO tempest.lib.common.rest_client [req-9f8bd0ae-c8b9-435e-8c7b-fce7485661fa req-9f8bd0ae-c8b9-435e-8c7b-fce7485661fa ] Request (ServerMetadataNegativeTestJSON:setUpClass): 201 POST http://10.180.1.21:9696/networking/v2.0/routers 1.402s
2025-03-19 13:55:21.857 70042 INFO tempest.lib.common.rest_client [req-f77f1bbe-4fb3-48a3-b56d-dfb55944b973 req-f77f1bbe-4fb3-48a3-b56d-dfb55944b973 ] Request (ServerMetadataTestJSON:setUpClass): 200 GET http://10.180.1.21/compute/v2.1/servers/45f34208-c4a3-45b6-a7fa-81c116f7450a 0.261s
2025-03-19 13:55:21.866 70032 INFO tempest.lib.common.rest_client [req-115eabfc-1412-41ce-ac8d-1cbe3be0421f req-115eabfc-1412-41ce-ac8d-1cbe3be0421f ] Request (ListImageFiltersTestJSON:setUpClass): 200 GET http://10.180.1.21/compute/v2.1/servers/f9d366bc-9336-446d-ae8e-f7052af72e8c 0.255s
2025-03-19 13:55:21.918 70036 INFO tempest.lib.common.rest_client [req-ddb5ea7f-ff70-433d-9fc8-46c6a36e25de req-ddb5ea7f-ff70-433d-9fc8-46c6a36e25de ] Request (ServerAddressesTestJSON:setUpClass): 200 GET http://10.180.1.21/compute/v2.1/servers/ae628692-35b2-4fa7-8aee-d77483405fe9 0.249s
2025-03-19 13:55:21.927 70046 INFO tempest.lib.common.rest_client [req-cba0e1b7-5e6f-47c9-9138-d045ce06a656 req-cba0e1b7-5e6f-47c9-9138-d045ce06a656 ] Request (ServersListShow2100Test:tearDownClass): 200 GET http://10.180.1.21/compute/v2.1/servers/1a168001-abf2-4fc9-b93c-2eea7bd3bb21 0.299s
2025-03-19 13:55:22.034 70072 INFO tempest.lib.common.rest_client [req-ef3948bc-b13b-4cad-bc54-b82604a35b5a req-ef3948bc-b13b-4cad-bc54-b82604a35b5a ] Request (ServersTestJSON:test_create_server_with_ipv6_addr_only): 200 GET http://10.180.1.21/compute/v2.1/servers/131b9632-347e-4203-b770-c6449683c6d6 0.051s
2025-03-19 13:55:22.109 70050 INFO tempest.lib.common.rest_client [req-b010d16b-b5e2-486a-9cf2-e6a491d994be req-b010d16b-b5e2-486a-9cf2-e6a491d994be ] Request (MultipleCreateTestJSON:test_multiple_create_with_reservation_return): 200 GET http://10.180.1.21/compute/v2.1/servers/11beea4b-b6e1-45ff-8640-396448ac8871 0.066s
2025-03-19 13:55:22.123 70080 INFO tempest.lib.common.rest_client [req-f6c1da29-5855-4ec6-8f3f-90a9349b0fda req-f6c1da29-5855-4ec6-8f3f-90a9349b0fda ] Request (SecurityGroupsTestJSON:test_server_security_groups): 200 GET http://10.180.1.21/compute/v2.1/servers/67b31c61-8436-48f7-9bc4-af90ecd843b1 0.096s
2025-03-19 13:55:22.131 70080 INFO tempest.common.waiters [-] State transition "BUILD/block_device_mapping" ==> "BUILD/spawning" after 68 second wait
2025-03-19 13:55:22.173 70058 INFO tempest.lib.common.rest_client [req-df5ed909-f415-47c0-bc4e-03092800f2cd req-df5ed909-f415-47c0-bc4e-03092800f2cd ] Request (AttachInterfacesUnderV243Test:test_add_remove_fixed_ip): 200 GET http://10.180.1.21/compute/v2.1/servers/d36e24b4-b199-4032-a564-77378b08369b 0.054s
2025-03-19 13:55:22.203 70044 INFO tempest.lib.common.rest_client [req-8ebb71d0-8250-428b-8a9a-84de8c2ad761 req-8ebb71d0-8250-428b-8a9a-84de8c2ad761 ] Request (InstanceActionsV221TestJSON:test_get_list_deleted_instance_actions): 200 GET http://10.180.1.21/compute/v2.1/servers/8756b2f1-7fdd-4d29-aedd-bca7dbf5dd3d 0.078s
2025-03-19 13:55:22.239 70028 INFO tempest.lib.common.rest_client [req-d6fad49e-aaa5-4fdc-95df-116571ea213e req-d6fad49e-aaa5-4fdc-95df-116571ea213e ] Request (ImagesOneServerNegativeTestJSON:_run_cleanups): 200 GET http://10.180.1.21/compute/v2.1/servers/ad77e2a6-0461-49b1-bfd8-8039e7a23ac5 0.054s
2025-03-19 13:55:22.264 70048 INFO tempest.lib.common.rest_client [req-58fd6eaa-54e9-4770-b5c3-384be7714b89 req-58fd6eaa-54e9-4770-b5c3-384be7714b89 ] Request (FloatingIPsAssociationTestJSON:tearDownClass): 200 GET http://10.180.1.21/compute/v2.1/servers/abe0995d-a681-4263-9a69-6d4254c07de2 0.056s
