2025-03-19 13:55:49.191 70040 INFO tempest.lib.common.rest_client [req-2167507d-f7c8-4b08-8f27-c8fa40795c9a req-2167507d-f7c8-4b08-8f27-c8fa40795c9a ] Request (VolumesAssistedSnapshotsTest:test_volume_assisted_snapshot_create_delete): 200 GET http://10.180.1.21/volume/v3/volumes/7c0714e8-5da3-41b3-a656-7a484cc68320 0.034s
2025-03-19 13:55:49.215 70024 INFO tempest.lib.common.rest_client [req-a069b12d-d00e-47d7-a217-7f155e099e33 req-a069b12d-d00e-47d7-a217-7f155e099e33 ] Request (ServerShowV254Test:test_rebuild_server): 200 GET http://10.180.1.21/compute/v2.1/servers/0d193bd5-ef22-4099-9ca8-d39e12e5a455 0.898s
2025-03-19 13:55:49.240 70044 INFO tempest.lib.common.rest_client [req-55e985de-62a6-4b9c-8d37-0a2914e1f0cf req-55e985de-62a6-4b9c-8d37-0a2914e1f0cf ] Request (ServerGroupTestJSON:setUpClass): 201 POST http://10.180.1.21:9696/networking/v2.0/routers 1.439s
2025-03-19 13:55:49.253 70046 INFO tempest.lib.common.rest_client [req-0f1fd164-c9ad-4d3c-8f87-f9e51f694f04 req-0f1fd164-c9ad-4d3c-8f87-f9e51f694f04 ] Request (ServersListShow2100Test:tearDownClass): 200 GET http://10.180.1.21/compute/v2.1/servers/1a168001-abf2-4fc9-b93c-2eea7bd3bb21 0.881s
2025-03-19 13:55:49.280 70026 INFO tempest.lib.common.rest_client [req-0c178c44-112d-4146-ae8a-45d5ba7bb2f6 req-0c178c44-112d-4146-ae8a-45d5ba7bb2f6 ] Request (ServersV294TestFqdnHostnames:setUpClass): 200 GET http://10.180.1.21/compute/v2.1/servers/40ee0632-ab45-4177-8f7f-5e1926d83646 0.890s
2025-03-19 13:55:49.313 70022 INFO tempest.lib.common.rest_client [req-303fb25c-2cfa-428f-9204-b86cffab5b22 req-303fb25c-2cfa-428f-9204-b86cffab5b22 ] Request (ServerMetadataNegativeTestJSON:setUpClass): 200 GET http://10.180.1.21/compute/v2.1/servers/62fa2fd7-c135-42ef-88ab-d5090907b77c 0.880s
2025-03-19 13:55:49.349 70048 INFO tempest.lib.common.rest_client [req-e415d80c-17b2-4224-90f1-60e87e6e590c req-e415d80c-17b2-4224-90f1-60e87e6e590c ] Request (FloatingIPsAssociationTestJSON:tearDownClass): 200 GET http://10.180.1.21/compute/v2.1/servers/abe0995d-a681-4263-9a69-6d4254c07de2 0.880s
2025-03-19 13:55:49.388 70068 INFO tempest.lib.common.rest_client [req-a337b77f-00d5-4a9d-994b-2d9f80791f85 req-a337b77f-00d5-4a9d-994b-2d9f80791f85 ] Request (ImagesOneServerTestJSON:test_create_image_specify_multibyte_character_image_name): 200 GET http://10.180.1.21/compute/v2.1/images/17f4413c-ee42-4dcf-9ba4-1688c9b24067 0.710s
2025-03-19 13:55:49.481 70056 INFO tempest.lib.common.rest_client [req-4429b321-6312-475a-8759-d328f651c855 req-4429b321-6312-475a-8759-d328f651c855 ] Request (ServersTestMultiNic:_run_cleanups): 200 GET http://10.180.1.21/compute/v2.1/servers/15c8d71d-2065-4bd4-91c3-d6c5140fff83 0.724s
2025-03-19 13:55:49.511 70065 INFO tempest.lib.common.rest_client [req-d438f015-261d-45d7-b12a-89470983ab10 req-d438f015-261d-45d7-b12a-89470983ab10 ] Request (ListServersNegativeTestJSON:setUpClass): 200 GET http://10.180.1.21/compute/v2.1/servers/1f9cfce3-1616-4167-8a02-1ca3b58dc115 0.866s
2025-03-19 13:55:49.560 70020 INFO tempest.lib.common.rest_client [req-58e3c059-0d56-4f72-baf3-d027c7279bef req-58e3c059-0d56-4f72-baf3-d027c7279bef ] Request (ServerAddressesNegativeTestJSON:setUpClass): 200 GET http://10.180.1.21/compute/v2.1/servers/835db1b6-3b4b-452e-ba88-8dbd6ba4fbd1 0.738s
2025-03-19 13:55:49.591 70078 INFO tempest.lib.common.rest_client [req-82941860-9ef3-4194-a891-d87446188fa3 req-82941860-9ef3-4194-a891-d87446188fa3 ] Request (ServersAdminTestJSON:test_inject_network_info): 200 GET http://10.180.1.21/compute/v2.1/servers/acfbd008-7a97-4593-8c01-51f5a33eaa1c 0.696s
2025-03-19 13:55:49.618 70062 INFO tempest.lib.common.rest_client [req-4ab0d894-8922-415e-aeef-739f99a06f78 req-4ab0d894-8922-415e-aeef-739f99a06f78 ] Request (MigrationsAdminTest:test_resize_server_revert_deleted_flavor): 200 GET http://10.180.1.21/compute/v2.1/servers/cc9ac051-3e6f-408f-ae7e-ba0bb1fcdb06 0.646s
2025-03-19 13:55:49.668 70030 INFO tempest.lib.common.rest_client [req-a98ff3b7-09c0-4a7e-9413-a4267acc2826 req-a98ff3b7-09c0-4a7e-9413-a4267acc2826 ] Request (ServerRescueNegativeTestJSON:setUpClass): 200 GET http://10.180.1.21/compute/v2.1/servers/73bb0696-a7a2-45a5-9f2e-2594babcdc4c 0.616s
2025-03-19 13:55:49.682 70042 INFO tempest.lib.common.rest_client [req-765b7409-1953-49a0-99f5-150192231684 req-765b7409-1953-49a0-99f5-150192231684 ] Request (ServerMetadataTestJSON:setUpClass): 200 GET http://10.180.1.21/compute/v2.1/servers/45f34208-c4a3-45b6-a7fa-81c116f7450a 0.563s
2025-03-19 13:55:49.753 70054 INFO tempest.lib.common.rest_client [req-8b8a615a-15f5-40ba-bd3e-f897977d8c0e req-8b8a615a-15f5-40ba-bd3e-f897977d8c0e ] Request (InstanceActionsTestJSON:tearDownClass): 200 GET http://10.180.1.21/compute/v2.1/servers/a671c9c9-8655-4b57-8011-24e849eac2cb 0.511s
2025-03-19 13:55:49.753 70038 INFO tempest.lib.common.rest_client [req-f90bd8e4-fab2-4b0e-8f9f-44568de62967 req-f90bd8e4-fab2-4b0e-8f9f-44568de62967 ] Request (ServersAaction247Test:test_create_backup): 200 GET http://10.180.1.21/compute/v2.1/servers/538bd1ff-c4a9-449e-812e-90f0ef6f7a98 0.573s
2025-03-19 13:55:49.763 70038 INFO tempest.common.waiters [-] State transition "BUILD/scheduling" ==> "BUILD/None" after 58 second wait
2025-03-19 13:55:49.787 70082 INFO tempest.lib.common.rest_client [req-9fc466e1-1659-46d8-95ff-ae7ccec1e716 req-9fc466e1-1659-46d8-95ff-ae7ccec1e716 ] Request (ServerActionsTestOtherB:test_create_backup): 200 GET http://10.180.1.21/image/v2/images/dd69d2ed-ee42-4508-88f4-d89ff966665c 0.017s
2025-03-19 13:55:49.840 70032 INFO tempest.lib.common.rest_client [req-e6175b76-ecc0-42c4-a1b7-704efc15ec23 req-e6175b76-ecc0-42c4-a1b7-704efc15ec23 ] Request (ListImageFiltersTestJSON:setUpClass): 200 GET http://10.180.1.21/compute/v2.1/servers/f9d366bc-9336-446d-ae8e-f7052af72e8c 0.539s
2025-03-19 13:55:49.911 70080 INFO tempest.lib.common.rest_client [req-e27c1dc3-a037-411c-bd49-97fea4e037cc req-e27c1dc3-a037-411c-bd49-97fea4e037cc ] Request (SecurityGroupsTestJSON:test_server_security_groups): 200 GET http://10.180.1.21/compute/v2.1/servers/67b31c61-8436-48f7-9bc4-af90ecd843b1 0.110s
2025-03-19 13:55:49.915 70036 INFO tempest.lib.common.rest_client [req-7fb2495f-e2ef-4272-ae49-59391f0554f6 req-7fb2495f-e2ef-4272-ae49-59391f0554f6 ] Request (ServerAddressesTestJSON:setUpClass): 200 GET http://10.180.1.21/compute/v2.1/servers/ae628692-35b2-4fa7-8aee-d77483405fe9 0.422s
2025-03-19 13:55:49.921 70036 INFO tempest.common.waiters [-] State transition "BUILD/block_device_mapping" ==> "BUILD/spawning" after 77 second wait
2025-03-19 13:55:49.973 70072 INFO tempest.lib.common.rest_client [req-466d05f2-2292-460e-ab8f-5823527c7891 req-466d05f2-2292-460e-ab8f-5823527c7891 ] Request (ServersTestJSON:test_create_server_with_ipv6_addr_only): 200 GET http://10.180.1.21/compute/v2.1/servers/131b9632-347e-4203-b770-c6449683c6d6 0.103s
2025-03-19 13:55:50.020 70050 INFO tempest.lib.common.rest_client [req-f6c5d121-b5c1-496b-b7d2-7ede5422217b req-f6c5d121-b5c1-496b-b7d2-7ede5422217b ] Request (MultipleCreateTestJSON:test_multiple_create_with_reservation_return): 200 GET http://10.180.1.21/compute/v2.1/servers/11beea4b-b6e1-45ff-8640-396448ac8871 0.079s
2025-03-19 13:55:50.076 70028 INFO tempest.lib.common.rest_client [req-f3fb5463-0024-4f85-82a4-09f7326175ba req-f3fb5463-0024-4f85-82a4-09f7326175ba ] Request (ImagesOneServerNegativeTestJSON:_run_cleanups): 200 GET http://10.180.1.21/compute/v2.1/servers/ad77e2a6-0461-49b1-bfd8-8039e7a23ac5 0.072s
2025-03-19 13:55:50.187 70060 INFO tempest.lib.common.rest_client [req-b40d271e-b37e-4f19-9f38-ae76a4df2856 req-b40d271e-b37e-4f19-9f38-ae76a4df2856 ] Request (ServersAdmin275Test:_run_cleanups): 200 GET http://10.180.1.21/compute/v2.1/servers/f208df38-eba6-4969-9639-176cddc5d1ff 0.080s
2025-03-19 13:55:50.234 70058 INFO tempest.lib.common.rest_client [req-733493d2-75f6-4534-bc69-a6b8fdb08256 req-733493d2-75f6-4534-bc69-a6b8fdb08256 ] Request (AttachInterfacesUnderV243Test:test_add_remove_fixed_ip): 200 GET http://10.180.1.21/compute/v2.1/servers/d36e24b4-b199-4032-a564-77378b08369b 0.078s
2025-03-19 13:55:50.234 70040 INFO tempest.lib.common.rest_client [req-801e0ac0-aacc-417f-9a72-dccb6b3b3813 req-801e0ac0-aacc-417f-9a72-dccb6b3b3813 ] Request (VolumesAssistedSnapshotsTest:test_volume_assisted_snapshot_create_delete): 200 GET http://10.180.1.21/volume/v3/volumes/7c0714e8-5da3-41b3-a656-7a484cc68320 0.035s
2025-03-19 13:55:50.322 70024 INFO tempest.lib.common.rest_client [req-b332cc72-cb4f-4234-9ca6-498a6e6d1049 req-b332cc72-cb4f-4234-9ca6-498a6e6d1049 ] Request (ServerShowV254Test:test_rebuild_server): 200 GET http://10.180.1.21/compute/v2.1/servers/0d193bd5-ef22-4099-9ca8-d39e12e5a455 0.092s
2025-03-19 13:55:50.378 70046 INFO tempest.lib.common.rest_client [req-ba3747cc-dddc-4ec6-9b61-480a10baebf2 req-ba3747cc-dddc-4ec6-9b61-480a10baebf2 ] Request (ServersListShow2100Test:tearDownClass): 200 GET http://10.180.1.21/compute/v2.1/servers/1a168001-abf2-4fc9-b93c-2eea7bd3bb21 0.110s
2025-03-19 13:55:50.420 70026 INFO tempest.lib.common.rest_client [req-52f84a9c-523d-4b54-a732-932e51292bf0 req-52f84a9c-523d-4b54-a732-932e51292bf0 ] Request (ServersV294TestFqdnHostnames:setUpClass): 200 GET http://10.180.1.21/compute/v2.1/servers/40ee0632-ab45-4177-8f7f-5e1926d83646 0.125s
2025-03-19 13:55:50.484 70022 INFO tempest.lib.common.rest_client [req-0dcbf477-a6b5-4098-9ee1-9e893b01524b req-0dcbf477-a6b5-4098-9ee1-9e893b01524b ] Request (ServerMetadataNegativeTestJSON:setUpClass): 200 GET http://10.180.1.21/compute/v2.1/servers/62fa2fd7-c135-42ef-88ab-d5090907b77c 0.163s
2025-03-19 13:55:50.527 70068 INFO tempest.lib.common.rest_client [req-891fe9a2-7bc8-4b0b-93bf-ca7c01abcabf req-891fe9a2-7bc8-4b0b-93bf-ca7c01abcabf ] Request (ImagesOneServerTestJSON:test_create_image_specify_multibyte_character_image_name): 200 GET http://10.180.1.21/compute/v2.1/images/17f4413c-ee42-4dcf-9ba4-1688c9b24067 0.134s
2025-03-19 13:55:50.531 70048 INFO tempest.lib.common.rest_client [req-7ea4a3de-8693-4768-9141-d5a037dce8e3 req-7ea4a3de-8693-4768-9141-d5a037dce8e3 ] Request (FloatingIPsAssociationTestJSON:tearDownClass): 200 GET http://10.180.1.21/compute/v2.1/servers/abe0995d-a681-4263-9a69-6d4254c07de2 0.173s
2025-03-19 13:55:50.623 70056 INFO tempest.lib.common.rest_client [req-afaf860e-486b-4cc2-9707-4b2c456bd5d0 req-afaf860e-486b-4cc2-9707-4b2c456bd5d0 ] Request (ServersTestMultiNic:_run_cleanups): 200 GET http://10.180.1.21/compute/v2.1/servers/15c8d71d-2065-4bd4-91c3-d6c5140fff83 0.130s
2025-03-19 13:55:50.705 70020 INFO tempest.lib.common.rest_client [req-88ba078d-5f4a-4468-8108-f0a5df382c81 req-88ba078d-5f4a-4468-8108-f0a5df382c81 ] Request (ServerAddressesNegativeTestJSON:setUpClass): 200 GET http://10.180.1.21/compute/v2.1/servers/835db1b6-3b4b-452e-ba88-8dbd6ba4fbd1 0.135s
2025-03-19 13:55:50.730 70065 INFO tempest.lib.common.rest_client [req-c10b5cd2-43eb-4bbf-aa0c-a1f30de261ee req-c10b5cd2-43eb-4bbf-aa0c-a1f30de261ee ] Request (ListServersNegativeTestJSON:setUpClass): 200 GET http://10.180.1.21/compute/v2.1/servers/1f9cfce3-1616-4167-8a02-1ca3b58dc115 0.209s
2025-03-19 13:55:50.771 70078 INFO tempest.lib.common.rest_client [req-ab4efeb2-ea8f-498c-8cdc-a1423e757cbe req-ab4efeb2-ea8f-498c-8cdc-a1423e757cbe ] Request (ServersAdminTestJSON:test_inject_network_info): 200 GET http://10.180.1.21/compute/v2.1/servers/acfbd008-7a97-4593-8c01-51f5a33eaa1c 0.167s
2025-03-19 13:55:50.788 70062 INFO tempest.lib.common.rest_client [req-022e5c6e-006b-4774-b910-9742a4ae7c12 req-022e5c6e-006b-4774-b910-9742a4ae7c12 ] Request (MigrationsAdminTest:test_resize_server_revert_deleted_flavor): 200 GET http://10.180.1.21/compute/v2.1/servers/cc9ac051-3e6f-408f-ae7e-ba0bb1fcdb06 0.157s
2025-03-19 13:55:50.813 70082 INFO tempest.lib.common.rest_client [req-c600a447-3bac-472e-b718-f8ec90e9b6ed req-c600a447-3bac-472e-b718-f8ec90e9b6ed ] Request (ServerActionsTestOtherB:test_create_backup): 200 GET http://10.180.1.21/image/v2/images/dd69d2ed-ee42-4508-88f4-d89ff966665c 0.024s
2025-03-19 13:55:50.846 70030 INFO tempest.lib.common.rest_client [req-c325421f-ae1f-46b6-901d-c73737517568 req-c325421f-ae1f-46b6-901d-c73737517568 ] Request (ServerRescueNegativeTestJSON:setUpClass): 200 GET http://10.180.1.21/compute/v2.1/servers/73bb0696-a7a2-45a5-9f2e-2594babcdc4c 0.167s
2025-03-19 13:55:50.854 70042 INFO tempest.lib.common.rest_client [req-756e047d-fbee-4b71-860d-b5251dd1a0b8 req-756e047d-fbee-4b71-860d-b5251dd1a0b8 ] Request (ServerMetadataTestJSON:setUpClass): 200 GET http://10.180.1.21/compute/v2.1/servers/45f34208-c4a3-45b6-a7fa-81c116f7450a 0.165s
2025-03-19 13:55:50.872 70044 INFO tempest.lib.common.rest_client [req-0ea146be-68b4-432f-9328-4092b2de1409 req-0ea146be-68b4-432f-9328-4092b2de1409 ] Request (ServerGroupTestJSON:setUpClass): 200 PUT http://10.180.1.21:9696/networking/v2.0/routers/14548591-f09d-409f-b8a6-0407850efe3f/add_router_interface 1.631s
2025-03-19 13:55:50.872 70044 INFO tempest.lib.common.dynamic_creds [-] Created isolated network resources for: credentials: Credentials: {'domain_id': 'default', 'domain_name': 'Default', 'username': 'tempest-ServerGroupTestJSON-452794529-project-member', 'project_domain_id': 'default', 'project_domain_name': 'Default', 'project_id': 'b3e4eba901f24029afa787f412b3dcf6', 'project_name': 'tempest-ServerGroupTestJSON-452794529', 'tenant_id': 'b3e4eba901f24029afa787f412b3dcf6', 'tenant_name': 'tempest-ServerGroupTestJSON-452794529', 'user_domain_id': 'default', 'user_domain_name': 'Default', 'user_id': 'f1d5ed4252334b878269e2cadebc6b8b', 'system': None}, Network: {'id': '908f14b9-e463-43bd-9383-a61f3bb4fa8e', 'name': 'tempest-ServerGroupTestJSON-1403299106-network', 'tenant_id': 'b3e4eba901f24029afa787f412b3dcf6', 'admin_state_up': True, 'mtu': 8950, 'status': 'ACTIVE', 'subnets': [], 'shared': False, 'project_id': 'b3e4eba901f24029afa787f412b3dcf6', 'port_security_enabled': True, 'router:external': False, 'provider:network_type': 'vlan', 'provider:physical_network': 'default', 'provider:segmentation_id': 367, 'availability_zone_hints': [], 'availability_zones': [], 'ipv4_address_scope': None, 'ipv6_address_scope': None, 'description': '', 'tags': [], 'created_at': '2025-03-19T13:55:47Z', 'updated_at': '2025-03-19T13:55:47Z', 'revision_number': 1}, Subnet: {'id': '50cb9e39-a1b3-4d1b-a99c-1e46583eb842', 'name': 'tempest-ServerGroupTestJSON-1403299106-subnet', 'tenant_id': 'b3e4eba901f24029afa787f412b3dcf6', 'network_id': '908f14b9-e463-43bd-9383-a61f3bb4fa8e', 'ip_version': 4, 'subnetpool_id': None, 'enable_dhcp': True, 'ipv6_ra_mode': None, 'ipv6_address_mode': None, 'gateway_ip': '192.168.128.1', 'cidr': '192.168.128.0/28', 'allocation_pools': [{'start': '192.168.128.2', 'end': '192.168.128.14'}], 'host_routes': [], 'dns_nameservers': [], 'description': '', 'router:external': False, 'service_types': [], 'tags': [], 'created_at': '2025-03-19T13:55:47Z', 'updated_at': '2025-03-19T13:55:47Z', 'revision_number': 0, 'project_id': 'b3e4eba901f24029afa787f412b3dcf6'}, Router: {'id': '14548591-f09d-409f-b8a6-0407850efe3f', 'name': 'tempest-ServerGroupTestJSON-1403299106-router', 'tenant_id': 'b3e4eba901f24029afa787f412b3dcf6', 'admin_state_up': True, 'status': 'ACTIVE', 'external_gateway_info': {'network_id': '110c73ca-64a5-455f-a3c4-e45278b1bdc4', 'external_fixed_ips': [{'subnet_id': '2d2135df-5183-4d00-acb9-90f1adc9249e', 'ip_address': '10.180.180.239'}], 'enable_snat': True}, 'description': '', 'availability_zones': [], 'distributed': False, 'ha': False, 'availability_zone_hints': [], 'routes': [], 'flavor_id': None, 'tags': [], 'created_at': '2025-03-19T13:55:47Z', 'updated_at': '2025-03-19T13:55:48Z', 'revision_number': 2, 'project_id': 'b3e4eba901f24029afa787f412b3dcf6'}
2025-03-19 13:55:50.918 70054 INFO tempest.lib.common.rest_client [req-f214e10d-d431-4553-bb46-eb8c62e587a5 req-f214e10d-d431-4553-bb46-eb8c62e587a5 ] Request (InstanceActionsTestJSON:tearDownClass): 200 GET http://10.180.1.21/compute/v2.1/servers/a671c9c9-8655-4b57-8011-24e849eac2cb 0.155s
2025-03-19 13:55:50.925 70038 INFO tempest.lib.common.rest_client [req-9fe3875f-52be-4e7a-9e5b-4a5f01060616 req-9fe3875f-52be-4e7a-9e5b-4a5f01060616 ] Request (ServersAaction247Test:test_create_backup): 200 GET http://10.180.1.21/compute/v2.1/servers/538bd1ff-c4a9-449e-812e-90f0ef6f7a98 0.159s
2025-03-19 13:55:50.971 70044 INFO tempest.lib.common.rest_client [req-bf871bbd-92db-477b-b937-24765554e164 req-bf871bbd-92db-477b-b937-24765554e164 ] Request (ServerGroupTestJSON:setUpClass): 201 POST http://10.180.1.21/identity/v3/auth/tokens 0.094s
2025-03-19 13:55:50.973 70032 INFO tempest.lib.common.rest_client [req-0d65acd8-3545-4da6-98e0-f4b39d10651b req-0d65acd8-3545-4da6-98e0-f4b39d10651b ] Request (ListImageFiltersTestJSON:setUpClass): 200 GET http://10.180.1.21/compute/v2.1/servers/f9d366bc-9336-446d-ae8e-f7052af72e8c 0.124s
2025-03-19 13:55:51.031 70036 INFO tempest.lib.common.rest_client [req-e47de7e8-a4bb-4958-88c5-8af84c146988 req-e47de7e8-a4bb-4958-88c5-8af84c146988 ] Request (ServerAddressesTestJSON:setUpClass): 200 GET http://10.180.1.21/compute/v2.1/servers/ae628692-35b2-4fa7-8aee-d77483405fe9 0.108s
2025-03-19 13:55:51.039 70080 INFO tempest.lib.common.rest_client [req-901e0127-dd72-4960-9a73-83d1f2ec4858 req-901e0127-dd72-4960-9a73-83d1f2ec4858 ] Request (SecurityGroupsTestJSON:test_server_security_groups): 200 GET http://10.180.1.21/compute/v2.1/servers/67b31c61-8436-48f7-9bc4-af90ecd843b1 0.116s
2025-03-19 13:55:51.090 70072 INFO tempest.lib.common.rest_client [req-dfd62ee2-8a39-464e-9af9-d5a07fe8c92c req-dfd62ee2-8a39-464e-9af9-d5a07fe8c92c ] Request (ServersTestJSON:test_create_server_with_ipv6_addr_only): 200 GET http://10.180.1.21/compute/v2.1/servers/131b9632-347e-4203-b770-c6449683c6d6 0.107s
2025-03-19 13:55:51.140 70050 INFO tempest.lib.common.rest_client [req-06b263ea-6483-469b-89e3-f4f2c0e50985 req-06b263ea-6483-469b-89e3-f4f2c0e50985 ] Request (MultipleCreateTestJSON:test_multiple_create_with_reservation_return): 200 GET http://10.180.1.21/compute/v2.1/servers/11beea4b-b6e1-45ff-8640-396448ac8871 0.112s
2025-03-19 13:55:51.180 70044 INFO tempest.lib.common.rest_client [req-68c5ae6b-0ef2-4e1b-85ff-a4c4d924579b req-68c5ae6b-0ef2-4e1b-85ff-a4c4d924579b ] Request (ServerGroupTestJSON:setUp): 200 POST http://10.180.1.21/compute/v2.1/os-server-groups 0.207s
2025-03-19 13:55:51.196 70028 INFO tempest.lib.common.rest_client [req-11f61621-58aa-445b-b96c-dc4354a3170a req-11f61621-58aa-445b-b96c-dc4354a3170a ] Request (ImagesOneServerNegativeTestJSON:_run_cleanups): 200 GET http://10.180.1.21/compute/v2.1/servers/ad77e2a6-0461-49b1-bfd8-8039e7a23ac5 0.111s
2025-03-19 13:55:51.247 70044 INFO tempest.lib.common.rest_client [req-206f8f73-7204-490f-ad04-0749268536b1 req-206f8f73-7204-490f-ad04-0749268536b1 ] Request (ServerGroupTestJSON:test_create_delete_multiple_server_groups_with_same_name_policy): 200 POST http://10.180.1.21/compute/v2.1/os-server-groups 0.065s
2025-03-19 13:55:51.275 70060 INFO tempest.lib.common.rest_client [req-fb3d8d70-59a2-4315-b650-21a4dc82a117 req-fb3d8d70-59a2-4315-b650-21a4dc82a117 ] Request (ServersAdmin275Test:_run_cleanups): 200 GET http://10.180.1.21/compute/v2.1/servers/f208df38-eba6-4969-9639-176cddc5d1ff 0.075s
2025-03-19 13:55:51.288 70040 INFO tempest.lib.common.rest_client [req-122ec750-1a9b-41bc-bd82-d057d584eeee req-122ec750-1a9b-41bc-bd82-d057d584eeee ] Request (VolumesAssistedSnapshotsTest:test_volume_assisted_snapshot_create_delete): 200 GET http://10.180.1.21/volume/v3/volumes/7c0714e8-5da3-41b3-a656-7a484cc68320 0.042s
2025-03-19 13:55:51.301 70058 INFO tempest.lib.common.rest_client [req-1bbd12c3-2361-4c48-affe-93ad7a5d8f2e req-1bbd12c3-2361-4c48-affe-93ad7a5d8f2e ] Request (AttachInterfacesUnderV243Test:test_add_remove_fixed_ip): 200 GET http://10.180.1.21/compute/v2.1/servers/d36e24b4-b199-4032-a564-77378b08369b 0.058s
2025-03-19 13:55:51.332 70044 INFO tempest.lib.common.rest_client [req-394336db-d108-4b3c-82d1-8a8739fba42f req-394336db-d108-4b3c-82d1-8a8739fba42f ] Request (ServerGroupTestJSON:test_create_delete_multiple_server_groups_with_same_name_policy): 200 POST http://10.180.1.21/compute/v2.1/os-server-groups 0.083s
2025-03-19 13:55:51.361 70044 INFO tempest.lib.common.rest_client [req-fd461df8-a5fd-40c7-a080-e5955d63c7cd req-fd461df8-a5fd-40c7-a080-e5955d63c7cd ] Request (ServerGroupTestJSON:test_create_delete_multiple_server_groups_with_same_name_policy): 204 DELETE http://10.180.1.21/compute/v2.1/os-server-groups/9ee0f827-9a55-4ef5-8106-c7bce48a4b34 0.028s
2025-03-19 13:55:51.380 70044 INFO tempest.lib.common.rest_client [req-c062f5de-2059-4e15-9ebe-75da964f6895 req-c062f5de-2059-4e15-9ebe-75da964f6895 ] Request (ServerGroupTestJSON:test_create_delete_multiple_server_groups_with_same_name_policy): 200 GET http://10.180.1.21/compute/v2.1/os-server-groups 0.018s
2025-03-19 13:55:51.389 70024 INFO tempest.lib.common.rest_client [req-b638d5d7-c5c9-4a59-b044-efb83a7d5c5b req-b638d5d7-c5c9-4a59-b044-efb83a7d5c5b ] Request (ServerShowV254Test:test_rebuild_server): 200 GET http://10.180.1.21/compute/v2.1/servers/0d193bd5-ef22-4099-9ca8-d39e12e5a455 0.056s
2025-03-19 13:55:51.402 70044 INFO tempest.lib.common.rest_client [req-514389c1-1dcd-408e-baed-a87165b2d3f1 req-514389c1-1dcd-408e-baed-a87165b2d3f1 ] Request (ServerGroupTestJSON:test_create_delete_multiple_server_groups_with_same_name_policy): 204 DELETE http://10.180.1.21/compute/v2.1/os-server-groups/837890b0-16a7-465f-9a4d-0aa172dc23f9 0.020s
2025-03-19 13:55:51.415 70044 INFO tempest.lib.common.rest_client [req-510d63c3-e4c0-4e89-a3b1-7b553ab08691 req-510d63c3-e4c0-4e89-a3b1-7b553ab08691 ] Request (ServerGroupTestJSON:test_create_delete_multiple_server_groups_with_same_name_policy): 200 GET http://10.180.1.21/compute/v2.1/os-server-groups 0.012s
2025-03-19 13:55:51.485 70044 INFO tempest.lib.common.rest_client [req-c33bbd25-8537-4509-b9c3-19f0e6c22d2c req-c33bbd25-8537-4509-b9c3-19f0e6c22d2c ] Request (ServerGroupTestJSON:test_create_delete_server_group_with_affinity_policy): 200 POST http://10.180.1.21/compute/v2.1/os-server-groups 0.067s
2025-03-19 13:55:51.489 70046 INFO tempest.lib.common.rest_client [req-946145e1-b21a-47b1-915c-7fe3c9c50134 req-946145e1-b21a-47b1-915c-7fe3c9c50134 ] Request (ServersListShow2100Test:tearDownClass): 200 GET http://10.180.1.21/compute/v2.1/servers/1a168001-abf2-4fc9-b93c-2eea7bd3bb21 0.089s
2025-03-19 13:55:51.520 70044 INFO tempest.lib.common.rest_client [req-aa11181d-94de-4089-9df6-474eab228f0e req-aa11181d-94de-4089-9df6-474eab228f0e ] Request (ServerGroupTestJSON:test_create_delete_server_group_with_affinity_policy): 204 DELETE http://10.180.1.21/compute/v2.1/os-server-groups/b9adea62-a827-45a9-8b33-38f09334fc1a 0.032s
2025-03-19 13:55:51.549 70026 INFO tempest.lib.common.rest_client [req-26d16503-0593-4f8f-bff3-eee5131ec35a req-26d16503-0593-4f8f-bff3-eee5131ec35a ] Request (ServersV294TestFqdnHostnames:setUpClass): 200 GET http://10.180.1.21/compute/v2.1/servers/40ee0632-ab45-4177-8f7f-5e1926d83646 0.112s
2025-03-19 13:55:51.559 70044 INFO tempest.lib.common.rest_client [req-74e7ce6d-c5b4-421e-bbbc-562fd97e57b1 req-74e7ce6d-c5b4-421e-bbbc-562fd97e57b1 ] Request (ServerGroupTestJSON:test_create_delete_server_group_with_affinity_policy): 200 GET http://10.180.1.21/compute/v2.1/os-server-groups 0.038s
2025-03-19 13:55:51.580 70022 INFO tempest.lib.common.rest_client [req-86a6b439-d73f-45db-aff6-79b6722fd400 req-86a6b439-d73f-45db-aff6-79b6722fd400 ] Request (ServerMetadataNegativeTestJSON:setUpClass): 200 GET http://10.180.1.21/compute/v2.1/servers/62fa2fd7-c135-42ef-88ab-d5090907b77c 0.087s
2025-03-19 13:55:51.600 70068 INFO tempest.lib.common.rest_client [req-e2b21317-8193-4741-9699-d0d47704f147 req-e2b21317-8193-4741-9699-d0d47704f147 ] Request (ImagesOneServerTestJSON:test_create_image_specify_multibyte_character_image_name): 200 GET http://10.180.1.21/compute/v2.1/images/17f4413c-ee42-4dcf-9ba4-1688c9b24067 0.068s
2025-03-19 13:55:51.647 70048 INFO tempest.lib.common.rest_client [req-6910c449-9c17-422e-ac3c-652443c47122 req-6910c449-9c17-422e-ac3c-652443c47122 ] Request (FloatingIPsAssociationTestJSON:tearDownClass): 200 GET http://10.180.1.21/compute/v2.1/servers/abe0995d-a681-4263-9a69-6d4254c07de2 0.103s
2025-03-19 13:55:51.660 70044 INFO tempest.lib.common.rest_client [req-67889ca2-324d-4756-9653-1036ac3268ea req-67889ca2-324d-4756-9653-1036ac3268ea ] Request (ServerGroupTestJSON:test_create_delete_server_group_with_anti_affinity_policy): 200 POST http://10.180.1.21/compute/v2.1/os-server-groups 0.098s
2025-03-19 13:55:51.682 70044 INFO tempest.lib.common.rest_client [req-3f43ab70-53af-4be1-a2d0-2fcba48c28b7 req-3f43ab70-53af-4be1-a2d0-2fcba48c28b7 ] Request (ServerGroupTestJSON:test_create_delete_server_group_with_anti_affinity_policy): 204 DELETE http://10.180.1.21/compute/v2.1/os-server-groups/29a2d22e-0a79-4192-95f3-9258570e641b 0.021s
2025-03-19 13:55:51.697 70044 INFO tempest.lib.common.rest_client [req-e81256b4-f395-41c2-bd7b-3a95f7788857 req-e81256b4-f395-41c2-bd7b-3a95f7788857 ] Request (ServerGroupTestJSON:test_create_delete_server_group_with_anti_affinity_policy): 200 GET http://10.180.1.21/compute/v2.1/os-server-groups 0.014s
2025-03-19 13:55:51.727 70056 INFO tempest.lib.common.rest_client [req-89eb7a22-2222-4a1a-8644-065d93febb90 req-89eb7a22-2222-4a1a-8644-065d93febb90 ] Request (ServersTestMultiNic:_run_cleanups): 200 GET http://10.180.1.21/compute/v2.1/servers/15c8d71d-2065-4bd4-91c3-d6c5140fff83 0.095s
2025-03-19 13:55:51.740 70044 INFO tempest.lib.common.rest_client [req-df762ae7-f287-4e9f-a9d4-417251e99b38 req-df762ae7-f287-4e9f-a9d4-417251e99b38 ] Request (ServerGroupTestJSON:test_create_server_with_scheduler_hint_group): 201 POST http://10.180.1.21/identity/v3/auth/tokens 0.037s
2025-03-19 13:55:51.740 70044 INFO tempest.lib.common.fixed_network [-] (ServerGroupTestJSON:test_create_server_with_scheduler_hint_group) Found network {'id': '908f14b9-e463-43bd-9383-a61f3bb4fa8e', 'name': 'tempest-ServerGroupTestJSON-1403299106-network', 'tenant_id': 'b3e4eba901f24029afa787f412b3dcf6', 'admin_state_up': True, 'mtu': 8950, 'status': 'ACTIVE', 'subnets': [], 'shared': False, 'project_id': 'b3e4eba901f24029afa787f412b3dcf6', 'port_security_enabled': True, 'router:external': False, 'provider:network_type': 'vlan', 'provider:physical_network': 'default', 'provider:segmentation_id': 367, 'availability_zone_hints': [], 'availability_zones': [], 'ipv4_address_scope': None, 'ipv6_address_scope': None, 'description': '', 'tags': [], 'created_at': '2025-03-19T13:55:47Z', 'updated_at': '2025-03-19T13:55:47Z', 'revision_number': 1} available for tenant
2025-03-19 13:55:51.788 70020 INFO tempest.lib.common.rest_client [req-753fc14f-c60f-48d7-a308-0a2df3641c69 req-753fc14f-c60f-48d7-a308-0a2df3641c69 ] Request (ServerAddressesNegativeTestJSON:setUpClass): 200 GET http://10.180.1.21/compute/v2.1/servers/835db1b6-3b4b-452e-ba88-8dbd6ba4fbd1 0.072s
2025-03-19 13:55:51.836 70082 INFO tempest.lib.common.rest_client [req-567f0339-48ea-40ba-9318-be679696844d req-567f0339-48ea-40ba-9318-be679696844d ] Request (ServerActionsTestOtherB:test_create_backup): 200 GET http://10.180.1.21/image/v2/images/dd69d2ed-ee42-4508-88f4-d89ff966665c 0.022s
2025-03-19 13:55:51.903 70065 INFO tempest.lib.common.rest_client [req-537afa41-ad3d-4de5-a2aa-56a930de7094 req-537afa41-ad3d-4de5-a2aa-56a930de7094 ] Request (ListServersNegativeTestJSON:setUpClass): 200 GET http://10.180.1.21/compute/v2.1/servers/1f9cfce3-1616-4167-8a02-1ca3b58dc115 0.164s
2025-03-19 13:55:51.965 70078 INFO tempest.lib.common.rest_client [req-3ca2f8b6-34eb-4024-9fcd-1cd996e4b489 req-3ca2f8b6-34eb-4024-9fcd-1cd996e4b489 ] Request (ServersAdminTestJSON:test_inject_network_info): 200 GET http://10.180.1.21/compute/v2.1/servers/acfbd008-7a97-4593-8c01-51f5a33eaa1c 0.183s
2025-03-19 13:55:52.022 70062 INFO tempest.lib.common.rest_client [req-968c86d8-02f3-475d-89ed-4d01b9de08b7 req-968c86d8-02f3-475d-89ed-4d01b9de08b7 ] Request (MigrationsAdminTest:test_resize_server_revert_deleted_flavor): 200 GET http://10.180.1.21/compute/v2.1/servers/cc9ac051-3e6f-408f-ae7e-ba0bb1fcdb06 0.221s
2025-03-19 13:55:52.079 70030 INFO tempest.lib.common.rest_client [req-1caf5ba2-9ff1-434c-832e-41a084804930 req-1caf5ba2-9ff1-434c-832e-41a084804930 ] Request (ServerRescueNegativeTestJSON:setUpClass): 200 GET http://10.180.1.21/compute/v2.1/servers/73bb0696-a7a2-45a5-9f2e-2594babcdc4c 0.222s
2025-03-19 13:55:52.142 70042 INFO tempest.lib.common.rest_client [req-69d9205d-96dd-42a2-851e-d29252102e65 req-69d9205d-96dd-42a2-851e-d29252102e65 ] Request (ServerMetadataTestJSON:setUpClass): 200 GET http://10.180.1.21/compute/v2.1/servers/45f34208-c4a3-45b6-a7fa-81c116f7450a 0.277s
2025-03-19 13:55:52.200 70054 INFO tempest.lib.common.rest_client [req-1795515b-3d57-4f3f-99a7-2defc4583db0 req-1795515b-3d57-4f3f-99a7-2defc4583db0 ] Request (InstanceActionsTestJSON:tearDownClass): 200 GET http://10.180.1.21/compute/v2.1/servers/a671c9c9-8655-4b57-8011-24e849eac2cb 0.267s
2025-03-19 13:55:52.260 70038 INFO tempest.lib.common.rest_client [req-a52abd2a-d1ba-4dd5-a36a-5e7d0f828504 req-a52abd2a-d1ba-4dd5-a36a-5e7d0f828504 ] Request (ServersAaction247Test:test_create_backup): 200 GET http://10.180.1.21/compute/v2.1/servers/538bd1ff-c4a9-449e-812e-90f0ef6f7a98 0.326s
2025-03-19 13:55:52.271 70044 INFO tempest.lib.common.rest_client [req-fc12b9dd-f026-4de7-b3fa-76e0d25d4387 req-fc12b9dd-f026-4de7-b3fa-76e0d25d4387 ] Request (ServerGroupTestJSON:test_create_server_with_scheduler_hint_group): 202 POST http://10.180.1.21/compute/v2.1/servers 0.530s
2025-03-19 13:55:52.340 70040 INFO tempest.lib.common.rest_client [req-46a23eca-cde4-4e75-9121-ce5f003bfcd8 req-46a23eca-cde4-4e75-9121-ce5f003bfcd8 ] Request (VolumesAssistedSnapshotsTest:test_volume_assisted_snapshot_create_delete): 200 GET http://10.180.1.21/volume/v3/volumes/7c0714e8-5da3-41b3-a656-7a484cc68320 0.043s
2025-03-19 13:55:52.345 70032 INFO tempest.lib.common.rest_client [req-fc02c807-b9ce-4d5f-a8fa-278d5809ffb7 req-fc02c807-b9ce-4d5f-a8fa-278d5809ffb7 ] Request (ListImageFiltersTestJSON:setUpClass): 200 GET http://10.180.1.21/compute/v2.1/servers/f9d366bc-9336-446d-ae8e-f7052af72e8c 0.363s
2025-03-19 13:55:52.391 70036 INFO tempest.lib.common.rest_client [req-314d5409-76a1-4365-ab83-2b96f3546540 req-314d5409-76a1-4365-ab83-2b96f3546540 ] Request (ServerAddressesTestJSON:setUpClass): 200 GET http://10.180.1.21/compute/v2.1/servers/ae628692-35b2-4fa7-8aee-d77483405fe9 0.352s
2025-03-19 13:55:52.421 70080 INFO tempest.lib.common.rest_client [req-5efef82d-d2d2-4666-847d-46cb4a60ab1d req-5efef82d-d2d2-4666-847d-46cb4a60ab1d ] Request (SecurityGroupsTestJSON:test_server_security_groups): 200 GET http://10.180.1.21/compute/v2.1/servers/67b31c61-8436-48f7-9bc4-af90ecd843b1 0.373s
2025-03-19 13:55:52.449 70072 INFO tempest.lib.common.rest_client [req-0e9da7c9-27c6-44a9-bd46-ba26a9be0d60 req-0e9da7c9-27c6-44a9-bd46-ba26a9be0d60 ] Request (ServersTestJSON:test_create_server_with_ipv6_addr_only): 200 GET http://10.180.1.21/compute/v2.1/servers/131b9632-347e-4203-b770-c6449683c6d6 0.351s
2025-03-19 13:55:52.478 70050 INFO tempest.lib.common.rest_client [req-d258c47e-8299-437b-bec4-775786683b84 req-d258c47e-8299-437b-bec4-775786683b84 ] Request (MultipleCreateTestJSON:test_multiple_create_with_reservation_return): 200 GET http://10.180.1.21/compute/v2.1/servers/11beea4b-b6e1-45ff-8640-396448ac8871 0.330s
2025-03-19 13:55:52.504 70028 INFO tempest.lib.common.rest_client [req-d321e187-e9dc-40f2-959a-4d8e2b5cf2a6 req-d321e187-e9dc-40f2-959a-4d8e2b5cf2a6 ] Request (ImagesOneServerNegativeTestJSON:_run_cleanups): 200 GET http://10.180.1.21/compute/v2.1/servers/ad77e2a6-0461-49b1-bfd8-8039e7a23ac5 0.296s
2025-03-19 13:55:52.518 70044 INFO tempest.lib.common.rest_client [req-21db0c80-5721-4fea-8f2e-112a21ca73cb req-21db0c80-5721-4fea-8f2e-112a21ca73cb ] Request (ServerGroupTestJSON:test_create_server_with_scheduler_hint_group): 200 GET http://10.180.1.21/compute/v2.1/servers/98a036a1-aa31-4896-b4bb-95d87817e015 0.240s
2025-03-19 13:55:52.577 70058 INFO tempest.lib.common.rest_client [req-c2166c4e-2407-4699-81ae-633065bf885b req-c2166c4e-2407-4699-81ae-633065bf885b ] Request (AttachInterfacesUnderV243Test:test_add_remove_fixed_ip): 200 GET http://10.180.1.21/compute/v2.1/servers/d36e24b4-b199-4032-a564-77378b08369b 0.266s
2025-03-19 13:55:52.583 70060 INFO tempest.lib.common.rest_client [req-1716fdb6-6bcc-480e-bfe8-36a97fb90221 req-1716fdb6-6bcc-480e-bfe8-36a97fb90221 ] Request (ServersAdmin275Test:_run_cleanups): 200 GET http://10.180.1.21/compute/v2.1/servers/f208df38-eba6-4969-9639-176cddc5d1ff 0.293s
2025-03-19 13:55:52.635 70024 INFO tempest.lib.common.rest_client [req-4ce39f07-2dd1-4e85-8e13-93efd6f12331 req-4ce39f07-2dd1-4e85-8e13-93efd6f12331 ] Request (ServerShowV254Test:test_rebuild_server): 200 GET http://10.180.1.21/compute/v2.1/servers/0d193bd5-ef22-4099-9ca8-d39e12e5a455 0.234s
2025-03-19 13:55:52.678 70046 INFO tempest.lib.common.rest_client [req-75bb0d1c-c752-43b6-b3f6-6d681b10358e req-75bb0d1c-c752-43b6-b3f6-6d681b10358e ] Request (ServersListShow2100Test:tearDownClass): 200 GET http://10.180.1.21/compute/v2.1/servers/1a168001-abf2-4fc9-b93c-2eea7bd3bb21 0.171s
2025-03-19 13:55:52.695 70026 INFO tempest.lib.common.rest_client [req-8bc96749-7d32-4e3e-865d-b78c11da212c req-8bc96749-7d32-4e3e-865d-b78c11da212c ] Request (ServersV294TestFqdnHostnames:setUpClass): 200 GET http://10.180.1.21/compute/v2.1/servers/40ee0632-ab45-4177-8f7f-5e1926d83646 0.130s
2025-03-19 13:55:52.728 70068 INFO tempest.lib.common.rest_client [req-a09b60cc-97f8-46af-8eda-51a08ef85158 req-a09b60cc-97f8-46af-8eda-51a08ef85158 ] Request (ImagesOneServerTestJSON:test_create_image_specify_multibyte_character_image_name): 200 GET http://10.180.1.21/compute/v2.1/images/17f4413c-ee42-4dcf-9ba4-1688c9b24067 0.124s
2025-03-19 13:55:52.730 70022 INFO tempest.lib.common.rest_client [req-9e7715aa-25e9-4250-b23d-1f955efacd04 req-9e7715aa-25e9-4250-b23d-1f955efacd04 ] Request (ServerMetadataNegativeTestJSON:setUpClass): 200 GET http://10.180.1.21/compute/v2.1/servers/62fa2fd7-c135-42ef-88ab-d5090907b77c 0.137s
2025-03-19 13:55:52.789 70048 INFO tempest.lib.common.rest_client [req-ade995a3-e5d8-406d-bd72-d9aa69fa8405 req-ade995a3-e5d8-406d-bd72-d9aa69fa8405 ] Request (FloatingIPsAssociationTestJSON:tearDownClass): 200 GET http://10.180.1.21/compute/v2.1/servers/abe0995d-a681-4263-9a69-6d4254c07de2 0.133s
2025-03-19 13:55:52.800 70056 INFO tempest.lib.common.rest_client [req-5c5b0672-5506-4a36-a747-8b6094c6a33f req-5c5b0672-5506-4a36-a747-8b6094c6a33f ] Request (ServersTestMultiNic:_run_cleanups): 200 GET http://10.180.1.21/compute/v2.1/servers/15c8d71d-2065-4bd4-91c3-d6c5140fff83 0.063s
2025-03-19 13:55:52.845 70020 INFO tempest.lib.common.rest_client [req-9d08c595-ff6e-4181-918d-84de41428d93 req-9d08c595-ff6e-4181-918d-84de41428d93 ] Request (ServerAddressesNegativeTestJSON:setUpClass): 200 GET http://10.180.1.21/compute/v2.1/servers/835db1b6-3b4b-452e-ba88-8dbd6ba4fbd1 0.050s
2025-03-19 13:55:52.852 70082 INFO tempest.lib.common.rest_client [req-8ae72b45-5563-42ff-8efc-6fff8202a0d6 req-8ae72b45-5563-42ff-8efc-6fff8202a0d6 ] Request (ServerActionsTestOtherB:test_create_backup): 200 GET http://10.180.1.21/image/v2/images/dd69d2ed-ee42-4508-88f4-d89ff966665c 0.015s
2025-03-19 13:55:53.037 70078 INFO tempest.lib.common.rest_client [req-936c9520-c766-484a-94e1-c5cdd922701e req-936c9520-c766-484a-94e1-c5cdd922701e ] Request (ServersAdminTestJSON:test_inject_network_info): 200 GET http://10.180.1.21/compute/v2.1/servers/acfbd008-7a97-4593-8c01-51f5a33eaa1c 0.062s
2025-03-19 13:55:53.044 70065 INFO tempest.lib.common.rest_client [req-547f687f-0d5f-461f-85e0-60c6891403a9 req-547f687f-0d5f-461f-85e0-60c6891403a9 ] Request (ListServersNegativeTestJSON:setUpClass): 200 GET http://10.180.1.21/compute/v2.1/servers/1f9cfce3-1616-4167-8a02-1ca3b58dc115 0.128s
2025-03-19 13:55:53.051 70065 INFO tempest.common.waiters [-] State transition "BUILD/spawning" ==> "ACTIVE/None" after 95 second wait
2025-03-19 13:55:53.100 70062 INFO tempest.lib.common.rest_client [req-09d88b18-25d6-49f5-a242-b78b1e4859d3 req-09d88b18-25d6-49f5-a242-b78b1e4859d3 ] Request (MigrationsAdminTest:test_resize_server_revert_deleted_flavor): 200 GET http://10.180.1.21/compute/v2.1/servers/cc9ac051-3e6f-408f-ae7e-ba0bb1fcdb06 0.069s
2025-03-19 13:55:53.160 70030 INFO tempest.lib.common.rest_client [req-571d871b-faf5-4720-877b-091ef2c38e09 req-571d871b-faf5-4720-877b-091ef2c38e09 ] Request (ServerRescueNegativeTestJSON:setUpClass): 200 GET http://10.180.1.21/compute/v2.1/servers/73bb0696-a7a2-45a5-9f2e-2594babcdc4c 0.068s
2025-03-19 13:55:53.178 70065 INFO tempest.lib.common.rest_client [req-0b10729d-ca4f-49a6-9fa2-f209e8c0618a req-0b10729d-ca4f-49a6-9fa2-f209e8c0618a ] Request (ListServersNegativeTestJSON:setUpClass): 200 GET http://10.180.1.21/compute/v2.1/servers/8caec654-87db-4590-a963-501758b4305e 0.126s
2025-03-19 13:55:53.220 70042 INFO tempest.lib.common.rest_client [req-a680c0be-65bb-48fa-ac95-4a054c4ef82c req-a680c0be-65bb-48fa-ac95-4a054c4ef82c ] Request (ServerMetadataTestJSON:setUpClass): 200 GET http://10.180.1.21/compute/v2.1/servers/45f34208-c4a3-45b6-a7fa-81c116f7450a 0.070s
2025-03-19 13:55:53.288 70054 INFO tempest.lib.common.rest_client [req-b211727b-379a-4f81-8ca0-831a2af5f43a req-b211727b-379a-4f81-8ca0-831a2af5f43a ] Request (InstanceActionsTestJSON:tearDownClass): 200 GET http://10.180.1.21/compute/v2.1/servers/a671c9c9-8655-4b57-8011-24e849eac2cb 0.079s
2025-03-19 13:55:53.341 70065 INFO tempest.lib.common.rest_client [req-5738ef38-e82a-4be4-87ea-55cf30e27318 req-5738ef38-e82a-4be4-87ea-55cf30e27318 ] Request (ListServersNegativeTestJSON:setUpClass): 200 GET http://10.180.1.21/compute/v2.1/servers/756ccd3a-c4c4-41eb-b460-c4b34f07f375 0.156s
2025-03-19 13:55:53.352 70038 INFO tempest.lib.common.rest_client [req-3c7a32b3-a0c1-4c0e-951a-9de4fc89fd84 req-3c7a32b3-a0c1-4c0e-951a-9de4fc89fd84 ] Request (ServersAaction247Test:test_create_backup): 200 GET http://10.180.1.21/compute/v2.1/servers/538bd1ff-c4a9-449e-812e-90f0ef6f7a98 0.080s
2025-03-19 13:55:53.418 70032 INFO tempest.lib.common.rest_client [req-f53a5ce6-5c60-4f3a-8ffa-803942b2b648 req-f53a5ce6-5c60-4f3a-8ffa-803942b2b648 ] Request (ListImageFiltersTestJSON:setUpClass): 200 GET http://10.180.1.21/compute/v2.1/servers/f9d366bc-9336-446d-ae8e-f7052af72e8c 0.061s
2025-03-19 13:55:53.429 70065 INFO tempest.lib.common.rest_client [req-472fddee-5c61-450e-ad8b-ebce46a9c137 req-472fddee-5c61-450e-ad8b-ebce46a9c137 ] Request (ListServersNegativeTestJSON:setUpClass): 204 DELETE http://10.180.1.21/compute/v2.1/servers/756ccd3a-c4c4-41eb-b460-c4b34f07f375 0.080s
2025-03-19 13:55:53.517 70040 INFO tempest.lib.common.rest_client [req-5b4d5160-0e1a-4077-b51a-1052ea5a5611 req-5b4d5160-0e1a-4077-b51a-1052ea5a5611 ] Request (VolumesAssistedSnapshotsTest:test_volume_assisted_snapshot_create_delete): 200 GET http://10.180.1.21/volume/v3/volumes/7c0714e8-5da3-41b3-a656-7a484cc68320 0.168s
2025-03-19 13:55:53.546 70065 INFO tempest.lib.common.rest_client [req-c39bb164-cbf5-49bf-bd6a-df0eb6ee25c7 req-c39bb164-cbf5-49bf-bd6a-df0eb6ee25c7 ] Request (ListServersNegativeTestJSON:setUpClass): 200 GET http://10.180.1.21/compute/v2.1/servers/756ccd3a-c4c4-41eb-b460-c4b34f07f375 0.116s
2025-03-19 13:55:53.581 70036 INFO tempest.lib.common.rest_client [req-f7f45e81-719f-4e1a-8e56-fc8959eaffe6 req-f7f45e81-719f-4e1a-8e56-fc8959eaffe6 ] Request (ServerAddressesTestJSON:setUpClass): 200 GET http://10.180.1.21/compute/v2.1/servers/ae628692-35b2-4fa7-8aee-d77483405fe9 0.179s
2025-03-19 13:55:53.605 70080 INFO tempest.lib.common.rest_client [req-047193c0-9d79-4ea6-b724-59aa0d459072 req-047193c0-9d79-4ea6-b724-59aa0d459072 ] Request (SecurityGroupsTestJSON:test_server_security_groups): 200 GET http://10.180.1.21/compute/v2.1/servers/67b31c61-8436-48f7-9bc4-af90ecd843b1 0.174s
2025-03-19 13:55:53.862 70072 INFO tempest.lib.common.rest_client [req-a14cf6cc-fd47-4daa-8e6e-1b4fdfd12fe5 req-a14cf6cc-fd47-4daa-8e6e-1b4fdfd12fe5 ] Request (ServersTestJSON:test_create_server_with_ipv6_addr_only): 200 GET http://10.180.1.21/compute/v2.1/servers/131b9632-347e-4203-b770-c6449683c6d6 0.399s
2025-03-19 13:55:53.869 70082 INFO tempest.lib.common.rest_client [req-5388a5c8-819c-4846-ac98-6da4ff8add82 req-5388a5c8-819c-4846-ac98-6da4ff8add82 ] Request (ServerActionsTestOtherB:test_create_backup): 200 GET http://10.180.1.21/image/v2/images/dd69d2ed-ee42-4508-88f4-d89ff966665c 0.013s
2025-03-19 13:55:53.871 70050 INFO tempest.lib.common.rest_client [req-51eb9d0a-fdfc-41c5-815f-8fda46f8eca8 req-51eb9d0a-fdfc-41c5-815f-8fda46f8eca8 ] Request (MultipleCreateTestJSON:test_multiple_create_with_reservation_return): 200 GET http://10.180.1.21/compute/v2.1/servers/11beea4b-b6e1-45ff-8640-396448ac8871 0.383s
2025-03-19 13:55:53.921 70028 INFO tempest.lib.common.rest_client [req-8ffa5655-b4dd-4c2b-afff-d35e4c68668e req-8ffa5655-b4dd-4c2b-afff-d35e4c68668e ] Request (ImagesOneServerNegativeTestJSON:_run_cleanups): 200 GET http://10.180.1.21/compute/v2.1/servers/ad77e2a6-0461-49b1-bfd8-8039e7a23ac5 0.407s
2025-03-19 13:55:53.926 70044 INFO tempest.lib.common.rest_client [req-33be1f1d-6c09-4e7a-a3c2-2a515aff7cd5 req-33be1f1d-6c09-4e7a-a3c2-2a515aff7cd5 ] Request (ServerGroupTestJSON:test_create_server_with_scheduler_hint_group): 200 GET http://10.180.1.21/compute/v2.1/servers/98a036a1-aa31-4896-b4bb-95d87817e015 0.395s
2025-03-19 13:55:53.973 70058 INFO tempest.lib.common.rest_client [req-58bd6cc5-9f18-4777-9fb4-0ffaa85a2141 req-58bd6cc5-9f18-4777-9fb4-0ffaa85a2141 ] Request (AttachInterfacesUnderV243Test:test_add_remove_fixed_ip): 200 GET http://10.180.1.21/compute/v2.1/servers/d36e24b4-b199-4032-a564-77378b08369b 0.385s
2025-03-19 13:55:53.987 70060 INFO tempest.lib.common.rest_client [req-79a80879-4304-4730-a1ea-5de3c8923e1a req-79a80879-4304-4730-a1ea-5de3c8923e1a ] Request (ServersAdmin275Test:_run_cleanups): 200 GET http://10.180.1.21/compute/v2.1/servers/f208df38-eba6-4969-9639-176cddc5d1ff 0.392s
2025-03-19 13:55:54.028 70024 INFO tempest.lib.common.rest_client [req-e187ec08-8520-4c7f-9c51-91e77d22a7f0 req-e187ec08-8520-4c7f-9c51-91e77d22a7f0 ] Request (ServerShowV254Test:test_rebuild_server): 200 GET http://10.180.1.21/compute/v2.1/servers/0d193bd5-ef22-4099-9ca8-d39e12e5a455 0.382s
2025-03-19 13:55:54.061 70046 INFO tempest.lib.common.rest_client [req-1409be71-d747-42c2-8661-558236fc22dd req-1409be71-d747-42c2-8661-558236fc22dd ] Request (ServersListShow2100Test:tearDownClass): 200 GET http://10.180.1.21/compute/v2.1/servers/1a168001-abf2-4fc9-b93c-2eea7bd3bb21 0.369s
2025-03-19 13:55:54.083 70026 INFO tempest.lib.common.rest_client [req-53e2b006-9d09-431b-aba2-6de0f8e31bfd req-53e2b006-9d09-431b-aba2-6de0f8e31bfd ] Request (ServersV294TestFqdnHostnames:setUpClass): 200 GET http://10.180.1.21/compute/v2.1/servers/40ee0632-ab45-4177-8f7f-5e1926d83646 0.376s
2025-03-19 13:55:54.135 70022 INFO tempest.lib.common.rest_client [req-e34677bc-811b-4368-8055-a07eeee8f1eb req-e34677bc-811b-4368-8055-a07eeee8f1eb ] Request (ServerMetadataNegativeTestJSON:setUpClass): 200 GET http://10.180.1.21/compute/v2.1/servers/62fa2fd7-c135-42ef-88ab-d5090907b77c 0.396s
2025-03-19 13:55:54.201 70048 INFO tempest.lib.common.rest_client [req-a2bdb33b-2342-4af8-a32c-c28a5297b40f req-a2bdb33b-2342-4af8-a32c-c28a5297b40f ] Request (FloatingIPsAssociationTestJSON:tearDownClass): 200 GET http://10.180.1.21/compute/v2.1/servers/abe0995d-a681-4263-9a69-6d4254c07de2 0.403s
2025-03-19 13:55:54.263 70056 INFO tempest.lib.common.rest_client [req-50767a25-6f5e-4b3f-943c-508c37b036ab req-50767a25-6f5e-4b3f-943c-508c37b036ab ] Request (ServersTestMultiNic:_run_cleanups): 200 GET http://10.180.1.21/compute/v2.1/servers/15c8d71d-2065-4bd4-91c3-d6c5140fff83 0.454s
2025-03-19 13:55:54.317 70020 INFO tempest.lib.common.rest_client [req-88c74e7d-63ef-4308-8ba9-677205962c4b req-88c74e7d-63ef-4308-8ba9-677205962c4b ] Request (ServerAddressesNegativeTestJSON:setUpClass): 200 GET http://10.180.1.21/compute/v2.1/servers/835db1b6-3b4b-452e-ba88-8dbd6ba4fbd1 0.463s
2025-03-19 13:55:54.368 70078 INFO tempest.lib.common.rest_client [req-f0f96276-cb81-455f-8015-9683f230bb6f req-f0f96276-cb81-455f-8015-9683f230bb6f ] Request (ServersAdminTestJSON:test_inject_network_info): 200 GET http://10.180.1.21/compute/v2.1/servers/acfbd008-7a97-4593-8c01-51f5a33eaa1c 0.324s
2025-03-19 13:55:54.419 70062 INFO tempest.lib.common.rest_client [req-01543188-0920-4135-b0a6-df1f27a5abb2 req-01543188-0920-4135-b0a6-df1f27a5abb2 ] Request (MigrationsAdminTest:test_resize_server_revert_deleted_flavor): 200 GET http://10.180.1.21/compute/v2.1/servers/cc9ac051-3e6f-408f-ae7e-ba0bb1fcdb06 0.311s
2025-03-19 13:55:54.430 70062 INFO tempest.common.waiters [-] State transition "BUILD/scheduling" ==> "BUILD/None" after 53 second wait
2025-03-19 13:55:54.474 70030 INFO tempest.lib.common.rest_client [req-ce0e5d97-0083-44ca-9db6-2b9c157c5c1b req-ce0e5d97-0083-44ca-9db6-2b9c157c5c1b ] Request (ServerRescueNegativeTestJSON:setUpClass): 200 GET http://10.180.1.21/compute/v2.1/servers/73bb0696-a7a2-45a5-9f2e-2594babcdc4c 0.303s
2025-03-19 13:55:54.530 70042 INFO tempest.lib.common.rest_client [req-363e4de2-c0a0-474c-9326-ecb1d3453792 req-363e4de2-c0a0-474c-9326-ecb1d3453792 ] Request (ServerMetadataTestJSON:setUpClass): 200 GET http://10.180.1.21/compute/v2.1/servers/45f34208-c4a3-45b6-a7fa-81c116f7450a 0.301s
2025-03-19 13:55:54.562 70040 INFO tempest.lib.common.rest_client [req-dd906764-7066-4c22-bcf0-ecd8c657119b req-dd906764-7066-4c22-bcf0-ecd8c657119b ] Request (VolumesAssistedSnapshotsTest:test_volume_assisted_snapshot_create_delete): 200 GET http://10.180.1.21/volume/v3/volumes/7c0714e8-5da3-41b3-a656-7a484cc68320 0.036s
2025-03-19 13:55:54.590 70054 INFO tempest.lib.common.rest_client [req-1faabf0d-cc99-4eca-95b4-4e9c2d2db1e2 req-1faabf0d-cc99-4eca-95b4-4e9c2d2db1e2 ] Request (InstanceActionsTestJSON:tearDownClass): 200 GET http://10.180.1.21/compute/v2.1/servers/a671c9c9-8655-4b57-8011-24e849eac2cb 0.283s
2025-03-19 13:55:54.648 70038 INFO tempest.lib.common.rest_client [req-13b98b46-70d1-4b69-ac7e-dee6f8a32892 req-13b98b46-70d1-4b69-ac7e-dee6f8a32892 ] Request (ServersAaction247Test:test_create_backup): 200 GET http://10.180.1.21/compute/v2.1/servers/538bd1ff-c4a9-449e-812e-90f0ef6f7a98 0.284s
2025-03-19 13:55:54.705 70032 INFO tempest.lib.common.rest_client [req-ed5cb4d1-6279-484f-b903-218b64e6c9d3 req-ed5cb4d1-6279-484f-b903-218b64e6c9d3 ] Request (ListImageFiltersTestJSON:setUpClass): 200 GET http://10.180.1.21/compute/v2.1/servers/f9d366bc-9336-446d-ae8e-f7052af72e8c 0.279s
2025-03-19 13:55:54.852 70065 INFO tempest.lib.common.rest_client [req-008cc82f-fbc6-409e-89d1-667d0e6679d3 req-008cc82f-fbc6-409e-89d1-667d0e6679d3 ] Request (ListServersNegativeTestJSON:setUpClass): 200 GET http://10.180.1.21/compute/v2.1/servers/756ccd3a-c4c4-41eb-b460-c4b34f07f375 0.299s
2025-03-19 13:55:54.952 70036 INFO tempest.lib.common.rest_client [req-9da41584-3fd4-4b6c-9d49-0d9eb65bab70 req-9da41584-3fd4-4b6c-9d49-0d9eb65bab70 ] Request (ServerAddressesTestJSON:setUpClass): 200 GET http://10.180.1.21/compute/v2.1/servers/ae628692-35b2-4fa7-8aee-d77483405fe9 0.357s
2025-03-19 13:55:55.022 70080 INFO tempest.lib.common.rest_client [req-88602eaf-68f1-4821-b6b9-17cde04a5f52 req-88602eaf-68f1-4821-b6b9-17cde04a5f52 ] Request (SecurityGroupsTestJSON:test_server_security_groups): 200 GET http://10.180.1.21/compute/v2.1/servers/67b31c61-8436-48f7-9bc4-af90ecd843b1 0.409s
2025-03-19 13:55:55.080 70072 INFO tempest.lib.common.rest_client [req-aae3ae8c-0b29-4c65-88e5-12ed1f49f8da req-aae3ae8c-0b29-4c65-88e5-12ed1f49f8da ] Request (ServersTestJSON:test_create_server_with_ipv6_addr_only): 200 GET http://10.180.1.21/compute/v2.1/servers/131b9632-347e-4203-b770-c6449683c6d6 0.209s
2025-03-19 13:55:55.137 70050 INFO tempest.lib.common.rest_client [req-f6c125b6-e184-4dfb-8e9f-c8266c22039e req-f6c125b6-e184-4dfb-8e9f-c8266c22039e ] Request (MultipleCreateTestJSON:test_multiple_create_with_reservation_return): 200 GET http://10.180.1.21/compute/v2.1/servers/11beea4b-b6e1-45ff-8640-396448ac8871 0.258s
2025-03-19 13:55:55.197 70028 INFO tempest.lib.common.rest_client [req-a157cce5-c973-46bb-959f-73e291084f02 req-a157cce5-c973-46bb-959f-73e291084f02 ] Request (ImagesOneServerNegativeTestJSON:_run_cleanups): 200 GET http://10.180.1.21/compute/v2.1/servers/ad77e2a6-0461-49b1-bfd8-8039e7a23ac5 0.267s
2025-03-19 13:55:55.253 70044 INFO tempest.lib.common.rest_client [req-7bfa65e5-397b-4cfa-80dc-e399c6e63b54 req-7bfa65e5-397b-4cfa-80dc-e399c6e63b54 ] Request (ServerGroupTestJSON:test_create_server_with_scheduler_hint_group): 200 GET http://10.180.1.21/compute/v2.1/servers/98a036a1-aa31-4896-b4bb-95d87817e015 0.319s
2025-03-19 13:55:55.309 70058 INFO tempest.lib.common.rest_client [req-a63ebe7a-c011-42e3-81d0-dbba75e4aefe req-a63ebe7a-c011-42e3-81d0-dbba75e4aefe ] Request (AttachInterfacesUnderV243Test:test_add_remove_fixed_ip): 200 GET http://10.180.1.21/compute/v2.1/servers/d36e24b4-b199-4032-a564-77378b08369b 0.327s
2025-03-19 13:55:55.373 70060 INFO tempest.lib.common.rest_client [req-f1bc05b0-2326-43e3-87c8-8c25e9b5e911 req-f1bc05b0-2326-43e3-87c8-8c25e9b5e911 ] Request (ServersAdmin275Test:_run_cleanups): 200 GET http://10.180.1.21/compute/v2.1/servers/f208df38-eba6-4969-9639-176cddc5d1ff 0.376s
2025-03-19 13:55:55.433 70024 INFO tempest.lib.common.rest_client [req-3aadc2ae-c13d-4dc7-9645-33d5db4cca2f req-3aadc2ae-c13d-4dc7-9645-33d5db4cca2f ] Request (ServerShowV254Test:test_rebuild_server): 200 GET http://10.180.1.21/compute/v2.1/servers/0d193bd5-ef22-4099-9ca8-d39e12e5a455 0.394s
2025-03-19 13:55:55.511 70046 INFO tempest.lib.common.rest_client [req-b30d3b1d-8776-4f88-967d-06c86c4dd8fa req-b30d3b1d-8776-4f88-967d-06c86c4dd8fa ] Request (ServersListShow2100Test:tearDownClass): 200 GET http://10.180.1.21/compute/v2.1/servers/1a168001-abf2-4fc9-b93c-2eea7bd3bb21 0.436s
