2025-03-19 13:55:28.756 70054 INFO tempest.lib.common.rest_client [req-7948ff7d-7773-4d19-8480-2067cca0e73a req-7948ff7d-7773-4d19-8480-2067cca0e73a ] Request (InstanceActionsTestJSON:tearDownClass): 200 GET http://10.180.1.21/compute/v2.1/servers/a671c9c9-8655-4b57-8011-24e849eac2cb 0.096s
2025-03-19 13:55:28.778 70066 INFO tempest.lib.common.rest_client [req-402450ea-d061-4c38-be23-2a47e049de66 req-402450ea-d061-4c38-be23-2a47e049de66 ] Request (ServerTagsTestJSON:tearDownClass): 204 DELETE http://10.180.1.21:9696/networking/v2.0/routers/cba68f98-3f98-47d3-bc79-5bf03c600db7 0.487s
2025-03-19 13:55:28.822 70026 INFO tempest.lib.common.rest_client [req-be12ba75-e517-4a39-a72b-90a26e9b19c4 req-be12ba75-e517-4a39-a72b-90a26e9b19c4 ] Request (DeleteServersAdminTestJSON:test_delete_server_while_in_error_state): 200 GET http://10.180.1.21/compute/v2.1/servers/8a28ee81-c65d-4ccf-b8ea-d759a3375ed5 0.090s
2025-03-19 13:55:28.824 70038 INFO tempest.lib.common.rest_client [req-314d5625-0a52-4541-bbec-d35bcb881dc7 req-314d5625-0a52-4541-bbec-d35bcb881dc7 ] Request (ServersAaction247Test:test_create_backup): 200 GET http://10.180.1.21/compute/v2.1/servers/538bd1ff-c4a9-449e-812e-90f0ef6f7a98 0.077s
2025-03-19 13:55:28.897 70060 INFO tempest.lib.common.rest_client [req-0cf51294-4e18-4939-a993-197b92c8f62e req-0cf51294-4e18-4939-a993-197b92c8f62e ] Request (ServersAdmin275Test:test_rebuild_update_server_275): 200 GET http://10.180.1.21/compute/v2.1/servers/f208df38-eba6-4969-9639-176cddc5d1ff 0.091s
2025-03-19 13:55:28.898 70042 INFO tempest.lib.common.rest_client [req-05b023fe-d224-49aa-af1a-7159424b4bb4 req-05b023fe-d224-49aa-af1a-7159424b4bb4 ] Request (ServerMetadataTestJSON:setUpClass): 200 GET http://10.180.1.21/compute/v2.1/servers/45f34208-c4a3-45b6-a7fa-81c116f7450a 0.091s
2025-03-19 13:55:28.958 70032 INFO tempest.lib.common.rest_client [req-ecd4d13d-926f-4799-b934-b2c7e38244f7 req-ecd4d13d-926f-4799-b934-b2c7e38244f7 ] Request (ListImageFiltersTestJSON:setUpClass): 200 GET http://10.180.1.21/compute/v2.1/servers/f9d366bc-9336-446d-ae8e-f7052af72e8c 0.077s
2025-03-19 13:55:28.959 70066 INFO tempest.lib.common.rest_client [req-3720cf16-0bbf-422e-aa0e-4833a46790dc req-3720cf16-0bbf-422e-aa0e-4833a46790dc ] Request (ServerTagsTestJSON:tearDownClass): 204 DELETE http://10.180.1.21:9696/networking/v2.0/subnets/cc99c0f3-df9c-4834-ad69-f2acfb0f0977 0.181s
2025-03-19 13:55:28.963 70036 INFO tempest.lib.common.rest_client [req-79d5e9ba-2de6-4642-9012-43127ae96879 req-79d5e9ba-2de6-4642-9012-43127ae96879 ] Request (ServerAddressesTestJSON:setUpClass): 200 GET http://10.180.1.21/compute/v2.1/servers/ae628692-35b2-4fa7-8aee-d77483405fe9 0.088s
2025-03-19 13:55:29.014 70072 INFO tempest.lib.common.rest_client [req-cef5fec0-670a-40af-b815-007bf93601a1 req-cef5fec0-670a-40af-b815-007bf93601a1 ] Request (ServersTestJSON:test_create_server_with_ipv6_addr_only): 200 GET http://10.180.1.21/compute/v2.1/servers/131b9632-347e-4203-b770-c6449683c6d6 0.081s
2025-03-19 13:55:29.032 70046 INFO tempest.lib.common.rest_client [req-d52b4613-718d-4caa-940e-2993c10df7ce req-d52b4613-718d-4caa-940e-2993c10df7ce ] Request (ServersListShow2100Test:tearDownClass): 200 GET http://10.180.1.21/compute/v2.1/servers/1a168001-abf2-4fc9-b93c-2eea7bd3bb21 0.082s
2025-03-19 13:55:29.087 70050 INFO tempest.lib.common.rest_client [req-764e49e8-d1d2-46d7-8fe4-8ae0d1be8703 req-764e49e8-d1d2-46d7-8fe4-8ae0d1be8703 ] Request (MultipleCreateTestJSON:test_multiple_create_with_reservation_return): 200 GET http://10.180.1.21/compute/v2.1/servers/11beea4b-b6e1-45ff-8640-396448ac8871 0.098s
2025-03-19 13:55:29.089 70058 INFO tempest.lib.common.rest_client [req-e943302f-b476-46cc-bb79-aae7cbed9b53 req-e943302f-b476-46cc-bb79-aae7cbed9b53 ] Request (AttachInterfacesUnderV243Test:test_add_remove_fixed_ip): 200 GET http://10.180.1.21/compute/v2.1/servers/d36e24b4-b199-4032-a564-77378b08369b 0.094s
2025-03-19 13:55:29.210 70044 INFO tempest.lib.common.rest_client [req-523395e0-7fbd-4828-8041-18df35776984 req-523395e0-7fbd-4828-8041-18df35776984 ] Request (InstanceActionsV221TestJSON:test_get_list_deleted_instance_actions): 200 GET http://10.180.1.21/compute/v2.1/servers/8756b2f1-7fdd-4d29-aedd-bca7dbf5dd3d 0.084s
2025-03-19 13:55:29.247 70066 INFO tempest.lib.common.rest_client [req-cf581522-f342-4459-a1c8-fee0b0951158 req-cf581522-f342-4459-a1c8-fee0b0951158 ] Request (ServerTagsTestJSON:tearDownClass): 204 DELETE http://10.180.1.21:9696/networking/v2.0/networks/b1670c13-1b5e-439a-9232-8dfbd2867b48 0.288s
2025-03-19 13:55:29.256 70080 INFO tempest.lib.common.rest_client [req-69f79af9-263d-409c-ba82-c71474f09bee req-69f79af9-263d-409c-ba82-c71474f09bee ] Request (SecurityGroupsTestJSON:test_server_security_groups): 200 GET http://10.180.1.21/compute/v2.1/servers/67b31c61-8436-48f7-9bc4-af90ecd843b1 0.113s
2025-03-19 13:55:29.267 70028 INFO tempest.lib.common.rest_client [req-21910a0a-f0d2-48e1-8683-b4dde2da43d2 req-21910a0a-f0d2-48e1-8683-b4dde2da43d2 ] Request (ImagesOneServerNegativeTestJSON:_run_cleanups): 200 GET http://10.180.1.21/compute/v2.1/servers/ad77e2a6-0461-49b1-bfd8-8039e7a23ac5 0.090s
2025-03-19 13:55:29.304 70068 INFO tempest.lib.common.rest_client [req-2ae0aceb-0883-4126-8c04-b0357545ede1 req-2ae0aceb-0883-4126-8c04-b0357545ede1 ] Request (ImagesOneServerTestJSON:test_create_delete_image): 200 GET http://10.180.1.21/compute/v2.1/images/31bd8434-9b37-48ea-b67c-4ecc82d046ca 0.080s
2025-03-19 13:55:29.323 70048 INFO tempest.lib.common.rest_client [req-d976bed1-54e9-4cc5-961c-63d4a9a91ac4 req-d976bed1-54e9-4cc5-961c-63d4a9a91ac4 ] Request (FloatingIPsAssociationTestJSON:tearDownClass): 200 GET http://10.180.1.21/compute/v2.1/servers/abe0995d-a681-4263-9a69-6d4254c07de2 0.127s
2025-03-19 13:55:29.345 70066 INFO tempest.lib.common.rest_client [req-f0869de8-91df-4b1b-81d4-0ac048fcebf7 req-f0869de8-91df-4b1b-81d4-0ac048fcebf7 ] Request (ServerTagsTestJSON:tearDownClass): 204 DELETE http://10.180.1.21/identity/v3/users/ca1780095ac7429c9e286d131479326f 0.096s
2025-03-19 13:55:29.345 70066 INFO tempest.lib.common.dynamic_creds [-] Deleting project and security group for project: d8da2e327e0149c9a873a76921c54a29
2025-03-19 13:55:29.360 70065 INFO tempest.lib.common.rest_client [req-c94c948c-a296-4c39-bd5c-a7a9016d8ab1 req-c94c948c-a296-4c39-bd5c-a7a9016d8ab1 ] Request (ListServersNegativeTestJSON:setUpClass): 200 GET http://10.180.1.21/compute/v2.1/servers/1f9cfce3-1616-4167-8a02-1ca3b58dc115 0.131s
2025-03-19 13:55:29.375 70066 INFO tempest.lib.common.rest_client [req-48d170a3-1871-42e4-a50f-548a46d77221 req-48d170a3-1871-42e4-a50f-548a46d77221 ] Request (ServerTagsTestJSON:tearDownClass): 200 GET http://10.180.1.21:9696/networking/v2.0/security-groups?tenant_id=d8da2e327e0149c9a873a76921c54a29&name=default 0.029s
2025-03-19 13:55:29.388 70022 INFO tempest.lib.common.rest_client [req-ac6807f5-d3b4-4188-8b84-fc7fbf3e2b0a req-ac6807f5-d3b4-4188-8b84-fc7fbf3e2b0a ] Request (ServerMetadataNegativeTestJSON:setUpClass): 200 GET http://10.180.1.21/compute/v2.1/servers/62fa2fd7-c135-42ef-88ab-d5090907b77c 0.105s
2025-03-19 13:55:29.439 70056 INFO tempest.lib.common.rest_client [req-7ffb0d9b-4b27-4253-8a86-84029f854ac4 req-7ffb0d9b-4b27-4253-8a86-84029f854ac4 ] Request (ServersTestMultiNic:_run_cleanups): 200 GET http://10.180.1.21/compute/v2.1/servers/15c8d71d-2065-4bd4-91c3-d6c5140fff83 0.143s
2025-03-19 13:55:29.450 70020 INFO tempest.lib.common.rest_client [req-4ce6c9e7-c0a3-4e16-9c88-2d123fc0e3d4 req-4ce6c9e7-c0a3-4e16-9c88-2d123fc0e3d4 ] Request (ServerAddressesNegativeTestJSON:setUpClass): 200 GET http://10.180.1.21/compute/v2.1/servers/835db1b6-3b4b-452e-ba88-8dbd6ba4fbd1 0.077s
2025-03-19 13:55:29.484 70066 INFO tempest.lib.common.rest_client [req-80d24a0e-e85c-4112-afa1-02fe901ee38b req-80d24a0e-e85c-4112-afa1-02fe901ee38b ] Request (ServerTagsTestJSON:tearDownClass): 204 DELETE http://10.180.1.21:9696/networking/v2.0/security-groups/bfbcc255-6980-48ab-88ea-d3e6adf6df99 0.109s
2025-03-19 13:55:29.511 70062 INFO tempest.lib.common.rest_client [req-27760068-6645-4444-b56d-8f51bf0773be req-27760068-6645-4444-b56d-8f51bf0773be ] Request (MigrationsAdminTest:test_resize_server_revert_deleted_flavor): 200 GET http://10.180.1.21/compute/v2.1/servers/cc9ac051-3e6f-408f-ae7e-ba0bb1fcdb06 0.084s
2025-03-19 13:55:29.579 70024 INFO tempest.lib.common.rest_client [req-47953a2c-98bd-4e86-929a-12e4144ff9c2 req-47953a2c-98bd-4e86-929a-12e4144ff9c2 ] Request (TenantUsagesTestJSON:tearDownClass): 200 GET http://10.180.1.21/compute/v2.1/servers/86f7bb58-2b6a-4d7e-8a07-e8ce6f303051 0.075s
2025-03-19 13:55:29.612 70066 INFO tempest.lib.common.rest_client [req-e6ceba2b-25b0-45c5-b1c9-9495a5636edf req-e6ceba2b-25b0-45c5-b1c9-9495a5636edf ] Request (ServerTagsTestJSON:tearDownClass): 204 DELETE http://10.180.1.21/identity/v3/projects/d8da2e327e0149c9a873a76921c54a29 0.127s
2025-03-19 13:55:29.619 70076 INFO tempest.lib.common.rest_client [req-0e2263ca-ebf3-4952-8740-b1154baf96a6 req-0e2263ca-ebf3-4952-8740-b1154baf96a6 ] Request (AttachInterfacesTestJSON:test_create_list_show_delete_interfaces_by_fixed_ip): 200 GET http://10.180.1.21/compute/v2.1/servers/dd87b231-075a-46c6-ae8f-3152bfb685b7 0.122s
2025-03-19 13:55:29.628 70078 INFO tempest.lib.common.rest_client [req-df5c63a3-b9e8-4ca5-8652-fa9bf71ac8d8 req-df5c63a3-b9e8-4ca5-8652-fa9bf71ac8d8 ] Request (ServersAdminTestJSON:test_inject_network_info): 200 GET http://10.180.1.21/compute/v2.1/servers/acfbd008-7a97-4593-8c01-51f5a33eaa1c 0.069s
2025-03-19 13:55:29.829 70030 INFO tempest.lib.common.rest_client [req-9389e465-6700-4e00-a9fc-30c50bc44870 req-9389e465-6700-4e00-a9fc-30c50bc44870 ] Request (ServersAdminNegativeTestJSON:tearDownClass): 200 GET http://10.180.1.21/compute/v2.1/servers/d2cc073a-aef3-46a2-9963-3163981b7e55 0.061s
2025-03-19 13:55:29.830 70054 INFO tempest.lib.common.rest_client [req-b28c6ae9-63b3-4aaa-91cf-4d362de708b7 req-b28c6ae9-63b3-4aaa-91cf-4d362de708b7 ] Request (InstanceActionsTestJSON:tearDownClass): 200 GET http://10.180.1.21/compute/v2.1/servers/a671c9c9-8655-4b57-8011-24e849eac2cb 0.066s
2025-03-19 13:55:29.851 70026 INFO tempest.lib.common.rest_client [req-373d6f5d-0703-4442-a888-40f6d0975e3d req-373d6f5d-0703-4442-a888-40f6d0975e3d ] Request (DeleteServersAdminTestJSON:test_delete_server_while_in_error_state): 404 GET http://10.180.1.21/compute/v2.1/servers/8a28ee81-c65d-4ccf-b8ea-d759a3375ed5 0.020s
2025-03-19 13:55:29.871 70026 INFO tempest.lib.common.rest_client [req-ec9b7220-7722-45b5-adcc-8ac500633624 req-ec9b7220-7722-45b5-adcc-8ac500633624 ] Request (DeleteServersAdminTestJSON:tearDownClass): 404 DELETE http://10.180.1.21/compute/v2.1/servers/8a28ee81-c65d-4ccf-b8ea-d759a3375ed5 0.018s
2025-03-19 13:55:29.883 70038 INFO tempest.lib.common.rest_client [req-82c1fe05-aa21-4538-9416-a14c980a55d8 req-82c1fe05-aa21-4538-9416-a14c980a55d8 ] Request (ServersAaction247Test:test_create_backup): 200 GET http://10.180.1.21/compute/v2.1/servers/538bd1ff-c4a9-449e-812e-90f0ef6f7a98 0.049s
2025-03-19 13:55:29.889 70026 INFO tempest.lib.common.rest_client [req-6e72749c-c16d-4bfa-a56d-d7be2b829c08 req-6e72749c-c16d-4bfa-a56d-d7be2b829c08 ] Request (DeleteServersAdminTestJSON:tearDownClass): 404 GET http://10.180.1.21/compute/v2.1/servers/8a28ee81-c65d-4ccf-b8ea-d759a3375ed5 0.018s
2025-03-19 13:55:29.908 70026 INFO tempest.lib.common.rest_client [req-a1271971-d5a7-49bf-98bd-8eb557eed49d req-a1271971-d5a7-49bf-98bd-8eb557eed49d ] Request (DeleteServersAdminTestJSON:tearDownClass): 404 DELETE http://10.180.1.21/compute/v2.1/servers/1d519536-f57a-46cd-a4c8-e7617274eafd 0.018s
2025-03-19 13:55:29.927 70026 INFO tempest.lib.common.rest_client [req-b44bb7be-9a04-4468-84ad-a4bb4e15d4f1 req-b44bb7be-9a04-4468-84ad-a4bb4e15d4f1 ] Request (DeleteServersAdminTestJSON:tearDownClass): 404 GET http://10.180.1.21/compute/v2.1/servers/1d519536-f57a-46cd-a4c8-e7617274eafd 0.019s
2025-03-19 13:55:29.952 70042 INFO tempest.lib.common.rest_client [req-6a7d2d53-c208-4469-aecb-10b2581c4ca5 req-6a7d2d53-c208-4469-aecb-10b2581c4ca5 ] Request (ServerMetadataTestJSON:setUpClass): 200 GET http://10.180.1.21/compute/v2.1/servers/45f34208-c4a3-45b6-a7fa-81c116f7450a 0.046s
2025-03-19 13:55:29.976 70060 INFO tempest.lib.common.rest_client [req-c66d7715-2480-4095-9984-a621ddddc25c req-c66d7715-2480-4095-9984-a621ddddc25c ] Request (ServersAdmin275Test:test_rebuild_update_server_275): 200 GET http://10.180.1.21/compute/v2.1/servers/f208df38-eba6-4969-9639-176cddc5d1ff 0.068s
2025-03-19 13:55:30.022 70026 INFO tempest.lib.common.rest_client [req-69daafe7-4fd3-44fa-bb68-7b518cba9669 req-69daafe7-4fd3-44fa-bb68-7b518cba9669 ] Request (DeleteServersAdminTestJSON:tearDownClass): 204 DELETE http://10.180.1.21/identity/v3/users/f30c216a81ce4924859ef1ab169752ea 0.095s
2025-03-19 13:55:30.026 70032 INFO tempest.lib.common.rest_client [req-8665315b-c034-45c6-9557-15c6336cacc4 req-8665315b-c034-45c6-9557-15c6336cacc4 ] Request (ListImageFiltersTestJSON:setUpClass): 200 GET http://10.180.1.21/compute/v2.1/servers/f9d366bc-9336-446d-ae8e-f7052af72e8c 0.056s
2025-03-19 13:55:30.034 70036 INFO tempest.lib.common.rest_client [req-2505c374-8b33-4053-bb33-3294fbb5f1a6 req-2505c374-8b33-4053-bb33-3294fbb5f1a6 ] Request (ServerAddressesTestJSON:setUpClass): 200 GET http://10.180.1.21/compute/v2.1/servers/ae628692-35b2-4fa7-8aee-d77483405fe9 0.062s
2025-03-19 13:55:30.075 70072 INFO tempest.lib.common.rest_client [req-2852e357-e272-49bb-ba91-f3a7114458a8 req-2852e357-e272-49bb-ba91-f3a7114458a8 ] Request (ServersTestJSON:test_create_server_with_ipv6_addr_only): 200 GET http://10.180.1.21/compute/v2.1/servers/131b9632-347e-4203-b770-c6449683c6d6 0.052s
2025-03-19 13:55:30.115 70026 INFO tempest.lib.common.rest_client [req-e42a34b3-dc19-4d98-9f28-e213db7131b3 req-e42a34b3-dc19-4d98-9f28-e213db7131b3 ] Request (DeleteServersAdminTestJSON:tearDownClass): 204 DELETE http://10.180.1.21/identity/v3/users/488eb19780934a2e93122fdebb6150f4 0.092s
2025-03-19 13:55:30.116 70026 INFO tempest.lib.common.dynamic_creds [-] Deleting project and security group for project: 3693634634154e1f9e3bdacdc0028697
2025-03-19 13:55:30.124 70046 INFO tempest.lib.common.rest_client [req-03cb9ee6-ba75-4f74-a5ba-73a51562f4eb req-03cb9ee6-ba75-4f74-a5ba-73a51562f4eb ] Request (ServersListShow2100Test:tearDownClass): 200 GET http://10.180.1.21/compute/v2.1/servers/1a168001-abf2-4fc9-b93c-2eea7bd3bb21 0.078s
2025-03-19 13:55:30.146 70050 INFO tempest.lib.common.rest_client [req-bfa88393-ce26-4980-9ef5-11344464803f req-bfa88393-ce26-4980-9ef5-11344464803f ] Request (MultipleCreateTestJSON:test_multiple_create_with_reservation_return): 200 GET http://10.180.1.21/compute/v2.1/servers/11beea4b-b6e1-45ff-8640-396448ac8871 0.051s
2025-03-19 13:55:30.176 70058 INFO tempest.lib.common.rest_client [req-acb9d9f9-3a39-433a-b775-39239eacbc70 req-acb9d9f9-3a39-433a-b775-39239eacbc70 ] Request (AttachInterfacesUnderV243Test:test_add_remove_fixed_ip): 200 GET http://10.180.1.21/compute/v2.1/servers/d36e24b4-b199-4032-a564-77378b08369b 0.076s
2025-03-19 13:55:30.179 70026 INFO tempest.lib.common.rest_client [req-0384cf05-816f-4858-89bb-cca044e71bd0 req-0384cf05-816f-4858-89bb-cca044e71bd0 ] Request (DeleteServersAdminTestJSON:tearDownClass): 201 POST http://10.180.1.21/identity/v3/auth/tokens 0.063s
2025-03-19 13:55:30.252 70026 INFO tempest.lib.common.rest_client [req-3ad67c68-2abd-4068-89a1-7450133208ab req-3ad67c68-2abd-4068-89a1-7450133208ab ] Request (DeleteServersAdminTestJSON:tearDownClass): 200 GET http://10.180.1.21:9696/networking/v2.0/security-groups?tenant_id=3693634634154e1f9e3bdacdc0028697&name=default 0.073s
2025-03-19 13:55:30.285 70044 INFO tempest.lib.common.rest_client [req-3f336029-f3bf-439d-ab2c-bd52cd5ebbcf req-3f336029-f3bf-439d-ab2c-bd52cd5ebbcf ] Request (InstanceActionsV221TestJSON:test_get_list_deleted_instance_actions): 200 GET http://10.180.1.21/compute/v2.1/servers/8756b2f1-7fdd-4d29-aedd-bca7dbf5dd3d 0.065s
2025-03-19 13:55:30.361 70028 INFO tempest.lib.common.rest_client [req-840ffe30-9f41-45f2-a859-f9932ce59681 req-840ffe30-9f41-45f2-a859-f9932ce59681 ] Request (ImagesOneServerNegativeTestJSON:_run_cleanups): 200 GET http://10.180.1.21/compute/v2.1/servers/ad77e2a6-0461-49b1-bfd8-8039e7a23ac5 0.085s
2025-03-19 13:55:30.403 70068 INFO tempest.lib.common.rest_client [req-13754f63-1770-4bf0-968c-263ddfae06b7 req-13754f63-1770-4bf0-968c-263ddfae06b7 ] Request (ImagesOneServerTestJSON:test_create_delete_image): 200 GET http://10.180.1.21/compute/v2.1/images/31bd8434-9b37-48ea-b67c-4ecc82d046ca 0.091s
2025-03-19 13:55:30.404 70080 INFO tempest.lib.common.rest_client [req-d21e8082-755d-45cf-bf11-303416093376 req-d21e8082-755d-45cf-bf11-303416093376 ] Request (SecurityGroupsTestJSON:test_server_security_groups): 200 GET http://10.180.1.21/compute/v2.1/servers/67b31c61-8436-48f7-9bc4-af90ecd843b1 0.139s
2025-03-19 13:55:30.437 70026 INFO tempest.lib.common.rest_client [req-d2378046-eec4-4258-b63b-90865a8b6b31 req-d2378046-eec4-4258-b63b-90865a8b6b31 ] Request (DeleteServersAdminTestJSON:tearDownClass): 204 DELETE http://10.180.1.21:9696/networking/v2.0/security-groups/12244d40-7fc7-4cf1-80a5-6e8d0b2fe000 0.184s
2025-03-19 13:55:30.475 70065 INFO tempest.lib.common.rest_client [req-2fe8b705-9a2d-49d0-840d-5561b74394df req-2fe8b705-9a2d-49d0-840d-5561b74394df ] Request (ListServersNegativeTestJSON:setUpClass): 200 GET http://10.180.1.21/compute/v2.1/servers/1f9cfce3-1616-4167-8a02-1ca3b58dc115 0.100s
2025-03-19 13:55:30.479 70048 INFO tempest.lib.common.rest_client [req-f77eefa5-2ac7-4eac-b7c9-570787de992c req-f77eefa5-2ac7-4eac-b7c9-570787de992c ] Request (FloatingIPsAssociationTestJSON:tearDownClass): 200 GET http://10.180.1.21/compute/v2.1/servers/abe0995d-a681-4263-9a69-6d4254c07de2 0.149s
2025-03-19 13:55:30.507 70026 INFO tempest.lib.common.rest_client [req-b9b87053-c7c8-477d-9fdf-8c015782b898 req-b9b87053-c7c8-477d-9fdf-8c015782b898 ] Request (DeleteServersAdminTestJSON:tearDownClass): 204 DELETE http://10.180.1.21/identity/v3/projects/3693634634154e1f9e3bdacdc0028697 0.070s
2025-03-19 13:55:30.508 70026 INFO tempest.lib.common.dynamic_creds [-] Deleting project and security group for project: a38159338ede43c88bc3f7a447ad1509
2025-03-19 13:55:30.541 70022 INFO tempest.lib.common.rest_client [req-63a19eaa-82aa-4807-9c5a-abb3f8d96208 req-63a19eaa-82aa-4807-9c5a-abb3f8d96208 ] Request (ServerMetadataNegativeTestJSON:setUpClass): 200 GET http://10.180.1.21/compute/v2.1/servers/62fa2fd7-c135-42ef-88ab-d5090907b77c 0.139s
2025-03-19 13:55:30.554 70056 INFO tempest.lib.common.rest_client [req-e1152674-bf61-4dcf-9881-b3abcc54ffbd req-e1152674-bf61-4dcf-9881-b3abcc54ffbd ] Request (ServersTestMultiNic:_run_cleanups): 200 GET http://10.180.1.21/compute/v2.1/servers/15c8d71d-2065-4bd4-91c3-d6c5140fff83 0.101s
2025-03-19 13:55:30.595 70020 INFO tempest.lib.common.rest_client [req-d0064627-27b2-4bcf-bd3e-35e427040c2e req-d0064627-27b2-4bcf-bd3e-35e427040c2e ] Request (ServerAddressesNegativeTestJSON:setUpClass): 200 GET http://10.180.1.21/compute/v2.1/servers/835db1b6-3b4b-452e-ba88-8dbd6ba4fbd1 0.130s
2025-03-19 13:55:30.608 70062 INFO tempest.lib.common.rest_client [req-7283ad5b-0409-41f1-bb5d-84a93a799d02 req-7283ad5b-0409-41f1-bb5d-84a93a799d02 ] Request (MigrationsAdminTest:test_resize_server_revert_deleted_flavor): 200 GET http://10.180.1.21/compute/v2.1/servers/cc9ac051-3e6f-408f-ae7e-ba0bb1fcdb06 0.088s
2025-03-19 13:55:30.620 70026 INFO tempest.lib.common.rest_client [req-5be8e789-f872-4ad8-8064-564db5ef57fb req-5be8e789-f872-4ad8-8064-564db5ef57fb ] Request (DeleteServersAdminTestJSON:tearDownClass): 200 GET http://10.180.1.21:9696/networking/v2.0/security-groups?tenant_id=a38159338ede43c88bc3f7a447ad1509&name=default 0.112s
2025-03-19 13:55:30.662 70024 INFO tempest.lib.common.rest_client [req-ec204012-dbe1-4a0d-9a56-2e1dc056c559 req-ec204012-dbe1-4a0d-9a56-2e1dc056c559 ] Request (TenantUsagesTestJSON:tearDownClass): 200 GET http://10.180.1.21/compute/v2.1/servers/86f7bb58-2b6a-4d7e-8a07-e8ce6f303051 0.075s
2025-03-19 13:55:30.713 70026 INFO tempest.lib.common.rest_client [req-ded80a7d-954d-4700-a587-6e435b24e7cd req-ded80a7d-954d-4700-a587-6e435b24e7cd ] Request (DeleteServersAdminTestJSON:tearDownClass): 204 DELETE http://10.180.1.21:9696/networking/v2.0/security-groups/b2bd9697-f3c3-4f97-8af1-aec9894db440 0.092s
2025-03-19 13:55:30.719 70078 INFO tempest.lib.common.rest_client [req-118b8035-a268-4fb4-a21a-db6c6fb4eddd req-118b8035-a268-4fb4-a21a-db6c6fb4eddd ] Request (ServersAdminTestJSON:test_inject_network_info): 200 GET http://10.180.1.21/compute/v2.1/servers/acfbd008-7a97-4593-8c01-51f5a33eaa1c 0.084s
2025-03-19 13:55:30.738 70076 INFO tempest.lib.common.rest_client [req-538c204f-74a5-4fe4-9592-e3f037d027fa req-538c204f-74a5-4fe4-9592-e3f037d027fa ] Request (AttachInterfacesTestJSON:test_create_list_show_delete_interfaces_by_fixed_ip): 200 GET http://10.180.1.21/compute/v2.1/servers/dd87b231-075a-46c6-ae8f-3152bfb685b7 0.111s
2025-03-19 13:55:30.800 70026 INFO tempest.lib.common.rest_client [req-f4e841c3-4e1d-4e35-8b4b-e1800dbd8624 req-f4e841c3-4e1d-4e35-8b4b-e1800dbd8624 ] Request (DeleteServersAdminTestJSON:tearDownClass): 204 DELETE http://10.180.1.21/identity/v3/projects/a38159338ede43c88bc3f7a447ad1509 0.087s
2025-03-19 13:55:30.860 70026 INFO tempest.lib.common.rest_client [req-92daa2bc-94b1-4114-9d1a-96c1ff9c0c83 req-92daa2bc-94b1-4114-9d1a-96c1ff9c0c83 ] Request (HypervisorAdminV253TestBase:setUpClass): 201 POST http://10.180.1.21/identity/v3/auth/tokens 0.058s
2025-03-19 13:55:30.889 70026 INFO tempest.lib.common.rest_client [req-435f09ee-2de2-4f85-a547-3922ea5e62b6 req-435f09ee-2de2-4f85-a547-3922ea5e62b6 ] Request (HypervisorAdminV253TestBase:setUpClass): 201 POST http://10.180.1.21/identity/v3/auth/tokens 0.026s
2025-03-19 13:55:30.902 70030 INFO tempest.lib.common.rest_client [req-4edf3f5e-c56b-443a-9c20-7e0b16d363ad req-4edf3f5e-c56b-443a-9c20-7e0b16d363ad ] Request (ServersAdminNegativeTestJSON:tearDownClass): 200 GET http://10.180.1.21/compute/v2.1/servers/d2cc073a-aef3-46a2-9963-3163981b7e55 0.066s
2025-03-19 13:55:30.906 70054 INFO tempest.lib.common.rest_client [req-db1995ef-13f6-4383-bbda-1c92d647f77c req-db1995ef-13f6-4383-bbda-1c92d647f77c ] Request (InstanceActionsTestJSON:tearDownClass): 200 GET http://10.180.1.21/compute/v2.1/servers/a671c9c9-8655-4b57-8011-24e849eac2cb 0.069s
2025-03-19 13:55:30.913 70026 INFO tempest.lib.common.rest_client [req-4619a85d-1ee4-4fd7-b537-f85f31443200 req-4619a85d-1ee4-4fd7-b537-f85f31443200 ] Request (HypervisorAdminV253TestBase:setUpClass): 200 GET http://10.180.1.21/identity/v3/domains?name=Default 0.024s
2025-03-19 13:55:30.947 70026 INFO tempest.lib.common.rest_client [req-9587739c-3d70-4aca-bd93-f476ac471598 req-9587739c-3d70-4aca-bd93-f476ac471598 ] Request (HypervisorAdminV253TestBase:setUpClass): 201 POST http://10.180.1.21/identity/v3/projects 0.032s
2025-03-19 13:55:30.953 70038 INFO tempest.lib.common.rest_client [req-a3bbd189-5459-4c68-9936-7d83a2b08797 req-a3bbd189-5459-4c68-9936-7d83a2b08797 ] Request (ServersAaction247Test:test_create_backup): 200 GET http://10.180.1.21/compute/v2.1/servers/538bd1ff-c4a9-449e-812e-90f0ef6f7a98 0.060s
2025-03-19 13:55:31.000 70026 INFO tempest.lib.common.rest_client [req-3283191f-73e9-47d8-a3dc-bb82724ab407 req-3283191f-73e9-47d8-a3dc-bb82724ab407 ] Request (HypervisorAdminV253TestBase:setUpClass): 201 POST http://10.180.1.21/identity/v3/users 0.053s
2025-03-19 13:55:31.008 70042 INFO tempest.lib.common.rest_client [req-660916f0-bf0f-43ce-b52e-baa8334fbe6e req-660916f0-bf0f-43ce-b52e-baa8334fbe6e ] Request (ServerMetadataTestJSON:setUpClass): 200 GET http://10.180.1.21/compute/v2.1/servers/45f34208-c4a3-45b6-a7fa-81c116f7450a 0.049s
2025-03-19 13:55:31.020 70026 INFO tempest.lib.common.rest_client [req-3f2596b3-1856-4c24-b6f2-45f1d623e29d req-3f2596b3-1856-4c24-b6f2-45f1d623e29d ] Request (HypervisorAdminV253TestBase:setUpClass): 200 GET http://10.180.1.21/identity/v3/roles 0.019s
2025-03-19 13:55:31.042 70060 INFO tempest.lib.common.rest_client [req-c3612727-b46c-4696-9663-20531574fe9d req-c3612727-b46c-4696-9663-20531574fe9d ] Request (ServersAdmin275Test:test_rebuild_update_server_275): 200 GET http://10.180.1.21/compute/v2.1/servers/f208df38-eba6-4969-9639-176cddc5d1ff 0.054s
2025-03-19 13:55:31.044 70026 INFO tempest.lib.common.rest_client [req-fe225240-aa1a-461a-9d01-9bf385fbd76d req-fe225240-aa1a-461a-9d01-9bf385fbd76d ] Request (HypervisorAdminV253TestBase:setUpClass): 204 PUT http://10.180.1.21/identity/v3/projects/2c40db20017243f68e80b8e962495ce3/users/0815a2f1aa9440008056d5511ed6d06f/roles/db2efb7f283948f9b774a3fb281cf9db 0.023s
2025-03-19 13:55:31.044 70026 INFO tempest.lib.common.dynamic_creds [-] Dynamic test user 0815a2f1aa9440008056d5511ed6d06f is created with scope project and roles: ['member']
2025-03-19 13:55:31.044 70026 INFO tempest.lib.common.dynamic_creds [-] Acquired dynamic creds: credentials: Credentials: {'domain_id': 'default', 'domain_name': 'Default', 'username': 'tempest-HypervisorAdminV253TestBase-1830655063-project-member', 'project_domain_id': 'default', 'project_domain_name': 'Default', 'project_id': '2c40db20017243f68e80b8e962495ce3', 'project_name': 'tempest-HypervisorAdminV253TestBase-1830655063', 'tenant_id': '2c40db20017243f68e80b8e962495ce3', 'tenant_name': 'tempest-HypervisorAdminV253TestBase-1830655063', 'user_domain_id': 'default', 'user_domain_name': 'Default', 'user_id': '0815a2f1aa9440008056d5511ed6d06f', 'system': None}, Network: None, Subnet: None, Router: None
2025-03-19 13:55:31.044 70026 INFO tempest.lib.common.dynamic_creds [-] Created isolated network resources for: credentials: Credentials: {'domain_id': 'default', 'domain_name': 'Default', 'username': 'tempest-HypervisorAdminV253TestBase-1830655063-project-member', 'project_domain_id': 'default', 'project_domain_name': 'Default', 'project_id': '2c40db20017243f68e80b8e962495ce3', 'project_name': 'tempest-HypervisorAdminV253TestBase-1830655063', 'tenant_id': '2c40db20017243f68e80b8e962495ce3', 'tenant_name': 'tempest-HypervisorAdminV253TestBase-1830655063', 'user_domain_id': 'default', 'user_domain_name': 'Default', 'user_id': '0815a2f1aa9440008056d5511ed6d06f', 'system': None}, Network: None, Subnet: None, Router: None
2025-03-19 13:55:31.048 70082 WARNING tempest.lib.common.ssh [-] Failed to establish authenticated ssh connection to cirros@10.180.180.178 ([Errno None] Unable to connect to port 22 on 10.180.180.178). Number attempts: 10. Retry after 11 seconds.: paramiko.ssh_exception.NoValidConnectionsError: [Errno None] Unable to connect to port 22 on 10.180.180.178
2025-03-19 13:55:31.086 70032 INFO tempest.lib.common.rest_client [req-c7fa9614-1e40-4f99-a7b9-8fd13e9576c6 req-c7fa9614-1e40-4f99-a7b9-8fd13e9576c6 ] Request (ListImageFiltersTestJSON:setUpClass): 200 GET http://10.180.1.21/compute/v2.1/servers/f9d366bc-9336-446d-ae8e-f7052af72e8c 0.053s
2025-03-19 13:55:31.101 70036 INFO tempest.lib.common.rest_client [req-4503e583-36f5-468a-a58b-29273e5ec117 req-4503e583-36f5-468a-a58b-29273e5ec117 ] Request (ServerAddressesTestJSON:setUpClass): 200 GET http://10.180.1.21/compute/v2.1/servers/ae628692-35b2-4fa7-8aee-d77483405fe9 0.058s
2025-03-19 13:55:31.108 70026 INFO tempest.lib.common.rest_client [req-e1d0f06e-ee1b-4c86-b1ed-00e71dbf3c00 req-e1d0f06e-ee1b-4c86-b1ed-00e71dbf3c00 ] Request (HypervisorAdminV253TestBase:setUpClass): 201 POST http://10.180.1.21/identity/v3/auth/tokens 0.060s
2025-03-19 13:55:31.134 70072 INFO tempest.lib.common.rest_client [req-6287c9f7-ba13-47cb-8d86-e77e64b134f2 req-6287c9f7-ba13-47cb-8d86-e77e64b134f2 ] Request (ServersTestJSON:test_create_server_with_ipv6_addr_only): 200 GET http://10.180.1.21/compute/v2.1/servers/131b9632-347e-4203-b770-c6449683c6d6 0.051s
2025-03-19 13:55:31.162 70026 INFO tempest.lib.common.rest_client [req-83622a73-bc39-4911-a8b1-a78f3d0e750a req-83622a73-bc39-4911-a8b1-a78f3d0e750a ] Request (HypervisorAdminV253TestBase:setUpClass): 201 POST http://10.180.1.21/identity/v3/projects 0.054s
2025-03-19 13:55:31.212 70050 INFO tempest.lib.common.rest_client [req-0aeca130-d82d-4c50-9ee4-cc12b4d8cf3a req-0aeca130-d82d-4c50-9ee4-cc12b4d8cf3a ] Request (MultipleCreateTestJSON:test_multiple_create_with_reservation_return): 200 GET http://10.180.1.21/compute/v2.1/servers/11beea4b-b6e1-45ff-8640-396448ac8871 0.057s
2025-03-19 13:55:31.221 70026 INFO tempest.lib.common.rest_client [req-a3eaa09c-21e1-442b-b075-4cf71767c2db req-a3eaa09c-21e1-442b-b075-4cf71767c2db ] Request (HypervisorAdminV253TestBase:setUpClass): 201 POST http://10.180.1.21/identity/v3/users 0.058s
2025-03-19 13:55:31.223 70046 INFO tempest.lib.common.rest_client [req-76800bff-811f-47f8-b9b1-efe2b64d3f37 req-76800bff-811f-47f8-b9b1-efe2b64d3f37 ] Request (ServersListShow2100Test:tearDownClass): 200 GET http://10.180.1.21/compute/v2.1/servers/1a168001-abf2-4fc9-b93c-2eea7bd3bb21 0.082s
2025-03-19 13:55:31.242 70026 INFO tempest.lib.common.rest_client [req-6f0093fb-08c9-468f-903b-351944a39bac req-6f0093fb-08c9-468f-903b-351944a39bac ] Request (HypervisorAdminV253TestBase:setUpClass): 200 GET http://10.180.1.21/identity/v3/roles 0.020s
2025-03-19 13:55:31.263 70058 INFO tempest.lib.common.rest_client [req-ffb802da-7333-4f63-97c2-96af83ceedac req-ffb802da-7333-4f63-97c2-96af83ceedac ] Request (AttachInterfacesUnderV243Test:test_add_remove_fixed_ip): 200 GET http://10.180.1.21/compute/v2.1/servers/d36e24b4-b199-4032-a564-77378b08369b 0.078s
2025-03-19 13:55:31.266 70026 INFO tempest.lib.common.rest_client [req-ef3d6dfa-b5a4-43fc-bb8c-55e48a4e8164 req-ef3d6dfa-b5a4-43fc-bb8c-55e48a4e8164 ] Request (HypervisorAdminV253TestBase:setUpClass): 204 PUT http://10.180.1.21/identity/v3/projects/f1c62184ff4f48f3a544bebd23c26da5/users/ccbe2592b0f04aaca17ce09625c5bbb9/roles/1edda1514e184ba79414cbd1cf5febbe 0.023s
2025-03-19 13:55:31.312 70026 INFO tempest.lib.common.rest_client [req-9c01a2ef-d14a-4ea1-a100-d0b3dedacefe req-9c01a2ef-d14a-4ea1-a100-d0b3dedacefe ] Request (HypervisorAdminV253TestBase:setUpClass): 200 GET http://10.180.1.21/identity/v3/roles 0.046s
2025-03-19 13:55:31.330 70026 INFO tempest.lib.common.rest_client [req-22cd173d-5097-465c-96ba-0dfc71f4225a req-22cd173d-5097-465c-96ba-0dfc71f4225a ] Request (HypervisorAdminV253TestBase:setUpClass): 204 PUT http://10.180.1.21/identity/v3/projects/f1c62184ff4f48f3a544bebd23c26da5/users/ccbe2592b0f04aaca17ce09625c5bbb9/roles/1edda1514e184ba79414cbd1cf5febbe 0.017s
2025-03-19 13:55:31.330 70026 INFO tempest.lib.common.dynamic_creds [-] Dynamic test user ccbe2592b0f04aaca17ce09625c5bbb9 is created with scope project and roles: ['admin']
2025-03-19 13:55:31.330 70026 INFO tempest.lib.common.dynamic_creds [-] Acquired dynamic creds: credentials: Credentials: {'domain_id': 'default', 'domain_name': 'Default', 'username': 'tempest-HypervisorAdminV253TestBase-1592336678-project-admin', 'project_domain_id': 'default', 'project_domain_name': 'Default', 'project_id': 'f1c62184ff4f48f3a544bebd23c26da5', 'project_name': 'tempest-HypervisorAdminV253TestBase-1592336678', 'tenant_id': 'f1c62184ff4f48f3a544bebd23c26da5', 'tenant_name': 'tempest-HypervisorAdminV253TestBase-1592336678', 'user_domain_id': 'default', 'user_domain_name': 'Default', 'user_id': 'ccbe2592b0f04aaca17ce09625c5bbb9', 'system': None}, Network: None, Subnet: None, Router: None
2025-03-19 13:55:31.330 70026 INFO tempest.lib.common.dynamic_creds [-] Created isolated network resources for: credentials: Credentials: {'domain_id': 'default', 'domain_name': 'Default', 'username': 'tempest-HypervisorAdminV253TestBase-1592336678-project-admin', 'project_domain_id': 'default', 'project_domain_name': 'Default', 'project_id': 'f1c62184ff4f48f3a544bebd23c26da5', 'project_name': 'tempest-HypervisorAdminV253TestBase-1592336678', 'tenant_id': 'f1c62184ff4f48f3a544bebd23c26da5', 'tenant_name': 'tempest-HypervisorAdminV253TestBase-1592336678', 'user_domain_id': 'default', 'user_domain_name': 'Default', 'user_id': 'ccbe2592b0f04aaca17ce09625c5bbb9', 'system': None}, Network: None, Subnet: None, Router: None
2025-03-19 13:55:31.360 70044 INFO tempest.lib.common.rest_client [req-02702ef9-0b8a-4829-81d9-45f428f57ee3 req-02702ef9-0b8a-4829-81d9-45f428f57ee3 ] Request (InstanceActionsV221TestJSON:test_get_list_deleted_instance_actions): 200 GET http://10.180.1.21/compute/v2.1/servers/8756b2f1-7fdd-4d29-aedd-bca7dbf5dd3d 0.059s
2025-03-19 13:55:31.398 70026 INFO tempest.lib.common.rest_client [req-d2503777-ddff-4ee4-a51d-56cb4913302d req-d2503777-ddff-4ee4-a51d-56cb4913302d ] Request (HypervisorAdminV253TestBase:setUpClass): 201 POST http://10.180.1.21/identity/v3/auth/tokens 0.065s
2025-03-19 13:55:31.418 70028 INFO tempest.lib.common.rest_client [req-eefe37ed-1d76-4076-a3e3-0d610e769247 req-eefe37ed-1d76-4076-a3e3-0d610e769247 ] Request (ImagesOneServerNegativeTestJSON:_run_cleanups): 200 GET http://10.180.1.21/compute/v2.1/servers/ad77e2a6-0461-49b1-bfd8-8039e7a23ac5 0.047s
2025-03-19 13:55:31.450 70068 INFO tempest.lib.common.rest_client [req-786a0d23-6ffa-48b4-9bb9-dc617100bc77 req-786a0d23-6ffa-48b4-9bb9-dc617100bc77 ] Request (ImagesOneServerTestJSON:test_create_delete_image): 200 GET http://10.180.1.21/compute/v2.1/images/31bd8434-9b37-48ea-b67c-4ecc82d046ca 0.043s
2025-03-19 13:55:31.577 70080 INFO tempest.lib.common.rest_client [req-89ea906e-d016-4a23-b93c-fcbbfff10d15 req-89ea906e-d016-4a23-b93c-fcbbfff10d15 ] Request (SecurityGroupsTestJSON:test_server_security_groups): 200 GET http://10.180.1.21/compute/v2.1/servers/67b31c61-8436-48f7-9bc4-af90ecd843b1 0.162s
2025-03-19 13:55:31.588 70080 INFO tempest.common.waiters [-] State transition "BUILD/spawning" ==> "ACTIVE/None" after 77 second wait
2025-03-19 13:55:31.641 70065 INFO tempest.lib.common.rest_client [req-6dbef36b-7b47-4eb5-89f4-9c256dc62767 req-6dbef36b-7b47-4eb5-89f4-9c256dc62767 ] Request (ListServersNegativeTestJSON:setUpClass): 200 GET http://10.180.1.21/compute/v2.1/servers/1f9cfce3-1616-4167-8a02-1ca3b58dc115 0.153s
2025-03-19 13:55:31.714 70048 INFO tempest.lib.common.rest_client [req-216ef9ba-1c25-4afe-b705-9d636b9a8554 req-216ef9ba-1c25-4afe-b705-9d636b9a8554 ] Request (FloatingIPsAssociationTestJSON:tearDownClass): 200 GET http://10.180.1.21/compute/v2.1/servers/abe0995d-a681-4263-9a69-6d4254c07de2 0.222s
2025-03-19 13:55:31.758 70026 INFO tempest.lib.common.rest_client [req-4d8ed367-3d46-48d0-bf8a-b8f891a48e64 req-4d8ed367-3d46-48d0-bf8a-b8f891a48e64 ] Request (HypervisorAdminV253TestBase:test_list_show_detail_hypervisors): 200 GET http://10.180.1.21/compute/v2.1/os-hypervisors/detail?with_servers=True 0.358s
2025-03-19 13:55:31.770 70022 INFO tempest.lib.common.rest_client [req-bd7cf9f7-5e14-425a-8b00-a957a059f3aa req-bd7cf9f7-5e14-425a-8b00-a957a059f3aa ] Request (ServerMetadataNegativeTestJSON:setUpClass): 200 GET http://10.180.1.21/compute/v2.1/servers/62fa2fd7-c135-42ef-88ab-d5090907b77c 0.218s
2025-03-19 13:55:31.818 70056 INFO tempest.lib.common.rest_client [req-9e581e9d-7f57-4e03-9e17-77937a68b401 req-9e581e9d-7f57-4e03-9e17-77937a68b401 ] Request (ServersTestMultiNic:_run_cleanups): 200 GET http://10.180.1.21/compute/v2.1/servers/15c8d71d-2065-4bd4-91c3-d6c5140fff83 0.255s
2025-03-19 13:55:31.874 70020 INFO tempest.lib.common.rest_client [req-401cdd87-a0a5-4804-b399-2e0bafb2dff7 req-401cdd87-a0a5-4804-b399-2e0bafb2dff7 ] Request (ServerAddressesNegativeTestJSON:setUpClass): 200 GET http://10.180.1.21/compute/v2.1/servers/835db1b6-3b4b-452e-ba88-8dbd6ba4fbd1 0.271s
2025-03-19 13:55:31.930 70062 INFO tempest.lib.common.rest_client [req-779793f0-4672-40db-a013-65ad5f4b3d56 req-779793f0-4672-40db-a013-65ad5f4b3d56 ] Request (MigrationsAdminTest:test_resize_server_revert_deleted_flavor): 200 GET http://10.180.1.21/compute/v2.1/servers/cc9ac051-3e6f-408f-ae7e-ba0bb1fcdb06 0.310s
2025-03-19 13:55:32.001 70024 INFO tempest.lib.common.rest_client [req-c0171237-b6a7-44cd-93d0-9f30cd1cff56 req-c0171237-b6a7-44cd-93d0-9f30cd1cff56 ] Request (TenantUsagesTestJSON:tearDownClass): 200 GET http://10.180.1.21/compute/v2.1/servers/86f7bb58-2b6a-4d7e-8a07-e8ce6f303051 0.320s
2025-03-19 13:55:32.052 70078 INFO tempest.lib.common.rest_client [req-c6c389a3-e1ec-494f-af01-4c245cf36731 req-c6c389a3-e1ec-494f-af01-4c245cf36731 ] Request (ServersAdminTestJSON:test_inject_network_info): 200 GET http://10.180.1.21/compute/v2.1/servers/acfbd008-7a97-4593-8c01-51f5a33eaa1c 0.324s
2025-03-19 13:55:32.162 70076 INFO tempest.lib.common.rest_client [req-4edebbf2-12bf-4c0a-a1a7-abe2369131d0 req-4edebbf2-12bf-4c0a-a1a7-abe2369131d0 ] Request (AttachInterfacesTestJSON:test_create_list_show_delete_interfaces_by_fixed_ip): 200 GET http://10.180.1.21/compute/v2.1/servers/dd87b231-075a-46c6-ae8f-3152bfb685b7 0.417s
2025-03-19 13:55:32.176 70080 INFO tempest.lib.common.rest_client [req-1b86842d-a5c6-41b2-a2da-8f5ad7bb550b req-1b86842d-a5c6-41b2-a2da-8f5ad7bb550b ] Request (SecurityGroupsTestJSON:test_server_security_groups): 202 POST http://10.180.1.21/compute/v2.1/servers/67b31c61-8436-48f7-9bc4-af90ecd843b1/action 0.587s
2025-03-19 13:55:32.216 70026 INFO tempest.lib.common.rest_client [req-f62307d0-9965-47de-8ef5-b695277fe5be req-f62307d0-9965-47de-8ef5-b695277fe5be ] Request (HypervisorAdminV253TestBase:test_list_show_detail_hypervisors): 200 GET http://10.180.1.21/compute/v2.1/os-hypervisors?with_servers=True 0.453s
2025-03-19 13:55:32.241 70030 INFO tempest.lib.common.rest_client [req-5689264b-b094-4d7b-8a3c-79c2af6334df req-5689264b-b094-4d7b-8a3c-79c2af6334df ] Request (ServersAdminNegativeTestJSON:tearDownClass): 200 GET http://10.180.1.21/compute/v2.1/servers/d2cc073a-aef3-46a2-9963-3163981b7e55 0.329s
2025-03-19 13:55:32.274 70054 INFO tempest.lib.common.rest_client [req-4a509e28-6ffb-48ef-b33b-048d1e3503e8 req-4a509e28-6ffb-48ef-b33b-048d1e3503e8 ] Request (InstanceActionsTestJSON:tearDownClass): 200 GET http://10.180.1.21/compute/v2.1/servers/a671c9c9-8655-4b57-8011-24e849eac2cb 0.357s
2025-03-19 13:55:32.308 70038 INFO tempest.lib.common.rest_client [req-1b4b3f3e-efd2-48c9-9b49-1d84a93bc638 req-1b4b3f3e-efd2-48c9-9b49-1d84a93bc638 ] Request (ServersAaction247Test:test_create_backup): 200 GET http://10.180.1.21/compute/v2.1/servers/538bd1ff-c4a9-449e-812e-90f0ef6f7a98 0.346s
2025-03-19 13:55:32.343 70042 INFO tempest.lib.common.rest_client [req-3067018f-dd00-4fed-be0d-8a7b0c0841eb req-3067018f-dd00-4fed-be0d-8a7b0c0841eb ] Request (ServerMetadataTestJSON:setUpClass): 200 GET http://10.180.1.21/compute/v2.1/servers/45f34208-c4a3-45b6-a7fa-81c116f7450a 0.328s
2025-03-19 13:55:32.381 70060 INFO tempest.lib.common.rest_client [req-24f34dd7-0af9-499a-85b5-4ed10d78a543 req-24f34dd7-0af9-499a-85b5-4ed10d78a543 ] Request (ServersAdmin275Test:test_rebuild_update_server_275): 200 GET http://10.180.1.21/compute/v2.1/servers/f208df38-eba6-4969-9639-176cddc5d1ff 0.325s
2025-03-19 13:55:32.395 70032 INFO tempest.lib.common.rest_client [req-339c0e3a-0255-45f9-9035-3528e66a4bf2 req-339c0e3a-0255-45f9-9035-3528e66a4bf2 ] Request (ListImageFiltersTestJSON:setUpClass): 200 GET http://10.180.1.21/compute/v2.1/servers/f9d366bc-9336-446d-ae8e-f7052af72e8c 0.301s
2025-03-19 13:55:32.431 70036 INFO tempest.lib.common.rest_client [req-fb7ac81d-d4f8-4cce-839e-891e3df6807f req-fb7ac81d-d4f8-4cce-839e-891e3df6807f ] Request (ServerAddressesTestJSON:setUpClass): 200 GET http://10.180.1.21/compute/v2.1/servers/ae628692-35b2-4fa7-8aee-d77483405fe9 0.321s
2025-03-19 13:55:32.448 70072 INFO tempest.lib.common.rest_client [req-1f251400-5d0f-48b4-b578-0308c860b31d req-1f251400-5d0f-48b4-b578-0308c860b31d ] Request (ServersTestJSON:test_create_server_with_ipv6_addr_only): 200 GET http://10.180.1.21/compute/v2.1/servers/131b9632-347e-4203-b770-c6449683c6d6 0.306s
2025-03-19 13:55:32.521 70050 INFO tempest.lib.common.rest_client [req-27a5feae-4aeb-4e7c-b837-01ac3e4f2f5a req-27a5feae-4aeb-4e7c-b837-01ac3e4f2f5a ] Request (MultipleCreateTestJSON:test_multiple_create_with_reservation_return): 200 GET http://10.180.1.21/compute/v2.1/servers/11beea4b-b6e1-45ff-8640-396448ac8871 0.300s
2025-03-19 13:55:32.537 70080 INFO tempest.lib.common.rest_client [req-fb4a2ab2-7211-49a7-85a2-c2d47eef6cfa req-fb4a2ab2-7211-49a7-85a2-c2d47eef6cfa ] Request (SecurityGroupsTestJSON:test_server_security_groups): 400 DELETE http://10.180.1.21/compute/v2.1/os-security-groups/c41503b6-9cd1-42a7-b556-96d288dd3772 0.361s
2025-03-19 13:55:32.544 70026 INFO tempest.lib.common.rest_client [req-d7693f4c-5056-43fc-8097-025812724fa4 req-d7693f4c-5056-43fc-8097-025812724fa4 ] Request (HypervisorAdminV253TestBase:test_list_show_detail_hypervisors): 200 GET http://10.180.1.21/compute/v2.1/os-hypervisors/5a08ce25-a270-4b9f-aabb-681250add3d4 0.322s
2025-03-19 13:55:32.598 70058 INFO tempest.lib.common.rest_client [req-93a99e5b-37e1-4495-af64-d0d5ef1601ed req-93a99e5b-37e1-4495-af64-d0d5ef1601ed ] Request (AttachInterfacesUnderV243Test:test_add_remove_fixed_ip): 200 GET http://10.180.1.21/compute/v2.1/servers/d36e24b4-b199-4032-a564-77378b08369b 0.328s
2025-03-19 13:55:32.614 70046 INFO tempest.lib.common.rest_client [req-d6af1e0e-bc4a-4662-9972-82f402e96f4a req-d6af1e0e-bc4a-4662-9972-82f402e96f4a ] Request (ServersListShow2100Test:tearDownClass): 200 GET http://10.180.1.21/compute/v2.1/servers/1a168001-abf2-4fc9-b93c-2eea7bd3bb21 0.378s
2025-03-19 13:55:32.672 70026 INFO tempest.lib.common.rest_client [req-45c2bebb-4643-417e-b4ec-82ab91e56260 req-45c2bebb-4643-417e-b4ec-82ab91e56260 ] Request (HypervisorAdminV253TestBase:tearDownClass): 204 DELETE http://10.180.1.21/identity/v3/users/0815a2f1aa9440008056d5511ed6d06f 0.123s
2025-03-19 13:55:32.676 70044 INFO tempest.lib.common.rest_client [req-420421a2-74d4-4962-b330-7b5d5943cf1d req-420421a2-74d4-4962-b330-7b5d5943cf1d ] Request (InstanceActionsV221TestJSON:test_get_list_deleted_instance_actions): 200 GET http://10.180.1.21/compute/v2.1/servers/8756b2f1-7fdd-4d29-aedd-bca7dbf5dd3d 0.307s
2025-03-19 13:55:32.680 70028 INFO tempest.lib.common.rest_client [req-b3c922c5-1ff3-497c-916f-5636fa149ab5 req-b3c922c5-1ff3-497c-916f-5636fa149ab5 ] Request (ImagesOneServerNegativeTestJSON:_run_cleanups): 200 GET http://10.180.1.21/compute/v2.1/servers/ad77e2a6-0461-49b1-bfd8-8039e7a23ac5 0.254s
2025-03-19 13:55:32.712 70068 INFO tempest.lib.common.rest_client [req-a1767870-0270-4bb7-9917-99e9f5ee66d6 req-a1767870-0270-4bb7-9917-99e9f5ee66d6 ] Request (ImagesOneServerTestJSON:test_create_delete_image): 200 GET http://10.180.1.21/compute/v2.1/images/31bd8434-9b37-48ea-b67c-4ecc82d046ca 0.259s
2025-03-19 13:55:32.750 70080 INFO tempest.lib.common.rest_client [req-6098bfaf-968b-4d5e-a6b8-5ac4ba3573b5 req-6098bfaf-968b-4d5e-a6b8-5ac4ba3573b5 ] Request (SecurityGroupsTestJSON:test_server_security_groups): 202 POST http://10.180.1.21/compute/v2.1/servers/67b31c61-8436-48f7-9bc4-af90ecd843b1/action 0.212s
2025-03-19 13:55:32.772 70065 INFO tempest.lib.common.rest_client [req-75a2e732-a4ce-4e70-8a24-13713588243b req-75a2e732-a4ce-4e70-8a24-13713588243b ] Request (ListServersNegativeTestJSON:setUpClass): 200 GET http://10.180.1.21/compute/v2.1/servers/1f9cfce3-1616-4167-8a02-1ca3b58dc115 0.124s
2025-03-19 13:55:32.786 70026 INFO tempest.lib.common.rest_client [req-5741e2cb-3cc8-4c36-a19a-fc44a08500b0 req-5741e2cb-3cc8-4c36-a19a-fc44a08500b0 ] Request (HypervisorAdminV253TestBase:tearDownClass): 204 DELETE http://10.180.1.21/identity/v3/users/ccbe2592b0f04aaca17ce09625c5bbb9 0.113s
2025-03-19 13:55:32.786 70026 INFO tempest.lib.common.dynamic_creds [-] Deleting project and security group for project: f1c62184ff4f48f3a544bebd23c26da5
2025-03-19 13:55:32.833 70048 INFO tempest.lib.common.rest_client [req-d19ec059-4cc1-4b0e-8105-3c850101eeb5 req-d19ec059-4cc1-4b0e-8105-3c850101eeb5 ] Request (FloatingIPsAssociationTestJSON:tearDownClass): 200 GET http://10.180.1.21/compute/v2.1/servers/abe0995d-a681-4263-9a69-6d4254c07de2 0.111s
2025-03-19 13:55:32.856 70026 INFO tempest.lib.common.rest_client [req-7e289bd6-da0b-45a4-adb0-d023c6e2224a req-7e289bd6-da0b-45a4-adb0-d023c6e2224a ] Request (HypervisorAdminV253TestBase:tearDownClass): 201 POST http://10.180.1.21/identity/v3/auth/tokens 0.070s
2025-03-19 13:55:32.892 70022 INFO tempest.lib.common.rest_client [req-ea0f1ae7-f842-4a70-8741-e6c36a37ee35 req-ea0f1ae7-f842-4a70-8741-e6c36a37ee35 ] Request (ServerMetadataNegativeTestJSON:setUpClass): 200 GET http://10.180.1.21/compute/v2.1/servers/62fa2fd7-c135-42ef-88ab-d5090907b77c 0.110s
2025-03-19 13:55:32.922 70080 INFO tempest.lib.common.rest_client [req-e601aeab-a4e0-4ce8-b966-7fe2a44fbc5e req-e601aeab-a4e0-4ce8-b966-7fe2a44fbc5e ] Request (SecurityGroupsTestJSON:test_server_security_groups): 200 GET http://10.180.1.21/compute/v2.1/servers/67b31c61-8436-48f7-9bc4-af90ecd843b1 0.171s
2025-03-19 13:55:32.959 70056 INFO tempest.lib.common.rest_client [req-8fc9708b-3013-4c39-a2bc-146a536c0bed req-8fc9708b-3013-4c39-a2bc-146a536c0bed ] Request (ServersTestMultiNic:_run_cleanups): 200 GET http://10.180.1.21/compute/v2.1/servers/15c8d71d-2065-4bd4-91c3-d6c5140fff83 0.133s
2025-03-19 13:55:32.978 70020 INFO tempest.lib.common.rest_client [req-44120925-eb47-4bb3-9f73-a9028a33fa40 req-44120925-eb47-4bb3-9f73-a9028a33fa40 ] Request (ServerAddressesNegativeTestJSON:setUpClass): 200 GET http://10.180.1.21/compute/v2.1/servers/835db1b6-3b4b-452e-ba88-8dbd6ba4fbd1 0.095s
2025-03-19 13:55:33.024 70062 INFO tempest.lib.common.rest_client [req-169f89e3-e7dd-45d2-8a8e-91e6e351c31e req-169f89e3-e7dd-45d2-8a8e-91e6e351c31e ] Request (MigrationsAdminTest:test_resize_server_revert_deleted_flavor): 200 GET http://10.180.1.21/compute/v2.1/servers/cc9ac051-3e6f-408f-ae7e-ba0bb1fcdb06 0.082s
2025-03-19 13:55:33.088 70026 INFO tempest.lib.common.rest_client [req-f5564aec-eb60-4dab-9e5e-2aa7b429103b req-f5564aec-eb60-4dab-9e5e-2aa7b429103b ] Request (HypervisorAdminV253TestBase:tearDownClass): 200 GET http://10.180.1.21:9696/networking/v2.0/security-groups?tenant_id=f1c62184ff4f48f3a544bebd23c26da5&name=default 0.231s
2025-03-19 13:55:33.094 70024 INFO tempest.lib.common.rest_client [req-d5a14be8-a499-4e9e-966e-b56d1280a246 req-d5a14be8-a499-4e9e-966e-b56d1280a246 ] Request (TenantUsagesTestJSON:tearDownClass): 200 GET http://10.180.1.21/compute/v2.1/servers/86f7bb58-2b6a-4d7e-8a07-e8ce6f303051 0.085s
2025-03-19 13:55:33.125 70078 INFO tempest.lib.common.rest_client [req-f35ee3ba-4679-4425-b4fc-c2bade894239 req-f35ee3ba-4679-4425-b4fc-c2bade894239 ] Request (ServersAdminTestJSON:test_inject_network_info): 200 GET http://10.180.1.21/compute/v2.1/servers/acfbd008-7a97-4593-8c01-51f5a33eaa1c 0.065s
2025-03-19 13:55:33.174 70026 INFO tempest.lib.common.rest_client [req-8fea7201-fc9c-46d4-9db6-7688fdf4c974 req-8fea7201-fc9c-46d4-9db6-7688fdf4c974 ] Request (HypervisorAdminV253TestBase:tearDownClass): 204 DELETE http://10.180.1.21:9696/networking/v2.0/security-groups/a0d3ae01-582b-4cd3-900d-5e0c204ce95f 0.085s
2025-03-19 13:55:33.254 70026 INFO tempest.lib.common.rest_client [req-ba583515-29ed-44cd-926f-0edf63be666c req-ba583515-29ed-44cd-926f-0edf63be666c ] Request (HypervisorAdminV253TestBase:tearDownClass): 204 DELETE http://10.180.1.21/identity/v3/projects/f1c62184ff4f48f3a544bebd23c26da5 0.080s
2025-03-19 13:55:33.255 70026 INFO tempest.lib.common.dynamic_creds [-] Deleting project and security group for project: 2c40db20017243f68e80b8e962495ce3
2025-03-19 13:55:33.352 70030 INFO tempest.lib.common.rest_client [req-194754d0-0e3c-4db6-99f4-4a9ed7048b2b req-194754d0-0e3c-4db6-99f4-4a9ed7048b2b ] Request (ServersAdminNegativeTestJSON:tearDownClass): 200 GET http://10.180.1.21/compute/v2.1/servers/d2cc073a-aef3-46a2-9963-3163981b7e55 0.102s
2025-03-19 13:55:33.357 70076 INFO tempest.lib.common.rest_client [req-390d1d47-3124-4030-8ead-ea0513bc7d6e req-390d1d47-3124-4030-8ead-ea0513bc7d6e ] Request (AttachInterfacesTestJSON:test_create_list_show_delete_interfaces_by_fixed_ip): 200 GET http://10.180.1.21/compute/v2.1/servers/dd87b231-075a-46c6-ae8f-3152bfb685b7 0.184s
2025-03-19 13:55:33.372 70026 INFO tempest.lib.common.rest_client [req-9b7250c0-3355-4126-a331-1448bd4f8a4c req-9b7250c0-3355-4126-a331-1448bd4f8a4c ] Request (HypervisorAdminV253TestBase:tearDownClass): 200 GET http://10.180.1.21:9696/networking/v2.0/security-groups?tenant_id=2c40db20017243f68e80b8e962495ce3&name=default 0.116s
2025-03-19 13:55:33.374 70076 INFO tempest.common.waiters [-] State transition "BUILD/spawning" ==> "ACTIVE/None" after 78 second wait
2025-03-19 13:55:33.437 70054 INFO tempest.lib.common.rest_client [req-7e4bb0a5-8f55-496e-bc3b-1c7a0229248f req-7e4bb0a5-8f55-496e-bc3b-1c7a0229248f ] Request (InstanceActionsTestJSON:tearDownClass): 200 GET http://10.180.1.21/compute/v2.1/servers/a671c9c9-8655-4b57-8011-24e849eac2cb 0.155s
2025-03-19 13:55:33.452 70038 INFO tempest.lib.common.rest_client [req-73773e3e-9c3a-4833-8ff0-1fcc0a19ad07 req-73773e3e-9c3a-4833-8ff0-1fcc0a19ad07 ] Request (ServersAaction247Test:test_create_backup): 200 GET http://10.180.1.21/compute/v2.1/servers/538bd1ff-c4a9-449e-812e-90f0ef6f7a98 0.131s
2025-03-19 13:55:33.478 70026 INFO tempest.lib.common.rest_client [req-f9f25fc8-506d-49cd-bad4-848c7570f4d2 req-f9f25fc8-506d-49cd-bad4-848c7570f4d2 ] Request (HypervisorAdminV253TestBase:tearDownClass): 204 DELETE http://10.180.1.21:9696/networking/v2.0/security-groups/2d96dc25-9da4-4e54-b435-bcb5067e9998 0.106s
2025-03-19 13:55:33.503 70042 INFO tempest.lib.common.rest_client [req-c0f36c1d-b87b-445d-806b-1a0dbc71994d req-c0f36c1d-b87b-445d-806b-1a0dbc71994d ] Request (ServerMetadataTestJSON:setUpClass): 200 GET http://10.180.1.21/compute/v2.1/servers/45f34208-c4a3-45b6-a7fa-81c116f7450a 0.151s
2025-03-19 13:55:33.574 70076 INFO tempest.lib.common.rest_client [req-4306ede7-a33a-4824-ba29-661bc2de0b07 req-4306ede7-a33a-4824-ba29-661bc2de0b07 ] Request (AttachInterfacesTestJSON:test_create_list_show_delete_interfaces_by_fixed_ip): 200 GET http://10.180.1.21/compute/v2.1/servers/dd87b231-075a-46c6-ae8f-3152bfb685b7/os-interface 0.199s
