2024-10-04 14:47:32.613 62213 INFO tempest.lib.common.rest_client [req-04262cde-01ea-4bc7-973b-d990efd4f783 req-04262cde-01ea-4bc7-973b-d990efd4f783 ] Request (ServerGroup264TestJSON:tearDownClass): 204 DELETE http://10.180.1.21:9696/networking/v2.0/routers/c6a70b88-4c60-4502-9b6d-36823b6b8109 0.510s
2024-10-04 14:47:32.646 62237 INFO tempest.lib.common.rest_client [req-5a7eb8aa-b453-4357-835b-89b2145ace50 req-5a7eb8aa-b453-4357-835b-89b2145ace50 ] Request (ServersTestMultiNic:test_verify_duplicate_network_nics): 200 GET http://10.180.1.21/compute/v2.1/servers/1e30f1da-6e00-4e50-92ae-e0f9ddb74b71 0.581s
2024-10-04 14:47:32.665 62231 INFO tempest.lib.common.rest_client [req-222233e0-1872-4056-8186-948d3791fd32 req-222233e0-1872-4056-8186-948d3791fd32 ] Request (ServersTestManualDisk:tearDownClass): 204 DELETE http://10.180.1.21:9696/networking/v2.0/subnets/66994f34-5dc4-4c63-909c-28b13465e95e 0.200s
2024-10-04 14:47:32.698 62239 INFO tempest.lib.common.rest_client [req-71746a70-0d76-46ee-b763-44f48119e3ee req-71746a70-0d76-46ee-b763-44f48119e3ee ] Request (FloatingIPDetailsTestJSON:test_get_floating_ip_details): 200 GET http://10.180.1.21/compute/v2.1/os-floating-ips/f3ebd3a6-4470-497b-adee-126c08c89167 0.621s
2024-10-04 14:47:32.725 62243 INFO tempest.lib.common.rest_client [req-d0a902c8-805c-44ef-82ee-647050f5e322 req-d0a902c8-805c-44ef-82ee-647050f5e322 ] Request (MigrationsAdminTest:test_resize_server_revert_deleted_flavor): 200 GET http://10.180.1.21/compute/v2.1/servers/e9589daf-a5a3-4e67-8aa4-2c1b7f202fe4 0.646s
2024-10-04 14:47:32.757 62233 INFO tempest.lib.common.rest_client [req-fbef9900-f5d4-4b0b-aed5-fc758f343701 req-fbef9900-f5d4-4b0b-aed5-fc758f343701 ] Request (InstanceActionsTestJSON:setUpClass): 200 GET http://10.180.1.21/compute/v2.1/servers/56100b54-763d-4f7c-99d7-cc078d31287d 0.630s
2024-10-04 14:47:32.806 62221 INFO tempest.lib.common.rest_client [req-37c24360-4ed1-4fd6-88e5-68aedbc29585 req-37c24360-4ed1-4fd6-88e5-68aedbc29585 ] Request (DeleteServersAdminTestJSON:test_delete_server_while_in_error_state): 200 GET http://10.180.1.21/compute/v2.1/servers/2f789592-db9f-4740-9d97-a819995dbc14 0.670s
2024-10-04 14:47:32.834 62249 INFO tempest.lib.common.rest_client [req-8418743d-ed60-4180-a91e-48dde7b65f2e req-8418743d-ed60-4180-a91e-48dde7b65f2e ] Request (ServerDiagnosticsNegativeTest:test_get_server_diagnostics_by_non_admin): 200 GET http://10.180.1.21/compute/v2.1/servers/5a9ab52a-376a-4c78-976b-0514132c2b3d 0.650s
2024-10-04 14:47:32.879 62227 INFO tempest.lib.common.rest_client [req-4ce38c36-4cf7-437d-a5a1-0720992d9337 req-4ce38c36-4cf7-437d-a5a1-0720992d9337 ] Request (SecurityGroupsTestJSON:test_list_security_groups_by_server): 200 GET http://10.180.1.21/compute/v2.1/servers/8eb239e4-8b31-4615-94f3-8da8fd041deb 0.693s
2024-10-04 14:47:32.886 62213 INFO tempest.lib.common.rest_client [req-4afbe0d5-398c-4fa2-b352-b6dbbb0e70fe req-4afbe0d5-398c-4fa2-b352-b6dbbb0e70fe ] Request (ServerGroup264TestJSON:tearDownClass): 204 DELETE http://10.180.1.21:9696/networking/v2.0/subnets/a1c13da5-2aa9-4b88-9452-f3d531ac33df 0.273s
2024-10-04 14:47:32.959 62241 INFO tempest.lib.common.rest_client [req-4a2b175f-ca5a-4215-8313-c775dbc26701 req-4a2b175f-ca5a-4215-8313-c775dbc26701 ] Request (ServersV294TestFqdnHostnames:setUpClass): 200 GET http://10.180.1.21/compute/v2.1/servers/8efe3853-37b9-44a0-ba3a-6c5bfbff0ce7 0.699s
2024-10-04 14:47:32.971 62241 INFO tempest.common.waiters [-] State transition "BUILD/None" ==> "BUILD/networking" after 38 second wait
2024-10-04 14:47:32.981 62235 INFO tempest.lib.common.rest_client [req-30c8f3c9-6c2e-4604-ae3e-e1a07b00cae1 req-30c8f3c9-6c2e-4604-ae3e-e1a07b00cae1 ] Request (FloatingIPsAssociationTestJSON:setUpClass): 404 GET http://10.180.1.21/compute/v2.1/servers/9f273d10-42bd-45a0-9161-44fd8426cf80 0.464s
2024-10-04 14:47:32.983 62235 INFO tempest.test [-] raised in FloatingIPsAssociationTestJSON.setUpClass. Invoking tearDownClass.
2024-10-04 14:47:33.006 62225 INFO tempest.lib.common.rest_client [req-83762bb9-559d-4d0c-ae9c-67e3e5b60a44 req-83762bb9-559d-4d0c-ae9c-67e3e5b60a44 ] Request (SecurityGroupRulesTestJSON:test_security_group_rules_create_with_optional_cidr): 200 POST http://10.180.1.21/compute/v2.1/os-security-groups 0.795s
2024-10-04 14:47:33.058 62213 INFO tempest.lib.common.rest_client [req-00dbf0d6-9e54-45e4-a010-e3f4b5690041 req-00dbf0d6-9e54-45e4-a010-e3f4b5690041 ] Request (ServerGroup264TestJSON:tearDownClass): 204 DELETE http://10.180.1.21:9696/networking/v2.0/networks/f24488b7-2cbf-40fc-9b49-82e1e37845ab 0.171s
2024-10-04 14:47:33.063 62217 INFO tempest.lib.common.rest_client [req-2ce6a584-f453-40cb-94a7-6e1cb40437d4 req-2ce6a584-f453-40cb-94a7-6e1cb40437d4 ] Request (ServersTestJSON:test_create_server_specify_multibyte_character_name): 200 GET http://10.180.1.21/compute/v2.1/servers/5a3c7137-96b5-4255-87fe-1d5249c257cf 0.490s
2024-10-04 14:47:33.072 62211 INFO tempest.lib.common.rest_client [req-d733f54e-ce2d-468f-b6d5-6356651bae71 req-d733f54e-ce2d-468f-b6d5-6356651bae71 ] Request (ServerActionsTestJSON:setUpClass): 200 GET http://10.180.1.21/compute/v2.1/servers/5ed4481c-2597-43ea-805b-5a525a8a0f39 0.552s
2024-10-04 14:47:33.094 62199 INFO tempest.lib.common.rest_client [req-84604e28-d86f-4281-bec4-009b87bd02b7 req-84604e28-d86f-4281-bec4-009b87bd02b7 ] Request (ServersTestBootFromVolume:setUpClass): 200 GET http://10.180.1.21/volume/v3/ebbf930808c84b7095be480028c7fc47/volumes/495b99f5-6db6-4b3e-b2d2-e76879bbc56a 0.036s
2024-10-04 14:47:33.141 62257 INFO tempest.lib.common.rest_client [req-c752e85a-de88-4b23-96d7-16cc0156706a req-c752e85a-de88-4b23-96d7-16cc0156706a ] Request (ServersAdmin275Test:tearDownClass): 200 GET http://10.180.1.21/compute/v2.1/servers/399e1a26-71cc-4814-ab13-c3c86ee76e6b 0.493s
2024-10-04 14:47:33.174 62213 INFO tempest.lib.common.rest_client [req-775290f0-1306-48ac-bdbd-9bd7640dd9b1 req-775290f0-1306-48ac-bdbd-9bd7640dd9b1 ] Request (ServerGroup264TestJSON:tearDownClass): 204 DELETE http://10.180.1.21/identity/v3/users/139995ce2cf949e19499566b544d1794 0.116s
2024-10-04 14:47:33.175 62213 INFO tempest.lib.common.dynamic_creds [-] Deleting project and security group for project: f832afa2e0fb47ed9f91043f4a74151b
2024-10-04 14:47:33.196 62215 INFO tempest.lib.common.rest_client [req-5f5627b6-a7ef-4341-bdac-586a2f0b0aa4 req-5f5627b6-a7ef-4341-bdac-586a2f0b0aa4 ] Request (ServerTagsTestJSON:setUpClass): 200 GET http://10.180.1.21/compute/v2.1/servers/d343d47d-7430-4e48-9cf2-c442f7c22511 0.486s
2024-10-04 14:47:33.212 62213 INFO tempest.lib.common.rest_client [req-5e16214f-68c4-4042-826f-4af3f46bcd23 req-5e16214f-68c4-4042-826f-4af3f46bcd23 ] Request (ServerGroup264TestJSON:tearDownClass): 200 GET http://10.180.1.21:9696/networking/v2.0/security-groups?tenant_id=f832afa2e0fb47ed9f91043f4a74151b&name=default 0.037s
2024-10-04 14:47:33.248 62253 INFO tempest.lib.common.rest_client [req-acebfb80-e96b-4008-b3b8-29a0aa133165 req-acebfb80-e96b-4008-b3b8-29a0aa133165 ] Request (ServersWithSpecificFlavorTestJSON:test_verify_created_server_ephemeral_disk): 200 GET http://10.180.1.21/compute/v2.1/servers/901cea6a-3cd3-4064-8444-cf9bf34ce764 0.468s
2024-10-04 14:47:33.298 62229 INFO tempest.lib.common.rest_client [req-facdf99a-61b5-46d0-8bd5-55df4cc49a34 req-facdf99a-61b5-46d0-8bd5-55df4cc49a34 ] Request (ListServerFiltersTestJSON:setUpClass): 200 GET http://10.180.1.21/compute/v2.1/servers/8e006643-a3a6-4b31-b4cf-3dea1e762200 0.379s
2024-10-04 14:47:33.332 62231 INFO tempest.lib.common.rest_client [req-a558f698-13d5-4f3c-8dd9-f9c3168bad00 req-a558f698-13d5-4f3c-8dd9-f9c3168bad00 ] Request (ServersTestManualDisk:tearDownClass): 204 DELETE http://10.180.1.21:9696/networking/v2.0/networks/888aac34-cb41-4685-b8ef-6203b80fa614 0.666s
2024-10-04 14:47:33.344 62213 INFO tempest.lib.common.rest_client [req-6bf61794-cd49-4152-8756-76ce78eb416a req-6bf61794-cd49-4152-8756-76ce78eb416a ] Request (ServerGroup264TestJSON:tearDownClass): 204 DELETE http://10.180.1.21:9696/networking/v2.0/security-groups/502b4e3d-1a9d-4709-bbcd-9843dc4aa089 0.132s
2024-10-04 14:47:33.434 62225 INFO tempest.lib.common.rest_client [req-4a773f0a-d723-4d55-b97f-c7d8796c6cd4 req-4a773f0a-d723-4d55-b97f-c7d8796c6cd4 ] Request (SecurityGroupRulesTestJSON:test_security_group_rules_create_with_optional_cidr): 200 POST http://10.180.1.21/compute/v2.1/os-security-group-rules 0.425s
2024-10-04 14:47:33.435 62213 INFO tempest.lib.common.rest_client [req-d3d26ca2-6dc8-48fd-b291-af13e7cbacf4 req-d3d26ca2-6dc8-48fd-b291-af13e7cbacf4 ] Request (ServerGroup264TestJSON:tearDownClass): 204 DELETE http://10.180.1.21/identity/v3/projects/f832afa2e0fb47ed9f91043f4a74151b 0.090s
2024-10-04 14:47:33.436 62213 INFO tempest.test [-] raised in ServerBootFromVolumeStableRescueTest.setUpClass. Invoking tearDownClass.
2024-10-04 14:47:33.439 62213 INFO tempest.test [-] raised in ServerStableDeviceRescueTest.setUpClass. Invoking tearDownClass.
2024-10-04 14:47:33.447 62231 INFO tempest.lib.common.rest_client [req-fb27820f-5867-436e-9e28-b1ce87638fa3 req-fb27820f-5867-436e-9e28-b1ce87638fa3 ] Request (ServersTestManualDisk:tearDownClass): 204 DELETE http://10.180.1.21/identity/v3/users/0ab40b1820be458a89797df81647dae5 0.115s
2024-10-04 14:47:33.447 62231 INFO tempest.lib.common.dynamic_creds [-] Deleting project and security group for project: 53bb7c9ebd1c40f0841c1cbae0b24228
2024-10-04 14:47:33.509 62251 INFO tempest.lib.common.rest_client [req-98f7f264-8fa6-4775-b545-7e0fef832281 req-98f7f264-8fa6-4775-b545-7e0fef832281 ] Request (VolumesAdminNegativeTest:test_update_attached_volume_with_nonexistent_volume_in_body): 200 GET http://10.180.1.21/compute/v2.1/servers/88240fec-1b9b-4be5-858e-8fe34686a51a 0.343s
2024-10-04 14:47:33.518 62231 INFO tempest.lib.common.rest_client [req-862ea97e-c52d-4e3a-a819-a278342185fd req-862ea97e-c52d-4e3a-a819-a278342185fd ] Request (ServersTestManualDisk:tearDownClass): 200 GET http://10.180.1.21:9696/networking/v2.0/security-groups?tenant_id=53bb7c9ebd1c40f0841c1cbae0b24228&name=default 0.070s
2024-10-04 14:47:33.571 62201 INFO tempest.lib.common.rest_client [req-f2119c93-8755-4737-a3ed-888a544c0b9f req-f2119c93-8755-4737-a3ed-888a544c0b9f ] Request (VolumesAssistedSnapshotsTest:test_volume_assisted_snapshot_create_delete): 200 GET http://10.180.1.21/compute/v2.1/servers/39bf2d25-556b-4b31-9876-3503556e1eec 0.322s
2024-10-04 14:47:33.579 62201 INFO tempest.common.waiters [-] State transition "BUILD/scheduling" ==> "ERROR/None" after 46 second wait
2024-10-04 14:47:33.631 62245 INFO tempest.lib.common.rest_client [req-05857f4d-5b59-4282-90db-6c2bac35d97b req-05857f4d-5b59-4282-90db-6c2bac35d97b ] Request (ServerRescueTestJSONUnderV235:setUpClass): 200 GET http://10.180.1.21/compute/v2.1/servers/fb0010e8-c7e8-409c-8c69-51a5cbcf02b7 0.356s
2024-10-04 14:47:33.634 62231 INFO tempest.lib.common.rest_client [req-6a1b3ed0-ca0f-4fe0-bad8-04d4dc13f9be req-6a1b3ed0-ca0f-4fe0-bad8-04d4dc13f9be ] Request (ServersTestManualDisk:tearDownClass): 204 DELETE http://10.180.1.21:9696/networking/v2.0/security-groups/273b98c8-f11e-4cc1-8147-3a6091ae9316 0.116s
2024-10-04 14:47:33.684 62209 INFO tempest.lib.common.rest_client [req-934f7284-e7fa-4110-83c2-56ce5ad82503 req-934f7284-e7fa-4110-83c2-56ce5ad82503 ] Request (ImagesTestJSON:test_create_image_from_stopped_server): 200 GET http://10.180.1.21/compute/v2.1/servers/a1c4f66d-bf0f-430c-8072-b4eab74969d0 0.379s
2024-10-04 14:47:33.767 62219 INFO tempest.lib.common.rest_client [req-317bbb84-47b7-4b44-864c-170298235abd req-317bbb84-47b7-4b44-864c-170298235abd ] Request (ServerDiagnosticsV248Test:tearDownClass): 200 GET http://10.180.1.21/compute/v2.1/servers/894a31dc-af4c-4cd7-8d22-11d58669f401 0.414s
2024-10-04 14:47:33.820 62231 INFO tempest.lib.common.rest_client [req-e3f65b38-d645-494c-be80-bd854c58f8fc req-e3f65b38-d645-494c-be80-bd854c58f8fc ] Request (ServersTestManualDisk:tearDownClass): 204 DELETE http://10.180.1.21/identity/v3/projects/53bb7c9ebd1c40f0841c1cbae0b24228 0.185s
2024-10-04 14:47:33.828 62259 INFO tempest.lib.common.rest_client [req-85a19482-65db-4c0e-9cf1-cd46ba9443c3 req-85a19482-65db-4c0e-9cf1-cd46ba9443c3 ] Request (ServerDiagnosticsTest:test_get_server_diagnostics): 200 GET http://10.180.1.21/compute/v2.1/servers/7d79933a-36b6-4acf-b28a-7b9b5872e61a 0.397s
2024-10-04 14:47:33.900 62239 INFO tempest.lib.common.rest_client [req-c7d78d16-2011-4068-a00d-cf5e3fbd77b2 req-c7d78d16-2011-4068-a00d-cf5e3fbd77b2 ] Request (FloatingIPDetailsTestJSON:_run_cleanups): 202 DELETE http://10.180.1.21/compute/v2.1/os-floating-ips/f3ebd3a6-4470-497b-adee-126c08c89167 1.200s
2024-10-04 14:47:33.912 62231 INFO tempest.lib.common.rest_client [req-10773f23-a559-42de-aeff-38cfb587639d req-10773f23-a559-42de-aeff-38cfb587639d ] Request (ServerPasswordTestJSON:setUpClass): 201 POST http://10.180.1.21/identity/v3/auth/tokens 0.088s
2024-10-04 14:47:33.953 62225 INFO tempest.lib.common.rest_client [req-10fffe09-83c8-4cae-81ac-3c14a8e5dbd1 req-10fffe09-83c8-4cae-81ac-3c14a8e5dbd1 ] Request (SecurityGroupRulesTestJSON:test_security_group_rules_create_with_optional_group_id): 200 POST http://10.180.1.21/compute/v2.1/os-security-groups 0.516s
2024-10-04 14:47:33.954 62231 INFO tempest.lib.common.rest_client [req-073f14d5-235d-4d40-a7ba-5587cbdfedaf req-073f14d5-235d-4d40-a7ba-5587cbdfedaf ] Request (ServerPasswordTestJSON:setUpClass): 201 POST http://10.180.1.21/identity/v3/auth/tokens 0.039s
2024-10-04 14:47:33.973 62207 INFO tempest.lib.common.rest_client [req-593a444e-3c7d-4054-8b10-c52adf225187 req-593a444e-3c7d-4054-8b10-c52adf225187 ] Request (ServerAddressesNegativeTestJSON:setUpClass): 200 GET http://10.180.1.21/compute/v2.1/servers/bbef2b7a-9400-40c4-b4ce-ab5696e49ce8 0.490s
2024-10-04 14:47:33.989 62231 INFO tempest.lib.common.rest_client [req-150910f0-e167-4d59-8a9b-a82bf26ff806 req-150910f0-e167-4d59-8a9b-a82bf26ff806 ] Request (ServerPasswordTestJSON:setUpClass): 200 GET http://10.180.1.21/identity/v3/domains?name=Default 0.035s
2024-10-04 14:47:34.003 62203 INFO tempest.lib.common.rest_client [req-eb2312f4-ef19-4618-95e2-b1412dd0febd req-eb2312f4-ef19-4618-95e2-b1412dd0febd ] Request (TenantUsagesTestJSON:setUpClass): 200 GET http://10.180.1.21/compute/v2.1/servers/e9c46744-781c-4492-b4f0-5b3c00205cc2 0.459s
2024-10-04 14:47:34.023 62231 INFO tempest.lib.common.rest_client [req-a5a2ef21-6b6f-457b-a1f0-e7aba91daeea req-a5a2ef21-6b6f-457b-a1f0-e7aba91daeea ] Request (ServerPasswordTestJSON:setUpClass): 201 POST http://10.180.1.21/identity/v3/projects 0.033s
2024-10-04 14:47:34.060 62197 INFO tempest.lib.common.rest_client [req-01a55cfb-2e5c-4f44-be10-c749604575f0 req-01a55cfb-2e5c-4f44-be10-c749604575f0 ] Request (ServersAdminTestJSON:setUpClass): 200 GET http://10.180.1.21/compute/v2.1/servers/0099d753-f0aa-4483-a3bc-873b0c72a566 0.469s
2024-10-04 14:47:34.112 62247 INFO tempest.lib.common.rest_client [req-e64268a3-951a-4d36-9983-50c3f52ea55d req-e64268a3-951a-4d36-9983-50c3f52ea55d ] Request (AttachInterfacesTestJSON:test_create_list_show_delete_interfaces_by_fixed_ip): 200 GET http://10.180.1.21/compute/v2.1/servers/4efcd3c1-7983-44f7-8a7d-2245e766e213 0.518s
2024-10-04 14:47:34.116 62231 INFO tempest.lib.common.rest_client [req-1120d0da-5e3c-4c42-aaa4-067f5ed15488 req-1120d0da-5e3c-4c42-aaa4-067f5ed15488 ] Request (ServerPasswordTestJSON:setUpClass): 201 POST http://10.180.1.21/identity/v3/users 0.093s
2024-10-04 14:47:34.137 62199 INFO tempest.lib.common.rest_client [req-9ade99c8-ed01-459a-a784-32341c98ded6 req-9ade99c8-ed01-459a-a784-32341c98ded6 ] Request (ServersTestBootFromVolume:setUpClass): 200 GET http://10.180.1.21/volume/v3/ebbf930808c84b7095be480028c7fc47/volumes/495b99f5-6db6-4b3e-b2d2-e76879bbc56a 0.036s
2024-10-04 14:47:34.149 62231 INFO tempest.lib.common.rest_client [req-db86d7a4-ab63-406d-b4aa-25f5e39f6c3b req-db86d7a4-ab63-406d-b4aa-25f5e39f6c3b ] Request (ServerPasswordTestJSON:setUpClass): 200 GET http://10.180.1.21/identity/v3/roles 0.030s
2024-10-04 14:47:34.162 62237 INFO tempest.lib.common.rest_client [req-b8422e38-2f22-4897-959c-557a7a1fc213 req-b8422e38-2f22-4897-959c-557a7a1fc213 ] Request (ServersTestMultiNic:test_verify_duplicate_network_nics): 200 GET http://10.180.1.21/compute/v2.1/servers/1e30f1da-6e00-4e50-92ae-e0f9ddb74b71 0.507s
2024-10-04 14:47:34.184 62231 INFO tempest.lib.common.rest_client [req-c1979d09-32f5-4f02-ab33-70dfb7a0434d req-c1979d09-32f5-4f02-ab33-70dfb7a0434d ] Request (ServerPasswordTestJSON:setUpClass): 204 PUT http://10.180.1.21/identity/v3/projects/3ff2af82af084e628c893eff76878d51/users/069c6894287245ec9ee78267d45f3cec/roles/16d78b6884f94642b7fb04ff343f3717 0.034s
2024-10-04 14:47:34.184 62231 INFO tempest.lib.common.dynamic_creds [-] Dynamic test user 069c6894287245ec9ee78267d45f3cec is created with scope project and roles: ['member']
2024-10-04 14:47:34.185 62231 INFO tempest.lib.common.dynamic_creds [-] Acquired dynamic creds: credentials: Credentials: {'domain_id': 'default', 'domain_name': 'Default', 'username': 'tempest-ServerPasswordTestJSON-688445266-project-member', 'project_domain_id': 'default', 'project_domain_name': 'Default', 'project_id': '3ff2af82af084e628c893eff76878d51', 'project_name': 'tempest-ServerPasswordTestJSON-688445266', 'tenant_id': '3ff2af82af084e628c893eff76878d51', 'tenant_name': 'tempest-ServerPasswordTestJSON-688445266', 'user_domain_id': 'default', 'user_domain_name': 'Default', 'user_id': '069c6894287245ec9ee78267d45f3cec', 'system': None}, Network: None, Subnet: None, Router: None
2024-10-04 14:47:34.196 62201 INFO tempest.lib.common.rest_client [req-1590327b-5e34-407d-b296-848c2c72603c req-1590327b-5e34-407d-b296-848c2c72603c ] Request (VolumesAssistedSnapshotsTest:test_volume_assisted_snapshot_create_delete): 204 DELETE http://10.180.1.21/compute/v2.1/servers/39bf2d25-556b-4b31-9876-3503556e1eec 0.616s
2024-10-04 14:47:34.209 62243 INFO tempest.lib.common.rest_client [req-2ff19d53-1621-4a17-a40b-27885ce29bbb req-2ff19d53-1621-4a17-a40b-27885ce29bbb ] Request (MigrationsAdminTest:test_resize_server_revert_deleted_flavor): 200 GET http://10.180.1.21/compute/v2.1/servers/e9589daf-a5a3-4e67-8aa4-2c1b7f202fe4 0.474s
2024-10-04 14:47:34.244 62231 INFO tempest.lib.common.rest_client [req-5b3fe820-15df-45df-a394-2f969bbbe040 req-5b3fe820-15df-45df-a394-2f969bbbe040 ] Request (ServerPasswordTestJSON:setUpClass): 201 POST http://10.180.1.21/identity/v3/auth/tokens 0.059s
2024-10-04 14:47:34.257 62221 INFO tempest.lib.common.rest_client [req-c61ce6ff-29d8-493d-af87-db17fbb26390 req-c61ce6ff-29d8-493d-af87-db17fbb26390 ] Request (DeleteServersAdminTestJSON:test_delete_server_while_in_error_state): 200 GET http://10.180.1.21/compute/v2.1/servers/2f789592-db9f-4740-9d97-a819995dbc14 0.443s
2024-10-04 14:47:34.258 62233 INFO tempest.lib.common.rest_client [req-802d2792-07e8-4852-85c9-a5f478b729d9 req-802d2792-07e8-4852-85c9-a5f478b729d9 ] Request (InstanceActionsTestJSON:setUpClass): 200 GET http://10.180.1.21/compute/v2.1/servers/56100b54-763d-4f7c-99d7-cc078d31287d 0.491s
2024-10-04 14:47:34.304 62249 INFO tempest.lib.common.rest_client [req-938e55a7-a2e6-440a-878c-2972799c9e19 req-938e55a7-a2e6-440a-878c-2972799c9e19 ] Request (ServerDiagnosticsNegativeTest:test_get_server_diagnostics_by_non_admin): 200 GET http://10.180.1.21/compute/v2.1/servers/5a9ab52a-376a-4c78-976b-0514132c2b3d 0.464s
2024-10-04 14:47:34.417 62239 INFO tempest.lib.common.rest_client [req-3636b45b-a672-4335-8750-52140b4fb996 req-3636b45b-a672-4335-8750-52140b4fb996 ] Request (FloatingIPDetailsTestJSON:test_list_floating_ips): 200 GET http://10.180.1.21/compute/v2.1/os-floating-ips 0.516s
2024-10-04 14:47:34.476 62227 INFO tempest.lib.common.rest_client [req-1daba1dc-0cb0-4d46-be40-3d0b833feb61 req-1daba1dc-0cb0-4d46-be40-3d0b833feb61 ] Request (SecurityGroupsTestJSON:test_list_security_groups_by_server): 200 GET http://10.180.1.21/compute/v2.1/servers/8eb239e4-8b31-4615-94f3-8da8fd041deb 0.586s
2024-10-04 14:47:34.584 62225 INFO tempest.lib.common.rest_client [req-e64ff0f5-348e-433b-8c20-fcd960bfc176 req-e64ff0f5-348e-433b-8c20-fcd960bfc176 ] Request (SecurityGroupRulesTestJSON:test_security_group_rules_create_with_optional_group_id): 200 POST http://10.180.1.21/compute/v2.1/os-security-groups 0.626s
2024-10-04 14:47:34.599 62231 INFO tempest.lib.common.rest_client [req-c202ae8c-8439-44ab-8510-e1ea3c592f60 req-c202ae8c-8439-44ab-8510-e1ea3c592f60 ] Request (ServerPasswordTestJSON:setUpClass): 201 POST http://10.180.1.21:9696/networking/v2.0/networks 0.355s
2024-10-04 14:47:34.635 62235 INFO tempest.lib.common.rest_client [req-74fb7db4-5df0-40b0-b42e-6da299f32aee req-74fb7db4-5df0-40b0-b42e-6da299f32aee ] Request (FloatingIPsAssociationTestJSON:tearDownClass): 200 PUT http://10.180.1.21:9696/networking/v2.0/routers/4e03b5a5-3d72-4dd1-bcb6-e7630460497f/remove_router_interface 1.652s
2024-10-04 14:47:34.647 62217 INFO tempest.lib.common.rest_client [req-9d44e928-d7ca-4c15-9787-90b720ef0109 req-9d44e928-d7ca-4c15-9787-90b720ef0109 ] Request (ServersTestJSON:test_create_server_specify_multibyte_character_name): 200 GET http://10.180.1.21/compute/v2.1/servers/5a3c7137-96b5-4255-87fe-1d5249c257cf 0.570s
2024-10-04 14:47:34.704 62211 INFO tempest.lib.common.rest_client [req-d0b944e0-c87f-4347-94b2-5dfca7642f10 req-d0b944e0-c87f-4347-94b2-5dfca7642f10 ] Request (ServerActionsTestJSON:setUpClass): 200 GET http://10.180.1.21/compute/v2.1/servers/5ed4481c-2597-43ea-805b-5a525a8a0f39 0.622s
2024-10-04 14:47:34.711 62241 INFO tempest.lib.common.rest_client [req-b459f571-c33f-4f8a-b067-333a1b4d7fc8 req-b459f571-c33f-4f8a-b067-333a1b4d7fc8 ] Request (ServersV294TestFqdnHostnames:setUpClass): 200 GET http://10.180.1.21/compute/v2.1/servers/8efe3853-37b9-44a0-ba3a-6c5bfbff0ce7 0.738s
2024-10-04 14:47:34.723 62241 INFO tempest.common.waiters [-] State transition "BUILD/networking" ==> "BUILD/spawning" after 40 second wait
2024-10-04 14:47:34.735 62201 INFO tempest.lib.common.rest_client [req-d5cc5363-d68a-45cb-99bd-5eda43195f26 req-d5cc5363-d68a-45cb-99bd-5eda43195f26 ] Request (VolumesAssistedSnapshotsTest:test_volume_assisted_snapshot_create_delete): 404 GET http://10.180.1.21/compute/v2.1/servers/39bf2d25-556b-4b31-9876-3503556e1eec 0.539s
2024-10-04 14:47:34.777 62201 INFO tempest.lib.common.rest_client [req-242af752-56f5-4b43-b8a2-8c5c7caa482e req-242af752-56f5-4b43-b8a2-8c5c7caa482e ] Request (VolumesAssistedSnapshotsTest:_run_cleanups): 202 DELETE http://10.180.1.21/volume/v3/a2239069228d4972ab607dd67a769077/volumes/2a04d5de-fec3-434a-be7b-02597423c54b 0.040s
2024-10-04 14:47:34.805 62215 INFO tempest.lib.common.rest_client [req-5a1513db-72e7-45bc-929a-b83a6e8b2d2d req-5a1513db-72e7-45bc-929a-b83a6e8b2d2d ] Request (ServerTagsTestJSON:setUpClass): 200 GET http://10.180.1.21/compute/v2.1/servers/d343d47d-7430-4e48-9cf2-c442f7c22511 0.597s
2024-10-04 14:47:34.812 62215 INFO tempest.common.waiters [-] State transition "BUILD/scheduling" ==> "BUILD/None" after 31 second wait
2024-10-04 14:47:34.813 62201 INFO tempest.lib.common.rest_client [req-6ce7940d-fbc4-4f06-89ff-4628e75a59c3 req-6ce7940d-fbc4-4f06-89ff-4628e75a59c3 ] Request (VolumesAssistedSnapshotsTest:_run_cleanups): 200 GET http://10.180.1.21/volume/v3/a2239069228d4972ab607dd67a769077/volumes/2a04d5de-fec3-434a-be7b-02597423c54b 0.035s
2024-10-04 14:47:34.881 62253 INFO tempest.lib.common.rest_client [req-5c4c6273-e81e-4ed1-8fa5-d2ef21802d80 req-5c4c6273-e81e-4ed1-8fa5-d2ef21802d80 ] Request (ServersWithSpecificFlavorTestJSON:test_verify_created_server_ephemeral_disk): 200 GET http://10.180.1.21/compute/v2.1/servers/901cea6a-3cd3-4064-8444-cf9bf34ce764 0.624s
2024-10-04 14:47:34.939 62257 INFO tempest.lib.common.rest_client [req-209cb842-72c0-40e0-aa8c-c59f3b291319 req-209cb842-72c0-40e0-aa8c-c59f3b291319 ] Request (ServersAdmin275Test:tearDownClass): 200 GET http://10.180.1.21/compute/v2.1/servers/399e1a26-71cc-4814-ab13-c3c86ee76e6b 0.785s
2024-10-04 14:47:34.942 62229 INFO tempest.lib.common.rest_client [req-80a287f7-d615-4993-9e06-bfe85401797d req-80a287f7-d615-4993-9e06-bfe85401797d ] Request (ListServerFiltersTestJSON:setUpClass): 200 GET http://10.180.1.21/compute/v2.1/servers/8e006643-a3a6-4b31-b4cf-3dea1e762200 0.637s
2024-10-04 14:47:34.996 62251 INFO tempest.lib.common.rest_client [req-5ecd1355-e292-4710-9eac-1b28656aa5ba req-5ecd1355-e292-4710-9eac-1b28656aa5ba ] Request (VolumesAdminNegativeTest:test_update_attached_volume_with_nonexistent_volume_in_body): 200 GET http://10.180.1.21/compute/v2.1/servers/88240fec-1b9b-4be5-858e-8fe34686a51a 0.479s
2024-10-04 14:47:35.163 62231 INFO tempest.lib.common.rest_client [req-0f794aaa-bea2-42f4-9817-032783ff083f req-0f794aaa-bea2-42f4-9817-032783ff083f ] Request (ServerPasswordTestJSON:setUpClass): 201 POST http://10.180.1.21:9696/networking/v2.0/subnets 0.563s
2024-10-04 14:47:35.180 62199 INFO tempest.lib.common.rest_client [req-4490a6a7-7c25-43cc-92ba-efbede080d07 req-4490a6a7-7c25-43cc-92ba-efbede080d07 ] Request (ServersTestBootFromVolume:setUpClass): 200 GET http://10.180.1.21/volume/v3/ebbf930808c84b7095be480028c7fc47/volumes/495b99f5-6db6-4b3e-b2d2-e76879bbc56a 0.034s
2024-10-04 14:47:35.415 62225 INFO tempest.lib.common.rest_client [req-46ab79b2-1312-4598-8e59-8f1c9601e597 req-46ab79b2-1312-4598-8e59-8f1c9601e597 ] Request (SecurityGroupRulesTestJSON:test_security_group_rules_create_with_optional_group_id): 200 POST http://10.180.1.21/compute/v2.1/os-security-group-rules 0.828s
2024-10-04 14:47:35.417 62225 WARNING tempest.lib.common.rest_client [-] Deprecated: "tenant_id" property is deprecated for removal, use "project_id" instead
2024-10-04 14:47:35.434 62239 INFO tempest.lib.common.rest_client [req-650d9f25-c312-49a0-93da-0f8dbcc51a4c req-650d9f25-c312-49a0-93da-0f8dbcc51a4c ] Request (FloatingIPDetailsTestJSON:tearDownClass): 202 DELETE http://10.180.1.21/compute/v2.1/os-floating-ips/4e837127-641e-46c0-aafc-7e0bec071f22 1.009s
2024-10-04 14:47:35.476 62235 INFO tempest.lib.common.rest_client [req-644c571c-6301-4e35-a5f0-071acaddbdc4 req-644c571c-6301-4e35-a5f0-071acaddbdc4 ] Request (FloatingIPsAssociationTestJSON:tearDownClass): 204 DELETE http://10.180.1.21:9696/networking/v2.0/routers/4e03b5a5-3d72-4dd1-bcb6-e7630460497f 0.840s
2024-10-04 14:47:35.482 62245 INFO tempest.lib.common.rest_client [req-c8e2c696-ba6d-41f0-aee0-a7daead57997 req-c8e2c696-ba6d-41f0-aee0-a7daead57997 ] Request (ServerRescueTestJSONUnderV235:setUpClass): 200 GET http://10.180.1.21/compute/v2.1/servers/fb0010e8-c7e8-409c-8c69-51a5cbcf02b7 0.844s
2024-10-04 14:47:35.501 62209 INFO tempest.lib.common.rest_client [req-6a00857d-bea5-48fa-bf99-9ce13c975a81 req-6a00857d-bea5-48fa-bf99-9ce13c975a81 ] Request (ImagesTestJSON:test_create_image_from_stopped_server): 200 GET http://10.180.1.21/compute/v2.1/servers/a1c4f66d-bf0f-430c-8072-b4eab74969d0 0.806s
2024-10-04 14:47:35.511 62219 INFO tempest.lib.common.rest_client [req-b0b61bcb-6ee5-4dd6-ba35-cadc43d2e352 req-b0b61bcb-6ee5-4dd6-ba35-cadc43d2e352 ] Request (ServerDiagnosticsV248Test:tearDownClass): 404 GET http://10.180.1.21/compute/v2.1/servers/894a31dc-af4c-4cd7-8d22-11d58669f401 0.730s
2024-10-04 14:47:35.556 62259 INFO tempest.lib.common.rest_client [req-5b9161c3-24f3-4d74-81c1-fdf94ea41132 req-5b9161c3-24f3-4d74-81c1-fdf94ea41132 ] Request (ServerDiagnosticsTest:test_get_server_diagnostics): 200 GET http://10.180.1.21/compute/v2.1/servers/7d79933a-36b6-4acf-b28a-7b9b5872e61a 0.719s
2024-10-04 14:47:35.563 62207 INFO tempest.lib.common.rest_client [req-152abdae-a381-4f21-8699-d075591b8ed2 req-152abdae-a381-4f21-8699-d075591b8ed2 ] Request (ServerAddressesNegativeTestJSON:setUpClass): 200 GET http://10.180.1.21/compute/v2.1/servers/bbef2b7a-9400-40c4-b4ce-ab5696e49ce8 0.580s
2024-10-04 14:47:35.608 62219 INFO tempest.lib.common.rest_client [req-3cac5575-f080-45b3-8e14-14291df62caa req-3cac5575-f080-45b3-8e14-14291df62caa ] Request (ServerDiagnosticsV248Test:tearDownClass): 204 DELETE http://10.180.1.21/identity/v3/users/c32e44af847245ae9ba84806ba60f60a 0.096s
2024-10-04 14:47:35.618 62203 INFO tempest.lib.common.rest_client [req-bc52339c-283c-4433-9d52-748ae482d1c5 req-bc52339c-283c-4433-9d52-748ae482d1c5 ] Request (TenantUsagesTestJSON:setUpClass): 200 GET http://10.180.1.21/compute/v2.1/servers/e9c46744-781c-4492-b4f0-5b3c00205cc2 0.605s
2024-10-04 14:47:35.630 62197 INFO tempest.lib.common.rest_client [req-3d0f48d5-0715-45ea-a266-7cf7b85b3777 req-3d0f48d5-0715-45ea-a266-7cf7b85b3777 ] Request (ServersAdminTestJSON:setUpClass): 200 GET http://10.180.1.21/compute/v2.1/servers/0099d753-f0aa-4483-a3bc-873b0c72a566 0.564s
2024-10-04 14:47:35.686 62247 INFO tempest.lib.common.rest_client [req-93e3f33c-6837-468b-a476-cad3a4bbaeaa req-93e3f33c-6837-468b-a476-cad3a4bbaeaa ] Request (AttachInterfacesTestJSON:test_create_list_show_delete_interfaces_by_fixed_ip): 200 GET http://10.180.1.21/compute/v2.1/servers/4efcd3c1-7983-44f7-8a7d-2245e766e213 0.562s
2024-10-04 14:47:35.695 62235 INFO tempest.lib.common.rest_client [req-de9ed02a-d495-4a79-9b88-36453974b745 req-de9ed02a-d495-4a79-9b88-36453974b745 ] Request (FloatingIPsAssociationTestJSON:tearDownClass): 204 DELETE http://10.180.1.21:9696/networking/v2.0/subnets/8aeb923d-6303-46db-9c14-ef7ec9c176ed 0.219s
2024-10-04 14:47:35.697 62237 INFO tempest.lib.common.rest_client [req-95e1c814-61c7-468f-9f88-fdc193ee782d req-95e1c814-61c7-468f-9f88-fdc193ee782d ] Request (ServersTestMultiNic:test_verify_duplicate_network_nics): 200 GET http://10.180.1.21/compute/v2.1/servers/1e30f1da-6e00-4e50-92ae-e0f9ddb74b71 0.526s
2024-10-04 14:47:35.715 62219 INFO tempest.lib.common.rest_client [req-61dd37d7-da56-4ec2-ba02-88bd615f0259 req-61dd37d7-da56-4ec2-ba02-88bd615f0259 ] Request (ServerDiagnosticsV248Test:tearDownClass): 204 DELETE http://10.180.1.21/identity/v3/users/604c672ee3ba4228baa75193877915b7 0.106s
2024-10-04 14:47:35.715 62219 INFO tempest.lib.common.dynamic_creds [-] Deleting project and security group for project: ab3b5a7e750647c286ab9602fd134039
2024-10-04 14:47:35.745 62243 INFO tempest.lib.common.rest_client [req-7dcb963b-7281-4f08-ba04-5912a352bc66 req-7dcb963b-7281-4f08-ba04-5912a352bc66 ] Request (MigrationsAdminTest:test_resize_server_revert_deleted_flavor): 200 GET http://10.180.1.21/compute/v2.1/servers/e9589daf-a5a3-4e67-8aa4-2c1b7f202fe4 0.527s
2024-10-04 14:47:35.750 62221 INFO tempest.lib.common.rest_client [req-eac0f8e3-b7cc-47cc-9bc6-bacc1578c40b req-eac0f8e3-b7cc-47cc-9bc6-bacc1578c40b ] Request (DeleteServersAdminTestJSON:test_delete_server_while_in_error_state): 200 GET http://10.180.1.21/compute/v2.1/servers/2f789592-db9f-4740-9d97-a819995dbc14 0.484s
2024-10-04 14:47:35.781 62219 INFO tempest.lib.common.rest_client [req-3e0c1d57-3d8a-481d-8fde-4d4d1905831f req-3e0c1d57-3d8a-481d-8fde-4d4d1905831f ] Request (ServerDiagnosticsV248Test:tearDownClass): 201 POST http://10.180.1.21/identity/v3/auth/tokens 0.065s
2024-10-04 14:47:35.811 62249 INFO tempest.lib.common.rest_client [req-88149202-2f8d-420d-b692-b2096c7c72cb req-88149202-2f8d-420d-b692-b2096c7c72cb ] Request (ServerDiagnosticsNegativeTest:test_get_server_diagnostics_by_non_admin): 200 GET http://10.180.1.21/compute/v2.1/servers/5a9ab52a-376a-4c78-976b-0514132c2b3d 0.495s
2024-10-04 14:47:35.819 62233 INFO tempest.lib.common.rest_client [req-7e502e4c-69d2-43fe-98f4-d59545fb7af3 req-7e502e4c-69d2-43fe-98f4-d59545fb7af3 ] Request (InstanceActionsTestJSON:setUpClass): 200 GET http://10.180.1.21/compute/v2.1/servers/56100b54-763d-4f7c-99d7-cc078d31287d 0.551s
2024-10-04 14:47:35.841 62201 INFO tempest.lib.common.rest_client [req-636b0beb-0975-4f1b-93e2-2fa387b43074 req-636b0beb-0975-4f1b-93e2-2fa387b43074 ] Request (VolumesAssistedSnapshotsTest:_run_cleanups): 404 GET http://10.180.1.21/volume/v3/a2239069228d4972ab607dd67a769077/volumes/2a04d5de-fec3-434a-be7b-02597423c54b 0.015s
2024-10-04 14:47:35.981 62225 INFO tempest.lib.common.rest_client [req-66453281-66b3-4b6c-a1de-63adf7d81f3b req-66453281-66b3-4b6c-a1de-63adf7d81f3b ] Request (SecurityGroupRulesTestJSON:test_security_group_rules_delete_when_peer_group_deleted): 200 POST http://10.180.1.21/compute/v2.1/os-security-groups 0.563s
2024-10-04 14:47:36.048 62227 INFO tempest.lib.common.rest_client [req-3b67baa0-a50c-4025-8e5e-b471438deaf9 req-3b67baa0-a50c-4025-8e5e-b471438deaf9 ] Request (SecurityGroupsTestJSON:test_list_security_groups_by_server): 200 GET http://10.180.1.21/compute/v2.1/servers/8eb239e4-8b31-4615-94f3-8da8fd041deb 0.565s
2024-10-04 14:47:36.050 62235 INFO tempest.lib.common.rest_client [req-e7d714a6-788b-45fe-8ad2-dcc8669a5dea req-e7d714a6-788b-45fe-8ad2-dcc8669a5dea ] Request (FloatingIPsAssociationTestJSON:tearDownClass): 204 DELETE http://10.180.1.21:9696/networking/v2.0/networks/a6ba5e99-757a-4833-a23c-f0b66a3a5ac9 0.355s
2024-10-04 14:47:36.103 62217 INFO tempest.lib.common.rest_client [req-cd155539-7e32-4132-8648-2730dc9ace0f req-cd155539-7e32-4132-8648-2730dc9ace0f ] Request (ServersTestJSON:test_create_server_specify_multibyte_character_name): 200 GET http://10.180.1.21/compute/v2.1/servers/5a3c7137-96b5-4255-87fe-1d5249c257cf 0.447s
2024-10-04 14:47:36.161 62235 INFO tempest.lib.common.rest_client [req-22221adf-2fdb-4da4-bad6-3031189a66fe req-22221adf-2fdb-4da4-bad6-3031189a66fe ] Request (FloatingIPsAssociationTestJSON:tearDownClass): 204 DELETE http://10.180.1.21/identity/v3/users/0ffd7ecb34fb4326ab0b987ed32e4776 0.110s
2024-10-04 14:47:36.161 62235 INFO tempest.lib.common.dynamic_creds [-] Deleting project and security group for project: fc12c0216e5841f4ac9b8860beda2f66
2024-10-04 14:47:36.165 62211 INFO tempest.lib.common.rest_client [req-36f6eb10-cb06-416c-b11c-a295314dec64 req-36f6eb10-cb06-416c-b11c-a295314dec64 ] Request (ServerActionsTestJSON:setUpClass): 200 GET http://10.180.1.21/compute/v2.1/servers/5ed4481c-2597-43ea-805b-5a525a8a0f39 0.450s
2024-10-04 14:47:36.198 62219 INFO tempest.lib.common.rest_client [req-0fcadb2e-6b45-438a-992e-538d6b86af04 req-0fcadb2e-6b45-438a-992e-538d6b86af04 ] Request (ServerDiagnosticsV248Test:tearDownClass): 200 GET http://10.180.1.21:9696/networking/v2.0/security-groups?tenant_id=ab3b5a7e750647c286ab9602fd134039&name=default 0.417s
2024-10-04 14:47:36.207 62235 INFO tempest.lib.common.rest_client [req-5753dbcf-0b24-4d4c-b973-94a2003f42d9 req-5753dbcf-0b24-4d4c-b973-94a2003f42d9 ] Request (FloatingIPsAssociationTestJSON:tearDownClass): 200 GET http://10.180.1.21:9696/networking/v2.0/security-groups?tenant_id=fc12c0216e5841f4ac9b8860beda2f66&name=default 0.045s
2024-10-04 14:47:36.218 62199 INFO tempest.lib.common.rest_client [req-79673340-9628-422b-bebd-d4443ebf23a9 req-79673340-9628-422b-bebd-d4443ebf23a9 ] Request (ServersTestBootFromVolume:setUpClass): 200 GET http://10.180.1.21/volume/v3/ebbf930808c84b7095be480028c7fc47/volumes/495b99f5-6db6-4b3e-b2d2-e76879bbc56a 0.030s
2024-10-04 14:47:36.246 62241 INFO tempest.lib.common.rest_client [req-1aaa993a-8cc9-42b5-95d2-4a491d84cb20 req-1aaa993a-8cc9-42b5-95d2-4a491d84cb20 ] Request (ServersV294TestFqdnHostnames:setUpClass): 200 GET http://10.180.1.21/compute/v2.1/servers/8efe3853-37b9-44a0-ba3a-6c5bfbff0ce7 0.521s
2024-10-04 14:47:36.301 62215 INFO tempest.lib.common.rest_client [req-2c85eeb5-be6c-477e-9e62-65866d58f591 req-2c85eeb5-be6c-477e-9e62-65866d58f591 ] Request (ServerTagsTestJSON:setUpClass): 200 GET http://10.180.1.21/compute/v2.1/servers/d343d47d-7430-4e48-9cf2-c442f7c22511 0.488s
2024-10-04 14:47:36.315 62201 INFO tempest.lib.common.rest_client [req-78052999-31eb-40a2-9937-549d0fbba4f8 req-78052999-31eb-40a2-9937-549d0fbba4f8 ] Request (VolumesAssistedSnapshotsTest:tearDownClass): 202 DELETE http://10.180.1.21/compute/v2.1/os-keypairs/tempest-keypair-1590687594 0.467s
2024-10-04 14:47:36.378 62253 INFO tempest.lib.common.rest_client [req-f3548675-5f34-42cc-ba94-c2deff297a5f req-f3548675-5f34-42cc-ba94-c2deff297a5f ] Request (ServersWithSpecificFlavorTestJSON:test_verify_created_server_ephemeral_disk): 200 GET http://10.180.1.21/compute/v2.1/servers/901cea6a-3cd3-4064-8444-cf9bf34ce764 0.486s
2024-10-04 14:47:36.407 62235 INFO tempest.lib.common.rest_client [req-bbdcfdc6-9416-431e-9f63-d5308502ed06 req-bbdcfdc6-9416-431e-9f63-d5308502ed06 ] Request (FloatingIPsAssociationTestJSON:tearDownClass): 204 DELETE http://10.180.1.21:9696/networking/v2.0/security-groups/bd8d455f-2969-4c76-aac6-fb55a8ea2e4b 0.199s
2024-10-04 14:47:36.411 62219 INFO tempest.lib.common.rest_client [req-88f79256-2d89-46cd-ab14-61349d93b66b req-88f79256-2d89-46cd-ab14-61349d93b66b ] Request (ServerDiagnosticsV248Test:tearDownClass): 204 DELETE http://10.180.1.21:9696/networking/v2.0/security-groups/a50f3727-272c-435e-bf9c-551da36743d0 0.213s
2024-10-04 14:47:36.448 62239 INFO tempest.lib.common.rest_client [req-a6f5156c-7853-464e-93d7-9476f1cc0df0 req-a6f5156c-7853-464e-93d7-9476f1cc0df0 ] Request (FloatingIPDetailsTestJSON:tearDownClass): 202 DELETE http://10.180.1.21/compute/v2.1/os-floating-ips/6692c48b-7e81-46b5-a7a9-0343297f674b 1.014s
2024-10-04 14:47:36.450 62231 INFO tempest.lib.common.rest_client [req-5d671cd4-23bd-40ef-985e-fa31725b467f req-5d671cd4-23bd-40ef-985e-fa31725b467f ] Request (ServerPasswordTestJSON:setUpClass): 201 POST http://10.180.1.21:9696/networking/v2.0/routers 1.287s
2024-10-04 14:47:36.453 62257 INFO tempest.lib.common.rest_client [req-f6f740dd-b52f-4299-9595-8db62e114bad req-f6f740dd-b52f-4299-9595-8db62e114bad ] Request (ServersAdmin275Test:tearDownClass): 200 GET http://10.180.1.21/compute/v2.1/servers/399e1a26-71cc-4814-ab13-c3c86ee76e6b 0.504s
2024-10-04 14:47:36.505 62201 INFO tempest.lib.common.rest_client [req-42331a1a-841c-4ed8-948b-7549101e2f79 req-42331a1a-841c-4ed8-948b-7549101e2f79 ] Request (VolumesAssistedSnapshotsTest:tearDownClass): 204 DELETE http://10.180.1.21:9696/networking/v2.0/security-groups/b5778464-c8a5-487c-a8e2-08d7a68d523b 0.189s
2024-10-04 14:47:36.508 62229 INFO tempest.lib.common.rest_client [req-ad556f48-fcf8-4138-bbce-1b18c45c6f0a req-ad556f48-fcf8-4138-bbce-1b18c45c6f0a ] Request (ListServerFiltersTestJSON:setUpClass): 200 GET http://10.180.1.21/compute/v2.1/servers/8e006643-a3a6-4b31-b4cf-3dea1e762200 0.557s
2024-10-04 14:47:36.521 62201 INFO tempest.lib.common.rest_client [req-61f263c4-9ae7-472e-a77f-79bb737df880 req-61f263c4-9ae7-472e-a77f-79bb737df880 ] Request (VolumesAssistedSnapshotsTest:tearDownClass): 404 GET http://10.180.1.21:9696/networking/v2.0/security-groups/b5778464-c8a5-487c-a8e2-08d7a68d523b 0.015s
2024-10-04 14:47:36.528 62235 INFO tempest.lib.common.rest_client [req-a53bdf06-628b-4684-a7b1-06ac68f0b082 req-a53bdf06-628b-4684-a7b1-06ac68f0b082 ] Request (FloatingIPsAssociationTestJSON:tearDownClass): 204 DELETE http://10.180.1.21/identity/v3/projects/fc12c0216e5841f4ac9b8860beda2f66 0.121s
2024-10-04 14:47:36.531 62219 INFO tempest.lib.common.rest_client [req-e5c146a1-99c1-4d2c-9157-6f205f0b5008 req-e5c146a1-99c1-4d2c-9157-6f205f0b5008 ] Request (ServerDiagnosticsV248Test:tearDownClass): 204 DELETE http://10.180.1.21/identity/v3/projects/ab3b5a7e750647c286ab9602fd134039 0.119s
2024-10-04 14:47:36.531 62219 INFO tempest.lib.common.dynamic_creds [-] Deleting project and security group for project: ce424839ffb849b8aa61d7e7c3e4b0dd
2024-10-04 14:47:36.533 62235 INFO tempest.test [-] raised in ServerPersonalityTestJSON.setUpClass. Invoking tearDownClass.
2024-10-04 14:47:36.563 62251 INFO tempest.lib.common.rest_client [req-2e953c86-8551-49bf-890e-55e929a51422 req-2e953c86-8551-49bf-890e-55e929a51422 ] Request (VolumesAdminNegativeTest:test_update_attached_volume_with_nonexistent_volume_in_body): 200 GET http://10.180.1.21/compute/v2.1/servers/88240fec-1b9b-4be5-858e-8fe34686a51a 0.556s
2024-10-04 14:47:36.700 62219 INFO tempest.lib.common.rest_client [req-9fe3a655-b1a3-403b-8f41-6c1a5f3db3f6 req-9fe3a655-b1a3-403b-8f41-6c1a5f3db3f6 ] Request (ServerDiagnosticsV248Test:tearDownClass): 200 GET http://10.180.1.21:9696/networking/v2.0/security-groups?tenant_id=ce424839ffb849b8aa61d7e7c3e4b0dd&name=default 0.167s
2024-10-04 14:47:36.710 62225 INFO tempest.lib.common.rest_client [req-bda0a76d-d4f6-4b64-a0fc-9af190d14d61 req-bda0a76d-d4f6-4b64-a0fc-9af190d14d61 ] Request (SecurityGroupRulesTestJSON:test_security_group_rules_delete_when_peer_group_deleted): 200 POST http://10.180.1.21/compute/v2.1/os-security-groups 0.724s
2024-10-04 14:47:36.783 62245 INFO tempest.lib.common.rest_client [req-28109896-799b-4c84-bea4-c22a0b89d3f1 req-28109896-799b-4c84-bea4-c22a0b89d3f1 ] Request (ServerRescueTestJSONUnderV235:setUpClass): 200 GET http://10.180.1.21/compute/v2.1/servers/fb0010e8-c7e8-409c-8c69-51a5cbcf02b7 0.285s
2024-10-04 14:47:36.867 62209 INFO tempest.lib.common.rest_client [req-bbffa410-be6b-4f2b-9bfb-35134f61c2eb req-bbffa410-be6b-4f2b-9bfb-35134f61c2eb ] Request (ImagesTestJSON:test_create_image_from_stopped_server): 200 GET http://10.180.1.21/compute/v2.1/servers/a1c4f66d-bf0f-430c-8072-b4eab74969d0 0.358s
2024-10-04 14:47:36.937 62259 INFO tempest.lib.common.rest_client [req-6727bfc8-9b17-4a02-aa29-38560ff4e9b9 req-6727bfc8-9b17-4a02-aa29-38560ff4e9b9 ] Request (ServerDiagnosticsTest:test_get_server_diagnostics): 200 GET http://10.180.1.21/compute/v2.1/servers/7d79933a-36b6-4acf-b28a-7b9b5872e61a 0.370s
2024-10-04 14:47:36.941 62219 INFO tempest.lib.common.rest_client [req-20459471-1105-40f3-8567-4ba855e578a8 req-20459471-1105-40f3-8567-4ba855e578a8 ] Request (ServerDiagnosticsV248Test:tearDownClass): 204 DELETE http://10.180.1.21:9696/networking/v2.0/security-groups/72e95286-ff69-4b2a-8248-d33e142d33f3 0.241s
2024-10-04 14:47:36.973 62239 INFO tempest.lib.common.rest_client [req-19f0bebc-0ea6-4edb-8cfa-7551c0a75f23 req-19f0bebc-0ea6-4edb-8cfa-7551c0a75f23 ] Request (FloatingIPDetailsTestJSON:tearDownClass): 202 DELETE http://10.180.1.21/compute/v2.1/os-floating-ips/1f6181b5-c0b6-478e-8d1c-0ee5407e0a98 0.524s
2024-10-04 14:47:37.015 62201 INFO tempest.lib.common.rest_client [req-9901dddf-5692-4e53-a801-6a108d923877 req-9901dddf-5692-4e53-a801-6a108d923877 ] Request (VolumesAssistedSnapshotsTest:tearDownClass): 204 DELETE http://10.180.1.21:9696/networking/v2.0/floatingips/e19bbe6a-1593-4992-abba-20fde568f766 0.494s
2024-10-04 14:47:37.037 62201 INFO tempest.lib.common.rest_client [req-c68a4ca0-1643-41d4-b611-eea77b14debb req-c68a4ca0-1643-41d4-b611-eea77b14debb ] Request (VolumesAssistedSnapshotsTest:tearDownClass): 404 DELETE http://10.180.1.21/volume/v3/a2239069228d4972ab607dd67a769077/volumes/2a04d5de-fec3-434a-be7b-02597423c54b 0.021s
2024-10-04 14:47:37.049 62207 INFO tempest.lib.common.rest_client [req-9d87510f-0e9d-4995-813a-2282903f0023 req-9d87510f-0e9d-4995-813a-2282903f0023 ] Request (ServerAddressesNegativeTestJSON:setUpClass): 200 GET http://10.180.1.21/compute/v2.1/servers/bbef2b7a-9400-40c4-b4ce-ab5696e49ce8 0.478s
2024-10-04 14:47:37.057 62201 INFO tempest.lib.common.rest_client [req-761f2b94-5cf4-403b-bef5-93a3e97c4769 req-761f2b94-5cf4-403b-bef5-93a3e97c4769 ] Request (VolumesAssistedSnapshotsTest:tearDownClass): 404 GET http://10.180.1.21/volume/v3/a2239069228d4972ab607dd67a769077/volumes/2a04d5de-fec3-434a-be7b-02597423c54b 0.019s
2024-10-04 14:47:37.124 62197 INFO tempest.lib.common.rest_client [req-74d8e3b0-660e-44a0-81aa-b4ded3d65631 req-74d8e3b0-660e-44a0-81aa-b4ded3d65631 ] Request (ServersAdminTestJSON:setUpClass): 200 GET http://10.180.1.21/compute/v2.1/servers/0099d753-f0aa-4483-a3bc-873b0c72a566 0.486s
2024-10-04 14:47:37.185 62219 INFO tempest.lib.common.rest_client [req-b6951eef-a312-46b1-a9c3-9dd32b661cf6 req-b6951eef-a312-46b1-a9c3-9dd32b661cf6 ] Request (ServerDiagnosticsV248Test:tearDownClass): 204 DELETE http://10.180.1.21/identity/v3/projects/ce424839ffb849b8aa61d7e7c3e4b0dd 0.243s
2024-10-04 14:47:37.199 62247 INFO tempest.lib.common.rest_client [req-774ef7d6-db79-489d-9034-12fa97e9935f req-774ef7d6-db79-489d-9034-12fa97e9935f ] Request (AttachInterfacesTestJSON:test_create_list_show_delete_interfaces_by_fixed_ip): 200 GET http://10.180.1.21/compute/v2.1/servers/4efcd3c1-7983-44f7-8a7d-2245e766e213 0.506s
2024-10-04 14:47:37.218 62203 INFO tempest.lib.common.rest_client [req-015e971f-f5a6-4a04-806d-280c0c1fcdaa req-015e971f-f5a6-4a04-806d-280c0c1fcdaa ] Request (TenantUsagesTestJSON:setUpClass): 200 GET http://10.180.1.21/compute/v2.1/servers/e9c46744-781c-4492-b4f0-5b3c00205cc2 0.591s
2024-10-04 14:47:37.249 62219 INFO tempest.lib.common.rest_client [req-7cd76b4a-c672-45d1-afdb-8224c068dc01 req-7cd76b4a-c672-45d1-afdb-8224c068dc01 ] Request (ServicesAdminNegativeTestJSON:setUpClass): 201 POST http://10.180.1.21/identity/v3/auth/tokens 0.062s
2024-10-04 14:47:37.254 62199 INFO tempest.lib.common.rest_client [req-cb1140d9-4416-4ca6-93ac-47817e34e71f req-cb1140d9-4416-4ca6-93ac-47817e34e71f ] Request (ServersTestBootFromVolume:setUpClass): 200 GET http://10.180.1.21/volume/v3/ebbf930808c84b7095be480028c7fc47/volumes/495b99f5-6db6-4b3e-b2d2-e76879bbc56a 0.027s
2024-10-04 14:47:37.267 62237 INFO tempest.lib.common.rest_client [req-10c7839c-a0fe-4c04-a52f-a3416ec7832a req-10c7839c-a0fe-4c04-a52f-a3416ec7832a ] Request (ServersTestMultiNic:test_verify_duplicate_network_nics): 200 GET http://10.180.1.21/compute/v2.1/servers/1e30f1da-6e00-4e50-92ae-e0f9ddb74b71 0.562s
2024-10-04 14:47:37.283 62219 INFO tempest.lib.common.rest_client [req-04942166-db24-479c-9da1-b8e3fed5cab9 req-04942166-db24-479c-9da1-b8e3fed5cab9 ] Request (ServicesAdminNegativeTestJSON:setUpClass): 201 POST http://10.180.1.21/identity/v3/auth/tokens 0.032s
2024-10-04 14:47:37.302 62219 INFO tempest.lib.common.rest_client [req-1eebdde3-c789-45ab-a637-2a9d538e33f5 req-1eebdde3-c789-45ab-a637-2a9d538e33f5 ] Request (ServicesAdminNegativeTestJSON:setUpClass): 200 GET http://10.180.1.21/identity/v3/domains?name=Default 0.018s
2024-10-04 14:47:37.332 62243 INFO tempest.lib.common.rest_client [req-f99556f3-a054-4d47-a041-2c8cb6fd0ca5 req-f99556f3-a054-4d47-a041-2c8cb6fd0ca5 ] Request (MigrationsAdminTest:test_resize_server_revert_deleted_flavor): 200 GET http://10.180.1.21/compute/v2.1/servers/e9589daf-a5a3-4e67-8aa4-2c1b7f202fe4 0.580s
2024-10-04 14:47:37.333 62219 INFO tempest.lib.common.rest_client [req-e25270c7-7861-42e2-8d8b-203221311bd9 req-e25270c7-7861-42e2-8d8b-203221311bd9 ] Request (ServicesAdminNegativeTestJSON:setUpClass): 201 POST http://10.180.1.21/identity/v3/projects 0.030s
2024-10-04 14:47:37.394 62219 INFO tempest.lib.common.rest_client [req-7668da67-2f3f-4964-8672-c946c46ca127 req-7668da67-2f3f-4964-8672-c946c46ca127 ] Request (ServicesAdminNegativeTestJSON:setUpClass): 201 POST http://10.180.1.21/identity/v3/users 0.060s
2024-10-04 14:47:37.410 62219 INFO tempest.lib.common.rest_client [req-a0ffd88e-e401-4286-bbfd-03f885d295c8 req-a0ffd88e-e401-4286-bbfd-03f885d295c8 ] Request (ServicesAdminNegativeTestJSON:setUpClass): 200 GET http://10.180.1.21/identity/v3/roles 0.016s
2024-10-04 14:47:37.435 62219 INFO tempest.lib.common.rest_client [req-5c17114f-90e3-4605-ae60-259cd06fcc68 req-5c17114f-90e3-4605-ae60-259cd06fcc68 ] Request (ServicesAdminNegativeTestJSON:setUpClass): 204 PUT http://10.180.1.21/identity/v3/projects/a13e4c9ca6fa4cfdb4f41fd2d040f931/users/75a02a0876944dbca3b50ce02a7ca3fd/roles/16d78b6884f94642b7fb04ff343f3717 0.024s
2024-10-04 14:47:37.435 62219 INFO tempest.lib.common.dynamic_creds [-] Dynamic test user 75a02a0876944dbca3b50ce02a7ca3fd is created with scope project and roles: ['member']
2024-10-04 14:47:37.436 62219 INFO tempest.lib.common.dynamic_creds [-] Acquired dynamic creds: credentials: Credentials: {'domain_id': 'default', 'domain_name': 'Default', 'username': 'tempest-ServicesAdminNegativeTestJSON-946832608-project-member', 'project_domain_id': 'default', 'project_domain_name': 'Default', 'project_id': 'a13e4c9ca6fa4cfdb4f41fd2d040f931', 'project_name': 'tempest-ServicesAdminNegativeTestJSON-946832608', 'tenant_id': 'a13e4c9ca6fa4cfdb4f41fd2d040f931', 'tenant_name': 'tempest-ServicesAdminNegativeTestJSON-946832608', 'user_domain_id': 'default', 'user_domain_name': 'Default', 'user_id': '75a02a0876944dbca3b50ce02a7ca3fd', 'system': None}, Network: None, Subnet: None, Router: None
2024-10-04 14:47:37.436 62219 INFO tempest.lib.common.dynamic_creds [-] Created isolated network resources for: credentials: Credentials: {'domain_id': 'default', 'domain_name': 'Default', 'username': 'tempest-ServicesAdminNegativeTestJSON-946832608-project-member', 'project_domain_id': 'default', 'project_domain_name': 'Default', 'project_id': 'a13e4c9ca6fa4cfdb4f41fd2d040f931', 'project_name': 'tempest-ServicesAdminNegativeTestJSON-946832608', 'tenant_id': 'a13e4c9ca6fa4cfdb4f41fd2d040f931', 'tenant_name': 'tempest-ServicesAdminNegativeTestJSON-946832608', 'user_domain_id': 'default', 'user_domain_name': 'Default', 'user_id': '75a02a0876944dbca3b50ce02a7ca3fd', 'system': None}, Network: None, Subnet: None, Router: None
2024-10-04 14:47:37.524 62219 INFO tempest.lib.common.rest_client [req-f6839e7a-df37-4b1d-a7d0-a10cf77fee51 req-f6839e7a-df37-4b1d-a7d0-a10cf77fee51 ] Request (ServicesAdminNegativeTestJSON:setUpClass): 201 POST http://10.180.1.21/identity/v3/auth/tokens 0.084s
2024-10-04 14:47:37.563 62221 INFO tempest.lib.common.rest_client [req-dffb4ebc-85c3-4223-b5e6-cfecaaaed1ab req-dffb4ebc-85c3-4223-b5e6-cfecaaaed1ab ] Request (DeleteServersAdminTestJSON:test_delete_server_while_in_error_state): 200 GET http://10.180.1.21/compute/v2.1/servers/2f789592-db9f-4740-9d97-a819995dbc14 0.802s
2024-10-04 14:47:37.597 62225 INFO tempest.lib.common.rest_client [req-3d3becc9-8f77-48f2-b8c0-c30dbb45f1e2 req-3d3becc9-8f77-48f2-b8c0-c30dbb45f1e2 ] Request (SecurityGroupRulesTestJSON:test_security_group_rules_delete_when_peer_group_deleted): 200 POST http://10.180.1.21/compute/v2.1/os-security-group-rules 0.882s
2024-10-04 14:47:37.613 62219 INFO tempest.lib.common.rest_client [req-b330be0a-1da0-488f-a220-62e9241704a7 req-b330be0a-1da0-488f-a220-62e9241704a7 ] Request (ServicesAdminNegativeTestJSON:setUpClass): 201 POST http://10.180.1.21/identity/v3/projects 0.089s
