2024-10-04 14:47:18.253 62259 INFO tempest.lib.common.rest_client [req-21255579-1b01-48bd-aa34-ccdd28742fe8 req-21255579-1b01-48bd-aa34-ccdd28742fe8 ] Request (ServerDiagnosticsTest:test_get_server_diagnostics): 200 GET http://10.180.1.21/compute/v2.1/servers/7d79933a-36b6-4acf-b28a-7b9b5872e61a 1.149s
2024-10-04 14:47:18.292 62203 INFO tempest.lib.common.rest_client [req-9940ba41-b66c-4051-9dfc-c31b15cac0da req-9940ba41-b66c-4051-9dfc-c31b15cac0da ] Request (TenantUsagesTestJSON:setUpClass): 200 GET http://10.180.1.21/compute/v2.1/servers/e9c46744-781c-4492-b4f0-5b3c00205cc2 1.097s
2024-10-04 14:47:18.337 62207 INFO tempest.lib.common.rest_client [req-931f8f85-5137-4e5d-be83-ced9368e9174 req-931f8f85-5137-4e5d-be83-ced9368e9174 ] Request (ServerAddressesNegativeTestJSON:setUpClass): 200 GET http://10.180.1.21/compute/v2.1/servers/bbef2b7a-9400-40c4-b4ce-ab5696e49ce8 1.118s
2024-10-04 14:47:18.370 62239 INFO tempest.lib.common.rest_client [req-f7ca7051-673a-43a8-9c73-be14f3a443ac req-f7ca7051-673a-43a8-9c73-be14f3a443ac ] Request (FloatingIPDetailsTestJSON:setUpClass): 201 POST http://10.180.1.21:9696/networking/v2.0/networks 0.609s
2024-10-04 14:47:18.394 62197 INFO tempest.lib.common.rest_client [req-336327a2-ebb8-4a8f-8534-ede2cda30050 req-336327a2-ebb8-4a8f-8534-ede2cda30050 ] Request (ServersAdminTestJSON:setUpClass): 200 GET http://10.180.1.21/compute/v2.1/servers/0099d753-f0aa-4483-a3bc-873b0c72a566 1.132s
2024-10-04 14:47:18.425 62199 INFO tempest.lib.common.rest_client [req-429c6835-ed99-4227-ab16-55a2e51db6fb req-429c6835-ed99-4227-ab16-55a2e51db6fb ] Request (ServersTestBootFromVolume:setUpClass): 201 POST http://10.180.1.21:9696/networking/v2.0/security-groups 0.339s
2024-10-04 14:47:18.427 62231 INFO tempest.lib.common.rest_client [req-a02c48a9-4a5d-4cba-8d7c-091ba39ebbf3 req-a02c48a9-4a5d-4cba-8d7c-091ba39ebbf3 ] Request (ServersTestManualDisk:setUpClass): 200 GET http://10.180.1.21/compute/v2.1/servers/1b673239-c353-4fe9-83e4-7d190f608da7 1.076s
2024-10-04 14:47:18.490 62233 INFO tempest.lib.common.rest_client [req-b99d9628-cc49-41e1-b46d-4c54affb43f1 req-b99d9628-cc49-41e1-b46d-4c54affb43f1 ] Request (InstanceActionsTestJSON:setUpClass): 200 GET http://10.180.1.21/compute/v2.1/servers/56100b54-763d-4f7c-99d7-cc078d31287d 1.029s
2024-10-04 14:47:18.498 62221 INFO tempest.lib.common.rest_client [req-4e0c8ef1-35aa-41f5-b45b-228754a53236 req-4e0c8ef1-35aa-41f5-b45b-228754a53236 ] Request (DeleteServersAdminTestJSON:test_delete_server_while_in_error_state): 200 GET http://10.180.1.21/compute/v2.1/servers/2f789592-db9f-4740-9d97-a819995dbc14 0.938s
2024-10-04 14:47:18.521 62245 INFO tempest.lib.common.rest_client [req-52834319-5ea6-4f5f-a71d-fb1e192a9ccf req-52834319-5ea6-4f5f-a71d-fb1e192a9ccf ] Request (FloatingIPDetailsNegativeTestJSON:tearDownClass): 200 PUT http://10.180.1.21:9696/networking/v2.0/routers/9ac7f186-0537-400f-aa4e-82c8c2e77742/remove_router_interface 2.909s
2024-10-04 14:47:18.577 62243 INFO tempest.lib.common.rest_client [req-868d820d-f59d-4d19-8d19-c7228a72a218 req-868d820d-f59d-4d19-8d19-c7228a72a218 ] Request (MigrationsAdminTest:test_resize_server_revert_deleted_flavor): 200 GET http://10.180.1.21/compute/v2.1/servers/e9589daf-a5a3-4e67-8aa4-2c1b7f202fe4 0.936s
2024-10-04 14:47:18.579 62237 INFO tempest.lib.common.rest_client [req-97b553c7-f281-4250-8b3b-390eab581bb8 req-97b553c7-f281-4250-8b3b-390eab581bb8 ] Request (ServersTestMultiNic:test_verify_duplicate_network_nics): 200 GET http://10.180.1.21/compute/v2.1/servers/1e30f1da-6e00-4e50-92ae-e0f9ddb74b71 0.980s
2024-10-04 14:47:18.650 62227 INFO tempest.lib.common.rest_client [req-db2d6727-0ff4-43e1-a200-95515e71e127 req-db2d6727-0ff4-43e1-a200-95515e71e127 ] Request (SecurityGroupsTestJSON:test_list_security_groups_by_server): 200 GET http://10.180.1.21/compute/v2.1/servers/8eb239e4-8b31-4615-94f3-8da8fd041deb 0.804s
2024-10-04 14:47:18.671 62225 INFO tempest.lib.common.rest_client [req-d377dba6-2541-4e77-895d-81a0305c52ff req-d377dba6-2541-4e77-895d-81a0305c52ff ] Request (FloatingIPsAssociationNegativeTestJSON:setUpClass): 200 GET http://10.180.1.21/compute/v2.1/servers/323f2b79-7905-43a7-8d3d-053266526c3c 0.922s
2024-10-04 14:47:18.697 62213 INFO tempest.lib.common.rest_client [req-6fadb39b-9d5a-4495-b4fe-95d2c9f2c13c req-6fadb39b-9d5a-4495-b4fe-95d2c9f2c13c ] Request (ServerExternalEventsTest:test_create_server_external_events): 404 GET http://10.180.1.21/compute/v2.1/servers/f3146560-9fcc-45a2-96a1-0b36ee475ef9 0.512s
2024-10-04 14:47:18.737 62249 INFO tempest.lib.common.rest_client [req-752e506b-382b-4697-bf55-fe8fd9fbd1b3 req-752e506b-382b-4697-bf55-fe8fd9fbd1b3 ] Request (ServerDiagnosticsNegativeTest:test_get_server_diagnostics_by_non_admin): 200 GET http://10.180.1.21/compute/v2.1/servers/5a9ab52a-376a-4c78-976b-0514132c2b3d 0.810s
2024-10-04 14:47:18.816 62239 INFO tempest.lib.common.rest_client [req-38532cd7-8a9c-4432-9e91-8312b657c56c req-38532cd7-8a9c-4432-9e91-8312b657c56c ] Request (FloatingIPDetailsTestJSON:setUpClass): 201 POST http://10.180.1.21:9696/networking/v2.0/subnets 0.446s
2024-10-04 14:47:18.832 62215 INFO tempest.lib.common.rest_client [req-7370f414-af10-4297-a04b-afa521b1e9cd req-7370f414-af10-4297-a04b-afa521b1e9cd ] Request (ServerTagsTestJSON:setUpClass): 200 GET http://10.180.1.21/compute/v2.1/servers/d343d47d-7430-4e48-9cf2-c442f7c22511 0.361s
2024-10-04 14:47:18.839 62213 INFO tempest.lib.common.rest_client [req-d00fe6b1-da37-4827-bb9e-8f4d0713048e req-d00fe6b1-da37-4827-bb9e-8f4d0713048e ] Request (ServerExternalEventsTest:tearDownClass): 204 DELETE http://10.180.1.21/identity/v3/users/9ffe2377887942b8944ed640195ce784 0.126s
2024-10-04 14:47:18.843 62205 INFO tempest.lib.common.rest_client [req-2198dbb7-9140-4aa1-83be-ba9a87e5ec63 req-2198dbb7-9140-4aa1-83be-ba9a87e5ec63 ] Request (VolumesTestJSON:setUpClass): 200 GET http://10.180.1.21/volume/v3/8d92243b60f14b15940559c6ba360d75/volumes/cb9b1424-2141-47a3-9ad8-6be77f236ef4 0.042s
2024-10-04 14:47:18.850 62205 INFO tempest.common.waiters [-] volume cb9b1424-2141-47a3-9ad8-6be77f236ef4 reached available after waiting for 1.850842 seconds
2024-10-04 14:47:18.917 62241 INFO tempest.lib.common.rest_client [req-57a65d55-2d40-45ef-bbe5-753941fa6183 req-57a65d55-2d40-45ef-bbe5-753941fa6183 ] Request (ServersV294TestFqdnHostnames:setUpClass): 200 GET http://10.180.1.21/compute/v2.1/servers/8efe3853-37b9-44a0-ba3a-6c5bfbff0ce7 0.354s
2024-10-04 14:47:18.957 62213 INFO tempest.lib.common.rest_client [req-32f9398d-a082-47f1-bfb3-eb2dcd042b89 req-32f9398d-a082-47f1-bfb3-eb2dcd042b89 ] Request (ServerExternalEventsTest:tearDownClass): 204 DELETE http://10.180.1.21/identity/v3/users/4c0fa7a100654e3ab4f34dcd2062febf 0.117s
2024-10-04 14:47:18.969 62199 INFO tempest.lib.common.rest_client [req-7cdb2b29-f59c-4215-b2ca-eee09424df5f req-7cdb2b29-f59c-4215-b2ca-eee09424df5f ] Request (ServersTestBootFromVolume:setUpClass): 201 POST http://10.180.1.21:9696/networking/v2.0/security-group-rules 0.544s
2024-10-04 14:47:18.980 62211 INFO tempest.lib.common.rest_client [req-eb38f0bc-9bc4-4538-9d47-64af8d9edc1f req-eb38f0bc-9bc4-4538-9d47-64af8d9edc1f ] Request (ServerActionsTestJSON:setUpClass): 200 GET http://10.180.1.21/compute/v2.1/servers/5ed4481c-2597-43ea-805b-5a525a8a0f39 0.301s
2024-10-04 14:47:19.067 62257 INFO tempest.lib.common.rest_client [req-e276596c-2720-4a34-b123-c5d632cd2146 req-e276596c-2720-4a34-b123-c5d632cd2146 ] Request (ServersAdmin275Test:tearDownClass): 200 GET http://10.180.1.21/compute/v2.1/servers/399e1a26-71cc-4814-ab13-c3c86ee76e6b 0.335s
2024-10-04 14:47:19.081 62213 INFO tempest.lib.common.rest_client [req-29e63b10-0bba-4d51-ade5-1e28f331dd41 req-29e63b10-0bba-4d51-ade5-1e28f331dd41 ] Request (ServerExternalEventsTest:tearDownClass): 204 DELETE http://10.180.1.21/identity/v3/users/5c7b2affc29c4b1aa56f4b2217de2c7d 0.123s
2024-10-04 14:47:19.081 62213 INFO tempest.lib.common.dynamic_creds [-] Deleting project and security group for project: de0c64ac45e447c2a25cbf5846cef118
2024-10-04 14:47:19.099 62253 INFO tempest.lib.common.rest_client [req-dabafe20-bac3-4beb-9d51-4d2d2f2626b8 req-dabafe20-bac3-4beb-9d51-4d2d2f2626b8 ] Request (ServersWithSpecificFlavorTestJSON:test_verify_created_server_ephemeral_disk): 200 GET http://10.180.1.21/compute/v2.1/servers/901cea6a-3cd3-4064-8444-cf9bf34ce764 0.717s
2024-10-04 14:47:19.141 62205 INFO tempest.lib.common.rest_client [req-31bb41d1-883f-41ba-84d6-28dc7f7c5dab req-31bb41d1-883f-41ba-84d6-28dc7f7c5dab ] Request (VolumesTestJSON:setUpClass): 200 GET http://10.180.1.21/compute/v2.1/os-volumes/cb9b1424-2141-47a3-9ad8-6be77f236ef4 0.290s
2024-10-04 14:47:19.149 62201 INFO tempest.lib.common.rest_client [req-22148a0f-3c2e-4dcc-bb92-a794109dd44e req-22148a0f-3c2e-4dcc-bb92-a794109dd44e ] Request (VolumesAssistedSnapshotsTest:test_volume_assisted_snapshot_create_delete): 200 GET http://10.180.1.21/compute/v2.1/servers/39bf2d25-556b-4b31-9876-3503556e1eec 0.362s
2024-10-04 14:47:19.155 62213 INFO tempest.lib.common.rest_client [req-ead8baa2-17b8-41f6-acb2-162632f9cb76 req-ead8baa2-17b8-41f6-acb2-162632f9cb76 ] Request (ServerExternalEventsTest:tearDownClass): 201 POST http://10.180.1.21/identity/v3/auth/tokens 0.073s
2024-10-04 14:47:19.250 62235 INFO tempest.lib.common.rest_client [req-5c4cc7d5-e3a1-4ec4-b2ce-1a9bb45581f0 req-5c4cc7d5-e3a1-4ec4-b2ce-1a9bb45581f0 ] Request (FloatingIPsAssociationTestJSON:setUpClass): 200 GET http://10.180.1.21/compute/v2.1/servers/9f273d10-42bd-45a0-9161-44fd8426cf80 0.366s
2024-10-04 14:47:19.255 62217 INFO tempest.lib.common.rest_client [req-98649409-9741-4abb-86d9-cb81cd63a0ac req-98649409-9741-4abb-86d9-cb81cd63a0ac ] Request (ImagesOneServerNegativeTestJSON:tearDownClass): 204 DELETE http://10.180.1.21:9696/networking/v2.0/networks/af86e9f3-47ea-4596-8919-43514d864c59 1.077s
2024-10-04 14:47:19.268 62229 INFO tempest.lib.common.rest_client [req-c0fd6945-e00e-43c3-8151-93e0a8eb427f req-c0fd6945-e00e-43c3-8151-93e0a8eb427f ] Request (ListServerFiltersTestJSON:setUpClass): 200 GET http://10.180.1.21/compute/v2.1/servers/8e006643-a3a6-4b31-b4cf-3dea1e762200 0.330s
2024-10-04 14:47:19.310 62205 INFO tempest.lib.common.rest_client [req-f12daeb1-cb77-44d8-85a1-ebf29b01bb99 req-f12daeb1-cb77-44d8-85a1-ebf29b01bb99 ] Request (VolumesTestJSON:setUpClass): 202 POST http://10.180.1.21/volume/v3/8d92243b60f14b15940559c6ba360d75/volumes 0.165s
2024-10-04 14:47:19.333 62199 INFO tempest.lib.common.rest_client [req-5a3cbd2b-4e0d-4834-b7be-4f292bf293c9 req-5a3cbd2b-4e0d-4834-b7be-4f292bf293c9 ] Request (ServersTestBootFromVolume:setUpClass): 201 POST http://10.180.1.21:9696/networking/v2.0/security-group-rules 0.363s
2024-10-04 14:47:19.350 62251 INFO tempest.lib.common.rest_client [req-1820dc96-7767-4166-8358-8e3dd686f6e1 req-1820dc96-7767-4166-8358-8e3dd686f6e1 ] Request (VolumesAdminNegativeTest:test_update_attached_volume_with_nonexistent_volume_in_body): 200 GET http://10.180.1.21/compute/v2.1/servers/88240fec-1b9b-4be5-858e-8fe34686a51a 0.166s
2024-10-04 14:47:19.356 62205 INFO tempest.lib.common.rest_client [req-9514a397-a1e5-4d4d-88e6-62f72d595473 req-9514a397-a1e5-4d4d-88e6-62f72d595473 ] Request (VolumesTestJSON:setUpClass): 200 GET http://10.180.1.21/volume/v3/8d92243b60f14b15940559c6ba360d75/volumes/1b33b360-a57a-44b3-9f30-b1a76722abde 0.038s
2024-10-04 14:47:19.376 62217 INFO tempest.lib.common.rest_client [req-6d25c730-b1a2-48f9-b281-9be118b0a3f6 req-6d25c730-b1a2-48f9-b281-9be118b0a3f6 ] Request (ImagesOneServerNegativeTestJSON:tearDownClass): 204 DELETE http://10.180.1.21/identity/v3/users/9ebc56a2a0b842d19e56ad8312dec32b 0.120s
2024-10-04 14:47:19.376 62217 INFO tempest.lib.common.dynamic_creds [-] Deleting project and security group for project: d9109ff3fbbb4e6193e882cabf6ba1fe
2024-10-04 14:47:19.401 62219 INFO tempest.lib.common.rest_client [req-eb0c08b9-aebc-4bad-81b7-fdf732df4b5b req-eb0c08b9-aebc-4bad-81b7-fdf732df4b5b ] Request (ServerDiagnosticsV248Test:tearDownClass): 200 GET http://10.180.1.21/compute/v2.1/servers/894a31dc-af4c-4cd7-8d22-11d58669f401 0.420s
2024-10-04 14:47:19.435 62259 INFO tempest.lib.common.rest_client [req-cf822547-623c-49d2-a0b8-16c85262ae9b req-cf822547-623c-49d2-a0b8-16c85262ae9b ] Request (ServerDiagnosticsTest:test_get_server_diagnostics): 200 GET http://10.180.1.21/compute/v2.1/servers/7d79933a-36b6-4acf-b28a-7b9b5872e61a 0.172s
2024-10-04 14:47:19.489 62203 INFO tempest.lib.common.rest_client [req-33d5a8b9-2b0f-458e-8406-115a9af0eb8d req-33d5a8b9-2b0f-458e-8406-115a9af0eb8d ] Request (TenantUsagesTestJSON:setUpClass): 200 GET http://10.180.1.21/compute/v2.1/servers/e9c46744-781c-4492-b4f0-5b3c00205cc2 0.185s
2024-10-04 14:47:19.497 62245 INFO tempest.lib.common.rest_client [req-3b5c49bd-31db-41e1-b61f-f766e6efcaf6 req-3b5c49bd-31db-41e1-b61f-f766e6efcaf6 ] Request (FloatingIPDetailsNegativeTestJSON:tearDownClass): 204 DELETE http://10.180.1.21:9696/networking/v2.0/routers/9ac7f186-0537-400f-aa4e-82c8c2e77742 0.976s
2024-10-04 14:47:19.524 62207 INFO tempest.lib.common.rest_client [req-04fee08a-2e67-448d-95b5-469248ce6b5a req-04fee08a-2e67-448d-95b5-469248ce6b5a ] Request (ServerAddressesNegativeTestJSON:setUpClass): 200 GET http://10.180.1.21/compute/v2.1/servers/bbef2b7a-9400-40c4-b4ce-ab5696e49ce8 0.174s
2024-10-04 14:47:19.549 62217 INFO tempest.lib.common.rest_client [req-22311db9-394a-4792-a2a4-07440f421148 req-22311db9-394a-4792-a2a4-07440f421148 ] Request (ImagesOneServerNegativeTestJSON:tearDownClass): 200 GET http://10.180.1.21:9696/networking/v2.0/security-groups?tenant_id=d9109ff3fbbb4e6193e882cabf6ba1fe&name=default 0.173s
2024-10-04 14:47:19.571 62197 INFO tempest.lib.common.rest_client [req-11729e47-68a5-4ff9-b44b-44670bddd5e7 req-11729e47-68a5-4ff9-b44b-44670bddd5e7 ] Request (ServersAdminTestJSON:setUpClass): 200 GET http://10.180.1.21/compute/v2.1/servers/0099d753-f0aa-4483-a3bc-873b0c72a566 0.165s
2024-10-04 14:47:19.626 62231 INFO tempest.lib.common.rest_client [req-c7c4c5b6-02d8-40f3-93ff-553c8ebe9d85 req-c7c4c5b6-02d8-40f3-93ff-553c8ebe9d85 ] Request (ServersTestManualDisk:setUpClass): 200 GET http://10.180.1.21/compute/v2.1/servers/1b673239-c353-4fe9-83e4-7d190f608da7 0.190s
2024-10-04 14:47:19.640 62233 INFO tempest.lib.common.rest_client [req-8fdce19e-2718-4e6a-957d-1ee5775d3a98 req-8fdce19e-2718-4e6a-957d-1ee5775d3a98 ] Request (InstanceActionsTestJSON:setUpClass): 200 GET http://10.180.1.21/compute/v2.1/servers/56100b54-763d-4f7c-99d7-cc078d31287d 0.139s
2024-10-04 14:47:19.697 62213 INFO tempest.lib.common.rest_client [req-a24abf90-c09e-4479-b9d3-4c30942e8bb2 req-a24abf90-c09e-4479-b9d3-4c30942e8bb2 ] Request (ServerExternalEventsTest:tearDownClass): 200 GET http://10.180.1.21:9696/networking/v2.0/security-groups?tenant_id=de0c64ac45e447c2a25cbf5846cef118&name=default 0.542s
2024-10-04 14:47:19.708 62237 INFO tempest.lib.common.rest_client [req-78c789a7-cf07-46e9-8a5a-a887faf597cf req-78c789a7-cf07-46e9-8a5a-a887faf597cf ] Request (ServersTestMultiNic:test_verify_duplicate_network_nics): 200 GET http://10.180.1.21/compute/v2.1/servers/1e30f1da-6e00-4e50-92ae-e0f9ddb74b71 0.122s
2024-10-04 14:47:19.793 62243 INFO tempest.lib.common.rest_client [req-47c00710-1970-4887-b8f5-6c49ba3cefe8 req-47c00710-1970-4887-b8f5-6c49ba3cefe8 ] Request (MigrationsAdminTest:test_resize_server_revert_deleted_flavor): 200 GET http://10.180.1.21/compute/v2.1/servers/e9589daf-a5a3-4e67-8aa4-2c1b7f202fe4 0.199s
2024-10-04 14:47:19.801 62245 INFO tempest.lib.common.rest_client [req-5f5ab72e-974e-4d2c-8ab2-f780e20dc807 req-5f5ab72e-974e-4d2c-8ab2-f780e20dc807 ] Request (FloatingIPDetailsNegativeTestJSON:tearDownClass): 204 DELETE http://10.180.1.21:9696/networking/v2.0/subnets/24364200-f611-463e-817c-e15344bdc4c5 0.303s
2024-10-04 14:47:19.854 62221 INFO tempest.lib.common.rest_client [req-b6b50d1b-cb9b-429d-bd90-9b56c0d41eef req-b6b50d1b-cb9b-429d-bd90-9b56c0d41eef ] Request (DeleteServersAdminTestJSON:test_delete_server_while_in_error_state): 200 GET http://10.180.1.21/compute/v2.1/servers/2f789592-db9f-4740-9d97-a819995dbc14 0.346s
2024-10-04 14:47:19.928 62225 INFO tempest.lib.common.rest_client [req-0f6e1c3c-522c-4bf1-bd04-6d9342a6ae0e req-0f6e1c3c-522c-4bf1-bd04-6d9342a6ae0e ] Request (FloatingIPsAssociationNegativeTestJSON:setUpClass): 200 GET http://10.180.1.21/compute/v2.1/servers/323f2b79-7905-43a7-8d3d-053266526c3c 0.249s
2024-10-04 14:47:20.000 62249 INFO tempest.lib.common.rest_client [req-c6509837-1d73-44b9-af2d-369da93de147 req-c6509837-1d73-44b9-af2d-369da93de147 ] Request (ServerDiagnosticsNegativeTest:test_get_server_diagnostics_by_non_admin): 200 GET http://10.180.1.21/compute/v2.1/servers/5a9ab52a-376a-4c78-976b-0514132c2b3d 0.252s
2024-10-04 14:47:20.005 62227 INFO tempest.lib.common.rest_client [req-2ef23c64-9e7e-4a3f-a6ca-8788e6438942 req-2ef23c64-9e7e-4a3f-a6ca-8788e6438942 ] Request (SecurityGroupsTestJSON:test_list_security_groups_by_server): 200 GET http://10.180.1.21/compute/v2.1/servers/8eb239e4-8b31-4615-94f3-8da8fd041deb 0.347s
2024-10-04 14:47:20.044 62217 INFO tempest.lib.common.rest_client [req-6db09ec4-9db2-4e09-a836-5ebcd5597e4d req-6db09ec4-9db2-4e09-a836-5ebcd5597e4d ] Request (ImagesOneServerNegativeTestJSON:tearDownClass): 204 DELETE http://10.180.1.21:9696/networking/v2.0/security-groups/c6fc6ebd-295c-4ebe-84c7-5e2c8a700109 0.495s
2024-10-04 14:47:20.090 62241 INFO tempest.lib.common.rest_client [req-127e1212-bbae-46e6-950d-2afeab856ab7 req-127e1212-bbae-46e6-950d-2afeab856ab7 ] Request (ServersV294TestFqdnHostnames:setUpClass): 200 GET http://10.180.1.21/compute/v2.1/servers/8efe3853-37b9-44a0-ba3a-6c5bfbff0ce7 0.161s
2024-10-04 14:47:20.091 62215 INFO tempest.lib.common.rest_client [req-3daf7e1b-48d4-472c-a027-253ac06134e8 req-3daf7e1b-48d4-472c-a027-253ac06134e8 ] Request (ServerTagsTestJSON:setUpClass): 200 GET http://10.180.1.21/compute/v2.1/servers/d343d47d-7430-4e48-9cf2-c442f7c22511 0.243s
2024-10-04 14:47:20.151 62211 INFO tempest.lib.common.rest_client [req-7a15b584-6608-4b5c-aacc-c7b7df08a4ba req-7a15b584-6608-4b5c-aacc-c7b7df08a4ba ] Request (ServerActionsTestJSON:setUpClass): 200 GET http://10.180.1.21/compute/v2.1/servers/5ed4481c-2597-43ea-805b-5a525a8a0f39 0.165s
2024-10-04 14:47:20.152 62217 INFO tempest.lib.common.rest_client [req-3972508c-8b10-4503-b6a9-fac3757987b0 req-3972508c-8b10-4503-b6a9-fac3757987b0 ] Request (ImagesOneServerNegativeTestJSON:tearDownClass): 204 DELETE http://10.180.1.21/identity/v3/projects/d9109ff3fbbb4e6193e882cabf6ba1fe 0.107s
2024-10-04 14:47:20.174 62213 INFO tempest.lib.common.rest_client [req-0e35f808-765c-4a8b-bb35-b8200d200ffb req-0e35f808-765c-4a8b-bb35-b8200d200ffb ] Request (ServerExternalEventsTest:tearDownClass): 204 DELETE http://10.180.1.21:9696/networking/v2.0/security-groups/2b4ad55e-dd8a-4b37-ad45-fcf202851a03 0.476s
2024-10-04 14:47:20.189 62257 INFO tempest.lib.common.rest_client [req-d2f842f1-6e0b-4dc4-86ca-52de278bd4e6 req-d2f842f1-6e0b-4dc4-86ca-52de278bd4e6 ] Request (ServersAdmin275Test:tearDownClass): 200 GET http://10.180.1.21/compute/v2.1/servers/399e1a26-71cc-4814-ab13-c3c86ee76e6b 0.106s
2024-10-04 14:47:20.212 62209 INFO tempest.lib.common.rest_client [req-2dc1e0f8-a6b7-4967-9df6-ebb79e817419 req-2dc1e0f8-a6b7-4967-9df6-ebb79e817419 ] Request (ImagesTestJSON:setUpClass): 201 POST http://10.180.1.21:9696/networking/v2.0/routers 2.839s
2024-10-04 14:47:20.228 62253 INFO tempest.lib.common.rest_client [req-c9adde67-58f6-41f8-bcd8-d978a1e078b5 req-c9adde67-58f6-41f8-bcd8-d978a1e078b5 ] Request (ServersWithSpecificFlavorTestJSON:test_verify_created_server_ephemeral_disk): 200 GET http://10.180.1.21/compute/v2.1/servers/901cea6a-3cd3-4064-8444-cf9bf34ce764 0.120s
2024-10-04 14:47:20.258 62201 INFO tempest.lib.common.rest_client [req-077a7ea2-31ba-4b21-bc75-e2eb03e567a9 req-077a7ea2-31ba-4b21-bc75-e2eb03e567a9 ] Request (VolumesAssistedSnapshotsTest:test_volume_assisted_snapshot_create_delete): 200 GET http://10.180.1.21/compute/v2.1/servers/39bf2d25-556b-4b31-9876-3503556e1eec 0.099s
2024-10-04 14:47:20.275 62213 INFO tempest.lib.common.rest_client [req-51eecaba-df1f-4947-a1d3-5384325459c0 req-51eecaba-df1f-4947-a1d3-5384325459c0 ] Request (ServerExternalEventsTest:tearDownClass): 204 DELETE http://10.180.1.21/identity/v3/projects/de0c64ac45e447c2a25cbf5846cef118 0.101s
2024-10-04 14:47:20.276 62213 INFO tempest.lib.common.dynamic_creds [-] Deleting project and security group for project: 654644e4d43843e3ba2d775f0dc7628b
2024-10-04 14:47:20.283 62245 INFO tempest.lib.common.rest_client [req-9e52e48f-ba4a-4617-90cb-6c87546f7217 req-9e52e48f-ba4a-4617-90cb-6c87546f7217 ] Request (FloatingIPDetailsNegativeTestJSON:tearDownClass): 204 DELETE http://10.180.1.21:9696/networking/v2.0/networks/7d713270-527c-45a5-8384-9049ee808b14 0.481s
2024-10-04 14:47:20.330 62217 INFO tempest.lib.common.rest_client [req-c8abda1a-244f-4338-b68b-139a1845cdc4 req-c8abda1a-244f-4338-b68b-139a1845cdc4 ] Request (ServersTestJSON:setUpClass): 201 POST http://10.180.1.21/identity/v3/auth/tokens 0.113s
2024-10-04 14:47:20.357 62229 INFO tempest.lib.common.rest_client [req-8f4e70eb-2343-4bc1-926c-0b25c95a988a req-8f4e70eb-2343-4bc1-926c-0b25c95a988a ] Request (ListServerFiltersTestJSON:setUpClass): 200 GET http://10.180.1.21/compute/v2.1/servers/8e006643-a3a6-4b31-b4cf-3dea1e762200 0.077s
2024-10-04 14:47:20.358 62235 INFO tempest.lib.common.rest_client [req-5e31cade-071b-4d72-956e-dd0dd28ae15e req-5e31cade-071b-4d72-956e-dd0dd28ae15e ] Request (FloatingIPsAssociationTestJSON:setUpClass): 200 GET http://10.180.1.21/compute/v2.1/servers/9f273d10-42bd-45a0-9161-44fd8426cf80 0.094s
2024-10-04 14:47:20.402 62205 INFO tempest.lib.common.rest_client [req-d9a589e6-588c-48ee-aa65-226695c57b7a req-d9a589e6-588c-48ee-aa65-226695c57b7a ] Request (VolumesTestJSON:setUpClass): 200 GET http://10.180.1.21/volume/v3/8d92243b60f14b15940559c6ba360d75/volumes/1b33b360-a57a-44b3-9f30-b1a76722abde 0.038s
2024-10-04 14:47:20.402 62245 INFO tempest.lib.common.rest_client [req-1c6a7fde-67db-4362-bffb-78b3a707c00b req-1c6a7fde-67db-4362-bffb-78b3a707c00b ] Request (FloatingIPDetailsNegativeTestJSON:tearDownClass): 204 DELETE http://10.180.1.21/identity/v3/users/a7c4b65fbb2c4b379c3c1465cfeaadec 0.118s
2024-10-04 14:47:20.403 62245 INFO tempest.lib.common.dynamic_creds [-] Deleting project and security group for project: 6da4979f74b24407b570bd86591c5cc7
2024-10-04 14:47:20.408 62205 INFO tempest.common.waiters [-] volume 1b33b360-a57a-44b3-9f30-b1a76722abde reached available after waiting for 1.408922 seconds
2024-10-04 14:47:20.412 62217 INFO tempest.lib.common.rest_client [req-8aa1ce82-1614-4ee1-87f0-8e375ff8b8c4 req-8aa1ce82-1614-4ee1-87f0-8e375ff8b8c4 ] Request (ServersTestJSON:setUpClass): 201 POST http://10.180.1.21/identity/v3/auth/tokens 0.080s
2024-10-04 14:47:20.426 62251 INFO tempest.lib.common.rest_client [req-3f3c4008-43a7-4e06-8eb7-b4dd3e341cb4 req-3f3c4008-43a7-4e06-8eb7-b4dd3e341cb4 ] Request (VolumesAdminNegativeTest:test_update_attached_volume_with_nonexistent_volume_in_body): 200 GET http://10.180.1.21/compute/v2.1/servers/88240fec-1b9b-4be5-858e-8fe34686a51a 0.068s
2024-10-04 14:47:20.449 62205 INFO tempest.lib.common.rest_client [req-35e4d0b7-b787-4f4c-bd14-5b2ef38d5886 req-35e4d0b7-b787-4f4c-bd14-5b2ef38d5886 ] Request (VolumesTestJSON:setUpClass): 200 GET http://10.180.1.21/compute/v2.1/os-volumes/1b33b360-a57a-44b3-9f30-b1a76722abde 0.040s
2024-10-04 14:47:20.466 62217 INFO tempest.lib.common.rest_client [req-37ed885f-3eab-4138-9a11-c055f3da99d9 req-37ed885f-3eab-4138-9a11-c055f3da99d9 ] Request (ServersTestJSON:setUpClass): 200 GET http://10.180.1.21/identity/v3/domains?name=Default 0.053s
2024-10-04 14:47:20.497 62219 INFO tempest.lib.common.rest_client [req-4de2fb78-6028-43c0-a65d-6de68d3ee45b req-4de2fb78-6028-43c0-a65d-6de68d3ee45b ] Request (ServerDiagnosticsV248Test:tearDownClass): 200 GET http://10.180.1.21/compute/v2.1/servers/894a31dc-af4c-4cd7-8d22-11d58669f401 0.080s
2024-10-04 14:47:20.505 62217 INFO tempest.lib.common.rest_client [req-3b1af239-f5d0-4ff5-8f33-252acf303fdf req-3b1af239-f5d0-4ff5-8f33-252acf303fdf ] Request (ServersTestJSON:setUpClass): 201 POST http://10.180.1.21/identity/v3/projects 0.038s
2024-10-04 14:47:20.552 62259 INFO tempest.lib.common.rest_client [req-dcc4c623-35ba-41fe-8607-6755fb8c9d5d req-dcc4c623-35ba-41fe-8607-6755fb8c9d5d ] Request (ServerDiagnosticsTest:test_get_server_diagnostics): 200 GET http://10.180.1.21/compute/v2.1/servers/7d79933a-36b6-4acf-b28a-7b9b5872e61a 0.107s
2024-10-04 14:47:20.556 62205 INFO tempest.lib.common.rest_client [req-99a3666e-8a03-444e-b08e-6356b3a616b6 req-99a3666e-8a03-444e-b08e-6356b3a616b6 ] Request (VolumesTestJSON:test_volume_list): 200 GET http://10.180.1.21/compute/v2.1/os-volumes 0.104s
2024-10-04 14:47:20.567 62217 INFO tempest.lib.common.rest_client [req-72ebafde-ad6e-47b6-9a65-fd5987f0fdb8 req-72ebafde-ad6e-47b6-9a65-fd5987f0fdb8 ] Request (ServersTestJSON:setUpClass): 201 POST http://10.180.1.21/identity/v3/users 0.061s
2024-10-04 14:47:20.583 62245 INFO tempest.lib.common.rest_client [req-98ae6221-d65d-4298-8a75-be56ffa422cc req-98ae6221-d65d-4298-8a75-be56ffa422cc ] Request (FloatingIPDetailsNegativeTestJSON:tearDownClass): 200 GET http://10.180.1.21:9696/networking/v2.0/security-groups?tenant_id=6da4979f74b24407b570bd86591c5cc7&name=default 0.180s
2024-10-04 14:47:20.589 62217 INFO tempest.lib.common.rest_client [req-7a800190-c592-45f1-bcb8-5c60b45ac54c req-7a800190-c592-45f1-bcb8-5c60b45ac54c ] Request (ServersTestJSON:setUpClass): 200 GET http://10.180.1.21/identity/v3/roles 0.021s
2024-10-04 14:47:20.620 62217 INFO tempest.lib.common.rest_client [req-eed2c789-606b-409b-9e82-7c9bdbbcb003 req-eed2c789-606b-409b-9e82-7c9bdbbcb003 ] Request (ServersTestJSON:setUpClass): 204 PUT http://10.180.1.21/identity/v3/projects/0138baae73514a49a0b1a4d8c891880b/users/373bc5a598eb410486ed43d83140b0e5/roles/16d78b6884f94642b7fb04ff343f3717 0.031s
2024-10-04 14:47:20.621 62217 INFO tempest.lib.common.dynamic_creds [-] Dynamic test user 373bc5a598eb410486ed43d83140b0e5 is created with scope project and roles: ['member']
2024-10-04 14:47:20.621 62217 INFO tempest.lib.common.dynamic_creds [-] Acquired dynamic creds: credentials: Credentials: {'domain_id': 'default', 'domain_name': 'Default', 'username': 'tempest-ServersTestJSON-1803748333-project-member', 'project_domain_id': 'default', 'project_domain_name': 'Default', 'project_id': '0138baae73514a49a0b1a4d8c891880b', 'project_name': 'tempest-ServersTestJSON-1803748333', 'tenant_id': '0138baae73514a49a0b1a4d8c891880b', 'tenant_name': 'tempest-ServersTestJSON-1803748333', 'user_domain_id': 'default', 'user_domain_name': 'Default', 'user_id': '373bc5a598eb410486ed43d83140b0e5', 'system': None}, Network: None, Subnet: None, Router: None
2024-10-04 14:47:20.630 62207 INFO tempest.lib.common.rest_client [req-f718233c-5bf0-43c2-a3d0-a39136c32a20 req-f718233c-5bf0-43c2-a3d0-a39136c32a20 ] Request (ServerAddressesNegativeTestJSON:setUpClass): 200 GET http://10.180.1.21/compute/v2.1/servers/bbef2b7a-9400-40c4-b4ce-ab5696e49ce8 0.097s
2024-10-04 14:47:20.649 62203 INFO tempest.lib.common.rest_client [req-1a25d977-b00c-4309-a0ac-d74657bcb4c7 req-1a25d977-b00c-4309-a0ac-d74657bcb4c7 ] Request (TenantUsagesTestJSON:setUpClass): 200 GET http://10.180.1.21/compute/v2.1/servers/e9c46744-781c-4492-b4f0-5b3c00205cc2 0.151s
2024-10-04 14:47:20.660 62247 INFO tempest.lib.common.rest_client [req-71f944c2-c650-4ec6-82e8-e6137d160e1f req-71f944c2-c650-4ec6-82e8-e6137d160e1f ] Request (AttachInterfacesTestJSON:setUpClass): 200 PUT http://10.180.1.21:9696/networking/v2.0/routers/0efaeeb3-a92b-4e42-b5e1-0f41a469aa2a/add_router_interface 3.542s
2024-10-04 14:47:20.660 62247 INFO tempest.lib.common.dynamic_creds [-] Created isolated network resources for: credentials: Credentials: {'domain_id': 'default', 'domain_name': 'Default', 'username': 'tempest-AttachInterfacesTestJSON-676192622-project-member', 'project_domain_id': 'default', 'project_domain_name': 'Default', 'project_id': '70ff05445f8349bb96dadaa2849de9ae', 'project_name': 'tempest-AttachInterfacesTestJSON-676192622', 'tenant_id': '70ff05445f8349bb96dadaa2849de9ae', 'tenant_name': 'tempest-AttachInterfacesTestJSON-676192622', 'user_domain_id': 'default', 'user_domain_name': 'Default', 'user_id': '04cf45e1ad6e4b6db5de74213599ffac', 'system': None}, Network: {'id': '9f8e56ed-2a45-4da7-b48a-8ae2f933ac59', 'name': 'tempest-AttachInterfacesTestJSON-245515421-network', 'tenant_id': '70ff05445f8349bb96dadaa2849de9ae', 'admin_state_up': True, 'mtu': 8950, 'status': 'ACTIVE', 'subnets': [], 'shared': False, 'project_id': '70ff05445f8349bb96dadaa2849de9ae', 'port_security_enabled': True, 'router:external': False, 'provider:network_type': 'vlan', 'provider:physical_network': 'default', 'provider:segmentation_id': 620, 'is_default': False, 'availability_zone_hints': [], 'availability_zones': [], 'ipv4_address_scope': None, 'ipv6_address_scope': None, 'description': '', 'tags': [], 'created_at': '2024-10-04T14:47:13Z', 'updated_at': '2024-10-04T14:47:13Z', 'revision_number': 1}, Subnet: {'id': 'aa9efea6-2026-4e5e-8953-71760dad527d', 'name': 'tempest-AttachInterfacesTestJSON-245515421-subnet', 'tenant_id': '70ff05445f8349bb96dadaa2849de9ae', 'network_id': '9f8e56ed-2a45-4da7-b48a-8ae2f933ac59', 'ip_version': 4, 'subnetpool_id': None, 'enable_dhcp': True, 'ipv6_ra_mode': None, 'ipv6_address_mode': None, 'gateway_ip': '192.168.128.1', 'cidr': '192.168.128.0/28', 'allocation_pools': [{'start': '192.168.128.2', 'end': '192.168.128.14'}], 'host_routes': [], 'dns_nameservers': [], 'description': '', 'router:external': False, 'service_types': [], 'tags': [], 'created_at': '2024-10-04T14:47:14Z', 'updated_at': '2024-10-04T14:47:14Z', 'revision_number': 0, 'project_id': '70ff05445f8349bb96dadaa2849de9ae'}, Router: {'id': '0efaeeb3-a92b-4e42-b5e1-0f41a469aa2a', 'name': 'tempest-AttachInterfacesTestJSON-245515421-router', 'tenant_id': '70ff05445f8349bb96dadaa2849de9ae', 'admin_state_up': True, 'status': 'ACTIVE', 'external_gateway_info': {'network_id': '19c56fba-e232-4c36-8527-42ab800201df', 'external_fixed_ips': [{'subnet_id': '25fec7a4-4eb3-403c-a49c-6031c3195372', 'ip_address': '10.180.180.165'}], 'enable_snat': True}, 'description': '', 'availability_zones': [], 'distributed': False, 'ha': False, 'availability_zone_hints': [], 'routes': [], 'flavor_id': None, 'tags': [], 'created_at': '2024-10-04T14:47:14Z', 'updated_at': '2024-10-04T14:47:15Z', 'revision_number': 2, 'project_id': '70ff05445f8349bb96dadaa2849de9ae'}
2024-10-04 14:47:20.693 62205 INFO tempest.lib.common.rest_client [req-cee1a006-3869-4f7e-aa03-83c349f0ad87 req-cee1a006-3869-4f7e-aa03-83c349f0ad87 ] Request (VolumesTestJSON:test_volume_list_param_limit): 200 GET http://10.180.1.21/compute/v2.1/os-volumes?limit=2 0.133s
2024-10-04 14:47:20.696 62213 INFO tempest.lib.common.rest_client [req-114d164b-f2ab-43f5-b3c4-11d77b48d132 req-114d164b-f2ab-43f5-b3c4-11d77b48d132 ] Request (ServerExternalEventsTest:tearDownClass): 200 GET http://10.180.1.21:9696/networking/v2.0/security-groups?tenant_id=654644e4d43843e3ba2d775f0dc7628b&name=default 0.420s
2024-10-04 14:47:20.700 62217 INFO tempest.lib.common.rest_client [req-be76558d-6352-4511-9fcc-9e4013e9b701 req-be76558d-6352-4511-9fcc-9e4013e9b701 ] Request (ServersTestJSON:setUpClass): 201 POST http://10.180.1.21/identity/v3/auth/tokens 0.079s
2024-10-04 14:47:20.740 62197 INFO tempest.lib.common.rest_client [req-f34bf10b-78e4-4291-ac78-fbf49f22faf8 req-f34bf10b-78e4-4291-ac78-fbf49f22faf8 ] Request (ServersAdminTestJSON:setUpClass): 200 GET http://10.180.1.21/compute/v2.1/servers/0099d753-f0aa-4483-a3bc-873b0c72a566 0.161s
2024-10-04 14:47:20.771 62247 INFO tempest.lib.common.rest_client [req-400d071e-83ba-4aa7-8c4c-e776de347cdd req-400d071e-83ba-4aa7-8c4c-e776de347cdd ] Request (AttachInterfacesTestJSON:setUpClass): 201 POST http://10.180.1.21/identity/v3/auth/tokens 0.105s
2024-10-04 14:47:20.799 62231 INFO tempest.lib.common.rest_client [req-a261110d-9e0f-4171-a60f-a81f45f84611 req-a261110d-9e0f-4171-a60f-a81f45f84611 ] Request (ServersTestManualDisk:setUpClass): 200 GET http://10.180.1.21/compute/v2.1/servers/1b673239-c353-4fe9-83e4-7d190f608da7 0.164s
2024-10-04 14:47:20.825 62233 INFO tempest.lib.common.rest_client [req-6b5bd5e2-b997-47d3-9d15-33be1e377c2b req-6b5bd5e2-b997-47d3-9d15-33be1e377c2b ] Request (InstanceActionsTestJSON:setUpClass): 200 GET http://10.180.1.21/compute/v2.1/servers/56100b54-763d-4f7c-99d7-cc078d31287d 0.177s
2024-10-04 14:47:20.833 62233 INFO tempest.common.waiters [-] State transition "BUILD/None" ==> "BUILD/networking" after 27 second wait
2024-10-04 14:47:20.849 62205 INFO tempest.lib.common.rest_client [req-202f8eaa-6986-4e4e-aade-265fd5bcff45 req-202f8eaa-6986-4e4e-aade-265fd5bcff45 ] Request (VolumesTestJSON:test_volume_list_param_offset_and_limit): 200 GET http://10.180.1.21/compute/v2.1/os-volumes 0.149s
2024-10-04 14:47:20.895 62245 INFO tempest.lib.common.rest_client [req-73aa9b03-fc55-4c0d-9330-261b84d0e816 req-73aa9b03-fc55-4c0d-9330-261b84d0e816 ] Request (FloatingIPDetailsNegativeTestJSON:tearDownClass): 204 DELETE http://10.180.1.21:9696/networking/v2.0/security-groups/0a14afd2-2035-49be-a9f3-07dc1da583cd 0.311s
2024-10-04 14:47:20.912 62237 INFO tempest.lib.common.rest_client [req-f96c484c-5ad9-4b74-9ffc-e9f5ff099d2c req-f96c484c-5ad9-4b74-9ffc-e9f5ff099d2c ] Request (ServersTestMultiNic:test_verify_duplicate_network_nics): 200 GET http://10.180.1.21/compute/v2.1/servers/1e30f1da-6e00-4e50-92ae-e0f9ddb74b71 0.195s
2024-10-04 14:47:20.956 62199 INFO tempest.lib.common.rest_client [req-64ea6dc7-8507-4e4e-b5e8-589ca153f607 req-64ea6dc7-8507-4e4e-b5e8-589ca153f607 ] Request (ServersTestBootFromVolume:setUpClass): 201 POST http://10.180.1.21:9696/networking/v2.0/floatingips 1.623s
2024-10-04 14:47:20.971 62247 INFO tempest.lib.common.rest_client [req-6cc48232-7612-4bb9-a09e-afe0392e62f3 req-6cc48232-7612-4bb9-a09e-afe0392e62f3 ] Request (ValidationResourcesFixture:setUp): 200 POST http://10.180.1.21/compute/v2.1/os-keypairs 0.197s
2024-10-04 14:47:20.992 62243 INFO tempest.lib.common.rest_client [req-0e7a8126-84a8-4e52-b8c2-4f5cd82eee83 req-0e7a8126-84a8-4e52-b8c2-4f5cd82eee83 ] Request (MigrationsAdminTest:test_resize_server_revert_deleted_flavor): 200 GET http://10.180.1.21/compute/v2.1/servers/e9589daf-a5a3-4e67-8aa4-2c1b7f202fe4 0.188s
2024-10-04 14:47:20.994 62245 INFO tempest.lib.common.rest_client [req-b61163da-0256-429f-a63e-89d2986aa192 req-b61163da-0256-429f-a63e-89d2986aa192 ] Request (FloatingIPDetailsNegativeTestJSON:tearDownClass): 204 DELETE http://10.180.1.21/identity/v3/projects/6da4979f74b24407b570bd86591c5cc7 0.098s
2024-10-04 14:47:21.022 62213 INFO tempest.lib.common.rest_client [req-8f3c676e-7bce-4929-9f8a-d9798cd64758 req-8f3c676e-7bce-4929-9f8a-d9798cd64758 ] Request (ServerExternalEventsTest:tearDownClass): 204 DELETE http://10.180.1.21:9696/networking/v2.0/security-groups/5f0ef982-26c2-4054-ab1f-ddfd0cc610b6 0.325s
2024-10-04 14:47:21.036 62199 INFO tempest.lib.common.rest_client [req-c94929fe-c95d-4bbb-b074-a7dd54c338a5 req-c94929fe-c95d-4bbb-b074-a7dd54c338a5 ] Request (ServersTestBootFromVolume:setUpClass): 201 POST http://10.180.1.21/identity/v3/auth/tokens 0.077s
2024-10-04 14:47:21.037 62199 INFO tempest.lib.common.fixed_network [-] (ServersTestBootFromVolume:setUpClass) Found network {'id': 'c4d5d796-021b-4256-a511-d7a3ab2bb550', 'name': 'tempest-ServersTestBootFromVolume-458455817-network', 'tenant_id': 'ebbf930808c84b7095be480028c7fc47', 'admin_state_up': True, 'mtu': 8950, 'status': 'ACTIVE', 'subnets': [], 'shared': False, 'project_id': 'ebbf930808c84b7095be480028c7fc47', 'port_security_enabled': True, 'router:external': False, 'provider:network_type': 'vlan', 'provider:physical_network': 'default', 'provider:segmentation_id': 692, 'is_default': False, 'availability_zone_hints': [], 'availability_zones': [], 'ipv4_address_scope': None, 'ipv6_address_scope': None, 'description': '', 'tags': [], 'created_at': '2024-10-04T14:47:11Z', 'updated_at': '2024-10-04T14:47:12Z', 'revision_number': 1} available for tenant
2024-10-04 14:47:21.041 62205 INFO tempest.lib.common.rest_client [req-c4d12962-3b3b-482a-87e5-4ce2c8cc993c req-c4d12962-3b3b-482a-87e5-4ce2c8cc993c ] Request (VolumesTestJSON:test_volume_list_param_offset_and_limit): 200 GET http://10.180.1.21/compute/v2.1/os-volumes?offset=1&limit=1 0.187s
2024-10-04 14:47:21.071 62245 INFO tempest.lib.common.rest_client [req-22f9d199-5c84-47a5-8b48-9d59ba159a17 req-22f9d199-5c84-47a5-8b48-9d59ba159a17 ] Request (ServerRescueTestJSONUnderV235:setUpClass): 201 POST http://10.180.1.21/identity/v3/auth/tokens 0.075s
2024-10-04 14:47:21.102 62245 INFO tempest.lib.common.rest_client [req-f5daed74-c0a2-44e5-bd43-37d0fcd16c8d req-f5daed74-c0a2-44e5-bd43-37d0fcd16c8d ] Request (ServerRescueTestJSONUnderV235:setUpClass): 201 POST http://10.180.1.21/identity/v3/auth/tokens 0.029s
2024-10-04 14:47:21.103 62221 INFO tempest.lib.common.rest_client [req-7aedafad-7679-4e33-a82b-fb9353f519c5 req-7aedafad-7679-4e33-a82b-fb9353f519c5 ] Request (DeleteServersAdminTestJSON:test_delete_server_while_in_error_state): 200 GET http://10.180.1.21/compute/v2.1/servers/2f789592-db9f-4740-9d97-a819995dbc14 0.241s
2024-10-04 14:47:21.130 62213 INFO tempest.lib.common.rest_client [req-814f9c5b-62af-46ee-8b23-ec1b387c163b req-814f9c5b-62af-46ee-8b23-ec1b387c163b ] Request (ServerExternalEventsTest:tearDownClass): 204 DELETE http://10.180.1.21/identity/v3/projects/654644e4d43843e3ba2d775f0dc7628b 0.108s
2024-10-04 14:47:21.130 62213 INFO tempest.lib.common.dynamic_creds [-] Deleting project and security group for project: 7775dc6f591f4c4787e78a559e010ff4
2024-10-04 14:47:21.138 62225 INFO tempest.lib.common.rest_client [req-5ae5b061-7a41-42cd-8f9a-7d917415f289 req-5ae5b061-7a41-42cd-8f9a-7d917415f289 ] Request (FloatingIPsAssociationNegativeTestJSON:setUpClass): 200 GET http://10.180.1.21/compute/v2.1/servers/323f2b79-7905-43a7-8d3d-053266526c3c 0.202s
2024-10-04 14:47:21.145 62225 INFO tempest.common.waiters [-] State transition "BUILD/spawning" ==> "ERROR/None" after 42 second wait
2024-10-04 14:47:21.181 62245 INFO tempest.lib.common.rest_client [req-a7b5d8ed-56a5-47f9-8d0c-1dc06a90337d req-a7b5d8ed-56a5-47f9-8d0c-1dc06a90337d ] Request (ServerRescueTestJSONUnderV235:setUpClass): 200 GET http://10.180.1.21/identity/v3/domains?name=Default 0.078s
2024-10-04 14:47:21.197 62227 INFO tempest.lib.common.rest_client [req-27aef585-f8a9-4143-b654-40675a8f2fa0 req-27aef585-f8a9-4143-b654-40675a8f2fa0 ] Request (SecurityGroupsTestJSON:test_list_security_groups_by_server): 200 GET http://10.180.1.21/compute/v2.1/servers/8eb239e4-8b31-4615-94f3-8da8fd041deb 0.186s
2024-10-04 14:47:21.206 62245 INFO tempest.lib.common.rest_client [req-d2714814-33dc-42d3-9018-47a0ed38f914 req-d2714814-33dc-42d3-9018-47a0ed38f914 ] Request (ServerRescueTestJSONUnderV235:setUpClass): 201 POST http://10.180.1.21/identity/v3/projects 0.025s
2024-10-04 14:47:21.238 62205 INFO tempest.lib.common.rest_client [req-8a2855a3-2ccd-4be8-8228-0397bb95e2ba req-8a2855a3-2ccd-4be8-8228-0397bb95e2ba ] Request (VolumesTestJSON:test_volume_list_with_detail_param_limit): 200 GET http://10.180.1.21/compute/v2.1/os-volumes/detail?limit=2 0.193s
2024-10-04 14:47:21.257 62249 INFO tempest.lib.common.rest_client [req-6f1aa4e9-ac71-40ef-8137-515120662766 req-6f1aa4e9-ac71-40ef-8137-515120662766 ] Request (ServerDiagnosticsNegativeTest:test_get_server_diagnostics_by_non_admin): 200 GET http://10.180.1.21/compute/v2.1/servers/5a9ab52a-376a-4c78-976b-0514132c2b3d 0.241s
2024-10-04 14:47:21.275 62245 INFO tempest.lib.common.rest_client [req-0e218903-6554-4ca0-b8d8-e50d6d3b83ef req-0e218903-6554-4ca0-b8d8-e50d6d3b83ef ] Request (ServerRescueTestJSONUnderV235:setUpClass): 201 POST http://10.180.1.21/identity/v3/users 0.066s
2024-10-04 14:47:21.285 62213 INFO tempest.lib.common.rest_client [req-321ee17c-6371-4a3a-971b-bdbb19c2a5be req-321ee17c-6371-4a3a-971b-bdbb19c2a5be ] Request (ServerExternalEventsTest:tearDownClass): 200 GET http://10.180.1.21:9696/networking/v2.0/security-groups?tenant_id=7775dc6f591f4c4787e78a559e010ff4&name=default 0.153s
2024-10-04 14:47:21.303 62245 INFO tempest.lib.common.rest_client [req-b99d839a-2d4c-406a-a649-325a21488f9c req-b99d839a-2d4c-406a-a649-325a21488f9c ] Request (ServerRescueTestJSONUnderV235:setUpClass): 200 GET http://10.180.1.21/identity/v3/roles 0.028s
2024-10-04 14:47:21.334 62245 INFO tempest.lib.common.rest_client [req-89ea271d-25c8-4ab3-8d25-e8ec0e0d9ee1 req-89ea271d-25c8-4ab3-8d25-e8ec0e0d9ee1 ] Request (ServerRescueTestJSONUnderV235:setUpClass): 204 PUT http://10.180.1.21/identity/v3/projects/8e5509d74ceb46019e1d383c15cdb173/users/8d2260b99dc74dccb51da8f190cb4352/roles/16d78b6884f94642b7fb04ff343f3717 0.029s
2024-10-04 14:47:21.334 62245 INFO tempest.lib.common.dynamic_creds [-] Dynamic test user 8d2260b99dc74dccb51da8f190cb4352 is created with scope project and roles: ['member']
2024-10-04 14:47:21.334 62245 INFO tempest.lib.common.dynamic_creds [-] Acquired dynamic creds: credentials: Credentials: {'domain_id': 'default', 'domain_name': 'Default', 'username': 'tempest-ServerRescueTestJSONUnderV235-1438296957-project-member', 'project_domain_id': 'default', 'project_domain_name': 'Default', 'project_id': '8e5509d74ceb46019e1d383c15cdb173', 'project_name': 'tempest-ServerRescueTestJSONUnderV235-1438296957', 'tenant_id': '8e5509d74ceb46019e1d383c15cdb173', 'tenant_name': 'tempest-ServerRescueTestJSONUnderV235-1438296957', 'user_domain_id': 'default', 'user_domain_name': 'Default', 'user_id': '8d2260b99dc74dccb51da8f190cb4352', 'system': None}, Network: None, Subnet: None, Router: None
2024-10-04 14:47:21.335 62247 INFO tempest.lib.common.rest_client [req-b4fe1e43-291f-4c87-848e-5f27ff9870eb req-b4fe1e43-291f-4c87-848e-5f27ff9870eb ] Request (ValidationResourcesFixture:setUp): 201 POST http://10.180.1.21:9696/networking/v2.0/security-groups 0.362s
2024-10-04 14:47:21.348 62217 INFO tempest.lib.common.rest_client [req-de7c7ea3-767c-4809-9120-ef417ef46334 req-de7c7ea3-767c-4809-9120-ef417ef46334 ] Request (ServersTestJSON:setUpClass): 201 POST http://10.180.1.21:9696/networking/v2.0/networks 0.647s
2024-10-04 14:47:21.349 62215 INFO tempest.lib.common.rest_client [req-4a48483f-feb9-44a4-aadf-377387cfeadc req-4a48483f-feb9-44a4-aadf-377387cfeadc ] Request (ServerTagsTestJSON:setUpClass): 200 GET http://10.180.1.21/compute/v2.1/servers/d343d47d-7430-4e48-9cf2-c442f7c22511 0.246s
2024-10-04 14:47:21.353 62241 INFO tempest.lib.common.rest_client [req-250e2b3a-fe3a-43ae-a22d-bd7eb13ae5e7 req-250e2b3a-fe3a-43ae-a22d-bd7eb13ae5e7 ] Request (ServersV294TestFqdnHostnames:setUpClass): 200 GET http://10.180.1.21/compute/v2.1/servers/8efe3853-37b9-44a0-ba3a-6c5bfbff0ce7 0.251s
2024-10-04 14:47:21.399 62245 INFO tempest.lib.common.rest_client [req-d281c42a-0ae9-48cd-833d-2bdc3b3a18d1 req-d281c42a-0ae9-48cd-833d-2bdc3b3a18d1 ] Request (ServerRescueTestJSONUnderV235:setUpClass): 201 POST http://10.180.1.21/identity/v3/auth/tokens 0.064s
2024-10-04 14:47:21.471 62211 INFO tempest.lib.common.rest_client [req-d1584bed-0253-49aa-bf27-551d1d5caaaa req-d1584bed-0253-49aa-bf27-551d1d5caaaa ] Request (ServerActionsTestJSON:setUpClass): 200 GET http://10.180.1.21/compute/v2.1/servers/5ed4481c-2597-43ea-805b-5a525a8a0f39 0.313s
2024-10-04 14:47:21.499 62199 INFO tempest.lib.common.rest_client [req-edb58fa0-67fc-43cc-ad45-446c007c7a54 req-edb58fa0-67fc-43cc-ad45-446c007c7a54 ] Request (ServersTestBootFromVolume:setUpClass): 202 POST http://10.180.1.21/volume/v3/ebbf930808c84b7095be480028c7fc47/volumes 0.461s
2024-10-04 14:47:21.500 62239 INFO tempest.lib.common.rest_client [req-e6bd0a53-b53d-4274-8d58-920c77ed1312 req-e6bd0a53-b53d-4274-8d58-920c77ed1312 ] Request (FloatingIPDetailsTestJSON:setUpClass): 201 POST http://10.180.1.21:9696/networking/v2.0/routers 2.683s
2024-10-04 14:47:21.549 62199 INFO tempest.lib.common.rest_client [req-ec7eec9d-75b9-421a-8544-49f44ea1b6c8 req-ec7eec9d-75b9-421a-8544-49f44ea1b6c8 ] Request (ServersTestBootFromVolume:setUpClass): 200 GET http://10.180.1.21/volume/v3/ebbf930808c84b7095be480028c7fc47/volumes/495b99f5-6db6-4b3e-b2d2-e76879bbc56a 0.044s
2024-10-04 14:47:21.594 62247 INFO tempest.lib.common.rest_client [req-0e86941a-9eca-4247-8449-929ef545f7f0 req-0e86941a-9eca-4247-8449-929ef545f7f0 ] Request (ValidationResourcesFixture:setUp): 201 POST http://10.180.1.21:9696/networking/v2.0/security-group-rules 0.258s
2024-10-04 14:47:21.599 62257 INFO tempest.lib.common.rest_client [req-5e2f9873-8788-4213-81e6-6b0637415974 req-5e2f9873-8788-4213-81e6-6b0637415974 ] Request (ServersAdmin275Test:tearDownClass): 200 GET http://10.180.1.21/compute/v2.1/servers/399e1a26-71cc-4814-ab13-c3c86ee76e6b 0.391s
2024-10-04 14:47:21.614 62225 INFO tempest.lib.common.rest_client [req-cd0879a8-1f1a-4c9e-bcb5-bdfb8caa5a4f req-cd0879a8-1f1a-4c9e-bcb5-bdfb8caa5a4f ] Request (FloatingIPsAssociationNegativeTestJSON:setUpClass): 204 DELETE http://10.180.1.21/compute/v2.1/servers/323f2b79-7905-43a7-8d3d-053266526c3c 0.468s
2024-10-04 14:47:21.653 62205 INFO tempest.lib.common.rest_client [req-1b844711-b555-4dc1-b5c7-d27e6b714ffb req-1b844711-b555-4dc1-b5c7-d27e6b714ffb ] Request (VolumesTestJSON:test_volume_list_with_detail_param_offset_and_limit): 200 GET http://10.180.1.21/compute/v2.1/os-volumes/detail 0.409s
2024-10-04 14:47:21.659 62253 INFO tempest.lib.common.rest_client [req-74121ca1-3b41-443f-84bf-23b60a3e48e5 req-74121ca1-3b41-443f-84bf-23b60a3e48e5 ] Request (ServersWithSpecificFlavorTestJSON:test_verify_created_server_ephemeral_disk): 200 GET http://10.180.1.21/compute/v2.1/servers/901cea6a-3cd3-4064-8444-cf9bf34ce764 0.418s
2024-10-04 14:47:21.735 62235 INFO tempest.lib.common.rest_client [req-c24e230a-6bed-410a-80eb-0fc94b455f2d req-c24e230a-6bed-410a-80eb-0fc94b455f2d ] Request (FloatingIPsAssociationTestJSON:setUpClass): 200 GET http://10.180.1.21/compute/v2.1/servers/9f273d10-42bd-45a0-9161-44fd8426cf80 0.370s
2024-10-04 14:47:21.749 62247 INFO tempest.lib.common.rest_client [req-eef63ced-e982-4c48-ba28-08c3b113fe90 req-eef63ced-e982-4c48-ba28-08c3b113fe90 ] Request (ValidationResourcesFixture:setUp): 201 POST http://10.180.1.21:9696/networking/v2.0/security-group-rules 0.155s
2024-10-04 14:47:21.821 62229 INFO tempest.lib.common.rest_client [req-a6894fda-2cce-4b52-98c5-1dec72e5ca19 req-a6894fda-2cce-4b52-98c5-1dec72e5ca19 ] Request (ListServerFiltersTestJSON:setUpClass): 200 GET http://10.180.1.21/compute/v2.1/servers/8e006643-a3a6-4b31-b4cf-3dea1e762200 0.447s
2024-10-04 14:47:21.827 62213 INFO tempest.lib.common.rest_client [req-568907e1-469a-407d-810a-bf81b1c6d47a req-568907e1-469a-407d-810a-bf81b1c6d47a ] Request (ServerExternalEventsTest:tearDownClass): 204 DELETE http://10.180.1.21:9696/networking/v2.0/security-groups/4efbd118-f2a5-4e9c-af77-d3bc119a3cf2 0.541s
2024-10-04 14:47:21.848 62201 INFO tempest.lib.common.rest_client [req-70912e73-f5f6-494a-9922-3075ee2609e4 req-70912e73-f5f6-494a-9922-3075ee2609e4 ] Request (VolumesAssistedSnapshotsTest:test_volume_assisted_snapshot_create_delete): 200 GET http://10.180.1.21/compute/v2.1/servers/39bf2d25-556b-4b31-9876-3503556e1eec 0.579s
2024-10-04 14:47:21.925 62251 INFO tempest.lib.common.rest_client [req-6aba64bd-72a0-45d2-8efe-6cb10bbc1008 req-6aba64bd-72a0-45d2-8efe-6cb10bbc1008 ] Request (VolumesAdminNegativeTest:test_update_attached_volume_with_nonexistent_volume_in_body): 200 GET http://10.180.1.21/compute/v2.1/servers/88240fec-1b9b-4be5-858e-8fe34686a51a 0.491s
2024-10-04 14:47:21.950 62213 INFO tempest.lib.common.rest_client [req-1f90dd60-f4a9-4a23-912f-f786e380bc1c req-1f90dd60-f4a9-4a23-912f-f786e380bc1c ] Request (ServerExternalEventsTest:tearDownClass): 204 DELETE http://10.180.1.21/identity/v3/projects/7775dc6f591f4c4787e78a559e010ff4 0.122s
2024-10-04 14:47:21.951 62213 INFO tempest.test [-] raised in NoVNCConsoleTestJSON.setUpClass. Invoking tearDownClass.
2024-10-04 14:47:22.001 62259 INFO tempest.lib.common.rest_client [req-d218b28f-6911-4763-93ae-3706ee099d51 req-d218b28f-6911-4763-93ae-3706ee099d51 ] Request (ServerDiagnosticsTest:test_get_server_diagnostics): 200 GET http://10.180.1.21/compute/v2.1/servers/7d79933a-36b6-4acf-b28a-7b9b5872e61a 0.438s
2024-10-04 14:47:22.009 62219 INFO tempest.lib.common.rest_client [req-8ec46b69-2736-49ac-8af0-4b5dc8684dfa req-8ec46b69-2736-49ac-8af0-4b5dc8684dfa ] Request (ServerDiagnosticsV248Test:tearDownClass): 200 GET http://10.180.1.21/compute/v2.1/servers/894a31dc-af4c-4cd7-8d22-11d58669f401 0.502s
2024-10-04 14:47:22.042 62213 INFO tempest.lib.common.rest_client [req-abbfbc4b-1827-4e9a-b788-f1994d71aa43 req-abbfbc4b-1827-4e9a-b788-f1994d71aa43 ] Request (ServerGroup264TestJSON:setUpClass): 201 POST http://10.180.1.21/identity/v3/auth/tokens 0.089s
2024-10-04 14:47:22.043 62225 INFO tempest.lib.common.rest_client [req-5dfe3d29-43e5-4b38-be14-c39fbf10dc7d req-5dfe3d29-43e5-4b38-be14-c39fbf10dc7d ] Request (FloatingIPsAssociationNegativeTestJSON:setUpClass): 404 GET http://10.180.1.21/compute/v2.1/servers/323f2b79-7905-43a7-8d3d-053266526c3c 0.429s
2024-10-04 14:47:22.043 62225 INFO tempest.test [-] raised in FloatingIPsAssociationNegativeTestJSON.setUpClass. Invoking tearDownClass.
2024-10-04 14:47:22.084 62213 INFO tempest.lib.common.rest_client [req-b9aa5d01-3591-4ca7-afc9-8077f24bc14c req-b9aa5d01-3591-4ca7-afc9-8077f24bc14c ] Request (ServerGroup264TestJSON:setUpClass): 201 POST http://10.180.1.21/identity/v3/auth/tokens 0.035s
2024-10-04 14:47:22.084 62205 INFO tempest.lib.common.rest_client [req-2246ce76-553a-4345-b62d-a1a02f8e8b79 req-2246ce76-553a-4345-b62d-a1a02f8e8b79 ] Request (VolumesTestJSON:test_volume_list_with_detail_param_offset_and_limit): 200 GET http://10.180.1.21/compute/v2.1/os-volumes/detail?offset=1&limit=1 0.428s
