2025-02-14 10:58:46.372 63154 INFO tempest.lib.common.rest_client [req-dfeeb54e-24e0-4c2a-9bc2-405e5235b997 req-dfeeb54e-24e0-4c2a-9bc2-405e5235b997 ] Request (VolumesAssistedSnapshotsTest:test_volume_assisted_snapshot_create_delete): 200 GET http://10.180.1.21/compute/v2.1/servers/75386726-036a-4bb8-aab0-ca4e07b6b675 0.385s
2025-02-14 10:58:46.497 63173 INFO tempest.lib.common.rest_client [req-b98779e2-d52a-491b-8430-267979884efb req-b98779e2-d52a-491b-8430-267979884efb ] Request (FlavorMetadataValidation:tearDownClass): 204 DELETE http://10.180.1.21:9696/networking/v2.0/security-groups/b3b52c72-3b7f-4333-9f5d-1338dc24919d 0.233s
2025-02-14 10:58:46.580 63122 INFO tempest.lib.common.rest_client [req-967f67ab-227a-4eb6-a658-0e24c690a592 req-967f67ab-227a-4eb6-a658-0e24c690a592 ] Request (FloatingIPsAssociationTestJSON:test_associate_already_associated_floating_ip): 200 GET http://10.180.1.21/compute/v2.1/servers/1a26cd0b-c0b7-4f41-997f-0a6b2c644e32 0.542s
2025-02-14 10:58:46.591 63122 INFO tempest.common.waiters [-] State transition "BUILD/networking" ==> "BUILD/spawning" after 32 second wait
2025-02-14 10:58:46.596 63162 INFO tempest.lib.common.rest_client [req-e1323c41-8fd7-4e3f-8ef0-5e5db619d635 req-e1323c41-8fd7-4e3f-8ef0-5e5db619d635 ] Request (ServerMetadataNegativeTestJSON:test_update_metadata_non_existent_server): 404 POST http://10.180.1.21/compute/v2.1/servers/21d7aa5e-3312-40ae-9356-fb7915916913/metadata 0.453s
2025-02-14 10:58:46.610 63173 INFO tempest.lib.common.rest_client [req-02f31b8d-e709-4140-b09a-8b0f7fbc51a8 req-02f31b8d-e709-4140-b09a-8b0f7fbc51a8 ] Request (FlavorMetadataValidation:tearDownClass): 204 DELETE http://10.180.1.21/identity/v3/projects/4c6e1b54c5df4eb1930099db52f5f49d 0.112s
2025-02-14 10:58:46.611 63173 INFO tempest.lib.common.dynamic_creds [-] Deleting project and security group for project: 0cf159fd3923410b8d4b23693f735525
2025-02-14 10:58:46.675 63158 INFO tempest.lib.common.rest_client [req-3b7ebff0-a374-4eca-b31d-abc91a6e8fc6 req-3b7ebff0-a374-4eca-b31d-abc91a6e8fc6 ] Request (ListServerFiltersTestJSON:setUpClass): 202 POST http://10.180.1.21/compute/v2.1/servers 0.693s
2025-02-14 10:58:46.765 63158 INFO tempest.lib.common.rest_client [req-1149df49-d366-401f-8aea-e1e51d9226a2 req-1149df49-d366-401f-8aea-e1e51d9226a2 ] Request (ListServerFiltersTestJSON:setUpClass): 201 POST http://10.180.1.21/identity/v3/auth/tokens 0.086s
2025-02-14 10:58:46.766 63158 INFO tempest.lib.common.fixed_network [-] (ListServerFiltersTestJSON:setUpClass) Found network {'id': '48b6cc44-e7b5-46fb-9eab-6b9d4cd38d19', 'name': 'tempest-ListServerFiltersTestJSON-2093276780-network', 'tenant_id': 'ed1607d0ce2f4c639f896458144632b5', 'admin_state_up': True, 'mtu': 8950, 'status': 'ACTIVE', 'subnets': [], 'shared': False, 'project_id': 'ed1607d0ce2f4c639f896458144632b5', 'port_security_enabled': True, 'router:external': False, 'provider:network_type': 'vlan', 'provider:physical_network': 'default', 'provider:segmentation_id': 638, 'availability_zone_hints': [], 'availability_zones': [], 'ipv4_address_scope': None, 'ipv6_address_scope': None, 'description': '', 'tags': [], 'created_at': '2025-02-14T10:58:45Z', 'updated_at': '2025-02-14T10:58:45Z', 'revision_number': 1} available for tenant
2025-02-14 10:58:46.770 63130 INFO tempest.lib.common.rest_client [req-7294ffb2-60dc-4fb7-b7dd-e70aabdeb35a req-7294ffb2-60dc-4fb7-b7dd-e70aabdeb35a ] Request (MultipleCreateTestJSON:test_multiple_create): 200 GET http://10.180.1.21/compute/v2.1/servers/433a19cc-9fad-46a2-8c65-4b27a2df35b8 0.426s
2025-02-14 10:58:46.791 63173 INFO tempest.lib.common.rest_client [req-86d64a2a-61a7-42ce-950f-929d687ba429 req-86d64a2a-61a7-42ce-950f-929d687ba429 ] Request (FlavorMetadataValidation:tearDownClass): 200 GET http://10.180.1.21:9696/networking/v2.0/security-groups?tenant_id=0cf159fd3923410b8d4b23693f735525&name=default 0.180s
2025-02-14 10:58:46.839 63170 INFO tempest.lib.common.rest_client [req-0da4e4ee-cb5e-44bd-94aa-63670810f809 req-0da4e4ee-cb5e-44bd-94aa-63670810f809 ] Request (SecurityGroupRulesTestJSON:setUpClass): 200 PUT http://10.180.1.21:9696/networking/v2.0/routers/08e05485-3f27-4cb8-b0c3-8a77b6d756a5/add_router_interface 0.930s
2025-02-14 10:58:46.839 63170 INFO tempest.lib.common.dynamic_creds [-] Created isolated network resources for: credentials: Credentials: {'domain_id': 'default', 'domain_name': 'Default', 'username': 'tempest-SecurityGroupRulesTestJSON-1226464177-project-member', 'project_domain_id': 'default', 'project_domain_name': 'Default', 'project_id': 'b374cc57f275493dbad80c2fda5854fc', 'project_name': 'tempest-SecurityGroupRulesTestJSON-1226464177', 'tenant_id': 'b374cc57f275493dbad80c2fda5854fc', 'tenant_name': 'tempest-SecurityGroupRulesTestJSON-1226464177', 'user_domain_id': 'default', 'user_domain_name': 'Default', 'user_id': '60f9e46c9acb4c63acda94a2fb8b0b7e', 'system': None}, Network: {'id': '18288370-c9f3-4dc0-8f49-7fcab8d54d9f', 'name': 'tempest-SecurityGroupRulesTestJSON-197664699-network', 'tenant_id': 'b374cc57f275493dbad80c2fda5854fc', 'admin_state_up': True, 'mtu': 8950, 'status': 'ACTIVE', 'subnets': [], 'shared': False, 'project_id': 'b374cc57f275493dbad80c2fda5854fc', 'port_security_enabled': True, 'router:external': False, 'provider:network_type': 'vlan', 'provider:physical_network': 'default', 'provider:segmentation_id': 811, 'availability_zone_hints': [], 'availability_zones': [], 'ipv4_address_scope': None, 'ipv6_address_scope': None, 'description': '', 'tags': [], 'created_at': '2025-02-14T10:58:44Z', 'updated_at': '2025-02-14T10:58:44Z', 'revision_number': 1}, Subnet: {'id': '56bde78a-cb6c-4e0a-9ecb-318c37daf015', 'name': 'tempest-SecurityGroupRulesTestJSON-197664699-subnet', 'tenant_id': 'b374cc57f275493dbad80c2fda5854fc', 'network_id': '18288370-c9f3-4dc0-8f49-7fcab8d54d9f', 'ip_version': 4, 'subnetpool_id': None, 'enable_dhcp': True, 'ipv6_ra_mode': None, 'ipv6_address_mode': None, 'gateway_ip': '192.168.128.1', 'cidr': '192.168.128.0/28', 'allocation_pools': [{'start': '192.168.128.2', 'end': '192.168.128.14'}], 'host_routes': [], 'dns_nameservers': [], 'description': '', 'router:external': False, 'service_types': [], 'tags': [], 'created_at': '2025-02-14T10:58:44Z', 'updated_at': '2025-02-14T10:58:44Z', 'revision_number': 0, 'project_id': 'b374cc57f275493dbad80c2fda5854fc'}, Router: {'id': '08e05485-3f27-4cb8-b0c3-8a77b6d756a5', 'name': 'tempest-SecurityGroupRulesTestJSON-197664699-router', 'tenant_id': 'b374cc57f275493dbad80c2fda5854fc', 'admin_state_up': True, 'status': 'ACTIVE', 'external_gateway_info': {'network_id': '33b4a3b2-2e22-4f87-b1f3-9fcab24a7156', 'external_fixed_ips': [{'subnet_id': '9521168b-ca97-4681-b159-d76d7d56307b', 'ip_address': '10.180.180.240'}], 'enable_snat': True}, 'description': '', 'availability_zones': [], 'distributed': False, 'ha': False, 'availability_zone_hints': [], 'routes': [], 'flavor_id': None, 'tags': [], 'created_at': '2025-02-14T10:58:44Z', 'updated_at': '2025-02-14T10:58:45Z', 'revision_number': 2, 'project_id': 'b374cc57f275493dbad80c2fda5854fc'}
2025-02-14 10:58:46.853 63144 INFO tempest.lib.common.rest_client [req-c9663efb-5df6-41de-bc7c-703019135268 req-c9663efb-5df6-41de-bc7c-703019135268 ] Request (ServersAdmin275Test:_run_cleanups): 200 GET http://10.180.1.21/compute/v2.1/servers/637c1419-b959-4be2-abe7-3842e89c114c 0.491s
2025-02-14 10:58:46.866 63144 INFO tempest.common.waiters [-] State transition "REBUILD/rebuilding" ==> "REBUILD/rebuild_spawning" after 2 second wait
2025-02-14 10:58:46.878 63161 INFO tempest.lib.common.rest_client [req-031d3110-b9e3-4961-ab74-4c9bc608153b req-031d3110-b9e3-4961-ab74-4c9bc608153b ] Request (ServersTestFqdnHostnames:test_create_server_with_fqdn_name): 200 GET http://10.180.1.21/compute/v2.1/servers/4b1de28b-58b7-4c1c-a0e7-0319b02e4fab 0.610s
2025-02-14 10:58:46.923 63136 INFO tempest.lib.common.rest_client [req-cf7a3fae-a59e-4043-91de-9ac9cc812928 req-cf7a3fae-a59e-4043-91de-9ac9cc812928 ] Request (ImagesTestJSON:test_create_image_from_suspended_server): 200 GET http://10.180.1.21/compute/v2.1/servers/8ec19d32-fde4-4639-b117-ac9d6831453f 0.471s
2025-02-14 10:58:46.932 63162 INFO tempest.lib.common.rest_client [req-e036b0fd-e67d-4986-9a02-35f7f80261c6 req-e036b0fd-e67d-4986-9a02-35f7f80261c6 ] Request (ServerMetadataNegativeTestJSON:test_update_metadata_with_blank_key): 400 POST http://10.180.1.21/compute/v2.1/servers/b1518c51-ee9b-4d4b-8328-c0a8f14c9a0b/metadata 0.334s
2025-02-14 10:58:46.934 63178 INFO tempest.lib.common.rest_client [req-b99514f8-e5ba-4ffd-bcfb-7d4ff16d57e5 req-b99514f8-e5ba-4ffd-bcfb-7d4ff16d57e5 ] Request (ServersTestBootFromVolume:setUpClass): 200 GET http://10.180.1.21/compute/v2.1/servers/f18cc418-3ecf-4e94-a23c-6e7c7c56c0d0 0.386s
2025-02-14 10:58:46.935 63170 INFO tempest.lib.common.rest_client [req-6fc059fd-46c4-4028-a44b-9247e7253ac1 req-6fc059fd-46c4-4028-a44b-9247e7253ac1 ] Request (SecurityGroupRulesTestJSON:setUpClass): 201 POST http://10.180.1.21/identity/v3/auth/tokens 0.091s
2025-02-14 10:58:46.957 63173 INFO tempest.lib.common.rest_client [req-f8d6dd3a-1366-4001-ac0a-7260e9164e5e req-f8d6dd3a-1366-4001-ac0a-7260e9164e5e ] Request (FlavorMetadataValidation:tearDownClass): 204 DELETE http://10.180.1.21:9696/networking/v2.0/security-groups/c03b5030-ca84-4843-9583-ad2d6aea5c62 0.166s
2025-02-14 10:58:47.010 63156 INFO tempest.lib.common.rest_client [req-b1cb6e9f-fd56-4ed5-b9ad-cc724642b268 req-b1cb6e9f-fd56-4ed5-b9ad-cc724642b268 ] Request (FloatingIPsAssociationNegativeTestJSON:tearDownClass): 200 GET http://10.180.1.21/compute/v2.1/servers/eabce8cf-293c-4081-8be0-c1fcec80a985 0.276s
2025-02-14 10:58:47.056 63124 INFO tempest.lib.common.rest_client [req-d9ff02ae-c935-4924-8536-a95453a17970 req-d9ff02ae-c935-4924-8536-a95453a17970 ] Request (MigrationsAdminTest:test_list_migrations_in_flavor_resize_situation): 200 GET http://10.180.1.21/compute/v2.1/servers/a50a8b4e-3889-4240-bd9f-8bdb6298f990 0.407s
2025-02-14 10:58:47.090 63173 INFO tempest.lib.common.rest_client [req-366ad7f9-f802-489d-be26-1982378d5eca req-366ad7f9-f802-489d-be26-1982378d5eca ] Request (FlavorMetadataValidation:tearDownClass): 204 DELETE http://10.180.1.21/identity/v3/projects/0cf159fd3923410b8d4b23693f735525 0.132s
2025-02-14 10:58:47.091 63173 INFO tempest.test [-] raised in LiveMigrationTest.setUpClass. Invoking tearDownClass.
2025-02-14 10:58:47.117 63132 INFO tempest.lib.common.rest_client [req-17de311e-97bb-4362-931b-1c61b800fc2e req-17de311e-97bb-4362-931b-1c61b800fc2e ] Request (ListImageFiltersTestJSON:setUpClass): 200 GET http://10.180.1.21/compute/v2.1/servers/3c08855a-5a42-4495-b8b7-670504c282d0 0.289s
2025-02-14 10:58:47.166 63173 INFO tempest.lib.common.rest_client [req-d0e5523f-2583-4dcf-abdc-8e3c21d46eda req-d0e5523f-2583-4dcf-abdc-8e3c21d46eda ] Request (QuotasAdminTestV257:setUpClass): 201 POST http://10.180.1.21/identity/v3/auth/tokens 0.072s
2025-02-14 10:58:47.168 63140 INFO tempest.lib.common.rest_client [req-1bdb60fb-2aec-4f1a-9cf0-3a4de4196c0b req-1bdb60fb-2aec-4f1a-9cf0-3a4de4196c0b ] Request (ServerActionsTestJSON:setUpClass): 200 GET http://10.180.1.21/compute/v2.1/servers/789f6fe4-d124-4483-aa3b-747aa8b6319a 0.286s
2025-02-14 10:58:47.210 63173 INFO tempest.lib.common.rest_client [req-c2b58b3c-3abc-40e0-aca3-0b751772797a req-c2b58b3c-3abc-40e0-aca3-0b751772797a ] Request (QuotasAdminTestV257:setUpClass): 201 POST http://10.180.1.21/identity/v3/auth/tokens 0.037s
2025-02-14 10:58:47.232 63142 INFO tempest.lib.common.rest_client [req-37876845-79c3-40f7-971b-0ef76032bbbf req-37876845-79c3-40f7-971b-0ef76032bbbf ] Request (DeleteServersAdminTestJSON:test_delete_server_while_in_error_state): 200 GET http://10.180.1.21/compute/v2.1/servers/3d6dd8d1-8695-44d6-968b-d0ab5d634736 0.339s
2025-02-14 10:58:47.249 63173 INFO tempest.lib.common.rest_client [req-6608208b-99ff-4ecb-941f-067c3294b460 req-6608208b-99ff-4ecb-941f-067c3294b460 ] Request (QuotasAdminTestV257:setUpClass): 200 GET http://10.180.1.21/identity/v3/domains?name=Default 0.039s
2025-02-14 10:58:47.287 63173 INFO tempest.lib.common.rest_client [req-587b3a7c-716a-45bd-93b5-58041d4e3c76 req-587b3a7c-716a-45bd-93b5-58041d4e3c76 ] Request (QuotasAdminTestV257:setUpClass): 201 POST http://10.180.1.21/identity/v3/projects 0.036s
2025-02-14 10:58:47.333 63162 INFO tempest.lib.common.rest_client [req-d1886c18-31c4-4434-b1bd-50002e9f1e36 req-d1886c18-31c4-4434-b1bd-50002e9f1e36 ] Request (ServerMetadataNegativeTestJSON:tearDownClass): 204 DELETE http://10.180.1.21/compute/v2.1/servers/b1518c51-ee9b-4d4b-8328-c0a8f14c9a0b 0.398s
2025-02-14 10:58:47.354 63158 INFO tempest.lib.common.rest_client [req-e89f9ba3-068a-4ec6-841e-89512287a4b1 req-e89f9ba3-068a-4ec6-841e-89512287a4b1 ] Request (ListServerFiltersTestJSON:setUpClass): 202 POST http://10.180.1.21/compute/v2.1/servers 0.588s
2025-02-14 10:58:47.383 63173 INFO tempest.lib.common.rest_client [req-74ba6f80-09d1-490a-b5d2-d2bc5ae6eef7 req-74ba6f80-09d1-490a-b5d2-d2bc5ae6eef7 ] Request (QuotasAdminTestV257:setUpClass): 201 POST http://10.180.1.21/identity/v3/users 0.096s
2025-02-14 10:58:47.410 63176 INFO tempest.lib.common.rest_client [req-50faba1c-df8b-469c-bb80-a0eb35d32f14 req-50faba1c-df8b-469c-bb80-a0eb35d32f14 ] Request (ServersAdminNegativeTestJSON:setUpClass): 200 GET http://10.180.1.21/compute/v2.1/servers/2c9d6e0c-8f02-4457-ba8c-fdb831de6f7f 0.465s
2025-02-14 10:58:47.466 63128 INFO tempest.lib.common.rest_client [req-8d81e2f8-9f93-4d24-9d92-11ad3a2000e4 req-8d81e2f8-9f93-4d24-9d92-11ad3a2000e4 ] Request (ServerMetadataTestJSON:setUpClass): 200 GET http://10.180.1.21/compute/v2.1/servers/7be547e3-977a-4e2e-a2a0-61876c52920f 0.509s
2025-02-14 10:58:47.473 63158 INFO tempest.lib.common.rest_client [req-01f5c887-aa82-4a28-b7f3-e42ec0e0c9b1 req-01f5c887-aa82-4a28-b7f3-e42ec0e0c9b1 ] Request (ListServerFiltersTestJSON:setUpClass): 201 POST http://10.180.1.21/identity/v3/auth/tokens 0.115s
2025-02-14 10:58:47.474 63158 INFO tempest.lib.common.fixed_network [-] (ListServerFiltersTestJSON:setUpClass) Found network {'id': '48b6cc44-e7b5-46fb-9eab-6b9d4cd38d19', 'name': 'tempest-ListServerFiltersTestJSON-2093276780-network', 'tenant_id': 'ed1607d0ce2f4c639f896458144632b5', 'admin_state_up': True, 'mtu': 8950, 'status': 'ACTIVE', 'subnets': [], 'shared': False, 'project_id': 'ed1607d0ce2f4c639f896458144632b5', 'port_security_enabled': True, 'router:external': False, 'provider:network_type': 'vlan', 'provider:physical_network': 'default', 'provider:segmentation_id': 638, 'availability_zone_hints': [], 'availability_zones': [], 'ipv4_address_scope': None, 'ipv6_address_scope': None, 'description': '', 'tags': [], 'created_at': '2025-02-14T10:58:45Z', 'updated_at': '2025-02-14T10:58:45Z', 'revision_number': 1} available for tenant
2025-02-14 10:58:47.489 63173 INFO tempest.lib.common.rest_client [req-d164719f-1e2e-4821-8cda-d54ac75bb185 req-d164719f-1e2e-4821-8cda-d54ac75bb185 ] Request (QuotasAdminTestV257:setUpClass): 200 GET http://10.180.1.21/identity/v3/roles 0.105s
2025-02-14 10:58:47.530 63173 INFO tempest.lib.common.rest_client [req-143d80c8-7c95-401a-b57f-c63abd552fc7 req-143d80c8-7c95-401a-b57f-c63abd552fc7 ] Request (QuotasAdminTestV257:setUpClass): 204 PUT http://10.180.1.21/identity/v3/projects/88c2b8a18f054f05b52dbf0762e0afe8/users/dc6081b8be66436ca5b2c1405f6466b0/roles/7199f6cf01e94979a61c1c91f83abc20 0.041s
2025-02-14 10:58:47.533 63173 INFO tempest.lib.common.dynamic_creds [-] Dynamic test user dc6081b8be66436ca5b2c1405f6466b0 is created with scope project and roles: ['member']
2025-02-14 10:58:47.533 63173 INFO tempest.lib.common.dynamic_creds [-] Acquired dynamic creds: credentials: Credentials: {'domain_id': 'default', 'domain_name': 'Default', 'username': 'tempest-QuotasAdminTestV257-1689559482-project-member', 'project_domain_id': 'default', 'project_domain_name': 'Default', 'project_id': '88c2b8a18f054f05b52dbf0762e0afe8', 'project_name': 'tempest-QuotasAdminTestV257-1689559482', 'tenant_id': '88c2b8a18f054f05b52dbf0762e0afe8', 'tenant_name': 'tempest-QuotasAdminTestV257-1689559482', 'user_domain_id': 'default', 'user_domain_name': 'Default', 'user_id': 'dc6081b8be66436ca5b2c1405f6466b0', 'system': None}, Network: None, Subnet: None, Router: None
2025-02-14 10:58:47.533 63173 INFO tempest.lib.common.dynamic_creds [-] Created isolated network resources for: credentials: Credentials: {'domain_id': 'default', 'domain_name': 'Default', 'username': 'tempest-QuotasAdminTestV257-1689559482-project-member', 'project_domain_id': 'default', 'project_domain_name': 'Default', 'project_id': '88c2b8a18f054f05b52dbf0762e0afe8', 'project_name': 'tempest-QuotasAdminTestV257-1689559482', 'tenant_id': '88c2b8a18f054f05b52dbf0762e0afe8', 'tenant_name': 'tempest-QuotasAdminTestV257-1689559482', 'user_domain_id': 'default', 'user_domain_name': 'Default', 'user_id': 'dc6081b8be66436ca5b2c1405f6466b0', 'system': None}, Network: None, Subnet: None, Router: None
2025-02-14 10:58:47.563 63138 INFO tempest.lib.common.rest_client [req-1d8863c8-44e8-4b9f-9b5b-897a0443d3cc req-1d8863c8-44e8-4b9f-9b5b-897a0443d3cc ] Request (InstanceActionsTestJSON:setUpClass): 200 GET http://10.180.1.21/compute/v2.1/servers/8505e505-e224-4ea7-98d3-1266a616d7f9 0.544s
2025-02-14 10:58:47.628 63173 INFO tempest.lib.common.rest_client [req-5c864fbd-9fc9-4521-b8fa-a612d12dbdfa req-5c864fbd-9fc9-4521-b8fa-a612d12dbdfa ] Request (QuotasAdminTestV257:setUpClass): 201 POST http://10.180.1.21/identity/v3/auth/tokens 0.091s
2025-02-14 10:58:47.650 63152 INFO tempest.lib.common.rest_client [req-60801b03-5f19-425e-a71e-c6a4e5e103ec req-60801b03-5f19-425e-a71e-c6a4e5e103ec ] Request (DeleteServersTestJSON:test_delete_active_server): 200 GET http://10.180.1.21/compute/v2.1/servers/c79432c6-1a42-439e-896c-5bb42d30066c 0.628s
2025-02-14 10:58:47.678 63170 INFO tempest.lib.common.rest_client [req-1ff28422-dc9b-4622-9136-26a4064daeef req-1ff28422-dc9b-4622-9136-26a4064daeef ] Request (SecurityGroupRulesTestJSON:test_security_group_rules_create): 200 POST http://10.180.1.21/compute/v2.1/os-security-groups 0.741s
2025-02-14 10:58:47.725 63126 INFO tempest.lib.common.rest_client [req-fc716916-7b4d-47dc-899c-43c2e218bc52 req-fc716916-7b4d-47dc-899c-43c2e218bc52 ] Request (ServersV294TestFqdnHostnames:setUpClass): 200 GET http://10.180.1.21/compute/v2.1/servers/f8dec537-4332-4f61-8e6b-d0bb3bc0bbc7 0.643s
2025-02-14 10:58:47.729 63173 INFO tempest.lib.common.rest_client [req-59f9e78d-eac3-4813-a9b8-7a843e9eba0a req-59f9e78d-eac3-4813-a9b8-7a843e9eba0a ] Request (QuotasAdminTestV257:setUpClass): 201 POST http://10.180.1.21/identity/v3/projects 0.100s
2025-02-14 10:58:47.766 63150 INFO tempest.lib.common.rest_client [req-0f433e34-b94d-4fce-b8af-cc6ef8afb299 req-0f433e34-b94d-4fce-b8af-cc6ef8afb299 ] Request (ServerTagsTestJSON:tearDownClass): 200 GET http://10.180.1.21/compute/v2.1/servers/03e4452c-7f43-41ef-84ca-a9be999c500e 0.682s
2025-02-14 10:58:47.788 63134 INFO tempest.lib.common.rest_client [req-275ba5ef-b20c-4fd0-ac5b-e7c4056cb7c3 req-275ba5ef-b20c-4fd0-ac5b-e7c4056cb7c3 ] Request (ServerDiagnosticsNegativeTest:test_get_server_diagnostics_by_non_admin): 200 GET http://10.180.1.21/compute/v2.1/servers/023d78c8-6fc0-43ca-9b39-2da69063a440 0.648s
2025-02-14 10:58:47.806 63173 INFO tempest.lib.common.rest_client [req-1a5a925a-1fef-4c44-a294-5053e61ea3e6 req-1a5a925a-1fef-4c44-a294-5053e61ea3e6 ] Request (QuotasAdminTestV257:setUpClass): 201 POST http://10.180.1.21/identity/v3/users 0.077s
2025-02-14 10:58:47.821 63165 INFO tempest.lib.common.rest_client [req-fb4e2b01-35b2-4e22-868d-08ae54985cde req-fb4e2b01-35b2-4e22-868d-08ae54985cde ] Request (SecurityGroupsTestJSON:test_server_security_groups): 200 GET http://10.180.1.21/compute/v2.1/servers/c432556e-9980-43ad-ade5-1da925b9ae8f 0.667s
2025-02-14 10:58:47.836 63173 INFO tempest.lib.common.rest_client [req-3b79ec3c-40d2-496c-bcc3-1b5e75a6b390 req-3b79ec3c-40d2-496c-bcc3-1b5e75a6b390 ] Request (QuotasAdminTestV257:setUpClass): 200 GET http://10.180.1.21/identity/v3/roles 0.030s
2025-02-14 10:58:47.853 63148 INFO tempest.lib.common.rest_client [req-5fb08ea3-c64e-431d-adeb-25e307ee5097 req-5fb08ea3-c64e-431d-adeb-25e307ee5097 ] Request (ServerExternalEventsTest:tearDownClass): 200 GET http://10.180.1.21/compute/v2.1/servers/d2acffc3-ddec-448d-b3c7-666de4aeebfb 0.638s
2025-02-14 10:58:47.865 63173 INFO tempest.lib.common.rest_client [req-34fba2f1-cbd8-4f8e-bd29-26a09e58b4b1 req-34fba2f1-cbd8-4f8e-bd29-26a09e58b4b1 ] Request (QuotasAdminTestV257:setUpClass): 204 PUT http://10.180.1.21/identity/v3/projects/d7c8bfcdbca8434d8e1191fc28f74eb9/users/97e07f736ae5490b9d301f20bf0e54e3/roles/78719e6d1985424483f7f2cc8f9f98e2 0.029s
2025-02-14 10:58:47.939 63173 INFO tempest.lib.common.rest_client [req-daa2fe97-11f5-4d93-9aba-4d9f1e49e7c4 req-daa2fe97-11f5-4d93-9aba-4d9f1e49e7c4 ] Request (QuotasAdminTestV257:setUpClass): 200 GET http://10.180.1.21/identity/v3/roles 0.073s
2025-02-14 10:58:47.957 63173 INFO tempest.lib.common.rest_client [req-200c0a1a-07bc-4770-9cf0-5a4e9b52a032 req-200c0a1a-07bc-4770-9cf0-5a4e9b52a032 ] Request (QuotasAdminTestV257:setUpClass): 204 PUT http://10.180.1.21/identity/v3/projects/d7c8bfcdbca8434d8e1191fc28f74eb9/users/97e07f736ae5490b9d301f20bf0e54e3/roles/78719e6d1985424483f7f2cc8f9f98e2 0.017s
2025-02-14 10:58:47.957 63173 INFO tempest.lib.common.dynamic_creds [-] Dynamic test user 97e07f736ae5490b9d301f20bf0e54e3 is created with scope project and roles: ['admin']
2025-02-14 10:58:47.957 63173 INFO tempest.lib.common.dynamic_creds [-] Acquired dynamic creds: credentials: Credentials: {'domain_id': 'default', 'domain_name': 'Default', 'username': 'tempest-QuotasAdminTestV257-1832879647-project-admin', 'project_domain_id': 'default', 'project_domain_name': 'Default', 'project_id': 'd7c8bfcdbca8434d8e1191fc28f74eb9', 'project_name': 'tempest-QuotasAdminTestV257-1832879647', 'tenant_id': 'd7c8bfcdbca8434d8e1191fc28f74eb9', 'tenant_name': 'tempest-QuotasAdminTestV257-1832879647', 'user_domain_id': 'default', 'user_domain_name': 'Default', 'user_id': '97e07f736ae5490b9d301f20bf0e54e3', 'system': None}, Network: None, Subnet: None, Router: None
2025-02-14 10:58:47.957 63173 INFO tempest.lib.common.dynamic_creds [-] Created isolated network resources for: credentials: Credentials: {'domain_id': 'default', 'domain_name': 'Default', 'username': 'tempest-QuotasAdminTestV257-1832879647-project-admin', 'project_domain_id': 'default', 'project_domain_name': 'Default', 'project_id': 'd7c8bfcdbca8434d8e1191fc28f74eb9', 'project_name': 'tempest-QuotasAdminTestV257-1832879647', 'tenant_id': 'd7c8bfcdbca8434d8e1191fc28f74eb9', 'tenant_name': 'tempest-QuotasAdminTestV257-1832879647', 'user_domain_id': 'default', 'user_domain_name': 'Default', 'user_id': '97e07f736ae5490b9d301f20bf0e54e3', 'system': None}, Network: None, Subnet: None, Router: None
2025-02-14 10:58:48.025 63162 INFO tempest.lib.common.rest_client [req-7d5b9889-cf16-477f-b57b-7aa0dc39994a req-7d5b9889-cf16-477f-b57b-7aa0dc39994a ] Request (ServerMetadataNegativeTestJSON:tearDownClass): 200 GET http://10.180.1.21/compute/v2.1/servers/b1518c51-ee9b-4d4b-8328-c0a8f14c9a0b 0.691s
2025-02-14 10:58:48.034 63173 INFO tempest.lib.common.rest_client [req-0d5b172c-1cd2-40c3-aae5-e179a346b6ff req-0d5b172c-1cd2-40c3-aae5-e179a346b6ff ] Request (QuotasAdminTestV257:setUpClass): 201 POST http://10.180.1.21/identity/v3/auth/tokens 0.074s
2025-02-14 10:58:48.035 63173 WARNING tempest.lib.common.rest_client [-] Deprecated: "tenant_id" property is deprecated for removal, use "project_id" instead
2025-02-14 10:58:48.046 63154 INFO tempest.lib.common.rest_client [req-c3d1bad3-492a-463f-8b4f-a98abb54286c req-c3d1bad3-492a-463f-8b4f-a98abb54286c ] Request (VolumesAssistedSnapshotsTest:test_volume_assisted_snapshot_create_delete): 200 GET http://10.180.1.21/compute/v2.1/servers/75386726-036a-4bb8-aab0-ca4e07b6b675 0.661s
2025-02-14 10:58:48.084 63173 INFO tempest.lib.common.rest_client [req-e0adfd7e-b7cb-4086-85b3-3bcfbcc8a4b9 req-e0adfd7e-b7cb-4086-85b3-3bcfbcc8a4b9 ] Request (QuotasAdminTestV257:test_get_updated_quotas): 200 GET http://10.180.1.21/identity/v3/domains?name=Default 0.047s
2025-02-14 10:58:48.113 63173 INFO tempest.lib.common.rest_client [req-34135376-df48-403d-9fa8-596fdd56cdcf req-34135376-df48-403d-9fa8-596fdd56cdcf ] Request (QuotasAdminTestV257:test_get_updated_quotas): 201 POST http://10.180.1.21/identity/v3/projects 0.029s
2025-02-14 10:58:48.168 63173 INFO tempest.lib.common.rest_client [req-35d46741-c7e0-4a91-872f-1609d8e576f2 req-35d46741-c7e0-4a91-872f-1609d8e576f2 ] Request (QuotasAdminTestV257:test_get_updated_quotas): 200 GET http://10.180.1.21/identity/v3/domains?name=Default 0.054s
2025-02-14 10:58:48.209 63122 INFO tempest.lib.common.rest_client [req-407078fb-deeb-4c43-afb6-1baa9012c714 req-407078fb-deeb-4c43-afb6-1baa9012c714 ] Request (FloatingIPsAssociationTestJSON:test_associate_already_associated_floating_ip): 200 GET http://10.180.1.21/compute/v2.1/servers/1a26cd0b-c0b7-4f41-997f-0a6b2c644e32 0.617s
2025-02-14 10:58:48.449 63170 INFO tempest.lib.common.rest_client [req-18a21181-b859-49ad-b244-c7181c8a862e req-18a21181-b859-49ad-b244-c7181c8a862e ] Request (SecurityGroupRulesTestJSON:test_security_group_rules_create): 200 POST http://10.180.1.21/compute/v2.1/os-security-group-rules 0.767s
2025-02-14 10:58:48.503 63158 INFO tempest.lib.common.rest_client [req-9cf1ae16-2cbf-496f-8fd1-e98c3b671910 req-9cf1ae16-2cbf-496f-8fd1-e98c3b671910 ] Request (ListServerFiltersTestJSON:setUpClass): 202 POST http://10.180.1.21/compute/v2.1/servers 1.029s
2025-02-14 10:58:48.529 63130 INFO tempest.lib.common.rest_client [req-0d36dc0e-a54f-45da-adad-48ce28259068 req-0d36dc0e-a54f-45da-adad-48ce28259068 ] Request (MultipleCreateTestJSON:test_multiple_create): 200 GET http://10.180.1.21/compute/v2.1/servers/433a19cc-9fad-46a2-8c65-4b27a2df35b8 0.750s
2025-02-14 10:58:48.587 63144 INFO tempest.lib.common.rest_client [req-b9ad2328-508c-4603-8ac6-5598bf1897b7 req-b9ad2328-508c-4603-8ac6-5598bf1897b7 ] Request (ServersAdmin275Test:_run_cleanups): 200 GET http://10.180.1.21/compute/v2.1/servers/637c1419-b959-4be2-abe7-3842e89c114c 0.719s
2025-02-14 10:58:48.653 63136 INFO tempest.lib.common.rest_client [req-4efcbd5a-b741-404a-a3bc-345508dd3023 req-4efcbd5a-b741-404a-a3bc-345508dd3023 ] Request (ImagesTestJSON:test_create_image_from_suspended_server): 200 GET http://10.180.1.21/compute/v2.1/servers/8ec19d32-fde4-4639-b117-ac9d6831453f 0.722s
2025-02-14 10:58:48.664 63161 INFO tempest.lib.common.rest_client [req-297f88f1-8aff-4a83-93d3-af812bff7729 req-297f88f1-8aff-4a83-93d3-af812bff7729 ] Request (ServersTestFqdnHostnames:test_create_server_with_fqdn_name): 200 GET http://10.180.1.21/compute/v2.1/servers/4b1de28b-58b7-4c1c-a0e7-0319b02e4fab 0.776s
2025-02-14 10:58:48.728 63156 INFO tempest.lib.common.rest_client [req-593c3b72-678f-4f5c-a081-048dc03d376d req-593c3b72-678f-4f5c-a081-048dc03d376d ] Request (FloatingIPsAssociationNegativeTestJSON:tearDownClass): 200 GET http://10.180.1.21/compute/v2.1/servers/eabce8cf-293c-4081-8be0-c1fcec80a985 0.709s
2025-02-14 10:58:48.770 63178 INFO tempest.lib.common.rest_client [req-288a3d43-19cf-4242-a36a-90cf63da4e80 req-288a3d43-19cf-4242-a36a-90cf63da4e80 ] Request (ServersTestBootFromVolume:setUpClass): 200 GET http://10.180.1.21/compute/v2.1/servers/f18cc418-3ecf-4e94-a23c-6e7c7c56c0d0 0.828s
2025-02-14 10:58:48.782 63178 INFO tempest.common.waiters [-] State transition "BUILD/None" ==> "BUILD/block_device_mapping" after 28 second wait
2025-02-14 10:58:48.825 63132 INFO tempest.lib.common.rest_client [req-26caf80a-5d23-42d0-9bf6-e6439d999489 req-26caf80a-5d23-42d0-9bf6-e6439d999489 ] Request (ListImageFiltersTestJSON:setUpClass): 200 GET http://10.180.1.21/compute/v2.1/servers/3c08855a-5a42-4495-b8b7-670504c282d0 0.700s
2025-02-14 10:58:48.858 63124 INFO tempest.lib.common.rest_client [req-45504dca-a662-4ee6-b808-a51eba6c9ca1 req-45504dca-a662-4ee6-b808-a51eba6c9ca1 ] Request (MigrationsAdminTest:test_list_migrations_in_flavor_resize_situation): 200 GET http://10.180.1.21/compute/v2.1/servers/a50a8b4e-3889-4240-bd9f-8bdb6298f990 0.791s
2025-02-14 10:58:48.872 63124 INFO tempest.common.waiters [-] State transition "RESIZE/resize_finish" ==> "VERIFY_RESIZE/None" after 37 second wait
2025-02-14 10:58:48.921 63140 INFO tempest.lib.common.rest_client [req-8b890c56-183e-421a-b68c-eef7fa467bf3 req-8b890c56-183e-421a-b68c-eef7fa467bf3 ] Request (ServerActionsTestJSON:setUpClass): 200 GET http://10.180.1.21/compute/v2.1/servers/789f6fe4-d124-4483-aa3b-747aa8b6319a 0.741s
2025-02-14 10:58:48.974 63142 INFO tempest.lib.common.rest_client [req-f3295f6b-48bb-4b35-b404-66baa753ca2c req-f3295f6b-48bb-4b35-b404-66baa753ca2c ] Request (DeleteServersAdminTestJSON:test_delete_server_while_in_error_state): 200 GET http://10.180.1.21/compute/v2.1/servers/3d6dd8d1-8695-44d6-968b-d0ab5d634736 0.731s
2025-02-14 10:58:48.984 63173 INFO tempest.lib.common.rest_client [req-e2159fc8-83da-488a-9de7-6ad0b02c4fdc req-e2159fc8-83da-488a-9de7-6ad0b02c4fdc ] Request (QuotasAdminTestV257:test_get_updated_quotas): 200 PUT http://10.180.1.21/compute/v2.1/os-quota-sets/4359b224d8664ece9672bd5f4dfd6fc4 0.816s
2025-02-14 10:58:48.987 63146 WARNING tempest.lib.common.ssh [-] Failed to establish authenticated ssh connection to cirros@10.180.180.223 ([Errno None] Unable to connect to port 22 on 10.180.180.223). Number attempts: 2. Retry after 3 seconds.: paramiko.ssh_exception.NoValidConnectionsError: [Errno None] Unable to connect to port 22 on 10.180.180.223
2025-02-14 10:58:49.038 63176 INFO tempest.lib.common.rest_client [req-fcbb14cd-57e4-44ab-9e47-d30e550157a9 req-fcbb14cd-57e4-44ab-9e47-d30e550157a9 ] Request (ServersAdminNegativeTestJSON:setUpClass): 200 GET http://10.180.1.21/compute/v2.1/servers/2c9d6e0c-8f02-4457-ba8c-fdb831de6f7f 0.614s
2025-02-14 10:58:49.118 63128 INFO tempest.lib.common.rest_client [req-3b3f5d3e-397d-46d7-8e33-13f4bef448ef req-3b3f5d3e-397d-46d7-8e33-13f4bef448ef ] Request (ServerMetadataTestJSON:setUpClass): 200 GET http://10.180.1.21/compute/v2.1/servers/7be547e3-977a-4e2e-a2a0-61876c52920f 0.636s
2025-02-14 10:58:49.133 63170 INFO tempest.lib.common.rest_client [req-2f68ca83-ead0-4a41-b73d-52cb4980e6ee req-2f68ca83-ead0-4a41-b73d-52cb4980e6ee ] Request (SecurityGroupRulesTestJSON:test_security_group_rules_create_with_optional_cidr): 200 POST http://10.180.1.21/compute/v2.1/os-security-groups 0.679s
2025-02-14 10:58:49.163 63158 INFO tempest.lib.common.rest_client [req-492b0c4c-7499-4498-a891-4550a9cd786e req-492b0c4c-7499-4498-a891-4550a9cd786e ] Request (ListServerFiltersTestJSON:setUpClass): 200 GET http://10.180.1.21/compute/v2.1/servers/abde4f42-d174-4de2-8679-1ae864414309 0.658s
2025-02-14 10:58:49.231 63138 INFO tempest.lib.common.rest_client [req-59b83ebd-03e4-4427-9037-5ddbd590d487 req-59b83ebd-03e4-4427-9037-5ddbd590d487 ] Request (InstanceActionsTestJSON:setUpClass): 200 GET http://10.180.1.21/compute/v2.1/servers/8505e505-e224-4ea7-98d3-1266a616d7f9 0.654s
2025-02-14 10:58:49.251 63152 INFO tempest.lib.common.rest_client [req-1a3151f3-5ea7-4514-9421-2d5a9ff0271a req-1a3151f3-5ea7-4514-9421-2d5a9ff0271a ] Request (DeleteServersTestJSON:test_delete_active_server): 200 GET http://10.180.1.21/compute/v2.1/servers/c79432c6-1a42-439e-896c-5bb42d30066c 0.586s
2025-02-14 10:58:49.290 63126 INFO tempest.lib.common.rest_client [req-bf1d535e-2ae4-4b41-889b-db755cf46764 req-bf1d535e-2ae4-4b41-889b-db755cf46764 ] Request (ServersV294TestFqdnHostnames:setUpClass): 200 GET http://10.180.1.21/compute/v2.1/servers/f8dec537-4332-4f61-8e6b-d0bb3bc0bbc7 0.547s
2025-02-14 10:58:49.313 63150 INFO tempest.lib.common.rest_client [req-36642321-8f42-471c-a576-55e12b0779f0 req-36642321-8f42-471c-a576-55e12b0779f0 ] Request (ServerTagsTestJSON:tearDownClass): 200 GET http://10.180.1.21/compute/v2.1/servers/03e4452c-7f43-41ef-84ca-a9be999c500e 0.534s
2025-02-14 10:58:49.341 63134 INFO tempest.lib.common.rest_client [req-5eaae878-b66f-49ca-b220-fe829e0d6dfc req-5eaae878-b66f-49ca-b220-fe829e0d6dfc ] Request (ServerDiagnosticsNegativeTest:test_get_server_diagnostics_by_non_admin): 200 GET http://10.180.1.21/compute/v2.1/servers/023d78c8-6fc0-43ca-9b39-2da69063a440 0.539s
2025-02-14 10:58:49.364 63165 INFO tempest.lib.common.rest_client [req-d0ad75d5-84d1-43fc-9813-db28d5ca8391 req-d0ad75d5-84d1-43fc-9813-db28d5ca8391 ] Request (SecurityGroupsTestJSON:test_server_security_groups): 200 GET http://10.180.1.21/compute/v2.1/servers/c432556e-9980-43ad-ade5-1da925b9ae8f 0.535s
2025-02-14 10:58:49.367 63148 INFO tempest.lib.common.rest_client [req-19c6054f-5b1a-44f0-9eaa-d3ac70bf28e8 req-19c6054f-5b1a-44f0-9eaa-d3ac70bf28e8 ] Request (ServerExternalEventsTest:tearDownClass): 404 GET http://10.180.1.21/compute/v2.1/servers/d2acffc3-ddec-448d-b3c7-666de4aeebfb 0.505s
2025-02-14 10:58:49.439 63173 INFO tempest.lib.common.rest_client [req-74636045-4bce-47c7-bc93-6e9295031873 req-74636045-4bce-47c7-bc93-6e9295031873 ] Request (QuotasAdminTestV257:test_get_updated_quotas): 200 GET http://10.180.1.21/compute/v2.1/os-quota-sets/4359b224d8664ece9672bd5f4dfd6fc4/detail 0.453s
2025-02-14 10:58:49.439 63124 INFO tempest.lib.common.rest_client [req-ce644561-e9e5-4507-9583-e3aeab4e09bc req-ce644561-e9e5-4507-9583-e3aeab4e09bc ] Request (MigrationsAdminTest:test_list_migrations_in_flavor_resize_situation): 204 POST http://10.180.1.21/compute/v2.1/servers/a50a8b4e-3889-4240-bd9f-8bdb6298f990/action 0.566s
2025-02-14 10:58:49.473 63173 INFO tempest.lib.common.rest_client [req-430f7364-a478-4ecf-ad3f-ae0d1698c595 req-430f7364-a478-4ecf-ad3f-ae0d1698c595 ] Request (QuotasAdminTestV257:test_get_updated_quotas): 200 GET http://10.180.1.21/identity/v3/domains?name=Default 0.029s
2025-02-14 10:58:49.526 63148 INFO tempest.lib.common.rest_client [req-7fa8610d-f5ec-49bc-bbcb-f75a4c2a5162 req-7fa8610d-f5ec-49bc-bbcb-f75a4c2a5162 ] Request (ServerExternalEventsTest:tearDownClass): 204 DELETE http://10.180.1.21/identity/v3/users/ba01febeaf734048a4a4ddb6b7290018 0.157s
2025-02-14 10:58:49.555 63173 INFO tempest.lib.common.rest_client [req-889bc092-d7ef-4d7f-807f-b9738ca82e2f req-889bc092-d7ef-4d7f-807f-b9738ca82e2f ] Request (QuotasAdminTestV257:test_get_updated_quotas): 201 POST http://10.180.1.21/identity/v3/users 0.081s
2025-02-14 10:58:49.587 63162 INFO tempest.lib.common.rest_client [req-c910986a-9a4e-4a13-aef2-9ae37557e5fb req-c910986a-9a4e-4a13-aef2-9ae37557e5fb ] Request (ServerMetadataNegativeTestJSON:tearDownClass): 200 GET http://10.180.1.21/compute/v2.1/servers/b1518c51-ee9b-4d4b-8328-c0a8f14c9a0b 0.553s
2025-02-14 10:58:49.614 63173 INFO tempest.lib.common.rest_client [req-9d8ad394-9033-4e32-94b3-80af6a3aab3e req-9d8ad394-9033-4e32-94b3-80af6a3aab3e ] Request (QuotasAdminTestV257:test_get_updated_quotas): 200 GET http://10.180.1.21/identity/v3/domains?name=Default 0.059s
2025-02-14 10:58:49.636 63148 INFO tempest.lib.common.rest_client [req-055dfaf7-0012-4092-9ea2-64be6bbf99ac req-055dfaf7-0012-4092-9ea2-64be6bbf99ac ] Request (ServerExternalEventsTest:tearDownClass): 204 DELETE http://10.180.1.21/identity/v3/users/48b0e42e292648cd9a08ad4a0ca6fc73 0.109s
2025-02-14 10:58:49.640 63154 INFO tempest.lib.common.rest_client [req-ca140333-5d45-4703-8be6-a259c6ad838c req-ca140333-5d45-4703-8be6-a259c6ad838c ] Request (VolumesAssistedSnapshotsTest:test_volume_assisted_snapshot_create_delete): 200 GET http://10.180.1.21/compute/v2.1/servers/75386726-036a-4bb8-aab0-ca4e07b6b675 0.586s
2025-02-14 10:58:49.648 63154 INFO tempest.common.waiters [-] State transition "BUILD/spawning" ==> "ACTIVE/None" after 40 second wait
2025-02-14 10:58:49.740 63148 INFO tempest.lib.common.rest_client [req-561b624c-30b7-4ab6-8334-2a47b576989e req-561b624c-30b7-4ab6-8334-2a47b576989e ] Request (ServerExternalEventsTest:tearDownClass): 204 DELETE http://10.180.1.21/identity/v3/users/8a278166207244c88e1b3399a48bb133 0.104s
2025-02-14 10:58:49.741 63148 INFO tempest.lib.common.dynamic_creds [-] Deleting project and security group for project: 0891e01bea5c4482b0040a507a8b0937
2025-02-14 10:58:49.799 63170 INFO tempest.lib.common.rest_client [req-1c4b5f0e-0e30-4807-81ef-ee4d00254649 req-1c4b5f0e-0e30-4807-81ef-ee4d00254649 ] Request (SecurityGroupRulesTestJSON:test_security_group_rules_create_with_optional_cidr): 200 POST http://10.180.1.21/compute/v2.1/os-security-group-rules 0.661s
2025-02-14 10:58:49.809 63122 INFO tempest.lib.common.rest_client [req-c5493b0d-698a-4a81-9087-c20b8dfcc6be req-c5493b0d-698a-4a81-9087-c20b8dfcc6be ] Request (FloatingIPsAssociationTestJSON:test_associate_already_associated_floating_ip): 200 GET http://10.180.1.21/compute/v2.1/servers/1a26cd0b-c0b7-4f41-997f-0a6b2c644e32 0.592s
2025-02-14 10:58:49.835 63148 INFO tempest.lib.common.rest_client [req-c7b3546d-0c17-4f43-943d-36c9f3783bb9 req-c7b3546d-0c17-4f43-943d-36c9f3783bb9 ] Request (ServerExternalEventsTest:tearDownClass): 201 POST http://10.180.1.21/identity/v3/auth/tokens 0.094s
2025-02-14 10:58:49.875 63130 INFO tempest.lib.common.rest_client [req-b55606e3-9897-4fde-a630-43df76011575 req-b55606e3-9897-4fde-a630-43df76011575 ] Request (MultipleCreateTestJSON:test_multiple_create): 200 GET http://10.180.1.21/compute/v2.1/servers/433a19cc-9fad-46a2-8c65-4b27a2df35b8 0.337s
2025-02-14 10:58:49.883 63130 INFO tempest.common.waiters [-] State transition "BUILD/scheduling" ==> "BUILD/None" after 16 second wait
2025-02-14 10:58:49.915 63148 INFO tempest.lib.common.rest_client [req-6d16179a-7e31-4058-8c36-8223f066d57f req-6d16179a-7e31-4058-8c36-8223f066d57f ] Request (ServerExternalEventsTest:tearDownClass): 200 GET http://10.180.1.21:9696/networking/v2.0/security-groups?tenant_id=0891e01bea5c4482b0040a507a8b0937&name=default 0.080s
2025-02-14 10:58:49.936 63144 INFO tempest.lib.common.rest_client [req-67a5d093-bc35-4991-8391-f5554f2f9f0c req-67a5d093-bc35-4991-8391-f5554f2f9f0c ] Request (ServersAdmin275Test:_run_cleanups): 200 GET http://10.180.1.21/compute/v2.1/servers/637c1419-b959-4be2-abe7-3842e89c114c 0.336s
2025-02-14 10:58:49.953 63124 INFO tempest.lib.common.rest_client [req-43b1c2f1-6e22-48f9-8087-e232b62ce536 req-43b1c2f1-6e22-48f9-8087-e232b62ce536 ] Request (MigrationsAdminTest:test_list_migrations_in_flavor_resize_situation): 200 GET http://10.180.1.21/compute/v2.1/servers/a50a8b4e-3889-4240-bd9f-8bdb6298f990 0.513s
2025-02-14 10:58:50.003 63148 INFO tempest.lib.common.rest_client [req-0d1d96e6-3c81-418b-aa7b-6a11699efa5b req-0d1d96e6-3c81-418b-aa7b-6a11699efa5b ] Request (ServerExternalEventsTest:tearDownClass): 204 DELETE http://10.180.1.21:9696/networking/v2.0/security-groups/f2dbfd85-d3f8-4cda-8c9a-27e1c462aa06 0.087s
2025-02-14 10:58:50.039 63154 INFO tempest.lib.common.rest_client [req-555a94fa-20bf-472e-95f0-b0a78c1c3a89 req-555a94fa-20bf-472e-95f0-b0a78c1c3a89 ] Request (VolumesAssistedSnapshotsTest:test_volume_assisted_snapshot_create_delete): 200 GET http://10.180.1.21/compute/v2.1/servers/75386726-036a-4bb8-aab0-ca4e07b6b675/os-interface 0.390s
2025-02-14 10:58:50.073 63148 INFO tempest.lib.common.rest_client [req-64f62781-7bf3-4924-b775-5cb65a77a9e8 req-64f62781-7bf3-4924-b775-5cb65a77a9e8 ] Request (ServerExternalEventsTest:tearDownClass): 204 DELETE http://10.180.1.21/identity/v3/projects/0891e01bea5c4482b0040a507a8b0937 0.069s
2025-02-14 10:58:50.073 63148 INFO tempest.lib.common.dynamic_creds [-] Deleting project and security group for project: bdd9c1bdc8b949e9a60842c6f991f0b3
2025-02-14 10:58:50.099 63136 INFO tempest.lib.common.rest_client [req-d3d5b006-aa50-4a74-ac35-49daa4f8bf16 req-d3d5b006-aa50-4a74-ac35-49daa4f8bf16 ] Request (ImagesTestJSON:test_create_image_from_suspended_server): 200 GET http://10.180.1.21/compute/v2.1/servers/8ec19d32-fde4-4639-b117-ac9d6831453f 0.437s
2025-02-14 10:58:50.164 63173 INFO tempest.lib.common.rest_client [req-ef323e40-d6dc-480e-8de6-bd368730962b req-ef323e40-d6dc-480e-8de6-bd368730962b ] Request (QuotasAdminTestV257:test_get_updated_quotas): 200 PUT http://10.180.1.21/compute/v2.1/os-quota-sets/4359b224d8664ece9672bd5f4dfd6fc4?user_id=006f526ad3bf48cbbf6e28bbc6967c2a 0.549s
2025-02-14 10:58:50.205 63161 INFO tempest.lib.common.rest_client [req-aec7dab4-dca7-45c2-9ac3-661fe8925229 req-aec7dab4-dca7-45c2-9ac3-661fe8925229 ] Request (ServersTestFqdnHostnames:test_create_server_with_fqdn_name): 200 GET http://10.180.1.21/compute/v2.1/servers/4b1de28b-58b7-4c1c-a0e7-0319b02e4fab 0.533s
2025-02-14 10:58:50.213 63161 INFO tempest.common.waiters [-] State transition "BUILD/spawning" ==> "ACTIVE/None" after 38 second wait
2025-02-14 10:58:50.218 63156 INFO tempest.lib.common.rest_client [req-0cf462a1-a6b6-4dbb-9b5d-1bf0e9a37637 req-0cf462a1-a6b6-4dbb-9b5d-1bf0e9a37637 ] Request (FloatingIPsAssociationNegativeTestJSON:tearDownClass): 200 GET http://10.180.1.21/compute/v2.1/servers/eabce8cf-293c-4081-8be0-c1fcec80a985 0.480s
2025-02-14 10:58:50.232 63148 INFO tempest.lib.common.rest_client [req-e4aa0c9d-f685-4e5f-b31b-5af740fecd68 req-e4aa0c9d-f685-4e5f-b31b-5af740fecd68 ] Request (ServerExternalEventsTest:tearDownClass): 200 GET http://10.180.1.21:9696/networking/v2.0/security-groups?tenant_id=bdd9c1bdc8b949e9a60842c6f991f0b3&name=default 0.158s
2025-02-14 10:58:50.333 63178 INFO tempest.lib.common.rest_client [req-db198632-20c1-4e27-9080-c22c21f43ed7 req-db198632-20c1-4e27-9080-c22c21f43ed7 ] Request (ServersTestBootFromVolume:setUpClass): 200 GET http://10.180.1.21/compute/v2.1/servers/f18cc418-3ecf-4e94-a23c-6e7c7c56c0d0 0.548s
2025-02-14 10:58:50.375 63170 INFO tempest.lib.common.rest_client [req-2042ef19-7df1-4db1-8c48-5023619b208d req-2042ef19-7df1-4db1-8c48-5023619b208d ] Request (SecurityGroupRulesTestJSON:test_security_group_rules_create_with_optional_group_id): 200 POST http://10.180.1.21/compute/v2.1/os-security-groups 0.570s
2025-02-14 10:58:50.391 63132 INFO tempest.lib.common.rest_client [req-30dc8f1f-7096-4aef-836f-5e7989ae55c3 req-30dc8f1f-7096-4aef-836f-5e7989ae55c3 ] Request (ListImageFiltersTestJSON:setUpClass): 200 GET http://10.180.1.21/compute/v2.1/servers/3c08855a-5a42-4495-b8b7-670504c282d0 0.556s
2025-02-14 10:58:50.394 63148 INFO tempest.lib.common.rest_client [req-e9118ffe-2683-41f9-8b82-3c361f2f91af req-e9118ffe-2683-41f9-8b82-3c361f2f91af ] Request (ServerExternalEventsTest:tearDownClass): 204 DELETE http://10.180.1.21:9696/networking/v2.0/security-groups/2ebf509d-194d-44a8-aa9d-8bbe32d9af48 0.162s
2025-02-14 10:58:50.466 63140 INFO tempest.lib.common.rest_client [req-d152fcf9-514b-4ea8-b498-7ac625ed78b7 req-d152fcf9-514b-4ea8-b498-7ac625ed78b7 ] Request (ServerActionsTestJSON:setUpClass): 200 GET http://10.180.1.21/compute/v2.1/servers/789f6fe4-d124-4483-aa3b-747aa8b6319a 0.538s
2025-02-14 10:58:50.522 63142 INFO tempest.lib.common.rest_client [req-1970f54f-d046-4f33-8db8-e09752dd28e7 req-1970f54f-d046-4f33-8db8-e09752dd28e7 ] Request (DeleteServersAdminTestJSON:test_delete_server_while_in_error_state): 200 GET http://10.180.1.21/compute/v2.1/servers/3d6dd8d1-8695-44d6-968b-d0ab5d634736 0.540s
2025-02-14 10:58:50.540 63176 INFO tempest.lib.common.rest_client [req-ba414a79-6693-473d-8844-762ca3d7771c req-ba414a79-6693-473d-8844-762ca3d7771c ] Request (ServersAdminNegativeTestJSON:setUpClass): 200 GET http://10.180.1.21/compute/v2.1/servers/2c9d6e0c-8f02-4457-ba8c-fdb831de6f7f 0.493s
2025-02-14 10:58:50.541 63148 INFO tempest.lib.common.rest_client [req-c924a358-fdd3-4359-a333-39fabb9de119 req-c924a358-fdd3-4359-a333-39fabb9de119 ] Request (ServerExternalEventsTest:tearDownClass): 204 DELETE http://10.180.1.21/identity/v3/projects/bdd9c1bdc8b949e9a60842c6f991f0b3 0.146s
2025-02-14 10:58:50.541 63148 INFO tempest.lib.common.dynamic_creds [-] Deleting project and security group for project: 316e19f0a6ae484189d4a3dd44022fe3
2025-02-14 10:58:50.573 63128 INFO tempest.lib.common.rest_client [req-b805a392-f187-47e6-aea4-988bad66debc req-b805a392-f187-47e6-aea4-988bad66debc ] Request (ServerMetadataTestJSON:setUpClass): 200 GET http://10.180.1.21/compute/v2.1/servers/7be547e3-977a-4e2e-a2a0-61876c52920f 0.442s
2025-02-14 10:58:50.587 63166 WARNING tempest.lib.common.ssh [-] Failed to establish authenticated ssh connection to cirros@10.180.180.139 ([Errno None] Unable to connect to port 22 on 10.180.180.139). Number attempts: 4. Retry after 5 seconds.: paramiko.ssh_exception.NoValidConnectionsError: [Errno None] Unable to connect to port 22 on 10.180.180.139
2025-02-14 10:58:50.632 63158 INFO tempest.lib.common.rest_client [req-a5823741-aa24-48cb-9b82-9eb9aa9a6ffc req-a5823741-aa24-48cb-9b82-9eb9aa9a6ffc ] Request (ListServerFiltersTestJSON:setUpClass): 200 GET http://10.180.1.21/compute/v2.1/servers/abde4f42-d174-4de2-8679-1ae864414309 0.460s
2025-02-14 10:58:50.670 63154 INFO tempest.lib.common.rest_client [req-9754e7c6-d55a-4e6b-a150-f2d5c173a984 req-9754e7c6-d55a-4e6b-a150-f2d5c173a984 ] Request (VolumesAssistedSnapshotsTest:test_volume_assisted_snapshot_create_delete): 200 PUT http://10.180.1.21:9696/networking/v2.0/floatingips/2e7ff5f3-e2f2-4625-a406-6fbb6ed647dd 0.628s
2025-02-14 10:58:50.671 63154 INFO tempest.lib.common.ssh [-] Creating ssh connection to '10.180.180.186:22' as 'cirros' with public key authentication
2025-02-14 10:58:50.674 63173 INFO tempest.lib.common.rest_client [req-a9c51ba5-3c6b-4151-8a68-43cdfaaaba11 req-a9c51ba5-3c6b-4151-8a68-43cdfaaaba11 ] Request (QuotasAdminTestV257:test_get_updated_quotas): 200 GET http://10.180.1.21/compute/v2.1/os-quota-sets/4359b224d8664ece9672bd5f4dfd6fc4?user_id=006f526ad3bf48cbbf6e28bbc6967c2a 0.509s
2025-02-14 10:58:50.708 63148 INFO tempest.lib.common.rest_client [req-30128d60-4245-42fe-a26e-6991adfffb6e req-30128d60-4245-42fe-a26e-6991adfffb6e ] Request (ServerExternalEventsTest:tearDownClass): 200 GET http://10.180.1.21:9696/networking/v2.0/security-groups?tenant_id=316e19f0a6ae484189d4a3dd44022fe3&name=default 0.167s
2025-02-14 10:58:50.711 63161 INFO tempest.lib.common.rest_client [req-f471a1fb-281e-4aa7-af41-d9ef39b37a60 req-f471a1fb-281e-4aa7-af41-d9ef39b37a60 ] Request (ServersTestFqdnHostnames:test_create_server_with_fqdn_name): 200 GET http://10.180.1.21/compute/v2.1/servers/4b1de28b-58b7-4c1c-a0e7-0319b02e4fab/os-interface 0.498s
2025-02-14 10:58:50.769 63138 INFO tempest.lib.common.rest_client [req-3c554e59-1b50-47ac-9b83-68e94a1867e3 req-3c554e59-1b50-47ac-9b83-68e94a1867e3 ] Request (InstanceActionsTestJSON:setUpClass): 200 GET http://10.180.1.21/compute/v2.1/servers/8505e505-e224-4ea7-98d3-1266a616d7f9 0.526s
2025-02-14 10:58:50.783 63152 INFO tempest.lib.common.rest_client [req-1a053dc9-30d5-401a-bae5-8f1e6b18ee88 req-1a053dc9-30d5-401a-bae5-8f1e6b18ee88 ] Request (DeleteServersTestJSON:test_delete_active_server): 200 GET http://10.180.1.21/compute/v2.1/servers/c79432c6-1a42-439e-896c-5bb42d30066c 0.521s
2025-02-14 10:58:50.791 63173 INFO tempest.lib.common.rest_client [req-2c9c2709-511d-4b05-9910-a6b2d96c4873 req-2c9c2709-511d-4b05-9910-a6b2d96c4873 ] Request (QuotasAdminTestV257:_run_cleanups): 204 DELETE http://10.180.1.21/identity/v3/users/006f526ad3bf48cbbf6e28bbc6967c2a 0.115s
2025-02-14 10:58:50.836 63126 INFO tempest.lib.common.rest_client [req-ae0aa652-3296-4701-bda0-d1fd25d9b0e4 req-ae0aa652-3296-4701-bda0-d1fd25d9b0e4 ] Request (ServersV294TestFqdnHostnames:setUpClass): 200 GET http://10.180.1.21/compute/v2.1/servers/f8dec537-4332-4f61-8e6b-d0bb3bc0bbc7 0.532s
2025-02-14 10:58:50.838 63148 INFO tempest.lib.common.rest_client [req-2ca038ef-939c-4c00-a53f-06dc889c962b req-2ca038ef-939c-4c00-a53f-06dc889c962b ] Request (ServerExternalEventsTest:tearDownClass): 204 DELETE http://10.180.1.21:9696/networking/v2.0/security-groups/18c92e22-3595-44f0-a137-787d16d24077 0.129s
2025-02-14 10:58:50.861 63150 INFO tempest.lib.common.rest_client [req-0fd0ddb8-189c-4c25-8619-76e815fa3aa1 req-0fd0ddb8-189c-4c25-8619-76e815fa3aa1 ] Request (ServerTagsTestJSON:tearDownClass): 200 GET http://10.180.1.21/compute/v2.1/servers/03e4452c-7f43-41ef-84ca-a9be999c500e 0.537s
2025-02-14 10:58:50.908 63173 INFO tempest.lib.common.rest_client [req-bd87cda1-d35e-4441-a2b6-80ecf7bdec91 req-bd87cda1-d35e-4441-a2b6-80ecf7bdec91 ] Request (QuotasAdminTestV257:_run_cleanups): 204 DELETE http://10.180.1.21/identity/v3/projects/4359b224d8664ece9672bd5f4dfd6fc4 0.116s
2025-02-14 10:58:50.913 63134 INFO tempest.lib.common.rest_client [req-e936b8ed-68b6-45d0-8d80-f2327c0eac7b req-e936b8ed-68b6-45d0-8d80-f2327c0eac7b ] Request (ServerDiagnosticsNegativeTest:test_get_server_diagnostics_by_non_admin): 200 GET http://10.180.1.21/compute/v2.1/servers/023d78c8-6fc0-43ca-9b39-2da69063a440 0.560s
2025-02-14 10:58:50.967 63148 INFO tempest.lib.common.rest_client [req-607f2e2a-c5e5-4d81-8860-caf9ca9c0f2c req-607f2e2a-c5e5-4d81-8860-caf9ca9c0f2c ] Request (ServerExternalEventsTest:tearDownClass): 204 DELETE http://10.180.1.21/identity/v3/projects/316e19f0a6ae484189d4a3dd44022fe3 0.128s
2025-02-14 10:58:50.978 63173 INFO tempest.lib.common.rest_client [req-e9c80077-f9ce-4fbe-8c68-9bae30d47964 req-e9c80077-f9ce-4fbe-8c68-9bae30d47964 ] Request (QuotasAdminTestV257:tearDownClass): 204 DELETE http://10.180.1.21/identity/v3/users/dc6081b8be66436ca5b2c1405f6466b0 0.060s
2025-02-14 10:58:50.986 63165 INFO tempest.lib.common.rest_client [req-a507561a-67e2-4047-8bfe-9925f07a1192 req-a507561a-67e2-4047-8bfe-9925f07a1192 ] Request (SecurityGroupsTestJSON:test_server_security_groups): 200 GET http://10.180.1.21/compute/v2.1/servers/c432556e-9980-43ad-ade5-1da925b9ae8f 0.606s
2025-02-14 10:58:51.015 63170 INFO tempest.lib.common.rest_client [req-4983bc7d-8e45-4143-92dd-5feeb94de1e6 req-4983bc7d-8e45-4143-92dd-5feeb94de1e6 ] Request (SecurityGroupRulesTestJSON:test_security_group_rules_create_with_optional_group_id): 200 POST http://10.180.1.21/compute/v2.1/os-security-groups 0.636s
2025-02-14 10:58:51.041 63148 INFO tempest.lib.common.rest_client [req-d9343454-8d14-437a-b36f-666c196a35e0 req-d9343454-8d14-437a-b36f-666c196a35e0 ] Request (ServicesAdminTestJSON:setUpClass): 201 POST http://10.180.1.21/identity/v3/auth/tokens 0.073s
