2025-02-14 10:58:04.289 63180 INFO tempest.lib.common.rest_client [req-1690c7a1-ca92-49ca-899d-ffc839571e40 req-1690c7a1-ca92-49ca-899d-ffc839571e40 ] Request (QuotasTestJSON:setUpClass): 201 POST http://10.180.1.21/identity/v3/projects 0.035s
2025-02-14 10:58:04.368 63180 INFO tempest.lib.common.rest_client [req-9e55f9a7-3c2b-46cf-8a4d-cbd2327767f5 req-9e55f9a7-3c2b-46cf-8a4d-cbd2327767f5 ] Request (QuotasTestJSON:setUpClass): 201 POST http://10.180.1.21/identity/v3/users 0.078s
2025-02-14 10:58:04.376 63156 INFO tempest.lib.common.rest_client [req-1d133961-d925-4fed-8c87-a672dd4c2f7c req-1d133961-d925-4fed-8c87-a672dd4c2f7c ] Request (FloatingIPsAssociationNegativeTestJSON:setUpClass): 200 GET http://10.180.1.21/compute/v2.1/servers/eabce8cf-293c-4081-8be0-c1fcec80a985 3.365s
2025-02-14 10:58:04.385 63156 INFO tempest.common.waiters [-] State transition "BUILD/networking" ==> "BUILD/spawning" after 13 second wait
2025-02-14 10:58:04.427 63180 INFO tempest.lib.common.rest_client [req-f5def3e5-be2d-4233-8a4a-255bcb01218a req-f5def3e5-be2d-4233-8a4a-255bcb01218a ] Request (QuotasTestJSON:setUpClass): 200 GET http://10.180.1.21/identity/v3/roles 0.059s
2025-02-14 10:58:04.483 63180 INFO tempest.lib.common.rest_client [req-00a13deb-9edc-4805-b851-071d13586e27 req-00a13deb-9edc-4805-b851-071d13586e27 ] Request (QuotasTestJSON:setUpClass): 204 PUT http://10.180.1.21/identity/v3/projects/3a1704cebbf24004ba1da59160e934ad/users/35cfb93431d64dbba442343b92f45dbe/roles/7199f6cf01e94979a61c1c91f83abc20 0.055s
2025-02-14 10:58:04.483 63180 INFO tempest.lib.common.dynamic_creds [-] Dynamic test user 35cfb93431d64dbba442343b92f45dbe is created with scope project and roles: ['member']
2025-02-14 10:58:04.483 63180 INFO tempest.lib.common.dynamic_creds [-] Acquired dynamic creds: credentials: Credentials: {'domain_id': 'default', 'domain_name': 'Default', 'username': 'tempest-QuotasTestJSON-14882611-project-member', 'project_domain_id': 'default', 'project_domain_name': 'Default', 'project_id': '3a1704cebbf24004ba1da59160e934ad', 'project_name': 'tempest-QuotasTestJSON-14882611', 'tenant_id': '3a1704cebbf24004ba1da59160e934ad', 'tenant_name': 'tempest-QuotasTestJSON-14882611', 'user_domain_id': 'default', 'user_domain_name': 'Default', 'user_id': '35cfb93431d64dbba442343b92f45dbe', 'system': None}, Network: None, Subnet: None, Router: None
2025-02-14 10:58:04.483 63180 INFO tempest.lib.common.dynamic_creds [-] Created isolated network resources for: credentials: Credentials: {'domain_id': 'default', 'domain_name': 'Default', 'username': 'tempest-QuotasTestJSON-14882611-project-member', 'project_domain_id': 'default', 'project_domain_name': 'Default', 'project_id': '3a1704cebbf24004ba1da59160e934ad', 'project_name': 'tempest-QuotasTestJSON-14882611', 'tenant_id': '3a1704cebbf24004ba1da59160e934ad', 'tenant_name': 'tempest-QuotasTestJSON-14882611', 'user_domain_id': 'default', 'user_domain_name': 'Default', 'user_id': '35cfb93431d64dbba442343b92f45dbe', 'system': None}, Network: None, Subnet: None, Router: None
2025-02-14 10:58:04.556 63148 INFO tempest.lib.common.rest_client [req-97ef784c-be5c-4a94-ae9b-22e3e5cb3c12 req-97ef784c-be5c-4a94-ae9b-22e3e5cb3c12 ] Request (ServerExternalEventsTest:test_create_server_external_events): 200 GET http://10.180.1.21/compute/v2.1/servers/d2acffc3-ddec-448d-b3c7-666de4aeebfb 2.712s
2025-02-14 10:58:04.564 63148 INFO tempest.common.waiters [-] State transition "BUILD/None" ==> "BUILD/spawning" after 12 second wait
2025-02-14 10:58:04.587 63178 INFO tempest.lib.common.rest_client [req-8c5ff7a0-6f76-45c8-aa61-f7b486ad16c5 req-8c5ff7a0-6f76-45c8-aa61-f7b486ad16c5 ] Request (ServersTestBootFromVolume:setUpClass): 200 GET http://10.180.1.21/volume/v3/volumes/5927b083-aa53-47f4-85dc-f654142da265 0.050s
2025-02-14 10:58:04.598 63180 INFO tempest.lib.common.rest_client [req-3348e78d-189d-4303-9293-5d3fa07df3d5 req-3348e78d-189d-4303-9293-5d3fa07df3d5 ] Request (QuotasTestJSON:setUpClass): 201 POST http://10.180.1.21/identity/v3/auth/tokens 0.110s
2025-02-14 10:58:04.599 63180 WARNING tempest.lib.common.rest_client [-] Deprecated: "tenant_id" property is deprecated for removal, use "project_id" instead
2025-02-14 10:58:04.681 63150 INFO tempest.lib.common.rest_client [req-a3f3bd7b-758f-4f0a-9b74-b62eb5bd3bb3 req-a3f3bd7b-758f-4f0a-9b74-b62eb5bd3bb3 ] Request (ServerTagsTestJSON:setUpClass): 200 GET http://10.180.1.21/compute/v2.1/servers/03e4452c-7f43-41ef-84ca-a9be999c500e 2.714s
2025-02-14 10:58:04.693 63150 INFO tempest.common.waiters [-] State transition "BUILD/None" ==> "BUILD/networking" after 12 second wait
2025-02-14 10:58:04.748 63146 INFO tempest.lib.common.rest_client [req-25c50733-ebe6-4934-b0ab-31b98be3a9f2 req-25c50733-ebe6-4934-b0ab-31b98be3a9f2 ] Request (ValidationResourcesFixture:setUp): 201 POST http://10.180.1.21:9696/networking/v2.0/floatingips 0.523s
2025-02-14 10:58:04.812 63146 INFO tempest.lib.common.rest_client [req-78816b8d-bce1-4195-b986-4d2223951cae req-78816b8d-bce1-4195-b986-4d2223951cae ] Request (ServersWithSpecificFlavorTestJSON:test_verify_created_server_ephemeral_disk): 201 POST http://10.180.1.21/identity/v3/auth/tokens 0.061s
2025-02-14 10:58:04.813 63146 INFO tempest.lib.common.fixed_network [-] (ServersWithSpecificFlavorTestJSON:test_verify_created_server_ephemeral_disk) Found network {'id': 'f3649ccd-5205-485a-a67d-caea5d82b9dc', 'name': 'tempest-ServersWithSpecificFlavorTestJSON-988093433-network', 'tenant_id': 'b289dd6221fa47128e4e076c25e4a874', 'admin_state_up': True, 'mtu': 8950, 'status': 'ACTIVE', 'subnets': [], 'shared': False, 'project_id': 'b289dd6221fa47128e4e076c25e4a874', 'port_security_enabled': True, 'router:external': False, 'provider:network_type': 'vlan', 'provider:physical_network': 'default', 'provider:segmentation_id': 521, 'availability_zone_hints': [], 'availability_zones': [], 'ipv4_address_scope': None, 'ipv6_address_scope': None, 'description': '', 'tags': [], 'created_at': '2025-02-14T10:57:31Z', 'updated_at': '2025-02-14T10:57:31Z', 'revision_number': 1} available for tenant
2025-02-14 10:58:04.820 63122 INFO tempest.lib.common.rest_client [req-9d3f0696-a462-410f-bf56-757e5cde9997 req-9d3f0696-a462-410f-bf56-757e5cde9997 ] Request (FloatingIPsAssociationTestJSON:setUpClass): 200 GET http://10.180.1.21/compute/v2.1/servers/95665ebc-a5bc-41aa-aea5-e9ba64c9039f 2.970s
2025-02-14 10:58:04.842 63162 INFO tempest.lib.common.rest_client [req-2604ed6b-5e17-4f13-82d3-efa45168d2a2 req-2604ed6b-5e17-4f13-82d3-efa45168d2a2 ] Request (ServerMetadataNegativeTestJSON:setUpClass): 200 PUT http://10.180.1.21:9696/networking/v2.0/routers/3aab6927-9ca7-4b9c-82ef-29c100266da3/add_router_interface 3.079s
2025-02-14 10:58:04.842 63162 INFO tempest.lib.common.dynamic_creds [-] Created isolated network resources for: credentials: Credentials: {'domain_id': 'default', 'domain_name': 'Default', 'username': 'tempest-ServerMetadataNegativeTestJSON-10147019-project-member', 'project_domain_id': 'default', 'project_domain_name': 'Default', 'project_id': '19d1de1df26a4b9382233678029fcc8f', 'project_name': 'tempest-ServerMetadataNegativeTestJSON-10147019', 'tenant_id': '19d1de1df26a4b9382233678029fcc8f', 'tenant_name': 'tempest-ServerMetadataNegativeTestJSON-10147019', 'user_domain_id': 'default', 'user_domain_name': 'Default', 'user_id': '7adb91fc9a26438cbd3f513feaf334ad', 'system': None}, Network: {'id': '68e66c87-6e87-49ad-8351-a121a7c5b545', 'name': 'tempest-ServerMetadataNegativeTestJSON-701351760-network', 'tenant_id': '19d1de1df26a4b9382233678029fcc8f', 'admin_state_up': True, 'mtu': 8950, 'status': 'ACTIVE', 'subnets': [], 'shared': False, 'project_id': '19d1de1df26a4b9382233678029fcc8f', 'port_security_enabled': True, 'router:external': False, 'provider:network_type': 'vlan', 'provider:physical_network': 'default', 'provider:segmentation_id': 71, 'availability_zone_hints': [], 'availability_zones': [], 'ipv4_address_scope': None, 'ipv6_address_scope': None, 'description': '', 'tags': [], 'created_at': '2025-02-14T10:57:58Z', 'updated_at': '2025-02-14T10:57:58Z', 'revision_number': 1}, Subnet: {'id': '331cc79c-0864-4620-8727-28480dd98267', 'name': 'tempest-ServerMetadataNegativeTestJSON-701351760-subnet', 'tenant_id': '19d1de1df26a4b9382233678029fcc8f', 'network_id': '68e66c87-6e87-49ad-8351-a121a7c5b545', 'ip_version': 4, 'subnetpool_id': None, 'enable_dhcp': True, 'ipv6_ra_mode': None, 'ipv6_address_mode': None, 'gateway_ip': '192.168.128.1', 'cidr': '192.168.128.0/28', 'allocation_pools': [{'start': '192.168.128.2', 'end': '192.168.128.14'}], 'host_routes': [], 'dns_nameservers': [], 'description': '', 'router:external': False, 'service_types': [], 'tags': [], 'created_at': '2025-02-14T10:57:59Z', 'updated_at': '2025-02-14T10:57:59Z', 'revision_number': 0, 'project_id': '19d1de1df26a4b9382233678029fcc8f'}, Router: {'id': '3aab6927-9ca7-4b9c-82ef-29c100266da3', 'name': 'tempest-ServerMetadataNegativeTestJSON-701351760-router', 'tenant_id': '19d1de1df26a4b9382233678029fcc8f', 'admin_state_up': True, 'status': 'ACTIVE', 'external_gateway_info': {'network_id': '33b4a3b2-2e22-4f87-b1f3-9fcab24a7156', 'external_fixed_ips': [{'subnet_id': '9521168b-ca97-4681-b159-d76d7d56307b', 'ip_address': '10.180.180.187'}], 'enable_snat': True}, 'description': '', 'availability_zones': [], 'distributed': False, 'ha': False, 'availability_zone_hints': [], 'routes': [], 'flavor_id': None, 'tags': [], 'created_at': '2025-02-14T10:57:59Z', 'updated_at': '2025-02-14T10:58:00Z', 'revision_number': 2, 'project_id': '19d1de1df26a4b9382233678029fcc8f'}
2025-02-14 10:58:04.878 63138 INFO tempest.lib.common.rest_client [req-96908f38-ffa9-485c-9187-59f82ba0fa45 req-96908f38-ffa9-485c-9187-59f82ba0fa45 ] Request (FloatingIPsTestJSON:test_delete_floating_ip): 404 GET http://10.180.1.21/compute/v2.1/os-floating-ips/d901e91a-3615-44cd-8cc7-cf1bf038b513 2.682s
2025-02-14 10:58:04.893 63182 INFO tempest.lib.common.rest_client [req-3e850668-7414-4d45-8f15-58c7bea05a75 req-3e850668-7414-4d45-8f15-58c7bea05a75 ] Request (FlavorsExtraSpecsTestJSON:test_flavor_set_get_update_show_unset_keys): 200 GET http://10.180.1.21/compute/v2.1/flavors/394970057/os-extra_specs 2.661s
2025-02-14 10:58:04.953 63144 INFO tempest.lib.common.rest_client [req-e31b5c0b-211f-4ea3-84b6-29bd66f8dbc2 req-e31b5c0b-211f-4ea3-84b6-29bd66f8dbc2 ] Request (ServersAdmin275Test:test_rebuild_update_server_275): 202 POST http://10.180.1.21/compute/v2.1/servers 2.791s
2025-02-14 10:58:04.954 63162 INFO tempest.lib.common.rest_client [req-ea4c3527-6d8a-4f94-8227-3cb117152f7e req-ea4c3527-6d8a-4f94-8227-3cb117152f7e ] Request (ServerMetadataNegativeTestJSON:setUpClass): 201 POST http://10.180.1.21/identity/v3/auth/tokens 0.104s
2025-02-14 10:58:04.955 63162 WARNING tempest.lib.common.rest_client [-] Deprecated: "tenant_id" property is deprecated for removal, use "project_id" instead
2025-02-14 10:58:05.001 63162 INFO tempest.lib.common.rest_client [req-97bd98b1-ddfd-4e28-b6d8-86bec29db371 req-97bd98b1-ddfd-4e28-b6d8-86bec29db371 ] Request (ServerMetadataNegativeTestJSON:setUpClass): 201 POST http://10.180.1.21/identity/v3/auth/tokens 0.037s
2025-02-14 10:58:05.002 63162 INFO tempest.lib.common.fixed_network [-] (ServerMetadataNegativeTestJSON:setUpClass) Found network {'id': '68e66c87-6e87-49ad-8351-a121a7c5b545', 'name': 'tempest-ServerMetadataNegativeTestJSON-701351760-network', 'tenant_id': '19d1de1df26a4b9382233678029fcc8f', 'admin_state_up': True, 'mtu': 8950, 'status': 'ACTIVE', 'subnets': [], 'shared': False, 'project_id': '19d1de1df26a4b9382233678029fcc8f', 'port_security_enabled': True, 'router:external': False, 'provider:network_type': 'vlan', 'provider:physical_network': 'default', 'provider:segmentation_id': 71, 'availability_zone_hints': [], 'availability_zones': [], 'ipv4_address_scope': None, 'ipv6_address_scope': None, 'description': '', 'tags': [], 'created_at': '2025-02-14T10:57:58Z', 'updated_at': '2025-02-14T10:57:58Z', 'revision_number': 1} available for tenant
2025-02-14 10:58:05.098 63126 INFO tempest.lib.common.rest_client [req-86ed54db-e244-4bd3-ab8d-a594fe5f1222 req-86ed54db-e244-4bd3-ab8d-a594fe5f1222 ] Request (QuotasAdminNegativeTest:_run_cleanups): 200 PUT http://10.180.1.21/compute/v2.1/os-quota-sets/34659bb6ca4b476389f4e81a16716229 2.152s
2025-02-14 10:58:05.178 63154 INFO tempest.lib.common.rest_client [req-86ae7ede-8103-45c3-8d5c-fcd9ee3a5dda req-86ae7ede-8103-45c3-8d5c-fcd9ee3a5dda ] Request (VolumesAssistedSnapshotsTest:test_volume_assisted_snapshot_create_delete): 201 POST http://10.180.1.21:9696/networking/v2.0/floatingips 1.764s
2025-02-14 10:58:05.232 63158 INFO tempest.lib.common.rest_client [req-d491f6f8-194a-47d4-ad61-3ff09e06ab96 req-d491f6f8-194a-47d4-ad61-3ff09e06ab96 ] Request (TenantUsagesTestJSON:test_get_usage_tenant): 200 GET http://10.180.1.21/compute/v2.1/os-simple-tenant-usage/f08d60385e9b4362ad7ee61b830ce020?start=2025-02-13T10%3A58%3A03.108992&end=2025-02-15T10%3A58%3A03.108992 2.123s
2025-02-14 10:58:05.255 63154 INFO tempest.lib.common.rest_client [req-a8712aff-2f12-4fb6-97ba-380aa82262fb req-a8712aff-2f12-4fb6-97ba-380aa82262fb ] Request (VolumesAssistedSnapshotsTest:test_volume_assisted_snapshot_create_delete): 201 POST http://10.180.1.21/identity/v3/auth/tokens 0.070s
2025-02-14 10:58:05.256 63154 INFO tempest.lib.common.fixed_network [-] (VolumesAssistedSnapshotsTest:test_volume_assisted_snapshot_create_delete) Found network {'id': '81c5290a-eb18-4820-b587-0e9e93614374', 'name': 'tempest-VolumesAssistedSnapshotsTest-1980011242-network', 'tenant_id': '3912f413924b4fb69cb74afd927f1914', 'admin_state_up': True, 'mtu': 8950, 'status': 'ACTIVE', 'subnets': [], 'shared': False, 'project_id': '3912f413924b4fb69cb74afd927f1914', 'port_security_enabled': True, 'router:external': False, 'provider:network_type': 'vlan', 'provider:physical_network': 'default', 'provider:segmentation_id': 655, 'availability_zone_hints': [], 'availability_zones': [], 'ipv4_address_scope': None, 'ipv6_address_scope': None, 'description': '', 'tags': [], 'created_at': '2025-02-14T10:57:34Z', 'updated_at': '2025-02-14T10:57:34Z', 'revision_number': 1} available for tenant
2025-02-14 10:58:05.397 63142 INFO tempest.lib.common.rest_client [req-aa28478b-e34a-4c27-a6e7-76f4ab593df6 req-aa28478b-e34a-4c27-a6e7-76f4ab593df6 ] Request (DeleteServersAdminTestJSON:test_admin_delete_servers_of_others): 200 GET http://10.180.1.21/compute/v2.1/servers/d1597ccf-b086-47c3-b400-b9a175e15052 2.091s
2025-02-14 10:58:05.416 63174 INFO tempest.lib.common.rest_client [req-a994696a-56a0-4e95-9eb6-e3d78cbc261b req-a994696a-56a0-4e95-9eb6-e3d78cbc261b ] Request (KeyPairsV22TestJSON:_run_cleanups): 204 DELETE http://10.180.1.21/compute/v2.1/os-keypairs/tempest-keypair-180821692 2.092s
2025-02-14 10:58:05.421 63134 INFO tempest.lib.common.rest_client [req-be4f95ec-5455-4578-b877-da5302933a49 req-be4f95ec-5455-4578-b877-da5302933a49 ] Request (HypervisorAdminNegativeUnderV252Test:test_show_servers_with_non_admin_user): 403 GET http://10.180.1.21/compute/v2.1/os-hypervisors/1/servers 2.072s
2025-02-14 10:58:05.440 63128 INFO tempest.lib.common.rest_client [req-120fe53a-7733-40a1-8afa-39a8baf016d1 req-120fe53a-7733-40a1-8afa-39a8baf016d1 ] Request (ServicesAdminNegativeV253TestJSON:test_get_service_by_invalid_params): 200 GET http://10.180.1.21/compute/v2.1/os-services?xxx=nova-compute 2.061s
2025-02-14 10:58:05.446 63176 INFO tempest.lib.common.rest_client [req-5b3e8445-74c6-4bbb-b63f-45199b0ad745 req-5b3e8445-74c6-4bbb-b63f-45199b0ad745 ] Request (AggregatesAdminNegativeTestJSON:test_aggregate_create_aggregate_name_length_exceeds_255): 400 POST http://10.180.1.21/compute/v2.1/os-aggregates 2.033s
2025-02-14 10:58:05.464 63173 INFO tempest.lib.common.rest_client [req-d53c42c8-8b43-41f7-9c57-6fa75f6c5ca9 req-d53c42c8-8b43-41f7-9c57-6fa75f6c5ca9 ] Request (FlavorsAdminTestJSON:test_create_flavor_with_uuid_id): 200 POST http://10.180.1.21/compute/v2.1/flavors 2.011s
2025-02-14 10:58:05.558 63152 INFO tempest.lib.common.rest_client [req-a9423120-57c6-4b1b-a82d-768e4f9a5b26 req-a9423120-57c6-4b1b-a82d-768e4f9a5b26 ] Request (DeleteServersTestJSON:test_delete_active_server): 200 GET http://10.180.1.21/compute/v2.1/servers/c79432c6-1a42-439e-896c-5bb42d30066c 1.933s
2025-02-14 10:58:05.566 63152 INFO tempest.common.waiters [-] State transition "BUILD/scheduling" ==> "BUILD/None" after 7 second wait
2025-02-14 10:58:05.593 63132 INFO tempest.lib.common.rest_client [req-28702885-c03a-495b-bbed-5148fd267ada req-28702885-c03a-495b-bbed-5148fd267ada ] Request (ListImageFiltersTestJSON:setUpClass): 200 GET http://10.180.1.21/compute/v2.1/images/9a2f6b7a-29e7-4d14-8f68-31fcdf550e93 1.856s
2025-02-14 10:58:05.637 63140 INFO tempest.lib.common.rest_client [req-549e8ac6-ae44-4f71-89f5-8d3ae1724656 req-549e8ac6-ae44-4f71-89f5-8d3ae1724656 ] Request (FlavorsAccessNegativeTestJSON:_run_cleanups): 202 DELETE http://10.180.1.21/compute/v2.1/flavors/130676413 1.783s
2025-02-14 10:58:05.646 63178 INFO tempest.lib.common.rest_client [req-d5413da2-68de-43c3-9797-6826a69da6ff req-d5413da2-68de-43c3-9797-6826a69da6ff ] Request (ServersTestBootFromVolume:setUpClass): 200 GET http://10.180.1.21/volume/v3/volumes/5927b083-aa53-47f4-85dc-f654142da265 0.050s
2025-02-14 10:58:05.745 63184 INFO tempest.lib.common.rest_client [req-c39af36f-c691-4ba8-9aef-d008a960ddeb req-c39af36f-c691-4ba8-9aef-d008a960ddeb ] Request (HypervisorAdminUnderV252Test:test_get_hypervisor_show_servers): 200 GET http://10.180.1.21/compute/v2.1/os-hypervisors 1.731s
2025-02-14 10:58:06.045 63136 INFO tempest.lib.common.rest_client [req-a04893d2-3542-4d1d-9b87-77cf8c18f5d9 req-a04893d2-3542-4d1d-9b87-77cf8c18f5d9 ] Request (ImagesTestJSON:test_create_image_from_stopped_server): 200 GET http://10.180.1.21/compute/v2.1/servers/9e9c1cf7-bc33-4fdb-9649-09fc8ee64814 1.654s
2025-02-14 10:58:06.139 63180 INFO tempest.lib.common.rest_client [req-325e3c2a-30ac-4f68-a540-44b0f563421c req-325e3c2a-30ac-4f68-a540-44b0f563421c ] Request (QuotasTestJSON:test_compare_tenant_quotas_with_default_quotas): 200 GET http://10.180.1.21/compute/v2.1/os-quota-sets/3a1704cebbf24004ba1da59160e934ad/defaults 1.539s
2025-02-14 10:58:06.141 63130 INFO tempest.lib.common.rest_client [req-45cafa93-46ac-43ca-bdae-e12782179399 req-45cafa93-46ac-43ca-bdae-e12782179399 ] Request (FloatingIPDetailsTestJSON:setUpClass): 200 POST http://10.180.1.21/compute/v2.1/os-floating-ips 3.396s
2025-02-14 10:58:06.215 63165 INFO tempest.lib.common.rest_client [req-01d9d601-7b55-4476-a01a-d3b0c763c168 req-01d9d601-7b55-4476-a01a-d3b0c763c168 ] Request (SecurityGroupsTestJSON:test_list_security_groups_by_server): 200 GET http://10.180.1.21/compute/v2.1/servers/bc436e06-4a52-4fcf-926b-c5e80c77014a 1.605s
2025-02-14 10:58:06.258 63161 INFO tempest.lib.common.rest_client [req-e599ce74-6b91-4e0f-9eb6-bf2c987e0884 req-e599ce74-6b91-4e0f-9eb6-bf2c987e0884 ] Request (ServersTestFqdnHostnames:setUpClass): 200 PUT http://10.180.1.21:9696/networking/v2.0/routers/4b6010c4-a63a-47df-9f21-78b553890eae/add_router_interface 2.851s
2025-02-14 10:58:06.258 63161 INFO tempest.lib.common.dynamic_creds [-] Created isolated network resources for: credentials: Credentials: {'domain_id': 'default', 'domain_name': 'Default', 'username': 'tempest-ServersTestFqdnHostnames-1703623071-project-member', 'project_domain_id': 'default', 'project_domain_name': 'Default', 'project_id': '0e1540181cdd402182463b6ae99ea9db', 'project_name': 'tempest-ServersTestFqdnHostnames-1703623071', 'tenant_id': '0e1540181cdd402182463b6ae99ea9db', 'tenant_name': 'tempest-ServersTestFqdnHostnames-1703623071', 'user_domain_id': 'default', 'user_domain_name': 'Default', 'user_id': '4bd5c12784054beb8b2257293e9eeba8', 'system': None}, Network: {'id': 'b2e9a30e-fbb9-497c-aaa8-6b57a20d2e91', 'name': 'tempest-ServersTestFqdnHostnames-2104991549-network', 'tenant_id': '0e1540181cdd402182463b6ae99ea9db', 'admin_state_up': True, 'mtu': 8950, 'status': 'ACTIVE', 'subnets': [], 'shared': False, 'project_id': '0e1540181cdd402182463b6ae99ea9db', 'port_security_enabled': True, 'router:external': False, 'provider:network_type': 'vlan', 'provider:physical_network': 'default', 'provider:segmentation_id': 509, 'availability_zone_hints': [], 'availability_zones': [], 'ipv4_address_scope': None, 'ipv6_address_scope': None, 'description': '', 'tags': [], 'created_at': '2025-02-14T10:58:01Z', 'updated_at': '2025-02-14T10:58:01Z', 'revision_number': 1}, Subnet: {'id': '727fff85-5355-42eb-8af8-0671affa6a1f', 'name': 'tempest-ServersTestFqdnHostnames-2104991549-subnet', 'tenant_id': '0e1540181cdd402182463b6ae99ea9db', 'network_id': 'b2e9a30e-fbb9-497c-aaa8-6b57a20d2e91', 'ip_version': 4, 'subnetpool_id': None, 'enable_dhcp': True, 'ipv6_ra_mode': None, 'ipv6_address_mode': None, 'gateway_ip': '192.168.128.1', 'cidr': '192.168.128.0/28', 'allocation_pools': [{'start': '192.168.128.2', 'end': '192.168.128.14'}], 'host_routes': [], 'dns_nameservers': [], 'description': '', 'router:external': False, 'service_types': [], 'tags': [], 'created_at': '2025-02-14T10:58:01Z', 'updated_at': '2025-02-14T10:58:01Z', 'revision_number': 0, 'project_id': '0e1540181cdd402182463b6ae99ea9db'}, Router: {'id': '4b6010c4-a63a-47df-9f21-78b553890eae', 'name': 'tempest-ServersTestFqdnHostnames-2104991549-router', 'tenant_id': '0e1540181cdd402182463b6ae99ea9db', 'admin_state_up': True, 'status': 'ACTIVE', 'external_gateway_info': {'network_id': '33b4a3b2-2e22-4f87-b1f3-9fcab24a7156', 'external_fixed_ips': [{'subnet_id': '9521168b-ca97-4681-b159-d76d7d56307b', 'ip_address': '10.180.180.183'}], 'enable_snat': True}, 'description': '', 'availability_zones': [], 'distributed': False, 'ha': False, 'availability_zone_hints': [], 'routes': [], 'flavor_id': None, 'tags': [], 'created_at': '2025-02-14T10:58:01Z', 'updated_at': '2025-02-14T10:58:02Z', 'revision_number': 2, 'project_id': '0e1540181cdd402182463b6ae99ea9db'}
2025-02-14 10:58:06.273 63166 INFO tempest.lib.common.rest_client [req-4b0189c9-cdac-4bac-8176-c5c784e389b4 req-4b0189c9-cdac-4bac-8176-c5c784e389b4 ] Request (ServersTestJSON:setUpClass): 200 GET http://10.180.1.21/compute/v2.1/servers/07765e55-bb9d-48e5-80a3-3ad43ca76c33 1.556s
2025-02-14 10:58:06.287 63124 INFO tempest.lib.common.rest_client [req-e1443d5c-97a6-4056-93ca-441596b39ae6 req-e1443d5c-97a6-4056-93ca-441596b39ae6 ] Request (MigrationsAdminTest:test_list_migrations_in_flavor_resize_situation): 200 GET http://10.180.1.21/compute/v2.1/servers/a50a8b4e-3889-4240-bd9f-8bdb6298f990 1.572s
2025-02-14 10:58:06.351 63168 INFO tempest.lib.common.rest_client [req-6bab1c03-11b7-4834-acf9-62615c947b8c req-6bab1c03-11b7-4834-acf9-62615c947b8c ] Request (AttachInterfacesUnderV243Test:test_add_remove_fixed_ip): 200 GET http://10.180.1.21/compute/v2.1/servers/af48b1f1-23c5-4e57-b977-e19e4edaf9a6 1.476s
2025-02-14 10:58:06.355 63161 INFO tempest.lib.common.rest_client [req-1f90b5f2-81a8-48d6-bf0f-4fdeb51fdc73 req-1f90b5f2-81a8-48d6-bf0f-4fdeb51fdc73 ] Request (ServersTestFqdnHostnames:setUpClass): 201 POST http://10.180.1.21/identity/v3/auth/tokens 0.093s
2025-02-14 10:58:06.385 63138 INFO tempest.lib.common.rest_client [req-807d9086-113c-430c-9c54-dbc3a2ceadd2 req-807d9086-113c-430c-9c54-dbc3a2ceadd2 ] Request (FloatingIPsTestJSON:_run_cleanups): 404 DELETE http://10.180.1.21/compute/v2.1/os-floating-ips/d901e91a-3615-44cd-8cc7-cf1bf038b513 1.506s
2025-02-14 10:58:06.425 63182 INFO tempest.lib.common.rest_client [req-20312dcc-dfcf-44ea-9914-b14c31ee9bf6 req-20312dcc-dfcf-44ea-9914-b14c31ee9bf6 ] Request (FlavorsExtraSpecsTestJSON:test_flavor_set_get_update_show_unset_keys): 200 DELETE http://10.180.1.21/compute/v2.1/flavors/394970057/os-extra_specs/hw:numa_nodes 1.531s
2025-02-14 10:58:06.542 63144 INFO tempest.lib.common.rest_client [req-353fc468-7925-4f58-95e1-cf2464704001 req-353fc468-7925-4f58-95e1-cf2464704001 ] Request (ServersAdmin275Test:test_rebuild_update_server_275): 200 PUT http://10.180.1.21/compute/v2.1/servers/637c1419-b959-4be2-abe7-3842e89c114c 1.587s
2025-02-14 10:58:06.684 63178 INFO tempest.lib.common.rest_client [req-5ffa90bb-4e2f-48fa-b0cb-8b0e0879e3b5 req-5ffa90bb-4e2f-48fa-b0cb-8b0e0879e3b5 ] Request (ServersTestBootFromVolume:setUpClass): 200 GET http://10.180.1.21/volume/v3/volumes/5927b083-aa53-47f4-85dc-f654142da265 0.028s
2025-02-14 10:58:06.707 63146 INFO tempest.lib.common.rest_client [req-9edd6537-992a-4f25-969f-e6bdffcd3f15 req-9edd6537-992a-4f25-969f-e6bdffcd3f15 ] Request (ServersWithSpecificFlavorTestJSON:test_verify_created_server_ephemeral_disk): 202 POST http://10.180.1.21/compute/v2.1/servers 1.893s
2025-02-14 10:58:06.713 63126 INFO tempest.lib.common.rest_client [req-5fdd411e-b4d8-4283-82bd-32672ae3f126 req-5fdd411e-b4d8-4283-82bd-32672ae3f126 ] Request (QuotasAdminNegativeTest:test_update_quota_normal_user): 403 PUT http://10.180.1.21/compute/v2.1/os-quota-sets/34659bb6ca4b476389f4e81a16716229 1.612s
2025-02-14 10:58:06.743 63158 INFO tempest.lib.common.rest_client [req-b1b8e16e-09d6-43ca-8180-26b3462e775a req-b1b8e16e-09d6-43ca-8180-26b3462e775a ] Request (TenantUsagesTestJSON:test_get_usage_tenant_with_non_admin_user): 200 GET http://10.180.1.21/compute/v2.1/os-simple-tenant-usage/f08d60385e9b4362ad7ee61b830ce020?start=2025-02-13T10%3A58%3A03.108992&end=2025-02-15T10%3A58%3A03.108992 1.498s
2025-02-14 10:58:06.912 63126 INFO tempest.lib.common.rest_client [req-5d1cf26a-d27c-492d-b77b-ec2e0007e058 req-5d1cf26a-d27c-492d-b77b-ec2e0007e058 ] Request (QuotasAdminNegativeTest:tearDownClass): 204 DELETE http://10.180.1.21/identity/v3/users/7dcdcfee90ca4fdfba56e64e9ab1f504 0.197s
2025-02-14 10:58:07.016 63126 INFO tempest.lib.common.rest_client [req-ba7b0bf2-c449-4d65-a93c-d5e53bf3dc41 req-ba7b0bf2-c449-4d65-a93c-d5e53bf3dc41 ] Request (QuotasAdminNegativeTest:tearDownClass): 204 DELETE http://10.180.1.21/identity/v3/users/59d914628ab84ba489f8a0a49ef2de9b 0.103s
2025-02-14 10:58:07.016 63126 INFO tempest.lib.common.dynamic_creds [-] Deleting project and security group for project: 34659bb6ca4b476389f4e81a16716229
2025-02-14 10:58:07.089 63162 INFO tempest.lib.common.rest_client [req-f1527690-0ba2-46d4-9f4b-6e4f3b4d2f34 req-f1527690-0ba2-46d4-9f4b-6e4f3b4d2f34 ] Request (ServerMetadataNegativeTestJSON:setUpClass): 202 POST http://10.180.1.21/compute/v2.1/servers 2.086s
2025-02-14 10:58:07.113 63126 INFO tempest.lib.common.rest_client [req-e9009d4c-a360-47a5-84ad-21122fcffed5 req-e9009d4c-a360-47a5-84ad-21122fcffed5 ] Request (QuotasAdminNegativeTest:tearDownClass): 201 POST http://10.180.1.21/identity/v3/auth/tokens 0.096s
2025-02-14 10:58:07.242 63154 INFO tempest.lib.common.rest_client [req-05af70f9-d1d7-46e6-8e8e-dc1ef430ded9 req-05af70f9-d1d7-46e6-8e8e-dc1ef430ded9 ] Request (VolumesAssistedSnapshotsTest:test_volume_assisted_snapshot_create_delete): 202 POST http://10.180.1.21/compute/v2.1/servers 1.985s
2025-02-14 10:58:07.262 63156 INFO tempest.lib.common.rest_client [req-042b5156-0d9f-4def-96ca-c6144f29bed3 req-042b5156-0d9f-4def-96ca-c6144f29bed3 ] Request (FloatingIPsAssociationNegativeTestJSON:setUpClass): 200 GET http://10.180.1.21/compute/v2.1/servers/eabce8cf-293c-4081-8be0-c1fcec80a985 1.874s
2025-02-14 10:58:07.273 63174 INFO tempest.lib.common.rest_client [req-c25eaefd-b13f-4cbb-82ea-5ea98819a959 req-c25eaefd-b13f-4cbb-82ea-5ea98819a959 ] Request (KeyPairsV22TestJSON:test_keypair_create_delete): 201 POST http://10.180.1.21/compute/v2.1/os-keypairs 1.856s
2025-02-14 10:58:07.293 63134 INFO tempest.lib.common.rest_client [req-24c344f4-71cc-48ea-be5a-50a0b1454c78 req-24c344f4-71cc-48ea-be5a-50a0b1454c78 ] Request (HypervisorAdminNegativeUnderV252Test:test_show_servers_with_nonexistent_hypervisor): 404 GET http://10.180.1.21/compute/v2.1/os-hypervisors/9edfeb2d-aad8-42f8-aa62-092e94bbcd9d/servers 1.871s
2025-02-14 10:58:07.296 63128 INFO tempest.lib.common.rest_client [req-6cdc4b15-12f4-452b-9410-3513e2ee40ee req-6cdc4b15-12f4-452b-9410-3513e2ee40ee ] Request (ServicesAdminNegativeV253TestJSON:test_get_service_by_invalid_service_and_valid_host): 200 GET http://10.180.1.21/compute/v2.1/os-services 1.852s
2025-02-14 10:58:07.299 63176 INFO tempest.lib.common.rest_client [req-d258ef7a-b6e6-455b-b035-be0d8403aac4 req-d258ef7a-b6e6-455b-b035-be0d8403aac4 ] Request (AggregatesAdminNegativeTestJSON:test_aggregate_create_aggregate_name_length_less_than_1): 400 POST http://10.180.1.21/compute/v2.1/os-aggregates 1.851s
2025-02-14 10:58:07.331 63173 INFO tempest.lib.common.rest_client [req-74233c0f-0aea-4392-9e7d-4c2b8747d402 req-74233c0f-0aea-4392-9e7d-4c2b8747d402 ] Request (FlavorsAdminTestJSON:_run_cleanups): 202 DELETE http://10.180.1.21/compute/v2.1/flavors/f29aebe4-2e7d-47fd-bd1b-883e7285863a 1.864s
2025-02-14 10:58:07.378 63132 INFO tempest.lib.common.rest_client [req-895c8b8f-f023-4b38-a4d2-304f5652c66b req-895c8b8f-f023-4b38-a4d2-304f5652c66b ] Request (ListImageFiltersTestJSON:setUpClass): 200 GET http://10.180.1.21/compute/v2.1/images/9a2f6b7a-29e7-4d14-8f68-31fcdf550e93 1.781s
2025-02-14 10:58:07.406 63140 INFO tempest.lib.common.rest_client [req-2b9dd244-48bb-4e30-afe0-d88f559f254c req-2b9dd244-48bb-4e30-afe0-d88f559f254c ] Request (FlavorsAccessNegativeTestJSON:_run_cleanups): 200 GET http://10.180.1.21/compute/v2.1/flavors/detail 1.768s
2025-02-14 10:58:07.426 63134 INFO tempest.lib.common.rest_client [req-38f2ea5e-adb1-42ff-82d5-db2e0b17b296 req-38f2ea5e-adb1-42ff-82d5-db2e0b17b296 ] Request (HypervisorAdminNegativeUnderV252Test:tearDownClass): 204 DELETE http://10.180.1.21/identity/v3/users/40a0bd6bd72f4a51ad5b2c9a7ebe4df7 0.131s
2025-02-14 10:58:07.538 63126 INFO tempest.lib.common.rest_client [req-6b59ef98-ae4d-4b5e-a3d4-61decf156f8f req-6b59ef98-ae4d-4b5e-a3d4-61decf156f8f ] Request (QuotasAdminNegativeTest:tearDownClass): 200 GET http://10.180.1.21:9696/networking/v2.0/security-groups?tenant_id=34659bb6ca4b476389f4e81a16716229&name=default 0.424s
2025-02-14 10:58:07.564 63148 INFO tempest.lib.common.rest_client [req-b96f75c6-ceca-4cda-af3d-b746d8daa114 req-b96f75c6-ceca-4cda-af3d-b746d8daa114 ] Request (ServerExternalEventsTest:test_create_server_external_events): 200 GET http://10.180.1.21/compute/v2.1/servers/d2acffc3-ddec-448d-b3c7-666de4aeebfb 2.000s
2025-02-14 10:58:07.565 63134 INFO tempest.lib.common.rest_client [req-e3fa7fb2-be2b-4bbc-af52-da971a13a6ed req-e3fa7fb2-be2b-4bbc-af52-da971a13a6ed ] Request (HypervisorAdminNegativeUnderV252Test:tearDownClass): 204 DELETE http://10.180.1.21/identity/v3/users/f6510a9f36554636aa933b6e29a5bf7b 0.138s
2025-02-14 10:58:07.565 63134 INFO tempest.lib.common.dynamic_creds [-] Deleting project and security group for project: ce4c167d603b4019868768df2cf832ab
2025-02-14 10:58:07.627 63134 INFO tempest.lib.common.rest_client [req-e2a2f0b4-4519-42d4-909a-6b04e2d331f8 req-e2a2f0b4-4519-42d4-909a-6b04e2d331f8 ] Request (HypervisorAdminNegativeUnderV252Test:tearDownClass): 201 POST http://10.180.1.21/identity/v3/auth/tokens 0.062s
2025-02-14 10:58:07.632 63184 INFO tempest.lib.common.rest_client [req-705ee783-e01c-41c5-aaa4-6c38669e8fb4 req-705ee783-e01c-41c5-aaa4-6c38669e8fb4 ] Request (HypervisorAdminUnderV252Test:test_get_hypervisor_show_servers): 200 GET http://10.180.1.21/compute/v2.1/os-hypervisors/domain-c8.fc996f14-c53b-4953-92e3-bdfa48f5cc28/servers 1.885s
2025-02-14 10:58:07.633 63150 INFO tempest.lib.common.rest_client [req-81057f7a-d402-442c-960b-9c64d96c3725 req-81057f7a-d402-442c-960b-9c64d96c3725 ] Request (ServerTagsTestJSON:setUpClass): 200 GET http://10.180.1.21/compute/v2.1/servers/03e4452c-7f43-41ef-84ca-a9be999c500e 1.940s
2025-02-14 10:58:07.646 63150 INFO tempest.common.waiters [-] State transition "BUILD/networking" ==> "BUILD/spawning" after 15 second wait
2025-02-14 10:58:07.744 63178 INFO tempest.lib.common.rest_client [req-44b19e66-318c-40ff-a997-1731f78da2e6 req-44b19e66-318c-40ff-a997-1731f78da2e6 ] Request (ServersTestBootFromVolume:setUpClass): 200 GET http://10.180.1.21/volume/v3/volumes/5927b083-aa53-47f4-85dc-f654142da265 0.050s
2025-02-14 10:58:07.763 63126 INFO tempest.lib.common.rest_client [req-ed20630c-036e-4ca9-ba92-462794e0ed89 req-ed20630c-036e-4ca9-ba92-462794e0ed89 ] Request (QuotasAdminNegativeTest:tearDownClass): 204 DELETE http://10.180.1.21:9696/networking/v2.0/security-groups/caef1766-20df-4661-ba55-fea608325443 0.224s
2025-02-14 10:58:07.782 63122 INFO tempest.lib.common.rest_client [req-f4d94910-4797-45cc-830e-f8ef837988ba req-f4d94910-4797-45cc-830e-f8ef837988ba ] Request (FloatingIPsAssociationTestJSON:setUpClass): 200 GET http://10.180.1.21/compute/v2.1/servers/95665ebc-a5bc-41aa-aea5-e9ba64c9039f 1.949s
2025-02-14 10:58:07.797 63180 INFO tempest.lib.common.rest_client [req-b61d3c35-26c4-4f2f-8278-aaa8b75a7035 req-b61d3c35-26c4-4f2f-8278-aaa8b75a7035 ] Request (QuotasTestJSON:test_compare_tenant_quotas_with_default_quotas): 200 GET http://10.180.1.21/compute/v2.1/os-quota-sets/3a1704cebbf24004ba1da59160e934ad 1.656s
2025-02-14 10:58:07.808 63132 INFO tempest.lib.common.rest_client [req-71dea2e2-5b05-40b4-a67f-0bd0f5ceb04c req-71dea2e2-5b05-40b4-a67f-0bd0f5ceb04c ] Request (ListImageFiltersTestJSON:setUpClass): 201 POST http://10.180.1.21/image/v2/images 0.425s
2025-02-14 10:58:07.850 63126 INFO tempest.lib.common.rest_client [req-ab9c8070-0506-4f93-b52d-3a75791cbaf2 req-ab9c8070-0506-4f93-b52d-3a75791cbaf2 ] Request (QuotasAdminNegativeTest:tearDownClass): 204 DELETE http://10.180.1.21/identity/v3/projects/34659bb6ca4b476389f4e81a16716229 0.087s
2025-02-14 10:58:07.851 63126 INFO tempest.lib.common.dynamic_creds [-] Deleting project and security group for project: 676fce1397e14c22a56dec2d73c3b8cc
2025-02-14 10:58:07.881 63161 INFO tempest.lib.common.rest_client [req-4e2e9ebd-cc71-44fb-b0f8-e3548a724b81 req-4e2e9ebd-cc71-44fb-b0f8-e3548a724b81 ] Request (ServersTestFqdnHostnames:test_create_server_with_fqdn_name): 200 POST http://10.180.1.21/compute/v2.1/os-keypairs 1.522s
2025-02-14 10:58:08.125 63142 INFO tempest.lib.common.rest_client [req-4fb1aa41-cdd9-4943-a3fb-336442dd8e7a req-4fb1aa41-cdd9-4943-a3fb-336442dd8e7a ] Request (DeleteServersAdminTestJSON:test_admin_delete_servers_of_others): 200 GET http://10.180.1.21/compute/v2.1/servers/d1597ccf-b086-47c3-b400-b9a175e15052 1.715s
2025-02-14 10:58:08.125 63134 INFO tempest.lib.common.rest_client [req-54510686-3b17-4f30-b6da-f29bb0605bc5 req-54510686-3b17-4f30-b6da-f29bb0605bc5 ] Request (HypervisorAdminNegativeUnderV252Test:tearDownClass): 200 GET http://10.180.1.21:9696/networking/v2.0/security-groups?tenant_id=ce4c167d603b4019868768df2cf832ab&name=default 0.497s
2025-02-14 10:58:08.133 63142 INFO tempest.common.waiters [-] State transition "ACTIVE/deleting" ==> "DELETED/None" after 3 second wait
2025-02-14 10:58:08.156 63182 INFO tempest.lib.common.rest_client [req-bd015004-8de2-43ae-9970-ac54b7fe1c80 req-bd015004-8de2-43ae-9970-ac54b7fe1c80 ] Request (FlavorsExtraSpecsTestJSON:test_flavor_set_get_update_show_unset_keys): 200 DELETE http://10.180.1.21/compute/v2.1/flavors/394970057/os-extra_specs/hw:cpu_policy 1.730s
2025-02-14 10:58:08.222 63138 INFO tempest.lib.common.rest_client [req-9dd1cf17-97dc-40f2-98d3-f12f9d48cdde req-9dd1cf17-97dc-40f2-98d3-f12f9d48cdde ] Request (FloatingIPsTestJSON:tearDownClass): 200 PUT http://10.180.1.21:9696/networking/v2.0/routers/e8428d71-a2bd-4cd1-ac51-88bed19040ae/remove_router_interface 1.836s
2025-02-14 10:58:08.291 63144 INFO tempest.lib.common.rest_client [req-a7bbf185-4e31-4c4f-baa1-f95f5e7d4368 req-a7bbf185-4e31-4c4f-baa1-f95f5e7d4368 ] Request (ServersAdmin275Test:test_rebuild_update_server_275): 200 GET http://10.180.1.21/compute/v2.1/servers/637c1419-b959-4be2-abe7-3842e89c114c 1.736s
2025-02-14 10:58:08.378 63152 INFO tempest.lib.common.rest_client [req-25cd4191-42e0-4b92-b09e-0f89f1658da6 req-25cd4191-42e0-4b92-b09e-0f89f1658da6 ] Request (DeleteServersTestJSON:test_delete_active_server): 200 GET http://10.180.1.21/compute/v2.1/servers/c79432c6-1a42-439e-896c-5bb42d30066c 1.810s
2025-02-14 10:58:08.386 63126 INFO tempest.lib.common.rest_client [req-f3c962f1-7825-4d2b-a613-fc7eee9a42c9 req-f3c962f1-7825-4d2b-a613-fc7eee9a42c9 ] Request (QuotasAdminNegativeTest:tearDownClass): 200 GET http://10.180.1.21:9696/networking/v2.0/security-groups?tenant_id=676fce1397e14c22a56dec2d73c3b8cc&name=default 0.535s
2025-02-14 10:58:08.403 63161 INFO tempest.lib.common.rest_client [req-6917416c-f7ec-4284-97da-0398c851fd89 req-6917416c-f7ec-4284-97da-0398c851fd89 ] Request (ServersTestFqdnHostnames:test_create_server_with_fqdn_name): 201 POST http://10.180.1.21:9696/networking/v2.0/security-groups 0.519s
2025-02-14 10:58:08.466 63134 INFO tempest.lib.common.rest_client [req-d3adae45-1cc7-45aa-8454-712f7d78f93a req-d3adae45-1cc7-45aa-8454-712f7d78f93a ] Request (HypervisorAdminNegativeUnderV252Test:tearDownClass): 204 DELETE http://10.180.1.21:9696/networking/v2.0/security-groups/c6603920-26e1-4bf9-a383-185c3ffa504b 0.341s
2025-02-14 10:58:08.470 63146 INFO tempest.lib.common.rest_client [req-c53f9a60-885f-4643-81d0-aa8beb16e40e req-c53f9a60-885f-4643-81d0-aa8beb16e40e ] Request (ServersWithSpecificFlavorTestJSON:test_verify_created_server_ephemeral_disk): 200 GET http://10.180.1.21/compute/v2.1/servers/81d36cda-0337-478d-a4de-74a52917bcdc 1.761s
2025-02-14 10:58:08.512 63158 INFO tempest.lib.common.rest_client [req-b4747345-0947-4152-9980-4bd65bb72148 req-b4747345-0947-4152-9980-4bd65bb72148 ] Request (TenantUsagesTestJSON:test_list_usage_all_tenants): 200 GET http://10.180.1.21/compute/v2.1/os-simple-tenant-usage?start=2025-02-13T10%3A58%3A03.108992&end=2025-02-15T10%3A58%3A03.108992&detailed=1 1.763s
2025-02-14 10:58:08.625 63134 INFO tempest.lib.common.rest_client [req-248bdaf6-4a80-4ead-8b65-35a75c3f9172 req-248bdaf6-4a80-4ead-8b65-35a75c3f9172 ] Request (HypervisorAdminNegativeUnderV252Test:tearDownClass): 204 DELETE http://10.180.1.21/identity/v3/projects/ce4c167d603b4019868768df2cf832ab 0.158s
2025-02-14 10:58:08.625 63134 INFO tempest.lib.common.dynamic_creds [-] Deleting project and security group for project: 6164fca20bb340f2991543b60cdcbe7b
2025-02-14 10:58:08.648 63126 INFO tempest.lib.common.rest_client [req-1ac3003a-c0ce-458a-b540-42c37df3d6cd req-1ac3003a-c0ce-458a-b540-42c37df3d6cd ] Request (QuotasAdminNegativeTest:tearDownClass): 204 DELETE http://10.180.1.21:9696/networking/v2.0/security-groups/f9a60760-bf59-4d69-9e31-22562c7a774d 0.261s
2025-02-14 10:58:08.691 63161 INFO tempest.lib.common.rest_client [req-107746e7-45e9-49e0-8b4f-1a2ff0502ca8 req-107746e7-45e9-49e0-8b4f-1a2ff0502ca8 ] Request (ServersTestFqdnHostnames:test_create_server_with_fqdn_name): 201 POST http://10.180.1.21:9696/networking/v2.0/security-group-rules 0.287s
2025-02-14 10:58:08.715 63136 INFO tempest.lib.common.rest_client [req-ff5012ea-f332-40b3-8425-2a114338b573 req-ff5012ea-f332-40b3-8425-2a114338b573 ] Request (ImagesTestJSON:test_create_image_from_stopped_server): 200 GET http://10.180.1.21/compute/v2.1/servers/9e9c1cf7-bc33-4fdb-9649-09fc8ee64814 1.658s
2025-02-14 10:58:08.766 63126 INFO tempest.lib.common.rest_client [req-48d4f4f1-0fa3-4c9d-8fea-10d8604fc7c5 req-48d4f4f1-0fa3-4c9d-8fea-10d8604fc7c5 ] Request (QuotasAdminNegativeTest:tearDownClass): 204 DELETE http://10.180.1.21/identity/v3/projects/676fce1397e14c22a56dec2d73c3b8cc 0.116s
2025-02-14 10:58:08.789 63162 INFO tempest.lib.common.rest_client [req-bfc4aa27-e276-47e8-8c43-180440264019 req-bfc4aa27-e276-47e8-8c43-180440264019 ] Request (ServerMetadataNegativeTestJSON:setUpClass): 200 GET http://10.180.1.21/compute/v2.1/servers/b1518c51-ee9b-4d4b-8328-c0a8f14c9a0b 1.699s
2025-02-14 10:58:08.792 63178 INFO tempest.lib.common.rest_client [req-bafe7f0b-51a9-4234-91a6-1a04a861310c req-bafe7f0b-51a9-4234-91a6-1a04a861310c ] Request (ServersTestBootFromVolume:setUpClass): 200 GET http://10.180.1.21/volume/v3/volumes/5927b083-aa53-47f4-85dc-f654142da265 0.038s
2025-02-14 10:58:08.811 63134 INFO tempest.lib.common.rest_client [req-866a3076-cb9c-4c77-8962-f5597d7035db req-866a3076-cb9c-4c77-8962-f5597d7035db ] Request (HypervisorAdminNegativeUnderV252Test:tearDownClass): 200 GET http://10.180.1.21:9696/networking/v2.0/security-groups?tenant_id=6164fca20bb340f2991543b60cdcbe7b&name=default 0.185s
2025-02-14 10:58:08.856 63161 INFO tempest.lib.common.rest_client [req-98c920a0-abff-45ab-97cf-95e0e504c62b req-98c920a0-abff-45ab-97cf-95e0e504c62b ] Request (ServersTestFqdnHostnames:test_create_server_with_fqdn_name): 201 POST http://10.180.1.21:9696/networking/v2.0/security-group-rules 0.164s
2025-02-14 10:58:08.872 63126 INFO tempest.lib.common.rest_client [req-87430aa3-2609-47d3-85fd-ec0282d47abf req-87430aa3-2609-47d3-85fd-ec0282d47abf ] Request (ImagesDeleteNegativeTestJSON:setUpClass): 201 POST http://10.180.1.21/identity/v3/auth/tokens 0.104s
2025-02-14 10:58:08.903 63126 INFO tempest.lib.common.rest_client [req-948974ba-9b1e-4119-8217-df267b5ed572 req-948974ba-9b1e-4119-8217-df267b5ed572 ] Request (ImagesDeleteNegativeTestJSON:setUpClass): 201 POST http://10.180.1.21/identity/v3/auth/tokens 0.028s
2025-02-14 10:58:08.933 63126 INFO tempest.lib.common.rest_client [req-521bac3f-ad2c-45e0-8a76-70e4a8e5bda6 req-521bac3f-ad2c-45e0-8a76-70e4a8e5bda6 ] Request (ImagesDeleteNegativeTestJSON:setUpClass): 200 GET http://10.180.1.21/identity/v3/domains?name=Default 0.030s
2025-02-14 10:58:08.975 63126 INFO tempest.lib.common.rest_client [req-6886c5f7-7fdb-4e13-9a90-68d38972000f req-6886c5f7-7fdb-4e13-9a90-68d38972000f ] Request (ImagesDeleteNegativeTestJSON:setUpClass): 201 POST http://10.180.1.21/identity/v3/projects 0.041s
2025-02-14 10:58:08.983 63165 INFO tempest.lib.common.rest_client [req-7633c00d-c68c-407d-87bd-0cdb5b600d54 req-7633c00d-c68c-407d-87bd-0cdb5b600d54 ] Request (SecurityGroupsTestJSON:test_list_security_groups_by_server): 200 GET http://10.180.1.21/compute/v2.1/servers/bc436e06-4a52-4fcf-926b-c5e80c77014a 1.758s
2025-02-14 10:58:08.996 63138 INFO tempest.lib.common.rest_client [req-22dbb842-c3e4-457c-9edc-6f0f0b6b05d0 req-22dbb842-c3e4-457c-9edc-6f0f0b6b05d0 ] Request (FloatingIPsTestJSON:tearDownClass): 204 DELETE http://10.180.1.21:9696/networking/v2.0/routers/e8428d71-a2bd-4cd1-ac51-88bed19040ae 0.773s
2025-02-14 10:58:08.998 63165 INFO tempest.common.waiters [-] State transition "BUILD/None" ==> "BUILD/spawning" after 15 second wait
2025-02-14 10:58:09.055 63134 INFO tempest.lib.common.rest_client [req-82fdda32-e252-44c2-b384-29906560b325 req-82fdda32-e252-44c2-b384-29906560b325 ] Request (HypervisorAdminNegativeUnderV252Test:tearDownClass): 204 DELETE http://10.180.1.21:9696/networking/v2.0/security-groups/4881f4f8-2c73-4b1e-9129-45f0492a128f 0.243s
2025-02-14 10:58:09.057 63126 INFO tempest.lib.common.rest_client [req-a4e14a59-9a7a-4211-a8df-37455624ca7f req-a4e14a59-9a7a-4211-a8df-37455624ca7f ] Request (ImagesDeleteNegativeTestJSON:setUpClass): 201 POST http://10.180.1.21/identity/v3/users 0.081s
2025-02-14 10:58:09.059 63154 INFO tempest.lib.common.rest_client [req-f8b84aed-3b55-45f3-8921-b522673222b2 req-f8b84aed-3b55-45f3-8921-b522673222b2 ] Request (VolumesAssistedSnapshotsTest:test_volume_assisted_snapshot_create_delete): 200 GET http://10.180.1.21/compute/v2.1/servers/75386726-036a-4bb8-aab0-ca4e07b6b675 1.815s
2025-02-14 10:58:09.079 63174 INFO tempest.lib.common.rest_client [req-87cabd5d-e6ba-49f4-8b12-371112a4653a req-87cabd5d-e6ba-49f4-8b12-371112a4653a ] Request (KeyPairsV22TestJSON:_run_cleanups): 204 DELETE http://10.180.1.21/compute/v2.1/os-keypairs/tempest-keypair-408500073 1.804s
2025-02-14 10:58:09.123 63134 INFO tempest.lib.common.rest_client [req-a90a8d60-df7e-4a1e-90d0-f7d83815bfb5 req-a90a8d60-df7e-4a1e-90d0-f7d83815bfb5 ] Request (HypervisorAdminNegativeUnderV252Test:tearDownClass): 204 DELETE http://10.180.1.21/identity/v3/projects/6164fca20bb340f2991543b60cdcbe7b 0.068s
2025-02-14 10:58:09.164 63166 INFO tempest.lib.common.rest_client [req-56699dd8-2dc2-4ff4-a9bd-76cc4ee5c74c req-56699dd8-2dc2-4ff4-a9bd-76cc4ee5c74c ] Request (ServersTestJSON:setUpClass): 200 GET http://10.180.1.21/compute/v2.1/servers/07765e55-bb9d-48e5-80a3-3ad43ca76c33 1.882s
2025-02-14 10:58:09.190 63128 INFO tempest.lib.common.rest_client [req-0db0c2b1-fb25-4b90-8be8-f5a736632da0 req-0db0c2b1-fb25-4b90-8be8-f5a736632da0 ] Request (ServicesAdminNegativeV253TestJSON:test_get_service_by_invalid_service_and_valid_host): 200 GET http://10.180.1.21/compute/v2.1/os-services?host=devstack&binary=xxx 1.891s
2025-02-14 10:58:09.199 63176 INFO tempest.lib.common.rest_client [req-16caed16-f560-4b10-b54a-b050941b18dd req-16caed16-f560-4b10-b54a-b050941b18dd ] Request (AggregatesAdminNegativeTestJSON:test_aggregate_create_as_user): 403 POST http://10.180.1.21/compute/v2.1/os-aggregates 1.898s
2025-02-14 10:58:09.200 63134 INFO tempest.lib.common.rest_client [req-95f0de36-1a3a-4fa3-8760-90e54e16b657 req-95f0de36-1a3a-4fa3-8760-90e54e16b657 ] Request (QuotasAdminTestJSON:setUpClass): 201 POST http://10.180.1.21/identity/v3/auth/tokens 0.074s
2025-02-14 10:58:09.215 63126 INFO tempest.lib.common.rest_client [req-0db93132-5703-4761-a332-4dd36dcf8431 req-0db93132-5703-4761-a332-4dd36dcf8431 ] Request (ImagesDeleteNegativeTestJSON:setUpClass): 200 GET http://10.180.1.21/identity/v3/roles 0.158s
2025-02-14 10:58:09.229 63130 INFO tempest.lib.common.rest_client [req-bab89de9-cd94-4d89-bf9e-aad06f35466f req-bab89de9-cd94-4d89-bf9e-aad06f35466f ] Request (FloatingIPDetailsTestJSON:setUpClass): 200 POST http://10.180.1.21/compute/v2.1/os-floating-ips 3.085s
2025-02-14 10:58:09.259 63134 INFO tempest.lib.common.rest_client [req-63ed3299-dba3-4647-ae55-655b0f7fb7f6 req-63ed3299-dba3-4647-ae55-655b0f7fb7f6 ] Request (QuotasAdminTestJSON:setUpClass): 201 POST http://10.180.1.21/identity/v3/auth/tokens 0.055s
2025-02-14 10:58:09.269 63173 INFO tempest.lib.common.rest_client [req-a6f08a1f-ffb1-4437-a595-a145fb78f57b req-a6f08a1f-ffb1-4437-a595-a145fb78f57b ] Request (FlavorsAdminTestJSON:_run_cleanups): 200 GET http://10.180.1.21/compute/v2.1/flavors/detail 1.937s
2025-02-14 10:58:09.281 63138 INFO tempest.lib.common.rest_client [req-92e11ac8-25e1-4537-9b99-35916a04e136 req-92e11ac8-25e1-4537-9b99-35916a04e136 ] Request (FloatingIPsTestJSON:tearDownClass): 204 DELETE http://10.180.1.21:9696/networking/v2.0/subnets/1ea3c0c6-fe43-4e00-ae53-9bdc7cde593b 0.285s
2025-02-14 10:58:09.304 63126 INFO tempest.lib.common.rest_client [req-b0c3d4fb-3323-4bb9-9ddc-ee5782e4b5ec req-b0c3d4fb-3323-4bb9-9ddc-ee5782e4b5ec ] Request (ImagesDeleteNegativeTestJSON:setUpClass): 204 PUT http://10.180.1.21/identity/v3/projects/0239fa4e828c471b91999bb2df724946/users/13b2742b16994fa19a3c9154f2a89e8d/roles/7199f6cf01e94979a61c1c91f83abc20 0.088s
2025-02-14 10:58:09.304 63126 INFO tempest.lib.common.dynamic_creds [-] Dynamic test user 13b2742b16994fa19a3c9154f2a89e8d is created with scope project and roles: ['member']
2025-02-14 10:58:09.304 63126 INFO tempest.lib.common.dynamic_creds [-] Acquired dynamic creds: credentials: Credentials: {'domain_id': 'default', 'domain_name': 'Default', 'username': 'tempest-ImagesDeleteNegativeTestJSON-30429330-project-member', 'project_domain_id': 'default', 'project_domain_name': 'Default', 'project_id': '0239fa4e828c471b91999bb2df724946', 'project_name': 'tempest-ImagesDeleteNegativeTestJSON-30429330', 'tenant_id': '0239fa4e828c471b91999bb2df724946', 'tenant_name': 'tempest-ImagesDeleteNegativeTestJSON-30429330', 'user_domain_id': 'default', 'user_domain_name': 'Default', 'user_id': '13b2742b16994fa19a3c9154f2a89e8d', 'system': None}, Network: None, Subnet: None, Router: None
2025-02-14 10:58:09.305 63126 INFO tempest.lib.common.dynamic_creds [-] Created isolated network resources for: credentials: Credentials: {'domain_id': 'default', 'domain_name': 'Default', 'username': 'tempest-ImagesDeleteNegativeTestJSON-30429330-project-member', 'project_domain_id': 'default', 'project_domain_name': 'Default', 'project_id': '0239fa4e828c471b91999bb2df724946', 'project_name': 'tempest-ImagesDeleteNegativeTestJSON-30429330', 'tenant_id': '0239fa4e828c471b91999bb2df724946', 'tenant_name': 'tempest-ImagesDeleteNegativeTestJSON-30429330', 'user_domain_id': 'default', 'user_domain_name': 'Default', 'user_id': '13b2742b16994fa19a3c9154f2a89e8d', 'system': None}, Network: None, Subnet: None, Router: None
2025-02-14 10:58:09.350 63168 INFO tempest.lib.common.rest_client [req-6fd5375e-d71d-4a15-a209-34d6cceb8c68 req-6fd5375e-d71d-4a15-a209-34d6cceb8c68 ] Request (AttachInterfacesUnderV243Test:test_add_remove_fixed_ip): 200 GET http://10.180.1.21/compute/v2.1/servers/af48b1f1-23c5-4e57-b977-e19e4edaf9a6 1.985s
2025-02-14 10:58:09.374 63124 INFO tempest.lib.common.rest_client [req-e660540b-e238-439b-95f0-fca2a7abfae8 req-e660540b-e238-439b-95f0-fca2a7abfae8 ] Request (MigrationsAdminTest:test_list_migrations_in_flavor_resize_situation): 200 GET http://10.180.1.21/compute/v2.1/servers/a50a8b4e-3889-4240-bd9f-8bdb6298f990 2.072s
2025-02-14 10:58:09.383 63140 INFO tempest.lib.common.rest_client [req-dc78098c-8e13-4a7b-be88-620500f36f6d req-dc78098c-8e13-4a7b-be88-620500f36f6d ] Request (FlavorsAccessNegativeTestJSON:test_flavor_non_admin_remove): 200 POST http://10.180.1.21/compute/v2.1/flavors 1.969s
2025-02-14 10:58:09.385 63124 INFO tempest.common.waiters [-] State transition "BUILD/spawning" ==> "ACTIVE/None" after 27 second wait
2025-02-14 10:58:09.388 63134 INFO tempest.lib.common.rest_client [req-9c46a86f-e04d-44fd-8324-f63c09df566a req-9c46a86f-e04d-44fd-8324-f63c09df566a ] Request (QuotasAdminTestJSON:setUpClass): 200 GET http://10.180.1.21/identity/v3/domains?name=Default 0.129s
2025-02-14 10:58:09.411 63184 INFO tempest.lib.common.rest_client [req-1e761649-b33f-4971-92d8-e219f976ed68 req-1e761649-b33f-4971-92d8-e219f976ed68 ] Request (HypervisorAdminUnderV252Test:test_search_hypervisor): 200 GET http://10.180.1.21/compute/v2.1/os-hypervisors 1.774s
