2025-02-14 11:00:11.139 63176 INFO tempest.lib.common.rest_client [req-e9b93c43-5ce7-49ba-a70d-a5cab2f19ff2 req-e9b93c43-5ce7-49ba-a70d-a5cab2f19ff2 ] Request (ServersAdminNegativeTestJSON:test_migrate_server_invalid_state): 200 GET http://10.180.1.21/compute/v2.1/servers/0fe56218-3b4f-4996-905f-074815168efd 0.111s
2025-02-14 11:00:11.160 63130 INFO tempest.lib.common.rest_client [req-dbc00beb-7610-4890-ac80-1b0d460c23d1 req-dbc00beb-7610-4890-ac80-1b0d460c23d1 ] Request (MultipleCreateTestJSON:_run_cleanups): 404 GET http://10.180.1.21/compute/v2.1/servers/e4f550e8-8b50-4c01-9b6c-7916ed48fa36 0.078s
2025-02-14 11:00:11.162 63168 INFO tempest.lib.common.rest_client [req-73271d78-8558-407b-a7a5-5634b696ca0c req-73271d78-8558-407b-a7a5-5634b696ca0c ] Request (AttachInterfacesUnderV243Test:_run_cleanups): 204 DELETE http://10.180.1.21/compute/v2.1/servers/af48b1f1-23c5-4e57-b977-e19e4edaf9a6 0.175s
2025-02-14 11:00:11.219 63162 INFO tempest.lib.common.rest_client [req-db1c27b0-ad9a-4670-9493-e41b8ac3e99c req-db1c27b0-ad9a-4670-9493-e41b8ac3e99c ] Request (ServerRescueNegativeTestJSON:setUpClass): 200 GET http://10.180.1.21/compute/v2.1/servers/9e201354-6555-4ec7-861c-5169330256d8 0.096s
2025-02-14 11:00:11.224 63165 INFO tempest.lib.common.rest_client [req-b5565e80-f78f-406e-9400-cf7080aa4d75 req-b5565e80-f78f-406e-9400-cf7080aa4d75 ] Request (SecurityGroupsTestJSON:test_server_security_groups): 200 GET http://10.180.1.21/compute/v2.1/servers/c432556e-9980-43ad-ade5-1da925b9ae8f 0.081s
2025-02-14 11:00:11.238 63130 INFO tempest.lib.common.rest_client [req-2929ffe1-cbb3-42e9-bac5-477d70e716c5 req-2929ffe1-cbb3-42e9-bac5-477d70e716c5 ] Request (MultipleCreateTestJSON:_run_cleanups): 404 GET http://10.180.1.21/compute/v2.1/servers/433a19cc-9fad-46a2-8c65-4b27a2df35b8 0.077s
2025-02-14 11:00:11.311 63130 INFO tempest.lib.common.rest_client [req-bd726914-c2fc-44bb-8bb7-46582d19d54d req-bd726914-c2fc-44bb-8bb7-46582d19d54d ] Request (MultipleCreateTestJSON:test_multiple_create_with_reservation_return): 201 POST http://10.180.1.21/identity/v3/auth/tokens 0.069s
2025-02-14 11:00:11.312 63130 INFO tempest.lib.common.fixed_network [-] (MultipleCreateTestJSON:test_multiple_create_with_reservation_return) Found network {'id': '04fa4837-a328-478a-8519-315366ecb87a', 'name': 'tempest-MultipleCreateTestJSON-1470910516-network', 'tenant_id': 'e0a8401fbe0a40709e415ee7a53c363d', 'admin_state_up': True, 'mtu': 8950, 'status': 'ACTIVE', 'subnets': [], 'shared': False, 'project_id': 'e0a8401fbe0a40709e415ee7a53c363d', 'port_security_enabled': True, 'router:external': False, 'provider:network_type': 'vlan', 'provider:physical_network': 'default', 'provider:segmentation_id': 21, 'availability_zone_hints': [], 'availability_zones': [], 'ipv4_address_scope': None, 'ipv6_address_scope': None, 'description': '', 'tags': [], 'created_at': '2025-02-14T10:58:25Z', 'updated_at': '2025-02-14T10:58:25Z', 'revision_number': 1} available for tenant
2025-02-14 11:00:11.326 63134 INFO tempest.lib.common.rest_client [req-232fb73a-cfc8-4c57-8339-d20dbfb2f2a7 req-232fb73a-cfc8-4c57-8339-d20dbfb2f2a7 ] Request (ServerDiagnosticsNegativeTest:tearDownClass): 200 GET http://10.180.1.21/compute/v2.1/servers/023d78c8-6fc0-43ca-9b39-2da69063a440 0.086s
2025-02-14 11:00:11.418 63168 INFO tempest.lib.common.rest_client [req-4146146b-bebd-4740-b617-3e6c0cd8edd0 req-4146146b-bebd-4740-b617-3e6c0cd8edd0 ] Request (AttachInterfacesUnderV243Test:_run_cleanups): 200 GET http://10.180.1.21/compute/v2.1/servers/af48b1f1-23c5-4e57-b977-e19e4edaf9a6 0.256s
2025-02-14 11:00:11.453 63154 INFO tempest.lib.common.rest_client [req-86cc76cb-ecf6-4659-9fd3-06b5c3e0aa9f req-86cc76cb-ecf6-4659-9fd3-06b5c3e0aa9f ] Request (VolumesAssistedSnapshotsTest:_run_cleanups): 200 GET http://10.180.1.21/volume/v3/volumes/2f95d9c0-81a6-4e5c-8bca-0b9038e5e8e3 0.033s
2025-02-14 11:00:11.550 63158 INFO tempest.lib.common.rest_client [req-381e1aa1-5fa8-4ddf-89bf-62f92d68bbd3 req-381e1aa1-5fa8-4ddf-89bf-62f92d68bbd3 ] Request (ListServerFiltersTestJSON:setUpClass): 200 GET http://10.180.1.21/compute/v2.1/servers/abde4f42-d174-4de2-8679-1ae864414309 0.175s
2025-02-14 11:00:11.558 63158 INFO tempest.common.waiters [-] State transition "BUILD/spawning" ==> "ACTIVE/None" after 82 second wait
2025-02-14 11:00:11.599 63136 INFO tempest.lib.common.rest_client [req-c55928ba-f300-436f-b490-3c4ea35a3628 req-c55928ba-f300-436f-b490-3c4ea35a3628 ] Request (ImagesTestJSON:test_create_image_from_suspended_server): 200 GET http://10.180.1.21/compute/v2.1/images/293bd7a5-9122-4f57-a6e3-061e0bc70a9d 0.197s
2025-02-14 11:00:11.671 63144 INFO tempest.lib.common.rest_client [req-6ae61fb7-bb12-41bc-a3eb-9edf9f000b75 req-6ae61fb7-bb12-41bc-a3eb-9edf9f000b75 ] Request (ServerAddressesNegativeTestJSON:setUpClass): 200 GET http://10.180.1.21/compute/v2.1/servers/5b5ed669-e85a-4b19-917d-04b5e6b02241 0.189s
2025-02-14 11:00:11.784 63158 INFO tempest.lib.common.rest_client [req-4d7845a1-ceb5-4de5-85dc-27bf2e5d02ca req-4d7845a1-ceb5-4de5-85dc-27bf2e5d02ca ] Request (ListServerFiltersTestJSON:setUpClass): 200 GET http://10.180.1.21/compute/v2.1/servers/6659bfa5-3c32-42fa-9c62-967bc5e0e69a 0.225s
2025-02-14 11:00:11.792 63130 INFO tempest.lib.common.rest_client [req-d34b97ec-8763-4680-a482-37e3af9f1ff8 req-d34b97ec-8763-4680-a482-37e3af9f1ff8 ] Request (MultipleCreateTestJSON:test_multiple_create_with_reservation_return): 202 POST http://10.180.1.21/compute/v2.1/servers 0.479s
2025-02-14 11:00:11.949 63132 INFO tempest.lib.common.rest_client [req-69269db7-f792-4e6f-897a-7de878684dac req-69269db7-f792-4e6f-897a-7de878684dac ] Request (ListImageFiltersTestJSON:tearDownClass): 200 GET http://10.180.1.21/compute/v2.1/servers/3c08855a-5a42-4495-b8b7-670504c282d0 0.308s
2025-02-14 11:00:11.983 63152 INFO tempest.lib.common.rest_client [req-8904e723-2cf7-49fd-87f0-69dd645bc9f6 req-8904e723-2cf7-49fd-87f0-69dd645bc9f6 ] Request (DeleteServersTestJSON:test_delete_server_while_in_attached_volume): 200 GET http://10.180.1.21/compute/v2.1/servers/ec0dc616-2abf-4550-bd19-1e7c48bcfb87 0.368s
2025-02-14 11:00:11.999 63146 INFO tempest.lib.common.rest_client [req-db2f6082-ad33-4c82-8171-363e3702e4a2 req-db2f6082-ad33-4c82-8171-363e3702e4a2 ] Request (ServersWithSpecificFlavorTestJSON:test_verify_created_server_ephemeral_disk): 200 GET http://10.180.1.21/compute/v2.1/servers/160beb99-bc79-4a6b-a566-c0e1f276f32e 0.299s
2025-02-14 11:00:12.051 63122 INFO tempest.lib.common.rest_client [req-6efaf677-1cc4-42d5-a4be-5a673f3f0a6d req-6efaf677-1cc4-42d5-a4be-5a673f3f0a6d ] Request (FloatingIPsAssociationTestJSON:tearDownClass): 200 GET http://10.180.1.21/compute/v2.1/servers/95665ebc-a5bc-41aa-aea5-e9ba64c9039f 0.345s
2025-02-14 11:00:12.063 63166 INFO tempest.lib.common.rest_client [req-e7c593d8-35d6-4b20-b0ab-5a2fa8aca9dd req-e7c593d8-35d6-4b20-b0ab-5a2fa8aca9dd ] Request (ServersTestJSON:tearDownClass): 200 GET http://10.180.1.21/compute/v2.1/servers/07765e55-bb9d-48e5-80a3-3ad43ca76c33 0.283s
2025-02-14 11:00:12.099 63130 INFO tempest.lib.common.rest_client [req-270f0db6-3c6d-478b-a3df-994dd0811f17 req-270f0db6-3c6d-478b-a3df-994dd0811f17 ] Request (MultipleCreateTestJSON:test_multiple_create_with_reservation_return): 200 GET http://10.180.1.21/compute/v2.1/servers 0.306s
2025-02-14 11:00:12.231 63148 INFO tempest.lib.common.rest_client [req-9ffbff4c-2e10-482a-890e-f7eb1bc14b53 req-9ffbff4c-2e10-482a-890e-f7eb1bc14b53 ] Request (ServersTestManualDisk:setUpClass): 200 GET http://10.180.1.21/compute/v2.1/servers/cd12a654-7aef-4537-8a7d-e55f56575932 0.299s
2025-02-14 11:00:12.233 63158 INFO tempest.lib.common.rest_client [req-fa8d0cb5-c4ed-4f11-933e-6b7d5394f2cb req-fa8d0cb5-c4ed-4f11-933e-6b7d5394f2cb ] Request (ListServerFiltersTestJSON:setUpClass): 200 GET http://10.180.1.21/compute/v2.1/servers/738d10e1-35f6-4ad4-a417-c81facf3c898 0.441s
2025-02-14 11:00:12.296 63138 INFO tempest.lib.common.rest_client [req-fa38b13f-cbfa-459b-aabd-1b4cc7dd2575 req-fa38b13f-cbfa-459b-aabd-1b4cc7dd2575 ] Request (AttachVolumeTestJSON:test_attach_detach_volume): 200 GET http://10.180.1.21/compute/v2.1/servers/ea552a2a-9e19-4259-a723-1533d03852c0 0.310s
2025-02-14 11:00:12.353 63170 INFO tempest.lib.common.rest_client [req-86ce198f-0e78-4701-ae22-731fed31e02e req-86ce198f-0e78-4701-ae22-731fed31e02e ] Request (ServerActionsTestOtherA:setUpClass): 200 GET http://10.180.1.21/compute/v2.1/servers/2d5d528e-97d5-4989-8352-7c8d36e52331 0.313s
2025-02-14 11:00:12.365 63178 INFO tempest.lib.common.rest_client [req-b4eb4058-dffe-4e78-93ec-5844ad40c0eb req-b4eb4058-dffe-4e78-93ec-5844ad40c0eb ] Request (ServersTestBootFromVolume:tearDownClass): 200 GET http://10.180.1.21/compute/v2.1/servers/f18cc418-3ecf-4e94-a23c-6e7c7c56c0d0 0.398s
2025-02-14 11:00:12.405 63142 INFO tempest.lib.common.rest_client [req-1b86eb7c-29bc-437f-a82e-c1e3c5b00131 req-1b86eb7c-29bc-437f-a82e-c1e3c5b00131 ] Request (ImagesOneServerTestJSON:setUpClass): 200 GET http://10.180.1.21/compute/v2.1/servers/84451e1e-631f-4513-9ba3-b85f502c51e7 0.359s
2025-02-14 11:00:12.423 63124 INFO tempest.lib.common.rest_client [req-10733be4-3356-4936-b99f-1359ee10e2e3 req-10733be4-3356-4936-b99f-1359ee10e2e3 ] Request (MigrationsAdminTest:test_resize_server_revert_deleted_flavor): 200 GET http://10.180.1.21/compute/v2.1/servers/edad3cc5-325b-42ca-b6df-d85f46e0cefe 0.323s
2025-02-14 11:00:12.472 63156 INFO tempest.lib.common.rest_client [req-f4d43866-8c9d-461b-b611-bd3988ce7854 req-f4d43866-8c9d-461b-b611-bd3988ce7854 ] Request (ImagesOneServerNegativeTestJSON:setUpClass): 200 GET http://10.180.1.21/compute/v2.1/servers/74de7b85-13d0-4785-aa3c-204678d5d821 0.375s
2025-02-14 11:00:12.474 63130 INFO tempest.lib.common.rest_client [req-cc5d5386-2953-47c2-a873-eca5d9029a54 req-cc5d5386-2953-47c2-a873-eca5d9029a54 ] Request (MultipleCreateTestJSON:test_multiple_create_with_reservation_return): 200 GET http://10.180.1.21/compute/v2.1/servers/9b7c19ba-0f26-42d7-bbee-8454e112c504 0.372s
2025-02-14 11:00:12.482 63154 INFO tempest.lib.common.rest_client [req-d977889b-6dba-4a1b-b8fd-0ff7094bc5e9 req-d977889b-6dba-4a1b-b8fd-0ff7094bc5e9 ] Request (VolumesAssistedSnapshotsTest:_run_cleanups): 404 GET http://10.180.1.21/volume/v3/volumes/2f95d9c0-81a6-4e5c-8bca-0b9038e5e8e3 0.020s
2025-02-14 11:00:12.534 63176 INFO tempest.lib.common.rest_client [req-69661279-8a69-4d88-9483-bbd677bc3d95 req-69661279-8a69-4d88-9483-bbd677bc3d95 ] Request (ServersAdminNegativeTestJSON:test_migrate_server_invalid_state): 200 GET http://10.180.1.21/compute/v2.1/servers/0fe56218-3b4f-4996-905f-074815168efd 0.387s
2025-02-14 11:00:12.541 63176 INFO tempest.common.waiters [-] State transition "BUILD/scheduling" ==> "BUILD/None" after 24 second wait
2025-02-14 11:00:12.542 63162 INFO tempest.lib.common.rest_client [req-d3a84a48-99f1-4b89-95ce-31c9c0a41cd0 req-d3a84a48-99f1-4b89-95ce-31c9c0a41cd0 ] Request (ServerRescueNegativeTestJSON:setUpClass): 200 GET http://10.180.1.21/compute/v2.1/servers/9e201354-6555-4ec7-861c-5169330256d8 0.315s
2025-02-14 11:00:12.599 63165 INFO tempest.lib.common.rest_client [req-e2c864fe-cabe-4a50-af2d-0cb3295e131e req-e2c864fe-cabe-4a50-af2d-0cb3295e131e ] Request (SecurityGroupsTestJSON:test_server_security_groups): 200 GET http://10.180.1.21/compute/v2.1/servers/c432556e-9980-43ad-ade5-1da925b9ae8f 0.363s
2025-02-14 11:00:12.659 63134 INFO tempest.lib.common.rest_client [req-2469dbfc-7e0e-403c-b6b2-d8633a65134f req-2469dbfc-7e0e-403c-b6b2-d8633a65134f ] Request (ServerDiagnosticsNegativeTest:tearDownClass): 200 GET http://10.180.1.21/compute/v2.1/servers/023d78c8-6fc0-43ca-9b39-2da69063a440 0.323s
2025-02-14 11:00:12.789 63158 INFO tempest.lib.common.rest_client [req-220eb120-afad-4c3d-89b0-c266c17e6c44 req-220eb120-afad-4c3d-89b0-c266c17e6c44 ] Request (ListServerFiltersTestJSON:test_list_servers_detailed_filter_by_flavor): 200 GET http://10.180.1.21/compute/v2.1/servers/detail?flavor=84 0.545s
2025-02-14 11:00:12.801 63168 INFO tempest.lib.common.rest_client [req-fcd7fc59-1dbe-4ca1-b7b3-1c6bda3aba8b req-fcd7fc59-1dbe-4ca1-b7b3-1c6bda3aba8b ] Request (AttachInterfacesUnderV243Test:_run_cleanups): 200 GET http://10.180.1.21/compute/v2.1/servers/af48b1f1-23c5-4e57-b977-e19e4edaf9a6 0.374s
2025-02-14 11:00:12.848 63136 INFO tempest.lib.common.rest_client [req-95aa5e2d-becd-4cca-98f8-d205b5929ca2 req-95aa5e2d-becd-4cca-98f8-d205b5929ca2 ] Request (ImagesTestJSON:test_create_image_from_suspended_server): 200 GET http://10.180.1.21/compute/v2.1/images/293bd7a5-9122-4f57-a6e3-061e0bc70a9d 0.241s
2025-02-14 11:00:12.887 63154 INFO tempest.lib.common.rest_client [req-eb126b40-cfa1-4711-8f9c-7c597c5c023e req-eb126b40-cfa1-4711-8f9c-7c597c5c023e ] Request (VolumesAssistedSnapshotsTest:tearDownClass): 204 DELETE http://10.180.1.21/compute/v2.1/servers/75386726-036a-4bb8-aab0-ca4e07b6b675 0.396s
2025-02-14 11:00:12.916 63144 INFO tempest.lib.common.rest_client [req-5eaf39f1-fe96-4878-8790-94716c01cad6 req-5eaf39f1-fe96-4878-8790-94716c01cad6 ] Request (ServerAddressesNegativeTestJSON:setUpClass): 200 GET http://10.180.1.21/compute/v2.1/servers/5b5ed669-e85a-4b19-917d-04b5e6b02241 0.235s
2025-02-14 11:00:12.962 63136 INFO tempest.lib.common.rest_client [req-33e5b1f1-e23d-4d0f-8ae9-7912a92b1e41 req-33e5b1f1-e23d-4d0f-8ae9-7912a92b1e41 ] Request (ImagesTestJSON:test_create_image_from_suspended_server): 200 GET http://10.180.1.21/compute/v2.1/images/293bd7a5-9122-4f57-a6e3-061e0bc70a9d 0.109s
2025-02-14 11:00:12.989 63136 INFO tempest.lib.common.rest_client [req-d95adb85-e672-43b7-8187-bc7b688ec783 req-d95adb85-e672-43b7-8187-bc7b688ec783 ] Request (ImagesTestJSON:test_create_image_from_suspended_server): 200 GET http://10.180.1.21/image/v2/images/293bd7a5-9122-4f57-a6e3-061e0bc70a9d/tasks 0.023s
2025-02-14 11:00:13.160 63154 INFO tempest.lib.common.rest_client [req-18784e5f-d6f0-4b86-bd11-f3123c2bc737 req-18784e5f-d6f0-4b86-bd11-f3123c2bc737 ] Request (VolumesAssistedSnapshotsTest:tearDownClass): 200 GET http://10.180.1.21/compute/v2.1/servers/75386726-036a-4bb8-aab0-ca4e07b6b675 0.273s
2025-02-14 11:00:13.248 63132 INFO tempest.lib.common.rest_client [req-9159d231-60d5-42f8-b24d-0862a734acae req-9159d231-60d5-42f8-b24d-0862a734acae ] Request (ListImageFiltersTestJSON:tearDownClass): 200 GET http://10.180.1.21/compute/v2.1/servers/3c08855a-5a42-4495-b8b7-670504c282d0 0.289s
2025-02-14 11:00:13.329 63158 INFO tempest.lib.common.rest_client [req-c642a19f-8af6-4f54-82b2-a86e21b9c4b8 req-c642a19f-8af6-4f54-82b2-a86e21b9c4b8 ] Request (ListServerFiltersTestJSON:test_list_servers_detailed_filter_by_server_name): 200 GET http://10.180.1.21/compute/v2.1/servers/detail?name=tempest-ListServerFiltersTestJSON-instance-871287608 0.528s
2025-02-14 11:00:13.376 63136 INFO tempest.lib.common.rest_client [req-af5bac43-6259-42a5-92ef-25a4385d85b9 req-af5bac43-6259-42a5-92ef-25a4385d85b9 ] Request (ImagesTestJSON:_run_cleanups): 204 DELETE http://10.180.1.21/compute/v2.1/images/293bd7a5-9122-4f57-a6e3-061e0bc70a9d 0.387s
2025-02-14 11:00:13.443 63146 INFO tempest.lib.common.rest_client [req-2ea2eb8e-e311-4665-aea7-6ceb9768372e req-2ea2eb8e-e311-4665-aea7-6ceb9768372e ] Request (ServersWithSpecificFlavorTestJSON:test_verify_created_server_ephemeral_disk): 200 GET http://10.180.1.21/compute/v2.1/servers/160beb99-bc79-4a6b-a566-c0e1f276f32e 0.435s
2025-02-14 11:00:13.466 63122 INFO tempest.lib.common.rest_client [req-273585f1-873a-4f53-8f1e-ae19c6869f8a req-273585f1-873a-4f53-8f1e-ae19c6869f8a ] Request (FloatingIPsAssociationTestJSON:tearDownClass): 404 GET http://10.180.1.21/compute/v2.1/servers/95665ebc-a5bc-41aa-aea5-e9ba64c9039f 0.407s
2025-02-14 11:00:13.497 63152 INFO tempest.lib.common.rest_client [req-050f6c31-620c-4783-bf2f-19250f1a4dfb req-050f6c31-620c-4783-bf2f-19250f1a4dfb ] Request (DeleteServersTestJSON:test_delete_server_while_in_attached_volume): 200 GET http://10.180.1.21/compute/v2.1/servers/ec0dc616-2abf-4550-bd19-1e7c48bcfb87 0.503s
2025-02-14 11:00:13.560 63166 INFO tempest.lib.common.rest_client [req-b4fa5e53-516a-44cb-b47a-c23c36f71bff req-b4fa5e53-516a-44cb-b47a-c23c36f71bff ] Request (ServersTestJSON:tearDownClass): 200 GET http://10.180.1.21/compute/v2.1/servers/07765e55-bb9d-48e5-80a3-3ad43ca76c33 0.486s
2025-02-14 11:00:13.618 63138 INFO tempest.lib.common.rest_client [req-8e6a00b7-9752-4915-acf2-cec4f5297110 req-8e6a00b7-9752-4915-acf2-cec4f5297110 ] Request (AttachVolumeTestJSON:test_attach_detach_volume): 200 GET http://10.180.1.21/compute/v2.1/servers/ea552a2a-9e19-4259-a723-1533d03852c0 0.313s
2025-02-14 11:00:13.647 63148 INFO tempest.lib.common.rest_client [req-e85800c8-94b6-4ffa-b92a-d02087ebc25e req-e85800c8-94b6-4ffa-b92a-d02087ebc25e ] Request (ServersTestManualDisk:setUpClass): 200 GET http://10.180.1.21/compute/v2.1/servers/cd12a654-7aef-4537-8a7d-e55f56575932 0.405s
2025-02-14 11:00:13.709 63170 INFO tempest.lib.common.rest_client [req-9d586fc7-bb6e-418b-bd66-caaa5eca73fe req-9d586fc7-bb6e-418b-bd66-caaa5eca73fe ] Request (ServerActionsTestOtherA:setUpClass): 200 GET http://10.180.1.21/compute/v2.1/servers/2d5d528e-97d5-4989-8352-7c8d36e52331 0.348s
2025-02-14 11:00:13.871 63158 INFO tempest.lib.common.rest_client [req-293e9e4b-167e-4cad-a81a-43933b6c590f req-293e9e4b-167e-4cad-a81a-43933b6c590f ] Request (ListServerFiltersTestJSON:test_list_servers_detailed_filter_by_server_status): 200 GET http://10.180.1.21/compute/v2.1/servers/detail?status=active 0.525s
2025-02-14 11:00:13.891 63178 INFO tempest.lib.common.rest_client [req-b0e7d143-150b-4a69-bea6-e2294be03716 req-b0e7d143-150b-4a69-bea6-e2294be03716 ] Request (ServersTestBootFromVolume:tearDownClass): 200 GET http://10.180.1.21/compute/v2.1/servers/f18cc418-3ecf-4e94-a23c-6e7c7c56c0d0 0.516s
2025-02-14 11:00:13.956 63142 INFO tempest.lib.common.rest_client [req-7c4b4962-9b2a-40ba-b707-527cc1943962 req-7c4b4962-9b2a-40ba-b707-527cc1943962 ] Request (ImagesOneServerTestJSON:setUpClass): 200 GET http://10.180.1.21/compute/v2.1/servers/84451e1e-631f-4513-9ba3-b85f502c51e7 0.543s
2025-02-14 11:00:13.979 63136 INFO tempest.lib.common.rest_client [req-c7ff78fb-9ca8-4939-957d-fac323cd9130 req-c7ff78fb-9ca8-4939-957d-fac323cd9130 ] Request (ImagesTestJSON:_run_cleanups): 204 DELETE http://10.180.1.21/compute/v2.1/servers/8ec19d32-fde4-4639-b117-ac9d6831453f 0.602s
2025-02-14 11:00:14.025 63124 INFO tempest.lib.common.rest_client [req-e9a829f2-601d-4d9b-a011-6de8da27743d req-e9a829f2-601d-4d9b-a011-6de8da27743d ] Request (MigrationsAdminTest:test_resize_server_revert_deleted_flavor): 200 GET http://10.180.1.21/compute/v2.1/servers/edad3cc5-325b-42ca-b6df-d85f46e0cefe 0.591s
2025-02-14 11:00:14.045 63156 INFO tempest.lib.common.rest_client [req-f19c1234-41d8-4331-8856-320d700ba350 req-f19c1234-41d8-4331-8856-320d700ba350 ] Request (ImagesOneServerNegativeTestJSON:setUpClass): 200 GET http://10.180.1.21/compute/v2.1/servers/74de7b85-13d0-4785-aa3c-204678d5d821 0.562s
2025-02-14 11:00:14.073 63136 INFO tempest.lib.common.rest_client [req-783973dc-22cf-44c0-8ad0-2d9690921db4 req-783973dc-22cf-44c0-8ad0-2d9690921db4 ] Request (ImagesTestJSON:test_create_server_from_snapshot): 201 POST http://10.180.1.21/identity/v3/auth/tokens 0.088s
2025-02-14 11:00:14.074 63136 INFO tempest.lib.common.fixed_network [-] (ImagesTestJSON:test_create_server_from_snapshot) Found network {'id': '8258d5ac-a2b4-4afb-99b6-dc81478370dd', 'name': 'tempest-ImagesTestJSON-233263741-network', 'tenant_id': '7d681fe2b18641eaa55a00c5c85f8783', 'admin_state_up': True, 'mtu': 8950, 'status': 'ACTIVE', 'subnets': [], 'shared': False, 'project_id': '7d681fe2b18641eaa55a00c5c85f8783', 'port_security_enabled': True, 'router:external': False, 'provider:network_type': 'vlan', 'provider:physical_network': 'default', 'provider:segmentation_id': 366, 'availability_zone_hints': [], 'availability_zones': [], 'ipv4_address_scope': None, 'ipv6_address_scope': None, 'description': '', 'tags': [], 'created_at': '2025-02-14T10:57:34Z', 'updated_at': '2025-02-14T10:57:34Z', 'revision_number': 1} available for tenant
2025-02-14 11:00:14.098 63130 INFO tempest.lib.common.rest_client [req-e881a275-5089-4ebd-a08e-9f22b8635562 req-e881a275-5089-4ebd-a08e-9f22b8635562 ] Request (MultipleCreateTestJSON:test_multiple_create_with_reservation_return): 200 GET http://10.180.1.21/compute/v2.1/servers/9b7c19ba-0f26-42d7-bbee-8454e112c504 0.614s
2025-02-14 11:00:14.359 63176 INFO tempest.lib.common.rest_client [req-74320f3c-b7f6-4309-834d-def883059d66 req-74320f3c-b7f6-4309-834d-def883059d66 ] Request (ServersAdminNegativeTestJSON:test_migrate_server_invalid_state): 200 GET http://10.180.1.21/compute/v2.1/servers/0fe56218-3b4f-4996-905f-074815168efd 0.816s
2025-02-14 11:00:14.377 63162 INFO tempest.lib.common.rest_client [req-cb2a24ac-5764-4fb9-b190-5854374c0de4 req-cb2a24ac-5764-4fb9-b190-5854374c0de4 ] Request (ServerRescueNegativeTestJSON:setUpClass): 200 GET http://10.180.1.21/compute/v2.1/servers/9e201354-6555-4ec7-861c-5169330256d8 0.825s
2025-02-14 11:00:14.390 63122 INFO tempest.lib.common.rest_client [req-87aa366c-40f4-4c3c-839b-a3763d117bbf req-87aa366c-40f4-4c3c-839b-a3763d117bbf ] Request (FloatingIPsAssociationTestJSON:tearDownClass): 200 PUT http://10.180.1.21:9696/networking/v2.0/routers/e99c5c64-66d8-4886-9b05-8e9769df5f1c/remove_router_interface 0.923s
2025-02-14 11:00:14.433 63165 INFO tempest.lib.common.rest_client [req-32d2c48a-f255-47f9-ba59-dc4c09dbf7b6 req-32d2c48a-f255-47f9-ba59-dc4c09dbf7b6 ] Request (SecurityGroupsTestJSON:test_server_security_groups): 200 GET http://10.180.1.21/compute/v2.1/servers/c432556e-9980-43ad-ade5-1da925b9ae8f 0.826s
2025-02-14 11:00:14.447 63161 WARNING tempest.lib.common.ssh [-] Failed to establish authenticated ssh connection to cirros@10.180.180.207 ([Errno None] Unable to connect to port 22 on 10.180.180.207). Number attempts: 10. Retry after 11 seconds.: paramiko.ssh_exception.NoValidConnectionsError: [Errno None] Unable to connect to port 22 on 10.180.180.207
2025-02-14 11:00:14.454 63134 INFO tempest.lib.common.rest_client [req-65afd2e6-9841-49ea-b853-84dc85ea0ac4 req-65afd2e6-9841-49ea-b853-84dc85ea0ac4 ] Request (ServerDiagnosticsNegativeTest:tearDownClass): 200 GET http://10.180.1.21/compute/v2.1/servers/023d78c8-6fc0-43ca-9b39-2da69063a440 0.783s
2025-02-14 11:00:14.515 63168 INFO tempest.lib.common.rest_client [req-3bc7fcad-926f-4bfd-839e-05bb724fd6d4 req-3bc7fcad-926f-4bfd-839e-05bb724fd6d4 ] Request (AttachInterfacesUnderV243Test:_run_cleanups): 200 GET http://10.180.1.21/compute/v2.1/servers/af48b1f1-23c5-4e57-b977-e19e4edaf9a6 0.705s
2025-02-14 11:00:14.599 63144 INFO tempest.lib.common.rest_client [req-c8fa9e5b-e15c-4a2f-86db-6a58de4b6c02 req-c8fa9e5b-e15c-4a2f-86db-6a58de4b6c02 ] Request (ServerAddressesNegativeTestJSON:setUpClass): 200 GET http://10.180.1.21/compute/v2.1/servers/5b5ed669-e85a-4b19-917d-04b5e6b02241 0.660s
2025-02-14 11:00:14.647 63158 INFO tempest.lib.common.rest_client [req-7a6fdaf6-93e3-4f7d-bb28-bed016ff759f req-7a6fdaf6-93e3-4f7d-bb28-bed016ff759f ] Request (ListServerFiltersTestJSON:test_list_servers_detailed_limit_results): 200 GET http://10.180.1.21/compute/v2.1/servers/detail?limit=1 0.756s
2025-02-14 11:00:14.781 63154 INFO tempest.lib.common.rest_client [req-5492b403-4c06-41c1-89e7-e01adf286eb5 req-5492b403-4c06-41c1-89e7-e01adf286eb5 ] Request (VolumesAssistedSnapshotsTest:tearDownClass): 200 GET http://10.180.1.21/compute/v2.1/servers/75386726-036a-4bb8-aab0-ca4e07b6b675 0.608s
2025-02-14 11:00:14.842 63132 INFO tempest.lib.common.rest_client [req-c8c35321-b534-45e1-8109-3d515cc711a5 req-c8c35321-b534-45e1-8109-3d515cc711a5 ] Request (ListImageFiltersTestJSON:tearDownClass): 200 GET http://10.180.1.21/compute/v2.1/servers/3c08855a-5a42-4495-b8b7-670504c282d0 0.584s
2025-02-14 11:00:14.852 63132 INFO tempest.common.waiters [-] State transition "ACTIVE/deleting" ==> "DELETED/None" after 4 second wait
2025-02-14 11:00:14.919 63146 INFO tempest.lib.common.rest_client [req-6e136a37-2394-4e8f-9116-7d38ba114038 req-6e136a37-2394-4e8f-9116-7d38ba114038 ] Request (ServersWithSpecificFlavorTestJSON:test_verify_created_server_ephemeral_disk): 200 GET http://10.180.1.21/compute/v2.1/servers/160beb99-bc79-4a6b-a566-c0e1f276f32e 0.466s
2025-02-14 11:00:15.026 63152 INFO tempest.lib.common.rest_client [req-403aa76c-b6dd-4576-ba55-62393a1159fa req-403aa76c-b6dd-4576-ba55-62393a1159fa ] Request (DeleteServersTestJSON:test_delete_server_while_in_attached_volume): 200 GET http://10.180.1.21/compute/v2.1/servers/ec0dc616-2abf-4550-bd19-1e7c48bcfb87 0.510s
2025-02-14 11:00:15.053 63136 INFO tempest.lib.common.rest_client [req-4d957ac0-dabb-4492-aff1-89be36a4e0a5 req-4d957ac0-dabb-4492-aff1-89be36a4e0a5 ] Request (ImagesTestJSON:test_create_server_from_snapshot): 202 POST http://10.180.1.21/compute/v2.1/servers 0.979s
2025-02-14 11:00:15.103 63166 INFO tempest.lib.common.rest_client [req-93ec87fd-aee9-4ee0-a230-5d1b8ec2bdcd req-93ec87fd-aee9-4ee0-a230-5d1b8ec2bdcd ] Request (ServersTestJSON:tearDownClass): 200 GET http://10.180.1.21/compute/v2.1/servers/07765e55-bb9d-48e5-80a3-3ad43ca76c33 0.534s
2025-02-14 11:00:15.117 63138 INFO tempest.lib.common.rest_client [req-ce65b8b7-c3d0-4ca9-be20-b451a3bdaf2d req-ce65b8b7-c3d0-4ca9-be20-b451a3bdaf2d ] Request (AttachVolumeTestJSON:test_attach_detach_volume): 200 GET http://10.180.1.21/compute/v2.1/servers/ea552a2a-9e19-4259-a723-1533d03852c0 0.488s
2025-02-14 11:00:15.188 63122 INFO tempest.lib.common.rest_client [req-c6498b2c-60c0-42e1-9034-fafa4fbf507f req-c6498b2c-60c0-42e1-9034-fafa4fbf507f ] Request (FloatingIPsAssociationTestJSON:tearDownClass): 204 DELETE http://10.180.1.21:9696/networking/v2.0/routers/e99c5c64-66d8-4886-9b05-8e9769df5f1c 0.797s
2025-02-14 11:00:15.226 63158 INFO tempest.lib.common.rest_client [req-41d4e39e-18a4-4b1d-a77b-d28e6c690e76 req-41d4e39e-18a4-4b1d-a77b-d28e6c690e76 ] Request (ListServerFiltersTestJSON:test_list_servers_filter_by_active_status): 200 GET http://10.180.1.21/compute/v2.1/servers?status=active 0.565s
2025-02-14 11:00:15.297 63170 INFO tempest.lib.common.rest_client [req-1a7f0562-d665-4a93-9b1c-0519549c7619 req-1a7f0562-d665-4a93-9b1c-0519549c7619 ] Request (ServerActionsTestOtherA:setUpClass): 200 GET http://10.180.1.21/compute/v2.1/servers/2d5d528e-97d5-4989-8352-7c8d36e52331 0.576s
2025-02-14 11:00:15.308 63148 INFO tempest.lib.common.rest_client [req-9b0e4580-d531-426a-8e61-f7533177c5eb req-9b0e4580-d531-426a-8e61-f7533177c5eb ] Request (ServersTestManualDisk:setUpClass): 200 GET http://10.180.1.21/compute/v2.1/servers/cd12a654-7aef-4537-8a7d-e55f56575932 0.648s
2025-02-14 11:00:15.315 63148 INFO tempest.common.waiters [-] State transition "BUILD/spawning" ==> "ACTIVE/None" after 75 second wait
2025-02-14 11:00:15.354 63178 INFO tempest.lib.common.rest_client [req-dcf628d8-3739-48b1-87de-8683a3791493 req-dcf628d8-3739-48b1-87de-8683a3791493 ] Request (ServersTestBootFromVolume:tearDownClass): 200 GET http://10.180.1.21/compute/v2.1/servers/f18cc418-3ecf-4e94-a23c-6e7c7c56c0d0 0.449s
2025-02-14 11:00:15.366 63142 INFO tempest.lib.common.rest_client [req-9e7efa1e-3051-483b-b341-4c4bd7fe3f5d req-9e7efa1e-3051-483b-b341-4c4bd7fe3f5d ] Request (ImagesOneServerTestJSON:setUpClass): 200 GET http://10.180.1.21/compute/v2.1/servers/84451e1e-631f-4513-9ba3-b85f502c51e7 0.396s
2025-02-14 11:00:15.387 63122 INFO tempest.lib.common.rest_client [req-ef263195-dfd5-41de-a7be-70b1b55d8be7 req-ef263195-dfd5-41de-a7be-70b1b55d8be7 ] Request (FloatingIPsAssociationTestJSON:tearDownClass): 204 DELETE http://10.180.1.21:9696/networking/v2.0/subnets/f523e603-a1ae-49ab-9b74-194fb493c4e0 0.198s
2025-02-14 11:00:15.409 63136 INFO tempest.lib.common.rest_client [req-914f2682-985d-4c4d-b10b-60ba70fb3715 req-914f2682-985d-4c4d-b10b-60ba70fb3715 ] Request (ImagesTestJSON:test_create_server_from_snapshot): 200 GET http://10.180.1.21/compute/v2.1/servers/7a66cecc-a00b-4962-9964-9a1e7c442ec2 0.353s
2025-02-14 11:00:15.419 63124 INFO tempest.lib.common.rest_client [req-e34f3996-b3a4-4a9e-ad7b-f4fd7d2671be req-e34f3996-b3a4-4a9e-ad7b-f4fd7d2671be ] Request (MigrationsAdminTest:test_resize_server_revert_deleted_flavor): 200 GET http://10.180.1.21/compute/v2.1/servers/edad3cc5-325b-42ca-b6df-d85f46e0cefe 0.383s
2025-02-14 11:00:15.486 63156 INFO tempest.lib.common.rest_client [req-6d1dc08b-1cc5-4a5b-ae73-37cf7445dce1 req-6d1dc08b-1cc5-4a5b-ae73-37cf7445dce1 ] Request (ImagesOneServerNegativeTestJSON:setUpClass): 200 GET http://10.180.1.21/compute/v2.1/servers/74de7b85-13d0-4785-aa3c-204678d5d821 0.427s
2025-02-14 11:00:15.491 63130 INFO tempest.lib.common.rest_client [req-a6eaf7e3-da74-43fd-a460-e8ca5fbaba1d req-a6eaf7e3-da74-43fd-a460-e8ca5fbaba1d ] Request (MultipleCreateTestJSON:test_multiple_create_with_reservation_return): 200 GET http://10.180.1.21/compute/v2.1/servers/9b7c19ba-0f26-42d7-bbee-8454e112c504 0.384s
2025-02-14 11:00:15.549 63158 INFO tempest.lib.common.rest_client [req-cb1e6ee3-a8ea-439b-9a35-4ecfc94d374d req-cb1e6ee3-a8ea-439b-9a35-4ecfc94d374d ] Request (ListServerFiltersTestJSON:test_list_servers_filter_by_exceed_limit): 200 GET http://10.180.1.21/compute/v2.1/servers?limit=100000 0.318s
2025-02-14 11:00:15.573 63148 INFO tempest.lib.common.rest_client [req-182c0999-2ae8-4a0f-9ecc-c02b09c641cd req-182c0999-2ae8-4a0f-9ecc-c02b09c641cd ] Request (ServersTestManualDisk:setUpClass): 200 GET http://10.180.1.21/compute/v2.1/servers/cd12a654-7aef-4537-8a7d-e55f56575932/os-interface 0.257s
2025-02-14 11:00:15.642 63176 INFO tempest.lib.common.rest_client [req-db726ba3-6a23-46a8-81f7-dd72feed3ecd req-db726ba3-6a23-46a8-81f7-dd72feed3ecd ] Request (ServersAdminNegativeTestJSON:test_migrate_server_invalid_state): 200 GET http://10.180.1.21/compute/v2.1/servers/0fe56218-3b4f-4996-905f-074815168efd 0.273s
2025-02-14 11:00:15.648 63162 INFO tempest.lib.common.rest_client [req-f888bc2a-bbc3-4592-919d-c371d652576c req-f888bc2a-bbc3-4592-919d-c371d652576c ] Request (ServerRescueNegativeTestJSON:setUpClass): 200 GET http://10.180.1.21/compute/v2.1/servers/9e201354-6555-4ec7-861c-5169330256d8 0.260s
2025-02-14 11:00:15.733 63165 INFO tempest.lib.common.rest_client [req-8f423b8a-b6c6-4460-8c90-af3eaf8d0272 req-8f423b8a-b6c6-4460-8c90-af3eaf8d0272 ] Request (SecurityGroupsTestJSON:test_server_security_groups): 200 GET http://10.180.1.21/compute/v2.1/servers/c432556e-9980-43ad-ade5-1da925b9ae8f 0.288s
2025-02-14 11:00:15.735 63134 INFO tempest.lib.common.rest_client [req-081aebb9-29f5-4c52-847a-44f48fdf6fd6 req-081aebb9-29f5-4c52-847a-44f48fdf6fd6 ] Request (ServerDiagnosticsNegativeTest:tearDownClass): 200 GET http://10.180.1.21/compute/v2.1/servers/023d78c8-6fc0-43ca-9b39-2da69063a440 0.271s
2025-02-14 11:00:15.795 63158 INFO tempest.lib.common.rest_client [req-4f716c57-3f55-4810-a393-486718eaca5e req-4f716c57-3f55-4810-a393-486718eaca5e ] Request (ListServerFiltersTestJSON:test_list_servers_filter_by_exceed_limit): 200 GET http://10.180.1.21/compute/v2.1/servers 0.244s
2025-02-14 11:00:15.809 63168 INFO tempest.lib.common.rest_client [req-c89ed27a-7802-4b3c-9878-eab3b81bfb0b req-c89ed27a-7802-4b3c-9878-eab3b81bfb0b ] Request (AttachInterfacesUnderV243Test:_run_cleanups): 200 GET http://10.180.1.21/compute/v2.1/servers/af48b1f1-23c5-4e57-b977-e19e4edaf9a6 0.284s
2025-02-14 11:00:15.818 63168 INFO tempest.common.waiters [-] State transition "ACTIVE/deleting" ==> "DELETED/None" after 4 second wait
2025-02-14 11:00:15.875 63144 INFO tempest.lib.common.rest_client [req-26396223-f08b-4d31-8390-9a724c622e02 req-26396223-f08b-4d31-8390-9a724c622e02 ] Request (ServerAddressesNegativeTestJSON:setUpClass): 200 GET http://10.180.1.21/compute/v2.1/servers/5b5ed669-e85a-4b19-917d-04b5e6b02241 0.265s
2025-02-14 11:00:15.885 63154 INFO tempest.lib.common.rest_client [req-1d2a2858-3aea-4389-88b0-c2520e8983b7 req-1d2a2858-3aea-4389-88b0-c2520e8983b7 ] Request (VolumesAssistedSnapshotsTest:tearDownClass): 200 GET http://10.180.1.21/compute/v2.1/servers/75386726-036a-4bb8-aab0-ca4e07b6b675 0.096s
2025-02-14 11:00:15.958 63122 INFO tempest.lib.common.rest_client [req-1190ee9a-f95c-4acc-a0e4-35c99b2174a4 req-1190ee9a-f95c-4acc-a0e4-35c99b2174a4 ] Request (FloatingIPsAssociationTestJSON:tearDownClass): 204 DELETE http://10.180.1.21:9696/networking/v2.0/networks/077106ac-f15c-4e35-8406-651a76cd6788 0.570s
2025-02-14 11:00:15.962 63132 INFO tempest.lib.common.rest_client [req-4ecae46a-09cd-4212-beff-6b368a777de0 req-4ecae46a-09cd-4212-beff-6b368a777de0 ] Request (ListImageFiltersTestJSON:tearDownClass): 200 GET http://10.180.1.21/compute/v2.1/servers/3c08855a-5a42-4495-b8b7-670504c282d0 0.108s
2025-02-14 11:00:15.982 63158 INFO tempest.lib.common.rest_client [req-01b71eeb-995a-4ab7-9f50-70f8af6494d5 req-01b71eeb-995a-4ab7-9f50-70f8af6494d5 ] Request (ListServerFiltersTestJSON:test_list_servers_filter_by_flavor): 200 GET http://10.180.1.21/compute/v2.1/servers?flavor=84 0.182s
2025-02-14 11:00:16.019 63146 INFO tempest.lib.common.rest_client [req-82d320ca-29cd-4dda-900a-ade113f049e6 req-82d320ca-29cd-4dda-900a-ade113f049e6 ] Request (ServersWithSpecificFlavorTestJSON:test_verify_created_server_ephemeral_disk): 200 GET http://10.180.1.21/compute/v2.1/servers/160beb99-bc79-4a6b-a566-c0e1f276f32e 0.088s
2025-02-14 11:00:16.028 63158 INFO tempest.lib.common.rest_client [req-e51a9267-300f-4b42-b626-635a760bd7c7 req-e51a9267-300f-4b42-b626-635a760bd7c7 ] Request (ListServerFiltersTestJSON:test_list_servers_filter_by_limit): 200 GET http://10.180.1.21/compute/v2.1/servers?limit=1 0.041s
2025-02-14 11:00:16.100 63122 INFO tempest.lib.common.rest_client [req-2cf644b2-d10b-46e6-a195-0e3203c2891d req-2cf644b2-d10b-46e6-a195-0e3203c2891d ] Request (FloatingIPsAssociationTestJSON:tearDownClass): 204 DELETE http://10.180.1.21/identity/v3/users/e4f617ea06c745eb84d1ce904f4bdca4 0.139s
2025-02-14 11:00:16.100 63122 INFO tempest.lib.common.dynamic_creds [-] Deleting project and security group for project: aeb048119ed14f3cbddc6d6ecee559d6
2025-02-14 11:00:16.125 63158 INFO tempest.lib.common.rest_client [req-c05d1b08-be70-4b52-a1f9-a1c89134a868 req-c05d1b08-be70-4b52-a1f9-a1c89134a868 ] Request (ListServerFiltersTestJSON:test_list_servers_filter_by_server_name): 200 GET http://10.180.1.21/compute/v2.1/servers?name=tempest-ListServerFiltersTestJSON-instance-871287608 0.093s
2025-02-14 11:00:16.140 63122 INFO tempest.lib.common.rest_client [req-02296610-28b5-4ee7-8a8a-4ca6b5314093 req-02296610-28b5-4ee7-8a8a-4ca6b5314093 ] Request (FloatingIPsAssociationTestJSON:tearDownClass): 200 GET http://10.180.1.21:9696/networking/v2.0/security-groups?tenant_id=aeb048119ed14f3cbddc6d6ecee559d6&name=default 0.039s
2025-02-14 11:00:16.158 63152 INFO tempest.lib.common.rest_client [req-c6c1735c-7eb7-4a62-a1c9-c9f719005dc2 req-c6c1735c-7eb7-4a62-a1c9-c9f719005dc2 ] Request (DeleteServersTestJSON:test_delete_server_while_in_attached_volume): 200 GET http://10.180.1.21/compute/v2.1/servers/ec0dc616-2abf-4550-bd19-1e7c48bcfb87 0.122s
2025-02-14 11:00:16.192 63166 INFO tempest.lib.common.rest_client [req-61ef7222-5899-4c24-adf0-ff5e9043bcb4 req-61ef7222-5899-4c24-adf0-ff5e9043bcb4 ] Request (ServersTestJSON:tearDownClass): 200 GET http://10.180.1.21/compute/v2.1/servers/07765e55-bb9d-48e5-80a3-3ad43ca76c33 0.077s
2025-02-14 11:00:16.216 63138 INFO tempest.lib.common.rest_client [req-5d8353b1-a200-4c6b-86ef-5342d4825acd req-5d8353b1-a200-4c6b-86ef-5342d4825acd ] Request (AttachVolumeTestJSON:test_attach_detach_volume): 200 GET http://10.180.1.21/compute/v2.1/servers/ea552a2a-9e19-4259-a723-1533d03852c0 0.089s
2025-02-14 11:00:16.223 63138 INFO tempest.common.waiters [-] State transition "BUILD/scheduling" ==> "BUILD/None" after 18 second wait
2025-02-14 11:00:16.246 63122 INFO tempest.lib.common.rest_client [req-f90659ba-57bc-4874-a8ff-48728f743c93 req-f90659ba-57bc-4874-a8ff-48728f743c93 ] Request (FloatingIPsAssociationTestJSON:tearDownClass): 204 DELETE http://10.180.1.21:9696/networking/v2.0/security-groups/c9d0640d-16e7-4180-8fdf-47ffbbce7987 0.105s
2025-02-14 11:00:16.273 63158 INFO tempest.lib.common.rest_client [req-12b2bb8a-163b-40ca-9c8e-bebcde016e0d req-12b2bb8a-163b-40ca-9c8e-bebcde016e0d ] Request (ListServerFiltersTestJSON:test_list_servers_filter_by_shutoff_status): 202 POST http://10.180.1.21/compute/v2.1/servers/6659bfa5-3c32-42fa-9c62-967bc5e0e69a/action 0.144s
2025-02-14 11:00:16.274 63148 INFO tempest.lib.common.rest_client [req-7386df09-b028-453f-a2c6-94c13d9f9210 req-7386df09-b028-453f-a2c6-94c13d9f9210 ] Request (ServersTestManualDisk:setUpClass): 200 PUT http://10.180.1.21:9696/networking/v2.0/floatingips/756ca549-583c-45ab-8337-1eca8de73b78 0.698s
2025-02-14 11:00:16.340 63140 WARNING tempest.lib.common.ssh [-] Failed to establish authenticated ssh connection to cirros@10.180.180.224 ([Errno None] Unable to connect to port 22 on 10.180.180.224). Number attempts: 6. Retry after 7 seconds.: paramiko.ssh_exception.NoValidConnectionsError: [Errno None] Unable to connect to port 22 on 10.180.180.224
2025-02-14 11:00:16.346 63122 INFO tempest.lib.common.rest_client [req-e80c68ee-75b6-4bbd-a427-9348c460bcfe req-e80c68ee-75b6-4bbd-a427-9348c460bcfe ] Request (FloatingIPsAssociationTestJSON:tearDownClass): 204 DELETE http://10.180.1.21/identity/v3/projects/aeb048119ed14f3cbddc6d6ecee559d6 0.099s
2025-02-14 11:00:16.394 63148 INFO tempest.lib.common.rest_client [req-0da9dc87-76fd-403f-abe2-6ad200d9bb66 req-0da9dc87-76fd-403f-abe2-6ad200d9bb66 ] Request (ServersTestManualDisk:setUpClass): 200 GET http://10.180.1.21/compute/v2.1/servers/cd12a654-7aef-4537-8a7d-e55f56575932 0.120s
2025-02-14 11:00:16.400 63158 INFO tempest.lib.common.rest_client [req-308b0ddd-350a-48e4-974b-1138a86442c1 req-308b0ddd-350a-48e4-974b-1138a86442c1 ] Request (ListServerFiltersTestJSON:test_list_servers_filter_by_shutoff_status): 200 GET http://10.180.1.21/compute/v2.1/servers/6659bfa5-3c32-42fa-9c62-967bc5e0e69a 0.127s
2025-02-14 11:00:16.405 63148 INFO tempest.lib.common.ssh [-] Creating ssh connection to '10.180.180.226:22' as 'cirros' with public key authentication
2025-02-14 11:00:16.416 63122 INFO tempest.lib.common.rest_client [req-8f8f57ac-1a96-4222-ae99-1133b4bedcf1 req-8f8f57ac-1a96-4222-ae99-1133b4bedcf1 ] Request (KeyPairsV2TestJSON:setUpClass): 201 POST http://10.180.1.21/identity/v3/auth/tokens 0.068s
2025-02-14 11:00:16.442 63170 INFO tempest.lib.common.rest_client [req-9a76de63-d406-4c06-9397-c900e4b0c82f req-9a76de63-d406-4c06-9397-c900e4b0c82f ] Request (ServerActionsTestOtherA:setUpClass): 200 GET http://10.180.1.21/compute/v2.1/servers/2d5d528e-97d5-4989-8352-7c8d36e52331 0.135s
2025-02-14 11:00:16.451 63122 INFO tempest.lib.common.rest_client [req-6a633b8a-e7c4-46d8-b446-66cc10deb668 req-6a633b8a-e7c4-46d8-b446-66cc10deb668 ] Request (KeyPairsV2TestJSON:setUpClass): 201 POST http://10.180.1.21/identity/v3/auth/tokens 0.033s
2025-02-14 11:00:16.453 63178 INFO tempest.lib.common.rest_client [req-a2696e9f-9309-4a74-82a8-fca0e27b396c req-a2696e9f-9309-4a74-82a8-fca0e27b396c ] Request (ServersTestBootFromVolume:tearDownClass): 200 GET http://10.180.1.21/compute/v2.1/servers/f18cc418-3ecf-4e94-a23c-6e7c7c56c0d0 0.089s
2025-02-14 11:00:16.494 63122 INFO tempest.lib.common.rest_client [req-7295bf76-c176-472b-b32b-df17c24e8a6e req-7295bf76-c176-472b-b32b-df17c24e8a6e ] Request (KeyPairsV2TestJSON:setUpClass): 200 GET http://10.180.1.21/identity/v3/domains?name=Default 0.041s
2025-02-14 11:00:16.519 63142 INFO tempest.lib.common.rest_client [req-79bbffde-6e25-4892-94cc-0a91032356bf req-79bbffde-6e25-4892-94cc-0a91032356bf ] Request (ImagesOneServerTestJSON:setUpClass): 200 GET http://10.180.1.21/compute/v2.1/servers/84451e1e-631f-4513-9ba3-b85f502c51e7 0.143s
2025-02-14 11:00:16.527 63136 INFO tempest.lib.common.rest_client [req-76086700-85fc-4fe7-a042-6beb8d654b92 req-76086700-85fc-4fe7-a042-6beb8d654b92 ] Request (ImagesTestJSON:test_create_server_from_snapshot): 200 GET http://10.180.1.21/compute/v2.1/servers/7a66cecc-a00b-4962-9964-9a1e7c442ec2 0.105s
2025-02-14 11:00:16.542 63122 INFO tempest.lib.common.rest_client [req-2f8541ae-b3df-45d6-b609-75af59185264 req-2f8541ae-b3df-45d6-b609-75af59185264 ] Request (KeyPairsV2TestJSON:setUpClass): 201 POST http://10.180.1.21/identity/v3/projects 0.047s
2025-02-14 11:00:16.598 63124 INFO tempest.lib.common.rest_client [req-dbab5bec-5b25-46b5-8574-3d758b013ca9 req-dbab5bec-5b25-46b5-8574-3d758b013ca9 ] Request (MigrationsAdminTest:test_resize_server_revert_deleted_flavor): 200 GET http://10.180.1.21/compute/v2.1/servers/edad3cc5-325b-42ca-b6df-d85f46e0cefe 0.171s
2025-02-14 11:00:16.599 63156 INFO tempest.lib.common.rest_client [req-5a5c94f9-5db5-4466-878d-c4564c5433db req-5a5c94f9-5db5-4466-878d-c4564c5433db ] Request (ImagesOneServerNegativeTestJSON:setUpClass): 200 GET http://10.180.1.21/compute/v2.1/servers/74de7b85-13d0-4785-aa3c-204678d5d821 0.099s
2025-02-14 11:00:16.618 63122 INFO tempest.lib.common.rest_client [req-b2272711-6312-4e99-a310-20a640c11f81 req-b2272711-6312-4e99-a310-20a640c11f81 ] Request (KeyPairsV2TestJSON:setUpClass): 201 POST http://10.180.1.21/identity/v3/users 0.076s
2025-02-14 11:00:16.645 63122 INFO tempest.lib.common.rest_client [req-7ce8d3c5-9f77-4d0f-b6a5-dd8e594134eb req-7ce8d3c5-9f77-4d0f-b6a5-dd8e594134eb ] Request (KeyPairsV2TestJSON:setUpClass): 200 GET http://10.180.1.21/identity/v3/roles 0.026s
2025-02-14 11:00:16.675 63122 INFO tempest.lib.common.rest_client [req-48ff7348-e56f-4207-8385-b8f603487f05 req-48ff7348-e56f-4207-8385-b8f603487f05 ] Request (KeyPairsV2TestJSON:setUpClass): 204 PUT http://10.180.1.21/identity/v3/projects/0fd57a44e17a48d090d155d0b13fa725/users/3c96be4e66e54346a23af85922fc453f/roles/7199f6cf01e94979a61c1c91f83abc20 0.030s
2025-02-14 11:00:16.675 63122 INFO tempest.lib.common.dynamic_creds [-] Dynamic test user 3c96be4e66e54346a23af85922fc453f is created with scope project and roles: ['member']
2025-02-14 11:00:16.676 63122 INFO tempest.lib.common.dynamic_creds [-] Acquired dynamic creds: credentials: Credentials: {'domain_id': 'default', 'domain_name': 'Default', 'username': 'tempest-KeyPairsV2TestJSON-633951657-project-member', 'project_domain_id': 'default', 'project_domain_name': 'Default', 'project_id': '0fd57a44e17a48d090d155d0b13fa725', 'project_name': 'tempest-KeyPairsV2TestJSON-633951657', 'tenant_id': '0fd57a44e17a48d090d155d0b13fa725', 'tenant_name': 'tempest-KeyPairsV2TestJSON-633951657', 'user_domain_id': 'default', 'user_domain_name': 'Default', 'user_id': '3c96be4e66e54346a23af85922fc453f', 'system': None}, Network: None, Subnet: None, Router: None
2025-02-14 11:00:16.676 63122 INFO tempest.lib.common.dynamic_creds [-] Created isolated network resources for: credentials: Credentials: {'domain_id': 'default', 'domain_name': 'Default', 'username': 'tempest-KeyPairsV2TestJSON-633951657-project-member', 'project_domain_id': 'default', 'project_domain_name': 'Default', 'project_id': '0fd57a44e17a48d090d155d0b13fa725', 'project_name': 'tempest-KeyPairsV2TestJSON-633951657', 'tenant_id': '0fd57a44e17a48d090d155d0b13fa725', 'tenant_name': 'tempest-KeyPairsV2TestJSON-633951657', 'user_domain_id': 'default', 'user_domain_name': 'Default', 'user_id': '3c96be4e66e54346a23af85922fc453f', 'system': None}, Network: None, Subnet: None, Router: None
2025-02-14 11:00:16.684 63130 INFO tempest.lib.common.rest_client [req-ac57e9b8-37cf-4e5e-80cf-406eaf55bec7 req-ac57e9b8-37cf-4e5e-80cf-406eaf55bec7 ] Request (MultipleCreateTestJSON:test_multiple_create_with_reservation_return): 200 GET http://10.180.1.21/compute/v2.1/servers/9b7c19ba-0f26-42d7-bbee-8454e112c504 0.182s
2025-02-14 11:00:16.735 63176 INFO tempest.lib.common.rest_client [req-e26efcf2-8e5c-4e5b-b227-9461f4b8c38b req-e26efcf2-8e5c-4e5b-b227-9461f4b8c38b ] Request (ServersAdminNegativeTestJSON:test_migrate_server_invalid_state): 200 GET http://10.180.1.21/compute/v2.1/servers/0fe56218-3b4f-4996-905f-074815168efd 0.084s
2025-02-14 11:00:16.755 63162 INFO tempest.lib.common.rest_client [req-94273065-57bc-4c50-beb9-f4304dd81dd1 req-94273065-57bc-4c50-beb9-f4304dd81dd1 ] Request (ServerRescueNegativeTestJSON:setUpClass): 200 GET http://10.180.1.21/compute/v2.1/servers/9e201354-6555-4ec7-861c-5169330256d8 0.095s
2025-02-14 11:00:16.762 63122 INFO tempest.lib.common.rest_client [req-1b140f80-eb37-481e-9e5c-7c6e3d3dc918 req-1b140f80-eb37-481e-9e5c-7c6e3d3dc918 ] Request (KeyPairsV2TestJSON:setUpClass): 201 POST http://10.180.1.21/identity/v3/auth/tokens 0.081s
2025-02-14 11:00:16.803 63126 INFO paramiko.transport [-] Connected (version 2.0, client dropbear_2020.81)
2025-02-14 11:00:16.830 63134 INFO tempest.lib.common.rest_client [req-4f2905de-b59f-4d06-a078-92e240b79178 req-4f2905de-b59f-4d06-a078-92e240b79178 ] Request (ServerDiagnosticsNegativeTest:tearDownClass): 200 GET http://10.180.1.21/compute/v2.1/servers/023d78c8-6fc0-43ca-9b39-2da69063a440 0.084s
2025-02-14 11:00:16.831 63165 INFO tempest.lib.common.rest_client [req-80e09b60-0155-4f7a-b71d-896e9802f780 req-80e09b60-0155-4f7a-b71d-896e9802f780 ] Request (SecurityGroupsTestJSON:test_server_security_groups): 200 GET http://10.180.1.21/compute/v2.1/servers/c432556e-9980-43ad-ade5-1da925b9ae8f 0.087s
2025-02-14 11:00:16.886 63168 INFO tempest.lib.common.rest_client [req-07516233-a3c7-466e-a346-d4a543cfdf2f req-07516233-a3c7-466e-a346-d4a543cfdf2f ] Request (AttachInterfacesUnderV243Test:_run_cleanups): 200 GET http://10.180.1.21/compute/v2.1/servers/af48b1f1-23c5-4e57-b977-e19e4edaf9a6 0.067s
2025-02-14 11:00:16.905 63126 INFO paramiko.transport [-] Authentication (publickey) successful!
2025-02-14 11:00:16.906 63126 INFO tempest.lib.common.ssh [-] ssh connection to cirros@10.180.180.184 successfully created
2025-02-14 11:00:16.911 63126 INFO tempest.lib.common.ssh [-] Creating ssh connection to '10.180.180.184:22' as 'cirros' with public key authentication
2025-02-14 11:00:16.914 63126 INFO paramiko.transport [-] Connected (version 2.0, client dropbear_2020.81)
2025-02-14 11:00:16.922 63122 INFO tempest.lib.common.rest_client [req-bd171cf1-43cd-4031-8dc6-0c76186cf111 req-bd171cf1-43cd-4031-8dc6-0c76186cf111 ] Request (KeyPairsV2TestJSON:test_get_keypair_detail): 200 POST http://10.180.1.21/compute/v2.1/os-keypairs 0.158s
2025-02-14 11:00:16.953 63144 INFO tempest.lib.common.rest_client [req-4ea3c609-885e-4151-93e4-4f9c85ba06d2 req-4ea3c609-885e-4151-93e4-4f9c85ba06d2 ] Request (ServerAddressesNegativeTestJSON:setUpClass): 200 GET http://10.180.1.21/compute/v2.1/servers/5b5ed669-e85a-4b19-917d-04b5e6b02241 0.070s
2025-02-14 11:00:16.961 63122 INFO tempest.lib.common.rest_client [req-2a446045-6d6f-4646-bc78-5fa0f19b8ec1 req-2a446045-6d6f-4646-bc78-5fa0f19b8ec1 ] Request (KeyPairsV2TestJSON:test_get_keypair_detail): 200 GET http://10.180.1.21/compute/v2.1/os-keypairs/tempest-keypair-961322681 0.038s
2025-02-14 11:00:16.964 63154 INFO tempest.lib.common.rest_client [req-00f79ce2-83ee-40fa-bcac-fb84c8051602 req-00f79ce2-83ee-40fa-bcac-fb84c8051602 ] Request (VolumesAssistedSnapshotsTest:tearDownClass): 200 GET http://10.180.1.21/compute/v2.1/servers/75386726-036a-4bb8-aab0-ca4e07b6b675 0.067s
2025-02-14 11:00:16.983 63122 INFO tempest.lib.common.rest_client [req-3a5f0a30-9327-44c6-8fa1-3d3739456488 req-3a5f0a30-9327-44c6-8fa1-3d3739456488 ] Request (KeyPairsV2TestJSON:_run_cleanups): 202 DELETE http://10.180.1.21/compute/v2.1/os-keypairs/tempest-keypair-961322681 0.020s
2025-02-14 11:00:17.012 63126 INFO paramiko.transport [-] Authentication (publickey) successful!
2025-02-14 11:00:17.012 63126 INFO tempest.lib.common.ssh [-] ssh connection to cirros@10.180.180.184 successfully created
2025-02-14 11:00:17.014 63122 INFO tempest.lib.common.rest_client [req-fa5ce999-2cec-451d-bfbc-6a3d3ace26eb req-fa5ce999-2cec-451d-bfbc-6a3d3ace26eb ] Request (KeyPairsV2TestJSON:test_keypair_create_delete): 200 POST http://10.180.1.21/compute/v2.1/os-keypairs 0.029s
2025-02-14 11:00:17.029 63132 INFO tempest.lib.common.rest_client [req-d6c84b80-b649-4ff2-bc46-af72b0141fb0 req-d6c84b80-b649-4ff2-bc46-af72b0141fb0 ] Request (ListImageFiltersTestJSON:tearDownClass): 200 GET http://10.180.1.21/compute/v2.1/servers/3c08855a-5a42-4495-b8b7-670504c282d0 0.059s
2025-02-14 11:00:17.033 63122 INFO tempest.lib.common.rest_client [req-8d92b0b4-1661-466c-9f2b-947e5b16c399 req-8d92b0b4-1661-466c-9f2b-947e5b16c399 ] Request (KeyPairsV2TestJSON:_run_cleanups): 202 DELETE http://10.180.1.21/compute/v2.1/os-keypairs/tempest-keypair-774422814 0.016s
2025-02-14 11:00:17.063 63122 INFO tempest.lib.common.rest_client [req-f21834f4-1c20-4e9e-8505-a8c6b8be4c1d req-f21834f4-1c20-4e9e-8505-a8c6b8be4c1d ] Request (KeyPairsV2TestJSON:test_keypair_create_with_pub_key): 200 POST http://10.180.1.21/compute/v2.1/os-keypairs 0.029s
2025-02-14 11:00:17.077 63146 INFO tempest.lib.common.rest_client [req-72a5898e-8f3a-4e23-a4c5-03d9ba8c903d req-72a5898e-8f3a-4e23-a4c5-03d9ba8c903d ] Request (ServersWithSpecificFlavorTestJSON:test_verify_created_server_ephemeral_disk): 200 GET http://10.180.1.21/compute/v2.1/servers/160beb99-bc79-4a6b-a566-c0e1f276f32e 0.048s
2025-02-14 11:00:17.086 63122 INFO tempest.lib.common.rest_client [req-978a88f4-ca51-43f4-9cce-c2dc0561ebc5 req-978a88f4-ca51-43f4-9cce-c2dc0561ebc5 ] Request (KeyPairsV2TestJSON:_run_cleanups): 202 DELETE http://10.180.1.21/compute/v2.1/os-keypairs/tempest-keypair-1787731280 0.022s
2025-02-14 11:00:17.121 63122 INFO tempest.lib.common.rest_client [req-2481874b-b3a1-4712-8b7e-c0901c7c4a52 req-2481874b-b3a1-4712-8b7e-c0901c7c4a52 ] Request (KeyPairsV2TestJSON:test_keypairs_create_list_delete): 200 POST http://10.180.1.21/compute/v2.1/os-keypairs 0.032s
2025-02-14 11:00:17.155 63122 INFO tempest.lib.common.rest_client [req-7396cd8e-55d7-4a39-afcf-868ea62ded41 req-7396cd8e-55d7-4a39-afcf-868ea62ded41 ] Request (KeyPairsV2TestJSON:test_keypairs_create_list_delete): 200 POST http://10.180.1.21/compute/v2.1/os-keypairs 0.032s
