2025-02-14 10:58:38.650 63152 INFO tempest.common.waiters [-] State transition "ACTIVE/deleting" ==> "DELETED/None" after 4 second wait
2025-02-14 10:58:38.720 63138 INFO tempest.lib.common.rest_client [req-af9f8419-db12-426e-bcc5-69fc8e48287c req-af9f8419-db12-426e-bcc5-69fc8e48287c ] Request (InstanceActionsTestJSON:setUpClass): 200 GET http://10.180.1.21/compute/v2.1/servers/8505e505-e224-4ea7-98d3-1266a616d7f9 1.146s
2025-02-14 10:58:38.729 63126 INFO tempest.lib.common.rest_client [req-ca06dfcf-0315-4a47-b59b-147af2a9449f req-ca06dfcf-0315-4a47-b59b-147af2a9449f ] Request (ServersV294TestFqdnHostnames:setUpClass): 200 GET http://10.180.1.21/compute/v2.1/servers/f8dec537-4332-4f61-8e6b-d0bb3bc0bbc7 1.168s
2025-02-14 10:58:38.858 63154 INFO tempest.lib.common.rest_client [req-71026d6f-f1f6-492a-827b-1e2f3f650ff2 req-71026d6f-f1f6-492a-827b-1e2f3f650ff2 ] Request (VolumesAssistedSnapshotsTest:test_volume_assisted_snapshot_create_delete): 200 GET http://10.180.1.21/compute/v2.1/servers/75386726-036a-4bb8-aab0-ca4e07b6b675 1.167s
2025-02-14 10:58:38.864 63165 INFO tempest.lib.common.rest_client [req-e532c568-73c2-4689-b561-1cd95198221a req-e532c568-73c2-4689-b561-1cd95198221a ] Request (SecurityGroupsTestJSON:test_security_groups_create_list_delete): 202 DELETE http://10.180.1.21/compute/v2.1/os-security-groups/36f8e1a6-9c04-480d-93e1-26fa9932a9e7 1.247s
2025-02-14 10:58:38.866 63154 INFO tempest.common.waiters [-] State transition "BUILD/None" ==> "BUILD/spawning" after 29 second wait
2025-02-14 10:58:38.924 63134 INFO tempest.lib.common.rest_client [req-99073230-b771-4f54-8ed3-108186ba6a5c req-99073230-b771-4f54-8ed3-108186ba6a5c ] Request (ServerDiagnosticsNegativeTest:test_get_server_diagnostics_by_non_admin): 200 GET http://10.180.1.21/compute/v2.1/servers/023d78c8-6fc0-43ca-9b39-2da69063a440 1.156s
2025-02-14 10:58:38.931 63148 INFO tempest.lib.common.rest_client [req-e63176f1-e12a-4f80-90da-08dfd695291c req-e63176f1-e12a-4f80-90da-08dfd695291c ] Request (ServerExternalEventsTest:tearDownClass): 200 GET http://10.180.1.21/compute/v2.1/servers/d2acffc3-ddec-448d-b3c7-666de4aeebfb 1.183s
2025-02-14 10:58:38.986 63122 INFO tempest.lib.common.rest_client [req-3ab08718-76d0-45c5-bea1-8855b82ce42a req-3ab08718-76d0-45c5-bea1-8855b82ce42a ] Request (FloatingIPsAssociationTestJSON:test_associate_already_associated_floating_ip): 200 GET http://10.180.1.21/compute/v2.1/servers/1a26cd0b-c0b7-4f41-997f-0a6b2c644e32 1.150s
2025-02-14 10:58:38.998 63161 INFO tempest.lib.common.rest_client [req-25dea5b3-c3dd-4388-9b71-13fe32daa2ba req-25dea5b3-c3dd-4388-9b71-13fe32daa2ba ] Request (ServersTestFqdnHostnames:test_create_server_with_fqdn_name): 200 GET http://10.180.1.21/compute/v2.1/servers/4b1de28b-58b7-4c1c-a0e7-0319b02e4fab 0.964s
2025-02-14 10:58:39.067 63170 INFO tempest.lib.common.rest_client [req-e0f9d0d0-3631-4a13-9d34-3961303f6483 req-e0f9d0d0-3631-4a13-9d34-3961303f6483 ] Request (ServerDiagnosticsV248Test:tearDownClass): 200 GET http://10.180.1.21/compute/v2.1/servers/79945e5e-b3bb-4a3f-9b8e-f4d54a2a0f73 0.942s
2025-02-14 10:58:39.171 63124 INFO tempest.lib.common.rest_client [req-360fa3c8-92e8-4d11-b0e8-b83a6aefb607 req-360fa3c8-92e8-4d11-b0e8-b83a6aefb607 ] Request (MigrationsAdminTest:test_list_migrations_in_flavor_resize_situation): 200 GET http://10.180.1.21/compute/v2.1/servers/a50a8b4e-3889-4240-bd9f-8bdb6298f990 0.921s
2025-02-14 10:58:39.195 63168 WARNING tempest.lib.common.ssh [-] Failed to establish authenticated ssh connection to cirros@10.180.180.154 ([Errno None] Unable to connect to port 22 on 10.180.180.154). Number attempts: 2. Retry after 3 seconds.: paramiko.ssh_exception.NoValidConnectionsError: [Errno None] Unable to connect to port 22 on 10.180.180.154
2025-02-14 10:58:39.218 63130 INFO tempest.lib.common.rest_client [req-95600259-e91d-4e5a-b08a-8550f2e13025 req-95600259-e91d-4e5a-b08a-8550f2e13025 ] Request (MultipleCreateTestJSON:test_multiple_create): 200 GET http://10.180.1.21/compute/v2.1/servers/433a19cc-9fad-46a2-8c65-4b27a2df35b8 0.950s
2025-02-14 10:58:39.335 63140 INFO tempest.lib.common.rest_client [req-1e99746c-d337-4e1a-989c-ab30a0258fad req-1e99746c-d337-4e1a-989c-ab30a0258fad ] Request (ServerActionsTestJSON:setUpClass): 202 POST http://10.180.1.21/compute/v2.1/servers 1.252s
2025-02-14 10:58:39.414 63136 INFO tempest.lib.common.rest_client [req-0914517d-ef00-4564-800b-277c4a951a3a req-0914517d-ef00-4564-800b-277c4a951a3a ] Request (ImagesTestJSON:_run_cleanups): 204 DELETE http://10.180.1.21/compute/v2.1/servers/9e9c1cf7-bc33-4fdb-9649-09fc8ee64814 1.083s
2025-02-14 10:58:39.419 63158 INFO tempest.lib.common.rest_client [req-7d662b4c-af50-453f-a1ea-b4ed506f1f0c req-7d662b4c-af50-453f-a1ea-b4ed506f1f0c ] Request (TenantUsagesNegativeTestJSON:test_get_usage_tenant_with_invalid_date): 400 GET http://10.180.1.21/compute/v2.1/os-simple-tenant-usage/e038ded723d04a909ab93549f33e4127?start=2025-02-15T10%3A58%3A37.262455&end=2025-02-13T10%3A58%3A37.262455 1.065s
2025-02-14 10:58:39.440 63173 INFO tempest.lib.common.rest_client [req-81390507-b09e-4bc8-b81b-0355b6eee985 req-81390507-b09e-4bc8-b81b-0355b6eee985 ] Request (FlavorsAdminTestJSON:test_list_non_public_flavor): 200 POST http://10.180.1.21/compute/v2.1/flavors 1.069s
2025-02-14 10:58:39.468 63182 INFO tempest.lib.common.rest_client [req-cc864e7c-5383-4e21-8be7-c2dcc2ac76e1 req-cc864e7c-5383-4e21-8be7-c2dcc2ac76e1 ] Request (VolumesSnapshotsTestJSON:_run_cleanups): 404 GET http://10.180.1.21/compute/v2.1/os-volumes/6b69a80c-45b7-442d-bd79-017d22f49a36 1.046s
2025-02-14 10:58:39.478 63136 INFO tempest.lib.common.rest_client [req-447c5784-15f2-428e-affb-6a8baae7aae1 req-447c5784-15f2-428e-affb-6a8baae7aae1 ] Request (ImagesTestJSON:test_create_image_from_suspended_server): 201 POST http://10.180.1.21/identity/v3/auth/tokens 0.055s
2025-02-14 10:58:39.479 63136 INFO tempest.lib.common.fixed_network [-] (ImagesTestJSON:test_create_image_from_suspended_server) Found network {'id': '8258d5ac-a2b4-4afb-99b6-dc81478370dd', 'name': 'tempest-ImagesTestJSON-233263741-network', 'tenant_id': '7d681fe2b18641eaa55a00c5c85f8783', 'admin_state_up': True, 'mtu': 8950, 'status': 'ACTIVE', 'subnets': [], 'shared': False, 'project_id': '7d681fe2b18641eaa55a00c5c85f8783', 'port_security_enabled': True, 'router:external': False, 'provider:network_type': 'vlan', 'provider:physical_network': 'default', 'provider:segmentation_id': 366, 'availability_zone_hints': [], 'availability_zones': [], 'ipv4_address_scope': None, 'ipv6_address_scope': None, 'description': '', 'tags': [], 'created_at': '2025-02-14T10:57:34Z', 'updated_at': '2025-02-14T10:57:34Z', 'revision_number': 1} available for tenant
2025-02-14 10:58:39.513 63176 INFO tempest.lib.common.rest_client [req-d14d1836-5b86-4370-b4f7-1d0b94082d27 req-d14d1836-5b86-4370-b4f7-1d0b94082d27 ] Request (ServersAdminNegativeTestJSON:setUpClass): 202 POST http://10.180.1.21/compute/v2.1/servers 1.217s
2025-02-14 10:58:39.535 63150 INFO tempest.lib.common.rest_client [req-9db77604-7d7c-42a4-9a77-45ce8f0e4f41 req-9db77604-7d7c-42a4-9a77-45ce8f0e4f41 ] Request (ServerTagsTestJSON:test_update_all_tags): 200 PUT http://10.180.1.21/compute/v2.1/servers/03e4452c-7f43-41ef-84ca-a9be999c500e/tags 1.104s
2025-02-14 10:58:39.607 63178 INFO tempest.lib.common.rest_client [req-5c8873a9-cc1c-4280-ac96-1b80790eccf8 req-5c8873a9-cc1c-4280-ac96-1b80790eccf8 ] Request (ServersTestBootFromVolume:setUpClass): 200 GET http://10.180.1.21/compute/v2.1/servers/f18cc418-3ecf-4e94-a23c-6e7c7c56c0d0 1.027s
2025-02-14 10:58:39.665 63156 INFO tempest.lib.common.rest_client [req-231a8c47-c771-41e1-b5f2-802c4d74c404 req-231a8c47-c771-41e1-b5f2-802c4d74c404 ] Request (FloatingIPsAssociationNegativeTestJSON:tearDownClass): 200 GET http://10.180.1.21/compute/v2.1/servers/eabce8cf-293c-4081-8be0-c1fcec80a985 0.849s
2025-02-14 10:58:39.674 63156 INFO tempest.common.waiters [-] State transition "ACTIVE/deleting" ==> "DELETED/None" after 4 second wait
2025-02-14 10:58:39.678 63146 INFO tempest.lib.common.rest_client [req-af5b748a-4fda-4109-a00c-a64d7dc78bb1 req-af5b748a-4fda-4109-a00c-a64d7dc78bb1 ] Request (ServersWithSpecificFlavorTestJSON:test_verify_created_server_ephemeral_disk): 200 GET http://10.180.1.21/compute/v2.1/servers/81d36cda-0337-478d-a4de-74a52917bcdc 1.177s
2025-02-14 10:58:39.681 63165 INFO tempest.lib.common.rest_client [req-f870b80b-77b6-4e51-960a-36cfc8b3bbd3 req-f870b80b-77b6-4e51-960a-36cfc8b3bbd3 ] Request (SecurityGroupsTestJSON:test_security_groups_create_list_delete): 404 GET http://10.180.1.21/compute/v2.1/os-security-groups/36f8e1a6-9c04-480d-93e1-26fa9932a9e7 0.817s
2025-02-14 10:58:39.686 63146 INFO tempest.common.waiters [-] State transition "BUILD/spawning" ==> "ACTIVE/None" after 31 second wait
2025-02-14 10:58:39.748 63142 INFO tempest.lib.common.rest_client [req-aeb82959-4622-42b7-be3c-755b1cfc79d7 req-aeb82959-4622-42b7-be3c-755b1cfc79d7 ] Request (DeleteServersAdminTestJSON:test_delete_server_while_in_error_state): 200 GET http://10.180.1.21/compute/v2.1/servers/3d6dd8d1-8695-44d6-968b-d0ab5d634736 0.566s
2025-02-14 10:58:39.804 63144 INFO tempest.lib.common.rest_client [req-233b540d-9e0f-402d-83c4-21787c7790ba req-233b540d-9e0f-402d-83c4-21787c7790ba ] Request (ServersAdmin275Test:test_rebuild_update_server_275): 200 GET http://10.180.1.21/compute/v2.1/servers/637c1419-b959-4be2-abe7-3842e89c114c 0.605s
2025-02-14 10:58:39.819 63162 INFO tempest.lib.common.rest_client [req-4c311584-1b72-4c81-9ebb-dda778262a16 req-4c311584-1b72-4c81-9ebb-dda778262a16 ] Request (ServerMetadataNegativeTestJSON:setUpClass): 200 GET http://10.180.1.21/compute/v2.1/servers/b1518c51-ee9b-4d4b-8328-c0a8f14c9a0b 0.720s
2025-02-14 10:58:39.858 63132 INFO tempest.lib.common.rest_client [req-260da4af-4ed3-402f-bd7f-cc4209e653b0 req-260da4af-4ed3-402f-bd7f-cc4209e653b0 ] Request (ListImageFiltersTestJSON:setUpClass): 200 GET http://10.180.1.21/compute/v2.1/servers/3c08855a-5a42-4495-b8b7-670504c282d0 0.614s
2025-02-14 10:58:39.872 63140 INFO tempest.lib.common.rest_client [req-d77d2df7-bf46-41f5-94e6-8642350c8ec0 req-d77d2df7-bf46-41f5-94e6-8642350c8ec0 ] Request (ServerActionsTestJSON:setUpClass): 200 GET http://10.180.1.21/compute/v2.1/servers/789f6fe4-d124-4483-aa3b-747aa8b6319a 0.533s
2025-02-14 10:58:39.903 63173 INFO tempest.lib.common.rest_client [req-2352f44f-0f42-4e01-a7b4-57d588312590 req-2352f44f-0f42-4e01-a7b4-57d588312590 ] Request (FlavorsAdminTestJSON:test_list_non_public_flavor): 200 GET http://10.180.1.21/compute/v2.1/flavors/detail 0.460s
2025-02-14 10:58:39.936 63182 INFO tempest.lib.common.rest_client [req-2a5032cc-14f2-42ab-9606-a14c4fcdf844 req-2a5032cc-14f2-42ab-9606-a14c4fcdf844 ] Request (VolumesSnapshotsTestJSON:tearDownClass): 404 DELETE http://10.180.1.21/compute/v2.1/os-volumes/6b69a80c-45b7-442d-bd79-017d22f49a36 0.459s
2025-02-14 10:58:39.951 63158 INFO tempest.lib.common.rest_client [req-539371f1-5456-462e-89a6-0d29cf44490e req-539371f1-5456-462e-89a6-0d29cf44490e ] Request (TenantUsagesNegativeTestJSON:test_list_usage_all_tenants_with_non_admin_user): 403 GET http://10.180.1.21/compute/v2.1/os-simple-tenant-usage?start=2025-02-13T10%3A58%3A37.262455&end=2025-02-15T10%3A58%3A37.262455&detailed=1 0.531s
2025-02-14 10:58:40.014 63176 INFO tempest.lib.common.rest_client [req-c35e9964-0cd1-4d3f-ac81-e0b52076cfcd req-c35e9964-0cd1-4d3f-ac81-e0b52076cfcd ] Request (ServersAdminNegativeTestJSON:setUpClass): 200 GET http://10.180.1.21/compute/v2.1/servers/2c9d6e0c-8f02-4457-ba8c-fdb831de6f7f 0.499s
2025-02-14 10:58:40.047 63150 INFO tempest.lib.common.rest_client [req-b7591c75-3e25-4ae1-9695-8e11adafa250 req-b7591c75-3e25-4ae1-9695-8e11adafa250 ] Request (ServerTagsTestJSON:test_update_all_tags): 200 GET http://10.180.1.21/compute/v2.1/servers/03e4452c-7f43-41ef-84ca-a9be999c500e/tags 0.511s
2025-02-14 10:58:40.084 63158 INFO tempest.lib.common.rest_client [req-a1921b4d-bba3-4483-bdb7-cc6b78bbb3fd req-a1921b4d-bba3-4483-bdb7-cc6b78bbb3fd ] Request (TenantUsagesNegativeTestJSON:tearDownClass): 204 DELETE http://10.180.1.21/identity/v3/users/3bdd2eb8743648f3981417ee0322dcd3 0.128s
2025-02-14 10:58:40.117 63128 INFO tempest.lib.common.rest_client [req-10a0fad9-fe68-4b16-8dfc-58d75e6d0d53 req-10a0fad9-fe68-4b16-8dfc-58d75e6d0d53 ] Request (ServerMetadataTestJSON:setUpClass): 200 GET http://10.180.1.21/compute/v2.1/servers/7be547e3-977a-4e2e-a2a0-61876c52920f 0.468s
2025-02-14 10:58:40.199 63152 INFO tempest.lib.common.rest_client [req-d510c7c0-63d4-49e5-af99-3ff79251ed60 req-d510c7c0-63d4-49e5-af99-3ff79251ed60 ] Request (DeleteServersTestJSON:test_delete_active_server): 200 GET http://10.180.1.21/compute/v2.1/servers/c79432c6-1a42-439e-896c-5bb42d30066c 0.548s
2025-02-14 10:58:40.217 63158 INFO tempest.lib.common.rest_client [req-4f2427a7-fa1f-475d-bf13-36734a34a2e8 req-4f2427a7-fa1f-475d-bf13-36734a34a2e8 ] Request (TenantUsagesNegativeTestJSON:tearDownClass): 204 DELETE http://10.180.1.21/identity/v3/users/93a4377b81af49268b4c49e2390a3cf7 0.133s
2025-02-14 10:58:40.217 63158 INFO tempest.lib.common.dynamic_creds [-] Deleting project and security group for project: e038ded723d04a909ab93549f33e4127
2025-02-14 10:58:40.279 63158 INFO tempest.lib.common.rest_client [req-0485db54-d595-4919-babe-99da3a374237 req-0485db54-d595-4919-babe-99da3a374237 ] Request (TenantUsagesNegativeTestJSON:tearDownClass): 201 POST http://10.180.1.21/identity/v3/auth/tokens 0.061s
2025-02-14 10:58:40.343 63165 INFO tempest.lib.common.rest_client [req-f1abed04-dffe-44b2-a783-2ee9c0007d45 req-f1abed04-dffe-44b2-a783-2ee9c0007d45 ] Request (SecurityGroupsTestJSON:test_security_groups_create_list_delete): 202 DELETE http://10.180.1.21/compute/v2.1/os-security-groups/9e066d88-4169-42ef-9caf-3432a8a5e41d 0.661s
2025-02-14 10:58:40.412 63136 INFO tempest.lib.common.rest_client [req-3a2fcb6f-4083-4b82-81e4-cf202ca3a867 req-3a2fcb6f-4083-4b82-81e4-cf202ca3a867 ] Request (ImagesTestJSON:test_create_image_from_suspended_server): 202 POST http://10.180.1.21/compute/v2.1/servers 0.933s
2025-02-14 10:58:40.420 63146 INFO tempest.lib.common.rest_client [req-7835303a-1f52-4761-bc40-f4d26ae44713 req-7835303a-1f52-4761-bc40-f4d26ae44713 ] Request (ServersWithSpecificFlavorTestJSON:test_verify_created_server_ephemeral_disk): 200 GET http://10.180.1.21/compute/v2.1/servers/81d36cda-0337-478d-a4de-74a52917bcdc/os-interface 0.734s
2025-02-14 10:58:40.515 63138 INFO tempest.lib.common.rest_client [req-95d5e55d-f952-464b-92e3-53ddaec065be req-95d5e55d-f952-464b-92e3-53ddaec065be ] Request (InstanceActionsTestJSON:setUpClass): 200 GET http://10.180.1.21/compute/v2.1/servers/8505e505-e224-4ea7-98d3-1266a616d7f9 0.780s
2025-02-14 10:58:40.522 63126 INFO tempest.lib.common.rest_client [req-0ec6b676-5b96-48ae-9935-4bca11508602 req-0ec6b676-5b96-48ae-9935-4bca11508602 ] Request (ServersV294TestFqdnHostnames:setUpClass): 200 GET http://10.180.1.21/compute/v2.1/servers/f8dec537-4332-4f61-8e6b-d0bb3bc0bbc7 0.779s
2025-02-14 10:58:40.547 63158 INFO tempest.lib.common.rest_client [req-64af6d67-6158-493c-adc6-399f85e294d3 req-64af6d67-6158-493c-adc6-399f85e294d3 ] Request (TenantUsagesNegativeTestJSON:tearDownClass): 200 GET http://10.180.1.21:9696/networking/v2.0/security-groups?tenant_id=e038ded723d04a909ab93549f33e4127&name=default 0.268s
2025-02-14 10:58:40.595 63173 INFO tempest.lib.common.rest_client [req-dc9c1901-9e28-4400-a340-eb328f90c73d req-dc9c1901-9e28-4400-a340-eb328f90c73d ] Request (FlavorsAdminTestJSON:test_list_non_public_flavor): 200 GET http://10.180.1.21/compute/v2.1/flavors/detail 0.681s
2025-02-14 10:58:40.666 63158 INFO tempest.lib.common.rest_client [req-1082cf0b-8c48-48ac-8310-63a0a5738bde req-1082cf0b-8c48-48ac-8310-63a0a5738bde ] Request (TenantUsagesNegativeTestJSON:tearDownClass): 204 DELETE http://10.180.1.21:9696/networking/v2.0/security-groups/5f11d0a6-954a-4d03-b25b-83a2b1d4b188 0.119s
2025-02-14 10:58:40.668 63134 INFO tempest.lib.common.rest_client [req-79f77488-80a3-4b0f-b6e2-ece980f491f0 req-79f77488-80a3-4b0f-b6e2-ece980f491f0 ] Request (ServerDiagnosticsNegativeTest:test_get_server_diagnostics_by_non_admin): 200 GET http://10.180.1.21/compute/v2.1/servers/023d78c8-6fc0-43ca-9b39-2da69063a440 0.731s
2025-02-14 10:58:40.698 63182 INFO tempest.lib.common.rest_client [req-90e0fd76-91ef-4399-bdc4-c81994ce3aec req-90e0fd76-91ef-4399-bdc4-c81994ce3aec ] Request (VolumesSnapshotsTestJSON:tearDownClass): 404 GET http://10.180.1.21/compute/v2.1/os-volumes/6b69a80c-45b7-442d-bd79-017d22f49a36 0.762s
2025-02-14 10:58:40.699 63154 INFO tempest.lib.common.rest_client [req-1f9e54ca-39ea-4e66-bc15-9b0a54cbdaab req-1f9e54ca-39ea-4e66-bc15-9b0a54cbdaab ] Request (VolumesAssistedSnapshotsTest:test_volume_assisted_snapshot_create_delete): 200 GET http://10.180.1.21/compute/v2.1/servers/75386726-036a-4bb8-aab0-ca4e07b6b675 0.831s
2025-02-14 10:58:40.756 63158 INFO tempest.lib.common.rest_client [req-520ca34e-4839-4d92-928e-87bfff4b6f9a req-520ca34e-4839-4d92-928e-87bfff4b6f9a ] Request (TenantUsagesNegativeTestJSON:tearDownClass): 204 DELETE http://10.180.1.21/identity/v3/projects/e038ded723d04a909ab93549f33e4127 0.089s
2025-02-14 10:58:40.756 63158 INFO tempest.lib.common.dynamic_creds [-] Deleting project and security group for project: 6d350386fe504446a8350516da8d222b
2025-02-14 10:58:40.776 63148 INFO tempest.lib.common.rest_client [req-26f305dd-1cee-441a-843f-cd1bec629404 req-26f305dd-1cee-441a-843f-cd1bec629404 ] Request (ServerExternalEventsTest:tearDownClass): 200 GET http://10.180.1.21/compute/v2.1/servers/d2acffc3-ddec-448d-b3c7-666de4aeebfb 0.835s
2025-02-14 10:58:40.785 63122 INFO tempest.lib.common.rest_client [req-8a3ce014-9d28-4fc2-9245-7e6ef801a34b req-8a3ce014-9d28-4fc2-9245-7e6ef801a34b ] Request (FloatingIPsAssociationTestJSON:test_associate_already_associated_floating_ip): 200 GET http://10.180.1.21/compute/v2.1/servers/1a26cd0b-c0b7-4f41-997f-0a6b2c644e32 0.787s
2025-02-14 10:58:40.803 63182 INFO tempest.lib.common.rest_client [req-f8054a4d-2c74-4c1a-86c1-df58e5804ac3 req-f8054a4d-2c74-4c1a-86c1-df58e5804ac3 ] Request (VolumesSnapshotsTestJSON:tearDownClass): 204 DELETE http://10.180.1.21/identity/v3/users/e650c65e610640b884879d64f611db45 0.104s
2025-02-14 10:58:40.803 63182 INFO tempest.lib.common.dynamic_creds [-] Deleting project and security group for project: 07cf25de19b5438e8ffa4a57d8a2a65b
2025-02-14 10:58:40.841 63150 INFO tempest.lib.common.rest_client [req-faf89904-6325-427f-ac4e-35c7f45aea20 req-faf89904-6325-427f-ac4e-35c7f45aea20 ] Request (ServerTagsTestJSON:_run_cleanups): 204 DELETE http://10.180.1.21/compute/v2.1/servers/03e4452c-7f43-41ef-84ca-a9be999c500e/tags 0.788s
2025-02-14 10:58:40.864 63158 INFO tempest.lib.common.rest_client [req-d27eaffc-3cd3-458f-b92f-e8200f8c9fee req-d27eaffc-3cd3-458f-b92f-e8200f8c9fee ] Request (TenantUsagesNegativeTestJSON:tearDownClass): 200 GET http://10.180.1.21:9696/networking/v2.0/security-groups?tenant_id=6d350386fe504446a8350516da8d222b&name=default 0.107s
2025-02-14 10:58:40.875 63182 INFO tempest.lib.common.rest_client [req-f0a6de26-8703-41de-a115-832348908e71 req-f0a6de26-8703-41de-a115-832348908e71 ] Request (VolumesSnapshotsTestJSON:tearDownClass): 201 POST http://10.180.1.21/identity/v3/auth/tokens 0.072s
2025-02-14 10:58:40.924 63170 INFO tempest.lib.common.rest_client [req-c50f84d0-ce35-42e6-aa46-3d0ebd8464cb req-c50f84d0-ce35-42e6-aa46-3d0ebd8464cb ] Request (ServerDiagnosticsV248Test:tearDownClass): 200 GET http://10.180.1.21/compute/v2.1/servers/79945e5e-b3bb-4a3f-9b8e-f4d54a2a0f73 0.847s
2025-02-14 10:58:40.948 63158 INFO tempest.lib.common.rest_client [req-b30b8859-e701-4b71-96d9-81f8f2144d90 req-b30b8859-e701-4b71-96d9-81f8f2144d90 ] Request (TenantUsagesNegativeTestJSON:tearDownClass): 204 DELETE http://10.180.1.21:9696/networking/v2.0/security-groups/4122ffa1-9178-48e3-93c8-8e2282587aad 0.083s
2025-02-14 10:58:40.995 63161 INFO tempest.lib.common.rest_client [req-e69aaaad-6f0f-46b8-90b7-04804ba23665 req-e69aaaad-6f0f-46b8-90b7-04804ba23665 ] Request (ServersTestFqdnHostnames:test_create_server_with_fqdn_name): 200 GET http://10.180.1.21/compute/v2.1/servers/4b1de28b-58b7-4c1c-a0e7-0319b02e4fab 0.983s
2025-02-14 10:58:41.009 63161 INFO tempest.common.waiters [-] State transition "BUILD/None" ==> "BUILD/block_device_mapping" after 29 second wait
2025-02-14 10:58:41.018 63158 INFO tempest.lib.common.rest_client [req-1c13a672-5bf7-49f8-ba8b-c1bd4006fc56 req-1c13a672-5bf7-49f8-ba8b-c1bd4006fc56 ] Request (TenantUsagesNegativeTestJSON:tearDownClass): 204 DELETE http://10.180.1.21/identity/v3/projects/6d350386fe504446a8350516da8d222b 0.069s
2025-02-14 10:58:41.076 63182 INFO tempest.lib.common.rest_client [req-aa97a507-2e90-4c3a-9482-0e1cc2dd788f req-aa97a507-2e90-4c3a-9482-0e1cc2dd788f ] Request (VolumesSnapshotsTestJSON:tearDownClass): 200 GET http://10.180.1.21:9696/networking/v2.0/security-groups?tenant_id=07cf25de19b5438e8ffa4a57d8a2a65b&name=default 0.201s
2025-02-14 10:58:41.080 63124 INFO tempest.lib.common.rest_client [req-e463f04e-3d4a-489c-aa90-d7bb50d21d89 req-e463f04e-3d4a-489c-aa90-d7bb50d21d89 ] Request (MigrationsAdminTest:test_list_migrations_in_flavor_resize_situation): 200 GET http://10.180.1.21/compute/v2.1/servers/a50a8b4e-3889-4240-bd9f-8bdb6298f990 0.898s
2025-02-14 10:58:41.080 63130 INFO tempest.lib.common.rest_client [req-1e8b591b-1cc1-47fc-ae81-57b4f300770a req-1e8b591b-1cc1-47fc-ae81-57b4f300770a ] Request (MultipleCreateTestJSON:test_multiple_create): 200 GET http://10.180.1.21/compute/v2.1/servers/433a19cc-9fad-46a2-8c65-4b27a2df35b8 0.854s
2025-02-14 10:58:41.085 63158 INFO tempest.lib.common.rest_client [req-0d77ab49-b760-47f0-aaac-3fe3b202e23e req-0d77ab49-b760-47f0-aaac-3fe3b202e23e ] Request (FlavorsV2NegativeTest:setUpClass): 201 POST http://10.180.1.21/identity/v3/auth/tokens 0.065s
2025-02-14 10:58:41.116 63165 INFO tempest.lib.common.rest_client [req-d3bdbfbc-a4a6-4f11-91f7-7efadcafb1cf req-d3bdbfbc-a4a6-4f11-91f7-7efadcafb1cf ] Request (SecurityGroupsTestJSON:test_security_groups_create_list_delete): 404 GET http://10.180.1.21/compute/v2.1/os-security-groups/9e066d88-4169-42ef-9caf-3432a8a5e41d 0.772s
2025-02-14 10:58:41.130 63158 INFO tempest.lib.common.rest_client [req-be78dccb-f4df-4ed1-a78c-43e43e55dd70 req-be78dccb-f4df-4ed1-a78c-43e43e55dd70 ] Request (FlavorsV2NegativeTest:setUpClass): 201 POST http://10.180.1.21/identity/v3/auth/tokens 0.036s
2025-02-14 10:58:41.135 63173 INFO tempest.lib.common.rest_client [req-24e4e8b0-7959-4f5f-b162-6cafc452dd00 req-24e4e8b0-7959-4f5f-b162-6cafc452dd00 ] Request (FlavorsAdminTestJSON:_run_cleanups): 202 DELETE http://10.180.1.21/compute/v2.1/flavors/858628958 0.534s
2025-02-14 10:58:41.166 63136 INFO tempest.lib.common.rest_client [req-f673f140-cd63-4887-a56e-16db3920ba5a req-f673f140-cd63-4887-a56e-16db3920ba5a ] Request (ImagesTestJSON:test_create_image_from_suspended_server): 200 GET http://10.180.1.21/compute/v2.1/servers/8ec19d32-fde4-4639-b117-ac9d6831453f 0.752s
2025-02-14 10:58:41.170 63158 INFO tempest.lib.common.rest_client [req-20ea2c43-7266-4542-9718-01feda528fd5 req-20ea2c43-7266-4542-9718-01feda528fd5 ] Request (FlavorsV2NegativeTest:setUpClass): 200 GET http://10.180.1.21/identity/v3/domains?name=Default 0.040s
2025-02-14 10:58:41.203 63178 INFO tempest.lib.common.rest_client [req-da8d1daa-8606-436f-a7e3-12347fb58026 req-da8d1daa-8606-436f-a7e3-12347fb58026 ] Request (ServersTestBootFromVolume:setUpClass): 200 GET http://10.180.1.21/compute/v2.1/servers/f18cc418-3ecf-4e94-a23c-6e7c7c56c0d0 0.586s
2025-02-14 10:58:41.215 63158 INFO tempest.lib.common.rest_client [req-b6fd4737-c777-4bf9-81b5-769ec7926569 req-b6fd4737-c777-4bf9-81b5-769ec7926569 ] Request (FlavorsV2NegativeTest:setUpClass): 201 POST http://10.180.1.21/identity/v3/projects 0.044s
2025-02-14 10:58:41.244 63182 INFO tempest.lib.common.rest_client [req-c0c25219-6925-4406-b7b2-fef2ec9830b0 req-c0c25219-6925-4406-b7b2-fef2ec9830b0 ] Request (VolumesSnapshotsTestJSON:tearDownClass): 204 DELETE http://10.180.1.21:9696/networking/v2.0/security-groups/efb6ed93-474d-4d96-a772-e8828497b750 0.167s
2025-02-14 10:58:41.275 63156 INFO tempest.lib.common.rest_client [req-a3339c3b-f4dc-42ab-977d-42855ebbdf94 req-a3339c3b-f4dc-42ab-977d-42855ebbdf94 ] Request (FloatingIPsAssociationNegativeTestJSON:tearDownClass): 200 GET http://10.180.1.21/compute/v2.1/servers/eabce8cf-293c-4081-8be0-c1fcec80a985 0.600s
2025-02-14 10:58:41.286 63142 INFO tempest.lib.common.rest_client [req-95f077f0-4f40-4827-8ca6-00473f2dfc14 req-95f077f0-4f40-4827-8ca6-00473f2dfc14 ] Request (DeleteServersAdminTestJSON:test_delete_server_while_in_error_state): 200 GET http://10.180.1.21/compute/v2.1/servers/3d6dd8d1-8695-44d6-968b-d0ab5d634736 0.529s
2025-02-14 10:58:41.301 63158 INFO tempest.lib.common.rest_client [req-2d584641-5905-4f32-bc32-e7740108f19a req-2d584641-5905-4f32-bc32-e7740108f19a ] Request (FlavorsV2NegativeTest:setUpClass): 201 POST http://10.180.1.21/identity/v3/users 0.086s
2025-02-14 10:58:41.334 63158 INFO tempest.lib.common.rest_client [req-101258f9-f5c2-422a-8953-a19a926abf5e req-101258f9-f5c2-422a-8953-a19a926abf5e ] Request (FlavorsV2NegativeTest:setUpClass): 200 GET http://10.180.1.21/identity/v3/roles 0.030s
2025-02-14 10:58:41.357 63182 INFO tempest.lib.common.rest_client [req-d098bbc9-5f97-452f-893e-a27dca3c7468 req-d098bbc9-5f97-452f-893e-a27dca3c7468 ] Request (VolumesSnapshotsTestJSON:tearDownClass): 204 DELETE http://10.180.1.21/identity/v3/projects/07cf25de19b5438e8ffa4a57d8a2a65b 0.113s
2025-02-14 10:58:41.392 63144 INFO tempest.lib.common.rest_client [req-22c56f3a-0e28-491b-bdec-37dfd7fe8fef req-22c56f3a-0e28-491b-bdec-37dfd7fe8fef ] Request (ServersAdmin275Test:test_rebuild_update_server_275): 200 GET http://10.180.1.21/compute/v2.1/servers/637c1419-b959-4be2-abe7-3842e89c114c 0.570s
2025-02-14 10:58:41.394 63146 INFO tempest.lib.common.rest_client [req-11e75571-287f-4d84-bd4d-990483471b2e req-11e75571-287f-4d84-bd4d-990483471b2e ] Request (ServersWithSpecificFlavorTestJSON:test_verify_created_server_ephemeral_disk): 200 PUT http://10.180.1.21:9696/networking/v2.0/floatingips/9c836c49-0703-4864-b149-f2703c6ce7e7 0.971s
2025-02-14 10:58:41.398 63158 INFO tempest.lib.common.rest_client [req-b1fc6fd4-53ec-4adf-a843-1f699a159ac1 req-b1fc6fd4-53ec-4adf-a843-1f699a159ac1 ] Request (FlavorsV2NegativeTest:setUpClass): 204 PUT http://10.180.1.21/identity/v3/projects/9db59b5047054bcdb39a1158afccc008/users/58b246b962624626b837cc03ee524932/roles/7199f6cf01e94979a61c1c91f83abc20 0.063s
2025-02-14 10:58:41.398 63158 INFO tempest.lib.common.dynamic_creds [-] Dynamic test user 58b246b962624626b837cc03ee524932 is created with scope project and roles: ['member']
2025-02-14 10:58:41.398 63158 INFO tempest.lib.common.dynamic_creds [-] Acquired dynamic creds: credentials: Credentials: {'domain_id': 'default', 'domain_name': 'Default', 'username': 'tempest-FlavorsV2NegativeTest-120774734-project-member', 'project_domain_id': 'default', 'project_domain_name': 'Default', 'project_id': '9db59b5047054bcdb39a1158afccc008', 'project_name': 'tempest-FlavorsV2NegativeTest-120774734', 'tenant_id': '9db59b5047054bcdb39a1158afccc008', 'tenant_name': 'tempest-FlavorsV2NegativeTest-120774734', 'user_domain_id': 'default', 'user_domain_name': 'Default', 'user_id': '58b246b962624626b837cc03ee524932', 'system': None}, Network: None, Subnet: None, Router: None
2025-02-14 10:58:41.399 63158 INFO tempest.lib.common.dynamic_creds [-] Created isolated network resources for: credentials: Credentials: {'domain_id': 'default', 'domain_name': 'Default', 'username': 'tempest-FlavorsV2NegativeTest-120774734-project-member', 'project_domain_id': 'default', 'project_domain_name': 'Default', 'project_id': '9db59b5047054bcdb39a1158afccc008', 'project_name': 'tempest-FlavorsV2NegativeTest-120774734', 'tenant_id': '9db59b5047054bcdb39a1158afccc008', 'tenant_name': 'tempest-FlavorsV2NegativeTest-120774734', 'user_domain_id': 'default', 'user_domain_name': 'Default', 'user_id': '58b246b962624626b837cc03ee524932', 'system': None}, Network: None, Subnet: None, Router: None
2025-02-14 10:58:41.442 63162 INFO tempest.lib.common.rest_client [req-4827381f-ad43-4f71-a919-67998c42518e req-4827381f-ad43-4f71-a919-67998c42518e ] Request (ServerMetadataNegativeTestJSON:setUpClass): 200 GET http://10.180.1.21/compute/v2.1/servers/b1518c51-ee9b-4d4b-8328-c0a8f14c9a0b 0.615s
2025-02-14 10:58:41.455 63162 INFO tempest.common.waiters [-] State transition "BUILD/spawning" ==> "ACTIVE/None" after 33 second wait
2025-02-14 10:58:41.489 63158 INFO tempest.lib.common.rest_client [req-ecbeb256-4a14-4feb-89c7-fb07fc88933a req-ecbeb256-4a14-4feb-89c7-fb07fc88933a ] Request (FlavorsV2NegativeTest:setUpClass): 201 POST http://10.180.1.21/identity/v3/auth/tokens 0.086s
2025-02-14 10:58:41.507 63132 INFO tempest.lib.common.rest_client [req-8bae1a6c-fc55-4512-acf9-38f7c6dba3e0 req-8bae1a6c-fc55-4512-acf9-38f7c6dba3e0 ] Request (ListImageFiltersTestJSON:setUpClass): 200 GET http://10.180.1.21/compute/v2.1/servers/3c08855a-5a42-4495-b8b7-670504c282d0 0.642s
2025-02-14 10:58:41.522 63150 INFO tempest.lib.common.rest_client [req-96ff78ba-a798-4945-8c15-3e6a3b162649 req-96ff78ba-a798-4945-8c15-3e6a3b162649 ] Request (ServerTagsTestJSON:tearDownClass): 204 DELETE http://10.180.1.21/compute/v2.1/servers/03e4452c-7f43-41ef-84ca-a9be999c500e 0.680s
2025-02-14 10:58:41.532 63162 INFO tempest.lib.common.rest_client [req-b005e65a-88eb-44dc-b690-90a58295beac req-b005e65a-88eb-44dc-b690-90a58295beac ] Request (ServerMetadataNegativeTestJSON:test_create_server_metadata_blank_key): 201 POST http://10.180.1.21/identity/v3/auth/tokens 0.073s
2025-02-14 10:58:41.533 63162 INFO tempest.lib.common.fixed_network [-] (ServerMetadataNegativeTestJSON:test_create_server_metadata_blank_key) Found network {'id': '68e66c87-6e87-49ad-8351-a121a7c5b545', 'name': 'tempest-ServerMetadataNegativeTestJSON-701351760-network', 'tenant_id': '19d1de1df26a4b9382233678029fcc8f', 'admin_state_up': True, 'mtu': 8950, 'status': 'ACTIVE', 'subnets': [], 'shared': False, 'project_id': '19d1de1df26a4b9382233678029fcc8f', 'port_security_enabled': True, 'router:external': False, 'provider:network_type': 'vlan', 'provider:physical_network': 'default', 'provider:segmentation_id': 71, 'availability_zone_hints': [], 'availability_zones': [], 'ipv4_address_scope': None, 'ipv6_address_scope': None, 'description': '', 'tags': [], 'created_at': '2025-02-14T10:57:58Z', 'updated_at': '2025-02-14T10:57:58Z', 'revision_number': 1} available for tenant
2025-02-14 10:58:41.585 63140 INFO tempest.lib.common.rest_client [req-2aaf3200-9057-4b79-adcb-524b442280d2 req-2aaf3200-9057-4b79-adcb-524b442280d2 ] Request (ServerActionsTestJSON:setUpClass): 200 GET http://10.180.1.21/compute/v2.1/servers/789f6fe4-d124-4483-aa3b-747aa8b6319a 0.697s
2025-02-14 10:58:41.586 63176 INFO tempest.lib.common.rest_client [req-684cf1c5-5ea1-4ed2-bf55-e54795330922 req-684cf1c5-5ea1-4ed2-bf55-e54795330922 ] Request (ServersAdminNegativeTestJSON:setUpClass): 200 GET http://10.180.1.21/compute/v2.1/servers/2c9d6e0c-8f02-4457-ba8c-fdb831de6f7f 0.552s
2025-02-14 10:58:41.646 63128 INFO tempest.lib.common.rest_client [req-30984ee5-47a8-43a5-8143-32ee811a96d0 req-30984ee5-47a8-43a5-8143-32ee811a96d0 ] Request (ServerMetadataTestJSON:setUpClass): 200 GET http://10.180.1.21/compute/v2.1/servers/7be547e3-977a-4e2e-a2a0-61876c52920f 0.515s
2025-02-14 10:58:41.653 63128 INFO tempest.common.waiters [-] State transition "BUILD/scheduling" ==> "BUILD/None" after 12 second wait
2025-02-14 10:58:41.671 63173 INFO tempest.lib.common.rest_client [req-ff216beb-402d-4b28-bcf2-bcaf01c7777a req-ff216beb-402d-4b28-bcf2-bcaf01c7777a ] Request (FlavorsAdminTestJSON:_run_cleanups): 200 GET http://10.180.1.21/compute/v2.1/flavors/detail 0.536s
2025-02-14 10:58:41.695 63165 INFO tempest.lib.common.rest_client [req-22ac9981-867b-4a39-96ad-f0efe68f5fe6 req-22ac9981-867b-4a39-96ad-f0efe68f5fe6 ] Request (SecurityGroupsTestJSON:test_security_groups_create_list_delete): 200 GET http://10.180.1.21/compute/v2.1/os-security-groups 0.578s
2025-02-14 10:58:41.726 63152 INFO tempest.lib.common.rest_client [req-5c6e8680-ac81-4be0-85da-8c38d5f0995c req-5c6e8680-ac81-4be0-85da-8c38d5f0995c ] Request (DeleteServersTestJSON:test_delete_active_server): 200 GET http://10.180.1.21/compute/v2.1/servers/c79432c6-1a42-439e-896c-5bb42d30066c 0.516s
2025-02-14 10:58:41.784 63146 INFO tempest.lib.common.rest_client [req-9dd39e2b-a458-4ada-acc2-fc21c7d48625 req-9dd39e2b-a458-4ada-acc2-fc21c7d48625 ] Request (ServersWithSpecificFlavorTestJSON:test_verify_created_server_ephemeral_disk): 200 GET http://10.180.1.21/compute/v2.1/servers/81d36cda-0337-478d-a4de-74a52917bcdc 0.390s
2025-02-14 10:58:41.794 63146 INFO tempest.lib.common.ssh [-] Creating ssh connection to '10.180.180.223:22' as 'cirros' with public key authentication
2025-02-14 10:58:41.813 63158 INFO tempest.lib.common.rest_client [req-adc9b575-e5cd-4be4-a604-849ca6635249 req-adc9b575-e5cd-4be4-a604-849ca6635249 ] Request (FlavorsV2NegativeTest:test_boot_with_low_ram): 200 GET http://10.180.1.21/compute/v2.1/flavors/42 0.323s
2025-02-14 10:58:41.871 63138 INFO tempest.lib.common.rest_client [req-0fe6a431-c164-4dbd-b09c-bdd6b5b2fb76 req-0fe6a431-c164-4dbd-b09c-bdd6b5b2fb76 ] Request (InstanceActionsTestJSON:setUpClass): 200 GET http://10.180.1.21/compute/v2.1/servers/8505e505-e224-4ea7-98d3-1266a616d7f9 0.347s
2025-02-14 10:58:41.876 63162 INFO tempest.lib.common.rest_client [req-b27680a6-4001-4406-bab7-146fc5e7cd0d req-b27680a6-4001-4406-bab7-146fc5e7cd0d ] Request (ServerMetadataNegativeTestJSON:test_create_server_metadata_blank_key): 400 POST http://10.180.1.21/compute/v2.1/servers 0.342s
2025-02-14 10:58:41.936 63126 INFO tempest.lib.common.rest_client [req-9a175fb9-c049-478a-80a0-1a0aefc71ff1 req-9a175fb9-c049-478a-80a0-1a0aefc71ff1 ] Request (ServersV294TestFqdnHostnames:setUpClass): 200 GET http://10.180.1.21/compute/v2.1/servers/f8dec537-4332-4f61-8e6b-d0bb3bc0bbc7 0.394s
2025-02-14 10:58:41.938 63150 INFO tempest.lib.common.rest_client [req-59a1f169-c6b5-4204-84df-bd71c970639e req-59a1f169-c6b5-4204-84df-bd71c970639e ] Request (ServerTagsTestJSON:tearDownClass): 200 GET http://10.180.1.21/compute/v2.1/servers/03e4452c-7f43-41ef-84ca-a9be999c500e 0.416s
2025-02-14 10:58:41.955 63173 INFO tempest.lib.common.rest_client [req-620e9ac1-3cab-483a-8c4a-9089bbd4e5a3 req-620e9ac1-3cab-483a-8c4a-9089bbd4e5a3 ] Request (FlavorsAdminTestJSON:test_list_public_flavor_with_other_user): 200 POST http://10.180.1.21/compute/v2.1/flavors 0.278s
2025-02-14 10:58:41.994 63134 INFO tempest.lib.common.rest_client [req-48fae36d-5ef4-4e1d-b222-f99331c52f8d req-48fae36d-5ef4-4e1d-b222-f99331c52f8d ] Request (ServerDiagnosticsNegativeTest:test_get_server_diagnostics_by_non_admin): 200 GET http://10.180.1.21/compute/v2.1/servers/023d78c8-6fc0-43ca-9b39-2da69063a440 0.315s
2025-02-14 10:58:42.125 63165 INFO tempest.lib.common.rest_client [req-2b9eea94-314e-475a-86a5-e58398d26274 req-2b9eea94-314e-475a-86a5-e58398d26274 ] Request (SecurityGroupsTestJSON:test_server_security_groups): 200 POST http://10.180.1.21/compute/v2.1/os-security-groups 0.424s
2025-02-14 10:58:42.133 63154 INFO tempest.lib.common.rest_client [req-6637e2ab-221e-4ab2-bbcc-d18ea02a3c51 req-6637e2ab-221e-4ab2-bbcc-d18ea02a3c51 ] Request (VolumesAssistedSnapshotsTest:test_volume_assisted_snapshot_create_delete): 200 GET http://10.180.1.21/compute/v2.1/servers/75386726-036a-4bb8-aab0-ca4e07b6b675 0.423s
2025-02-14 10:58:42.174 63158 INFO tempest.lib.common.rest_client [req-b145a37a-9fac-49ed-acbd-fc8b8f22acca req-b145a37a-9fac-49ed-acbd-fc8b8f22acca ] Request (FlavorsV2NegativeTest:test_boot_with_low_ram): 201 POST http://10.180.1.21/image/v2/images 0.356s
2025-02-14 10:58:42.183 63148 INFO tempest.lib.common.rest_client [req-d30172ff-5a9d-4bf1-a4aa-121c10aacba3 req-d30172ff-5a9d-4bf1-a4aa-121c10aacba3 ] Request (ServerExternalEventsTest:tearDownClass): 200 GET http://10.180.1.21/compute/v2.1/servers/d2acffc3-ddec-448d-b3c7-666de4aeebfb 0.394s
2025-02-14 10:58:42.190 63122 INFO tempest.lib.common.rest_client [req-11fb5188-be7d-4db9-abeb-d324302e5731 req-11fb5188-be7d-4db9-abeb-d324302e5731 ] Request (FloatingIPsAssociationTestJSON:test_associate_already_associated_floating_ip): 200 GET http://10.180.1.21/compute/v2.1/servers/1a26cd0b-c0b7-4f41-997f-0a6b2c644e32 0.395s
2025-02-14 10:58:42.191 63162 INFO tempest.lib.common.rest_client [req-38bd6567-09de-4a76-92a8-70aec689c7c3 req-38bd6567-09de-4a76-92a8-70aec689c7c3 ] Request (ServerMetadataNegativeTestJSON:test_delete_metadata_non_existent_server): 404 DELETE http://10.180.1.21/compute/v2.1/servers/6bfa9a2c-235c-4858-b1c7-88b94a4481b4/metadata/d 0.314s
2025-02-14 10:58:42.213 63170 INFO tempest.lib.common.rest_client [req-5bb01d2b-8207-44b8-95ba-f448ee1a3724 req-5bb01d2b-8207-44b8-95ba-f448ee1a3724 ] Request (ServerDiagnosticsV248Test:tearDownClass): 404 GET http://10.180.1.21/compute/v2.1/servers/79945e5e-b3bb-4a3f-9b8e-f4d54a2a0f73 0.274s
2025-02-14 10:58:42.234 63173 INFO tempest.lib.common.rest_client [req-e8d44b93-041f-48da-a740-dad0e1eee793 req-e8d44b93-041f-48da-a740-dad0e1eee793 ] Request (FlavorsAdminTestJSON:test_list_public_flavor_with_other_user): 200 GET http://10.180.1.21/compute/v2.1/flavors/detail 0.277s
2025-02-14 10:58:42.316 63170 INFO tempest.lib.common.rest_client [req-1fb3ffeb-1937-4723-944a-0d2b30bebd43 req-1fb3ffeb-1937-4723-944a-0d2b30bebd43 ] Request (ServerDiagnosticsV248Test:tearDownClass): 204 DELETE http://10.180.1.21/identity/v3/users/ab965cf2c3b141b18c64d69fc6f12739 0.103s
2025-02-14 10:58:42.324 63161 INFO tempest.lib.common.rest_client [req-90ce6dbd-b66c-4704-be28-fdd40a467b5b req-90ce6dbd-b66c-4704-be28-fdd40a467b5b ] Request (ServersTestFqdnHostnames:test_create_server_with_fqdn_name): 200 GET http://10.180.1.21/compute/v2.1/servers/4b1de28b-58b7-4c1c-a0e7-0319b02e4fab 0.312s
2025-02-14 10:58:42.335 63161 INFO tempest.common.waiters [-] State transition "BUILD/block_device_mapping" ==> "BUILD/spawning" after 30 second wait
2025-02-14 10:58:42.374 63130 INFO tempest.lib.common.rest_client [req-e89cfdd5-bc34-429a-a2cd-007361749b1e req-e89cfdd5-bc34-429a-a2cd-007361749b1e ] Request (MultipleCreateTestJSON:test_multiple_create): 200 GET http://10.180.1.21/compute/v2.1/servers/433a19cc-9fad-46a2-8c65-4b27a2df35b8 0.282s
2025-02-14 10:58:42.384 63124 INFO tempest.lib.common.rest_client [req-8eff7e5e-38e8-4b90-8c9e-c3dae63d025a req-8eff7e5e-38e8-4b90-8c9e-c3dae63d025a ] Request (MigrationsAdminTest:test_list_migrations_in_flavor_resize_situation): 200 GET http://10.180.1.21/compute/v2.1/servers/a50a8b4e-3889-4240-bd9f-8bdb6298f990 0.294s
2025-02-14 10:58:42.395 63124 INFO tempest.common.waiters [-] State transition "RESIZE/resize_migrating" ==> "RESIZE/resize_migrated" after 31 second wait
2025-02-14 10:58:42.454 63170 INFO tempest.lib.common.rest_client [req-580cb460-396a-4b3f-8ed9-37e68365940d req-580cb460-396a-4b3f-8ed9-37e68365940d ] Request (ServerDiagnosticsV248Test:tearDownClass): 204 DELETE http://10.180.1.21/identity/v3/users/74aeccc5989e4314a73f6dcc94b95473 0.138s
2025-02-14 10:58:42.455 63170 INFO tempest.lib.common.dynamic_creds [-] Deleting project and security group for project: c2d326c901ca4fdaa657ce4a58c118f1
2025-02-14 10:58:42.460 63136 INFO tempest.lib.common.rest_client [req-56bb15a8-79a9-41a3-8327-feb5a72f9957 req-56bb15a8-79a9-41a3-8327-feb5a72f9957 ] Request (ImagesTestJSON:test_create_image_from_suspended_server): 200 GET http://10.180.1.21/compute/v2.1/servers/8ec19d32-fde4-4639-b117-ac9d6831453f 0.279s
2025-02-14 10:58:42.468 63162 INFO tempest.lib.common.rest_client [req-9da817d2-f330-4e71-b6c9-715ea9d21c98 req-9da817d2-f330-4e71-b6c9-715ea9d21c98 ] Request (ServerMetadataNegativeTestJSON:test_list_server_metadata_non_existent_server): 404 GET http://10.180.1.21/compute/v2.1/servers/805128d2-9fee-486a-a4b6-492b5dc1e0bc/metadata 0.275s
2025-02-14 10:58:42.515 63165 INFO tempest.lib.common.rest_client [req-b8450398-c9f8-466b-8b63-09e62bb3ac42 req-b8450398-c9f8-466b-8b63-09e62bb3ac42 ] Request (SecurityGroupsTestJSON:test_server_security_groups): 200 POST http://10.180.1.21/compute/v2.1/os-security-groups 0.386s
2025-02-14 10:58:42.527 63178 INFO tempest.lib.common.rest_client [req-53a3bd9e-c652-427d-ba20-355bf3e56bdb req-53a3bd9e-c652-427d-ba20-355bf3e56bdb ] Request (ServersTestBootFromVolume:setUpClass): 200 GET http://10.180.1.21/compute/v2.1/servers/f18cc418-3ecf-4e94-a23c-6e7c7c56c0d0 0.309s
2025-02-14 10:58:42.537 63170 INFO tempest.lib.common.rest_client [req-f0180bf9-da2b-4505-bf2a-711eb16f9463 req-f0180bf9-da2b-4505-bf2a-711eb16f9463 ] Request (ServerDiagnosticsV248Test:tearDownClass): 201 POST http://10.180.1.21/identity/v3/auth/tokens 0.082s
2025-02-14 10:58:42.537 63173 INFO tempest.lib.common.rest_client [req-0da6e326-9ba6-4e40-bedf-a276d1f06e83 req-0da6e326-9ba6-4e40-bedf-a276d1f06e83 ] Request (FlavorsAdminTestJSON:_run_cleanups): 202 DELETE http://10.180.1.21/compute/v2.1/flavors/1535040132 0.299s
2025-02-14 10:58:42.605 63165 INFO tempest.lib.common.rest_client [req-af960dd1-c944-4bba-8356-ee3148533f85 req-af960dd1-c944-4bba-8356-ee3148533f85 ] Request (SecurityGroupsTestJSON:test_server_security_groups): 201 POST http://10.180.1.21/identity/v3/auth/tokens 0.085s
2025-02-14 10:58:42.606 63165 INFO tempest.lib.common.fixed_network [-] (SecurityGroupsTestJSON:test_server_security_groups) Found network {'id': 'f87a4100-20e3-4d22-8e9f-52f397203ddd', 'name': 'tempest-SecurityGroupsTestJSON-759882773-network', 'tenant_id': 'e64308a0ceea4f36a7f0bdae4acbee35', 'admin_state_up': True, 'mtu': 8950, 'status': 'ACTIVE', 'subnets': [], 'shared': False, 'project_id': 'e64308a0ceea4f36a7f0bdae4acbee35', 'port_security_enabled': True, 'router:external': False, 'provider:network_type': 'vlan', 'provider:physical_network': 'default', 'provider:segmentation_id': 528, 'availability_zone_hints': [], 'availability_zones': [], 'ipv4_address_scope': None, 'ipv6_address_scope': None, 'description': '', 'tags': [], 'created_at': '2025-02-14T10:57:34Z', 'updated_at': '2025-02-14T10:57:34Z', 'revision_number': 1} available for tenant
2025-02-14 10:58:42.606 63142 INFO tempest.lib.common.rest_client [req-4aca07df-573f-4bad-b010-40b671620104 req-4aca07df-573f-4bad-b010-40b671620104 ] Request (DeleteServersAdminTestJSON:test_delete_server_while_in_error_state): 200 GET http://10.180.1.21/compute/v2.1/servers/3d6dd8d1-8695-44d6-968b-d0ab5d634736 0.308s
2025-02-14 10:58:42.608 63156 INFO tempest.lib.common.rest_client [req-e51e0d71-3945-437d-914c-156124cecc46 req-e51e0d71-3945-437d-914c-156124cecc46 ] Request (FloatingIPsAssociationNegativeTestJSON:tearDownClass): 200 GET http://10.180.1.21/compute/v2.1/servers/eabce8cf-293c-4081-8be0-c1fcec80a985 0.321s
2025-02-14 10:58:42.659 63144 INFO tempest.lib.common.rest_client [req-8de9964b-daf3-4d4e-8d4d-b2c09c5c03d1 req-8de9964b-daf3-4d4e-8d4d-b2c09c5c03d1 ] Request (ServersAdmin275Test:test_rebuild_update_server_275): 200 GET http://10.180.1.21/compute/v2.1/servers/637c1419-b959-4be2-abe7-3842e89c114c 0.249s
2025-02-14 10:58:42.676 63144 INFO tempest.common.waiters [-] State transition "REBUILD/rebuild_spawning" ==> "ACTIVE/None" after 8 second wait
2025-02-14 10:58:42.718 63132 INFO tempest.lib.common.rest_client [req-32988768-96a5-4963-8484-37287898af55 req-32988768-96a5-4963-8484-37287898af55 ] Request (ListImageFiltersTestJSON:setUpClass): 200 GET http://10.180.1.21/compute/v2.1/servers/3c08855a-5a42-4495-b8b7-670504c282d0 0.196s
2025-02-14 10:58:42.740 63173 INFO tempest.lib.common.rest_client [req-2a1a9ee2-2ae8-434e-bd55-0fcc788b130c req-2a1a9ee2-2ae8-434e-bd55-0fcc788b130c ] Request (FlavorsAdminTestJSON:_run_cleanups): 200 GET http://10.180.1.21/compute/v2.1/flavors/detail 0.202s
2025-02-14 10:58:42.746 63170 INFO tempest.lib.common.rest_client [req-a0018163-ba2f-4956-9b7d-17cd9db85c34 req-a0018163-ba2f-4956-9b7d-17cd9db85c34 ] Request (ServerDiagnosticsV248Test:tearDownClass): 200 GET http://10.180.1.21:9696/networking/v2.0/security-groups?tenant_id=c2d326c901ca4fdaa657ce4a58c118f1&name=default 0.207s
2025-02-14 10:58:42.764 63162 INFO tempest.lib.common.rest_client [req-fe53aefa-1977-4d4e-9ebf-fc1c32ace5a2 req-fe53aefa-1977-4d4e-9ebf-fc1c32ace5a2 ] Request (ServerMetadataNegativeTestJSON:test_metadata_items_limit): 200 GET http://10.180.1.21/compute/v2.1/os-quota-sets/19d1de1df26a4b9382233678029fcc8f 0.295s
2025-02-14 10:58:42.826 63173 INFO tempest.lib.common.rest_client [req-de1b4e13-d4de-4acc-8fba-c185dcd9399f req-de1b4e13-d4de-4acc-8fba-c185dcd9399f ] Request (FlavorsAdminTestJSON:tearDownClass): 204 DELETE http://10.180.1.21/identity/v3/users/38ad014929c146ebbf77e3b5cefe5624 0.080s
2025-02-14 10:58:42.827 63170 INFO tempest.lib.common.rest_client [req-9c6c1cba-55a8-4a2f-82e8-afc17cd3f48c req-9c6c1cba-55a8-4a2f-82e8-afc17cd3f48c ] Request (ServerDiagnosticsV248Test:tearDownClass): 204 DELETE http://10.180.1.21:9696/networking/v2.0/security-groups/67fe346f-0a30-4c17-8b2b-0fff9dfacbe4 0.081s
2025-02-14 10:58:42.833 63158 INFO tempest.lib.common.rest_client [req-7071392b-1270-4553-89c1-125e0f18020b req-7071392b-1270-4553-89c1-125e0f18020b ] Request (FlavorsV2NegativeTest:test_boot_with_low_ram): 204 PUT http://10.180.1.21/image/v2/images/b0dc4d33-202c-4361-ab4f-8493c5d841fe/file 0.658s
2025-02-14 10:58:42.844 63140 INFO tempest.lib.common.rest_client [req-109f6254-1f27-4818-b2d7-9b5fb4f0eb2e req-109f6254-1f27-4818-b2d7-9b5fb4f0eb2e ] Request (ServerActionsTestJSON:setUpClass): 200 GET http://10.180.1.21/compute/v2.1/servers/789f6fe4-d124-4483-aa3b-747aa8b6319a 0.249s
2025-02-14 10:58:42.848 63176 INFO tempest.lib.common.rest_client [req-9b0ea24d-44e0-4959-ab4b-936578ad2b5b req-9b0ea24d-44e0-4959-ab4b-936578ad2b5b ] Request (ServersAdminNegativeTestJSON:setUpClass): 200 GET http://10.180.1.21/compute/v2.1/servers/2c9d6e0c-8f02-4457-ba8c-fdb831de6f7f 0.249s
2025-02-14 10:58:42.900 63128 INFO tempest.lib.common.rest_client [req-bb88f140-3a93-4343-b455-39782f2ea8ef req-bb88f140-3a93-4343-b455-39782f2ea8ef ] Request (ServerMetadataTestJSON:setUpClass): 200 GET http://10.180.1.21/compute/v2.1/servers/7be547e3-977a-4e2e-a2a0-61876c52920f 0.245s
2025-02-14 10:58:42.910 63170 INFO tempest.lib.common.rest_client [req-0193bd88-bb49-4a9c-b5da-da511214fd1a req-0193bd88-bb49-4a9c-b5da-da511214fd1a ] Request (ServerDiagnosticsV248Test:tearDownClass): 204 DELETE http://10.180.1.21/identity/v3/projects/c2d326c901ca4fdaa657ce4a58c118f1 0.083s
2025-02-14 10:58:42.911 63170 INFO tempest.lib.common.dynamic_creds [-] Deleting project and security group for project: 4b8118e823d743469f84a2f17071de37
2025-02-14 10:58:42.926 63173 INFO tempest.lib.common.rest_client [req-31450efe-0a13-4cf6-b7d3-d0eef2716c04 req-31450efe-0a13-4cf6-b7d3-d0eef2716c04 ] Request (FlavorsAdminTestJSON:tearDownClass): 204 DELETE http://10.180.1.21/identity/v3/users/107540b50c804fafb64374379efce7ad 0.100s
2025-02-14 10:58:42.927 63173 INFO tempest.lib.common.dynamic_creds [-] Deleting project and security group for project: 10995bc69e91421784d03a08565af4b2
2025-02-14 10:58:42.964 63158 INFO tempest.lib.common.rest_client [req-b3359d57-eb3b-4b27-bb2c-ed3160b87041 req-b3359d57-eb3b-4b27-bb2c-ed3160b87041 ] Request (FlavorsV2NegativeTest:test_boot_with_low_ram): 201 POST http://10.180.1.21/identity/v3/auth/tokens 0.126s
2025-02-14 10:58:42.964 63158 INFO tempest.lib.common.fixed_network [-] (FlavorsV2NegativeTest:test_boot_with_low_ram) Found network None available for tenant
2025-02-14 10:58:42.971 63166 WARNING tempest.lib.common.ssh [-] Failed to establish authenticated ssh connection to cirros@10.180.180.139 ([Errno None] Unable to connect to port 22 on 10.180.180.139). Number attempts: 3. Retry after 4 seconds.: paramiko.ssh_exception.NoValidConnectionsError: [Errno None] Unable to connect to port 22 on 10.180.180.139
2025-02-14 10:58:43.026 63170 INFO tempest.lib.common.rest_client [req-8b301b2e-1630-4973-ac36-92405ec70f20 req-8b301b2e-1630-4973-ac36-92405ec70f20 ] Request (ServerDiagnosticsV248Test:tearDownClass): 200 GET http://10.180.1.21:9696/networking/v2.0/security-groups?tenant_id=4b8118e823d743469f84a2f17071de37&name=default 0.114s
2025-02-14 10:58:43.030 63173 INFO tempest.lib.common.rest_client [req-72f5d79b-7fe8-4ee4-8978-a895ec35b865 req-72f5d79b-7fe8-4ee4-8978-a895ec35b865 ] Request (FlavorsAdminTestJSON:tearDownClass): 201 POST http://10.180.1.21/identity/v3/auth/tokens 0.103s
2025-02-14 10:58:43.178 63165 INFO tempest.lib.common.rest_client [req-afb76c47-acb3-4f23-81c3-a1efffb8ca5a req-afb76c47-acb3-4f23-81c3-a1efffb8ca5a ] Request (SecurityGroupsTestJSON:test_server_security_groups): 202 POST http://10.180.1.21/compute/v2.1/servers 0.572s
2025-02-14 10:58:43.197 63170 INFO tempest.lib.common.rest_client [req-1e47035b-fe63-472a-897d-5b9a9fddfe6d req-1e47035b-fe63-472a-897d-5b9a9fddfe6d ] Request (ServerDiagnosticsV248Test:tearDownClass): 204 DELETE http://10.180.1.21:9696/networking/v2.0/security-groups/08d92454-4984-4562-b2bd-1799c700876b 0.171s
2025-02-14 10:58:43.268 63152 INFO tempest.lib.common.rest_client [req-76da73de-bdae-40ea-bc42-4b010745fb97 req-76da73de-bdae-40ea-bc42-4b010745fb97 ] Request (DeleteServersTestJSON:test_delete_active_server): 200 GET http://10.180.1.21/compute/v2.1/servers/c79432c6-1a42-439e-896c-5bb42d30066c 0.533s
2025-02-14 10:58:43.279 63173 INFO tempest.lib.common.rest_client [req-21cd3763-8432-4d5d-9ea3-e76cb2153d49 req-21cd3763-8432-4d5d-9ea3-e76cb2153d49 ] Request (FlavorsAdminTestJSON:tearDownClass): 200 GET http://10.180.1.21:9696/networking/v2.0/security-groups?tenant_id=10995bc69e91421784d03a08565af4b2&name=default 0.249s
2025-02-14 10:58:43.297 63170 INFO tempest.lib.common.rest_client [req-0d46b2a4-6049-4aad-a136-f30a7e676ff4 req-0d46b2a4-6049-4aad-a136-f30a7e676ff4 ] Request (ServerDiagnosticsV248Test:tearDownClass): 204 DELETE http://10.180.1.21/identity/v3/projects/4b8118e823d743469f84a2f17071de37 0.099s
