2024-10-15 17:22:37.353 62135 INFO tempest.lib.common.rest_client [req-4c4dbe31-4fcc-48f9-ba2d-6ed7359fc8c9 req-4c4dbe31-4fcc-48f9-ba2d-6ed7359fc8c9 ] Request (ImagesOneServerNegativeTestJSON:setUpClass): 200 GET http://10.180.1.21/compute/v2.1/servers/b566ea57-9b1a-4869-be7c-9ba579db25dc 0.048s
2024-10-15 17:22:37.393 62153 INFO tempest.lib.common.rest_client [req-49ac357b-8525-4fa3-9934-e062bc3f12b6 req-49ac357b-8525-4fa3-9934-e062bc3f12b6 ] Request (SecurityGroupsTestJSON:test_list_security_groups_by_server): 200 GET http://10.180.1.21/compute/v2.1/servers/48b40da3-1efc-4557-a791-e88158338aec 0.047s
2024-10-15 17:22:37.435 62099 INFO tempest.lib.common.rest_client [req-c156d615-0624-4362-baa9-67a6381564ff req-c156d615-0624-4362-baa9-67a6381564ff ] Request (ServersTestManualDisk:setUpClass): 200 GET http://10.180.1.21/compute/v2.1/servers/29cb49fe-627a-4f0f-919b-58f764cd63d0 0.045s
2024-10-15 17:22:37.450 62117 INFO tempest.lib.common.rest_client [req-8aa5b4c5-c177-4a6d-8d5a-8541cf26e9f6 req-8aa5b4c5-c177-4a6d-8d5a-8541cf26e9f6 ] Request (AttachInterfacesUnderV243Test:test_add_remove_fixed_ip): 200 GET http://10.180.1.21/compute/v2.1/servers/beffa800-ff93-4230-be14-f2b906666cc0 0.043s
2024-10-15 17:22:37.478 62113 INFO tempest.lib.common.rest_client [req-b40fe3bc-2095-44d7-ae57-5adfe61c020c req-b40fe3bc-2095-44d7-ae57-5adfe61c020c ] Request (ServerGroupTestJSON:test_create_server_with_scheduler_hint_group): 200 GET http://10.180.1.21/compute/v2.1/servers/b0e0fcf9-1630-49aa-b053-5498245313b0 0.042s
2024-10-15 17:22:37.501 62091 INFO tempest.lib.common.rest_client [req-8daec1d3-1389-40d2-ae44-66c39bb1d995 req-8daec1d3-1389-40d2-ae44-66c39bb1d995 ] Request (ServerActionsV293TestJSON:setUpClass): 200 GET http://10.180.1.21/compute/v2.1/servers/e795b0f0-2c9c-4f44-9058-fbe706873d5a 0.046s
2024-10-15 17:22:37.537 62149 INFO tempest.lib.common.rest_client [req-ffbb3be0-9c1b-4929-b927-8c5addeb75cb req-ffbb3be0-9c1b-4929-b927-8c5addeb75cb ] Request (ImagesOneServerTestJSON:setUpClass): 200 GET http://10.180.1.21/compute/v2.1/servers/97c37446-5b86-469a-9b9b-751d0ebea463 0.045s
2024-10-15 17:22:37.547 62137 INFO tempest.lib.common.rest_client [req-870e6f02-e4fc-4eb9-a7c9-031cb80679db req-870e6f02-e4fc-4eb9-a7c9-031cb80679db ] Request (ServerShowV257Test:test_rebuild_server): 200 GET http://10.180.1.21/compute/v2.1/servers/694889e8-200e-454c-9e87-60521dd044d9 0.044s
2024-10-15 17:22:37.608 62119 INFO tempest.lib.common.rest_client [req-a0e024bd-cf32-4323-8f4d-a962efe054a1 req-a0e024bd-cf32-4323-8f4d-a962efe054a1 ] Request (ServersAdminNegativeTestJSON:setUpClass): 200 GET http://10.180.1.21/compute/v2.1/servers/f9e90a57-da19-4b1a-81cb-8a6433e09785 0.049s
2024-10-15 17:22:37.615 62101 INFO tempest.lib.common.rest_client [req-988c722a-7e41-490a-bbe9-89861c7c6dd4 req-988c722a-7e41-490a-bbe9-89861c7c6dd4 ] Request (AttachInterfacesV270Test:test_create_get_list_interfaces): 200 GET http://10.180.1.21/compute/v2.1/servers/593106da-0c81-448a-b3ba-fd6007dcdd98 0.052s
2024-10-15 17:22:37.656 62103 INFO tempest.lib.common.rest_client [req-44af335f-59f5-4ccb-b91d-33e15bd02bb7 req-44af335f-59f5-4ccb-b91d-33e15bd02bb7 ] Request (ImagesTestJSON:test_create_image_from_stopped_server): 200 GET http://10.180.1.21/compute/v2.1/servers/fe9b7dd3-2cdb-49a4-b4fd-54a4e9654b79 0.049s
2024-10-15 17:22:37.673 62121 INFO tempest.lib.common.rest_client [req-511046d4-36f9-4b9e-9f7a-447ef1aa24e8 req-511046d4-36f9-4b9e-9f7a-447ef1aa24e8 ] Request (AttachVolumeShelveTestJSON:test_attach_volume_shelved_or_offload_server): 200 GET http://10.180.1.21/compute/v2.1/servers/23f221fd-8f76-4a6f-8189-49d9be9da7e2 0.057s
2024-10-15 17:22:37.727 62123 INFO tempest.lib.common.rest_client [req-ead0026b-e382-4450-866f-75558c65330a req-ead0026b-e382-4450-866f-75558c65330a ] Request (MultipleCreateTestJSON:test_multiple_create): 200 GET http://10.180.1.21/compute/v2.1/servers/d7ca3eac-9738-483a-ae14-67e17929a251 0.058s
2024-10-15 17:22:37.729 62089 INFO tempest.lib.common.rest_client [req-94949c6f-842b-44de-8fd5-e92cf2c21adb req-94949c6f-842b-44de-8fd5-e92cf2c21adb ] Request (ServerExternalEventsTest:test_create_server_external_events): 200 GET http://10.180.1.21/compute/v2.1/servers/ab92661d-d5e3-4e7a-b6c3-48d48bf795b3 0.055s
2024-10-15 17:22:37.778 62127 INFO tempest.lib.common.rest_client [req-1239f0f5-bf47-4322-9ced-d988b78e4cd5 req-1239f0f5-bf47-4322-9ced-d988b78e4cd5 ] Request (ServerMetadataNegativeTestJSON:setUpClass): 200 GET http://10.180.1.21/compute/v2.1/servers/5d89c8de-69f9-432d-bb64-46d662097463 0.060s
2024-10-15 17:22:37.778 62143 INFO tempest.lib.common.rest_client [req-53e82999-32d4-4558-82ec-90ea6e1e12e4 req-53e82999-32d4-4558-82ec-90ea6e1e12e4 ] Request (AttachInterfacesTestJSON:test_create_list_show_delete_interfaces_by_fixed_ip): 200 GET http://10.180.1.21/compute/v2.1/servers/26aba610-746f-4a3c-988c-bf5ffa44198f 0.053s
2024-10-15 17:22:37.825 62111 INFO tempest.lib.common.rest_client [req-1c938c22-6613-45c5-adb8-c3cd20ca8694 req-1c938c22-6613-45c5-adb8-c3cd20ca8694 ] Request (ServersV294TestFqdnHostnames:setUpClass): 200 GET http://10.180.1.21/compute/v2.1/servers/bd549d69-403b-4c5c-9e08-0c84d32a7c0a 0.060s
2024-10-15 17:22:37.917 62139 INFO tempest.lib.common.rest_client [req-36446236-eecb-44fa-a174-3639d777ffac req-36446236-eecb-44fa-a174-3639d777ffac ] Request (ServerActionsTestOtherA:setUpClass): 200 GET http://10.180.1.21/compute/v2.1/servers/d455fa51-f38f-4bb7-ba28-cf03c2ce3dbb 0.046s
2024-10-15 17:22:38.115 62097 INFO tempest.lib.common.rest_client [req-af81f0a7-7377-423f-860a-b1c8af40a0a3 req-af81f0a7-7377-423f-860a-b1c8af40a0a3 ] Request (ServerActionsTestJSON:setUpClass): 200 GET http://10.180.1.21/compute/v2.1/servers/144d5486-d438-4bca-9b68-c414cc1f4659 0.047s
2024-10-15 17:22:38.127 62093 INFO tempest.lib.common.rest_client [req-4244d6e0-38fa-4b2d-8585-f828b49d3643 req-4244d6e0-38fa-4b2d-8585-f828b49d3643 ] Request (InstanceActionsTestJSON:setUpClass): 200 GET http://10.180.1.21/compute/v2.1/servers/90251da7-072c-45ff-899b-3fd2e0c06880 0.046s
2024-10-15 17:22:38.189 62145 INFO tempest.lib.common.rest_client [req-67c3167f-45cc-4bb4-ab99-ea8b83277eef req-67c3167f-45cc-4bb4-ab99-ea8b83277eef ] Request (ServerActionsTestOtherB:setUpClass): 200 GET http://10.180.1.21/compute/v2.1/servers/0b213475-347e-42c9-aa16-0abd570d1a3e 0.046s
2024-10-15 17:22:38.220 62125 INFO tempest.lib.common.rest_client [req-a8b7ab06-5df1-41c5-a949-9ef7850f4871 req-a8b7ab06-5df1-41c5-a949-9ef7850f4871 ] Request (DeleteServersAdminTestJSON:test_delete_server_while_in_error_state): 200 GET http://10.180.1.21/compute/v2.1/servers/394a7258-a9e0-4b16-a125-01e8cdfe7026 0.043s
2024-10-15 17:22:38.264 62141 INFO tempest.lib.common.rest_client [req-1c5b467c-d26a-4ff1-8e3f-e48be4fd561e req-1c5b467c-d26a-4ff1-8e3f-e48be4fd561e ] Request (ServersTestJSON:test_create_server_specify_multibyte_character_name): 200 GET http://10.180.1.21/compute/v2.1/servers/a77ddc8b-f3b2-4e13-944d-5cafecf59fae 0.045s
2024-10-15 17:22:38.314 62147 INFO tempest.lib.common.rest_client [req-9e023129-ad8f-45dc-aa56-a9bf3cf0c6e7 req-9e023129-ad8f-45dc-aa56-a9bf3cf0c6e7 ] Request (DeleteServersTestJSON:test_delete_server_while_in_attached_volume): 200 GET http://10.180.1.21/compute/v2.1/servers/290aca37-d0d7-4c8c-b8cf-8b787bbf95c9 0.044s
2024-10-15 17:22:38.363 62109 INFO tempest.lib.common.rest_client [req-de8b7bb1-23c1-4c8b-ae78-b5f31930ef5c req-de8b7bb1-23c1-4c8b-ae78-b5f31930ef5c ] Request (VolumesAdminNegativeTest:test_update_attached_volume_with_nonexistent_volume_in_body): 200 GET http://10.180.1.21/compute/v2.1/servers/aae42775-cb43-4eee-967a-9ba0bdde7783 0.047s
2024-10-15 17:22:38.415 62135 INFO tempest.lib.common.rest_client [req-e98a45dc-0038-46b2-a07a-7cd88dd09a6e req-e98a45dc-0038-46b2-a07a-7cd88dd09a6e ] Request (ImagesOneServerNegativeTestJSON:setUpClass): 200 GET http://10.180.1.21/compute/v2.1/servers/b566ea57-9b1a-4869-be7c-9ba579db25dc 0.056s
2024-10-15 17:22:38.446 62153 INFO tempest.lib.common.rest_client [req-3fca7a71-2313-4d2f-8c13-b12e68c0a094 req-3fca7a71-2313-4d2f-8c13-b12e68c0a094 ] Request (SecurityGroupsTestJSON:test_list_security_groups_by_server): 200 GET http://10.180.1.21/compute/v2.1/servers/48b40da3-1efc-4557-a791-e88158338aec 0.046s
2024-10-15 17:22:38.494 62099 INFO tempest.lib.common.rest_client [req-1e1e7c8e-6c00-447d-a101-76890ba79659 req-1e1e7c8e-6c00-447d-a101-76890ba79659 ] Request (ServersTestManualDisk:setUpClass): 200 GET http://10.180.1.21/compute/v2.1/servers/29cb49fe-627a-4f0f-919b-58f764cd63d0 0.051s
2024-10-15 17:22:38.505 62117 INFO tempest.lib.common.rest_client [req-46975f11-f458-4d1a-9779-b71f28b7969d req-46975f11-f458-4d1a-9779-b71f28b7969d ] Request (AttachInterfacesUnderV243Test:test_add_remove_fixed_ip): 200 GET http://10.180.1.21/compute/v2.1/servers/beffa800-ff93-4230-be14-f2b906666cc0 0.048s
2024-10-15 17:22:38.540 62113 INFO tempest.lib.common.rest_client [req-448dd89f-96f4-4458-bc9d-2b8ed3c1d5cf req-448dd89f-96f4-4458-bc9d-2b8ed3c1d5cf ] Request (ServerGroupTestJSON:test_create_server_with_scheduler_hint_group): 200 GET http://10.180.1.21/compute/v2.1/servers/b0e0fcf9-1630-49aa-b053-5498245313b0 0.055s
2024-10-15 17:22:38.558 62091 INFO tempest.lib.common.rest_client [req-2d4450b6-995d-42b9-bfb3-4656c5389a0f req-2d4450b6-995d-42b9-bfb3-4656c5389a0f ] Request (ServerActionsV293TestJSON:setUpClass): 200 GET http://10.180.1.21/compute/v2.1/servers/e795b0f0-2c9c-4f44-9058-fbe706873d5a 0.048s
2024-10-15 17:22:38.596 62149 INFO tempest.lib.common.rest_client [req-7f7c265e-8123-434b-b55d-14dd6cfee45d req-7f7c265e-8123-434b-b55d-14dd6cfee45d ] Request (ImagesOneServerTestJSON:setUpClass): 200 GET http://10.180.1.21/compute/v2.1/servers/97c37446-5b86-469a-9b9b-751d0ebea463 0.052s
2024-10-15 17:22:38.604 62137 INFO tempest.lib.common.rest_client [req-f130c531-8736-40a9-88bb-338018bf82fd req-f130c531-8736-40a9-88bb-338018bf82fd ] Request (ServerShowV257Test:test_rebuild_server): 200 GET http://10.180.1.21/compute/v2.1/servers/694889e8-200e-454c-9e87-60521dd044d9 0.047s
2024-10-15 17:22:38.659 62119 INFO tempest.lib.common.rest_client [req-bb4899b1-f8f2-4d30-95f5-88c591060f5d req-bb4899b1-f8f2-4d30-95f5-88c591060f5d ] Request (ServersAdminNegativeTestJSON:setUpClass): 200 GET http://10.180.1.21/compute/v2.1/servers/f9e90a57-da19-4b1a-81cb-8a6433e09785 0.044s
2024-10-15 17:22:38.673 62101 INFO tempest.lib.common.rest_client [req-55bb50b1-d5a9-47b8-abfd-9fee12932f41 req-55bb50b1-d5a9-47b8-abfd-9fee12932f41 ] Request (AttachInterfacesV270Test:test_create_get_list_interfaces): 200 GET http://10.180.1.21/compute/v2.1/servers/593106da-0c81-448a-b3ba-fd6007dcdd98 0.048s
2024-10-15 17:22:38.703 62103 INFO tempest.lib.common.rest_client [req-a4f03506-e1bb-4697-be20-9afe5db843a3 req-a4f03506-e1bb-4697-be20-9afe5db843a3 ] Request (ImagesTestJSON:test_create_image_from_stopped_server): 200 GET http://10.180.1.21/compute/v2.1/servers/fe9b7dd3-2cdb-49a4-b4fd-54a4e9654b79 0.041s
2024-10-15 17:22:38.724 62121 INFO tempest.lib.common.rest_client [req-0e02d8ac-6c3e-4989-b317-71afd2a22a0e req-0e02d8ac-6c3e-4989-b317-71afd2a22a0e ] Request (AttachVolumeShelveTestJSON:test_attach_volume_shelved_or_offload_server): 200 GET http://10.180.1.21/compute/v2.1/servers/23f221fd-8f76-4a6f-8189-49d9be9da7e2 0.043s
2024-10-15 17:22:38.785 62089 INFO tempest.lib.common.rest_client [req-b229242a-8278-4abe-9ff3-97e19648d85a req-b229242a-8278-4abe-9ff3-97e19648d85a ] Request (ServerExternalEventsTest:test_create_server_external_events): 200 GET http://10.180.1.21/compute/v2.1/servers/ab92661d-d5e3-4e7a-b6c3-48d48bf795b3 0.049s
2024-10-15 17:22:38.787 62123 INFO tempest.lib.common.rest_client [req-aa6bac0c-af04-4fcd-8395-e73289264e43 req-aa6bac0c-af04-4fcd-8395-e73289264e43 ] Request (MultipleCreateTestJSON:test_multiple_create): 200 GET http://10.180.1.21/compute/v2.1/servers/d7ca3eac-9738-483a-ae14-67e17929a251 0.052s
2024-10-15 17:22:38.839 62143 INFO tempest.lib.common.rest_client [req-b834cfc9-8efb-49ca-809d-cac4cf5c24ed req-b834cfc9-8efb-49ca-809d-cac4cf5c24ed ] Request (AttachInterfacesTestJSON:test_create_list_show_delete_interfaces_by_fixed_ip): 200 GET http://10.180.1.21/compute/v2.1/servers/26aba610-746f-4a3c-988c-bf5ffa44198f 0.055s
2024-10-15 17:22:38.843 62127 INFO tempest.lib.common.rest_client [req-0828c652-2c36-471a-84a2-7072047cf9df req-0828c652-2c36-471a-84a2-7072047cf9df ] Request (ServerMetadataNegativeTestJSON:setUpClass): 200 GET http://10.180.1.21/compute/v2.1/servers/5d89c8de-69f9-432d-bb64-46d662097463 0.058s
2024-10-15 17:22:38.849 62127 INFO tempest.common.waiters [-] State transition "BUILD/spawning" ==> "ERROR/None" after 106 second wait
2024-10-15 17:22:38.889 62111 INFO tempest.lib.common.rest_client [req-200d22f7-289a-4a07-a166-252d16195e13 req-200d22f7-289a-4a07-a166-252d16195e13 ] Request (ServersV294TestFqdnHostnames:setUpClass): 200 GET http://10.180.1.21/compute/v2.1/servers/bd549d69-403b-4c5c-9e08-0c84d32a7c0a 0.055s
2024-10-15 17:22:38.968 62139 INFO tempest.lib.common.rest_client [req-671b1a98-ab99-4bf1-98d2-14a15a783c4c req-671b1a98-ab99-4bf1-98d2-14a15a783c4c ] Request (ServerActionsTestOtherA:setUpClass): 200 GET http://10.180.1.21/compute/v2.1/servers/d455fa51-f38f-4bb7-ba28-cf03c2ce3dbb 0.044s
2024-10-15 17:22:38.992 62127 INFO tempest.lib.common.rest_client [req-5db5e038-1cf3-4c9a-86bc-49899ecb08cc req-5db5e038-1cf3-4c9a-86bc-49899ecb08cc ] Request (ServerMetadataNegativeTestJSON:setUpClass): 204 DELETE http://10.180.1.21/compute/v2.1/servers/5d89c8de-69f9-432d-bb64-46d662097463 0.142s
2024-10-15 17:22:39.012 62127 INFO tempest.lib.common.rest_client [req-d3b650bf-178e-443c-89bd-ad353132ce3d req-d3b650bf-178e-443c-89bd-ad353132ce3d ] Request (ServerMetadataNegativeTestJSON:setUpClass): 404 GET http://10.180.1.21/compute/v2.1/servers/5d89c8de-69f9-432d-bb64-46d662097463 0.020s
2024-10-15 17:22:39.012 62127 INFO tempest.test [-] raised in ServerMetadataNegativeTestJSON.setUpClass. Invoking tearDownClass.
2024-10-15 17:22:39.178 62097 INFO tempest.lib.common.rest_client [req-8e2ad600-cfc8-4f17-8f48-f123f366a996 req-8e2ad600-cfc8-4f17-8f48-f123f366a996 ] Request (ServerActionsTestJSON:setUpClass): 200 GET http://10.180.1.21/compute/v2.1/servers/144d5486-d438-4bca-9b68-c414cc1f4659 0.057s
2024-10-15 17:22:39.191 62093 INFO tempest.lib.common.rest_client [req-2a398c55-5495-4a42-a729-abebcae28bd3 req-2a398c55-5495-4a42-a729-abebcae28bd3 ] Request (InstanceActionsTestJSON:setUpClass): 200 GET http://10.180.1.21/compute/v2.1/servers/90251da7-072c-45ff-899b-3fd2e0c06880 0.058s
2024-10-15 17:22:39.246 62145 INFO tempest.lib.common.rest_client [req-c97716e2-3761-4d43-987d-63595c980584 req-c97716e2-3761-4d43-987d-63595c980584 ] Request (ServerActionsTestOtherB:setUpClass): 200 GET http://10.180.1.21/compute/v2.1/servers/0b213475-347e-42c9-aa16-0abd570d1a3e 0.051s
2024-10-15 17:22:39.284 62125 INFO tempest.lib.common.rest_client [req-e658bd41-6485-481a-a54c-9fcf5731973a req-e658bd41-6485-481a-a54c-9fcf5731973a ] Request (DeleteServersAdminTestJSON:test_delete_server_while_in_error_state): 200 GET http://10.180.1.21/compute/v2.1/servers/394a7258-a9e0-4b16-a125-01e8cdfe7026 0.057s
2024-10-15 17:22:39.319 62141 INFO tempest.lib.common.rest_client [req-6fbebcf1-ea82-4fad-ab91-508bb5a41e38 req-6fbebcf1-ea82-4fad-ab91-508bb5a41e38 ] Request (ServersTestJSON:test_create_server_specify_multibyte_character_name): 200 GET http://10.180.1.21/compute/v2.1/servers/a77ddc8b-f3b2-4e13-944d-5cafecf59fae 0.048s
2024-10-15 17:22:39.372 62147 INFO tempest.lib.common.rest_client [req-a4cd9fd9-476b-4843-be8c-aaa1c379de4b req-a4cd9fd9-476b-4843-be8c-aaa1c379de4b ] Request (DeleteServersTestJSON:test_delete_server_while_in_attached_volume): 200 GET http://10.180.1.21/compute/v2.1/servers/290aca37-d0d7-4c8c-b8cf-8b787bbf95c9 0.052s
2024-10-15 17:22:39.421 62109 INFO tempest.lib.common.rest_client [req-45f815b1-5fd2-4057-b96b-29292f767956 req-45f815b1-5fd2-4057-b96b-29292f767956 ] Request (VolumesAdminNegativeTest:test_update_attached_volume_with_nonexistent_volume_in_body): 200 GET http://10.180.1.21/compute/v2.1/servers/aae42775-cb43-4eee-967a-9ba0bdde7783 0.051s
2024-10-15 17:22:39.472 62135 INFO tempest.lib.common.rest_client [req-0c53c04f-852d-4238-ad30-284af29ad302 req-0c53c04f-852d-4238-ad30-284af29ad302 ] Request (ImagesOneServerNegativeTestJSON:setUpClass): 200 GET http://10.180.1.21/compute/v2.1/servers/b566ea57-9b1a-4869-be7c-9ba579db25dc 0.048s
2024-10-15 17:22:39.501 62153 INFO tempest.lib.common.rest_client [req-2fcff27e-b441-4d6b-b0b1-803a68236167 req-2fcff27e-b441-4d6b-b0b1-803a68236167 ] Request (SecurityGroupsTestJSON:test_list_security_groups_by_server): 200 GET http://10.180.1.21/compute/v2.1/servers/48b40da3-1efc-4557-a791-e88158338aec 0.049s
2024-10-15 17:22:39.575 62099 INFO tempest.lib.common.rest_client [req-9debf5ca-70d6-4f1b-90ed-f00000c7dabf req-9debf5ca-70d6-4f1b-90ed-f00000c7dabf ] Request (ServersTestManualDisk:setUpClass): 200 GET http://10.180.1.21/compute/v2.1/servers/29cb49fe-627a-4f0f-919b-58f764cd63d0 0.072s
2024-10-15 17:22:39.576 62117 INFO tempest.lib.common.rest_client [req-82cb99b0-4d37-4fb5-a422-74e532299f3e req-82cb99b0-4d37-4fb5-a422-74e532299f3e ] Request (AttachInterfacesUnderV243Test:test_add_remove_fixed_ip): 200 GET http://10.180.1.21/compute/v2.1/servers/beffa800-ff93-4230-be14-f2b906666cc0 0.064s
2024-10-15 17:22:39.632 62113 INFO tempest.lib.common.rest_client [req-644311ed-9af4-4442-96c9-3f766b698d36 req-644311ed-9af4-4442-96c9-3f766b698d36 ] Request (ServerGroupTestJSON:test_create_server_with_scheduler_hint_group): 200 GET http://10.180.1.21/compute/v2.1/servers/b0e0fcf9-1630-49aa-b053-5498245313b0 0.086s
2024-10-15 17:22:39.638 62091 INFO tempest.lib.common.rest_client [req-95a634c5-ed38-412d-9571-836aeca3eb9a req-95a634c5-ed38-412d-9571-836aeca3eb9a ] Request (ServerActionsV293TestJSON:setUpClass): 200 GET http://10.180.1.21/compute/v2.1/servers/e795b0f0-2c9c-4f44-9058-fbe706873d5a 0.071s
2024-10-15 17:22:39.692 62149 INFO tempest.lib.common.rest_client [req-af64e942-440a-4bdb-a976-ca0b11003aaf req-af64e942-440a-4bdb-a976-ca0b11003aaf ] Request (ImagesOneServerTestJSON:setUpClass): 200 GET http://10.180.1.21/compute/v2.1/servers/97c37446-5b86-469a-9b9b-751d0ebea463 0.088s
2024-10-15 17:22:39.692 62137 INFO tempest.lib.common.rest_client [req-020d4188-1611-4396-be1c-fd9523a60ad2 req-020d4188-1611-4396-be1c-fd9523a60ad2 ] Request (ServerShowV257Test:test_rebuild_server): 200 GET http://10.180.1.21/compute/v2.1/servers/694889e8-200e-454c-9e87-60521dd044d9 0.080s
2024-10-15 17:22:39.749 62119 INFO tempest.lib.common.rest_client [req-85da03c2-6350-4421-b935-5ccb6e00b9de req-85da03c2-6350-4421-b935-5ccb6e00b9de ] Request (ServersAdminNegativeTestJSON:setUpClass): 200 GET http://10.180.1.21/compute/v2.1/servers/f9e90a57-da19-4b1a-81cb-8a6433e09785 0.084s
2024-10-15 17:22:39.753 62101 INFO tempest.lib.common.rest_client [req-9be784b5-fce7-4fa9-aa82-d5c052c4fe7c req-9be784b5-fce7-4fa9-aa82-d5c052c4fe7c ] Request (AttachInterfacesV270Test:test_create_get_list_interfaces): 200 GET http://10.180.1.21/compute/v2.1/servers/593106da-0c81-448a-b3ba-fd6007dcdd98 0.071s
2024-10-15 17:22:39.817 62103 INFO tempest.lib.common.rest_client [req-c59b3f02-5e57-48a2-8264-b2ce02aa5754 req-c59b3f02-5e57-48a2-8264-b2ce02aa5754 ] Request (ImagesTestJSON:test_create_image_from_stopped_server): 200 GET http://10.180.1.21/compute/v2.1/servers/fe9b7dd3-2cdb-49a4-b4fd-54a4e9654b79 0.107s
2024-10-15 17:22:39.821 62121 INFO tempest.lib.common.rest_client [req-a8f14d6c-1654-4a3d-a258-f284768176c8 req-a8f14d6c-1654-4a3d-a258-f284768176c8 ] Request (AttachVolumeShelveTestJSON:test_attach_volume_shelved_or_offload_server): 200 GET http://10.180.1.21/compute/v2.1/servers/23f221fd-8f76-4a6f-8189-49d9be9da7e2 0.088s
2024-10-15 17:22:39.832 62127 INFO tempest.lib.common.rest_client [req-30c6f847-1374-4ea6-9a7e-db757d233a7a req-30c6f847-1374-4ea6-9a7e-db757d233a7a ] Request (ServerMetadataNegativeTestJSON:tearDownClass): 200 PUT http://10.180.1.21:9696/networking/v2.0/routers/f5efb5f4-d1c3-418f-8f2b-e6aa78f49754/remove_router_interface 0.820s
2024-10-15 17:22:39.874 62123 INFO tempest.lib.common.rest_client [req-ca9e0b68-dd14-4265-9bfb-848340f9d4af req-ca9e0b68-dd14-4265-9bfb-848340f9d4af ] Request (MultipleCreateTestJSON:test_multiple_create): 200 GET http://10.180.1.21/compute/v2.1/servers/d7ca3eac-9738-483a-ae14-67e17929a251 0.080s
2024-10-15 17:22:39.881 62089 INFO tempest.lib.common.rest_client [req-1f58048e-3927-4ad0-958d-de528f16fec4 req-1f58048e-3927-4ad0-958d-de528f16fec4 ] Request (ServerExternalEventsTest:test_create_server_external_events): 200 GET http://10.180.1.21/compute/v2.1/servers/ab92661d-d5e3-4e7a-b6c3-48d48bf795b3 0.089s
2024-10-15 17:22:39.887 62089 INFO tempest.common.waiters [-] State transition "BUILD/spawning" ==> "BUILD/scheduling" after 106 second wait
2024-10-15 17:22:39.930 62143 INFO tempest.lib.common.rest_client [req-c9019f17-1003-4a92-827a-603b83a5d4b0 req-c9019f17-1003-4a92-827a-603b83a5d4b0 ] Request (AttachInterfacesTestJSON:test_create_list_show_delete_interfaces_by_fixed_ip): 200 GET http://10.180.1.21/compute/v2.1/servers/26aba610-746f-4a3c-988c-bf5ffa44198f 0.085s
2024-10-15 17:22:39.953 62111 INFO tempest.lib.common.rest_client [req-0813bbf6-78ed-431c-9253-ade967c829d6 req-0813bbf6-78ed-431c-9253-ade967c829d6 ] Request (ServersV294TestFqdnHostnames:setUpClass): 200 GET http://10.180.1.21/compute/v2.1/servers/bd549d69-403b-4c5c-9e08-0c84d32a7c0a 0.054s
2024-10-15 17:22:40.034 62139 INFO tempest.lib.common.rest_client [req-c57108e9-0449-424e-ba7a-78c246df3cf5 req-c57108e9-0449-424e-ba7a-78c246df3cf5 ] Request (ServerActionsTestOtherA:setUpClass): 200 GET http://10.180.1.21/compute/v2.1/servers/d455fa51-f38f-4bb7-ba28-cf03c2ce3dbb 0.060s
2024-10-15 17:22:40.169 62127 INFO tempest.lib.common.rest_client [req-a0495235-c523-4125-aa79-0771a1aa446f req-a0495235-c523-4125-aa79-0771a1aa446f ] Request (ServerMetadataNegativeTestJSON:tearDownClass): 204 DELETE http://10.180.1.21:9696/networking/v2.0/routers/f5efb5f4-d1c3-418f-8f2b-e6aa78f49754 0.336s
2024-10-15 17:22:40.239 62097 INFO tempest.lib.common.rest_client [req-ace8173d-f12a-4bf4-95de-8c8ab2c5b71a req-ace8173d-f12a-4bf4-95de-8c8ab2c5b71a ] Request (ServerActionsTestJSON:setUpClass): 200 GET http://10.180.1.21/compute/v2.1/servers/144d5486-d438-4bca-9b68-c414cc1f4659 0.054s
2024-10-15 17:22:40.259 62093 INFO tempest.lib.common.rest_client [req-74a346aa-326b-467e-ae1d-4483dbe3ec75 req-74a346aa-326b-467e-ae1d-4483dbe3ec75 ] Request (InstanceActionsTestJSON:setUpClass): 200 GET http://10.180.1.21/compute/v2.1/servers/90251da7-072c-45ff-899b-3fd2e0c06880 0.058s
2024-10-15 17:22:40.287 62127 INFO tempest.lib.common.rest_client [req-98caffa1-5ab3-4aba-8217-e9c6fdea1a36 req-98caffa1-5ab3-4aba-8217-e9c6fdea1a36 ] Request (ServerMetadataNegativeTestJSON:tearDownClass): 204 DELETE http://10.180.1.21:9696/networking/v2.0/subnets/2283896b-18ad-47a2-ad38-e6394de471b3 0.118s
2024-10-15 17:22:40.314 62145 INFO tempest.lib.common.rest_client [req-535413c2-731b-435c-b8a5-679d82f5f493 req-535413c2-731b-435c-b8a5-679d82f5f493 ] Request (ServerActionsTestOtherB:setUpClass): 200 GET http://10.180.1.21/compute/v2.1/servers/0b213475-347e-42c9-aa16-0abd570d1a3e 0.061s
2024-10-15 17:22:40.320 62145 INFO tempest.common.waiters [-] State transition "BUILD/scheduling" ==> "BUILD/None" after 92 second wait
2024-10-15 17:22:40.400 62141 INFO tempest.lib.common.rest_client [req-b90a7fe8-e91a-4079-a62f-1f8bdd4af5a6 req-b90a7fe8-e91a-4079-a62f-1f8bdd4af5a6 ] Request (ServersTestJSON:test_create_server_specify_multibyte_character_name): 200 GET http://10.180.1.21/compute/v2.1/servers/a77ddc8b-f3b2-4e13-944d-5cafecf59fae 0.074s
2024-10-15 17:22:40.470 62147 INFO tempest.lib.common.rest_client [req-c067c41a-0e7b-48da-ac9a-8241d194ac65 req-c067c41a-0e7b-48da-ac9a-8241d194ac65 ] Request (DeleteServersTestJSON:test_delete_server_while_in_attached_volume): 200 GET http://10.180.1.21/compute/v2.1/servers/290aca37-d0d7-4c8c-b8cf-8b787bbf95c9 0.089s
2024-10-15 17:22:40.527 62109 INFO tempest.lib.common.rest_client [req-e7c2491b-4827-4d85-8d44-03ff58dd86c8 req-e7c2491b-4827-4d85-8d44-03ff58dd86c8 ] Request (VolumesAdminNegativeTest:test_update_attached_volume_with_nonexistent_volume_in_body): 200 GET http://10.180.1.21/compute/v2.1/servers/aae42775-cb43-4eee-967a-9ba0bdde7783 0.097s
2024-10-15 17:22:40.529 62127 INFO tempest.lib.common.rest_client [req-569bcb6c-f29f-4091-a8f3-ef200bafc636 req-569bcb6c-f29f-4091-a8f3-ef200bafc636 ] Request (ServerMetadataNegativeTestJSON:tearDownClass): 204 DELETE http://10.180.1.21:9696/networking/v2.0/networks/ef0825d8-b4bc-4ca0-9362-5262c71f022e 0.241s
2024-10-15 17:22:40.534 62125 INFO tempest.lib.common.rest_client [req-7a297396-794e-4340-b871-a210fd3647c6 req-7a297396-794e-4340-b871-a210fd3647c6 ] Request (DeleteServersAdminTestJSON:test_delete_server_while_in_error_state): 200 GET http://10.180.1.21/compute/v2.1/servers/394a7258-a9e0-4b16-a125-01e8cdfe7026 0.244s
2024-10-15 17:22:40.542 62125 INFO tempest.common.waiters [-] State transition "BUILD/None" ==> "BUILD/networking" after 102 second wait
2024-10-15 17:22:40.597 62135 INFO tempest.lib.common.rest_client [req-0a6bf6e2-4534-4fc5-a29b-0a21978be05c req-0a6bf6e2-4534-4fc5-a29b-0a21978be05c ] Request (ImagesOneServerNegativeTestJSON:setUpClass): 200 GET http://10.180.1.21/compute/v2.1/servers/b566ea57-9b1a-4869-be7c-9ba579db25dc 0.118s
2024-10-15 17:22:40.603 62153 INFO tempest.lib.common.rest_client [req-2be3c252-1cf6-42f1-b33a-a6d781832f82 req-2be3c252-1cf6-42f1-b33a-a6d781832f82 ] Request (SecurityGroupsTestJSON:test_list_security_groups_by_server): 200 GET http://10.180.1.21/compute/v2.1/servers/48b40da3-1efc-4557-a791-e88158338aec 0.091s
2024-10-15 17:22:40.634 62127 INFO tempest.lib.common.rest_client [req-19ea8f16-1766-4973-b12f-463059613323 req-19ea8f16-1766-4973-b12f-463059613323 ] Request (ServerMetadataNegativeTestJSON:tearDownClass): 204 DELETE http://10.180.1.21/identity/v3/users/3bcaec95d9224d4ab09272b9cc319d0d 0.105s
2024-10-15 17:22:40.634 62127 INFO tempest.lib.common.dynamic_creds [-] Deleting project and security group for project: 3cd41fbf39314699ac70a890101dcb82
2024-10-15 17:22:40.663 62117 INFO tempest.lib.common.rest_client [req-3979b3aa-0972-4d0a-8e15-72069ffd0650 req-3979b3aa-0972-4d0a-8e15-72069ffd0650 ] Request (AttachInterfacesUnderV243Test:test_add_remove_fixed_ip): 200 GET http://10.180.1.21/compute/v2.1/servers/beffa800-ff93-4230-be14-f2b906666cc0 0.076s
2024-10-15 17:22:40.664 62099 INFO tempest.lib.common.rest_client [req-390255f4-0ff9-4b77-acc7-6a381b389899 req-390255f4-0ff9-4b77-acc7-6a381b389899 ] Request (ServersTestManualDisk:setUpClass): 200 GET http://10.180.1.21/compute/v2.1/servers/29cb49fe-627a-4f0f-919b-58f764cd63d0 0.081s
2024-10-15 17:22:40.667 62127 INFO tempest.lib.common.rest_client [req-296bb4e3-a9e3-46fd-8b9e-beb5b45ff798 req-296bb4e3-a9e3-46fd-8b9e-beb5b45ff798 ] Request (ServerMetadataNegativeTestJSON:tearDownClass): 200 GET http://10.180.1.21:9696/networking/v2.0/security-groups?tenant_id=3cd41fbf39314699ac70a890101dcb82&name=default 0.032s
2024-10-15 17:22:40.717 62113 INFO tempest.lib.common.rest_client [req-1d4f7340-f951-480f-b11a-d6da22f84480 req-1d4f7340-f951-480f-b11a-d6da22f84480 ] Request (ServerGroupTestJSON:test_create_server_with_scheduler_hint_group): 200 GET http://10.180.1.21/compute/v2.1/servers/b0e0fcf9-1630-49aa-b053-5498245313b0 0.078s
2024-10-15 17:22:40.729 62091 INFO tempest.lib.common.rest_client [req-6fd76aa5-a37f-41dc-832d-3e9e1653551e req-6fd76aa5-a37f-41dc-832d-3e9e1653551e ] Request (ServerActionsV293TestJSON:setUpClass): 200 GET http://10.180.1.21/compute/v2.1/servers/e795b0f0-2c9c-4f44-9058-fbe706873d5a 0.078s
2024-10-15 17:22:40.741 62127 INFO tempest.lib.common.rest_client [req-6789aac3-8a18-45e7-a68c-6b5ccf9f2da0 req-6789aac3-8a18-45e7-a68c-6b5ccf9f2da0 ] Request (ServerMetadataNegativeTestJSON:tearDownClass): 204 DELETE http://10.180.1.21:9696/networking/v2.0/security-groups/e9bc0633-2278-4af9-ac20-6dec0652efd7 0.072s
2024-10-15 17:22:40.789 62137 INFO tempest.lib.common.rest_client [req-20178a2a-8897-482a-8d5b-a00f45214af5 req-20178a2a-8897-482a-8d5b-a00f45214af5 ] Request (ServerShowV257Test:test_rebuild_server): 200 GET http://10.180.1.21/compute/v2.1/servers/694889e8-200e-454c-9e87-60521dd044d9 0.085s
2024-10-15 17:22:40.790 62149 INFO tempest.lib.common.rest_client [req-6d8e2c05-442e-45d4-8f41-2207d15cb096 req-6d8e2c05-442e-45d4-8f41-2207d15cb096 ] Request (ImagesOneServerTestJSON:setUpClass): 200 GET http://10.180.1.21/compute/v2.1/servers/97c37446-5b86-469a-9b9b-751d0ebea463 0.092s
2024-10-15 17:22:40.821 62127 INFO tempest.lib.common.rest_client [req-98dad779-9f7b-4c98-9296-dde8f4a8ec18 req-98dad779-9f7b-4c98-9296-dde8f4a8ec18 ] Request (ServerMetadataNegativeTestJSON:tearDownClass): 204 DELETE http://10.180.1.21/identity/v3/projects/3cd41fbf39314699ac70a890101dcb82 0.080s
2024-10-15 17:22:40.824 62127 INFO tempest.test [-] raised in ServerPersonalityTestJSON.setUpClass. Invoking tearDownClass.
2024-10-15 17:22:40.848 62119 INFO tempest.lib.common.rest_client [req-452adc98-82e2-4269-b2cb-74194cf24471 req-452adc98-82e2-4269-b2cb-74194cf24471 ] Request (ServersAdminNegativeTestJSON:setUpClass): 200 GET http://10.180.1.21/compute/v2.1/servers/f9e90a57-da19-4b1a-81cb-8a6433e09785 0.088s
2024-10-15 17:22:40.849 62101 INFO tempest.lib.common.rest_client [req-3faf0219-e6eb-4564-8a1b-995cbb35177b req-3faf0219-e6eb-4564-8a1b-995cbb35177b ] Request (AttachInterfacesV270Test:test_create_get_list_interfaces): 200 GET http://10.180.1.21/compute/v2.1/servers/593106da-0c81-448a-b3ba-fd6007dcdd98 0.084s
2024-10-15 17:22:40.885 62127 INFO tempest.lib.common.rest_client [req-11d10651-30ba-4d9b-85e7-2aff03b7632f req-11d10651-30ba-4d9b-85e7-2aff03b7632f ] Request (ServerShowV254Test:setUpClass): 201 POST http://10.180.1.21/identity/v3/auth/tokens 0.058s
2024-10-15 17:22:40.906 62103 INFO tempest.lib.common.rest_client [req-4f8a4ff5-a8e8-4a91-903d-aa63e40e4aaf req-4f8a4ff5-a8e8-4a91-903d-aa63e40e4aaf ] Request (ImagesTestJSON:test_create_image_from_stopped_server): 200 GET http://10.180.1.21/compute/v2.1/servers/fe9b7dd3-2cdb-49a4-b4fd-54a4e9654b79 0.076s
2024-10-15 17:22:40.912 62121 INFO tempest.lib.common.rest_client [req-25e93d98-b6b5-4a3a-a397-2cc1b72fe331 req-25e93d98-b6b5-4a3a-a397-2cc1b72fe331 ] Request (AttachVolumeShelveTestJSON:test_attach_volume_shelved_or_offload_server): 200 GET http://10.180.1.21/compute/v2.1/servers/23f221fd-8f76-4a6f-8189-49d9be9da7e2 0.078s
2024-10-15 17:22:40.927 62127 INFO tempest.lib.common.rest_client [req-41ba8f98-4f9b-47ef-8560-154db3374db9 req-41ba8f98-4f9b-47ef-8560-154db3374db9 ] Request (ServerShowV254Test:setUpClass): 201 POST http://10.180.1.21/identity/v3/auth/tokens 0.039s
2024-10-15 17:22:40.949 62127 INFO tempest.lib.common.rest_client [req-53295c47-0147-4e0c-8001-df8f0eec8e8c req-53295c47-0147-4e0c-8001-df8f0eec8e8c ] Request (ServerShowV254Test:setUpClass): 200 GET http://10.180.1.21/identity/v3/domains?name=Default 0.022s
2024-10-15 17:22:40.951 62123 INFO tempest.lib.common.rest_client [req-62e370aa-daf1-47c9-9ebb-201434a7e4c3 req-62e370aa-daf1-47c9-9ebb-201434a7e4c3 ] Request (MultipleCreateTestJSON:test_multiple_create): 200 GET http://10.180.1.21/compute/v2.1/servers/d7ca3eac-9738-483a-ae14-67e17929a251 0.070s
2024-10-15 17:22:40.970 62089 INFO tempest.lib.common.rest_client [req-1337f44b-045f-4afe-b8b6-bc221f6b75c5 req-1337f44b-045f-4afe-b8b6-bc221f6b75c5 ] Request (ServerExternalEventsTest:test_create_server_external_events): 200 GET http://10.180.1.21/compute/v2.1/servers/ab92661d-d5e3-4e7a-b6c3-48d48bf795b3 0.082s
2024-10-15 17:22:40.980 62127 INFO tempest.lib.common.rest_client [req-6d94b82b-8a95-4f61-837d-c5edb2699c1c req-6d94b82b-8a95-4f61-837d-c5edb2699c1c ] Request (ServerShowV254Test:setUpClass): 201 POST http://10.180.1.21/identity/v3/projects 0.031s
2024-10-15 17:22:40.985 62089 INFO tempest.common.waiters [-] State transition "BUILD/scheduling" ==> "ERROR/None" after 107 second wait
2024-10-15 17:22:40.996 62143 INFO tempest.lib.common.rest_client [req-f4b31af4-0c0e-41ff-a8fb-aa66f2a6e454 req-f4b31af4-0c0e-41ff-a8fb-aa66f2a6e454 ] Request (AttachInterfacesTestJSON:test_create_list_show_delete_interfaces_by_fixed_ip): 200 GET http://10.180.1.21/compute/v2.1/servers/26aba610-746f-4a3c-988c-bf5ffa44198f 0.058s
2024-10-15 17:22:41.019 62111 INFO tempest.lib.common.rest_client [req-39aeba94-6816-489d-9369-62376e682f9b req-39aeba94-6816-489d-9369-62376e682f9b ] Request (ServersV294TestFqdnHostnames:setUpClass): 200 GET http://10.180.1.21/compute/v2.1/servers/bd549d69-403b-4c5c-9e08-0c84d32a7c0a 0.055s
2024-10-15 17:22:41.039 62127 INFO tempest.lib.common.rest_client [req-4b067747-d878-4b04-8e53-fe6b98867fc8 req-4b067747-d878-4b04-8e53-fe6b98867fc8 ] Request (ServerShowV254Test:setUpClass): 201 POST http://10.180.1.21/identity/v3/users 0.058s
2024-10-15 17:22:41.060 62127 INFO tempest.lib.common.rest_client [req-28d6f270-e8df-49d2-9369-236fc50e129e req-28d6f270-e8df-49d2-9369-236fc50e129e ] Request (ServerShowV254Test:setUpClass): 200 GET http://10.180.1.21/identity/v3/roles 0.021s
2024-10-15 17:22:41.084 62127 INFO tempest.lib.common.rest_client [req-b508c0b6-fa04-4174-9684-dd38ba747d85 req-b508c0b6-fa04-4174-9684-dd38ba747d85 ] Request (ServerShowV254Test:setUpClass): 204 PUT http://10.180.1.21/identity/v3/projects/0573cfb91b7543089beee7ebcd4aac56/users/204f293e636449488a72522ca9b28840/roles/c6c97b217e0b4feb90512fb2e66fba9f 0.023s
2024-10-15 17:22:41.084 62127 INFO tempest.lib.common.dynamic_creds [-] Dynamic test user 204f293e636449488a72522ca9b28840 is created with scope project and roles: ['member']
2024-10-15 17:22:41.085 62127 INFO tempest.lib.common.dynamic_creds [-] Acquired dynamic creds: credentials: Credentials: {'domain_id': 'default', 'domain_name': 'Default', 'username': 'tempest-ServerShowV254Test-1165329400-project-member', 'project_domain_id': 'default', 'project_domain_name': 'Default', 'project_id': '0573cfb91b7543089beee7ebcd4aac56', 'project_name': 'tempest-ServerShowV254Test-1165329400', 'tenant_id': '0573cfb91b7543089beee7ebcd4aac56', 'tenant_name': 'tempest-ServerShowV254Test-1165329400', 'user_domain_id': 'default', 'user_domain_name': 'Default', 'user_id': '204f293e636449488a72522ca9b28840', 'system': None}, Network: None, Subnet: None, Router: None
2024-10-15 17:22:41.085 62127 INFO tempest.lib.common.dynamic_creds [-] Created isolated network resources for: credentials: Credentials: {'domain_id': 'default', 'domain_name': 'Default', 'username': 'tempest-ServerShowV254Test-1165329400-project-member', 'project_domain_id': 'default', 'project_domain_name': 'Default', 'project_id': '0573cfb91b7543089beee7ebcd4aac56', 'project_name': 'tempest-ServerShowV254Test-1165329400', 'tenant_id': '0573cfb91b7543089beee7ebcd4aac56', 'tenant_name': 'tempest-ServerShowV254Test-1165329400', 'user_domain_id': 'default', 'user_domain_name': 'Default', 'user_id': '204f293e636449488a72522ca9b28840', 'system': None}, Network: None, Subnet: None, Router: None
2024-10-15 17:22:41.093 62139 INFO tempest.lib.common.rest_client [req-a3523f8a-8da8-45c1-be6d-2d5f1e8db0a1 req-a3523f8a-8da8-45c1-be6d-2d5f1e8db0a1 ] Request (ServerActionsTestOtherA:setUpClass): 200 GET http://10.180.1.21/compute/v2.1/servers/d455fa51-f38f-4bb7-ba28-cf03c2ce3dbb 0.052s
2024-10-15 17:22:41.147 62127 INFO tempest.lib.common.rest_client [req-00054ec5-bcaa-4216-a3ba-6a7323f546e1 req-00054ec5-bcaa-4216-a3ba-6a7323f546e1 ] Request (ServerShowV254Test:setUpClass): 201 POST http://10.180.1.21/identity/v3/auth/tokens 0.058s
2024-10-15 17:22:41.166 62089 INFO tempest.lib.common.rest_client [req-b0cdfc56-d250-4667-bd4e-edc03bfe3608 req-b0cdfc56-d250-4667-bd4e-edc03bfe3608 ] Request (ServerExternalEventsTest:test_create_server_external_events): 204 DELETE http://10.180.1.21/compute/v2.1/servers/ab92661d-d5e3-4e7a-b6c3-48d48bf795b3 0.181s
2024-10-15 17:22:41.179 62127 INFO tempest.lib.common.rest_client [req-b75d5b01-4d23-4a2f-a2af-6157fe482ed2 req-b75d5b01-4d23-4a2f-a2af-6157fe482ed2 ] Request (ServerShowV254Test:test_rebuild_server): 201 POST http://10.180.1.21/identity/v3/auth/tokens 0.027s
2024-10-15 17:22:41.179 62127 INFO tempest.lib.common.fixed_network [-] (ServerShowV254Test:test_rebuild_server) Found network None available for tenant
2024-10-15 17:22:41.187 62089 INFO tempest.lib.common.rest_client [req-a015cdd4-c6bb-4058-b658-5c364db093eb req-a015cdd4-c6bb-4058-b658-5c364db093eb ] Request (ServerExternalEventsTest:test_create_server_external_events): 404 GET http://10.180.1.21/compute/v2.1/servers/ab92661d-d5e3-4e7a-b6c3-48d48bf795b3 0.021s
2024-10-15 17:22:41.272 62089 INFO tempest.lib.common.rest_client [req-c933d7bf-1a57-46eb-b74e-56d6bdbfbb65 req-c933d7bf-1a57-46eb-b74e-56d6bdbfbb65 ] Request (ServerExternalEventsTest:tearDownClass): 204 DELETE http://10.180.1.21/identity/v3/users/8d59efb35818494e85d8dff0e89ad104 0.081s
2024-10-15 17:22:41.296 62097 INFO tempest.lib.common.rest_client [req-1c91c91a-0e1e-4076-bf29-39f1731db871 req-1c91c91a-0e1e-4076-bf29-39f1731db871 ] Request (ServerActionsTestJSON:setUpClass): 200 GET http://10.180.1.21/compute/v2.1/servers/144d5486-d438-4bca-9b68-c414cc1f4659 0.051s
2024-10-15 17:22:41.333 62127 INFO tempest.lib.common.rest_client [req-ccbd636a-0ea7-4b7a-bbb8-a4bf5c947681 req-ccbd636a-0ea7-4b7a-bbb8-a4bf5c947681 ] Request (ServerShowV254Test:test_rebuild_server): 202 POST http://10.180.1.21/compute/v2.1/servers 0.153s
2024-10-15 17:22:41.351 62093 INFO tempest.lib.common.rest_client [req-cfa32dc2-3074-4132-ae89-cd1c05cf55a4 req-cfa32dc2-3074-4132-ae89-cd1c05cf55a4 ] Request (InstanceActionsTestJSON:setUpClass): 200 GET http://10.180.1.21/compute/v2.1/servers/90251da7-072c-45ff-899b-3fd2e0c06880 0.081s
2024-10-15 17:22:41.372 62089 INFO tempest.lib.common.rest_client [req-f574b74b-3ccf-4ec9-aee5-7e2d1611477f req-f574b74b-3ccf-4ec9-aee5-7e2d1611477f ] Request (ServerExternalEventsTest:tearDownClass): 204 DELETE http://10.180.1.21/identity/v3/users/23410532113f47ea9cfcd3503b9545a0 0.099s
2024-10-15 17:22:41.410 62145 INFO tempest.lib.common.rest_client [req-21485fdb-7791-48d8-99a3-db0b27f82e55 req-21485fdb-7791-48d8-99a3-db0b27f82e55 ] Request (ServerActionsTestOtherB:setUpClass): 200 GET http://10.180.1.21/compute/v2.1/servers/0b213475-347e-42c9-aa16-0abd570d1a3e 0.088s
2024-10-15 17:22:41.417 62127 INFO tempest.lib.common.rest_client [req-e2c2e67d-1fac-4d15-9863-56fa55007d37 req-e2c2e67d-1fac-4d15-9863-56fa55007d37 ] Request (ServerShowV254Test:test_rebuild_server): 200 GET http://10.180.1.21/compute/v2.1/servers/be44214d-72dc-4517-a91a-7f659b5aa897 0.082s
2024-10-15 17:22:41.460 62089 INFO tempest.lib.common.rest_client [req-a2a861d2-e1e0-4f4c-bb17-fd7bc1c58712 req-a2a861d2-e1e0-4f4c-bb17-fd7bc1c58712 ] Request (ServerExternalEventsTest:tearDownClass): 204 DELETE http://10.180.1.21/identity/v3/users/ea725521d0054f3a87eb010fa0a9301b 0.088s
2024-10-15 17:22:41.460 62089 INFO tempest.lib.common.dynamic_creds [-] Deleting project and security group for project: 897e604208c542dd936ee86be2b25d06
2024-10-15 17:22:41.473 62141 INFO tempest.lib.common.rest_client [req-1c43bc54-75c1-4aa2-926e-c2a47c477fc4 req-1c43bc54-75c1-4aa2-926e-c2a47c477fc4 ] Request (ServersTestJSON:test_create_server_specify_multibyte_character_name): 200 GET http://10.180.1.21/compute/v2.1/servers/a77ddc8b-f3b2-4e13-944d-5cafecf59fae 0.062s
2024-10-15 17:22:41.525 62089 INFO tempest.lib.common.rest_client [req-70fe7035-bca7-43af-a97b-74699b54260a req-70fe7035-bca7-43af-a97b-74699b54260a ] Request (ServerExternalEventsTest:tearDownClass): 201 POST http://10.180.1.21/identity/v3/auth/tokens 0.064s
2024-10-15 17:22:41.548 62147 INFO tempest.lib.common.rest_client [req-41ac120f-1acf-4082-87d4-7fba5e7bf641 req-41ac120f-1acf-4082-87d4-7fba5e7bf641 ] Request (DeleteServersTestJSON:test_delete_server_while_in_attached_volume): 200 GET http://10.180.1.21/compute/v2.1/servers/290aca37-d0d7-4c8c-b8cf-8b787bbf95c9 0.066s
2024-10-15 17:22:41.603 62109 INFO tempest.lib.common.rest_client [req-c07bf823-d132-4cfc-aa7d-e75075ffefc9 req-c07bf823-d132-4cfc-aa7d-e75075ffefc9 ] Request (VolumesAdminNegativeTest:test_update_attached_volume_with_nonexistent_volume_in_body): 200 GET http://10.180.1.21/compute/v2.1/servers/aae42775-cb43-4eee-967a-9ba0bdde7783 0.064s
2024-10-15 17:22:41.617 62089 INFO tempest.lib.common.rest_client [req-1238ad0e-c69b-40b3-9f6d-8380ba1baffb req-1238ad0e-c69b-40b3-9f6d-8380ba1baffb ] Request (ServerExternalEventsTest:tearDownClass): 200 GET http://10.180.1.21:9696/networking/v2.0/security-groups?tenant_id=897e604208c542dd936ee86be2b25d06&name=default 0.092s
2024-10-15 17:22:41.666 62135 INFO tempest.lib.common.rest_client [req-be4f0b1f-85e1-45f2-b273-bd82eb54457a req-be4f0b1f-85e1-45f2-b273-bd82eb54457a ] Request (ImagesOneServerNegativeTestJSON:setUpClass): 200 GET http://10.180.1.21/compute/v2.1/servers/b566ea57-9b1a-4869-be7c-9ba579db25dc 0.062s
2024-10-15 17:22:41.698 62089 INFO tempest.lib.common.rest_client [req-50523cb0-a21c-454e-8f81-091e19bbd531 req-50523cb0-a21c-454e-8f81-091e19bbd531 ] Request (ServerExternalEventsTest:tearDownClass): 204 DELETE http://10.180.1.21:9696/networking/v2.0/security-groups/256a49f7-192d-4b15-8a73-7df9d2517257 0.080s
2024-10-15 17:22:41.756 62089 INFO tempest.lib.common.rest_client [req-5de14539-7f49-4c98-b83c-c859c3e53c54 req-5de14539-7f49-4c98-b83c-c859c3e53c54 ] Request (ServerExternalEventsTest:tearDownClass): 204 DELETE http://10.180.1.21/identity/v3/projects/897e604208c542dd936ee86be2b25d06 0.057s
2024-10-15 17:22:41.756 62089 INFO tempest.lib.common.dynamic_creds [-] Deleting project and security group for project: 988c350231384b5798aceb0af868a944
2024-10-15 17:22:41.844 62089 INFO tempest.lib.common.rest_client [req-e9a04391-82d8-479c-98d5-35136fbf2348 req-e9a04391-82d8-479c-98d5-35136fbf2348 ] Request (ServerExternalEventsTest:tearDownClass): 200 GET http://10.180.1.21:9696/networking/v2.0/security-groups?tenant_id=988c350231384b5798aceb0af868a944&name=default 0.088s
2024-10-15 17:22:41.862 62153 INFO tempest.lib.common.rest_client [req-dc3adfbc-896c-4088-b227-30e206e6581a req-dc3adfbc-896c-4088-b227-30e206e6581a ] Request (SecurityGroupsTestJSON:test_list_security_groups_by_server): 200 GET http://10.180.1.21/compute/v2.1/servers/48b40da3-1efc-4557-a791-e88158338aec 0.250s
2024-10-15 17:22:41.875 62125 INFO tempest.lib.common.rest_client [req-c1f0cd61-5519-4964-8d10-381161caf7e3 req-c1f0cd61-5519-4964-8d10-381161caf7e3 ] Request (DeleteServersAdminTestJSON:test_delete_server_while_in_error_state): 200 GET http://10.180.1.21/compute/v2.1/servers/394a7258-a9e0-4b16-a125-01e8cdfe7026 0.332s
2024-10-15 17:22:41.883 62125 INFO tempest.common.waiters [-] State transition "BUILD/networking" ==> "BUILD/spawning" after 103 second wait
2024-10-15 17:22:41.910 62117 INFO tempest.lib.common.rest_client [req-cd9ee704-e13f-45d8-bcfd-fd93f8604885 req-cd9ee704-e13f-45d8-bcfd-fd93f8604885 ] Request (AttachInterfacesUnderV243Test:test_add_remove_fixed_ip): 200 GET http://10.180.1.21/compute/v2.1/servers/beffa800-ff93-4230-be14-f2b906666cc0 0.239s
2024-10-15 17:22:41.920 62099 INFO tempest.lib.common.rest_client [req-d6674903-b3e2-43c8-8ec7-dd88d1ae1c7e req-d6674903-b3e2-43c8-8ec7-dd88d1ae1c7e ] Request (ServersTestManualDisk:setUpClass): 200 GET http://10.180.1.21/compute/v2.1/servers/29cb49fe-627a-4f0f-919b-58f764cd63d0 0.245s
2024-10-15 17:22:41.926 62089 INFO tempest.lib.common.rest_client [req-0d208051-6477-4e08-896b-7557b6b1241b req-0d208051-6477-4e08-896b-7557b6b1241b ] Request (ServerExternalEventsTest:tearDownClass): 204 DELETE http://10.180.1.21:9696/networking/v2.0/security-groups/9b3fbe0c-3010-4a2a-956b-5acda8256a1c 0.081s
2024-10-15 17:22:41.962 62113 INFO tempest.lib.common.rest_client [req-6107de20-dc90-4966-b24a-b163eca1f709 req-6107de20-dc90-4966-b24a-b163eca1f709 ] Request (ServerGroupTestJSON:test_create_server_with_scheduler_hint_group): 200 GET http://10.180.1.21/compute/v2.1/servers/b0e0fcf9-1630-49aa-b053-5498245313b0 0.238s
2024-10-15 17:22:41.981 62091 INFO tempest.lib.common.rest_client [req-38e8fb45-0727-43c8-9c01-a87bee312e25 req-38e8fb45-0727-43c8-9c01-a87bee312e25 ] Request (ServerActionsV293TestJSON:setUpClass): 200 GET http://10.180.1.21/compute/v2.1/servers/e795b0f0-2c9c-4f44-9058-fbe706873d5a 0.243s
2024-10-15 17:22:42.015 62149 INFO tempest.lib.common.rest_client [req-cd6770d9-91ee-421d-a22b-8a9af892b875 req-cd6770d9-91ee-421d-a22b-8a9af892b875 ] Request (ImagesOneServerTestJSON:setUpClass): 200 GET http://10.180.1.21/compute/v2.1/servers/97c37446-5b86-469a-9b9b-751d0ebea463 0.217s
2024-10-15 17:22:42.024 62089 INFO tempest.lib.common.rest_client [req-901101fb-0568-46a6-9941-21ef52d67f0a req-901101fb-0568-46a6-9941-21ef52d67f0a ] Request (ServerExternalEventsTest:tearDownClass): 204 DELETE http://10.180.1.21/identity/v3/projects/988c350231384b5798aceb0af868a944 0.098s
2024-10-15 17:22:42.025 62089 INFO tempest.lib.common.dynamic_creds [-] Deleting project and security group for project: 1d09064c44ec468ea0d0829f5c0156bb
2024-10-15 17:22:42.034 62137 INFO tempest.lib.common.rest_client [req-1c9a6a6a-2efd-47b6-ac1f-626184c80146 req-1c9a6a6a-2efd-47b6-ac1f-626184c80146 ] Request (ServerShowV257Test:test_rebuild_server): 200 GET http://10.180.1.21/compute/v2.1/servers/694889e8-200e-454c-9e87-60521dd044d9 0.236s
2024-10-15 17:22:42.071 62119 INFO tempest.lib.common.rest_client [req-719be76e-1033-4b9a-af6e-f87637b9f387 req-719be76e-1033-4b9a-af6e-f87637b9f387 ] Request (ServersAdminNegativeTestJSON:setUpClass): 200 GET http://10.180.1.21/compute/v2.1/servers/f9e90a57-da19-4b1a-81cb-8a6433e09785 0.214s
2024-10-15 17:22:42.080 62119 INFO tempest.common.waiters [-] State transition "BUILD/scheduling" ==> "BUILD/None" after 94 second wait
2024-10-15 17:22:42.087 62101 INFO tempest.lib.common.rest_client [req-cd5957fa-a2d4-4f84-b906-b58280b2aa6a req-cd5957fa-a2d4-4f84-b906-b58280b2aa6a ] Request (AttachInterfacesV270Test:test_create_get_list_interfaces): 200 GET http://10.180.1.21/compute/v2.1/servers/593106da-0c81-448a-b3ba-fd6007dcdd98 0.228s
2024-10-15 17:22:42.137 62103 INFO tempest.lib.common.rest_client [req-aec6b780-4683-487c-b432-dca166d0df17 req-aec6b780-4683-487c-b432-dca166d0df17 ] Request (ImagesTestJSON:test_create_image_from_stopped_server): 200 GET http://10.180.1.21/compute/v2.1/servers/fe9b7dd3-2cdb-49a4-b4fd-54a4e9654b79 0.223s
2024-10-15 17:22:42.140 62121 INFO tempest.lib.common.rest_client [req-f313a088-d986-40f0-8f0e-606894fedf79 req-f313a088-d986-40f0-8f0e-606894fedf79 ] Request (AttachVolumeShelveTestJSON:test_attach_volume_shelved_or_offload_server): 200 GET http://10.180.1.21/compute/v2.1/servers/23f221fd-8f76-4a6f-8189-49d9be9da7e2 0.220s
2024-10-15 17:22:42.170 62089 INFO tempest.lib.common.rest_client [req-e3733068-aec5-4eb9-b5a2-0bacc723bd65 req-e3733068-aec5-4eb9-b5a2-0bacc723bd65 ] Request (ServerExternalEventsTest:tearDownClass): 200 GET http://10.180.1.21:9696/networking/v2.0/security-groups?tenant_id=1d09064c44ec468ea0d0829f5c0156bb&name=default 0.145s
2024-10-15 17:22:42.193 62143 INFO tempest.lib.common.rest_client [req-1eb5463d-c510-44c0-b086-6b72dea2f965 req-1eb5463d-c510-44c0-b086-6b72dea2f965 ] Request (AttachInterfacesTestJSON:test_create_list_show_delete_interfaces_by_fixed_ip): 200 GET http://10.180.1.21/compute/v2.1/servers/26aba610-746f-4a3c-988c-bf5ffa44198f 0.186s
2024-10-15 17:22:42.195 62123 INFO tempest.lib.common.rest_client [req-31aed1dd-4f8e-421a-8ca4-9c26453ccb71 req-31aed1dd-4f8e-421a-8ca4-9c26453ccb71 ] Request (MultipleCreateTestJSON:test_multiple_create): 200 GET http://10.180.1.21/compute/v2.1/servers/d7ca3eac-9738-483a-ae14-67e17929a251 0.235s
2024-10-15 17:22:42.247 62089 INFO tempest.lib.common.rest_client [req-c87c1c44-a984-4e9e-9695-b9117d7d61de req-c87c1c44-a984-4e9e-9695-b9117d7d61de ] Request (ServerExternalEventsTest:tearDownClass): 204 DELETE http://10.180.1.21:9696/networking/v2.0/security-groups/f609c82f-b914-45f4-b5bd-02e651cf501f 0.077s
2024-10-15 17:22:42.247 62111 INFO tempest.lib.common.rest_client [req-3be588f5-c96f-43b8-8791-25679b5671ff req-3be588f5-c96f-43b8-8791-25679b5671ff ] Request (ServersV294TestFqdnHostnames:setUpClass): 200 GET http://10.180.1.21/compute/v2.1/servers/bd549d69-403b-4c5c-9e08-0c84d32a7c0a 0.218s
2024-10-15 17:22:42.249 62139 INFO tempest.lib.common.rest_client [req-357cbf60-eae1-405a-8e5b-8d41bd1ebd75 req-357cbf60-eae1-405a-8e5b-8d41bd1ebd75 ] Request (ServerActionsTestOtherA:setUpClass): 200 GET http://10.180.1.21/compute/v2.1/servers/d455fa51-f38f-4bb7-ba28-cf03c2ce3dbb 0.148s
2024-10-15 17:22:42.324 62089 INFO tempest.lib.common.rest_client [req-660b9bba-b0d7-48a2-a2f3-8e945c7fa560 req-660b9bba-b0d7-48a2-a2f3-8e945c7fa560 ] Request (ServerExternalEventsTest:tearDownClass): 204 DELETE http://10.180.1.21/identity/v3/projects/1d09064c44ec468ea0d0829f5c0156bb 0.076s
2024-10-15 17:22:42.352 62097 INFO tempest.lib.common.rest_client [req-2ed4c734-3446-4d9f-992e-d3ec775b33be req-2ed4c734-3446-4d9f-992e-d3ec775b33be ] Request (ServerActionsTestJSON:setUpClass): 200 GET http://10.180.1.21/compute/v2.1/servers/144d5486-d438-4bca-9b68-c414cc1f4659 0.046s
2024-10-15 17:22:42.377 62089 INFO tempest.lib.common.rest_client [req-3a049869-f1fe-40de-b982-05b614fa1fff req-3a049869-f1fe-40de-b982-05b614fa1fff ] Request (ServersAdminTestJSON:setUpClass): 201 POST http://10.180.1.21/identity/v3/auth/tokens 0.051s
2024-10-15 17:22:42.403 62089 INFO tempest.lib.common.rest_client [req-0f44258a-3d20-421e-b33a-c4e19c997fd9 req-0f44258a-3d20-421e-b33a-c4e19c997fd9 ] Request (ServersAdminTestJSON:setUpClass): 201 POST http://10.180.1.21/identity/v3/auth/tokens 0.023s
2024-10-15 17:22:42.407 62093 INFO tempest.lib.common.rest_client [req-86b4694f-d118-4288-96fa-4f51d9b6a60a req-86b4694f-d118-4288-96fa-4f51d9b6a60a ] Request (InstanceActionsTestJSON:setUpClass): 200 GET http://10.180.1.21/compute/v2.1/servers/90251da7-072c-45ff-899b-3fd2e0c06880 0.046s
