2024-10-15 17:22:15.707 62091 INFO tempest.lib.common.fixed_network [-] (ServerActionsV293TestJSON:setUpClass) Found network {'id': 'a4060bfc-db8b-48ab-a24a-3430e0c85bb8', 'name': 'tempest-ServerActionsV293TestJSON-1466071116-network', 'tenant_id': '87cfe1904375437c8ecf3da50b573d7f', 'admin_state_up': True, 'mtu': 8950, 'status': 'ACTIVE', 'subnets': [], 'shared': False, 'project_id': '87cfe1904375437c8ecf3da50b573d7f', 'port_security_enabled': True, 'router:external': False, 'provider:network_type': 'vlan', 'provider:physical_network': 'default', 'provider:segmentation_id': 456, 'is_default': False, 'availability_zone_hints': [], 'availability_zones': [], 'ipv4_address_scope': None, 'ipv6_address_scope': None, 'description': '', 'tags': [], 'created_at': '2024-10-15T17:22:12Z', 'updated_at': '2024-10-15T17:22:12Z', 'revision_number': 1} available for tenant
2024-10-15 17:22:15.721 62119 INFO tempest.lib.common.rest_client [req-5c0ca258-deaa-4391-bee1-87cfe76806c6 req-5c0ca258-deaa-4391-bee1-87cfe76806c6 ] Request (ServersAdminNegativeTestJSON:setUpClass): 200 GET http://10.180.1.21/compute/v2.1/servers/f9e90a57-da19-4b1a-81cb-8a6433e09785 0.066s
2024-10-15 17:22:15.727 62101 INFO tempest.lib.common.rest_client [req-9db31f38-51ec-4123-afb7-4e0a70a9753c req-9db31f38-51ec-4123-afb7-4e0a70a9753c ] Request (AttachInterfacesV270Test:test_create_get_list_interfaces): 200 GET http://10.180.1.21/compute/v2.1/servers/593106da-0c81-448a-b3ba-fd6007dcdd98 0.071s
2024-10-15 17:22:15.744 62095 INFO tempest.lib.common.rest_client [req-f4399439-5e60-48c1-bc5e-c6662407878a req-f4399439-5e60-48c1-bc5e-c6662407878a ] Request (ServerRescueNegativeTestJSON:tearDownClass): 204 DELETE http://10.180.1.21:9696/networking/v2.0/security-groups/eb867354-32b6-47e6-8f1e-9e1c3376ae88 0.094s
2024-10-15 17:22:15.777 62103 INFO tempest.lib.common.rest_client [req-c7fec0a3-3f26-4ebd-9a95-68b914045666 req-c7fec0a3-3f26-4ebd-9a95-68b914045666 ] Request (ImagesTestJSON:test_create_image_from_stopped_server): 200 GET http://10.180.1.21/compute/v2.1/servers/fe9b7dd3-2cdb-49a4-b4fd-54a4e9654b79 0.062s
2024-10-15 17:22:15.789 62121 INFO tempest.lib.common.rest_client [req-9da245e3-2b2b-4d9f-bef0-461f364ed7f9 req-9da245e3-2b2b-4d9f-bef0-461f364ed7f9 ] Request (AttachVolumeShelveTestJSON:test_attach_volume_shelved_or_offload_server): 200 GET http://10.180.1.21/compute/v2.1/servers/23f221fd-8f76-4a6f-8189-49d9be9da7e2 0.072s
2024-10-15 17:22:15.831 62127 INFO tempest.lib.common.rest_client [req-c09876fd-07f4-4f99-bdde-23c96d9670a9 req-c09876fd-07f4-4f99-bdde-23c96d9670a9 ] Request (ServerMetadataNegativeTestJSON:setUpClass): 200 GET http://10.180.1.21/compute/v2.1/servers/5d89c8de-69f9-432d-bb64-46d662097463 0.063s
2024-10-15 17:22:15.835 62095 INFO tempest.lib.common.rest_client [req-cc68de6d-63ba-4cbf-b00f-668b81465690 req-cc68de6d-63ba-4cbf-b00f-668b81465690 ] Request (ServerRescueNegativeTestJSON:tearDownClass): 204 DELETE http://10.180.1.21/identity/v3/projects/f0dfb1aa267b4cf49f90a1d161a5780b 0.090s
2024-10-15 17:22:15.845 62123 INFO tempest.lib.common.rest_client [req-55bdb0dd-5155-4c93-a7ec-f155dd47d5bb req-55bdb0dd-5155-4c93-a7ec-f155dd47d5bb ] Request (MultipleCreateTestJSON:test_multiple_create): 200 GET http://10.180.1.21/compute/v2.1/servers/d7ca3eac-9738-483a-ae14-67e17929a251 0.070s
2024-10-15 17:22:15.896 62113 INFO tempest.lib.common.rest_client [req-1be65abc-a8a2-4bb4-a7c6-612a54ccc7db req-1be65abc-a8a2-4bb4-a7c6-612a54ccc7db ] Request (MigrationsAdminTest:test_resize_server_revert_deleted_flavor): 200 GET http://10.180.1.21/compute/v2.1/servers/8c872e97-44ca-48c9-b7bb-02dca695ad8a 0.060s
2024-10-15 17:22:15.906 62113 INFO tempest.common.waiters [-] State transition "BUILD/scheduling" ==> "ERROR/None" after 85 second wait
2024-10-15 17:22:15.907 62095 INFO tempest.lib.common.rest_client [req-7637a461-3390-41a5-9c2c-85c53cdf0159 req-7637a461-3390-41a5-9c2c-85c53cdf0159 ] Request (ComputeTenantNetworksTest:setUpClass): 201 POST http://10.180.1.21/identity/v3/auth/tokens 0.064s
2024-10-15 17:22:15.944 62095 INFO tempest.lib.common.rest_client [req-6f1897d1-b972-4dbb-8bdc-ea8e99306134 req-6f1897d1-b972-4dbb-8bdc-ea8e99306134 ] Request (ComputeTenantNetworksTest:setUpClass): 201 POST http://10.180.1.21/identity/v3/auth/tokens 0.034s
2024-10-15 17:22:15.945 62143 INFO tempest.lib.common.rest_client [req-8c9ad8b5-2361-431d-b042-45ba4bb4d0ef req-8c9ad8b5-2361-431d-b042-45ba4bb4d0ef ] Request (AttachInterfacesTestJSON:test_create_list_show_delete_interfaces_by_fixed_ip): 200 GET http://10.180.1.21/compute/v2.1/servers/26aba610-746f-4a3c-988c-bf5ffa44198f 0.057s
2024-10-15 17:22:15.979 62095 INFO tempest.lib.common.rest_client [req-96b8a25a-8834-4fd8-8485-7a9fd2fc5a11 req-96b8a25a-8834-4fd8-8485-7a9fd2fc5a11 ] Request (ComputeTenantNetworksTest:setUpClass): 200 GET http://10.180.1.21/identity/v3/domains?name=Default 0.034s
2024-10-15 17:22:16.012 62095 INFO tempest.lib.common.rest_client [req-7a8cd364-002f-4e8f-bc3e-72d9df18e7e8 req-7a8cd364-002f-4e8f-bc3e-72d9df18e7e8 ] Request (ComputeTenantNetworksTest:setUpClass): 201 POST http://10.180.1.21/identity/v3/projects 0.033s
2024-10-15 17:22:16.013 62089 INFO tempest.lib.common.rest_client [req-8e725386-3b3b-4970-8f97-2d1398e0a119 req-8e725386-3b3b-4970-8f97-2d1398e0a119 ] Request (ServerExternalEventsTest:test_create_server_external_events): 200 GET http://10.180.1.21/compute/v2.1/servers/ab92661d-d5e3-4e7a-b6c3-48d48bf795b3 0.055s
2024-10-15 17:22:16.072 62111 INFO tempest.lib.common.rest_client [req-59c21cbb-f098-4bc1-b404-d8b806b4b2ce req-59c21cbb-f098-4bc1-b404-d8b806b4b2ce ] Request (ServersV294TestFqdnHostnames:setUpClass): 200 GET http://10.180.1.21/compute/v2.1/servers/bd549d69-403b-4c5c-9e08-0c84d32a7c0a 0.112s
2024-10-15 17:22:16.079 62095 INFO tempest.lib.common.rest_client [req-61a68d5d-04fc-432d-af86-24b7014101a1 req-61a68d5d-04fc-432d-af86-24b7014101a1 ] Request (ComputeTenantNetworksTest:setUpClass): 201 POST http://10.180.1.21/identity/v3/users 0.066s
2024-10-15 17:22:16.097 62095 INFO tempest.lib.common.rest_client [req-cc65e20e-ea5f-426e-a91d-eeb2493a7cf9 req-cc65e20e-ea5f-426e-a91d-eeb2493a7cf9 ] Request (ComputeTenantNetworksTest:setUpClass): 200 GET http://10.180.1.21/identity/v3/roles 0.018s
2024-10-15 17:22:16.121 62097 INFO tempest.lib.common.rest_client [req-a4f75c67-4fe8-4a1e-a2a9-c437833a1482 req-a4f75c67-4fe8-4a1e-a2a9-c437833a1482 ] Request (ServerActionsTestJSON:setUpClass): 200 GET http://10.180.1.21/compute/v2.1/servers/144d5486-d438-4bca-9b68-c414cc1f4659 0.088s
2024-10-15 17:22:16.127 62097 INFO tempest.common.waiters [-] State transition "BUILD/scheduling" ==> "BUILD/None" after 68 second wait
2024-10-15 17:22:16.131 62113 INFO tempest.lib.common.rest_client [req-da5fe6a9-5cca-476e-ac4a-2427533fd1cc req-da5fe6a9-5cca-476e-ac4a-2427533fd1cc ] Request (MigrationsAdminTest:test_resize_server_revert_deleted_flavor): 204 DELETE http://10.180.1.21/compute/v2.1/servers/8c872e97-44ca-48c9-b7bb-02dca695ad8a 0.225s
2024-10-15 17:22:16.132 62095 INFO tempest.lib.common.rest_client [req-3dd517e0-c611-4661-a24b-ecd74909653b req-3dd517e0-c611-4661-a24b-ecd74909653b ] Request (ComputeTenantNetworksTest:setUpClass): 204 PUT http://10.180.1.21/identity/v3/projects/dbc5d2dd712c481689a3a62f09c0824b/users/b86fa88aa72a4c53b262bda67c295698/roles/c6c97b217e0b4feb90512fb2e66fba9f 0.034s
2024-10-15 17:22:16.133 62095 INFO tempest.lib.common.dynamic_creds [-] Dynamic test user b86fa88aa72a4c53b262bda67c295698 is created with scope project and roles: ['member']
2024-10-15 17:22:16.133 62095 INFO tempest.lib.common.dynamic_creds [-] Acquired dynamic creds: credentials: Credentials: {'domain_id': 'default', 'domain_name': 'Default', 'username': 'tempest-ComputeTenantNetworksTest-264924506-project-member', 'project_domain_id': 'default', 'project_domain_name': 'Default', 'project_id': 'dbc5d2dd712c481689a3a62f09c0824b', 'project_name': 'tempest-ComputeTenantNetworksTest-264924506', 'tenant_id': 'dbc5d2dd712c481689a3a62f09c0824b', 'tenant_name': 'tempest-ComputeTenantNetworksTest-264924506', 'user_domain_id': 'default', 'user_domain_name': 'Default', 'user_id': 'b86fa88aa72a4c53b262bda67c295698', 'system': None}, Network: None, Subnet: None, Router: None
2024-10-15 17:22:16.154 62091 INFO tempest.lib.common.rest_client [req-9f94a733-cac3-4f26-87b7-54359aee0159 req-9f94a733-cac3-4f26-87b7-54359aee0159 ] Request (ServerActionsV293TestJSON:setUpClass): 202 POST http://10.180.1.21/volume/v3/volumes 0.446s
2024-10-15 17:22:16.182 62145 INFO tempest.lib.common.rest_client [req-36343b9c-f997-4a78-8cea-d016cba6e336 req-36343b9c-f997-4a78-8cea-d016cba6e336 ] Request (ServerActionsTestOtherB:setUpClass): 200 GET http://10.180.1.21/compute/v2.1/servers/0b213475-347e-42c9-aa16-0abd570d1a3e 0.145s
2024-10-15 17:22:16.190 62091 INFO tempest.lib.common.rest_client [req-3203fc93-d13b-4a72-985f-04ef7e7b3c41 req-3203fc93-d13b-4a72-985f-04ef7e7b3c41 ] Request (ServerActionsV293TestJSON:setUpClass): 200 GET http://10.180.1.21/volume/v3/volumes/982afabd-4c5b-42b2-a1c5-617ae99ad149 0.025s
2024-10-15 17:22:16.191 62139 INFO tempest.lib.common.rest_client [req-f2de2b7e-b1b0-4a54-948e-0eace8b621ec req-f2de2b7e-b1b0-4a54-948e-0eace8b621ec ] Request (ServerActionsTestOtherA:setUpClass): 200 GET http://10.180.1.21/compute/v2.1/servers/d455fa51-f38f-4bb7-ba28-cf03c2ce3dbb 0.095s
2024-10-15 17:22:16.203 62095 INFO tempest.lib.common.rest_client [req-f7221405-fafa-4b67-8074-e6b51091f108 req-f7221405-fafa-4b67-8074-e6b51091f108 ] Request (ComputeTenantNetworksTest:setUpClass): 201 POST http://10.180.1.21/identity/v3/auth/tokens 0.070s
2024-10-15 17:22:16.214 62113 INFO tempest.lib.common.rest_client [req-febe2ae6-4089-4539-b7f0-4c24c3cf1e3b req-febe2ae6-4089-4539-b7f0-4c24c3cf1e3b ] Request (MigrationsAdminTest:test_resize_server_revert_deleted_flavor): 404 GET http://10.180.1.21/compute/v2.1/servers/8c872e97-44ca-48c9-b7bb-02dca695ad8a 0.082s
2024-10-15 17:22:16.228 62093 INFO tempest.lib.common.rest_client [req-978c3218-6f14-4f38-96a7-47108b7bc414 req-978c3218-6f14-4f38-96a7-47108b7bc414 ] Request (InstanceActionsTestJSON:setUpClass): 200 GET http://10.180.1.21/compute/v2.1/servers/90251da7-072c-45ff-899b-3fd2e0c06880 0.110s
2024-10-15 17:22:16.263 62125 INFO tempest.lib.common.rest_client [req-ad5275da-e89b-4ae9-b745-96e09c64fb23 req-ad5275da-e89b-4ae9-b745-96e09c64fb23 ] Request (DeleteServersAdminTestJSON:test_delete_server_while_in_error_state): 200 GET http://10.180.1.21/compute/v2.1/servers/394a7258-a9e0-4b16-a125-01e8cdfe7026 0.097s
2024-10-15 17:22:16.279 62141 INFO tempest.lib.common.rest_client [req-c9a95ac7-ec91-4111-942e-3c28503be739 req-c9a95ac7-ec91-4111-942e-3c28503be739 ] Request (ServersTestJSON:test_create_server_specify_multibyte_character_name): 200 GET http://10.180.1.21/compute/v2.1/servers/a77ddc8b-f3b2-4e13-944d-5cafecf59fae 0.071s
2024-10-15 17:22:16.281 62113 INFO tempest.lib.common.rest_client [req-b600157b-2058-4179-9b43-3b6ed26d1a37 req-b600157b-2058-4179-9b43-3b6ed26d1a37 ] Request (MigrationsAdminTest:_run_cleanups): 202 DELETE http://10.180.1.21/compute/v2.1/flavors/92c15cf7-8791-4ef2-b415-57bf08908c00 0.067s
2024-10-15 17:22:16.296 62113 INFO tempest.lib.common.rest_client [req-339c5c62-ded2-49d0-80f0-ae8706c5b99d req-339c5c62-ded2-49d0-80f0-ae8706c5b99d ] Request (MigrationsAdminTest:_run_cleanups): 200 GET http://10.180.1.21/compute/v2.1/flavors/detail 0.014s
2024-10-15 17:22:16.347 62135 INFO tempest.lib.common.rest_client [req-18c2cc11-413a-4b35-816a-66fe2628120a req-18c2cc11-413a-4b35-816a-66fe2628120a ] Request (ImagesOneServerNegativeTestJSON:setUpClass): 200 GET http://10.180.1.21/compute/v2.1/servers/b566ea57-9b1a-4869-be7c-9ba579db25dc 0.061s
2024-10-15 17:22:16.355 62147 INFO tempest.lib.common.rest_client [req-6b12b840-36a4-41df-b4bb-67472761f987 req-6b12b840-36a4-41df-b4bb-67472761f987 ] Request (DeleteServersTestJSON:test_delete_server_while_in_attached_volume): 200 GET http://10.180.1.21/compute/v2.1/servers/290aca37-d0d7-4c8c-b8cf-8b787bbf95c9 0.057s
2024-10-15 17:22:16.371 62113 INFO tempest.lib.common.rest_client [req-14c8ed1b-0fae-4df0-99f2-b8b9fa0c62ea req-14c8ed1b-0fae-4df0-99f2-b8b9fa0c62ea ] Request (MigrationsAdminTest:tearDownClass): 204 DELETE http://10.180.1.21/identity/v3/users/6271ea2f00a546cd8ed4d556f530ab5b 0.069s
2024-10-15 17:22:16.417 62153 INFO tempest.lib.common.rest_client [req-a0551c0a-0ef5-437a-b7e0-4d1e35640064 req-a0551c0a-0ef5-437a-b7e0-4d1e35640064 ] Request (SecurityGroupsTestJSON:test_list_security_groups_by_server): 200 GET http://10.180.1.21/compute/v2.1/servers/48b40da3-1efc-4557-a791-e88158338aec 0.063s
2024-10-15 17:22:16.424 62109 INFO tempest.lib.common.rest_client [req-c9617589-9bf8-4bdf-a028-f609f94c4dd4 req-c9617589-9bf8-4bdf-a028-f609f94c4dd4 ] Request (VolumesAdminNegativeTest:test_update_attached_volume_with_nonexistent_volume_in_body): 200 GET http://10.180.1.21/compute/v2.1/servers/aae42775-cb43-4eee-967a-9ba0bdde7783 0.065s
2024-10-15 17:22:16.461 62113 INFO tempest.lib.common.rest_client [req-b08f7bce-289c-47bc-b89a-0efdf3210a5c req-b08f7bce-289c-47bc-b89a-0efdf3210a5c ] Request (MigrationsAdminTest:tearDownClass): 204 DELETE http://10.180.1.21/identity/v3/users/4859863f782543b0ad57a644f6eb29e2 0.090s
2024-10-15 17:22:16.462 62113 INFO tempest.lib.common.dynamic_creds [-] Deleting project and security group for project: dfa77202117a445381073c35c04e557e
2024-10-15 17:22:16.477 62149 INFO tempest.lib.common.rest_client [req-3ab23cbb-11a9-4778-867c-5c9f6fd72bc3 req-3ab23cbb-11a9-4778-867c-5c9f6fd72bc3 ] Request (ImagesOneServerTestJSON:setUpClass): 200 GET http://10.180.1.21/compute/v2.1/servers/97c37446-5b86-469a-9b9b-751d0ebea463 0.072s
2024-10-15 17:22:16.485 62099 INFO tempest.lib.common.rest_client [req-09b7eecc-b2be-4620-b2fd-9b4909a891b4 req-09b7eecc-b2be-4620-b2fd-9b4909a891b4 ] Request (ServersTestManualDisk:setUpClass): 200 GET http://10.180.1.21/compute/v2.1/servers/29cb49fe-627a-4f0f-919b-58f764cd63d0 0.068s
2024-10-15 17:22:16.530 62095 INFO tempest.lib.common.rest_client [req-6ec5a3c9-9a94-47fb-9967-44fdb88703e8 req-6ec5a3c9-9a94-47fb-9967-44fdb88703e8 ] Request (ComputeTenantNetworksTest:setUpClass): 201 POST http://10.180.1.21:9696/networking/v2.0/networks 0.326s
2024-10-15 17:22:16.530 62095 INFO tempest.lib.common.dynamic_creds [-] Created isolated network resources for: credentials: Credentials: {'domain_id': 'default', 'domain_name': 'Default', 'username': 'tempest-ComputeTenantNetworksTest-264924506-project-member', 'project_domain_id': 'default', 'project_domain_name': 'Default', 'project_id': 'dbc5d2dd712c481689a3a62f09c0824b', 'project_name': 'tempest-ComputeTenantNetworksTest-264924506', 'tenant_id': 'dbc5d2dd712c481689a3a62f09c0824b', 'tenant_name': 'tempest-ComputeTenantNetworksTest-264924506', 'user_domain_id': 'default', 'user_domain_name': 'Default', 'user_id': 'b86fa88aa72a4c53b262bda67c295698', 'system': None}, Network: {'id': '353ae87a-d605-40c7-b60c-83e56d7e5271', 'name': 'tempest-ComputeTenantNetworksTest-1324865616-network', 'tenant_id': 'dbc5d2dd712c481689a3a62f09c0824b', 'admin_state_up': True, 'mtu': 8950, 'status': 'ACTIVE', 'subnets': [], 'shared': False, 'project_id': 'dbc5d2dd712c481689a3a62f09c0824b', 'port_security_enabled': True, 'router:external': False, 'provider:network_type': 'vlan', 'provider:physical_network': 'default', 'provider:segmentation_id': 322, 'is_default': False, 'availability_zone_hints': [], 'availability_zones': [], 'ipv4_address_scope': None, 'ipv6_address_scope': None, 'description': '', 'tags': [], 'created_at': '2024-10-15T17:22:16Z', 'updated_at': '2024-10-15T17:22:16Z', 'revision_number': 1}, Subnet: None, Router: None
2024-10-15 17:22:16.532 62113 INFO tempest.lib.common.rest_client [req-c411ad4b-8fd1-4abf-a6a0-c98dd4397e43 req-c411ad4b-8fd1-4abf-a6a0-c98dd4397e43 ] Request (MigrationsAdminTest:tearDownClass): 201 POST http://10.180.1.21/identity/v3/auth/tokens 0.070s
2024-10-15 17:22:16.604 62095 INFO tempest.lib.common.rest_client [req-a75eeac9-0a77-48a1-941e-bf41c65671fc req-a75eeac9-0a77-48a1-941e-bf41c65671fc ] Request (ComputeTenantNetworksTest:setUpClass): 201 POST http://10.180.1.21/identity/v3/auth/tokens 0.071s
2024-10-15 17:22:16.621 62113 INFO tempest.lib.common.rest_client [req-61509a3a-dfa2-4b2d-806f-ea0af50ecad3 req-61509a3a-dfa2-4b2d-806f-ea0af50ecad3 ] Request (MigrationsAdminTest:tearDownClass): 200 GET http://10.180.1.21:9696/networking/v2.0/security-groups?tenant_id=dfa77202117a445381073c35c04e557e&name=default 0.089s
2024-10-15 17:22:16.631 62095 INFO tempest.lib.common.rest_client [req-e88d896d-ad9f-42e6-9ac5-737f812b966c req-e88d896d-ad9f-42e6-9ac5-737f812b966c ] Request (ComputeTenantNetworksTest:setUpClass): 201 POST http://10.180.1.21/identity/v3/auth/tokens 0.024s
2024-10-15 17:22:16.632 62095 INFO tempest.lib.common.fixed_network [-] (ComputeTenantNetworksTest:setUpClass) Found network {'id': '353ae87a-d605-40c7-b60c-83e56d7e5271', 'name': 'tempest-ComputeTenantNetworksTest-1324865616-network', 'tenant_id': 'dbc5d2dd712c481689a3a62f09c0824b', 'admin_state_up': True, 'mtu': 8950, 'status': 'ACTIVE', 'subnets': [], 'shared': False, 'project_id': 'dbc5d2dd712c481689a3a62f09c0824b', 'port_security_enabled': True, 'router:external': False, 'provider:network_type': 'vlan', 'provider:physical_network': 'default', 'provider:segmentation_id': 322, 'is_default': False, 'availability_zone_hints': [], 'availability_zones': [], 'ipv4_address_scope': None, 'ipv6_address_scope': None, 'description': '', 'tags': [], 'created_at': '2024-10-15T17:22:16Z', 'updated_at': '2024-10-15T17:22:16Z', 'revision_number': 1} available for tenant
2024-10-15 17:22:16.711 62113 INFO tempest.lib.common.rest_client [req-61a55a1f-40fd-4137-b958-c3294c2cbf2a req-61a55a1f-40fd-4137-b958-c3294c2cbf2a ] Request (MigrationsAdminTest:tearDownClass): 204 DELETE http://10.180.1.21:9696/networking/v2.0/security-groups/589d9be0-cf47-4972-9863-908581e03015 0.089s
2024-10-15 17:22:16.743 62117 INFO tempest.lib.common.rest_client [req-4787c091-e610-4ea3-84c5-4875b5d7fd1f req-4787c091-e610-4ea3-84c5-4875b5d7fd1f ] Request (AttachInterfacesUnderV243Test:test_add_remove_fixed_ip): 200 GET http://10.180.1.21/compute/v2.1/servers/beffa800-ff93-4230-be14-f2b906666cc0 0.062s
2024-10-15 17:22:16.765 62095 INFO tempest.lib.common.rest_client [req-beb04689-05d4-4e5a-ae34-eee17047848d req-beb04689-05d4-4e5a-ae34-eee17047848d ] Request (ComputeTenantNetworksTest:test_list_show_tenant_networks): 200 GET http://10.180.1.21/compute/v2.1/os-tenant-networks 0.133s
2024-10-15 17:22:16.769 62113 INFO tempest.lib.common.rest_client [req-68634490-e1a0-4da3-b0b9-9e2bbcaf24c5 req-68634490-e1a0-4da3-b0b9-9e2bbcaf24c5 ] Request (MigrationsAdminTest:tearDownClass): 204 DELETE http://10.180.1.21/identity/v3/projects/dfa77202117a445381073c35c04e557e 0.057s
2024-10-15 17:22:16.769 62113 INFO tempest.lib.common.dynamic_creds [-] Deleting project and security group for project: 005f04f8aadf4ca7b8e92550b2371251
2024-10-15 17:22:16.800 62137 INFO tempest.lib.common.rest_client [req-650a8547-5f8d-49ec-bdec-99ca60389a37 req-650a8547-5f8d-49ec-bdec-99ca60389a37 ] Request (ServerShowV257Test:test_rebuild_server): 200 GET http://10.180.1.21/compute/v2.1/servers/694889e8-200e-454c-9e87-60521dd044d9 0.119s
2024-10-15 17:22:16.817 62119 INFO tempest.lib.common.rest_client [req-3929e398-b57b-4cfa-b83b-d9a5e4d7f9b1 req-3929e398-b57b-4cfa-b83b-d9a5e4d7f9b1 ] Request (ServersAdminNegativeTestJSON:setUpClass): 200 GET http://10.180.1.21/compute/v2.1/servers/f9e90a57-da19-4b1a-81cb-8a6433e09785 0.086s
2024-10-15 17:22:16.863 62101 INFO tempest.lib.common.rest_client [req-ee0446cd-7aa5-4c6d-b8db-8441316088f5 req-ee0446cd-7aa5-4c6d-b8db-8441316088f5 ] Request (AttachInterfacesV270Test:test_create_get_list_interfaces): 200 GET http://10.180.1.21/compute/v2.1/servers/593106da-0c81-448a-b3ba-fd6007dcdd98 0.127s
2024-10-15 17:22:16.880 62095 INFO tempest.lib.common.rest_client [req-d6e26f87-fd6e-43b8-b7d6-441038dbd8b2 req-d6e26f87-fd6e-43b8-b7d6-441038dbd8b2 ] Request (ComputeTenantNetworksTest:test_list_show_tenant_networks): 200 GET http://10.180.1.21/compute/v2.1/os-tenant-networks/353ae87a-d605-40c7-b60c-83e56d7e5271 0.114s
2024-10-15 17:22:16.920 62103 INFO tempest.lib.common.rest_client [req-20c72275-9894-4856-afbd-e851669a66ca req-20c72275-9894-4856-afbd-e851669a66ca ] Request (ImagesTestJSON:test_create_image_from_stopped_server): 200 GET http://10.180.1.21/compute/v2.1/servers/fe9b7dd3-2cdb-49a4-b4fd-54a4e9654b79 0.137s
2024-10-15 17:22:16.934 62113 INFO tempest.lib.common.rest_client [req-5e51a32f-c147-4815-b074-b3bf8ef4459f req-5e51a32f-c147-4815-b074-b3bf8ef4459f ] Request (MigrationsAdminTest:tearDownClass): 200 GET http://10.180.1.21:9696/networking/v2.0/security-groups?tenant_id=005f04f8aadf4ca7b8e92550b2371251&name=default 0.164s
2024-10-15 17:22:16.938 62121 INFO tempest.lib.common.rest_client [req-fcc826c2-935c-4427-93c9-7f1febcf133a req-fcc826c2-935c-4427-93c9-7f1febcf133a ] Request (AttachVolumeShelveTestJSON:test_attach_volume_shelved_or_offload_server): 200 GET http://10.180.1.21/compute/v2.1/servers/23f221fd-8f76-4a6f-8189-49d9be9da7e2 0.141s
2024-10-15 17:22:16.965 62127 INFO tempest.lib.common.rest_client [req-cc4f41a5-b49b-40c9-add2-7f7fcdf353c9 req-cc4f41a5-b49b-40c9-add2-7f7fcdf353c9 ] Request (ServerMetadataNegativeTestJSON:setUpClass): 200 GET http://10.180.1.21/compute/v2.1/servers/5d89c8de-69f9-432d-bb64-46d662097463 0.120s
2024-10-15 17:22:16.982 62123 INFO tempest.lib.common.rest_client [req-7682eff8-f376-49b7-b8f0-0f950ac9b315 req-7682eff8-f376-49b7-b8f0-0f950ac9b315 ] Request (MultipleCreateTestJSON:test_multiple_create): 200 GET http://10.180.1.21/compute/v2.1/servers/d7ca3eac-9738-483a-ae14-67e17929a251 0.128s
2024-10-15 17:22:17.005 62143 INFO tempest.lib.common.rest_client [req-ddba87e2-6420-49a0-8bcb-a33d922c63d7 req-ddba87e2-6420-49a0-8bcb-a33d922c63d7 ] Request (AttachInterfacesTestJSON:test_create_list_show_delete_interfaces_by_fixed_ip): 200 GET http://10.180.1.21/compute/v2.1/servers/26aba610-746f-4a3c-988c-bf5ffa44198f 0.048s
2024-10-15 17:22:17.058 62113 INFO tempest.lib.common.rest_client [req-684739f9-8c72-4161-8259-2cb0328066a1 req-684739f9-8c72-4161-8259-2cb0328066a1 ] Request (MigrationsAdminTest:tearDownClass): 204 DELETE http://10.180.1.21:9696/networking/v2.0/security-groups/20e0dc4b-1173-444c-b18c-12cf02a30fd0 0.123s
2024-10-15 17:22:17.062 62095 INFO tempest.lib.common.rest_client [req-cf13ca84-26b8-431c-b91f-5965db82a441 req-cf13ca84-26b8-431c-b91f-5965db82a441 ] Request (ComputeTenantNetworksTest:tearDownClass): 204 DELETE http://10.180.1.21:9696/networking/v2.0/networks/353ae87a-d605-40c7-b60c-83e56d7e5271 0.177s
2024-10-15 17:22:17.070 62089 INFO tempest.lib.common.rest_client [req-7a288eff-a9d4-4b45-bdb9-2f9e15f8d1e7 req-7a288eff-a9d4-4b45-bdb9-2f9e15f8d1e7 ] Request (ServerExternalEventsTest:test_create_server_external_events): 200 GET http://10.180.1.21/compute/v2.1/servers/ab92661d-d5e3-4e7a-b6c3-48d48bf795b3 0.048s
2024-10-15 17:22:17.136 62113 INFO tempest.lib.common.rest_client [req-4cb359f9-968e-4985-837a-10f3d0cf619e req-4cb359f9-968e-4985-837a-10f3d0cf619e ] Request (MigrationsAdminTest:tearDownClass): 204 DELETE http://10.180.1.21/identity/v3/projects/005f04f8aadf4ca7b8e92550b2371251 0.077s
2024-10-15 17:22:17.136 62111 INFO tempest.lib.common.rest_client [req-3ec33da9-e424-4d10-952c-644537669d5b req-3ec33da9-e424-4d10-952c-644537669d5b ] Request (ServersV294TestFqdnHostnames:setUpClass): 200 GET http://10.180.1.21/compute/v2.1/servers/bd549d69-403b-4c5c-9e08-0c84d32a7c0a 0.051s
2024-10-15 17:22:17.152 62095 INFO tempest.lib.common.rest_client [req-5dfc9847-85b6-4e68-8c17-6db15da3fd9b req-5dfc9847-85b6-4e68-8c17-6db15da3fd9b ] Request (ComputeTenantNetworksTest:tearDownClass): 204 DELETE http://10.180.1.21/identity/v3/users/b86fa88aa72a4c53b262bda67c295698 0.089s
2024-10-15 17:22:17.153 62095 INFO tempest.lib.common.dynamic_creds [-] Deleting project and security group for project: dbc5d2dd712c481689a3a62f09c0824b
2024-10-15 17:22:17.183 62097 INFO tempest.lib.common.rest_client [req-ad605f98-9144-48e4-b214-b494f5675c34 req-ad605f98-9144-48e4-b214-b494f5675c34 ] Request (ServerActionsTestJSON:setUpClass): 200 GET http://10.180.1.21/compute/v2.1/servers/144d5486-d438-4bca-9b68-c414cc1f4659 0.054s
2024-10-15 17:22:17.188 62113 INFO tempest.lib.common.rest_client [req-43176d29-fb68-4d89-9178-856563cb173d req-43176d29-fb68-4d89-9178-856563cb173d ] Request (QuotaClassesAdmin257Test:setUpClass): 201 POST http://10.180.1.21/identity/v3/auth/tokens 0.051s
2024-10-15 17:22:17.190 62095 INFO tempest.lib.common.rest_client [req-dc35fa04-e9b9-42af-850f-63ba77753762 req-dc35fa04-e9b9-42af-850f-63ba77753762 ] Request (ComputeTenantNetworksTest:tearDownClass): 200 GET http://10.180.1.21:9696/networking/v2.0/security-groups?tenant_id=dbc5d2dd712c481689a3a62f09c0824b&name=default 0.037s
2024-10-15 17:22:17.220 62113 INFO tempest.lib.common.rest_client [req-766bdbf5-2cb3-4398-a2ee-05187d496782 req-766bdbf5-2cb3-4398-a2ee-05187d496782 ] Request (QuotaClassesAdmin257Test:setUpClass): 201 POST http://10.180.1.21/identity/v3/auth/tokens 0.029s
2024-10-15 17:22:17.223 62091 INFO tempest.lib.common.rest_client [req-1292de81-44d1-499a-a8a4-6b2d61f4cd91 req-1292de81-44d1-499a-a8a4-6b2d61f4cd91 ] Request (ServerActionsV293TestJSON:setUpClass): 200 GET http://10.180.1.21/volume/v3/volumes/982afabd-4c5b-42b2-a1c5-617ae99ad149 0.026s
2024-10-15 17:22:17.238 62113 INFO tempest.lib.common.rest_client [req-0dc6a299-a2c1-4492-b19d-52678e799a30 req-0dc6a299-a2c1-4492-b19d-52678e799a30 ] Request (QuotaClassesAdmin257Test:setUpClass): 200 GET http://10.180.1.21/identity/v3/domains?name=Default 0.018s
2024-10-15 17:22:17.244 62145 INFO tempest.lib.common.rest_client [req-b6ac84ce-8608-475b-83cf-aac662f56644 req-b6ac84ce-8608-475b-83cf-aac662f56644 ] Request (ServerActionsTestOtherB:setUpClass): 200 GET http://10.180.1.21/compute/v2.1/servers/0b213475-347e-42c9-aa16-0abd570d1a3e 0.054s
2024-10-15 17:22:17.253 62139 INFO tempest.lib.common.rest_client [req-819e43c6-0637-4610-835e-ecd0975a5a5f req-819e43c6-0637-4610-835e-ecd0975a5a5f ] Request (ServerActionsTestOtherA:setUpClass): 200 GET http://10.180.1.21/compute/v2.1/servers/d455fa51-f38f-4bb7-ba28-cf03c2ce3dbb 0.053s
2024-10-15 17:22:17.266 62113 INFO tempest.lib.common.rest_client [req-381e9dd2-9b69-40ec-807e-5e9a837a1012 req-381e9dd2-9b69-40ec-807e-5e9a837a1012 ] Request (QuotaClassesAdmin257Test:setUpClass): 201 POST http://10.180.1.21/identity/v3/projects 0.027s
2024-10-15 17:22:17.288 62093 INFO tempest.lib.common.rest_client [req-b46cfc57-1527-4d51-a760-4e052bb41317 req-b46cfc57-1527-4d51-a760-4e052bb41317 ] Request (InstanceActionsTestJSON:setUpClass): 200 GET http://10.180.1.21/compute/v2.1/servers/90251da7-072c-45ff-899b-3fd2e0c06880 0.053s
2024-10-15 17:22:17.302 62095 INFO tempest.lib.common.rest_client [req-aeaf7d2d-2635-47ff-980c-0c7db420b05c req-aeaf7d2d-2635-47ff-980c-0c7db420b05c ] Request (ComputeTenantNetworksTest:tearDownClass): 204 DELETE http://10.180.1.21:9696/networking/v2.0/security-groups/76f455f5-42c4-4e31-95f5-47a01bbfc352 0.111s
2024-10-15 17:22:17.321 62125 INFO tempest.lib.common.rest_client [req-aeddfd3b-5f95-4991-b601-e783da431ec0 req-aeddfd3b-5f95-4991-b601-e783da431ec0 ] Request (DeleteServersAdminTestJSON:test_delete_server_while_in_error_state): 200 GET http://10.180.1.21/compute/v2.1/servers/394a7258-a9e0-4b16-a125-01e8cdfe7026 0.050s
2024-10-15 17:22:17.328 62113 INFO tempest.lib.common.rest_client [req-b3fe2626-bc80-46f2-b46e-b026803b23e3 req-b3fe2626-bc80-46f2-b46e-b026803b23e3 ] Request (QuotaClassesAdmin257Test:setUpClass): 201 POST http://10.180.1.21/identity/v3/users 0.061s
2024-10-15 17:22:17.331 62141 INFO tempest.lib.common.rest_client [req-a74518a8-66ae-4d7e-a591-8d2957c06683 req-a74518a8-66ae-4d7e-a591-8d2957c06683 ] Request (ServersTestJSON:test_create_server_specify_multibyte_character_name): 200 GET http://10.180.1.21/compute/v2.1/servers/a77ddc8b-f3b2-4e13-944d-5cafecf59fae 0.045s
2024-10-15 17:22:17.343 62113 INFO tempest.lib.common.rest_client [req-844d30d9-4af6-4346-afa2-32aed43ce638 req-844d30d9-4af6-4346-afa2-32aed43ce638 ] Request (QuotaClassesAdmin257Test:setUpClass): 200 GET http://10.180.1.21/identity/v3/roles 0.014s
2024-10-15 17:22:17.362 62095 INFO tempest.lib.common.rest_client [req-98bf8040-3b81-495e-9473-d4098950bc6d req-98bf8040-3b81-495e-9473-d4098950bc6d ] Request (ComputeTenantNetworksTest:tearDownClass): 204 DELETE http://10.180.1.21/identity/v3/projects/dbc5d2dd712c481689a3a62f09c0824b 0.060s
2024-10-15 17:22:17.393 62113 INFO tempest.lib.common.rest_client [req-dd24f564-67eb-4a27-b361-42c75bf373aa req-dd24f564-67eb-4a27-b361-42c75bf373aa ] Request (QuotaClassesAdmin257Test:setUpClass): 204 PUT http://10.180.1.21/identity/v3/projects/7f81a8e6802445a3bbdafbba6cccc69b/users/7ad8be358efe4a458d6e7280373e4780/roles/c6c97b217e0b4feb90512fb2e66fba9f 0.050s
2024-10-15 17:22:17.393 62113 INFO tempest.lib.common.dynamic_creds [-] Dynamic test user 7ad8be358efe4a458d6e7280373e4780 is created with scope project and roles: ['member']
2024-10-15 17:22:17.394 62113 INFO tempest.lib.common.dynamic_creds [-] Acquired dynamic creds: credentials: Credentials: {'domain_id': 'default', 'domain_name': 'Default', 'username': 'tempest-QuotaClassesAdmin257Test-201436526-project-member', 'project_domain_id': 'default', 'project_domain_name': 'Default', 'project_id': '7f81a8e6802445a3bbdafbba6cccc69b', 'project_name': 'tempest-QuotaClassesAdmin257Test-201436526', 'tenant_id': '7f81a8e6802445a3bbdafbba6cccc69b', 'tenant_name': 'tempest-QuotaClassesAdmin257Test-201436526', 'user_domain_id': 'default', 'user_domain_name': 'Default', 'user_id': '7ad8be358efe4a458d6e7280373e4780', 'system': None}, Network: None, Subnet: None, Router: None
2024-10-15 17:22:17.394 62113 INFO tempest.lib.common.dynamic_creds [-] Created isolated network resources for: credentials: Credentials: {'domain_id': 'default', 'domain_name': 'Default', 'username': 'tempest-QuotaClassesAdmin257Test-201436526-project-member', 'project_domain_id': 'default', 'project_domain_name': 'Default', 'project_id': '7f81a8e6802445a3bbdafbba6cccc69b', 'project_name': 'tempest-QuotaClassesAdmin257Test-201436526', 'tenant_id': '7f81a8e6802445a3bbdafbba6cccc69b', 'tenant_name': 'tempest-QuotaClassesAdmin257Test-201436526', 'user_domain_id': 'default', 'user_domain_name': 'Default', 'user_id': '7ad8be358efe4a458d6e7280373e4780', 'system': None}, Network: None, Subnet: None, Router: None
2024-10-15 17:22:17.413 62135 INFO tempest.lib.common.rest_client [req-20809ba7-a879-4a69-8791-fe2f6a6c4b3d req-20809ba7-a879-4a69-8791-fe2f6a6c4b3d ] Request (ImagesOneServerNegativeTestJSON:setUpClass): 200 GET http://10.180.1.21/compute/v2.1/servers/b566ea57-9b1a-4869-be7c-9ba579db25dc 0.057s
2024-10-15 17:22:17.418 62147 INFO tempest.lib.common.rest_client [req-c476ae8d-7303-47ec-83c7-9152e8ae9bac req-c476ae8d-7303-47ec-83c7-9152e8ae9bac ] Request (DeleteServersTestJSON:test_delete_server_while_in_attached_volume): 200 GET http://10.180.1.21/compute/v2.1/servers/290aca37-d0d7-4c8c-b8cf-8b787bbf95c9 0.053s
2024-10-15 17:22:17.463 62113 INFO tempest.lib.common.rest_client [req-9af004fe-586b-40f5-bbdb-32a174307556 req-9af004fe-586b-40f5-bbdb-32a174307556 ] Request (QuotaClassesAdmin257Test:setUpClass): 201 POST http://10.180.1.21/identity/v3/auth/tokens 0.066s
2024-10-15 17:22:17.668 62113 INFO tempest.lib.common.rest_client [req-d7cfa017-3278-44a5-95f4-26ca5b46002f req-d7cfa017-3278-44a5-95f4-26ca5b46002f ] Request (QuotaClassesAdmin257Test:setUpClass): 201 POST http://10.180.1.21/identity/v3/projects 0.204s
2024-10-15 17:22:17.669 62109 INFO tempest.lib.common.rest_client [req-c454de47-0145-4786-a119-70c8989a5020 req-c454de47-0145-4786-a119-70c8989a5020 ] Request (VolumesAdminNegativeTest:test_update_attached_volume_with_nonexistent_volume_in_body): 200 GET http://10.180.1.21/compute/v2.1/servers/aae42775-cb43-4eee-967a-9ba0bdde7783 0.233s
2024-10-15 17:22:17.694 62153 INFO tempest.lib.common.rest_client [req-d25937b4-6eb1-44bf-b34b-a0f0f9f764a2 req-d25937b4-6eb1-44bf-b34b-a0f0f9f764a2 ] Request (SecurityGroupsTestJSON:test_list_security_groups_by_server): 200 GET http://10.180.1.21/compute/v2.1/servers/48b40da3-1efc-4557-a791-e88158338aec 0.267s
2024-10-15 17:22:17.718 62149 INFO tempest.lib.common.rest_client [req-97aa1ce2-4c3c-4838-81f1-5b9555fd117a req-97aa1ce2-4c3c-4838-81f1-5b9555fd117a ] Request (ImagesOneServerTestJSON:setUpClass): 200 GET http://10.180.1.21/compute/v2.1/servers/97c37446-5b86-469a-9b9b-751d0ebea463 0.232s
2024-10-15 17:22:17.730 62113 INFO tempest.lib.common.rest_client [req-8f046e82-7ba0-4234-b8b6-f6866a8792d6 req-8f046e82-7ba0-4234-b8b6-f6866a8792d6 ] Request (QuotaClassesAdmin257Test:setUpClass): 201 POST http://10.180.1.21/identity/v3/users 0.062s
2024-10-15 17:22:17.733 62099 INFO tempest.lib.common.rest_client [req-aad2e4cc-c8f7-4e9d-826f-b736f2d24446 req-aad2e4cc-c8f7-4e9d-826f-b736f2d24446 ] Request (ServersTestManualDisk:setUpClass): 200 GET http://10.180.1.21/compute/v2.1/servers/29cb49fe-627a-4f0f-919b-58f764cd63d0 0.077s
2024-10-15 17:22:17.746 62113 INFO tempest.lib.common.rest_client [req-e4642be5-604f-4053-bcd7-67fd0ca35ada req-e4642be5-604f-4053-bcd7-67fd0ca35ada ] Request (QuotaClassesAdmin257Test:setUpClass): 200 GET http://10.180.1.21/identity/v3/roles 0.015s
2024-10-15 17:22:17.768 62113 INFO tempest.lib.common.rest_client [req-b45a9dd4-d3e7-4d34-bd6b-95b4e723dc5d req-b45a9dd4-d3e7-4d34-bd6b-95b4e723dc5d ] Request (QuotaClassesAdmin257Test:setUpClass): 204 PUT http://10.180.1.21/identity/v3/projects/6cb8548e11bd40ed89651747736c8b8d/users/229061b143f74adf9a4cbbc22b4874c3/roles/22195a29d1084e1f961947de65b9a15f 0.021s
2024-10-15 17:22:17.796 62117 INFO tempest.lib.common.rest_client [req-e715448a-fe76-4ef3-9d13-9403d6ae305a req-e715448a-fe76-4ef3-9d13-9403d6ae305a ] Request (AttachInterfacesUnderV243Test:test_add_remove_fixed_ip): 200 GET http://10.180.1.21/compute/v2.1/servers/beffa800-ff93-4230-be14-f2b906666cc0 0.045s
2024-10-15 17:22:17.810 62113 INFO tempest.lib.common.rest_client [req-a9c0f5ac-c257-4e81-87fb-39000c5d5296 req-a9c0f5ac-c257-4e81-87fb-39000c5d5296 ] Request (QuotaClassesAdmin257Test:setUpClass): 200 GET http://10.180.1.21/identity/v3/roles 0.042s
2024-10-15 17:22:17.826 62113 INFO tempest.lib.common.rest_client [req-52a2a251-b82d-4ebc-8776-5f3ec3bc28e8 req-52a2a251-b82d-4ebc-8776-5f3ec3bc28e8 ] Request (QuotaClassesAdmin257Test:setUpClass): 204 PUT http://10.180.1.21/identity/v3/projects/6cb8548e11bd40ed89651747736c8b8d/users/229061b143f74adf9a4cbbc22b4874c3/roles/22195a29d1084e1f961947de65b9a15f 0.015s
2024-10-15 17:22:17.826 62113 INFO tempest.lib.common.dynamic_creds [-] Dynamic test user 229061b143f74adf9a4cbbc22b4874c3 is created with scope project and roles: ['admin']
2024-10-15 17:22:17.826 62113 INFO tempest.lib.common.dynamic_creds [-] Acquired dynamic creds: credentials: Credentials: {'domain_id': 'default', 'domain_name': 'Default', 'username': 'tempest-QuotaClassesAdmin257Test-1243563339-project-admin', 'project_domain_id': 'default', 'project_domain_name': 'Default', 'project_id': '6cb8548e11bd40ed89651747736c8b8d', 'project_name': 'tempest-QuotaClassesAdmin257Test-1243563339', 'tenant_id': '6cb8548e11bd40ed89651747736c8b8d', 'tenant_name': 'tempest-QuotaClassesAdmin257Test-1243563339', 'user_domain_id': 'default', 'user_domain_name': 'Default', 'user_id': '229061b143f74adf9a4cbbc22b4874c3', 'system': None}, Network: None, Subnet: None, Router: None
2024-10-15 17:22:17.826 62113 INFO tempest.lib.common.dynamic_creds [-] Created isolated network resources for: credentials: Credentials: {'domain_id': 'default', 'domain_name': 'Default', 'username': 'tempest-QuotaClassesAdmin257Test-1243563339-project-admin', 'project_domain_id': 'default', 'project_domain_name': 'Default', 'project_id': '6cb8548e11bd40ed89651747736c8b8d', 'project_name': 'tempest-QuotaClassesAdmin257Test-1243563339', 'tenant_id': '6cb8548e11bd40ed89651747736c8b8d', 'tenant_name': 'tempest-QuotaClassesAdmin257Test-1243563339', 'user_domain_id': 'default', 'user_domain_name': 'Default', 'user_id': '229061b143f74adf9a4cbbc22b4874c3', 'system': None}, Network: None, Subnet: None, Router: None
2024-10-15 17:22:17.858 62137 INFO tempest.lib.common.rest_client [req-8f201250-38c9-48ba-81e3-7b6714f2163d req-8f201250-38c9-48ba-81e3-7b6714f2163d ] Request (ServerShowV257Test:test_rebuild_server): 200 GET http://10.180.1.21/compute/v2.1/servers/694889e8-200e-454c-9e87-60521dd044d9 0.050s
2024-10-15 17:22:17.873 62119 INFO tempest.lib.common.rest_client [req-6184ed98-bd00-45b5-93cf-302f5a6b109d req-6184ed98-bd00-45b5-93cf-302f5a6b109d ] Request (ServersAdminNegativeTestJSON:setUpClass): 200 GET http://10.180.1.21/compute/v2.1/servers/f9e90a57-da19-4b1a-81cb-8a6433e09785 0.048s
2024-10-15 17:22:17.889 62113 INFO tempest.lib.common.rest_client [req-05d9c438-0ff8-4140-9749-7ca48d21e074 req-05d9c438-0ff8-4140-9749-7ca48d21e074 ] Request (QuotaClassesAdmin257Test:setUpClass): 201 POST http://10.180.1.21/identity/v3/auth/tokens 0.059s
2024-10-15 17:22:17.922 62101 INFO tempest.lib.common.rest_client [req-d23b17b3-7170-4775-90da-02e3c134f3f3 req-d23b17b3-7170-4775-90da-02e3c134f3f3 ] Request (AttachInterfacesV270Test:test_create_get_list_interfaces): 200 GET http://10.180.1.21/compute/v2.1/servers/593106da-0c81-448a-b3ba-fd6007dcdd98 0.049s
2024-10-15 17:22:17.962 62113 INFO tempest.lib.common.rest_client [req-d1e22953-6563-4763-bf4e-ce3405bb812e req-d1e22953-6563-4763-bf4e-ce3405bb812e ] Request (QuotaClassesAdmin257Test:test_update_default_quotas): 200 GET http://10.180.1.21/compute/v2.1/os-quota-class-sets/default 0.071s
2024-10-15 17:22:17.977 62103 INFO tempest.lib.common.rest_client [req-2768995d-51cb-41e0-9046-19bcc8d1dd73 req-2768995d-51cb-41e0-9046-19bcc8d1dd73 ] Request (ImagesTestJSON:test_create_image_from_stopped_server): 200 GET http://10.180.1.21/compute/v2.1/servers/fe9b7dd3-2cdb-49a4-b4fd-54a4e9654b79 0.045s
2024-10-15 17:22:18.006 62121 INFO tempest.lib.common.rest_client [req-5455d5ca-f880-4c28-a4ac-6d7f7d8bf13a req-5455d5ca-f880-4c28-a4ac-6d7f7d8bf13a ] Request (AttachVolumeShelveTestJSON:test_attach_volume_shelved_or_offload_server): 200 GET http://10.180.1.21/compute/v2.1/servers/23f221fd-8f76-4a6f-8189-49d9be9da7e2 0.059s
2024-10-15 17:22:18.026 62113 INFO tempest.lib.common.rest_client [req-ff9d9e34-1868-4b13-ac53-faeb4cbc80c2 req-ff9d9e34-1868-4b13-ac53-faeb4cbc80c2 ] Request (QuotaClassesAdmin257Test:test_update_default_quotas): 200 PUT http://10.180.1.21/compute/v2.1/os-quota-class-sets/default 0.063s
2024-10-15 17:22:18.051 62127 INFO tempest.lib.common.rest_client [req-b0e40e87-5952-4cb0-a16d-a13ee7465ece req-b0e40e87-5952-4cb0-a16d-a13ee7465ece ] Request (ServerMetadataNegativeTestJSON:setUpClass): 200 GET http://10.180.1.21/compute/v2.1/servers/5d89c8de-69f9-432d-bb64-46d662097463 0.078s
2024-10-15 17:22:18.069 62123 INFO tempest.lib.common.rest_client [req-a6a3962f-74ef-440d-9484-d00fc56134bc req-a6a3962f-74ef-440d-9484-d00fc56134bc ] Request (MultipleCreateTestJSON:test_multiple_create): 200 GET http://10.180.1.21/compute/v2.1/servers/d7ca3eac-9738-483a-ae14-67e17929a251 0.079s
2024-10-15 17:22:18.077 62113 INFO tempest.lib.common.rest_client [req-507cb163-b6c4-47ea-80f6-ba0790b7e4c6 req-507cb163-b6c4-47ea-80f6-ba0790b7e4c6 ] Request (QuotaClassesAdmin257Test:test_update_default_quotas): 200 GET http://10.180.1.21/compute/v2.1/os-quota-class-sets/default 0.050s
2024-10-15 17:22:18.092 62143 INFO tempest.lib.common.rest_client [req-844f3da0-23a7-4dd6-9845-955455bce000 req-844f3da0-23a7-4dd6-9845-955455bce000 ] Request (AttachInterfacesTestJSON:test_create_list_show_delete_interfaces_by_fixed_ip): 200 GET http://10.180.1.21/compute/v2.1/servers/26aba610-746f-4a3c-988c-bf5ffa44198f 0.080s
2024-10-15 17:22:18.120 62089 INFO tempest.lib.common.rest_client [req-76b61481-460a-4044-b105-fb37f8974fc4 req-76b61481-460a-4044-b105-fb37f8974fc4 ] Request (ServerExternalEventsTest:test_create_server_external_events): 200 GET http://10.180.1.21/compute/v2.1/servers/ab92661d-d5e3-4e7a-b6c3-48d48bf795b3 0.043s
2024-10-15 17:22:18.121 62113 INFO tempest.lib.common.rest_client [req-aa980d3e-c35a-484f-9e7e-78a1e823c32a req-aa980d3e-c35a-484f-9e7e-78a1e823c32a ] Request (QuotaClassesAdmin257Test:_run_cleanups): 200 PUT http://10.180.1.21/compute/v2.1/os-quota-class-sets/default 0.042s
2024-10-15 17:22:18.194 62111 INFO tempest.lib.common.rest_client [req-9a3fbc6c-9d01-4a5f-995a-406b518b765b req-9a3fbc6c-9d01-4a5f-995a-406b518b765b ] Request (ServersV294TestFqdnHostnames:setUpClass): 200 GET http://10.180.1.21/compute/v2.1/servers/bd549d69-403b-4c5c-9e08-0c84d32a7c0a 0.049s
2024-10-15 17:22:18.199 62113 INFO tempest.lib.common.rest_client [req-3409c839-02ff-40d4-b9ae-b4cb1e8aec79 req-3409c839-02ff-40d4-b9ae-b4cb1e8aec79 ] Request (QuotaClassesAdmin257Test:tearDownClass): 204 DELETE http://10.180.1.21/identity/v3/users/7ad8be358efe4a458d6e7280373e4780 0.076s
2024-10-15 17:22:18.234 62097 INFO tempest.lib.common.rest_client [req-b3eb4f09-3597-4311-ab79-e1a97d338d3f req-b3eb4f09-3597-4311-ab79-e1a97d338d3f ] Request (ServerActionsTestJSON:setUpClass): 200 GET http://10.180.1.21/compute/v2.1/servers/144d5486-d438-4bca-9b68-c414cc1f4659 0.045s
2024-10-15 17:22:18.254 62091 INFO tempest.lib.common.rest_client [req-066d52d4-1c52-4181-956a-3187e3807c6b req-066d52d4-1c52-4181-956a-3187e3807c6b ] Request (ServerActionsV293TestJSON:setUpClass): 200 GET http://10.180.1.21/volume/v3/volumes/982afabd-4c5b-42b2-a1c5-617ae99ad149 0.024s
2024-10-15 17:22:18.281 62113 INFO tempest.lib.common.rest_client [req-b815055f-dc50-42af-bbb5-312313ed7659 req-b815055f-dc50-42af-bbb5-312313ed7659 ] Request (QuotaClassesAdmin257Test:tearDownClass): 204 DELETE http://10.180.1.21/identity/v3/users/229061b143f74adf9a4cbbc22b4874c3 0.081s
2024-10-15 17:22:18.281 62113 INFO tempest.lib.common.dynamic_creds [-] Deleting project and security group for project: 6cb8548e11bd40ed89651747736c8b8d
2024-10-15 17:22:18.299 62145 INFO tempest.lib.common.rest_client [req-6c72ff6b-6ae8-4279-8d45-ea518c1e08a3 req-6c72ff6b-6ae8-4279-8d45-ea518c1e08a3 ] Request (ServerActionsTestOtherB:setUpClass): 200 GET http://10.180.1.21/compute/v2.1/servers/0b213475-347e-42c9-aa16-0abd570d1a3e 0.049s
2024-10-15 17:22:18.309 62139 INFO tempest.lib.common.rest_client [req-cac4f22f-00e4-4576-854b-fe11c9ef8ac7 req-cac4f22f-00e4-4576-854b-fe11c9ef8ac7 ] Request (ServerActionsTestOtherA:setUpClass): 200 GET http://10.180.1.21/compute/v2.1/servers/d455fa51-f38f-4bb7-ba28-cf03c2ce3dbb 0.050s
2024-10-15 17:22:18.336 62113 INFO tempest.lib.common.rest_client [req-7630ae1f-361a-4b86-b56f-8c6c693afe06 req-7630ae1f-361a-4b86-b56f-8c6c693afe06 ] Request (QuotaClassesAdmin257Test:tearDownClass): 201 POST http://10.180.1.21/identity/v3/auth/tokens 0.055s
2024-10-15 17:22:18.345 62093 INFO tempest.lib.common.rest_client [req-4630d425-d666-49a4-8e65-f35c038d9690 req-4630d425-d666-49a4-8e65-f35c038d9690 ] Request (InstanceActionsTestJSON:setUpClass): 200 GET http://10.180.1.21/compute/v2.1/servers/90251da7-072c-45ff-899b-3fd2e0c06880 0.049s
2024-10-15 17:22:18.376 62125 INFO tempest.lib.common.rest_client [req-db20a3e6-b9ae-49fc-9790-6240b91176ae req-db20a3e6-b9ae-49fc-9790-6240b91176ae ] Request (DeleteServersAdminTestJSON:test_delete_server_while_in_error_state): 200 GET http://10.180.1.21/compute/v2.1/servers/394a7258-a9e0-4b16-a125-01e8cdfe7026 0.048s
2024-10-15 17:22:18.387 62141 INFO tempest.lib.common.rest_client [req-448ea100-f46e-4c29-b24a-0649a702bc89 req-448ea100-f46e-4c29-b24a-0649a702bc89 ] Request (ServersTestJSON:test_create_server_specify_multibyte_character_name): 200 GET http://10.180.1.21/compute/v2.1/servers/a77ddc8b-f3b2-4e13-944d-5cafecf59fae 0.049s
2024-10-15 17:22:18.483 62135 INFO tempest.lib.common.rest_client [req-49a84966-0129-49bc-93d2-4a50fcd026d3 req-49a84966-0129-49bc-93d2-4a50fcd026d3 ] Request (ImagesOneServerNegativeTestJSON:setUpClass): 200 GET http://10.180.1.21/compute/v2.1/servers/b566ea57-9b1a-4869-be7c-9ba579db25dc 0.064s
2024-10-15 17:22:18.496 62147 INFO tempest.lib.common.rest_client [req-5e7a5949-258c-4a4a-a248-764905f46bf4 req-5e7a5949-258c-4a4a-a248-764905f46bf4 ] Request (DeleteServersTestJSON:test_delete_server_while_in_attached_volume): 200 GET http://10.180.1.21/compute/v2.1/servers/290aca37-d0d7-4c8c-b8cf-8b787bbf95c9 0.071s
2024-10-15 17:22:18.518 62113 INFO tempest.lib.common.rest_client [req-76c1afc2-8ac0-435d-a020-1f7fee916d9e req-76c1afc2-8ac0-435d-a020-1f7fee916d9e ] Request (QuotaClassesAdmin257Test:tearDownClass): 200 GET http://10.180.1.21:9696/networking/v2.0/security-groups?tenant_id=6cb8548e11bd40ed89651747736c8b8d&name=default 0.181s
2024-10-15 17:22:18.586 62113 INFO tempest.lib.common.rest_client [req-2efc4df4-355d-4ed0-8b6e-d22c56334141 req-2efc4df4-355d-4ed0-8b6e-d22c56334141 ] Request (QuotaClassesAdmin257Test:tearDownClass): 204 DELETE http://10.180.1.21:9696/networking/v2.0/security-groups/7946ac25-c2bc-4532-8567-4c13d5adf3ec 0.067s
2024-10-15 17:22:18.638 62113 INFO tempest.lib.common.rest_client [req-744ca973-c1ed-4dc2-b368-c2ede7ab0217 req-744ca973-c1ed-4dc2-b368-c2ede7ab0217 ] Request (QuotaClassesAdmin257Test:tearDownClass): 204 DELETE http://10.180.1.21/identity/v3/projects/6cb8548e11bd40ed89651747736c8b8d 0.052s
2024-10-15 17:22:18.638 62113 INFO tempest.lib.common.dynamic_creds [-] Deleting project and security group for project: 7f81a8e6802445a3bbdafbba6cccc69b
2024-10-15 17:22:18.732 62113 INFO tempest.lib.common.rest_client [req-d58c20d3-addd-4f44-aff1-a1d9529d8ec9 req-d58c20d3-addd-4f44-aff1-a1d9529d8ec9 ] Request (QuotaClassesAdmin257Test:tearDownClass): 200 GET http://10.180.1.21:9696/networking/v2.0/security-groups?tenant_id=7f81a8e6802445a3bbdafbba6cccc69b&name=default 0.093s
2024-10-15 17:22:18.736 62109 INFO tempest.lib.common.rest_client [req-978d09cb-9899-402f-9879-f12ded297e40 req-978d09cb-9899-402f-9879-f12ded297e40 ] Request (VolumesAdminNegativeTest:test_update_attached_volume_with_nonexistent_volume_in_body): 200 GET http://10.180.1.21/compute/v2.1/servers/aae42775-cb43-4eee-967a-9ba0bdde7783 0.061s
2024-10-15 17:22:18.751 62153 INFO tempest.lib.common.rest_client [req-507ecd5f-42f0-4576-8a80-f2f65ad775fa req-507ecd5f-42f0-4576-8a80-f2f65ad775fa ] Request (SecurityGroupsTestJSON:test_list_security_groups_by_server): 200 GET http://10.180.1.21/compute/v2.1/servers/48b40da3-1efc-4557-a791-e88158338aec 0.048s
2024-10-15 17:22:18.787 62149 INFO tempest.lib.common.rest_client [req-ff7b147d-8868-4e59-a5b8-bccf2eb50c74 req-ff7b147d-8868-4e59-a5b8-bccf2eb50c74 ] Request (ImagesOneServerTestJSON:setUpClass): 200 GET http://10.180.1.21/compute/v2.1/servers/97c37446-5b86-469a-9b9b-751d0ebea463 0.062s
2024-10-15 17:22:18.793 62099 INFO tempest.lib.common.rest_client [req-5b3ffeb6-4e9e-4c41-8174-c0a7c3430921 req-5b3ffeb6-4e9e-4c41-8174-c0a7c3430921 ] Request (ServersTestManualDisk:setUpClass): 200 GET http://10.180.1.21/compute/v2.1/servers/29cb49fe-627a-4f0f-919b-58f764cd63d0 0.053s
2024-10-15 17:22:18.805 62113 INFO tempest.lib.common.rest_client [req-aa3c5c71-9084-479b-a896-c7a3812429ac req-aa3c5c71-9084-479b-a896-c7a3812429ac ] Request (QuotaClassesAdmin257Test:tearDownClass): 204 DELETE http://10.180.1.21:9696/networking/v2.0/security-groups/e6ab3a2b-aa7e-4661-994e-c69bd9f2a027 0.073s
2024-10-15 17:22:18.848 62117 INFO tempest.lib.common.rest_client [req-70d21bc0-e7cb-4c63-a7b4-63c1b7591526 req-70d21bc0-e7cb-4c63-a7b4-63c1b7591526 ] Request (AttachInterfacesUnderV243Test:test_add_remove_fixed_ip): 200 GET http://10.180.1.21/compute/v2.1/servers/beffa800-ff93-4230-be14-f2b906666cc0 0.046s
2024-10-15 17:22:18.888 62113 INFO tempest.lib.common.rest_client [req-bdca9895-92cd-4044-bc01-aca5833974d3 req-bdca9895-92cd-4044-bc01-aca5833974d3 ] Request (QuotaClassesAdmin257Test:tearDownClass): 204 DELETE http://10.180.1.21/identity/v3/projects/7f81a8e6802445a3bbdafbba6cccc69b 0.082s
2024-10-15 17:22:18.889 62113 INFO tempest.test [-] raised in UnshelveToHostMultiNodesTest.setUpClass. Invoking tearDownClass.
2024-10-15 17:22:18.926 62137 INFO tempest.lib.common.rest_client [req-fce23318-9048-46f7-8163-d3a8a69c5577 req-fce23318-9048-46f7-8163-d3a8a69c5577 ] Request (ServerShowV257Test:test_rebuild_server): 200 GET http://10.180.1.21/compute/v2.1/servers/694889e8-200e-454c-9e87-60521dd044d9 0.059s
2024-10-15 17:22:18.938 62119 INFO tempest.lib.common.rest_client [req-bbd9f54b-e8c6-47b0-862b-18ecf8c5d022 req-bbd9f54b-e8c6-47b0-862b-18ecf8c5d022 ] Request (ServersAdminNegativeTestJSON:setUpClass): 200 GET http://10.180.1.21/compute/v2.1/servers/f9e90a57-da19-4b1a-81cb-8a6433e09785 0.059s
2024-10-15 17:22:18.954 62113 INFO tempest.lib.common.rest_client [req-1e3d0961-5dde-411a-9031-4e33da60dfe5 req-1e3d0961-5dde-411a-9031-4e33da60dfe5 ] Request (FloatingIPDetailsTestJSON:setUpClass): 201 POST http://10.180.1.21/identity/v3/auth/tokens 0.063s
2024-10-15 17:22:18.981 62113 INFO tempest.lib.common.rest_client [req-acb33d8a-9d21-485c-854f-ed46e291ef01 req-acb33d8a-9d21-485c-854f-ed46e291ef01 ] Request (FloatingIPDetailsTestJSON:setUpClass): 201 POST http://10.180.1.21/identity/v3/auth/tokens 0.025s
2024-10-15 17:22:18.984 62101 INFO tempest.lib.common.rest_client [req-fb336bcf-b274-4995-806b-d2cea7b68a05 req-fb336bcf-b274-4995-806b-d2cea7b68a05 ] Request (AttachInterfacesV270Test:test_create_get_list_interfaces): 200 GET http://10.180.1.21/compute/v2.1/servers/593106da-0c81-448a-b3ba-fd6007dcdd98 0.053s
2024-10-15 17:22:19.000 62113 INFO tempest.lib.common.rest_client [req-9b3a0343-ebee-4501-be55-8b4e44f8947d req-9b3a0343-ebee-4501-be55-8b4e44f8947d ] Request (FloatingIPDetailsTestJSON:setUpClass): 200 GET http://10.180.1.21/identity/v3/domains?name=Default 0.018s
