2024-10-15 17:21:09.266 62125 INFO tempest.lib.common.rest_client [req-522a0d57-ba28-44a9-ace9-2adb85010d56 req-522a0d57-ba28-44a9-ace9-2adb85010d56 ] Request (DeleteServersAdminTestJSON:test_delete_server_while_in_error_state): 200 GET http://10.180.1.21/compute/v2.1/servers/394a7258-a9e0-4b16-a125-01e8cdfe7026 0.063s
2024-10-15 17:21:09.289 62091 INFO tempest.lib.common.rest_client [req-dd90a81f-046a-44ba-8b94-290674088226 req-dd90a81f-046a-44ba-8b94-290674088226 ] Request (TenantUsagesTestJSON:setUpClass): 200 GET http://10.180.1.21/compute/v2.1/servers/2d4e9acd-2fe7-4fa4-a8d6-135e8a973bce 0.074s
2024-10-15 17:21:09.339 62137 INFO tempest.lib.common.rest_client [req-b8ba8837-b125-4f7c-bf1b-441b095cb3bd req-b8ba8837-b125-4f7c-bf1b-441b095cb3bd ] Request (ServersTestJSON:setUpClass): 200 GET http://10.180.1.21/compute/v2.1/servers/d32e73d1-f7d9-4ee0-bbc3-44ba1abac9f6 0.070s
2024-10-15 17:21:09.382 62123 INFO tempest.lib.common.rest_client [req-958cffdf-636d-4b0a-af8f-300fba1958bb req-958cffdf-636d-4b0a-af8f-300fba1958bb ] Request (InstanceActionsV221TestJSON:test_get_list_deleted_instance_actions): 200 GET http://10.180.1.21/compute/v2.1/servers/b5f994d9-e0aa-4335-8339-df76a1a032ed 0.064s
2024-10-15 17:21:09.451 62135 INFO tempest.lib.common.rest_client [req-e13a3cf8-9f8c-425f-9212-59f810cd2f64 req-e13a3cf8-9f8c-425f-9212-59f810cd2f64 ] Request (ImagesOneServerNegativeTestJSON:setUpClass): 200 GET http://10.180.1.21/compute/v2.1/servers/b566ea57-9b1a-4869-be7c-9ba579db25dc 0.078s
2024-10-15 17:21:09.458 62099 INFO tempest.lib.common.rest_client [req-21734231-4055-4c60-8e8d-3272e5d53bf5 req-21734231-4055-4c60-8e8d-3272e5d53bf5 ] Request (ServersTestManualDisk:setUpClass): 201 POST http://10.180.1.21:9696/networking/v2.0/routers 1.787s
2024-10-15 17:21:09.515 62149 INFO tempest.lib.common.rest_client [req-d1e0b536-260f-437c-b3c3-c6e538c15c20 req-d1e0b536-260f-437c-b3c3-c6e538c15c20 ] Request (ImagesOneServerTestJSON:setUpClass): 200 GET http://10.180.1.21/compute/v2.1/servers/97c37446-5b86-469a-9b9b-751d0ebea463 0.081s
2024-10-15 17:21:09.565 62095 INFO tempest.lib.common.rest_client [req-998da57e-9045-4fa4-a863-ec6ec2c9b437 req-998da57e-9045-4fa4-a863-ec6ec2c9b437 ] Request (ServerRescueNegativeTestJSON:setUpClass): 200 GET http://10.180.1.21/compute/v2.1/servers/068ced45-4c50-4cfd-bd94-fa1dad29e5b5 0.065s
2024-10-15 17:21:09.630 62121 INFO tempest.lib.common.rest_client [req-015f9d81-46bb-4f56-9085-63d59561106a req-015f9d81-46bb-4f56-9085-63d59561106a ] Request (AttachVolumeShelveTestJSON:test_attach_volume_shelved_or_offload_server): 200 GET http://10.180.1.21/compute/v2.1/servers/23f221fd-8f76-4a6f-8189-49d9be9da7e2 0.074s
2024-10-15 17:21:09.680 62119 INFO tempest.lib.common.rest_client [req-d7912495-788a-4973-98e5-272b97e4e83b req-d7912495-788a-4973-98e5-272b97e4e83b ] Request (ServersAdminNegativeTestJSON:setUpClass): 200 GET http://10.180.1.21/compute/v2.1/servers/f9e90a57-da19-4b1a-81cb-8a6433e09785 0.065s
2024-10-15 17:21:09.748 62141 INFO tempest.lib.common.rest_client [req-f93dfb0b-b7dd-4ee6-9529-4fc241512ad2 req-f93dfb0b-b7dd-4ee6-9529-4fc241512ad2 ] Request (ListServerFiltersTestJSON:setUpClass): 200 GET http://10.180.1.21/compute/v2.1/servers/57a53e9f-1ca6-4f1e-9ac1-bbf0799a5c1a 0.072s
2024-10-15 17:21:09.763 62103 INFO tempest.lib.common.rest_client [req-d9eab952-daa4-4288-a82b-22274032b551 req-d9eab952-daa4-4288-a82b-22274032b551 ] Request (ImagesTestJSON:test_create_image_from_stopped_server): 200 GET http://10.180.1.21/compute/v2.1/servers/fe9b7dd3-2cdb-49a4-b4fd-54a4e9654b79 0.067s
2024-10-15 17:21:09.824 62107 INFO tempest.lib.common.rest_client [req-00aa1756-6e46-45fc-8ca0-6903077afd23 req-00aa1756-6e46-45fc-8ca0-6903077afd23 ] Request (ServersAdmin275Test:tearDownClass): 200 GET http://10.180.1.21/compute/v2.1/servers/d75e131b-1933-4e1f-bcf1-62ed83779177 0.085s
2024-10-15 17:21:09.839 62147 INFO tempest.lib.common.rest_client [req-804f2d86-d9e7-441c-a361-65578fd9492c req-804f2d86-d9e7-441c-a361-65578fd9492c ] Request (DeleteServersTestJSON:test_delete_active_server): 200 GET http://10.180.1.21/compute/v2.1/servers/eea17bb5-01e3-4144-a579-2a56be8154c4 0.072s
2024-10-15 17:21:09.899 62111 INFO tempest.lib.common.rest_client [req-99b9bfbb-f2ca-4896-a833-1d567f356e9e req-99b9bfbb-f2ca-4896-a833-1d567f356e9e ] Request (ServerDiagnosticsV248Test:test_get_server_diagnostics): 200 GET http://10.180.1.21/compute/v2.1/servers/4ce41dca-63c6-447d-9c0a-00f9966e0093 0.093s
2024-10-15 17:21:09.908 62127 INFO tempest.lib.common.rest_client [req-cdefddc0-c4bb-4218-914b-7b8e6ab920f6 req-cdefddc0-c4bb-4218-914b-7b8e6ab920f6 ] Request (ServerMetadataNegativeTestJSON:setUpClass): 200 GET http://10.180.1.21/compute/v2.1/servers/5d89c8de-69f9-432d-bb64-46d662097463 0.078s
2024-10-15 17:21:09.973 62143 INFO tempest.lib.common.rest_client [req-134c4b54-442d-40a1-a0ea-b06d331478f3 req-134c4b54-442d-40a1-a0ea-b06d331478f3 ] Request (AttachInterfacesTestJSON:test_create_list_show_delete_interfaces_by_fixed_ip): 200 GET http://10.180.1.21/compute/v2.1/servers/26aba610-746f-4a3c-988c-bf5ffa44198f 0.109s
2024-10-15 17:21:09.977 62117 INFO tempest.lib.common.rest_client [req-46896dd2-d24d-4d98-b465-606652492d68 req-46896dd2-d24d-4d98-b465-606652492d68 ] Request (ServerDiagnosticsTest:test_get_server_diagnostics): 200 GET http://10.180.1.21/compute/v2.1/servers/8084d5e2-454b-4003-a9e8-b733fd0322a3 0.085s
2024-10-15 17:21:09.986 62117 INFO tempest.common.waiters [-] State transition "BUILD/spawning" ==> "BUILD/scheduling" after 47 second wait
2024-10-15 17:21:10.036 62113 INFO tempest.lib.common.rest_client [req-021162ef-e99d-4b0b-b81b-1b7e55694313 req-021162ef-e99d-4b0b-b81b-1b7e55694313 ] Request (MigrationsAdminTest:test_resize_server_revert_deleted_flavor): 200 GET http://10.180.1.21/compute/v2.1/servers/8c872e97-44ca-48c9-b7bb-02dca695ad8a 0.080s
2024-10-15 17:21:10.070 62089 INFO tempest.lib.common.rest_client [req-c559054a-0334-46ea-82e8-9a2f8ab9b8ee req-c559054a-0334-46ea-82e8-9a2f8ab9b8ee ] Request (ServerExternalEventsTest:test_create_server_external_events): 200 GET http://10.180.1.21/compute/v2.1/servers/ab92661d-d5e3-4e7a-b6c3-48d48bf795b3 0.063s
2024-10-15 17:21:10.135 62093 INFO tempest.lib.common.rest_client [req-a7f59fb9-2881-4aca-989a-14196b3093b7 req-a7f59fb9-2881-4aca-989a-14196b3093b7 ] Request (InstanceActionsTestJSON:setUpClass): 200 GET http://10.180.1.21/compute/v2.1/servers/90251da7-072c-45ff-899b-3fd2e0c06880 0.067s
2024-10-15 17:21:10.167 62139 INFO tempest.lib.common.rest_client [req-e93352f3-96b6-482c-93ad-357a9114aaf0 req-e93352f3-96b6-482c-93ad-357a9114aaf0 ] Request (VolumesAssistedSnapshotsTest:test_volume_assisted_snapshot_create_delete): 200 GET http://10.180.1.21/compute/v2.1/servers/a4736ffe-ad02-444d-bb6e-2cf4f70d64ee 0.071s
2024-10-15 17:21:10.198 62109 INFO tempest.lib.common.rest_client [req-feb8c205-2d47-42b5-a58a-5708b3c80865 req-feb8c205-2d47-42b5-a58a-5708b3c80865 ] Request (ServersWithSpecificFlavorTestJSON:test_verify_created_server_ephemeral_disk): 200 GET http://10.180.1.21/compute/v2.1/servers/e9a7c08d-e021-43d0-b757-6ad0174b4648 0.074s
2024-10-15 17:21:10.300 62133 INFO tempest.lib.common.rest_client [req-1954d1f2-a584-4628-8605-b409ec9ae48a req-1954d1f2-a584-4628-8605-b409ec9ae48a ] Request (ServerPasswordTestJSON:setUpClass): 200 GET http://10.180.1.21/compute/v2.1/servers/db41ed39-0fef-48ea-9197-8d3d8844547a 0.162s
2024-10-15 17:21:10.320 62145 INFO tempest.lib.common.rest_client [req-2b7a101e-35c9-4b2a-ab61-8effdddcde5e req-2b7a101e-35c9-4b2a-ab61-8effdddcde5e ] Request (ServerActionsTestOtherB:setUpClass): 200 GET http://10.180.1.21/compute/v2.1/servers/0b213475-347e-42c9-aa16-0abd570d1a3e 0.137s
2024-10-15 17:21:10.370 62097 INFO tempest.lib.common.rest_client [req-001cdd2f-4d23-4752-a7cb-a006b016cc81 req-001cdd2f-4d23-4752-a7cb-a006b016cc81 ] Request (ServerActionsTestJSON:setUpClass): 200 GET http://10.180.1.21/compute/v2.1/servers/144d5486-d438-4bca-9b68-c414cc1f4659 0.131s
2024-10-15 17:21:10.394 62125 INFO tempest.lib.common.rest_client [req-697ebad6-cb8f-4634-bf78-268449f67ed4 req-697ebad6-cb8f-4634-bf78-268449f67ed4 ] Request (DeleteServersAdminTestJSON:test_delete_server_while_in_error_state): 200 GET http://10.180.1.21/compute/v2.1/servers/394a7258-a9e0-4b16-a125-01e8cdfe7026 0.118s
2024-10-15 17:21:10.457 62091 INFO tempest.lib.common.rest_client [req-527a34d6-b4d3-4dd4-957d-bf915f9963be req-527a34d6-b4d3-4dd4-957d-bf915f9963be ] Request (TenantUsagesTestJSON:setUpClass): 200 GET http://10.180.1.21/compute/v2.1/servers/2d4e9acd-2fe7-4fa4-a8d6-135e8a973bce 0.160s
2024-10-15 17:21:10.478 62137 INFO tempest.lib.common.rest_client [req-f6eb0f47-72be-4c85-a4b9-272f5264cbd5 req-f6eb0f47-72be-4c85-a4b9-272f5264cbd5 ] Request (ServersTestJSON:setUpClass): 200 GET http://10.180.1.21/compute/v2.1/servers/d32e73d1-f7d9-4ee0-bbc3-44ba1abac9f6 0.132s
2024-10-15 17:21:10.487 62137 INFO tempest.common.waiters [-] State transition "BUILD/None" ==> "BUILD/networking" after 34 second wait
2024-10-15 17:21:10.549 62123 INFO tempest.lib.common.rest_client [req-0604502c-8098-4d01-af54-598be85a9b96 req-0604502c-8098-4d01-af54-598be85a9b96 ] Request (InstanceActionsV221TestJSON:test_get_list_deleted_instance_actions): 200 GET http://10.180.1.21/compute/v2.1/servers/b5f994d9-e0aa-4335-8339-df76a1a032ed 0.158s
2024-10-15 17:21:10.551 62135 INFO tempest.lib.common.rest_client [req-7c1e7e8f-2a64-46ce-b276-fab64035db69 req-7c1e7e8f-2a64-46ce-b276-fab64035db69 ] Request (ImagesOneServerNegativeTestJSON:setUpClass): 200 GET http://10.180.1.21/compute/v2.1/servers/b566ea57-9b1a-4869-be7c-9ba579db25dc 0.093s
2024-10-15 17:21:10.605 62149 INFO tempest.lib.common.rest_client [req-74ba994e-8c42-4672-b8be-5873817300e7 req-74ba994e-8c42-4672-b8be-5873817300e7 ] Request (ImagesOneServerTestJSON:setUpClass): 200 GET http://10.180.1.21/compute/v2.1/servers/97c37446-5b86-469a-9b9b-751d0ebea463 0.080s
2024-10-15 17:21:10.642 62095 INFO tempest.lib.common.rest_client [req-123d407d-09fa-4101-9200-b14ab4242ae6 req-123d407d-09fa-4101-9200-b14ab4242ae6 ] Request (ServerRescueNegativeTestJSON:setUpClass): 200 GET http://10.180.1.21/compute/v2.1/servers/068ced45-4c50-4cfd-bd94-fa1dad29e5b5 0.065s
2024-10-15 17:21:10.699 62121 INFO tempest.lib.common.rest_client [req-5e0a30a4-4ae6-41e6-8f19-5789b76f68c6 req-5e0a30a4-4ae6-41e6-8f19-5789b76f68c6 ] Request (AttachVolumeShelveTestJSON:test_attach_volume_shelved_or_offload_server): 200 GET http://10.180.1.21/compute/v2.1/servers/23f221fd-8f76-4a6f-8189-49d9be9da7e2 0.058s
2024-10-15 17:21:10.723 62099 INFO tempest.lib.common.rest_client [req-13dc2efe-e98e-4c24-a059-033b0c410e34 req-13dc2efe-e98e-4c24-a059-033b0c410e34 ] Request (ServersTestManualDisk:setUpClass): 200 PUT http://10.180.1.21:9696/networking/v2.0/routers/27037a7f-8faa-4728-8d31-9ec9478e55f6/add_router_interface 1.265s
2024-10-15 17:21:10.724 62099 INFO tempest.lib.common.dynamic_creds [-] Created isolated network resources for: credentials: Credentials: {'domain_id': 'default', 'domain_name': 'Default', 'username': 'tempest-ServersTestManualDisk-1514554919-project-member', 'project_domain_id': 'default', 'project_domain_name': 'Default', 'project_id': '725ea50888c642fda66d87e41472c8d7', 'project_name': 'tempest-ServersTestManualDisk-1514554919', 'tenant_id': '725ea50888c642fda66d87e41472c8d7', 'tenant_name': 'tempest-ServersTestManualDisk-1514554919', 'user_domain_id': 'default', 'user_domain_name': 'Default', 'user_id': 'b14c40221eb54eef808cb36a5a744e2a', 'system': None}, Network: {'id': 'b735d79d-c342-43e0-873c-37e615f999d1', 'name': 'tempest-ServersTestManualDisk-341161415-network', 'tenant_id': '725ea50888c642fda66d87e41472c8d7', 'admin_state_up': True, 'mtu': 8950, 'status': 'ACTIVE', 'subnets': [], 'shared': False, 'project_id': '725ea50888c642fda66d87e41472c8d7', 'port_security_enabled': True, 'router:external': False, 'provider:network_type': 'vlan', 'provider:physical_network': 'default', 'provider:segmentation_id': 898, 'is_default': False, 'availability_zone_hints': [], 'availability_zones': [], 'ipv4_address_scope': None, 'ipv6_address_scope': None, 'description': '', 'tags': [], 'created_at': '2024-10-15T17:21:07Z', 'updated_at': '2024-10-15T17:21:07Z', 'revision_number': 1}, Subnet: {'id': 'a9f6cf94-9bce-4100-b6e2-4f2d6ba5b200', 'name': 'tempest-ServersTestManualDisk-341161415-subnet', 'tenant_id': '725ea50888c642fda66d87e41472c8d7', 'network_id': 'b735d79d-c342-43e0-873c-37e615f999d1', 'ip_version': 4, 'subnetpool_id': None, 'enable_dhcp': True, 'ipv6_ra_mode': None, 'ipv6_address_mode': None, 'gateway_ip': '192.168.128.1', 'cidr': '192.168.128.0/28', 'allocation_pools': [{'start': '192.168.128.2', 'end': '192.168.128.14'}], 'host_routes': [], 'dns_nameservers': [], 'description': '', 'router:external': False, 'service_types': [], 'tags': [], 'created_at': '2024-10-15T17:21:07Z', 'updated_at': '2024-10-15T17:21:07Z', 'revision_number': 0, 'project_id': '725ea50888c642fda66d87e41472c8d7'}, Router: {'id': '27037a7f-8faa-4728-8d31-9ec9478e55f6', 'name': 'tempest-ServersTestManualDisk-341161415-router', 'tenant_id': '725ea50888c642fda66d87e41472c8d7', 'admin_state_up': True, 'status': 'ACTIVE', 'external_gateway_info': {'network_id': '27554436-bb3b-4a8a-af6c-2cd69d848aa0', 'external_fixed_ips': [{'subnet_id': 'a4011505-e5c3-4401-acfa-462ab05a0083', 'ip_address': '10.180.180.188'}], 'enable_snat': True}, 'description': '', 'availability_zones': [], 'distributed': False, 'ha': False, 'availability_zone_hints': [], 'routes': [], 'flavor_id': None, 'tags': [], 'created_at': '2024-10-15T17:21:07Z', 'updated_at': '2024-10-15T17:21:08Z', 'revision_number': 2, 'project_id': '725ea50888c642fda66d87e41472c8d7'}
2024-10-15 17:21:10.744 62119 INFO tempest.lib.common.rest_client [req-850178bb-244f-4560-9a9e-715bdeda3a8b req-850178bb-244f-4560-9a9e-715bdeda3a8b ] Request (ServersAdminNegativeTestJSON:setUpClass): 200 GET http://10.180.1.21/compute/v2.1/servers/f9e90a57-da19-4b1a-81cb-8a6433e09785 0.054s
2024-10-15 17:21:10.818 62099 INFO tempest.lib.common.rest_client [req-8ebe22a4-919a-4096-a738-5507c0d30ca5 req-8ebe22a4-919a-4096-a738-5507c0d30ca5 ] Request (ServersTestManualDisk:setUpClass): 201 POST http://10.180.1.21/identity/v3/auth/tokens 0.091s
2024-10-15 17:21:10.830 62141 INFO tempest.lib.common.rest_client [req-89cb5a23-4402-40b0-b6a5-bf51c54a6b3f req-89cb5a23-4402-40b0-b6a5-bf51c54a6b3f ] Request (ListServerFiltersTestJSON:setUpClass): 200 GET http://10.180.1.21/compute/v2.1/servers/57a53e9f-1ca6-4f1e-9ac1-bbf0799a5c1a 0.073s
2024-10-15 17:21:10.839 62103 INFO tempest.lib.common.rest_client [req-c0725cff-8a56-40ae-b9af-43061568656f req-c0725cff-8a56-40ae-b9af-43061568656f ] Request (ImagesTestJSON:test_create_image_from_stopped_server): 200 GET http://10.180.1.21/compute/v2.1/servers/fe9b7dd3-2cdb-49a4-b4fd-54a4e9654b79 0.067s
2024-10-15 17:21:10.906 62099 INFO tempest.lib.common.rest_client [req-422f1c47-0dc5-4a7b-adb8-9cd482362e50 req-422f1c47-0dc5-4a7b-adb8-9cd482362e50 ] Request (ServersTestManualDisk:setUpClass): 200 POST http://10.180.1.21/compute/v2.1/os-keypairs 0.085s
2024-10-15 17:21:10.909 62107 INFO tempest.lib.common.rest_client [req-9359823f-29d9-4a24-98bf-dc23f59b4841 req-9359823f-29d9-4a24-98bf-dc23f59b4841 ] Request (ServersAdmin275Test:tearDownClass): 200 GET http://10.180.1.21/compute/v2.1/servers/d75e131b-1933-4e1f-bcf1-62ed83779177 0.071s
2024-10-15 17:21:10.967 62147 INFO tempest.lib.common.rest_client [req-dc556a51-0ee0-465e-a944-d1b4a31ddfe3 req-dc556a51-0ee0-465e-a944-d1b4a31ddfe3 ] Request (DeleteServersTestJSON:test_delete_active_server): 200 GET http://10.180.1.21/compute/v2.1/servers/eea17bb5-01e3-4144-a579-2a56be8154c4 0.115s
2024-10-15 17:21:10.982 62127 INFO tempest.lib.common.rest_client [req-a30f3064-5d50-44ba-8a8f-f3126cadc84a req-a30f3064-5d50-44ba-8a8f-f3126cadc84a ] Request (ServerMetadataNegativeTestJSON:setUpClass): 200 GET http://10.180.1.21/compute/v2.1/servers/5d89c8de-69f9-432d-bb64-46d662097463 0.066s
2024-10-15 17:21:11.027 62111 INFO tempest.lib.common.rest_client [req-1f825de2-f19f-42b6-9faf-7fafc786c3ad req-1f825de2-f19f-42b6-9faf-7fafc786c3ad ] Request (ServerDiagnosticsV248Test:test_get_server_diagnostics): 200 GET http://10.180.1.21/compute/v2.1/servers/4ce41dca-63c6-447d-9c0a-00f9966e0093 0.112s
2024-10-15 17:21:11.041 62143 INFO tempest.lib.common.rest_client [req-51b74a4c-1855-47b4-8f43-4ab3e345ae56 req-51b74a4c-1855-47b4-8f43-4ab3e345ae56 ] Request (AttachInterfacesTestJSON:test_create_list_show_delete_interfaces_by_fixed_ip): 200 GET http://10.180.1.21/compute/v2.1/servers/26aba610-746f-4a3c-988c-bf5ffa44198f 0.061s
2024-10-15 17:21:11.078 62101 INFO tempest.lib.common.rest_client [req-833149e0-9009-4a2a-b224-939b1288701c req-833149e0-9009-4a2a-b224-939b1288701c ] Request (AttachInterfacesV270Test:setUpClass): 200 PUT http://10.180.1.21:9696/networking/v2.0/routers/50024243-ad6c-4cfa-a2a4-1ae3994a9081/add_router_interface 2.374s
2024-10-15 17:21:11.078 62101 INFO tempest.lib.common.dynamic_creds [-] Created isolated network resources for: credentials: Credentials: {'domain_id': 'default', 'domain_name': 'Default', 'username': 'tempest-AttachInterfacesV270Test-861015410-project-member', 'project_domain_id': 'default', 'project_domain_name': 'Default', 'project_id': 'caa8803d33d347659576719bc394599d', 'project_name': 'tempest-AttachInterfacesV270Test-861015410', 'tenant_id': 'caa8803d33d347659576719bc394599d', 'tenant_name': 'tempest-AttachInterfacesV270Test-861015410', 'user_domain_id': 'default', 'user_domain_name': 'Default', 'user_id': 'feb8889701b5465c8d9f6c8a56b05b54', 'system': None}, Network: {'id': 'a65ca60f-9075-4f64-8c75-1114fc4bfb1e', 'name': 'tempest-AttachInterfacesV270Test-1039003671-network', 'tenant_id': 'caa8803d33d347659576719bc394599d', 'admin_state_up': True, 'mtu': 8950, 'status': 'ACTIVE', 'subnets': [], 'shared': False, 'project_id': 'caa8803d33d347659576719bc394599d', 'port_security_enabled': True, 'router:external': False, 'provider:network_type': 'vlan', 'provider:physical_network': 'default', 'provider:segmentation_id': 775, 'is_default': False, 'availability_zone_hints': [], 'availability_zones': [], 'ipv4_address_scope': None, 'ipv6_address_scope': None, 'description': '', 'tags': [], 'created_at': '2024-10-15T17:21:06Z', 'updated_at': '2024-10-15T17:21:06Z', 'revision_number': 1}, Subnet: {'id': '2cc97d94-76ed-414c-b73a-3b190453da9e', 'name': 'tempest-AttachInterfacesV270Test-1039003671-subnet', 'tenant_id': 'caa8803d33d347659576719bc394599d', 'network_id': 'a65ca60f-9075-4f64-8c75-1114fc4bfb1e', 'ip_version': 4, 'subnetpool_id': None, 'enable_dhcp': True, 'ipv6_ra_mode': None, 'ipv6_address_mode': None, 'gateway_ip': '192.168.128.1', 'cidr': '192.168.128.0/28', 'allocation_pools': [{'start': '192.168.128.2', 'end': '192.168.128.14'}], 'host_routes': [], 'dns_nameservers': [], 'description': '', 'router:external': False, 'service_types': [], 'tags': [], 'created_at': '2024-10-15T17:21:06Z', 'updated_at': '2024-10-15T17:21:06Z', 'revision_number': 0, 'project_id': 'caa8803d33d347659576719bc394599d'}, Router: {'id': '50024243-ad6c-4cfa-a2a4-1ae3994a9081', 'name': 'tempest-AttachInterfacesV270Test-1039003671-router', 'tenant_id': 'caa8803d33d347659576719bc394599d', 'admin_state_up': True, 'status': 'ACTIVE', 'external_gateway_info': {'network_id': '27554436-bb3b-4a8a-af6c-2cd69d848aa0', 'external_fixed_ips': [{'subnet_id': 'a4011505-e5c3-4401-acfa-462ab05a0083', 'ip_address': '10.180.180.155'}], 'enable_snat': True}, 'description': '', 'availability_zones': [], 'distributed': False, 'ha': False, 'availability_zone_hints': [], 'routes': [], 'flavor_id': None, 'tags': [], 'created_at': '2024-10-15T17:21:07Z', 'updated_at': '2024-10-15T17:21:07Z', 'revision_number': 2, 'project_id': 'caa8803d33d347659576719bc394599d'}
2024-10-15 17:21:11.091 62117 INFO tempest.lib.common.rest_client [req-c51269cf-0675-404a-aa3c-31bbbcfebadd req-c51269cf-0675-404a-aa3c-31bbbcfebadd ] Request (ServerDiagnosticsTest:test_get_server_diagnostics): 200 GET http://10.180.1.21/compute/v2.1/servers/8084d5e2-454b-4003-a9e8-b733fd0322a3 0.104s
2024-10-15 17:21:11.101 62117 INFO tempest.common.waiters [-] State transition "BUILD/scheduling" ==> "ERROR/None" after 49 second wait
2024-10-15 17:21:11.107 62099 INFO tempest.lib.common.rest_client [req-7dbe4661-f676-4108-bb30-9ee010e26471 req-7dbe4661-f676-4108-bb30-9ee010e26471 ] Request (ServersTestManualDisk:setUpClass): 201 POST http://10.180.1.21:9696/networking/v2.0/security-groups 0.199s
2024-10-15 17:21:11.107 62113 INFO tempest.lib.common.rest_client [req-f3ba6789-f977-45c1-847f-4f85a0e68dc9 req-f3ba6789-f977-45c1-847f-4f85a0e68dc9 ] Request (MigrationsAdminTest:test_resize_server_revert_deleted_flavor): 200 GET http://10.180.1.21/compute/v2.1/servers/8c872e97-44ca-48c9-b7bb-02dca695ad8a 0.062s
2024-10-15 17:21:11.136 62089 INFO tempest.lib.common.rest_client [req-5926a14e-2742-4b5b-8653-cb56f726cfaf req-5926a14e-2742-4b5b-8653-cb56f726cfaf ] Request (ServerExternalEventsTest:test_create_server_external_events): 200 GET http://10.180.1.21/compute/v2.1/servers/ab92661d-d5e3-4e7a-b6c3-48d48bf795b3 0.053s
2024-10-15 17:21:11.153 62101 INFO tempest.lib.common.rest_client [req-d3d05cdc-a37b-4e17-968e-e498fb8d2779 req-d3d05cdc-a37b-4e17-968e-e498fb8d2779 ] Request (AttachInterfacesV270Test:setUpClass): 201 POST http://10.180.1.21/identity/v3/auth/tokens 0.070s
2024-10-15 17:21:11.181 62101 INFO tempest.lib.common.rest_client [req-b5b3fea0-9083-445e-bb60-400ea92111c3 req-b5b3fea0-9083-445e-bb60-400ea92111c3 ] Request (AttachInterfacesV270Test:test_create_get_list_interfaces): 201 POST http://10.180.1.21/identity/v3/auth/tokens 0.025s
2024-10-15 17:21:11.182 62101 INFO tempest.lib.common.fixed_network [-] (AttachInterfacesV270Test:test_create_get_list_interfaces) Found network {'id': 'a65ca60f-9075-4f64-8c75-1114fc4bfb1e', 'name': 'tempest-AttachInterfacesV270Test-1039003671-network', 'tenant_id': 'caa8803d33d347659576719bc394599d', 'admin_state_up': True, 'mtu': 8950, 'status': 'ACTIVE', 'subnets': [], 'shared': False, 'project_id': 'caa8803d33d347659576719bc394599d', 'port_security_enabled': True, 'router:external': False, 'provider:network_type': 'vlan', 'provider:physical_network': 'default', 'provider:segmentation_id': 775, 'is_default': False, 'availability_zone_hints': [], 'availability_zones': [], 'ipv4_address_scope': None, 'ipv6_address_scope': None, 'description': '', 'tags': [], 'created_at': '2024-10-15T17:21:06Z', 'updated_at': '2024-10-15T17:21:06Z', 'revision_number': 1} available for tenant
2024-10-15 17:21:11.197 62093 INFO tempest.lib.common.rest_client [req-acbc486e-2d54-4ac2-967b-9599c0a63409 req-acbc486e-2d54-4ac2-967b-9599c0a63409 ] Request (InstanceActionsTestJSON:setUpClass): 200 GET http://10.180.1.21/compute/v2.1/servers/90251da7-072c-45ff-899b-3fd2e0c06880 0.054s
2024-10-15 17:21:11.236 62153 INFO tempest.lib.common.rest_client [req-61794d52-f878-467b-a0e7-bbef643d8939 req-61794d52-f878-467b-a0e7-bbef643d8939 ] Request (SecurityGroupsTestJSON:setUpClass): 200 PUT http://10.180.1.21:9696/networking/v2.0/routers/125c23c1-7e70-491b-b25b-a2bc8e5a78cd/add_router_interface 2.315s
2024-10-15 17:21:11.237 62153 INFO tempest.lib.common.dynamic_creds [-] Created isolated network resources for: credentials: Credentials: {'domain_id': 'default', 'domain_name': 'Default', 'username': 'tempest-SecurityGroupsTestJSON-2040870376-project-member', 'project_domain_id': 'default', 'project_domain_name': 'Default', 'project_id': '6d65efc960c14799bcf1b26ecdf9c912', 'project_name': 'tempest-SecurityGroupsTestJSON-2040870376', 'tenant_id': '6d65efc960c14799bcf1b26ecdf9c912', 'tenant_name': 'tempest-SecurityGroupsTestJSON-2040870376', 'user_domain_id': 'default', 'user_domain_name': 'Default', 'user_id': 'f8780b1622ce4d98a88fa92bee3e4bd2', 'system': None}, Network: {'id': 'dc45adde-e4fb-4495-a4c3-3373c99a2eb7', 'name': 'tempest-SecurityGroupsTestJSON-1925353850-network', 'tenant_id': '6d65efc960c14799bcf1b26ecdf9c912', 'admin_state_up': True, 'mtu': 8950, 'status': 'ACTIVE', 'subnets': [], 'shared': False, 'project_id': '6d65efc960c14799bcf1b26ecdf9c912', 'port_security_enabled': True, 'router:external': False, 'provider:network_type': 'vlan', 'provider:physical_network': 'default', 'provider:segmentation_id': 865, 'is_default': False, 'availability_zone_hints': [], 'availability_zones': [], 'ipv4_address_scope': None, 'ipv6_address_scope': None, 'description': '', 'tags': [], 'created_at': '2024-10-15T17:21:07Z', 'updated_at': '2024-10-15T17:21:07Z', 'revision_number': 1}, Subnet: {'id': 'df557c65-b967-44a5-8091-dc1db6c6c9b0', 'name': 'tempest-SecurityGroupsTestJSON-1925353850-subnet', 'tenant_id': '6d65efc960c14799bcf1b26ecdf9c912', 'network_id': 'dc45adde-e4fb-4495-a4c3-3373c99a2eb7', 'ip_version': 4, 'subnetpool_id': None, 'enable_dhcp': True, 'ipv6_ra_mode': None, 'ipv6_address_mode': None, 'gateway_ip': '192.168.128.1', 'cidr': '192.168.128.0/28', 'allocation_pools': [{'start': '192.168.128.2', 'end': '192.168.128.14'}], 'host_routes': [], 'dns_nameservers': [], 'description': '', 'router:external': False, 'service_types': [], 'tags': [], 'created_at': '2024-10-15T17:21:07Z', 'updated_at': '2024-10-15T17:21:07Z', 'revision_number': 0, 'project_id': '6d65efc960c14799bcf1b26ecdf9c912'}, Router: {'id': '125c23c1-7e70-491b-b25b-a2bc8e5a78cd', 'name': 'tempest-SecurityGroupsTestJSON-1925353850-router', 'tenant_id': '6d65efc960c14799bcf1b26ecdf9c912', 'admin_state_up': True, 'status': 'ACTIVE', 'external_gateway_info': {'network_id': '27554436-bb3b-4a8a-af6c-2cd69d848aa0', 'external_fixed_ips': [{'subnet_id': 'a4011505-e5c3-4401-acfa-462ab05a0083', 'ip_address': '10.180.180.251'}], 'enable_snat': True}, 'description': '', 'availability_zones': [], 'distributed': False, 'ha': False, 'availability_zone_hints': [], 'routes': [], 'flavor_id': None, 'tags': [], 'created_at': '2024-10-15T17:21:07Z', 'updated_at': '2024-10-15T17:21:08Z', 'revision_number': 2, 'project_id': '6d65efc960c14799bcf1b26ecdf9c912'}
2024-10-15 17:21:11.284 62099 INFO tempest.lib.common.rest_client [req-0b4b46fc-95c1-4570-a704-a794029afc3e req-0b4b46fc-95c1-4570-a704-a794029afc3e ] Request (ServersTestManualDisk:setUpClass): 201 POST http://10.180.1.21:9696/networking/v2.0/security-group-rules 0.176s
2024-10-15 17:21:11.296 62117 INFO tempest.lib.common.rest_client [req-50194b54-5af0-4380-82b3-0c6ab6857a39 req-50194b54-5af0-4380-82b3-0c6ab6857a39 ] Request (ServerDiagnosticsTest:test_get_server_diagnostics): 204 DELETE http://10.180.1.21/compute/v2.1/servers/8084d5e2-454b-4003-a9e8-b733fd0322a3 0.194s
2024-10-15 17:21:11.312 62153 INFO tempest.lib.common.rest_client [req-f1e98153-f983-42d9-bd5f-5ce5827da501 req-f1e98153-f983-42d9-bd5f-5ce5827da501 ] Request (SecurityGroupsTestJSON:setUpClass): 201 POST http://10.180.1.21/identity/v3/auth/tokens 0.071s
2024-10-15 17:21:11.439 62099 INFO tempest.lib.common.rest_client [req-42aaade4-c136-464f-9b0e-1f6ffd25cd72 req-42aaade4-c136-464f-9b0e-1f6ffd25cd72 ] Request (ServersTestManualDisk:setUpClass): 201 POST http://10.180.1.21:9696/networking/v2.0/security-group-rules 0.154s
2024-10-15 17:21:11.451 62139 INFO tempest.lib.common.rest_client [req-6a80cdee-2c64-45d0-85d3-83bbe2370031 req-6a80cdee-2c64-45d0-85d3-83bbe2370031 ] Request (VolumesAssistedSnapshotsTest:test_volume_assisted_snapshot_create_delete): 200 GET http://10.180.1.21/compute/v2.1/servers/a4736ffe-ad02-444d-bb6e-2cf4f70d64ee 0.276s
2024-10-15 17:21:11.525 62109 INFO tempest.lib.common.rest_client [req-4e221b8f-5caf-4903-be76-f67ffb0554bc req-4e221b8f-5caf-4903-be76-f67ffb0554bc ] Request (ServersWithSpecificFlavorTestJSON:test_verify_created_server_ephemeral_disk): 200 GET http://10.180.1.21/compute/v2.1/servers/e9a7c08d-e021-43d0-b757-6ad0174b4648 0.320s
2024-10-15 17:21:11.545 62117 INFO tempest.lib.common.rest_client [req-1896b6ea-01eb-4445-84c0-594dae5f41e0 req-1896b6ea-01eb-4445-84c0-594dae5f41e0 ] Request (ServerDiagnosticsTest:test_get_server_diagnostics): 404 GET http://10.180.1.21/compute/v2.1/servers/8084d5e2-454b-4003-a9e8-b733fd0322a3 0.246s
2024-10-15 17:21:11.614 62133 INFO tempest.lib.common.rest_client [req-69012333-13a0-4f80-bf18-1bdb6048e040 req-69012333-13a0-4f80-bf18-1bdb6048e040 ] Request (ServerPasswordTestJSON:setUpClass): 200 GET http://10.180.1.21/compute/v2.1/servers/db41ed39-0fef-48ea-9197-8d3d8844547a 0.305s
2024-10-15 17:21:11.624 62133 INFO tempest.common.waiters [-] State transition "BUILD/scheduling" ==> "BUILD/None" after 32 second wait
2024-10-15 17:21:11.659 62117 INFO tempest.lib.common.rest_client [req-94b73dfa-77fb-4d46-8fcc-b5c03b5bb4e8 req-94b73dfa-77fb-4d46-8fcc-b5c03b5bb4e8 ] Request (ServerDiagnosticsTest:tearDownClass): 204 DELETE http://10.180.1.21/identity/v3/users/cf85bc0f1542438184bb61f0f2d5b6f1 0.106s
2024-10-15 17:21:11.723 62101 INFO tempest.lib.common.rest_client [req-0410f843-39a1-4d6c-af63-031454dcc90a req-0410f843-39a1-4d6c-af63-031454dcc90a ] Request (AttachInterfacesV270Test:test_create_get_list_interfaces): 202 POST http://10.180.1.21/compute/v2.1/servers 0.541s
2024-10-15 17:21:11.757 62153 INFO tempest.lib.common.rest_client [req-baddda69-8377-4401-8cbd-9d7d486b1437 req-baddda69-8377-4401-8cbd-9d7d486b1437 ] Request (SecurityGroupsTestJSON:test_list_security_groups_by_server): 200 POST http://10.180.1.21/compute/v2.1/os-security-groups 0.444s
2024-10-15 17:21:11.763 62117 INFO tempest.lib.common.rest_client [req-963a4d6d-073b-4ab0-9852-f736cfaa76c7 req-963a4d6d-073b-4ab0-9852-f736cfaa76c7 ] Request (ServerDiagnosticsTest:tearDownClass): 204 DELETE http://10.180.1.21/identity/v3/users/14bc2526894647baa1653be58f4d43da 0.103s
2024-10-15 17:21:11.763 62117 INFO tempest.lib.common.dynamic_creds [-] Deleting project and security group for project: a653de056fd945c28db9f1b3156fac9f
2024-10-15 17:21:11.807 62145 INFO tempest.lib.common.rest_client [req-7ee9a8b0-7abf-4acf-8c3e-dfd6e363c37c req-7ee9a8b0-7abf-4acf-8c3e-dfd6e363c37c ] Request (ServerActionsTestOtherB:setUpClass): 200 GET http://10.180.1.21/compute/v2.1/servers/0b213475-347e-42c9-aa16-0abd570d1a3e 0.480s
2024-10-15 17:21:11.821 62097 INFO tempest.lib.common.rest_client [req-0c78d0de-0e72-46ff-93e2-7023d8ab9af3 req-0c78d0de-0e72-46ff-93e2-7023d8ab9af3 ] Request (ServerActionsTestJSON:setUpClass): 200 GET http://10.180.1.21/compute/v2.1/servers/144d5486-d438-4bca-9b68-c414cc1f4659 0.443s
2024-10-15 17:21:11.844 62117 INFO tempest.lib.common.rest_client [req-945a28c3-14c8-4d5a-8260-7a3fd3b62561 req-945a28c3-14c8-4d5a-8260-7a3fd3b62561 ] Request (ServerDiagnosticsTest:tearDownClass): 201 POST http://10.180.1.21/identity/v3/auth/tokens 0.081s
2024-10-15 17:21:11.878 62091 INFO tempest.lib.common.rest_client [req-f1b6b810-1c56-4fc0-8b28-11d2d1720d20 req-f1b6b810-1c56-4fc0-8b28-11d2d1720d20 ] Request (TenantUsagesTestJSON:setUpClass): 200 GET http://10.180.1.21/compute/v2.1/servers/2d4e9acd-2fe7-4fa4-a8d6-135e8a973bce 0.412s
2024-10-15 17:21:11.902 62125 INFO tempest.lib.common.rest_client [req-b3436544-75a5-48b2-b35d-e5550856bf20 req-b3436544-75a5-48b2-b35d-e5550856bf20 ] Request (DeleteServersAdminTestJSON:test_delete_server_while_in_error_state): 200 GET http://10.180.1.21/compute/v2.1/servers/394a7258-a9e0-4b16-a125-01e8cdfe7026 0.498s
2024-10-15 17:21:11.964 62135 INFO tempest.lib.common.rest_client [req-7ff096b0-8684-4f95-ad90-15aa96cfa595 req-7ff096b0-8684-4f95-ad90-15aa96cfa595 ] Request (ImagesOneServerNegativeTestJSON:setUpClass): 200 GET http://10.180.1.21/compute/v2.1/servers/b566ea57-9b1a-4869-be7c-9ba579db25dc 0.405s
2024-10-15 17:21:12.022 62123 INFO tempest.lib.common.rest_client [req-33948c5e-307c-472c-885f-8e4a5acda998 req-33948c5e-307c-472c-885f-8e4a5acda998 ] Request (InstanceActionsV221TestJSON:test_get_list_deleted_instance_actions): 200 GET http://10.180.1.21/compute/v2.1/servers/b5f994d9-e0aa-4335-8339-df76a1a032ed 0.463s
2024-10-15 17:21:12.044 62137 INFO tempest.lib.common.rest_client [req-19b92ab5-051e-42e3-80d2-c864bb8d73d9 req-19b92ab5-051e-42e3-80d2-c864bb8d73d9 ] Request (ServersTestJSON:setUpClass): 200 GET http://10.180.1.21/compute/v2.1/servers/d32e73d1-f7d9-4ee0-bbc3-44ba1abac9f6 0.556s
2024-10-15 17:21:12.055 62137 INFO tempest.common.waiters [-] State transition "BUILD/networking" ==> "BUILD/spawning" after 36 second wait
2024-10-15 17:21:12.071 62149 INFO tempest.lib.common.rest_client [req-d45bdf22-369e-4988-a6d3-6646ccad39eb req-d45bdf22-369e-4988-a6d3-6646ccad39eb ] Request (ImagesOneServerTestJSON:setUpClass): 200 GET http://10.180.1.21/compute/v2.1/servers/97c37446-5b86-469a-9b9b-751d0ebea463 0.457s
2024-10-15 17:21:12.094 62095 INFO tempest.lib.common.rest_client [req-cbeacca7-221f-4f2c-a739-1c8192d651de req-cbeacca7-221f-4f2c-a739-1c8192d651de ] Request (ServerRescueNegativeTestJSON:setUpClass): 200 GET http://10.180.1.21/compute/v2.1/servers/068ced45-4c50-4cfd-bd94-fa1dad29e5b5 0.445s
2024-10-15 17:21:12.123 62121 INFO tempest.lib.common.rest_client [req-18f91101-eb62-43a0-bc3c-772b64874ec0 req-18f91101-eb62-43a0-bc3c-772b64874ec0 ] Request (AttachVolumeShelveTestJSON:test_attach_volume_shelved_or_offload_server): 200 GET http://10.180.1.21/compute/v2.1/servers/23f221fd-8f76-4a6f-8189-49d9be9da7e2 0.415s
2024-10-15 17:21:12.143 62101 INFO tempest.lib.common.rest_client [req-7c478597-e3b0-462c-b051-7461d10491d6 req-7c478597-e3b0-462c-b051-7461d10491d6 ] Request (AttachInterfacesV270Test:test_create_get_list_interfaces): 200 GET http://10.180.1.21/compute/v2.1/servers/593106da-0c81-448a-b3ba-fd6007dcdd98 0.418s
2024-10-15 17:21:12.143 62099 INFO tempest.lib.common.rest_client [req-1f15ed09-9752-4ea5-81dd-fd7411565f2d req-1f15ed09-9752-4ea5-81dd-fd7411565f2d ] Request (ServersTestManualDisk:setUpClass): 201 POST http://10.180.1.21:9696/networking/v2.0/floatingips 0.704s
2024-10-15 17:21:12.156 62117 INFO tempest.lib.common.rest_client [req-c42d4106-5aee-4bd4-8c21-b8f902bedd61 req-c42d4106-5aee-4bd4-8c21-b8f902bedd61 ] Request (ServerDiagnosticsTest:tearDownClass): 200 GET http://10.180.1.21:9696/networking/v2.0/security-groups?tenant_id=a653de056fd945c28db9f1b3156fac9f&name=default 0.311s
2024-10-15 17:21:12.191 62119 INFO tempest.lib.common.rest_client [req-0213fec3-94e1-4bca-8960-7607998898d7 req-0213fec3-94e1-4bca-8960-7607998898d7 ] Request (ServersAdminNegativeTestJSON:setUpClass): 200 GET http://10.180.1.21/compute/v2.1/servers/f9e90a57-da19-4b1a-81cb-8a6433e09785 0.440s
2024-10-15 17:21:12.217 62099 INFO tempest.lib.common.rest_client [req-cb006662-7035-4079-80d5-2c9d49cf54ea req-cb006662-7035-4079-80d5-2c9d49cf54ea ] Request (ServersTestManualDisk:setUpClass): 201 POST http://10.180.1.21/identity/v3/auth/tokens 0.071s
2024-10-15 17:21:12.217 62099 INFO tempest.lib.common.fixed_network [-] (ServersTestManualDisk:setUpClass) Found network {'id': 'b735d79d-c342-43e0-873c-37e615f999d1', 'name': 'tempest-ServersTestManualDisk-341161415-network', 'tenant_id': '725ea50888c642fda66d87e41472c8d7', 'admin_state_up': True, 'mtu': 8950, 'status': 'ACTIVE', 'subnets': [], 'shared': False, 'project_id': '725ea50888c642fda66d87e41472c8d7', 'port_security_enabled': True, 'router:external': False, 'provider:network_type': 'vlan', 'provider:physical_network': 'default', 'provider:segmentation_id': 898, 'is_default': False, 'availability_zone_hints': [], 'availability_zones': [], 'ipv4_address_scope': None, 'ipv6_address_scope': None, 'description': '', 'tags': [], 'created_at': '2024-10-15T17:21:07Z', 'updated_at': '2024-10-15T17:21:07Z', 'revision_number': 1} available for tenant
2024-10-15 17:21:12.245 62141 INFO tempest.lib.common.rest_client [req-17cc5100-d010-4b3f-b014-127a85034ce2 req-17cc5100-d010-4b3f-b014-127a85034ce2 ] Request (ListServerFiltersTestJSON:setUpClass): 200 GET http://10.180.1.21/compute/v2.1/servers/57a53e9f-1ca6-4f1e-9ac1-bbf0799a5c1a 0.406s
2024-10-15 17:21:12.294 62117 INFO tempest.lib.common.rest_client [req-83b4428e-24d8-4574-baec-0343bb706d6d req-83b4428e-24d8-4574-baec-0343bb706d6d ] Request (ServerDiagnosticsTest:tearDownClass): 204 DELETE http://10.180.1.21:9696/networking/v2.0/security-groups/a4480a00-95db-4da0-a08d-2c67a3a90d7d 0.135s
2024-10-15 17:21:12.305 62103 INFO tempest.lib.common.rest_client [req-1c548b1b-25ee-4ecd-a8da-99b001e19d15 req-1c548b1b-25ee-4ecd-a8da-99b001e19d15 ] Request (ImagesTestJSON:test_create_image_from_stopped_server): 200 GET http://10.180.1.21/compute/v2.1/servers/fe9b7dd3-2cdb-49a4-b4fd-54a4e9654b79 0.455s
2024-10-15 17:21:12.320 62153 INFO tempest.lib.common.rest_client [req-5ca0d60a-32fe-400d-b7c3-b34a5a61a70f req-5ca0d60a-32fe-400d-b7c3-b34a5a61a70f ] Request (SecurityGroupsTestJSON:test_list_security_groups_by_server): 200 POST http://10.180.1.21/compute/v2.1/os-security-groups 0.560s
2024-10-15 17:21:12.370 62107 INFO tempest.lib.common.rest_client [req-5758141f-ee34-4118-8833-44c6873aa59d req-5758141f-ee34-4118-8833-44c6873aa59d ] Request (ServersAdmin275Test:tearDownClass): 200 GET http://10.180.1.21/compute/v2.1/servers/d75e131b-1933-4e1f-bcf1-62ed83779177 0.452s
2024-10-15 17:21:12.382 62147 INFO tempest.lib.common.rest_client [req-8686defe-9410-45db-8550-f13e91a9f218 req-8686defe-9410-45db-8550-f13e91a9f218 ] Request (DeleteServersTestJSON:test_delete_active_server): 200 GET http://10.180.1.21/compute/v2.1/servers/eea17bb5-01e3-4144-a579-2a56be8154c4 0.405s
2024-10-15 17:21:12.386 62117 INFO tempest.lib.common.rest_client [req-53a6e576-eb1d-4997-85db-527ef8102ef3 req-53a6e576-eb1d-4997-85db-527ef8102ef3 ] Request (ServerDiagnosticsTest:tearDownClass): 204 DELETE http://10.180.1.21/identity/v3/projects/a653de056fd945c28db9f1b3156fac9f 0.091s
2024-10-15 17:21:12.386 62117 INFO tempest.lib.common.dynamic_creds [-] Deleting project and security group for project: 1aa9a161d18249abb6da9ec11c0efde0
2024-10-15 17:21:12.395 62153 INFO tempest.lib.common.rest_client [req-f2ae205c-6b98-412e-8942-a6f2f6cdb674 req-f2ae205c-6b98-412e-8942-a6f2f6cdb674 ] Request (SecurityGroupsTestJSON:test_list_security_groups_by_server): 201 POST http://10.180.1.21/identity/v3/auth/tokens 0.068s
2024-10-15 17:21:12.395 62153 INFO tempest.lib.common.fixed_network [-] (SecurityGroupsTestJSON:test_list_security_groups_by_server) Found network {'id': 'dc45adde-e4fb-4495-a4c3-3373c99a2eb7', 'name': 'tempest-SecurityGroupsTestJSON-1925353850-network', 'tenant_id': '6d65efc960c14799bcf1b26ecdf9c912', 'admin_state_up': True, 'mtu': 8950, 'status': 'ACTIVE', 'subnets': [], 'shared': False, 'project_id': '6d65efc960c14799bcf1b26ecdf9c912', 'port_security_enabled': True, 'router:external': False, 'provider:network_type': 'vlan', 'provider:physical_network': 'default', 'provider:segmentation_id': 865, 'is_default': False, 'availability_zone_hints': [], 'availability_zones': [], 'ipv4_address_scope': None, 'ipv6_address_scope': None, 'description': '', 'tags': [], 'created_at': '2024-10-15T17:21:07Z', 'updated_at': '2024-10-15T17:21:07Z', 'revision_number': 1} available for tenant
2024-10-15 17:21:12.436 62117 INFO tempest.lib.common.rest_client [req-de57744f-a847-462d-ba8c-1aa8c19bdd78 req-de57744f-a847-462d-ba8c-1aa8c19bdd78 ] Request (ServerDiagnosticsTest:tearDownClass): 200 GET http://10.180.1.21:9696/networking/v2.0/security-groups?tenant_id=1aa9a161d18249abb6da9ec11c0efde0&name=default 0.049s
2024-10-15 17:21:12.439 62127 INFO tempest.lib.common.rest_client [req-13ce5a2a-54c4-427b-bd74-d43baa1696b2 req-13ce5a2a-54c4-427b-bd74-d43baa1696b2 ] Request (ServerMetadataNegativeTestJSON:setUpClass): 200 GET http://10.180.1.21/compute/v2.1/servers/5d89c8de-69f9-432d-bb64-46d662097463 0.449s
2024-10-15 17:21:12.451 62111 INFO tempest.lib.common.rest_client [req-ff5d54a3-fbd7-455e-9a4f-d77c8a08ac26 req-ff5d54a3-fbd7-455e-9a4f-d77c8a08ac26 ] Request (ServerDiagnosticsV248Test:test_get_server_diagnostics): 200 GET http://10.180.1.21/compute/v2.1/servers/4ce41dca-63c6-447d-9c0a-00f9966e0093 0.412s
2024-10-15 17:21:12.490 62143 INFO tempest.lib.common.rest_client [req-b4862507-d874-43ce-a401-4ec7b939340b req-b4862507-d874-43ce-a401-4ec7b939340b ] Request (AttachInterfacesTestJSON:test_create_list_show_delete_interfaces_by_fixed_ip): 200 GET http://10.180.1.21/compute/v2.1/servers/26aba610-746f-4a3c-988c-bf5ffa44198f 0.435s
2024-10-15 17:21:12.502 62113 INFO tempest.lib.common.rest_client [req-df259b30-a4c5-4636-a492-6406a9801f30 req-df259b30-a4c5-4636-a492-6406a9801f30 ] Request (MigrationsAdminTest:test_resize_server_revert_deleted_flavor): 200 GET http://10.180.1.21/compute/v2.1/servers/8c872e97-44ca-48c9-b7bb-02dca695ad8a 0.388s
2024-10-15 17:21:12.532 62089 INFO tempest.lib.common.rest_client [req-dcd99fb4-97a7-40ee-8549-75ff18d59521 req-dcd99fb4-97a7-40ee-8549-75ff18d59521 ] Request (ServerExternalEventsTest:test_create_server_external_events): 200 GET http://10.180.1.21/compute/v2.1/servers/ab92661d-d5e3-4e7a-b6c3-48d48bf795b3 0.386s
2024-10-15 17:21:12.556 62093 INFO tempest.lib.common.rest_client [req-0117d05b-1a37-46f2-b8c5-1a926983cb43 req-0117d05b-1a37-46f2-b8c5-1a926983cb43 ] Request (InstanceActionsTestJSON:setUpClass): 200 GET http://10.180.1.21/compute/v2.1/servers/90251da7-072c-45ff-899b-3fd2e0c06880 0.351s
2024-10-15 17:21:12.572 62117 INFO tempest.lib.common.rest_client [req-beeb095e-db22-4167-b233-c257123580e1 req-beeb095e-db22-4167-b233-c257123580e1 ] Request (ServerDiagnosticsTest:tearDownClass): 204 DELETE http://10.180.1.21:9696/networking/v2.0/security-groups/0abc2a99-6116-4173-af1d-1f0fefd5aec2 0.135s
2024-10-15 17:21:12.731 62117 INFO tempest.lib.common.rest_client [req-baa8f4d7-8fd3-4618-b7b3-d0e20974a2ea req-baa8f4d7-8fd3-4618-b7b3-d0e20974a2ea ] Request (ServerDiagnosticsTest:tearDownClass): 204 DELETE http://10.180.1.21/identity/v3/projects/1aa9a161d18249abb6da9ec11c0efde0 0.158s
2024-10-15 17:21:12.805 62117 INFO tempest.lib.common.rest_client [req-cbf0a7c5-4e19-4bb3-85c2-a922dbe05a46 req-cbf0a7c5-4e19-4bb3-85c2-a922dbe05a46 ] Request (FlavorsV2TestJSON:setUpClass): 201 POST http://10.180.1.21/identity/v3/auth/tokens 0.072s
2024-10-15 17:21:12.835 62117 INFO tempest.lib.common.rest_client [req-72c9a912-9d79-4848-9d2c-f98f7bbe6391 req-72c9a912-9d79-4848-9d2c-f98f7bbe6391 ] Request (FlavorsV2TestJSON:setUpClass): 201 POST http://10.180.1.21/identity/v3/auth/tokens 0.028s
2024-10-15 17:21:12.863 62117 INFO tempest.lib.common.rest_client [req-df5d358e-ca62-4624-9722-613cb882ad21 req-df5d358e-ca62-4624-9722-613cb882ad21 ] Request (FlavorsV2TestJSON:setUpClass): 200 GET http://10.180.1.21/identity/v3/domains?name=Default 0.027s
2024-10-15 17:21:12.893 62117 INFO tempest.lib.common.rest_client [req-35d10ced-49f4-4aa8-9b2b-4ad9d1bc5f9b req-35d10ced-49f4-4aa8-9b2b-4ad9d1bc5f9b ] Request (FlavorsV2TestJSON:setUpClass): 201 POST http://10.180.1.21/identity/v3/projects 0.029s
2024-10-15 17:21:12.960 62117 INFO tempest.lib.common.rest_client [req-f30138d7-6271-4851-bdd2-8c0f6a3036df req-f30138d7-6271-4851-bdd2-8c0f6a3036df ] Request (FlavorsV2TestJSON:setUpClass): 201 POST http://10.180.1.21/identity/v3/users 0.066s
2024-10-15 17:21:12.978 62153 INFO tempest.lib.common.rest_client [req-38616bbe-3197-4f33-a294-618ea7aa1eec req-38616bbe-3197-4f33-a294-618ea7aa1eec ] Request (SecurityGroupsTestJSON:test_list_security_groups_by_server): 202 POST http://10.180.1.21/compute/v2.1/servers 0.582s
2024-10-15 17:21:12.984 62117 INFO tempest.lib.common.rest_client [req-91a452f5-2d8a-437e-a866-58c11f87a0d8 req-91a452f5-2d8a-437e-a866-58c11f87a0d8 ] Request (FlavorsV2TestJSON:setUpClass): 200 GET http://10.180.1.21/identity/v3/roles 0.023s
2024-10-15 17:21:13.014 62099 INFO tempest.lib.common.rest_client [req-fbad4d05-12fe-4dbc-aedb-a9aeed4f8f54 req-fbad4d05-12fe-4dbc-aedb-a9aeed4f8f54 ] Request (ServersTestManualDisk:setUpClass): 202 POST http://10.180.1.21/compute/v2.1/servers 0.795s
2024-10-15 17:21:13.033 62117 INFO tempest.lib.common.rest_client [req-f5a08cc6-e797-4188-80b5-6e26c6c98edb req-f5a08cc6-e797-4188-80b5-6e26c6c98edb ] Request (FlavorsV2TestJSON:setUpClass): 204 PUT http://10.180.1.21/identity/v3/projects/84e5b703d23d4469af0fc26cbe8f5073/users/e73e226794a145328c46ed919379421a/roles/c6c97b217e0b4feb90512fb2e66fba9f 0.048s
2024-10-15 17:21:13.033 62117 INFO tempest.lib.common.dynamic_creds [-] Dynamic test user e73e226794a145328c46ed919379421a is created with scope project and roles: ['member']
2024-10-15 17:21:13.033 62117 INFO tempest.lib.common.dynamic_creds [-] Acquired dynamic creds: credentials: Credentials: {'domain_id': 'default', 'domain_name': 'Default', 'username': 'tempest-FlavorsV2TestJSON-818410285-project-member', 'project_domain_id': 'default', 'project_domain_name': 'Default', 'project_id': '84e5b703d23d4469af0fc26cbe8f5073', 'project_name': 'tempest-FlavorsV2TestJSON-818410285', 'tenant_id': '84e5b703d23d4469af0fc26cbe8f5073', 'tenant_name': 'tempest-FlavorsV2TestJSON-818410285', 'user_domain_id': 'default', 'user_domain_name': 'Default', 'user_id': 'e73e226794a145328c46ed919379421a', 'system': None}, Network: None, Subnet: None, Router: None
2024-10-15 17:21:13.033 62117 INFO tempest.lib.common.dynamic_creds [-] Created isolated network resources for: credentials: Credentials: {'domain_id': 'default', 'domain_name': 'Default', 'username': 'tempest-FlavorsV2TestJSON-818410285-project-member', 'project_domain_id': 'default', 'project_domain_name': 'Default', 'project_id': '84e5b703d23d4469af0fc26cbe8f5073', 'project_name': 'tempest-FlavorsV2TestJSON-818410285', 'tenant_id': '84e5b703d23d4469af0fc26cbe8f5073', 'tenant_name': 'tempest-FlavorsV2TestJSON-818410285', 'user_domain_id': 'default', 'user_domain_name': 'Default', 'user_id': 'e73e226794a145328c46ed919379421a', 'system': None}, Network: None, Subnet: None, Router: None
2024-10-15 17:21:13.055 62139 INFO tempest.lib.common.rest_client [req-9967e265-afbf-4e8e-9a17-f32ee1db1baf req-9967e265-afbf-4e8e-9a17-f32ee1db1baf ] Request (VolumesAssistedSnapshotsTest:test_volume_assisted_snapshot_create_delete): 200 GET http://10.180.1.21/compute/v2.1/servers/a4736ffe-ad02-444d-bb6e-2cf4f70d64ee 0.596s
2024-10-15 17:21:13.085 62109 INFO tempest.lib.common.rest_client [req-43d68074-ca76-4c44-bc34-989ed499202a req-43d68074-ca76-4c44-bc34-989ed499202a ] Request (ServersWithSpecificFlavorTestJSON:test_verify_created_server_ephemeral_disk): 200 GET http://10.180.1.21/compute/v2.1/servers/e9a7c08d-e021-43d0-b757-6ad0174b4648 0.552s
2024-10-15 17:21:13.113 62133 INFO tempest.lib.common.rest_client [req-817a069d-e1fd-4f2e-af20-04a0f6c9890d req-817a069d-e1fd-4f2e-af20-04a0f6c9890d ] Request (ServerPasswordTestJSON:setUpClass): 200 GET http://10.180.1.21/compute/v2.1/servers/db41ed39-0fef-48ea-9197-8d3d8844547a 0.488s
2024-10-15 17:21:13.125 62117 INFO tempest.lib.common.rest_client [req-7d1bf89b-870f-4e81-bb46-e0597bfc1201 req-7d1bf89b-870f-4e81-bb46-e0597bfc1201 ] Request (FlavorsV2TestJSON:setUpClass): 201 POST http://10.180.1.21/identity/v3/auth/tokens 0.087s
2024-10-15 17:21:13.137 62145 INFO tempest.lib.common.rest_client [req-b0e9d8e8-628b-4393-bc94-c0ae02f51b3e req-b0e9d8e8-628b-4393-bc94-c0ae02f51b3e ] Request (ServerActionsTestOtherB:setUpClass): 200 GET http://10.180.1.21/compute/v2.1/servers/0b213475-347e-42c9-aa16-0abd570d1a3e 0.318s
2024-10-15 17:21:13.178 62097 INFO tempest.lib.common.rest_client [req-1cc62d18-4056-4012-a73b-4da6dae3e00d req-1cc62d18-4056-4012-a73b-4da6dae3e00d ] Request (ServerActionsTestJSON:setUpClass): 200 GET http://10.180.1.21/compute/v2.1/servers/144d5486-d438-4bca-9b68-c414cc1f4659 0.349s
2024-10-15 17:21:13.208 62091 INFO tempest.lib.common.rest_client [req-9d820320-7478-4869-8630-9870254eaeaa req-9d820320-7478-4869-8630-9870254eaeaa ] Request (TenantUsagesTestJSON:setUpClass): 200 GET http://10.180.1.21/compute/v2.1/servers/2d4e9acd-2fe7-4fa4-a8d6-135e8a973bce 0.320s
2024-10-15 17:21:13.228 62125 INFO tempest.lib.common.rest_client [req-4795f761-59ec-4eae-b7aa-66046f662f34 req-4795f761-59ec-4eae-b7aa-66046f662f34 ] Request (DeleteServersAdminTestJSON:test_delete_server_while_in_error_state): 200 GET http://10.180.1.21/compute/v2.1/servers/394a7258-a9e0-4b16-a125-01e8cdfe7026 0.314s
2024-10-15 17:21:13.262 62135 INFO tempest.lib.common.rest_client [req-a4c65e24-f780-490e-83b8-7517715a4b30 req-a4c65e24-f780-490e-83b8-7517715a4b30 ] Request (ImagesOneServerNegativeTestJSON:setUpClass): 200 GET http://10.180.1.21/compute/v2.1/servers/b566ea57-9b1a-4869-be7c-9ba579db25dc 0.291s
2024-10-15 17:21:13.268 62153 INFO tempest.lib.common.rest_client [req-7f0f7e5e-89c5-4ada-911b-995d4b659320 req-7f0f7e5e-89c5-4ada-911b-995d4b659320 ] Request (SecurityGroupsTestJSON:test_list_security_groups_by_server): 200 GET http://10.180.1.21/compute/v2.1/servers/48b40da3-1efc-4557-a791-e88158338aec 0.289s
2024-10-15 17:21:13.296 62099 INFO tempest.lib.common.rest_client [req-d56f835b-57f1-4c33-a175-e91398339291 req-d56f835b-57f1-4c33-a175-e91398339291 ] Request (ServersTestManualDisk:setUpClass): 200 GET http://10.180.1.21/compute/v2.1/servers/29cb49fe-627a-4f0f-919b-58f764cd63d0 0.280s
2024-10-15 17:21:13.323 62123 INFO tempest.lib.common.rest_client [req-ffdffea3-0857-4da9-bded-91ca3b49b8ac req-ffdffea3-0857-4da9-bded-91ca3b49b8ac ] Request (InstanceActionsV221TestJSON:test_get_list_deleted_instance_actions): 200 GET http://10.180.1.21/compute/v2.1/servers/b5f994d9-e0aa-4335-8339-df76a1a032ed 0.292s
2024-10-15 17:21:13.342 62137 INFO tempest.lib.common.rest_client [req-fadf557c-27f5-49f5-bbc9-593ea954fe1b req-fadf557c-27f5-49f5-bbc9-593ea954fe1b ] Request (ServersTestJSON:setUpClass): 200 GET http://10.180.1.21/compute/v2.1/servers/d32e73d1-f7d9-4ee0-bbc3-44ba1abac9f6 0.286s
2024-10-15 17:21:13.370 62149 INFO tempest.lib.common.rest_client [req-76c6ad3f-cda5-42d2-b30b-97430155f3cc req-76c6ad3f-cda5-42d2-b30b-97430155f3cc ] Request (ImagesOneServerTestJSON:setUpClass): 200 GET http://10.180.1.21/compute/v2.1/servers/97c37446-5b86-469a-9b9b-751d0ebea463 0.286s
