2024-10-15 17:21:44.814 62091 INFO tempest.lib.common.rest_client [req-5cc6f4ef-af68-4d52-b87b-2ef387469eed req-5cc6f4ef-af68-4d52-b87b-2ef387469eed ] Request (TenantUsagesTestJSON:setUpClass): 200 GET http://10.180.1.21/compute/v2.1/servers/2d4e9acd-2fe7-4fa4-a8d6-135e8a973bce 0.239s
2024-10-15 17:21:44.853 62139 INFO tempest.lib.common.rest_client [req-f7c74069-9880-4182-93da-3a15a0cac8b0 req-f7c74069-9880-4182-93da-3a15a0cac8b0 ] Request (AbsoluteLimitsNegativeTestJSON:tearDownClass): 201 POST http://10.180.1.21/identity/v3/auth/tokens 0.062s
2024-10-15 17:21:44.871 62147 INFO tempest.lib.common.rest_client [req-96c3999b-e1ee-4e38-bc26-43e25cd53c2d req-96c3999b-e1ee-4e38-bc26-43e25cd53c2d ] Request (DeleteServersTestJSON:test_delete_server_while_in_attached_volume): 200 GET http://10.180.1.21/compute/v2.1/servers/290aca37-d0d7-4c8c-b8cf-8b787bbf95c9 0.243s
2024-10-15 17:21:44.874 62153 INFO tempest.lib.common.rest_client [req-47bff2c8-9ead-46ec-9736-c1e7ff9a2ffa req-47bff2c8-9ead-46ec-9736-c1e7ff9a2ffa ] Request (SecurityGroupsTestJSON:test_list_security_groups_by_server): 200 GET http://10.180.1.21/compute/v2.1/servers/48b40da3-1efc-4557-a791-e88158338aec 0.222s
2024-10-15 17:21:44.912 62149 INFO tempest.lib.common.rest_client [req-a9c1a770-a614-4da4-8777-a532f8b15d48 req-a9c1a770-a614-4da4-8777-a532f8b15d48 ] Request (ImagesOneServerTestJSON:setUpClass): 200 GET http://10.180.1.21/compute/v2.1/servers/97c37446-5b86-469a-9b9b-751d0ebea463 0.197s
2024-10-15 17:21:44.922 62099 INFO tempest.lib.common.rest_client [req-7d378204-0fc6-440c-bbec-1579a11ecc77 req-7d378204-0fc6-440c-bbec-1579a11ecc77 ] Request (ServersTestManualDisk:setUpClass): 200 GET http://10.180.1.21/compute/v2.1/servers/29cb49fe-627a-4f0f-919b-58f764cd63d0 0.254s
2024-10-15 17:21:44.973 62111 INFO tempest.lib.common.rest_client [req-f7de54cb-0a66-4758-818e-beef3dbb6d45 req-f7de54cb-0a66-4758-818e-beef3dbb6d45 ] Request (ServerDiagnosticsV248Test:tearDownClass): 200 GET http://10.180.1.21/compute/v2.1/servers/4ce41dca-63c6-447d-9c0a-00f9966e0093 0.148s
2024-10-15 17:21:44.990 62139 INFO tempest.lib.common.rest_client [req-b6fd75e1-f8da-4908-a5a3-56d983831705 req-b6fd75e1-f8da-4908-a5a3-56d983831705 ] Request (AbsoluteLimitsNegativeTestJSON:tearDownClass): 200 GET http://10.180.1.21:9696/networking/v2.0/security-groups?tenant_id=436397382f814644936a31394265ac48&name=default 0.137s
2024-10-15 17:21:45.015 62095 INFO tempest.lib.common.rest_client [req-e0b88a32-a8a7-4832-bdc5-6395f2e8d693 req-e0b88a32-a8a7-4832-bdc5-6395f2e8d693 ] Request (ServerRescueNegativeTestJSON:setUpClass): 200 GET http://10.180.1.21/compute/v2.1/servers/068ced45-4c50-4cfd-bd94-fa1dad29e5b5 0.134s
2024-10-15 17:21:45.058 62137 INFO tempest.lib.common.rest_client [req-d9d3062e-913f-41ec-b54c-baf59d886776 req-d9d3062e-913f-41ec-b54c-baf59d886776 ] Request (ServerShowV257Test:test_rebuild_server): 200 GET http://10.180.1.21/compute/v2.1/servers/694889e8-200e-454c-9e87-60521dd044d9 0.123s
2024-10-15 17:21:45.059 62139 INFO tempest.lib.common.rest_client [req-0ac61699-74e0-4066-8112-9e9dd6bc4595 req-0ac61699-74e0-4066-8112-9e9dd6bc4595 ] Request (AbsoluteLimitsNegativeTestJSON:tearDownClass): 204 DELETE http://10.180.1.21:9696/networking/v2.0/security-groups/d8235f62-0d3a-4627-83bc-69766e28e19c 0.068s
2024-10-15 17:21:45.072 62141 INFO tempest.lib.common.rest_client [req-032d21dc-1a45-4e9a-9b7c-03b808d58bf7 req-032d21dc-1a45-4e9a-9b7c-03b808d58bf7 ] Request (ListServerFiltersTestJSON:tearDownClass): 204 DELETE http://10.180.1.21/compute/v2.1/servers/c0d84943-8398-401d-ac7b-f4436bb8325f 0.259s
2024-10-15 17:21:45.105 62121 INFO tempest.lib.common.rest_client [req-ea90c5ec-24e5-4079-a043-f2220b3ea0d4 req-ea90c5ec-24e5-4079-a043-f2220b3ea0d4 ] Request (AttachVolumeShelveTestJSON:test_attach_volume_shelved_or_offload_server): 200 GET http://10.180.1.21/compute/v2.1/servers/23f221fd-8f76-4a6f-8189-49d9be9da7e2 0.158s
2024-10-15 17:21:45.112 62121 INFO tempest.common.waiters [-] State transition "BUILD/scheduling" ==> "BUILD/None" after 51 second wait
2024-10-15 17:21:45.114 62139 INFO tempest.lib.common.rest_client [req-48ec4fe9-b1f5-4561-8e55-1d4ec666cdf6 req-48ec4fe9-b1f5-4561-8e55-1d4ec666cdf6 ] Request (AbsoluteLimitsNegativeTestJSON:tearDownClass): 204 DELETE http://10.180.1.21/identity/v3/projects/436397382f814644936a31394265ac48 0.055s
2024-10-15 17:21:45.116 62123 INFO tempest.lib.common.rest_client [req-8b6fd534-a6ab-4d64-8742-e8ca45ec4481 req-8b6fd534-a6ab-4d64-8742-e8ca45ec4481 ] Request (InstanceActionsV221TestJSON:test_get_list_deleted_instance_actions): 200 GET http://10.180.1.21/compute/v2.1/servers/b5f994d9-e0aa-4335-8339-df76a1a032ed 0.118s
2024-10-15 17:21:45.151 62101 INFO tempest.lib.common.rest_client [req-dbdefa3e-a075-4ed9-9f62-9365c249cbec req-dbdefa3e-a075-4ed9-9f62-9365c249cbec ] Request (AttachInterfacesV270Test:test_create_get_list_interfaces): 200 GET http://10.180.1.21/compute/v2.1/servers/593106da-0c81-448a-b3ba-fd6007dcdd98 0.145s
2024-10-15 17:21:45.160 62117 INFO tempest.lib.common.rest_client [req-0535c8a1-ca43-4dda-be83-36764d4e41ef req-0535c8a1-ca43-4dda-be83-36764d4e41ef ] Request (AttachInterfacesUnderV243Test:test_add_remove_fixed_ip): 200 GET http://10.180.1.21/compute/v2.1/servers/beffa800-ff93-4230-be14-f2b906666cc0 0.111s
2024-10-15 17:21:45.167 62139 INFO tempest.lib.common.rest_client [req-234517c0-c59a-49c7-83e1-c73c13404c8b req-234517c0-c59a-49c7-83e1-c73c13404c8b ] Request (ServerActionsTestOtherA:setUpClass): 201 POST http://10.180.1.21/identity/v3/auth/tokens 0.051s
2024-10-15 17:21:45.177 62141 INFO tempest.lib.common.rest_client [req-61648273-fd55-44cd-b2d3-7446cbbdcf3f req-61648273-fd55-44cd-b2d3-7446cbbdcf3f ] Request (ListServerFiltersTestJSON:tearDownClass): 404 GET http://10.180.1.21/compute/v2.1/servers/c0d84943-8398-401d-ac7b-f4436bb8325f 0.104s
2024-10-15 17:21:45.194 62119 INFO tempest.lib.common.rest_client [req-4090586e-aed3-45ec-88d5-0e6589124b12 req-4090586e-aed3-45ec-88d5-0e6589124b12 ] Request (ServersAdminNegativeTestJSON:setUpClass): 200 GET http://10.180.1.21/compute/v2.1/servers/f9e90a57-da19-4b1a-81cb-8a6433e09785 0.135s
2024-10-15 17:21:45.200 62139 INFO tempest.lib.common.rest_client [req-32f1568b-2045-4563-848b-de53044886b8 req-32f1568b-2045-4563-848b-de53044886b8 ] Request (ServerActionsTestOtherA:setUpClass): 201 POST http://10.180.1.21/identity/v3/auth/tokens 0.030s
2024-10-15 17:21:45.219 62139 INFO tempest.lib.common.rest_client [req-0131f1c3-8122-45ef-876c-00c58e7d0c20 req-0131f1c3-8122-45ef-876c-00c58e7d0c20 ] Request (ServerActionsTestOtherA:setUpClass): 200 GET http://10.180.1.21/identity/v3/domains?name=Default 0.019s
2024-10-15 17:21:45.220 62127 INFO tempest.lib.common.rest_client [req-30d8687c-7707-42fe-a616-ca3639b3a60f req-30d8687c-7707-42fe-a616-ca3639b3a60f ] Request (ServerMetadataNegativeTestJSON:setUpClass): 200 GET http://10.180.1.21/compute/v2.1/servers/5d89c8de-69f9-432d-bb64-46d662097463 0.120s
2024-10-15 17:21:45.237 62103 INFO tempest.lib.common.rest_client [req-06a1b1dc-fa9f-47db-ac86-03dccd2f819a req-06a1b1dc-fa9f-47db-ac86-03dccd2f819a ] Request (ImagesTestJSON:test_create_image_from_stopped_server): 200 GET http://10.180.1.21/compute/v2.1/servers/fe9b7dd3-2cdb-49a4-b4fd-54a4e9654b79 0.116s
2024-10-15 17:21:45.244 62139 INFO tempest.lib.common.rest_client [req-5f04054e-3649-4613-af8a-b50b1ee9dbdc req-5f04054e-3649-4613-af8a-b50b1ee9dbdc ] Request (ServerActionsTestOtherA:setUpClass): 201 POST http://10.180.1.21/identity/v3/projects 0.025s
2024-10-15 17:21:45.306 62113 INFO tempest.lib.common.rest_client [req-0f148b50-c290-43c4-9d9d-2c1feafed842 req-0f148b50-c290-43c4-9d9d-2c1feafed842 ] Request (MigrationsAdminTest:test_resize_server_revert_deleted_flavor): 200 GET http://10.180.1.21/compute/v2.1/servers/8c872e97-44ca-48c9-b7bb-02dca695ad8a 0.050s
2024-10-15 17:21:45.312 62139 INFO tempest.lib.common.rest_client [req-cc751d1e-e293-4ee7-a949-8c238dcb268a req-cc751d1e-e293-4ee7-a949-8c238dcb268a ] Request (ServerActionsTestOtherA:setUpClass): 201 POST http://10.180.1.21/identity/v3/users 0.068s
2024-10-15 17:21:45.338 62139 INFO tempest.lib.common.rest_client [req-307962e2-bebf-44db-8cf7-b77e0db4b071 req-307962e2-bebf-44db-8cf7-b77e0db4b071 ] Request (ServerActionsTestOtherA:setUpClass): 200 GET http://10.180.1.21/identity/v3/roles 0.025s
2024-10-15 17:21:45.361 62139 INFO tempest.lib.common.rest_client [req-abdbdf96-0c44-4a50-92e7-89c259eec847 req-abdbdf96-0c44-4a50-92e7-89c259eec847 ] Request (ServerActionsTestOtherA:setUpClass): 204 PUT http://10.180.1.21/identity/v3/projects/3e7a1a39ca3a443495bdba82971360a1/users/21b7672068df4da0973e855e18691592/roles/c6c97b217e0b4feb90512fb2e66fba9f 0.023s
2024-10-15 17:21:45.362 62139 INFO tempest.lib.common.dynamic_creds [-] Dynamic test user 21b7672068df4da0973e855e18691592 is created with scope project and roles: ['member']
2024-10-15 17:21:45.362 62139 INFO tempest.lib.common.dynamic_creds [-] Acquired dynamic creds: credentials: Credentials: {'domain_id': 'default', 'domain_name': 'Default', 'username': 'tempest-ServerActionsTestOtherA-2083424245-project-member', 'project_domain_id': 'default', 'project_domain_name': 'Default', 'project_id': '3e7a1a39ca3a443495bdba82971360a1', 'project_name': 'tempest-ServerActionsTestOtherA-2083424245', 'tenant_id': '3e7a1a39ca3a443495bdba82971360a1', 'tenant_name': 'tempest-ServerActionsTestOtherA-2083424245', 'user_domain_id': 'default', 'user_domain_name': 'Default', 'user_id': '21b7672068df4da0973e855e18691592', 'system': None}, Network: None, Subnet: None, Router: None
2024-10-15 17:21:45.377 62143 INFO tempest.lib.common.rest_client [req-58cbb3e6-9583-482e-9f98-82437d743d30 req-58cbb3e6-9583-482e-9f98-82437d743d30 ] Request (AttachInterfacesTestJSON:test_create_list_show_delete_interfaces_by_fixed_ip): 200 GET http://10.180.1.21/compute/v2.1/servers/26aba610-746f-4a3c-988c-bf5ffa44198f 0.047s
2024-10-15 17:21:45.385 62141 INFO tempest.lib.common.rest_client [req-3f1851fc-02cd-474d-b9f7-ed7832254199 req-3f1851fc-02cd-474d-b9f7-ed7832254199 ] Request (ListServerFiltersTestJSON:tearDownClass): 204 DELETE http://10.180.1.21/compute/v2.1/servers/f112b2be-fbd7-4a01-b369-25fe490e4204 0.208s
2024-10-15 17:21:45.407 62141 INFO tempest.lib.common.rest_client [req-b9143de1-cd0e-4c90-afd3-73f5116c8908 req-b9143de1-cd0e-4c90-afd3-73f5116c8908 ] Request (ListServerFiltersTestJSON:tearDownClass): 404 GET http://10.180.1.21/compute/v2.1/servers/f112b2be-fbd7-4a01-b369-25fe490e4204 0.022s
2024-10-15 17:21:45.415 62139 INFO tempest.lib.common.rest_client [req-262ee8ef-c185-4ccb-9d91-de64a6d903eb req-262ee8ef-c185-4ccb-9d91-de64a6d903eb ] Request (ServerActionsTestOtherA:setUpClass): 201 POST http://10.180.1.21/identity/v3/auth/tokens 0.053s
2024-10-15 17:21:45.436 62089 INFO tempest.lib.common.rest_client [req-7c95faa7-18e4-41d6-b82a-9db1179504c9 req-7c95faa7-18e4-41d6-b82a-9db1179504c9 ] Request (ServerExternalEventsTest:test_create_server_external_events): 200 GET http://10.180.1.21/compute/v2.1/servers/ab92661d-d5e3-4e7a-b6c3-48d48bf795b3 0.055s
2024-10-15 17:21:45.493 62093 INFO tempest.lib.common.rest_client [req-ad930ad9-5a61-4059-a2dc-c9df960d95a9 req-ad930ad9-5a61-4059-a2dc-c9df960d95a9 ] Request (InstanceActionsTestJSON:setUpClass): 200 GET http://10.180.1.21/compute/v2.1/servers/90251da7-072c-45ff-899b-3fd2e0c06880 0.052s
2024-10-15 17:21:45.572 62141 INFO tempest.lib.common.rest_client [req-9cd89e66-d171-4139-836e-89873c11cc69 req-9cd89e66-d171-4139-836e-89873c11cc69 ] Request (ListServerFiltersTestJSON:tearDownClass): 204 DELETE http://10.180.1.21:9696/networking/v2.0/subnets/5095b232-12bd-435e-a421-cc0835a250fd 0.164s
2024-10-15 17:21:45.582 62109 INFO tempest.lib.common.rest_client [req-c02c0010-c456-46f3-b9be-cc9b79d97182 req-c02c0010-c456-46f3-b9be-cc9b79d97182 ] Request (ServersWithSpecificFlavorTestJSON:test_verify_created_server_ephemeral_disk): 200 GET http://10.180.1.21/compute/v2.1/servers/e9a7c08d-e021-43d0-b757-6ad0174b4648 0.078s
2024-10-15 17:21:45.718 62097 INFO tempest.lib.common.rest_client [req-725e48d0-a1bd-4a6d-a914-082aa707d1b1 req-725e48d0-a1bd-4a6d-a914-082aa707d1b1 ] Request (ServerActionsTestJSON:setUpClass): 200 GET http://10.180.1.21/compute/v2.1/servers/144d5486-d438-4bca-9b68-c414cc1f4659 0.054s
2024-10-15 17:21:45.732 62139 INFO tempest.lib.common.rest_client [req-2c32c659-c43f-4ed1-91bd-4ca178b6b0b3 req-2c32c659-c43f-4ed1-91bd-4ca178b6b0b3 ] Request (ServerActionsTestOtherA:setUpClass): 201 POST http://10.180.1.21:9696/networking/v2.0/networks 0.317s
2024-10-15 17:21:45.770 62145 INFO tempest.lib.common.rest_client [req-e6d350f9-954e-482d-a93e-7066dc9b9598 req-e6d350f9-954e-482d-a93e-7066dc9b9598 ] Request (ServerActionsTestOtherB:setUpClass): 200 GET http://10.180.1.21/compute/v2.1/servers/0b213475-347e-42c9-aa16-0abd570d1a3e 0.059s
2024-10-15 17:21:45.791 62133 INFO tempest.lib.common.rest_client [req-0cc92b1d-b52c-4b63-86bd-b6b6658c35c2 req-0cc92b1d-b52c-4b63-86bd-b6b6658c35c2 ] Request (ServerPasswordTestJSON:setUpClass): 200 GET http://10.180.1.21/compute/v2.1/servers/db41ed39-0fef-48ea-9197-8d3d8844547a 0.064s
2024-10-15 17:21:45.824 62125 INFO tempest.lib.common.rest_client [req-69694a1c-4790-4a59-9a4f-0cbaf4c9230f req-69694a1c-4790-4a59-9a4f-0cbaf4c9230f ] Request (DeleteServersAdminTestJSON:test_delete_server_while_in_error_state): 200 GET http://10.180.1.21/compute/v2.1/servers/394a7258-a9e0-4b16-a125-01e8cdfe7026 0.065s
2024-10-15 17:21:45.847 62135 INFO tempest.lib.common.rest_client [req-8052a503-0ec6-461f-b802-10014e51e616 req-8052a503-0ec6-461f-b802-10014e51e616 ] Request (ImagesOneServerNegativeTestJSON:setUpClass): 200 GET http://10.180.1.21/compute/v2.1/servers/b566ea57-9b1a-4869-be7c-9ba579db25dc 0.072s
2024-10-15 17:21:45.867 62141 INFO tempest.lib.common.rest_client [req-319ec84f-0ef8-458b-ad7a-334553ed9e74 req-319ec84f-0ef8-458b-ad7a-334553ed9e74 ] Request (ListServerFiltersTestJSON:tearDownClass): 204 DELETE http://10.180.1.21:9696/networking/v2.0/networks/39a44f5f-c335-42ee-97e7-b4146d633d44 0.294s
2024-10-15 17:21:45.880 62091 INFO tempest.lib.common.rest_client [req-1647a2ab-9efe-45c8-8841-06ea2036e96f req-1647a2ab-9efe-45c8-8841-06ea2036e96f ] Request (TenantUsagesTestJSON:setUpClass): 200 GET http://10.180.1.21/compute/v2.1/servers/2d4e9acd-2fe7-4fa4-a8d6-135e8a973bce 0.058s
2024-10-15 17:21:45.940 62141 INFO tempest.lib.common.rest_client [req-da644ac2-1278-4809-8faf-45f2b33b292e req-da644ac2-1278-4809-8faf-45f2b33b292e ] Request (ListServerFiltersTestJSON:tearDownClass): 204 DELETE http://10.180.1.21/identity/v3/users/d032b9d26a72416885d080dc2922e815 0.073s
2024-10-15 17:21:45.940 62141 INFO tempest.lib.common.dynamic_creds [-] Deleting project and security group for project: 01d1223a327f4442b01edf22f3fc578a
2024-10-15 17:21:45.941 62153 INFO tempest.lib.common.rest_client [req-4fed2f12-d81d-41ab-869f-3880ce14677c req-4fed2f12-d81d-41ab-869f-3880ce14677c ] Request (SecurityGroupsTestJSON:test_list_security_groups_by_server): 200 GET http://10.180.1.21/compute/v2.1/servers/48b40da3-1efc-4557-a791-e88158338aec 0.057s
2024-10-15 17:21:45.949 62147 INFO tempest.lib.common.rest_client [req-9d86bfa6-c0fb-4d40-84ff-a7ad373167df req-9d86bfa6-c0fb-4d40-84ff-a7ad373167df ] Request (DeleteServersTestJSON:test_delete_server_while_in_attached_volume): 200 GET http://10.180.1.21/compute/v2.1/servers/290aca37-d0d7-4c8c-b8cf-8b787bbf95c9 0.066s
2024-10-15 17:21:45.962 62139 INFO tempest.lib.common.rest_client [req-0fb6634e-52f7-4272-980c-2ee0c88c309b req-0fb6634e-52f7-4272-980c-2ee0c88c309b ] Request (ServerActionsTestOtherA:setUpClass): 201 POST http://10.180.1.21:9696/networking/v2.0/subnets 0.229s
2024-10-15 17:21:45.983 62141 INFO tempest.lib.common.rest_client [req-a4c51981-224b-494f-94ed-b05c4dda9723 req-a4c51981-224b-494f-94ed-b05c4dda9723 ] Request (ListServerFiltersTestJSON:tearDownClass): 200 GET http://10.180.1.21:9696/networking/v2.0/security-groups?tenant_id=01d1223a327f4442b01edf22f3fc578a&name=default 0.042s
2024-10-15 17:21:45.993 62149 INFO tempest.lib.common.rest_client [req-66dc7510-8d85-4c36-ac9f-84dab3cf4f5f req-66dc7510-8d85-4c36-ac9f-84dab3cf4f5f ] Request (ImagesOneServerTestJSON:setUpClass): 200 GET http://10.180.1.21/compute/v2.1/servers/97c37446-5b86-469a-9b9b-751d0ebea463 0.074s
2024-10-15 17:21:46.002 62099 INFO tempest.lib.common.rest_client [req-b18c33c3-f0f0-4d57-a7aa-cdeda0ce036b req-b18c33c3-f0f0-4d57-a7aa-cdeda0ce036b ] Request (ServersTestManualDisk:setUpClass): 200 GET http://10.180.1.21/compute/v2.1/servers/29cb49fe-627a-4f0f-919b-58f764cd63d0 0.072s
2024-10-15 17:21:46.047 62111 INFO tempest.lib.common.rest_client [req-3df75edf-a042-4bd0-aff7-aa82ca8aa9c4 req-3df75edf-a042-4bd0-aff7-aa82ca8aa9c4 ] Request (ServerDiagnosticsV248Test:tearDownClass): 200 GET http://10.180.1.21/compute/v2.1/servers/4ce41dca-63c6-447d-9c0a-00f9966e0093 0.066s
2024-10-15 17:21:46.111 62141 INFO tempest.lib.common.rest_client [req-2bed25c4-83af-4d3b-b877-a1aa25bbed62 req-2bed25c4-83af-4d3b-b877-a1aa25bbed62 ] Request (ListServerFiltersTestJSON:tearDownClass): 204 DELETE http://10.180.1.21:9696/networking/v2.0/security-groups/04ac709f-d52e-48c2-a3b9-f9425a250265 0.127s
2024-10-15 17:21:46.196 62141 INFO tempest.lib.common.rest_client [req-820f2797-ae1c-41e8-a861-7f2b2e0713cd req-820f2797-ae1c-41e8-a861-7f2b2e0713cd ] Request (ListServerFiltersTestJSON:tearDownClass): 204 DELETE http://10.180.1.21/identity/v3/projects/01d1223a327f4442b01edf22f3fc578a 0.084s
2024-10-15 17:21:46.235 62095 INFO tempest.lib.common.rest_client [req-38ee72b0-69e1-4a90-936d-4cfd305eb1a3 req-38ee72b0-69e1-4a90-936d-4cfd305eb1a3 ] Request (ServerRescueNegativeTestJSON:setUpClass): 200 GET http://10.180.1.21/compute/v2.1/servers/068ced45-4c50-4cfd-bd94-fa1dad29e5b5 0.214s
2024-10-15 17:21:46.244 62095 INFO tempest.common.waiters [-] State transition "BUILD/None" ==> "BUILD/networking" after 61 second wait
2024-10-15 17:21:46.250 62137 INFO tempest.lib.common.rest_client [req-174d6b7b-6fce-437a-b035-aac31263075c req-174d6b7b-6fce-437a-b035-aac31263075c ] Request (ServerShowV257Test:test_rebuild_server): 200 GET http://10.180.1.21/compute/v2.1/servers/694889e8-200e-454c-9e87-60521dd044d9 0.183s
2024-10-15 17:21:46.291 62141 INFO tempest.lib.common.rest_client [req-05d5da60-f1b8-4235-b94a-a9851ee2d925 req-05d5da60-f1b8-4235-b94a-a9851ee2d925 ] Request (ServersTestJSON:setUpClass): 201 POST http://10.180.1.21/identity/v3/auth/tokens 0.091s
2024-10-15 17:21:46.308 62123 INFO tempest.lib.common.rest_client [req-ff126f19-62fc-4df9-9231-297fefc35dff req-ff126f19-62fc-4df9-9231-297fefc35dff ] Request (InstanceActionsV221TestJSON:test_get_list_deleted_instance_actions): 200 GET http://10.180.1.21/compute/v2.1/servers/b5f994d9-e0aa-4335-8339-df76a1a032ed 0.182s
2024-10-15 17:21:46.314 62121 INFO tempest.lib.common.rest_client [req-296883ce-6d80-4e09-8158-d1329140e6f9 req-296883ce-6d80-4e09-8158-d1329140e6f9 ] Request (AttachVolumeShelveTestJSON:test_attach_volume_shelved_or_offload_server): 200 GET http://10.180.1.21/compute/v2.1/servers/23f221fd-8f76-4a6f-8189-49d9be9da7e2 0.201s
2024-10-15 17:21:46.335 62141 INFO tempest.lib.common.rest_client [req-ad1a10b7-60cb-463b-b949-c8ace9d91eaf req-ad1a10b7-60cb-463b-b949-c8ace9d91eaf ] Request (ServersTestJSON:setUpClass): 201 POST http://10.180.1.21/identity/v3/auth/tokens 0.042s
2024-10-15 17:21:46.364 62141 INFO tempest.lib.common.rest_client [req-6dd846e3-9a9f-413a-9fbf-d4a92c7a366f req-6dd846e3-9a9f-413a-9fbf-d4a92c7a366f ] Request (ServersTestJSON:setUpClass): 200 GET http://10.180.1.21/identity/v3/domains?name=Default 0.028s
2024-10-15 17:21:46.367 62101 INFO tempest.lib.common.rest_client [req-003a9dbd-33f0-4c8e-a251-c63a04c500fa req-003a9dbd-33f0-4c8e-a251-c63a04c500fa ] Request (AttachInterfacesV270Test:test_create_get_list_interfaces): 200 GET http://10.180.1.21/compute/v2.1/servers/593106da-0c81-448a-b3ba-fd6007dcdd98 0.208s
2024-10-15 17:21:46.377 62117 INFO tempest.lib.common.rest_client [req-f04a4394-a0c6-4368-b25a-aa12ec5f0d69 req-f04a4394-a0c6-4368-b25a-aa12ec5f0d69 ] Request (AttachInterfacesUnderV243Test:test_add_remove_fixed_ip): 200 GET http://10.180.1.21/compute/v2.1/servers/beffa800-ff93-4230-be14-f2b906666cc0 0.210s
2024-10-15 17:21:46.405 62141 INFO tempest.lib.common.rest_client [req-ecd25187-632b-49eb-9c08-1e4267b2e23b req-ecd25187-632b-49eb-9c08-1e4267b2e23b ] Request (ServersTestJSON:setUpClass): 201 POST http://10.180.1.21/identity/v3/projects 0.040s
2024-10-15 17:21:46.447 62119 INFO tempest.lib.common.rest_client [req-f979121c-3b7a-41f4-b00a-8819e8b1b775 req-f979121c-3b7a-41f4-b00a-8819e8b1b775 ] Request (ServersAdminNegativeTestJSON:setUpClass): 200 GET http://10.180.1.21/compute/v2.1/servers/f9e90a57-da19-4b1a-81cb-8a6433e09785 0.247s
2024-10-15 17:21:46.455 62127 INFO tempest.lib.common.rest_client [req-7205b828-571b-4099-b895-4276781aa905 req-7205b828-571b-4099-b895-4276781aa905 ] Request (ServerMetadataNegativeTestJSON:setUpClass): 200 GET http://10.180.1.21/compute/v2.1/servers/5d89c8de-69f9-432d-bb64-46d662097463 0.227s
2024-10-15 17:21:46.497 62141 INFO tempest.lib.common.rest_client [req-e7b45356-13b1-42bb-889a-86e54c0d1f82 req-e7b45356-13b1-42bb-889a-86e54c0d1f82 ] Request (ServersTestJSON:setUpClass): 201 POST http://10.180.1.21/identity/v3/users 0.091s
2024-10-15 17:21:46.516 62141 INFO tempest.lib.common.rest_client [req-891a759f-0f12-4936-8dab-990680c71681 req-891a759f-0f12-4936-8dab-990680c71681 ] Request (ServersTestJSON:setUpClass): 200 GET http://10.180.1.21/identity/v3/roles 0.019s
2024-10-15 17:21:46.523 62103 INFO tempest.lib.common.rest_client [req-c1b1f4d1-3493-40ac-b89a-331473c665bc req-c1b1f4d1-3493-40ac-b89a-331473c665bc ] Request (ImagesTestJSON:test_create_image_from_stopped_server): 200 GET http://10.180.1.21/compute/v2.1/servers/fe9b7dd3-2cdb-49a4-b4fd-54a4e9654b79 0.278s
2024-10-15 17:21:46.530 62113 INFO tempest.lib.common.rest_client [req-dbc012e8-c43c-450f-afb3-8ba453bcb688 req-dbc012e8-c43c-450f-afb3-8ba453bcb688 ] Request (MigrationsAdminTest:test_resize_server_revert_deleted_flavor): 200 GET http://10.180.1.21/compute/v2.1/servers/8c872e97-44ca-48c9-b7bb-02dca695ad8a 0.217s
2024-10-15 17:21:46.556 62141 INFO tempest.lib.common.rest_client [req-c2656dc0-e2cb-4d59-903b-97671de9a44c req-c2656dc0-e2cb-4d59-903b-97671de9a44c ] Request (ServersTestJSON:setUpClass): 204 PUT http://10.180.1.21/identity/v3/projects/4dbb543c66364861bf5f437c8c33a550/users/d1349b8262e345068742af657fa8cbd0/roles/c6c97b217e0b4feb90512fb2e66fba9f 0.039s
2024-10-15 17:21:46.556 62141 INFO tempest.lib.common.dynamic_creds [-] Dynamic test user d1349b8262e345068742af657fa8cbd0 is created with scope project and roles: ['member']
2024-10-15 17:21:46.557 62141 INFO tempest.lib.common.dynamic_creds [-] Acquired dynamic creds: credentials: Credentials: {'domain_id': 'default', 'domain_name': 'Default', 'username': 'tempest-ServersTestJSON-848945246-project-member', 'project_domain_id': 'default', 'project_domain_name': 'Default', 'project_id': '4dbb543c66364861bf5f437c8c33a550', 'project_name': 'tempest-ServersTestJSON-848945246', 'tenant_id': '4dbb543c66364861bf5f437c8c33a550', 'tenant_name': 'tempest-ServersTestJSON-848945246', 'user_domain_id': 'default', 'user_domain_name': 'Default', 'user_id': 'd1349b8262e345068742af657fa8cbd0', 'system': None}, Network: None, Subnet: None, Router: None
2024-10-15 17:21:46.599 62143 INFO tempest.lib.common.rest_client [req-d67af8fa-565e-4ac3-b207-b7647bba400e req-d67af8fa-565e-4ac3-b207-b7647bba400e ] Request (AttachInterfacesTestJSON:test_create_list_show_delete_interfaces_by_fixed_ip): 200 GET http://10.180.1.21/compute/v2.1/servers/26aba610-746f-4a3c-988c-bf5ffa44198f 0.214s
2024-10-15 17:21:46.601 62089 INFO tempest.lib.common.rest_client [req-aab47717-d326-4335-80db-93fe2f661950 req-aab47717-d326-4335-80db-93fe2f661950 ] Request (ServerExternalEventsTest:test_create_server_external_events): 200 GET http://10.180.1.21/compute/v2.1/servers/ab92661d-d5e3-4e7a-b6c3-48d48bf795b3 0.150s
2024-10-15 17:21:46.617 62141 INFO tempest.lib.common.rest_client [req-568280e9-8ca2-4bb7-94dc-8491038f5f3b req-568280e9-8ca2-4bb7-94dc-8491038f5f3b ] Request (ServersTestJSON:setUpClass): 201 POST http://10.180.1.21/identity/v3/auth/tokens 0.060s
2024-10-15 17:21:46.654 62093 INFO tempest.lib.common.rest_client [req-8631e193-8582-444a-bb5d-6ec5db29a862 req-8631e193-8582-444a-bb5d-6ec5db29a862 ] Request (InstanceActionsTestJSON:setUpClass): 200 GET http://10.180.1.21/compute/v2.1/servers/90251da7-072c-45ff-899b-3fd2e0c06880 0.155s
2024-10-15 17:21:46.662 62109 INFO tempest.lib.common.rest_client [req-3d12453c-246a-4944-b1f6-95cf2fdd8977 req-3d12453c-246a-4944-b1f6-95cf2fdd8977 ] Request (ServersWithSpecificFlavorTestJSON:test_verify_created_server_ephemeral_disk): 200 GET http://10.180.1.21/compute/v2.1/servers/e9a7c08d-e021-43d0-b757-6ad0174b4648 0.068s
2024-10-15 17:21:46.787 62097 INFO tempest.lib.common.rest_client [req-154fa1df-22ea-42a3-a230-3eebea7d6f8e req-154fa1df-22ea-42a3-a230-3eebea7d6f8e ] Request (ServerActionsTestJSON:setUpClass): 200 GET http://10.180.1.21/compute/v2.1/servers/144d5486-d438-4bca-9b68-c414cc1f4659 0.062s
2024-10-15 17:21:46.841 62145 INFO tempest.lib.common.rest_client [req-c24f0eb4-6175-47b4-8023-d368d606baea req-c24f0eb4-6175-47b4-8023-d368d606baea ] Request (ServerActionsTestOtherB:setUpClass): 200 GET http://10.180.1.21/compute/v2.1/servers/0b213475-347e-42c9-aa16-0abd570d1a3e 0.064s
2024-10-15 17:21:46.874 62133 INFO tempest.lib.common.rest_client [req-2f99f267-3fdb-4efb-849c-46064a882eac req-2f99f267-3fdb-4efb-849c-46064a882eac ] Request (ServerPasswordTestJSON:setUpClass): 200 GET http://10.180.1.21/compute/v2.1/servers/db41ed39-0fef-48ea-9197-8d3d8844547a 0.074s
2024-10-15 17:21:46.895 62125 INFO tempest.lib.common.rest_client [req-a6f988e0-4536-48ed-8e46-693cac83ef87 req-a6f988e0-4536-48ed-8e46-693cac83ef87 ] Request (DeleteServersAdminTestJSON:test_delete_server_while_in_error_state): 200 GET http://10.180.1.21/compute/v2.1/servers/394a7258-a9e0-4b16-a125-01e8cdfe7026 0.057s
2024-10-15 17:21:46.923 62141 INFO tempest.lib.common.rest_client [req-d5791e09-17c6-47be-95b4-308993e7ab8f req-d5791e09-17c6-47be-95b4-308993e7ab8f ] Request (ServersTestJSON:setUpClass): 201 POST http://10.180.1.21:9696/networking/v2.0/networks 0.305s
2024-10-15 17:21:46.925 62135 INFO tempest.lib.common.rest_client [req-d0b6b4d0-e801-46d8-8a1d-7506a5948b30 req-d0b6b4d0-e801-46d8-8a1d-7506a5948b30 ] Request (ImagesOneServerNegativeTestJSON:setUpClass): 200 GET http://10.180.1.21/compute/v2.1/servers/b566ea57-9b1a-4869-be7c-9ba579db25dc 0.069s
2024-10-15 17:21:46.947 62091 INFO tempest.lib.common.rest_client [req-82d080bb-f0b9-4fb6-bc50-050f8cc1ff71 req-82d080bb-f0b9-4fb6-bc50-050f8cc1ff71 ] Request (TenantUsagesTestJSON:setUpClass): 200 GET http://10.180.1.21/compute/v2.1/servers/2d4e9acd-2fe7-4fa4-a8d6-135e8a973bce 0.061s
2024-10-15 17:21:47.005 62153 INFO tempest.lib.common.rest_client [req-64e3c0c4-a24b-4733-bc3c-3d2f56e2d0b0 req-64e3c0c4-a24b-4733-bc3c-3d2f56e2d0b0 ] Request (SecurityGroupsTestJSON:test_list_security_groups_by_server): 200 GET http://10.180.1.21/compute/v2.1/servers/48b40da3-1efc-4557-a791-e88158338aec 0.056s
2024-10-15 17:21:47.014 62147 INFO tempest.lib.common.rest_client [req-7b90ae6e-fcbb-4c24-9c4d-098359ad72bd req-7b90ae6e-fcbb-4c24-9c4d-098359ad72bd ] Request (DeleteServersTestJSON:test_delete_server_while_in_attached_volume): 200 GET http://10.180.1.21/compute/v2.1/servers/290aca37-d0d7-4c8c-b8cf-8b787bbf95c9 0.058s
2024-10-15 17:21:47.071 62149 INFO tempest.lib.common.rest_client [req-b77aaa85-a46e-4ebf-9e35-65bf3747f735 req-b77aaa85-a46e-4ebf-9e35-65bf3747f735 ] Request (ImagesOneServerTestJSON:setUpClass): 200 GET http://10.180.1.21/compute/v2.1/servers/97c37446-5b86-469a-9b9b-751d0ebea463 0.070s
2024-10-15 17:21:47.079 62099 INFO tempest.lib.common.rest_client [req-f7a9e52c-c0c4-4fc7-9f8b-474a050740bb req-f7a9e52c-c0c4-4fc7-9f8b-474a050740bb ] Request (ServersTestManualDisk:setUpClass): 200 GET http://10.180.1.21/compute/v2.1/servers/29cb49fe-627a-4f0f-919b-58f764cd63d0 0.071s
2024-10-15 17:21:47.127 62139 INFO tempest.lib.common.rest_client [req-daf4d08c-cfa3-4323-8a63-15b96fe8bb59 req-daf4d08c-cfa3-4323-8a63-15b96fe8bb59 ] Request (ServerActionsTestOtherA:setUpClass): 201 POST http://10.180.1.21:9696/networking/v2.0/routers 1.165s
2024-10-15 17:21:47.133 62111 INFO tempest.lib.common.rest_client [req-208a1680-8d8b-46af-b930-374c262d026a req-208a1680-8d8b-46af-b930-374c262d026a ] Request (ServerDiagnosticsV248Test:tearDownClass): 200 GET http://10.180.1.21/compute/v2.1/servers/4ce41dca-63c6-447d-9c0a-00f9966e0093 0.077s
2024-10-15 17:21:47.172 62141 INFO tempest.lib.common.rest_client [req-bedb01a9-0173-41ae-b133-9aa2122fb600 req-bedb01a9-0173-41ae-b133-9aa2122fb600 ] Request (ServersTestJSON:setUpClass): 201 POST http://10.180.1.21:9696/networking/v2.0/subnets 0.249s
2024-10-15 17:21:47.339 62137 INFO tempest.lib.common.rest_client [req-1485e14a-0d4a-44d9-a6c1-d651707a1860 req-1485e14a-0d4a-44d9-a6c1-d651707a1860 ] Request (ServerShowV257Test:test_rebuild_server): 200 GET http://10.180.1.21/compute/v2.1/servers/694889e8-200e-454c-9e87-60521dd044d9 0.075s
2024-10-15 17:21:47.409 62123 INFO tempest.lib.common.rest_client [req-d35c4a9e-3d73-4a73-9fef-ba719886dbe8 req-d35c4a9e-3d73-4a73-9fef-ba719886dbe8 ] Request (InstanceActionsV221TestJSON:test_get_list_deleted_instance_actions): 200 GET http://10.180.1.21/compute/v2.1/servers/b5f994d9-e0aa-4335-8339-df76a1a032ed 0.091s
2024-10-15 17:21:47.444 62095 INFO tempest.lib.common.rest_client [req-ebd8c4da-d8d2-4dbc-a843-dfff33e332e8 req-ebd8c4da-d8d2-4dbc-a843-dfff33e332e8 ] Request (ServerRescueNegativeTestJSON:setUpClass): 200 GET http://10.180.1.21/compute/v2.1/servers/068ced45-4c50-4cfd-bd94-fa1dad29e5b5 0.198s
2024-10-15 17:21:47.455 62095 INFO tempest.common.waiters [-] State transition "BUILD/networking" ==> "BUILD/spawning" after 62 second wait
2024-10-15 17:21:47.466 62121 INFO tempest.lib.common.rest_client [req-1d43909f-890a-446d-b4ec-f352c0d902ce req-1d43909f-890a-446d-b4ec-f352c0d902ce ] Request (AttachVolumeShelveTestJSON:test_attach_volume_shelved_or_offload_server): 200 GET http://10.180.1.21/compute/v2.1/servers/23f221fd-8f76-4a6f-8189-49d9be9da7e2 0.143s
2024-10-15 17:21:47.525 62101 INFO tempest.lib.common.rest_client [req-53628733-9553-4ac1-b6f4-cf0b2e85451b req-53628733-9553-4ac1-b6f4-cf0b2e85451b ] Request (AttachInterfacesV270Test:test_create_get_list_interfaces): 200 GET http://10.180.1.21/compute/v2.1/servers/593106da-0c81-448a-b3ba-fd6007dcdd98 0.143s
2024-10-15 17:21:47.527 62117 INFO tempest.lib.common.rest_client [req-d95a1717-f355-433e-af78-2b9fa34d8bb9 req-d95a1717-f355-433e-af78-2b9fa34d8bb9 ] Request (AttachInterfacesUnderV243Test:test_add_remove_fixed_ip): 200 GET http://10.180.1.21/compute/v2.1/servers/beffa800-ff93-4230-be14-f2b906666cc0 0.141s
2024-10-15 17:21:47.584 62119 INFO tempest.lib.common.rest_client [req-ef284725-f45c-4ed0-914c-9782828bc6b2 req-ef284725-f45c-4ed0-914c-9782828bc6b2 ] Request (ServersAdminNegativeTestJSON:setUpClass): 200 GET http://10.180.1.21/compute/v2.1/servers/f9e90a57-da19-4b1a-81cb-8a6433e09785 0.129s
2024-10-15 17:21:47.595 62127 INFO tempest.lib.common.rest_client [req-374fa555-18ee-4eab-a38b-0d9829bfb316 req-374fa555-18ee-4eab-a38b-0d9829bfb316 ] Request (ServerMetadataNegativeTestJSON:setUpClass): 200 GET http://10.180.1.21/compute/v2.1/servers/5d89c8de-69f9-432d-bb64-46d662097463 0.130s
2024-10-15 17:21:47.656 62103 INFO tempest.lib.common.rest_client [req-f027d5b6-0da3-4b01-a7c3-719ce868b209 req-f027d5b6-0da3-4b01-a7c3-719ce868b209 ] Request (ImagesTestJSON:test_create_image_from_stopped_server): 200 GET http://10.180.1.21/compute/v2.1/servers/fe9b7dd3-2cdb-49a4-b4fd-54a4e9654b79 0.125s
2024-10-15 17:21:47.660 62113 INFO tempest.lib.common.rest_client [req-cdfb0df8-0e70-4043-bf0e-4294717ffa74 req-cdfb0df8-0e70-4043-bf0e-4294717ffa74 ] Request (MigrationsAdminTest:test_resize_server_revert_deleted_flavor): 200 GET http://10.180.1.21/compute/v2.1/servers/8c872e97-44ca-48c9-b7bb-02dca695ad8a 0.122s
2024-10-15 17:21:47.709 62089 INFO tempest.lib.common.rest_client [req-469de6db-c797-4737-b9cd-6ef9c7bfec95 req-469de6db-c797-4737-b9cd-6ef9c7bfec95 ] Request (ServerExternalEventsTest:test_create_server_external_events): 200 GET http://10.180.1.21/compute/v2.1/servers/ab92661d-d5e3-4e7a-b6c3-48d48bf795b3 0.096s
2024-10-15 17:21:47.723 62143 INFO tempest.lib.common.rest_client [req-e8028f12-57bb-4a38-ae92-ee3282f68e35 req-e8028f12-57bb-4a38-ae92-ee3282f68e35 ] Request (AttachInterfacesTestJSON:test_create_list_show_delete_interfaces_by_fixed_ip): 200 GET http://10.180.1.21/compute/v2.1/servers/26aba610-746f-4a3c-988c-bf5ffa44198f 0.116s
2024-10-15 17:21:47.769 62093 INFO tempest.lib.common.rest_client [req-22a44253-9179-4732-97f3-b21e74e8c102 req-22a44253-9179-4732-97f3-b21e74e8c102 ] Request (InstanceActionsTestJSON:setUpClass): 200 GET http://10.180.1.21/compute/v2.1/servers/90251da7-072c-45ff-899b-3fd2e0c06880 0.106s
2024-10-15 17:21:47.782 62109 INFO tempest.lib.common.rest_client [req-38cb71d1-6c7f-4fe9-8277-838178eab6c4 req-38cb71d1-6c7f-4fe9-8277-838178eab6c4 ] Request (ServersWithSpecificFlavorTestJSON:test_verify_created_server_ephemeral_disk): 200 GET http://10.180.1.21/compute/v2.1/servers/e9a7c08d-e021-43d0-b757-6ad0174b4648 0.109s
2024-10-15 17:21:47.849 62141 INFO tempest.lib.common.rest_client [req-62606b85-5213-49f7-986d-e699db9998c0 req-62606b85-5213-49f7-986d-e699db9998c0 ] Request (ServersTestJSON:setUpClass): 201 POST http://10.180.1.21:9696/networking/v2.0/routers 0.676s
2024-10-15 17:21:47.857 62097 INFO tempest.lib.common.rest_client [req-3bfa47fd-682d-41e3-9bc4-1fc19000de7c req-3bfa47fd-682d-41e3-9bc4-1fc19000de7c ] Request (ServerActionsTestJSON:setUpClass): 200 GET http://10.180.1.21/compute/v2.1/servers/144d5486-d438-4bca-9b68-c414cc1f4659 0.061s
2024-10-15 17:21:47.916 62145 INFO tempest.lib.common.rest_client [req-20b5cfb1-a388-419d-a7d0-d939a664369f req-20b5cfb1-a388-419d-a7d0-d939a664369f ] Request (ServerActionsTestOtherB:setUpClass): 200 GET http://10.180.1.21/compute/v2.1/servers/0b213475-347e-42c9-aa16-0abd570d1a3e 0.066s
2024-10-15 17:21:47.952 62133 INFO tempest.lib.common.rest_client [req-b7525ae3-f582-4d92-ab01-057d2ba90fcc req-b7525ae3-f582-4d92-ab01-057d2ba90fcc ] Request (ServerPasswordTestJSON:setUpClass): 200 GET http://10.180.1.21/compute/v2.1/servers/db41ed39-0fef-48ea-9197-8d3d8844547a 0.070s
2024-10-15 17:21:47.967 62125 INFO tempest.lib.common.rest_client [req-b3b1338a-7152-4665-836f-d7bf767d5cf6 req-b3b1338a-7152-4665-836f-d7bf767d5cf6 ] Request (DeleteServersAdminTestJSON:test_delete_server_while_in_error_state): 200 GET http://10.180.1.21/compute/v2.1/servers/394a7258-a9e0-4b16-a125-01e8cdfe7026 0.065s
2024-10-15 17:21:48.007 62135 INFO tempest.lib.common.rest_client [req-172a47c5-9bf6-4999-b813-b26f54feb9fc req-172a47c5-9bf6-4999-b813-b26f54feb9fc ] Request (ImagesOneServerNegativeTestJSON:setUpClass): 200 GET http://10.180.1.21/compute/v2.1/servers/b566ea57-9b1a-4869-be7c-9ba579db25dc 0.073s
2024-10-15 17:21:48.022 62091 INFO tempest.lib.common.rest_client [req-e0aefb7b-acc3-49a6-b98f-19076d7368c0 req-e0aefb7b-acc3-49a6-b98f-19076d7368c0 ] Request (TenantUsagesTestJSON:setUpClass): 200 GET http://10.180.1.21/compute/v2.1/servers/2d4e9acd-2fe7-4fa4-a8d6-135e8a973bce 0.066s
2024-10-15 17:21:48.082 62147 INFO tempest.lib.common.rest_client [req-1fad4522-418b-4a54-ba38-c439c6898e81 req-1fad4522-418b-4a54-ba38-c439c6898e81 ] Request (DeleteServersTestJSON:test_delete_server_while_in_attached_volume): 200 GET http://10.180.1.21/compute/v2.1/servers/290aca37-d0d7-4c8c-b8cf-8b787bbf95c9 0.061s
2024-10-15 17:21:48.138 62149 INFO tempest.lib.common.rest_client [req-e7ca75c3-5c84-4b66-9d9f-9b6f1c086deb req-e7ca75c3-5c84-4b66-9d9f-9b6f1c086deb ] Request (ImagesOneServerTestJSON:setUpClass): 200 GET http://10.180.1.21/compute/v2.1/servers/97c37446-5b86-469a-9b9b-751d0ebea463 0.056s
2024-10-15 17:21:48.204 62099 INFO tempest.lib.common.rest_client [req-afaa01b8-a34e-4171-b2f8-5cbe26fd5351 req-afaa01b8-a34e-4171-b2f8-5cbe26fd5351 ] Request (ServersTestManualDisk:setUpClass): 200 GET http://10.180.1.21/compute/v2.1/servers/29cb49fe-627a-4f0f-919b-58f764cd63d0 0.117s
2024-10-15 17:21:48.208 62139 INFO tempest.lib.common.rest_client [req-e24cc004-f67e-47da-a65f-a3f35d3b0031 req-e24cc004-f67e-47da-a65f-a3f35d3b0031 ] Request (ServerActionsTestOtherA:setUpClass): 200 PUT http://10.180.1.21:9696/networking/v2.0/routers/e4bf2807-2bd5-4245-a8f9-1197a173ccdf/add_router_interface 1.081s
2024-10-15 17:21:48.209 62139 INFO tempest.lib.common.dynamic_creds [-] Created isolated network resources for: credentials: Credentials: {'domain_id': 'default', 'domain_name': 'Default', 'username': 'tempest-ServerActionsTestOtherA-2083424245-project-member', 'project_domain_id': 'default', 'project_domain_name': 'Default', 'project_id': '3e7a1a39ca3a443495bdba82971360a1', 'project_name': 'tempest-ServerActionsTestOtherA-2083424245', 'tenant_id': '3e7a1a39ca3a443495bdba82971360a1', 'tenant_name': 'tempest-ServerActionsTestOtherA-2083424245', 'user_domain_id': 'default', 'user_domain_name': 'Default', 'user_id': '21b7672068df4da0973e855e18691592', 'system': None}, Network: {'id': 'b73b9b8d-dc2b-4699-8238-95d0a2cfe24c', 'name': 'tempest-ServerActionsTestOtherA-1051686408-network', 'tenant_id': '3e7a1a39ca3a443495bdba82971360a1', 'admin_state_up': True, 'mtu': 8950, 'status': 'ACTIVE', 'subnets': [], 'shared': False, 'project_id': '3e7a1a39ca3a443495bdba82971360a1', 'port_security_enabled': True, 'router:external': False, 'provider:network_type': 'vlan', 'provider:physical_network': 'default', 'provider:segmentation_id': 203, 'is_default': False, 'availability_zone_hints': [], 'availability_zones': [], 'ipv4_address_scope': None, 'ipv6_address_scope': None, 'description': '', 'tags': [], 'created_at': '2024-10-15T17:21:45Z', 'updated_at': '2024-10-15T17:21:45Z', 'revision_number': 1}, Subnet: {'id': '58d309c6-1688-4dc2-892a-e3a2d6e39f67', 'name': 'tempest-ServerActionsTestOtherA-1051686408-subnet', 'tenant_id': '3e7a1a39ca3a443495bdba82971360a1', 'network_id': 'b73b9b8d-dc2b-4699-8238-95d0a2cfe24c', 'ip_version': 4, 'subnetpool_id': None, 'enable_dhcp': True, 'ipv6_ra_mode': None, 'ipv6_address_mode': None, 'gateway_ip': '192.168.128.1', 'cidr': '192.168.128.0/28', 'allocation_pools': [{'start': '192.168.128.2', 'end': '192.168.128.14'}], 'host_routes': [], 'dns_nameservers': [], 'description': '', 'router:external': False, 'service_types': [], 'tags': [], 'created_at': '2024-10-15T17:21:45Z', 'updated_at': '2024-10-15T17:21:45Z', 'revision_number': 0, 'project_id': '3e7a1a39ca3a443495bdba82971360a1'}, Router: {'id': 'e4bf2807-2bd5-4245-a8f9-1197a173ccdf', 'name': 'tempest-ServerActionsTestOtherA-1051686408-router', 'tenant_id': '3e7a1a39ca3a443495bdba82971360a1', 'admin_state_up': True, 'status': 'ACTIVE', 'external_gateway_info': {'network_id': '27554436-bb3b-4a8a-af6c-2cd69d848aa0', 'external_fixed_ips': [{'subnet_id': 'a4011505-e5c3-4401-acfa-462ab05a0083', 'ip_address': '10.180.180.134'}], 'enable_snat': True}, 'description': '', 'availability_zones': [], 'distributed': False, 'ha': False, 'availability_zone_hints': [], 'routes': [], 'flavor_id': None, 'tags': [], 'created_at': '2024-10-15T17:21:46Z', 'updated_at': '2024-10-15T17:21:46Z', 'revision_number': 2, 'project_id': '3e7a1a39ca3a443495bdba82971360a1'}
2024-10-15 17:21:48.271 62111 INFO tempest.lib.common.rest_client [req-26d2c6eb-dcce-40e4-af2f-6fc95b88126f req-26d2c6eb-dcce-40e4-af2f-6fc95b88126f ] Request (ServerDiagnosticsV248Test:tearDownClass): 200 GET http://10.180.1.21/compute/v2.1/servers/4ce41dca-63c6-447d-9c0a-00f9966e0093 0.125s
2024-10-15 17:21:48.281 62153 INFO tempest.lib.common.rest_client [req-4fb15442-db51-4dba-abda-87fa6ff3f40d req-4fb15442-db51-4dba-abda-87fa6ff3f40d ] Request (SecurityGroupsTestJSON:test_list_security_groups_by_server): 200 GET http://10.180.1.21/compute/v2.1/servers/48b40da3-1efc-4557-a791-e88158338aec 0.262s
2024-10-15 17:21:48.316 62139 INFO tempest.lib.common.rest_client [req-ec8b62ae-2925-416a-968a-4f7332f51313 req-ec8b62ae-2925-416a-968a-4f7332f51313 ] Request (ServerActionsTestOtherA:setUpClass): 201 POST http://10.180.1.21/identity/v3/auth/tokens 0.100s
2024-10-15 17:21:48.407 62137 INFO tempest.lib.common.rest_client [req-7b226c03-fbb4-4c2d-a05a-14f2f32d64d8 req-7b226c03-fbb4-4c2d-a05a-14f2f32d64d8 ] Request (ServerShowV257Test:test_rebuild_server): 200 GET http://10.180.1.21/compute/v2.1/servers/694889e8-200e-454c-9e87-60521dd044d9 0.057s
2024-10-15 17:21:48.450 62139 INFO tempest.lib.common.rest_client [req-60b32c94-1a7a-49a9-b400-3bb43ec68faa req-60b32c94-1a7a-49a9-b400-3bb43ec68faa ] Request (ServerActionsTestOtherA:setUpClass): 200 POST http://10.180.1.21/compute/v2.1/os-keypairs 0.132s
2024-10-15 17:21:48.494 62123 INFO tempest.lib.common.rest_client [req-5250a4ab-a9ca-4d6b-9639-f8128657d720 req-5250a4ab-a9ca-4d6b-9639-f8128657d720 ] Request (InstanceActionsV221TestJSON:test_get_list_deleted_instance_actions): 200 GET http://10.180.1.21/compute/v2.1/servers/b5f994d9-e0aa-4335-8339-df76a1a032ed 0.073s
2024-10-15 17:21:48.515 62095 INFO tempest.lib.common.rest_client [req-f570e0ae-ef7b-4704-9f73-943c5ea73f18 req-f570e0ae-ef7b-4704-9f73-943c5ea73f18 ] Request (ServerRescueNegativeTestJSON:setUpClass): 200 GET http://10.180.1.21/compute/v2.1/servers/068ced45-4c50-4cfd-bd94-fa1dad29e5b5 0.059s
2024-10-15 17:21:48.546 62121 INFO tempest.lib.common.rest_client [req-c9222bf1-6a66-4198-8985-9487a60186e7 req-c9222bf1-6a66-4198-8985-9487a60186e7 ] Request (AttachVolumeShelveTestJSON:test_attach_volume_shelved_or_offload_server): 200 GET http://10.180.1.21/compute/v2.1/servers/23f221fd-8f76-4a6f-8189-49d9be9da7e2 0.071s
2024-10-15 17:21:48.606 62101 INFO tempest.lib.common.rest_client [req-3c74c5ed-2fae-4cd4-ac8d-a80cb1d2ad44 req-3c74c5ed-2fae-4cd4-ac8d-a80cb1d2ad44 ] Request (AttachInterfacesV270Test:test_create_get_list_interfaces): 200 GET http://10.180.1.21/compute/v2.1/servers/593106da-0c81-448a-b3ba-fd6007dcdd98 0.068s
2024-10-15 17:21:48.624 62117 INFO tempest.lib.common.rest_client [req-c4370163-943c-43cb-b573-69a5a49a6022 req-c4370163-943c-43cb-b573-69a5a49a6022 ] Request (AttachInterfacesUnderV243Test:test_add_remove_fixed_ip): 200 GET http://10.180.1.21/compute/v2.1/servers/beffa800-ff93-4230-be14-f2b906666cc0 0.086s
2024-10-15 17:21:48.658 62119 INFO tempest.lib.common.rest_client [req-c3a27649-9b31-4462-9d00-fa0f5a074f9e req-c3a27649-9b31-4462-9d00-fa0f5a074f9e ] Request (ServersAdminNegativeTestJSON:setUpClass): 200 GET http://10.180.1.21/compute/v2.1/servers/f9e90a57-da19-4b1a-81cb-8a6433e09785 0.055s
2024-10-15 17:21:48.668 62127 INFO tempest.lib.common.rest_client [req-c16b9e3b-ad89-4cf3-849b-596fda7c113a req-c16b9e3b-ad89-4cf3-849b-596fda7c113a ] Request (ServerMetadataNegativeTestJSON:setUpClass): 200 GET http://10.180.1.21/compute/v2.1/servers/5d89c8de-69f9-432d-bb64-46d662097463 0.062s
2024-10-15 17:21:48.670 62139 INFO tempest.lib.common.rest_client [req-50e71407-4eaa-440b-926c-8a7edc6b43ab req-50e71407-4eaa-440b-926c-8a7edc6b43ab ] Request (ServerActionsTestOtherA:setUpClass): 201 POST http://10.180.1.21:9696/networking/v2.0/security-groups 0.219s
2024-10-15 17:21:48.720 62103 INFO tempest.lib.common.rest_client [req-b3c02254-9714-426b-8f74-559117193250 req-b3c02254-9714-426b-8f74-559117193250 ] Request (ImagesTestJSON:test_create_image_from_stopped_server): 200 GET http://10.180.1.21/compute/v2.1/servers/fe9b7dd3-2cdb-49a4-b4fd-54a4e9654b79 0.049s
2024-10-15 17:21:48.737 62113 INFO tempest.lib.common.rest_client [req-0e743261-669c-4c84-a120-77f5d756e15a req-0e743261-669c-4c84-a120-77f5d756e15a ] Request (MigrationsAdminTest:test_resize_server_revert_deleted_flavor): 200 GET http://10.180.1.21/compute/v2.1/servers/8c872e97-44ca-48c9-b7bb-02dca695ad8a 0.062s
2024-10-15 17:21:48.743 62113 INFO tempest.common.waiters [-] State transition "BUILD/None" ==> "BUILD/networking" after 58 second wait
2024-10-15 17:21:48.786 62089 INFO tempest.lib.common.rest_client [req-c70bb494-7130-46a9-9705-01c322fb22e7 req-c70bb494-7130-46a9-9705-01c322fb22e7 ] Request (ServerExternalEventsTest:test_create_server_external_events): 200 GET http://10.180.1.21/compute/v2.1/servers/ab92661d-d5e3-4e7a-b6c3-48d48bf795b3 0.070s
2024-10-15 17:21:48.793 62139 INFO tempest.lib.common.rest_client [req-b9f9d791-2804-456f-9d3e-9ab476831738 req-b9f9d791-2804-456f-9d3e-9ab476831738 ] Request (ServerActionsTestOtherA:setUpClass): 201 POST http://10.180.1.21:9696/networking/v2.0/security-group-rules 0.122s
2024-10-15 17:21:48.799 62143 INFO tempest.lib.common.rest_client [req-6447e19b-d08a-406d-abbb-0ffe83810eea req-6447e19b-d08a-406d-abbb-0ffe83810eea ] Request (AttachInterfacesTestJSON:test_create_list_show_delete_interfaces_by_fixed_ip): 200 GET http://10.180.1.21/compute/v2.1/servers/26aba610-746f-4a3c-988c-bf5ffa44198f 0.068s
2024-10-15 17:21:48.847 62093 INFO tempest.lib.common.rest_client [req-80a029c0-8be8-4fde-80cf-ee35f37cf105 req-80a029c0-8be8-4fde-80cf-ee35f37cf105 ] Request (InstanceActionsTestJSON:setUpClass): 200 GET http://10.180.1.21/compute/v2.1/servers/90251da7-072c-45ff-899b-3fd2e0c06880 0.069s
2024-10-15 17:21:48.860 62109 INFO tempest.lib.common.rest_client [req-9f4ecabe-2ab7-4bc3-ba46-7a0875a29d6d req-9f4ecabe-2ab7-4bc3-ba46-7a0875a29d6d ] Request (ServersWithSpecificFlavorTestJSON:test_verify_created_server_ephemeral_disk): 200 GET http://10.180.1.21/compute/v2.1/servers/e9a7c08d-e021-43d0-b757-6ad0174b4648 0.070s
2024-10-15 17:21:48.915 62097 INFO tempest.lib.common.rest_client [req-af292965-57a9-40af-9197-65fd4f137370 req-af292965-57a9-40af-9197-65fd4f137370 ] Request (ServerActionsTestJSON:setUpClass): 200 GET http://10.180.1.21/compute/v2.1/servers/144d5486-d438-4bca-9b68-c414cc1f4659 0.051s
2024-10-15 17:21:48.917 62139 INFO tempest.lib.common.rest_client [req-28c9af48-db9f-4ec8-aa31-34b600920dca req-28c9af48-db9f-4ec8-aa31-34b600920dca ] Request (ServerActionsTestOtherA:setUpClass): 201 POST http://10.180.1.21:9696/networking/v2.0/security-group-rules 0.124s
2024-10-15 17:21:48.993 62145 INFO tempest.lib.common.rest_client [req-824157d0-bc61-41d4-81ec-6e7aaf5b9dc8 req-824157d0-bc61-41d4-81ec-6e7aaf5b9dc8 ] Request (ServerActionsTestOtherB:setUpClass): 200 GET http://10.180.1.21/compute/v2.1/servers/0b213475-347e-42c9-aa16-0abd570d1a3e 0.070s
2024-10-15 17:21:49.042 62133 INFO tempest.lib.common.rest_client [req-ba9ecea1-a3c6-48ad-a6bd-cf574502657d req-ba9ecea1-a3c6-48ad-a6bd-cf574502657d ] Request (ServerPasswordTestJSON:setUpClass): 200 GET http://10.180.1.21/compute/v2.1/servers/db41ed39-0fef-48ea-9197-8d3d8844547a 0.081s
2024-10-15 17:21:49.054 62125 INFO tempest.lib.common.rest_client [req-40c9423d-4708-4b96-9acd-06e03de111f2 req-40c9423d-4708-4b96-9acd-06e03de111f2 ] Request (DeleteServersAdminTestJSON:test_delete_server_while_in_error_state): 200 GET http://10.180.1.21/compute/v2.1/servers/394a7258-a9e0-4b16-a125-01e8cdfe7026 0.077s
2024-10-15 17:21:49.115 62091 INFO tempest.lib.common.rest_client [req-f67943f0-84aa-498d-8556-f909c8a041da req-f67943f0-84aa-498d-8556-f909c8a041da ] Request (TenantUsagesTestJSON:setUpClass): 200 GET http://10.180.1.21/compute/v2.1/servers/2d4e9acd-2fe7-4fa4-a8d6-135e8a973bce 0.084s
2024-10-15 17:21:49.120 62135 INFO tempest.lib.common.rest_client [req-622cac97-b29f-41a1-85ef-67f2b5f6de7b req-622cac97-b29f-41a1-85ef-67f2b5f6de7b ] Request (ImagesOneServerNegativeTestJSON:setUpClass): 200 GET http://10.180.1.21/compute/v2.1/servers/b566ea57-9b1a-4869-be7c-9ba579db25dc 0.106s
2024-10-15 17:21:49.172 62147 INFO tempest.lib.common.rest_client [req-ba51adb7-9207-4f83-b365-b1d7f3d189b9 req-ba51adb7-9207-4f83-b365-b1d7f3d189b9 ] Request (DeleteServersTestJSON:test_delete_server_while_in_attached_volume): 200 GET http://10.180.1.21/compute/v2.1/servers/290aca37-d0d7-4c8c-b8cf-8b787bbf95c9 0.081s
2024-10-15 17:21:49.206 62149 INFO tempest.lib.common.rest_client [req-fa06b4f2-f56d-4ff8-bf91-a79028275ace req-fa06b4f2-f56d-4ff8-bf91-a79028275ace ] Request (ImagesOneServerTestJSON:setUpClass): 200 GET http://10.180.1.21/compute/v2.1/servers/97c37446-5b86-469a-9b9b-751d0ebea463 0.057s
2024-10-15 17:21:49.274 62141 INFO tempest.lib.common.rest_client [req-3c0bc896-189a-4188-89d4-cd7ea0a4ef1b req-3c0bc896-189a-4188-89d4-cd7ea0a4ef1b ] Request (ServersTestJSON:setUpClass): 200 PUT http://10.180.1.21:9696/networking/v2.0/routers/a9102b8c-78c4-46db-9731-62426cc4b55c/add_router_interface 1.424s
