2024-10-08 23:15:04.737 62647 INFO tempest.lib.common.rest_client [req-5905de22-8ef7-4190-a2e4-45fe9a3546ab req-5905de22-8ef7-4190-a2e4-45fe9a3546ab ] Request (FloatingIPsAssociationNegativeTestJSON:setUpClass): 200 GET http://10.180.1.21/compute/v2.1/servers/085ebe93-aa24-4626-94fe-241c4297e4db 0.053s
2024-10-08 23:15:04.737 62635 INFO tempest.lib.common.rest_client [req-9068fc34-14b7-4f79-96d1-e0cef8b20a08 req-9068fc34-14b7-4f79-96d1-e0cef8b20a08 ] Request (DeleteServersAdminTestJSON:test_delete_server_while_in_error_state): 200 GET http://10.180.1.21/compute/v2.1/servers/b0bcd561-35cd-475f-975e-e78456a87fac 0.079s
2024-10-08 23:15:04.777 62631 INFO tempest.lib.common.rest_client [req-c4a66380-3ec1-4d84-be17-045f7718997d req-c4a66380-3ec1-4d84-be17-045f7718997d ] Request (ServersTestManualDisk:setUpClass): 200 GET http://10.180.1.21/compute/v2.1/servers/70055136-b08b-4654-aca7-8280158d94da 0.060s
2024-10-08 23:15:04.813 62657 INFO tempest.lib.common.rest_client [req-d4cdee1c-6561-42ae-a4e3-bd3930d60e00 req-d4cdee1c-6561-42ae-a4e3-bd3930d60e00 ] Request (ServerRescueTestJSONUnderV235:setUpClass): 200 GET http://10.180.1.21/compute/v2.1/servers/4fe7b1a2-f894-4131-9456-fb4df8a4532d 0.046s
2024-10-08 23:15:04.886 62629 INFO tempest.lib.common.rest_client [req-2e821c42-6d63-47a3-a4ae-42ffc0f36d4b req-2e821c42-6d63-47a3-a4ae-42ffc0f36d4b ] Request (ImagesOneServerTestJSON:setUpClass): 200 GET http://10.180.1.21/compute/v2.1/servers/bcecb4c6-6675-403d-9a3d-b96156b1d56a 0.047s
2024-10-08 23:15:04.924 62661 INFO tempest.lib.common.rest_client [req-333bf804-f7fa-4e7f-8691-459cef550f41 req-333bf804-f7fa-4e7f-8691-459cef550f41 ] Request (ServersAdminTestJSON:setUpClass): 200 GET http://10.180.1.21/compute/v2.1/servers/49a8e94b-b167-41d1-b748-1a2fa4e2b940 0.050s
2024-10-08 23:15:04.980 62619 INFO tempest.lib.common.rest_client [req-35f8ee21-7a6c-4372-968f-34a2366cce9b req-35f8ee21-7a6c-4372-968f-34a2366cce9b ] Request (AttachInterfacesUnderV243Test:test_add_remove_fixed_ip): 200 GET http://10.180.1.21/compute/v2.1/servers/8b7ad7ed-8f2d-4c76-b335-4a2ce5327072 0.050s
2024-10-08 23:15:04.988 62667 INFO tempest.lib.common.rest_client [req-837cebde-58ac-448d-9226-d1792f67338b req-837cebde-58ac-448d-9226-d1792f67338b ] Request (ServerDiagnosticsV248Test:tearDownClass): 200 GET http://10.180.1.21/compute/v2.1/servers/d22aff27-739f-4b0d-a0e4-b6316c252c3a 0.059s
2024-10-08 23:15:05.031 62623 INFO tempest.lib.common.rest_client [req-1330532e-5c34-42ae-b0bc-e4ab836eb605 req-1330532e-5c34-42ae-b0bc-e4ab836eb605 ] Request (ServerMetadataNegativeTestJSON:setUpClass): 200 GET http://10.180.1.21/compute/v2.1/servers/38291806-d0ae-47a5-bc6e-3d0320b2bd50 0.058s
2024-10-08 23:15:05.068 62613 INFO tempest.lib.common.rest_client [req-7b6abcf4-9c4b-4e33-a87a-3fc48d39ed0e req-7b6abcf4-9c4b-4e33-a87a-3fc48d39ed0e ] Request (ServersTestMultiNic:test_verify_duplicate_network_nics): 200 GET http://10.180.1.21/compute/v2.1/servers/bebed5b9-d067-4cf2-a203-48763685ecb6 0.056s
2024-10-08 23:15:05.082 62643 INFO tempest.lib.common.rest_client [req-d5d54e6f-f894-4090-9c91-e8ad0bc186df req-d5d54e6f-f894-4090-9c91-e8ad0bc186df ] Request (MultipleCreateTestJSON:test_multiple_create): 200 GET http://10.180.1.21/compute/v2.1/servers/8e6332f4-2b1e-404d-aa43-a13a72edd044 0.060s
2024-10-08 23:15:05.122 62611 INFO tempest.lib.common.rest_client [req-3d95ab90-4e58-4243-bd79-28e534e02512 req-3d95ab90-4e58-4243-bd79-28e534e02512 ] Request (ServerActionsTestJSON:setUpClass): 200 GET http://10.180.1.21/compute/v2.1/servers/a7c65d2c-49c1-4c0c-b38b-4e1a89552b67 0.049s
2024-10-08 23:15:05.148 62653 INFO tempest.lib.common.rest_client [req-e07760af-bae6-4849-a673-a77d9b85ca29 req-e07760af-bae6-4849-a673-a77d9b85ca29 ] Request (VolumesAdminNegativeTest:test_update_attached_volume_with_nonexistent_volume_in_uri): 200 GET http://10.180.1.21/compute/v2.1/servers/4dc7b6b4-1bf5-4195-bb93-14756f8f9986 0.051s
2024-10-08 23:15:05.207 62605 INFO tempest.lib.common.rest_client [req-a5360898-2f89-4e77-b5d4-ad6d78a13ba2 req-a5360898-2f89-4e77-b5d4-ad6d78a13ba2 ] Request (ServerActionsTestOtherB:setUpClass): 200 GET http://10.180.1.21/compute/v2.1/servers/13765305-2e55-4ee8-9a6f-4ae5ee724367 0.051s
2024-10-08 23:15:05.255 62627 INFO tempest.lib.common.rest_client [req-7d3231c4-3cb1-4dcd-88c2-243b4d4bcd46 req-7d3231c4-3cb1-4dcd-88c2-243b4d4bcd46 ] Request (MigrationsAdminTest:test_list_migrations_in_flavor_resize_situation): 200 GET http://10.180.1.21/compute/v2.1/servers/09ac5c26-9842-440c-bc14-a84c2eb23cf5 0.044s
2024-10-08 23:15:05.261 62627 INFO tempest.common.waiters [-] State transition "BUILD/scheduling" ==> "BUILD/None" after 88 second wait
2024-10-08 23:15:05.296 62659 INFO tempest.lib.common.rest_client [req-dd7cc213-f9f9-4a22-bc1c-e7bd436cdd9e req-dd7cc213-f9f9-4a22-bc1c-e7bd436cdd9e ] Request (ServerPasswordTestJSON:setUpClass): 200 GET http://10.180.1.21/compute/v2.1/servers/ccdfcfa9-fb1e-4a08-a9fd-2c4bd9837caf 0.044s
2024-10-08 23:15:05.354 62633 INFO tempest.lib.common.rest_client [req-c101c3f5-cba5-4592-a9c7-a53eab95f2af req-c101c3f5-cba5-4592-a9c7-a53eab95f2af ] Request (InstanceActionsV221TestJSON:test_get_list_deleted_instance_actions): 200 GET http://10.180.1.21/compute/v2.1/servers/b393f654-0611-493e-a89f-445dfd3f8c13 0.047s
2024-10-08 23:15:05.405 62615 INFO tempest.lib.common.rest_client [req-1c920923-3c59-4216-a281-ef6eabaa0a66 req-1c920923-3c59-4216-a281-ef6eabaa0a66 ] Request (ServersTestJSON:setUpClass): 200 GET http://10.180.1.21/compute/v2.1/servers/5d1dfbdc-1b96-400a-bd0a-e898a90bdab6 0.045s
2024-10-08 23:15:05.439 62617 INFO tempest.lib.common.rest_client [req-4c08e0af-9053-475d-95ea-08882e947fc7 req-4c08e0af-9053-475d-95ea-08882e947fc7 ] Request (ServerAddressesNegativeTestJSON:setUpClass): 200 GET http://10.180.1.21/compute/v2.1/servers/9518175e-e4ac-42fc-bd90-cc7e204ef2e4 0.048s
2024-10-08 23:15:05.453 62655 INFO tempest.lib.common.rest_client [req-15e6310c-9cd6-4c54-904a-0824a1257539 req-15e6310c-9cd6-4c54-904a-0824a1257539 ] Request (AttachInterfacesTestJSON:test_create_list_show_delete_interfaces_by_fixed_ip): 200 GET http://10.180.1.21/compute/v2.1/servers/c9f55aeb-273b-4dae-b871-cfb1572e6535 0.046s
2024-10-08 23:15:05.495 62625 INFO tempest.lib.common.rest_client [req-246b0c34-4151-4754-80de-e902e9754481 req-246b0c34-4151-4754-80de-e902e9754481 ] Request (ImagesOneServerNegativeTestJSON:setUpClass): 200 GET http://10.180.1.21/compute/v2.1/servers/e4a0d368-6afc-4dd1-9c6b-8d8cfeea4ce0 0.044s
2024-10-08 23:15:05.553 62637 INFO tempest.lib.common.rest_client [req-95846836-ba87-448e-8093-7f66313c6291 req-95846836-ba87-448e-8093-7f66313c6291 ] Request (ServersAaction247Test:test_create_backup): 200 GET http://10.180.1.21/compute/v2.1/servers/a5c638d8-f761-497d-bde2-39ea90d8d151 0.049s
2024-10-08 23:15:05.591 62645 INFO tempest.lib.common.rest_client [req-cc2c99ef-e249-41b0-9a51-447f181273f0 req-cc2c99ef-e249-41b0-9a51-447f181273f0 ] Request (ServerMetadataTestJSON:setUpClass): 200 GET http://10.180.1.21/compute/v2.1/servers/9ce5c5a1-5c90-4f76-a511-d8f855b6bab4 0.047s
2024-10-08 23:15:05.637 62663 INFO tempest.lib.common.rest_client [req-1776a670-dfc1-4d67-bf6f-d991026a4629 req-1776a670-dfc1-4d67-bf6f-d991026a4629 ] Request (ImagesTestJSON:test_create_image_from_suspended_server): 200 GET http://10.180.1.21/compute/v2.1/servers/8c179402-a881-4b89-89d7-5e9031ba78cf 0.048s
2024-10-08 23:15:05.643 62651 INFO tempest.lib.common.rest_client [req-3641a72c-d5c4-4bc4-8aea-1c05df2c81e8 req-3641a72c-d5c4-4bc4-8aea-1c05df2c81e8 ] Request (ServerTagsTestJSON:setUpClass): 200 GET http://10.180.1.21/compute/v2.1/servers/3f36000e-b93d-4dda-ac39-b8459203c227 0.048s
2024-10-08 23:15:05.689 62607 INFO tempest.lib.common.rest_client [req-20c0610c-cf09-4064-9dc8-b317f5bff4ab req-20c0610c-cf09-4064-9dc8-b317f5bff4ab ] Request (SecurityGroupsTestJSON:test_list_security_groups_by_server): 200 GET http://10.180.1.21/compute/v2.1/servers/45fe27f5-0f20-48ff-ad25-03862ac9bdd9 0.047s
2024-10-08 23:15:05.702 62609 INFO tempest.lib.common.rest_client [req-5bd90b7a-e6d1-4da8-bb22-f6c8b1659d8c req-5bd90b7a-e6d1-4da8-bb22-f6c8b1659d8c ] Request (FloatingIPsAssociationTestJSON:setUpClass): 200 GET http://10.180.1.21/compute/v2.1/servers/63c88ac7-9700-4476-9039-feb034de659d 0.045s
2024-10-08 23:15:05.749 62621 INFO tempest.lib.common.rest_client [req-f610eae6-9e6e-4277-ac94-db26f1cd6e38 req-f610eae6-9e6e-4277-ac94-db26f1cd6e38 ] Request (InstanceActionsNegativeTestJSON:setUpClass): 200 GET http://10.180.1.21/compute/v2.1/servers/c55d3f4a-7dd7-4c98-bb72-966ed12ba03f 0.047s
2024-10-08 23:15:05.752 62641 INFO tempest.lib.common.rest_client [req-493675f9-5ee6-4ae2-a87f-cab9078418e2 req-493675f9-5ee6-4ae2-a87f-cab9078418e2 ] Request (ServerShowV257Test:test_rebuild_server): 200 GET http://10.180.1.21/compute/v2.1/servers/4fde6065-41a7-4a95-96df-e442762dad24 0.048s
2024-10-08 23:15:05.759 62641 INFO tempest.common.waiters [-] State transition "REBUILD/rebuilding" ==> "REBUILD/rebuild_block_device_mapping" after 2 second wait
2024-10-08 23:15:05.796 62635 INFO tempest.lib.common.rest_client [req-415bd0fb-a7d8-4d84-acc3-f3f9cc6617ae req-415bd0fb-a7d8-4d84-acc3-f3f9cc6617ae ] Request (DeleteServersAdminTestJSON:test_delete_server_while_in_error_state): 200 GET http://10.180.1.21/compute/v2.1/servers/b0bcd561-35cd-475f-975e-e78456a87fac 0.051s
2024-10-08 23:15:05.796 62647 INFO tempest.lib.common.rest_client [req-7eeff625-8c75-4521-a106-036d7562b107 req-7eeff625-8c75-4521-a106-036d7562b107 ] Request (FloatingIPsAssociationNegativeTestJSON:setUpClass): 200 GET http://10.180.1.21/compute/v2.1/servers/085ebe93-aa24-4626-94fe-241c4297e4db 0.052s
2024-10-08 23:15:05.843 62631 INFO tempest.lib.common.rest_client [req-847cc1ac-a045-439f-99a3-18ba8263113b req-847cc1ac-a045-439f-99a3-18ba8263113b ] Request (ServersTestManualDisk:setUpClass): 200 GET http://10.180.1.21/compute/v2.1/servers/70055136-b08b-4654-aca7-8280158d94da 0.059s
2024-10-08 23:15:05.941 62629 INFO tempest.lib.common.rest_client [req-d220e976-4568-485f-874b-253651b93654 req-d220e976-4568-485f-874b-253651b93654 ] Request (ImagesOneServerTestJSON:setUpClass): 200 GET http://10.180.1.21/compute/v2.1/servers/bcecb4c6-6675-403d-9a3d-b96156b1d56a 0.048s
2024-10-08 23:15:05.990 62661 INFO tempest.lib.common.rest_client [req-f5dddd73-ff09-4e50-af85-6aedff02115d req-f5dddd73-ff09-4e50-af85-6aedff02115d ] Request (ServersAdminTestJSON:setUpClass): 200 GET http://10.180.1.21/compute/v2.1/servers/49a8e94b-b167-41d1-b748-1a2fa4e2b940 0.059s
2024-10-08 23:15:06.005 62657 INFO tempest.lib.common.rest_client [req-aafa4381-1fe4-4043-b2b0-743041c850f5 req-aafa4381-1fe4-4043-b2b0-743041c850f5 ] Request (ServerRescueTestJSONUnderV235:setUpClass): 200 GET http://10.180.1.21/compute/v2.1/servers/4fe7b1a2-f894-4131-9456-fb4df8a4532d 0.185s
2024-10-08 23:15:06.032 62619 INFO tempest.lib.common.rest_client [req-5a5cff5e-99cd-4f3e-968a-6681f3aec1c2 req-5a5cff5e-99cd-4f3e-968a-6681f3aec1c2 ] Request (AttachInterfacesUnderV243Test:test_add_remove_fixed_ip): 200 GET http://10.180.1.21/compute/v2.1/servers/8b7ad7ed-8f2d-4c76-b335-4a2ce5327072 0.044s
2024-10-08 23:15:06.055 62667 INFO tempest.lib.common.rest_client [req-f447a616-0919-491f-af99-704d65e62350 req-f447a616-0919-491f-af99-704d65e62350 ] Request (ServerDiagnosticsV248Test:tearDownClass): 200 GET http://10.180.1.21/compute/v2.1/servers/d22aff27-739f-4b0d-a0e4-b6316c252c3a 0.059s
2024-10-08 23:15:06.085 62623 INFO tempest.lib.common.rest_client [req-cc4cc02b-677c-44fc-9c75-f4701a18c3e3 req-cc4cc02b-677c-44fc-9c75-f4701a18c3e3 ] Request (ServerMetadataNegativeTestJSON:setUpClass): 200 GET http://10.180.1.21/compute/v2.1/servers/38291806-d0ae-47a5-bc6e-3d0320b2bd50 0.045s
2024-10-08 23:15:06.129 62613 INFO tempest.lib.common.rest_client [req-4e3c89f5-f9da-473d-b1fe-012427113e02 req-4e3c89f5-f9da-473d-b1fe-012427113e02 ] Request (ServersTestMultiNic:test_verify_duplicate_network_nics): 200 GET http://10.180.1.21/compute/v2.1/servers/bebed5b9-d067-4cf2-a203-48763685ecb6 0.051s
2024-10-08 23:15:06.137 62643 INFO tempest.lib.common.rest_client [req-8c691a70-4422-4f14-abd8-7d5f7e49aaca req-8c691a70-4422-4f14-abd8-7d5f7e49aaca ] Request (MultipleCreateTestJSON:test_multiple_create): 200 GET http://10.180.1.21/compute/v2.1/servers/8e6332f4-2b1e-404d-aa43-a13a72edd044 0.047s
2024-10-08 23:15:06.173 62611 INFO tempest.lib.common.rest_client [req-aa0cc4d4-1991-44a1-8380-016cc134e45c req-aa0cc4d4-1991-44a1-8380-016cc134e45c ] Request (ServerActionsTestJSON:setUpClass): 200 GET http://10.180.1.21/compute/v2.1/servers/a7c65d2c-49c1-4c0c-b38b-4e1a89552b67 0.043s
2024-10-08 23:15:06.198 62653 INFO tempest.lib.common.rest_client [req-58b01b8c-8e30-4c2e-b2ec-28dedd689d48 req-58b01b8c-8e30-4c2e-b2ec-28dedd689d48 ] Request (VolumesAdminNegativeTest:test_update_attached_volume_with_nonexistent_volume_in_uri): 200 GET http://10.180.1.21/compute/v2.1/servers/4dc7b6b4-1bf5-4195-bb93-14756f8f9986 0.042s
2024-10-08 23:15:06.257 62605 INFO tempest.lib.common.rest_client [req-4dadc9cc-1216-4797-8773-27f54a882130 req-4dadc9cc-1216-4797-8773-27f54a882130 ] Request (ServerActionsTestOtherB:setUpClass): 200 GET http://10.180.1.21/compute/v2.1/servers/13765305-2e55-4ee8-9a6f-4ae5ee724367 0.042s
2024-10-08 23:15:06.306 62627 INFO tempest.lib.common.rest_client [req-e74f53b7-25cf-4775-9680-4608b47ee951 req-e74f53b7-25cf-4775-9680-4608b47ee951 ] Request (MigrationsAdminTest:test_list_migrations_in_flavor_resize_situation): 200 GET http://10.180.1.21/compute/v2.1/servers/09ac5c26-9842-440c-bc14-a84c2eb23cf5 0.043s
2024-10-08 23:15:06.346 62659 INFO tempest.lib.common.rest_client [req-231114de-ddbe-4332-b599-e1fa71073bd7 req-231114de-ddbe-4332-b599-e1fa71073bd7 ] Request (ServerPasswordTestJSON:setUpClass): 200 GET http://10.180.1.21/compute/v2.1/servers/ccdfcfa9-fb1e-4a08-a9fd-2c4bd9837caf 0.043s
2024-10-08 23:15:06.416 62633 INFO tempest.lib.common.rest_client [req-468f7ba5-5d3c-46ad-ae37-8c261805e393 req-468f7ba5-5d3c-46ad-ae37-8c261805e393 ] Request (InstanceActionsV221TestJSON:test_get_list_deleted_instance_actions): 200 GET http://10.180.1.21/compute/v2.1/servers/b393f654-0611-493e-a89f-445dfd3f8c13 0.054s
2024-10-08 23:15:06.457 62615 INFO tempest.lib.common.rest_client [req-bcb0efa9-dff1-4188-9007-044e232fda10 req-bcb0efa9-dff1-4188-9007-044e232fda10 ] Request (ServersTestJSON:setUpClass): 200 GET http://10.180.1.21/compute/v2.1/servers/5d1dfbdc-1b96-400a-bd0a-e898a90bdab6 0.045s
2024-10-08 23:15:06.490 62617 INFO tempest.lib.common.rest_client [req-e76e7698-0e7a-4ec7-afcf-61e12f5e61eb req-e76e7698-0e7a-4ec7-afcf-61e12f5e61eb ] Request (ServerAddressesNegativeTestJSON:setUpClass): 200 GET http://10.180.1.21/compute/v2.1/servers/9518175e-e4ac-42fc-bd90-cc7e204ef2e4 0.043s
2024-10-08 23:15:06.501 62655 INFO tempest.lib.common.rest_client [req-4452170a-9d9b-43a4-a2f2-175766e08e81 req-4452170a-9d9b-43a4-a2f2-175766e08e81 ] Request (AttachInterfacesTestJSON:test_create_list_show_delete_interfaces_by_fixed_ip): 200 GET http://10.180.1.21/compute/v2.1/servers/c9f55aeb-273b-4dae-b871-cfb1572e6535 0.041s
2024-10-08 23:15:06.542 62625 INFO tempest.lib.common.rest_client [req-83292342-d01c-42a6-99b6-5ae67ec03219 req-83292342-d01c-42a6-99b6-5ae67ec03219 ] Request (ImagesOneServerNegativeTestJSON:setUpClass): 200 GET http://10.180.1.21/compute/v2.1/servers/e4a0d368-6afc-4dd1-9c6b-8d8cfeea4ce0 0.041s
2024-10-08 23:15:06.610 62637 INFO tempest.lib.common.rest_client [req-dbb8be58-5f2b-4f94-b2f0-240efd0eda82 req-dbb8be58-5f2b-4f94-b2f0-240efd0eda82 ] Request (ServersAaction247Test:test_create_backup): 200 GET http://10.180.1.21/compute/v2.1/servers/a5c638d8-f761-497d-bde2-39ea90d8d151 0.049s
2024-10-08 23:15:06.647 62645 INFO tempest.lib.common.rest_client [req-f73a9de9-ca14-4993-8b10-9c81d0c3f36b req-f73a9de9-ca14-4993-8b10-9c81d0c3f36b ] Request (ServerMetadataTestJSON:setUpClass): 200 GET http://10.180.1.21/compute/v2.1/servers/9ce5c5a1-5c90-4f76-a511-d8f855b6bab4 0.048s
2024-10-08 23:15:06.694 62663 INFO tempest.lib.common.rest_client [req-a6773445-d38b-474b-82e2-ffb8012182b4 req-a6773445-d38b-474b-82e2-ffb8012182b4 ] Request (ImagesTestJSON:test_create_image_from_suspended_server): 200 GET http://10.180.1.21/compute/v2.1/servers/8c179402-a881-4b89-89d7-5e9031ba78cf 0.048s
2024-10-08 23:15:06.699 62651 INFO tempest.lib.common.rest_client [req-f116a682-18c2-44d4-9936-85475f236dac req-f116a682-18c2-44d4-9936-85475f236dac ] Request (ServerTagsTestJSON:setUpClass): 200 GET http://10.180.1.21/compute/v2.1/servers/3f36000e-b93d-4dda-ac39-b8459203c227 0.047s
2024-10-08 23:15:06.741 62607 INFO tempest.lib.common.rest_client [req-8e593370-ef05-4199-8415-b200e8541189 req-8e593370-ef05-4199-8415-b200e8541189 ] Request (SecurityGroupsTestJSON:test_list_security_groups_by_server): 200 GET http://10.180.1.21/compute/v2.1/servers/45fe27f5-0f20-48ff-ad25-03862ac9bdd9 0.044s
2024-10-08 23:15:06.753 62609 INFO tempest.lib.common.rest_client [req-d5145788-3320-4763-a110-0c5a7c109255 req-d5145788-3320-4763-a110-0c5a7c109255 ] Request (FloatingIPsAssociationTestJSON:setUpClass): 200 GET http://10.180.1.21/compute/v2.1/servers/63c88ac7-9700-4476-9039-feb034de659d 0.044s
2024-10-08 23:15:06.806 62621 INFO tempest.lib.common.rest_client [req-ceeaa8cd-2299-41a1-816f-bb9b63c27301 req-ceeaa8cd-2299-41a1-816f-bb9b63c27301 ] Request (InstanceActionsNegativeTestJSON:setUpClass): 200 GET http://10.180.1.21/compute/v2.1/servers/c55d3f4a-7dd7-4c98-bb72-966ed12ba03f 0.050s
2024-10-08 23:15:06.815 62641 INFO tempest.lib.common.rest_client [req-e5333ee8-acde-40c0-a3e0-77d13011be0b req-e5333ee8-acde-40c0-a3e0-77d13011be0b ] Request (ServerShowV257Test:test_rebuild_server): 200 GET http://10.180.1.21/compute/v2.1/servers/4fde6065-41a7-4a95-96df-e442762dad24 0.054s
2024-10-08 23:15:06.823 62641 INFO tempest.common.waiters [-] State transition "REBUILD/rebuild_block_device_mapping" ==> "REBUILD/rebuild_spawning" after 3 second wait
2024-10-08 23:15:06.852 62635 INFO tempest.lib.common.rest_client [req-98001069-a817-49a2-b024-b179067159aa req-98001069-a817-49a2-b024-b179067159aa ] Request (DeleteServersAdminTestJSON:test_delete_server_while_in_error_state): 200 GET http://10.180.1.21/compute/v2.1/servers/b0bcd561-35cd-475f-975e-e78456a87fac 0.049s
2024-10-08 23:15:06.862 62647 INFO tempest.lib.common.rest_client [req-3f5d076f-9994-444f-bd1c-ee953a839a94 req-3f5d076f-9994-444f-bd1c-ee953a839a94 ] Request (FloatingIPsAssociationNegativeTestJSON:setUpClass): 200 GET http://10.180.1.21/compute/v2.1/servers/085ebe93-aa24-4626-94fe-241c4297e4db 0.059s
2024-10-08 23:15:06.897 62631 INFO tempest.lib.common.rest_client [req-23ae5cac-c64d-4c60-8139-a2e730d34448 req-23ae5cac-c64d-4c60-8139-a2e730d34448 ] Request (ServersTestManualDisk:setUpClass): 200 GET http://10.180.1.21/compute/v2.1/servers/70055136-b08b-4654-aca7-8280158d94da 0.047s
2024-10-08 23:15:06.997 62629 INFO tempest.lib.common.rest_client [req-20fc8bf9-835a-4c8a-a6fe-2f7f57b45086 req-20fc8bf9-835a-4c8a-a6fe-2f7f57b45086 ] Request (ImagesOneServerTestJSON:setUpClass): 200 GET http://10.180.1.21/compute/v2.1/servers/bcecb4c6-6675-403d-9a3d-b96156b1d56a 0.046s
2024-10-08 23:15:07.041 62661 INFO tempest.lib.common.rest_client [req-b6ef5c1f-8f19-42a1-b961-bcfe77f8d6ca req-b6ef5c1f-8f19-42a1-b961-bcfe77f8d6ca ] Request (ServersAdminTestJSON:setUpClass): 200 GET http://10.180.1.21/compute/v2.1/servers/49a8e94b-b167-41d1-b748-1a2fa4e2b940 0.044s
2024-10-08 23:15:07.056 62657 INFO tempest.lib.common.rest_client [req-d753c9fa-1cd5-4b46-8dc8-6d773f68c7b3 req-d753c9fa-1cd5-4b46-8dc8-6d773f68c7b3 ] Request (ServerRescueTestJSONUnderV235:setUpClass): 200 GET http://10.180.1.21/compute/v2.1/servers/4fe7b1a2-f894-4131-9456-fb4df8a4532d 0.044s
2024-10-08 23:15:07.081 62619 INFO tempest.lib.common.rest_client [req-491d2c67-965a-480c-ad31-b872406c0968 req-491d2c67-965a-480c-ad31-b872406c0968 ] Request (AttachInterfacesUnderV243Test:test_add_remove_fixed_ip): 200 GET http://10.180.1.21/compute/v2.1/servers/8b7ad7ed-8f2d-4c76-b335-4a2ce5327072 0.042s
2024-10-08 23:15:07.115 62667 INFO tempest.lib.common.rest_client [req-16f55c0c-dfea-4452-9157-bffd5b7349a8 req-16f55c0c-dfea-4452-9157-bffd5b7349a8 ] Request (ServerDiagnosticsV248Test:tearDownClass): 200 GET http://10.180.1.21/compute/v2.1/servers/d22aff27-739f-4b0d-a0e4-b6316c252c3a 0.051s
2024-10-08 23:15:07.134 62623 INFO tempest.lib.common.rest_client [req-45857dd0-9566-4db4-ab2e-acc1553416b4 req-45857dd0-9566-4db4-ab2e-acc1553416b4 ] Request (ServerMetadataNegativeTestJSON:setUpClass): 200 GET http://10.180.1.21/compute/v2.1/servers/38291806-d0ae-47a5-bc6e-3d0320b2bd50 0.041s
2024-10-08 23:15:07.179 62613 INFO tempest.lib.common.rest_client [req-43b8ec4b-4d34-442b-90ae-fe3a1d9d3283 req-43b8ec4b-4d34-442b-90ae-fe3a1d9d3283 ] Request (ServersTestMultiNic:test_verify_duplicate_network_nics): 200 GET http://10.180.1.21/compute/v2.1/servers/bebed5b9-d067-4cf2-a203-48763685ecb6 0.043s
2024-10-08 23:15:07.187 62643 INFO tempest.lib.common.rest_client [req-b4aa6780-1998-4ec3-98d9-e2c138247410 req-b4aa6780-1998-4ec3-98d9-e2c138247410 ] Request (MultipleCreateTestJSON:test_multiple_create): 200 GET http://10.180.1.21/compute/v2.1/servers/8e6332f4-2b1e-404d-aa43-a13a72edd044 0.042s
2024-10-08 23:15:07.193 62643 INFO tempest.common.waiters [-] State transition "BUILD/None" ==> "BUILD/networking" after 92 second wait
2024-10-08 23:15:07.228 62611 INFO tempest.lib.common.rest_client [req-608424cf-f391-4743-a205-69173b3a043a req-608424cf-f391-4743-a205-69173b3a043a ] Request (ServerActionsTestJSON:setUpClass): 200 GET http://10.180.1.21/compute/v2.1/servers/a7c65d2c-49c1-4c0c-b38b-4e1a89552b67 0.048s
2024-10-08 23:15:07.252 62653 INFO tempest.lib.common.rest_client [req-7486e9f8-6a00-4fae-b90b-78ce8399f893 req-7486e9f8-6a00-4fae-b90b-78ce8399f893 ] Request (VolumesAdminNegativeTest:test_update_attached_volume_with_nonexistent_volume_in_uri): 200 GET http://10.180.1.21/compute/v2.1/servers/4dc7b6b4-1bf5-4195-bb93-14756f8f9986 0.047s
2024-10-08 23:15:07.305 62605 INFO tempest.lib.common.rest_client [req-f445a919-7714-4182-a56b-dd3d46af2006 req-f445a919-7714-4182-a56b-dd3d46af2006 ] Request (ServerActionsTestOtherB:setUpClass): 200 GET http://10.180.1.21/compute/v2.1/servers/13765305-2e55-4ee8-9a6f-4ae5ee724367 0.043s
2024-10-08 23:15:07.357 62627 INFO tempest.lib.common.rest_client [req-4a0567f9-44b2-48a9-9250-e47f99661156 req-4a0567f9-44b2-48a9-9250-e47f99661156 ] Request (MigrationsAdminTest:test_list_migrations_in_flavor_resize_situation): 200 GET http://10.180.1.21/compute/v2.1/servers/09ac5c26-9842-440c-bc14-a84c2eb23cf5 0.044s
2024-10-08 23:15:07.396 62659 INFO tempest.lib.common.rest_client [req-fe722cd6-7d5c-48cb-b174-9537b19a4057 req-fe722cd6-7d5c-48cb-b174-9537b19a4057 ] Request (ServerPasswordTestJSON:setUpClass): 200 GET http://10.180.1.21/compute/v2.1/servers/ccdfcfa9-fb1e-4a08-a9fd-2c4bd9837caf 0.043s
2024-10-08 23:15:07.476 62633 INFO tempest.lib.common.rest_client [req-9cd31c9d-282c-437d-b2b8-d3810e203f2f req-9cd31c9d-282c-437d-b2b8-d3810e203f2f ] Request (InstanceActionsV221TestJSON:test_get_list_deleted_instance_actions): 200 GET http://10.180.1.21/compute/v2.1/servers/b393f654-0611-493e-a89f-445dfd3f8c13 0.051s
2024-10-08 23:15:07.511 62615 INFO tempest.lib.common.rest_client [req-0c0c6848-1075-44da-9109-e72f077d80c1 req-0c0c6848-1075-44da-9109-e72f077d80c1 ] Request (ServersTestJSON:setUpClass): 200 GET http://10.180.1.21/compute/v2.1/servers/5d1dfbdc-1b96-400a-bd0a-e898a90bdab6 0.047s
2024-10-08 23:15:07.550 62617 INFO tempest.lib.common.rest_client [req-42157117-e26f-4d00-9d6a-2a8fc37a956f req-42157117-e26f-4d00-9d6a-2a8fc37a956f ] Request (ServerAddressesNegativeTestJSON:setUpClass): 200 GET http://10.180.1.21/compute/v2.1/servers/9518175e-e4ac-42fc-bd90-cc7e204ef2e4 0.054s
2024-10-08 23:15:07.553 62655 INFO tempest.lib.common.rest_client [req-d3b70ea8-932f-4c02-a1c5-157b91aded01 req-d3b70ea8-932f-4c02-a1c5-157b91aded01 ] Request (AttachInterfacesTestJSON:test_create_list_show_delete_interfaces_by_fixed_ip): 200 GET http://10.180.1.21/compute/v2.1/servers/c9f55aeb-273b-4dae-b871-cfb1572e6535 0.045s
2024-10-08 23:15:07.596 62625 INFO tempest.lib.common.rest_client [req-ee11f4f8-167f-4134-9656-8dcdf960cc93 req-ee11f4f8-167f-4134-9656-8dcdf960cc93 ] Request (ImagesOneServerNegativeTestJSON:setUpClass): 200 GET http://10.180.1.21/compute/v2.1/servers/e4a0d368-6afc-4dd1-9c6b-8d8cfeea4ce0 0.047s
2024-10-08 23:15:07.673 62637 INFO tempest.lib.common.rest_client [req-ba9a1f3d-c86c-47d9-a9ee-6330c8bc47b5 req-ba9a1f3d-c86c-47d9-a9ee-6330c8bc47b5 ] Request (ServersAaction247Test:test_create_backup): 200 GET http://10.180.1.21/compute/v2.1/servers/a5c638d8-f761-497d-bde2-39ea90d8d151 0.054s
2024-10-08 23:15:07.712 62645 INFO tempest.lib.common.rest_client [req-76d307ba-7ee5-405e-bbdf-6fc088648f40 req-76d307ba-7ee5-405e-bbdf-6fc088648f40 ] Request (ServerMetadataTestJSON:setUpClass): 200 GET http://10.180.1.21/compute/v2.1/servers/9ce5c5a1-5c90-4f76-a511-d8f855b6bab4 0.057s
2024-10-08 23:15:07.759 62663 INFO tempest.lib.common.rest_client [req-3b6c924f-bc08-4cf5-aeb7-bcbcb649b8bf req-3b6c924f-bc08-4cf5-aeb7-bcbcb649b8bf ] Request (ImagesTestJSON:test_create_image_from_suspended_server): 200 GET http://10.180.1.21/compute/v2.1/servers/8c179402-a881-4b89-89d7-5e9031ba78cf 0.059s
2024-10-08 23:15:07.761 62651 INFO tempest.lib.common.rest_client [req-5235f0a4-02a6-4e4d-a84e-7b0004b4873a req-5235f0a4-02a6-4e4d-a84e-7b0004b4873a ] Request (ServerTagsTestJSON:setUpClass): 200 GET http://10.180.1.21/compute/v2.1/servers/3f36000e-b93d-4dda-ac39-b8459203c227 0.053s
2024-10-08 23:15:07.765 62663 INFO tempest.common.waiters [-] State transition "BUILD/spawning" ==> "ERROR/None" after 106 second wait
2024-10-08 23:15:07.804 62607 INFO tempest.lib.common.rest_client [req-df1f1a7f-9e2e-446b-8228-9c280f5dfdf3 req-df1f1a7f-9e2e-446b-8228-9c280f5dfdf3 ] Request (SecurityGroupsTestJSON:test_list_security_groups_by_server): 200 GET http://10.180.1.21/compute/v2.1/servers/45fe27f5-0f20-48ff-ad25-03862ac9bdd9 0.055s
2024-10-08 23:15:07.812 62609 INFO tempest.lib.common.rest_client [req-3e052359-afb0-43b4-87ef-cb43d75f4dde req-3e052359-afb0-43b4-87ef-cb43d75f4dde ] Request (FloatingIPsAssociationTestJSON:setUpClass): 200 GET http://10.180.1.21/compute/v2.1/servers/63c88ac7-9700-4476-9039-feb034de659d 0.050s
2024-10-08 23:15:07.867 62621 INFO tempest.lib.common.rest_client [req-f5b50f0d-117a-4430-8a28-f780a1131072 req-f5b50f0d-117a-4430-8a28-f780a1131072 ] Request (InstanceActionsNegativeTestJSON:setUpClass): 200 GET http://10.180.1.21/compute/v2.1/servers/c55d3f4a-7dd7-4c98-bb72-966ed12ba03f 0.054s
2024-10-08 23:15:07.921 62641 INFO tempest.lib.common.rest_client [req-529bf365-8c0a-4202-bdf5-42d788ea91c2 req-529bf365-8c0a-4202-bdf5-42d788ea91c2 ] Request (ServerShowV257Test:test_rebuild_server): 200 GET http://10.180.1.21/compute/v2.1/servers/4fde6065-41a7-4a95-96df-e442762dad24 0.096s
2024-10-08 23:15:07.970 62635 INFO tempest.lib.common.rest_client [req-cb628e19-68b7-4ee0-9df9-e208874513b2 req-cb628e19-68b7-4ee0-9df9-e208874513b2 ] Request (DeleteServersAdminTestJSON:test_delete_server_while_in_error_state): 200 GET http://10.180.1.21/compute/v2.1/servers/b0bcd561-35cd-475f-975e-e78456a87fac 0.110s
2024-10-08 23:15:07.971 62663 INFO tempest.lib.common.rest_client [req-6492e76e-1a78-4e76-8c6b-2883ee7665ab req-6492e76e-1a78-4e76-8c6b-2883ee7665ab ] Request (ImagesTestJSON:test_create_image_from_suspended_server): 204 DELETE http://10.180.1.21/compute/v2.1/servers/8c179402-a881-4b89-89d7-5e9031ba78cf 0.206s
2024-10-08 23:15:08.014 62647 INFO tempest.lib.common.rest_client [req-d3f79a95-21db-4877-bb15-ec9e0dedecd9 req-d3f79a95-21db-4877-bb15-ec9e0dedecd9 ] Request (FloatingIPsAssociationNegativeTestJSON:setUpClass): 200 GET http://10.180.1.21/compute/v2.1/servers/085ebe93-aa24-4626-94fe-241c4297e4db 0.144s
2024-10-08 23:15:08.017 62631 INFO tempest.lib.common.rest_client [req-0bbe4d76-d7d2-4238-819f-9cdb94abef55 req-0bbe4d76-d7d2-4238-819f-9cdb94abef55 ] Request (ServersTestManualDisk:setUpClass): 200 GET http://10.180.1.21/compute/v2.1/servers/70055136-b08b-4654-aca7-8280158d94da 0.112s
2024-10-08 23:15:08.033 62663 INFO tempest.lib.common.rest_client [req-9e4ed9e7-bea8-4a97-b931-d080d2ace848 req-9e4ed9e7-bea8-4a97-b931-d080d2ace848 ] Request (ImagesTestJSON:test_create_image_from_suspended_server): 404 GET http://10.180.1.21/compute/v2.1/servers/8c179402-a881-4b89-89d7-5e9031ba78cf 0.061s
2024-10-08 23:15:08.061 62629 INFO tempest.lib.common.rest_client [req-b7bd169f-6b0f-407f-bf86-bb4bbda05e14 req-b7bd169f-6b0f-407f-bf86-bb4bbda05e14 ] Request (ImagesOneServerTestJSON:setUpClass): 200 GET http://10.180.1.21/compute/v2.1/servers/bcecb4c6-6675-403d-9a3d-b96156b1d56a 0.057s
2024-10-08 23:15:08.097 62661 INFO tempest.lib.common.rest_client [req-7bbf3541-8e1b-495f-82ff-4bebe2ead85f req-7bbf3541-8e1b-495f-82ff-4bebe2ead85f ] Request (ServersAdminTestJSON:setUpClass): 200 GET http://10.180.1.21/compute/v2.1/servers/49a8e94b-b167-41d1-b748-1a2fa4e2b940 0.049s
2024-10-08 23:15:08.106 62663 INFO tempest.lib.common.rest_client [req-59983fef-d869-4e4e-80ef-67ef9050e864 req-59983fef-d869-4e4e-80ef-67ef9050e864 ] Request (ImagesTestJSON:test_create_server_from_snapshot): 201 POST http://10.180.1.21/identity/v3/auth/tokens 0.068s
2024-10-08 23:15:08.106 62663 INFO tempest.lib.common.fixed_network [-] (ImagesTestJSON:test_create_server_from_snapshot) Found network {'id': '3202b12c-8f9b-4348-9951-4a0ae495760a', 'name': 'tempest-ImagesTestJSON-1570691692-network', 'tenant_id': '81b69987192149ddb6dfcafc1f7770fb', 'admin_state_up': True, 'mtu': 8950, 'status': 'ACTIVE', 'subnets': [], 'shared': False, 'project_id': '81b69987192149ddb6dfcafc1f7770fb', 'port_security_enabled': True, 'router:external': False, 'provider:network_type': 'vlan', 'provider:physical_network': 'default', 'provider:segmentation_id': 31, 'is_default': False, 'availability_zone_hints': [], 'availability_zones': [], 'ipv4_address_scope': None, 'ipv6_address_scope': None, 'description': '', 'tags': [], 'created_at': '2024-10-08T23:12:41Z', 'updated_at': '2024-10-08T23:12:41Z', 'revision_number': 1} available for tenant
2024-10-08 23:15:08.113 62657 INFO tempest.lib.common.rest_client [req-1d1c5dcc-a58e-40d4-9d5d-ba0b423b3762 req-1d1c5dcc-a58e-40d4-9d5d-ba0b423b3762 ] Request (ServerRescueTestJSONUnderV235:setUpClass): 200 GET http://10.180.1.21/compute/v2.1/servers/4fe7b1a2-f894-4131-9456-fb4df8a4532d 0.050s
2024-10-08 23:15:08.140 62619 INFO tempest.lib.common.rest_client [req-92f45b79-c263-4f8d-a0e5-5b9d5f65f212 req-92f45b79-c263-4f8d-a0e5-5b9d5f65f212 ] Request (AttachInterfacesUnderV243Test:test_add_remove_fixed_ip): 200 GET http://10.180.1.21/compute/v2.1/servers/8b7ad7ed-8f2d-4c76-b335-4a2ce5327072 0.052s
2024-10-08 23:15:08.194 62667 INFO tempest.lib.common.rest_client [req-0182280c-bc11-4b7f-acc6-11a1601844cd req-0182280c-bc11-4b7f-acc6-11a1601844cd ] Request (ServerDiagnosticsV248Test:tearDownClass): 200 GET http://10.180.1.21/compute/v2.1/servers/d22aff27-739f-4b0d-a0e4-b6316c252c3a 0.071s
2024-10-08 23:15:08.238 62623 INFO tempest.lib.common.rest_client [req-6d0733db-3ebe-401a-a9c7-0c41e25767c7 req-6d0733db-3ebe-401a-a9c7-0c41e25767c7 ] Request (ServerMetadataNegativeTestJSON:setUpClass): 200 GET http://10.180.1.21/compute/v2.1/servers/38291806-d0ae-47a5-bc6e-3d0320b2bd50 0.097s
2024-10-08 23:15:08.288 62613 INFO tempest.lib.common.rest_client [req-b16b4bd8-2ca7-427f-b61d-0567d081badd req-b16b4bd8-2ca7-427f-b61d-0567d081badd ] Request (ServersTestMultiNic:test_verify_duplicate_network_nics): 200 GET http://10.180.1.21/compute/v2.1/servers/bebed5b9-d067-4cf2-a203-48763685ecb6 0.101s
2024-10-08 23:15:08.398 62663 INFO tempest.lib.common.rest_client [req-533bf0a9-fa77-4487-90ae-a796f145bd35 req-533bf0a9-fa77-4487-90ae-a796f145bd35 ] Request (ImagesTestJSON:test_create_server_from_snapshot): 202 POST http://10.180.1.21/compute/v2.1/servers 0.291s
2024-10-08 23:15:08.449 62611 INFO tempest.lib.common.rest_client [req-600d4623-5184-49a6-bd15-7a891631b12a req-600d4623-5184-49a6-bd15-7a891631b12a ] Request (ServerActionsTestJSON:setUpClass): 200 GET http://10.180.1.21/compute/v2.1/servers/a7c65d2c-49c1-4c0c-b38b-4e1a89552b67 0.213s
2024-10-08 23:15:08.473 62643 INFO tempest.lib.common.rest_client [req-8dcdb88c-3464-4c7f-8576-d88be672f010 req-8dcdb88c-3464-4c7f-8576-d88be672f010 ] Request (MultipleCreateTestJSON:test_multiple_create): 200 GET http://10.180.1.21/compute/v2.1/servers/8e6332f4-2b1e-404d-aa43-a13a72edd044 0.279s
2024-10-08 23:15:08.482 62643 INFO tempest.common.waiters [-] State transition "BUILD/networking" ==> "BUILD/block_device_mapping" after 93 second wait
2024-10-08 23:15:08.502 62653 INFO tempest.lib.common.rest_client [req-5b42f5f6-fedc-4b7a-9a47-9adde5ad173f req-5b42f5f6-fedc-4b7a-9a47-9adde5ad173f ] Request (VolumesAdminNegativeTest:test_update_attached_volume_with_nonexistent_volume_in_uri): 200 GET http://10.180.1.21/compute/v2.1/servers/4dc7b6b4-1bf5-4195-bb93-14756f8f9986 0.243s
2024-10-08 23:15:08.528 62605 INFO tempest.lib.common.rest_client [req-30c8badc-a358-40bb-bbf9-737d2789240e req-30c8badc-a358-40bb-bbf9-737d2789240e ] Request (ServerActionsTestOtherB:setUpClass): 200 GET http://10.180.1.21/compute/v2.1/servers/13765305-2e55-4ee8-9a6f-4ae5ee724367 0.216s
2024-10-08 23:15:08.551 62627 INFO tempest.lib.common.rest_client [req-baa6b669-7eb7-442c-8683-3249b20d2fd6 req-baa6b669-7eb7-442c-8683-3249b20d2fd6 ] Request (MigrationsAdminTest:test_list_migrations_in_flavor_resize_situation): 200 GET http://10.180.1.21/compute/v2.1/servers/09ac5c26-9842-440c-bc14-a84c2eb23cf5 0.187s
2024-10-08 23:15:08.564 62663 INFO tempest.lib.common.rest_client [req-2ed7affd-bc88-4e88-8a3a-e4890057820c req-2ed7affd-bc88-4e88-8a3a-e4890057820c ] Request (ImagesTestJSON:test_create_server_from_snapshot): 200 GET http://10.180.1.21/compute/v2.1/servers/417f000f-cf23-404d-877c-45990d1a7c77 0.164s
2024-10-08 23:15:08.604 62659 INFO tempest.lib.common.rest_client [req-e4828ed2-7d8d-4844-a70d-cb87811f2464 req-e4828ed2-7d8d-4844-a70d-cb87811f2464 ] Request (ServerPasswordTestJSON:setUpClass): 200 GET http://10.180.1.21/compute/v2.1/servers/ccdfcfa9-fb1e-4a08-a9fd-2c4bd9837caf 0.202s
2024-10-08 23:15:08.611 62633 INFO tempest.lib.common.rest_client [req-ad24d8ed-a676-47d4-8c47-b01b3ea2e72d req-ad24d8ed-a676-47d4-8c47-b01b3ea2e72d ] Request (InstanceActionsV221TestJSON:test_get_list_deleted_instance_actions): 200 GET http://10.180.1.21/compute/v2.1/servers/b393f654-0611-493e-a89f-445dfd3f8c13 0.128s
2024-10-08 23:15:08.651 62615 INFO tempest.lib.common.rest_client [req-3db5a8ae-4949-4b84-973c-114ee76c1b33 req-3db5a8ae-4949-4b84-973c-114ee76c1b33 ] Request (ServersTestJSON:setUpClass): 200 GET http://10.180.1.21/compute/v2.1/servers/5d1dfbdc-1b96-400a-bd0a-e898a90bdab6 0.133s
2024-10-08 23:15:08.660 62617 INFO tempest.lib.common.rest_client [req-78a917a4-be8c-4d19-8413-68d0974c6acc req-78a917a4-be8c-4d19-8413-68d0974c6acc ] Request (ServerAddressesNegativeTestJSON:setUpClass): 200 GET http://10.180.1.21/compute/v2.1/servers/9518175e-e4ac-42fc-bd90-cc7e204ef2e4 0.103s
2024-10-08 23:15:08.706 62655 INFO tempest.lib.common.rest_client [req-4fecf3e5-acd2-4dd3-b7bb-b03b19ac2052 req-4fecf3e5-acd2-4dd3-b7bb-b03b19ac2052 ] Request (AttachInterfacesTestJSON:test_create_list_show_delete_interfaces_by_fixed_ip): 200 GET http://10.180.1.21/compute/v2.1/servers/c9f55aeb-273b-4dae-b871-cfb1572e6535 0.145s
2024-10-08 23:15:08.715 62625 INFO tempest.lib.common.rest_client [req-77d3b077-879d-4b8f-a53a-07bf2136d2e5 req-77d3b077-879d-4b8f-a53a-07bf2136d2e5 ] Request (ImagesOneServerNegativeTestJSON:setUpClass): 200 GET http://10.180.1.21/compute/v2.1/servers/e4a0d368-6afc-4dd1-9c6b-8d8cfeea4ce0 0.111s
2024-10-08 23:15:08.761 62637 INFO tempest.lib.common.rest_client [req-5c20ccc7-eab0-4355-b1db-86c3a16eb49a req-5c20ccc7-eab0-4355-b1db-86c3a16eb49a ] Request (ServersAaction247Test:test_create_backup): 200 GET http://10.180.1.21/compute/v2.1/servers/a5c638d8-f761-497d-bde2-39ea90d8d151 0.080s
2024-10-08 23:15:08.771 62645 INFO tempest.lib.common.rest_client [req-74e0e516-3831-40e1-b460-34d8eb720192 req-74e0e516-3831-40e1-b460-34d8eb720192 ] Request (ServerMetadataTestJSON:setUpClass): 200 GET http://10.180.1.21/compute/v2.1/servers/9ce5c5a1-5c90-4f76-a511-d8f855b6bab4 0.053s
2024-10-08 23:15:08.824 62651 INFO tempest.lib.common.rest_client [req-658057d3-8c44-4ec5-856e-5033a6878be5 req-658057d3-8c44-4ec5-856e-5033a6878be5 ] Request (ServerTagsTestJSON:setUpClass): 200 GET http://10.180.1.21/compute/v2.1/servers/3f36000e-b93d-4dda-ac39-b8459203c227 0.053s
2024-10-08 23:15:08.867 62607 INFO tempest.lib.common.rest_client [req-ed4e39db-3981-404d-b6b8-a28ad63c7702 req-ed4e39db-3981-404d-b6b8-a28ad63c7702 ] Request (SecurityGroupsTestJSON:test_list_security_groups_by_server): 200 GET http://10.180.1.21/compute/v2.1/servers/45fe27f5-0f20-48ff-ad25-03862ac9bdd9 0.055s
2024-10-08 23:15:08.893 62609 INFO tempest.lib.common.rest_client [req-d3d9cedb-810d-47c1-b1ef-144da1868c4e req-d3d9cedb-810d-47c1-b1ef-144da1868c4e ] Request (FloatingIPsAssociationTestJSON:setUpClass): 200 GET http://10.180.1.21/compute/v2.1/servers/63c88ac7-9700-4476-9039-feb034de659d 0.072s
2024-10-08 23:15:08.934 62621 INFO tempest.lib.common.rest_client [req-5e7f99b2-2a0c-46db-993e-28a19e28f998 req-5e7f99b2-2a0c-46db-993e-28a19e28f998 ] Request (InstanceActionsNegativeTestJSON:setUpClass): 200 GET http://10.180.1.21/compute/v2.1/servers/c55d3f4a-7dd7-4c98-bb72-966ed12ba03f 0.060s
2024-10-08 23:15:08.989 62641 INFO tempest.lib.common.rest_client [req-2b44410a-e491-4679-8aed-3f1dbf0c8572 req-2b44410a-e491-4679-8aed-3f1dbf0c8572 ] Request (ServerShowV257Test:test_rebuild_server): 200 GET http://10.180.1.21/compute/v2.1/servers/4fde6065-41a7-4a95-96df-e442762dad24 0.057s
2024-10-08 23:15:09.032 62635 INFO tempest.lib.common.rest_client [req-b00488ff-410c-4733-8d4c-88501fd48de6 req-b00488ff-410c-4733-8d4c-88501fd48de6 ] Request (DeleteServersAdminTestJSON:test_delete_server_while_in_error_state): 200 GET http://10.180.1.21/compute/v2.1/servers/b0bcd561-35cd-475f-975e-e78456a87fac 0.055s
2024-10-08 23:15:09.075 62647 INFO tempest.lib.common.rest_client [req-f0df562f-2728-46c1-a979-b22577d4065f req-f0df562f-2728-46c1-a979-b22577d4065f ] Request (FloatingIPsAssociationNegativeTestJSON:setUpClass): 200 GET http://10.180.1.21/compute/v2.1/servers/085ebe93-aa24-4626-94fe-241c4297e4db 0.054s
2024-10-08 23:15:09.083 62631 INFO tempest.lib.common.rest_client [req-13ad3b34-d24d-4b0b-b8c4-7b0f10d0f7d9 req-13ad3b34-d24d-4b0b-b8c4-7b0f10d0f7d9 ] Request (ServersTestManualDisk:setUpClass): 200 GET http://10.180.1.21/compute/v2.1/servers/70055136-b08b-4654-aca7-8280158d94da 0.059s
2024-10-08 23:15:09.125 62629 INFO tempest.lib.common.rest_client [req-060343a4-372f-4eef-ae23-e376c001174c req-060343a4-372f-4eef-ae23-e376c001174c ] Request (ImagesOneServerTestJSON:setUpClass): 200 GET http://10.180.1.21/compute/v2.1/servers/bcecb4c6-6675-403d-9a3d-b96156b1d56a 0.055s
2024-10-08 23:15:09.159 62661 INFO tempest.lib.common.rest_client [req-b59a5ca3-9275-49f0-bda9-c0a7f6a7760c req-b59a5ca3-9275-49f0-bda9-c0a7f6a7760c ] Request (ServersAdminTestJSON:setUpClass): 200 GET http://10.180.1.21/compute/v2.1/servers/49a8e94b-b167-41d1-b748-1a2fa4e2b940 0.052s
2024-10-08 23:15:09.174 62657 INFO tempest.lib.common.rest_client [req-7e68162b-f1f4-43c5-a49e-649002721903 req-7e68162b-f1f4-43c5-a49e-649002721903 ] Request (ServerRescueTestJSONUnderV235:setUpClass): 200 GET http://10.180.1.21/compute/v2.1/servers/4fe7b1a2-f894-4131-9456-fb4df8a4532d 0.055s
2024-10-08 23:15:09.217 62619 INFO tempest.lib.common.rest_client [req-52988f3d-fca6-42c6-baf5-2cc8b7619ca3 req-52988f3d-fca6-42c6-baf5-2cc8b7619ca3 ] Request (AttachInterfacesUnderV243Test:test_add_remove_fixed_ip): 200 GET http://10.180.1.21/compute/v2.1/servers/8b7ad7ed-8f2d-4c76-b335-4a2ce5327072 0.070s
2024-10-08 23:15:09.280 62667 INFO tempest.lib.common.rest_client [req-60dba319-1953-41aa-9414-be5899f423b0 req-60dba319-1953-41aa-9414-be5899f423b0 ] Request (ServerDiagnosticsV248Test:tearDownClass): 200 GET http://10.180.1.21/compute/v2.1/servers/d22aff27-739f-4b0d-a0e4-b6316c252c3a 0.076s
2024-10-08 23:15:09.290 62623 INFO tempest.lib.common.rest_client [req-04f9eeb3-7f1a-4b23-b067-2f82f5b4357c req-04f9eeb3-7f1a-4b23-b067-2f82f5b4357c ] Request (ServerMetadataNegativeTestJSON:setUpClass): 200 GET http://10.180.1.21/compute/v2.1/servers/38291806-d0ae-47a5-bc6e-3d0320b2bd50 0.045s
2024-10-08 23:15:09.346 62613 INFO tempest.lib.common.rest_client [req-a2e9c0ed-7c03-4273-8273-15536f147021 req-a2e9c0ed-7c03-4273-8273-15536f147021 ] Request (ServersTestMultiNic:test_verify_duplicate_network_nics): 200 GET http://10.180.1.21/compute/v2.1/servers/bebed5b9-d067-4cf2-a203-48763685ecb6 0.049s
2024-10-08 23:15:09.510 62611 INFO tempest.lib.common.rest_client [req-b1b6aa84-5049-4386-9315-dc7b999ae8ac req-b1b6aa84-5049-4386-9315-dc7b999ae8ac ] Request (ServerActionsTestJSON:setUpClass): 200 GET http://10.180.1.21/compute/v2.1/servers/a7c65d2c-49c1-4c0c-b38b-4e1a89552b67 0.051s
2024-10-08 23:15:09.531 62643 INFO tempest.lib.common.rest_client [req-8eec39ae-924f-473b-bc88-532cbd27cecb req-8eec39ae-924f-473b-bc88-532cbd27cecb ] Request (MultipleCreateTestJSON:test_multiple_create): 200 GET http://10.180.1.21/compute/v2.1/servers/8e6332f4-2b1e-404d-aa43-a13a72edd044 0.047s
2024-10-08 23:15:09.537 62643 INFO tempest.common.waiters [-] State transition "BUILD/block_device_mapping" ==> "BUILD/spawning" after 94 second wait
2024-10-08 23:15:09.559 62653 INFO tempest.lib.common.rest_client [req-22d2cf19-7375-4b3f-9aba-34bcbafef76e req-22d2cf19-7375-4b3f-9aba-34bcbafef76e ] Request (VolumesAdminNegativeTest:test_update_attached_volume_with_nonexistent_volume_in_uri): 200 GET http://10.180.1.21/compute/v2.1/servers/4dc7b6b4-1bf5-4195-bb93-14756f8f9986 0.045s
2024-10-08 23:15:09.578 62605 INFO tempest.lib.common.rest_client [req-7f7affe5-adf1-47f3-a2b5-99081b6e51b0 req-7f7affe5-adf1-47f3-a2b5-99081b6e51b0 ] Request (ServerActionsTestOtherB:setUpClass): 200 GET http://10.180.1.21/compute/v2.1/servers/13765305-2e55-4ee8-9a6f-4ae5ee724367 0.042s
2024-10-08 23:15:09.602 62627 INFO tempest.lib.common.rest_client [req-4063b671-ab86-469e-84dc-93e4a4676e96 req-4063b671-ab86-469e-84dc-93e4a4676e96 ] Request (MigrationsAdminTest:test_list_migrations_in_flavor_resize_situation): 200 GET http://10.180.1.21/compute/v2.1/servers/09ac5c26-9842-440c-bc14-a84c2eb23cf5 0.045s
2024-10-08 23:15:09.619 62663 INFO tempest.lib.common.rest_client [req-52199bfc-99db-4328-9a18-37038675153a req-52199bfc-99db-4328-9a18-37038675153a ] Request (ImagesTestJSON:test_create_server_from_snapshot): 200 GET http://10.180.1.21/compute/v2.1/servers/417f000f-cf23-404d-877c-45990d1a7c77 0.048s
2024-10-08 23:15:09.655 62659 INFO tempest.lib.common.rest_client [req-04030b9b-40e7-4649-bf08-a93b6b9cd2bb req-04030b9b-40e7-4649-bf08-a93b6b9cd2bb ] Request (ServerPasswordTestJSON:setUpClass): 200 GET http://10.180.1.21/compute/v2.1/servers/ccdfcfa9-fb1e-4a08-a9fd-2c4bd9837caf 0.045s
2024-10-08 23:15:09.666 62633 INFO tempest.lib.common.rest_client [req-9a92dd0a-3e9d-4612-be23-9cc0469adcbd req-9a92dd0a-3e9d-4612-be23-9cc0469adcbd ] Request (InstanceActionsV221TestJSON:test_get_list_deleted_instance_actions): 200 GET http://10.180.1.21/compute/v2.1/servers/b393f654-0611-493e-a89f-445dfd3f8c13 0.046s
2024-10-08 23:15:09.708 62615 INFO tempest.lib.common.rest_client [req-3be9f867-fff1-42bc-bff0-2a7463f070b8 req-3be9f867-fff1-42bc-bff0-2a7463f070b8 ] Request (ServersTestJSON:setUpClass): 200 GET http://10.180.1.21/compute/v2.1/servers/5d1dfbdc-1b96-400a-bd0a-e898a90bdab6 0.045s
2024-10-08 23:15:09.712 62617 INFO tempest.lib.common.rest_client [req-3c88001f-1f86-4232-a72e-2956ce38d6be req-3c88001f-1f86-4232-a72e-2956ce38d6be ] Request (ServerAddressesNegativeTestJSON:setUpClass): 200 GET http://10.180.1.21/compute/v2.1/servers/9518175e-e4ac-42fc-bd90-cc7e204ef2e4 0.044s
2024-10-08 23:15:09.719 62617 INFO tempest.common.waiters [-] State transition "BUILD/scheduling" ==> "BUILD/None" after 90 second wait
2024-10-08 23:15:09.759 62655 INFO tempest.lib.common.rest_client [req-f89f92dd-75a3-4222-bb3f-457018a8b3c5 req-f89f92dd-75a3-4222-bb3f-457018a8b3c5 ] Request (AttachInterfacesTestJSON:test_create_list_show_delete_interfaces_by_fixed_ip): 200 GET http://10.180.1.21/compute/v2.1/servers/c9f55aeb-273b-4dae-b871-cfb1572e6535 0.044s
2024-10-08 23:15:09.767 62625 INFO tempest.lib.common.rest_client [req-4c58db4f-1b8f-4f0b-a463-049440aba471 req-4c58db4f-1b8f-4f0b-a463-049440aba471 ] Request (ImagesOneServerNegativeTestJSON:setUpClass): 200 GET http://10.180.1.21/compute/v2.1/servers/e4a0d368-6afc-4dd1-9c6b-8d8cfeea4ce0 0.044s
2024-10-08 23:15:09.818 62637 INFO tempest.lib.common.rest_client [req-a14574a8-7a43-453f-ad7e-493a1f12e7b0 req-a14574a8-7a43-453f-ad7e-493a1f12e7b0 ] Request (ServersAaction247Test:test_create_backup): 200 GET http://10.180.1.21/compute/v2.1/servers/a5c638d8-f761-497d-bde2-39ea90d8d151 0.048s
2024-10-08 23:15:09.821 62645 INFO tempest.lib.common.rest_client [req-9762bef0-d905-4546-85f3-b284b21143a1 req-9762bef0-d905-4546-85f3-b284b21143a1 ] Request (ServerMetadataTestJSON:setUpClass): 200 GET http://10.180.1.21/compute/v2.1/servers/9ce5c5a1-5c90-4f76-a511-d8f855b6bab4 0.043s
2024-10-08 23:15:09.900 62651 INFO tempest.lib.common.rest_client [req-2673d3c9-6057-4c1a-a694-f2baf18e82b5 req-2673d3c9-6057-4c1a-a694-f2baf18e82b5 ] Request (ServerTagsTestJSON:setUpClass): 200 GET http://10.180.1.21/compute/v2.1/servers/3f36000e-b93d-4dda-ac39-b8459203c227 0.065s
2024-10-08 23:15:09.926 62607 INFO tempest.lib.common.rest_client [req-925ecc8c-8acb-42f6-ab34-0401a81a6cba req-925ecc8c-8acb-42f6-ab34-0401a81a6cba ] Request (SecurityGroupsTestJSON:test_list_security_groups_by_server): 200 GET http://10.180.1.21/compute/v2.1/servers/45fe27f5-0f20-48ff-ad25-03862ac9bdd9 0.049s
2024-10-08 23:15:09.945 62609 INFO tempest.lib.common.rest_client [req-54a9bf7b-2698-48b0-ba38-41fae691b759 req-54a9bf7b-2698-48b0-ba38-41fae691b759 ] Request (FloatingIPsAssociationTestJSON:setUpClass): 200 GET http://10.180.1.21/compute/v2.1/servers/63c88ac7-9700-4476-9039-feb034de659d 0.045s
2024-10-08 23:15:09.983 62621 INFO tempest.lib.common.rest_client [req-71bd6289-ac9f-487f-b64e-8c3da8cc0eb6 req-71bd6289-ac9f-487f-b64e-8c3da8cc0eb6 ] Request (InstanceActionsNegativeTestJSON:setUpClass): 200 GET http://10.180.1.21/compute/v2.1/servers/c55d3f4a-7dd7-4c98-bb72-966ed12ba03f 0.043s
2024-10-08 23:15:10.046 62641 INFO tempest.lib.common.rest_client [req-082db253-ed9f-472a-b704-cc8effc9cceb req-082db253-ed9f-472a-b704-cc8effc9cceb ] Request (ServerShowV257Test:test_rebuild_server): 200 GET http://10.180.1.21/compute/v2.1/servers/4fde6065-41a7-4a95-96df-e442762dad24 0.048s
2024-10-08 23:15:10.086 62635 INFO tempest.lib.common.rest_client [req-ee1d3235-92b5-41e8-a8a5-822c1920dd00 req-ee1d3235-92b5-41e8-a8a5-822c1920dd00 ] Request (DeleteServersAdminTestJSON:test_delete_server_while_in_error_state): 200 GET http://10.180.1.21/compute/v2.1/servers/b0bcd561-35cd-475f-975e-e78456a87fac 0.046s
2024-10-08 23:15:10.126 62647 INFO tempest.lib.common.rest_client [req-50ac6eb8-f16b-4fc6-8d8e-8ff0aecefc8c req-50ac6eb8-f16b-4fc6-8d8e-8ff0aecefc8c ] Request (FloatingIPsAssociationNegativeTestJSON:setUpClass): 200 GET http://10.180.1.21/compute/v2.1/servers/085ebe93-aa24-4626-94fe-241c4297e4db 0.044s
2024-10-08 23:15:10.134 62631 INFO tempest.lib.common.rest_client [req-c92708c2-5c95-42b6-b8be-8afb607356f4 req-c92708c2-5c95-42b6-b8be-8afb607356f4 ] Request (ServersTestManualDisk:setUpClass): 200 GET http://10.180.1.21/compute/v2.1/servers/70055136-b08b-4654-aca7-8280158d94da 0.044s
2024-10-08 23:15:10.174 62629 INFO tempest.lib.common.rest_client [req-be0dd879-b50a-4698-8767-aac7dec1076e req-be0dd879-b50a-4698-8767-aac7dec1076e ] Request (ImagesOneServerTestJSON:setUpClass): 200 GET http://10.180.1.21/compute/v2.1/servers/bcecb4c6-6675-403d-9a3d-b96156b1d56a 0.041s
2024-10-08 23:15:10.210 62661 INFO tempest.lib.common.rest_client [req-ff2a4e59-02da-4173-89ca-11f140b00edb req-ff2a4e59-02da-4173-89ca-11f140b00edb ] Request (ServersAdminTestJSON:setUpClass): 200 GET http://10.180.1.21/compute/v2.1/servers/49a8e94b-b167-41d1-b748-1a2fa4e2b940 0.044s
2024-10-08 23:15:10.222 62657 INFO tempest.lib.common.rest_client [req-95b35b2d-851f-420f-8209-eb38d7ed1ce3 req-95b35b2d-851f-420f-8209-eb38d7ed1ce3 ] Request (ServerRescueTestJSONUnderV235:setUpClass): 200 GET http://10.180.1.21/compute/v2.1/servers/4fe7b1a2-f894-4131-9456-fb4df8a4532d 0.040s
2024-10-08 23:15:10.275 62619 INFO tempest.lib.common.rest_client [req-9ca0d337-8e84-434d-b734-21e9d475c823 req-9ca0d337-8e84-434d-b734-21e9d475c823 ] Request (AttachInterfacesUnderV243Test:test_add_remove_fixed_ip): 200 GET http://10.180.1.21/compute/v2.1/servers/8b7ad7ed-8f2d-4c76-b335-4a2ce5327072 0.042s
2024-10-08 23:15:10.340 62623 INFO tempest.lib.common.rest_client [req-86a57991-15dc-4bf7-aba5-f6ea9bb108d7 req-86a57991-15dc-4bf7-aba5-f6ea9bb108d7 ] Request (ServerMetadataNegativeTestJSON:setUpClass): 200 GET http://10.180.1.21/compute/v2.1/servers/38291806-d0ae-47a5-bc6e-3d0320b2bd50 0.043s
2024-10-08 23:15:10.342 62667 INFO tempest.lib.common.rest_client [req-dd0545e4-3578-4096-a7b8-f765ef86f359 req-dd0545e4-3578-4096-a7b8-f765ef86f359 ] Request (ServerDiagnosticsV248Test:tearDownClass): 200 GET http://10.180.1.21/compute/v2.1/servers/d22aff27-739f-4b0d-a0e4-b6316c252c3a 0.052s
2024-10-08 23:15:10.406 62613 INFO tempest.lib.common.rest_client [req-912e7274-ba9f-4045-acc5-3e21a469879e req-912e7274-ba9f-4045-acc5-3e21a469879e ] Request (ServersTestMultiNic:test_verify_duplicate_network_nics): 200 GET http://10.180.1.21/compute/v2.1/servers/bebed5b9-d067-4cf2-a203-48763685ecb6 0.054s
