2024-10-08 23:13:20.206 62615 INFO tempest.lib.common.rest_client [req-1e557bb5-add1-4f13-89fe-637041a193f0 req-1e557bb5-add1-4f13-89fe-637041a193f0 ] Request (ServerExternalEventsTest:test_create_server_external_events): 200 GET http://10.180.1.21/compute/v2.1/servers/50feff45-9ede-4d4d-b136-bfb5fd916dc9 0.871s
2024-10-08 23:13:20.250 62635 INFO tempest.lib.common.rest_client [req-ac5f3616-cbcc-4e06-8a96-23cd9c77f7a6 req-ac5f3616-cbcc-4e06-8a96-23cd9c77f7a6 ] Request (DeleteServersAdminTestJSON:test_admin_delete_servers_of_others): 200 GET http://10.180.1.21/compute/v2.1/servers/c198d320-9b6a-4177-9e5e-1d577f9a91ce 0.858s
2024-10-08 23:13:20.270 62609 INFO tempest.lib.common.rest_client [req-7dbceacd-7e58-4d9b-a67a-43ef1844b4d8 req-7dbceacd-7e58-4d9b-a67a-43ef1844b4d8 ] Request (ServicesAdminNegativeV253TestJSON:tearDownClass): 204 DELETE http://10.180.1.21/identity/v3/projects/a0a1e66301a9478cb0a27e8b7579da25 0.124s
2024-10-08 23:13:20.272 62651 INFO tempest.lib.common.rest_client [req-3feb33e7-c221-4b2a-a0a7-74b1c915ee14 req-3feb33e7-c221-4b2a-a0a7-74b1c915ee14 ] Request (ServersV294TestFqdnHostnames:setUpClass): 200 GET http://10.180.1.21/compute/v2.1/servers/01654798-4e54-4177-b20c-f6e0aecf72a7 0.786s
2024-10-08 23:13:20.311 62631 INFO tempest.lib.common.rest_client [req-9ef6a740-fac1-4133-b572-1aeac6f4267f req-9ef6a740-fac1-4133-b572-1aeac6f4267f ] Request (ServersAdminNegativeTestJSON:setUpClass): 200 GET http://10.180.1.21/compute/v2.1/servers/5d0e30b7-17b1-46c1-9cd0-05df00c9923e 0.814s
2024-10-08 23:13:20.328 62641 INFO tempest.lib.common.rest_client [req-91d8e8dc-a9c0-4dd4-b0bc-b587091c1428 req-91d8e8dc-a9c0-4dd4-b0bc-b587091c1428 ] Request (ServerGroup264TestJSON:setUpClass): 200 PUT http://10.180.1.21:9696/networking/v2.0/routers/da39203f-5205-45cd-82cf-ee0337e4b778/add_router_interface 2.392s
2024-10-08 23:13:20.329 62641 INFO tempest.lib.common.dynamic_creds [-] Created isolated network resources for: credentials: Credentials: {'domain_id': 'default', 'domain_name': 'Default', 'username': 'tempest-ServerGroup264TestJSON-1476411644-project-member', 'project_domain_id': 'default', 'project_domain_name': 'Default', 'project_id': '18dbb70b55f74fb28604fb14837857be', 'project_name': 'tempest-ServerGroup264TestJSON-1476411644', 'tenant_id': '18dbb70b55f74fb28604fb14837857be', 'tenant_name': 'tempest-ServerGroup264TestJSON-1476411644', 'user_domain_id': 'default', 'user_domain_name': 'Default', 'user_id': '895f879d6327450ab895e0dde18ed657', 'system': None}, Network: {'id': 'dd22107d-65e7-47e7-8e40-011b7bdfd007', 'name': 'tempest-ServerGroup264TestJSON-1631663391-network', 'tenant_id': '18dbb70b55f74fb28604fb14837857be', 'admin_state_up': True, 'mtu': 8950, 'status': 'ACTIVE', 'subnets': [], 'shared': False, 'project_id': '18dbb70b55f74fb28604fb14837857be', 'port_security_enabled': True, 'router:external': False, 'provider:network_type': 'vlan', 'provider:physical_network': 'default', 'provider:segmentation_id': 678, 'is_default': False, 'availability_zone_hints': [], 'availability_zones': [], 'ipv4_address_scope': None, 'ipv6_address_scope': None, 'description': '', 'tags': [], 'created_at': '2024-10-08T23:13:15Z', 'updated_at': '2024-10-08T23:13:15Z', 'revision_number': 1}, Subnet: {'id': '7e0d75f5-32af-4748-a246-5f532af1f50c', 'name': 'tempest-ServerGroup264TestJSON-1631663391-subnet', 'tenant_id': '18dbb70b55f74fb28604fb14837857be', 'network_id': 'dd22107d-65e7-47e7-8e40-011b7bdfd007', 'ip_version': 4, 'subnetpool_id': None, 'enable_dhcp': True, 'ipv6_ra_mode': None, 'ipv6_address_mode': None, 'gateway_ip': '192.168.128.1', 'cidr': '192.168.128.0/28', 'allocation_pools': [{'start': '192.168.128.2', 'end': '192.168.128.14'}], 'host_routes': [], 'dns_nameservers': [], 'description': '', 'router:external': False, 'service_types': [], 'tags': [], 'created_at': '2024-10-08T23:13:15Z', 'updated_at': '2024-10-08T23:13:15Z', 'revision_number': 0, 'project_id': '18dbb70b55f74fb28604fb14837857be'}, Router: {'id': 'da39203f-5205-45cd-82cf-ee0337e4b778', 'name': 'tempest-ServerGroup264TestJSON-1631663391-router', 'tenant_id': '18dbb70b55f74fb28604fb14837857be', 'admin_state_up': True, 'status': 'ACTIVE', 'external_gateway_info': {'network_id': '84d17955-09c8-4e3b-a83e-cc340ec17c85', 'external_fixed_ips': [{'subnet_id': '9e7620e4-3920-4659-ab6d-023dab8abb9b', 'ip_address': '10.180.180.180'}], 'enable_snat': True}, 'description': '', 'availability_zones': [], 'distributed': False, 'ha': False, 'availability_zone_hints': [], 'routes': [], 'flavor_id': None, 'tags': [], 'created_at': '2024-10-08T23:13:16Z', 'updated_at': '2024-10-08T23:13:17Z', 'revision_number': 2, 'project_id': '18dbb70b55f74fb28604fb14837857be'}
2024-10-08 23:13:20.334 62637 INFO tempest.lib.common.rest_client [req-e769c0c9-6225-47dc-a825-51abae29e026 req-e769c0c9-6225-47dc-a825-51abae29e026 ] Request (ListServerFiltersTestJSON:setUpClass): 200 GET http://10.180.1.21/compute/v2.1/servers/54e3c531-9253-4fc0-999c-2cb9a8388d08 0.749s
2024-10-08 23:13:20.344 62661 INFO tempest.lib.common.rest_client [req-026fb94c-e3e6-43ff-82ef-9d7666700450 req-026fb94c-e3e6-43ff-82ef-9d7666700450 ] Request (AggregatesAdminNegativeTestJSON:test_aggregate_list_as_user): 403 GET http://10.180.1.21/compute/v2.1/os-aggregates 0.737s
2024-10-08 23:13:20.351 62609 INFO tempest.lib.common.rest_client [req-e9cc9e08-9ca9-4008-88a3-e71d5afe262f req-e9cc9e08-9ca9-4008-88a3-e71d5afe262f ] Request (FloatingIPsAssociationTestJSON:setUpClass): 201 POST http://10.180.1.21/identity/v3/auth/tokens 0.079s
2024-10-08 23:13:20.389 62609 INFO tempest.lib.common.rest_client [req-1de97ae7-ea24-4bec-921a-0b28fd373699 req-1de97ae7-ea24-4bec-921a-0b28fd373699 ] Request (FloatingIPsAssociationTestJSON:setUpClass): 201 POST http://10.180.1.21/identity/v3/auth/tokens 0.035s
2024-10-08 23:13:20.404 62625 INFO tempest.lib.common.rest_client [req-c2e8e217-ca9a-49bd-9863-d856048877d8 req-c2e8e217-ca9a-49bd-9863-d856048877d8 ] Request (VolumesAssistedSnapshotsTest:test_volume_assisted_snapshot_create_delete): 200 GET http://10.180.1.21/compute/v2.1/servers/eac92d1f-d160-4e06-a71c-d064acdffb19 0.794s
2024-10-08 23:13:20.414 62655 INFO tempest.lib.common.rest_client [req-d71646b6-e418-4e70-9afa-06684aaf5af8 req-d71646b6-e418-4e70-9afa-06684aaf5af8 ] Request (NetworksTest:test_get_network): 200 GET http://10.180.1.21/compute/v2.1/os-networks/84d17955-09c8-4e3b-a83e-cc340ec17c85 0.827s
2024-10-08 23:13:20.415 62625 INFO tempest.common.waiters [-] State transition "BUILD/scheduling" ==> "BUILD/None" after 11 second wait
2024-10-08 23:13:20.427 62609 INFO tempest.lib.common.rest_client [req-9adee1e8-32ca-42ea-bcd8-62afce08b18f req-9adee1e8-32ca-42ea-bcd8-62afce08b18f ] Request (FloatingIPsAssociationTestJSON:setUpClass): 200 GET http://10.180.1.21/identity/v3/domains?name=Default 0.037s
2024-10-08 23:13:20.433 62641 INFO tempest.lib.common.rest_client [req-42aea7ed-e6a5-4f36-a5b5-bf0846eef7f9 req-42aea7ed-e6a5-4f36-a5b5-bf0846eef7f9 ] Request (ServerGroup264TestJSON:setUpClass): 201 POST http://10.180.1.21/identity/v3/auth/tokens 0.100s
2024-10-08 23:13:20.485 62609 INFO tempest.lib.common.rest_client [req-ce2a52ee-e34a-45af-b572-c2a77cbab3d2 req-ce2a52ee-e34a-45af-b572-c2a77cbab3d2 ] Request (FloatingIPsAssociationTestJSON:setUpClass): 201 POST http://10.180.1.21/identity/v3/projects 0.057s
2024-10-08 23:13:20.540 62667 INFO tempest.lib.common.rest_client [req-2f27b181-2842-4311-a344-a4603ca799f4 req-2f27b181-2842-4311-a344-a4603ca799f4 ] Request (ServerDiagnosticsV248Test:test_get_server_diagnostics): 200 GET http://10.180.1.21/compute/v2.1/servers/d22aff27-739f-4b0d-a0e4-b6316c252c3a 0.785s
2024-10-08 23:13:20.560 62613 INFO tempest.lib.common.rest_client [req-ddd56ad1-5cd2-494d-8211-6df4ae6bf00c req-ddd56ad1-5cd2-494d-8211-6df4ae6bf00c ] Request (ServersTestMultiNic:setUpClass): 201 POST http://10.180.1.21:9696/networking/v2.0/routers 1.576s
2024-10-08 23:13:20.570 62627 INFO tempest.lib.common.rest_client [req-3e6bde51-457e-41da-9138-1664a4ff8a54 req-3e6bde51-457e-41da-9138-1664a4ff8a54 ] Request (FlavorsAdminTestJSON:test_is_public_string_variations): 200 POST http://10.180.1.21/compute/v2.1/flavors 0.743s
2024-10-08 23:13:20.575 62609 INFO tempest.lib.common.rest_client [req-7c778673-e8cd-423d-9e32-6f08b0145a32 req-7c778673-e8cd-423d-9e32-6f08b0145a32 ] Request (FloatingIPsAssociationTestJSON:setUpClass): 201 POST http://10.180.1.21/identity/v3/users 0.090s
2024-10-08 23:13:20.586 62629 INFO tempest.lib.common.rest_client [req-828c98f0-3d1b-4e1c-a4e2-053ecdd1be0c req-828c98f0-3d1b-4e1c-a4e2-053ecdd1be0c ] Request (FlavorsV2TestJSON:test_list_flavors_using_marker): 200 GET http://10.180.1.21/compute/v2.1/flavors/42 0.744s
2024-10-08 23:13:20.598 62609 INFO tempest.lib.common.rest_client [req-73058dd6-7c78-468c-a183-8d1be3e88a9f req-73058dd6-7c78-468c-a183-8d1be3e88a9f ] Request (FloatingIPsAssociationTestJSON:setUpClass): 200 GET http://10.180.1.21/identity/v3/roles 0.022s
2024-10-08 23:13:20.610 62665 INFO tempest.lib.common.rest_client [req-74594bd4-88dd-44a9-b90d-806669b02d09 req-74594bd4-88dd-44a9-b90d-806669b02d09 ] Request (QuotasAdminTestJSON:test_get_updated_quotas): 200 GET http://10.180.1.21/compute/v2.1/os-quota-sets/f6e66fa97fcf4bd28f44964db3e246b9?user_id=27375a1da01e4c7c9082e1a5bc833f31 0.808s
2024-10-08 23:13:20.641 62609 INFO tempest.lib.common.rest_client [req-8b6f9473-a439-4405-be44-6d324ad8726a req-8b6f9473-a439-4405-be44-6d324ad8726a ] Request (FloatingIPsAssociationTestJSON:setUpClass): 204 PUT http://10.180.1.21/identity/v3/projects/e6bb9d26749748e4adb3c63225bb9bde/users/81791f8011614349806f125ed9c392da/roles/e7841392729243beb0067ddf7a8bac5c 0.043s
2024-10-08 23:13:20.641 62609 INFO tempest.lib.common.dynamic_creds [-] Dynamic test user 81791f8011614349806f125ed9c392da is created with scope project and roles: ['member']
2024-10-08 23:13:20.641 62609 INFO tempest.lib.common.dynamic_creds [-] Acquired dynamic creds: credentials: Credentials: {'domain_id': 'default', 'domain_name': 'Default', 'username': 'tempest-FloatingIPsAssociationTestJSON-959105026-project-member', 'project_domain_id': 'default', 'project_domain_name': 'Default', 'project_id': 'e6bb9d26749748e4adb3c63225bb9bde', 'project_name': 'tempest-FloatingIPsAssociationTestJSON-959105026', 'tenant_id': 'e6bb9d26749748e4adb3c63225bb9bde', 'tenant_name': 'tempest-FloatingIPsAssociationTestJSON-959105026', 'user_domain_id': 'default', 'user_domain_name': 'Default', 'user_id': '81791f8011614349806f125ed9c392da', 'system': None}, Network: None, Subnet: None, Router: None
2024-10-08 23:13:20.665 62605 INFO tempest.lib.common.rest_client [req-d0911803-42e1-4471-9389-970ddf718bc9 req-d0911803-42e1-4471-9389-970ddf718bc9 ] Request (ServersWithSpecificFlavorTestJSON:test_verify_created_server_ephemeral_disk): 200 GET http://10.180.1.21/compute/v2.1/servers/15f43ac0-ef8c-480c-bc07-05d2dbf0ee23 0.716s
2024-10-08 23:13:20.693 62665 INFO tempest.lib.common.rest_client [req-b5fb5148-042d-46e8-830e-a4fc43250221 req-b5fb5148-042d-46e8-830e-a4fc43250221 ] Request (QuotasAdminTestJSON:_run_cleanups): 204 DELETE http://10.180.1.21/identity/v3/users/27375a1da01e4c7c9082e1a5bc833f31 0.079s
2024-10-08 23:13:20.723 62609 INFO tempest.lib.common.rest_client [req-44a22ca4-bd3b-4af2-9f77-7f659402ed02 req-44a22ca4-bd3b-4af2-9f77-7f659402ed02 ] Request (FloatingIPsAssociationTestJSON:setUpClass): 201 POST http://10.180.1.21/identity/v3/auth/tokens 0.081s
2024-10-08 23:13:20.871 62665 INFO tempest.lib.common.rest_client [req-19f8ed94-f261-4801-8f36-cec603188b29 req-19f8ed94-f261-4801-8f36-cec603188b29 ] Request (QuotasAdminTestJSON:_run_cleanups): 204 DELETE http://10.180.1.21/identity/v3/projects/f6e66fa97fcf4bd28f44964db3e246b9 0.177s
2024-10-08 23:13:20.929 62607 INFO tempest.lib.common.rest_client [req-041da909-98c7-41df-bb78-4ce63a10e851 req-041da909-98c7-41df-bb78-4ce63a10e851 ] Request (SecurityGroupsTestJSON:test_list_security_groups_by_server): 200 POST http://10.180.1.21/compute/v2.1/os-security-groups 0.933s
2024-10-08 23:13:21.011 62653 INFO tempest.lib.common.rest_client [req-53b82148-d4c0-4ba8-ab1c-d57a921fa6a4 req-53b82148-d4c0-4ba8-ab1c-d57a921fa6a4 ] Request (VolumesAdminNegativeTest:test_update_attached_volume_with_nonexistent_volume_in_body): 200 GET http://10.180.1.21/compute/v2.1/servers/fc4267ff-dda1-444f-a5b0-a4954626b42d 0.970s
2024-10-08 23:13:21.040 62663 INFO tempest.lib.common.rest_client [req-fdaa943e-66a0-449e-88ff-f5887ee6e281 req-fdaa943e-66a0-449e-88ff-f5887ee6e281 ] Request (ImagesTestJSON:test_create_image_from_suspended_server): 202 POST http://10.180.1.21/compute/v2.1/servers 1.166s
2024-10-08 23:13:21.114 62619 INFO tempest.lib.common.rest_client [req-650baa68-0562-45b7-828c-c5a1e62d6bad req-650baa68-0562-45b7-828c-c5a1e62d6bad ] Request (ServersAdmin275Test:test_rebuild_update_server_275): 200 GET http://10.180.1.21/compute/v2.1/servers/0eb2a772-7635-481a-ae2c-9f23669dd175 0.961s
2024-10-08 23:13:21.182 62623 INFO tempest.lib.common.rest_client [req-a3c55806-40ea-4504-90af-9a0e3385b944 req-a3c55806-40ea-4504-90af-9a0e3385b944 ] Request (ServerDiagnosticsNegativeTest:test_get_server_diagnostics_by_non_admin): 200 GET http://10.180.1.21/compute/v2.1/servers/73c833ef-7761-4372-9d02-b6dfc945e415 0.853s
2024-10-08 23:13:21.207 62661 INFO tempest.lib.common.rest_client [req-6c6cd641-0500-4d85-8553-5fca26e669a6 req-6c6cd641-0500-4d85-8553-5fca26e669a6 ] Request (AggregatesAdminNegativeTestJSON:test_aggregate_remove_host_as_user): 200 POST http://10.180.1.21/compute/v2.1/os-aggregates 0.861s
2024-10-08 23:13:21.226 62609 INFO tempest.lib.common.rest_client [req-f29773b3-61c3-4bf4-893e-be26f5e713f8 req-f29773b3-61c3-4bf4-893e-be26f5e713f8 ] Request (FloatingIPsAssociationTestJSON:setUpClass): 201 POST http://10.180.1.21:9696/networking/v2.0/networks 0.502s
2024-10-08 23:13:21.270 62643 INFO tempest.lib.common.rest_client [req-19fa8611-17c9-4826-b7be-28849d2b9c8d req-19fa8611-17c9-4826-b7be-28849d2b9c8d ] Request (SecurityGroupRulesNegativeTestJSON:tearDownClass): 202 DELETE http://10.180.1.21/compute/v2.1/os-security-groups/e0c8d9ff-5190-4601-9edf-3c682b620267 1.146s
2024-10-08 23:13:21.392 62611 INFO tempest.lib.common.rest_client [req-ca4a5d88-fb92-427e-af0f-41a8bbfa0ead req-ca4a5d88-fb92-427e-af0f-41a8bbfa0ead ] Request (ServersTestFqdnHostnames:test_create_server_with_fqdn_name): 200 GET http://10.180.1.21/compute/v2.1/servers/431d3ce0-a5ed-46c0-9c94-9a8d2fbdc4f4 0.984s
2024-10-08 23:13:21.415 62655 INFO tempest.lib.common.rest_client [req-1b739901-c955-475d-999c-4633151b4f6a req-1b739901-c955-475d-999c-4633151b4f6a ] Request (NetworksTest:test_list_all_networks): 200 GET http://10.180.1.21/compute/v2.1/os-networks 0.997s
2024-10-08 23:13:21.509 62657 INFO tempest.lib.common.rest_client [req-a93ce36e-317b-4e6d-bfec-4df8f517627a req-a93ce36e-317b-4e6d-bfec-4df8f517627a ] Request (ImagesNegativeTestJSON:test_create_image_from_deleted_server): 200 GET http://10.180.1.21/compute/v2.1/servers/1523daf8-033b-48e2-a495-885feb4e0ea3 1.021s
2024-10-08 23:13:21.534 62627 INFO tempest.lib.common.rest_client [req-6bf84d21-7cad-49cd-af6e-1ad1bc9f8136 req-6bf84d21-7cad-49cd-af6e-1ad1bc9f8136 ] Request (FlavorsAdminTestJSON:test_is_public_string_variations): 200 GET http://10.180.1.21/compute/v2.1/flavors/detail?is_public=f 0.961s
2024-10-08 23:13:21.546 62609 INFO tempest.lib.common.rest_client [req-a38fde51-c928-44a9-845c-b4b2242980e0 req-a38fde51-c928-44a9-845c-b4b2242980e0 ] Request (FloatingIPsAssociationTestJSON:setUpClass): 201 POST http://10.180.1.21:9696/networking/v2.0/subnets 0.319s
2024-10-08 23:13:21.562 62629 INFO tempest.lib.common.rest_client [req-b82610d7-222e-4eca-9d33-ebd2c238bc41 req-b82610d7-222e-4eca-9d33-ebd2c238bc41 ] Request (FlavorsV2TestJSON:test_list_flavors_using_marker): 200 GET http://10.180.1.21/compute/v2.1/flavors?marker=42 0.968s
2024-10-08 23:13:21.586 62655 INFO tempest.lib.common.rest_client [req-005cc605-2368-4b75-9793-1b2735a6ea92 req-005cc605-2368-4b75-9793-1b2735a6ea92 ] Request (NetworksTest:tearDownClass): 204 DELETE http://10.180.1.21/identity/v3/users/e798303dbb6b42f69e8635ea92c7b798 0.169s
2024-10-08 23:13:21.594 62641 INFO tempest.lib.common.rest_client [req-c52a0dbb-8bc9-41d2-8065-3f1d9b31d7fe req-c52a0dbb-8bc9-41d2-8065-3f1d9b31d7fe ] Request (ServerGroup264TestJSON:test_create_get_server_group): 200 POST http://10.180.1.21/compute/v2.1/os-server-groups 1.159s
2024-10-08 23:13:21.693 62633 INFO tempest.lib.common.rest_client [req-884f7650-abd4-424d-ab5f-bb9455825c84 req-884f7650-abd4-424d-ab5f-bb9455825c84 ] Request (ServersTestBootFromVolume:setUpClass): 200 GET http://10.180.1.21/compute/v2.1/servers/546a40aa-c278-460c-8c91-c6c903d751ab 0.777s
2024-10-08 23:13:21.709 62655 INFO tempest.lib.common.rest_client [req-82949547-2e31-452d-8ec6-7f35197e6890 req-82949547-2e31-452d-8ec6-7f35197e6890 ] Request (NetworksTest:tearDownClass): 204 DELETE http://10.180.1.21/identity/v3/users/ad34f5128ff946b496dae63c1bd8286d 0.122s
2024-10-08 23:13:21.709 62655 INFO tempest.lib.common.dynamic_creds [-] Deleting project and security group for project: 0ee74f5f9f54479f9b07935f13e9649f
2024-10-08 23:13:21.738 62665 INFO tempest.lib.common.rest_client [req-49633659-977f-4200-9ea7-d8d2bf0b9761 req-49633659-977f-4200-9ea7-d8d2bf0b9761 ] Request (QuotasAdminTestJSON:test_update_all_quota_resources_for_tenant): 200 GET http://10.180.1.21/compute/v2.1/os-quota-sets/94b7e350a73646468a027b2c25309fa8/defaults 0.864s
2024-10-08 23:13:21.813 62647 INFO tempest.lib.common.rest_client [req-fbf119d2-bbd1-4780-ab86-5dd5e7d52589 req-fbf119d2-bbd1-4780-ab86-5dd5e7d52589 ] Request (TenantUsagesTestJSON:setUpClass): 200 GET http://10.180.1.21/compute/v2.1/servers/489cd441-f925-4cfd-8a6a-9f4d3e22d6dc 0.776s
2024-10-08 23:13:21.815 62655 INFO tempest.lib.common.rest_client [req-cb4a5b0f-10fe-482a-896e-70ab6ea25584 req-cb4a5b0f-10fe-482a-896e-70ab6ea25584 ] Request (NetworksTest:tearDownClass): 201 POST http://10.180.1.21/identity/v3/auth/tokens 0.106s
2024-10-08 23:13:21.866 62613 INFO tempest.lib.common.rest_client [req-c84feeb8-4128-4737-bfab-bd248718256f req-c84feeb8-4128-4737-bfab-bd248718256f ] Request (ServersTestMultiNic:setUpClass): 200 PUT http://10.180.1.21:9696/networking/v2.0/routers/35f62e4e-fdb8-4b62-a912-401c95e0c629/add_router_interface 1.305s
2024-10-08 23:13:21.866 62613 INFO tempest.lib.common.dynamic_creds [-] Created isolated network resources for: credentials: Credentials: {'domain_id': 'default', 'domain_name': 'Default', 'username': 'tempest-ServersTestMultiNic-64025196-project-member', 'project_domain_id': 'default', 'project_domain_name': 'Default', 'project_id': '0ff43f079c154fc6982d0cd583c6f789', 'project_name': 'tempest-ServersTestMultiNic-64025196', 'tenant_id': '0ff43f079c154fc6982d0cd583c6f789', 'tenant_name': 'tempest-ServersTestMultiNic-64025196', 'user_domain_id': 'default', 'user_domain_name': 'Default', 'user_id': '72595ab2bbf94ec5ac63a5b5351ae798', 'system': None}, Network: {'id': 'd8bdaab1-93e3-4050-aad2-db10e0d9fc37', 'name': 'tempest-ServersTestMultiNic-912691908-network', 'tenant_id': '0ff43f079c154fc6982d0cd583c6f789', 'admin_state_up': True, 'mtu': 8950, 'status': 'ACTIVE', 'subnets': [], 'shared': False, 'project_id': '0ff43f079c154fc6982d0cd583c6f789', 'port_security_enabled': True, 'router:external': False, 'provider:network_type': 'vlan', 'provider:physical_network': 'default', 'provider:segmentation_id': 417, 'is_default': False, 'availability_zone_hints': [], 'availability_zones': [], 'ipv4_address_scope': None, 'ipv6_address_scope': None, 'description': '', 'tags': [], 'created_at': '2024-10-08T23:13:18Z', 'updated_at': '2024-10-08T23:13:18Z', 'revision_number': 1}, Subnet: {'id': 'd55b47a8-b774-4d9a-a8fa-53c32aa7d18e', 'name': 'tempest-ServersTestMultiNic-912691908-subnet', 'tenant_id': '0ff43f079c154fc6982d0cd583c6f789', 'network_id': 'd8bdaab1-93e3-4050-aad2-db10e0d9fc37', 'ip_version': 4, 'subnetpool_id': None, 'enable_dhcp': True, 'ipv6_ra_mode': None, 'ipv6_address_mode': None, 'gateway_ip': '192.168.128.1', 'cidr': '192.168.128.0/28', 'allocation_pools': [{'start': '192.168.128.2', 'end': '192.168.128.14'}], 'host_routes': [], 'dns_nameservers': [], 'description': '', 'router:external': False, 'service_types': [], 'tags': [], 'created_at': '2024-10-08T23:13:18Z', 'updated_at': '2024-10-08T23:13:18Z', 'revision_number': 0, 'project_id': '0ff43f079c154fc6982d0cd583c6f789'}, Router: {'id': '35f62e4e-fdb8-4b62-a912-401c95e0c629', 'name': 'tempest-ServersTestMultiNic-912691908-router', 'tenant_id': '0ff43f079c154fc6982d0cd583c6f789', 'admin_state_up': True, 'status': 'ACTIVE', 'external_gateway_info': {'network_id': '84d17955-09c8-4e3b-a83e-cc340ec17c85', 'external_fixed_ips': [{'subnet_id': '9e7620e4-3920-4659-ab6d-023dab8abb9b', 'ip_address': '10.180.180.237'}], 'enable_snat': True}, 'description': '', 'availability_zones': [], 'distributed': False, 'ha': False, 'availability_zone_hints': [], 'routes': [], 'flavor_id': None, 'tags': [], 'created_at': '2024-10-08T23:13:19Z', 'updated_at': '2024-10-08T23:13:19Z', 'revision_number': 2, 'project_id': '0ff43f079c154fc6982d0cd583c6f789'}
2024-10-08 23:13:21.875 62663 INFO tempest.lib.common.rest_client [req-a3e60520-9e6a-47d2-bdd6-2aa7e5a95df1 req-a3e60520-9e6a-47d2-bdd6-2aa7e5a95df1 ] Request (ImagesTestJSON:test_create_image_from_suspended_server): 200 GET http://10.180.1.21/compute/v2.1/servers/8c179402-a881-4b89-89d7-5e9031ba78cf 0.832s
2024-10-08 23:13:21.906 62607 INFO tempest.lib.common.rest_client [req-7cbedf67-a500-4a97-be46-cd24ad7c2117 req-7cbedf67-a500-4a97-be46-cd24ad7c2117 ] Request (SecurityGroupsTestJSON:test_list_security_groups_by_server): 200 POST http://10.180.1.21/compute/v2.1/os-security-groups 0.974s
2024-10-08 23:13:21.939 62645 INFO tempest.lib.common.rest_client [req-370c78eb-8031-46f3-8a36-34032eb98c8f req-370c78eb-8031-46f3-8a36-34032eb98c8f ] Request (ListImageFiltersTestJSON:setUpClass): 200 GET http://10.180.1.21/compute/v2.1/servers/fd5478d6-9fa8-4471-8b95-b89f3d826bcc 0.817s
2024-10-08 23:13:21.952 62613 INFO tempest.lib.common.rest_client [req-35dba776-4e52-4b9e-b359-d9ff8c3673bc req-35dba776-4e52-4b9e-b359-d9ff8c3673bc ] Request (ServersTestMultiNic:setUpClass): 201 POST http://10.180.1.21/identity/v3/auth/tokens 0.083s
2024-10-08 23:13:22.015 62607 INFO tempest.lib.common.rest_client [req-48e98567-9379-4a92-bf4f-8d126cef71ce req-48e98567-9379-4a92-bf4f-8d126cef71ce ] Request (SecurityGroupsTestJSON:test_list_security_groups_by_server): 201 POST http://10.180.1.21/identity/v3/auth/tokens 0.097s
2024-10-08 23:13:22.015 62607 INFO tempest.lib.common.fixed_network [-] (SecurityGroupsTestJSON:test_list_security_groups_by_server) Found network {'id': '831eece9-e402-442b-b933-93e089c864be', 'name': 'tempest-SecurityGroupsTestJSON-1971247571-network', 'tenant_id': 'fd4cd004b0d54bb49a88722fd1312249', 'admin_state_up': True, 'mtu': 8950, 'status': 'ACTIVE', 'subnets': [], 'shared': False, 'project_id': 'fd4cd004b0d54bb49a88722fd1312249', 'port_security_enabled': True, 'router:external': False, 'provider:network_type': 'vlan', 'provider:physical_network': 'default', 'provider:segmentation_id': 919, 'is_default': False, 'availability_zone_hints': [], 'availability_zones': [], 'ipv4_address_scope': None, 'ipv6_address_scope': None, 'description': '', 'tags': [], 'created_at': '2024-10-08T23:13:14Z', 'updated_at': '2024-10-08T23:13:14Z', 'revision_number': 1} available for tenant
2024-10-08 23:13:22.025 62659 INFO tempest.lib.common.rest_client [req-241577ad-51ae-4f4f-9226-c0650acc3962 req-241577ad-51ae-4f4f-9226-c0650acc3962 ] Request (ServerDiagnosticsTest:test_get_server_diagnostics): 200 GET http://10.180.1.21/compute/v2.1/servers/0144a1d0-bc85-4c8c-9342-8c12da4b8967 0.835s
2024-10-08 23:13:22.074 62661 INFO tempest.lib.common.rest_client [req-758dfb3c-e6d4-4783-b873-ff72d89f5182 req-758dfb3c-e6d4-4783-b873-ff72d89f5182 ] Request (AggregatesAdminNegativeTestJSON:test_aggregate_remove_host_as_user): 200 POST http://10.180.1.21/compute/v2.1/os-aggregates/7/action 0.865s
2024-10-08 23:13:22.089 62615 INFO tempest.lib.common.rest_client [req-2c459c53-3650-41b1-b5b4-4263762dcfac req-2c459c53-3650-41b1-b5b4-4263762dcfac ] Request (ServerExternalEventsTest:test_create_server_external_events): 200 GET http://10.180.1.21/compute/v2.1/servers/50feff45-9ede-4d4d-b136-bfb5fd916dc9 0.875s
2024-10-08 23:13:22.163 62635 INFO tempest.lib.common.rest_client [req-d4874b56-020b-4f86-8848-da79d3f8cf84 req-d4874b56-020b-4f86-8848-da79d3f8cf84 ] Request (DeleteServersAdminTestJSON:test_admin_delete_servers_of_others): 200 GET http://10.180.1.21/compute/v2.1/servers/c198d320-9b6a-4177-9e5e-1d577f9a91ce 0.901s
2024-10-08 23:13:22.165 62655 INFO tempest.lib.common.rest_client [req-8a42aced-e72f-46b5-b58d-263dba99065b req-8a42aced-e72f-46b5-b58d-263dba99065b ] Request (NetworksTest:tearDownClass): 200 GET http://10.180.1.21:9696/networking/v2.0/security-groups?tenant_id=0ee74f5f9f54479f9b07935f13e9649f&name=default 0.350s
2024-10-08 23:13:22.172 62635 INFO tempest.common.waiters [-] State transition "BUILD/spawning" ==> "BUILD/scheduling" after 30 second wait
2024-10-08 23:13:22.209 62613 INFO tempest.lib.common.rest_client [req-1141ac11-6550-48f2-aa27-f00b60d2b96e req-1141ac11-6550-48f2-aa27-f00b60d2b96e ] Request (ServersTestMultiNic:test_verify_duplicate_network_nics): 201 POST http://10.180.1.21:9696/networking/v2.0/networks 0.255s
2024-10-08 23:13:22.250 62651 INFO tempest.lib.common.rest_client [req-318b5e62-4709-42ad-90ac-00452a16269e req-318b5e62-4709-42ad-90ac-00452a16269e ] Request (ServersV294TestFqdnHostnames:setUpClass): 200 GET http://10.180.1.21/compute/v2.1/servers/01654798-4e54-4177-b20c-f6e0aecf72a7 0.961s
2024-10-08 23:13:22.339 62631 INFO tempest.lib.common.rest_client [req-22f92776-906d-4158-86e4-00dd06c42fdf req-22f92776-906d-4158-86e4-00dd06c42fdf ] Request (ServersAdminNegativeTestJSON:setUpClass): 200 GET http://10.180.1.21/compute/v2.1/servers/5d0e30b7-17b1-46c1-9cd0-05df00c9923e 1.019s
2024-10-08 23:13:22.361 62643 INFO tempest.lib.common.rest_client [req-aeacf668-8cda-4a25-80ca-057f90a9af88 req-aeacf668-8cda-4a25-80ca-057f90a9af88 ] Request (SecurityGroupRulesNegativeTestJSON:tearDownClass): 202 DELETE http://10.180.1.21/compute/v2.1/os-security-groups/db785718-d593-4e60-b47e-fe8961061c31 1.091s
2024-10-08 23:13:22.427 62637 INFO tempest.lib.common.rest_client [req-af6e7ae5-9bdd-49b4-89fc-4ad4cbcf1bb0 req-af6e7ae5-9bdd-49b4-89fc-4ad4cbcf1bb0 ] Request (ListServerFiltersTestJSON:setUpClass): 200 GET http://10.180.1.21/compute/v2.1/servers/54e3c531-9253-4fc0-999c-2cb9a8388d08 1.086s
2024-10-08 23:13:22.428 62655 INFO tempest.lib.common.rest_client [req-08628b28-5532-4a8f-9810-c63596b90598 req-08628b28-5532-4a8f-9810-c63596b90598 ] Request (NetworksTest:tearDownClass): 204 DELETE http://10.180.1.21:9696/networking/v2.0/security-groups/3634b788-9128-42fe-903f-38e1455010f6 0.261s
2024-10-08 23:13:22.445 62627 INFO tempest.lib.common.rest_client [req-9f2dc723-9e94-4b53-bbaa-09809e8d4a6b req-9f2dc723-9e94-4b53-bbaa-09809e8d4a6b ] Request (FlavorsAdminTestJSON:test_is_public_string_variations): 200 GET http://10.180.1.21/compute/v2.1/flavors/detail?is_public=false 0.908s
2024-10-08 23:13:22.446 62625 INFO tempest.lib.common.rest_client [req-0311d2ab-44db-40fa-9783-18ff3ad3abe7 req-0311d2ab-44db-40fa-9783-18ff3ad3abe7 ] Request (VolumesAssistedSnapshotsTest:test_volume_assisted_snapshot_create_delete): 200 GET http://10.180.1.21/compute/v2.1/servers/eac92d1f-d160-4e06-a71c-d064acdffb19 1.029s
2024-10-08 23:13:22.466 62629 INFO tempest.lib.common.rest_client [req-0c7b84e7-c3bc-4641-8c9a-d8604736edac req-0c7b84e7-c3bc-4641-8c9a-d8604736edac ] Request (FlavorsV2TestJSON:test_list_flavors_with_detail): 200 GET http://10.180.1.21/compute/v2.1/flavors/detail 0.897s
2024-10-08 23:13:22.488 62641 INFO tempest.lib.common.rest_client [req-06825ba3-8ce8-4787-b5cb-b296dfbb17c8 req-06825ba3-8ce8-4787-b5cb-b296dfbb17c8 ] Request (ServerGroup264TestJSON:test_create_get_server_group): 200 GET http://10.180.1.21/compute/v2.1/os-server-groups 0.890s
2024-10-08 23:13:22.542 62655 INFO tempest.lib.common.rest_client [req-cfffe226-7af1-477e-88bb-bcdfa02d4c44 req-cfffe226-7af1-477e-88bb-bcdfa02d4c44 ] Request (NetworksTest:tearDownClass): 204 DELETE http://10.180.1.21/identity/v3/projects/0ee74f5f9f54479f9b07935f13e9649f 0.113s
2024-10-08 23:13:22.542 62655 INFO tempest.lib.common.dynamic_creds [-] Deleting project and security group for project: 5240b45139ab4c74bba927c4ae3b4ab8
2024-10-08 23:13:22.542 62667 INFO tempest.lib.common.rest_client [req-35bd6d8e-2aff-4e87-a25c-60a81dfff7c7 req-35bd6d8e-2aff-4e87-a25c-60a81dfff7c7 ] Request (ServerDiagnosticsV248Test:test_get_server_diagnostics): 200 GET http://10.180.1.21/compute/v2.1/servers/d22aff27-739f-4b0d-a0e4-b6316c252c3a 0.990s
2024-10-08 23:13:22.563 62613 INFO tempest.lib.common.rest_client [req-3cf96756-186e-4f58-91e0-6e317e70e80b req-3cf96756-186e-4f58-91e0-6e317e70e80b ] Request (ServersTestMultiNic:test_verify_duplicate_network_nics): 201 POST http://10.180.1.21:9696/networking/v2.0/subnets 0.353s
2024-10-08 23:13:22.564 62605 INFO tempest.lib.common.rest_client [req-5eec6bb8-ed95-4eee-8ad2-754be7b0102b req-5eec6bb8-ed95-4eee-8ad2-754be7b0102b ] Request (ServersWithSpecificFlavorTestJSON:test_verify_created_server_ephemeral_disk): 200 GET http://10.180.1.21/compute/v2.1/servers/15f43ac0-ef8c-480c-bc07-05d2dbf0ee23 0.890s
2024-10-08 23:13:22.697 62613 INFO tempest.lib.common.rest_client [req-a0b29300-7d68-4302-b61c-de665a7365ad req-a0b29300-7d68-4302-b61c-de665a7365ad ] Request (ServersTestMultiNic:test_verify_duplicate_network_nics): 201 POST http://10.180.1.21:9696/networking/v2.0/networks 0.133s
2024-10-08 23:13:22.821 62655 INFO tempest.lib.common.rest_client [req-7938e745-9328-4b7b-8ca5-af1615241d63 req-7938e745-9328-4b7b-8ca5-af1615241d63 ] Request (NetworksTest:tearDownClass): 200 GET http://10.180.1.21:9696/networking/v2.0/security-groups?tenant_id=5240b45139ab4c74bba927c4ae3b4ab8&name=default 0.278s
2024-10-08 23:13:22.843 62665 INFO tempest.lib.common.rest_client [req-b90d7ff9-9fc6-4d0d-9e85-2c5113b74d5c req-b90d7ff9-9fc6-4d0d-9e85-2c5113b74d5c ] Request (QuotasAdminTestJSON:test_update_all_quota_resources_for_tenant): 200 PUT http://10.180.1.21/compute/v2.1/os-quota-sets/94b7e350a73646468a027b2c25309fa8 1.103s
2024-10-08 23:13:22.901 62609 INFO tempest.lib.common.rest_client [req-328ccb22-42ba-424a-b06f-1449ebed977d req-328ccb22-42ba-424a-b06f-1449ebed977d ] Request (FloatingIPsAssociationTestJSON:setUpClass): 201 POST http://10.180.1.21:9696/networking/v2.0/routers 1.354s
2024-10-08 23:13:22.914 62653 INFO tempest.lib.common.rest_client [req-4df4cd8f-1546-43ce-86ff-862e754c1894 req-4df4cd8f-1546-43ce-86ff-862e754c1894 ] Request (VolumesAdminNegativeTest:test_update_attached_volume_with_nonexistent_volume_in_body): 200 GET http://10.180.1.21/compute/v2.1/servers/fc4267ff-dda1-444f-a5b0-a4954626b42d 0.893s
2024-10-08 23:13:22.927 62661 INFO tempest.lib.common.rest_client [req-e63be3d3-484e-4eee-b064-4ffa4cf9d0c6 req-e63be3d3-484e-4eee-b064-4ffa4cf9d0c6 ] Request (AggregatesAdminNegativeTestJSON:test_aggregate_remove_host_as_user): 403 POST http://10.180.1.21/compute/v2.1/os-aggregates/7/action 0.850s
2024-10-08 23:13:23.000 62613 INFO tempest.lib.common.rest_client [req-a2f66e17-8d36-4390-ac00-3e26d09853e4 req-a2f66e17-8d36-4390-ac00-3e26d09853e4 ] Request (ServersTestMultiNic:test_verify_duplicate_network_nics): 201 POST http://10.180.1.21:9696/networking/v2.0/subnets 0.303s
2024-10-08 23:13:23.000 62655 INFO tempest.lib.common.rest_client [req-215c83a2-0d78-4c54-bcf7-396821415b0c req-215c83a2-0d78-4c54-bcf7-396821415b0c ] Request (NetworksTest:tearDownClass): 204 DELETE http://10.180.1.21:9696/networking/v2.0/security-groups/483fdb3a-6e91-4078-9103-bc0bc0ea9b67 0.178s
2024-10-08 23:13:23.008 62619 INFO tempest.lib.common.rest_client [req-cf5bc984-e4aa-4e5a-a6d4-c1360318fab3 req-cf5bc984-e4aa-4e5a-a6d4-c1360318fab3 ] Request (ServersAdmin275Test:test_rebuild_update_server_275): 200 GET http://10.180.1.21/compute/v2.1/servers/0eb2a772-7635-481a-ae2c-9f23669dd175 0.879s
2024-10-08 23:13:23.071 62623 INFO tempest.lib.common.rest_client [req-bb85b7ce-589a-4697-a22f-b551eb2a6913 req-bb85b7ce-589a-4697-a22f-b551eb2a6913 ] Request (ServerDiagnosticsNegativeTest:test_get_server_diagnostics_by_non_admin): 200 GET http://10.180.1.21/compute/v2.1/servers/73c833ef-7761-4372-9d02-b6dfc945e415 0.881s
2024-10-08 23:13:23.075 62613 INFO tempest.lib.common.rest_client [req-97df5cd8-2c19-4cc4-8993-6d689e286cb2 req-97df5cd8-2c19-4cc4-8993-6d689e286cb2 ] Request (ServersTestMultiNic:test_verify_duplicate_network_nics): 201 POST http://10.180.1.21/identity/v3/auth/tokens 0.069s
2024-10-08 23:13:23.076 62613 INFO tempest.lib.common.fixed_network [-] (ServersTestMultiNic:test_verify_duplicate_network_nics) Found network {'id': 'd8bdaab1-93e3-4050-aad2-db10e0d9fc37', 'name': 'tempest-ServersTestMultiNic-912691908-network', 'tenant_id': '0ff43f079c154fc6982d0cd583c6f789', 'admin_state_up': True, 'mtu': 8950, 'status': 'ACTIVE', 'subnets': [], 'shared': False, 'project_id': '0ff43f079c154fc6982d0cd583c6f789', 'port_security_enabled': True, 'router:external': False, 'provider:network_type': 'vlan', 'provider:physical_network': 'default', 'provider:segmentation_id': 417, 'is_default': False, 'availability_zone_hints': [], 'availability_zones': [], 'ipv4_address_scope': None, 'ipv6_address_scope': None, 'description': '', 'tags': [], 'created_at': '2024-10-08T23:13:18Z', 'updated_at': '2024-10-08T23:13:18Z', 'revision_number': 1} available for tenant
2024-10-08 23:13:23.122 62655 INFO tempest.lib.common.rest_client [req-4068e942-0c1c-4ef1-876b-23ccc38650d3 req-4068e942-0c1c-4ef1-876b-23ccc38650d3 ] Request (NetworksTest:tearDownClass): 204 DELETE http://10.180.1.21/identity/v3/projects/5240b45139ab4c74bba927c4ae3b4ab8 0.121s
2024-10-08 23:13:23.190 62643 INFO tempest.lib.common.rest_client [req-9d7e14ba-ad71-4b65-95e2-8538c131f51f req-9d7e14ba-ad71-4b65-95e2-8538c131f51f ] Request (SecurityGroupRulesNegativeTestJSON:tearDownClass): 202 DELETE http://10.180.1.21/compute/v2.1/os-security-groups/a740d584-0b53-4cdb-9ff0-c256d7c614f0 0.827s
2024-10-08 23:13:23.201 62655 INFO tempest.lib.common.rest_client [req-731b7a30-35b8-42ae-9ba8-740088cbee32 req-731b7a30-35b8-42ae-9ba8-740088cbee32 ] Request (AttachInterfacesTestJSON:setUpClass): 201 POST http://10.180.1.21/identity/v3/auth/tokens 0.077s
2024-10-08 23:13:23.232 62655 INFO tempest.lib.common.rest_client [req-34c1576d-10ff-4c36-a78c-51fb702b75fa req-34c1576d-10ff-4c36-a78c-51fb702b75fa ] Request (AttachInterfacesTestJSON:setUpClass): 201 POST http://10.180.1.21/identity/v3/auth/tokens 0.027s
2024-10-08 23:13:23.250 62607 INFO tempest.lib.common.rest_client [req-52710e4c-38f3-4073-b37a-3b1b0a84b19d req-52710e4c-38f3-4073-b37a-3b1b0a84b19d ] Request (SecurityGroupsTestJSON:test_list_security_groups_by_server): 202 POST http://10.180.1.21/compute/v2.1/servers 1.234s
2024-10-08 23:13:23.256 62611 INFO tempest.lib.common.rest_client [req-4cf03c99-20ba-4ee3-a3ee-e3a21f32b021 req-4cf03c99-20ba-4ee3-a3ee-e3a21f32b021 ] Request (ServersTestFqdnHostnames:test_create_server_with_fqdn_name): 200 GET http://10.180.1.21/compute/v2.1/servers/431d3ce0-a5ed-46c0-9c94-9a8d2fbdc4f4 0.857s
2024-10-08 23:13:23.264 62655 INFO tempest.lib.common.rest_client [req-52ff60f5-1823-44c4-a59a-a26073c02a21 req-52ff60f5-1823-44c4-a59a-a26073c02a21 ] Request (AttachInterfacesTestJSON:setUpClass): 200 GET http://10.180.1.21/identity/v3/domains?name=Default 0.031s
2024-10-08 23:13:23.265 62627 INFO tempest.lib.common.rest_client [req-4d9ab8e5-e973-4261-b34d-ed2ceef86e5b req-4d9ab8e5-e973-4261-b34d-ed2ceef86e5b ] Request (FlavorsAdminTestJSON:test_is_public_string_variations): 200 GET http://10.180.1.21/compute/v2.1/flavors/detail?is_public=no 0.816s
2024-10-08 23:13:23.268 62629 INFO tempest.lib.common.rest_client [req-9900ad99-e363-4d5c-99b3-f77fdffebf9b req-9900ad99-e363-4d5c-99b3-f77fdffebf9b ] Request (FlavorsV2TestJSON:test_list_flavors_with_detail): 200 GET http://10.180.1.21/compute/v2.1/flavors/42 0.793s
2024-10-08 23:13:23.281 62641 INFO tempest.lib.common.rest_client [req-10bd64fa-da52-4999-a2c3-6361272130f3 req-10bd64fa-da52-4999-a2c3-6361272130f3 ] Request (ServerGroup264TestJSON:test_create_get_server_group): 200 GET http://10.180.1.21/compute/v2.1/os-server-groups/6d59847b-bb32-4c73-ac32-b5c0fe114580 0.788s
2024-10-08 23:13:23.309 62655 INFO tempest.lib.common.rest_client [req-73b50cae-26f8-4451-8e8a-5a43ed1b9f46 req-73b50cae-26f8-4451-8e8a-5a43ed1b9f46 ] Request (AttachInterfacesTestJSON:setUpClass): 201 POST http://10.180.1.21/identity/v3/projects 0.045s
2024-10-08 23:13:23.346 62633 INFO tempest.lib.common.rest_client [req-d84179d5-b68c-4215-8dd2-d14039e83366 req-d84179d5-b68c-4215-8dd2-d14039e83366 ] Request (ServersTestBootFromVolume:setUpClass): 200 GET http://10.180.1.21/compute/v2.1/servers/546a40aa-c278-460c-8c91-c6c903d751ab 0.605s
2024-10-08 23:13:23.350 62629 INFO tempest.lib.common.rest_client [req-549fb3c2-3f4e-4e84-b6f7-80ac9370f3f0 req-549fb3c2-3f4e-4e84-b6f7-80ac9370f3f0 ] Request (FlavorsV2TestJSON:tearDownClass): 204 DELETE http://10.180.1.21/identity/v3/users/c18e8e0d9783409cab730a9e79ae35dd 0.079s
2024-10-08 23:13:23.350 62629 INFO tempest.lib.common.dynamic_creds [-] Deleting project and security group for project: ffc331aa22414c019e32a07a1fbe23be
2024-10-08 23:13:23.407 62647 INFO tempest.lib.common.rest_client [req-3b037373-035f-45b2-86d3-550c0f2015ca req-3b037373-035f-45b2-86d3-550c0f2015ca ] Request (TenantUsagesTestJSON:setUpClass): 200 GET http://10.180.1.21/compute/v2.1/servers/489cd441-f925-4cfd-8a6a-9f4d3e22d6dc 0.582s
2024-10-08 23:13:23.422 62629 INFO tempest.lib.common.rest_client [req-07ccab81-33b8-4c5b-952d-64b4325c0fed req-07ccab81-33b8-4c5b-952d-64b4325c0fed ] Request (FlavorsV2TestJSON:tearDownClass): 201 POST http://10.180.1.21/identity/v3/auth/tokens 0.071s
2024-10-08 23:13:23.425 62655 INFO tempest.lib.common.rest_client [req-72246463-3171-4180-9372-ecb030e87dc3 req-72246463-3171-4180-9372-ecb030e87dc3 ] Request (AttachInterfacesTestJSON:setUpClass): 201 POST http://10.180.1.21/identity/v3/users 0.115s
2024-10-08 23:13:23.449 62655 INFO tempest.lib.common.rest_client [req-907dae15-7ee1-4d30-8978-fb86c5c298cb req-907dae15-7ee1-4d30-8978-fb86c5c298cb ] Request (AttachInterfacesTestJSON:setUpClass): 200 GET http://10.180.1.21/identity/v3/roles 0.023s
2024-10-08 23:13:23.522 62657 INFO tempest.lib.common.rest_client [req-ba6881d5-ec7a-41ef-bdfd-6df67fbea8ab req-ba6881d5-ec7a-41ef-bdfd-6df67fbea8ab ] Request (ImagesNegativeTestJSON:test_create_image_from_deleted_server): 200 GET http://10.180.1.21/compute/v2.1/servers/1523daf8-033b-48e2-a495-885feb4e0ea3 1.000s
2024-10-08 23:13:23.536 62655 INFO tempest.lib.common.rest_client [req-6ec44342-b34a-4237-94e1-f3f08c8d41aa req-6ec44342-b34a-4237-94e1-f3f08c8d41aa ] Request (AttachInterfacesTestJSON:setUpClass): 204 PUT http://10.180.1.21/identity/v3/projects/fcecae6c09124e9fa4dcd5d63833b0bd/users/68c2209271e043b698fd3794955f40bd/roles/e7841392729243beb0067ddf7a8bac5c 0.087s
2024-10-08 23:13:23.536 62655 INFO tempest.lib.common.dynamic_creds [-] Dynamic test user 68c2209271e043b698fd3794955f40bd is created with scope project and roles: ['member']
2024-10-08 23:13:23.537 62655 INFO tempest.lib.common.dynamic_creds [-] Acquired dynamic creds: credentials: Credentials: {'domain_id': 'default', 'domain_name': 'Default', 'username': 'tempest-AttachInterfacesTestJSON-181815545-project-member', 'project_domain_id': 'default', 'project_domain_name': 'Default', 'project_id': 'fcecae6c09124e9fa4dcd5d63833b0bd', 'project_name': 'tempest-AttachInterfacesTestJSON-181815545', 'tenant_id': 'fcecae6c09124e9fa4dcd5d63833b0bd', 'tenant_name': 'tempest-AttachInterfacesTestJSON-181815545', 'user_domain_id': 'default', 'user_domain_name': 'Default', 'user_id': '68c2209271e043b698fd3794955f40bd', 'system': None}, Network: None, Subnet: None, Router: None
2024-10-08 23:13:23.577 62663 INFO tempest.lib.common.rest_client [req-a4947197-464a-4fc9-afde-8e2da18cc4cf req-a4947197-464a-4fc9-afde-8e2da18cc4cf ] Request (ImagesTestJSON:test_create_image_from_suspended_server): 200 GET http://10.180.1.21/compute/v2.1/servers/8c179402-a881-4b89-89d7-5e9031ba78cf 0.693s
2024-10-08 23:13:23.595 62655 INFO tempest.lib.common.rest_client [req-ec8caed3-9c97-45cb-8c77-98b94fa0c62b req-ec8caed3-9c97-45cb-8c77-98b94fa0c62b ] Request (AttachInterfacesTestJSON:setUpClass): 201 POST http://10.180.1.21/identity/v3/auth/tokens 0.058s
2024-10-08 23:13:23.704 62665 INFO tempest.lib.common.rest_client [req-ceddea33-ce58-42f1-a178-a0e8a39330cb req-ceddea33-ce58-42f1-a178-a0e8a39330cb ] Request (QuotasAdminTestJSON:_run_cleanups): 200 PUT http://10.180.1.21/compute/v2.1/os-quota-sets/94b7e350a73646468a027b2c25309fa8 0.858s
2024-10-08 23:13:23.705 62629 INFO tempest.lib.common.rest_client [req-c857e6d7-05a1-40d5-a69c-3e5c3cbca0d4 req-c857e6d7-05a1-40d5-a69c-3e5c3cbca0d4 ] Request (FlavorsV2TestJSON:tearDownClass): 200 GET http://10.180.1.21:9696/networking/v2.0/security-groups?tenant_id=ffc331aa22414c019e32a07a1fbe23be&name=default 0.283s
2024-10-08 23:13:23.782 62645 INFO tempest.lib.common.rest_client [req-c23ef100-ebf5-4504-ba60-47adf4f10e69 req-c23ef100-ebf5-4504-ba60-47adf4f10e69 ] Request (ListImageFiltersTestJSON:setUpClass): 200 GET http://10.180.1.21/compute/v2.1/servers/fd5478d6-9fa8-4471-8b95-b89f3d826bcc 0.834s
2024-10-08 23:13:23.817 62665 INFO tempest.lib.common.rest_client [req-ff22e4b4-4e04-4679-a3a3-1d794c848a2f req-ff22e4b4-4e04-4679-a3a3-1d794c848a2f ] Request (QuotasAdminTestJSON:tearDownClass): 204 DELETE http://10.180.1.21/identity/v3/users/10ff755613914860bd3064da13d679a5 0.109s
2024-10-08 23:13:23.866 62659 INFO tempest.lib.common.rest_client [req-2c416ff1-dbc9-4cc0-a49f-14474065e4ed req-2c416ff1-dbc9-4cc0-a49f-14474065e4ed ] Request (ServerDiagnosticsTest:test_get_server_diagnostics): 200 GET http://10.180.1.21/compute/v2.1/servers/0144a1d0-bc85-4c8c-9342-8c12da4b8967 0.832s
2024-10-08 23:13:23.901 62655 INFO tempest.lib.common.rest_client [req-a9e688d5-714e-4be8-930b-90ecf59ada1c req-a9e688d5-714e-4be8-930b-90ecf59ada1c ] Request (AttachInterfacesTestJSON:setUpClass): 201 POST http://10.180.1.21:9696/networking/v2.0/networks 0.306s
2024-10-08 23:13:23.938 62665 INFO tempest.lib.common.rest_client [req-8c4a0158-6a0b-4b32-8b33-7dbe14a363a1 req-8c4a0158-6a0b-4b32-8b33-7dbe14a363a1 ] Request (QuotasAdminTestJSON:tearDownClass): 204 DELETE http://10.180.1.21/identity/v3/users/01549c3da756467f9fc77294f1b28185 0.120s
2024-10-08 23:13:23.938 62665 INFO tempest.lib.common.dynamic_creds [-] Deleting project and security group for project: 94b7e350a73646468a027b2c25309fa8
2024-10-08 23:13:23.950 62661 INFO tempest.lib.common.rest_client [req-79b20a69-b12c-487e-9f52-99841c93be5b req-79b20a69-b12c-487e-9f52-99841c93be5b ] Request (AggregatesAdminNegativeTestJSON:_run_cleanups): 200 POST http://10.180.1.21/compute/v2.1/os-aggregates/7/action 1.022s
2024-10-08 23:13:23.992 62629 INFO tempest.lib.common.rest_client [req-a78c8b6a-d2b3-4471-b56e-62e9bcd6d94e req-a78c8b6a-d2b3-4471-b56e-62e9bcd6d94e ] Request (FlavorsV2TestJSON:tearDownClass): 204 DELETE http://10.180.1.21:9696/networking/v2.0/security-groups/d3fffa6e-11d4-4f56-b461-196e005c8456 0.287s
2024-10-08 23:13:24.001 62665 INFO tempest.lib.common.rest_client [req-88b2daa7-fdc3-4987-b097-05855290a202 req-88b2daa7-fdc3-4987-b097-05855290a202 ] Request (QuotasAdminTestJSON:tearDownClass): 201 POST http://10.180.1.21/identity/v3/auth/tokens 0.063s
2024-10-08 23:13:24.023 62615 INFO tempest.lib.common.rest_client [req-3271d315-51b8-49b1-ab4e-9622e81ce8b0 req-3271d315-51b8-49b1-ab4e-9622e81ce8b0 ] Request (ServerExternalEventsTest:test_create_server_external_events): 200 GET http://10.180.1.21/compute/v2.1/servers/50feff45-9ede-4d4d-b136-bfb5fd916dc9 0.921s
2024-10-08 23:13:24.077 62629 INFO tempest.lib.common.rest_client [req-25b068c8-8f24-4313-8348-ad85f73be062 req-25b068c8-8f24-4313-8348-ad85f73be062 ] Request (FlavorsV2TestJSON:tearDownClass): 204 DELETE http://10.180.1.21/identity/v3/projects/ffc331aa22414c019e32a07a1fbe23be 0.084s
2024-10-08 23:13:24.092 62635 INFO tempest.lib.common.rest_client [req-8e428d10-2f42-45b0-8807-225e119a932e req-8e428d10-2f42-45b0-8807-225e119a932e ] Request (DeleteServersAdminTestJSON:test_admin_delete_servers_of_others): 200 GET http://10.180.1.21/compute/v2.1/servers/c198d320-9b6a-4177-9e5e-1d577f9a91ce 0.920s
2024-10-08 23:13:24.104 62635 INFO tempest.common.waiters [-] State transition "BUILD/scheduling" ==> "ERROR/None" after 32 second wait
2024-10-08 23:13:24.124 62655 INFO tempest.lib.common.rest_client [req-657c6667-ba1a-426b-8686-af591fb3b847 req-657c6667-ba1a-426b-8686-af591fb3b847 ] Request (AttachInterfacesTestJSON:setUpClass): 201 POST http://10.180.1.21:9696/networking/v2.0/subnets 0.221s
2024-10-08 23:13:24.145 62629 INFO tempest.lib.common.rest_client [req-aff46640-b713-436c-a766-ca77bf0c02ea req-aff46640-b713-436c-a766-ca77bf0c02ea ] Request (ImagesOneServerTestJSON:setUpClass): 201 POST http://10.180.1.21/identity/v3/auth/tokens 0.066s
2024-10-08 23:13:24.180 62629 INFO tempest.lib.common.rest_client [req-7577f11c-9f3d-4da2-9c89-067f675148a7 req-7577f11c-9f3d-4da2-9c89-067f675148a7 ] Request (ImagesOneServerTestJSON:setUpClass): 201 POST http://10.180.1.21/identity/v3/auth/tokens 0.030s
2024-10-08 23:13:24.207 62629 INFO tempest.lib.common.rest_client [req-b2bcaa86-78ce-4cbb-87bd-2c72191641bb req-b2bcaa86-78ce-4cbb-87bd-2c72191641bb ] Request (ImagesOneServerTestJSON:setUpClass): 200 GET http://10.180.1.21/identity/v3/domains?name=Default 0.027s
2024-10-08 23:13:24.220 62643 INFO tempest.lib.common.rest_client [req-b1bf6c33-29a5-461b-81c5-84dea68eb9f1 req-b1bf6c33-29a5-461b-81c5-84dea68eb9f1 ] Request (SecurityGroupRulesNegativeTestJSON:tearDownClass): 202 DELETE http://10.180.1.21/compute/v2.1/os-security-groups/2bde4b20-a6b7-4c61-884a-7e24ff1069b1 1.030s
2024-10-08 23:13:24.237 62629 INFO tempest.lib.common.rest_client [req-4d64dcd3-0ea7-4573-8612-43b1de084f0f req-4d64dcd3-0ea7-4573-8612-43b1de084f0f ] Request (ImagesOneServerTestJSON:setUpClass): 201 POST http://10.180.1.21/identity/v3/projects 0.029s
2024-10-08 23:13:24.286 62607 INFO tempest.lib.common.rest_client [req-723c7c07-8530-4d8c-ae36-5d3312bb0c09 req-723c7c07-8530-4d8c-ae36-5d3312bb0c09 ] Request (SecurityGroupsTestJSON:test_list_security_groups_by_server): 200 GET http://10.180.1.21/compute/v2.1/servers/45fe27f5-0f20-48ff-ad25-03862ac9bdd9 1.033s
2024-10-08 23:13:24.305 62627 INFO tempest.lib.common.rest_client [req-7b9d476e-0371-4c8b-9f0b-52f5f59918af req-7b9d476e-0371-4c8b-9f0b-52f5f59918af ] Request (FlavorsAdminTestJSON:test_is_public_string_variations): 200 GET http://10.180.1.21/compute/v2.1/flavors/detail?is_public=0 1.037s
2024-10-08 23:13:24.306 62629 INFO tempest.lib.common.rest_client [req-6a5c480a-609d-44a3-8f58-94d4f232daff req-6a5c480a-609d-44a3-8f58-94d4f232daff ] Request (ImagesOneServerTestJSON:setUpClass): 201 POST http://10.180.1.21/identity/v3/users 0.068s
2024-10-08 23:13:24.331 62629 INFO tempest.lib.common.rest_client [req-a8c8ca18-75e9-4fce-868f-45662de02bd4 req-a8c8ca18-75e9-4fce-868f-45662de02bd4 ] Request (ImagesOneServerTestJSON:setUpClass): 200 GET http://10.180.1.21/identity/v3/roles 0.025s
2024-10-08 23:13:24.370 62629 INFO tempest.lib.common.rest_client [req-109f746f-68ee-4e65-b807-0efc6bd16729 req-109f746f-68ee-4e65-b807-0efc6bd16729 ] Request (ImagesOneServerTestJSON:setUpClass): 204 PUT http://10.180.1.21/identity/v3/projects/f9f7fd8890224444b82ae1ef9c12bdc9/users/5944b43a34d64afabf8e23bb70fdc484/roles/e7841392729243beb0067ddf7a8bac5c 0.038s
2024-10-08 23:13:24.370 62629 INFO tempest.lib.common.dynamic_creds [-] Dynamic test user 5944b43a34d64afabf8e23bb70fdc484 is created with scope project and roles: ['member']
2024-10-08 23:13:24.371 62629 INFO tempest.lib.common.dynamic_creds [-] Acquired dynamic creds: credentials: Credentials: {'domain_id': 'default', 'domain_name': 'Default', 'username': 'tempest-ImagesOneServerTestJSON-265441886-project-member', 'project_domain_id': 'default', 'project_domain_name': 'Default', 'project_id': 'f9f7fd8890224444b82ae1ef9c12bdc9', 'project_name': 'tempest-ImagesOneServerTestJSON-265441886', 'tenant_id': 'f9f7fd8890224444b82ae1ef9c12bdc9', 'tenant_name': 'tempest-ImagesOneServerTestJSON-265441886', 'user_domain_id': 'default', 'user_domain_name': 'Default', 'user_id': '5944b43a34d64afabf8e23bb70fdc484', 'system': None}, Network: None, Subnet: None, Router: None
2024-10-08 23:13:24.375 62651 INFO tempest.lib.common.rest_client [req-8d9d2ef9-eec5-4a1f-85cc-32658fe3c72f req-8d9d2ef9-eec5-4a1f-85cc-32658fe3c72f ] Request (ServersV294TestFqdnHostnames:setUpClass): 200 GET http://10.180.1.21/compute/v2.1/servers/01654798-4e54-4177-b20c-f6e0aecf72a7 1.105s
2024-10-08 23:13:24.387 62651 INFO tempest.common.waiters [-] State transition "BUILD/scheduling" ==> "BUILD/None" after 13 second wait
2024-10-08 23:13:24.412 62641 INFO tempest.lib.common.rest_client [req-6eed37c8-ed5e-4b66-8bae-54d01d5c9f41 req-6eed37c8-ed5e-4b66-8bae-54d01d5c9f41 ] Request (ServerGroup264TestJSON:_run_cleanups): 204 DELETE http://10.180.1.21/compute/v2.1/os-server-groups/6d59847b-bb32-4c73-ac32-b5c0fe114580 1.128s
2024-10-08 23:13:24.462 62629 INFO tempest.lib.common.rest_client [req-18b5c479-8601-4c56-abf8-c4bb29b4881f req-18b5c479-8601-4c56-abf8-c4bb29b4881f ] Request (ImagesOneServerTestJSON:setUpClass): 201 POST http://10.180.1.21/identity/v3/auth/tokens 0.091s
2024-10-08 23:13:24.464 62631 INFO tempest.lib.common.rest_client [req-b51e6729-aaf3-4b52-a2bf-8ed468c0e20f req-b51e6729-aaf3-4b52-a2bf-8ed468c0e20f ] Request (ServersAdminNegativeTestJSON:setUpClass): 200 GET http://10.180.1.21/compute/v2.1/servers/5d0e30b7-17b1-46c1-9cd0-05df00c9923e 1.117s
