2024-10-08 23:13:53.018 62659 INFO tempest.lib.common.dynamic_creds [-] Acquired dynamic creds: credentials: Credentials: {'domain_id': 'default', 'domain_name': 'Default', 'username': 'tempest-ServerPasswordTestJSON-2132032845-project-member', 'project_domain_id': 'default', 'project_domain_name': 'Default', 'project_id': 'c876b7b5bcb24d21b7e540fb477a7064', 'project_name': 'tempest-ServerPasswordTestJSON-2132032845', 'tenant_id': 'c876b7b5bcb24d21b7e540fb477a7064', 'tenant_name': 'tempest-ServerPasswordTestJSON-2132032845', 'user_domain_id': 'default', 'user_domain_name': 'Default', 'user_id': '38178b319463474dbab2722cc1ed9a35', 'system': None}, Network: None, Subnet: None, Router: None
2024-10-08 23:13:53.067 62637 INFO tempest.lib.common.rest_client [req-0d8a034b-2c43-401e-b646-e61c2d377748 req-0d8a034b-2c43-401e-b646-e61c2d377748 ] Request (ListServerFiltersTestJSON:setUpClass): 200 GET http://10.180.1.21/compute/v2.1/servers/54e3c531-9253-4fc0-999c-2cb9a8388d08 0.732s
2024-10-08 23:13:53.080 62659 INFO tempest.lib.common.rest_client [req-a3573c0f-59de-49a4-9f10-f413e48344d3 req-a3573c0f-59de-49a4-9f10-f413e48344d3 ] Request (ServerPasswordTestJSON:setUpClass): 201 POST http://10.180.1.21/identity/v3/auth/tokens 0.062s
2024-10-08 23:13:53.115 62651 INFO tempest.lib.common.rest_client [req-aea1f3b9-796f-4753-8487-0787e4a8dc2f req-aea1f3b9-796f-4753-8487-0787e4a8dc2f ] Request (ServersV294TestFqdnHostnames:setUpClass): 200 GET http://10.180.1.21/compute/v2.1/servers/01654798-4e54-4177-b20c-f6e0aecf72a7 0.876s
2024-10-08 23:13:53.118 62625 INFO tempest.lib.common.rest_client [req-0e5935b2-6e32-4bee-8bd4-47f1d919d309 req-0e5935b2-6e32-4bee-8bd4-47f1d919d309 ] Request (VolumesAssistedSnapshotsTest:test_volume_assisted_snapshot_create_delete): 200 GET http://10.180.1.21/compute/v2.1/servers/eac92d1f-d160-4e06-a71c-d064acdffb19 0.738s
2024-10-08 23:13:53.126 62651 INFO tempest.common.waiters [-] State transition "BUILD/None" ==> "BUILD/block_device_mapping" after 42 second wait
2024-10-08 23:13:53.179 62661 INFO tempest.lib.common.rest_client [req-fc8d12fb-8fda-4d77-af22-0046f8d45132 req-fc8d12fb-8fda-4d77-af22-0046f8d45132 ] Request (ServersAdminTestJSON:setUpClass): 200 GET http://10.180.1.21/compute/v2.1/servers/49a8e94b-b167-41d1-b748-1a2fa4e2b940 0.728s
2024-10-08 23:13:53.180 62621 INFO tempest.lib.common.rest_client [req-c472b774-bb09-4f81-851b-a95110626374 req-c472b774-bb09-4f81-851b-a95110626374 ] Request (InstanceActionsNegativeTestJSON:setUpClass): 200 GET http://10.180.1.21/compute/v2.1/servers/c55d3f4a-7dd7-4c98-bb72-966ed12ba03f 0.685s
2024-10-08 23:13:53.236 62653 INFO tempest.lib.common.rest_client [req-bbeae3a3-0e5a-4be3-a509-13ce76bc95d3 req-bbeae3a3-0e5a-4be3-a509-13ce76bc95d3 ] Request (VolumesAdminNegativeTest:test_update_attached_volume_with_nonexistent_volume_in_body): 200 GET http://10.180.1.21/compute/v2.1/servers/fc4267ff-dda1-444f-a5b0-a4954626b42d 0.600s
2024-10-08 23:13:53.255 62619 INFO tempest.lib.common.rest_client [req-3f510ee0-23af-474e-a5f5-5e17eb609fe1 req-3f510ee0-23af-474e-a5f5-5e17eb609fe1 ] Request (ServersAdmin275Test:tearDownClass): 200 GET http://10.180.1.21/compute/v2.1/servers/0eb2a772-7635-481a-ae2c-9f23669dd175 0.678s
2024-10-08 23:13:53.259 62623 INFO tempest.lib.common.rest_client [req-d02ebca4-2072-4d3f-848d-af1da51e886a req-d02ebca4-2072-4d3f-848d-af1da51e886a ] Request (ServerDiagnosticsNegativeTest:test_get_server_diagnostics_by_non_admin): 404 GET http://10.180.1.21/compute/v2.1/servers/73c833ef-7761-4372-9d02-b6dfc945e415 0.616s
2024-10-08 23:13:53.324 62605 INFO tempest.lib.common.rest_client [req-ca00f8ab-3967-4c4d-8d0b-ff196b786fd5 req-ca00f8ab-3967-4c4d-8d0b-ff196b786fd5 ] Request (ServersWithSpecificFlavorTestJSON:test_verify_created_server_ephemeral_disk): 200 GET http://10.180.1.21/compute/v2.1/servers/15f43ac0-ef8c-480c-bc07-05d2dbf0ee23 0.624s
2024-10-08 23:13:53.324 62643 INFO tempest.lib.common.rest_client [req-190af64c-58dc-49c4-8c85-f384854a6a8c req-190af64c-58dc-49c4-8c85-f384854a6a8c ] Request (MultipleCreateTestJSON:test_multiple_create): 200 GET http://10.180.1.21/compute/v2.1/servers/8e6332f4-2b1e-404d-aa43-a13a72edd044 0.598s
2024-10-08 23:13:53.354 62623 INFO tempest.lib.common.rest_client [req-e62c2299-07c4-4c05-b4a6-c8528a22bf54 req-e62c2299-07c4-4c05-b4a6-c8528a22bf54 ] Request (ServerDiagnosticsNegativeTest:tearDownClass): 204 DELETE http://10.180.1.21/identity/v3/users/7e031564d04948249ad8013de6f63418 0.092s
2024-10-08 23:13:53.384 62659 INFO tempest.lib.common.rest_client [req-2fefecb8-c5e1-44ce-9c28-b337aa1f2c3e req-2fefecb8-c5e1-44ce-9c28-b337aa1f2c3e ] Request (ServerPasswordTestJSON:setUpClass): 201 POST http://10.180.1.21:9696/networking/v2.0/networks 0.303s
2024-10-08 23:13:53.389 62617 INFO tempest.lib.common.rest_client [req-ae804d68-dbc3-4dd2-9178-de19df4411c8 req-ae804d68-dbc3-4dd2-9178-de19df4411c8 ] Request (ServerAddressesNegativeTestJSON:setUpClass): 200 GET http://10.180.1.21/compute/v2.1/servers/9518175e-e4ac-42fc-bd90-cc7e204ef2e4 0.623s
2024-10-08 23:13:53.390 62627 INFO tempest.lib.common.rest_client [req-068cb908-656e-4037-9fb0-35ff44b163bf req-068cb908-656e-4037-9fb0-35ff44b163bf ] Request (MigrationsAdminTest:test_list_migrations_in_flavor_resize_situation): 200 GET http://10.180.1.21/compute/v2.1/servers/09ac5c26-9842-440c-bc14-a84c2eb23cf5 0.591s
2024-10-08 23:13:53.442 62615 INFO tempest.lib.common.rest_client [req-bec62786-8eaf-483a-a533-801f01c13d33 req-bec62786-8eaf-483a-a533-801f01c13d33 ] Request (ServersTestJSON:setUpClass): 200 GET http://10.180.1.21/compute/v2.1/servers/5d1dfbdc-1b96-400a-bd0a-e898a90bdab6 0.528s
2024-10-08 23:13:53.446 62655 INFO tempest.lib.common.rest_client [req-042ef7fc-611b-4609-91b0-68d61cab7100 req-042ef7fc-611b-4609-91b0-68d61cab7100 ] Request (AttachInterfacesTestJSON:test_create_list_show_delete_interfaces_by_fixed_ip): 200 GET http://10.180.1.21/compute/v2.1/servers/c9f55aeb-273b-4dae-b871-cfb1572e6535 0.553s
2024-10-08 23:13:53.471 62623 INFO tempest.lib.common.rest_client [req-8658c30a-803e-4b6f-ad6c-a35b77f99eb5 req-8658c30a-803e-4b6f-ad6c-a35b77f99eb5 ] Request (ServerDiagnosticsNegativeTest:tearDownClass): 204 DELETE http://10.180.1.21/identity/v3/users/9088f1faa5db472d899d067e6801e5e3 0.116s
2024-10-08 23:13:53.472 62623 INFO tempest.lib.common.dynamic_creds [-] Deleting project and security group for project: 1fc8b46f06a0480393978179d80bfa45
2024-10-08 23:13:53.507 62633 INFO tempest.lib.common.rest_client [req-40ee0bf6-ca5e-4326-8277-1124ea82b841 req-40ee0bf6-ca5e-4326-8277-1124ea82b841 ] Request (ServersTestBootFromVolume:setUpClass): 200 GET http://10.180.1.21/compute/v2.1/servers/546a40aa-c278-460c-8c91-c6c903d751ab 0.461s
2024-10-08 23:13:53.508 62641 INFO tempest.lib.common.rest_client [req-f84bea98-d70f-46e1-b391-44b4709bf266 req-f84bea98-d70f-46e1-b391-44b4709bf266 ] Request (ServerShowV257Test:test_rebuild_server): 200 GET http://10.180.1.21/compute/v2.1/servers/4fde6065-41a7-4a95-96df-e442762dad24 0.530s
2024-10-08 23:13:53.558 62623 INFO tempest.lib.common.rest_client [req-46776a46-dbb3-4d15-800b-20d4c842fb68 req-46776a46-dbb3-4d15-800b-20d4c842fb68 ] Request (ServerDiagnosticsNegativeTest:tearDownClass): 201 POST http://10.180.1.21/identity/v3/auth/tokens 0.085s
2024-10-08 23:13:53.568 62645 INFO tempest.lib.common.rest_client [req-28c0bf57-4c33-4ac6-83d5-9a287f1c4d1d req-28c0bf57-4c33-4ac6-83d5-9a287f1c4d1d ] Request (ListImageFiltersTestJSON:setUpClass): 200 GET http://10.180.1.21/compute/v2.1/servers/fd5478d6-9fa8-4471-8b95-b89f3d826bcc 0.268s
2024-10-08 23:13:53.588 62659 INFO tempest.lib.common.rest_client [req-6bc5875f-10ac-4d26-ae04-ec08431b526d req-6bc5875f-10ac-4d26-ae04-ec08431b526d ] Request (ServerPasswordTestJSON:setUpClass): 201 POST http://10.180.1.21:9696/networking/v2.0/subnets 0.204s
2024-10-08 23:13:53.589 62657 INFO tempest.lib.common.rest_client [req-54dc6770-c29e-4453-966a-dece127bff26 req-54dc6770-c29e-4453-966a-dece127bff26 ] Request (ImagesNegativeTestJSON:test_create_image_from_deleted_server): 200 GET http://10.180.1.21/compute/v2.1/servers/1523daf8-033b-48e2-a495-885feb4e0ea3 0.257s
2024-10-08 23:13:53.625 62647 INFO tempest.lib.common.rest_client [req-4619259a-8d0a-4180-b054-1335e838e6ae req-4619259a-8d0a-4180-b054-1335e838e6ae ] Request (TenantUsagesTestJSON:setUpClass): 200 GET http://10.180.1.21/compute/v2.1/servers/489cd441-f925-4cfd-8a6a-9f4d3e22d6dc 0.268s
2024-10-08 23:13:53.655 62609 INFO tempest.lib.common.rest_client [req-ff9933a8-d5fa-469a-92eb-e62fb5378b91 req-ff9933a8-d5fa-469a-92eb-e62fb5378b91 ] Request (FloatingIPsAssociationTestJSON:setUpClass): 200 GET http://10.180.1.21/compute/v2.1/servers/63c88ac7-9700-4476-9039-feb034de659d 0.264s
2024-10-08 23:13:53.687 62623 INFO tempest.lib.common.rest_client [req-fa00505b-dda1-4195-b060-1b7b28a4083c req-fa00505b-dda1-4195-b060-1b7b28a4083c ] Request (ServerDiagnosticsNegativeTest:tearDownClass): 200 GET http://10.180.1.21:9696/networking/v2.0/security-groups?tenant_id=1fc8b46f06a0480393978179d80bfa45&name=default 0.129s
2024-10-08 23:13:53.691 62663 INFO tempest.lib.common.rest_client [req-31472acb-080f-4cca-877a-9b6a4a9e7741 req-31472acb-080f-4cca-877a-9b6a4a9e7741 ] Request (ImagesTestJSON:test_create_image_from_suspended_server): 200 GET http://10.180.1.21/compute/v2.1/servers/8c179402-a881-4b89-89d7-5e9031ba78cf 0.273s
2024-10-08 23:13:53.708 62613 INFO tempest.lib.common.rest_client [req-caaab236-cdd8-41de-b42e-be2b5dc25a8d req-caaab236-cdd8-41de-b42e-be2b5dc25a8d ] Request (ServersTestMultiNic:test_verify_duplicate_network_nics): 200 GET http://10.180.1.21/compute/v2.1/servers/bebed5b9-d067-4cf2-a203-48763685ecb6 0.212s
2024-10-08 23:13:53.769 62635 INFO tempest.lib.common.rest_client [req-007e5af7-8d67-4cea-9378-9fbec7b99b9e req-007e5af7-8d67-4cea-9378-9fbec7b99b9e ] Request (DeleteServersAdminTestJSON:test_delete_server_while_in_error_state): 200 GET http://10.180.1.21/compute/v2.1/servers/b0bcd561-35cd-475f-975e-e78456a87fac 0.053s
2024-10-08 23:13:53.846 62607 INFO tempest.lib.common.rest_client [req-babc6c90-db0f-46fb-adc0-acdc22c5b0e5 req-babc6c90-db0f-46fb-adc0-acdc22c5b0e5 ] Request (SecurityGroupsTestJSON:test_list_security_groups_by_server): 200 GET http://10.180.1.21/compute/v2.1/servers/45fe27f5-0f20-48ff-ad25-03862ac9bdd9 0.075s
2024-10-08 23:13:53.868 62611 INFO tempest.lib.common.rest_client [req-2e2dfaad-b31a-4778-941b-30e50fe5dc1c req-2e2dfaad-b31a-4778-941b-30e50fe5dc1c ] Request (ServerActionsTestJSON:setUpClass): 200 PUT http://10.180.1.21:9696/networking/v2.0/routers/885fd054-4d46-411e-93da-d9a4a5dc57a3/add_router_interface 1.718s
2024-10-08 23:13:53.869 62611 INFO tempest.lib.common.dynamic_creds [-] Created isolated network resources for: credentials: Credentials: {'domain_id': 'default', 'domain_name': 'Default', 'username': 'tempest-ServerActionsTestJSON-27121796-project-member', 'project_domain_id': 'default', 'project_domain_name': 'Default', 'project_id': 'ce52cc740c1148ba8e83bdf8ba281e0e', 'project_name': 'tempest-ServerActionsTestJSON-27121796', 'tenant_id': 'ce52cc740c1148ba8e83bdf8ba281e0e', 'tenant_name': 'tempest-ServerActionsTestJSON-27121796', 'user_domain_id': 'default', 'user_domain_name': 'Default', 'user_id': 'fc8d2c7d871a429596781cf9155526a3', 'system': None}, Network: {'id': '91737417-9da5-49d3-aeaf-5e4d9866df3d', 'name': 'tempest-ServerActionsTestJSON-4382898-network', 'tenant_id': 'ce52cc740c1148ba8e83bdf8ba281e0e', 'admin_state_up': True, 'mtu': 8950, 'status': 'ACTIVE', 'subnets': [], 'shared': False, 'project_id': 'ce52cc740c1148ba8e83bdf8ba281e0e', 'port_security_enabled': True, 'router:external': False, 'provider:network_type': 'vlan', 'provider:physical_network': 'default', 'provider:segmentation_id': 75, 'is_default': False, 'availability_zone_hints': [], 'availability_zones': [], 'ipv4_address_scope': None, 'ipv6_address_scope': None, 'description': '', 'tags': [], 'created_at': '2024-10-08T23:13:50Z', 'updated_at': '2024-10-08T23:13:50Z', 'revision_number': 1}, Subnet: {'id': 'ba2a8d0b-dec3-4349-b805-b11f74fa9f4e', 'name': 'tempest-ServerActionsTestJSON-4382898-subnet', 'tenant_id': 'ce52cc740c1148ba8e83bdf8ba281e0e', 'network_id': '91737417-9da5-49d3-aeaf-5e4d9866df3d', 'ip_version': 4, 'subnetpool_id': None, 'enable_dhcp': True, 'ipv6_ra_mode': None, 'ipv6_address_mode': None, 'gateway_ip': '192.168.128.1', 'cidr': '192.168.128.0/28', 'allocation_pools': [{'start': '192.168.128.2', 'end': '192.168.128.14'}], 'host_routes': [], 'dns_nameservers': [], 'description': '', 'router:external': False, 'service_types': [], 'tags': [], 'created_at': '2024-10-08T23:13:50Z', 'updated_at': '2024-10-08T23:13:50Z', 'revision_number': 0, 'project_id': 'ce52cc740c1148ba8e83bdf8ba281e0e'}, Router: {'id': '885fd054-4d46-411e-93da-d9a4a5dc57a3', 'name': 'tempest-ServerActionsTestJSON-4382898-router', 'tenant_id': 'ce52cc740c1148ba8e83bdf8ba281e0e', 'admin_state_up': True, 'status': 'ACTIVE', 'external_gateway_info': {'network_id': '84d17955-09c8-4e3b-a83e-cc340ec17c85', 'external_fixed_ips': [{'subnet_id': '9e7620e4-3920-4659-ab6d-023dab8abb9b', 'ip_address': '10.180.180.254'}], 'enable_snat': True}, 'description': '', 'availability_zones': [], 'distributed': False, 'ha': False, 'availability_zone_hints': [], 'routes': [], 'flavor_id': None, 'tags': [], 'created_at': '2024-10-08T23:13:50Z', 'updated_at': '2024-10-08T23:13:51Z', 'revision_number': 2, 'project_id': 'ce52cc740c1148ba8e83bdf8ba281e0e'}
2024-10-08 23:13:53.927 62623 INFO tempest.lib.common.rest_client [req-a47aa55b-397c-4cd5-a44b-1cacd166f53b req-a47aa55b-397c-4cd5-a44b-1cacd166f53b ] Request (ServerDiagnosticsNegativeTest:tearDownClass): 204 DELETE http://10.180.1.21:9696/networking/v2.0/security-groups/05b1f101-73b5-44f0-b475-4b6ad627d030 0.240s
2024-10-08 23:13:53.938 62629 INFO tempest.lib.common.rest_client [req-71ca3065-7873-4d9c-a342-8b2c97a3d13d req-71ca3065-7873-4d9c-a342-8b2c97a3d13d ] Request (ImagesOneServerTestJSON:setUpClass): 200 GET http://10.180.1.21/compute/v2.1/servers/bcecb4c6-6675-403d-9a3d-b96156b1d56a 0.064s
2024-10-08 23:13:53.962 62611 INFO tempest.lib.common.rest_client [req-c91143eb-1aa1-473c-9098-60644a688c78 req-c91143eb-1aa1-473c-9098-60644a688c78 ] Request (ServerActionsTestJSON:setUpClass): 201 POST http://10.180.1.21/identity/v3/auth/tokens 0.089s
2024-10-08 23:13:54.001 62623 INFO tempest.lib.common.rest_client [req-534aea3b-18fa-4d5e-a23a-0b92ba4ed40b req-534aea3b-18fa-4d5e-a23a-0b92ba4ed40b ] Request (ServerDiagnosticsNegativeTest:tearDownClass): 204 DELETE http://10.180.1.21/identity/v3/projects/1fc8b46f06a0480393978179d80bfa45 0.073s
2024-10-08 23:13:54.002 62623 INFO tempest.lib.common.dynamic_creds [-] Deleting project and security group for project: af60e71ca08e46859fb467973d7f2df9
2024-10-08 23:13:54.008 62631 INFO tempest.lib.common.rest_client [req-9e217c4c-8a16-4b75-95ed-bffd2c8b5805 req-9e217c4c-8a16-4b75-95ed-bffd2c8b5805 ] Request (ServersTestManualDisk:setUpClass): 200 GET http://10.180.1.21/compute/v2.1/servers/70055136-b08b-4654-aca7-8280158d94da 0.066s
2024-10-08 23:13:54.091 62667 INFO tempest.lib.common.rest_client [req-aede3516-0cc9-43e3-a614-3ddd34970800 req-aede3516-0cc9-43e3-a614-3ddd34970800 ] Request (ServerDiagnosticsV248Test:test_get_server_diagnostics): 200 GET http://10.180.1.21/compute/v2.1/servers/d22aff27-739f-4b0d-a0e4-b6316c252c3a 0.064s
2024-10-08 23:13:54.148 62611 INFO tempest.lib.common.rest_client [req-e48e9602-ab31-4fbb-9a69-c9dddd8b2bfb req-e48e9602-ab31-4fbb-9a69-c9dddd8b2bfb ] Request (ServerActionsTestJSON:setUpClass): 200 POST http://10.180.1.21/compute/v2.1/os-keypairs 0.185s
2024-10-08 23:13:54.163 62637 INFO tempest.lib.common.rest_client [req-6b47bfec-c8a4-432a-b33a-2d6089638edc req-6b47bfec-c8a4-432a-b33a-2d6089638edc ] Request (ListServerFiltersTestJSON:setUpClass): 200 GET http://10.180.1.21/compute/v2.1/servers/54e3c531-9253-4fc0-999c-2cb9a8388d08 0.086s
2024-10-08 23:13:54.195 62623 INFO tempest.lib.common.rest_client [req-5979e368-5d3e-48ad-a56d-e59aeefb0f6f req-5979e368-5d3e-48ad-a56d-e59aeefb0f6f ] Request (ServerDiagnosticsNegativeTest:tearDownClass): 200 GET http://10.180.1.21:9696/networking/v2.0/security-groups?tenant_id=af60e71ca08e46859fb467973d7f2df9&name=default 0.193s
2024-10-08 23:13:54.212 62625 INFO tempest.lib.common.rest_client [req-4cb9e66e-9033-4950-a421-003339010780 req-4cb9e66e-9033-4950-a421-003339010780 ] Request (VolumesAssistedSnapshotsTest:test_volume_assisted_snapshot_create_delete): 200 GET http://10.180.1.21/compute/v2.1/servers/eac92d1f-d160-4e06-a71c-d064acdffb19 0.085s
2024-10-08 23:13:54.274 62661 INFO tempest.lib.common.rest_client [req-8ce8057b-ff01-43c3-adf9-011d0ee42afc req-8ce8057b-ff01-43c3-adf9-011d0ee42afc ] Request (ServersAdminTestJSON:setUpClass): 200 GET http://10.180.1.21/compute/v2.1/servers/49a8e94b-b167-41d1-b748-1a2fa4e2b940 0.087s
2024-10-08 23:13:54.331 62621 INFO tempest.lib.common.rest_client [req-f11fac96-e890-40f3-aca3-a2d5137e1148 req-f11fac96-e890-40f3-aca3-a2d5137e1148 ] Request (InstanceActionsNegativeTestJSON:setUpClass): 200 GET http://10.180.1.21/compute/v2.1/servers/c55d3f4a-7dd7-4c98-bb72-966ed12ba03f 0.141s
2024-10-08 23:13:54.364 62623 INFO tempest.lib.common.rest_client [req-46218aae-a955-412e-96f6-1c1a5e9b1f53 req-46218aae-a955-412e-96f6-1c1a5e9b1f53 ] Request (ServerDiagnosticsNegativeTest:tearDownClass): 204 DELETE http://10.180.1.21:9696/networking/v2.0/security-groups/e2e4b097-40c1-430a-ab55-cdad23b28781 0.168s
2024-10-08 23:13:54.376 62611 INFO tempest.lib.common.rest_client [req-41d06989-7887-490c-844d-95da49944914 req-41d06989-7887-490c-844d-95da49944914 ] Request (ServerActionsTestJSON:setUpClass): 201 POST http://10.180.1.21:9696/networking/v2.0/security-groups 0.226s
2024-10-08 23:13:54.400 62653 INFO tempest.lib.common.rest_client [req-302459df-c16d-4ac2-9536-f7744385f161 req-302459df-c16d-4ac2-9536-f7744385f161 ] Request (VolumesAdminNegativeTest:test_update_attached_volume_with_nonexistent_volume_in_body): 200 GET http://10.180.1.21/compute/v2.1/servers/fc4267ff-dda1-444f-a5b0-a4954626b42d 0.155s
2024-10-08 23:13:54.421 62651 INFO tempest.lib.common.rest_client [req-6f690df7-c5b5-4d02-b85b-30e7b58b3692 req-6f690df7-c5b5-4d02-b85b-30e7b58b3692 ] Request (ServersV294TestFqdnHostnames:setUpClass): 200 GET http://10.180.1.21/compute/v2.1/servers/01654798-4e54-4177-b20c-f6e0aecf72a7 0.294s
2024-10-08 23:13:54.434 62651 INFO tempest.common.waiters [-] State transition "BUILD/block_device_mapping" ==> "BUILD/spawning" after 43 second wait
2024-10-08 23:13:54.454 62659 INFO tempest.lib.common.rest_client [req-74b3fc55-877d-41e8-b366-cdc90b902fda req-74b3fc55-877d-41e8-b366-cdc90b902fda ] Request (ServerPasswordTestJSON:setUpClass): 201 POST http://10.180.1.21:9696/networking/v2.0/routers 0.866s
2024-10-08 23:13:54.468 62619 INFO tempest.lib.common.rest_client [req-1a5b159b-8ca0-45f3-a6c5-b73cda03e1c7 req-1a5b159b-8ca0-45f3-a6c5-b73cda03e1c7 ] Request (ServersAdmin275Test:tearDownClass): 200 GET http://10.180.1.21/compute/v2.1/servers/0eb2a772-7635-481a-ae2c-9f23669dd175 0.204s
2024-10-08 23:13:54.479 62623 INFO tempest.lib.common.rest_client [req-f0026fa0-1373-4e06-b3cd-761441f96809 req-f0026fa0-1373-4e06-b3cd-761441f96809 ] Request (ServerDiagnosticsNegativeTest:tearDownClass): 204 DELETE http://10.180.1.21/identity/v3/projects/af60e71ca08e46859fb467973d7f2df9 0.115s
2024-10-08 23:13:54.494 62643 INFO tempest.lib.common.rest_client [req-21f9856a-0308-484d-b3d2-aead35098601 req-21f9856a-0308-484d-b3d2-aead35098601 ] Request (MultipleCreateTestJSON:test_multiple_create): 200 GET http://10.180.1.21/compute/v2.1/servers/8e6332f4-2b1e-404d-aa43-a13a72edd044 0.160s
2024-10-08 23:13:54.541 62605 INFO tempest.lib.common.rest_client [req-b18d6c5d-d8b6-417f-9c3c-8775457b9d87 req-b18d6c5d-d8b6-417f-9c3c-8775457b9d87 ] Request (ServersWithSpecificFlavorTestJSON:test_verify_created_server_ephemeral_disk): 200 GET http://10.180.1.21/compute/v2.1/servers/15f43ac0-ef8c-480c-bc07-05d2dbf0ee23 0.204s
2024-10-08 23:13:54.555 62623 INFO tempest.lib.common.rest_client [req-e68cadfc-3b85-4e89-9a01-489d9395e67f req-e68cadfc-3b85-4e89-9a01-489d9395e67f ] Request (FloatingIPDetailsNegativeTestJSON:setUpClass): 201 POST http://10.180.1.21/identity/v3/auth/tokens 0.074s
2024-10-08 23:13:54.583 62623 INFO tempest.lib.common.rest_client [req-13189c65-161c-4659-856d-b884e7242630 req-13189c65-161c-4659-856d-b884e7242630 ] Request (FloatingIPDetailsNegativeTestJSON:setUpClass): 201 POST http://10.180.1.21/identity/v3/auth/tokens 0.025s
2024-10-08 23:13:54.595 62627 INFO tempest.lib.common.rest_client [req-6e013cc7-27a6-44dc-89fc-915e237d1d77 req-6e013cc7-27a6-44dc-89fc-915e237d1d77 ] Request (MigrationsAdminTest:test_list_migrations_in_flavor_resize_situation): 200 GET http://10.180.1.21/compute/v2.1/servers/09ac5c26-9842-440c-bc14-a84c2eb23cf5 0.194s
2024-10-08 23:13:54.608 62623 INFO tempest.lib.common.rest_client [req-b2cf0fd1-cb90-4f41-9b9c-d30cece7ca71 req-b2cf0fd1-cb90-4f41-9b9c-d30cece7ca71 ] Request (FloatingIPDetailsNegativeTestJSON:setUpClass): 200 GET http://10.180.1.21/identity/v3/domains?name=Default 0.025s
2024-10-08 23:13:54.637 62623 INFO tempest.lib.common.rest_client [req-d6c00e51-795d-46f8-b67e-3b16a69eb943 req-d6c00e51-795d-46f8-b67e-3b16a69eb943 ] Request (FloatingIPDetailsNegativeTestJSON:setUpClass): 201 POST http://10.180.1.21/identity/v3/projects 0.028s
2024-10-08 23:13:54.656 62615 INFO tempest.lib.common.rest_client [req-f8cfce7f-732b-49c6-970b-abc8f5e7700c req-f8cfce7f-732b-49c6-970b-abc8f5e7700c ] Request (ServersTestJSON:setUpClass): 200 GET http://10.180.1.21/compute/v2.1/servers/5d1dfbdc-1b96-400a-bd0a-e898a90bdab6 0.205s
2024-10-08 23:13:54.695 62623 INFO tempest.lib.common.rest_client [req-692a2d80-a963-434b-acbe-5dbfc07acc20 req-692a2d80-a963-434b-acbe-5dbfc07acc20 ] Request (FloatingIPDetailsNegativeTestJSON:setUpClass): 201 POST http://10.180.1.21/identity/v3/users 0.058s
2024-10-08 23:13:54.709 62655 INFO tempest.lib.common.rest_client [req-aafcd022-e5ec-4b05-9edd-7b7ddc0f68ba req-aafcd022-e5ec-4b05-9edd-7b7ddc0f68ba ] Request (AttachInterfacesTestJSON:test_create_list_show_delete_interfaces_by_fixed_ip): 200 GET http://10.180.1.21/compute/v2.1/servers/c9f55aeb-273b-4dae-b871-cfb1572e6535 0.254s
2024-10-08 23:13:54.715 62617 INFO tempest.lib.common.rest_client [req-724422e0-389b-47e0-8dbe-e3dda6c79630 req-724422e0-389b-47e0-8dbe-e3dda6c79630 ] Request (ServerAddressesNegativeTestJSON:setUpClass): 200 GET http://10.180.1.21/compute/v2.1/servers/9518175e-e4ac-42fc-bd90-cc7e204ef2e4 0.314s
2024-10-08 23:13:54.717 62623 INFO tempest.lib.common.rest_client [req-633cc01b-ecef-40b1-9e1c-0ad5189d3f0f req-633cc01b-ecef-40b1-9e1c-0ad5189d3f0f ] Request (FloatingIPDetailsNegativeTestJSON:setUpClass): 200 GET http://10.180.1.21/identity/v3/roles 0.021s
2024-10-08 23:13:54.743 62611 INFO tempest.lib.common.rest_client [req-6561b822-4395-4218-97f6-1201aefe31e3 req-6561b822-4395-4218-97f6-1201aefe31e3 ] Request (ServerActionsTestJSON:setUpClass): 201 POST http://10.180.1.21:9696/networking/v2.0/security-group-rules 0.367s
2024-10-08 23:13:54.747 62623 INFO tempest.lib.common.rest_client [req-b03d0da1-54ce-4d12-bb26-adead059a1d0 req-b03d0da1-54ce-4d12-bb26-adead059a1d0 ] Request (FloatingIPDetailsNegativeTestJSON:setUpClass): 204 PUT http://10.180.1.21/identity/v3/projects/df523ec8d3974726949f295277cde92e/users/b1cfcab53fe94f7c8e7ad4f8a676cdce/roles/e7841392729243beb0067ddf7a8bac5c 0.029s
2024-10-08 23:13:54.747 62623 INFO tempest.lib.common.dynamic_creds [-] Dynamic test user b1cfcab53fe94f7c8e7ad4f8a676cdce is created with scope project and roles: ['member']
2024-10-08 23:13:54.747 62623 INFO tempest.lib.common.dynamic_creds [-] Acquired dynamic creds: credentials: Credentials: {'domain_id': 'default', 'domain_name': 'Default', 'username': 'tempest-FloatingIPDetailsNegativeTestJSON-2137601029-project-member', 'project_domain_id': 'default', 'project_domain_name': 'Default', 'project_id': 'df523ec8d3974726949f295277cde92e', 'project_name': 'tempest-FloatingIPDetailsNegativeTestJSON-2137601029', 'tenant_id': 'df523ec8d3974726949f295277cde92e', 'tenant_name': 'tempest-FloatingIPDetailsNegativeTestJSON-2137601029', 'user_domain_id': 'default', 'user_domain_name': 'Default', 'user_id': 'b1cfcab53fe94f7c8e7ad4f8a676cdce', 'system': None}, Network: None, Subnet: None, Router: None
2024-10-08 23:13:54.771 62641 INFO tempest.lib.common.rest_client [req-b2e94c3d-1b58-485a-8355-ddf1c7633aff req-b2e94c3d-1b58-485a-8355-ddf1c7633aff ] Request (ServerShowV257Test:test_rebuild_server): 200 GET http://10.180.1.21/compute/v2.1/servers/4fde6065-41a7-4a95-96df-e442762dad24 0.253s
2024-10-08 23:13:54.805 62633 INFO tempest.lib.common.rest_client [req-2a15c176-162f-4b38-9541-0a00cc28bd09 req-2a15c176-162f-4b38-9541-0a00cc28bd09 ] Request (ServersTestBootFromVolume:setUpClass): 200 GET http://10.180.1.21/compute/v2.1/servers/546a40aa-c278-460c-8c91-c6c903d751ab 0.286s
2024-10-08 23:13:54.811 62623 INFO tempest.lib.common.rest_client [req-5187f687-785a-42ed-80d7-a742d0c664df req-5187f687-785a-42ed-80d7-a742d0c664df ] Request (FloatingIPDetailsNegativeTestJSON:setUpClass): 201 POST http://10.180.1.21/identity/v3/auth/tokens 0.063s
2024-10-08 23:13:54.841 62645 INFO tempest.lib.common.rest_client [req-4fb6df7e-9ddf-4618-bc37-f354d5a6c1a3 req-4fb6df7e-9ddf-4618-bc37-f354d5a6c1a3 ] Request (ListImageFiltersTestJSON:setUpClass): 200 GET http://10.180.1.21/compute/v2.1/servers/fd5478d6-9fa8-4471-8b95-b89f3d826bcc 0.260s
2024-10-08 23:13:54.887 62657 INFO tempest.lib.common.rest_client [req-2c7949a8-3c82-4c4e-b77c-64e53a66233e req-2c7949a8-3c82-4c4e-b77c-64e53a66233e ] Request (ImagesNegativeTestJSON:test_create_image_from_deleted_server): 200 GET http://10.180.1.21/compute/v2.1/servers/1523daf8-033b-48e2-a495-885feb4e0ea3 0.289s
2024-10-08 23:13:54.898 62657 INFO tempest.common.waiters [-] State transition "BUILD/scheduling" ==> "BUILD/None" after 37 second wait
2024-10-08 23:13:54.909 62647 INFO tempest.lib.common.rest_client [req-84f2f973-7a8b-46e8-b1b6-f3f0111d9892 req-84f2f973-7a8b-46e8-b1b6-f3f0111d9892 ] Request (TenantUsagesTestJSON:setUpClass): 200 GET http://10.180.1.21/compute/v2.1/servers/489cd441-f925-4cfd-8a6a-9f4d3e22d6dc 0.275s
2024-10-08 23:13:54.975 62663 INFO tempest.lib.common.rest_client [req-b152f0f0-b060-46d1-ad85-2cdadb168a11 req-b152f0f0-b060-46d1-ad85-2cdadb168a11 ] Request (ImagesTestJSON:test_create_image_from_suspended_server): 200 GET http://10.180.1.21/compute/v2.1/servers/8c179402-a881-4b89-89d7-5e9031ba78cf 0.276s
2024-10-08 23:13:54.984 62609 INFO tempest.lib.common.rest_client [req-16e6302e-0696-41fb-84d2-c108e878c1a5 req-16e6302e-0696-41fb-84d2-c108e878c1a5 ] Request (FloatingIPsAssociationTestJSON:setUpClass): 200 GET http://10.180.1.21/compute/v2.1/servers/63c88ac7-9700-4476-9039-feb034de659d 0.319s
2024-10-08 23:13:55.043 62613 INFO tempest.lib.common.rest_client [req-ea15f56d-ad2a-4931-b9b9-f281579a5e90 req-ea15f56d-ad2a-4931-b9b9-f281579a5e90 ] Request (ServersTestMultiNic:test_verify_duplicate_network_nics): 200 GET http://10.180.1.21/compute/v2.1/servers/bebed5b9-d067-4cf2-a203-48763685ecb6 0.328s
2024-10-08 23:13:55.052 62611 INFO tempest.lib.common.rest_client [req-86251043-19d8-424b-b2d9-b781769495d4 req-86251043-19d8-424b-b2d9-b781769495d4 ] Request (ServerActionsTestJSON:setUpClass): 201 POST http://10.180.1.21:9696/networking/v2.0/security-group-rules 0.306s
2024-10-08 23:13:55.085 62635 INFO tempest.lib.common.rest_client [req-2523607f-bad8-47f7-850e-ce04ee9d5c6d req-2523607f-bad8-47f7-850e-ce04ee9d5c6d ] Request (DeleteServersAdminTestJSON:test_delete_server_while_in_error_state): 200 GET http://10.180.1.21/compute/v2.1/servers/b0bcd561-35cd-475f-975e-e78456a87fac 0.305s
2024-10-08 23:13:55.104 62607 INFO tempest.lib.common.rest_client [req-8f0af986-c330-47f0-9c7e-a28bcef549d2 req-8f0af986-c330-47f0-9c7e-a28bcef549d2 ] Request (SecurityGroupsTestJSON:test_list_security_groups_by_server): 200 GET http://10.180.1.21/compute/v2.1/servers/45fe27f5-0f20-48ff-ad25-03862ac9bdd9 0.243s
2024-10-08 23:13:55.158 62629 INFO tempest.lib.common.rest_client [req-f3ccb265-54cf-480e-9d6c-18d8c973c066 req-f3ccb265-54cf-480e-9d6c-18d8c973c066 ] Request (ImagesOneServerTestJSON:setUpClass): 200 GET http://10.180.1.21/compute/v2.1/servers/bcecb4c6-6675-403d-9a3d-b96156b1d56a 0.213s
2024-10-08 23:13:55.172 62631 INFO tempest.lib.common.rest_client [req-293a6e22-cec8-43ab-907c-4b740c5be01c req-293a6e22-cec8-43ab-907c-4b740c5be01c ] Request (ServersTestManualDisk:setUpClass): 200 GET http://10.180.1.21/compute/v2.1/servers/70055136-b08b-4654-aca7-8280158d94da 0.156s
2024-10-08 23:13:55.221 62667 INFO tempest.lib.common.rest_client [req-ec18c2a5-6e3b-4ebf-9591-bc293105df22 req-ec18c2a5-6e3b-4ebf-9591-bc293105df22 ] Request (ServerDiagnosticsV248Test:test_get_server_diagnostics): 200 GET http://10.180.1.21/compute/v2.1/servers/d22aff27-739f-4b0d-a0e4-b6316c252c3a 0.122s
2024-10-08 23:13:55.237 62637 INFO tempest.lib.common.rest_client [req-dcc03935-596b-43f1-951c-92b44afb7914 req-dcc03935-596b-43f1-951c-92b44afb7914 ] Request (ListServerFiltersTestJSON:setUpClass): 200 GET http://10.180.1.21/compute/v2.1/servers/54e3c531-9253-4fc0-999c-2cb9a8388d08 0.064s
2024-10-08 23:13:55.249 62623 INFO tempest.lib.common.rest_client [req-8515b5c4-4e53-4940-908a-8871fcacb7a8 req-8515b5c4-4e53-4940-908a-8871fcacb7a8 ] Request (FloatingIPDetailsNegativeTestJSON:setUpClass): 201 POST http://10.180.1.21:9696/networking/v2.0/networks 0.438s
2024-10-08 23:13:55.279 62625 INFO tempest.lib.common.rest_client [req-3d7f7f55-b1e6-41f5-a715-b8ee6d0c58de req-3d7f7f55-b1e6-41f5-a715-b8ee6d0c58de ] Request (VolumesAssistedSnapshotsTest:test_volume_assisted_snapshot_create_delete): 200 GET http://10.180.1.21/compute/v2.1/servers/eac92d1f-d160-4e06-a71c-d064acdffb19 0.059s
2024-10-08 23:13:55.352 62661 INFO tempest.lib.common.rest_client [req-26002dc2-83b6-432e-a2fe-6ab5425dead5 req-26002dc2-83b6-432e-a2fe-6ab5425dead5 ] Request (ServersAdminTestJSON:setUpClass): 200 GET http://10.180.1.21/compute/v2.1/servers/49a8e94b-b167-41d1-b748-1a2fa4e2b940 0.070s
2024-10-08 23:13:55.399 62621 INFO tempest.lib.common.rest_client [req-09d08222-262f-440e-9cb5-bde4dda163a2 req-09d08222-262f-440e-9cb5-bde4dda163a2 ] Request (InstanceActionsNegativeTestJSON:setUpClass): 200 GET http://10.180.1.21/compute/v2.1/servers/c55d3f4a-7dd7-4c98-bb72-966ed12ba03f 0.060s
2024-10-08 23:13:55.441 62623 INFO tempest.lib.common.rest_client [req-42afb526-e5df-4398-9bcf-bafdd72a8d27 req-42afb526-e5df-4398-9bcf-bafdd72a8d27 ] Request (FloatingIPDetailsNegativeTestJSON:setUpClass): 201 POST http://10.180.1.21:9696/networking/v2.0/subnets 0.191s
2024-10-08 23:13:55.479 62653 INFO tempest.lib.common.rest_client [req-22344b8d-6bb6-4a5e-a3a3-3a8af1660bb5 req-22344b8d-6bb6-4a5e-a3a3-3a8af1660bb5 ] Request (VolumesAdminNegativeTest:test_update_attached_volume_with_nonexistent_volume_in_body): 200 GET http://10.180.1.21/compute/v2.1/servers/fc4267ff-dda1-444f-a5b0-a4954626b42d 0.067s
2024-10-08 23:13:55.507 62651 INFO tempest.lib.common.rest_client [req-a1194f86-8622-4001-84fb-0860a508af3a req-a1194f86-8622-4001-84fb-0860a508af3a ] Request (ServersV294TestFqdnHostnames:setUpClass): 200 GET http://10.180.1.21/compute/v2.1/servers/01654798-4e54-4177-b20c-f6e0aecf72a7 0.072s
2024-10-08 23:13:55.566 62619 INFO tempest.lib.common.rest_client [req-260b6ffe-bc4d-40f6-b005-2a1021ccc36a req-260b6ffe-bc4d-40f6-b005-2a1021ccc36a ] Request (ServersAdmin275Test:tearDownClass): 200 GET http://10.180.1.21/compute/v2.1/servers/0eb2a772-7635-481a-ae2c-9f23669dd175 0.077s
2024-10-08 23:13:55.571 62643 INFO tempest.lib.common.rest_client [req-208c3d41-2091-472a-b9f3-110143543f7c req-208c3d41-2091-472a-b9f3-110143543f7c ] Request (MultipleCreateTestJSON:test_multiple_create): 200 GET http://10.180.1.21/compute/v2.1/servers/8e6332f4-2b1e-404d-aa43-a13a72edd044 0.069s
2024-10-08 23:13:55.634 62605 INFO tempest.lib.common.rest_client [req-8c91f4fd-75ac-4415-b4e9-a6a90aa0d117 req-8c91f4fd-75ac-4415-b4e9-a6a90aa0d117 ] Request (ServersWithSpecificFlavorTestJSON:test_verify_created_server_ephemeral_disk): 200 GET http://10.180.1.21/compute/v2.1/servers/15f43ac0-ef8c-480c-bc07-05d2dbf0ee23 0.085s
2024-10-08 23:13:55.666 62627 INFO tempest.lib.common.rest_client [req-d7e1983a-4427-4611-be91-d10fb2ba933e req-d7e1983a-4427-4611-be91-d10fb2ba933e ] Request (MigrationsAdminTest:test_list_migrations_in_flavor_resize_situation): 200 GET http://10.180.1.21/compute/v2.1/servers/09ac5c26-9842-440c-bc14-a84c2eb23cf5 0.062s
2024-10-08 23:13:55.727 62615 INFO tempest.lib.common.rest_client [req-94bca9a7-9cce-443a-b63f-aba1bcaf602c req-94bca9a7-9cce-443a-b63f-aba1bcaf602c ] Request (ServersTestJSON:setUpClass): 200 GET http://10.180.1.21/compute/v2.1/servers/5d1dfbdc-1b96-400a-bd0a-e898a90bdab6 0.062s
2024-10-08 23:13:55.756 62611 INFO tempest.lib.common.rest_client [req-51c127cf-b124-4971-b1c6-8caa5e808fe2 req-51c127cf-b124-4971-b1c6-8caa5e808fe2 ] Request (ServerActionsTestJSON:setUpClass): 201 POST http://10.180.1.21:9696/networking/v2.0/floatingips 0.704s
2024-10-08 23:13:55.774 62655 INFO tempest.lib.common.rest_client [req-15b506bf-06f9-4601-957c-5feef88c7b0d req-15b506bf-06f9-4601-957c-5feef88c7b0d ] Request (AttachInterfacesTestJSON:test_create_list_show_delete_interfaces_by_fixed_ip): 200 GET http://10.180.1.21/compute/v2.1/servers/c9f55aeb-273b-4dae-b871-cfb1572e6535 0.056s
2024-10-08 23:13:55.790 62617 INFO tempest.lib.common.rest_client [req-c6f72509-e35e-4443-a2f2-ff2ec2fddaaf req-c6f72509-e35e-4443-a2f2-ff2ec2fddaaf ] Request (ServerAddressesNegativeTestJSON:setUpClass): 200 GET http://10.180.1.21/compute/v2.1/servers/9518175e-e4ac-42fc-bd90-cc7e204ef2e4 0.066s
2024-10-08 23:13:55.818 62659 INFO tempest.lib.common.rest_client [req-3119ea00-ffbd-4b8d-8c73-c256c156d886 req-3119ea00-ffbd-4b8d-8c73-c256c156d886 ] Request (ServerPasswordTestJSON:setUpClass): 200 PUT http://10.180.1.21:9696/networking/v2.0/routers/aca5fbcb-f5c0-479f-9c3c-2e076eb51b7f/add_router_interface 1.363s
2024-10-08 23:13:55.818 62659 INFO tempest.lib.common.dynamic_creds [-] Created isolated network resources for: credentials: Credentials: {'domain_id': 'default', 'domain_name': 'Default', 'username': 'tempest-ServerPasswordTestJSON-2132032845-project-member', 'project_domain_id': 'default', 'project_domain_name': 'Default', 'project_id': 'c876b7b5bcb24d21b7e540fb477a7064', 'project_name': 'tempest-ServerPasswordTestJSON-2132032845', 'tenant_id': 'c876b7b5bcb24d21b7e540fb477a7064', 'tenant_name': 'tempest-ServerPasswordTestJSON-2132032845', 'user_domain_id': 'default', 'user_domain_name': 'Default', 'user_id': '38178b319463474dbab2722cc1ed9a35', 'system': None}, Network: {'id': '18399568-7ba2-4dce-b14e-641c8417606e', 'name': 'tempest-ServerPasswordTestJSON-689298215-network', 'tenant_id': 'c876b7b5bcb24d21b7e540fb477a7064', 'admin_state_up': True, 'mtu': 8950, 'status': 'ACTIVE', 'subnets': [], 'shared': False, 'project_id': 'c876b7b5bcb24d21b7e540fb477a7064', 'port_security_enabled': True, 'router:external': False, 'provider:network_type': 'vlan', 'provider:physical_network': 'default', 'provider:segmentation_id': 882, 'is_default': False, 'availability_zone_hints': [], 'availability_zones': [], 'ipv4_address_scope': None, 'ipv6_address_scope': None, 'description': '', 'tags': [], 'created_at': '2024-10-08T23:13:53Z', 'updated_at': '2024-10-08T23:13:53Z', 'revision_number': 1}, Subnet: {'id': '54c5c764-eb41-41a1-b1d4-966fdf3a1478', 'name': 'tempest-ServerPasswordTestJSON-689298215-subnet', 'tenant_id': 'c876b7b5bcb24d21b7e540fb477a7064', 'network_id': '18399568-7ba2-4dce-b14e-641c8417606e', 'ip_version': 4, 'subnetpool_id': None, 'enable_dhcp': True, 'ipv6_ra_mode': None, 'ipv6_address_mode': None, 'gateway_ip': '192.168.128.1', 'cidr': '192.168.128.0/28', 'allocation_pools': [{'start': '192.168.128.2', 'end': '192.168.128.14'}], 'host_routes': [], 'dns_nameservers': [], 'description': '', 'router:external': False, 'service_types': [], 'tags': [], 'created_at': '2024-10-08T23:13:53Z', 'updated_at': '2024-10-08T23:13:53Z', 'revision_number': 0, 'project_id': 'c876b7b5bcb24d21b7e540fb477a7064'}, Router: {'id': 'aca5fbcb-f5c0-479f-9c3c-2e076eb51b7f', 'name': 'tempest-ServerPasswordTestJSON-689298215-router', 'tenant_id': 'c876b7b5bcb24d21b7e540fb477a7064', 'admin_state_up': True, 'status': 'ACTIVE', 'external_gateway_info': {'network_id': '84d17955-09c8-4e3b-a83e-cc340ec17c85', 'external_fixed_ips': [{'subnet_id': '9e7620e4-3920-4659-ab6d-023dab8abb9b', 'ip_address': '10.180.180.129'}], 'enable_snat': True}, 'description': '', 'availability_zones': [], 'distributed': False, 'ha': False, 'availability_zone_hints': [], 'routes': [], 'flavor_id': None, 'tags': [], 'created_at': '2024-10-08T23:13:53Z', 'updated_at': '2024-10-08T23:13:54Z', 'revision_number': 2, 'project_id': 'c876b7b5bcb24d21b7e540fb477a7064'}
2024-10-08 23:13:55.838 62611 INFO tempest.lib.common.rest_client [req-81f80816-30f9-4b47-a6ce-e849f3a47a77 req-81f80816-30f9-4b47-a6ce-e849f3a47a77 ] Request (ServerActionsTestJSON:setUpClass): 201 POST http://10.180.1.21/identity/v3/auth/tokens 0.079s
2024-10-08 23:13:55.838 62611 INFO tempest.lib.common.fixed_network [-] (ServerActionsTestJSON:setUpClass) Found network {'id': '91737417-9da5-49d3-aeaf-5e4d9866df3d', 'name': 'tempest-ServerActionsTestJSON-4382898-network', 'tenant_id': 'ce52cc740c1148ba8e83bdf8ba281e0e', 'admin_state_up': True, 'mtu': 8950, 'status': 'ACTIVE', 'subnets': [], 'shared': False, 'project_id': 'ce52cc740c1148ba8e83bdf8ba281e0e', 'port_security_enabled': True, 'router:external': False, 'provider:network_type': 'vlan', 'provider:physical_network': 'default', 'provider:segmentation_id': 75, 'is_default': False, 'availability_zone_hints': [], 'availability_zones': [], 'ipv4_address_scope': None, 'ipv6_address_scope': None, 'description': '', 'tags': [], 'created_at': '2024-10-08T23:13:50Z', 'updated_at': '2024-10-08T23:13:50Z', 'revision_number': 1} available for tenant
2024-10-08 23:13:55.864 62641 INFO tempest.lib.common.rest_client [req-21d1edc3-7290-44e9-bbc1-de470282cf3d req-21d1edc3-7290-44e9-bbc1-de470282cf3d ] Request (ServerShowV257Test:test_rebuild_server): 200 GET http://10.180.1.21/compute/v2.1/servers/4fde6065-41a7-4a95-96df-e442762dad24 0.079s
2024-10-08 23:13:55.880 62633 INFO tempest.lib.common.rest_client [req-741c594d-5372-4420-abda-0d695306b966 req-741c594d-5372-4420-abda-0d695306b966 ] Request (ServersTestBootFromVolume:setUpClass): 200 GET http://10.180.1.21/compute/v2.1/servers/546a40aa-c278-460c-8c91-c6c903d751ab 0.065s
2024-10-08 23:13:55.919 62659 INFO tempest.lib.common.rest_client [req-f7042b9f-923d-49da-9fdc-32bab2921ee9 req-f7042b9f-923d-49da-9fdc-32bab2921ee9 ] Request (ServerPasswordTestJSON:setUpClass): 201 POST http://10.180.1.21/identity/v3/auth/tokens 0.097s
2024-10-08 23:13:55.939 62645 INFO tempest.lib.common.rest_client [req-2ee15cf2-d5cb-4350-b437-2934d2f5ae23 req-2ee15cf2-d5cb-4350-b437-2934d2f5ae23 ] Request (ListImageFiltersTestJSON:setUpClass): 200 GET http://10.180.1.21/compute/v2.1/servers/fd5478d6-9fa8-4471-8b95-b89f3d826bcc 0.089s
2024-10-08 23:13:55.962 62659 INFO tempest.lib.common.rest_client [req-fb41b50b-d700-4090-82b0-6fad128c4f17 req-fb41b50b-d700-4090-82b0-6fad128c4f17 ] Request (ServerPasswordTestJSON:setUpClass): 201 POST http://10.180.1.21/identity/v3/auth/tokens 0.037s
2024-10-08 23:13:55.963 62659 INFO tempest.lib.common.fixed_network [-] (ServerPasswordTestJSON:setUpClass) Found network {'id': '18399568-7ba2-4dce-b14e-641c8417606e', 'name': 'tempest-ServerPasswordTestJSON-689298215-network', 'tenant_id': 'c876b7b5bcb24d21b7e540fb477a7064', 'admin_state_up': True, 'mtu': 8950, 'status': 'ACTIVE', 'subnets': [], 'shared': False, 'project_id': 'c876b7b5bcb24d21b7e540fb477a7064', 'port_security_enabled': True, 'router:external': False, 'provider:network_type': 'vlan', 'provider:physical_network': 'default', 'provider:segmentation_id': 882, 'is_default': False, 'availability_zone_hints': [], 'availability_zones': [], 'ipv4_address_scope': None, 'ipv6_address_scope': None, 'description': '', 'tags': [], 'created_at': '2024-10-08T23:13:53Z', 'updated_at': '2024-10-08T23:13:53Z', 'revision_number': 1} available for tenant
2024-10-08 23:13:55.993 62657 INFO tempest.lib.common.rest_client [req-e20006fc-e3f4-473a-9b1b-e3b2b059d4b9 req-e20006fc-e3f4-473a-9b1b-e3b2b059d4b9 ] Request (ImagesNegativeTestJSON:test_create_image_from_deleted_server): 200 GET http://10.180.1.21/compute/v2.1/servers/1523daf8-033b-48e2-a495-885feb4e0ea3 0.094s
2024-10-08 23:13:56.199 62647 INFO tempest.lib.common.rest_client [req-74c6297c-539b-4d66-8e65-d0dad333c83f req-74c6297c-539b-4d66-8e65-d0dad333c83f ] Request (TenantUsagesTestJSON:setUpClass): 200 GET http://10.180.1.21/compute/v2.1/servers/489cd441-f925-4cfd-8a6a-9f4d3e22d6dc 0.282s
2024-10-08 23:13:56.562 62611 INFO tempest.lib.common.rest_client [req-6b296dd0-b84e-4467-884b-d70b44369442 req-6b296dd0-b84e-4467-884b-d70b44369442 ] Request (ServerActionsTestJSON:setUpClass): 202 POST http://10.180.1.21/compute/v2.1/servers 0.723s
2024-10-08 23:13:56.592 62659 INFO tempest.lib.common.rest_client [req-ddaaa9a1-608a-4690-b460-1e1e26bc8c36 req-ddaaa9a1-608a-4690-b460-1e1e26bc8c36 ] Request (ServerPasswordTestJSON:setUpClass): 202 POST http://10.180.1.21/compute/v2.1/servers 0.628s
2024-10-08 23:13:56.610 62623 INFO tempest.lib.common.rest_client [req-17fc9c2f-34ad-4ee9-8158-1f01670f6a0b req-17fc9c2f-34ad-4ee9-8158-1f01670f6a0b ] Request (FloatingIPDetailsNegativeTestJSON:setUpClass): 201 POST http://10.180.1.21:9696/networking/v2.0/routers 1.168s
2024-10-08 23:13:56.628 62663 INFO tempest.lib.common.rest_client [req-eaa3360b-c933-4d13-9092-7cf452e3ab3d req-eaa3360b-c933-4d13-9092-7cf452e3ab3d ] Request (ImagesTestJSON:test_create_image_from_suspended_server): 200 GET http://10.180.1.21/compute/v2.1/servers/8c179402-a881-4b89-89d7-5e9031ba78cf 0.646s
2024-10-08 23:13:56.688 62609 INFO tempest.lib.common.rest_client [req-42144843-5f9d-416f-b466-5a7c2a34f87c req-42144843-5f9d-416f-b466-5a7c2a34f87c ] Request (FloatingIPsAssociationTestJSON:setUpClass): 200 GET http://10.180.1.21/compute/v2.1/servers/63c88ac7-9700-4476-9039-feb034de659d 0.694s
2024-10-08 23:13:56.689 62613 INFO tempest.lib.common.rest_client [req-56963726-2eb1-4aa9-a8a6-03152080d3ab req-56963726-2eb1-4aa9-a8a6-03152080d3ab ] Request (ServersTestMultiNic:test_verify_duplicate_network_nics): 200 GET http://10.180.1.21/compute/v2.1/servers/bebed5b9-d067-4cf2-a203-48763685ecb6 0.637s
2024-10-08 23:13:56.744 62635 INFO tempest.lib.common.rest_client [req-896740ab-d29b-4324-a8b3-d20946e4ed9e req-896740ab-d29b-4324-a8b3-d20946e4ed9e ] Request (DeleteServersAdminTestJSON:test_delete_server_while_in_error_state): 200 GET http://10.180.1.21/compute/v2.1/servers/b0bcd561-35cd-475f-975e-e78456a87fac 0.652s
2024-10-08 23:13:56.772 62607 INFO tempest.lib.common.rest_client [req-3b7f50e3-2c39-4e4f-bb94-e4fafd4bcf17 req-3b7f50e3-2c39-4e4f-bb94-e4fafd4bcf17 ] Request (SecurityGroupsTestJSON:test_list_security_groups_by_server): 200 GET http://10.180.1.21/compute/v2.1/servers/45fe27f5-0f20-48ff-ad25-03862ac9bdd9 0.658s
2024-10-08 23:13:56.814 62629 INFO tempest.lib.common.rest_client [req-9bd4b9e9-a0b8-48d9-9eef-49c99dc3e0d0 req-9bd4b9e9-a0b8-48d9-9eef-49c99dc3e0d0 ] Request (ImagesOneServerTestJSON:setUpClass): 200 GET http://10.180.1.21/compute/v2.1/servers/bcecb4c6-6675-403d-9a3d-b96156b1d56a 0.647s
2024-10-08 23:13:56.855 62631 INFO tempest.lib.common.rest_client [req-23ac7c8d-23d4-4d30-b2e9-11dc4c25b945 req-23ac7c8d-23d4-4d30-b2e9-11dc4c25b945 ] Request (ServersTestManualDisk:setUpClass): 200 GET http://10.180.1.21/compute/v2.1/servers/70055136-b08b-4654-aca7-8280158d94da 0.674s
2024-10-08 23:13:56.889 62667 INFO tempest.lib.common.rest_client [req-0581b48c-9543-413b-9767-b1a77bda3840 req-0581b48c-9543-413b-9767-b1a77bda3840 ] Request (ServerDiagnosticsV248Test:test_get_server_diagnostics): 200 GET http://10.180.1.21/compute/v2.1/servers/d22aff27-739f-4b0d-a0e4-b6316c252c3a 0.657s
2024-10-08 23:13:56.916 62637 INFO tempest.lib.common.rest_client [req-9fe04b9e-a4e1-416b-b8f7-c76162ba7615 req-9fe04b9e-a4e1-416b-b8f7-c76162ba7615 ] Request (ListServerFiltersTestJSON:setUpClass): 200 GET http://10.180.1.21/compute/v2.1/servers/54e3c531-9253-4fc0-999c-2cb9a8388d08 0.671s
2024-10-08 23:13:56.964 62625 INFO tempest.lib.common.rest_client [req-3f917b9a-c64b-4ac9-9327-2d98437700b1 req-3f917b9a-c64b-4ac9-9327-2d98437700b1 ] Request (VolumesAssistedSnapshotsTest:test_volume_assisted_snapshot_create_delete): 200 GET http://10.180.1.21/compute/v2.1/servers/eac92d1f-d160-4e06-a71c-d064acdffb19 0.679s
2024-10-08 23:13:56.985 62661 INFO tempest.lib.common.rest_client [req-e98a2e42-9617-478c-a19e-46e7bf3ce89e req-e98a2e42-9617-478c-a19e-46e7bf3ce89e ] Request (ServersAdminTestJSON:setUpClass): 200 GET http://10.180.1.21/compute/v2.1/servers/49a8e94b-b167-41d1-b748-1a2fa4e2b940 0.626s
2024-10-08 23:13:57.026 62621 INFO tempest.lib.common.rest_client [req-6bc6a667-9585-42cc-a16d-ec9486753761 req-6bc6a667-9585-42cc-a16d-ec9486753761 ] Request (InstanceActionsNegativeTestJSON:setUpClass): 200 GET http://10.180.1.21/compute/v2.1/servers/c55d3f4a-7dd7-4c98-bb72-966ed12ba03f 0.619s
2024-10-08 23:13:57.089 62653 INFO tempest.lib.common.rest_client [req-577760a5-fa56-4aa3-8f2c-0217bbc76e0f req-577760a5-fa56-4aa3-8f2c-0217bbc76e0f ] Request (VolumesAdminNegativeTest:test_update_attached_volume_with_nonexistent_volume_in_body): 200 GET http://10.180.1.21/compute/v2.1/servers/fc4267ff-dda1-444f-a5b0-a4954626b42d 0.602s
2024-10-08 23:13:57.110 62651 INFO tempest.lib.common.rest_client [req-055a20dd-a9f5-463d-926d-ca11a9d32d5a req-055a20dd-a9f5-463d-926d-ca11a9d32d5a ] Request (ServersV294TestFqdnHostnames:setUpClass): 200 GET http://10.180.1.21/compute/v2.1/servers/01654798-4e54-4177-b20c-f6e0aecf72a7 0.592s
2024-10-08 23:13:57.190 62611 INFO tempest.lib.common.rest_client [req-444f2103-7927-4f93-8632-6f2111c2410f req-444f2103-7927-4f93-8632-6f2111c2410f ] Request (ServerActionsTestJSON:setUpClass): 200 GET http://10.180.1.21/compute/v2.1/servers/a7c65d2c-49c1-4c0c-b38b-4e1a89552b67 0.626s
2024-10-08 23:13:57.227 62619 INFO tempest.lib.common.rest_client [req-a524082b-5955-4fb9-b59b-8ac4e5936f2c req-a524082b-5955-4fb9-b59b-8ac4e5936f2c ] Request (ServersAdmin275Test:tearDownClass): 200 GET http://10.180.1.21/compute/v2.1/servers/0eb2a772-7635-481a-ae2c-9f23669dd175 0.651s
2024-10-08 23:13:57.253 62643 INFO tempest.lib.common.rest_client [req-395128d3-e17e-487c-8bb8-3a4f1de33e7b req-395128d3-e17e-487c-8bb8-3a4f1de33e7b ] Request (MultipleCreateTestJSON:test_multiple_create): 200 GET http://10.180.1.21/compute/v2.1/servers/8e6332f4-2b1e-404d-aa43-a13a72edd044 0.670s
2024-10-08 23:13:57.273 62659 INFO tempest.lib.common.rest_client [req-246a10f3-c1ac-4411-948e-93f8bbe63234 req-246a10f3-c1ac-4411-948e-93f8bbe63234 ] Request (ServerPasswordTestJSON:setUpClass): 200 GET http://10.180.1.21/compute/v2.1/servers/ccdfcfa9-fb1e-4a08-a9fd-2c4bd9837caf 0.679s
2024-10-08 23:13:57.301 62605 INFO tempest.lib.common.rest_client [req-9a5e1ace-451e-4320-9982-18ab1b706db9 req-9a5e1ace-451e-4320-9982-18ab1b706db9 ] Request (ServersWithSpecificFlavorTestJSON:test_verify_created_server_ephemeral_disk): 200 GET http://10.180.1.21/compute/v2.1/servers/15f43ac0-ef8c-480c-bc07-05d2dbf0ee23 0.658s
2024-10-08 23:13:57.332 62627 INFO tempest.lib.common.rest_client [req-bc9f0d79-33bc-4316-be5c-62ab7865b191 req-bc9f0d79-33bc-4316-be5c-62ab7865b191 ] Request (MigrationsAdminTest:test_list_migrations_in_flavor_resize_situation): 200 GET http://10.180.1.21/compute/v2.1/servers/09ac5c26-9842-440c-bc14-a84c2eb23cf5 0.658s
2024-10-08 23:13:57.356 62615 INFO tempest.lib.common.rest_client [req-104aa813-5900-418d-8013-aa54c9b0437e req-104aa813-5900-418d-8013-aa54c9b0437e ] Request (ServersTestJSON:setUpClass): 200 GET http://10.180.1.21/compute/v2.1/servers/5d1dfbdc-1b96-400a-bd0a-e898a90bdab6 0.622s
2024-10-08 23:13:57.386 62655 INFO tempest.lib.common.rest_client [req-1c0c8f67-649a-4ab6-a108-86305d3ea672 req-1c0c8f67-649a-4ab6-a108-86305d3ea672 ] Request (AttachInterfacesTestJSON:test_create_list_show_delete_interfaces_by_fixed_ip): 200 GET http://10.180.1.21/compute/v2.1/servers/c9f55aeb-273b-4dae-b871-cfb1572e6535 0.605s
2024-10-08 23:13:57.417 62617 INFO tempest.lib.common.rest_client [req-01fa64f6-2dbb-41e4-8783-0e77ce468113 req-01fa64f6-2dbb-41e4-8783-0e77ce468113 ] Request (ServerAddressesNegativeTestJSON:setUpClass): 200 GET http://10.180.1.21/compute/v2.1/servers/9518175e-e4ac-42fc-bd90-cc7e204ef2e4 0.619s
2024-10-08 23:13:57.443 62641 INFO tempest.lib.common.rest_client [req-a9c8037d-58be-40fa-b705-effea2643d06 req-a9c8037d-58be-40fa-b705-effea2643d06 ] Request (ServerShowV257Test:test_rebuild_server): 200 GET http://10.180.1.21/compute/v2.1/servers/4fde6065-41a7-4a95-96df-e442762dad24 0.569s
2024-10-08 23:13:57.496 62633 INFO tempest.lib.common.rest_client [req-d3bf1a1a-7c92-490a-999c-aec06600687f req-d3bf1a1a-7c92-490a-999c-aec06600687f ] Request (ServersTestBootFromVolume:setUpClass): 200 GET http://10.180.1.21/compute/v2.1/servers/546a40aa-c278-460c-8c91-c6c903d751ab 0.610s
2024-10-08 23:13:57.499 62645 INFO tempest.lib.common.rest_client [req-59b9ed78-a2a8-4a3c-ae03-c993837c9984 req-59b9ed78-a2a8-4a3c-ae03-c993837c9984 ] Request (ListImageFiltersTestJSON:setUpClass): 200 GET http://10.180.1.21/compute/v2.1/servers/fd5478d6-9fa8-4471-8b95-b89f3d826bcc 0.552s
2024-10-08 23:13:57.561 62657 INFO tempest.lib.common.rest_client [req-293352eb-7881-4dcc-803a-3bcdf625d944 req-293352eb-7881-4dcc-803a-3bcdf625d944 ] Request (ImagesNegativeTestJSON:test_create_image_from_deleted_server): 200 GET http://10.180.1.21/compute/v2.1/servers/1523daf8-033b-48e2-a495-885feb4e0ea3 0.560s
