2024-10-08 23:14:43.126 62615 INFO tempest.lib.common.rest_client [req-2938feff-1f30-4e57-bb8d-9618abe58493 req-2938feff-1f30-4e57-bb8d-9618abe58493 ] Request (ServersTestJSON:setUpClass): 200 GET http://10.180.1.21/compute/v2.1/servers/5d1dfbdc-1b96-400a-bd0a-e898a90bdab6 0.160s
2024-10-08 23:14:43.133 62627 INFO tempest.lib.common.rest_client [req-4c975155-6904-4799-abfe-597ea9d25431 req-4c975155-6904-4799-abfe-597ea9d25431 ] Request (MigrationsAdminTest:test_list_migrations_in_flavor_resize_situation): 200 GET http://10.180.1.21/compute/v2.1/servers/09ac5c26-9842-440c-bc14-a84c2eb23cf5 0.082s
2024-10-08 23:14:43.139 62605 INFO tempest.lib.common.rest_client [req-0cac34b8-bc14-48fa-aed5-fd42456a3151 req-0cac34b8-bc14-48fa-aed5-fd42456a3151 ] Request (FlavorsAccessNegativeTestJSON:tearDownClass): 200 GET http://10.180.1.21:9696/networking/v2.0/security-groups?tenant_id=3835ac5c54b14c1cb53a01b51f38f901&name=default 0.215s
2024-10-08 23:14:43.172 62647 INFO tempest.lib.common.rest_client [req-255aed0d-6390-43ed-8965-511ac825e0ad req-255aed0d-6390-43ed-8965-511ac825e0ad ] Request (FloatingIPsAssociationNegativeTestJSON:setUpClass): 200 PUT http://10.180.1.21:9696/networking/v2.0/routers/9d289a5e-94e0-4afc-8fd3-10f56f1a4c46/add_router_interface 1.192s
2024-10-08 23:14:43.172 62647 INFO tempest.lib.common.dynamic_creds [-] Created isolated network resources for: credentials: Credentials: {'domain_id': 'default', 'domain_name': 'Default', 'username': 'tempest-FloatingIPsAssociationNegativeTestJSON-579986205-project-member', 'project_domain_id': 'default', 'project_domain_name': 'Default', 'project_id': '7b12e7fa4eec4f3b975651f2fc46c8fa', 'project_name': 'tempest-FloatingIPsAssociationNegativeTestJSON-579986205', 'tenant_id': '7b12e7fa4eec4f3b975651f2fc46c8fa', 'tenant_name': 'tempest-FloatingIPsAssociationNegativeTestJSON-579986205', 'user_domain_id': 'default', 'user_domain_name': 'Default', 'user_id': '738b6865b4dd4290b8695177a4c66acb', 'system': None}, Network: {'id': '8c5de397-da1e-4836-a5f8-cd85f07a1239', 'name': 'tempest-FloatingIPsAssociationNegativeTestJSON-831639205-network', 'tenant_id': '7b12e7fa4eec4f3b975651f2fc46c8fa', 'admin_state_up': True, 'mtu': 8950, 'status': 'ACTIVE', 'subnets': [], 'shared': False, 'project_id': '7b12e7fa4eec4f3b975651f2fc46c8fa', 'port_security_enabled': True, 'router:external': False, 'provider:network_type': 'vlan', 'provider:physical_network': 'default', 'provider:segmentation_id': 367, 'is_default': False, 'availability_zone_hints': [], 'availability_zones': [], 'ipv4_address_scope': None, 'ipv6_address_scope': None, 'description': '', 'tags': [], 'created_at': '2024-10-08T23:14:40Z', 'updated_at': '2024-10-08T23:14:40Z', 'revision_number': 1}, Subnet: {'id': 'f46d8326-c8f6-4343-9f16-c85e7f96138a', 'name': 'tempest-FloatingIPsAssociationNegativeTestJSON-831639205-subnet', 'tenant_id': '7b12e7fa4eec4f3b975651f2fc46c8fa', 'network_id': '8c5de397-da1e-4836-a5f8-cd85f07a1239', 'ip_version': 4, 'subnetpool_id': None, 'enable_dhcp': True, 'ipv6_ra_mode': None, 'ipv6_address_mode': None, 'gateway_ip': '192.168.128.1', 'cidr': '192.168.128.0/28', 'allocation_pools': [{'start': '192.168.128.2', 'end': '192.168.128.14'}], 'host_routes': [], 'dns_nameservers': [], 'description': '', 'router:external': False, 'service_types': [], 'tags': [], 'created_at': '2024-10-08T23:14:41Z', 'updated_at': '2024-10-08T23:14:41Z', 'revision_number': 0, 'project_id': '7b12e7fa4eec4f3b975651f2fc46c8fa'}, Router: {'id': '9d289a5e-94e0-4afc-8fd3-10f56f1a4c46', 'name': 'tempest-FloatingIPsAssociationNegativeTestJSON-831639205-router', 'tenant_id': '7b12e7fa4eec4f3b975651f2fc46c8fa', 'admin_state_up': True, 'status': 'ACTIVE', 'external_gateway_info': {'network_id': '84d17955-09c8-4e3b-a83e-cc340ec17c85', 'external_fixed_ips': [{'subnet_id': '9e7620e4-3920-4659-ab6d-023dab8abb9b', 'ip_address': '10.180.180.134'}], 'enable_snat': True}, 'description': '', 'availability_zones': [], 'distributed': False, 'ha': False, 'availability_zone_hints': [], 'routes': [], 'flavor_id': None, 'tags': [], 'created_at': '2024-10-08T23:14:41Z', 'updated_at': '2024-10-08T23:14:41Z', 'revision_number': 2, 'project_id': '7b12e7fa4eec4f3b975651f2fc46c8fa'}
2024-10-08 23:14:43.182 62655 INFO tempest.lib.common.rest_client [req-e719ed73-8571-40ca-b676-23f617aadb09 req-e719ed73-8571-40ca-b676-23f617aadb09 ] Request (AttachInterfacesTestJSON:test_create_list_show_delete_interfaces_by_fixed_ip): 200 GET http://10.180.1.21/compute/v2.1/servers/c9f55aeb-273b-4dae-b871-cfb1572e6535 0.077s
2024-10-08 23:14:43.222 62625 INFO tempest.lib.common.rest_client [req-fb391f1d-540a-4e60-98f6-4c65a802182f req-fb391f1d-540a-4e60-98f6-4c65a802182f ] Request (ImagesOneServerNegativeTestJSON:setUpClass): 200 GET http://10.180.1.21/compute/v2.1/servers/e4a0d368-6afc-4dd1-9c6b-8d8cfeea4ce0 0.061s
2024-10-08 23:14:43.277 62605 INFO tempest.lib.common.rest_client [req-599cfa49-6ca4-4843-989f-75eea130f7fa req-599cfa49-6ca4-4843-989f-75eea130f7fa ] Request (FlavorsAccessNegativeTestJSON:tearDownClass): 204 DELETE http://10.180.1.21:9696/networking/v2.0/security-groups/aa28c9c2-7ff6-44f7-84ae-c676a3b1a495 0.137s
2024-10-08 23:14:43.280 62647 INFO tempest.lib.common.rest_client [req-8650a006-ea39-40f6-bab4-4c19b75545b3 req-8650a006-ea39-40f6-bab4-4c19b75545b3 ] Request (FloatingIPsAssociationNegativeTestJSON:setUpClass): 201 POST http://10.180.1.21/identity/v3/auth/tokens 0.104s
2024-10-08 23:14:43.306 62641 INFO tempest.lib.common.rest_client [req-7576757b-5f22-4ec5-bdd1-bf61bcc2260b req-7576757b-5f22-4ec5-bdd1-bf61bcc2260b ] Request (ServerShowV257Test:test_rebuild_server): 200 GET http://10.180.1.21/compute/v2.1/servers/4fde6065-41a7-4a95-96df-e442762dad24 0.077s
2024-10-08 23:14:43.315 62647 INFO tempest.lib.common.rest_client [req-5fc35258-8b30-4eb2-a45f-8b012f13405d req-5fc35258-8b30-4eb2-a45f-8b012f13405d ] Request (FloatingIPsAssociationNegativeTestJSON:setUpClass): 201 POST http://10.180.1.21/identity/v3/auth/tokens 0.030s
2024-10-08 23:14:43.315 62647 INFO tempest.lib.common.fixed_network [-] (FloatingIPsAssociationNegativeTestJSON:setUpClass) Found network {'id': '8c5de397-da1e-4836-a5f8-cd85f07a1239', 'name': 'tempest-FloatingIPsAssociationNegativeTestJSON-831639205-network', 'tenant_id': '7b12e7fa4eec4f3b975651f2fc46c8fa', 'admin_state_up': True, 'mtu': 8950, 'status': 'ACTIVE', 'subnets': [], 'shared': False, 'project_id': '7b12e7fa4eec4f3b975651f2fc46c8fa', 'port_security_enabled': True, 'router:external': False, 'provider:network_type': 'vlan', 'provider:physical_network': 'default', 'provider:segmentation_id': 367, 'is_default': False, 'availability_zone_hints': [], 'availability_zones': [], 'ipv4_address_scope': None, 'ipv6_address_scope': None, 'description': '', 'tags': [], 'created_at': '2024-10-08T23:14:40Z', 'updated_at': '2024-10-08T23:14:40Z', 'revision_number': 1} available for tenant
2024-10-08 23:14:43.345 62617 INFO tempest.lib.common.rest_client [req-2c8b8914-8afc-4424-b4b4-f49dcfbf35c3 req-2c8b8914-8afc-4424-b4b4-f49dcfbf35c3 ] Request (ServerAddressesNegativeTestJSON:setUpClass): 200 GET http://10.180.1.21/compute/v2.1/servers/9518175e-e4ac-42fc-bd90-cc7e204ef2e4 0.065s
2024-10-08 23:14:43.383 62605 INFO tempest.lib.common.rest_client [req-20cf7c87-ec6d-496c-8df8-5924222515a0 req-20cf7c87-ec6d-496c-8df8-5924222515a0 ] Request (FlavorsAccessNegativeTestJSON:tearDownClass): 204 DELETE http://10.180.1.21/identity/v3/projects/3835ac5c54b14c1cb53a01b51f38f901 0.105s
2024-10-08 23:14:43.401 62637 INFO tempest.lib.common.rest_client [req-2eac36b4-1a36-42e5-91a7-c4d044069ff5 req-2eac36b4-1a36-42e5-91a7-c4d044069ff5 ] Request (ServersAaction247Test:test_create_backup): 200 GET http://10.180.1.21/compute/v2.1/servers/a5c638d8-f761-497d-bde2-39ea90d8d151 0.066s
2024-10-08 23:14:43.438 62605 INFO tempest.lib.common.rest_client [req-ed4c2626-532b-4480-b4c8-18904d097795 req-ed4c2626-532b-4480-b4c8-18904d097795 ] Request (ServerActionsTestOtherB:setUpClass): 201 POST http://10.180.1.21/identity/v3/auth/tokens 0.053s
2024-10-08 23:14:43.466 62657 INFO tempest.lib.common.rest_client [req-56b8082c-41bb-41e8-9d97-19622832ff09 req-56b8082c-41bb-41e8-9d97-19622832ff09 ] Request (ImagesNegativeTestJSON:test_create_image_from_deleted_server): 200 GET http://10.180.1.21/compute/v2.1/servers/1523daf8-033b-48e2-a495-885feb4e0ea3 0.080s
2024-10-08 23:14:43.468 62605 INFO tempest.lib.common.rest_client [req-bba876c4-307e-44c1-a9a5-4cfd58658c5f req-bba876c4-307e-44c1-a9a5-4cfd58658c5f ] Request (ServerActionsTestOtherB:setUpClass): 201 POST http://10.180.1.21/identity/v3/auth/tokens 0.027s
2024-10-08 23:14:43.478 62657 INFO tempest.common.waiters [-] State transition "BUILD/scheduling" ==> "ERROR/None" after 86 second wait
2024-10-08 23:14:43.499 62605 INFO tempest.lib.common.rest_client [req-bbe835b4-9139-4bd7-9fd1-03c8e983afad req-bbe835b4-9139-4bd7-9fd1-03c8e983afad ] Request (ServerActionsTestOtherB:setUpClass): 200 GET http://10.180.1.21/identity/v3/domains?name=Default 0.031s
2024-10-08 23:14:43.525 62645 INFO tempest.lib.common.rest_client [req-95b69335-366a-4d6b-8136-9fab4c397d72 req-95b69335-366a-4d6b-8136-9fab4c397d72 ] Request (ServerMetadataTestJSON:setUpClass): 200 GET http://10.180.1.21/compute/v2.1/servers/9ce5c5a1-5c90-4f76-a511-d8f855b6bab4 0.093s
2024-10-08 23:14:43.538 62605 INFO tempest.lib.common.rest_client [req-1cafa354-8fcf-406d-a919-81ffea0be239 req-1cafa354-8fcf-406d-a919-81ffea0be239 ] Request (ServerActionsTestOtherB:setUpClass): 201 POST http://10.180.1.21/identity/v3/projects 0.038s
2024-10-08 23:14:43.606 62605 INFO tempest.lib.common.rest_client [req-01f5afcc-f345-4092-9d49-c5cf52e36c0a req-01f5afcc-f345-4092-9d49-c5cf52e36c0a ] Request (ServerActionsTestOtherB:setUpClass): 201 POST http://10.180.1.21/identity/v3/users 0.067s
2024-10-08 23:14:43.627 62605 INFO tempest.lib.common.rest_client [req-e1b7e631-28f6-4c6e-b53f-15e37d5d2180 req-e1b7e631-28f6-4c6e-b53f-15e37d5d2180 ] Request (ServerActionsTestOtherB:setUpClass): 200 GET http://10.180.1.21/identity/v3/roles 0.020s
2024-10-08 23:14:43.660 62605 INFO tempest.lib.common.rest_client [req-31ab633b-6733-461d-bd3e-466dd99cc9fe req-31ab633b-6733-461d-bd3e-466dd99cc9fe ] Request (ServerActionsTestOtherB:setUpClass): 204 PUT http://10.180.1.21/identity/v3/projects/73819709966b4e5f873020b399c49871/users/50e00b1a1fd3401fa803dea5b0801965/roles/e7841392729243beb0067ddf7a8bac5c 0.032s
2024-10-08 23:14:43.660 62605 INFO tempest.lib.common.dynamic_creds [-] Dynamic test user 50e00b1a1fd3401fa803dea5b0801965 is created with scope project and roles: ['member']
2024-10-08 23:14:43.660 62605 INFO tempest.lib.common.dynamic_creds [-] Acquired dynamic creds: credentials: Credentials: {'domain_id': 'default', 'domain_name': 'Default', 'username': 'tempest-ServerActionsTestOtherB-858048377-project-member', 'project_domain_id': 'default', 'project_domain_name': 'Default', 'project_id': '73819709966b4e5f873020b399c49871', 'project_name': 'tempest-ServerActionsTestOtherB-858048377', 'tenant_id': '73819709966b4e5f873020b399c49871', 'tenant_name': 'tempest-ServerActionsTestOtherB-858048377', 'user_domain_id': 'default', 'user_domain_name': 'Default', 'user_id': '50e00b1a1fd3401fa803dea5b0801965', 'system': None}, Network: None, Subnet: None, Router: None
2024-10-08 23:14:43.708 62657 INFO tempest.lib.common.rest_client [req-24582d3c-8377-43c9-85b4-42a0bdc6e777 req-24582d3c-8377-43c9-85b4-42a0bdc6e777 ] Request (ImagesNegativeTestJSON:test_create_image_from_deleted_server): 204 DELETE http://10.180.1.21/compute/v2.1/servers/1523daf8-033b-48e2-a495-885feb4e0ea3 0.229s
2024-10-08 23:14:43.722 62605 INFO tempest.lib.common.rest_client [req-7662a959-aabf-4a98-a6f8-b29e1ff0faae req-7662a959-aabf-4a98-a6f8-b29e1ff0faae ] Request (ServerActionsTestOtherB:setUpClass): 201 POST http://10.180.1.21/identity/v3/auth/tokens 0.061s
2024-10-08 23:14:43.805 62647 INFO tempest.lib.common.rest_client [req-127cbd80-bbf3-4ace-aa50-2ab9ba882b29 req-127cbd80-bbf3-4ace-aa50-2ab9ba882b29 ] Request (FloatingIPsAssociationNegativeTestJSON:setUpClass): 202 POST http://10.180.1.21/compute/v2.1/servers 0.489s
2024-10-08 23:14:43.819 62651 INFO tempest.lib.common.rest_client [req-4f7a3c76-ae28-493b-9a66-0e60fb5b7008 req-4f7a3c76-ae28-493b-9a66-0e60fb5b7008 ] Request (ServerTagsTestJSON:setUpClass): 200 GET http://10.180.1.21/compute/v2.1/servers/3f36000e-b93d-4dda-ac39-b8459203c227 0.331s
2024-10-08 23:14:43.882 62609 INFO tempest.lib.common.rest_client [req-b87b79e2-e01b-46ac-b838-cdb6422de613 req-b87b79e2-e01b-46ac-b838-cdb6422de613 ] Request (FloatingIPsAssociationTestJSON:setUpClass): 200 GET http://10.180.1.21/compute/v2.1/servers/63c88ac7-9700-4476-9039-feb034de659d 0.343s
2024-10-08 23:14:43.944 62613 INFO tempest.lib.common.rest_client [req-b16cb4a0-8be6-42bf-bb4c-606c2de67cd3 req-b16cb4a0-8be6-42bf-bb4c-606c2de67cd3 ] Request (ServersTestMultiNic:test_verify_duplicate_network_nics): 200 GET http://10.180.1.21/compute/v2.1/servers/bebed5b9-d067-4cf2-a203-48763685ecb6 0.331s
2024-10-08 23:14:43.998 62663 INFO tempest.lib.common.rest_client [req-69ace4c7-bd79-4c82-a702-d4975c789cda req-69ace4c7-bd79-4c82-a702-d4975c789cda ] Request (ImagesTestJSON:test_create_image_from_suspended_server): 200 GET http://10.180.1.21/compute/v2.1/servers/8c179402-a881-4b89-89d7-5e9031ba78cf 0.356s
2024-10-08 23:14:44.016 62607 INFO tempest.lib.common.rest_client [req-aeb87786-a1a8-45d0-b95d-5f330b60d674 req-aeb87786-a1a8-45d0-b95d-5f330b60d674 ] Request (SecurityGroupsTestJSON:test_list_security_groups_by_server): 200 GET http://10.180.1.21/compute/v2.1/servers/45fe27f5-0f20-48ff-ad25-03862ac9bdd9 0.421s
2024-10-08 23:14:44.022 62607 INFO tempest.common.waiters [-] State transition "BUILD/networking" ==> "BUILD/spawning" after 80 second wait
2024-10-08 23:14:44.035 62657 INFO tempest.lib.common.rest_client [req-ee39547c-9902-4e1e-8d6e-d199a8b17b93 req-ee39547c-9902-4e1e-8d6e-d199a8b17b93 ] Request (ImagesNegativeTestJSON:test_create_image_from_deleted_server): 404 GET http://10.180.1.21/compute/v2.1/servers/1523daf8-033b-48e2-a495-885feb4e0ea3 0.327s
2024-10-08 23:14:44.044 62605 INFO tempest.lib.common.rest_client [req-9ac18abd-a897-4e09-8b70-9b28dee3248f req-9ac18abd-a897-4e09-8b70-9b28dee3248f ] Request (ServerActionsTestOtherB:setUpClass): 201 POST http://10.180.1.21:9696/networking/v2.0/networks 0.321s
2024-10-08 23:14:44.049 62621 INFO tempest.lib.common.rest_client [req-9839dbaf-6d78-4dcb-9d5d-d87bc635c7dc req-9839dbaf-6d78-4dcb-9d5d-d87bc635c7dc ] Request (InstanceActionsNegativeTestJSON:setUpClass): 200 GET http://10.180.1.21/compute/v2.1/servers/c55d3f4a-7dd7-4c98-bb72-966ed12ba03f 0.350s
2024-10-08 23:14:44.083 62635 INFO tempest.lib.common.rest_client [req-90f22608-5498-491a-9433-1a8098baad10 req-90f22608-5498-491a-9433-1a8098baad10 ] Request (DeleteServersAdminTestJSON:test_delete_server_while_in_error_state): 200 GET http://10.180.1.21/compute/v2.1/servers/b0bcd561-35cd-475f-975e-e78456a87fac 0.324s
2024-10-08 23:14:44.104 62631 INFO tempest.lib.common.rest_client [req-d0ef2b29-c40d-40d8-a090-38b2d2142def req-d0ef2b29-c40d-40d8-a090-38b2d2142def ] Request (ServersTestManualDisk:setUpClass): 200 GET http://10.180.1.21/compute/v2.1/servers/70055136-b08b-4654-aca7-8280158d94da 0.337s
2024-10-08 23:14:44.125 62647 INFO tempest.lib.common.rest_client [req-362974ed-ae66-471f-bfb2-31e31adfe35e req-362974ed-ae66-471f-bfb2-31e31adfe35e ] Request (FloatingIPsAssociationNegativeTestJSON:setUpClass): 200 GET http://10.180.1.21/compute/v2.1/servers/085ebe93-aa24-4626-94fe-241c4297e4db 0.318s
2024-10-08 23:14:44.158 62667 INFO tempest.lib.common.rest_client [req-bf88f69a-120b-4a5e-ab2d-57b9f6a3abb2 req-bf88f69a-120b-4a5e-ab2d-57b9f6a3abb2 ] Request (ServerDiagnosticsV248Test:tearDownClass): 200 GET http://10.180.1.21/compute/v2.1/servers/d22aff27-739f-4b0d-a0e4-b6316c252c3a 0.338s
2024-10-08 23:14:44.184 62629 INFO tempest.lib.common.rest_client [req-a56387f1-18b5-4e79-9dd1-c6af5b19eda1 req-a56387f1-18b5-4e79-9dd1-c6af5b19eda1 ] Request (ImagesOneServerTestJSON:setUpClass): 200 GET http://10.180.1.21/compute/v2.1/servers/bcecb4c6-6675-403d-9a3d-b96156b1d56a 0.353s
2024-10-08 23:14:44.211 62661 INFO tempest.lib.common.rest_client [req-555af4e3-dff4-4830-a4fe-5dcf2bd441fa req-555af4e3-dff4-4830-a4fe-5dcf2bd441fa ] Request (ServersAdminTestJSON:setUpClass): 200 GET http://10.180.1.21/compute/v2.1/servers/49a8e94b-b167-41d1-b748-1a2fa4e2b940 0.333s
2024-10-08 23:14:44.216 62605 INFO tempest.lib.common.rest_client [req-6e083ee5-6b71-4563-8e31-04c106d24263 req-6e083ee5-6b71-4563-8e31-04c106d24263 ] Request (ServerActionsTestOtherB:setUpClass): 201 POST http://10.180.1.21:9696/networking/v2.0/subnets 0.172s
2024-10-08 23:14:44.232 62623 INFO tempest.lib.common.rest_client [req-f0c5ba39-2f28-4682-b45d-82e250045d33 req-f0c5ba39-2f28-4682-b45d-82e250045d33 ] Request (ServerMetadataNegativeTestJSON:setUpClass): 200 GET http://10.180.1.21/compute/v2.1/servers/38291806-d0ae-47a5-bc6e-3d0320b2bd50 0.342s
2024-10-08 23:14:44.267 62643 INFO tempest.lib.common.rest_client [req-f865b7df-ad47-43d6-b3bb-e259028ccff0 req-f865b7df-ad47-43d6-b3bb-e259028ccff0 ] Request (MultipleCreateTestJSON:test_multiple_create): 200 GET http://10.180.1.21/compute/v2.1/servers/8e6332f4-2b1e-404d-aa43-a13a72edd044 0.334s
2024-10-08 23:14:44.276 62643 INFO tempest.common.waiters [-] State transition "BUILD/scheduling" ==> "BUILD/None" after 69 second wait
2024-10-08 23:14:44.286 62619 INFO tempest.lib.common.rest_client [req-eaf6e1f7-c203-4540-a0fa-f5da42a38b55 req-eaf6e1f7-c203-4540-a0fa-f5da42a38b55 ] Request (AttachInterfacesUnderV243Test:test_add_remove_fixed_ip): 200 GET http://10.180.1.21/compute/v2.1/servers/8b7ad7ed-8f2d-4c76-b335-4a2ce5327072 0.348s
2024-10-08 23:14:44.330 62611 INFO tempest.lib.common.rest_client [req-80a550c4-5e01-4834-86d1-ab4cd024db5d req-80a550c4-5e01-4834-86d1-ab4cd024db5d ] Request (ServerActionsTestJSON:setUpClass): 200 GET http://10.180.1.21/compute/v2.1/servers/a7c65d2c-49c1-4c0c-b38b-4e1a89552b67 0.326s
2024-10-08 23:14:44.340 62657 INFO tempest.lib.common.rest_client [req-e797f670-d84d-401e-be3f-7fffa79c57f8 req-e797f670-d84d-401e-be3f-7fffa79c57f8 ] Request (ImagesNegativeTestJSON:test_create_image_from_invalid_server): 404 POST http://10.180.1.21/compute/v2.1/servers/tempest-invalid-1783501613/action 0.302s
2024-10-08 23:14:44.352 62653 INFO tempest.lib.common.rest_client [req-24920064-11ea-4bdb-8809-3c4b11102ed8 req-24920064-11ea-4bdb-8809-3c4b11102ed8 ] Request (VolumesAdminNegativeTest:test_update_attached_volume_with_nonexistent_volume_in_uri): 200 GET http://10.180.1.21/compute/v2.1/servers/4dc7b6b4-1bf5-4195-bb93-14756f8f9986 0.341s
2024-10-08 23:14:44.401 62659 INFO tempest.lib.common.rest_client [req-a0bb9eba-b822-4d1d-aca5-978bc2653a41 req-a0bb9eba-b822-4d1d-aca5-978bc2653a41 ] Request (ServerPasswordTestJSON:setUpClass): 200 GET http://10.180.1.21/compute/v2.1/servers/ccdfcfa9-fb1e-4a08-a9fd-2c4bd9837caf 0.338s
2024-10-08 23:14:44.425 62633 INFO tempest.lib.common.rest_client [req-e2b9cfdf-6f88-4cec-9e3b-72dc3e1d9010 req-e2b9cfdf-6f88-4cec-9e3b-72dc3e1d9010 ] Request (InstanceActionsV221TestJSON:test_get_list_deleted_instance_actions): 200 GET http://10.180.1.21/compute/v2.1/servers/b393f654-0611-493e-a89f-445dfd3f8c13 0.349s
2024-10-08 23:14:44.469 62615 INFO tempest.lib.common.rest_client [req-0f3ceff2-d441-41e8-b540-82686c5827a0 req-0f3ceff2-d441-41e8-b540-82686c5827a0 ] Request (ServersTestJSON:setUpClass): 200 GET http://10.180.1.21/compute/v2.1/servers/5d1dfbdc-1b96-400a-bd0a-e898a90bdab6 0.336s
2024-10-08 23:14:44.479 62627 INFO tempest.lib.common.rest_client [req-e7bc418a-18f8-4c8e-ad04-16e699aca1b7 req-e7bc418a-18f8-4c8e-ad04-16e699aca1b7 ] Request (MigrationsAdminTest:test_list_migrations_in_flavor_resize_situation): 200 GET http://10.180.1.21/compute/v2.1/servers/09ac5c26-9842-440c-bc14-a84c2eb23cf5 0.338s
2024-10-08 23:14:44.531 62655 INFO tempest.lib.common.rest_client [req-4a318c23-26f8-4710-8765-8cf5dc730c47 req-4a318c23-26f8-4710-8765-8cf5dc730c47 ] Request (AttachInterfacesTestJSON:test_create_list_show_delete_interfaces_by_fixed_ip): 200 GET http://10.180.1.21/compute/v2.1/servers/c9f55aeb-273b-4dae-b871-cfb1572e6535 0.337s
2024-10-08 23:14:44.538 62625 INFO tempest.lib.common.rest_client [req-63994e60-0e6a-45ff-9e47-94dd99d9d548 req-63994e60-0e6a-45ff-9e47-94dd99d9d548 ] Request (ImagesOneServerNegativeTestJSON:setUpClass): 200 GET http://10.180.1.21/compute/v2.1/servers/e4a0d368-6afc-4dd1-9c6b-8d8cfeea4ce0 0.308s
2024-10-08 23:14:44.544 62657 INFO tempest.lib.common.rest_client [req-e62a6d06-49a5-4dec-86b0-ec60562f3609 req-e62a6d06-49a5-4dec-86b0-ec60562f3609 ] Request (ImagesNegativeTestJSON:test_create_image_specify_uuid_35_characters_or_less): 404 POST http://10.180.1.21/compute/v2.1/servers/aaaaaaaaaaaaaaaaaaaaaaaaaaaaaaaaaaa/action 0.202s
2024-10-08 23:14:44.599 62641 INFO tempest.lib.common.rest_client [req-9448f292-621d-4fa8-ad93-909edca54225 req-9448f292-621d-4fa8-ad93-909edca54225 ] Request (ServerShowV257Test:test_rebuild_server): 200 GET http://10.180.1.21/compute/v2.1/servers/4fde6065-41a7-4a95-96df-e442762dad24 0.279s
2024-10-08 23:14:44.611 62617 INFO tempest.lib.common.rest_client [req-842ea40b-b28c-4f09-9b49-c81b0f6b8186 req-842ea40b-b28c-4f09-9b49-c81b0f6b8186 ] Request (ServerAddressesNegativeTestJSON:setUpClass): 200 GET http://10.180.1.21/compute/v2.1/servers/9518175e-e4ac-42fc-bd90-cc7e204ef2e4 0.256s
2024-10-08 23:14:44.657 62645 INFO tempest.lib.common.rest_client [req-dca56883-7cc3-41de-94f9-7543377f0120 req-dca56883-7cc3-41de-94f9-7543377f0120 ] Request (ServerMetadataTestJSON:setUpClass): 200 GET http://10.180.1.21/compute/v2.1/servers/9ce5c5a1-5c90-4f76-a511-d8f855b6bab4 0.126s
2024-10-08 23:14:44.661 62657 INFO tempest.lib.common.rest_client [req-4408c1b2-7e6f-443e-93cd-af21f3906918 req-4408c1b2-7e6f-443e-93cd-af21f3906918 ] Request (ImagesNegativeTestJSON:test_create_image_specify_uuid_37_characters_or_more): 404 POST http://10.180.1.21/compute/v2.1/servers/aaaaaaaaaaaaaaaaaaaaaaaaaaaaaaaaaaaaa/action 0.116s
2024-10-08 23:14:44.664 62637 INFO tempest.lib.common.rest_client [req-485a3dec-44ef-4875-ac73-d2e0dc7e472f req-485a3dec-44ef-4875-ac73-d2e0dc7e472f ] Request (ServersAaction247Test:test_create_backup): 200 GET http://10.180.1.21/compute/v2.1/servers/a5c638d8-f761-497d-bde2-39ea90d8d151 0.252s
2024-10-08 23:14:44.898 62651 INFO tempest.lib.common.rest_client [req-015248dd-e298-4950-8dea-81decd320d08 req-015248dd-e298-4950-8dea-81decd320d08 ] Request (ServerTagsTestJSON:setUpClass): 200 GET http://10.180.1.21/compute/v2.1/servers/3f36000e-b93d-4dda-ac39-b8459203c227 0.060s
2024-10-08 23:14:44.952 62609 INFO tempest.lib.common.rest_client [req-5890bfb1-d197-4c39-bf13-54addcba5ae9 req-5890bfb1-d197-4c39-bf13-54addcba5ae9 ] Request (FloatingIPsAssociationTestJSON:setUpClass): 200 GET http://10.180.1.21/compute/v2.1/servers/63c88ac7-9700-4476-9039-feb034de659d 0.061s
2024-10-08 23:14:45.006 62605 INFO tempest.lib.common.rest_client [req-d0a89f56-88df-4536-8e19-9ac63dbc07a5 req-d0a89f56-88df-4536-8e19-9ac63dbc07a5 ] Request (ServerActionsTestOtherB:setUpClass): 201 POST http://10.180.1.21:9696/networking/v2.0/routers 0.789s
2024-10-08 23:14:45.010 62613 INFO tempest.lib.common.rest_client [req-49df762c-1709-427d-8522-9e03d254699d req-49df762c-1709-427d-8522-9e03d254699d ] Request (ServersTestMultiNic:test_verify_duplicate_network_nics): 200 GET http://10.180.1.21/compute/v2.1/servers/bebed5b9-d067-4cf2-a203-48763685ecb6 0.054s
2024-10-08 23:14:45.016 62613 INFO tempest.common.waiters [-] State transition "BUILD/None" ==> "BUILD/networking" after 80 second wait
2024-10-08 23:14:45.063 62663 INFO tempest.lib.common.rest_client [req-5f18fc07-3fbf-4974-a079-99b9b60ce013 req-5f18fc07-3fbf-4974-a079-99b9b60ce013 ] Request (ImagesTestJSON:test_create_image_from_suspended_server): 200 GET http://10.180.1.21/compute/v2.1/servers/8c179402-a881-4b89-89d7-5e9031ba78cf 0.057s
2024-10-08 23:14:45.087 62607 INFO tempest.lib.common.rest_client [req-db8fa7ea-f2fb-4f6c-8f56-8f5063ae6a5b req-db8fa7ea-f2fb-4f6c-8f56-8f5063ae6a5b ] Request (SecurityGroupsTestJSON:test_list_security_groups_by_server): 200 GET http://10.180.1.21/compute/v2.1/servers/45fe27f5-0f20-48ff-ad25-03862ac9bdd9 0.063s
2024-10-08 23:14:45.116 62621 INFO tempest.lib.common.rest_client [req-ac4daf77-545c-47dd-b023-f039404a1403 req-ac4daf77-545c-47dd-b023-f039404a1403 ] Request (InstanceActionsNegativeTestJSON:setUpClass): 200 GET http://10.180.1.21/compute/v2.1/servers/c55d3f4a-7dd7-4c98-bb72-966ed12ba03f 0.059s
2024-10-08 23:14:45.159 62635 INFO tempest.lib.common.rest_client [req-03a15a84-6ee8-45f5-bcc6-56ba4be0ff93 req-03a15a84-6ee8-45f5-bcc6-56ba4be0ff93 ] Request (DeleteServersAdminTestJSON:test_delete_server_while_in_error_state): 200 GET http://10.180.1.21/compute/v2.1/servers/b0bcd561-35cd-475f-975e-e78456a87fac 0.066s
2024-10-08 23:14:45.190 62631 INFO tempest.lib.common.rest_client [req-eef64efd-2a54-491d-81b6-6ebe81803b21 req-eef64efd-2a54-491d-81b6-6ebe81803b21 ] Request (ServersTestManualDisk:setUpClass): 200 GET http://10.180.1.21/compute/v2.1/servers/70055136-b08b-4654-aca7-8280158d94da 0.077s
2024-10-08 23:14:45.211 62647 INFO tempest.lib.common.rest_client [req-d8c20300-d365-4a11-8531-5d7082409d4b req-d8c20300-d365-4a11-8531-5d7082409d4b ] Request (FloatingIPsAssociationNegativeTestJSON:setUpClass): 200 GET http://10.180.1.21/compute/v2.1/servers/085ebe93-aa24-4626-94fe-241c4297e4db 0.078s
2024-10-08 23:14:45.258 62629 INFO tempest.lib.common.rest_client [req-0608fa11-f083-44b7-bc3f-9030feeec2b5 req-0608fa11-f083-44b7-bc3f-9030feeec2b5 ] Request (ImagesOneServerTestJSON:setUpClass): 200 GET http://10.180.1.21/compute/v2.1/servers/bcecb4c6-6675-403d-9a3d-b96156b1d56a 0.066s
2024-10-08 23:14:45.272 62667 INFO tempest.lib.common.rest_client [req-bc5955b8-99c2-4b84-b445-0cf8cf8c24b6 req-bc5955b8-99c2-4b84-b445-0cf8cf8c24b6 ] Request (ServerDiagnosticsV248Test:tearDownClass): 200 GET http://10.180.1.21/compute/v2.1/servers/d22aff27-739f-4b0d-a0e4-b6316c252c3a 0.102s
2024-10-08 23:14:45.305 62661 INFO tempest.lib.common.rest_client [req-618ee366-e745-4daa-b252-b813aa145db3 req-618ee366-e745-4daa-b252-b813aa145db3 ] Request (ServersAdminTestJSON:setUpClass): 200 GET http://10.180.1.21/compute/v2.1/servers/49a8e94b-b167-41d1-b748-1a2fa4e2b940 0.086s
2024-10-08 23:14:45.339 62623 INFO tempest.lib.common.rest_client [req-ef6f65a5-e2a2-44ef-855d-5c9e277d44a6 req-ef6f65a5-e2a2-44ef-855d-5c9e277d44a6 ] Request (ServerMetadataNegativeTestJSON:setUpClass): 200 GET http://10.180.1.21/compute/v2.1/servers/38291806-d0ae-47a5-bc6e-3d0320b2bd50 0.099s
2024-10-08 23:14:45.373 62643 INFO tempest.lib.common.rest_client [req-93c5f74c-5516-494f-b2e0-612adf2a87d6 req-93c5f74c-5516-494f-b2e0-612adf2a87d6 ] Request (MultipleCreateTestJSON:test_multiple_create): 200 GET http://10.180.1.21/compute/v2.1/servers/8e6332f4-2b1e-404d-aa43-a13a72edd044 0.095s
2024-10-08 23:14:45.400 62619 INFO tempest.lib.common.rest_client [req-e4317449-4c39-4bb8-980c-906696cc7b4b req-e4317449-4c39-4bb8-980c-906696cc7b4b ] Request (AttachInterfacesUnderV243Test:test_add_remove_fixed_ip): 200 GET http://10.180.1.21/compute/v2.1/servers/8b7ad7ed-8f2d-4c76-b335-4a2ce5327072 0.106s
2024-10-08 23:14:45.435 62611 INFO tempest.lib.common.rest_client [req-1d4bd97f-c561-486d-9e28-da5b3368cfb7 req-1d4bd97f-c561-486d-9e28-da5b3368cfb7 ] Request (ServerActionsTestJSON:setUpClass): 200 GET http://10.180.1.21/compute/v2.1/servers/a7c65d2c-49c1-4c0c-b38b-4e1a89552b67 0.097s
2024-10-08 23:14:45.470 62653 INFO tempest.lib.common.rest_client [req-ac4e41ee-11f7-49a7-89fd-e5cf4b8a6bbc req-ac4e41ee-11f7-49a7-89fd-e5cf4b8a6bbc ] Request (VolumesAdminNegativeTest:test_update_attached_volume_with_nonexistent_volume_in_uri): 200 GET http://10.180.1.21/compute/v2.1/servers/4dc7b6b4-1bf5-4195-bb93-14756f8f9986 0.112s
2024-10-08 23:14:45.504 62659 INFO tempest.lib.common.rest_client [req-88ce04c6-0300-488e-94dc-39c27f4c4c9d req-88ce04c6-0300-488e-94dc-39c27f4c4c9d ] Request (ServerPasswordTestJSON:setUpClass): 200 GET http://10.180.1.21/compute/v2.1/servers/ccdfcfa9-fb1e-4a08-a9fd-2c4bd9837caf 0.095s
2024-10-08 23:14:45.524 62633 INFO tempest.lib.common.rest_client [req-f1c63722-7c91-4d9d-aa65-0bbf463ed6c6 req-f1c63722-7c91-4d9d-aa65-0bbf463ed6c6 ] Request (InstanceActionsV221TestJSON:test_get_list_deleted_instance_actions): 200 GET http://10.180.1.21/compute/v2.1/servers/b393f654-0611-493e-a89f-445dfd3f8c13 0.089s
2024-10-08 23:14:45.560 62657 INFO tempest.lib.common.rest_client [req-8eb3dfb8-5e49-4362-a333-c8300ef10d77 req-8eb3dfb8-5e49-4362-a333-c8300ef10d77 ] Request (ImagesNegativeTestJSON:tearDownClass): 200 PUT http://10.180.1.21:9696/networking/v2.0/routers/ef3fa165-89eb-4b4b-949b-66e9f3490be2/remove_router_interface 0.897s
2024-10-08 23:14:45.573 62615 INFO tempest.lib.common.rest_client [req-19412c9c-fae2-45d7-a492-e057c0ebcc1a req-19412c9c-fae2-45d7-a492-e057c0ebcc1a ] Request (ServersTestJSON:setUpClass): 200 GET http://10.180.1.21/compute/v2.1/servers/5d1dfbdc-1b96-400a-bd0a-e898a90bdab6 0.095s
2024-10-08 23:14:45.581 62627 INFO tempest.lib.common.rest_client [req-657cd1ff-04d9-4304-aed9-646c78d48ee4 req-657cd1ff-04d9-4304-aed9-646c78d48ee4 ] Request (MigrationsAdminTest:test_list_migrations_in_flavor_resize_situation): 200 GET http://10.180.1.21/compute/v2.1/servers/09ac5c26-9842-440c-bc14-a84c2eb23cf5 0.094s
2024-10-08 23:14:45.630 62625 INFO tempest.lib.common.rest_client [req-0b7060ea-e145-4a08-b55b-b1a08bbbd88f req-0b7060ea-e145-4a08-b55b-b1a08bbbd88f ] Request (ImagesOneServerNegativeTestJSON:setUpClass): 200 GET http://10.180.1.21/compute/v2.1/servers/e4a0d368-6afc-4dd1-9c6b-8d8cfeea4ce0 0.080s
2024-10-08 23:14:45.642 62655 INFO tempest.lib.common.rest_client [req-b614605b-728c-4ca7-a07a-7c980811a8de req-b614605b-728c-4ca7-a07a-7c980811a8de ] Request (AttachInterfacesTestJSON:test_create_list_show_delete_interfaces_by_fixed_ip): 200 GET http://10.180.1.21/compute/v2.1/servers/c9f55aeb-273b-4dae-b871-cfb1572e6535 0.100s
2024-10-08 23:14:45.686 62641 INFO tempest.lib.common.rest_client [req-5eeedd39-4f91-48e0-8f66-ca0282fc0eef req-5eeedd39-4f91-48e0-8f66-ca0282fc0eef ] Request (ServerShowV257Test:test_rebuild_server): 200 GET http://10.180.1.21/compute/v2.1/servers/4fde6065-41a7-4a95-96df-e442762dad24 0.073s
2024-10-08 23:14:45.699 62617 INFO tempest.lib.common.rest_client [req-b7caaed0-53ec-4168-819c-6e357fc8d70c req-b7caaed0-53ec-4168-819c-6e357fc8d70c ] Request (ServerAddressesNegativeTestJSON:setUpClass): 200 GET http://10.180.1.21/compute/v2.1/servers/9518175e-e4ac-42fc-bd90-cc7e204ef2e4 0.081s
2024-10-08 23:14:45.738 62645 INFO tempest.lib.common.rest_client [req-8d76b37e-3d08-48c6-9f71-35d9701845c8 req-8d76b37e-3d08-48c6-9f71-35d9701845c8 ] Request (ServerMetadataTestJSON:setUpClass): 200 GET http://10.180.1.21/compute/v2.1/servers/9ce5c5a1-5c90-4f76-a511-d8f855b6bab4 0.073s
2024-10-08 23:14:45.755 62637 INFO tempest.lib.common.rest_client [req-bc4d1e95-6b3d-4af7-ab97-e8b246fb0c0f req-bc4d1e95-6b3d-4af7-ab97-e8b246fb0c0f ] Request (ServersAaction247Test:test_create_backup): 200 GET http://10.180.1.21/compute/v2.1/servers/a5c638d8-f761-497d-bde2-39ea90d8d151 0.081s
2024-10-08 23:14:45.945 62657 INFO tempest.lib.common.rest_client [req-a38540c2-2d29-4bf8-8ff5-478e67729cba req-a38540c2-2d29-4bf8-8ff5-478e67729cba ] Request (ImagesNegativeTestJSON:tearDownClass): 204 DELETE http://10.180.1.21:9696/networking/v2.0/routers/ef3fa165-89eb-4b4b-949b-66e9f3490be2 0.384s
2024-10-08 23:14:45.977 62651 INFO tempest.lib.common.rest_client [req-f9276e08-7fee-45cc-963f-d686abc004d6 req-f9276e08-7fee-45cc-963f-d686abc004d6 ] Request (ServerTagsTestJSON:setUpClass): 200 GET http://10.180.1.21/compute/v2.1/servers/3f36000e-b93d-4dda-ac39-b8459203c227 0.069s
2024-10-08 23:14:46.042 62609 INFO tempest.lib.common.rest_client [req-1044a6b3-879d-4ed8-814f-37dde2d340f3 req-1044a6b3-879d-4ed8-814f-37dde2d340f3 ] Request (FloatingIPsAssociationTestJSON:setUpClass): 200 GET http://10.180.1.21/compute/v2.1/servers/63c88ac7-9700-4476-9039-feb034de659d 0.083s
2024-10-08 23:14:46.102 62657 INFO tempest.lib.common.rest_client [req-9b11d82a-364d-44b8-b5a0-d046e9742bae req-9b11d82a-364d-44b8-b5a0-d046e9742bae ] Request (ImagesNegativeTestJSON:tearDownClass): 204 DELETE http://10.180.1.21:9696/networking/v2.0/subnets/6484418a-8206-44de-bc3d-3b48f23f16d7 0.157s
2024-10-08 23:14:46.133 62663 INFO tempest.lib.common.rest_client [req-6adae717-9ba5-4c21-b237-de1656b023cd req-6adae717-9ba5-4c21-b237-de1656b023cd ] Request (ImagesTestJSON:test_create_image_from_suspended_server): 200 GET http://10.180.1.21/compute/v2.1/servers/8c179402-a881-4b89-89d7-5e9031ba78cf 0.063s
2024-10-08 23:14:46.208 62607 INFO tempest.lib.common.rest_client [req-23d0fa11-d09c-43f2-bbbb-7d1be0469513 req-23d0fa11-d09c-43f2-bbbb-7d1be0469513 ] Request (SecurityGroupsTestJSON:test_list_security_groups_by_server): 200 GET http://10.180.1.21/compute/v2.1/servers/45fe27f5-0f20-48ff-ad25-03862ac9bdd9 0.113s
2024-10-08 23:14:46.229 62613 INFO tempest.lib.common.rest_client [req-15457c7c-a250-46de-a59a-840b7a8f7338 req-15457c7c-a250-46de-a59a-840b7a8f7338 ] Request (ServersTestMultiNic:test_verify_duplicate_network_nics): 200 GET http://10.180.1.21/compute/v2.1/servers/bebed5b9-d067-4cf2-a203-48763685ecb6 0.211s
2024-10-08 23:14:46.241 62613 INFO tempest.common.waiters [-] State transition "BUILD/networking" ==> "BUILD/block_device_mapping" after 81 second wait
2024-10-08 23:14:46.280 62621 INFO tempest.lib.common.rest_client [req-979eaf10-a65c-4547-902a-f301404e3a61 req-979eaf10-a65c-4547-902a-f301404e3a61 ] Request (InstanceActionsNegativeTestJSON:setUpClass): 200 GET http://10.180.1.21/compute/v2.1/servers/c55d3f4a-7dd7-4c98-bb72-966ed12ba03f 0.155s
2024-10-08 23:14:46.297 62635 INFO tempest.lib.common.rest_client [req-27e72e95-2186-4b22-a11b-f0bed0412115 req-27e72e95-2186-4b22-a11b-f0bed0412115 ] Request (DeleteServersAdminTestJSON:test_delete_server_while_in_error_state): 200 GET http://10.180.1.21/compute/v2.1/servers/b0bcd561-35cd-475f-975e-e78456a87fac 0.131s
2024-10-08 23:14:46.352 62631 INFO tempest.lib.common.rest_client [req-784b5503-0bed-412e-9ce5-166a6b734cad req-784b5503-0bed-412e-9ce5-166a6b734cad ] Request (ServersTestManualDisk:setUpClass): 200 GET http://10.180.1.21/compute/v2.1/servers/70055136-b08b-4654-aca7-8280158d94da 0.153s
2024-10-08 23:14:46.361 62605 INFO tempest.lib.common.rest_client [req-d90213a4-49db-420e-97c5-1e52aa52795f req-d90213a4-49db-420e-97c5-1e52aa52795f ] Request (ServerActionsTestOtherB:setUpClass): 200 PUT http://10.180.1.21:9696/networking/v2.0/routers/6d5094f8-caae-4e48-82ff-142b14b466bd/add_router_interface 1.355s
2024-10-08 23:14:46.362 62605 INFO tempest.lib.common.dynamic_creds [-] Created isolated network resources for: credentials: Credentials: {'domain_id': 'default', 'domain_name': 'Default', 'username': 'tempest-ServerActionsTestOtherB-858048377-project-member', 'project_domain_id': 'default', 'project_domain_name': 'Default', 'project_id': '73819709966b4e5f873020b399c49871', 'project_name': 'tempest-ServerActionsTestOtherB-858048377', 'tenant_id': '73819709966b4e5f873020b399c49871', 'tenant_name': 'tempest-ServerActionsTestOtherB-858048377', 'user_domain_id': 'default', 'user_domain_name': 'Default', 'user_id': '50e00b1a1fd3401fa803dea5b0801965', 'system': None}, Network: {'id': 'a54835d2-0149-4b42-affe-753c1f5ec7a5', 'name': 'tempest-ServerActionsTestOtherB-237834604-network', 'tenant_id': '73819709966b4e5f873020b399c49871', 'admin_state_up': True, 'mtu': 8950, 'status': 'ACTIVE', 'subnets': [], 'shared': False, 'project_id': '73819709966b4e5f873020b399c49871', 'port_security_enabled': True, 'router:external': False, 'provider:network_type': 'vlan', 'provider:physical_network': 'default', 'provider:segmentation_id': 661, 'is_default': False, 'availability_zone_hints': [], 'availability_zones': [], 'ipv4_address_scope': None, 'ipv6_address_scope': None, 'description': '', 'tags': [], 'created_at': '2024-10-08T23:14:43Z', 'updated_at': '2024-10-08T23:14:43Z', 'revision_number': 1}, Subnet: {'id': '639e954b-1045-4536-b122-7610835c7592', 'name': 'tempest-ServerActionsTestOtherB-237834604-subnet', 'tenant_id': '73819709966b4e5f873020b399c49871', 'network_id': 'a54835d2-0149-4b42-affe-753c1f5ec7a5', 'ip_version': 4, 'subnetpool_id': None, 'enable_dhcp': True, 'ipv6_ra_mode': None, 'ipv6_address_mode': None, 'gateway_ip': '192.168.128.1', 'cidr': '192.168.128.0/28', 'allocation_pools': [{'start': '192.168.128.2', 'end': '192.168.128.14'}], 'host_routes': [], 'dns_nameservers': [], 'description': '', 'router:external': False, 'service_types': [], 'tags': [], 'created_at': '2024-10-08T23:14:44Z', 'updated_at': '2024-10-08T23:14:44Z', 'revision_number': 0, 'project_id': '73819709966b4e5f873020b399c49871'}, Router: {'id': '6d5094f8-caae-4e48-82ff-142b14b466bd', 'name': 'tempest-ServerActionsTestOtherB-237834604-router', 'tenant_id': '73819709966b4e5f873020b399c49871', 'admin_state_up': True, 'status': 'ACTIVE', 'external_gateway_info': {'network_id': '84d17955-09c8-4e3b-a83e-cc340ec17c85', 'external_fixed_ips': [{'subnet_id': '9e7620e4-3920-4659-ab6d-023dab8abb9b', 'ip_address': '10.180.180.146'}], 'enable_snat': True}, 'description': '', 'availability_zones': [], 'distributed': False, 'ha': False, 'availability_zone_hints': [], 'routes': [], 'flavor_id': None, 'tags': [], 'created_at': '2024-10-08T23:14:44Z', 'updated_at': '2024-10-08T23:14:44Z', 'revision_number': 2, 'project_id': '73819709966b4e5f873020b399c49871'}
2024-10-08 23:14:46.374 62647 INFO tempest.lib.common.rest_client [req-0fed67fa-7224-4aa4-be05-515d97260728 req-0fed67fa-7224-4aa4-be05-515d97260728 ] Request (FloatingIPsAssociationNegativeTestJSON:setUpClass): 200 GET http://10.180.1.21/compute/v2.1/servers/085ebe93-aa24-4626-94fe-241c4297e4db 0.156s
2024-10-08 23:14:46.417 62629 INFO tempest.lib.common.rest_client [req-df637f15-ad87-4511-8483-0474bd0f60e8 req-df637f15-ad87-4511-8483-0474bd0f60e8 ] Request (ImagesOneServerTestJSON:setUpClass): 200 GET http://10.180.1.21/compute/v2.1/servers/bcecb4c6-6675-403d-9a3d-b96156b1d56a 0.148s
2024-10-08 23:14:46.434 62667 INFO tempest.lib.common.rest_client [req-598a4692-ce36-4455-8b89-d59f601392ef req-598a4692-ce36-4455-8b89-d59f601392ef ] Request (ServerDiagnosticsV248Test:tearDownClass): 200 GET http://10.180.1.21/compute/v2.1/servers/d22aff27-739f-4b0d-a0e4-b6316c252c3a 0.152s
2024-10-08 23:14:46.439 62657 INFO tempest.lib.common.rest_client [req-2f9a6f4c-2c33-4b9c-bff1-18b945ba54d6 req-2f9a6f4c-2c33-4b9c-bff1-18b945ba54d6 ] Request (ImagesNegativeTestJSON:tearDownClass): 204 DELETE http://10.180.1.21:9696/networking/v2.0/networks/209538ab-cb86-4110-9229-6d61ca8d5b3d 0.337s
2024-10-08 23:14:46.494 62661 INFO tempest.lib.common.rest_client [req-66842938-64e6-4065-a685-19f358ac149e req-66842938-64e6-4065-a685-19f358ac149e ] Request (ServersAdminTestJSON:setUpClass): 200 GET http://10.180.1.21/compute/v2.1/servers/49a8e94b-b167-41d1-b748-1a2fa4e2b940 0.182s
2024-10-08 23:14:46.506 62605 INFO tempest.lib.common.rest_client [req-48021b7f-3e21-4e87-82e7-37a0daa5db22 req-48021b7f-3e21-4e87-82e7-37a0daa5db22 ] Request (ServerActionsTestOtherB:setUpClass): 201 POST http://10.180.1.21/identity/v3/auth/tokens 0.134s
2024-10-08 23:14:46.517 62623 INFO tempest.lib.common.rest_client [req-b024260e-e226-4f04-b0e5-0d5bd09aa6ff req-b024260e-e226-4f04-b0e5-0d5bd09aa6ff ] Request (ServerMetadataNegativeTestJSON:setUpClass): 200 GET http://10.180.1.21/compute/v2.1/servers/38291806-d0ae-47a5-bc6e-3d0320b2bd50 0.166s
2024-10-08 23:14:46.556 62657 INFO tempest.lib.common.rest_client [req-a94e7d0b-50ce-454f-8cd9-e4cbd5b06f89 req-a94e7d0b-50ce-454f-8cd9-e4cbd5b06f89 ] Request (ImagesNegativeTestJSON:tearDownClass): 204 DELETE http://10.180.1.21/identity/v3/users/53de6e2ad4d940ffa8063879d6c2d497 0.116s
2024-10-08 23:14:46.556 62657 INFO tempest.lib.common.dynamic_creds [-] Deleting project and security group for project: 704ed0e906b447dd8ab4e3eea9ff14f7
2024-10-08 23:14:46.571 62619 INFO tempest.lib.common.rest_client [req-0475f556-c294-4c25-bbc7-3aed1dafd6b7 req-0475f556-c294-4c25-bbc7-3aed1dafd6b7 ] Request (AttachInterfacesUnderV243Test:test_add_remove_fixed_ip): 200 GET http://10.180.1.21/compute/v2.1/servers/8b7ad7ed-8f2d-4c76-b335-4a2ce5327072 0.165s
2024-10-08 23:14:46.578 62643 INFO tempest.lib.common.rest_client [req-43d717bb-01a2-42db-a2cb-6129b3260936 req-43d717bb-01a2-42db-a2cb-6129b3260936 ] Request (MultipleCreateTestJSON:test_multiple_create): 200 GET http://10.180.1.21/compute/v2.1/servers/8e6332f4-2b1e-404d-aa43-a13a72edd044 0.197s
2024-10-08 23:14:46.607 62657 INFO tempest.lib.common.rest_client [req-f5643d6b-22e9-46a2-a35a-02bcd4c2fe34 req-f5643d6b-22e9-46a2-a35a-02bcd4c2fe34 ] Request (ImagesNegativeTestJSON:tearDownClass): 200 GET http://10.180.1.21:9696/networking/v2.0/security-groups?tenant_id=704ed0e906b447dd8ab4e3eea9ff14f7&name=default 0.050s
2024-10-08 23:14:46.616 62611 INFO tempest.lib.common.rest_client [req-f911e72f-9628-4e97-b362-7b44159cc4c7 req-f911e72f-9628-4e97-b362-7b44159cc4c7 ] Request (ServerActionsTestJSON:setUpClass): 200 GET http://10.180.1.21/compute/v2.1/servers/a7c65d2c-49c1-4c0c-b38b-4e1a89552b67 0.170s
2024-10-08 23:14:46.637 62653 INFO tempest.lib.common.rest_client [req-0c7a9fae-f767-4481-b461-02431a9c24b5 req-0c7a9fae-f767-4481-b461-02431a9c24b5 ] Request (VolumesAdminNegativeTest:test_update_attached_volume_with_nonexistent_volume_in_uri): 200 GET http://10.180.1.21/compute/v2.1/servers/4dc7b6b4-1bf5-4195-bb93-14756f8f9986 0.156s
2024-10-08 23:14:46.697 62659 INFO tempest.lib.common.rest_client [req-8a535c3f-a73a-47f3-886f-c4464cd74b08 req-8a535c3f-a73a-47f3-886f-c4464cd74b08 ] Request (ServerPasswordTestJSON:setUpClass): 200 GET http://10.180.1.21/compute/v2.1/servers/ccdfcfa9-fb1e-4a08-a9fd-2c4bd9837caf 0.185s
2024-10-08 23:14:46.764 62633 INFO tempest.lib.common.rest_client [req-2da8f839-f379-476e-9794-7c92ce5d689e req-2da8f839-f379-476e-9794-7c92ce5d689e ] Request (InstanceActionsV221TestJSON:test_get_list_deleted_instance_actions): 200 GET http://10.180.1.21/compute/v2.1/servers/b393f654-0611-493e-a89f-445dfd3f8c13 0.229s
2024-10-08 23:14:46.791 62605 INFO tempest.lib.common.rest_client [req-af3a4627-4e71-4a37-baeb-687191cee5c8 req-af3a4627-4e71-4a37-baeb-687191cee5c8 ] Request (ServerActionsTestOtherB:setUpClass): 200 POST http://10.180.1.21/compute/v2.1/os-keypairs 0.284s
2024-10-08 23:14:46.804 62657 INFO tempest.lib.common.rest_client [req-92ed9905-523b-4f2c-b6fb-a562e6b11715 req-92ed9905-523b-4f2c-b6fb-a562e6b11715 ] Request (ImagesNegativeTestJSON:tearDownClass): 204 DELETE http://10.180.1.21:9696/networking/v2.0/security-groups/0baef2fa-536f-4f36-82c8-5e76430f7c41 0.196s
2024-10-08 23:14:46.826 62615 INFO tempest.lib.common.rest_client [req-8ac87b93-5c0d-4f62-8e9c-31f46ee35376 req-8ac87b93-5c0d-4f62-8e9c-31f46ee35376 ] Request (ServersTestJSON:setUpClass): 200 GET http://10.180.1.21/compute/v2.1/servers/5d1dfbdc-1b96-400a-bd0a-e898a90bdab6 0.240s
2024-10-08 23:14:46.866 62627 INFO tempest.lib.common.rest_client [req-fda5cbc7-767f-4afb-8653-9391d2b6e9a5 req-fda5cbc7-767f-4afb-8653-9391d2b6e9a5 ] Request (MigrationsAdminTest:test_list_migrations_in_flavor_resize_situation): 200 GET http://10.180.1.21/compute/v2.1/servers/09ac5c26-9842-440c-bc14-a84c2eb23cf5 0.277s
2024-10-08 23:14:46.896 62625 INFO tempest.lib.common.rest_client [req-669e853c-829f-4d64-b2f8-0a508f261b34 req-669e853c-829f-4d64-b2f8-0a508f261b34 ] Request (ImagesOneServerNegativeTestJSON:setUpClass): 200 GET http://10.180.1.21/compute/v2.1/servers/e4a0d368-6afc-4dd1-9c6b-8d8cfeea4ce0 0.256s
2024-10-08 23:14:46.943 62655 INFO tempest.lib.common.rest_client [req-4ce42138-efda-4229-b74b-eba46f3f6f1c req-4ce42138-efda-4229-b74b-eba46f3f6f1c ] Request (AttachInterfacesTestJSON:test_create_list_show_delete_interfaces_by_fixed_ip): 200 GET http://10.180.1.21/compute/v2.1/servers/c9f55aeb-273b-4dae-b871-cfb1572e6535 0.292s
2024-10-08 23:14:46.959 62605 INFO tempest.lib.common.rest_client [req-4945058f-4335-4d40-8a15-af303dda48c1 req-4945058f-4335-4d40-8a15-af303dda48c1 ] Request (ServerActionsTestOtherB:setUpClass): 201 POST http://10.180.1.21:9696/networking/v2.0/security-groups 0.167s
2024-10-08 23:14:46.960 62641 INFO tempest.lib.common.rest_client [req-22e8273c-cc0b-47d8-b121-e976bf69e7d5 req-22e8273c-cc0b-47d8-b121-e976bf69e7d5 ] Request (ServerShowV257Test:test_rebuild_server): 200 GET http://10.180.1.21/compute/v2.1/servers/4fde6065-41a7-4a95-96df-e442762dad24 0.263s
2024-10-08 23:14:46.962 62657 INFO tempest.lib.common.rest_client [req-610c5c91-b486-4881-8ce5-7ca0096d630d req-610c5c91-b486-4881-8ce5-7ca0096d630d ] Request (ImagesNegativeTestJSON:tearDownClass): 204 DELETE http://10.180.1.21/identity/v3/projects/704ed0e906b447dd8ab4e3eea9ff14f7 0.158s
2024-10-08 23:14:47.015 62617 INFO tempest.lib.common.rest_client [req-cb6d78d6-74b8-4a41-bb70-2871b86e10e3 req-cb6d78d6-74b8-4a41-bb70-2871b86e10e3 ] Request (ServerAddressesNegativeTestJSON:setUpClass): 200 GET http://10.180.1.21/compute/v2.1/servers/9518175e-e4ac-42fc-bd90-cc7e204ef2e4 0.308s
2024-10-08 23:14:47.045 62657 INFO tempest.lib.common.rest_client [req-527f71a1-00e8-4975-82e8-39c73021d5b7 req-527f71a1-00e8-4975-82e8-39c73021d5b7 ] Request (ServerRescueTestJSONUnderV235:setUpClass): 201 POST http://10.180.1.21/identity/v3/auth/tokens 0.080s
2024-10-08 23:14:47.076 62637 INFO tempest.lib.common.rest_client [req-904273de-6a68-4c3e-acea-2a6c8afcc7c1 req-904273de-6a68-4c3e-acea-2a6c8afcc7c1 ] Request (ServersAaction247Test:test_create_backup): 200 GET http://10.180.1.21/compute/v2.1/servers/a5c638d8-f761-497d-bde2-39ea90d8d151 0.309s
2024-10-08 23:14:47.096 62657 INFO tempest.lib.common.rest_client [req-446d702d-4591-4ef3-b255-e1fd8451ffdf req-446d702d-4591-4ef3-b255-e1fd8451ffdf ] Request (ServerRescueTestJSONUnderV235:setUpClass): 201 POST http://10.180.1.21/identity/v3/auth/tokens 0.046s
2024-10-08 23:14:47.104 62605 INFO tempest.lib.common.rest_client [req-fc786789-dad0-4323-82dd-3ed672a95ba8 req-fc786789-dad0-4323-82dd-3ed672a95ba8 ] Request (ServerActionsTestOtherB:setUpClass): 201 POST http://10.180.1.21:9696/networking/v2.0/security-group-rules 0.144s
2024-10-08 23:14:47.131 62657 INFO tempest.lib.common.rest_client [req-5b13e7b6-3a50-4caf-8f25-043bc6d852c0 req-5b13e7b6-3a50-4caf-8f25-043bc6d852c0 ] Request (ServerRescueTestJSONUnderV235:setUpClass): 200 GET http://10.180.1.21/identity/v3/domains?name=Default 0.034s
2024-10-08 23:14:47.155 62651 INFO tempest.lib.common.rest_client [req-da2fd477-c912-4da7-85c2-11a72f606c25 req-da2fd477-c912-4da7-85c2-11a72f606c25 ] Request (ServerTagsTestJSON:setUpClass): 200 GET http://10.180.1.21/compute/v2.1/servers/3f36000e-b93d-4dda-ac39-b8459203c227 0.165s
2024-10-08 23:14:47.156 62645 INFO tempest.lib.common.rest_client [req-3630b465-9046-4b02-9153-fea2358db196 req-3630b465-9046-4b02-9153-fea2358db196 ] Request (ServerMetadataTestJSON:setUpClass): 200 GET http://10.180.1.21/compute/v2.1/servers/9ce5c5a1-5c90-4f76-a511-d8f855b6bab4 0.410s
2024-10-08 23:14:47.166 62657 INFO tempest.lib.common.rest_client [req-7e3d06df-bf4a-466a-909b-c4ecc17b7b67 req-7e3d06df-bf4a-466a-909b-c4ecc17b7b67 ] Request (ServerRescueTestJSONUnderV235:setUpClass): 201 POST http://10.180.1.21/identity/v3/projects 0.035s
2024-10-08 23:14:47.221 62609 INFO tempest.lib.common.rest_client [req-047c0cb4-4ecd-450c-ad2d-469d6484dd70 req-047c0cb4-4ecd-450c-ad2d-469d6484dd70 ] Request (FloatingIPsAssociationTestJSON:setUpClass): 200 GET http://10.180.1.21/compute/v2.1/servers/63c88ac7-9700-4476-9039-feb034de659d 0.171s
2024-10-08 23:14:47.223 62663 INFO tempest.lib.common.rest_client [req-87d3ecd5-5034-4d02-970c-458b3cf57d94 req-87d3ecd5-5034-4d02-970c-458b3cf57d94 ] Request (ImagesTestJSON:test_create_image_from_suspended_server): 200 GET http://10.180.1.21/compute/v2.1/servers/8c179402-a881-4b89-89d7-5e9031ba78cf 0.083s
2024-10-08 23:14:47.227 62657 INFO tempest.lib.common.rest_client [req-c2814235-1c5e-4d97-8fe0-6a7dd67ccce4 req-c2814235-1c5e-4d97-8fe0-6a7dd67ccce4 ] Request (ServerRescueTestJSONUnderV235:setUpClass): 201 POST http://10.180.1.21/identity/v3/users 0.060s
2024-10-08 23:14:47.248 62657 INFO tempest.lib.common.rest_client [req-1b0c7573-0ccf-470c-b728-810c60bf3a66 req-1b0c7573-0ccf-470c-b728-810c60bf3a66 ] Request (ServerRescueTestJSONUnderV235:setUpClass): 200 GET http://10.180.1.21/identity/v3/roles 0.021s
2024-10-08 23:14:47.254 62605 INFO tempest.lib.common.rest_client [req-434bee63-0057-4a01-83db-4e6df84a2c57 req-434bee63-0057-4a01-83db-4e6df84a2c57 ] Request (ServerActionsTestOtherB:setUpClass): 201 POST http://10.180.1.21:9696/networking/v2.0/security-group-rules 0.149s
2024-10-08 23:14:47.275 62607 INFO tempest.lib.common.rest_client [req-0d167691-8649-499b-86fa-0dec6a32d171 req-0d167691-8649-499b-86fa-0dec6a32d171 ] Request (SecurityGroupsTestJSON:test_list_security_groups_by_server): 200 GET http://10.180.1.21/compute/v2.1/servers/45fe27f5-0f20-48ff-ad25-03862ac9bdd9 0.056s
2024-10-08 23:14:47.279 62657 INFO tempest.lib.common.rest_client [req-a4ec2a81-c01e-4ccb-8f84-05c18aaca615 req-a4ec2a81-c01e-4ccb-8f84-05c18aaca615 ] Request (ServerRescueTestJSONUnderV235:setUpClass): 204 PUT http://10.180.1.21/identity/v3/projects/3b87e3b7d1d947b79f4834e4e0fe0395/users/ad1a9bdf4b91418ea60a18d4e2f34ef3/roles/e7841392729243beb0067ddf7a8bac5c 0.030s
2024-10-08 23:14:47.279 62657 INFO tempest.lib.common.dynamic_creds [-] Dynamic test user ad1a9bdf4b91418ea60a18d4e2f34ef3 is created with scope project and roles: ['member']
