2024-10-08 23:14:23.030 62609 INFO tempest.lib.common.rest_client [req-56469104-91ac-4334-bc73-3eb2c3b25bf6 req-56469104-91ac-4334-bc73-3eb2c3b25bf6 ] Request (FloatingIPsAssociationTestJSON:setUpClass): 200 GET http://10.180.1.21/compute/v2.1/servers/63c88ac7-9700-4476-9039-feb034de659d 0.062s
2024-10-08 23:14:23.097 62607 INFO tempest.lib.common.rest_client [req-9083df1f-0af8-4ab9-ac54-1bbff4bd802c req-9083df1f-0af8-4ab9-ac54-1bbff4bd802c ] Request (SecurityGroupsTestJSON:test_list_security_groups_by_server): 200 GET http://10.180.1.21/compute/v2.1/servers/45fe27f5-0f20-48ff-ad25-03862ac9bdd9 0.047s
2024-10-08 23:14:23.140 62635 INFO tempest.lib.common.rest_client [req-da1258ac-fd54-4b8f-af08-6a4d9f993030 req-da1258ac-fd54-4b8f-af08-6a4d9f993030 ] Request (DeleteServersAdminTestJSON:test_delete_server_while_in_error_state): 200 GET http://10.180.1.21/compute/v2.1/servers/b0bcd561-35cd-475f-975e-e78456a87fac 0.057s
2024-10-08 23:14:23.174 62623 INFO tempest.lib.common.rest_client [req-24349720-1b0c-4f30-b0c7-18aac8d090c7 req-24349720-1b0c-4f30-b0c7-18aac8d090c7 ] Request (ServerMetadataNegativeTestJSON:setUpClass): 200 GET http://10.180.1.21/compute/v2.1/servers/38291806-d0ae-47a5-bc6e-3d0320b2bd50 0.055s
2024-10-08 23:14:23.224 62621 INFO tempest.lib.common.rest_client [req-50640374-3c22-402b-852b-c7ee91178993 req-50640374-3c22-402b-852b-c7ee91178993 ] Request (InstanceActionsNegativeTestJSON:setUpClass): 200 GET http://10.180.1.21/compute/v2.1/servers/c55d3f4a-7dd7-4c98-bb72-966ed12ba03f 0.062s
2024-10-08 23:14:23.263 62631 INFO tempest.lib.common.rest_client [req-f06dae94-c6d8-4b6b-9b9c-f945a1ea5058 req-f06dae94-c6d8-4b6b-9b9c-f945a1ea5058 ] Request (ServersTestManualDisk:setUpClass): 200 GET http://10.180.1.21/compute/v2.1/servers/70055136-b08b-4654-aca7-8280158d94da 0.060s
2024-10-08 23:14:23.297 62629 INFO tempest.lib.common.rest_client [req-813294f4-7f6a-4257-a9e6-38e137428e8f req-813294f4-7f6a-4257-a9e6-38e137428e8f ] Request (ImagesOneServerTestJSON:setUpClass): 200 GET http://10.180.1.21/compute/v2.1/servers/bcecb4c6-6675-403d-9a3d-b96156b1d56a 0.048s
2024-10-08 23:14:23.348 62667 INFO tempest.lib.common.rest_client [req-5f70d176-ff13-4f68-b5c4-a46a06ffc3f6 req-5f70d176-ff13-4f68-b5c4-a46a06ffc3f6 ] Request (ServerDiagnosticsV248Test:test_get_server_diagnostics): 200 GET http://10.180.1.21/compute/v2.1/servers/d22aff27-739f-4b0d-a0e4-b6316c252c3a 0.051s
2024-10-08 23:14:23.393 62661 INFO tempest.lib.common.rest_client [req-fe40f98c-5a39-41a6-89d5-9c118aba53a9 req-fe40f98c-5a39-41a6-89d5-9c118aba53a9 ] Request (ServersAdminTestJSON:setUpClass): 200 GET http://10.180.1.21/compute/v2.1/servers/49a8e94b-b167-41d1-b748-1a2fa4e2b940 0.049s
2024-10-08 23:14:23.444 62619 INFO tempest.lib.common.rest_client [req-e070e9f1-6afc-4010-ad33-b567b7e028dc req-e070e9f1-6afc-4010-ad33-b567b7e028dc ] Request (AttachInterfacesUnderV243Test:test_add_remove_fixed_ip): 200 GET http://10.180.1.21/compute/v2.1/servers/8b7ad7ed-8f2d-4c76-b335-4a2ce5327072 0.048s
2024-10-08 23:14:23.488 62643 INFO tempest.lib.common.rest_client [req-12afb208-0eb5-4496-9bfc-6419947abc05 req-12afb208-0eb5-4496-9bfc-6419947abc05 ] Request (MultipleCreateTestJSON:test_multiple_create): 200 GET http://10.180.1.21/compute/v2.1/servers/8e6332f4-2b1e-404d-aa43-a13a72edd044 0.047s
2024-10-08 23:14:23.494 62611 INFO tempest.lib.common.rest_client [req-1aa6e348-0d05-441a-8257-fae5d7d86651 req-1aa6e348-0d05-441a-8257-fae5d7d86651 ] Request (ServerActionsTestJSON:setUpClass): 200 GET http://10.180.1.21/compute/v2.1/servers/a7c65d2c-49c1-4c0c-b38b-4e1a89552b67 0.053s
2024-10-08 23:14:23.532 62653 INFO tempest.lib.common.rest_client [req-782a200c-c012-424e-b02d-3d69c00d801c req-782a200c-c012-424e-b02d-3d69c00d801c ] Request (VolumesAdminNegativeTest:test_update_attached_volume_with_nonexistent_volume_in_body): 200 GET http://10.180.1.21/compute/v2.1/servers/fc4267ff-dda1-444f-a5b0-a4954626b42d 0.047s
2024-10-08 23:14:23.550 62659 INFO tempest.lib.common.rest_client [req-8d079016-e68e-4f6e-a77c-f3569ed54857 req-8d079016-e68e-4f6e-a77c-f3569ed54857 ] Request (ServerPasswordTestJSON:setUpClass): 200 GET http://10.180.1.21/compute/v2.1/servers/ccdfcfa9-fb1e-4a08-a9fd-2c4bd9837caf 0.052s
2024-10-08 23:14:23.562 62625 INFO tempest.lib.common.rest_client [req-615fcbf3-ee6e-4155-80b2-a998756cc32a req-615fcbf3-ee6e-4155-80b2-a998756cc32a ] Request (VolumesAssistedSnapshotsTest:tearDownClass): 200 PUT http://10.180.1.21:9696/networking/v2.0/routers/61110424-4e91-40e0-aeca-3971069f5c70/remove_router_interface 0.746s
2024-10-08 23:14:23.621 62651 INFO tempest.lib.common.rest_client [req-3f73a26e-5a6c-4da7-8346-4babd3868990 req-3f73a26e-5a6c-4da7-8346-4babd3868990 ] Request (ServersV294TestFqdnHostnames:setUpClass): 200 GET http://10.180.1.21/compute/v2.1/servers/01654798-4e54-4177-b20c-f6e0aecf72a7 0.059s
2024-10-08 23:14:23.629 62651 INFO tempest.common.waiters [-] State transition "BUILD/scheduling" ==> "ERROR/None" after 72 second wait
2024-10-08 23:14:23.640 62615 INFO tempest.lib.common.rest_client [req-a0918dff-c42c-41ea-aa00-5f0563addd3a req-a0918dff-c42c-41ea-aa00-5f0563addd3a ] Request (ServersTestJSON:setUpClass): 200 GET http://10.180.1.21/compute/v2.1/servers/5d1dfbdc-1b96-400a-bd0a-e898a90bdab6 0.053s
2024-10-08 23:14:23.704 62627 INFO tempest.lib.common.rest_client [req-5a3bff64-84c2-43c5-beb9-454daddf3101 req-5a3bff64-84c2-43c5-beb9-454daddf3101 ] Request (MigrationsAdminTest:test_list_migrations_in_flavor_resize_situation): 200 GET http://10.180.1.21/compute/v2.1/servers/09ac5c26-9842-440c-bc14-a84c2eb23cf5 0.053s
2024-10-08 23:14:23.769 62655 INFO tempest.lib.common.rest_client [req-7bf53638-cbb0-4d59-93d2-c80a5929fc37 req-7bf53638-cbb0-4d59-93d2-c80a5929fc37 ] Request (AttachInterfacesTestJSON:test_create_list_show_delete_interfaces_by_fixed_ip): 200 GET http://10.180.1.21/compute/v2.1/servers/c9f55aeb-273b-4dae-b871-cfb1572e6535 0.056s
2024-10-08 23:14:23.804 62651 INFO tempest.lib.common.rest_client [req-80eeb4fc-c345-4b9e-bd0f-85b217d509fb req-80eeb4fc-c345-4b9e-bd0f-85b217d509fb ] Request (ServersV294TestFqdnHostnames:setUpClass): 204 DELETE http://10.180.1.21/compute/v2.1/servers/01654798-4e54-4177-b20c-f6e0aecf72a7 0.174s
2024-10-08 23:14:23.830 62605 INFO tempest.lib.common.rest_client [req-c46f69bf-eca9-4db2-865a-3c74a1cf3748 req-c46f69bf-eca9-4db2-865a-3c74a1cf3748 ] Request (ServersWithSpecificFlavorTestJSON:test_verify_created_server_ephemeral_disk): 200 GET http://10.180.1.21/compute/v2.1/servers/15f43ac0-ef8c-480c-bc07-05d2dbf0ee23 0.098s
2024-10-08 23:14:23.852 62617 INFO tempest.lib.common.rest_client [req-a3786fec-8199-4462-a68a-ba27a084594f req-a3786fec-8199-4462-a68a-ba27a084594f ] Request (ServerAddressesNegativeTestJSON:setUpClass): 200 GET http://10.180.1.21/compute/v2.1/servers/9518175e-e4ac-42fc-bd90-cc7e204ef2e4 0.072s
2024-10-08 23:14:23.870 62651 INFO tempest.lib.common.rest_client [req-a3e992d8-1755-45c1-9ff7-493da01d1a6c req-a3e992d8-1755-45c1-9ff7-493da01d1a6c ] Request (ServersV294TestFqdnHostnames:setUpClass): 404 GET http://10.180.1.21/compute/v2.1/servers/01654798-4e54-4177-b20c-f6e0aecf72a7 0.065s
2024-10-08 23:14:23.870 62651 INFO tempest.test [-] raised in ServersV294TestFqdnHostnames.setUpClass. Invoking tearDownClass.
2024-10-08 23:14:23.886 62651 INFO tempest.lib.common.rest_client [req-7e4c5b93-aa89-43d1-950b-fc734e764117 req-7e4c5b93-aa89-43d1-950b-fc734e764117 ] Request (ServersV294TestFqdnHostnames:tearDownClass): 204 DELETE http://10.180.1.21/compute/v2.1/os-keypairs/tempest-keypair-1141689352 0.016s
2024-10-08 23:14:23.889 62641 INFO tempest.lib.common.rest_client [req-2bc3b025-4741-41ba-b62f-2f41c276fb30 req-2bc3b025-4741-41ba-b62f-2f41c276fb30 ] Request (ServerShowV257Test:test_rebuild_server): 200 GET http://10.180.1.21/compute/v2.1/servers/4fde6065-41a7-4a95-96df-e442762dad24 0.090s
2024-10-08 23:14:23.944 62647 INFO tempest.lib.common.rest_client [req-9c5fac2b-427f-46d0-8bf0-c9ca6193b608 req-9c5fac2b-427f-46d0-8bf0-c9ca6193b608 ] Request (TenantUsagesTestJSON:setUpClass): 200 GET http://10.180.1.21/compute/v2.1/servers/489cd441-f925-4cfd-8a6a-9f4d3e22d6dc 0.070s
2024-10-08 23:14:23.954 62637 INFO tempest.lib.common.rest_client [req-d64613f9-9663-4034-8f0f-4c9ffbcc1064 req-d64613f9-9663-4034-8f0f-4c9ffbcc1064 ] Request (ServersAaction247Test:test_create_backup): 200 GET http://10.180.1.21/compute/v2.1/servers/a5c638d8-f761-497d-bde2-39ea90d8d151 0.066s
2024-10-08 23:14:23.955 62625 INFO tempest.lib.common.rest_client [req-1612c27c-31c5-47fe-9b9f-2ec8c55658b1 req-1612c27c-31c5-47fe-9b9f-2ec8c55658b1 ] Request (VolumesAssistedSnapshotsTest:tearDownClass): 204 DELETE http://10.180.1.21:9696/networking/v2.0/routers/61110424-4e91-40e0-aeca-3971069f5c70 0.392s
2024-10-08 23:14:24.003 62633 INFO tempest.lib.common.rest_client [req-1cd53cbb-3a43-49e8-a344-3d1e329d28a0 req-1cd53cbb-3a43-49e8-a344-3d1e329d28a0 ] Request (ServersTestBootFromVolume:setUpClass): 200 GET http://10.180.1.21/compute/v2.1/servers/546a40aa-c278-460c-8c91-c6c903d751ab 0.063s
2024-10-08 23:14:24.004 62657 INFO tempest.lib.common.rest_client [req-1d573138-2ba1-480f-93d4-cf94d61848c4 req-1d573138-2ba1-480f-93d4-cf94d61848c4 ] Request (ImagesNegativeTestJSON:test_create_image_from_deleted_server): 200 GET http://10.180.1.21/compute/v2.1/servers/1523daf8-033b-48e2-a495-885feb4e0ea3 0.069s
2024-10-08 23:14:24.011 62651 INFO tempest.lib.common.rest_client [req-aa8a25d6-6014-4f55-9006-1bf7a57b708d req-aa8a25d6-6014-4f55-9006-1bf7a57b708d ] Request (ServersV294TestFqdnHostnames:tearDownClass): 204 DELETE http://10.180.1.21:9696/networking/v2.0/security-groups/d1320c72-a3ab-4e92-9a2d-b9e7d61b85d2 0.124s
2024-10-08 23:14:24.026 62651 INFO tempest.lib.common.rest_client [req-0b75b03c-4c54-4831-b934-16e6d982d6ce req-0b75b03c-4c54-4831-b934-16e6d982d6ce ] Request (ServersV294TestFqdnHostnames:tearDownClass): 404 GET http://10.180.1.21:9696/networking/v2.0/security-groups/d1320c72-a3ab-4e92-9a2d-b9e7d61b85d2 0.014s
2024-10-08 23:14:24.048 62663 INFO tempest.lib.common.rest_client [req-bfd2e878-c0e2-49ed-8e4a-a48248040f73 req-bfd2e878-c0e2-49ed-8e4a-a48248040f73 ] Request (ImagesTestJSON:test_create_image_from_suspended_server): 200 GET http://10.180.1.21/compute/v2.1/servers/8c179402-a881-4b89-89d7-5e9031ba78cf 0.060s
2024-10-08 23:14:24.066 62613 INFO tempest.lib.common.rest_client [req-6a3f5009-cd51-4baf-b0e9-2ba21516f203 req-6a3f5009-cd51-4baf-b0e9-2ba21516f203 ] Request (ServersTestMultiNic:test_verify_duplicate_network_nics): 200 GET http://10.180.1.21/compute/v2.1/servers/bebed5b9-d067-4cf2-a203-48763685ecb6 0.078s
2024-10-08 23:14:24.115 62609 INFO tempest.lib.common.rest_client [req-48fb0f45-c070-49b5-87d7-7c35b52e7b27 req-48fb0f45-c070-49b5-87d7-7c35b52e7b27 ] Request (FloatingIPsAssociationTestJSON:setUpClass): 200 GET http://10.180.1.21/compute/v2.1/servers/63c88ac7-9700-4476-9039-feb034de659d 0.078s
2024-10-08 23:14:24.127 62645 INFO tempest.lib.common.rest_client [req-532775c5-7f07-4143-afff-9b4252a9e4e9 req-532775c5-7f07-4143-afff-9b4252a9e4e9 ] Request (ListImageFiltersTestJSON:setUpClass): 200 GET http://10.180.1.21/compute/v2.1/servers/fd5478d6-9fa8-4471-8b95-b89f3d826bcc 0.089s
2024-10-08 23:14:24.155 62625 INFO tempest.lib.common.rest_client [req-788bcfa3-e667-4e8a-b3b5-9e09b2a02b34 req-788bcfa3-e667-4e8a-b3b5-9e09b2a02b34 ] Request (VolumesAssistedSnapshotsTest:tearDownClass): 204 DELETE http://10.180.1.21:9696/networking/v2.0/subnets/3eda6242-14c3-48d8-8f3c-363862e1468e 0.200s
2024-10-08 23:14:24.181 62607 INFO tempest.lib.common.rest_client [req-595d02f8-7782-4234-85b6-d2acb2599a67 req-595d02f8-7782-4234-85b6-d2acb2599a67 ] Request (SecurityGroupsTestJSON:test_list_security_groups_by_server): 200 GET http://10.180.1.21/compute/v2.1/servers/45fe27f5-0f20-48ff-ad25-03862ac9bdd9 0.077s
2024-10-08 23:14:24.193 62607 INFO tempest.common.waiters [-] State transition "BUILD/scheduling" ==> "BUILD/None" after 60 second wait
2024-10-08 23:14:24.201 62635 INFO tempest.lib.common.rest_client [req-93b65bdc-cb60-42ed-9c57-0eeaffb7d336 req-93b65bdc-cb60-42ed-9c57-0eeaffb7d336 ] Request (DeleteServersAdminTestJSON:test_delete_server_while_in_error_state): 200 GET http://10.180.1.21/compute/v2.1/servers/b0bcd561-35cd-475f-975e-e78456a87fac 0.055s
2024-10-08 23:14:24.235 62623 INFO tempest.lib.common.rest_client [req-59702577-8b7e-4478-9170-eea6d15e6970 req-59702577-8b7e-4478-9170-eea6d15e6970 ] Request (ServerMetadataNegativeTestJSON:setUpClass): 200 GET http://10.180.1.21/compute/v2.1/servers/38291806-d0ae-47a5-bc6e-3d0320b2bd50 0.054s
2024-10-08 23:14:24.284 62621 INFO tempest.lib.common.rest_client [req-fc4df441-74c6-4512-8cc8-a357aa5bab2a req-fc4df441-74c6-4512-8cc8-a357aa5bab2a ] Request (InstanceActionsNegativeTestJSON:setUpClass): 200 GET http://10.180.1.21/compute/v2.1/servers/c55d3f4a-7dd7-4c98-bb72-966ed12ba03f 0.051s
2024-10-08 23:14:24.308 62651 INFO tempest.lib.common.rest_client [req-3a3e8761-9aa4-46e5-b95f-c43661a528ba req-3a3e8761-9aa4-46e5-b95f-c43661a528ba ] Request (ServersV294TestFqdnHostnames:tearDownClass): 204 DELETE http://10.180.1.21:9696/networking/v2.0/floatingips/1fb238b2-a374-48d4-8e5d-398192302a10 0.281s
2024-10-08 23:14:24.336 62631 INFO tempest.lib.common.rest_client [req-c359625c-41ba-42d4-a666-217a6954442f req-c359625c-41ba-42d4-a666-217a6954442f ] Request (ServersTestManualDisk:setUpClass): 200 GET http://10.180.1.21/compute/v2.1/servers/70055136-b08b-4654-aca7-8280158d94da 0.062s
2024-10-08 23:14:24.361 62629 INFO tempest.lib.common.rest_client [req-7c623c3b-4e25-4c4e-aff7-f82798278bed req-7c623c3b-4e25-4c4e-aff7-f82798278bed ] Request (ImagesOneServerTestJSON:setUpClass): 200 GET http://10.180.1.21/compute/v2.1/servers/bcecb4c6-6675-403d-9a3d-b96156b1d56a 0.056s
2024-10-08 23:14:24.421 62667 INFO tempest.lib.common.rest_client [req-700c6d4b-f2c2-4834-a6ca-4750838a6e37 req-700c6d4b-f2c2-4834-a6ca-4750838a6e37 ] Request (ServerDiagnosticsV248Test:test_get_server_diagnostics): 200 GET http://10.180.1.21/compute/v2.1/servers/d22aff27-739f-4b0d-a0e4-b6316c252c3a 0.064s
2024-10-08 23:14:24.422 62625 INFO tempest.lib.common.rest_client [req-784ba786-b1d0-4f23-ba4a-6ccdcc50d290 req-784ba786-b1d0-4f23-ba4a-6ccdcc50d290 ] Request (VolumesAssistedSnapshotsTest:tearDownClass): 204 DELETE http://10.180.1.21:9696/networking/v2.0/networks/458d65e8-2887-4dd3-80a1-2cd73ff5a6cf 0.266s
2024-10-08 23:14:24.430 62667 INFO tempest.common.waiters [-] State transition "BUILD/None" ==> "BUILD/networking" after 64 second wait
2024-10-08 23:14:24.461 62661 INFO tempest.lib.common.rest_client [req-6ff49806-a547-4d2e-9b44-91c5f5058cfa req-6ff49806-a547-4d2e-9b44-91c5f5058cfa ] Request (ServersAdminTestJSON:setUpClass): 200 GET http://10.180.1.21/compute/v2.1/servers/49a8e94b-b167-41d1-b748-1a2fa4e2b940 0.060s
2024-10-08 23:14:24.552 62643 INFO tempest.lib.common.rest_client [req-407223ae-fdcf-431e-b8ce-3ab279310162 req-407223ae-fdcf-431e-b8ce-3ab279310162 ] Request (MultipleCreateTestJSON:test_multiple_create): 200 GET http://10.180.1.21/compute/v2.1/servers/8e6332f4-2b1e-404d-aa43-a13a72edd044 0.056s
2024-10-08 23:14:24.611 62611 INFO tempest.lib.common.rest_client [req-e38ef8bc-6916-46fc-9ed1-dd2c3aced27c req-e38ef8bc-6916-46fc-9ed1-dd2c3aced27c ] Request (ServerActionsTestJSON:setUpClass): 200 GET http://10.180.1.21/compute/v2.1/servers/a7c65d2c-49c1-4c0c-b38b-4e1a89552b67 0.111s
2024-10-08 23:14:24.653 62619 INFO tempest.lib.common.rest_client [req-9c8d1d5b-9dc6-4874-8032-f6023729c92f req-9c8d1d5b-9dc6-4874-8032-f6023729c92f ] Request (AttachInterfacesUnderV243Test:test_add_remove_fixed_ip): 200 GET http://10.180.1.21/compute/v2.1/servers/8b7ad7ed-8f2d-4c76-b335-4a2ce5327072 0.202s
2024-10-08 23:14:24.667 62653 INFO tempest.lib.common.rest_client [req-f045520c-4e2a-4341-bf51-0ace0fc131c7 req-f045520c-4e2a-4341-bf51-0ace0fc131c7 ] Request (VolumesAdminNegativeTest:test_update_attached_volume_with_nonexistent_volume_in_body): 200 GET http://10.180.1.21/compute/v2.1/servers/fc4267ff-dda1-444f-a5b0-a4954626b42d 0.127s
2024-10-08 23:14:24.720 62659 INFO tempest.lib.common.rest_client [req-ca2c6480-9bb4-4ac3-a157-430c7567adcb req-ca2c6480-9bb4-4ac3-a157-430c7567adcb ] Request (ServerPasswordTestJSON:setUpClass): 200 GET http://10.180.1.21/compute/v2.1/servers/ccdfcfa9-fb1e-4a08-a9fd-2c4bd9837caf 0.161s
2024-10-08 23:14:24.721 62615 INFO tempest.lib.common.rest_client [req-62584c5a-7d2c-48f0-ada0-354f2535e846 req-62584c5a-7d2c-48f0-ada0-354f2535e846 ] Request (ServersTestJSON:setUpClass): 200 GET http://10.180.1.21/compute/v2.1/servers/5d1dfbdc-1b96-400a-bd0a-e898a90bdab6 0.075s
2024-10-08 23:14:24.779 62627 INFO tempest.lib.common.rest_client [req-18eff68e-6636-4103-bfbf-4d2adad709c9 req-18eff68e-6636-4103-bfbf-4d2adad709c9 ] Request (MigrationsAdminTest:test_list_migrations_in_flavor_resize_situation): 200 GET http://10.180.1.21/compute/v2.1/servers/09ac5c26-9842-440c-bc14-a84c2eb23cf5 0.069s
2024-10-08 23:14:24.840 62655 INFO tempest.lib.common.rest_client [req-c0caa6fa-16ab-4f22-8f3f-9506618bf647 req-c0caa6fa-16ab-4f22-8f3f-9506618bf647 ] Request (AttachInterfacesTestJSON:test_create_list_show_delete_interfaces_by_fixed_ip): 200 GET http://10.180.1.21/compute/v2.1/servers/c9f55aeb-273b-4dae-b871-cfb1572e6535 0.063s
2024-10-08 23:14:24.911 62605 INFO tempest.lib.common.rest_client [req-a175ef09-2eb1-4b97-bdb1-3336850dff19 req-a175ef09-2eb1-4b97-bdb1-3336850dff19 ] Request (ServersWithSpecificFlavorTestJSON:test_verify_created_server_ephemeral_disk): 200 GET http://10.180.1.21/compute/v2.1/servers/15f43ac0-ef8c-480c-bc07-05d2dbf0ee23 0.074s
2024-10-08 23:14:24.979 62641 INFO tempest.lib.common.rest_client [req-c2b70122-ab5f-4055-a132-64b48f235d3b req-c2b70122-ab5f-4055-a132-64b48f235d3b ] Request (ServerShowV257Test:test_rebuild_server): 200 GET http://10.180.1.21/compute/v2.1/servers/4fde6065-41a7-4a95-96df-e442762dad24 0.078s
2024-10-08 23:14:25.041 62647 INFO tempest.lib.common.rest_client [req-c3cc24dc-796b-40a5-a42b-9f28844618ee req-c3cc24dc-796b-40a5-a42b-9f28844618ee ] Request (TenantUsagesTestJSON:setUpClass): 200 GET http://10.180.1.21/compute/v2.1/servers/489cd441-f925-4cfd-8a6a-9f4d3e22d6dc 0.091s
2024-10-08 23:14:25.078 62617 INFO tempest.lib.common.rest_client [req-0caf1704-da43-4bbf-a2e7-120b4ee5c504 req-0caf1704-da43-4bbf-a2e7-120b4ee5c504 ] Request (ServerAddressesNegativeTestJSON:setUpClass): 200 GET http://10.180.1.21/compute/v2.1/servers/9518175e-e4ac-42fc-bd90-cc7e204ef2e4 0.216s
2024-10-08 23:14:25.101 62637 INFO tempest.lib.common.rest_client [req-e607c004-e153-4963-a6c5-19b553da53b8 req-e607c004-e153-4963-a6c5-19b553da53b8 ] Request (ServersAaction247Test:test_create_backup): 200 GET http://10.180.1.21/compute/v2.1/servers/a5c638d8-f761-497d-bde2-39ea90d8d151 0.138s
2024-10-08 23:14:25.127 62633 INFO tempest.lib.common.rest_client [req-4aeb12ea-31b7-4527-9d2b-ac64eab7c89d req-4aeb12ea-31b7-4527-9d2b-ac64eab7c89d ] Request (ServersTestBootFromVolume:setUpClass): 200 GET http://10.180.1.21/compute/v2.1/servers/546a40aa-c278-460c-8c91-c6c903d751ab 0.116s
2024-10-08 23:14:25.156 62657 INFO tempest.lib.common.rest_client [req-af4ae6f8-15fe-4ba1-a7c5-97fbbf34dfc3 req-af4ae6f8-15fe-4ba1-a7c5-97fbbf34dfc3 ] Request (ImagesNegativeTestJSON:test_create_image_from_deleted_server): 200 GET http://10.180.1.21/compute/v2.1/servers/1523daf8-033b-48e2-a495-885feb4e0ea3 0.145s
2024-10-08 23:14:25.175 62663 INFO tempest.lib.common.rest_client [req-b2f23250-d609-4d49-99cf-c54fed647939 req-b2f23250-d609-4d49-99cf-c54fed647939 ] Request (ImagesTestJSON:test_create_image_from_suspended_server): 200 GET http://10.180.1.21/compute/v2.1/servers/8c179402-a881-4b89-89d7-5e9031ba78cf 0.117s
2024-10-08 23:14:25.216 62613 INFO tempest.lib.common.rest_client [req-627e574d-897a-4478-bb36-e5d0232a738e req-627e574d-897a-4478-bb36-e5d0232a738e ] Request (ServersTestMultiNic:test_verify_duplicate_network_nics): 200 GET http://10.180.1.21/compute/v2.1/servers/bebed5b9-d067-4cf2-a203-48763685ecb6 0.141s
2024-10-08 23:14:25.226 62609 INFO tempest.lib.common.rest_client [req-110e6b22-c6f1-404d-b758-d4bc8813c1aa req-110e6b22-c6f1-404d-b758-d4bc8813c1aa ] Request (FloatingIPsAssociationTestJSON:setUpClass): 200 GET http://10.180.1.21/compute/v2.1/servers/63c88ac7-9700-4476-9039-feb034de659d 0.100s
2024-10-08 23:14:25.241 62651 INFO tempest.lib.common.rest_client [req-a947fa6c-a3d8-41a8-9cb6-171a29fb698e req-a947fa6c-a3d8-41a8-9cb6-171a29fb698e ] Request (ServersV294TestFqdnHostnames:tearDownClass): 200 PUT http://10.180.1.21:9696/networking/v2.0/routers/762bc530-af1f-44a9-8ae3-9a5de1315fed/remove_router_interface 0.933s
2024-10-08 23:14:25.270 62645 INFO tempest.lib.common.rest_client [req-d522cbb0-2cc7-43be-aab6-ad9798a068db req-d522cbb0-2cc7-43be-aab6-ad9798a068db ] Request (ListImageFiltersTestJSON:setUpClass): 200 GET http://10.180.1.21/compute/v2.1/servers/fd5478d6-9fa8-4471-8b95-b89f3d826bcc 0.133s
2024-10-08 23:14:25.277 62607 INFO tempest.lib.common.rest_client [req-98db31d0-564b-4630-b4df-4d206d39a259 req-98db31d0-564b-4630-b4df-4d206d39a259 ] Request (SecurityGroupsTestJSON:test_list_security_groups_by_server): 200 GET http://10.180.1.21/compute/v2.1/servers/45fe27f5-0f20-48ff-ad25-03862ac9bdd9 0.083s
2024-10-08 23:14:25.330 62635 INFO tempest.lib.common.rest_client [req-d7cae6e7-eb7f-4856-87ff-fb52425b2bd9 req-d7cae6e7-eb7f-4856-87ff-fb52425b2bd9 ] Request (DeleteServersAdminTestJSON:test_delete_server_while_in_error_state): 200 GET http://10.180.1.21/compute/v2.1/servers/b0bcd561-35cd-475f-975e-e78456a87fac 0.122s
2024-10-08 23:14:25.346 62625 INFO tempest.lib.common.rest_client [req-70fff558-01cf-40c2-9b7a-92cbaf3ce6b0 req-70fff558-01cf-40c2-9b7a-92cbaf3ce6b0 ] Request (VolumesAssistedSnapshotsTest:tearDownClass): 200 PUT http://10.180.1.21:9696/networking/v2.0/routers/b6d7c15a-478e-4012-848c-93d09271fc66/remove_router_interface 0.923s
2024-10-08 23:14:25.346 62623 INFO tempest.lib.common.rest_client [req-81fc2769-0050-4ce9-b60c-c7a49c308ca7 req-81fc2769-0050-4ce9-b60c-c7a49c308ca7 ] Request (ServerMetadataNegativeTestJSON:setUpClass): 200 GET http://10.180.1.21/compute/v2.1/servers/38291806-d0ae-47a5-bc6e-3d0320b2bd50 0.104s
2024-10-08 23:14:25.380 62621 INFO tempest.lib.common.rest_client [req-69f15b0e-d4e6-4cae-9d5c-be87b7184451 req-69f15b0e-d4e6-4cae-9d5c-be87b7184451 ] Request (InstanceActionsNegativeTestJSON:setUpClass): 200 GET http://10.180.1.21/compute/v2.1/servers/c55d3f4a-7dd7-4c98-bb72-966ed12ba03f 0.089s
2024-10-08 23:14:25.403 62631 INFO tempest.lib.common.rest_client [req-08af5dd8-c10f-4100-a3de-bbc608f2570b req-08af5dd8-c10f-4100-a3de-bbc608f2570b ] Request (ServersTestManualDisk:setUpClass): 200 GET http://10.180.1.21/compute/v2.1/servers/70055136-b08b-4654-aca7-8280158d94da 0.057s
2024-10-08 23:14:25.439 62629 INFO tempest.lib.common.rest_client [req-0c69217f-8dda-407f-9cfc-0d5cb3ebf875 req-0c69217f-8dda-407f-9cfc-0d5cb3ebf875 ] Request (ImagesOneServerTestJSON:setUpClass): 200 GET http://10.180.1.21/compute/v2.1/servers/bcecb4c6-6675-403d-9a3d-b96156b1d56a 0.071s
2024-10-08 23:14:25.497 62667 INFO tempest.lib.common.rest_client [req-9cf977c4-c6c5-45d3-821a-0af6f1f126b8 req-9cf977c4-c6c5-45d3-821a-0af6f1f126b8 ] Request (ServerDiagnosticsV248Test:test_get_server_diagnostics): 200 GET http://10.180.1.21/compute/v2.1/servers/d22aff27-739f-4b0d-a0e4-b6316c252c3a 0.066s
2024-10-08 23:14:25.507 62667 INFO tempest.common.waiters [-] State transition "BUILD/networking" ==> "BUILD/block_device_mapping" after 65 second wait
2024-10-08 23:14:25.518 62661 INFO tempest.lib.common.rest_client [req-c558059f-f656-491f-9273-8285fcacf2a0 req-c558059f-f656-491f-9273-8285fcacf2a0 ] Request (ServersAdminTestJSON:setUpClass): 200 GET http://10.180.1.21/compute/v2.1/servers/49a8e94b-b167-41d1-b748-1a2fa4e2b940 0.049s
2024-10-08 23:14:25.610 62651 INFO tempest.lib.common.rest_client [req-b3f36d43-aee4-46e3-b210-30885d46f317 req-b3f36d43-aee4-46e3-b210-30885d46f317 ] Request (ServersV294TestFqdnHostnames:tearDownClass): 204 DELETE http://10.180.1.21:9696/networking/v2.0/routers/762bc530-af1f-44a9-8ae3-9a5de1315fed 0.368s
2024-10-08 23:14:25.619 62643 INFO tempest.lib.common.rest_client [req-ea581a51-acc3-4147-a7c6-e45e1c94636d req-ea581a51-acc3-4147-a7c6-e45e1c94636d ] Request (MultipleCreateTestJSON:test_multiple_create): 200 GET http://10.180.1.21/compute/v2.1/servers/8e6332f4-2b1e-404d-aa43-a13a72edd044 0.060s
2024-10-08 23:14:25.677 62611 INFO tempest.lib.common.rest_client [req-d466be7f-6b21-41d1-a931-ba39d736597c req-d466be7f-6b21-41d1-a931-ba39d736597c ] Request (ServerActionsTestJSON:setUpClass): 200 GET http://10.180.1.21/compute/v2.1/servers/a7c65d2c-49c1-4c0c-b38b-4e1a89552b67 0.056s
2024-10-08 23:14:25.701 62625 INFO tempest.lib.common.rest_client [req-b84c5263-7a13-4e34-9849-257b336afe3b req-b84c5263-7a13-4e34-9849-257b336afe3b ] Request (VolumesAssistedSnapshotsTest:tearDownClass): 204 DELETE http://10.180.1.21:9696/networking/v2.0/routers/b6d7c15a-478e-4012-848c-93d09271fc66 0.354s
2024-10-08 23:14:25.720 62619 INFO tempest.lib.common.rest_client [req-c092aff7-d770-4e24-9e07-2acd3f3382e0 req-c092aff7-d770-4e24-9e07-2acd3f3382e0 ] Request (AttachInterfacesUnderV243Test:test_add_remove_fixed_ip): 200 GET http://10.180.1.21/compute/v2.1/servers/8b7ad7ed-8f2d-4c76-b335-4a2ce5327072 0.059s
2024-10-08 23:14:25.732 62653 INFO tempest.lib.common.rest_client [req-e4cc045b-f1b1-4b05-902e-84e97f2db93a req-e4cc045b-f1b1-4b05-902e-84e97f2db93a ] Request (VolumesAdminNegativeTest:test_update_attached_volume_with_nonexistent_volume_in_body): 200 GET http://10.180.1.21/compute/v2.1/servers/fc4267ff-dda1-444f-a5b0-a4954626b42d 0.054s
2024-10-08 23:14:25.733 62651 INFO tempest.lib.common.rest_client [req-eadc9ca8-5fe8-4d6d-acb9-883cc5bccf75 req-eadc9ca8-5fe8-4d6d-acb9-883cc5bccf75 ] Request (ServersV294TestFqdnHostnames:tearDownClass): 204 DELETE http://10.180.1.21:9696/networking/v2.0/subnets/19538663-0b08-49ea-9f0f-1b52a39d0bbf 0.122s
2024-10-08 23:14:25.791 62615 INFO tempest.lib.common.rest_client [req-0f557078-08ae-4526-81c2-9346906c4188 req-0f557078-08ae-4526-81c2-9346906c4188 ] Request (ServersTestJSON:setUpClass): 200 GET http://10.180.1.21/compute/v2.1/servers/5d1dfbdc-1b96-400a-bd0a-e898a90bdab6 0.061s
2024-10-08 23:14:25.807 62659 INFO tempest.lib.common.rest_client [req-b52fb5cf-75de-4d24-8ce1-ae0b861f5f43 req-b52fb5cf-75de-4d24-8ce1-ae0b861f5f43 ] Request (ServerPasswordTestJSON:setUpClass): 200 GET http://10.180.1.21/compute/v2.1/servers/ccdfcfa9-fb1e-4a08-a9fd-2c4bd9837caf 0.073s
2024-10-08 23:14:25.862 62627 INFO tempest.lib.common.rest_client [req-78a0a61c-21a7-459d-821b-9b32b87ebb46 req-78a0a61c-21a7-459d-821b-9b32b87ebb46 ] Request (MigrationsAdminTest:test_list_migrations_in_flavor_resize_situation): 200 GET http://10.180.1.21/compute/v2.1/servers/09ac5c26-9842-440c-bc14-a84c2eb23cf5 0.073s
2024-10-08 23:14:25.870 62625 INFO tempest.lib.common.rest_client [req-4fb38e96-dbcf-43de-9ec0-4f832104161a req-4fb38e96-dbcf-43de-9ec0-4f832104161a ] Request (VolumesAssistedSnapshotsTest:tearDownClass): 204 DELETE http://10.180.1.21:9696/networking/v2.0/subnets/365b2d0b-0109-4cf2-aab3-5f6e450b575f 0.168s
2024-10-08 23:14:25.905 62655 INFO tempest.lib.common.rest_client [req-2d586760-34fa-4c21-8c0d-466160f39228 req-2d586760-34fa-4c21-8c0d-466160f39228 ] Request (AttachInterfacesTestJSON:test_create_list_show_delete_interfaces_by_fixed_ip): 200 GET http://10.180.1.21/compute/v2.1/servers/c9f55aeb-273b-4dae-b871-cfb1572e6535 0.057s
2024-10-08 23:14:25.983 62605 INFO tempest.lib.common.rest_client [req-35191346-24a3-4ea6-8355-558ec829cd49 req-35191346-24a3-4ea6-8355-558ec829cd49 ] Request (ServersWithSpecificFlavorTestJSON:test_verify_created_server_ephemeral_disk): 200 GET http://10.180.1.21/compute/v2.1/servers/15f43ac0-ef8c-480c-bc07-05d2dbf0ee23 0.063s
2024-10-08 23:14:26.011 62651 INFO tempest.lib.common.rest_client [req-de7f78c1-75eb-4f41-8ce8-db97ac52e7f2 req-de7f78c1-75eb-4f41-8ce8-db97ac52e7f2 ] Request (ServersV294TestFqdnHostnames:tearDownClass): 204 DELETE http://10.180.1.21:9696/networking/v2.0/networks/cdff7dc1-3f25-4428-b43b-b4e3145039a9 0.278s
2024-10-08 23:14:26.054 62641 INFO tempest.lib.common.rest_client [req-60c58a62-496d-4d30-8471-1906e17f0f22 req-60c58a62-496d-4d30-8471-1906e17f0f22 ] Request (ServerShowV257Test:test_rebuild_server): 200 GET http://10.180.1.21/compute/v2.1/servers/4fde6065-41a7-4a95-96df-e442762dad24 0.064s
2024-10-08 23:14:26.102 62651 INFO tempest.lib.common.rest_client [req-bbead09f-b416-49ab-90ef-f957b644d8b7 req-bbead09f-b416-49ab-90ef-f957b644d8b7 ] Request (ServersV294TestFqdnHostnames:tearDownClass): 204 DELETE http://10.180.1.21/identity/v3/users/3f14ca41740c4efc9252097f9ffefea8 0.091s
2024-10-08 23:14:26.102 62651 INFO tempest.lib.common.dynamic_creds [-] Deleting project and security group for project: eac3ef24ae3e4e34855df574cc09969b
2024-10-08 23:14:26.107 62647 INFO tempest.lib.common.rest_client [req-4c503e63-3984-4a0a-944f-fb7cdcca052a req-4c503e63-3984-4a0a-944f-fb7cdcca052a ] Request (TenantUsagesTestJSON:setUpClass): 200 GET http://10.180.1.21/compute/v2.1/servers/489cd441-f925-4cfd-8a6a-9f4d3e22d6dc 0.057s
2024-10-08 23:14:26.112 62625 INFO tempest.lib.common.rest_client [req-e2bbc2d3-5029-4ec8-ae0f-258564fe1504 req-e2bbc2d3-5029-4ec8-ae0f-258564fe1504 ] Request (VolumesAssistedSnapshotsTest:tearDownClass): 204 DELETE http://10.180.1.21:9696/networking/v2.0/networks/264e2af0-bb23-49c4-bca5-bbb490c29667 0.242s
2024-10-08 23:14:26.158 62617 INFO tempest.lib.common.rest_client [req-d2b82a68-0ed6-4548-a4d3-8804fc91f2b5 req-d2b82a68-0ed6-4548-a4d3-8804fc91f2b5 ] Request (ServerAddressesNegativeTestJSON:setUpClass): 200 GET http://10.180.1.21/compute/v2.1/servers/9518175e-e4ac-42fc-bd90-cc7e204ef2e4 0.067s
2024-10-08 23:14:26.164 62651 INFO tempest.lib.common.rest_client [req-f568e396-e830-4a63-adac-d722b7ebbe12 req-f568e396-e830-4a63-adac-d722b7ebbe12 ] Request (ServersV294TestFqdnHostnames:tearDownClass): 200 GET http://10.180.1.21:9696/networking/v2.0/security-groups?tenant_id=eac3ef24ae3e4e34855df574cc09969b&name=default 0.061s
2024-10-08 23:14:26.186 62637 INFO tempest.lib.common.rest_client [req-dc08303a-9330-455b-aaff-6d0c1ea696cd req-dc08303a-9330-455b-aaff-6d0c1ea696cd ] Request (ServersAaction247Test:test_create_backup): 200 GET http://10.180.1.21/compute/v2.1/servers/a5c638d8-f761-497d-bde2-39ea90d8d151 0.077s
2024-10-08 23:14:26.223 62625 INFO tempest.lib.common.rest_client [req-92dd4d18-740b-49e5-85cb-f44819411a6f req-92dd4d18-740b-49e5-85cb-f44819411a6f ] Request (VolumesAssistedSnapshotsTest:tearDownClass): 204 DELETE http://10.180.1.21/identity/v3/users/0422f0f3fa0c480f8e9daf6beca77a8a 0.110s
2024-10-08 23:14:26.266 62651 INFO tempest.lib.common.rest_client [req-177dd171-3700-4398-bb19-08007384109a req-177dd171-3700-4398-bb19-08007384109a ] Request (ServersV294TestFqdnHostnames:tearDownClass): 204 DELETE http://10.180.1.21:9696/networking/v2.0/security-groups/cbf3265e-df7e-422e-b303-e318574fb877 0.102s
2024-10-08 23:14:26.321 62625 INFO tempest.lib.common.rest_client [req-f20f3cd3-ece4-4b4b-b677-a5acd03cbbbb req-f20f3cd3-ece4-4b4b-b677-a5acd03cbbbb ] Request (VolumesAssistedSnapshotsTest:tearDownClass): 204 DELETE http://10.180.1.21/identity/v3/users/93f685bdd3aa4d8bb0b4a95935af1c32 0.098s
2024-10-08 23:14:26.331 62651 INFO tempest.lib.common.rest_client [req-6fa8a837-4e4d-4748-88bd-466a59f0bbd8 req-6fa8a837-4e4d-4748-88bd-466a59f0bbd8 ] Request (ServersV294TestFqdnHostnames:tearDownClass): 204 DELETE http://10.180.1.21/identity/v3/projects/eac3ef24ae3e4e34855df574cc09969b 0.064s
2024-10-08 23:14:26.363 62651 INFO tempest.lib.common.rest_client [req-9b5e2fff-12de-4afb-a142-14f62a97898a req-9b5e2fff-12de-4afb-a142-14f62a97898a ] Request (ServerTagsTestJSON:setUpClass): 201 POST http://10.180.1.21/identity/v3/auth/tokens 0.028s
2024-10-08 23:14:26.391 62651 INFO tempest.lib.common.rest_client [req-830a5dec-18d1-438c-b5e1-2f5a25b2b6dd req-830a5dec-18d1-438c-b5e1-2f5a25b2b6dd ] Request (ServerTagsTestJSON:setUpClass): 201 POST http://10.180.1.21/identity/v3/auth/tokens 0.025s
2024-10-08 23:14:26.411 62625 INFO tempest.lib.common.rest_client [req-a3ed34bb-1a3e-4fd6-bd73-8191c6fd9f5d req-a3ed34bb-1a3e-4fd6-bd73-8191c6fd9f5d ] Request (VolumesAssistedSnapshotsTest:tearDownClass): 204 DELETE http://10.180.1.21/identity/v3/users/0df41b5272d7431a92b70ab3777b3950 0.089s
2024-10-08 23:14:26.411 62625 INFO tempest.lib.common.dynamic_creds [-] Deleting project and security group for project: b5f66bd264c9480eb69928ae945bb005
2024-10-08 23:14:26.417 62633 INFO tempest.lib.common.rest_client [req-e477d0c2-7c7e-4a45-b6f7-3e9f3a872ed8 req-e477d0c2-7c7e-4a45-b6f7-3e9f3a872ed8 ] Request (ServersTestBootFromVolume:setUpClass): 200 GET http://10.180.1.21/compute/v2.1/servers/546a40aa-c278-460c-8c91-c6c903d751ab 0.283s
2024-10-08 23:14:26.443 62651 INFO tempest.lib.common.rest_client [req-adfd4399-a204-406c-87ef-91c32163e988 req-adfd4399-a204-406c-87ef-91c32163e988 ] Request (ServerTagsTestJSON:setUpClass): 200 GET http://10.180.1.21/identity/v3/domains?name=Default 0.052s
2024-10-08 23:14:26.446 62657 INFO tempest.lib.common.rest_client [req-2fa79f86-9412-441f-9b01-0eacbb418f75 req-2fa79f86-9412-441f-9b01-0eacbb418f75 ] Request (ImagesNegativeTestJSON:test_create_image_from_deleted_server): 200 GET http://10.180.1.21/compute/v2.1/servers/1523daf8-033b-48e2-a495-885feb4e0ea3 0.281s
2024-10-08 23:14:26.480 62625 INFO tempest.lib.common.rest_client [req-fc010280-2393-420b-86cb-bc74e6e60f91 req-fc010280-2393-420b-86cb-bc74e6e60f91 ] Request (VolumesAssistedSnapshotsTest:tearDownClass): 200 GET http://10.180.1.21:9696/networking/v2.0/security-groups?tenant_id=b5f66bd264c9480eb69928ae945bb005&name=default 0.069s
2024-10-08 23:14:26.481 62663 INFO tempest.lib.common.rest_client [req-92b16cd4-835a-4d52-bc29-ca46fa17e469 req-92b16cd4-835a-4d52-bc29-ca46fa17e469 ] Request (ImagesTestJSON:test_create_image_from_suspended_server): 200 GET http://10.180.1.21/compute/v2.1/servers/8c179402-a881-4b89-89d7-5e9031ba78cf 0.298s
2024-10-08 23:14:26.493 62613 INFO tempest.lib.common.rest_client [req-482c6f53-e22d-429a-a1cd-98f3da0b7caa req-482c6f53-e22d-429a-a1cd-98f3da0b7caa ] Request (ServersTestMultiNic:test_verify_duplicate_network_nics): 200 GET http://10.180.1.21/compute/v2.1/servers/bebed5b9-d067-4cf2-a203-48763685ecb6 0.267s
2024-10-08 23:14:26.499 62613 INFO tempest.common.waiters [-] State transition "BUILD/scheduling" ==> "BUILD/None" after 61 second wait
2024-10-08 23:14:26.516 62651 INFO tempest.lib.common.rest_client [req-205293b7-8dc4-4617-acd7-632833302d24 req-205293b7-8dc4-4617-acd7-632833302d24 ] Request (ServerTagsTestJSON:setUpClass): 201 POST http://10.180.1.21/identity/v3/projects 0.072s
2024-10-08 23:14:26.535 62609 INFO tempest.lib.common.rest_client [req-c91632d3-e745-4482-bddb-82c9ebf2be96 req-c91632d3-e745-4482-bddb-82c9ebf2be96 ] Request (FloatingIPsAssociationTestJSON:setUpClass): 200 GET http://10.180.1.21/compute/v2.1/servers/63c88ac7-9700-4476-9039-feb034de659d 0.300s
2024-10-08 23:14:26.540 62645 INFO tempest.lib.common.rest_client [req-44ee2ccc-460f-4448-87b2-cd75623dfc93 req-44ee2ccc-460f-4448-87b2-cd75623dfc93 ] Request (ListImageFiltersTestJSON:setUpClass): 200 GET http://10.180.1.21/compute/v2.1/servers/fd5478d6-9fa8-4471-8b95-b89f3d826bcc 0.258s
2024-10-08 23:14:26.572 62651 INFO tempest.lib.common.rest_client [req-ee669a6a-37f4-498b-9025-3b8c665e9548 req-ee669a6a-37f4-498b-9025-3b8c665e9548 ] Request (ServerTagsTestJSON:setUpClass): 201 POST http://10.180.1.21/identity/v3/users 0.055s
2024-10-08 23:14:26.586 62635 INFO tempest.lib.common.rest_client [req-1fdf5ce7-1a93-42ea-ab67-050303f92b63 req-1fdf5ce7-1a93-42ea-ab67-050303f92b63 ] Request (DeleteServersAdminTestJSON:test_delete_server_while_in_error_state): 200 GET http://10.180.1.21/compute/v2.1/servers/b0bcd561-35cd-475f-975e-e78456a87fac 0.245s
2024-10-08 23:14:26.589 62607 INFO tempest.lib.common.rest_client [req-fd394913-8ff7-4594-8d67-d24dc201ea94 req-fd394913-8ff7-4594-8d67-d24dc201ea94 ] Request (SecurityGroupsTestJSON:test_list_security_groups_by_server): 200 GET http://10.180.1.21/compute/v2.1/servers/45fe27f5-0f20-48ff-ad25-03862ac9bdd9 0.304s
2024-10-08 23:14:26.596 62651 INFO tempest.lib.common.rest_client [req-94af8c54-b4d3-4b7b-a1fe-148479606e31 req-94af8c54-b4d3-4b7b-a1fe-148479606e31 ] Request (ServerTagsTestJSON:setUpClass): 200 GET http://10.180.1.21/identity/v3/roles 0.024s
2024-10-08 23:14:26.606 62625 INFO tempest.lib.common.rest_client [req-a3c6a62c-cb60-4673-8ff8-cdebbaf6914b req-a3c6a62c-cb60-4673-8ff8-cdebbaf6914b ] Request (VolumesAssistedSnapshotsTest:tearDownClass): 204 DELETE http://10.180.1.21:9696/networking/v2.0/security-groups/ab754df3-7d52-4acc-9157-d58ec7e42ccf 0.125s
2024-10-08 23:14:26.630 62651 INFO tempest.lib.common.rest_client [req-ea21b40d-20f9-48bc-8edd-4c0b461a7eaf req-ea21b40d-20f9-48bc-8edd-4c0b461a7eaf ] Request (ServerTagsTestJSON:setUpClass): 204 PUT http://10.180.1.21/identity/v3/projects/8a7e415d782c4b9794232f25b9ae0f20/users/96a6cbe0353c44209751845b09e0cbf9/roles/e7841392729243beb0067ddf7a8bac5c 0.033s
2024-10-08 23:14:26.630 62651 INFO tempest.lib.common.dynamic_creds [-] Dynamic test user 96a6cbe0353c44209751845b09e0cbf9 is created with scope project and roles: ['member']
2024-10-08 23:14:26.630 62651 INFO tempest.lib.common.dynamic_creds [-] Acquired dynamic creds: credentials: Credentials: {'domain_id': 'default', 'domain_name': 'Default', 'username': 'tempest-ServerTagsTestJSON-1285862186-project-member', 'project_domain_id': 'default', 'project_domain_name': 'Default', 'project_id': '8a7e415d782c4b9794232f25b9ae0f20', 'project_name': 'tempest-ServerTagsTestJSON-1285862186', 'tenant_id': '8a7e415d782c4b9794232f25b9ae0f20', 'tenant_name': 'tempest-ServerTagsTestJSON-1285862186', 'user_domain_id': 'default', 'user_domain_name': 'Default', 'user_id': '96a6cbe0353c44209751845b09e0cbf9', 'system': None}, Network: None, Subnet: None, Router: None
2024-10-08 23:14:26.632 62621 INFO tempest.lib.common.rest_client [req-33357c48-934d-48cc-8d2d-33e9e20456e6 req-33357c48-934d-48cc-8d2d-33e9e20456e6 ] Request (InstanceActionsNegativeTestJSON:setUpClass): 200 GET http://10.180.1.21/compute/v2.1/servers/c55d3f4a-7dd7-4c98-bb72-966ed12ba03f 0.244s
2024-10-08 23:14:26.644 62623 INFO tempest.lib.common.rest_client [req-7badd5f8-48c5-4415-a093-8702cb53e979 req-7badd5f8-48c5-4415-a093-8702cb53e979 ] Request (ServerMetadataNegativeTestJSON:setUpClass): 200 GET http://10.180.1.21/compute/v2.1/servers/38291806-d0ae-47a5-bc6e-3d0320b2bd50 0.287s
2024-10-08 23:14:26.682 62631 INFO tempest.lib.common.rest_client [req-2a6fc9ae-8ff4-4791-a8ed-145c6d5f560e req-2a6fc9ae-8ff4-4791-a8ed-145c6d5f560e ] Request (ServersTestManualDisk:setUpClass): 200 GET http://10.180.1.21/compute/v2.1/servers/70055136-b08b-4654-aca7-8280158d94da 0.270s
2024-10-08 23:14:26.687 62651 INFO tempest.lib.common.rest_client [req-90326d66-0382-4918-b619-0c17822a4252 req-90326d66-0382-4918-b619-0c17822a4252 ] Request (ServerTagsTestJSON:setUpClass): 201 POST http://10.180.1.21/identity/v3/auth/tokens 0.056s
2024-10-08 23:14:26.694 62629 INFO tempest.lib.common.rest_client [req-c1b6a6cc-c973-4840-90bc-c307af1e8d41 req-c1b6a6cc-c973-4840-90bc-c307af1e8d41 ] Request (ImagesOneServerTestJSON:setUpClass): 200 GET http://10.180.1.21/compute/v2.1/servers/bcecb4c6-6675-403d-9a3d-b96156b1d56a 0.247s
2024-10-08 23:14:26.723 62625 INFO tempest.lib.common.rest_client [req-4ded0dfb-2917-4587-8b3d-a5b6cf470d8e req-4ded0dfb-2917-4587-8b3d-a5b6cf470d8e ] Request (VolumesAssistedSnapshotsTest:tearDownClass): 204 DELETE http://10.180.1.21/identity/v3/projects/b5f66bd264c9480eb69928ae945bb005 0.117s
2024-10-08 23:14:26.724 62625 INFO tempest.lib.common.dynamic_creds [-] Deleting project and security group for project: 6e6890a02270457d9185f9e384454cd4
2024-10-08 23:14:26.740 62667 INFO tempest.lib.common.rest_client [req-ceec66a8-1d22-4c97-987f-a02aad5be77c req-ceec66a8-1d22-4c97-987f-a02aad5be77c ] Request (ServerDiagnosticsV248Test:test_get_server_diagnostics): 200 GET http://10.180.1.21/compute/v2.1/servers/d22aff27-739f-4b0d-a0e4-b6316c252c3a 0.233s
2024-10-08 23:14:26.744 62661 INFO tempest.lib.common.rest_client [req-b9558afe-4598-438f-9a5f-1b422657425d req-b9558afe-4598-438f-9a5f-1b422657425d ] Request (ServersAdminTestJSON:setUpClass): 200 GET http://10.180.1.21/compute/v2.1/servers/49a8e94b-b167-41d1-b748-1a2fa4e2b940 0.218s
2024-10-08 23:14:26.749 62667 INFO tempest.common.waiters [-] State transition "BUILD/block_device_mapping" ==> "BUILD/spawning" after 66 second wait
2024-10-08 23:14:26.780 62625 INFO tempest.lib.common.rest_client [req-0dbda7f5-7854-46d4-b0bb-abd0f0da606b req-0dbda7f5-7854-46d4-b0bb-abd0f0da606b ] Request (VolumesAssistedSnapshotsTest:tearDownClass): 200 GET http://10.180.1.21:9696/networking/v2.0/security-groups?tenant_id=6e6890a02270457d9185f9e384454cd4&name=default 0.056s
2024-10-08 23:14:26.788 62643 INFO tempest.lib.common.rest_client [req-76fc1a6e-fee1-4eb4-870a-12cf0b3353b1 req-76fc1a6e-fee1-4eb4-870a-12cf0b3353b1 ] Request (MultipleCreateTestJSON:test_multiple_create): 200 GET http://10.180.1.21/compute/v2.1/servers/8e6332f4-2b1e-404d-aa43-a13a72edd044 0.160s
2024-10-08 23:14:26.794 62611 INFO tempest.lib.common.rest_client [req-6e13dede-269c-4f1f-9689-11d899ce3d36 req-6e13dede-269c-4f1f-9689-11d899ce3d36 ] Request (ServerActionsTestJSON:setUpClass): 200 GET http://10.180.1.21/compute/v2.1/servers/a7c65d2c-49c1-4c0c-b38b-4e1a89552b67 0.109s
2024-10-08 23:14:26.851 62619 INFO tempest.lib.common.rest_client [req-cb6b058d-3134-40f9-a528-fc58fa8c426b req-cb6b058d-3134-40f9-a528-fc58fa8c426b ] Request (AttachInterfacesUnderV243Test:test_add_remove_fixed_ip): 200 GET http://10.180.1.21/compute/v2.1/servers/8b7ad7ed-8f2d-4c76-b335-4a2ce5327072 0.121s
2024-10-08 23:14:26.861 62653 INFO tempest.lib.common.rest_client [req-14f02245-ddfc-4e56-86ff-690c8509f70a req-14f02245-ddfc-4e56-86ff-690c8509f70a ] Request (VolumesAdminNegativeTest:test_update_attached_volume_with_nonexistent_volume_in_body): 200 GET http://10.180.1.21/compute/v2.1/servers/fc4267ff-dda1-444f-a5b0-a4954626b42d 0.121s
2024-10-08 23:14:26.914 62659 INFO tempest.lib.common.rest_client [req-09050fb7-fa78-4708-8848-59120c31acf6 req-09050fb7-fa78-4708-8848-59120c31acf6 ] Request (ServerPasswordTestJSON:setUpClass): 200 GET http://10.180.1.21/compute/v2.1/servers/ccdfcfa9-fb1e-4a08-a9fd-2c4bd9837caf 0.100s
2024-10-08 23:14:26.919 62615 INFO tempest.lib.common.rest_client [req-4cf2fd74-5077-40e2-ad8b-8a1e59f8f81d req-4cf2fd74-5077-40e2-ad8b-8a1e59f8f81d ] Request (ServersTestJSON:setUpClass): 200 GET http://10.180.1.21/compute/v2.1/servers/5d1dfbdc-1b96-400a-bd0a-e898a90bdab6 0.119s
2024-10-08 23:14:26.962 62627 INFO tempest.lib.common.rest_client [req-775da01b-628c-47a0-b97e-91303537b461 req-775da01b-628c-47a0-b97e-91303537b461 ] Request (MigrationsAdminTest:test_list_migrations_in_flavor_resize_situation): 200 GET http://10.180.1.21/compute/v2.1/servers/09ac5c26-9842-440c-bc14-a84c2eb23cf5 0.094s
2024-10-08 23:14:26.975 62625 INFO tempest.lib.common.rest_client [req-3f9407bc-4cd9-4037-a3cd-af1dc9b25a7b req-3f9407bc-4cd9-4037-a3cd-af1dc9b25a7b ] Request (VolumesAssistedSnapshotsTest:tearDownClass): 204 DELETE http://10.180.1.21:9696/networking/v2.0/security-groups/1d3ba15d-e299-4f29-ab9c-0d3e1b2b90c8 0.194s
2024-10-08 23:14:26.978 62655 INFO tempest.lib.common.rest_client [req-f5f2244b-91f8-42e6-b26f-84fba037e4ae req-f5f2244b-91f8-42e6-b26f-84fba037e4ae ] Request (AttachInterfacesTestJSON:test_create_list_show_delete_interfaces_by_fixed_ip): 200 GET http://10.180.1.21/compute/v2.1/servers/c9f55aeb-273b-4dae-b871-cfb1572e6535 0.067s
2024-10-08 23:14:27.053 62605 INFO tempest.lib.common.rest_client [req-a4cf66ec-c036-4b78-98bf-6920bcfacce5 req-a4cf66ec-c036-4b78-98bf-6920bcfacce5 ] Request (ServersWithSpecificFlavorTestJSON:test_verify_created_server_ephemeral_disk): 200 GET http://10.180.1.21/compute/v2.1/servers/15f43ac0-ef8c-480c-bc07-05d2dbf0ee23 0.061s
2024-10-08 23:14:27.059 62625 INFO tempest.lib.common.rest_client [req-429fbddf-ed4a-4b21-919b-120aef1e4e48 req-429fbddf-ed4a-4b21-919b-120aef1e4e48 ] Request (VolumesAssistedSnapshotsTest:tearDownClass): 204 DELETE http://10.180.1.21/identity/v3/projects/6e6890a02270457d9185f9e384454cd4 0.084s
2024-10-08 23:14:27.059 62625 INFO tempest.lib.common.dynamic_creds [-] Deleting project and security group for project: a1605936d7ac47afbedb94895c88fe35
2024-10-08 23:14:27.084 62651 INFO tempest.lib.common.rest_client [req-b313d075-874c-4e6d-b8bb-d0a4f5874f84 req-b313d075-874c-4e6d-b8bb-d0a4f5874f84 ] Request (ServerTagsTestJSON:setUpClass): 201 POST http://10.180.1.21:9696/networking/v2.0/networks 0.397s
2024-10-08 23:14:27.100 62625 INFO tempest.lib.common.rest_client [req-9468d074-1811-446d-aad5-25660c5ae9d2 req-9468d074-1811-446d-aad5-25660c5ae9d2 ] Request (VolumesAssistedSnapshotsTest:tearDownClass): 200 GET http://10.180.1.21:9696/networking/v2.0/security-groups?tenant_id=a1605936d7ac47afbedb94895c88fe35&name=default 0.040s
2024-10-08 23:14:27.135 62641 INFO tempest.lib.common.rest_client [req-ca373510-c28f-4c8d-aab1-09bab4563b70 req-ca373510-c28f-4c8d-aab1-09bab4563b70 ] Request (ServerShowV257Test:test_rebuild_server): 200 GET http://10.180.1.21/compute/v2.1/servers/4fde6065-41a7-4a95-96df-e442762dad24 0.070s
2024-10-08 23:14:27.187 62647 INFO tempest.lib.common.rest_client [req-195f02eb-10f9-431a-b3e7-1cc953c8a080 req-195f02eb-10f9-431a-b3e7-1cc953c8a080 ] Request (TenantUsagesTestJSON:setUpClass): 200 GET http://10.180.1.21/compute/v2.1/servers/489cd441-f925-4cfd-8a6a-9f4d3e22d6dc 0.068s
2024-10-08 23:14:27.201 62625 INFO tempest.lib.common.rest_client [req-d8ad2f30-4f25-4358-b106-e83b0ecfe678 req-d8ad2f30-4f25-4358-b106-e83b0ecfe678 ] Request (VolumesAssistedSnapshotsTest:tearDownClass): 204 DELETE http://10.180.1.21:9696/networking/v2.0/security-groups/96f93855-cada-4bd6-85a4-2b9ad3bdbbae 0.100s
2024-10-08 23:14:27.224 62617 INFO tempest.lib.common.rest_client [req-9a7ee54c-3575-4d1b-912b-6c69bb2ca731 req-9a7ee54c-3575-4d1b-912b-6c69bb2ca731 ] Request (ServerAddressesNegativeTestJSON:setUpClass): 200 GET http://10.180.1.21/compute/v2.1/servers/9518175e-e4ac-42fc-bd90-cc7e204ef2e4 0.059s
2024-10-08 23:14:27.252 62651 INFO tempest.lib.common.rest_client [req-a8b6e4c2-c40f-4e86-8cb3-cf5593b467a5 req-a8b6e4c2-c40f-4e86-8cb3-cf5593b467a5 ] Request (ServerTagsTestJSON:setUpClass): 201 POST http://10.180.1.21:9696/networking/v2.0/subnets 0.167s
2024-10-08 23:14:27.253 62637 INFO tempest.lib.common.rest_client [req-5d9dd4b1-86ac-4ef4-90b5-bc482f790f06 req-5d9dd4b1-86ac-4ef4-90b5-bc482f790f06 ] Request (ServersAaction247Test:test_create_backup): 200 GET http://10.180.1.21/compute/v2.1/servers/a5c638d8-f761-497d-bde2-39ea90d8d151 0.053s
2024-10-08 23:14:27.289 62625 INFO tempest.lib.common.rest_client [req-de2b77af-db4f-4905-84d7-7c12c789f204 req-de2b77af-db4f-4905-84d7-7c12c789f204 ] Request (VolumesAssistedSnapshotsTest:tearDownClass): 204 DELETE http://10.180.1.21/identity/v3/projects/a1605936d7ac47afbedb94895c88fe35 0.088s
2024-10-08 23:14:27.344 62625 INFO tempest.lib.common.rest_client [req-abcdb231-c452-4fe7-bf93-3b1b1f9c0927 req-abcdb231-c452-4fe7-bf93-3b1b1f9c0927 ] Request (InstanceUsageAuditLogTestJSON:setUpClass): 201 POST http://10.180.1.21/identity/v3/auth/tokens 0.053s
2024-10-08 23:14:27.370 62625 INFO tempest.lib.common.rest_client [req-c2da6919-2200-4ebf-812d-18d03e3e73f9 req-c2da6919-2200-4ebf-812d-18d03e3e73f9 ] Request (InstanceUsageAuditLogTestJSON:setUpClass): 201 POST http://10.180.1.21/identity/v3/auth/tokens 0.024s
2024-10-08 23:14:27.390 62625 INFO tempest.lib.common.rest_client [req-34107a27-b53d-49b6-8e23-529ea8861404 req-34107a27-b53d-49b6-8e23-529ea8861404 ] Request (InstanceUsageAuditLogTestJSON:setUpClass): 200 GET http://10.180.1.21/identity/v3/domains?name=Default 0.020s
2024-10-08 23:14:27.415 62625 INFO tempest.lib.common.rest_client [req-5447e055-4cd7-4faa-8e27-2b7473df5bfe req-5447e055-4cd7-4faa-8e27-2b7473df5bfe ] Request (InstanceUsageAuditLogTestJSON:setUpClass): 201 POST http://10.180.1.21/identity/v3/projects 0.024s
2024-10-08 23:14:27.470 62625 INFO tempest.lib.common.rest_client [req-552cdcf6-6569-477d-a01f-7d8f8c06f1aa req-552cdcf6-6569-477d-a01f-7d8f8c06f1aa ] Request (InstanceUsageAuditLogTestJSON:setUpClass): 201 POST http://10.180.1.21/identity/v3/users 0.054s
2024-10-08 23:14:27.482 62633 INFO tempest.lib.common.rest_client [req-689556bb-97f7-4484-8cc4-989a113ab7f5 req-689556bb-97f7-4484-8cc4-989a113ab7f5 ] Request (ServersTestBootFromVolume:setUpClass): 200 GET http://10.180.1.21/compute/v2.1/servers/546a40aa-c278-460c-8c91-c6c903d751ab 0.048s
2024-10-08 23:14:27.486 62625 INFO tempest.lib.common.rest_client [req-ae624274-8f55-467b-93d2-8ec9b2d85110 req-ae624274-8f55-467b-93d2-8ec9b2d85110 ] Request (InstanceUsageAuditLogTestJSON:setUpClass): 200 GET http://10.180.1.21/identity/v3/roles 0.016s
2024-10-08 23:14:27.508 62657 INFO tempest.lib.common.rest_client [req-927bf2ec-d65b-4a27-9a27-8ebd99d7c868 req-927bf2ec-d65b-4a27-9a27-8ebd99d7c868 ] Request (ImagesNegativeTestJSON:test_create_image_from_deleted_server): 200 GET http://10.180.1.21/compute/v2.1/servers/1523daf8-033b-48e2-a495-885feb4e0ea3 0.055s
2024-10-08 23:14:27.512 62625 INFO tempest.lib.common.rest_client [req-7c0e82a0-b225-4878-9f18-4fd8c0d42715 req-7c0e82a0-b225-4878-9f18-4fd8c0d42715 ] Request (InstanceUsageAuditLogTestJSON:setUpClass): 204 PUT http://10.180.1.21/identity/v3/projects/bf814070b3c0436f9eaf34faa105b5dd/users/205ce86f588e41fbae4c80839385eccf/roles/e7841392729243beb0067ddf7a8bac5c 0.025s
2024-10-08 23:14:27.512 62625 INFO tempest.lib.common.dynamic_creds [-] Dynamic test user 205ce86f588e41fbae4c80839385eccf is created with scope project and roles: ['member']
