2024-10-08 23:12:49.005 62607 INFO tempest.lib.common.rest_client [req-1c34fbdb-48be-4302-89ed-20fd8b09f841 req-1c34fbdb-48be-4302-89ed-20fd8b09f841 ] Request (FlavorsExtraSpecsTestJSON:setUpClass): 200 POST http://10.180.1.21/compute/v2.1/flavors 2.146s
2024-10-08 23:12:49.007 62625 INFO tempest.lib.common.rest_client [req-2f361349-52ff-4a0e-b9b5-a92581a8cb86 req-2f361349-52ff-4a0e-b9b5-a92581a8cb86 ] Request (VolumesAssistedSnapshotsTest:setUpClass): 204 PUT http://10.180.1.21/identity/v3/projects/a1605936d7ac47afbedb94895c88fe35/users/93f685bdd3aa4d8bb0b4a95935af1c32/roles/f65f3885d5c84022b0bafa9624686228 0.147s
2024-10-08 23:12:49.066 62615 INFO tempest.lib.common.rest_client [req-bed5c12c-5e80-4a39-a8b5-b817023678c0 req-bed5c12c-5e80-4a39-a8b5-b817023678c0 ] Request (ServerExternalEventsTest:setUpClass): 204 PUT http://10.180.1.21/identity/v3/projects/94c761f204e54ce4805ea598f1f8ec1c/users/a358bb37b18142df960f768b7fada31b/roles/e7841392729243beb0067ddf7a8bac5c 0.194s
2024-10-08 23:12:49.067 62615 INFO tempest.lib.common.dynamic_creds [-] Dynamic test user a358bb37b18142df960f768b7fada31b is created with scope project and roles: ['member']
2024-10-08 23:12:49.067 62615 INFO tempest.lib.common.dynamic_creds [-] Acquired dynamic creds: credentials: Credentials: {'domain_id': 'default', 'domain_name': 'Default', 'username': 'tempest-ServerExternalEventsTest-991779733-project-member', 'project_domain_id': 'default', 'project_domain_name': 'Default', 'project_id': '94c761f204e54ce4805ea598f1f8ec1c', 'project_name': 'tempest-ServerExternalEventsTest-991779733', 'tenant_id': '94c761f204e54ce4805ea598f1f8ec1c', 'tenant_name': 'tempest-ServerExternalEventsTest-991779733', 'user_domain_id': 'default', 'user_domain_name': 'Default', 'user_id': 'a358bb37b18142df960f768b7fada31b', 'system': None}, Network: None, Subnet: None, Router: None
2024-10-08 23:12:49.067 62615 INFO tempest.lib.common.dynamic_creds [-] Created isolated network resources for: credentials: Credentials: {'domain_id': 'default', 'domain_name': 'Default', 'username': 'tempest-ServerExternalEventsTest-991779733-project-member', 'project_domain_id': 'default', 'project_domain_name': 'Default', 'project_id': '94c761f204e54ce4805ea598f1f8ec1c', 'project_name': 'tempest-ServerExternalEventsTest-991779733', 'tenant_id': '94c761f204e54ce4805ea598f1f8ec1c', 'tenant_name': 'tempest-ServerExternalEventsTest-991779733', 'user_domain_id': 'default', 'user_domain_name': 'Default', 'user_id': 'a358bb37b18142df960f768b7fada31b', 'system': None}, Network: None, Subnet: None, Router: None
2024-10-08 23:12:49.083 62637 INFO tempest.lib.common.rest_client [req-4dad9211-a818-4fe3-a09c-1a49b1f035f3 req-4dad9211-a818-4fe3-a09c-1a49b1f035f3 ] Request (ImagesDeleteNegativeTestJSON:test_delete_image_non_hex_string_id): 404 DELETE http://10.180.1.21/compute/v2.1/images/9b1341cb-d593-4aae-9f7b-f38746008cbj 2.072s
2024-10-08 23:12:49.117 62611 INFO tempest.lib.common.rest_client [req-dc18f3e4-790d-4d58-9a19-b796ab211796 req-dc18f3e4-790d-4d58-9a19-b796ab211796 ] Request (ServersTestFqdnHostnames:setUpClass): 200 GET http://10.180.1.21/identity/v3/roles 0.147s
2024-10-08 23:12:49.117 62625 INFO tempest.lib.common.rest_client [req-fbc42231-ea21-42f2-9739-bbd6acbf4f0a req-fbc42231-ea21-42f2-9739-bbd6acbf4f0a ] Request (VolumesAssistedSnapshotsTest:setUpClass): 200 GET http://10.180.1.21/identity/v3/roles 0.110s
2024-10-08 23:12:49.144 62633 INFO tempest.lib.common.rest_client [req-d0186594-044a-473e-bc3b-0eb8c2f786f9 req-d0186594-044a-473e-bc3b-0eb8c2f786f9 ] Request (ServersTestBootFromVolume:setUpClass): 200 GET http://10.180.1.21/volume/v3/ec576ba132b946b2a72e8c18282c3914/volumes/089c08f9-2c95-4a35-885a-31ffba68be97 0.056s
2024-10-08 23:12:49.163 62663 INFO tempest.lib.common.rest_client [req-3f474599-99a8-4314-a08e-09611b01b0d3 req-3f474599-99a8-4314-a08e-09611b01b0d3 ] Request (ImagesTestJSON:test_create_image_from_stopped_server): 202 POST http://10.180.1.21/compute/v2.1/servers 3.860s
2024-10-08 23:12:49.178 62615 INFO tempest.lib.common.rest_client [req-933b31cc-8e81-49ef-80f1-7f5722e51910 req-933b31cc-8e81-49ef-80f1-7f5722e51910 ] Request (ServerExternalEventsTest:setUpClass): 201 POST http://10.180.1.21/identity/v3/auth/tokens 0.107s
2024-10-08 23:12:49.198 62611 INFO tempest.lib.common.rest_client [req-7c06b611-9cc8-4edb-80f1-1a55baca9d68 req-7c06b611-9cc8-4edb-80f1-1a55baca9d68 ] Request (ServersTestFqdnHostnames:setUpClass): 204 PUT http://10.180.1.21/identity/v3/projects/8f8a4f132cf5481298a649eaec5eca73/users/e27b110e0701414298c85adf815fa992/roles/e7841392729243beb0067ddf7a8bac5c 0.081s
2024-10-08 23:12:49.199 62611 INFO tempest.lib.common.dynamic_creds [-] Dynamic test user e27b110e0701414298c85adf815fa992 is created with scope project and roles: ['member']
2024-10-08 23:12:49.199 62611 INFO tempest.lib.common.dynamic_creds [-] Acquired dynamic creds: credentials: Credentials: {'domain_id': 'default', 'domain_name': 'Default', 'username': 'tempest-ServersTestFqdnHostnames-1554111744-project-member', 'project_domain_id': 'default', 'project_domain_name': 'Default', 'project_id': '8f8a4f132cf5481298a649eaec5eca73', 'project_name': 'tempest-ServersTestFqdnHostnames-1554111744', 'tenant_id': '8f8a4f132cf5481298a649eaec5eca73', 'tenant_name': 'tempest-ServersTestFqdnHostnames-1554111744', 'user_domain_id': 'default', 'user_domain_name': 'Default', 'user_id': 'e27b110e0701414298c85adf815fa992', 'system': None}, Network: None, Subnet: None, Router: None
2024-10-08 23:12:49.225 62661 INFO tempest.lib.common.rest_client [req-a7fbd13f-6af9-40f2-a78c-0d34da8364d2 req-a7fbd13f-6af9-40f2-a78c-0d34da8364d2 ] Request (AggregatesAdminNegativeTestJSON:setUpClass): 200 GET http://10.180.1.21/compute/v2.1/os-services?binary=nova-compute 2.168s
2024-10-08 23:12:49.261 62625 INFO tempest.lib.common.rest_client [req-69507a5f-8150-4e42-9d94-a40ac70d7801 req-69507a5f-8150-4e42-9d94-a40ac70d7801 ] Request (VolumesAssistedSnapshotsTest:setUpClass): 204 PUT http://10.180.1.21/identity/v3/projects/a1605936d7ac47afbedb94895c88fe35/users/93f685bdd3aa4d8bb0b4a95935af1c32/roles/f65f3885d5c84022b0bafa9624686228 0.142s
2024-10-08 23:12:49.261 62625 INFO tempest.lib.common.dynamic_creds [-] Dynamic test user 93f685bdd3aa4d8bb0b4a95935af1c32 is created with scope project and roles: ['admin']
2024-10-08 23:12:49.261 62625 INFO tempest.lib.common.dynamic_creds [-] Acquired dynamic creds: credentials: Credentials: {'domain_id': 'default', 'domain_name': 'Default', 'username': 'tempest-VolumesAssistedSnapshotsTest-1312611537-project-admin', 'project_domain_id': 'default', 'project_domain_name': 'Default', 'project_id': 'a1605936d7ac47afbedb94895c88fe35', 'project_name': 'tempest-VolumesAssistedSnapshotsTest-1312611537', 'tenant_id': 'a1605936d7ac47afbedb94895c88fe35', 'tenant_name': 'tempest-VolumesAssistedSnapshotsTest-1312611537', 'user_domain_id': 'default', 'user_domain_name': 'Default', 'user_id': '93f685bdd3aa4d8bb0b4a95935af1c32', 'system': None}, Network: None, Subnet: None, Router: None
2024-10-08 23:12:49.329 62615 INFO tempest.lib.common.rest_client [req-a8077d5d-98fa-4bda-9c1a-214e6cd392ba req-a8077d5d-98fa-4bda-9c1a-214e6cd392ba ] Request (ServerExternalEventsTest:setUpClass): 201 POST http://10.180.1.21/identity/v3/projects 0.150s
2024-10-08 23:12:49.385 62609 INFO tempest.lib.common.rest_client [req-e660aca7-8784-44a8-9d01-0f76acea62da req-e660aca7-8784-44a8-9d01-0f76acea62da ] Request (HostsAdminTestJSON:test_list_hosts): 200 GET http://10.180.1.21/compute/v2.1/os-hosts 2.221s
2024-10-08 23:12:49.385 62611 INFO tempest.lib.common.rest_client [req-1e923313-cb37-484c-bd32-48ab4dce3d28 req-1e923313-cb37-484c-bd32-48ab4dce3d28 ] Request (ServersTestFqdnHostnames:setUpClass): 201 POST http://10.180.1.21/identity/v3/auth/tokens 0.184s
2024-10-08 23:12:49.475 62655 INFO tempest.lib.common.rest_client [req-3c95b397-9a6a-4e3c-a4d4-c0000b082772 req-3c95b397-9a6a-4e3c-a4d4-c0000b082772 ] Request (FlavorsAccessTestJSON:test_flavor_access_add_remove): 200 POST http://10.180.1.21/compute/v2.1/flavors 2.165s
2024-10-08 23:12:49.480 62615 INFO tempest.lib.common.rest_client [req-d6a98454-7f5d-4bdd-9067-53444557004b req-d6a98454-7f5d-4bdd-9067-53444557004b ] Request (ServerExternalEventsTest:setUpClass): 201 POST http://10.180.1.21/identity/v3/users 0.151s
2024-10-08 23:12:49.494 62625 INFO tempest.lib.common.rest_client [req-50a8c3c9-04e7-4c36-a973-5b5cbacdd06d req-50a8c3c9-04e7-4c36-a973-5b5cbacdd06d ] Request (VolumesAssistedSnapshotsTest:setUpClass): 201 POST http://10.180.1.21:9696/networking/v2.0/networks 0.233s
2024-10-08 23:12:49.551 62615 INFO tempest.lib.common.rest_client [req-b44e7d76-72ea-4790-a29d-9d4f812e843f req-b44e7d76-72ea-4790-a29d-9d4f812e843f ] Request (ServerExternalEventsTest:setUpClass): 200 GET http://10.180.1.21/identity/v3/roles 0.070s
2024-10-08 23:12:49.570 62651 INFO tempest.lib.common.rest_client [req-1261ba09-6fe0-4afa-902e-2ea9db9a8c87 req-1261ba09-6fe0-4afa-902e-2ea9db9a8c87 ] Request (AZAdminV2TestJSON:test_get_availability_zone_list): 200 GET http://10.180.1.21/compute/v2.1/os-availability-zone 2.204s
2024-10-08 23:12:49.579 62615 INFO tempest.lib.common.rest_client [req-7ae451de-43b5-4f8a-9ded-2c97f3c58836 req-7ae451de-43b5-4f8a-9ded-2c97f3c58836 ] Request (ServerExternalEventsTest:setUpClass): 204 PUT http://10.180.1.21/identity/v3/projects/b602ce8e9ab44e87b997d079eb3b26c7/users/8fb29272e33a4e76b461cdfd161be82a/roles/f65f3885d5c84022b0bafa9624686228 0.027s
2024-10-08 23:12:49.608 62605 INFO tempest.lib.common.rest_client [req-30e822ff-3d4d-43b0-82ab-134407e80e20 req-30e822ff-3d4d-43b0-82ab-134407e80e20 ] Request (ServersWithSpecificFlavorTestJSON:setUpClass): 201 POST http://10.180.1.21:9696/networking/v2.0/routers 0.699s
2024-10-08 23:12:49.641 62615 INFO tempest.lib.common.rest_client [req-416ffb03-9bb7-4c43-af0a-65268c44e80f req-416ffb03-9bb7-4c43-af0a-65268c44e80f ] Request (ServerExternalEventsTest:setUpClass): 200 GET http://10.180.1.21/identity/v3/roles 0.061s
2024-10-08 23:12:49.683 62621 INFO tempest.lib.common.rest_client [req-472394cd-bea8-4d45-b78a-6780df92fd34 req-472394cd-bea8-4d45-b78a-6780df92fd34 ] Request (HypervisorAdminNegativeTestJSON:test_get_hypervisor_list_details_with_non_admin_user): 403 GET http://10.180.1.21/compute/v2.1/os-hypervisors/detail 1.690s
2024-10-08 23:12:49.689 62615 INFO tempest.lib.common.rest_client [req-ba4a61ff-6424-4b8c-93f3-b4615ef63614 req-ba4a61ff-6424-4b8c-93f3-b4615ef63614 ] Request (ServerExternalEventsTest:setUpClass): 204 PUT http://10.180.1.21/identity/v3/projects/b602ce8e9ab44e87b997d079eb3b26c7/users/8fb29272e33a4e76b461cdfd161be82a/roles/f65f3885d5c84022b0bafa9624686228 0.047s
2024-10-08 23:12:49.689 62615 INFO tempest.lib.common.dynamic_creds [-] Dynamic test user 8fb29272e33a4e76b461cdfd161be82a is created with scope project and roles: ['admin']
2024-10-08 23:12:49.690 62615 INFO tempest.lib.common.dynamic_creds [-] Acquired dynamic creds: credentials: Credentials: {'domain_id': 'default', 'domain_name': 'Default', 'username': 'tempest-ServerExternalEventsTest-1222496768-project-admin', 'project_domain_id': 'default', 'project_domain_name': 'Default', 'project_id': 'b602ce8e9ab44e87b997d079eb3b26c7', 'project_name': 'tempest-ServerExternalEventsTest-1222496768', 'tenant_id': 'b602ce8e9ab44e87b997d079eb3b26c7', 'tenant_name': 'tempest-ServerExternalEventsTest-1222496768', 'user_domain_id': 'default', 'user_domain_name': 'Default', 'user_id': '8fb29272e33a4e76b461cdfd161be82a', 'system': None}, Network: None, Subnet: None, Router: None
2024-10-08 23:12:49.690 62615 INFO tempest.lib.common.dynamic_creds [-] Created isolated network resources for: credentials: Credentials: {'domain_id': 'default', 'domain_name': 'Default', 'username': 'tempest-ServerExternalEventsTest-1222496768-project-admin', 'project_domain_id': 'default', 'project_domain_name': 'Default', 'project_id': 'b602ce8e9ab44e87b997d079eb3b26c7', 'project_name': 'tempest-ServerExternalEventsTest-1222496768', 'tenant_id': 'b602ce8e9ab44e87b997d079eb3b26c7', 'tenant_name': 'tempest-ServerExternalEventsTest-1222496768', 'user_domain_id': 'default', 'user_domain_name': 'Default', 'user_id': '8fb29272e33a4e76b461cdfd161be82a', 'system': None}, Network: None, Subnet: None, Router: None
2024-10-08 23:12:49.701 62657 INFO tempest.lib.common.rest_client [req-6884d798-a93c-4565-9fe9-d0352ca3768d req-6884d798-a93c-4565-9fe9-d0352ca3768d ] Request (FloatingIPsTestJSON:test_allocate_floating_ip): 200 GET http://10.180.1.21/compute/v2.1/os-floating-ips/15b07b2d-845d-40eb-8912-28647a1d93ff 1.952s
2024-10-08 23:12:49.755 62645 INFO tempest.lib.common.rest_client [req-b406d7b4-4d2f-4ac5-a4b6-70df60bebc7e req-b406d7b4-4d2f-4ac5-a4b6-70df60bebc7e ] Request (ListImageFiltersTestJSON:setUpClass): 201 POST http://10.180.1.21/image/v2/images 0.861s
2024-10-08 23:12:49.762 62625 INFO tempest.lib.common.rest_client [req-c6d6da83-a7c1-494f-8e9e-8cad24954781 req-c6d6da83-a7c1-494f-8e9e-8cad24954781 ] Request (VolumesAssistedSnapshotsTest:setUpClass): 201 POST http://10.180.1.21:9696/networking/v2.0/subnets 0.267s
2024-10-08 23:12:49.775 62615 INFO tempest.lib.common.rest_client [req-2595ab51-e6c1-48a1-aa73-ebcf46061ca1 req-2595ab51-e6c1-48a1-aa73-ebcf46061ca1 ] Request (ServerExternalEventsTest:setUpClass): 201 POST http://10.180.1.21/identity/v3/auth/tokens 0.081s
2024-10-08 23:12:49.812 62649 INFO tempest.lib.common.rest_client [req-7c623f0b-2eac-44de-bf89-17ef2b35e948 req-7c623f0b-2eac-44de-bf89-17ef2b35e948 ] Request (ServicesAdminTestJSON:test_get_service_by_host_name): 200 GET http://10.180.1.21/compute/v2.1/os-services 1.812s
2024-10-08 23:12:49.835 62611 INFO tempest.lib.common.rest_client [req-e3eef6c5-276b-4ef0-8c22-900582b5db24 req-e3eef6c5-276b-4ef0-8c22-900582b5db24 ] Request (ServersTestFqdnHostnames:setUpClass): 201 POST http://10.180.1.21:9696/networking/v2.0/networks 0.450s
2024-10-08 23:12:49.851 62667 INFO tempest.lib.common.rest_client [req-472cc514-cf55-4e64-bb01-bd8d5d3db67d req-472cc514-cf55-4e64-bb01-bd8d5d3db67d ] Request (FlavorsExtraSpecsNegativeTestJSON:setUpClass): 200 POST http://10.180.1.21/compute/v2.1/flavors 1.742s
2024-10-08 23:12:49.855 62615 INFO tempest.lib.common.rest_client [req-55c7930a-ffe4-4a30-92ab-a7b9024913a7 req-55c7930a-ffe4-4a30-92ab-a7b9024913a7 ] Request (ServerExternalEventsTest:setUpClass): 201 POST http://10.180.1.21/identity/v3/projects 0.079s
2024-10-08 23:12:49.936 62615 INFO tempest.lib.common.rest_client [req-ca81e189-1e3a-4569-a109-978f82aabfa4 req-ca81e189-1e3a-4569-a109-978f82aabfa4 ] Request (ServerExternalEventsTest:setUpClass): 201 POST http://10.180.1.21/identity/v3/users 0.081s
2024-10-08 23:12:49.953 62615 INFO tempest.lib.common.rest_client [req-775e1801-03b1-475e-b8eb-7e8a46a8fd5d req-775e1801-03b1-475e-b8eb-7e8a46a8fd5d ] Request (ServerExternalEventsTest:setUpClass): 200 GET http://10.180.1.21/identity/v3/roles 0.016s
2024-10-08 23:12:49.987 62615 INFO tempest.lib.common.rest_client [req-1b289bf8-de43-4922-af4d-50f1c705f4a6 req-1b289bf8-de43-4922-af4d-50f1c705f4a6 ] Request (ServerExternalEventsTest:setUpClass): 204 PUT http://10.180.1.21/identity/v3/projects/7ed1dd5f512548d8a19c6b10c102d7d2/users/f0bec1ad260e4951b0942e6124468a65/roles/3e93df6510f8403fb3858e3529a8654c 0.033s
2024-10-08 23:12:50.010 62643 INFO tempest.lib.common.rest_client [req-dd44279e-7dcc-4de9-a998-5867b26679a3 req-dd44279e-7dcc-4de9-a998-5867b26679a3 ] Request (FloatingIPsNegativeTestJSON:setUpClass): 200 GET http://10.180.1.21/compute/v2.1/os-floating-ips 1.800s
2024-10-08 23:12:50.035 62615 INFO tempest.lib.common.rest_client [req-ec067ce2-27ec-497f-a54b-649b11865aa8 req-ec067ce2-27ec-497f-a54b-649b11865aa8 ] Request (ServerExternalEventsTest:setUpClass): 200 GET http://10.180.1.21/identity/v3/roles 0.048s
2024-10-08 23:12:50.067 62615 INFO tempest.lib.common.rest_client [req-1ae1f072-14e3-46b6-a153-4ebc865c192f req-1ae1f072-14e3-46b6-a153-4ebc865c192f ] Request (ServerExternalEventsTest:setUpClass): 204 PUT http://10.180.1.21/identity/v3/projects/7ed1dd5f512548d8a19c6b10c102d7d2/users/f0bec1ad260e4951b0942e6124468a65/roles/f65f3885d5c84022b0bafa9624686228 0.032s
2024-10-08 23:12:50.068 62615 INFO tempest.lib.common.dynamic_creds [-] Dynamic test user f0bec1ad260e4951b0942e6124468a65 is created with scope project and roles: ['service', 'admin']
2024-10-08 23:12:50.068 62615 INFO tempest.lib.common.dynamic_creds [-] Acquired dynamic creds: credentials: Credentials: {'domain_id': 'default', 'domain_name': 'Default', 'username': 'tempest-ServerExternalEventsTest-1577837497-project', 'project_domain_id': 'default', 'project_domain_name': 'Default', 'project_id': '7ed1dd5f512548d8a19c6b10c102d7d2', 'project_name': 'tempest-ServerExternalEventsTest-1577837497', 'tenant_id': '7ed1dd5f512548d8a19c6b10c102d7d2', 'tenant_name': 'tempest-ServerExternalEventsTest-1577837497', 'user_domain_id': 'default', 'user_domain_name': 'Default', 'user_id': 'f0bec1ad260e4951b0942e6124468a65', 'system': None}, Network: None, Subnet: None, Router: None
2024-10-08 23:12:50.068 62615 INFO tempest.lib.common.dynamic_creds [-] Created isolated network resources for: credentials: Credentials: {'domain_id': 'default', 'domain_name': 'Default', 'username': 'tempest-ServerExternalEventsTest-1577837497-project', 'project_domain_id': 'default', 'project_domain_name': 'Default', 'project_id': '7ed1dd5f512548d8a19c6b10c102d7d2', 'project_name': 'tempest-ServerExternalEventsTest-1577837497', 'tenant_id': '7ed1dd5f512548d8a19c6b10c102d7d2', 'tenant_name': 'tempest-ServerExternalEventsTest-1577837497', 'user_domain_id': 'default', 'user_domain_name': 'Default', 'user_id': 'f0bec1ad260e4951b0942e6124468a65', 'system': None}, Network: None, Subnet: None, Router: None
2024-10-08 23:12:50.102 62611 INFO tempest.lib.common.rest_client [req-78276474-b9d6-4859-9e29-b862d5dd733c req-78276474-b9d6-4859-9e29-b862d5dd733c ] Request (ServersTestFqdnHostnames:setUpClass): 201 POST http://10.180.1.21:9696/networking/v2.0/subnets 0.266s
2024-10-08 23:12:50.142 62615 INFO tempest.lib.common.rest_client [req-5593e01c-404e-4739-8d02-0d4b22bce435 req-5593e01c-404e-4739-8d02-0d4b22bce435 ] Request (ServerExternalEventsTest:setUpClass): 201 POST http://10.180.1.21/identity/v3/auth/tokens 0.071s
2024-10-08 23:12:50.157 62631 INFO tempest.lib.common.rest_client [req-4b6097c7-5a27-4602-aec8-954ad26811ca req-4b6097c7-5a27-4602-aec8-954ad26811ca ] Request (HypervisorAdminV253TestBase:test_list_show_detail_hypervisors): 200 GET http://10.180.1.21/compute/v2.1/os-hypervisors/detail?with_servers=True 1.929s
2024-10-08 23:12:50.192 62633 INFO tempest.lib.common.rest_client [req-32ad802b-3c01-48fb-9856-5f354857f955 req-32ad802b-3c01-48fb-9856-5f354857f955 ] Request (ServersTestBootFromVolume:setUpClass): 200 GET http://10.180.1.21/volume/v3/ec576ba132b946b2a72e8c18282c3914/volumes/089c08f9-2c95-4a35-885a-31ffba68be97 0.036s
2024-10-08 23:12:50.221 62615 INFO tempest.lib.common.rest_client [req-26c39cf5-93a4-4804-aa00-758add47f541 req-26c39cf5-93a4-4804-aa00-758add47f541 ] Request (ServerExternalEventsTest:test_create_server_external_events): 201 POST http://10.180.1.21/identity/v3/auth/tokens 0.076s
2024-10-08 23:12:50.222 62615 INFO tempest.lib.common.fixed_network [-] (ServerExternalEventsTest:test_create_server_external_events) Found network None available for tenant
2024-10-08 23:12:50.303 62647 INFO tempest.lib.common.rest_client [req-e7a6599b-173f-4fbf-b740-639d866fb103 req-e7a6599b-173f-4fbf-b740-639d866fb103 ] Request (SecurityGroupsTestAdminJSON:test_list_security_groups_list_all_tenants_filter): 200 POST http://10.180.1.21/compute/v2.1/os-security-groups 2.135s
2024-10-08 23:12:50.318 62641 INFO tempest.lib.common.rest_client [req-c8e084c4-6ad5-492f-b441-a858f6a503dd req-c8e084c4-6ad5-492f-b441-a858f6a503dd ] Request (HostsAdminNegativeTestJSON:setUpClass): 200 GET http://10.180.1.21/compute/v2.1/os-hosts 2.043s
2024-10-08 23:12:50.385 62629 INFO tempest.lib.common.rest_client [req-c5e25f05-12fc-4e15-a781-262391130d76 req-c5e25f05-12fc-4e15-a781-262391130d76 ] Request (AZAdminNegativeTestJSON:test_get_availability_zone_list_detail_with_non_admin_user): 403 GET http://10.180.1.21/compute/v2.1/os-availability-zone/detail 2.025s
2024-10-08 23:12:50.396 62639 INFO tempest.lib.common.rest_client [req-10ba663f-6f54-459b-af0b-2d2cadbe1a44 req-10ba663f-6f54-459b-af0b-2d2cadbe1a44 ] Request (ServicesAdminNegativeTestJSON:test_get_service_by_invalid_params): 200 GET http://10.180.1.21/compute/v2.1/os-services 2.058s
2024-10-08 23:12:50.495 62627 INFO tempest.lib.common.rest_client [req-2ee5a5e0-7777-4731-9395-2f1d081340d2 req-2ee5a5e0-7777-4731-9395-2f1d081340d2 ] Request (FlavorsAdminTestJSON:test_create_flavor_using_string_ram): 200 POST http://10.180.1.21/compute/v2.1/flavors 1.992s
2024-10-08 23:12:50.517 62617 INFO tempest.lib.common.rest_client [req-7eb37bf3-b75b-40c5-b304-5331bf24df0d req-7eb37bf3-b75b-40c5-b304-5331bf24df0d ] Request (HypervisorAdminTestJSON:test_get_hypervisor_list_details): 200 GET http://10.180.1.21/compute/v2.1/os-hypervisors/detail 1.993s
2024-10-08 23:12:50.574 62629 INFO tempest.lib.common.rest_client [req-865b4b08-c404-463e-aa0c-b6555e1aff76 req-865b4b08-c404-463e-aa0c-b6555e1aff76 ] Request (AZAdminNegativeTestJSON:tearDownClass): 204 DELETE http://10.180.1.21/identity/v3/users/1fd65209723942589183ae4e3bc79e87 0.112s
2024-10-08 23:12:50.589 62653 INFO tempest.lib.common.rest_client [req-79717278-d30f-43d6-9adc-6817da9181d3 req-79717278-d30f-43d6-9adc-6817da9181d3 ] Request (HypervisorAdminV228Test:test_get_list_hypervisor_details): 200 GET http://10.180.1.21/compute/v2.1/os-hypervisors 2.004s
2024-10-08 23:12:50.665 62629 INFO tempest.lib.common.rest_client [req-a2568725-c424-408a-b5bf-5f1d0f4ed2a6 req-a2568725-c424-408a-b5bf-5f1d0f4ed2a6 ] Request (AZAdminNegativeTestJSON:tearDownClass): 204 DELETE http://10.180.1.21/identity/v3/users/1ad09a5c6b7d446b8e8870917e89f71b 0.090s
2024-10-08 23:12:50.665 62629 INFO tempest.lib.common.dynamic_creds [-] Deleting project and security group for project: a52c22f6de964e6db8923658efc2581e
2024-10-08 23:12:50.728 62629 INFO tempest.lib.common.rest_client [req-2dac6ab8-3939-40e4-86b9-55a491be40bd req-2dac6ab8-3939-40e4-86b9-55a491be40bd ] Request (AZAdminNegativeTestJSON:tearDownClass): 201 POST http://10.180.1.21/identity/v3/auth/tokens 0.063s
2024-10-08 23:12:50.784 62619 INFO tempest.lib.common.rest_client [req-cda2043e-a3cb-49c0-867b-1f6e31cb732f req-cda2043e-a3cb-49c0-867b-1f6e31cb732f ] Request (ServersAdmin275Test:test_rebuild_update_server_275): 202 POST http://10.180.1.21/compute/v2.1/servers 2.290s
2024-10-08 23:12:50.949 62611 INFO tempest.lib.common.rest_client [req-5605f422-d263-4e21-9e2e-e8873856c0cb req-5605f422-d263-4e21-9e2e-e8873856c0cb ] Request (ServersTestFqdnHostnames:setUpClass): 201 POST http://10.180.1.21:9696/networking/v2.0/routers 0.847s
2024-10-08 23:12:51.035 62629 INFO tempest.lib.common.rest_client [req-53fe6201-eb06-4cd9-9de4-e7915f036d09 req-53fe6201-eb06-4cd9-9de4-e7915f036d09 ] Request (AZAdminNegativeTestJSON:tearDownClass): 200 GET http://10.180.1.21:9696/networking/v2.0/security-groups?tenant_id=a52c22f6de964e6db8923658efc2581e&name=default 0.306s
2024-10-08 23:12:51.085 62635 INFO tempest.lib.common.rest_client [req-948dacf8-9a5f-4f1d-8fc9-3a1edaa1c955 req-948dacf8-9a5f-4f1d-8fc9-3a1edaa1c955 ] Request (DeleteServersAdminTestJSON:test_admin_delete_servers_of_others): 202 POST http://10.180.1.21/compute/v2.1/servers 2.473s
2024-10-08 23:12:51.200 62629 INFO tempest.lib.common.rest_client [req-b647d39b-634d-4129-acfb-f54b2becb93b req-b647d39b-634d-4129-acfb-f54b2becb93b ] Request (AZAdminNegativeTestJSON:tearDownClass): 204 DELETE http://10.180.1.21:9696/networking/v2.0/security-groups/6d842113-9300-4e36-b1f4-c497f33bb039 0.165s
2024-10-08 23:12:51.258 62625 INFO tempest.lib.common.rest_client [req-5255d7ee-c3ae-4d1c-9dd1-9faea4a4e321 req-5255d7ee-c3ae-4d1c-9dd1-9faea4a4e321 ] Request (VolumesAssistedSnapshotsTest:setUpClass): 201 POST http://10.180.1.21:9696/networking/v2.0/routers 1.495s
2024-10-08 23:12:51.263 62633 INFO tempest.lib.common.rest_client [req-1d87f9d8-c1fd-434b-b830-99ef5c90fcce req-1d87f9d8-c1fd-434b-b830-99ef5c90fcce ] Request (ServersTestBootFromVolume:setUpClass): 200 GET http://10.180.1.21/volume/v3/ec576ba132b946b2a72e8c18282c3914/volumes/089c08f9-2c95-4a35-885a-31ffba68be97 0.062s
2024-10-08 23:12:51.322 62629 INFO tempest.lib.common.rest_client [req-5b284288-54aa-44d5-9415-7a62412c4d75 req-5b284288-54aa-44d5-9415-7a62412c4d75 ] Request (AZAdminNegativeTestJSON:tearDownClass): 204 DELETE http://10.180.1.21/identity/v3/projects/a52c22f6de964e6db8923658efc2581e 0.121s
2024-10-08 23:12:51.322 62629 INFO tempest.lib.common.dynamic_creds [-] Deleting project and security group for project: 94afe1af02614582b0f509cdac9bbe4a
2024-10-08 23:12:51.323 62659 INFO tempest.lib.common.rest_client [req-87da6cd9-33fb-41c7-a992-e19ab4a8b8b4 req-87da6cd9-33fb-41c7-a992-e19ab4a8b8b4 ] Request (ServerDiagnosticsTest:test_get_server_diagnostics): 202 POST http://10.180.1.21/compute/v2.1/servers 2.682s
2024-10-08 23:12:51.334 62623 INFO tempest.lib.common.rest_client [req-3953d232-37b8-47c6-9884-b46d4c6ce27d req-3953d232-37b8-47c6-9884-b46d4c6ce27d ] Request (QuotaClassesAdminTestJSON:test_update_default_quotas): 200 PUT http://10.180.1.21/compute/v2.1/os-quota-class-sets/default 2.523s
2024-10-08 23:12:51.350 62637 INFO tempest.lib.common.rest_client [req-f57eedf7-cae9-4f43-9637-9e042e8098c7 req-f57eedf7-cae9-4f43-9637-9e042e8098c7 ] Request (ImagesDeleteNegativeTestJSON:test_delete_image_with_id_over_character_limit): 404 DELETE http://10.180.1.21/compute/v2.1/images/d56cb5b4-f394-49c9-a399-de5ccbb1669a1 2.266s
2024-10-08 23:12:51.365 62607 INFO tempest.lib.common.rest_client [req-c4bb1f34-3fd4-4d25-808a-683933c47970 req-c4bb1f34-3fd4-4d25-808a-683933c47970 ] Request (FlavorsExtraSpecsTestJSON:test_flavor_non_admin_get_all_keys): 200 POST http://10.180.1.21/compute/v2.1/flavors/2098746463/os-extra_specs 2.353s
2024-10-08 23:12:51.407 62661 INFO tempest.lib.common.rest_client [req-79506f54-bacc-48ce-a94a-13780485333d req-79506f54-bacc-48ce-a94a-13780485333d ] Request (AggregatesAdminNegativeTestJSON:test_aggregate_add_existent_host): 200 POST http://10.180.1.21/compute/v2.1/os-aggregates 2.176s
2024-10-08 23:12:51.432 62609 INFO tempest.lib.common.rest_client [req-6367cfe3-5bd2-4100-ac83-e593b211e147 req-6367cfe3-5bd2-4100-ac83-e593b211e147 ] Request (HostsAdminTestJSON:test_list_hosts_with_a_blank_zone): 200 GET http://10.180.1.21/compute/v2.1/os-hosts?zone= 1.995s
2024-10-08 23:12:51.486 62663 INFO tempest.lib.common.rest_client [req-abe01b88-cc63-45d7-a142-bd40290183d8 req-abe01b88-cc63-45d7-a142-bd40290183d8 ] Request (ImagesTestJSON:test_create_image_from_stopped_server): 200 GET http://10.180.1.21/compute/v2.1/servers/5c652903-a025-4530-96ee-428da51c8b71 2.321s
2024-10-08 23:12:51.511 62651 INFO tempest.lib.common.rest_client [req-db8d3214-c173-4dd4-90ed-6ec9ea382ee3 req-db8d3214-c173-4dd4-90ed-6ec9ea382ee3 ] Request (AZAdminV2TestJSON:test_get_availability_zone_list_detail): 200 GET http://10.180.1.21/compute/v2.1/os-availability-zone/detail 1.881s
2024-10-08 23:12:51.520 62645 INFO tempest.lib.common.rest_client [req-be00d687-6df1-4a48-a66a-1c230387cd29 req-be00d687-6df1-4a48-a66a-1c230387cd29 ] Request (ListImageFiltersTestJSON:setUpClass): 204 PUT http://10.180.1.21/image/v2/images/e9cdea85-cdc5-4b9d-8794-c3c5d3805414/file 0.763s
2024-10-08 23:12:51.616 62655 INFO tempest.lib.common.rest_client [req-f39673ed-d3aa-4e5c-970f-83bfece9810e req-f39673ed-d3aa-4e5c-970f-83bfece9810e ] Request (FlavorsAccessTestJSON:test_flavor_access_add_remove): 200 POST http://10.180.1.21/compute/v2.1/flavors/248263554/action 2.136s
2024-10-08 23:12:51.627 62621 INFO tempest.lib.common.rest_client [req-94cc381f-018e-48a0-913d-17ed49b60b55 req-94cc381f-018e-48a0-913d-17ed49b60b55 ] Request (HypervisorAdminNegativeTestJSON:test_get_hypervisor_list_with_non_admin_user): 403 GET http://10.180.1.21/compute/v2.1/os-hypervisors 1.875s
2024-10-08 23:12:51.638 62605 INFO tempest.lib.common.rest_client [req-b60ceb80-cc0d-4b61-9d7a-7c2385b9aea9 req-b60ceb80-cc0d-4b61-9d7a-7c2385b9aea9 ] Request (ServersWithSpecificFlavorTestJSON:setUpClass): 200 PUT http://10.180.1.21:9696/networking/v2.0/routers/068e2187-9ca3-4765-95eb-954544b4d986/add_router_interface 2.029s
2024-10-08 23:12:51.638 62605 INFO tempest.lib.common.dynamic_creds [-] Created isolated network resources for: credentials: Credentials: {'domain_id': 'default', 'domain_name': 'Default', 'username': 'tempest-ServersWithSpecificFlavorTestJSON-1986568367-project-admin', 'project_domain_id': 'default', 'project_domain_name': 'Default', 'project_id': '4c9d17efaf8d48229336bda18d801793', 'project_name': 'tempest-ServersWithSpecificFlavorTestJSON-1986568367', 'tenant_id': '4c9d17efaf8d48229336bda18d801793', 'tenant_name': 'tempest-ServersWithSpecificFlavorTestJSON-1986568367', 'user_domain_id': 'default', 'user_domain_name': 'Default', 'user_id': '4a1c49914826429baebb33f6913667c6', 'system': None}, Network: {'id': '82fdea65-8506-4382-9dad-d3d34d2521a8', 'name': 'tempest-ServersWithSpecificFlavorTestJSON-27040655-network', 'tenant_id': '4c9d17efaf8d48229336bda18d801793', 'admin_state_up': True, 'mtu': 8950, 'status': 'ACTIVE', 'subnets': [], 'shared': False, 'project_id': '4c9d17efaf8d48229336bda18d801793', 'port_security_enabled': True, 'router:external': False, 'provider:network_type': 'vlan', 'provider:physical_network': 'default', 'provider:segmentation_id': 560, 'is_default': False, 'availability_zone_hints': [], 'availability_zones': [], 'ipv4_address_scope': None, 'ipv6_address_scope': None, 'description': '', 'tags': [], 'created_at': '2024-10-08T23:12:48Z', 'updated_at': '2024-10-08T23:12:48Z', 'revision_number': 1}, Subnet: {'id': 'c519d085-8908-49c7-a90f-315392cfd082', 'name': 'tempest-ServersWithSpecificFlavorTestJSON-27040655-subnet', 'tenant_id': '4c9d17efaf8d48229336bda18d801793', 'network_id': '82fdea65-8506-4382-9dad-d3d34d2521a8', 'ip_version': 4, 'subnetpool_id': None, 'enable_dhcp': True, 'ipv6_ra_mode': None, 'ipv6_address_mode': None, 'gateway_ip': '192.168.128.1', 'cidr': '192.168.128.0/28', 'allocation_pools': [{'start': '192.168.128.2', 'end': '192.168.128.14'}], 'host_routes': [], 'dns_nameservers': [], 'description': '', 'router:external': False, 'service_types': [], 'tags': [], 'created_at': '2024-10-08T23:12:48Z', 'updated_at': '2024-10-08T23:12:48Z', 'revision_number': 0, 'project_id': '4c9d17efaf8d48229336bda18d801793'}, Router: {'id': '068e2187-9ca3-4765-95eb-954544b4d986', 'name': 'tempest-ServersWithSpecificFlavorTestJSON-27040655-router', 'tenant_id': '4c9d17efaf8d48229336bda18d801793', 'admin_state_up': True, 'status': 'ACTIVE', 'external_gateway_info': {'network_id': '84d17955-09c8-4e3b-a83e-cc340ec17c85', 'external_fixed_ips': [{'subnet_id': '9e7620e4-3920-4659-ab6d-023dab8abb9b', 'ip_address': '10.180.180.163'}], 'enable_snat': True}, 'description': '', 'availability_zones': [], 'distributed': False, 'ha': False, 'availability_zone_hints': [], 'routes': [], 'flavor_id': None, 'tags': [], 'created_at': '2024-10-08T23:12:48Z', 'updated_at': '2024-10-08T23:12:49Z', 'revision_number': 2, 'project_id': '4c9d17efaf8d48229336bda18d801793'}
2024-10-08 23:12:51.646 62649 INFO tempest.lib.common.rest_client [req-456bf8f2-8327-4b03-9e6d-bd7fdeff5f48 req-456bf8f2-8327-4b03-9e6d-bd7fdeff5f48 ] Request (ServicesAdminTestJSON:test_get_service_by_host_name): 200 GET http://10.180.1.21/compute/v2.1/os-services?host=devstack 1.829s
2024-10-08 23:12:51.700 62629 INFO tempest.lib.common.rest_client [req-aabb9cd7-480f-4dc8-9400-8f6600a6932a req-aabb9cd7-480f-4dc8-9400-8f6600a6932a ] Request (AZAdminNegativeTestJSON:tearDownClass): 200 GET http://10.180.1.21:9696/networking/v2.0/security-groups?tenant_id=94afe1af02614582b0f509cdac9bbe4a&name=default 0.377s
2024-10-08 23:12:51.704 62651 INFO tempest.lib.common.rest_client [req-82d2bbb2-2d25-4834-b482-b63eb677fabc req-82d2bbb2-2d25-4834-b482-b63eb677fabc ] Request (AZAdminV2TestJSON:tearDownClass): 204 DELETE http://10.180.1.21/identity/v3/users/bbee4324355444a9ac559e76df0fcade 0.183s
2024-10-08 23:12:51.757 62657 INFO tempest.lib.common.rest_client [req-ba3b6d1a-98ed-4ecd-ad7d-1a365bb89695 req-ba3b6d1a-98ed-4ecd-ad7d-1a365bb89695 ] Request (FloatingIPsTestJSON:test_allocate_floating_ip): 200 GET http://10.180.1.21/compute/v2.1/os-floating-ips 2.054s
2024-10-08 23:12:51.801 62643 INFO tempest.lib.common.rest_client [req-9981a0e1-b6bd-46ac-afef-a5ac8fa464b9 req-9981a0e1-b6bd-46ac-afef-a5ac8fa464b9 ] Request (FloatingIPsNegativeTestJSON:test_allocate_floating_ip_from_nonexistent_pool): 404 POST http://10.180.1.21/compute/v2.1/os-floating-ips 1.785s
2024-10-08 23:12:51.822 62667 INFO tempest.lib.common.rest_client [req-52f1caa5-91ef-49c9-a104-e283f92d08e9 req-52f1caa5-91ef-49c9-a104-e283f92d08e9 ] Request (FlavorsExtraSpecsNegativeTestJSON:test_flavor_get_nonexistent_key): 404 GET http://10.180.1.21/compute/v2.1/flavors/1113226581/os-extra_specs/hw:cpu_thread_policy 1.966s
2024-10-08 23:12:51.823 62605 INFO tempest.lib.common.rest_client [req-47876ef8-a2f2-43e3-8f6d-d6c0ced0fe2c req-47876ef8-a2f2-43e3-8f6d-d6c0ced0fe2c ] Request (ServersWithSpecificFlavorTestJSON:setUpClass): 201 POST http://10.180.1.21/identity/v3/auth/tokens 0.176s
2024-10-08 23:12:51.850 62631 INFO tempest.lib.common.rest_client [req-9e2891bc-b883-4912-bc75-2123bdd32e71 req-9e2891bc-b883-4912-bc75-2123bdd32e71 ] Request (HypervisorAdminV253TestBase:test_list_show_detail_hypervisors): 200 GET http://10.180.1.21/compute/v2.1/os-hypervisors?with_servers=True 1.689s
2024-10-08 23:12:51.896 62629 INFO tempest.lib.common.rest_client [req-a05e084c-9cf6-4374-8c6c-ccdb9b207f9a req-a05e084c-9cf6-4374-8c6c-ccdb9b207f9a ] Request (AZAdminNegativeTestJSON:tearDownClass): 204 DELETE http://10.180.1.21:9696/networking/v2.0/security-groups/2956cc84-9a9e-46b4-9bef-e3c54cd75de0 0.195s
2024-10-08 23:12:51.994 62647 INFO tempest.lib.common.rest_client [req-a49730cd-3155-4d3f-ae2b-1be67d7ba7fc req-a49730cd-3155-4d3f-ae2b-1be67d7ba7fc ] Request (SecurityGroupsTestAdminJSON:test_list_security_groups_list_all_tenants_filter): 200 POST http://10.180.1.21/compute/v2.1/os-security-groups 1.687s
2024-10-08 23:12:52.001 62651 INFO tempest.lib.common.rest_client [req-af2ad403-34e5-4fd0-b404-d0c87a0868d2 req-af2ad403-34e5-4fd0-b404-d0c87a0868d2 ] Request (AZAdminV2TestJSON:tearDownClass): 204 DELETE http://10.180.1.21/identity/v3/users/d3501386c6e04128a3651e6c905c93f0 0.296s
2024-10-08 23:12:52.002 62651 INFO tempest.lib.common.dynamic_creds [-] Deleting project and security group for project: 71119c107a784ee183c31fc56d49e6d5
2024-10-08 23:12:52.014 62629 INFO tempest.lib.common.rest_client [req-5291f23e-59f1-4798-9afe-081e371906c1 req-5291f23e-59f1-4798-9afe-081e371906c1 ] Request (AZAdminNegativeTestJSON:tearDownClass): 204 DELETE http://10.180.1.21/identity/v3/projects/94afe1af02614582b0f509cdac9bbe4a 0.117s
2024-10-08 23:12:52.074 62651 INFO tempest.lib.common.rest_client [req-005e6567-3742-4f32-86fa-f978dd968118 req-005e6567-3742-4f32-86fa-f978dd968118 ] Request (AZAdminV2TestJSON:tearDownClass): 201 POST http://10.180.1.21/identity/v3/auth/tokens 0.072s
2024-10-08 23:12:52.100 62641 INFO tempest.lib.common.rest_client [req-a1c44c07-9a8f-43f0-b33c-87ae3990e04e req-a1c44c07-9a8f-43f0-b33c-87ae3990e04e ] Request (HostsAdminNegativeTestJSON:test_list_hosts_with_non_admin_user): 403 GET http://10.180.1.21/compute/v2.1/os-hosts 1.779s
2024-10-08 23:12:52.103 62629 INFO tempest.lib.common.rest_client [req-c3d99281-03b4-4da6-9d32-66458595e6b1 req-c3d99281-03b4-4da6-9d32-66458595e6b1 ] Request (FlavorsV255TestJSON:setUpClass): 201 POST http://10.180.1.21/identity/v3/auth/tokens 0.088s
2024-10-08 23:12:52.133 62639 INFO tempest.lib.common.rest_client [req-30ef5dbc-02b1-4b97-b734-c9c01bae368c req-30ef5dbc-02b1-4b97-b734-c9c01bae368c ] Request (ServicesAdminNegativeTestJSON:test_get_service_by_invalid_params): 200 GET http://10.180.1.21/compute/v2.1/os-services?xxx=nova-compute 1.734s
2024-10-08 23:12:52.134 62629 INFO tempest.lib.common.rest_client [req-38d8e929-c6ab-46e6-9144-a362bc66c82b req-38d8e929-c6ab-46e6-9144-a362bc66c82b ] Request (FlavorsV255TestJSON:setUpClass): 201 POST http://10.180.1.21/identity/v3/auth/tokens 0.029s
2024-10-08 23:12:52.165 62629 INFO tempest.lib.common.rest_client [req-891e9fc2-202a-4b4b-a72f-1d0f741e52f1 req-891e9fc2-202a-4b4b-a72f-1d0f741e52f1 ] Request (FlavorsV255TestJSON:setUpClass): 200 GET http://10.180.1.21/identity/v3/domains?name=Default 0.028s
2024-10-08 23:12:52.173 62627 INFO tempest.lib.common.rest_client [req-1d1759e2-b6d2-4368-90e8-a4d8b893678d req-1d1759e2-b6d2-4368-90e8-a4d8b893678d ] Request (FlavorsAdminTestJSON:_run_cleanups): 202 DELETE http://10.180.1.21/compute/v2.1/flavors/1070916615 1.675s
2024-10-08 23:12:52.197 62629 INFO tempest.lib.common.rest_client [req-6c3e54c9-2788-4cc7-9889-37282788fd9e req-6c3e54c9-2788-4cc7-9889-37282788fd9e ] Request (FlavorsV255TestJSON:setUpClass): 201 POST http://10.180.1.21/identity/v3/projects 0.030s
2024-10-08 23:12:52.198 62617 INFO tempest.lib.common.rest_client [req-4c3ec08e-f512-4e9a-8d25-0111d34e8f04 req-4c3ec08e-f512-4e9a-8d25-0111d34e8f04 ] Request (HypervisorAdminTestJSON:test_get_hypervisor_show_details): 200 GET http://10.180.1.21/compute/v2.1/os-hypervisors 1.675s
2024-10-08 23:12:52.218 62653 INFO tempest.lib.common.rest_client [req-f57cf822-beba-43b7-8af4-09e697fa3726 req-f57cf822-beba-43b7-8af4-09e697fa3726 ] Request (HypervisorAdminV228Test:test_get_list_hypervisor_details): 200 GET http://10.180.1.21/compute/v2.1/os-hypervisors/1 1.628s
2024-10-08 23:12:52.264 62629 INFO tempest.lib.common.rest_client [req-68a8e74b-3e55-4387-af00-faa5e4a74356 req-68a8e74b-3e55-4387-af00-faa5e4a74356 ] Request (FlavorsV255TestJSON:setUpClass): 201 POST http://10.180.1.21/identity/v3/users 0.067s
2024-10-08 23:12:52.287 62615 INFO tempest.lib.common.rest_client [req-9a6be504-dbfd-4c7b-8521-bf12c5e830bf req-9a6be504-dbfd-4c7b-8521-bf12c5e830bf ] Request (ServerExternalEventsTest:test_create_server_external_events): 202 POST http://10.180.1.21/compute/v2.1/servers 2.064s
2024-10-08 23:12:52.299 62629 INFO tempest.lib.common.rest_client [req-abb8cf0a-0c15-4eaf-9f8a-e7c8164f91f1 req-abb8cf0a-0c15-4eaf-9f8a-e7c8164f91f1 ] Request (FlavorsV255TestJSON:setUpClass): 200 GET http://10.180.1.21/identity/v3/roles 0.034s
2024-10-08 23:12:52.310 62651 INFO tempest.lib.common.rest_client [req-e796b2c3-b237-43fc-8d78-1b1cecdf6bd6 req-e796b2c3-b237-43fc-8d78-1b1cecdf6bd6 ] Request (AZAdminV2TestJSON:tearDownClass): 200 GET http://10.180.1.21:9696/networking/v2.0/security-groups?tenant_id=71119c107a784ee183c31fc56d49e6d5&name=default 0.235s
2024-10-08 23:12:52.312 62619 INFO tempest.lib.common.rest_client [req-b2447e55-26bc-4ba7-9f74-8a0d7b13718c req-b2447e55-26bc-4ba7-9f74-8a0d7b13718c ] Request (ServersAdmin275Test:test_rebuild_update_server_275): 200 PUT http://10.180.1.21/compute/v2.1/servers/0eb2a772-7635-481a-ae2c-9f23669dd175 1.525s
2024-10-08 23:12:52.333 62633 INFO tempest.lib.common.rest_client [req-4570e0f4-dc23-4d77-995e-6e50f2a5db13 req-4570e0f4-dc23-4d77-995e-6e50f2a5db13 ] Request (ServersTestBootFromVolume:setUpClass): 200 GET http://10.180.1.21/volume/v3/ec576ba132b946b2a72e8c18282c3914/volumes/089c08f9-2c95-4a35-885a-31ffba68be97 0.055s
2024-10-08 23:12:52.360 62629 INFO tempest.lib.common.rest_client [req-bb4ffd9c-680e-42e4-b223-717052a0627f req-bb4ffd9c-680e-42e4-b223-717052a0627f ] Request (FlavorsV255TestJSON:setUpClass): 204 PUT http://10.180.1.21/identity/v3/projects/c492cd65e04544239f1f18b01e18ba9f/users/e26b14f06ae64e65b8cf7a900e56fa27/roles/e7841392729243beb0067ddf7a8bac5c 0.060s
2024-10-08 23:12:52.360 62629 INFO tempest.lib.common.dynamic_creds [-] Dynamic test user e26b14f06ae64e65b8cf7a900e56fa27 is created with scope project and roles: ['member']
2024-10-08 23:12:52.360 62629 INFO tempest.lib.common.dynamic_creds [-] Acquired dynamic creds: credentials: Credentials: {'domain_id': 'default', 'domain_name': 'Default', 'username': 'tempest-FlavorsV255TestJSON-1976993524-project-member', 'project_domain_id': 'default', 'project_domain_name': 'Default', 'project_id': 'c492cd65e04544239f1f18b01e18ba9f', 'project_name': 'tempest-FlavorsV255TestJSON-1976993524', 'tenant_id': 'c492cd65e04544239f1f18b01e18ba9f', 'tenant_name': 'tempest-FlavorsV255TestJSON-1976993524', 'user_domain_id': 'default', 'user_domain_name': 'Default', 'user_id': 'e26b14f06ae64e65b8cf7a900e56fa27', 'system': None}, Network: None, Subnet: None, Router: None
2024-10-08 23:12:52.361 62629 INFO tempest.lib.common.dynamic_creds [-] Created isolated network resources for: credentials: Credentials: {'domain_id': 'default', 'domain_name': 'Default', 'username': 'tempest-FlavorsV255TestJSON-1976993524-project-member', 'project_domain_id': 'default', 'project_domain_name': 'Default', 'project_id': 'c492cd65e04544239f1f18b01e18ba9f', 'project_name': 'tempest-FlavorsV255TestJSON-1976993524', 'tenant_id': 'c492cd65e04544239f1f18b01e18ba9f', 'tenant_name': 'tempest-FlavorsV255TestJSON-1976993524', 'user_domain_id': 'default', 'user_domain_name': 'Default', 'user_id': 'e26b14f06ae64e65b8cf7a900e56fa27', 'system': None}, Network: None, Subnet: None, Router: None
2024-10-08 23:12:52.375 62653 INFO tempest.lib.common.rest_client [req-824c7614-a65c-43db-be39-3079687aae7f req-824c7614-a65c-43db-be39-3079687aae7f ] Request (HypervisorAdminV228Test:tearDownClass): 204 DELETE http://10.180.1.21/identity/v3/users/d37973c3e08940afb6181585648532db 0.097s
2024-10-08 23:12:52.391 62659 INFO tempest.lib.common.rest_client [req-4093474f-5bdd-4236-8272-75e60a569bb5 req-4093474f-5bdd-4236-8272-75e60a569bb5 ] Request (ServerDiagnosticsTest:test_get_server_diagnostics): 200 GET http://10.180.1.21/compute/v2.1/servers/0144a1d0-bc85-4c8c-9342-8c12da4b8967 1.065s
2024-10-08 23:12:52.406 62623 INFO tempest.lib.common.rest_client [req-ceb8a3a8-28d0-4548-b0e2-3edbffde69d1 req-ceb8a3a8-28d0-4548-b0e2-3edbffde69d1 ] Request (QuotaClassesAdminTestJSON:test_update_default_quotas): 200 GET http://10.180.1.21/compute/v2.1/os-quota-class-sets/default 1.068s
2024-10-08 23:12:52.430 62637 INFO tempest.lib.common.rest_client [req-dc13ec31-6af4-4aa5-8592-db75c60c6394 req-dc13ec31-6af4-4aa5-8592-db75c60c6394 ] Request (ImagesDeleteNegativeTestJSON:test_delete_image_with_invalid_image_id): 404 DELETE http://10.180.1.21/compute/v2.1/images/tempest-invalid-1493765828 1.079s
2024-10-08 23:12:52.447 62635 INFO tempest.lib.common.rest_client [req-09470052-4a60-4c94-afe0-8528db8689b0 req-09470052-4a60-4c94-afe0-8528db8689b0 ] Request (DeleteServersAdminTestJSON:test_admin_delete_servers_of_others): 200 GET http://10.180.1.21/compute/v2.1/servers/c198d320-9b6a-4177-9e5e-1d577f9a91ce 1.360s
2024-10-08 23:12:52.458 62629 INFO tempest.lib.common.rest_client [req-b8726d4d-bede-41d1-ac94-c74f5174153c req-b8726d4d-bede-41d1-ac94-c74f5174153c ] Request (FlavorsV255TestJSON:setUpClass): 201 POST http://10.180.1.21/identity/v3/auth/tokens 0.090s
2024-10-08 23:12:52.461 62651 INFO tempest.lib.common.rest_client [req-93a775e7-f0a4-4215-887c-5236e4c55136 req-93a775e7-f0a4-4215-887c-5236e4c55136 ] Request (AZAdminV2TestJSON:tearDownClass): 204 DELETE http://10.180.1.21:9696/networking/v2.0/security-groups/f7e6ea2e-482f-402d-97d7-1c52b23289ff 0.150s
2024-10-08 23:12:52.469 62653 INFO tempest.lib.common.rest_client [req-03fd9ff8-5334-4de1-9968-aec02e48da2d req-03fd9ff8-5334-4de1-9968-aec02e48da2d ] Request (HypervisorAdminV228Test:tearDownClass): 204 DELETE http://10.180.1.21/identity/v3/users/cb39a59c451544ab8e37c2bc6ec50a94 0.093s
2024-10-08 23:12:52.469 62653 INFO tempest.lib.common.dynamic_creds [-] Deleting project and security group for project: 666d70f1d74c4bb4bda2ab2989300e93
2024-10-08 23:12:52.526 62629 INFO tempest.lib.common.rest_client [req-345dc3d5-af1c-4703-9bba-d81e4966481f req-345dc3d5-af1c-4703-9bba-d81e4966481f ] Request (FlavorsV255TestJSON:setUpClass): 201 POST http://10.180.1.21/identity/v3/projects 0.067s
2024-10-08 23:12:52.601 62607 INFO tempest.lib.common.rest_client [req-39682d1e-76be-4d2c-9fe4-569f7d4ed57d req-39682d1e-76be-4d2c-9fe4-569f7d4ed57d ] Request (FlavorsExtraSpecsTestJSON:test_flavor_non_admin_get_all_keys): 200 GET http://10.180.1.21/compute/v2.1/flavors/2098746463/os-extra_specs 1.235s
2024-10-08 23:12:52.610 62651 INFO tempest.lib.common.rest_client [req-9a7c5a27-8924-4dce-b3e3-9daa2dacaeb0 req-9a7c5a27-8924-4dce-b3e3-9daa2dacaeb0 ] Request (AZAdminV2TestJSON:tearDownClass): 204 DELETE http://10.180.1.21/identity/v3/projects/71119c107a784ee183c31fc56d49e6d5 0.149s
2024-10-08 23:12:52.610 62651 INFO tempest.lib.common.dynamic_creds [-] Deleting project and security group for project: b6d96c07a1ac4e969054a60a7f7355a3
2024-10-08 23:12:52.624 62609 INFO tempest.lib.common.rest_client [req-ab0d143d-a50c-4311-8c45-dd1d21f1c460 req-ab0d143d-a50c-4311-8c45-dd1d21f1c460 ] Request (HostsAdminTestJSON:test_list_hosts_with_nonexistent_zone): 200 GET http://10.180.1.21/compute/v2.1/os-hosts?zone=xxx 1.187s
2024-10-08 23:12:52.650 62653 INFO tempest.lib.common.rest_client [req-506fbf81-e2d9-4237-9760-a32e2ea9718f req-506fbf81-e2d9-4237-9760-a32e2ea9718f ] Request (HypervisorAdminV228Test:tearDownClass): 201 POST http://10.180.1.21/identity/v3/auth/tokens 0.181s
2024-10-08 23:12:52.663 62645 INFO tempest.lib.common.rest_client [req-5964ecfe-95f2-42c4-ab51-da4f1b67996a req-5964ecfe-95f2-42c4-ab51-da4f1b67996a ] Request (ListImageFiltersTestJSON:setUpClass): 200 GET http://10.180.1.21/compute/v2.1/images/e9cdea85-cdc5-4b9d-8794-c3c5d3805414 1.143s
2024-10-08 23:12:52.675 62629 INFO tempest.lib.common.rest_client [req-b44d7473-59ae-4fab-9490-db741129e346 req-b44d7473-59ae-4fab-9490-db741129e346 ] Request (FlavorsV255TestJSON:setUpClass): 201 POST http://10.180.1.21/identity/v3/users 0.147s
2024-10-08 23:12:52.748 62629 INFO tempest.lib.common.rest_client [req-c316f82f-2f7d-4e32-846f-99da4fe66fd3 req-c316f82f-2f7d-4e32-846f-99da4fe66fd3 ] Request (FlavorsV255TestJSON:setUpClass): 200 GET http://10.180.1.21/identity/v3/roles 0.073s
2024-10-08 23:12:52.778 62629 INFO tempest.lib.common.rest_client [req-21082aca-45e1-4233-a333-55ce9db534bf req-21082aca-45e1-4233-a333-55ce9db534bf ] Request (FlavorsV255TestJSON:setUpClass): 204 PUT http://10.180.1.21/identity/v3/projects/109a52a706054f118002010d8c39ba80/users/e30c004516234d16a068f1d2a996ccac/roles/f65f3885d5c84022b0bafa9624686228 0.030s
2024-10-08 23:12:52.784 62651 INFO tempest.lib.common.rest_client [req-e37c57ac-faf3-491f-80a7-27b409163b6b req-e37c57ac-faf3-491f-80a7-27b409163b6b ] Request (AZAdminV2TestJSON:tearDownClass): 200 GET http://10.180.1.21:9696/networking/v2.0/security-groups?tenant_id=b6d96c07a1ac4e969054a60a7f7355a3&name=default 0.173s
2024-10-08 23:12:52.828 62655 INFO tempest.lib.common.rest_client [req-26b6c213-5c91-48bf-a011-ebf9702ead75 req-26b6c213-5c91-48bf-a011-ebf9702ead75 ] Request (FlavorsAccessTestJSON:test_flavor_access_add_remove): 200 GET http://10.180.1.21/compute/v2.1/flavors/detail 1.210s
2024-10-08 23:12:52.838 62621 INFO tempest.lib.common.rest_client [req-46393aa9-8b83-407c-8772-46c9e68be34a req-46393aa9-8b83-407c-8772-46c9e68be34a ] Request (HypervisorAdminNegativeTestJSON:test_get_hypervisor_stats_with_non_admin_user): 403 GET http://10.180.1.21/compute/v2.1/os-hypervisors/statistics 1.210s
2024-10-08 23:12:52.853 62629 INFO tempest.lib.common.rest_client [req-608a4539-49d2-4d3b-9039-67b5104e506e req-608a4539-49d2-4d3b-9039-67b5104e506e ] Request (FlavorsV255TestJSON:setUpClass): 200 GET http://10.180.1.21/identity/v3/roles 0.074s
2024-10-08 23:12:52.863 62649 INFO tempest.lib.common.rest_client [req-85576cc2-ebab-49ef-a899-821c38c5c8bc req-85576cc2-ebab-49ef-a899-821c38c5c8bc ] Request (ServicesAdminTestJSON:test_get_service_by_service_binary_name): 200 GET http://10.180.1.21/compute/v2.1/os-services?binary=nova-compute 1.135s
2024-10-08 23:12:52.873 62629 INFO tempest.lib.common.rest_client [req-5196dd52-f61a-454a-b25e-a61857f13e54 req-5196dd52-f61a-454a-b25e-a61857f13e54 ] Request (FlavorsV255TestJSON:setUpClass): 204 PUT http://10.180.1.21/identity/v3/projects/109a52a706054f118002010d8c39ba80/users/e30c004516234d16a068f1d2a996ccac/roles/f65f3885d5c84022b0bafa9624686228 0.019s
2024-10-08 23:12:52.873 62629 INFO tempest.lib.common.dynamic_creds [-] Dynamic test user e30c004516234d16a068f1d2a996ccac is created with scope project and roles: ['admin']
2024-10-08 23:12:52.873 62629 INFO tempest.lib.common.dynamic_creds [-] Acquired dynamic creds: credentials: Credentials: {'domain_id': 'default', 'domain_name': 'Default', 'username': 'tempest-FlavorsV255TestJSON-354955621-project-admin', 'project_domain_id': 'default', 'project_domain_name': 'Default', 'project_id': '109a52a706054f118002010d8c39ba80', 'project_name': 'tempest-FlavorsV255TestJSON-354955621', 'tenant_id': '109a52a706054f118002010d8c39ba80', 'tenant_name': 'tempest-FlavorsV255TestJSON-354955621', 'user_domain_id': 'default', 'user_domain_name': 'Default', 'user_id': 'e30c004516234d16a068f1d2a996ccac', 'system': None}, Network: None, Subnet: None, Router: None
2024-10-08 23:12:52.874 62629 INFO tempest.lib.common.dynamic_creds [-] Created isolated network resources for: credentials: Credentials: {'domain_id': 'default', 'domain_name': 'Default', 'username': 'tempest-FlavorsV255TestJSON-354955621-project-admin', 'project_domain_id': 'default', 'project_domain_name': 'Default', 'project_id': '109a52a706054f118002010d8c39ba80', 'project_name': 'tempest-FlavorsV255TestJSON-354955621', 'tenant_id': '109a52a706054f118002010d8c39ba80', 'tenant_name': 'tempest-FlavorsV255TestJSON-354955621', 'user_domain_id': 'default', 'user_domain_name': 'Default', 'user_id': 'e30c004516234d16a068f1d2a996ccac', 'system': None}, Network: None, Subnet: None, Router: None
